-- Table structure for table `wateruse_diagnosis`
--

CREATE TABLE `wateruse_diagnosis` (
  `did` int(10) unsigned NOT NULL AUTO_INCREMENT,
  `sid` int(10) unsigned NOT NULL,
  `ssid` int(10) unsigned NOT NULL,
  `weight` smallint(6) NOT NULL,
  `diagnosis` varchar(400) NOT NULL DEFAULT '',
  `costs` varchar(400) NOT NULL DEFAULT '',
  `watersaved` varchar(400) DEFAULT NULL,
  `moneysaved` varchar(400) NOT NULL DEFAULT '',
  `paybackmonths` varchar(400) NOT NULL DEFAULT '',
  `valid` varchar(400) NOT NULL DEFAULT '',
  PRIMARY KEY (`did`)
) ENGINE=MyISAM AUTO_INCREMENT=21 DEFAULT CHARSET=utf8;

--
-- Dumping data for table `wateruse_diagnosis`
--

INSERT INTO `wateruse_diagnosis` VALUES (1,1,1,0,'PHP:\"Take shorter showers. Save up to \".[q04].\" gallons each minute you shave off your shower time.\";','$0','PHP:[q02]*([q03]-1)*[q04];','PHP:round([watersaved]*[costpergallon],2);','N/A','PHP:[q03]>1;'),(2,1,1,1,'Install a high efficiency shower head, and you could save about a gallon per minute.','Approximately $10-20 per showerhead.','PHP:[q02]*([q03]-1);','PHP:round([watersaved]*[costpergallon],2);','PHP:([moneysaved] > 10 ? 1 : round(10/[moneysaved],1)).\"-\".([moneysaved] > 20 ? 1 : round(20/[moneysaved],1)).\" months\";','PHP:[q04]==2.5 && [moneysaved]>0;'),(4,1,1,3,'Fill the tub halfway or less when you take a bath, and you could save 18 gallons of water per bath.','$0','PHP:[q05]*[q06]/2.0;','PHP:round([watersaved]*[costpergallon],2);','N/A','PHP:[q06]>18;'),(5,1,2,0,'Retrofit your existing toilet by installing a toilet tank bank and fill cycle diverter and you could save about a gallon per flush (applies to toilets that use 3.5 gallons or more per flush ONLY).','Approximately $1','PHP:[q07]*([q08]-1)*7.0;','PHP:round([watersaved]*[costpergallon],2);','Less than one month','PHP:[q08]==5;'),(6,1,2,1,'Identify and repair leaky toilets.  Toilets are one of the likeliest places to find leaks, and can waste hundreds to thousands of gallons per month. ','N/A','N/A','N/A','N/A','True'),(7,1,2,2,'Install a WaterSense labeled high efficiency toilet (HET). Older model toilets can use 4 times more water per flush.','Approximately $100-450','PHP:[q07]*([q08]-1.28)*7;','PHP:round([watersaved]*[costpergallon],2);','PHP:round(100/[moneysaved],1).\"-\".round(450/[moneysaved],1).\" months\";','PHP:[q08]>1.28 && [moneysaved]>0;'),(8,1,3,0,'Turn the water off except to rinse when brushing teeth, shaving, and washing face and/or hands.','$0','Up to 2.5 gpm','PHP:\"$\".[costpergallon].\" for every minute your tap does not run.\";','N/A','True'),(9,1,3,1,'Install a high efficiency aerator, and you could save about 1 gpm per minute.','$1 - $5','PHP:(([q10]*[q11])+([q12]*[q13])+([q14]*[q15]))*1.2;','PHP:round([watersaved]*[costpergallon],2);','PHP:round(1/[moneysaved],1).\"-\".round(5/[moneysaved],1).\" months\";','PHP:[q16]==2.5 && [moneysaved]>0;'),(10,3,5,0,'Wash only full loads. ','N/A','N/A','N/A','N/A','True'),(11,3,5,1,'Install an Energy Star&ndash;approved dishwasher, and you could save about 5 gallons per load.','$550','PHP:[q18]*5;','PHP:round([watersaved]*[costpergallon],2);','PHP:round(550.0/[moneysaved],1).\" months\";','PHP:[q19]!=5;'),(12,3,6,0,'An average dishwasher uses about 10 gallons per load.  Running the average kitchen faucet for just four minutes uses the same amount of water.  Let your dishwasher do the work!','$0','PHP:\"You estimated that you use \".round(([q19]*[q18]*52.0/12.0),1).\" gallons of water washing dishes each month.<br><br>Save water by washing more dishes in the dishwasher or by turning the tap on only to rinse clean dishes when washing by hand.\";','PHP:\"$\".[costpergallon].\" for every gallon of water saved.\";','N/A','True'),(13,3,6,1,'When washing dishes by hand, fill a tub with soapy water and turn the water on only to rinse clean dishes.','$0',' Up to 2.5 gpm','PHP:\"$\".[costpergallon].\" for every minute your tap does not run.\";','N/A','True'),(14,3,6,2,'When washing veggies, fill a large bowl with water rather than letting the water run.  Use your rinse water for your houseplants.','$0',' Up to 2.5 gpm','PHP:\"$\".[costpergallon].\" for every minute your tap does not run.\";','N/A','True'),(15,3,6,3,'Install a high efficiency aerator, and you could save about 1 gpm per minute.','$1-$5',' PHP:(([q21]*[q22])+([q23]*[q24])+([q25]*[q26])+([q27]*[q28]));','PHP:round([watersaved]*[costpergallon],2);','PHP:round(1/[moneysaved],1).\"-\".round(5/[moneysaved],1).\" months\";','PHP:[moneysaved]>0;'),(16,4,7,0,'Wash only full loads.','$0',' N/A','N/A','N/A','True'),(17,4,7,1,'Install an Energy Star approved washer, and you could save about 35 gallons per load.','$702',' PHP:[q30]*([q31]-20);','PHP:round([watersaved]*[costpergallon],2);','2.79 years according to the EPA','PHP:[q31]>20;'),(18,5,8,0,'Install a shut-off nozzle on your hose.','$7-$10','PHP:([q32a]*[q33a]+[q32b]*[q33b]+[q32c]*[q33c]+[q32d]*[q33d]+[q32f]*[q33f])*2;','PHP:round([watersaved]*[costpergallon],2);','PHP:round(7/[moneysaved],1).\"-\".round(10/[moneysaved],1).\" months\";','PHP:[q31]>20 && [moneysaved]>0;'),(19,5,8,1,'Sweep your driveway and sidewalks instead of using a hose.  It will save you 5-7 gallons per minute.','$0','PHP:[q32a]*[q33a]*[q35];','PHP:round([watersaved]*[costpergallon],2);','N/A','PHP:[q33a]>0;'),(20,5,9,0,'Install a rain sensor. that will automatically turn your watering system off when Mother Nature is doing the job for you.','$25-$50',' N/A','N/A','$25-$50/10 = minutes the sprinkler system needs to run pay back.','PHP:[q36b]>0;');

--
-- Table structure for table `wateruse_question`
--

CREATE TABLE `wateruse_question` (
  `questionid` int(10) unsigned NOT NULL AUTO_INCREMENT,
  `questionnum` int(10) unsigned DEFAULT NULL,
  `question` longtext,
  `active` tinyint(3) unsigned NOT NULL DEFAULT '1',
  `weight` smallint(5) DEFAULT NULL,
  `sid` int(10) unsigned NOT NULL,
  `ssid` int(10) unsigned NOT NULL,
  `questiontype` tinyint(3) unsigned NOT NULL DEFAULT '0',
  `minvalue` smallint(5) unsigned NOT NULL DEFAULT '0',
  `maxvalue` smallint(5) unsigned NOT NULL DEFAULT '10',
  `tip` text NOT NULL,
  `choicevalues` varchar(400) DEFAULT NULL,
  `slug` varchar(10) DEFAULT '',
  PRIMARY KEY (`questionid`)
) ENGINE=MyISAM AUTO_INCREMENT=84 DEFAULT CHARSET=utf8;

--
-- Dumping data for table `wateruse_question`
--

INSERT INTO `wateruse_question` VALUES (1,1,'Including yourself, how many people in your household?',1,1,6,11,0,0,10,'','','q01'),(2,2,'Approximately how many showers does your household take each week?',1,1,1,1,0,0,50,'','','q02'),(3,3,'Roughly how long is the average shower in your household?',1,2,1,1,0,0,30,'','','q03'),(4,4,'Are the showerheads in your home standard (2 gpm) or high efficiency (1.5 gpm)?',1,3,1,1,1,0,5,'','0=standard:2.5,1=high efficiency:1.5','q04'),(5,1,'Approximately how many baths does your household take each week?',1,1,1,4,0,0,30,'','','q05'),(6,2,'On average, how much water do you use to fill the tub?',1,2,1,4,1,0,10,'','0=no baths:0,1=1/4:9,2=1/2:18,3=3/4:27,4=full:36','q06'),(7,1,'About how many times a day does your household flush the toilet?',1,1,1,2,0,0,30,'','','q07'),(8,2,'Are the toilets in your home standard (3.5 GPF), low-flow (1.6 GPF) or high-efficiency (1.28 GPF)?',1,5,1,2,3,0,10,'','0=standard:3.5,1=low-flow:1.6,2=high efficiency:1.28','q08'),(10,2,'How many times a week does your household use the faucet to:',1,1,1,3,2,0,10,'','Frequency=q10:q12:q14,Minutes=q11:q13:q15','q09L'),(11,3,'Brush teeth',1,2,1,3,0,0,60,'','','q10'),(12,4,'Shave',1,3,1,3,0,0,60,'','','q12'),(13,5,'Wash hands and/or face',1,4,1,3,0,0,60,'','','q14'),(14,6,'Brush teeth',1,5,1,3,1,0,5,'','0=---:0,1=30 seconds:.5,2=1 minute:1,3=1 minute 30 seconds:1.5,4=2 minutes:2,5=2 minutes 30 seconds:2.5,6=3 minutes:3,7=3 minutes 30 seconds:3.5,8=4 minutes:4,9=4 minutes 30 seconds:4.5,10=5 minutes:5','q11'),(15,7,'Shave',1,6,1,3,1,0,10,'','0=---:0,1=30 seconds:.5,2=1 minute:1,3=1 minute 30 seconds:1.5,4=2 minutes:2,5=2 minutes 30 seconds:2.5,6=3 minutes:3,7=3 minutes 30 seconds:3.5,8=4 minutes:4,9=4 minutes 30 seconds:4.5,10=5 minutes:5','q13'),(18,9,'Does your faucet have a water efficient aerator installed?',1,8,1,3,1,0,10,'','0=No:2.5,1=Yes:1.5,2=Don\'t Know:2.5','q16'),(17,8,'Wash hands and/or face',1,7,1,3,1,0,6,'','0=---:0,1=30 seconds:.5,2=1 minute:1,3=1 minute 30 seconds:1.5,4=2 minutes:2,5=2 minutes 30 seconds:2.5,6=3 minutes:3,7=3 minutes 30 seconds:3.5,8=4 minutes:4,9=4 minutes 30 seconds:4.5,10=5 minutes:5','q15'),(19,1,'If you have a dishwasher, how many times is it run each week?',1,1,3,5,0,0,14,'','','q18'),(20,2,'What type of dishwasher do you have?',1,2,3,5,1,0,10,'','0=Don\'t have one:0,1=Standard:10,2=Energy Star:5,3=Don\'t know:10','q19'),(24,3,'How many times a week does your household use the faucet to wash:',1,-5,3,6,2,0,10,'','Frequency=q21:q23:q25:q27,Minutes=q22:q24:q26:q28','q20L'),(25,4,'Dishes',1,-4,3,6,0,0,21,'','','q21'),(26,5,'Veggies',1,-3,3,6,0,0,10,'','','q23'),(27,6,'Hands',1,1,3,6,0,0,21,'','0=---:0,1=30 seconds:.5,2=1 minute:1,3=1 minute 30 seconds:1.5,4=2 minutes:2,5=2 minutes 30 seconds:2.5,6=3 minutes:3,7=3 minutes 30 seconds:3.5,8=4 minutes:4,9=4 minutes 30 seconds:4.5,10=5 minutes:5','q25'),(28,7,'Other',1,-1,3,6,0,0,10,'','','q27'),(29,8,'Dishes',1,0,3,6,1,0,20,'','0=---:0,1=30 seconds:.5,2=1 minute:1,3=1 minute 30 seconds:1.5,4=2 minutes:2,5=2 minutes 30 seconds:2.5,6=3 minutes:3,7=3 minutes 30 seconds:3.5,8=4 minutes:4,9=4 minutes 30 seconds:4.5,10=5 minutes:5,11=6 minutes:6,12=7 minutes:7,13=8 minutes:8,14=9 minutes:9,15=10 minutes:10,16=11 minutes:11,17=12 minutes:12,18=13 minutes:13,19=14 minutes:14,20=15 minutes:15,21=16 minutes:16,22=17 minutes:17,23=','q22'),(30,9,'Veggies',1,10,3,6,1,0,10,'','0=---:0,1=30 seconds:.5,2=1 minute:1,3=1 minute 30 seconds:1.5,4=2 minutes:2,5=2 minutes 30 seconds:2.5,6=3 minutes:3,7=3 minutes 30 seconds:3.5,8=4 minutes:4,9=4 minutes 30 seconds:4.5,10=5 minutes:5','q24'),(31,10,'Hands',1,2,3,6,1,0,2,'','0=---:0,1=30 seconds:.5,2=1 minute:1,3=1 minute 30 seconds:1.5,4=2 minutes:2,5=2 minutes 30 seconds:2.5,6=3 minutes:3,7=3 minutes 30 seconds:3.5,8=4 minutes:4,9=4 minutes 30 seconds:4.5,10=5 minutes:5','q26'),(32,11,'Other',1,3,3,6,1,0,30,'','0=---:0,1=30 seconds:.5,2=1 minute:1,3=1 minute 30 seconds:1.5,4=2 minutes:2,5=2 minutes 30 seconds:2.5,6=3 minutes:3,7=3 minutes 30 seconds:3.5,8=4 minutes:4,9=4 minutes 30 seconds:4.5,10=5 minutes:5','q28'),(33,12,'Does your faucet have a water efficient aerator installed?',1,10,3,6,1,0,10,'','0=No:2.5,1=Yes:1.5,2=Don\'t Know:2.5','q29'),(34,1,'About how many loads of laundry does your household do per week?',1,1,4,7,0,0,30,'','','q30'),(35,2,'What type of washer do you have?',1,2,4,7,1,0,10,'','0=Don\'t have:0,1=Standard:45,2=Energy Star:20,3=Don\'t know:45','q31'),(36,1,'How many times a week does your household use the hose to:',1,-10,5,8,2,0,0,'','Frequency=q32a:q32b:q32c:q32d:q32f,Minutes=q33a:q33b:q33c:q33d:q33f','q32L'),(83,51,'For how long? (In minutes)',1,5,5,9,1,0,60,'','0=None:0,15=15 min:15,30=30 min:30,45=45 min:45,60=1 hour:60,75=1 hour 15 min:75,90=1 hour 30 min:90,105=1 hour 45 min:105,120=2 hours:120,135=2 hours 15 min:135,150=2 hours 30 min:150,165=2 hours 45 min:165,180=3 hours:180','q36b'),(38,3,'Does your hose have a shut-off nozzle?',1,2,5,8,1,0,10,'','0=No:7,1=Yes:5','q34'),(39,1,'How often do you water your landscape each week.',1,4,5,9,0,0,60,'','','q36a'),(40,2,'What method do you use to water the majority of your landscape?',1,3,5,9,3,0,12,'','0=hose without shutoff nozzle:7,1=hose with shutoff nozzle:5,2=hose with sprinkler:7,3=soaker hose:12,4=drip irrigation system:12,5=automatic sprinkler system:12','q35'),(79,47,'Wash vehicles at home',1,-6,5,8,0,0,21,'','','q32d'),(80,48,'Wash vehicles at home',1,-1,5,8,1,0,21,'','0=None:0,15=15 min:15,30=30 min:30,45=45 min:45,60=1 hour:60,75=1 hour 15 min:75,90=1 hour 30 min:90,105=1 hour 45 min:105,120=2 hours:120,135=2 hours 15 min:135,150=2 hours 30 min:150,165=2 hours 45 min:165,180=3 hours:180','q33d'),(81,49,'Other',1,-6,5,8,0,0,21,'','','q32f'),(82,50,'Other',1,-1,5,8,1,0,21,'','0=None:0,15=15 min:15,30=30 min:30,45=45 min:45,60=1 hour:60,75=1 hour 15 min:75,90=1 hour 30 min:90,105=1 hour 45 min:105,120=2 hours:120,135=2 hours 15 min:135,150=2 hours 30 min:150,165=2 hours 45 min:165,180=3 hours:180','q33f'),(78,46,'Wash trash cans or other items',1,-2,5,8,1,0,21,'','0=None:0,15=15 min:15,30=30 min:30,45=45 min:45,60=1 hour:60,75=1 hour 15 min:75,90=1 hour 30 min:90,105=1 hour 45 min:105,120=2 hours:120,135=2 hours 15 min:135,150=2 hours 30 min:150,165=2 hours 45 min:165,180=3 hours:180','q33c'),(76,43,'Wash dogs or other animals',1,-8,5,8,0,0,21,'','','q32b'),(77,45,'Wash trash cans or other items',1,-7,5,8,0,0,21,'','','q32c'),(75,44,'Wash dogs or other animals',1,-3,5,8,1,0,21,'','0=None:0,15=15 min:15,30=30 min:30,45=45 min:45,60=1 hour:60,75=1 hour 15 min:75,90=1 hour 30 min:90,105=1 hour 45 min:105,120=2 hours:120,135=2 hours 15 min:135,150=2 hours 30 min:150,165=2 hours 45 min:165,180=3 hours:180','q33b'),(73,41,'Hose off a walk way/driveway',1,-9,5,8,0,0,21,'','','q32a'),(74,42,'Hose off a walk way/driveway',1,-4,5,8,1,0,21,'','0=None:0,15=15 min:15,30=30 min:30,45=45 min:45,60=1 hour:60,75=1 hour 15 min:75,90=1 hour 30 min:90,105=1 hour 45 min:105,120=2 hours:120,135=2 hours 15 min:135,150=2 hours 30 min:150,165=2 hours 45 min:165,180=3 hours:180','q33a');

--
-- Table structure for table `wateruse_quiz`
--

CREATE TABLE `wateruse_quiz` (
  `quizid` int(10) unsigned NOT NULL AUTO_INCREMENT,
  `uid` int(10) unsigned DEFAULT NULL,
  `datestamp` int(11) DEFAULT NULL,
  `complete` tinyint(3) unsigned NOT NULL DEFAULT '0',
  `total_gallons` decimal(6,1) NOT NULL DEFAULT '0.0',
  PRIMARY KEY (`quizid`)
) ENGINE=MyISAM AUTO_INCREMENT=560 DEFAULT CHARSET=utf8;

--
-- Dumping data for table `wateruse_quiz`
--

INSERT INTO `wateruse_quiz` VALUES (15,5,1260399830,1,3.0),(16,5,1260399830,1,3.0),(17,1,1259363643,1,33.0),(18,1,1259363643,1,33.0),(19,1,1259363643,1,33.0),(20,1,1259363643,1,33.0),(21,1,1259363643,1,33.0),(22,4,1260468322,1,150.0),(23,4,1260468322,1,150.0),(24,4,1260468322,1,150.0),(25,1,1259363643,1,33.0),(26,1,1259363643,1,33.0),(27,1,1259363643,1,33.0),(28,1,1259363643,1,33.0),(29,1,1259363643,1,33.0),(30,1,1259363643,1,33.0),(31,4,1260375346,1,150.0),(32,1,1259363643,1,33.0),(33,1,1259363643,1,33.0),(34,1,1259363643,1,33.0),(35,1,1259363643,1,33.0),(36,118,1259363643,1,33.0),(37,1,1259363643,1,33.0),(38,1,1259363643,1,33.0),(39,20,1259363643,1,33.0),(40,1,1259363643,1,33.0),(41,1,1259363643,1,33.0),(42,122,1259363643,1,33.0),(43,1,1259363643,1,33.0),(44,1,1259363643,1,33.0),(45,1,1259363643,1,33.0),(46,1,1259363643,1,33.0),(47,1,1259363643,1,33.0),(48,1,1259363643,1,33.0),(49,1,1259363643,1,33.0),(50,1,1259363643,1,33.0),(51,1,1259363643,1,33.0),(52,1,1259363643,1,33.0),(53,1,1259363643,1,33.0),(54,1,1259363643,1,33.0),(55,1,1259363643,1,33.0),(56,1,1259363643,1,33.0),(57,1,1259363643,1,33.0),(58,1,1259363643,1,33.0),(59,1,1259363643,1,33.0),(60,1,1259363643,1,33.0),(61,1,1259363643,1,33.0),(62,1,1259363644,1,33.0),(63,1,1259363644,1,33.0),(64,1,1259363644,1,33.0),(65,1,1259363644,1,33.0),(66,1,1259363644,1,33.0),(67,1,1259363644,1,33.0),(68,1,1259363644,1,33.0),(69,1,1259363644,1,33.0),(70,1,1259363644,1,33.0),(71,1,1259363644,1,33.0),(72,1,1259363644,1,33.0),(73,1,1259363644,1,33.0),(74,1,1259363644,1,33.0),(75,1,1259363644,1,33.0),(76,1,1259363644,1,33.0),(77,1,1259363644,1,33.0),(78,1,1259363644,1,33.0),(79,1,1259363644,1,33.0),(80,1,1259363644,1,33.0),(81,1,1259363644,1,33.0),(82,1,1259363644,1,33.0),(83,1,1259363644,1,33.0),(84,1,1259363644,1,33.0),(85,1,1259363644,1,33.0),(86,1,1259363644,1,33.0),(87,126,1259363644,1,33.0),(88,1,1259363644,1,33.0),(89,1,1259363644,1,33.0),(90,1,1259363644,1,33.0),(91,1,1259363644,1,33.0),(92,1,1259363644,1,33.0),(93,1,1259363644,1,33.0),(94,1,1259363644,1,33.0),(95,1,1259363644,1,33.0),(96,1,1259363644,1,33.0),(97,1,1259363644,1,33.0),(98,1,1259363644,1,33.0),(99,1,1259363644,1,33.0),(100,1,1259363644,1,33.0),(101,1,1259363644,1,33.0),(102,1,1259363644,1,33.0),(103,1,1259363644,1,33.0),(104,1,1259363644,1,33.0),(105,1,1259363644,1,33.0),(106,1,1259363644,1,33.0),(107,1,1259363644,1,33.0),(108,1,1259363644,1,33.0),(109,1,1259363644,1,33.0),(110,1,1259363644,1,33.0),(111,1,1259363644,1,33.0),(112,1,1259363644,1,33.0),(113,1,1259363644,1,33.0),(114,1,1259363644,1,33.0),(115,1,1259363751,1,79.0),(116,1,1259363751,1,79.0),(117,1,1259363751,1,79.0),(118,1,1259363751,1,79.0),(119,1,1259363751,1,79.0),(120,1,1259363751,1,79.0),(121,1,1259363751,1,79.0),(122,1,1259363751,1,79.0),(123,1,1259363751,1,79.0),(124,1,1259363751,1,79.0),(125,1,1259363751,1,79.0),(126,1,1259363752,1,79.0),(127,1,1259363752,1,79.0),(128,1,1259363752,1,79.0),(129,1,1259363752,1,79.0),(130,1,1259363752,1,79.0),(131,1,1259363752,1,79.0),(132,1,1259363752,1,79.0),(133,1,1259363752,1,79.0),(134,1,1259363752,1,79.0),(135,1,1259363752,1,79.0),(136,1,1259363752,1,79.0),(137,1,1259363752,1,79.0),(138,1,1259363752,1,79.0),(139,1,1259363752,1,79.0),(140,1,1259363752,1,79.0),(141,1,1259363752,1,79.0),(142,1,1259363752,1,79.0),(143,1,1259363752,1,79.0),(144,1,1259363752,1,79.0),(145,133,1259363752,1,79.0),(146,1,1259363752,1,79.0),(147,1,1259363752,1,79.0),(148,1,1259363752,1,79.0),(149,1,1259363752,1,79.0),(150,1,1259363752,1,79.0),(151,1,1259363752,1,79.0),(152,1,1259363752,1,79.0),(153,1,1259363752,1,79.0),(154,1,1259363752,1,79.0),(155,1,1259363752,1,79.0),(156,1,1259363752,1,79.0),(157,1,1259363752,1,79.0),(158,1,1259363752,1,79.0),(159,1,1259363752,1,79.0),(160,1,1259363752,1,79.0),(161,1,1259363752,1,79.0),(162,1,1259363752,1,79.0),(163,1,1259363752,1,79.0),(164,1,1259363752,1,79.0),(165,1,1259363752,1,79.0),(166,1,1259363752,1,79.0),(167,1,1259363752,1,79.0),(168,1,1259363752,1,79.0),(169,1,1259363752,1,79.0),(170,1,1259363752,1,79.0),(171,1,1259363752,1,79.0),(172,1,1259363752,1,79.0),(173,1,1259363752,1,79.0),(174,1,1259363752,1,79.0),(175,1,1259363752,1,79.0),(176,1,1259363752,1,79.0),(177,1,1259363752,1,79.0),(178,1,1259363752,1,79.0),(179,1,1259363752,1,79.0),(180,1,1259363752,1,79.0),(181,1,1259363752,1,79.0),(182,1,1259363752,1,79.0),(183,1,1259363752,1,79.0),(184,1,1259363752,1,79.0),(185,1,1259363752,1,79.0),(186,1,1259363752,1,79.0),(187,1,1259363752,1,79.0),(188,1,1259363752,1,79.0),(189,1,1259363752,1,79.0),(190,1,1259363752,1,79.0),(191,1,1259363752,1,79.0),(192,1,1259363752,1,79.0),(193,1,1259363752,1,79.0),(194,1,1259363752,1,79.0),(195,1,1259363752,1,79.0),(196,1,1259363752,1,79.0),(197,1,1259363752,1,79.0),(198,1,1259363752,1,79.0),(199,1,1259363752,1,79.0),(200,1,1259363752,1,79.0),(201,1,1259363752,1,79.0),(202,1,1259363752,1,79.0),(203,1,1259363752,1,79.0),(204,1,1259363752,1,79.0),(205,1,1259363752,1,79.0),(206,1,1259363752,1,79.0),(207,1,1259363752,1,79.0),(208,1,1259363752,1,79.0),(209,1,1259363752,1,79.0),(210,1,1259363752,1,79.0),(211,1,1259363752,1,79.0),(212,1,1259363752,1,79.0),(213,1,1259363752,1,79.0),(214,1,1259363752,1,79.0),(215,1,1260299723,1,0.0),(216,1,1260299723,1,0.0),(217,1,1260299723,1,0.0),(218,1,1260299723,1,0.0),(219,1,1260299723,1,0.0),(220,1,1260299723,1,0.0),(221,1,1260299723,1,0.0),(222,1,1260299723,1,0.0),(223,1,1260299723,1,0.0),(224,1,1260299723,1,0.0),(225,1,1260299723,1,0.0),(226,1,1260299723,1,0.0),(227,1,1260299723,1,0.0),(228,1,1260299723,1,0.0),(229,1,1260299723,1,0.0),(230,1,1260299723,1,0.0),(231,1,1260299723,1,0.0),(232,1,1260299723,1,0.0),(233,1,1260299723,1,0.0),(234,1,1260299723,1,0.0),(235,1,1260299723,1,0.0),(236,1,1260299723,1,0.0),(237,1,1260299723,1,0.0),(238,1,1260299723,1,0.0),(239,1,1260299723,1,0.0),(240,1,1260299723,1,0.0),(241,1,1260299723,1,0.0),(242,1,1260299723,1,0.0),(243,1,1260299723,1,0.0),(244,141,1260299723,1,0.0),(245,1,1260299723,1,0.0),(246,1,1260299723,1,0.0),(247,1,1260299723,1,0.0),(248,1,1260299723,1,0.0),(249,1,1260299723,1,0.0),(250,1,1260299723,1,0.0),(251,1,1260299723,1,0.0),(252,1,1260299723,1,0.0),(253,1,1260299723,1,0.0),(254,1,1260299723,1,0.0),(255,1,1260299723,1,0.0),(256,1,1260299723,1,0.0),(257,143,1260299723,1,0.0),(258,1,1260299723,1,0.0),(259,1,1260299723,1,0.0),(260,1,1260299723,1,0.0),(261,1,1260299723,1,0.0),(262,1,1260299723,1,0.0),(263,1,1260299723,1,0.0),(264,1,1260299723,1,0.0),(265,1,1260299723,1,0.0),(266,1,1260299723,1,0.0),(267,1,1260299723,1,0.0),(268,1,1260299723,1,0.0),(269,1,1260299723,1,0.0),(270,1,1260299723,1,0.0),(271,1,1260299723,1,0.0),(272,1,1260299723,1,0.0),(273,1,1260299723,1,0.0),(274,1,1260299723,1,0.0),(275,1,1260299723,1,0.0),(276,1,1260299723,1,0.0),(277,1,1260299723,1,0.0),(278,1,1260299723,1,0.0),(279,1,1260299723,1,0.0),(280,1,1260299723,1,0.0),(281,1,1260299723,1,0.0),(282,1,1260299723,1,0.0),(283,1,1260299723,1,0.0),(284,1,1260299723,1,0.0),(285,1,1260299723,1,0.0),(286,1,1260299723,1,0.0),(287,1,1260299723,1,0.0),(288,147,1260299723,1,0.0),(289,1,1260299723,1,0.0),(290,1,1260299723,1,0.0),(291,1,1260299723,1,0.0),(292,1,1260299723,1,0.0),(293,1,1260299723,1,0.0),(294,1,1260299723,1,0.0),(295,1,1260299723,1,0.0),(296,1,1260299723,1,0.0),(297,1,1260299723,1,0.0),(298,1,1260299723,1,0.0),(299,1,1260299723,1,0.0),(300,1,1260299724,1,0.0),(301,1,1260299724,1,0.0),(302,1,1260299724,1,0.0),(303,1,1260299724,1,0.0),(304,1,1260299724,1,0.0),(305,1,1260299724,1,0.0),(306,1,1260299724,1,0.0),(307,1,1260299724,1,0.0),(308,1,1260299724,1,0.0),(309,1,1260299724,1,0.0),(310,1,1260299724,1,0.0),(311,1,1260299724,1,0.0),(312,1,1260299724,1,0.0),(313,1,1260299724,1,0.0),(314,1,1260299724,1,0.0),(315,0,1238625363,0,0.0),(316,0,1238694289,0,0.0),(317,0,1238696972,0,0.0),(318,154,1238737284,0,0.0),(319,0,1238764246,0,0.0),(320,0,1238783443,0,0.0),(321,0,1238788348,0,0.0),(322,0,1238794019,0,0.0),(323,0,1238841383,0,0.0),(324,0,1238841418,0,0.0),(325,0,1238862687,0,0.0),(326,0,1238862777,0,0.0),(327,155,1239027552,0,0.0),(328,0,1239031008,0,0.0),(329,156,1239034540,0,0.0),(330,157,1239043559,0,0.0),(331,0,1239048832,0,0.0),(332,0,1239128509,0,0.0),(333,0,1239131548,0,0.0),(334,0,1239148468,0,0.0),(335,158,1239167594,0,0.0),(336,0,1239225159,0,0.0),(337,0,1239290532,0,0.0),(338,0,1239298040,0,0.0),(339,162,1239326489,0,0.0),(340,0,1239379202,0,0.0),(341,0,1239465215,0,0.0),(342,167,1239747138,0,0.0),(343,0,1239810652,0,0.0),(344,0,1239820558,0,0.0),(345,0,1239925046,0,0.0),(346,0,1240158796,0,0.0),(347,0,1240188423,0,0.0),(348,0,1240242194,0,0.0),(349,0,1240244736,0,0.0),(350,0,1240278091,0,0.0),(351,0,1240278628,0,0.0),(352,0,1240289419,0,0.0),(353,0,1240337361,0,0.0),(354,0,1240337438,0,0.0),(355,0,1240337436,0,0.0),(356,0,1240337530,0,0.0),(357,0,1240337532,0,0.0),(358,0,1240337826,0,0.0),(359,0,1240337677,0,0.0),(360,0,1240337667,0,0.0),(361,0,1240337396,0,0.0),(362,0,1240337670,0,0.0),(363,0,1240337963,0,0.0),(364,0,1240337900,0,0.0),(365,0,1240337757,0,0.0),(366,0,1240337903,0,0.0),(367,0,1240337713,0,0.0),(368,0,1240337594,0,0.0),(369,0,1240337809,0,0.0),(370,0,1240337739,0,0.0),(371,0,1240337850,0,0.0),(372,0,1240337964,0,0.0),(373,0,1240337805,0,0.0),(374,0,1240337997,0,0.0),(375,0,1240338253,0,0.0),(376,0,1240338316,0,0.0),(377,0,1240359261,0,0.0),(378,0,1240393646,0,0.0),(379,0,1240410746,0,0.0),(380,0,1240410780,0,0.0),(381,0,1240412496,0,0.0),(382,170,1240419139,0,0.0),(383,0,1240427953,0,0.0),(384,0,1240436408,0,0.0),(385,0,1240439258,0,0.0),(386,0,1240442578,0,0.0),(387,0,1240446399,0,0.0),(388,0,1240498719,0,0.0),(389,0,1240498630,0,0.0),(390,0,1240498965,0,0.0),(391,0,1240498757,0,0.0),(392,0,1240499381,0,0.0),(393,0,1240507667,0,0.0),(394,0,1240516246,0,0.0),(395,0,1240516458,0,0.0),(396,0,1240524632,0,0.0),(397,0,1240691094,0,0.0),(398,0,1240947556,0,0.0),(399,0,1240979465,0,0.0),(400,0,1240983264,0,0.0),(401,0,1241022461,0,0.0),(402,0,1241102403,0,0.0),(403,0,1242789619,0,0.0),(404,0,1242842187,0,0.0),(405,194,1242943901,0,0.0),(406,0,1242950188,0,0.0),(407,197,1242974518,0,0.0),(408,0,1243179733,0,0.0),(409,200,1243359106,0,0.0),(410,0,1243427064,0,0.0),(411,202,1243467569,0,0.0),(412,203,1243614981,0,0.0),(413,0,1243811811,0,0.0),(414,0,1243884048,0,0.0),(415,0,1243884364,0,0.0),(416,0,1243884593,0,0.0),(417,0,1243884756,0,0.0),(418,0,1244065017,0,0.0),(419,221,1244149863,0,0.0),(420,0,1244157442,0,0.0),(421,0,1244158770,0,0.0),(422,0,1244304504,0,0.0),(423,229,1244305388,0,0.0),(424,0,1244306754,0,0.0),(425,0,1244307919,0,0.0),(426,231,1244312170,0,0.0),(427,0,1244316153,0,0.0),(428,0,1244441601,0,0.0),(429,0,1244570157,0,0.0),(430,0,1244576765,0,0.0),(431,241,1244576891,0,0.0),(432,0,1244601777,0,0.0),(433,0,1244664986,0,0.0),(434,0,1244679194,0,0.0),(435,0,1244699482,0,0.0),(436,0,1244721924,0,0.0),(437,0,1244741447,0,0.0),(438,252,1244822329,0,0.0),(439,255,1244943576,0,0.0),(440,0,1245128157,0,0.0),(441,0,1245128231,0,0.0),(442,0,1245161137,0,0.0),(443,262,1245173018,0,0.0),(444,0,1245199666,0,0.0),(445,0,1245204153,0,0.0),(446,0,1245261998,0,0.0),(447,0,1245334619,0,0.0),(448,0,1245359929,0,0.0),(449,0,1245374642,0,0.0),(450,273,1245424639,0,0.0),(451,277,1245433407,0,0.0),(452,0,1245459676,0,0.0),(453,285,1245530560,0,0.0),(454,291,1245604439,0,0.0),(455,293,1245613695,0,0.0),(456,304,1245703014,0,0.0),(457,0,1245726710,0,0.0),(458,308,1245791937,0,0.0),(459,0,1245792784,0,0.0),(460,0,1245906154,0,0.0),(461,315,1245908926,0,0.0),(462,0,1246034632,0,0.0),(463,0,1246034970,0,0.0),(464,0,1246035102,0,0.0),(465,0,1246065583,0,0.0),(466,318,1246120368,0,0.0),(467,320,1246145591,0,0.0),(468,321,1246175173,0,0.0),(469,0,1246200965,0,0.0),(470,324,1246236564,0,0.0),(471,0,1246300679,0,0.0),(472,0,1246323262,0,0.0),(473,0,1246329267,0,0.0),(474,0,1246376732,0,0.0),(475,0,1246377119,0,0.0),(476,0,1246378199,0,0.0),(477,76,1246384657,0,0.0),(478,333,1246398460,0,0.0),(479,0,1246457415,0,0.0),(480,0,1246458241,0,0.0),(481,0,1246471317,0,0.0),(482,0,1246485288,0,0.0),(483,339,1246486205,0,0.0),(484,0,1246505441,0,0.0),(485,0,1246506891,0,0.0),(486,340,1246563376,0,0.0),(487,341,1246571352,0,0.0),(488,0,1246578349,0,0.0),(489,0,1246583473,0,0.0),(490,0,1246631483,0,0.0),(491,351,1246642150,0,0.0),(492,0,1246669893,0,0.0),(493,357,1246674830,0,0.0),(494,358,1246677043,0,0.0),(495,0,1246713558,0,0.0),(496,0,1246819310,0,0.0),(497,1,1259364550,1,0.0),(498,1,1259366763,1,166.0),(499,1,1259368106,1,166.0),(500,0,1259371516,1,120.0),(501,0,1259372842,1,120.0),(502,0,1259389304,1,120.0),(503,0,1259389403,1,120.0),(504,1,1259778075,1,120.0),(505,1,1259788272,1,10814.0),(506,1,1259792663,1,5371.0),(507,0,1260232434,1,124.0),(508,0,1260291600,1,124.0),(509,0,1260302125,1,2252.0),(510,1,1260835558,1,0.0),(511,4,1260375812,1,150.0),(512,4,1260376154,1,150.0),(513,4,1260376178,1,150.0),(514,4,1260376492,1,150.0),(515,1,1264800366,1,0.0),(516,1,1264800366,1,0.0),(517,0,1260379113,1,0.0),(518,5,1264205915,1,3.0),(519,5,1260836853,1,3.0),(520,5,1260836822,1,3.0),(521,1,1264800366,1,0.0),(522,5,1262796314,1,3.0),(523,1,1260402660,1,0.0),(524,1,1264800366,1,0.0),(525,4,1264803733,1,150.0),(526,1,1260835558,1,0.0),(527,1,1264800366,1,0.0),(528,6,1261014326,1,169.0),(529,4,1264811096,1,196.0),(530,6,1260834986,1,169.0),(531,4,1264803733,1,150.0),(532,0,1261001783,1,0.0),(533,0,1261010932,1,0.0),(534,0,1261010972,1,0.0),(535,0,1262732602,1,0.0),(536,4,1264803733,1,150.0),(537,4,1264803733,1,150.0),(538,0,1262796425,1,0.0),(539,4,1264803733,1,150.0),(540,0,1263239344,1,0.0),(541,0,1263401508,1,0.0),(542,1,1264800366,1,0.0),(543,4,1264803733,1,150.0),(544,4,1264803733,1,150.0),(545,4,1264803733,1,150.0),(546,4,1264803733,1,150.0),(547,4,1264803733,1,150.0),(548,4,1264005095,1,150.0),(549,4,1264803733,1,150.0),(550,1,1264800366,1,0.0),(551,829,1309016310,1,161.0),(552,888,1311557793,1,167.0),(553,888,1311570299,1,90.0),(554,938,1317951721,1,0.0),(555,1003,1331793535,1,59.0),(556,1050,1338060016,1,211.0),(557,1124,1340943015,1,161.0),(558,1188,1344041909,1,116.0),(559,1226,1350509864,1,0.0);

--
-- Table structure for table `wateruse_section`
--

CREATE TABLE `wateruse_section` (
  `sid` int(10) unsigned NOT NULL AUTO_INCREMENT,
  `name` varchar(50) NOT NULL DEFAULT '',
  `weight` smallint(5) DEFAULT NULL,
  `tip` text NOT NULL,
  `slug` varchar(50) DEFAULT NULL,
  PRIMARY KEY (`sid`)
) ENGINE=MyISAM AUTO_INCREMENT=9 DEFAULT CHARSET=utf8;

--
-- Dumping data for table `wateruse_section`
--

INSERT INTO `wateruse_section` VALUES (1,'Bathroom',-9,'Bathroom Tip goes here','bathroom'),(3,'Kitchen',-8,'','kitchen'),(4,'Laundry',-7,'','laundry'),(5,'Outdoors',-6,'Outdoors tip here','outdoors'),(6,'Introduction',-10,'<p>How wisely to you use water?  Understanding where and how much water we use is the first step to conserving one of our most precious resources.</p>\r\n<p>Try our home Water Use Calculator to find out how much water is used in your household and compare it to the average use of a household your size.</p>\r\n<p>Explore our indoor and outdoor tips to find out how you can conserve more water.  Then check back and see how much water your additional conservations efforts have saved!</p>\r\n<div class=\"hr\">&nbsp;</div>\r\n<h2>A Quick Note</h2>\r\n<p>This calculator provides an <i><b>estimate</b></i> of your water usage, and should not be considered a scientifically accurate assessment.  For a more accurate reflection of your water use we recommend checking your water bill.</p>\r\n<p>The calculator’s estimate is based on several factors including how you answer the questions, national standards, and several <a href=\"/sites/default/files/Assumptions.pdf\">assumptions.</a></p>\r\n<div class=\"hr\">&nbsp;</div>','overview'),(7,'Result',9,'<td width=\'50%\'>\r\nPlease note this calculator is designed to estimate the total amount of water you and your household use based on your quiz answers and should not be considered scientifically accurate. (See our <a href=\'/sites/default/files/Assumptions.pdf\'>assumptions</a>) Note: <a href=\'http://get.adobe.com/reader/\'>Acrobat Reader</a> required.\r\n</td>\r\n<td width=\'50%\'>\r\nLooking for something that more accurately reflects your water use? Take a look at your water bill! Each water provider’s bill is a bit different, so be sure to contact your water provider with any questions about your bill.\r\n</td>\r\n</table>\r\n','result');

--
-- Table structure for table `wateruse_subsection`
--

CREATE TABLE `wateruse_subsection` (
  `ssid` int(10) unsigned NOT NULL AUTO_INCREMENT,
  `name` varchar(50) NOT NULL DEFAULT '',
  `weight` smallint(5) DEFAULT NULL,
  `tip` text NOT NULL,
  `formula` varchar(400) DEFAULT NULL,
  `sid` int(10) unsigned NOT NULL,
  `image` varchar(100) DEFAULT NULL,
  PRIMARY KEY (`ssid`)
) ENGINE=MyISAM AUTO_INCREMENT=13 DEFAULT CHARSET=utf8;

--
-- Dumping data for table `wateruse_subsection`
--

INSERT INTO `wateruse_subsection` VALUES (1,'Showers',-10,'By shortening each shower by five minutes, you can save 25 gallons per shower. And installing a low-flow showerhead can save an additional 12 gallons every five minutes.','q02xq03xq04',1,'/images/watercalc/watercalc_showers.jpg'),(2,'Toilets',-9,'A leaking toilet can waste up to 2,700 gallons of water a month. Check out <a href=\"/indoors/indoorleaks\">leak tips</a> for ways to check for and fix leaks.','q07xq08x#7',1,'/images/watercalc/watercalc_toilets.jpg'),(3,'Faucets',-7,'<ul>\r\n<li>Turning the water off while you’re using the sink can save up to 20 gallons per use.</li>\r\n<li>A water-efficient aerator uses 35% less water.</li>\r\n</ul>','q10xq11xq16+q12xq13xq16+q14xq15xq16',1,'/images/watercalc/watercalc_bathroom_sinks.jpg'),(4,'Baths',-8,'A full bathtub requires about 36 gallons of water. If you fill the tub half full, you can save 18 gallons of water every time you take a bath.','q05xq06',1,'/images/watercalc/watercalc_baths.jpg'),(5,'Dishwasher',-6,'The average dishwasher uses about 10 gallons of water per load. Washing the same number of dishes by hand takes about 16 gallons. Newer, efficient dishwashers use as little as 5 gallons per cycle.','q19xq18',3,'/images/watercalc/watercalc_dishwasher.jpg'),(6,'Faucets',-5,'<ul><li>Turning the water off while you’re using the sink can save up to 20 gallons per use.</li>\r\n<li>You can save water by re-using the water from washing your vegetables to water your plants.</li>\r\n<li>A small leak from a faucet can waste 50 gallons of water a day.</li>\r\n</ul>','q21xq22xq29+q23xq24xq29+q25xq26xq29+q27xq28xq29',3,'/images/watercalc/watercalc_kitchen_sinks.jpg'),(7,'Clothes Washer',-4,'Running the clothes washer one less time per week can save up 35 gallons of water. Energy Star-approved clothes washers save an average of 20 gallons of water per load. ','q30xq31',4,'/images/watercalc/watercalc_clothes_washer.jpg'),(8,'Hose use',-3,'By sweeping your driveway and sidewalks instead of hosing them down you can save 150 gallons or more of water.','q32axq33axq34+q32bxq33bxq34+q32cxq33cxq34+q32dxq33dxq34+q32fxq33fxq34',5,'/images/watercalc/watercalc_cleaning_with_a_hose.jpg'),(9,'Watering',0,'','q35xq36axq36bx#.40',5,'/images/watercalc/watercalc_watering.jpg'),(11,'overview',-1,'','#0',6,'');

--
-- Table structure for table `wwn_data`
--

CREATE TABLE `wwn_data` (
  `did` int(10) unsigned NOT NULL AUTO_INCREMENT,
  `weekid` int(10) unsigned NOT NULL,
  `zip` varchar(5) NOT NULL,
  `inches` decimal(5,1) DEFAULT '0.0',
  PRIMARY KEY (`did`),
  KEY `weekid` (`weekid`),
  KEY `zip` (`zip`)
) ENGINE=MyISAM AUTO_INCREMENT=33487 DEFAULT CHARSET=utf8;

--
-- Dumping data for table `wwn_data`
--

INSERT INTO `wwn_data` VALUES (2019,2,'<p>97',0.1),(2018,2,'97267',0.0),(2017,2,'97266',0.1),(2016,2,'97239',0.3),(2015,2,'97236',0.1),(2014,2,'97233',0.1),(2013,2,'97232',0.3),(2012,2,'97231',0.3),(2011,2,'97230',0.1),(2010,2,'97229',0.3),(2009,2,'97227',0.3),(2008,2,'97225',0.3),(2007,2,'97224',0.3),(2006,2,'97223',0.3),(2005,2,'97222',0.3),(2004,2,'97221',0.3),(2003,2,'97220',0.1),(2002,2,'97219',0.1),(2001,2,'97218',0.3),(2000,2,'97217',0.3),(1999,2,'97216',0.1),(1998,2,'97215',0.3),(1997,2,'97214',0.3),(1996,2,'97213',0.3),(1995,2,'97212',0.3),(1994,2,'97211',0.3),(1993,2,'97210',0.3),(1992,2,'97209',0.3),(1991,2,'97206',0.3),(1990,2,'97205',0.3),(1989,2,'97204',0.3),(1988,2,'97203',0.3),(1987,2,'97202',0.3),(1986,2,'97201',0.3),(1985,2,'97148',0.3),(1984,2,'97140',0.3),(1983,2,'97137',0.1),(1982,2,'97134',0.1),(1981,2,'97133',0.3),(1980,2,'97132',0.1),(1979,2,'97128',0.1),(1978,2,'97127',0.1),(1977,2,'97124',0.3),(1976,2,'97123',0.3),(1975,2,'97119',0.3),(1974,2,'97116',0.3),(1973,2,'97115',0.3),(1972,2,'97114',0.1),(1971,2,'97113',0.3),(1970,2,'97111',0.3),(1969,2,'97106',0.3),(1968,2,'97080',0.1),(1967,2,'97071',0.1),(1966,2,'97070',0.1),(1965,2,'97068',0.1),(1964,2,'97067',0.1),(1963,2,'97062',0.1),(1962,2,'97060',0.1),(1961,2,'97056',0.3),(1960,2,'97055',0.1),(1959,2,'97049',0.1),(1958,2,'97045',0.1),(1957,2,'97042',0.1),(1956,2,'97038',0.1),(1955,2,'97036',0.1),(1954,2,'97035',0.1),(1953,2,'97034',0.1),(1952,2,'97032',0.1),(1951,2,'97030',0.1),(1950,2,'97027',0.1),(1949,2,'97024',0.1),(1948,2,'97023',0.1),(1947,2,'97022',0.1),(1946,2,'97019',0.1),(1945,2,'97017',0.1),(1944,2,'97015',0.1),(1943,2,'97013',0.1),(1942,2,'97011',0.1),(1941,2,'97009',0.1),(1940,2,'97008',0.3),(1939,2,'97007',0.3),(1938,2,'97006',0.3),(1937,2,'97005',0.3),(1936,2,'97004',0.1),(1849,3,'97267',0.0),(1848,3,'97266',0.2),(1847,3,'97239',0.5),(1846,3,'97236',0.2),(1845,3,'97233',0.2),(1844,3,'97232',0.5),(1843,3,'97231',0.5),(1842,3,'97230',0.2),(1841,3,'97229',0.5),(1840,3,'97227',0.5),(1839,3,'97225',0.5),(1838,3,'97224',0.5),(1837,3,'97223',0.5),(1836,3,'97222',0.5),(1835,3,'97221',0.5),(1834,3,'97220',0.2),(1833,3,'97219',0.0),(1832,3,'97218',0.5),(1831,3,'97217',0.5),(1830,3,'97216',0.2),(1829,3,'97215',0.5),(1828,3,'97214',0.5),(1827,3,'97213',0.5),(1826,3,'97212',0.5),(1825,3,'97211',0.5),(1824,3,'97210',0.5),(1823,3,'97209',0.5),(1822,3,'97206',0.5),(1821,3,'97205',0.5),(1820,3,'97204',0.5),(1819,3,'97203',0.5),(1818,3,'97202',0.5),(1817,3,'97201',0.5),(1816,3,'97148',0.5),(1815,3,'97140',0.5),(1814,3,'97137',0.0),(1813,3,'97134',0.0),(1812,3,'97133',0.5),(1811,3,'97132',0.0),(1810,3,'97128',0.0),(1809,3,'97127',0.0),(1808,3,'97124',0.5),(1807,3,'97123',0.5),(1806,3,'97119',0.5),(1805,3,'97116',0.5),(1804,3,'97115',0.5),(1803,3,'97114',0.0),(1802,3,'97113',0.5),(1801,3,'97111',0.5),(1800,3,'97106',0.5),(1799,3,'97080',0.2),(1798,3,'97071',0.0),(1797,3,'97070',0.0),(1796,3,'97068',0.0),(1795,3,'97067',0.2),(1794,3,'97062',0.0),(1793,3,'97060',0.2),(1792,3,'97056',0.5),(1791,3,'97055',0.2),(1790,3,'97049',0.2),(1789,3,'97045',0.0),(1788,3,'97042',0.0),(1787,3,'97038',0.0),(1786,3,'97036',0.0),(1785,3,'97035',0.0),(1784,3,'97034',0.0),(1783,3,'97032',0.0),(1782,3,'97030',0.2),(1781,3,'97027',0.0),(1780,3,'97024',0.2),(1779,3,'97023',0.2),(1778,3,'97022',0.2),(1777,3,'97019',0.2),(1776,3,'97017',0.2),(1775,3,'97015',0.2),(1774,3,'97013',0.0),(1773,3,'97011',0.2),(1772,3,'97009',0.2),(1771,3,'97008',0.5),(1770,3,'97007',0.5),(1769,3,'97006',0.5),(1768,3,'97005',0.5),(1767,3,'97004',0.0),(1766,3,'97002',0.0),(1260,1,'97267',0.0),(1259,1,'97266',0.0),(1258,1,'97239',0.0),(1257,1,'97236',0.0),(1256,1,'97233',0.0),(1255,1,'97232',0.0),(1254,1,'97231',0.0),(1253,1,'97230',0.0),(1252,1,'97229',0.0),(1251,1,'97227',0.0),(1250,1,'97225',0.0),(1249,1,'97224',0.0),(1248,1,'97223',0.0),(1247,1,'97222',0.0),(1246,1,'97221',0.0),(1245,1,'97220',0.0),(1244,1,'97219',0.0),(1243,1,'97218',0.0),(1242,1,'97217',0.0),(1241,1,'97216',0.0),(1240,1,'97215',0.0),(1239,1,'97214',0.0),(1238,1,'97213',0.0),(1237,1,'97212',0.0),(1236,1,'97211',0.0),(1235,1,'97210',0.0),(1234,1,'97209',0.0),(1233,1,'97206',0.0),(1232,1,'97205',0.0),(1231,1,'97204',0.0),(1230,1,'97203',0.0),(1229,1,'97202',0.0),(1228,1,'97201',0.0),(1227,1,'97148',0.0),(1226,1,'97140',0.0),(1225,1,'97137',0.0),(1224,1,'97134',0.0),(1223,1,'97133',0.0),(1222,1,'97132',0.0),(1221,1,'97128',0.0),(1220,1,'97127',0.0),(1219,1,'97124',0.0),(1218,1,'97123',0.0),(1217,1,'97119',0.0),(1216,1,'97116',0.0),(1215,1,'97115',0.0),(1214,1,'97114',0.0),(1213,1,'97113',0.0),(1212,1,'97111',0.0),(1211,1,'97106',0.0),(1210,1,'97080',0.0),(1209,1,'97071',0.0),(1208,1,'97070',0.0),(1207,1,'97068',0.0),(1206,1,'97067',0.0),(1205,1,'97062',0.0),(1204,1,'97060',0.0),(1203,1,'97056',0.0),(1202,1,'97055',0.0),(1201,1,'97049',0.0),(1200,1,'97045',0.0),(1199,1,'97042',0.0),(1198,1,'97038',0.0),(1197,1,'97036',0.0),(1196,1,'97035',0.0),(1195,1,'97034',0.0),(1194,1,'97032',0.0),(1193,1,'97030',0.0),(1192,1,'97027',0.0),(1191,1,'97024',0.0),(1190,1,'97023',0.0),(1189,1,'97022',0.0),(1188,1,'97019',0.0),(1187,1,'97017',0.0),(1186,1,'97015',0.0),(1185,1,'97013',0.0),(1184,1,'97011',0.0),(1183,1,'97009',0.0),(1182,1,'97008',0.0),(1181,1,'97007',0.0),(1180,1,'97006',0.0),(1179,1,'97005',0.0),(1178,1,'97004',0.0),(1177,1,'97002',0.0),(2274,4,'<p>97',0.0),(2273,4,'97267',1.1),(2272,4,'97266',0.4),(2271,4,'97239',1.2),(2270,4,'97236',0.4),(2269,4,'97233',0.4),(2268,4,'97232',0.7),(2267,4,'97231',0.7),(2266,4,'97230',0.4),(2265,4,'97229',1.2),(2264,4,'97227',0.7),(2263,4,'97225',1.2),(2262,4,'97224',1.2),(2261,4,'97223',1.2),(2260,4,'97222',0.7),(2259,4,'97221',1.2),(2258,4,'97220',0.4),(2257,4,'97219',1.1),(2256,4,'97218',0.7),(2255,4,'97217',0.7),(2254,4,'97216',0.4),(2253,4,'97215',0.7),(2252,4,'97214',0.7),(2251,4,'97213',0.7),(2250,4,'97212',0.7),(2249,4,'97211',0.7),(2248,4,'97210',0.7),(2247,4,'97209',0.7),(2246,4,'97206',0.7),(2245,4,'97205',0.7),(2244,4,'97204',0.7),(2243,4,'97203',0.7),(2242,4,'97202',0.7),(2241,4,'97201',0.7),(2240,4,'97148',1.2),(2239,4,'97140',1.2),(2238,4,'97137',1.1),(2237,4,'97134',1.1),(2236,4,'97133',1.2),(2235,4,'97132',1.1),(2234,4,'97128',1.1),(2233,4,'97127',1.1),(2232,4,'97124',1.2),(2231,4,'97123',1.2),(2230,4,'97119',1.2),(2229,4,'97116',1.2),(2228,4,'97115',1.2),(2227,4,'97114',1.1),(2226,4,'97113',1.2),(2225,4,'97111',1.2),(2224,4,'97106',1.2),(2223,4,'97080',0.4),(2222,4,'97071',1.1),(2221,4,'97070',1.1),(2220,4,'97068',1.1),(2219,4,'97067',0.4),(2218,4,'97062',1.1),(2217,4,'97060',0.4),(2216,4,'97056',0.7),(2215,4,'97055',0.4),(2214,4,'97049',0.4),(2213,4,'97045',1.1),(2212,4,'97042',1.1),(2211,4,'97038',1.1),(2210,4,'97036',1.1),(2209,4,'97035',1.1),(2208,4,'97034',1.1),(2207,4,'97032',1.1),(2206,4,'97030',0.4),(2205,4,'97027',1.1),(2204,4,'97024',0.4),(2203,4,'97023',0.4),(2202,4,'97022',0.4),(2201,4,'97019',0.4),(2200,4,'97017',0.4),(2199,4,'97015',0.4),(2198,4,'97013',1.1),(2197,4,'97011',0.4),(2196,4,'97009',0.4),(2195,4,'97008',1.2),(2194,4,'97007',1.2),(2193,4,'97006',1.2),(2192,4,'97005',1.2),(2191,4,'97004',1.1),(1935,2,'97002',0.0),(1850,3,'<p>97',0.0),(2190,4,'97002',1.1),(2359,5,'<p>97',0.0),(2358,5,'97267',0.0),(2357,5,'97266',0.0),(2356,5,'97239',0.0),(2355,5,'97236',0.0),(2354,5,'97233',0.0),(2353,5,'97232',0.0),(2352,5,'97231',0.0),(2351,5,'97230',0.0),(2350,5,'97229',0.0),(2349,5,'97227',0.0),(2348,5,'97225',0.0),(2347,5,'97224',0.0),(2346,5,'97223',0.0),(2345,5,'97222',0.0),(2344,5,'97221',0.0),(2343,5,'97220',0.0),(2342,5,'97219',0.0),(2341,5,'97218',0.0),(2340,5,'97217',0.0),(2339,5,'97216',0.0),(2338,5,'97215',0.0),(2337,5,'97214',0.0),(2336,5,'97213',0.0),(2335,5,'97212',0.0),(2334,5,'97211',0.0),(2333,5,'97210',0.0),(2332,5,'97209',0.0),(2331,5,'97206',0.0),(2330,5,'97205',0.0),(2329,5,'97204',0.0),(2328,5,'97203',0.0),(2327,5,'97202',0.0),(2326,5,'97201',0.0),(2325,5,'97148',0.0),(2324,5,'97140',0.0),(2323,5,'97137',0.0),(2322,5,'97134',0.0),(2321,5,'97133',0.0),(2320,5,'97132',0.0),(2319,5,'97128',0.0),(2318,5,'97127',0.0),(2317,5,'97124',0.0),(2316,5,'97123',0.0),(2315,5,'97119',0.0),(2314,5,'97116',0.0),(2313,5,'97115',0.0),(2312,5,'97114',0.0),(2311,5,'97113',0.0),(2310,5,'97111',0.0),(2309,5,'97106',0.0),(2308,5,'97080',0.0),(2307,5,'97071',0.0),(2306,5,'97070',0.0),(2305,5,'97068',0.0),(2304,5,'97067',0.0),(2303,5,'97062',0.0),(2302,5,'97060',0.0),(2301,5,'97056',0.0),(2300,5,'97055',0.0),(2299,5,'97049',0.0),(2298,5,'97045',0.0),(2297,5,'97042',0.0),(2296,5,'97038',0.0),(2295,5,'97036',0.0),(2294,5,'97035',0.0),(2293,5,'97034',0.0),(2292,5,'97032',0.0),(2291,5,'97030',0.0),(2290,5,'97027',0.0),(2289,5,'97024',0.0),(2288,5,'97023',0.0),(2287,5,'97022',0.0),(2286,5,'97019',0.0),(2285,5,'97017',0.0),(2284,5,'97015',0.0),(2283,5,'97013',0.0),(2282,5,'97011',0.0),(2281,5,'97009',0.0),(2280,5,'97008',0.0),(2279,5,'97007',0.0),(2278,5,'97006',0.0),(2277,5,'97005',0.0),(2276,5,'97004',0.0),(2275,5,'97002',0.0),(4312,6,'97297',0.0),(4311,6,'97267',1.3),(4310,6,'97266',1.3),(4309,6,'97239',1.3),(4308,6,'97236',1.3),(4307,6,'97233',1.3),(4306,6,'97232',1.4),(4305,6,'97231',1.4),(4304,6,'97230',1.3),(4303,6,'97229',1.3),(4302,6,'97227',1.4),(4301,6,'97225',1.3),(4300,6,'97224',1.3),(4299,6,'97223',1.3),(4298,6,'97222',1.4),(4297,6,'97221',1.3),(4296,6,'97220',1.3),(4295,6,'97219',1.3),(4294,6,'97218',1.4),(4293,6,'97217',1.4),(4292,6,'97216',1.3),(4291,6,'97215',1.4),(4290,6,'97214',1.4),(4289,6,'97213',1.4),(4288,6,'97212',1.4),(4287,6,'97211',1.4),(4286,6,'97210',1.4),(4285,6,'97209',1.4),(4284,6,'97206',1.4),(4283,6,'97205',1.4),(4282,6,'97204',1.4),(4281,6,'97203',1.4),(4280,6,'97202',1.4),(4279,6,'97201',1.4),(4278,6,'97148',1.3),(4277,6,'97140',1.3),(4276,6,'97137',1.3),(4275,6,'97134',1.3),(4274,6,'97133',1.3),(4273,6,'97132',1.3),(4272,6,'97128',1.3),(4271,6,'97127',1.3),(4270,6,'97124',1.3),(4269,6,'97123',1.3),(4268,6,'97119',1.3),(4267,6,'97116',1.3),(4266,6,'97115',1.3),(4265,6,'97114',1.3),(4264,6,'97113',1.3),(4263,6,'97111',1.3),(4262,6,'97106',1.3),(4261,6,'97080',1.3),(4260,6,'97071',1.3),(4259,6,'97070',1.3),(4258,6,'97068',1.3),(4257,6,'97067',1.3),(4256,6,'97062',1.3),(4255,6,'97060',1.3),(4254,6,'97056',1.4),(4253,6,'97055',1.3),(4252,6,'97049',1.3),(4251,6,'97045',1.3),(4250,6,'97042',1.3),(4249,6,'97038',1.3),(4248,6,'97036',1.3),(4247,6,'97035',1.3),(4246,6,'97034',1.3),(4245,6,'97032',1.3),(4244,6,'97030',1.3),(4243,6,'97027',1.3),(4242,6,'97024',1.3),(4241,6,'97023',0.0),(4240,6,'97022',0.0),(4239,6,'97019',0.0),(4238,6,'97017',0.0),(4237,6,'97015',0.0),(4236,6,'97013',0.0),(4235,6,'97011',0.0),(4234,6,'97009',0.0),(4233,6,'97008',0.0),(4232,6,'97007',0.0),(4231,6,'97006',0.0),(4230,6,'97005',0.0),(4229,6,'97004',0.0),(4228,6,'97002',0.0),(4398,7,'97297',0.0),(4397,7,'97267',1.3),(4396,7,'97266',1.3),(4395,7,'97239',1.3),(4394,7,'97236',1.3),(4393,7,'97233',1.3),(4392,7,'97232',1.4),(4391,7,'97231',1.4),(4390,7,'97230',1.3),(4389,7,'97229',1.3),(4388,7,'97227',1.4),(4387,7,'97225',1.3),(4386,7,'97224',1.3),(4385,7,'97223',1.3),(4384,7,'97222',1.4),(4383,7,'97221',1.3),(4382,7,'97220',1.3),(4381,7,'97219',1.3),(4380,7,'97218',1.4),(4379,7,'97217',1.4),(4378,7,'97216',1.3),(4377,7,'97215',1.4),(4376,7,'97214',1.4),(4375,7,'97213',1.4),(4374,7,'97212',1.4),(4373,7,'97211',1.4),(4372,7,'97210',1.4),(4371,7,'97209',1.4),(4370,7,'97206',1.4),(4369,7,'97205',1.4),(4368,7,'97204',1.4),(4367,7,'97203',1.4),(4366,7,'97202',1.4),(4365,7,'97201',1.4),(4364,7,'97148',1.3),(4363,7,'97140',1.3),(4362,7,'97137',1.3),(4361,7,'97134',1.3),(4360,7,'97133',1.3),(4359,7,'97132',1.3),(4358,7,'97128',1.3),(4357,7,'97127',1.3),(4356,7,'97124',1.3),(4355,7,'97123',1.3),(4354,7,'97119',1.3),(4353,7,'97116',1.3),(4352,7,'97115',1.3),(4351,7,'97114',1.3),(4350,7,'97113',1.3),(4349,7,'97111',1.3),(4348,7,'97106',1.3),(4347,7,'97080',1.3),(4346,7,'97071',1.3),(4345,7,'97070',1.3),(4344,7,'97068',1.3),(4343,7,'97067',1.3),(4342,7,'97062',1.3),(4341,7,'97060',1.3),(4340,7,'97056',1.4),(4339,7,'97055',1.3),(4338,7,'97049',1.3),(4337,7,'97045',1.3),(4336,7,'97042',1.3),(4335,7,'97038',1.3),(4334,7,'97036',1.3),(4333,7,'97035',1.3),(4332,7,'97034',1.3),(4331,7,'97032',1.3),(4330,7,'97030',1.3),(4329,7,'97027',1.3),(4328,7,'97024',1.3),(4327,7,'97023',1.3),(4326,7,'97022',1.3),(4325,7,'97019',1.3),(4324,7,'97017',1.3),(4323,7,'97015',1.3),(4322,7,'97013',1.3),(4321,7,'97011',1.3),(4320,7,'97009',1.3),(4319,7,'97008',1.3),(4318,7,'97007',1.3),(4317,7,'97006',1.3),(4316,7,'97005',1.3),(4315,7,'97004',1.3),(4568,8,'97297',0.0),(4567,8,'97267',1.4),(4566,8,'97266',1.4),(4565,8,'97239',1.3),(4564,8,'97236',1.4),(4563,8,'97233',1.4),(4562,8,'97232',1.6),(4561,8,'97231',1.6),(4560,8,'97230',1.4),(4559,8,'97229',1.3),(4558,8,'97227',1.6),(4557,8,'97225',1.3),(4556,8,'97224',1.3),(4555,8,'97223',1.3),(4554,8,'97222',1.6),(4553,8,'97221',1.3),(4552,8,'97220',1.4),(4551,8,'97219',1.4),(4550,8,'97218',1.6),(4549,8,'97217',1.6),(4548,8,'97216',1.4),(4547,8,'97215',1.6),(4546,8,'97214',1.6),(4545,8,'97213',1.6),(4544,8,'97212',1.6),(4543,8,'97211',1.6),(4542,8,'97210',1.6),(4541,8,'97209',1.6),(4540,8,'97206',1.6),(4539,8,'97205',1.6),(4538,8,'97204',1.6),(4537,8,'97203',1.6),(4536,8,'97202',1.6),(4535,8,'97201',1.6),(4534,8,'97148',1.3),(4533,8,'97140',1.3),(4532,8,'97137',1.4),(4531,8,'97134',1.4),(4530,8,'97133',1.3),(4529,8,'97132',1.4),(4528,8,'97128',1.4),(4527,8,'97127',1.4),(4526,8,'97124',1.3),(4525,8,'97123',1.3),(4524,8,'97119',1.3),(4523,8,'97116',1.3),(4522,8,'97115',1.3),(4521,8,'97114',1.4),(4520,8,'97113',1.3),(4519,8,'97111',1.3),(4518,8,'97106',1.3),(4517,8,'97080',1.4),(4516,8,'97071',1.4),(4515,8,'97070',1.4),(4514,8,'97068',1.4),(4513,8,'97067',1.4),(4512,8,'97062',1.4),(4511,8,'97060',1.4),(4510,8,'97056',1.6),(4509,8,'97055',1.4),(4508,8,'97049',1.4),(4507,8,'97045',1.4),(4506,8,'97042',1.4),(4505,8,'97038',1.4),(4504,8,'97036',1.4),(4503,8,'97035',1.4),(4502,8,'97034',1.4),(4501,8,'97032',1.4),(4500,8,'97030',1.4),(4499,8,'97027',1.4),(4498,8,'97024',1.4),(4497,8,'97023',1.4),(4496,8,'97022',1.4),(4495,8,'97019',1.4),(4494,8,'97017',1.4),(4493,8,'97015',1.4),(4492,8,'97013',1.4),(4491,8,'97011',1.4),(4490,8,'97009',1.4),(4489,8,'97008',1.3),(4488,8,'97007',1.3),(4487,8,'97006',1.3),(4486,8,'97005',1.3),(4485,8,'97004',1.4),(4484,8,'97002',1.4),(4314,7,'97002',1.3),(4313,6,'<p>97',0.0),(4399,7,'<p>97',0.0),(4569,8,'<p>97',0.0),(4570,9,'97002',0.0),(4571,9,'97004',0.0),(4572,9,'97005',0.0),(4573,9,'97006',0.0),(4574,9,'97007',0.0),(4575,9,'97008',0.0),(4576,9,'97009',0.0),(4577,9,'97011',0.0),(4578,9,'97013',0.0),(4579,9,'97015',0.0),(4580,9,'97017',0.0),(4581,9,'97019',0.0),(4582,9,'97022',0.0),(4583,9,'97023',0.0),(4584,9,'97024',0.0),(4585,9,'97027',0.0),(4586,9,'97030',0.0),(4587,9,'97032',0.0),(4588,9,'97034',0.0),(4589,9,'97035',0.0),(4590,9,'97036',0.0),(4591,9,'97038',0.0),(4592,9,'97042',0.0),(4593,9,'97045',0.0),(4594,9,'97049',0.0),(4595,9,'97055',0.0),(4596,9,'97056',0.0),(4597,9,'97060',0.0),(4598,9,'97062',0.0),(4599,9,'97067',0.0),(4600,9,'97068',0.0),(4601,9,'97070',0.0),(4602,9,'97071',0.0),(4603,9,'97080',0.0),(4604,9,'97106',0.0),(4605,9,'97111',0.0),(4606,9,'97113',0.0),(4607,9,'97114',0.0),(4608,9,'97115',0.0),(4609,9,'97116',0.0),(4610,9,'97119',0.0),(4611,9,'97123',0.0),(4612,9,'97124',0.0),(4613,9,'97127',0.0),(4614,9,'97128',0.0),(4615,9,'97132',0.0),(4616,9,'97133',0.0),(4617,9,'97134',0.0),(4618,9,'97137',0.0),(4619,9,'97140',0.0),(4620,9,'97148',0.0),(4621,9,'97201',0.0),(4622,9,'97202',0.0),(4623,9,'97203',0.0),(4624,9,'97204',0.0),(4625,9,'97205',0.0),(4626,9,'97206',0.0),(4627,9,'97209',0.0),(4628,9,'97210',0.0),(4629,9,'97211',0.0),(4630,9,'97212',0.0),(4631,9,'97213',0.0),(4632,9,'97214',0.0),(4633,9,'97215',0.0),(4634,9,'97216',0.0),(4635,9,'97217',0.0),(4636,9,'97218',0.0),(4637,9,'97219',0.0),(4638,9,'97220',0.0),(4639,9,'97221',0.0),(4640,9,'97222',0.0),(4641,9,'97223',0.0),(4642,9,'97224',0.0),(4643,9,'97225',0.0),(4644,9,'97227',0.0),(4645,9,'97229',0.0),(4646,9,'97230',0.0),(4647,9,'97231',0.0),(4648,9,'97232',0.0),(4649,9,'97233',0.0),(4650,9,'97236',0.0),(4651,9,'97239',0.0),(4652,9,'97266',0.0),(4653,9,'97267',0.0),(4654,9,'97297',0.0),(4655,9,'<p>97',0.0),(4823,10,'97267',0.5),(4822,10,'97266',0.4),(4821,10,'97239',0.6),(4820,10,'97236',0.4),(4819,10,'97233',0.4),(4818,10,'97232',0.6),(4817,10,'97231',0.6),(4816,10,'97230',0.4),(4815,10,'97229',0.6),(4814,10,'97227',0.6),(4813,10,'97225',0.6),(4812,10,'97224',0.6),(4811,10,'97223',0.6),(4810,10,'97222',0.6),(4809,10,'97221',0.6),(4808,10,'97220',0.4),(4807,10,'97219',0.5),(4806,10,'97218',0.6),(4805,10,'97217',0.6),(4804,10,'97216',0.4),(4803,10,'97215',0.6),(4802,10,'97214',0.6),(4801,10,'97213',0.6),(4800,10,'97212',0.6),(4799,10,'97211',0.6),(4798,10,'97210',0.6),(4797,10,'97209',0.6),(4796,10,'97206',0.6),(4795,10,'97205',0.6),(4794,10,'97204',0.6),(4793,10,'97203',0.6),(4792,10,'97202',0.6),(4791,10,'97201',0.6),(4790,10,'97148',0.6),(4789,10,'97140',0.6),(4788,10,'97137',0.5),(4787,10,'97134',0.5),(4786,10,'97133',0.6),(4785,10,'97132',0.5),(4784,10,'97128',0.5),(4783,10,'97127',0.5),(4782,10,'97124',0.6),(4781,10,'97123',0.6),(4780,10,'97119',0.6),(4779,10,'97116',0.6),(4778,10,'97115',0.6),(4777,10,'97114',0.5),(4776,10,'97113',0.6),(4775,10,'97111',0.6),(4774,10,'97106',0.6),(4773,10,'97080',0.4),(4772,10,'97071',0.5),(4771,10,'97070',0.5),(4770,10,'97068',0.5),(4769,10,'97067',0.4),(4768,10,'97062',0.5),(4767,10,'97060',0.4),(4766,10,'97056',0.6),(4765,10,'97055',0.4),(4764,10,'97049',0.4),(4763,10,'97045',0.5),(4762,10,'97042',0.5),(4761,10,'97038',0.5),(4760,10,'97036',0.5),(4759,10,'97035',0.5),(4758,10,'97034',0.5),(4757,10,'97032',0.5),(4756,10,'97030',0.4),(4755,10,'97027',0.5),(4754,10,'97024',0.4),(4753,10,'97023',0.4),(4752,10,'97022',0.4),(4751,10,'97019',0.4),(4750,10,'97017',0.4),(4749,10,'97015',0.4),(4748,10,'97013',0.5),(4747,10,'97011',0.4),(4746,10,'97009',0.4),(4745,10,'97008',0.6),(4744,10,'97007',0.6),(4743,10,'97006',0.6),(4742,10,'97005',0.6),(4741,10,'97004',0.5),(4740,10,'97002',0.5),(4824,10,'97297',0.0),(4825,10,'<p>97',0.0),(5853,11,'<p>97',0.0),(5852,11,'97297',0.0),(5851,11,'97267',0.5),(5850,11,'97266',0.4),(5849,11,'97239',0.6),(5848,11,'97236',0.4),(5847,11,'97233',0.4),(5846,11,'97232',0.6),(5845,11,'97231',0.6),(5844,11,'97230',0.4),(5843,11,'97229',0.6),(5842,11,'97227',0.6),(5841,11,'97225',0.6),(5840,11,'97224',0.6),(5839,11,'97223',0.6),(5838,11,'97222',0.6),(5837,11,'97221',0.6),(5836,11,'97220',0.4),(5835,11,'97219',0.5),(5834,11,'97218',0.6),(5833,11,'97217',0.6),(5832,11,'97216',0.4),(5831,11,'97215',0.6),(5830,11,'97214',0.6),(5829,11,'97213',0.6),(5828,11,'97212',0.6),(5827,11,'97211',0.6),(5826,11,'97210',0.6),(5825,11,'97209',0.6),(5824,11,'97206',0.6),(5823,11,'97205',0.6),(5822,11,'97204',0.6),(5821,11,'97203',0.6),(5820,11,'97202',0.6),(5819,11,'97201',0.6),(5818,11,'97148',0.6),(5817,11,'97140',0.6),(5816,11,'97137',0.5),(5815,11,'97134',0.5),(5814,11,'97133',0.6),(5813,11,'97132',0.5),(5812,11,'97128',0.5),(5811,11,'97127',0.5),(5810,11,'97124',0.6),(5809,11,'97123',0.6),(5808,11,'97119',0.6),(5807,11,'97116',0.6),(5806,11,'97115',0.6),(5805,11,'97114',0.5),(5804,11,'97113',0.6),(5803,11,'97111',0.6),(5802,11,'97106',0.6),(5801,11,'97080',0.4),(5800,11,'97071',0.5),(5799,11,'97070',0.5),(5798,11,'97068',0.5),(5797,11,'97067',0.4),(5796,11,'97062',0.5),(5795,11,'97060',0.4),(5794,11,'97056',0.6),(5793,11,'97055',0.4),(5792,11,'97049',0.4),(5791,11,'97045',0.5),(5790,11,'97042',0.5),(5789,11,'97038',0.5),(5788,11,'97036',0.5),(5787,11,'97035',0.5),(5786,11,'97034',0.5),(5785,11,'97032',0.5),(5784,11,'97030',0.4),(5783,11,'97027',0.5),(5782,11,'97024',0.4),(5781,11,'97023',0.4),(5780,11,'97022',0.4),(5779,11,'97019',0.4),(5778,11,'97017',0.4),(5777,11,'97015',0.4),(5776,11,'97013',0.5),(5775,11,'97011',0.4),(5774,11,'97009',0.4),(5773,11,'97008',0.6),(5772,11,'97007',0.6),(5771,11,'97006',0.6),(5770,11,'97005',0.6),(6111,12,'<p>97',0.0),(6110,12,'97297',0.0),(6109,12,'97267',0.9),(6108,12,'97266',1.0),(6107,12,'97239',0.8),(6106,12,'97236',1.0),(6105,12,'97233',1.0),(6104,12,'97232',1.1),(6103,12,'97231',1.1),(6102,12,'97230',1.0),(6101,12,'97229',0.8),(6100,12,'97227',1.1),(6099,12,'97225',0.8),(6098,12,'97224',0.8),(6097,12,'97223',0.8),(6096,12,'97222',1.1),(6095,12,'97221',0.8),(6094,12,'97220',1.0),(6093,12,'97219',0.9),(6092,12,'97218',1.1),(6091,12,'97217',1.1),(6090,12,'97216',1.0),(6089,12,'97215',1.1),(6088,12,'97214',1.1),(6087,12,'97213',1.1),(6086,12,'97212',1.1),(6085,12,'97211',1.1),(6084,12,'97210',1.1),(6083,12,'97209',1.1),(6082,12,'97206',1.1),(6081,12,'97205',1.1),(6080,12,'97204',1.1),(6079,12,'97203',1.1),(6078,12,'97202',1.1),(6077,12,'97201',1.1),(6076,12,'97148',0.8),(6075,12,'97140',0.8),(6074,12,'97137',0.9),(6073,12,'97134',0.9),(6072,12,'97133',0.8),(6071,12,'97132',0.9),(6070,12,'97128',0.9),(6069,12,'97127',0.9),(6068,12,'97124',0.8),(6067,12,'97123',0.8),(6066,12,'97119',0.8),(6065,12,'97116',0.8),(6064,12,'97115',0.8),(6063,12,'97114',0.9),(6062,12,'97113',0.8),(6061,12,'97111',0.8),(6060,12,'97106',0.8),(6059,12,'97080',1.0),(6058,12,'97071',0.9),(6057,12,'97070',0.9),(6056,12,'97068',0.9),(6055,12,'97067',1.0),(6054,12,'97062',0.9),(6053,12,'97060',1.0),(6052,12,'97056',1.1),(6051,12,'97055',1.0),(6050,12,'97049',1.0),(6049,12,'97045',0.9),(6048,12,'97042',0.9),(6047,12,'97038',0.9),(6046,12,'97036',0.9),(6045,12,'97035',0.9),(6044,12,'97034',0.9),(6043,12,'97032',0.9),(6042,12,'97030',1.0),(6041,12,'97027',0.9),(6040,12,'97024',1.0),(6039,12,'97023',1.0),(6038,12,'97022',1.0),(6037,12,'97019',1.0),(6036,12,'97017',1.0),(6035,12,'97015',1.0),(6034,12,'97013',0.9),(6033,12,'97011',1.0),(6032,12,'97009',1.0),(6031,12,'97008',0.8),(6030,12,'97007',0.8),(6029,12,'97006',0.8),(6028,12,'97005',0.8),(6027,12,'97004',0.9),(5769,11,'97004',0.5),(5768,11,'97002',0.5),(6197,13,'<p>97',0.0),(6196,13,'97297',0.0),(6195,13,'97267',0.0),(6194,13,'97266',0.0),(6193,13,'97239',0.0),(6192,13,'97236',0.0),(6191,13,'97233',0.0),(6190,13,'97232',0.0),(6189,13,'97231',0.0),(6188,13,'97230',0.0),(6187,13,'97229',0.0),(6186,13,'97227',0.0),(6185,13,'97225',0.0),(6184,13,'97224',0.0),(6183,13,'97223',0.0),(6182,13,'97222',0.0),(6181,13,'97221',0.0),(6180,13,'97220',0.0),(6179,13,'97219',0.0),(6178,13,'97218',0.0),(6177,13,'97217',0.0),(6176,13,'97216',0.0),(6175,13,'97215',0.0),(6174,13,'97214',0.0),(6173,13,'97213',0.0),(6172,13,'97212',0.0),(6171,13,'97211',0.0),(6170,13,'97210',0.0),(6169,13,'97209',0.0),(6168,13,'97206',0.0),(6167,13,'97205',0.0),(6166,13,'97204',0.0),(6165,13,'97203',0.0),(6164,13,'97202',0.0),(6163,13,'97201',0.0),(6162,13,'97148',0.0),(6161,13,'97140',0.0),(6160,13,'97137',0.0),(6159,13,'97134',0.0),(6158,13,'97133',0.0),(6157,13,'97132',0.0),(6156,13,'97128',0.0),(6155,13,'97127',0.0),(6154,13,'97124',0.0),(6153,13,'97123',0.0),(6152,13,'97119',0.0),(6151,13,'97116',0.0),(6150,13,'97115',0.0),(6149,13,'97114',0.0),(6148,13,'97113',0.0),(6147,13,'97111',0.0),(6146,13,'97106',0.0),(6145,13,'97080',0.0),(6144,13,'97071',0.0),(6143,13,'97070',0.0),(6142,13,'97068',0.0),(6141,13,'97067',0.0),(6140,13,'97062',0.0),(6139,13,'97060',0.0),(6138,13,'97056',0.0),(6137,13,'97055',0.0),(6136,13,'97049',0.0),(6135,13,'97045',0.0),(6134,13,'97042',0.0),(6133,13,'97038',0.0),(6132,13,'97036',0.0),(6131,13,'97035',0.0),(6130,13,'97034',0.0),(6129,13,'97032',0.0),(6128,13,'97030',0.0),(6127,13,'97027',0.0),(6126,13,'97024',0.0),(6125,13,'97023',0.0),(6124,13,'97022',0.0),(6123,13,'97019',0.0),(6122,13,'97017',0.0),(6121,13,'97015',0.0),(6120,13,'97013',0.0),(6119,13,'97011',0.0),(6118,13,'97009',0.0),(6117,13,'97008',0.0),(6116,13,'97007',0.0),(6115,13,'97006',0.0),(6114,13,'97005',0.0),(6113,13,'97004',0.0),(6112,13,'97002',0.0),(6026,12,'97002',0.9),(6880,14,'<p>97',0.0),(6879,14,'97297',0.0),(6878,14,'97267',1.0),(6877,14,'97266',0.0),(6876,14,'97239',0.3),(6875,14,'97236',0.0),(6874,14,'97233',0.0),(6873,14,'97232',0.4),(6872,14,'97231',0.4),(6871,14,'97230',0.0),(6870,14,'97229',0.3),(6869,14,'97227',0.4),(6868,14,'97225',0.3),(6867,14,'97224',0.3),(6866,14,'97223',0.3),(6865,14,'97222',0.4),(6864,14,'97221',0.3),(6863,14,'97220',0.0),(6862,14,'97219',1.0),(6861,14,'97218',0.4),(6860,14,'97217',0.4),(6859,14,'97216',0.0),(6858,14,'97215',0.4),(6857,14,'97214',0.4),(6856,14,'97213',0.4),(6855,14,'97212',0.4),(6854,14,'97211',0.4),(6853,14,'97210',0.4),(6852,14,'97209',0.4),(6851,14,'97206',0.4),(6850,14,'97205',0.4),(6849,14,'97204',0.4),(6848,14,'97203',0.4),(6847,14,'97202',0.4),(6846,14,'97201',0.4),(6845,14,'97148',0.3),(6844,14,'97140',0.3),(6843,14,'97137',1.0),(6842,14,'97134',1.0),(6841,14,'97133',0.3),(6840,14,'97132',1.0),(6839,14,'97128',1.0),(6838,14,'97127',1.0),(6837,14,'97124',0.3),(6836,14,'97123',0.3),(6835,14,'97119',0.3),(6834,14,'97116',0.3),(6833,14,'97115',0.3),(6832,14,'97114',1.0),(6831,14,'97113',0.3),(6830,14,'97111',0.3),(6829,14,'97106',0.3),(6828,14,'97080',0.0),(6827,14,'97071',1.0),(6826,14,'97070',1.0),(6825,14,'97068',1.0),(6824,14,'97067',0.0),(6823,14,'97062',1.0),(6822,14,'97060',0.0),(6821,14,'97056',0.4),(6820,14,'97055',0.0),(6819,14,'97049',0.0),(6818,14,'97045',1.0),(6817,14,'97042',1.0),(6816,14,'97038',1.0),(6815,14,'97036',1.0),(6814,14,'97035',1.0),(6813,14,'97034',1.0),(6812,14,'97032',1.0),(6811,14,'97030',0.0),(6810,14,'97027',1.0),(6809,14,'97024',0.0),(6808,14,'97023',0.0),(6807,14,'97022',0.0),(6806,14,'97019',0.0),(6805,14,'97017',0.0),(6804,14,'97015',0.0),(6803,14,'97013',1.0),(6802,14,'97011',0.0),(6801,14,'97009',0.0),(6800,14,'97008',0.3),(6799,14,'97007',0.3),(6798,14,'97006',0.3),(6797,14,'97005',0.3),(6796,14,'97004',1.0),(6795,14,'97002',1.0),(7910,15,'<p>97',0.0),(7909,15,'97297',0.0),(7908,15,'97267',1.8),(7907,15,'97266',1.6),(7906,15,'97239',1.7),(7905,15,'97236',1.6),(7904,15,'97233',1.6),(7903,15,'97232',1.9),(7902,15,'97231',1.9),(7901,15,'97230',1.6),(7900,15,'97229',1.7),(7899,15,'97227',1.9),(7898,15,'97225',1.7),(7897,15,'97224',1.7),(7896,15,'97223',1.7),(7895,15,'97222',1.9),(7894,15,'97221',1.7),(7893,15,'97220',1.6),(7892,15,'97219',1.8),(7891,15,'97218',1.9),(7890,15,'97217',1.9),(7889,15,'97216',1.6),(7888,15,'97215',1.9),(7887,15,'97214',1.9),(7886,15,'97213',1.9),(7885,15,'97212',1.9),(7884,15,'97211',1.9),(7883,15,'97210',1.9),(7882,15,'97209',1.9),(7881,15,'97206',1.9),(7880,15,'97205',1.9),(7879,15,'97204',1.9),(7878,15,'97203',1.9),(7877,15,'97202',1.9),(7876,15,'97201',1.9),(7875,15,'97148',1.7),(7874,15,'97140',1.7),(7873,15,'97137',1.8),(7872,15,'97134',1.8),(7871,15,'97133',1.7),(7870,15,'97132',1.8),(7869,15,'97128',1.8),(7868,15,'97127',1.8),(7867,15,'97124',1.7),(7866,15,'97123',1.7),(7865,15,'97119',1.7),(7864,15,'97116',1.7),(7863,15,'97115',1.7),(7862,15,'97114',1.8),(7861,15,'97113',1.7),(7860,15,'97111',1.7),(7859,15,'97106',1.7),(7858,15,'97080',1.6),(7857,15,'97071',1.8),(7856,15,'97070',1.8),(7855,15,'97068',1.8),(7854,15,'97067',1.6),(7853,15,'97062',1.8),(7852,15,'97060',1.6),(7851,15,'97056',1.9),(7850,15,'97055',1.6),(7849,15,'97049',1.6),(7848,15,'97045',1.8),(7847,15,'97042',1.8),(7846,15,'97038',1.8),(7845,15,'97036',1.8),(7844,15,'97035',1.8),(7843,15,'97034',1.8),(7842,15,'97032',1.8),(7841,15,'97030',1.6),(7840,15,'97027',1.8),(7839,15,'97024',1.6),(7838,15,'97023',1.6),(7837,15,'97022',1.6),(7836,15,'97019',1.6),(7835,15,'97017',1.6),(7834,15,'97015',1.6),(7833,15,'97013',1.8),(7832,15,'97011',1.6),(7831,15,'97009',1.6),(7830,15,'97008',1.7),(7829,15,'97007',1.7),(7828,15,'97006',1.7),(7827,15,'97005',1.7),(12620,28,'97004',0.0),(12619,28,'97002',0.0),(8682,16,'<p>97',0.0),(8681,16,'97297',0.0),(8680,16,'97267',1.6),(8679,16,'97266',1.5),(8678,16,'97239',1.5),(8677,16,'97236',1.5),(8676,16,'97233',1.5),(8675,16,'97232',1.7),(8674,16,'97231',1.7),(8673,16,'97230',1.5),(8672,16,'97229',1.5),(8671,16,'97227',1.7),(8670,16,'97225',1.5),(8669,16,'97224',1.5),(8668,16,'97223',1.5),(8667,16,'97222',1.7),(8666,16,'97221',1.5),(8665,16,'97220',1.5),(8664,16,'97219',1.6),(8663,16,'97218',1.7),(8662,16,'97217',1.7),(8661,16,'97216',1.5),(8660,16,'97215',1.7),(8659,16,'97214',1.7),(8658,16,'97213',1.7),(8657,16,'97212',1.7),(8656,16,'97211',1.7),(8655,16,'97210',1.7),(8654,16,'97209',1.7),(8653,16,'97206',1.7),(8652,16,'97205',1.7),(8651,16,'97204',1.7),(8650,16,'97203',1.7),(8649,16,'97202',1.7),(8648,16,'97201',1.7),(8647,16,'97148',1.5),(8646,16,'97140',1.5),(8645,16,'97137',1.6),(8644,16,'97134',1.6),(8643,16,'97133',1.5),(8642,16,'97132',1.6),(8641,16,'97128',1.6),(8640,16,'97127',1.6),(8639,16,'97124',1.5),(8638,16,'97123',1.5),(8637,16,'97119',1.5),(8636,16,'97116',1.5),(8635,16,'97115',1.5),(8634,16,'97114',1.6),(8633,16,'97113',1.5),(8632,16,'97111',1.5),(8631,16,'97106',1.5),(8630,16,'97080',1.5),(8629,16,'97071',1.6),(8628,16,'97070',1.6),(8627,16,'97068',1.6),(8626,16,'97067',1.5),(8625,16,'97062',1.6),(8624,16,'97060',1.5),(8623,16,'97056',1.7),(8622,16,'97055',1.5),(8621,16,'97049',1.5),(8620,16,'97045',1.6),(8619,16,'97042',1.6),(8618,16,'97038',1.6),(8617,16,'97036',1.6),(8616,16,'97035',1.6),(8615,16,'97034',1.6),(8614,16,'97032',1.6),(8613,16,'97030',1.5),(8612,16,'97027',1.6),(8611,16,'97024',1.5),(8610,16,'97023',1.5),(8609,16,'97022',1.5),(8608,16,'97019',1.5),(8607,16,'97017',1.5),(8606,16,'97015',1.5),(8605,16,'97013',1.6),(8604,16,'97011',1.5),(8603,16,'97009',1.5),(8602,16,'97008',1.5),(8601,16,'97007',1.5),(8600,16,'97006',1.5),(8599,16,'97005',1.5),(7826,15,'97004',1.8),(7825,15,'97002',1.8),(8940,17,'<p>97',0.0),(8939,17,'97297',0.0),(8938,17,'97267',1.0),(8937,17,'97266',0.9),(8936,17,'97239',1.1),(8935,17,'97236',0.9),(8934,17,'97233',0.9),(8933,17,'97232',1.1),(8932,17,'97231',1.1),(8931,17,'97230',0.9),(8930,17,'97229',1.1),(8929,17,'97227',1.1),(8928,17,'97225',1.1),(8927,17,'97224',1.1),(8926,17,'97223',1.1),(8925,17,'97222',1.1),(8924,17,'97221',1.1),(8923,17,'97220',0.9),(8922,17,'97219',1.0),(8921,17,'97218',1.1),(8920,17,'97217',1.1),(8919,17,'97216',0.9),(8918,17,'97215',1.1),(8917,17,'97214',1.1),(8916,17,'97213',1.1),(8915,17,'97212',1.1),(8914,17,'97211',1.1),(8913,17,'97210',1.1),(8912,17,'97209',1.1),(8911,17,'97206',1.1),(8910,17,'97205',1.1),(8909,17,'97204',1.1),(8908,17,'97203',1.1),(8907,17,'97202',1.1),(8906,17,'97201',1.1),(8905,17,'97148',1.1),(8904,17,'97140',1.1),(8903,17,'97137',1.0),(8902,17,'97134',1.0),(8901,17,'97133',1.1),(8900,17,'97132',1.0),(8899,17,'97128',1.0),(8898,17,'97127',1.0),(8897,17,'97124',1.1),(8896,17,'97123',1.1),(8895,17,'97119',1.1),(8894,17,'97116',1.1),(8893,17,'97115',1.1),(8892,17,'97114',1.0),(8891,17,'97113',1.1),(8890,17,'97111',1.1),(8889,17,'97106',1.1),(8888,17,'97080',0.9),(8887,17,'97071',1.0),(8886,17,'97070',1.0),(8885,17,'97068',1.0),(8884,17,'97067',0.9),(8883,17,'97062',1.0),(8882,17,'97060',0.9),(8881,17,'97056',1.1),(8880,17,'97055',0.9),(8879,17,'97049',0.9),(8878,17,'97045',1.0),(8877,17,'97042',1.0),(8876,17,'97038',1.0),(8875,17,'97036',1.0),(8874,17,'97035',1.0),(8873,17,'97034',1.0),(8872,17,'97032',1.0),(8871,17,'97030',0.9),(8870,17,'97027',1.0),(8869,17,'97024',0.9),(8868,17,'97023',0.9),(8867,17,'97022',0.9),(8866,17,'97019',0.9),(8865,17,'97017',0.9),(8864,17,'97015',0.9),(8863,17,'97013',1.0),(8862,17,'97011',0.9),(8861,17,'97009',0.9),(8860,17,'97008',1.1),(8859,17,'97007',1.1),(8858,17,'97006',1.1),(8857,17,'97005',1.1),(8598,16,'97004',1.6),(8597,16,'97002',1.6),(9452,18,'<p>97',0.0),(9451,18,'97297',0.0),(9450,18,'97267',1.9),(9449,18,'97266',1.8),(9448,18,'97239',1.9),(9447,18,'97236',1.8),(9446,18,'97233',1.8),(9445,18,'97232',2.1),(9444,18,'97231',2.1),(9443,18,'97230',1.8),(9442,18,'97229',1.9),(9441,18,'97227',2.1),(9440,18,'97225',1.9),(9439,18,'97224',1.9),(9438,18,'97223',1.9),(9437,18,'97222',2.1),(9436,18,'97221',1.9),(9435,18,'97220',1.8),(9434,18,'97219',1.9),(9433,18,'97218',2.1),(9432,18,'97217',2.1),(9431,18,'97216',1.8),(9430,18,'97215',2.1),(9429,18,'97214',2.1),(9428,18,'97213',2.1),(9427,18,'97212',2.1),(9426,18,'97211',2.1),(9425,18,'97210',2.1),(9424,18,'97209',2.1),(9423,18,'97206',2.1),(9422,18,'97205',2.1),(9421,18,'97204',2.1),(9420,18,'97203',2.1),(9419,18,'97202',2.1),(9418,18,'97201',2.1),(9417,18,'97148',1.9),(9416,18,'97140',1.9),(9415,18,'97137',1.9),(9414,18,'97134',1.9),(9413,18,'97133',1.9),(9412,18,'97132',1.9),(9411,18,'97128',1.9),(9410,18,'97127',1.9),(9409,18,'97124',1.9),(9408,18,'97123',1.9),(9407,18,'97119',1.9),(9406,18,'97116',1.9),(9405,18,'97115',1.9),(9404,18,'97114',1.9),(9403,18,'97113',1.9),(9402,18,'97111',1.9),(9401,18,'97106',1.9),(9400,18,'97080',1.8),(9399,18,'97071',1.9),(9398,18,'97070',1.9),(9397,18,'97068',1.9),(9396,18,'97067',1.8),(9395,18,'97062',1.9),(9394,18,'97060',1.8),(9393,18,'97056',2.1),(9392,18,'97055',1.8),(9391,18,'97049',1.8),(9390,18,'97045',1.9),(9389,18,'97042',1.9),(9388,18,'97038',1.9),(9387,18,'97036',1.9),(9386,18,'97035',1.9),(9385,18,'97034',1.9),(9384,18,'97032',1.9),(9383,18,'97030',1.8),(9382,18,'97027',1.9),(9381,18,'97024',1.8),(9380,18,'97023',1.8),(9379,18,'97022',1.8),(9378,18,'97019',1.8),(9377,18,'97017',1.8),(9376,18,'97015',1.8),(9375,18,'97013',1.9),(9374,18,'97011',1.8),(9373,18,'97009',1.8),(9372,18,'97008',1.9),(9371,18,'97007',1.9),(9370,18,'97006',1.9),(9369,18,'97005',1.9),(8856,17,'97004',1.0),(8855,17,'97002',1.0),(9710,19,'<p>97',0.0),(9709,19,'97297',0.0),(9708,19,'97267',2.0),(9707,19,'97266',1.8),(9706,19,'97239',1.9),(9705,19,'97236',1.8),(9704,19,'97233',1.8),(9703,19,'97232',2.1),(9702,19,'97231',2.1),(9701,19,'97230',1.8),(9700,19,'97229',1.9),(9699,19,'97227',2.1),(9698,19,'97225',1.9),(9697,19,'97224',1.9),(9696,19,'97223',1.9),(9695,19,'97222',2.1),(9694,19,'97221',1.9),(9693,19,'97220',1.8),(9692,19,'97219',2.0),(9691,19,'97218',2.1),(9690,19,'97217',2.1),(9689,19,'97216',1.8),(9688,19,'97215',2.1),(9687,19,'97214',2.1),(9686,19,'97213',2.1),(9685,19,'97212',2.1),(9684,19,'97211',2.1),(9683,19,'97210',2.1),(9682,19,'97209',2.1),(9681,19,'97206',2.1),(9680,19,'97205',2.1),(9679,19,'97204',2.1),(9678,19,'97203',2.1),(9677,19,'97202',2.1),(9676,19,'97201',2.1),(9675,19,'97148',1.9),(9674,19,'97140',1.9),(9673,19,'97137',2.0),(9672,19,'97134',2.0),(9671,19,'97133',1.9),(9670,19,'97132',2.0),(9669,19,'97128',2.0),(9668,19,'97127',2.0),(9667,19,'97124',1.9),(9666,19,'97123',1.9),(9665,19,'97119',1.9),(9664,19,'97116',1.9),(9663,19,'97115',1.9),(9662,19,'97114',2.0),(9661,19,'97113',1.9),(9660,19,'97111',1.9),(9659,19,'97106',1.9),(9658,19,'97080',1.8),(9657,19,'97071',2.0),(9656,19,'97070',2.0),(9655,19,'97068',2.0),(9654,19,'97067',1.8),(9653,19,'97062',2.0),(9652,19,'97060',1.8),(9651,19,'97056',2.1),(9650,19,'97055',1.8),(9649,19,'97049',1.8),(9648,19,'97045',2.0),(9647,19,'97042',2.0),(9646,19,'97038',2.0),(9645,19,'97036',2.0),(9644,19,'97035',2.0),(9643,19,'97034',2.0),(9642,19,'97032',2.0),(9641,19,'97030',1.8),(9640,19,'97027',2.0),(9639,19,'97024',1.8),(9638,19,'97023',1.8),(9637,19,'97022',1.8),(9636,19,'97019',1.8),(9635,19,'97017',1.8),(9634,19,'97015',1.8),(9633,19,'97013',2.0),(9632,19,'97011',1.8),(9631,19,'97009',1.8),(9630,19,'97008',1.9),(9629,19,'97007',1.9),(9628,19,'97006',1.9),(9627,19,'97005',1.9),(9368,18,'97004',1.9),(9367,18,'97002',1.9),(9964,20,'97267',1.6),(9963,20,'97266',1.7),(9962,20,'97239',1.7),(9961,20,'97236',1.7),(9960,20,'97233',1.7),(9959,20,'97232',1.8),(9958,20,'97231',1.8),(9957,20,'97230',1.7),(9956,20,'97229',1.7),(9955,20,'97227',1.8),(9954,20,'97225',1.7),(9953,20,'97224',1.7),(9952,20,'97223',1.7),(9951,20,'97222',1.8),(9950,20,'97221',1.7),(9949,20,'97220',1.7),(9948,20,'97219',1.6),(9947,20,'97218',1.8),(9946,20,'97217',1.8),(9945,20,'97216',1.7),(9944,20,'97215',1.8),(9943,20,'97214',1.8),(9942,20,'97213',1.8),(9941,20,'97212',1.8),(9940,20,'97211',1.8),(9939,20,'97210',1.8),(9938,20,'97209',1.8),(9937,20,'97206',1.8),(9936,20,'97205',1.8),(9935,20,'97204',1.8),(9934,20,'97203',1.8),(9933,20,'97202',1.8),(9932,20,'97201',1.8),(9931,20,'97148',1.7),(9930,20,'97140',1.7),(9929,20,'97137',1.6),(9928,20,'97134',1.6),(9927,20,'97133',1.7),(9926,20,'97132',1.6),(9925,20,'97128',1.6),(9924,20,'97127',1.6),(9923,20,'97124',1.7),(9922,20,'97123',1.7),(9921,20,'97119',1.7),(9920,20,'97116',1.7),(9919,20,'97115',1.7),(9918,20,'97114',1.6),(9917,20,'97113',1.7),(9916,20,'97111',1.7),(9915,20,'97106',1.7),(9914,20,'97080',1.7),(9913,20,'97071',1.6),(9912,20,'97070',1.6),(9911,20,'97068',1.6),(9910,20,'97067',1.7),(9909,20,'97062',1.6),(9908,20,'97060',1.7),(9907,20,'97056',1.8),(9906,20,'97055',1.7),(9905,20,'97049',1.7),(9904,20,'97045',1.6),(9903,20,'97042',1.6),(9902,20,'97038',1.6),(9901,20,'97036',1.6),(9900,20,'97035',1.6),(9899,20,'97034',1.6),(9898,20,'97032',1.6),(9897,20,'97030',1.7),(9896,20,'97027',1.6),(9895,20,'97024',1.7),(9894,20,'97023',1.7),(9893,20,'97022',1.7),(9892,20,'97019',1.7),(9891,20,'97017',1.7),(9890,20,'97015',1.7),(9889,20,'97013',1.6),(9888,20,'97011',1.7),(9887,20,'97009',1.7),(9886,20,'97008',1.7),(9885,20,'97007',1.7),(9884,20,'97006',1.7),(9883,20,'97005',1.7),(9882,20,'97004',1.6),(9881,20,'97002',1.6),(9626,19,'97004',2.0),(9625,19,'97002',2.0),(10478,21,'<p>97',0.0),(10477,21,'97297',0.0),(10476,21,'97267',0.8),(10475,21,'97266',0.5),(10474,21,'97239',0.2),(10473,21,'97236',0.5),(10472,21,'97233',0.5),(10471,21,'97232',0.4),(10470,21,'97231',0.4),(10469,21,'97230',0.5),(10468,21,'97229',0.2),(10467,21,'97227',0.4),(10466,21,'97225',0.2),(10465,21,'97224',0.2),(10464,21,'97223',0.2),(10463,21,'97222',0.4),(10462,21,'97221',0.2),(10461,21,'97220',0.5),(10460,21,'97219',0.8),(10459,21,'97218',0.4),(10458,21,'97217',0.4),(10457,21,'97216',0.5),(10456,21,'97215',0.4),(10455,21,'97214',0.4),(10454,21,'97213',0.4),(10453,21,'97212',0.4),(10452,21,'97211',0.4),(10451,21,'97210',0.4),(10450,21,'97209',0.4),(10449,21,'97206',0.4),(10448,21,'97205',0.4),(10447,21,'97204',0.4),(10446,21,'97203',0.4),(10445,21,'97202',0.4),(10444,21,'97201',0.4),(10443,21,'97148',0.2),(10442,21,'97140',0.2),(10441,21,'97137',0.8),(10440,21,'97134',0.8),(10439,21,'97133',0.2),(10438,21,'97132',0.8),(10437,21,'97128',0.8),(10436,21,'97127',0.8),(10435,21,'97124',0.2),(10434,21,'97123',0.2),(10433,21,'97119',0.2),(10432,21,'97116',0.2),(10431,21,'97115',0.2),(10430,21,'97114',0.8),(10429,21,'97113',0.2),(10428,21,'97111',0.2),(10427,21,'97106',0.2),(10426,21,'97080',0.5),(10425,21,'97071',0.8),(10424,21,'97070',0.8),(10423,21,'97068',0.8),(10422,21,'97067',0.5),(10421,21,'97062',0.8),(10420,21,'97060',0.5),(10419,21,'97056',0.4),(10418,21,'97055',0.5),(10417,21,'97049',0.5),(10416,21,'97045',0.8),(10415,21,'97042',0.8),(10414,21,'97038',0.8),(10413,21,'97036',0.8),(10412,21,'97035',0.8),(10411,21,'97034',0.8),(10410,21,'97032',0.8),(10409,21,'97030',0.5),(10408,21,'97027',0.8),(10407,21,'97024',0.5),(10406,21,'97023',0.5),(10405,21,'97022',0.5),(10404,21,'97019',0.5),(10403,21,'97017',0.5),(10402,21,'97015',0.5),(10401,21,'97013',0.8),(10400,21,'97011',0.5),(10399,21,'97009',0.5),(10398,21,'97008',0.2),(10397,21,'97007',0.2),(10396,21,'97006',0.2),(10395,21,'97005',0.2),(9965,20,'97297',0.0),(9966,20,'<p>97',0.0),(10736,22,'<p>97',0.0),(10735,22,'97297',0.0),(10734,22,'97267',1.4),(10733,22,'97266',1.1),(10732,22,'97239',1.3),(10731,22,'97236',1.1),(10730,22,'97233',1.1),(10729,22,'97232',1.3),(10728,22,'97231',1.3),(10727,22,'97230',1.1),(10726,22,'97229',1.3),(10725,22,'97227',1.3),(10724,22,'97225',1.3),(10723,22,'97224',1.3),(10722,22,'97223',1.3),(10721,22,'97222',1.3),(10720,22,'97221',1.3),(10719,22,'97220',1.1),(10718,22,'97219',1.4),(10717,22,'97218',1.3),(10716,22,'97217',1.3),(10715,22,'97216',1.1),(10714,22,'97215',1.3),(10713,22,'97214',1.3),(10712,22,'97213',1.3),(10711,22,'97212',1.3),(10710,22,'97211',1.3),(10709,22,'97210',1.3),(10708,22,'97209',1.3),(10707,22,'97206',1.3),(10706,22,'97205',1.3),(10705,22,'97204',1.3),(10704,22,'97203',1.3),(10703,22,'97202',1.3),(10702,22,'97201',1.3),(10701,22,'97148',1.3),(10700,22,'97140',1.3),(10699,22,'97137',1.4),(10698,22,'97134',1.4),(10697,22,'97133',1.3),(10696,22,'97132',1.4),(10695,22,'97128',1.4),(10694,22,'97127',1.4),(10693,22,'97124',1.3),(10692,22,'97123',1.3),(10691,22,'97119',1.3),(10690,22,'97116',1.3),(10689,22,'97115',1.3),(10688,22,'97114',1.4),(10687,22,'97113',1.3),(10686,22,'97111',1.3),(10685,22,'97106',1.3),(10684,22,'97080',1.1),(10683,22,'97071',1.4),(10682,22,'97070',1.4),(10681,22,'97068',1.4),(10680,22,'97067',1.1),(10679,22,'97062',1.4),(10678,22,'97060',1.1),(10677,22,'97056',1.3),(10676,22,'97055',1.1),(10675,22,'97049',1.1),(10674,22,'97045',1.4),(10673,22,'97042',1.4),(10672,22,'97038',1.4),(10671,22,'97036',1.4),(10670,22,'97035',1.4),(10669,22,'97034',1.4),(10668,22,'97032',1.4),(10667,22,'97030',1.1),(10666,22,'97027',1.4),(10665,22,'97024',1.1),(10664,22,'97023',1.1),(10663,22,'97022',1.1),(10662,22,'97019',1.1),(10661,22,'97017',1.1),(10660,22,'97015',1.1),(10659,22,'97013',1.4),(10658,22,'97011',1.1),(10657,22,'97009',1.1),(10656,22,'97008',1.3),(10655,22,'97007',1.3),(10654,22,'97006',1.3),(10653,22,'97005',1.3),(10394,21,'97004',0.8),(10393,21,'97002',0.8),(10990,23,'97267',1.3),(10989,23,'97266',1.1),(10988,23,'97239',1.2),(10987,23,'97236',1.1),(10986,23,'97233',1.1),(10985,23,'97232',1.2),(10984,23,'97231',1.2),(10983,23,'97230',1.1),(10982,23,'97229',1.2),(10981,23,'97227',1.2),(10980,23,'97225',1.2),(10979,23,'97224',1.2),(10978,23,'97223',1.2),(10977,23,'97222',1.2),(10976,23,'97221',1.2),(10975,23,'97220',1.1),(10974,23,'97219',1.3),(10973,23,'97218',1.2),(10972,23,'97217',1.2),(10971,23,'97216',1.1),(10970,23,'97215',1.2),(10969,23,'97214',1.2),(10968,23,'97213',1.2),(10967,23,'97212',1.2),(10966,23,'97211',1.2),(10965,23,'97210',1.2),(10964,23,'97209',1.2),(10963,23,'97206',1.2),(10962,23,'97205',1.2),(10961,23,'97204',1.2),(10960,23,'97203',1.2),(10959,23,'97202',1.2),(10958,23,'97201',1.2),(10957,23,'97148',1.2),(10956,23,'97140',1.2),(10955,23,'97137',1.3),(10954,23,'97134',1.3),(10953,23,'97133',1.2),(10952,23,'97132',1.3),(10951,23,'97128',1.3),(10950,23,'97127',1.3),(10949,23,'97124',1.2),(10948,23,'97123',1.2),(10947,23,'97119',1.2),(10946,23,'97116',1.2),(10945,23,'97115',1.2),(10944,23,'97114',1.3),(10943,23,'97113',1.2),(10942,23,'97111',1.2),(10941,23,'97106',1.2),(10940,23,'97080',1.1),(10939,23,'97071',1.3),(10938,23,'97070',1.3),(10937,23,'97068',1.3),(10936,23,'97067',1.1),(10935,23,'97062',1.3),(10934,23,'97060',1.1),(10933,23,'97056',1.2),(10932,23,'97055',1.1),(10931,23,'97049',1.1),(10930,23,'97045',1.3),(10929,23,'97042',1.3),(10928,23,'97038',1.3),(10927,23,'97036',1.3),(10926,23,'97035',1.3),(10925,23,'97034',1.3),(10924,23,'97032',1.3),(10923,23,'97030',1.1),(10922,23,'97027',1.3),(10921,23,'97024',1.1),(10920,23,'97023',1.1),(10919,23,'97022',1.1),(10918,23,'97019',1.1),(10917,23,'97017',1.1),(10916,23,'97015',1.1),(10915,23,'97013',1.3),(10914,23,'97011',1.1),(10913,23,'97009',1.1),(10912,23,'97008',1.2),(10911,23,'97007',1.2),(10910,23,'97006',1.2),(10909,23,'97005',1.2),(10908,23,'97004',1.3),(10907,23,'97002',1.3),(10652,22,'97004',1.4),(10651,22,'97002',1.4),(11762,24,'<p>97',0.0),(11761,24,'97297',0.0),(11760,24,'97267',1.0),(11759,24,'97266',0.9),(11758,24,'97239',1.1),(11757,24,'97236',0.9),(11756,24,'97233',0.9),(11755,24,'97232',1.1),(11754,24,'97231',1.1),(11753,24,'97230',0.9),(11752,24,'97229',1.1),(11751,24,'97227',1.1),(11750,24,'97225',1.1),(11749,24,'97224',1.1),(11748,24,'97223',1.1),(11747,24,'97222',1.1),(11746,24,'97221',1.1),(11745,24,'97220',0.9),(11744,24,'97219',1.0),(11743,24,'97218',1.1),(11742,24,'97217',1.1),(11741,24,'97216',0.9),(11740,24,'97215',1.1),(11739,24,'97214',1.1),(11738,24,'97213',1.1),(11737,24,'97212',1.1),(11736,24,'97211',1.1),(11735,24,'97210',1.1),(11734,24,'97209',1.1),(11733,24,'97206',1.1),(11732,24,'97205',1.1),(11731,24,'97204',1.1),(11730,24,'97203',1.1),(11729,24,'97202',1.1),(11728,24,'97201',1.1),(11727,24,'97148',1.1),(11726,24,'97140',1.1),(11725,24,'97137',1.0),(11724,24,'97134',1.0),(11723,24,'97133',1.1),(11722,24,'97132',1.0),(11721,24,'97128',1.0),(11720,24,'97127',1.0),(11719,24,'97124',1.1),(11718,24,'97123',1.1),(11717,24,'97119',1.1),(11716,24,'97116',1.1),(11715,24,'97115',1.1),(11714,24,'97114',1.0),(11713,24,'97113',1.1),(11712,24,'97111',1.1),(11711,24,'97106',1.1),(11710,24,'97080',0.9),(11709,24,'97071',1.0),(11708,24,'97070',1.0),(11707,24,'97068',1.0),(11706,24,'97067',0.9),(11705,24,'97062',1.0),(11704,24,'97060',0.9),(11703,24,'97056',1.1),(11702,24,'97055',0.9),(11701,24,'97049',0.9),(11700,24,'97045',1.0),(11699,24,'97042',1.0),(11698,24,'97038',1.0),(11697,24,'97036',1.0),(11696,24,'97035',1.0),(11695,24,'97034',1.0),(11694,24,'97032',1.0),(11693,24,'97030',0.9),(11692,24,'97027',1.0),(11691,24,'97024',0.9),(11690,24,'97023',0.9),(11689,24,'97022',0.9),(11688,24,'97019',0.9),(11687,24,'97017',0.9),(11686,24,'97015',0.9),(11685,24,'97013',1.0),(11684,24,'97011',0.9),(11683,24,'97009',0.9),(11682,24,'97008',1.1),(11681,24,'97007',1.1),(11680,24,'97006',1.1),(11679,24,'97005',1.1),(10991,23,'97297',0.0),(10992,23,'<p>97',0.0),(12276,25,'<p>97',0.0),(12275,25,'97297',0.0),(12274,25,'97267',0.0),(12273,25,'97266',0.2),(12272,25,'97239',0.0),(12271,25,'97236',0.2),(12270,25,'97233',0.2),(12269,25,'97232',0.1),(12268,25,'97231',0.1),(12267,25,'97230',0.2),(12266,25,'97229',0.0),(12265,25,'97227',0.1),(12264,25,'97225',0.0),(12263,25,'97224',0.0),(12262,25,'97223',0.0),(12261,25,'97222',0.1),(12260,25,'97221',0.0),(12259,25,'97220',0.2),(12258,25,'97219',0.0),(12257,25,'97218',0.1),(12256,25,'97217',0.1),(12255,25,'97216',0.2),(12254,25,'97215',0.1),(12253,25,'97214',0.1),(12252,25,'97213',0.1),(12251,25,'97212',0.1),(12250,25,'97211',0.1),(12249,25,'97210',0.1),(12248,25,'97209',0.1),(12247,25,'97206',0.1),(12246,25,'97205',0.1),(12245,25,'97204',0.1),(12244,25,'97203',0.1),(12243,25,'97202',0.1),(12242,25,'97201',0.1),(12241,25,'97148',0.0),(12240,25,'97140',0.0),(12239,25,'97137',0.0),(12238,25,'97134',0.0),(12237,25,'97133',0.0),(12236,25,'97132',0.0),(12235,25,'97128',0.0),(12234,25,'97127',0.0),(12233,25,'97124',0.0),(12232,25,'97123',0.0),(12231,25,'97119',0.0),(12230,25,'97116',0.0),(12229,25,'97115',0.0),(12228,25,'97114',0.0),(12227,25,'97113',0.0),(12226,25,'97111',0.0),(12225,25,'97106',0.0),(12224,25,'97080',0.2),(12223,25,'97071',0.0),(12222,25,'97070',0.0),(12221,25,'97068',0.0),(12220,25,'97067',0.2),(12219,25,'97062',0.0),(12218,25,'97060',0.2),(12217,25,'97056',0.1),(12216,25,'97055',0.2),(12215,25,'97049',0.2),(12214,25,'97045',0.0),(12213,25,'97042',0.0),(12212,25,'97038',0.0),(12211,25,'97036',0.0),(12210,25,'97035',0.0),(12209,25,'97034',0.0),(12208,25,'97032',0.0),(12207,25,'97030',0.2),(12206,25,'97027',0.0),(12205,25,'97024',0.2),(12204,25,'97023',0.2),(12203,25,'97022',0.2),(12202,25,'97019',0.2),(12201,25,'97017',0.2),(12200,25,'97015',0.2),(12199,25,'97013',0.0),(12198,25,'97011',0.2),(12197,25,'97009',0.2),(12196,25,'97008',0.0),(12195,25,'97007',0.0),(12194,25,'97006',0.0),(12193,25,'97005',0.0),(11678,24,'97004',1.0),(11677,24,'97002',1.0),(12534,26,'<p>97',0.0),(12533,26,'97297',0.0),(12532,26,'97267',1.1),(12531,26,'97266',1.1),(12530,26,'97239',1.0),(12529,26,'97236',1.1),(12528,26,'97233',1.1),(12527,26,'97232',1.2),(12526,26,'97231',1.2),(12525,26,'97230',1.1),(12524,26,'97229',1.0),(12523,26,'97227',1.2),(12522,26,'97225',1.0),(12521,26,'97224',1.0),(12520,26,'97223',1.0),(12519,26,'97222',1.2),(12518,26,'97221',1.0),(12517,26,'97220',1.1),(12516,26,'97219',1.1),(12515,26,'97218',1.2),(12514,26,'97217',1.2),(12513,26,'97216',1.1),(12512,26,'97215',1.2),(12511,26,'97214',1.2),(12510,26,'97213',1.2),(12509,26,'97212',1.2),(12508,26,'97211',1.2),(12507,26,'97210',1.2),(12506,26,'97209',1.2),(12505,26,'97206',1.2),(12504,26,'97205',1.2),(12503,26,'97204',1.2),(12502,26,'97203',1.2),(12501,26,'97202',1.2),(12500,26,'97201',1.2),(12499,26,'97148',1.0),(12498,26,'97140',1.0),(12497,26,'97137',1.1),(12496,26,'97134',1.1),(12495,26,'97133',1.0),(12494,26,'97132',1.1),(12493,26,'97128',1.1),(12492,26,'97127',1.1),(12491,26,'97124',1.0),(12490,26,'97123',1.0),(12489,26,'97119',1.0),(12488,26,'97116',1.0),(12487,26,'97115',1.0),(12486,26,'97114',1.1),(12485,26,'97113',1.0),(12484,26,'97111',1.0),(12483,26,'97106',1.0),(12482,26,'97080',1.1),(12481,26,'97071',1.1),(12480,26,'97070',1.1),(12479,26,'97068',1.1),(12478,26,'97067',1.1),(12477,26,'97062',1.1),(12476,26,'97060',1.1),(12475,26,'97056',1.2),(12474,26,'97055',1.1),(12473,26,'97049',1.1),(12472,26,'97045',1.1),(12471,26,'97042',1.1),(12470,26,'97038',1.1),(12469,26,'97036',1.1),(12468,26,'97035',1.1),(12467,26,'97034',1.1),(12466,26,'97032',1.1),(12465,26,'97030',1.1),(12464,26,'97027',1.1),(12463,26,'97024',1.1),(12462,26,'97023',1.1),(12461,26,'97022',1.1),(12460,26,'97019',1.1),(12459,26,'97017',1.1),(12458,26,'97015',1.1),(12457,26,'97013',1.1),(12456,26,'97011',1.1),(12455,26,'97009',1.1),(12454,26,'97008',1.0),(12453,26,'97007',1.0),(12452,26,'97006',1.0),(12451,26,'97005',1.0),(12192,25,'97004',0.0),(12191,25,'97002',0.0),(12618,27,'97115',0.6),(12617,27,'97111',0.6),(12616,27,'97224',0.6),(12615,27,'97140',0.6),(12614,27,'97007',0.6),(12613,27,'97148',0.6),(12612,27,'97239',0.6),(12611,27,'97223',0.6),(12610,27,'97008',0.6),(12609,27,'97119',0.6),(12608,27,'97221',0.6),(12607,27,'97225',0.6),(12606,27,'97005',0.6),(12605,27,'97006',0.6),(12604,27,'97123',0.6),(12603,27,'97229',0.6),(12602,27,'97124',0.6),(12601,27,'97113',0.6),(12600,27,'97133',0.6),(12599,27,'97106',0.6),(12598,27,'97116',0.6),(12597,27,'97038',0.6),(12596,27,'97042',0.6),(12595,27,'97032',0.6),(12594,27,'97071',0.6),(12593,27,'97137',0.6),(12592,27,'97004',0.6),(12591,27,'97013',0.6),(12590,27,'97002',0.6),(12589,27,'97134',0.6),(12588,27,'97114',0.6),(12587,27,'97127',0.6),(12586,27,'97128',0.6),(12585,27,'97045',0.6),(12584,27,'97070',0.6),(12583,27,'97132',0.6),(12582,27,'97036',0.6),(12581,27,'97068',0.6),(12580,27,'97062',0.6),(12579,27,'97027',0.6),(12578,27,'97267',0.6),(12577,27,'97034',0.6),(12576,27,'97035',0.6),(12575,27,'97219',0.6),(12574,27,'97017',0.6),(12573,27,'97067',0.6),(12572,27,'97023',0.6),(12571,27,'97049',0.6),(12570,27,'97011',0.6),(12569,27,'97022',0.6),(12568,27,'97019',0.6),(12567,27,'97055',0.6),(12566,27,'97015',0.6),(12565,27,'97009',0.6),(12564,27,'97080',0.6),(12563,27,'97236',0.6),(12562,27,'97266',0.6),(12561,27,'97060',0.6),(12560,27,'97030',0.6),(12559,27,'97230',0.6),(12558,27,'97233',0.6),(12557,27,'97216',0.6),(12556,27,'97220',0.6),(12555,27,'97024',0.6),(12554,27,'97222',0.5),(12553,27,'97206',0.5),(12552,27,'97202',0.5),(12551,27,'97215',0.5),(12550,27,'97213',0.5),(12549,27,'97232',0.5),(12548,27,'97214',0.5),(12547,27,'97204',0.5),(12546,27,'97209',0.5),(12545,27,'97212',0.5),(12544,27,'97227',0.5),(12543,27,'97201',0.5),(12542,27,'97205',1.0),(12541,27,'97218',1.0),(12540,27,'97211',1.0),(12539,27,'97203',1.0),(12538,27,'97210',1.0),(12537,27,'97217',1.0),(12536,27,'97231',1.0),(12535,27,'97056',1.0),(12450,26,'97004',1.1),(12449,26,'97002',1.1),(12621,28,'97005',0.0),(12622,28,'97006',0.0),(12623,28,'97007',0.0),(12624,28,'97008',0.0),(12625,28,'97009',0.0),(12626,28,'97011',0.0),(12627,28,'97013',0.0),(12628,28,'97015',0.0),(12629,28,'97017',0.0),(12630,28,'97019',0.0),(12631,28,'97022',0.0),(12632,28,'97023',0.0),(12633,28,'97024',0.0),(12634,28,'97027',0.0),(12635,28,'97030',0.0),(12636,28,'97032',0.0),(12637,28,'97034',0.0),(12638,28,'97035',0.0),(12639,28,'97036',0.0),(12640,28,'97038',0.0),(12641,28,'97042',0.0),(12642,28,'97045',0.0),(12643,28,'97049',0.0),(12644,28,'97055',0.0),(12645,28,'97056',0.0),(12646,28,'97060',0.0),(12647,28,'97062',0.0),(12648,28,'97067',0.0),(12649,28,'97068',0.0),(12650,28,'97070',0.0),(12651,28,'97071',0.0),(12652,28,'97080',0.0),(12653,28,'97106',0.0),(12654,28,'97111',0.0),(12655,28,'97113',0.0),(12656,28,'97114',0.0),(12657,28,'97115',0.0),(12658,28,'97116',0.0),(12659,28,'97119',0.0),(12660,28,'97123',0.0),(12661,28,'97124',0.0),(12662,28,'97127',0.0),(12663,28,'97128',0.0),(12664,28,'97132',0.0),(12665,28,'97133',0.0),(12666,28,'97134',0.0),(12667,28,'97137',0.0),(12668,28,'97140',0.0),(12669,28,'97148',0.0),(12670,28,'97201',0.0),(12671,28,'97202',0.0),(12672,28,'97203',0.0),(12673,28,'97204',0.0),(12674,28,'97205',0.0),(12675,28,'97206',0.0),(12676,28,'97209',0.0),(12677,28,'97210',0.0),(12678,28,'97211',0.0),(12679,28,'97212',0.0),(12680,28,'97213',0.0),(12681,28,'97214',0.0),(12682,28,'97215',0.0),(12683,28,'97216',0.0),(12684,28,'97217',0.0),(12685,28,'97218',0.0),(12686,28,'97219',0.0),(12687,28,'97220',0.0),(12688,28,'97221',0.0),(12689,28,'97222',0.0),(12690,28,'97223',0.0),(12691,28,'97224',0.0),(12692,28,'97225',0.0),(12693,28,'97227',0.0),(12694,28,'97229',0.0),(12695,28,'97230',0.0),(12696,28,'97231',0.0),(12697,28,'97232',0.0),(12698,28,'97233',0.0),(12699,28,'97236',0.0),(12700,28,'97239',0.0),(12701,28,'97266',0.0),(12702,28,'97267',0.0),(12703,28,'97297',0.0),(12704,28,'<p>97',0.0),(12705,29,'97002',0.0),(12706,29,'97004',0.0),(12707,29,'97005',0.0),(12708,29,'97006',0.0),(12709,29,'97007',0.0),(12710,29,'97008',0.0),(12711,29,'97009',0.0),(12712,29,'97011',0.0),(12713,29,'97013',0.0),(12714,29,'97015',0.0),(12715,29,'97017',0.0),(12716,29,'97019',0.0),(12717,29,'97022',0.0),(12718,29,'97023',0.0),(12719,29,'97024',0.0),(12720,29,'97027',0.0),(12721,29,'97030',0.0),(12722,29,'97032',0.0),(12723,29,'97034',0.0),(12724,29,'97035',0.0),(12725,29,'97036',0.0),(12726,29,'97038',0.0),(12727,29,'97042',0.0),(12728,29,'97045',0.0),(12729,29,'97049',0.0),(12730,29,'97055',0.0),(12731,29,'97056',0.0),(12732,29,'97060',0.0),(12733,29,'97062',0.0),(12734,29,'97067',0.0),(12735,29,'97068',0.0),(12736,29,'97070',0.0),(12737,29,'97071',0.0),(12738,29,'97080',0.0),(12739,29,'97106',0.0),(12740,29,'97111',0.0),(12741,29,'97113',0.0),(12742,29,'97114',0.0),(12743,29,'97115',0.0),(12744,29,'97116',0.0),(12745,29,'97119',0.0),(12746,29,'97123',0.0),(12747,29,'97124',0.0),(12748,29,'97127',0.0),(12749,29,'97128',0.0),(12750,29,'97132',0.0),(12751,29,'97133',0.0),(12752,29,'97134',0.0),(12753,29,'97137',0.0),(12754,29,'97140',0.0),(12755,29,'97148',0.0),(12756,29,'97201',0.0),(12757,29,'97202',0.0),(12758,29,'97203',0.0),(12759,29,'97204',0.0),(12760,29,'97205',0.0),(12761,29,'97206',0.0),(12762,29,'97209',0.0),(12763,29,'97210',0.0),(12764,29,'97211',0.0),(12765,29,'97212',0.0),(12766,29,'97213',0.0),(12767,29,'97214',0.0),(12768,29,'97215',0.0),(12769,29,'97216',0.0),(12770,29,'97217',0.0),(12771,29,'97218',0.0),(12772,29,'97219',0.0),(12773,29,'97220',0.0),(12774,29,'97221',0.0),(12775,29,'97222',0.0),(12776,29,'97223',0.0),(12777,29,'97224',0.0),(12778,29,'97225',0.0),(12779,29,'97227',0.0),(12780,29,'97229',0.0),(12781,29,'97230',0.0),(12782,29,'97231',0.0),(12783,29,'97232',0.0),(12784,29,'97233',0.0),(12785,29,'97236',0.0),(12786,29,'97239',0.0),(12787,29,'97266',0.0),(12788,29,'97267',0.0),(12789,29,'97297',0.0),(12790,29,'<p>97',0.0),(13306,30,'<p>97',0.0),(13305,30,'97297',0.0),(13304,30,'97267',0.0),(13303,30,'97266',0.0),(13302,30,'97239',0.0),(13301,30,'97236',0.0),(13300,30,'97233',0.0),(13299,30,'97232',0.0),(13298,30,'97231',0.0),(13297,30,'97230',0.0),(13296,30,'97229',0.0),(13295,30,'97227',0.0),(13294,30,'97225',0.0),(13293,30,'97224',0.0),(13292,30,'97223',0.0),(13291,30,'97222',0.0),(13290,30,'97221',0.0),(13289,30,'97220',0.0),(13288,30,'97219',0.0),(13287,30,'97218',0.0),(13286,30,'97217',0.0),(13285,30,'97216',0.0),(13284,30,'97215',0.0),(13283,30,'97214',0.0),(13282,30,'97213',0.0),(13281,30,'97212',0.0),(13280,30,'97211',0.0),(13279,30,'97210',0.0),(13278,30,'97209',0.0),(13277,30,'97206',0.0),(13276,30,'97205',0.0),(13275,30,'97204',0.0),(13274,30,'97203',0.0),(13273,30,'97202',0.0),(13272,30,'97201',0.0),(13271,30,'97148',0.0),(13270,30,'97140',0.0),(13269,30,'97137',0.0),(13268,30,'97134',0.0),(13267,30,'97133',0.0),(13266,30,'97132',0.0),(13265,30,'97128',0.0),(13264,30,'97127',0.0),(13263,30,'97124',0.0),(13262,30,'97123',0.0),(13261,30,'97119',0.0),(13260,30,'97116',0.0),(13259,30,'97115',0.0),(13258,30,'97114',0.0),(13257,30,'97113',0.0),(13256,30,'97111',0.0),(13255,30,'97106',0.0),(13254,30,'97080',0.0),(13253,30,'97071',0.0),(13252,30,'97070',0.0),(13251,30,'97068',0.0),(13250,30,'97067',0.0),(13249,30,'97062',0.0),(13248,30,'97060',0.0),(13247,30,'97056',0.0),(13246,30,'97055',0.0),(13245,30,'97049',0.0),(13244,30,'97045',0.0),(13243,30,'97042',0.0),(13242,30,'97038',0.0),(13241,30,'97036',0.0),(13240,30,'97035',0.0),(13239,30,'97034',0.0),(13238,30,'97032',0.0),(13237,30,'97030',0.0),(13236,30,'97027',0.0),(13235,30,'97024',0.0),(13234,30,'97023',0.0),(13233,30,'97022',0.0),(13232,30,'97019',0.0),(13231,30,'97017',0.0),(13230,30,'97015',0.0),(13229,30,'97013',0.0),(13228,30,'97011',0.0),(13227,30,'97009',0.0),(13226,30,'97008',0.0),(13225,30,'97007',0.0),(13224,30,'97006',0.0),(13223,30,'97005',0.0),(13222,30,'97004',0.0),(13221,30,'97002',0.0),(13564,31,'<p>97',0.0),(13563,31,'97297',0.0),(13562,31,'97267',0.0),(13561,31,'97266',0.0),(13560,31,'97239',0.0),(13559,31,'97236',0.0),(13558,31,'97233',0.0),(13557,31,'97232',0.0),(13556,31,'97231',0.0),(13555,31,'97230',0.0),(13554,31,'97229',0.0),(13553,31,'97227',0.0),(13552,31,'97225',0.0),(13551,31,'97224',0.0),(13550,31,'97223',0.0),(13549,31,'97222',0.0),(13548,31,'97221',0.0),(13547,31,'97220',0.0),(13546,31,'97219',0.0),(13545,31,'97218',0.0),(13544,31,'97217',0.0),(13543,31,'97216',0.0),(13542,31,'97215',0.0),(13541,31,'97214',0.0),(13540,31,'97213',0.0),(13539,31,'97212',0.0),(13538,31,'97211',0.0),(13537,31,'97210',0.0),(13536,31,'97209',0.0),(13535,31,'97206',0.0),(13534,31,'97205',0.0),(13533,31,'97204',0.0),(13532,31,'97203',0.0),(13531,31,'97202',0.0),(13530,31,'97201',0.0),(13529,31,'97148',0.0),(13528,31,'97140',0.0),(13527,31,'97137',0.0),(13526,31,'97134',0.0),(13525,31,'97133',0.0),(13524,31,'97132',0.0),(13523,31,'97128',0.0),(13522,31,'97127',0.0),(13521,31,'97124',0.0),(13520,31,'97123',0.0),(13519,31,'97119',0.0),(13518,31,'97116',0.0),(13517,31,'97115',0.0),(13516,31,'97114',0.0),(13515,31,'97113',0.0),(13514,31,'97111',0.0),(13513,31,'97106',0.0),(13512,31,'97080',0.0),(13511,31,'97071',0.0),(13510,31,'97070',0.0),(13509,31,'97068',0.0),(13508,31,'97067',0.0),(13507,31,'97062',0.0),(13506,31,'97060',0.0),(13505,31,'97056',0.0),(13504,31,'97055',0.0),(13503,31,'97049',0.0),(13502,31,'97045',0.0),(13501,31,'97042',0.0),(13500,31,'97038',0.0),(13499,31,'97036',0.0),(13498,31,'97035',0.0),(13497,31,'97034',0.0),(13496,31,'97032',0.0),(13495,31,'97030',0.0),(13494,31,'97027',0.0),(13493,31,'97024',0.0),(13492,31,'97023',0.0),(13491,31,'97022',0.0),(13490,31,'97019',0.0),(13489,31,'97017',0.0),(13488,31,'97015',0.0),(13487,31,'97013',0.0),(13486,31,'97011',0.0),(13485,31,'97009',0.0),(13484,31,'97008',0.0),(13483,31,'97007',0.0),(13482,31,'97006',0.0),(13481,31,'97005',0.0),(13480,31,'97004',0.0),(13479,31,'97002',0.0),(14506,34,'<p>97',0.0),(14505,34,'97297',0.0),(14334,32,'<p>97',0.0),(14333,32,'97297',0.0),(14332,32,'97267',0.0),(14331,32,'97266',0.2),(14330,32,'97239',0.3),(14329,32,'97236',0.2),(14328,32,'97233',0.2),(14327,32,'97232',0.3),(14326,32,'97231',0.3),(14325,32,'97230',0.2),(14324,32,'97229',0.3),(14323,32,'97227',0.3),(14322,32,'97225',0.3),(14321,32,'97224',0.3),(14320,32,'97223',0.3),(14319,32,'97222',0.3),(14318,32,'97221',0.3),(14317,32,'97220',0.2),(14316,32,'97219',0.0),(14315,32,'97218',0.3),(14314,32,'97217',0.3),(14313,32,'97216',0.2),(14312,32,'97215',0.3),(14311,32,'97214',0.3),(14310,32,'97213',0.3),(14309,32,'97212',0.3),(14308,32,'97211',0.3),(14307,32,'97210',0.3),(14306,32,'97209',0.3),(14305,32,'97206',0.3),(14304,32,'97205',0.3),(14303,32,'97204',0.3),(14302,32,'97203',0.3),(14301,32,'97202',0.3),(14300,32,'97201',0.3),(14299,32,'97148',0.3),(14298,32,'97140',0.3),(14297,32,'97137',0.0),(14296,32,'97134',0.0),(14295,32,'97133',0.3),(14294,32,'97132',0.0),(14293,32,'97128',0.0),(14292,32,'97127',0.0),(14291,32,'97124',0.3),(14290,32,'97123',0.3),(14289,32,'97119',0.3),(14288,32,'97116',0.3),(14287,32,'97115',0.3),(14286,32,'97114',0.0),(14285,32,'97113',0.3),(14284,32,'97111',0.3),(14283,32,'97106',0.3),(14282,32,'97080',0.2),(14281,32,'97071',0.0),(14280,32,'97070',0.0),(14279,32,'97068',0.0),(14278,32,'97067',0.2),(14277,32,'97062',0.0),(14276,32,'97060',0.2),(14275,32,'97056',0.3),(14274,32,'97055',0.2),(14273,32,'97049',0.2),(14272,32,'97045',0.0),(14271,32,'97042',0.0),(14270,32,'97038',0.0),(14269,32,'97036',0.0),(14268,32,'97035',0.0),(14267,32,'97034',0.0),(14266,32,'97032',0.0),(14265,32,'97030',0.2),(14264,32,'97027',0.0),(14263,32,'97024',0.2),(14262,32,'97023',0.2),(14261,32,'97022',0.2),(14260,32,'97019',0.2),(14259,32,'97017',0.2),(14258,32,'97015',0.2),(14257,32,'97013',0.0),(14256,32,'97011',0.2),(14255,32,'97009',0.2),(14254,32,'97008',0.3),(14253,32,'97007',0.3),(14252,32,'97006',0.3),(14251,32,'97005',0.3),(14420,33,'<p>97',0.0),(14419,33,'97297',0.0),(14418,33,'97267',0.0),(14417,33,'97266',0.0),(14416,33,'97239',0.0),(14415,33,'97236',0.0),(14414,33,'97233',0.0),(14413,33,'97232',0.0),(14412,33,'97231',0.0),(14411,33,'97230',0.0),(14410,33,'97229',0.0),(14409,33,'97227',0.0),(14408,33,'97225',0.0),(14407,33,'97224',0.0),(14406,33,'97223',0.0),(14405,33,'97222',0.0),(14404,33,'97221',0.0),(14403,33,'97220',0.0),(14402,33,'97219',0.0),(14401,33,'97218',0.0),(14400,33,'97217',0.0),(14399,33,'97216',0.0),(14398,33,'97215',0.0),(14397,33,'97214',0.0),(14396,33,'97213',0.0),(14395,33,'97212',0.0),(14394,33,'97211',0.0),(14393,33,'97210',0.0),(14392,33,'97209',0.0),(14391,33,'97206',0.0),(14390,33,'97205',0.0),(14389,33,'97204',0.0),(14388,33,'97203',0.0),(14387,33,'97202',0.0),(14386,33,'97201',0.0),(14385,33,'97148',0.0),(14384,33,'97140',0.0),(14383,33,'97137',0.0),(14382,33,'97134',0.0),(14381,33,'97133',0.0),(14380,33,'97132',0.0),(14379,33,'97128',0.0),(14378,33,'97127',0.0),(14377,33,'97124',0.0),(14376,33,'97123',0.0),(14375,33,'97119',0.0),(14374,33,'97116',0.0),(14373,33,'97115',0.0),(14372,33,'97114',0.0),(14371,33,'97113',0.0),(14370,33,'97111',0.0),(14369,33,'97106',0.0),(14368,33,'97080',0.0),(14367,33,'97071',0.0),(14366,33,'97070',0.0),(14365,33,'97068',0.0),(14364,33,'97067',0.0),(14363,33,'97062',0.0),(14362,33,'97060',0.0),(14361,33,'97056',0.0),(14360,33,'97055',0.0),(14359,33,'97049',0.0),(14358,33,'97045',0.0),(14357,33,'97042',0.0),(14356,33,'97038',0.0),(14355,33,'97036',0.0),(14354,33,'97035',0.0),(14353,33,'97034',0.0),(14352,33,'97032',0.0),(14351,33,'97030',0.0),(14350,33,'97027',0.0),(14349,33,'97024',0.0),(14348,33,'97023',0.0),(14347,33,'97022',0.0),(14346,33,'97019',0.0),(14345,33,'97017',0.0),(14344,33,'97015',0.0),(14343,33,'97013',0.0),(14342,33,'97011',0.0),(14341,33,'97009',0.0),(14340,33,'97008',0.0),(14339,33,'97007',0.0),(14338,33,'97006',0.0),(14337,33,'97005',0.0),(14250,32,'97004',0.0),(14249,32,'97002',0.0),(14504,34,'97267',0.0),(14503,34,'97266',0.0),(14502,34,'97239',0.0),(14501,34,'97236',0.0),(14500,34,'97233',0.0),(14499,34,'97232',0.0),(14498,34,'97231',0.0),(14497,34,'97230',0.0),(14496,34,'97229',0.0),(14495,34,'97227',0.0),(14494,34,'97225',0.0),(14493,34,'97224',0.0),(14492,34,'97223',0.0),(14491,34,'97222',0.0),(14490,34,'97221',0.0),(14489,34,'97220',0.0),(14488,34,'97219',0.0),(14487,34,'97218',0.0),(14486,34,'97217',0.0),(14485,34,'97216',0.0),(14484,34,'97215',0.0),(14483,34,'97214',0.0),(14482,34,'97213',0.0),(14481,34,'97212',0.0),(14480,34,'97211',0.0),(14479,34,'97210',0.0),(14478,34,'97209',0.0),(14477,34,'97206',0.0),(14476,34,'97205',0.0),(14475,34,'97204',0.0),(14474,34,'97203',0.0),(14473,34,'97202',0.0),(14472,34,'97201',0.0),(14471,34,'97148',0.0),(14470,34,'97140',0.0),(14469,34,'97137',0.0),(14468,34,'97134',0.0),(14467,34,'97133',0.0),(14466,34,'97132',0.0),(14465,34,'97128',0.0),(14464,34,'97127',0.0),(14463,34,'97124',0.0),(14462,34,'97123',0.0),(14461,34,'97119',0.0),(14460,34,'97116',0.0),(14459,34,'97115',0.0),(14458,34,'97114',0.0),(14457,34,'97113',0.0),(14456,34,'97111',0.0),(14455,34,'97106',0.0),(14454,34,'97080',0.0),(14453,34,'97071',0.0),(14452,34,'97070',0.0),(14451,34,'97068',0.0),(14450,34,'97067',0.0),(14449,34,'97062',0.0),(14448,34,'97060',0.0),(14447,34,'97056',0.0),(14446,34,'97055',0.0),(14445,34,'97049',0.0),(14444,34,'97045',0.0),(14443,34,'97042',0.0),(14442,34,'97038',0.0),(14441,34,'97036',0.0),(14440,34,'97035',0.0),(14439,34,'97034',0.0),(14438,34,'97032',0.0),(14437,34,'97030',0.0),(14436,34,'97027',0.0),(14435,34,'97024',0.0),(14434,34,'97023',0.0),(14433,34,'97022',0.0),(14432,34,'97019',0.0),(14431,34,'97017',0.0),(14430,34,'97015',0.0),(14429,34,'97013',0.0),(14428,34,'97011',0.0),(14427,34,'97009',0.0),(14426,34,'97008',0.0),(14425,34,'97007',0.0),(14424,34,'97006',0.0),(14423,34,'97005',0.0),(14422,34,'97004',0.0),(14421,34,'97002',0.0),(14336,33,'97004',0.0),(14335,33,'97002',0.0),(14850,35,'<p>97',0.0),(14849,35,'97297',0.0),(14848,35,'97267',0.0),(14847,35,'97266',0.0),(14846,35,'97239',0.0),(14845,35,'97236',0.0),(14844,35,'97233',0.0),(14843,35,'97232',0.0),(14842,35,'97231',0.0),(14841,35,'97230',0.0),(14840,35,'97229',0.0),(14839,35,'97227',0.0),(14838,35,'97225',0.0),(14837,35,'97224',0.0),(14836,35,'97223',0.0),(14835,35,'97222',0.0),(14834,35,'97221',0.0),(14833,35,'97220',0.0),(14832,35,'97219',0.0),(14831,35,'97218',0.0),(14830,35,'97217',0.0),(14829,35,'97216',0.0),(14828,35,'97215',0.0),(14827,35,'97214',0.0),(14826,35,'97213',0.0),(14825,35,'97212',0.0),(14824,35,'97211',0.0),(14823,35,'97210',0.0),(14822,35,'97209',0.0),(14821,35,'97206',0.0),(14820,35,'97205',0.0),(14819,35,'97204',0.0),(14818,35,'97203',0.0),(14817,35,'97202',0.0),(14816,35,'97201',0.0),(14815,35,'97148',0.0),(14814,35,'97140',0.0),(14813,35,'97137',0.0),(14812,35,'97134',0.0),(14811,35,'97133',0.0),(14810,35,'97132',0.0),(14809,35,'97128',0.0),(14808,35,'97127',0.0),(14807,35,'97124',0.0),(14806,35,'97123',0.0),(14805,35,'97119',0.0),(14804,35,'97116',0.0),(14803,35,'97115',0.0),(14802,35,'97114',0.0),(14801,35,'97113',0.0),(14800,35,'97111',0.0),(14799,35,'97106',0.0),(14798,35,'97080',0.0),(14797,35,'97071',0.0),(14796,35,'97070',0.0),(14795,35,'97068',0.0),(14794,35,'97067',0.0),(14793,35,'97062',0.0),(14792,35,'97060',0.0),(14791,35,'97056',0.0),(14790,35,'97055',0.0),(14789,35,'97049',0.0),(14788,35,'97045',0.0),(14787,35,'97042',0.0),(14786,35,'97038',0.0),(14785,35,'97036',0.0),(14784,35,'97035',0.0),(14783,35,'97034',0.0),(14782,35,'97032',0.0),(14781,35,'97030',0.0),(14780,35,'97027',0.0),(14779,35,'97024',0.0),(14778,35,'97023',0.0),(14777,35,'97022',0.0),(14776,35,'97019',0.0),(14775,35,'97017',0.0),(14774,35,'97015',0.0),(14773,35,'97013',0.0),(14772,35,'97011',0.0),(14771,35,'97009',0.0),(14770,35,'97008',0.0),(14769,35,'97007',0.0),(14768,35,'97006',0.0),(14767,35,'97005',0.0),(14766,35,'97004',0.0),(14765,35,'97002',0.0),(14936,36,'<p>97',0.0),(14935,36,'97297',0.0),(14934,36,'97267',0.0),(14933,36,'97266',0.0),(14932,36,'97239',0.0),(14931,36,'97236',0.0),(14930,36,'97233',0.0),(14929,36,'97232',0.0),(14928,36,'97231',0.0),(14927,36,'97230',0.0),(14926,36,'97229',0.0),(14925,36,'97227',0.0),(14924,36,'97225',0.0),(14923,36,'97224',0.0),(14922,36,'97223',0.0),(14921,36,'97222',0.0),(14920,36,'97221',0.0),(14919,36,'97220',0.0),(14918,36,'97219',0.0),(14917,36,'97218',0.0),(14916,36,'97217',0.0),(14915,36,'97216',0.0),(14914,36,'97215',0.0),(14913,36,'97214',0.0),(14912,36,'97213',0.0),(14911,36,'97212',0.0),(14910,36,'97211',0.0),(14909,36,'97210',0.0),(14908,36,'97209',0.0),(14907,36,'97206',0.0),(14906,36,'97205',0.0),(14905,36,'97204',0.0),(14904,36,'97203',0.0),(14903,36,'97202',0.0),(14902,36,'97201',0.0),(14901,36,'97148',0.0),(14900,36,'97140',0.0),(14899,36,'97137',0.0),(14898,36,'97134',0.0),(14897,36,'97133',0.0),(14896,36,'97132',0.0),(14895,36,'97128',0.0),(14894,36,'97127',0.0),(14893,36,'97124',0.0),(14892,36,'97123',0.0),(14891,36,'97119',0.0),(14890,36,'97116',0.0),(14889,36,'97115',0.0),(14888,36,'97114',0.0),(14887,36,'97113',0.0),(14886,36,'97111',0.0),(14885,36,'97106',0.0),(14884,36,'97080',0.0),(14883,36,'97071',0.0),(14882,36,'97070',0.0),(14881,36,'97068',0.0),(14880,36,'97067',0.0),(14879,36,'97062',0.0),(14878,36,'97060',0.0),(14877,36,'97056',0.0),(14876,36,'97055',0.0),(14875,36,'97049',0.0),(14874,36,'97045',0.0),(14873,36,'97042',0.0),(14872,36,'97038',0.0),(14871,36,'97036',0.0),(14870,36,'97035',0.0),(14869,36,'97034',0.0),(14868,36,'97032',0.0),(14867,36,'97030',0.0),(14866,36,'97027',0.0),(14865,36,'97024',0.0),(14864,36,'97023',0.0),(14863,36,'97022',0.0),(14862,36,'97019',0.0),(14861,36,'97017',0.0),(14860,36,'97015',0.0),(14859,36,'97013',0.0),(14858,36,'97011',0.0),(14857,36,'97009',0.0),(14856,36,'97008',0.0),(14855,36,'97007',0.0),(14854,36,'97006',0.0),(14853,36,'97005',0.0),(14852,36,'97004',0.0),(14851,36,'97002',0.0),(15108,37,'<p>97',0.0),(15107,37,'97297',0.0),(15106,37,'97267',0.0),(15105,37,'97266',0.0),(15104,37,'97239',0.0),(15103,37,'97236',0.0),(15102,37,'97233',0.0),(15101,37,'97232',0.0),(15100,37,'97231',0.0),(15099,37,'97230',0.0),(15098,37,'97229',0.0),(15097,37,'97227',0.0),(15096,37,'97225',0.0),(15095,37,'97224',0.0),(15094,37,'97223',0.0),(15093,37,'97222',0.0),(15092,37,'97221',0.0),(15091,37,'97220',0.0),(15090,37,'97219',0.0),(15089,37,'97218',0.0),(15088,37,'97217',0.0),(15087,37,'97216',0.0),(15086,37,'97215',0.0),(15085,37,'97214',0.0),(15084,37,'97213',0.0),(15083,37,'97212',0.0),(15082,37,'97211',0.0),(15081,37,'97210',0.0),(15080,37,'97209',0.0),(15079,37,'97206',0.0),(15078,37,'97205',0.0),(15077,37,'97204',0.0),(15076,37,'97203',0.0),(15075,37,'97202',0.0),(15074,37,'97201',0.0),(15073,37,'97148',0.0),(15072,37,'97140',0.0),(15071,37,'97137',0.0),(15070,37,'97134',0.0),(15069,37,'97133',0.0),(15068,37,'97132',0.0),(15067,37,'97128',0.0),(15066,37,'97127',0.0),(15065,37,'97124',0.0),(15064,37,'97123',0.0),(15063,37,'97119',0.0),(15062,37,'97116',0.0),(15061,37,'97115',0.0),(15060,37,'97114',0.0),(15059,37,'97113',0.0),(15058,37,'97111',0.0),(15057,37,'97106',0.0),(15056,37,'97080',0.0),(15055,37,'97071',0.0),(15054,37,'97070',0.0),(15053,37,'97068',0.0),(15052,37,'97067',0.0),(15051,37,'97062',0.0),(15050,37,'97060',0.0),(15049,37,'97056',0.0),(15048,37,'97055',0.0),(15047,37,'97049',0.0),(15046,37,'97045',0.0),(15045,37,'97042',0.0),(15044,37,'97038',0.0),(15043,37,'97036',0.0),(15042,37,'97035',0.0),(15041,37,'97034',0.0),(15040,37,'97032',0.0),(15039,37,'97030',0.0),(15038,37,'97027',0.0),(15037,37,'97024',0.0),(15036,37,'97023',0.0),(15035,37,'97022',0.0),(15034,37,'97019',0.0),(15033,37,'97017',0.0),(15032,37,'97015',0.0),(15031,37,'97013',0.0),(15030,37,'97011',0.0),(15029,37,'97009',0.0),(15028,37,'97008',0.0),(15027,37,'97007',0.0),(15026,37,'97006',0.0),(15025,37,'97005',0.0),(15024,37,'97004',0.0),(15023,37,'97002',0.0),(15109,38,'97002',0.0),(15110,38,'97004',0.0),(15111,38,'97005',0.0),(15112,38,'97006',0.0),(15113,38,'97007',0.0),(15114,38,'97008',0.0),(15115,38,'97009',0.0),(15116,38,'97011',0.0),(15117,38,'97013',0.0),(15118,38,'97015',0.0),(15119,38,'97017',0.0),(15120,38,'97019',0.0),(15121,38,'97022',0.0),(15122,38,'97023',0.0),(15123,38,'97024',0.0),(15124,38,'97027',0.0),(15125,38,'97030',0.0),(15126,38,'97032',0.0),(15127,38,'97034',0.0),(15128,38,'97035',0.0),(15129,38,'97036',0.0),(15130,38,'97038',0.0),(15131,38,'97042',0.0),(15132,38,'97045',0.0),(15133,38,'97049',0.0),(15134,38,'97055',0.0),(15135,38,'97056',0.0),(15136,38,'97060',0.0),(15137,38,'97062',0.0),(15138,38,'97067',0.0),(15139,38,'97068',0.0),(15140,38,'97070',0.0),(15141,38,'97071',0.0),(15142,38,'97080',0.0),(15143,38,'97106',0.0),(15144,38,'97111',0.0),(15145,38,'97113',0.0),(15146,38,'97114',0.0),(15147,38,'97115',0.0),(15148,38,'97116',0.0),(15149,38,'97119',0.0),(15150,38,'97123',0.0),(15151,38,'97124',0.0),(15152,38,'97127',0.0),(15153,38,'97128',0.0),(15154,38,'97132',0.0),(15155,38,'97133',0.0),(15156,38,'97134',0.0),(15157,38,'97137',0.0),(15158,38,'97140',0.0),(15159,38,'97148',0.0),(15160,38,'97201',0.0),(15161,38,'97202',0.0),(15162,38,'97203',0.0),(15163,38,'97204',0.0),(15164,38,'97205',0.0),(15165,38,'97206',0.0),(15166,38,'97209',0.0),(15167,38,'97210',0.0),(15168,38,'97211',0.0),(15169,38,'97212',0.0),(15170,38,'97213',0.0),(15171,38,'97214',0.0),(15172,38,'97215',0.0),(15173,38,'97216',0.0),(15174,38,'97217',0.0),(15175,38,'97218',0.0),(15176,38,'97219',0.0),(15177,38,'97220',0.0),(15178,38,'97221',0.0),(15179,38,'97222',0.0),(15180,38,'97223',0.0),(15181,38,'97224',0.0),(15182,38,'97225',0.0),(15183,38,'97227',0.0),(15184,38,'97229',0.0),(15185,38,'97230',0.0),(15186,38,'97231',0.0),(15187,38,'97232',0.0),(15188,38,'97233',0.0),(15189,38,'97236',0.0),(15190,38,'97239',0.0),(15191,38,'97266',0.0),(15192,38,'97267',0.0),(15193,38,'97297',0.0),(15194,38,'<p>97',0.0),(15195,39,'97002',0.0),(15196,39,'97004',0.0),(15197,39,'97005',0.0),(15198,39,'97006',0.0),(15199,39,'97007',0.0),(15200,39,'97008',0.0),(15201,39,'97009',0.0),(15202,39,'97011',0.0),(15203,39,'97013',0.0),(15204,39,'97015',0.0),(15205,39,'97017',0.0),(15206,39,'97019',0.0),(15207,39,'97022',0.0),(15208,39,'97023',0.0),(15209,39,'97024',0.0),(15210,39,'97027',0.0),(15211,39,'97030',0.0),(15212,39,'97032',0.0),(15213,39,'97034',0.0),(15214,39,'97035',0.0),(15215,39,'97036',0.0),(15216,39,'97038',0.0),(15217,39,'97042',0.0),(15218,39,'97045',0.0),(15219,39,'97049',0.0),(15220,39,'97055',0.0),(15221,39,'97056',0.0),(15222,39,'97060',0.0),(15223,39,'97062',0.0),(15224,39,'97067',0.0),(15225,39,'97068',0.0),(15226,39,'97070',0.0),(15227,39,'97071',0.0),(15228,39,'97080',0.0),(15229,39,'97106',0.0),(15230,39,'97111',0.0),(15231,39,'97113',0.0),(15232,39,'97114',0.0),(15233,39,'97115',0.0),(15234,39,'97116',0.0),(15235,39,'97119',0.0),(15236,39,'97123',0.0),(15237,39,'97124',0.0),(15238,39,'97127',0.0),(15239,39,'97128',0.0),(15240,39,'97132',0.0),(15241,39,'97133',0.0),(15242,39,'97134',0.0),(15243,39,'97137',0.0),(15244,39,'97140',0.0),(15245,39,'97148',0.0),(15246,39,'97201',0.0),(15247,39,'97202',0.0),(15248,39,'97203',0.0),(15249,39,'97204',0.0),(15250,39,'97205',0.0),(15251,39,'97206',0.0),(15252,39,'97209',0.0),(15253,39,'97210',0.0),(15254,39,'97211',0.0),(15255,39,'97212',0.0),(15256,39,'97213',0.0),(15257,39,'97214',0.0),(15258,39,'97215',0.0),(15259,39,'97216',0.0),(15260,39,'97217',0.0),(15261,39,'97218',0.0),(15262,39,'97219',0.0),(15263,39,'97220',0.0),(15264,39,'97221',0.0),(15265,39,'97222',0.0),(15266,39,'97223',0.0),(15267,39,'97224',0.0),(15268,39,'97225',0.0),(15269,39,'97227',0.0),(15270,39,'97229',0.0),(15271,39,'97230',0.0),(15272,39,'97231',0.0),(15273,39,'97232',0.0),(15274,39,'97233',0.0),(15275,39,'97236',0.0),(15276,39,'97239',0.0),(15277,39,'97266',0.0),(15278,39,'97267',0.0),(15279,39,'97297',0.0),(15280,39,'<p>97',0.0),(15281,40,'97002',0.0),(15282,40,'97004',0.0),(15283,40,'97005',0.0),(15284,40,'97006',0.0),(15285,40,'97007',0.0),(15286,40,'97008',0.0),(15287,40,'97009',0.0),(15288,40,'97011',0.0),(15289,40,'97013',0.0),(15290,40,'97015',0.0),(15291,40,'97017',0.0),(15292,40,'97019',0.0),(15293,40,'97022',0.0),(15294,40,'97023',0.0),(15295,40,'97024',0.0),(15296,40,'97027',0.0),(15297,40,'97030',0.0),(15298,40,'97032',0.0),(15299,40,'97034',0.0),(15300,40,'97035',0.0),(15301,40,'97036',0.0),(15302,40,'97038',0.0),(15303,40,'97042',0.0),(15304,40,'97045',0.0),(15305,40,'97049',0.0),(15306,40,'97055',0.0),(15307,40,'97056',0.0),(15308,40,'97060',0.0),(15309,40,'97062',0.0),(15310,40,'97067',0.0),(15311,40,'97068',0.0),(15312,40,'97070',0.0),(15313,40,'97071',0.0),(15314,40,'97080',0.0),(15315,40,'97106',0.0),(15316,40,'97111',0.0),(15317,40,'97113',0.0),(15318,40,'97114',0.0),(15319,40,'97115',0.0),(15320,40,'97116',0.0),(15321,40,'97119',0.0),(15322,40,'97123',0.0),(15323,40,'97124',0.0),(15324,40,'97127',0.0),(15325,40,'97128',0.0),(15326,40,'97132',0.0),(15327,40,'97133',0.0),(15328,40,'97134',0.0),(15329,40,'97137',0.0),(15330,40,'97140',0.0),(15331,40,'97148',0.0),(15332,40,'97201',0.0),(15333,40,'97202',0.0),(15334,40,'97203',0.0),(15335,40,'97204',0.0),(15336,40,'97205',0.0),(15337,40,'97206',0.0),(15338,40,'97209',0.0),(15339,40,'97210',0.0),(15340,40,'97211',0.0),(15341,40,'97212',0.0),(15342,40,'97213',0.0),(15343,40,'97214',0.0),(15344,40,'97215',0.0),(15345,40,'97216',0.0),(15346,40,'97217',0.0),(15347,40,'97218',0.0),(15348,40,'97219',0.0),(15349,40,'97220',0.0),(15350,40,'97221',0.0),(15351,40,'97222',0.0),(15352,40,'97223',0.0),(15353,40,'97224',0.0),(15354,40,'97225',0.0),(15355,40,'97227',0.0),(15356,40,'97229',0.0),(15357,40,'97230',0.0),(15358,40,'97231',0.0),(15359,40,'97232',0.0),(15360,40,'97233',0.0),(15361,40,'97236',0.0),(15362,40,'97239',0.0),(15363,40,'97266',0.0),(15364,40,'97267',0.0),(15365,40,'97297',0.0),(15366,40,'<p>97',0.0),(15620,41,'97267',0.7),(15619,41,'97266',0.7),(15618,41,'97239',1.0),(15617,41,'97236',0.7),(15616,41,'97233',0.7),(15615,41,'97232',0.9),(15614,41,'97231',0.9),(15613,41,'97230',0.7),(15612,41,'97229',1.0),(15611,41,'97227',0.9),(15610,41,'97225',1.0),(15609,41,'97224',1.0),(15608,41,'97223',1.0),(15607,41,'97222',0.9),(15606,41,'97221',1.0),(15605,41,'97220',0.7),(15604,41,'97219',0.7),(15603,41,'97218',0.9),(15602,41,'97217',0.9),(15601,41,'97216',0.7),(15600,41,'97215',0.9),(15599,41,'97214',0.9),(15598,41,'97213',0.9),(15597,41,'97212',0.9),(15596,41,'97211',0.9),(15595,41,'97210',0.9),(15594,41,'97209',0.9),(15593,41,'97206',0.9),(15592,41,'97205',0.9),(15591,41,'97204',0.9),(15590,41,'97203',0.9),(15589,41,'97202',0.9),(15588,41,'97201',0.9),(15587,41,'97148',1.0),(15586,41,'97140',1.0),(15585,41,'97137',0.7),(15584,41,'97134',0.7),(15583,41,'97133',1.0),(15582,41,'97132',0.7),(15581,41,'97128',0.7),(15580,41,'97127',0.7),(15579,41,'97124',1.0),(15578,41,'97123',1.0),(15577,41,'97119',1.0),(15576,41,'97116',1.0),(15575,41,'97115',1.0),(15574,41,'97114',0.7),(15573,41,'97113',1.0),(15572,41,'97111',1.0),(15571,41,'97106',1.0),(15570,41,'97080',0.7),(15569,41,'97071',0.7),(15568,41,'97070',0.7),(15567,41,'97068',0.7),(15566,41,'97067',0.7),(15565,41,'97062',0.7),(15564,41,'97060',0.7),(15563,41,'97056',0.9),(15562,41,'97055',0.7),(15561,41,'97049',0.7),(15560,41,'97045',0.7),(15559,41,'97042',0.7),(15558,41,'97038',0.7),(15557,41,'97036',0.7),(15556,41,'97035',0.7),(15555,41,'97034',0.7),(15554,41,'97032',0.7),(15553,41,'97030',0.7),(15552,41,'97027',0.7),(15551,41,'97024',0.7),(15550,41,'97023',0.7),(15549,41,'97022',0.7),(15548,41,'97019',0.7),(15547,41,'97017',0.7),(15546,41,'97015',0.7),(15545,41,'97013',0.7),(15544,41,'97011',0.7),(15543,41,'97009',0.7),(15542,41,'97008',1.0),(15541,41,'97007',1.0),(15540,41,'97006',1.0),(15539,41,'97005',1.0),(15538,41,'97004',0.7),(15537,41,'97002',0.7),(21008,53,'<p>97',0.0),(21007,53,'97297',0.0),(15876,42,'97267',1.4),(15875,42,'97266',1.4),(15874,42,'97239',1.4),(15873,42,'97236',1.4),(15872,42,'97233',1.4),(15871,42,'97232',1.5),(15870,42,'97231',1.5),(15869,42,'97230',1.4),(15868,42,'97229',1.4),(15867,42,'97227',1.5),(15866,42,'97225',1.4),(15865,42,'97224',1.4),(15864,42,'97223',1.4),(15863,42,'97222',1.5),(15862,42,'97221',1.4),(15861,42,'97220',1.4),(15860,42,'97219',1.4),(15859,42,'97218',1.5),(15858,42,'97217',1.5),(15857,42,'97216',1.4),(15856,42,'97215',1.5),(15855,42,'97214',1.5),(15854,42,'97213',1.5),(15853,42,'97212',1.5),(15852,42,'97211',1.5),(15851,42,'97210',1.5),(15850,42,'97209',1.5),(15849,42,'97206',1.5),(15848,42,'97205',1.5),(15847,42,'97204',1.5),(15846,42,'97203',1.5),(15845,42,'97202',1.5),(15844,42,'97201',1.5),(15843,42,'97148',1.4),(15842,42,'97140',1.4),(15841,42,'97137',1.4),(15840,42,'97134',1.4),(15839,42,'97133',1.4),(15838,42,'97132',1.4),(15837,42,'97128',1.4),(15836,42,'97127',1.4),(15835,42,'97124',1.4),(15834,42,'97123',1.4),(15833,42,'97119',1.4),(15832,42,'97116',1.4),(15831,42,'97115',1.4),(15830,42,'97114',1.4),(15829,42,'97113',1.4),(15828,42,'97111',1.4),(15827,42,'97106',1.4),(15826,42,'97080',1.4),(15825,42,'97071',1.4),(15824,42,'97070',1.4),(15823,42,'97068',1.4),(15822,42,'97067',1.4),(15821,42,'97062',1.4),(15820,42,'97060',1.4),(15819,42,'97056',1.5),(15818,42,'97055',1.4),(15817,42,'97049',1.4),(15816,42,'97045',1.4),(15815,42,'97042',1.4),(15814,42,'97038',1.4),(15813,42,'97036',1.4),(15812,42,'97035',1.4),(15811,42,'97034',1.4),(15810,42,'97032',1.4),(15809,42,'97030',1.4),(15808,42,'97027',1.4),(15807,42,'97024',1.4),(15806,42,'97023',1.4),(15805,42,'97022',1.4),(15804,42,'97019',1.4),(15803,42,'97017',1.4),(15802,42,'97015',1.4),(15801,42,'97013',1.4),(15800,42,'97011',1.4),(15799,42,'97009',1.4),(15798,42,'97008',1.4),(15797,42,'97007',1.4),(15796,42,'97006',1.4),(15795,42,'97005',1.4),(15794,42,'97004',1.4),(15793,42,'97002',1.4),(15621,41,'97297',0.0),(15622,41,'<p>97',0.0),(16132,43,'97267',1.2),(16131,43,'97266',1.0),(16130,43,'97239',1.0),(16129,43,'97236',1.0),(16128,43,'97233',1.0),(16127,43,'97232',0.2),(16126,43,'97231',0.2),(16125,43,'97230',1.0),(16124,43,'97229',1.0),(16123,43,'97227',0.2),(16122,43,'97225',1.0),(16121,43,'97224',1.0),(16120,43,'97223',1.0),(16119,43,'97222',0.2),(16118,43,'97221',1.0),(16117,43,'97220',1.0),(16116,43,'97219',1.2),(16115,43,'97218',0.2),(16114,43,'97217',0.2),(16113,43,'97216',1.0),(16112,43,'97215',0.2),(16111,43,'97214',0.2),(16110,43,'97213',0.2),(16109,43,'97212',0.2),(16108,43,'97211',0.2),(16107,43,'97210',0.2),(16106,43,'97209',0.2),(16105,43,'97206',0.2),(16104,43,'97205',0.2),(16103,43,'97204',0.2),(16102,43,'97203',0.2),(16101,43,'97202',0.2),(16100,43,'97201',0.2),(16099,43,'97148',1.0),(16098,43,'97140',1.0),(16097,43,'97137',1.2),(16096,43,'97134',1.2),(16095,43,'97133',1.0),(16094,43,'97132',1.2),(16093,43,'97128',1.2),(16092,43,'97127',1.2),(16091,43,'97124',1.0),(16090,43,'97123',1.0),(16089,43,'97119',1.0),(16088,43,'97116',1.0),(16087,43,'97115',1.0),(16086,43,'97114',1.2),(16085,43,'97113',1.0),(16084,43,'97111',1.0),(16083,43,'97106',1.0),(16082,43,'97080',1.0),(16081,43,'97071',1.2),(16080,43,'97070',1.2),(16079,43,'97068',1.2),(16078,43,'97067',1.0),(16077,43,'97062',1.2),(16076,43,'97060',1.0),(16075,43,'97056',0.2),(16074,43,'97055',1.0),(16073,43,'97049',1.0),(16072,43,'97045',1.2),(16071,43,'97042',1.2),(16070,43,'97038',1.2),(16069,43,'97036',1.2),(16068,43,'97035',1.2),(16067,43,'97034',1.2),(16066,43,'97032',1.2),(16065,43,'97030',1.0),(16064,43,'97027',1.2),(16063,43,'97024',1.0),(16062,43,'97023',1.0),(16061,43,'97022',1.0),(16060,43,'97019',1.0),(16059,43,'97017',1.0),(16058,43,'97015',1.0),(16057,43,'97013',1.2),(16056,43,'97011',1.0),(16055,43,'97009',1.0),(16054,43,'97008',1.0),(16053,43,'97007',1.0),(16052,43,'97006',1.0),(16051,43,'97005',1.0),(16050,43,'97004',1.2),(16049,43,'97002',1.2),(15877,42,'97297',0.0),(15878,42,'<p>97',0.0),(16388,44,'97267',1.6),(16387,44,'97266',1.5),(16386,44,'97239',1.6),(16385,44,'97236',1.5),(16384,44,'97233',1.5),(16383,44,'97232',1.6),(16382,44,'97231',1.6),(16381,44,'97230',1.5),(16380,44,'97229',1.6),(16379,44,'97227',1.6),(16378,44,'97225',1.6),(16377,44,'97224',1.6),(16376,44,'97223',1.6),(16375,44,'97222',1.6),(16374,44,'97221',1.6),(16373,44,'97220',1.5),(16372,44,'97219',1.6),(16371,44,'97218',1.6),(16370,44,'97217',1.6),(16369,44,'97216',1.5),(16368,44,'97215',1.6),(16367,44,'97214',1.6),(16366,44,'97213',1.6),(16365,44,'97212',1.6),(16364,44,'97211',1.6),(16363,44,'97210',1.6),(16362,44,'97209',1.6),(16361,44,'97206',1.6),(16360,44,'97205',1.6),(16359,44,'97204',1.6),(16358,44,'97203',1.6),(16357,44,'97202',1.6),(16356,44,'97201',1.6),(16355,44,'97148',1.6),(16354,44,'97140',1.6),(16353,44,'97137',1.6),(16352,44,'97134',1.6),(16351,44,'97133',1.6),(16350,44,'97132',1.6),(16349,44,'97128',1.6),(16348,44,'97127',1.6),(16347,44,'97124',1.6),(16346,44,'97123',1.6),(16345,44,'97119',1.6),(16344,44,'97116',1.6),(16343,44,'97115',1.6),(16342,44,'97114',1.6),(16341,44,'97113',1.6),(16340,44,'97111',1.6),(16339,44,'97106',1.6),(16338,44,'97080',1.5),(16337,44,'97071',1.6),(16336,44,'97070',1.6),(16335,44,'97068',1.6),(16334,44,'97067',1.5),(16333,44,'97062',1.6),(16332,44,'97060',1.5),(16331,44,'97056',1.6),(16330,44,'97055',1.5),(16329,44,'97049',1.5),(16328,44,'97045',1.6),(16327,44,'97042',1.6),(16326,44,'97038',1.6),(16325,44,'97036',1.6),(16324,44,'97035',1.6),(16323,44,'97034',1.6),(16322,44,'97032',1.6),(16321,44,'97030',1.5),(16320,44,'97027',1.6),(16319,44,'97024',1.5),(16318,44,'97023',1.5),(16317,44,'97022',1.5),(16316,44,'97019',1.5),(16315,44,'97017',1.5),(16314,44,'97015',1.5),(16313,44,'97013',1.6),(16312,44,'97011',1.5),(16311,44,'97009',1.5),(16310,44,'97008',1.6),(16309,44,'97007',1.6),(16308,44,'97006',1.6),(16307,44,'97005',1.6),(16306,44,'97004',1.6),(16305,44,'97002',1.6),(16133,43,'97297',0.0),(16134,43,'<p>97',0.0),(16644,45,'97267',1.4),(16643,45,'97266',1.2),(16642,45,'97239',1.4),(16641,45,'97236',1.2),(16640,45,'97233',1.2),(16639,45,'97232',1.3),(16638,45,'97231',1.3),(16637,45,'97230',1.2),(16636,45,'97229',1.4),(16635,45,'97227',1.3),(16634,45,'97225',1.4),(16633,45,'97224',1.4),(16632,45,'97223',1.4),(16631,45,'97222',1.3),(16630,45,'97221',1.4),(16629,45,'97220',1.2),(16628,45,'97219',1.4),(16627,45,'97218',1.3),(16626,45,'97217',1.3),(16625,45,'97216',1.2),(16624,45,'97215',1.3),(16623,45,'97214',1.3),(16622,45,'97213',1.3),(16621,45,'97212',1.3),(16620,45,'97211',1.3),(16619,45,'97210',1.3),(16618,45,'97209',1.3),(16617,45,'97206',1.3),(16616,45,'97205',1.3),(16615,45,'97204',1.3),(16614,45,'97203',1.3),(16613,45,'97202',1.3),(16612,45,'97201',1.3),(16611,45,'97148',1.4),(16610,45,'97140',1.4),(16609,45,'97137',1.4),(16608,45,'97134',1.4),(16607,45,'97133',1.4),(16606,45,'97132',1.4),(16605,45,'97128',1.4),(16604,45,'97127',1.4),(16603,45,'97124',1.4),(16602,45,'97123',1.4),(16601,45,'97119',1.4),(16600,45,'97116',1.4),(16599,45,'97115',1.4),(16598,45,'97114',1.4),(16597,45,'97113',1.4),(16596,45,'97111',1.4),(16595,45,'97106',1.4),(16594,45,'97080',1.2),(16593,45,'97071',1.4),(16592,45,'97070',1.4),(16591,45,'97068',1.4),(16590,45,'97067',1.2),(16589,45,'97062',1.4),(16588,45,'97060',1.2),(16587,45,'97056',1.3),(16586,45,'97055',1.2),(16585,45,'97049',1.2),(16584,45,'97045',1.4),(16583,45,'97042',1.4),(16582,45,'97038',1.4),(16581,45,'97036',1.4),(16580,45,'97035',1.4),(16579,45,'97034',1.4),(16578,45,'97032',1.4),(16577,45,'97030',1.2),(16576,45,'97027',1.4),(16575,45,'97024',1.2),(16574,45,'97023',1.2),(16573,45,'97022',1.2),(16572,45,'97019',1.2),(16571,45,'97017',1.2),(16570,45,'97015',1.2),(16569,45,'97013',1.4),(16568,45,'97011',1.2),(16567,45,'97009',1.2),(16566,45,'97008',1.4),(16565,45,'97007',1.4),(16564,45,'97006',1.4),(16563,45,'97005',1.4),(16562,45,'97004',1.4),(16561,45,'97002',1.4),(16389,44,'97297',0.0),(16390,44,'<p>97',0.0),(16900,46,'97267',1.6),(16899,46,'97266',1.5),(16898,46,'97239',1.6),(16897,46,'97236',1.5),(16896,46,'97233',1.5),(16895,46,'97232',1.7),(16894,46,'97231',1.7),(16893,46,'97230',1.5),(16892,46,'97229',1.6),(16891,46,'97227',1.7),(16890,46,'97225',1.6),(16889,46,'97224',1.6),(16888,46,'97223',1.6),(16887,46,'97222',1.7),(16886,46,'97221',1.6),(16885,46,'97220',1.5),(16884,46,'97219',1.6),(16883,46,'97218',1.7),(16882,46,'97217',1.7),(16881,46,'97216',1.5),(16880,46,'97215',1.7),(16879,46,'97214',1.7),(16878,46,'97213',1.7),(16877,46,'97212',1.7),(16876,46,'97211',1.7),(16875,46,'97210',1.7),(16874,46,'97209',1.7),(16873,46,'97206',1.7),(16872,46,'97205',1.7),(16871,46,'97204',1.7),(16870,46,'97203',1.7),(16869,46,'97202',1.7),(16868,46,'97201',1.7),(16867,46,'97148',1.6),(16866,46,'97140',1.6),(16865,46,'97137',1.6),(16864,46,'97134',1.6),(16863,46,'97133',1.6),(16862,46,'97132',1.6),(16861,46,'97128',1.6),(16860,46,'97127',1.6),(16859,46,'97124',1.6),(16858,46,'97123',1.6),(16857,46,'97119',1.6),(16856,46,'97116',1.6),(16855,46,'97115',1.6),(16854,46,'97114',1.6),(16853,46,'97113',1.6),(16852,46,'97111',1.6),(16851,46,'97106',1.6),(16850,46,'97080',1.5),(16849,46,'97071',1.6),(16848,46,'97070',1.6),(16847,46,'97068',1.6),(16846,46,'97067',1.5),(16845,46,'97062',1.6),(16844,46,'97060',1.5),(16843,46,'97056',1.7),(16842,46,'97055',1.5),(16841,46,'97049',1.5),(16840,46,'97045',1.6),(16839,46,'97042',1.6),(16838,46,'97038',1.6),(16837,46,'97036',1.6),(16836,46,'97035',1.6),(16835,46,'97034',1.6),(16834,46,'97032',1.6),(16833,46,'97030',1.5),(16832,46,'97027',1.6),(16831,46,'97024',1.5),(16830,46,'97023',1.5),(16829,46,'97022',1.5),(16828,46,'97019',1.5),(16827,46,'97017',1.5),(16826,46,'97015',1.5),(16825,46,'97013',1.6),(16824,46,'97011',1.5),(16823,46,'97009',1.5),(16822,46,'97008',1.6),(16821,46,'97007',1.6),(16820,46,'97006',1.6),(16819,46,'97005',1.6),(16818,46,'97004',1.6),(16817,46,'97002',1.6),(16645,45,'97297',0.0),(16646,45,'<p>97',0.0),(19212,47,'<p>97',0.0),(19211,47,'97297',0.0),(19210,47,'97267',1.2),(19209,47,'97266',1.1),(19208,47,'97239',1.2),(19207,47,'97236',1.1),(19206,47,'97233',1.1),(19205,47,'97232',1.2),(19204,47,'97231',1.2),(19203,47,'97230',1.1),(19202,47,'97229',1.2),(19201,47,'97227',1.2),(19200,47,'97225',1.2),(19199,47,'97224',1.2),(19198,47,'97223',1.2),(19197,47,'97222',1.2),(19196,47,'97221',1.2),(19195,47,'97220',1.1),(19194,47,'97219',1.2),(19193,47,'97218',1.2),(19192,47,'97217',1.2),(19191,47,'97216',1.1),(19190,47,'97215',1.2),(19189,47,'97214',1.2),(19188,47,'97213',1.2),(19187,47,'97212',1.2),(19186,47,'97211',1.2),(19185,47,'97210',1.2),(19184,47,'97209',1.2),(19183,47,'97206',1.2),(19182,47,'97205',1.2),(19181,47,'97204',1.2),(19180,47,'97203',1.2),(19179,47,'97202',1.2),(19178,47,'97201',1.2),(19177,47,'97148',1.2),(19176,47,'97140',1.2),(19175,47,'97137',1.2),(19174,47,'97134',1.2),(19173,47,'97133',1.2),(19172,47,'97132',1.2),(19171,47,'97128',1.2),(19170,47,'97127',1.2),(19169,47,'97124',1.2),(19168,47,'97123',1.2),(19167,47,'97119',1.2),(19166,47,'97116',1.2),(19165,47,'97115',1.2),(19164,47,'97114',1.2),(19163,47,'97113',1.2),(19162,47,'97111',1.2),(19161,47,'97106',1.2),(19160,47,'97080',1.1),(19159,47,'97071',1.2),(19158,47,'97070',1.2),(19157,47,'97068',1.2),(19156,47,'97067',1.1),(19155,47,'97062',1.2),(19154,47,'97060',1.1),(19153,47,'97056',1.2),(19152,47,'97055',1.1),(19151,47,'97049',1.1),(19150,47,'97045',1.2),(19149,47,'97042',1.2),(19148,47,'97038',1.2),(19147,47,'97036',1.2),(19146,47,'97035',1.2),(19145,47,'97034',1.2),(19144,47,'97032',1.2),(19143,47,'97030',1.1),(19142,47,'97027',1.2),(19141,47,'97024',1.1),(19140,47,'97023',1.1),(19139,47,'97022',1.1),(19138,47,'97019',1.1),(19137,47,'97017',1.1),(19136,47,'97015',1.1),(19135,47,'97013',1.2),(19134,47,'97011',1.1),(19133,47,'97009',1.1),(19132,47,'97008',1.2),(19131,47,'97007',1.2),(19130,47,'97006',1.2),(19129,47,'97005',1.2),(16901,46,'97297',0.0),(16902,46,'<p>97',0.0),(19726,48,'<p>97',0.0),(19725,48,'97297',0.0),(19724,48,'97267',1.1),(19723,48,'97266',1.1),(19722,48,'97239',1.1),(19721,48,'97236',1.1),(19720,48,'97233',1.1),(19719,48,'97232',1.1),(19718,48,'97231',1.1),(19717,48,'97230',1.1),(19716,48,'97229',1.1),(19715,48,'97227',1.1),(19714,48,'97225',1.1),(19713,48,'97224',1.1),(19712,48,'97223',1.1),(19711,48,'97222',1.1),(19710,48,'97221',1.1),(19709,48,'97220',1.1),(19708,48,'97219',1.1),(19707,48,'97218',1.1),(19706,48,'97217',1.1),(19705,48,'97216',1.1),(19704,48,'97215',1.1),(19703,48,'97214',1.1),(19702,48,'97213',1.1),(19701,48,'97212',1.1),(19700,48,'97211',1.1),(19699,48,'97210',1.1),(19698,48,'97209',1.1),(19697,48,'97206',1.1),(19696,48,'97205',1.1),(19695,48,'97204',1.1),(19694,48,'97203',1.1),(19693,48,'97202',1.1),(19692,48,'97201',1.1),(19691,48,'97148',1.1),(19690,48,'97140',1.1),(19689,48,'97137',1.1),(19688,48,'97134',1.1),(19687,48,'97133',1.1),(19686,48,'97132',1.1),(19685,48,'97128',1.1),(19684,48,'97127',1.1),(19683,48,'97124',1.1),(19682,48,'97123',1.1),(19681,48,'97119',1.1),(19680,48,'97116',1.1),(19679,48,'97115',1.1),(19678,48,'97114',1.1),(19677,48,'97113',1.1),(19676,48,'97111',1.1),(19675,48,'97106',1.1),(19674,48,'97080',1.1),(19673,48,'97071',1.1),(19672,48,'97070',1.1),(19671,48,'97068',1.1),(19670,48,'97067',1.1),(19669,48,'97062',1.1),(19668,48,'97060',1.1),(19667,48,'97056',1.1),(19666,48,'97055',1.1),(19665,48,'97049',1.1),(19664,48,'97045',1.1),(19663,48,'97042',1.1),(19662,48,'97038',1.1),(19661,48,'97036',1.1),(19660,48,'97035',1.1),(19659,48,'97034',1.1),(19658,48,'97032',1.1),(19657,48,'97030',1.1),(19656,48,'97027',1.1),(19655,48,'97024',1.1),(19654,48,'97023',1.1),(19653,48,'97022',1.1),(19652,48,'97019',1.1),(19651,48,'97017',1.1),(19650,48,'97015',1.1),(19649,48,'97013',1.1),(19648,48,'97011',1.1),(19647,48,'97009',1.1),(19646,48,'97008',1.1),(19645,48,'97007',1.1),(19644,48,'97006',1.1),(19643,48,'97005',1.1),(19128,47,'97004',1.2),(19127,47,'97002',1.2),(19984,49,'<p>97',0.0),(19983,49,'97297',0.0),(19982,49,'97267',1.7),(19981,49,'97266',1.7),(19980,49,'97239',1.6),(19979,49,'97236',1.7),(19978,49,'97233',1.7),(19977,49,'97232',1.8),(19976,49,'97231',1.8),(19975,49,'97230',1.7),(19974,49,'97229',1.6),(19973,49,'97227',1.8),(19972,49,'97225',1.6),(19971,49,'97224',1.6),(19970,49,'97223',1.6),(19969,49,'97222',1.8),(19968,49,'97221',1.6),(19967,49,'97220',1.7),(19966,49,'97219',1.7),(19965,49,'97218',1.8),(19964,49,'97217',1.8),(19963,49,'97216',1.7),(19962,49,'97215',1.8),(19961,49,'97214',1.8),(19960,49,'97213',1.8),(19959,49,'97212',1.8),(19958,49,'97211',1.8),(19957,49,'97210',1.8),(19956,49,'97209',1.8),(19955,49,'97206',1.8),(19954,49,'97205',1.8),(19953,49,'97204',1.8),(19952,49,'97203',1.8),(19951,49,'97202',1.8),(19950,49,'97201',1.8),(19949,49,'97148',1.6),(19948,49,'97140',1.6),(19947,49,'97137',1.7),(19946,49,'97134',1.7),(19945,49,'97133',1.6),(19944,49,'97132',1.7),(19943,49,'97128',1.7),(19942,49,'97127',1.7),(19941,49,'97124',1.6),(19940,49,'97123',1.6),(19939,49,'97119',1.6),(19938,49,'97116',1.6),(19937,49,'97115',1.6),(19936,49,'97114',1.7),(19935,49,'97113',1.6),(19934,49,'97111',1.6),(19933,49,'97106',1.6),(19932,49,'97080',1.7),(19931,49,'97071',1.7),(19930,49,'97070',1.7),(19929,49,'97068',1.7),(19928,49,'97067',1.7),(19927,49,'97062',1.7),(19926,49,'97060',1.7),(19925,49,'97056',1.8),(19924,49,'97055',1.7),(19923,49,'97049',1.7),(19922,49,'97045',1.7),(19921,49,'97042',1.7),(19920,49,'97038',1.7),(19919,49,'97036',1.7),(19918,49,'97035',1.7),(19917,49,'97034',1.7),(19916,49,'97032',1.7),(19915,49,'97030',1.7),(19914,49,'97027',1.7),(19913,49,'97024',1.7),(19912,49,'97023',1.7),(19911,49,'97022',1.7),(19910,49,'97019',1.7),(19909,49,'97017',1.7),(19908,49,'97015',1.7),(19907,49,'97013',1.7),(19906,49,'97011',1.7),(19905,49,'97009',1.7),(19904,49,'97008',1.6),(19903,49,'97007',1.6),(19902,49,'97006',1.6),(19901,49,'97005',1.6),(19642,48,'97004',1.1),(19641,48,'97002',1.1),(20238,50,'97267',1.4),(20237,50,'97266',1.2),(20236,50,'97239',1.3),(20235,50,'97236',1.2),(20234,50,'97233',1.2),(20233,50,'97232',1.3),(20232,50,'97231',1.3),(20231,50,'97230',1.2),(20230,50,'97229',1.3),(20229,50,'97227',1.3),(20228,50,'97225',1.3),(20227,50,'97224',1.3),(20226,50,'97223',1.3),(20225,50,'97222',1.3),(20224,50,'97221',1.3),(20223,50,'97220',1.2),(20222,50,'97219',1.4),(20221,50,'97218',1.3),(20220,50,'97217',1.3),(20219,50,'97216',1.2),(20218,50,'97215',1.3),(20217,50,'97214',1.3),(20216,50,'97213',1.3),(20215,50,'97212',1.3),(20214,50,'97211',1.3),(20213,50,'97210',1.3),(20212,50,'97209',1.3),(20211,50,'97206',1.3),(20210,50,'97205',1.3),(20209,50,'97204',1.3),(20208,50,'97203',1.3),(20207,50,'97202',1.3),(20206,50,'97201',1.3),(20205,50,'97148',1.3),(20204,50,'97140',1.3),(20203,50,'97137',1.4),(20202,50,'97134',1.4),(20201,50,'97133',1.3),(20200,50,'97132',1.4),(20199,50,'97128',1.4),(20198,50,'97127',1.4),(20197,50,'97124',1.3),(20196,50,'97123',1.3),(20195,50,'97119',1.3),(20194,50,'97116',1.3),(20193,50,'97115',1.3),(20192,50,'97114',1.4),(20191,50,'97113',1.3),(20190,50,'97111',1.3),(20189,50,'97106',1.3),(20188,50,'97080',1.2),(20187,50,'97071',1.4),(20186,50,'97070',1.4),(20185,50,'97068',1.4),(20184,50,'97067',1.2),(20183,50,'97062',1.4),(20182,50,'97060',1.2),(20181,50,'97056',1.3),(20180,50,'97055',1.2),(20179,50,'97049',1.2),(20178,50,'97045',1.4),(20177,50,'97042',1.4),(20176,50,'97038',1.4),(20175,50,'97036',1.4),(20174,50,'97035',1.4),(20173,50,'97034',1.4),(20172,50,'97032',1.4),(20171,50,'97030',1.2),(20170,50,'97027',1.4),(20169,50,'97024',1.2),(20168,50,'97023',1.2),(20167,50,'97022',1.2),(20166,50,'97019',1.2),(20165,50,'97017',1.2),(20164,50,'97015',1.2),(20163,50,'97013',1.4),(20162,50,'97011',1.2),(20161,50,'97009',1.2),(20160,50,'97008',1.3),(20159,50,'97007',1.3),(20158,50,'97006',1.3),(20157,50,'97005',1.3),(20156,50,'97004',1.4),(20155,50,'97002',1.4),(19900,49,'97004',1.7),(19899,49,'97002',1.7),(20494,51,'97267',0.9),(20493,51,'97266',0.1),(20492,51,'97239',0.8),(20491,51,'97236',0.1),(20490,51,'97233',0.1),(20489,51,'97232',0.7),(20488,51,'97231',0.7),(20487,51,'97230',0.1),(20486,51,'97229',0.8),(20485,51,'97227',0.7),(20484,51,'97225',0.8),(20483,51,'97224',0.8),(20482,51,'97223',0.8),(20481,51,'97222',0.7),(20480,51,'97221',0.8),(20479,51,'97220',0.1),(20478,51,'97219',0.9),(20477,51,'97218',0.7),(20476,51,'97217',0.7),(20475,51,'97216',0.1),(20474,51,'97215',0.7),(20473,51,'97214',0.7),(20472,51,'97213',0.7),(20471,51,'97212',0.7),(20470,51,'97211',0.7),(20469,51,'97210',0.7),(20468,51,'97209',0.7),(20467,51,'97206',0.7),(20466,51,'97205',0.7),(20465,51,'97204',0.7),(20464,51,'97203',0.7),(20463,51,'97202',0.7),(20462,51,'97201',0.7),(20461,51,'97148',0.8),(20460,51,'97140',0.8),(20459,51,'97137',0.9),(20458,51,'97134',0.9),(20457,51,'97133',0.8),(20456,51,'97132',0.9),(20455,51,'97128',0.9),(20454,51,'97127',0.9),(20453,51,'97124',0.8),(20452,51,'97123',0.8),(20451,51,'97119',0.8),(20450,51,'97116',0.8),(20449,51,'97115',0.8),(20448,51,'97114',0.9),(20447,51,'97113',0.8),(20446,51,'97111',0.8),(20445,51,'97106',0.8),(20444,51,'97080',0.1),(20443,51,'97071',0.9),(20442,51,'97070',0.9),(20441,51,'97068',0.9),(20440,51,'97067',0.1),(20439,51,'97062',0.9),(20438,51,'97060',0.1),(20437,51,'97056',0.7),(20436,51,'97055',0.1),(20435,51,'97049',0.1),(20434,51,'97045',0.9),(20433,51,'97042',0.9),(20432,51,'97038',0.9),(20431,51,'97036',0.9),(20430,51,'97035',0.9),(20429,51,'97034',0.9),(20428,51,'97032',0.9),(20427,51,'97030',0.1),(20426,51,'97027',0.9),(20425,51,'97024',0.1),(20424,51,'97023',0.1),(20423,51,'97022',0.1),(20422,51,'97019',0.1),(20421,51,'97017',0.1),(20420,51,'97015',0.1),(20419,51,'97013',0.9),(20418,51,'97011',0.1),(20417,51,'97009',0.1),(20416,51,'97008',0.8),(20415,51,'97007',0.8),(20414,51,'97006',0.8),(20413,51,'97005',0.8),(20412,51,'97004',0.9),(20411,51,'97002',0.9),(20239,50,'97297',0.0),(20240,50,'<p>97',0.0),(20580,52,'97115',0.0),(20579,52,'97111',0.0),(20578,52,'97224',0.0),(20577,52,'97140',0.0),(20576,52,'97007',0.0),(20575,52,'97148',0.0),(20574,52,'97239',0.0),(20573,52,'97223',0.0),(20572,52,'97008',0.0),(20571,52,'97119',0.0),(20570,52,'97221',0.0),(20569,52,'97225',0.0),(20568,52,'97005',0.0),(20567,52,'97006',0.0),(20566,52,'97123',0.0),(20565,52,'97229',0.0),(20564,52,'97124',0.0),(20563,52,'97113',0.0),(20562,52,'97133',0.0),(20561,52,'97106',0.0),(20560,52,'97116',0.0),(20559,52,'97038',0.9),(20558,52,'97042',0.9),(20557,52,'97032',0.9),(20556,52,'97071',0.9),(20555,52,'97137',0.9),(20554,52,'97004',0.9),(20553,52,'97013',0.9),(20552,52,'97002',0.9),(20551,52,'97134',0.9),(20550,52,'97114',0.9),(20549,52,'97127',0.9),(20548,52,'97128',0.9),(20547,52,'97045',0.9),(20546,52,'97070',0.9),(20545,52,'97132',0.9),(20544,52,'97036',0.9),(20543,52,'97068',0.9),(20542,52,'97062',0.9),(20541,52,'97027',0.9),(20540,52,'97267',0.9),(20539,52,'97034',0.9),(20538,52,'97035',0.9),(20537,52,'97219',0.9),(20536,52,'97017',0.6),(20535,52,'97067',0.6),(20534,52,'97023',0.6),(20533,52,'97049',0.6),(20532,52,'97011',0.6),(20531,52,'97022',0.6),(20530,52,'97019',0.6),(20529,52,'97055',0.6),(20528,52,'97015',0.6),(20527,52,'97009',0.6),(20526,52,'97080',0.6),(20525,52,'97236',0.6),(20524,52,'97266',0.6),(20523,52,'97060',0.6),(20522,52,'97030',0.6),(20521,52,'97230',0.6),(20520,52,'97233',0.6),(20519,52,'97216',0.6),(20518,52,'97220',0.6),(20517,52,'97024',0.6),(20516,52,'97222',0.4),(20515,52,'97206',0.4),(20514,52,'97202',0.4),(20513,52,'97215',0.4),(20512,52,'97213',0.4),(20511,52,'97232',0.4),(20510,52,'97214',0.4),(20509,52,'97204',0.4),(20508,52,'97209',0.4),(20507,52,'97212',0.4),(20506,52,'97227',0.4),(20505,52,'97201',0.4),(20504,52,'97205',0.4),(20503,52,'97218',0.4),(20502,52,'97211',0.4),(20501,52,'97203',0.4),(20500,52,'97210',0.4),(20499,52,'97217',0.4),(20498,52,'97231',0.4),(20497,52,'97056',0.4),(20495,51,'97297',0.0),(20496,51,'<p>97',0.0),(21006,53,'97267',0.0),(21005,53,'97266',0.0),(21004,53,'97239',0.0),(21003,53,'97236',0.0),(21002,53,'97233',0.0),(21001,53,'97232',0.0),(21000,53,'97231',0.0),(20999,53,'97230',0.0),(20998,53,'97229',0.0),(20997,53,'97227',0.0),(20996,53,'97225',0.0),(20995,53,'97224',0.0),(20994,53,'97223',0.0),(20993,53,'97222',0.0),(20992,53,'97221',0.0),(20991,53,'97220',0.0),(20990,53,'97219',0.0),(20989,53,'97218',0.0),(20988,53,'97217',0.0),(20987,53,'97216',0.0),(20986,53,'97215',0.0),(20985,53,'97214',0.0),(20984,53,'97213',0.0),(20983,53,'97212',0.0),(20982,53,'97211',0.0),(20981,53,'97210',0.0),(20980,53,'97209',0.0),(20979,53,'97206',0.0),(20978,53,'97205',0.0),(20977,53,'97204',0.0),(20976,53,'97203',0.0),(20975,53,'97202',0.0),(20974,53,'97201',0.0),(20973,53,'97148',0.0),(20972,53,'97140',0.0),(20971,53,'97137',0.0),(20970,53,'97134',0.0),(20969,53,'97133',0.0),(20968,53,'97132',0.0),(20967,53,'97128',0.0),(20966,53,'97127',0.0),(20965,53,'97124',0.0),(20964,53,'97123',0.0),(20963,53,'97119',0.0),(20962,53,'97116',0.0),(20961,53,'97115',0.0),(20960,53,'97114',0.0),(20959,53,'97113',0.0),(20958,53,'97111',0.0),(20957,53,'97106',0.0),(20956,53,'97080',0.0),(20955,53,'97071',0.0),(20954,53,'97070',0.0),(20953,53,'97068',0.0),(20952,53,'97067',0.0),(20951,53,'97062',0.0),(20950,53,'97060',0.0),(20949,53,'97056',0.0),(20948,53,'97055',0.0),(20947,53,'97049',0.0),(20946,53,'97045',0.0),(20945,53,'97042',0.0),(20944,53,'97038',0.0),(20943,53,'97036',0.0),(20942,53,'97035',0.0),(20941,53,'97034',0.0),(20940,53,'97032',0.0),(20939,53,'97030',0.0),(20938,53,'97027',0.0),(20937,53,'97024',0.0),(20936,53,'97023',0.0),(20935,53,'97022',0.0),(20934,53,'97019',0.0),(20933,53,'97017',0.0),(20932,53,'97015',0.0),(20931,53,'97013',0.0),(20930,53,'97011',0.0),(20929,53,'97009',0.0),(20928,53,'97008',0.0),(20927,53,'97007',0.0),(20926,53,'97006',0.0),(20925,53,'97005',0.0),(20924,53,'97004',0.0),(20923,53,'97002',0.0),(21092,54,'97267',0.0),(21091,54,'97266',0.0),(21090,54,'97239',0.0),(21089,54,'97236',0.0),(21088,54,'97233',0.0),(21087,54,'97232',0.0),(21086,54,'97231',0.0),(21085,54,'97230',0.0),(21084,54,'97229',0.0),(21083,54,'97227',0.0),(21082,54,'97225',0.0),(21081,54,'97224',0.0),(21080,54,'97223',0.0),(21079,54,'97222',0.0),(21078,54,'97221',0.0),(21077,54,'97220',0.0),(21076,54,'97219',0.0),(21075,54,'97218',0.0),(21074,54,'97217',0.0),(21073,54,'97216',0.0),(21072,54,'97215',0.0),(21071,54,'97214',0.0),(21070,54,'97213',0.0),(21069,54,'97212',0.0),(21068,54,'97211',0.0),(21067,54,'97210',0.0),(21066,54,'97209',0.0),(21065,54,'97206',0.0),(21064,54,'97205',0.0),(21063,54,'97204',0.0),(21062,54,'97203',0.0),(21061,54,'97202',0.0),(21060,54,'97201',0.0),(21059,54,'97148',0.0),(21058,54,'97140',0.0),(21057,54,'97137',0.0),(21056,54,'97134',0.0),(21055,54,'97133',0.0),(21054,54,'97132',0.0),(21053,54,'97128',0.0),(21052,54,'97127',0.0),(21051,54,'97124',0.0),(21050,54,'97123',0.0),(21049,54,'97119',0.0),(21048,54,'97116',0.0),(21047,54,'97115',0.0),(21046,54,'97114',0.0),(21045,54,'97113',0.0),(21044,54,'97111',0.0),(21043,54,'97106',0.0),(21042,54,'97080',0.0),(21041,54,'97071',0.0),(21040,54,'97070',0.0),(21039,54,'97068',0.0),(21038,54,'97067',0.0),(21037,54,'97062',0.0),(21036,54,'97060',0.0),(21035,54,'97056',0.0),(21034,54,'97055',0.0),(21033,54,'97049',0.0),(21032,54,'97045',0.0),(21031,54,'97042',0.0),(21030,54,'97038',0.0),(21029,54,'97036',0.0),(21028,54,'97035',0.0),(21027,54,'97034',0.0),(21026,54,'97032',0.0),(21025,54,'97030',0.0),(21024,54,'97027',0.0),(21023,54,'97024',0.0),(21022,54,'97023',0.0),(21021,54,'97022',0.0),(21020,54,'97019',0.0),(21019,54,'97017',0.0),(21018,54,'97015',0.0),(21017,54,'97013',0.0),(21016,54,'97011',0.0),(21015,54,'97009',0.0),(21014,54,'97008',0.0),(21013,54,'97007',0.0),(21012,54,'97006',0.0),(21011,54,'97005',0.0),(21010,54,'97004',0.0),(21009,54,'97002',0.0),(21180,55,'<p>97',0.0),(21179,55,'97297',0.0),(21178,55,'97267',0.0),(21177,55,'97266',0.0),(21176,55,'97239',0.0),(21175,55,'97236',0.0),(21174,55,'97233',0.0),(21173,55,'97232',0.0),(21172,55,'97231',0.0),(21171,55,'97230',0.0),(21170,55,'97229',0.0),(21169,55,'97227',0.0),(21168,55,'97225',0.0),(21167,55,'97224',0.0),(21166,55,'97223',0.0),(21165,55,'97222',0.0),(21164,55,'97221',0.0),(21163,55,'97220',0.0),(21162,55,'97219',0.0),(21161,55,'97218',0.0),(21160,55,'97217',0.0),(21159,55,'97216',0.0),(21158,55,'97215',0.0),(21157,55,'97214',0.0),(21156,55,'97213',0.0),(21155,55,'97212',0.0),(21154,55,'97211',0.0),(21153,55,'97210',0.0),(21152,55,'97209',0.0),(21151,55,'97206',0.0),(21150,55,'97205',0.0),(21149,55,'97204',0.0),(21148,55,'97203',0.0),(21147,55,'97202',0.0),(21146,55,'97201',0.0),(21145,55,'97148',0.0),(21144,55,'97140',0.0),(21143,55,'97137',0.0),(21142,55,'97134',0.0),(21141,55,'97133',0.0),(21140,55,'97132',0.0),(21139,55,'97128',0.0),(21138,55,'97127',0.0),(21137,55,'97124',0.0),(21136,55,'97123',0.0),(21135,55,'97119',0.0),(21134,55,'97116',0.0),(21133,55,'97115',0.0),(21132,55,'97114',0.0),(21131,55,'97113',0.0),(21130,55,'97111',0.0),(21129,55,'97106',0.0),(21128,55,'97080',0.0),(21127,55,'97071',0.0),(21126,55,'97070',0.0),(21125,55,'97068',0.0),(21124,55,'97067',0.0),(21123,55,'97062',0.0),(21122,55,'97060',0.0),(21121,55,'97056',0.0),(21120,55,'97055',0.0),(21119,55,'97049',0.0),(21118,55,'97045',0.0),(21117,55,'97042',0.0),(21116,55,'97038',0.0),(21115,55,'97036',0.0),(21114,55,'97035',0.0),(21113,55,'97034',0.0),(21112,55,'97032',0.0),(21111,55,'97030',0.0),(21110,55,'97027',0.0),(21109,55,'97024',0.0),(21108,55,'97023',0.0),(21107,55,'97022',0.0),(21106,55,'97019',0.0),(21105,55,'97017',0.0),(21104,55,'97015',0.0),(21103,55,'97013',0.0),(21102,55,'97011',0.0),(21101,55,'97009',0.0),(21100,55,'97008',0.0),(21099,55,'97007',0.0),(21098,55,'97006',0.0),(21097,55,'97005',0.0),(21096,55,'97004',0.0),(21095,55,'97002',0.0),(21093,54,'97297',0.0),(21094,54,'<p>97',0.0),(21181,56,'97002',0.0),(21182,56,'97004',0.0),(21183,56,'97005',0.0),(21184,56,'97006',0.0),(21185,56,'97007',0.0),(21186,56,'97008',0.0),(21187,56,'97009',0.0),(21188,56,'97011',0.0),(21189,56,'97013',0.0),(21190,56,'97015',0.0),(21191,56,'97017',0.0),(21192,56,'97019',0.0),(21193,56,'97022',0.0),(21194,56,'97023',0.0),(21195,56,'97024',0.0),(21196,56,'97027',0.0),(21197,56,'97030',0.0),(21198,56,'97032',0.0),(21199,56,'97034',0.0),(21200,56,'97035',0.0),(21201,56,'97036',0.0),(21202,56,'97038',0.0),(21203,56,'97042',0.0),(21204,56,'97045',0.0),(21205,56,'97049',0.0),(21206,56,'97055',0.0),(21207,56,'97056',0.0),(21208,56,'97060',0.0),(21209,56,'97062',0.0),(21210,56,'97067',0.0),(21211,56,'97068',0.0),(21212,56,'97070',0.0),(21213,56,'97071',0.0),(21214,56,'97080',0.0),(21215,56,'97106',0.0),(21216,56,'97111',0.0),(21217,56,'97113',0.0),(21218,56,'97114',0.0),(21219,56,'97115',0.0),(21220,56,'97116',0.0),(21221,56,'97119',0.0),(21222,56,'97123',0.0),(21223,56,'97124',0.0),(21224,56,'97127',0.0),(21225,56,'97128',0.0),(21226,56,'97132',0.0),(21227,56,'97133',0.0),(21228,56,'97134',0.0),(21229,56,'97137',0.0),(21230,56,'97140',0.0),(21231,56,'97148',0.0),(21232,56,'97201',0.0),(21233,56,'97202',0.0),(21234,56,'97203',0.0),(21235,56,'97204',0.0),(21236,56,'97205',0.0),(21237,56,'97206',0.0),(21238,56,'97209',0.0),(21239,56,'97210',0.0),(21240,56,'97211',0.0),(21241,56,'97212',0.0),(21242,56,'97213',0.0),(21243,56,'97214',0.0),(21244,56,'97215',0.0),(21245,56,'97216',0.0),(21246,56,'97217',0.0),(21247,56,'97218',0.0),(21248,56,'97219',0.0),(21249,56,'97220',0.0),(21250,56,'97221',0.0),(21251,56,'97222',0.0),(21252,56,'97223',0.0),(21253,56,'97224',0.0),(21254,56,'97225',0.0),(21255,56,'97227',0.0),(21256,56,'97229',0.0),(21257,56,'97230',0.0),(21258,56,'97231',0.0),(21259,56,'97232',0.0),(21260,56,'97233',0.0),(21261,56,'97236',0.0),(21262,56,'97239',0.0),(21263,56,'97266',0.0),(21264,56,'97267',0.0),(21265,56,'97297',0.0),(21266,56,'<p>97',0.0),(21267,57,'97002',0.0),(21268,57,'97004',0.0),(21269,57,'97005',0.0),(21270,57,'97006',0.0),(21271,57,'97007',0.0),(21272,57,'97008',0.0),(21273,57,'97009',0.0),(21274,57,'97011',0.0),(21275,57,'97013',0.0),(21276,57,'97015',0.0),(21277,57,'97017',0.0),(21278,57,'97019',0.0),(21279,57,'97022',0.0),(21280,57,'97023',0.0),(21281,57,'97024',0.0),(21282,57,'97027',0.0),(21283,57,'97030',0.0),(21284,57,'97032',0.0),(21285,57,'97034',0.0),(21286,57,'97035',0.0),(21287,57,'97036',0.0),(21288,57,'97038',0.0),(21289,57,'97042',0.0),(21290,57,'97045',0.0),(21291,57,'97049',0.0),(21292,57,'97055',0.0),(21293,57,'97056',0.0),(21294,57,'97060',0.0),(21295,57,'97062',0.0),(21296,57,'97067',0.0),(21297,57,'97068',0.0),(21298,57,'97070',0.0),(21299,57,'97071',0.0),(21300,57,'97080',0.0),(21301,57,'97106',0.0),(21302,57,'97111',0.0),(21303,57,'97113',0.0),(21304,57,'97114',0.0),(21305,57,'97115',0.0),(21306,57,'97116',0.0),(21307,57,'97119',0.0),(21308,57,'97123',0.0),(21309,57,'97124',0.0),(21310,57,'97127',0.0),(21311,57,'97128',0.0),(21312,57,'97132',0.0),(21313,57,'97133',0.0),(21314,57,'97134',0.0),(21315,57,'97137',0.0),(21316,57,'97140',0.0),(21317,57,'97148',0.0),(21318,57,'97201',0.0),(21319,57,'97202',0.0),(21320,57,'97203',0.0),(21321,57,'97204',0.0),(21322,57,'97205',0.0),(21323,57,'97206',0.0),(21324,57,'97209',0.0),(21325,57,'97210',0.0),(21326,57,'97211',0.0),(21327,57,'97212',0.0),(21328,57,'97213',0.0),(21329,57,'97214',0.0),(21330,57,'97215',0.0),(21331,57,'97216',0.0),(21332,57,'97217',0.0),(21333,57,'97218',0.0),(21334,57,'97219',0.0),(21335,57,'97220',0.0),(21336,57,'97221',0.0),(21337,57,'97222',0.0),(21338,57,'97223',0.0),(21339,57,'97224',0.0),(21340,57,'97225',0.0),(21341,57,'97227',0.0),(21342,57,'97229',0.0),(21343,57,'97230',0.0),(21344,57,'97231',0.0),(21345,57,'97232',0.0),(21346,57,'97233',0.0),(21347,57,'97236',0.0),(21348,57,'97239',0.0),(21349,57,'97266',0.0),(21350,57,'97267',0.0),(21351,57,'97297',0.0),(21352,57,'<p>97',0.0),(21353,58,'97002',0.0),(21354,58,'97004',0.0),(21355,58,'97005',0.0),(21356,58,'97006',0.0),(21357,58,'97007',0.0),(21358,58,'97008',0.0),(21359,58,'97009',0.0),(21360,58,'97011',0.0),(21361,58,'97013',0.0),(21362,58,'97015',0.0),(21363,58,'97017',0.0),(21364,58,'97019',0.0),(21365,58,'97022',0.0),(21366,58,'97023',0.0),(21367,58,'97024',0.0),(21368,58,'97027',0.0),(21369,58,'97030',0.0),(21370,58,'97032',0.0),(21371,58,'97034',0.0),(21372,58,'97035',0.0),(21373,58,'97036',0.0),(21374,58,'97038',0.0),(21375,58,'97042',0.0),(21376,58,'97045',0.0),(21377,58,'97049',0.0),(21378,58,'97055',0.0),(21379,58,'97056',0.0),(21380,58,'97060',0.0),(21381,58,'97062',0.0),(21382,58,'97067',0.0),(21383,58,'97068',0.0),(21384,58,'97070',0.0),(21385,58,'97071',0.0),(21386,58,'97080',0.0),(21387,58,'97106',0.0),(21388,58,'97111',0.0),(21389,58,'97113',0.0),(21390,58,'97114',0.0),(21391,58,'97115',0.0),(21392,58,'97116',0.0),(21393,58,'97119',0.0),(21394,58,'97123',0.0),(21395,58,'97124',0.0),(21396,58,'97127',0.0),(21397,58,'97128',0.0),(21398,58,'97132',0.0),(21399,58,'97133',0.0),(21400,58,'97134',0.0),(21401,58,'97137',0.0),(21402,58,'97140',0.0),(21403,58,'97148',0.0),(21404,58,'97201',0.0),(21405,58,'97202',0.0),(21406,58,'97203',0.0),(21407,58,'97204',0.0),(21408,58,'97205',0.0),(21409,58,'97206',0.0),(21410,58,'97209',0.0),(21411,58,'97210',0.0),(21412,58,'97211',0.0),(21413,58,'97212',0.0),(21414,58,'97213',0.0),(21415,58,'97214',0.0),(21416,58,'97215',0.0),(21417,58,'97216',0.0),(21418,58,'97217',0.0),(21419,58,'97218',0.0),(21420,58,'97219',0.0),(21421,58,'97220',0.0),(21422,58,'97221',0.0),(21423,58,'97222',0.0),(21424,58,'97223',0.0),(21425,58,'97224',0.0),(21426,58,'97225',0.0),(21427,58,'97227',0.0),(21428,58,'97229',0.0),(21429,58,'97230',0.0),(21430,58,'97231',0.0),(21431,58,'97232',0.0),(21432,58,'97233',0.0),(21433,58,'97236',0.0),(21434,58,'97239',0.0),(21435,58,'97266',0.0),(21436,58,'97267',0.0),(21437,58,'97297',0.0),(21438,58,'<p>97',0.0),(21439,59,'97002',0.0),(21440,59,'97004',0.0),(21441,59,'97005',0.0),(21442,59,'97006',0.0),(21443,59,'97007',0.0),(21444,59,'97008',0.0),(21445,59,'97009',0.0),(21446,59,'97011',0.0),(21447,59,'97013',0.0),(21448,59,'97015',0.0),(21449,59,'97017',0.0),(21450,59,'97019',0.0),(21451,59,'97022',0.0),(21452,59,'97023',0.0),(21453,59,'97024',0.0),(21454,59,'97027',0.0),(21455,59,'97030',0.0),(21456,59,'97032',0.0),(21457,59,'97034',0.0),(21458,59,'97035',0.0),(21459,59,'97036',0.0),(21460,59,'97038',0.0),(21461,59,'97042',0.0),(21462,59,'97045',0.0),(21463,59,'97049',0.0),(21464,59,'97055',0.0),(21465,59,'97056',0.0),(21466,59,'97060',0.0),(21467,59,'97062',0.0),(21468,59,'97067',0.0),(21469,59,'97068',0.0),(21470,59,'97070',0.0),(21471,59,'97071',0.0),(21472,59,'97080',0.0),(21473,59,'97106',0.0),(21474,59,'97111',0.0),(21475,59,'97113',0.0),(21476,59,'97114',0.0),(21477,59,'97115',0.0),(21478,59,'97116',0.0),(21479,59,'97119',0.0),(21480,59,'97123',0.0),(21481,59,'97124',0.0),(21482,59,'97127',0.0),(21483,59,'97128',0.0),(21484,59,'97132',0.0),(21485,59,'97133',0.0),(21486,59,'97134',0.0),(21487,59,'97137',0.0),(21488,59,'97140',0.0),(21489,59,'97148',0.0),(21490,59,'97201',0.0),(21491,59,'97202',0.0),(21492,59,'97203',0.0),(21493,59,'97204',0.0),(21494,59,'97205',0.0),(21495,59,'97206',0.0),(21496,59,'97209',0.0),(21497,59,'97210',0.0),(21498,59,'97211',0.0),(21499,59,'97212',0.0),(21500,59,'97213',0.0),(21501,59,'97214',0.0),(21502,59,'97215',0.0),(21503,59,'97216',0.0),(21504,59,'97217',0.0),(21505,59,'97218',0.0),(21506,59,'97219',0.0),(21507,59,'97220',0.0),(21508,59,'97221',0.0),(21509,59,'97222',0.0),(21510,59,'97223',0.0),(21511,59,'97224',0.0),(21512,59,'97225',0.0),(21513,59,'97227',0.0),(21514,59,'97229',0.0),(21515,59,'97230',0.0),(21516,59,'97231',0.0),(21517,59,'97232',0.0),(21518,59,'97233',0.0),(21519,59,'97236',0.0),(21520,59,'97239',0.0),(21521,59,'97266',0.0),(21522,59,'97267',0.0),(21523,59,'97297',0.0),(21524,59,'<p>97',0.0),(21778,60,'97267',1.0),(21777,60,'97266',1.0),(21776,60,'97239',1.0),(21775,60,'97236',1.0),(21774,60,'97233',1.0),(21773,60,'97232',1.1),(21772,60,'97231',1.1),(21771,60,'97230',1.0),(21770,60,'97229',1.0),(21769,60,'97227',1.1),(21768,60,'97225',1.0),(21767,60,'97224',1.0),(21766,60,'97223',1.0),(21765,60,'97222',1.1),(21764,60,'97221',1.0),(21763,60,'97220',1.0),(21762,60,'97219',1.0),(21761,60,'97218',1.1),(21760,60,'97217',1.1),(21759,60,'97216',1.0),(21758,60,'97215',1.1),(21757,60,'97214',1.1),(21756,60,'97213',1.1),(21755,60,'97212',1.1),(21754,60,'97211',1.1),(21753,60,'97210',1.1),(21752,60,'97209',1.1),(21751,60,'97206',1.1),(21750,60,'97205',1.1),(21749,60,'97204',1.1),(21748,60,'97203',1.1),(21747,60,'97202',1.1),(21746,60,'97201',1.1),(21745,60,'97148',1.0),(21744,60,'97140',1.0),(21743,60,'97137',1.0),(21742,60,'97134',1.0),(21741,60,'97133',1.0),(21740,60,'97132',1.0),(21739,60,'97128',1.0),(21738,60,'97127',1.0),(21737,60,'97124',1.0),(21736,60,'97123',1.0),(21735,60,'97119',1.0),(21734,60,'97116',1.0),(21733,60,'97115',1.0),(21732,60,'97114',1.0),(21731,60,'97113',1.0),(21730,60,'97111',1.0),(21729,60,'97106',1.0),(21728,60,'97080',1.0),(21727,60,'97071',1.0),(21726,60,'97070',1.0),(21725,60,'97068',1.0),(21724,60,'97067',1.0),(21723,60,'97062',1.0),(21722,60,'97060',1.0),(21721,60,'97056',1.1),(21720,60,'97055',1.0),(21719,60,'97049',1.0),(21718,60,'97045',1.0),(21717,60,'97042',1.0),(21716,60,'97038',1.0),(21715,60,'97036',1.0),(21714,60,'97035',1.0),(21713,60,'97034',1.0),(21712,60,'97032',1.0),(21711,60,'97030',1.0),(21710,60,'97027',1.0),(21709,60,'97024',1.0),(21708,60,'97023',1.0),(21707,60,'97022',1.0),(21706,60,'97019',1.0),(21705,60,'97017',1.0),(21704,60,'97015',1.0),(21703,60,'97013',1.0),(21702,60,'97011',1.0),(21701,60,'97009',1.0),(21700,60,'97008',1.0),(21699,60,'97007',1.0),(21698,60,'97006',1.0),(21697,60,'97005',1.0),(21696,60,'97004',1.0),(21695,60,'97002',1.0),(26738,77,'97004',0.0),(26737,77,'97002',0.0),(22292,61,'<p>97',0.0),(22291,61,'97297',0.0),(22290,61,'97267',0.8),(22289,61,'97266',0.9),(22288,61,'97239',0.9),(22287,61,'97236',0.9),(22286,61,'97233',0.9),(22285,61,'97232',1.0),(22284,61,'97231',1.0),(22283,61,'97230',0.9),(22282,61,'97229',0.9),(22281,61,'97227',1.0),(22280,61,'97225',0.9),(22279,61,'97224',0.9),(22278,61,'97223',0.9),(22277,61,'97222',1.0),(22276,61,'97221',0.9),(22275,61,'97220',0.9),(22274,61,'97219',0.8),(22273,61,'97218',1.0),(22272,61,'97217',1.0),(22271,61,'97216',0.9),(22270,61,'97215',1.0),(22269,61,'97214',1.0),(22268,61,'97213',1.0),(22267,61,'97212',1.0),(22266,61,'97211',1.0),(22265,61,'97210',1.0),(22264,61,'97209',1.0),(22263,61,'97206',1.0),(22262,61,'97205',1.0),(22261,61,'97204',1.0),(22260,61,'97203',1.0),(22259,61,'97202',1.0),(22258,61,'97201',1.0),(22257,61,'97148',0.9),(22256,61,'97140',0.9),(22255,61,'97137',0.8),(22254,61,'97134',0.8),(22253,61,'97133',0.9),(22252,61,'97132',0.8),(22251,61,'97128',0.8),(22250,61,'97127',0.8),(22249,61,'97124',0.9),(22248,61,'97123',0.9),(22247,61,'97119',0.9),(22246,61,'97116',0.9),(22245,61,'97115',0.9),(22244,61,'97114',0.8),(22243,61,'97113',0.9),(22242,61,'97111',0.9),(22241,61,'97106',0.9),(22240,61,'97080',0.9),(22239,61,'97071',0.8),(22238,61,'97070',0.8),(22237,61,'97068',0.8),(22236,61,'97067',0.9),(22235,61,'97062',0.8),(22234,61,'97060',0.9),(22233,61,'97056',1.0),(22232,61,'97055',0.9),(22231,61,'97049',0.9),(22230,61,'97045',0.8),(22229,61,'97042',0.8),(22228,61,'97038',0.8),(22227,61,'97036',0.8),(22226,61,'97035',0.8),(22225,61,'97034',0.8),(22224,61,'97032',0.8),(22223,61,'97030',0.9),(22222,61,'97027',0.8),(22221,61,'97024',0.9),(22220,61,'97023',0.9),(22219,61,'97022',0.9),(22218,61,'97019',0.9),(22217,61,'97017',0.9),(22216,61,'97015',0.9),(22215,61,'97013',0.8),(22214,61,'97011',0.9),(22213,61,'97009',0.9),(22212,61,'97008',0.9),(22211,61,'97007',0.9),(22210,61,'97006',0.9),(22209,61,'97005',0.9),(21779,60,'97297',0.0),(21780,60,'<p>97',0.0),(22550,62,'<p>97',0.0),(22549,62,'97297',0.0),(22548,62,'97267',0.9),(22547,62,'97266',0.6),(22546,62,'97239',0.9),(22545,62,'97236',0.6),(22544,62,'97233',0.6),(22543,62,'97232',0.8),(22542,62,'97231',0.8),(22541,62,'97230',0.6),(22540,62,'97229',0.9),(22539,62,'97227',0.8),(22538,62,'97225',0.9),(22537,62,'97224',0.9),(22536,62,'97223',0.9),(22535,62,'97222',0.8),(22534,62,'97221',0.9),(22533,62,'97220',0.6),(22532,62,'97219',0.9),(22531,62,'97218',0.8),(22530,62,'97217',0.8),(22529,62,'97216',0.6),(22528,62,'97215',0.8),(22527,62,'97214',0.8),(22526,62,'97213',0.8),(22525,62,'97212',0.8),(22524,62,'97211',0.8),(22523,62,'97210',0.8),(22522,62,'97209',0.8),(22521,62,'97206',0.8),(22520,62,'97205',0.8),(22519,62,'97204',0.8),(22518,62,'97203',0.8),(22517,62,'97202',0.8),(22516,62,'97201',0.8),(22515,62,'97148',0.9),(22514,62,'97140',0.9),(22513,62,'97137',0.9),(22512,62,'97134',0.9),(22511,62,'97133',0.9),(22510,62,'97132',0.9),(22509,62,'97128',0.9),(22508,62,'97127',0.9),(22507,62,'97124',0.9),(22506,62,'97123',0.9),(22505,62,'97119',0.9),(22504,62,'97116',0.9),(22503,62,'97115',0.9),(22502,62,'97114',0.9),(22501,62,'97113',0.9),(22500,62,'97111',0.9),(22499,62,'97106',0.9),(22498,62,'97080',0.6),(22497,62,'97071',0.9),(22496,62,'97070',0.9),(22495,62,'97068',0.9),(22494,62,'97067',0.6),(22493,62,'97062',0.9),(22492,62,'97060',0.6),(22491,62,'97056',0.8),(22490,62,'97055',0.6),(22489,62,'97049',0.6),(22488,62,'97045',0.9),(22487,62,'97042',0.9),(22486,62,'97038',0.9),(22485,62,'97036',0.9),(22484,62,'97035',0.9),(22483,62,'97034',0.9),(22482,62,'97032',0.9),(22481,62,'97030',0.6),(22480,62,'97027',0.9),(22479,62,'97024',0.6),(22478,62,'97023',0.6),(22477,62,'97022',0.6),(22476,62,'97019',0.6),(22475,62,'97017',0.6),(22474,62,'97015',0.6),(22473,62,'97013',0.9),(22472,62,'97011',0.6),(22471,62,'97009',0.6),(22470,62,'97008',0.9),(22469,62,'97007',0.9),(22468,62,'97006',0.9),(22467,62,'97005',0.9),(22208,61,'97004',0.8),(22207,61,'97002',0.8),(23062,63,'<p>97',0.0),(23061,63,'97297',0.0),(23060,63,'97267',0.7),(23059,63,'97266',0.9),(23058,63,'97239',0.8),(23057,63,'97236',0.9),(23056,63,'97233',0.9),(23055,63,'97232',0.9),(23054,63,'97231',0.9),(23053,63,'97230',0.9),(23052,63,'97229',0.8),(23051,63,'97227',0.9),(23050,63,'97225',0.8),(23049,63,'97224',0.8),(23048,63,'97223',0.8),(23047,63,'97222',0.9),(23046,63,'97221',0.8),(23045,63,'97220',0.9),(23044,63,'97219',0.7),(23043,63,'97218',0.9),(23042,63,'97217',0.9),(23041,63,'97216',0.9),(23040,63,'97215',0.9),(23039,63,'97214',0.9),(23038,63,'97213',0.9),(23037,63,'97212',0.9),(23036,63,'97211',0.9),(23035,63,'97210',0.9),(23034,63,'97209',0.9),(23033,63,'97206',0.9),(23032,63,'97205',0.9),(23031,63,'97204',0.9),(23030,63,'97203',0.9),(23029,63,'97202',0.9),(23028,63,'97201',0.9),(23027,63,'97148',0.8),(23026,63,'97140',0.8),(23025,63,'97137',0.7),(23024,63,'97134',0.7),(23023,63,'97133',0.8),(23022,63,'97132',0.7),(23021,63,'97128',0.7),(23020,63,'97127',0.7),(23019,63,'97124',0.8),(23018,63,'97123',0.8),(23017,63,'97119',0.8),(23016,63,'97116',0.8),(23015,63,'97115',0.8),(23014,63,'97114',0.7),(23013,63,'97113',0.8),(23012,63,'97111',0.8),(23011,63,'97106',0.8),(23010,63,'97080',0.9),(23009,63,'97071',0.7),(23008,63,'97070',0.7),(23007,63,'97068',0.7),(23006,63,'97067',0.9),(23005,63,'97062',0.7),(23004,63,'97060',0.9),(23003,63,'97056',0.9),(23002,63,'97055',0.9),(23001,63,'97049',0.9),(23000,63,'97045',0.7),(22999,63,'97042',0.7),(22998,63,'97038',0.7),(22997,63,'97036',0.7),(22996,63,'97035',0.7),(22995,63,'97034',0.7),(22994,63,'97032',0.7),(22993,63,'97030',0.9),(22992,63,'97027',0.7),(22991,63,'97024',0.9),(22990,63,'97023',0.9),(22989,63,'97022',0.9),(22988,63,'97019',0.9),(22987,63,'97017',0.9),(22986,63,'97015',0.9),(22985,63,'97013',0.7),(22984,63,'97011',0.9),(22983,63,'97009',0.9),(22982,63,'97008',0.8),(22981,63,'97007',0.8),(22980,63,'97006',0.8),(22979,63,'97005',0.8),(22466,62,'97004',0.9),(22465,62,'97002',0.9),(23320,64,'<p>97',0.0),(23319,64,'97297',0.0),(23318,64,'97267',1.5),(23317,64,'97266',1.4),(23316,64,'97239',1.6),(23315,64,'97236',1.4),(23314,64,'97233',1.4),(23313,64,'97232',1.6),(23312,64,'97231',1.6),(23311,64,'97230',1.4),(23310,64,'97229',1.6),(23309,64,'97227',1.6),(23308,64,'97225',1.6),(23307,64,'97224',1.6),(23306,64,'97223',1.6),(23305,64,'97222',1.6),(23304,64,'97221',1.6),(23303,64,'97220',1.4),(23302,64,'97219',1.5),(23301,64,'97218',1.6),(23300,64,'97217',1.6),(23299,64,'97216',1.4),(23298,64,'97215',1.6),(23297,64,'97214',1.6),(23296,64,'97213',1.6),(23295,64,'97212',1.6),(23294,64,'97211',1.6),(23293,64,'97210',1.6),(23292,64,'97209',1.6),(23291,64,'97206',1.6),(23290,64,'97205',1.6),(23289,64,'97204',1.6),(23288,64,'97203',1.6),(23287,64,'97202',1.6),(23286,64,'97201',1.6),(23285,64,'97148',1.6),(23284,64,'97140',1.6),(23283,64,'97137',1.5),(23282,64,'97134',1.5),(23281,64,'97133',1.6),(23280,64,'97132',1.5),(23279,64,'97128',1.5),(23278,64,'97127',1.5),(23277,64,'97124',1.6),(23276,64,'97123',1.6),(23275,64,'97119',1.6),(23274,64,'97116',1.6),(23273,64,'97115',1.6),(23272,64,'97114',1.5),(23271,64,'97113',1.6),(23270,64,'97111',1.6),(23269,64,'97106',1.6),(23268,64,'97080',1.4),(23267,64,'97071',1.5),(23266,64,'97070',1.5),(23265,64,'97068',1.5),(23264,64,'97067',1.4),(23263,64,'97062',1.5),(23262,64,'97060',1.4),(23261,64,'97056',1.6),(23260,64,'97055',1.4),(23259,64,'97049',1.4),(23258,64,'97045',1.5),(23257,64,'97042',1.5),(23256,64,'97038',1.5),(23255,64,'97036',1.5),(23254,64,'97035',1.5),(23253,64,'97034',1.5),(23252,64,'97032',1.5),(23251,64,'97030',1.4),(23250,64,'97027',1.5),(23249,64,'97024',1.4),(23248,64,'97023',1.4),(23247,64,'97022',1.4),(23246,64,'97019',1.4),(23245,64,'97017',1.4),(23244,64,'97015',1.4),(23243,64,'97013',1.5),(23242,64,'97011',1.4),(23241,64,'97009',1.4),(23240,64,'97008',1.6),(23239,64,'97007',1.6),(23238,64,'97006',1.6),(23237,64,'97005',1.6),(22978,63,'97004',0.7),(22977,63,'97002',0.7),(23574,65,'97267',0.9),(23573,65,'97266',1.0),(23572,65,'97239',1.0),(23571,65,'97236',1.0),(23570,65,'97233',1.0),(23569,65,'97232',1.0),(23568,65,'97231',1.0),(23567,65,'97230',1.0),(23566,65,'97229',1.0),(23565,65,'97227',1.0),(23564,65,'97225',1.0),(23563,65,'97224',1.0),(23562,65,'97223',1.0),(23561,65,'97222',1.0),(23560,65,'97221',1.0),(23559,65,'97220',1.0),(23558,65,'97219',0.9),(23557,65,'97218',1.0),(23556,65,'97217',1.0),(23555,65,'97216',1.0),(23554,65,'97215',1.0),(23553,65,'97214',1.0),(23552,65,'97213',1.0),(23551,65,'97212',1.0),(23550,65,'97211',1.0),(23549,65,'97210',1.0),(23548,65,'97209',1.0),(23547,65,'97206',1.0),(23546,65,'97205',1.0),(23545,65,'97204',1.0),(23544,65,'97203',1.0),(23543,65,'97202',1.0),(23542,65,'97201',1.0),(23541,65,'97148',1.0),(23540,65,'97140',1.0),(23539,65,'97137',0.9),(23538,65,'97134',0.9),(23537,65,'97133',1.0),(23536,65,'97132',0.9),(23535,65,'97128',0.9),(23534,65,'97127',0.9),(23533,65,'97124',1.0),(23532,65,'97123',1.0),(23531,65,'97119',1.0),(23530,65,'97116',1.0),(23529,65,'97115',1.0),(23528,65,'97114',0.9),(23527,65,'97113',1.0),(23526,65,'97111',1.0),(23525,65,'97106',1.0),(23524,65,'97080',1.0),(23523,65,'97071',0.9),(23522,65,'97070',0.9),(23521,65,'97068',0.9),(23520,65,'97067',1.0),(23519,65,'97062',0.9),(23518,65,'97060',1.0),(23517,65,'97056',1.0),(23516,65,'97055',1.0),(23515,65,'97049',1.0),(23514,65,'97045',0.9),(23513,65,'97042',0.9),(23512,65,'97038',0.9),(23511,65,'97036',0.9),(23510,65,'97035',0.9),(23509,65,'97034',0.9),(23508,65,'97032',0.9),(23507,65,'97030',1.0),(23506,65,'97027',0.9),(23505,65,'97024',1.0),(23504,65,'97023',1.0),(23503,65,'97022',1.0),(23502,65,'97019',1.0),(23501,65,'97017',1.0),(23500,65,'97015',1.0),(23499,65,'97013',0.9),(23498,65,'97011',1.0),(23497,65,'97009',1.0),(23496,65,'97008',1.0),(23495,65,'97007',1.0),(23494,65,'97006',1.0),(23493,65,'97005',1.0),(23492,65,'97004',0.9),(23491,65,'97002',0.9),(23236,64,'97004',1.5),(23235,64,'97002',1.5),(23830,66,'97267',0.0),(23829,66,'97266',0.2),(23828,66,'97239',0.2),(23827,66,'97236',0.2),(23826,66,'97233',0.2),(23825,66,'97232',0.2),(23824,66,'97231',0.2),(23823,66,'97230',0.2),(23822,66,'97229',0.2),(23821,66,'97227',0.2),(23820,66,'97225',0.2),(23819,66,'97224',0.2),(23818,66,'97223',0.2),(23817,66,'97222',0.2),(23816,66,'97221',0.2),(23815,66,'97220',0.2),(23814,66,'97219',0.0),(23813,66,'97218',0.2),(23812,66,'97217',0.2),(23811,66,'97216',0.2),(23810,66,'97215',0.2),(23809,66,'97214',0.2),(23808,66,'97213',0.2),(23807,66,'97212',0.2),(23806,66,'97211',0.2),(23805,66,'97210',0.2),(23804,66,'97209',0.2),(23803,66,'97206',0.2),(23802,66,'97205',0.2),(23801,66,'97204',0.2),(23800,66,'97203',0.2),(23799,66,'97202',0.2),(23798,66,'97201',0.2),(23797,66,'97148',0.2),(23796,66,'97140',0.2),(23795,66,'97137',0.0),(23794,66,'97134',0.0),(23793,66,'97133',0.2),(23792,66,'97132',0.0),(23791,66,'97128',0.0),(23790,66,'97127',0.0),(23789,66,'97124',0.2),(23788,66,'97123',0.2),(23787,66,'97119',0.2),(23786,66,'97116',0.2),(23785,66,'97115',0.2),(23784,66,'97114',0.0),(23783,66,'97113',0.2),(23782,66,'97111',0.2),(23781,66,'97106',0.2),(23780,66,'97080',0.2),(23779,66,'97071',0.0),(23778,66,'97070',0.0),(23777,66,'97068',0.0),(23776,66,'97067',0.2),(23775,66,'97062',0.0),(23774,66,'97060',0.2),(23773,66,'97056',0.2),(23772,66,'97055',0.2),(23771,66,'97049',0.2),(23770,66,'97045',0.0),(23769,66,'97042',0.0),(23768,66,'97038',0.0),(23767,66,'97036',0.0),(23766,66,'97035',0.0),(23765,66,'97034',0.0),(23764,66,'97032',0.0),(23763,66,'97030',0.2),(23762,66,'97027',0.0),(23761,66,'97024',0.2),(23760,66,'97023',0.2),(23759,66,'97022',0.2),(23758,66,'97019',0.2),(23757,66,'97017',0.2),(23756,66,'97015',0.2),(23755,66,'97013',0.0),(23754,66,'97011',0.2),(23753,66,'97009',0.2),(23752,66,'97008',0.2),(23751,66,'97007',0.2),(23750,66,'97006',0.2),(23749,66,'97005',0.2),(23748,66,'97004',0.0),(23747,66,'97002',0.0),(23575,65,'97297',0.0),(23576,65,'<p>97',0.0),(24086,67,'97267',1.3),(24085,67,'97266',1.1),(24084,67,'97239',1.2),(24083,67,'97236',1.1),(24082,67,'97233',1.1),(24081,67,'97232',1.3),(24080,67,'97231',1.3),(24079,67,'97230',1.1),(24078,67,'97229',1.2),(24077,67,'97227',1.3),(24076,67,'97225',1.2),(24075,67,'97224',1.2),(24074,67,'97223',1.2),(24073,67,'97222',1.3),(24072,67,'97221',1.2),(24071,67,'97220',1.1),(24070,67,'97219',1.3),(24069,67,'97218',1.3),(24068,67,'97217',1.3),(24067,67,'97216',1.1),(24066,67,'97215',1.3),(24065,67,'97214',1.3),(24064,67,'97213',1.3),(24063,67,'97212',1.3),(24062,67,'97211',1.3),(24061,67,'97210',1.3),(24060,67,'97209',1.3),(24059,67,'97206',1.3),(24058,67,'97205',1.3),(24057,67,'97204',1.3),(24056,67,'97203',1.3),(24055,67,'97202',1.3),(24054,67,'97201',1.3),(24053,67,'97148',1.2),(24052,67,'97140',1.2),(24051,67,'97137',1.3),(24050,67,'97134',1.3),(24049,67,'97133',1.2),(24048,67,'97132',1.3),(24047,67,'97128',1.3),(24046,67,'97127',1.3),(24045,67,'97124',1.2),(24044,67,'97123',1.2),(24043,67,'97119',1.2),(24042,67,'97116',1.2),(24041,67,'97115',1.2),(24040,67,'97114',1.3),(24039,67,'97113',1.2),(24038,67,'97111',1.2),(24037,67,'97106',1.2),(24036,67,'97080',1.1),(24035,67,'97071',1.3),(24034,67,'97070',1.3),(24033,67,'97068',1.3),(24032,67,'97067',1.1),(24031,67,'97062',1.3),(24030,67,'97060',1.1),(24029,67,'97056',1.3),(24028,67,'97055',1.1),(24027,67,'97049',1.1),(24026,67,'97045',1.3),(24025,67,'97042',1.3),(24024,67,'97038',1.3),(24023,67,'97036',1.3),(24022,67,'97035',1.3),(24021,67,'97034',1.3),(24020,67,'97032',1.3),(24019,67,'97030',1.1),(24018,67,'97027',1.3),(24017,67,'97024',1.1),(24016,67,'97023',1.1),(24015,67,'97022',1.1),(24014,67,'97019',1.1),(24013,67,'97017',1.1),(24012,67,'97015',1.1),(24011,67,'97013',1.3),(24010,67,'97011',1.1),(24009,67,'97009',1.1),(24008,67,'97008',1.2),(24007,67,'97007',1.2),(24006,67,'97006',1.2),(24005,67,'97005',1.2),(24004,67,'97004',1.3),(24003,67,'97002',1.3),(23831,66,'97297',0.0),(23832,66,'<p>97',0.0),(24600,68,'<p>97',0.0),(24599,68,'97297',0.0),(24598,68,'97267',1.5),(24597,68,'97266',1.4),(24596,68,'97239',1.5),(24595,68,'97236',1.4),(24594,68,'97233',1.4),(24593,68,'97232',1.6),(24592,68,'97231',1.6),(24591,68,'97230',1.4),(24590,68,'97229',1.5),(24589,68,'97227',1.6),(24588,68,'97225',1.5),(24587,68,'97224',1.5),(24586,68,'97223',1.5),(24585,68,'97222',1.6),(24584,68,'97221',1.5),(24583,68,'97220',1.4),(24582,68,'97219',1.5),(24581,68,'97218',1.6),(24580,68,'97217',1.6),(24579,68,'97216',1.4),(24578,68,'97215',1.6),(24577,68,'97214',1.6),(24576,68,'97213',1.6),(24575,68,'97212',1.6),(24574,68,'97211',1.6),(24573,68,'97210',1.6),(24572,68,'97209',1.6),(24571,68,'97206',1.6),(24570,68,'97205',1.6),(24569,68,'97204',1.6),(24568,68,'97203',1.6),(24567,68,'97202',1.6),(24566,68,'97201',1.6),(24565,68,'97148',1.5),(24564,68,'97140',1.5),(24563,68,'97137',1.5),(24562,68,'97134',1.5),(24561,68,'97133',1.5),(24560,68,'97132',1.5),(24559,68,'97128',1.5),(24558,68,'97127',1.5),(24557,68,'97124',1.5),(24556,68,'97123',1.5),(24555,68,'97119',1.5),(24554,68,'97116',1.5),(24553,68,'97115',1.5),(24552,68,'97114',1.5),(24551,68,'97113',1.5),(24550,68,'97111',1.5),(24549,68,'97106',1.5),(24548,68,'97080',1.4),(24547,68,'97071',1.5),(24546,68,'97070',1.5),(24545,68,'97068',1.5),(24544,68,'97067',1.4),(24543,68,'97062',1.5),(24542,68,'97060',1.4),(24541,68,'97056',1.6),(24540,68,'97055',1.4),(24539,68,'97049',1.4),(24538,68,'97045',1.5),(24537,68,'97042',1.5),(24536,68,'97038',1.5),(24535,68,'97036',1.5),(24534,68,'97035',1.5),(24533,68,'97034',1.5),(24532,68,'97032',1.5),(24531,68,'97030',1.4),(24530,68,'97027',1.5),(24529,68,'97024',1.4),(24528,68,'97023',1.4),(24527,68,'97022',1.4),(24526,68,'97019',1.4),(24525,68,'97017',1.4),(24524,68,'97015',1.4),(24523,68,'97013',1.5),(24522,68,'97011',1.4),(24521,68,'97009',1.4),(24520,68,'97008',1.5),(24519,68,'97007',1.5),(24518,68,'97006',1.5),(24517,68,'97005',1.5),(24087,67,'97297',0.0),(24088,67,'<p>97',0.0),(24858,69,'<p>97',0.0),(24857,69,'97297',0.0),(24856,69,'97267',1.2),(24855,69,'97266',1.1),(24854,69,'97239',1.2),(24853,69,'97236',1.1),(24852,69,'97233',1.1),(24851,69,'97232',1.2),(24850,69,'97231',1.2),(24849,69,'97230',1.1),(24848,69,'97229',1.2),(24847,69,'97227',1.2),(24846,69,'97225',1.2),(24845,69,'97224',1.2),(24844,69,'97223',1.2),(24843,69,'97222',1.2),(24842,69,'97221',1.2),(24841,69,'97220',1.1),(24840,69,'97219',1.2),(24839,69,'97218',1.2),(24838,69,'97217',1.2),(24837,69,'97216',1.1),(24836,69,'97215',1.2),(24835,69,'97214',1.2),(24834,69,'97213',1.2),(24833,69,'97212',1.2),(24832,69,'97211',1.2),(24831,69,'97210',1.2),(24830,69,'97209',1.2),(24829,69,'97206',1.2),(24828,69,'97205',1.2),(24827,69,'97204',1.2),(24826,69,'97203',1.2),(24825,69,'97202',1.2),(24824,69,'97201',1.2),(24823,69,'97148',1.2),(24822,69,'97140',1.2),(24821,69,'97137',1.2),(24820,69,'97134',1.2),(24819,69,'97133',1.2),(24818,69,'97132',1.2),(24817,69,'97128',1.2),(24816,69,'97127',1.2),(24815,69,'97124',1.2),(24814,69,'97123',1.2),(24813,69,'97119',1.2),(24812,69,'97116',1.2),(24811,69,'97115',1.2),(24810,69,'97114',1.2),(24809,69,'97113',1.2),(24808,69,'97111',1.2),(24807,69,'97106',1.2),(24806,69,'97080',1.1),(24805,69,'97071',1.2),(24804,69,'97070',1.2),(24803,69,'97068',1.2),(24802,69,'97067',1.1),(24801,69,'97062',1.2),(24800,69,'97060',1.1),(24799,69,'97056',1.2),(24798,69,'97055',1.1),(24797,69,'97049',1.1),(24796,69,'97045',1.2),(24795,69,'97042',1.2),(24794,69,'97038',1.2),(24793,69,'97036',1.2),(24792,69,'97035',1.2),(24791,69,'97034',1.2),(24790,69,'97032',1.2),(24789,69,'97030',1.1),(24788,69,'97027',1.2),(24787,69,'97024',1.1),(24786,69,'97023',1.1),(24785,69,'97022',1.1),(24784,69,'97019',1.1),(24783,69,'97017',1.1),(24782,69,'97015',1.1),(24781,69,'97013',1.2),(24780,69,'97011',1.1),(24779,69,'97009',1.1),(24778,69,'97008',1.2),(24777,69,'97007',1.2),(24776,69,'97006',1.2),(24775,69,'97005',1.2),(24516,68,'97004',1.5),(24515,68,'97002',1.5),(25112,70,'97267',1.3),(25111,70,'97266',1.2),(25110,70,'97239',1.3),(25109,70,'97236',1.2),(25108,70,'97233',1.2),(25107,70,'97232',1.4),(25106,70,'97231',1.4),(25105,70,'97230',1.2),(25104,70,'97229',1.3),(25103,70,'97227',1.4),(25102,70,'97225',1.3),(25101,70,'97224',1.3),(25100,70,'97223',1.3),(25099,70,'97222',1.4),(25098,70,'97221',1.3),(25097,70,'97220',1.2),(25096,70,'97219',1.3),(25095,70,'97218',1.4),(25094,70,'97217',1.4),(25093,70,'97216',1.2),(25092,70,'97215',1.4),(25091,70,'97214',1.4),(25090,70,'97213',1.4),(25089,70,'97212',1.4),(25088,70,'97211',1.4),(25087,70,'97210',1.4),(25086,70,'97209',1.4),(25085,70,'97206',1.4),(25084,70,'97205',1.4),(25083,70,'97204',1.4),(25082,70,'97203',1.4),(25081,70,'97202',1.4),(25080,70,'97201',1.4),(25079,70,'97148',1.3),(25078,70,'97140',1.3),(25077,70,'97137',1.3),(25076,70,'97134',1.3),(25075,70,'97133',1.3),(25074,70,'97132',1.3),(25073,70,'97128',1.3),(25072,70,'97127',1.3),(25071,70,'97124',1.3),(25070,70,'97123',1.3),(25069,70,'97119',1.3),(25068,70,'97116',1.3),(25067,70,'97115',1.3),(25066,70,'97114',1.3),(25065,70,'97113',1.3),(25064,70,'97111',1.3),(25063,70,'97106',1.3),(25062,70,'97080',1.2),(25061,70,'97071',1.3),(25060,70,'97070',1.3),(25059,70,'97068',1.3),(25058,70,'97067',1.2),(25057,70,'97062',1.3),(25056,70,'97060',1.2),(25055,70,'97056',1.4),(25054,70,'97055',1.2),(25053,70,'97049',1.2),(25052,70,'97045',1.3),(25051,70,'97042',1.3),(25050,70,'97038',1.3),(25049,70,'97036',1.3),(25048,70,'97035',1.3),(25047,70,'97034',1.3),(25046,70,'97032',1.3),(25045,70,'97030',1.2),(25044,70,'97027',1.3),(25043,70,'97024',1.2),(25042,70,'97023',1.2),(25041,70,'97022',1.2),(25040,70,'97019',1.2),(25039,70,'97017',1.2),(25038,70,'97015',1.2),(25037,70,'97013',1.3),(25036,70,'97011',1.2),(25035,70,'97009',1.2),(25034,70,'97008',1.3),(25033,70,'97007',1.3),(25032,70,'97006',1.3),(25031,70,'97005',1.3),(25030,70,'97004',1.3),(25029,70,'97002',1.3),(24774,69,'97004',1.2),(24773,69,'97002',1.2),(25368,71,'97267',1.4),(25367,71,'97266',1.3),(25366,71,'97239',1.4),(25365,71,'97236',1.3),(25364,71,'97233',1.3),(25363,71,'97232',1.5),(25362,71,'97231',1.5),(25361,71,'97230',1.3),(25360,71,'97229',1.4),(25359,71,'97227',1.5),(25358,71,'97225',1.4),(25357,71,'97224',1.4),(25356,71,'97223',1.4),(25355,71,'97222',1.5),(25354,71,'97221',1.4),(25353,71,'97220',1.3),(25352,71,'97219',1.4),(25351,71,'97218',1.5),(25350,71,'97217',1.5),(25349,71,'97216',1.3),(25348,71,'97215',1.5),(25347,71,'97214',1.5),(25346,71,'97213',1.5),(25345,71,'97212',1.5),(25344,71,'97211',1.5),(25343,71,'97210',1.5),(25342,71,'97209',1.5),(25341,71,'97206',1.5),(25340,71,'97205',1.5),(25339,71,'97204',1.5),(25338,71,'97203',1.5),(25337,71,'97202',1.5),(25336,71,'97201',1.5),(25335,71,'97148',1.4),(25334,71,'97140',1.4),(25333,71,'97137',1.4),(25332,71,'97134',1.4),(25331,71,'97133',1.4),(25330,71,'97132',1.4),(25329,71,'97128',1.4),(25328,71,'97127',1.4),(25327,71,'97124',1.4),(25326,71,'97123',1.4),(25325,71,'97119',1.4),(25324,71,'97116',1.4),(25323,71,'97115',1.4),(25322,71,'97114',1.4),(25321,71,'97113',1.4),(25320,71,'97111',1.4),(25319,71,'97106',1.4),(25318,71,'97080',1.3),(25317,71,'97071',1.4),(25316,71,'97070',1.4),(25315,71,'97068',1.4),(25314,71,'97067',1.3),(25313,71,'97062',1.4),(25312,71,'97060',1.3),(25311,71,'97056',1.5),(25310,71,'97055',1.3),(25309,71,'97049',1.3),(25308,71,'97045',1.4),(25307,71,'97042',1.4),(25306,71,'97038',1.4),(25305,71,'97036',1.4),(25304,71,'97035',1.4),(25303,71,'97034',1.4),(25302,71,'97032',1.4),(25301,71,'97030',1.3),(25300,71,'97027',1.4),(25299,71,'97024',1.3),(25298,71,'97023',1.3),(25297,71,'97022',1.3),(25296,71,'97019',1.3),(25295,71,'97017',1.3),(25294,71,'97015',1.3),(25293,71,'97013',1.4),(25292,71,'97011',1.3),(25291,71,'97009',1.3),(25290,71,'97008',1.4),(25289,71,'97007',1.4),(25288,71,'97006',1.4),(25287,71,'97005',1.4),(25286,71,'97004',1.4),(25285,71,'97002',1.4),(25113,70,'97297',0.0),(25114,70,'<p>97',0.0),(25882,72,'<p>97',0.0),(25881,72,'97297',0.0),(25880,72,'97267',1.2),(25879,72,'97266',1.1),(25878,72,'97239',1.2),(25877,72,'97236',1.1),(25876,72,'97233',1.1),(25875,72,'97232',1.3),(25874,72,'97231',1.3),(25873,72,'97230',1.1),(25872,72,'97229',1.2),(25871,72,'97227',1.3),(25870,72,'97225',1.2),(25869,72,'97224',1.2),(25868,72,'97223',1.2),(25867,72,'97222',1.3),(25866,72,'97221',1.2),(25865,72,'97220',1.1),(25864,72,'97219',1.2),(25863,72,'97218',1.3),(25862,72,'97217',1.3),(25861,72,'97216',1.1),(25860,72,'97215',1.3),(25859,72,'97214',1.3),(25858,72,'97213',1.3),(25857,72,'97212',1.3),(25856,72,'97211',1.3),(25855,72,'97210',1.3),(25854,72,'97209',1.3),(25853,72,'97206',1.3),(25852,72,'97205',1.3),(25851,72,'97204',1.3),(25850,72,'97203',1.3),(25849,72,'97202',1.3),(25848,72,'97201',1.3),(25847,72,'97148',1.2),(25846,72,'97140',1.2),(25845,72,'97137',1.2),(25844,72,'97134',1.2),(25843,72,'97133',1.2),(25842,72,'97132',1.2),(25841,72,'97128',1.2),(25840,72,'97127',1.2),(25839,72,'97124',1.2),(25838,72,'97123',1.2),(25837,72,'97119',1.2),(25836,72,'97116',1.2),(25835,72,'97115',1.2),(25834,72,'97114',1.2),(25833,72,'97113',1.2),(25832,72,'97111',1.2),(25831,72,'97106',1.2),(25830,72,'97080',1.1),(25829,72,'97071',1.2),(25828,72,'97070',1.2),(25827,72,'97068',1.2),(25826,72,'97067',1.1),(25825,72,'97062',1.2),(25824,72,'97060',1.1),(25823,72,'97056',1.3),(25822,72,'97055',1.1),(25821,72,'97049',1.1),(25820,72,'97045',1.2),(25819,72,'97042',1.2),(25818,72,'97038',1.2),(25817,72,'97036',1.2),(25816,72,'97035',1.2),(25815,72,'97034',1.2),(25814,72,'97032',1.2),(25813,72,'97030',1.1),(25812,72,'97027',1.2),(25811,72,'97024',1.1),(25810,72,'97023',1.1),(25809,72,'97022',1.1),(25808,72,'97019',1.1),(25807,72,'97017',1.1),(25806,72,'97015',1.1),(25805,72,'97013',1.2),(25804,72,'97011',1.1),(25803,72,'97009',1.1),(25802,72,'97008',1.2),(25801,72,'97007',1.2),(25800,72,'97006',1.2),(25799,72,'97005',1.2),(25369,71,'97297',0.0),(25370,71,'<p>97',0.0),(26140,73,'<p>97',0.0),(26139,73,'97297',0.0),(26138,73,'97267',1.4),(26137,73,'97266',1.4),(26136,73,'97239',1.3),(26135,73,'97236',1.4),(26134,73,'97233',1.4),(26133,73,'97232',1.4),(26132,73,'97231',1.4),(26131,73,'97230',1.4),(26130,73,'97229',1.3),(26129,73,'97227',1.4),(26128,73,'97225',1.3),(26127,73,'97224',1.3),(26126,73,'97223',1.3),(26125,73,'97222',1.4),(26124,73,'97221',1.3),(26123,73,'97220',1.4),(26122,73,'97219',1.4),(26121,73,'97218',1.4),(26120,73,'97217',1.4),(26119,73,'97216',1.4),(26118,73,'97215',1.4),(26117,73,'97214',1.4),(26116,73,'97213',1.4),(26115,73,'97212',1.4),(26114,73,'97211',1.4),(26113,73,'97210',1.4),(26112,73,'97209',1.4),(26111,73,'97206',1.4),(26110,73,'97205',1.4),(26109,73,'97204',1.4),(26108,73,'97203',1.4),(26107,73,'97202',1.4),(26106,73,'97201',1.4),(26105,73,'97148',1.3),(26104,73,'97140',1.3),(26103,73,'97137',1.4),(26102,73,'97134',1.4),(26101,73,'97133',1.3),(26100,73,'97132',1.4),(26099,73,'97128',1.4),(26098,73,'97127',1.4),(26097,73,'97124',1.3),(26096,73,'97123',1.3),(26095,73,'97119',1.3),(26094,73,'97116',1.3),(26093,73,'97115',1.3),(26092,73,'97114',1.4),(26091,73,'97113',1.3),(26090,73,'97111',1.3),(26089,73,'97106',1.3),(26088,73,'97080',1.4),(26087,73,'97071',1.4),(26086,73,'97070',1.4),(26085,73,'97068',1.4),(26084,73,'97067',1.4),(26083,73,'97062',1.4),(26082,73,'97060',1.4),(26081,73,'97056',1.4),(26080,73,'97055',1.4),(26079,73,'97049',1.4),(26078,73,'97045',1.4),(26077,73,'97042',1.4),(26076,73,'97038',1.4),(26075,73,'97036',1.4),(26074,73,'97035',1.4),(26073,73,'97034',1.4),(26072,73,'97032',1.4),(26071,73,'97030',1.4),(26070,73,'97027',1.4),(26069,73,'97024',1.4),(26068,73,'97023',1.4),(26067,73,'97022',1.4),(26066,73,'97019',1.4),(26065,73,'97017',1.4),(26064,73,'97015',1.4),(26063,73,'97013',1.4),(26062,73,'97011',1.4),(26061,73,'97009',1.4),(26060,73,'97008',1.3),(26059,73,'97007',1.3),(26058,73,'97006',1.3),(26057,73,'97005',1.3),(25798,72,'97004',1.2),(25797,72,'97002',1.2),(26394,74,'97267',1.1),(26393,74,'97266',1.0),(26392,74,'97239',1.1),(26391,74,'97236',1.0),(26390,74,'97233',1.0),(26389,74,'97232',1.1),(26388,74,'97231',1.1),(26387,74,'97230',1.0),(26386,74,'97229',1.1),(26385,74,'97227',1.1),(26384,74,'97225',1.1),(26383,74,'97224',1.1),(26382,74,'97223',1.1),(26381,74,'97222',1.1),(26380,74,'97221',1.1),(26379,74,'97220',1.0),(26378,74,'97219',1.1),(26377,74,'97218',1.1),(26376,74,'97217',1.1),(26375,74,'97216',1.0),(26374,74,'97215',1.1),(26373,74,'97214',1.1),(26372,74,'97213',1.1),(26371,74,'97212',1.1),(26370,74,'97211',1.1),(26369,74,'97210',1.1),(26368,74,'97209',1.1),(26367,74,'97206',1.1),(26366,74,'97205',1.1),(26365,74,'97204',1.1),(26364,74,'97203',1.1),(26363,74,'97202',1.1),(26362,74,'97201',1.1),(26361,74,'97148',1.1),(26360,74,'97140',1.1),(26359,74,'97137',1.1),(26358,74,'97134',1.1),(26357,74,'97133',1.1),(26356,74,'97132',1.1),(26355,74,'97128',1.1),(26354,74,'97127',1.1),(26353,74,'97124',1.1),(26352,74,'97123',1.1),(26351,74,'97119',1.1),(26350,74,'97116',1.1),(26349,74,'97115',1.1),(26348,74,'97114',1.1),(26347,74,'97113',1.1),(26346,74,'97111',1.1),(26345,74,'97106',1.1),(26344,74,'97080',1.0),(26343,74,'97071',1.1),(26342,74,'97070',1.1),(26341,74,'97068',1.1),(26340,74,'97067',1.0),(26339,74,'97062',1.1),(26338,74,'97060',1.0),(26337,74,'97056',1.1),(26336,74,'97055',1.0),(26335,74,'97049',1.0),(26334,74,'97045',1.1),(26333,74,'97042',1.1),(26332,74,'97038',1.1),(26331,74,'97036',1.1),(26330,74,'97035',1.1),(26329,74,'97034',1.1),(26328,74,'97032',1.1),(26327,74,'97030',1.0),(26326,74,'97027',1.1),(26325,74,'97024',1.0),(26324,74,'97023',1.0),(26323,74,'97022',1.0),(26322,74,'97019',1.0),(26321,74,'97017',1.0),(26320,74,'97015',1.0),(26319,74,'97013',1.1),(26318,74,'97011',1.0),(26317,74,'97009',1.0),(26316,74,'97008',1.1),(26315,74,'97007',1.1),(26314,74,'97006',1.1),(26313,74,'97005',1.1),(26312,74,'97004',1.1),(26311,74,'97002',1.1),(26056,73,'97004',1.4),(26055,73,'97002',1.4),(26650,75,'97267',0.5),(26649,75,'97266',0.3),(26648,75,'97239',0.6),(26647,75,'97236',0.3),(26646,75,'97233',0.3),(26645,75,'97232',0.4),(26644,75,'97231',0.4),(26643,75,'97230',0.3),(26642,75,'97229',0.6),(26641,75,'97227',0.4),(26640,75,'97225',0.6),(26639,75,'97224',0.6),(26638,75,'97223',0.6),(26637,75,'97222',0.4),(26636,75,'97221',0.6),(26635,75,'97220',0.3),(26634,75,'97219',0.5),(26633,75,'97218',0.4),(26632,75,'97217',0.4),(26631,75,'97216',0.3),(26630,75,'97215',0.4),(26629,75,'97214',0.4),(26628,75,'97213',0.4),(26627,75,'97212',0.4),(26626,75,'97211',0.4),(26625,75,'97210',0.4),(26624,75,'97209',0.4),(26623,75,'97206',0.4),(26622,75,'97205',0.4),(26621,75,'97204',0.4),(26620,75,'97203',0.4),(26619,75,'97202',0.4),(26618,75,'97201',0.4),(26617,75,'97148',0.6),(26616,75,'97140',0.6),(26615,75,'97137',0.5),(26614,75,'97134',0.5),(26613,75,'97133',0.6),(26612,75,'97132',0.5),(26611,75,'97128',0.5),(26610,75,'97127',0.5),(26609,75,'97124',0.6),(26608,75,'97123',0.6),(26607,75,'97119',0.6),(26606,75,'97116',0.6),(26605,75,'97115',0.6),(26604,75,'97114',0.5),(26603,75,'97113',0.6),(26602,75,'97111',0.6),(26601,75,'97106',0.6),(26600,75,'97080',0.3),(26599,75,'97071',0.5),(26598,75,'97070',0.5),(26597,75,'97068',0.5),(26596,75,'97067',0.3),(26595,75,'97062',0.5),(26594,75,'97060',0.3),(26593,75,'97056',0.4),(26592,75,'97055',0.3),(26591,75,'97049',0.3),(26590,75,'97045',0.5),(26589,75,'97042',0.5),(26588,75,'97038',0.5),(26587,75,'97036',0.5),(26586,75,'97035',0.5),(26585,75,'97034',0.5),(26584,75,'97032',0.5),(26583,75,'97030',0.3),(26582,75,'97027',0.5),(26581,75,'97024',0.3),(26580,75,'97023',0.3),(26579,75,'97022',0.3),(26578,75,'97019',0.3),(26577,75,'97017',0.3),(26576,75,'97015',0.3),(26575,75,'97013',0.5),(26574,75,'97011',0.3),(26573,75,'97009',0.3),(26572,75,'97008',0.6),(26571,75,'97007',0.6),(26570,75,'97006',0.6),(26569,75,'97005',0.6),(26568,75,'97004',0.5),(26567,75,'97002',0.5),(26395,74,'97297',0.0),(26396,74,'<p>97',0.0),(26736,76,'97115',0.7),(26735,76,'97111',0.7),(26734,76,'97224',0.7),(26733,76,'97140',0.7),(26732,76,'97007',0.7),(26731,76,'97148',0.7),(26730,76,'97239',0.7),(26729,76,'97223',0.7),(26728,76,'97008',0.7),(26727,76,'97119',0.7),(26726,76,'97221',0.7),(26725,76,'97225',0.7),(26724,76,'97005',0.7),(26723,76,'97006',0.7),(26722,76,'97123',0.7),(26721,76,'97229',0.7),(26720,76,'97124',0.7),(26719,76,'97113',0.7),(26718,76,'97133',0.7),(26717,76,'97106',0.7),(26716,76,'97116',0.7),(26715,76,'97038',0.0),(26714,76,'97042',0.0),(26713,76,'97032',0.0),(26712,76,'97071',0.0),(26711,76,'97137',0.0),(26710,76,'97004',0.0),(26709,76,'97013',0.0),(26708,76,'97002',0.0),(26707,76,'97134',0.0),(26706,76,'97114',0.0),(26705,76,'97127',0.0),(26704,76,'97128',0.0),(26703,76,'97045',0.0),(26702,76,'97070',0.0),(26701,76,'97132',0.0),(26700,76,'97036',0.0),(26699,76,'97068',0.0),(26698,76,'97062',0.0),(26697,76,'97027',0.0),(26696,76,'97267',0.0),(26695,76,'97034',0.0),(26694,76,'97035',0.0),(26693,76,'97219',0.0),(26692,76,'97017',0.1),(26691,76,'97067',0.1),(26690,76,'97023',0.1),(26689,76,'97049',0.1),(26688,76,'97011',0.1),(26687,76,'97022',0.1),(26686,76,'97019',0.1),(26685,76,'97055',0.1),(26684,76,'97015',0.1),(26683,76,'97009',0.1),(26682,76,'97080',0.1),(26681,76,'97236',0.1),(26680,76,'97266',0.1),(26679,76,'97060',0.1),(26678,76,'97030',0.1),(26677,76,'97230',0.1),(26676,76,'97233',0.1),(26675,76,'97216',0.1),(26674,76,'97220',0.1),(26673,76,'97024',0.1),(26672,76,'97222',0.5),(26671,76,'97206',0.5),(26670,76,'97202',0.5),(26669,76,'97215',0.5),(26668,76,'97213',0.5),(26667,76,'97232',0.5),(26666,76,'97214',0.5),(26665,76,'97204',0.5),(26664,76,'97209',0.5),(26663,76,'97212',0.5),(26662,76,'97227',0.5),(26661,76,'97201',0.5),(26660,76,'97205',0.5),(26659,76,'97218',0.5),(26658,76,'97211',0.5),(26657,76,'97203',0.5),(26656,76,'97210',0.5),(26655,76,'97217',0.5),(26654,76,'97231',0.5),(26653,76,'97056',0.5),(26651,75,'97297',0.0),(26652,75,'<p>97',0.0),(26739,77,'97005',0.0),(26740,77,'97006',0.0),(26741,77,'97007',0.0),(26742,77,'97008',0.0),(26743,77,'97009',0.0),(26744,77,'97011',0.0),(26745,77,'97013',0.0),(26746,77,'97015',0.0),(26747,77,'97017',0.0),(26748,77,'97019',0.0),(26749,77,'97022',0.0),(26750,77,'97023',0.0),(26751,77,'97024',0.0),(26752,77,'97027',0.0),(26753,77,'97030',0.0),(26754,77,'97032',0.0),(26755,77,'97034',0.0),(26756,77,'97035',0.0),(26757,77,'97036',0.0),(26758,77,'97038',0.0),(26759,77,'97042',0.0),(26760,77,'97045',0.0),(26761,77,'97049',0.0),(26762,77,'97055',0.0),(26763,77,'97056',0.0),(26764,77,'97060',0.0),(26765,77,'97062',0.0),(26766,77,'97067',0.0),(26767,77,'97068',0.0),(26768,77,'97070',0.0),(26769,77,'97071',0.0),(26770,77,'97080',0.0),(26771,77,'97106',0.0),(26772,77,'97111',0.0),(26773,77,'97113',0.0),(26774,77,'97114',0.0),(26775,77,'97115',0.0),(26776,77,'97116',0.0),(26777,77,'97119',0.0),(26778,77,'97123',0.0),(26779,77,'97124',0.0),(26780,77,'97127',0.0),(26781,77,'97128',0.0),(26782,77,'97132',0.0),(26783,77,'97133',0.0),(26784,77,'97134',0.0),(26785,77,'97137',0.0),(26786,77,'97140',0.0),(26787,77,'97148',0.0),(26788,77,'97201',0.0),(26789,77,'97202',0.0),(26790,77,'97203',0.0),(26791,77,'97204',0.0),(26792,77,'97205',0.0),(26793,77,'97206',0.0),(26794,77,'97209',0.0),(26795,77,'97210',0.0),(26796,77,'97211',0.0),(26797,77,'97212',0.0),(26798,77,'97213',0.0),(26799,77,'97214',0.0),(26800,77,'97215',0.0),(26801,77,'97216',0.0),(26802,77,'97217',0.0),(26803,77,'97218',0.0),(26804,77,'97219',0.0),(26805,77,'97220',0.0),(26806,77,'97221',0.0),(26807,77,'97222',0.0),(26808,77,'97223',0.0),(26809,77,'97224',0.0),(26810,77,'97225',0.0),(26811,77,'97227',0.0),(26812,77,'97229',0.0),(26813,77,'97230',0.0),(26814,77,'97231',0.0),(26815,77,'97232',0.0),(26816,77,'97233',0.0),(26817,77,'97236',0.0),(26818,77,'97239',0.0),(26819,77,'97266',0.0),(26820,77,'97267',0.0),(26821,77,'97297',0.0),(26822,77,'<p>97',0.0),(26823,78,'97002',0.0),(26824,78,'97004',0.0),(26825,78,'97005',0.0),(26826,78,'97006',0.0),(26827,78,'97007',0.0),(26828,78,'97008',0.0),(26829,78,'97009',0.0),(26830,78,'97011',0.0),(26831,78,'97013',0.0),(26832,78,'97015',0.0),(26833,78,'97017',0.0),(26834,78,'97019',0.0),(26835,78,'97022',0.0),(26836,78,'97023',0.0),(26837,78,'97024',0.0),(26838,78,'97027',0.0),(26839,78,'97030',0.0),(26840,78,'97032',0.0),(26841,78,'97034',0.0),(26842,78,'97035',0.0),(26843,78,'97036',0.0),(26844,78,'97038',0.0),(26845,78,'97042',0.0),(26846,78,'97045',0.0),(26847,78,'97049',0.0),(26848,78,'97055',0.0),(26849,78,'97056',0.0),(26850,78,'97060',0.0),(26851,78,'97062',0.0),(26852,78,'97067',0.0),(26853,78,'97068',0.0),(26854,78,'97070',0.0),(26855,78,'97071',0.0),(26856,78,'97080',0.0),(26857,78,'97106',0.0),(26858,78,'97111',0.0),(26859,78,'97113',0.0),(26860,78,'97114',0.0),(26861,78,'97115',0.0),(26862,78,'97116',0.0),(26863,78,'97119',0.0),(26864,78,'97123',0.0),(26865,78,'97124',0.0),(26866,78,'97127',0.0),(26867,78,'97128',0.0),(26868,78,'97132',0.0),(26869,78,'97133',0.0),(26870,78,'97134',0.0),(26871,78,'97137',0.0),(26872,78,'97140',0.0),(26873,78,'97148',0.0),(26874,78,'97201',0.0),(26875,78,'97202',0.0),(26876,78,'97203',0.0),(26877,78,'97204',0.0),(26878,78,'97205',0.0),(26879,78,'97206',0.0),(26880,78,'97209',0.0),(26881,78,'97210',0.0),(26882,78,'97211',0.0),(26883,78,'97212',0.0),(26884,78,'97213',0.0),(26885,78,'97214',0.0),(26886,78,'97215',0.0),(26887,78,'97216',0.0),(26888,78,'97217',0.0),(26889,78,'97218',0.0),(26890,78,'97219',0.0),(26891,78,'97220',0.0),(26892,78,'97221',0.0),(26893,78,'97222',0.0),(26894,78,'97223',0.0),(26895,78,'97224',0.0),(26896,78,'97225',0.0),(26897,78,'97227',0.0),(26898,78,'97229',0.0),(26899,78,'97230',0.0),(26900,78,'97231',0.0),(26901,78,'97232',0.0),(26902,78,'97233',0.0),(26903,78,'97236',0.0),(26904,78,'97239',0.0),(26905,78,'97266',0.0),(26906,78,'97267',0.0),(26907,78,'97297',0.0),(26908,78,'<p>97',0.0),(26909,79,'97056',0.0),(26910,79,'97231',0.0),(26911,79,'97217',0.0),(26912,79,'97210',0.0),(26913,79,'97203',0.0),(26914,79,'97211',0.0),(26915,79,'97218',0.0),(26916,79,'97205',0.0),(26917,79,'97201',0.0),(26918,79,'97227',0.0),(26919,79,'97212',0.0),(26920,79,'97209',0.0),(26921,79,'97204',0.0),(26922,79,'97214',0.0),(26923,79,'97232',0.0),(26924,79,'97213',0.0),(26925,79,'97215',0.0),(26926,79,'97202',0.0),(26927,79,'97206',0.0),(26928,79,'97222',0.0),(26929,79,'97024',0.1),(26930,79,'97220',0.1),(26931,79,'97216',0.1),(26932,79,'97233',0.1),(26933,79,'97230',0.1),(26934,79,'97030',0.1),(26935,79,'97060',0.1),(26936,79,'97266',0.1),(26937,79,'97236',0.1),(26938,79,'97080',0.1),(26939,79,'97009',0.1),(26940,79,'97015',0.1),(26941,79,'97055',0.1),(26942,79,'97019',0.1),(26943,79,'97022',0.1),(26944,79,'97011',0.1),(26945,79,'97049',0.1),(26946,79,'97023',0.1),(26947,79,'97067',0.1),(26948,79,'97017',0.1),(26949,79,'97219',0.2),(26950,79,'97035',0.2),(26951,79,'97034',0.2),(26952,79,'97267',0.2),(26953,79,'97027',0.2),(26954,79,'97062',0.2),(26955,79,'97068',0.2),(26956,79,'97036',0.2),(26957,79,'97132',0.2),(26958,79,'97070',0.2),(26959,79,'97045',0.2),(26960,79,'97128',0.2),(26961,79,'97127',0.2),(26962,79,'97114',0.2),(26963,79,'97134',0.2),(26964,79,'97002',0.2),(26965,79,'97013',0.2),(26966,79,'97004',0.2),(26967,79,'97137',0.2),(26968,79,'97071',0.2),(26969,79,'97032',0.2),(26970,79,'97042',0.2),(26971,79,'97038',0.2),(26972,79,'97116',0.4),(26973,79,'97106',0.4),(26974,79,'97133',0.4),(26975,79,'97113',0.4),(26976,79,'97124',0.4),(26977,79,'97229',0.4),(26978,79,'97123',0.4),(26979,79,'97006',0.4),(26980,79,'97005',0.4),(26981,79,'97225',0.4),(26982,79,'97221',0.4),(26983,79,'97119',0.4),(26984,79,'97008',0.4),(26985,79,'97223',0.4),(26986,79,'97239',0.4),(26987,79,'97148',0.4),(26988,79,'97007',0.4),(26989,79,'97140',0.4),(26990,79,'97224',0.4),(26991,79,'97111',0.4),(26992,79,'97115',0.4),(26993,80,'97002',0.0),(26994,80,'97004',0.0),(26995,80,'97005',0.0),(26996,80,'97006',0.0),(26997,80,'97007',0.0),(26998,80,'97008',0.0),(26999,80,'97009',0.0),(27000,80,'97011',0.0),(27001,80,'97013',0.0),(27002,80,'97015',0.0),(27003,80,'97017',0.0),(27004,80,'97019',0.0),(27005,80,'97022',0.0),(27006,80,'97023',0.0),(27007,80,'97024',0.0),(27008,80,'97027',0.0),(27009,80,'97030',0.0),(27010,80,'97032',0.0),(27011,80,'97034',0.0),(27012,80,'97035',0.0),(27013,80,'97036',0.0),(27014,80,'97038',0.0),(27015,80,'97042',0.0),(27016,80,'97045',0.0),(27017,80,'97049',0.0),(27018,80,'97055',0.0),(27019,80,'97056',0.0),(27020,80,'97060',0.0),(27021,80,'97062',0.0),(27022,80,'97067',0.0),(27023,80,'97068',0.0),(27024,80,'97070',0.0),(27025,80,'97071',0.0),(27026,80,'97080',0.0),(27027,80,'97106',0.0),(27028,80,'97111',0.0),(27029,80,'97113',0.0),(27030,80,'97114',0.0),(27031,80,'97115',0.0),(27032,80,'97116',0.0),(27033,80,'97119',0.0),(27034,80,'97123',0.0),(27035,80,'97124',0.0),(27036,80,'97127',0.0),(27037,80,'97128',0.0),(27038,80,'97132',0.0),(27039,80,'97133',0.0),(27040,80,'97134',0.0),(27041,80,'97137',0.0),(27042,80,'97140',0.0),(27043,80,'97148',0.0),(27044,80,'97201',0.0),(27045,80,'97202',0.0),(27046,80,'97203',0.0),(27047,80,'97204',0.0),(27048,80,'97205',0.0),(27049,80,'97206',0.0),(27050,80,'97209',0.0),(27051,80,'97210',0.0),(27052,80,'97211',0.0),(27053,80,'97212',0.0),(27054,80,'97213',0.0),(27055,80,'97214',0.0),(27056,80,'97215',0.0),(27057,80,'97216',0.0),(27058,80,'97217',0.0),(27059,80,'97218',0.0),(27060,80,'97219',0.0),(27061,80,'97220',0.0),(27062,80,'97221',0.0),(27063,80,'97222',0.0),(27064,80,'97223',0.0),(27065,80,'97224',0.0),(27066,80,'97225',0.0),(27067,80,'97227',0.0),(27068,80,'97229',0.0),(27069,80,'97230',0.0),(27070,80,'97231',0.0),(27071,80,'97232',0.0),(27072,80,'97233',0.0),(27073,80,'97236',0.0),(27074,80,'97239',0.0),(27075,80,'97266',0.0),(27076,80,'97267',0.0),(27077,80,'97297',0.0),(27078,80,'<p>97',0.0),(27420,81,'<p>97',0.0),(27419,81,'97297',0.0),(27418,81,'97267',0.0),(27417,81,'97266',0.0),(27416,81,'97239',0.0),(27415,81,'97236',0.0),(27414,81,'97233',0.0),(27413,81,'97232',0.0),(27412,81,'97231',0.0),(27411,81,'97230',0.0),(27410,81,'97229',0.0),(27409,81,'97227',0.0),(27408,81,'97225',0.0),(27407,81,'97224',0.0),(27406,81,'97223',0.0),(27405,81,'97222',0.0),(27404,81,'97221',0.0),(27403,81,'97220',0.0),(27402,81,'97219',0.0),(27401,81,'97218',0.0),(27400,81,'97217',0.0),(27399,81,'97216',0.0),(27398,81,'97215',0.0),(27397,81,'97214',0.0),(27396,81,'97213',0.0),(27395,81,'97212',0.0),(27394,81,'97211',0.0),(27393,81,'97210',0.0),(27392,81,'97209',0.0),(27391,81,'97206',0.0),(27390,81,'97205',0.0),(27389,81,'97204',0.0),(27388,81,'97203',0.0),(27387,81,'97202',0.0),(27386,81,'97201',0.0),(27385,81,'97148',0.0),(27384,81,'97140',0.0),(27383,81,'97137',0.0),(27382,81,'97134',0.0),(27381,81,'97133',0.0),(27380,81,'97132',0.0),(27379,81,'97128',0.0),(27378,81,'97127',0.0),(27377,81,'97124',0.0),(27376,81,'97123',0.0),(27375,81,'97119',0.0),(27374,81,'97116',0.0),(27373,81,'97115',0.0),(27372,81,'97114',0.0),(27371,81,'97113',0.0),(27370,81,'97111',0.0),(27369,81,'97106',0.0),(27368,81,'97080',0.0),(27367,81,'97071',0.0),(27366,81,'97070',0.0),(27365,81,'97068',0.0),(27364,81,'97067',0.0),(27363,81,'97062',0.0),(27362,81,'97060',0.0),(27361,81,'97056',0.0),(27360,81,'97055',0.0),(27359,81,'97049',0.0),(27358,81,'97045',0.0),(27357,81,'97042',0.0),(27356,81,'97038',0.0),(27355,81,'97036',0.0),(27354,81,'97035',0.0),(27353,81,'97034',0.0),(27352,81,'97032',0.0),(27351,81,'97030',0.0),(27350,81,'97027',0.0),(27349,81,'97024',0.0),(27348,81,'97023',0.0),(27347,81,'97022',0.0),(27346,81,'97019',0.0),(27345,81,'97017',0.0),(27344,81,'97015',0.0),(27343,81,'97013',0.0),(27342,81,'97011',0.0),(27341,81,'97009',0.0),(27340,81,'97008',0.0),(27339,81,'97007',0.0),(27338,81,'97006',0.0),(27337,81,'97005',0.0),(27336,81,'97004',0.0),(27335,81,'97002',0.0),(27678,82,'<p>97',0.0),(27677,82,'97297',0.0),(27676,82,'97267',0.6),(27675,82,'97266',0.0),(27674,82,'97239',0.3),(27673,82,'97236',0.0),(27672,82,'97233',0.0),(27671,82,'97232',0.2),(27670,82,'97231',0.2),(27669,82,'97230',0.0),(27668,82,'97229',0.3),(27667,82,'97227',0.2),(27666,82,'97225',0.3),(27665,82,'97224',0.3),(27664,82,'97223',0.3),(27663,82,'97222',0.2),(27662,82,'97221',0.3),(27661,82,'97220',0.0),(27660,82,'97219',0.6),(27659,82,'97218',0.2),(27658,82,'97217',0.2),(27657,82,'97216',0.0),(27656,82,'97215',0.2),(27655,82,'97214',0.2),(27654,82,'97213',0.2),(27653,82,'97212',0.2),(27652,82,'97211',0.2),(27651,82,'97210',0.2),(27650,82,'97209',0.2),(27649,82,'97206',0.2),(27648,82,'97205',0.2),(27647,82,'97204',0.2),(27646,82,'97203',0.2),(27645,82,'97202',0.2),(27644,82,'97201',0.2),(27643,82,'97148',0.3),(27642,82,'97140',0.3),(27641,82,'97137',0.6),(27640,82,'97134',0.6),(27639,82,'97133',0.3),(27638,82,'97132',0.6),(27637,82,'97128',0.6),(27636,82,'97127',0.6),(27635,82,'97124',0.3),(27634,82,'97123',0.3),(27633,82,'97119',0.3),(27632,82,'97116',0.3),(27631,82,'97115',0.3),(27630,82,'97114',0.6),(27629,82,'97113',0.3),(27628,82,'97111',0.3),(27627,82,'97106',0.3),(27626,82,'97080',0.0),(27625,82,'97071',0.6),(27624,82,'97070',0.6),(27623,82,'97068',0.6),(27622,82,'97067',0.0),(27621,82,'97062',0.6),(27620,82,'97060',0.0),(27619,82,'97056',0.2),(27618,82,'97055',0.0),(27617,82,'97049',0.0),(27616,82,'97045',0.6),(27615,82,'97042',0.6),(27614,82,'97038',0.6),(27613,82,'97036',0.6),(27612,82,'97035',0.6),(27611,82,'97034',0.6),(27610,82,'97032',0.6),(27609,82,'97030',0.0),(27608,82,'97027',0.6),(27607,82,'97024',0.0),(27606,82,'97023',0.0),(27605,82,'97022',0.0),(27604,82,'97019',0.0),(27603,82,'97017',0.0),(27602,82,'97015',0.0),(27601,82,'97013',0.6),(27600,82,'97011',0.0),(27599,82,'97009',0.0),(27598,82,'97008',0.3),(27597,82,'97007',0.3),(27596,82,'97006',0.3),(27595,82,'97005',0.3),(28702,86,'<p>97',0.0),(28701,86,'97297',0.0),(27932,83,'97267',1.6),(27931,83,'97266',1.6),(27930,83,'97239',1.5),(27929,83,'97236',1.6),(27928,83,'97233',1.6),(27927,83,'97232',1.6),(27926,83,'97231',1.6),(27925,83,'97230',1.6),(27924,83,'97229',1.5),(27923,83,'97227',1.6),(27922,83,'97225',1.5),(27921,83,'97224',1.5),(27920,83,'97223',1.5),(27919,83,'97222',1.6),(27918,83,'97221',1.5),(27917,83,'97220',1.6),(27916,83,'97219',1.6),(27915,83,'97218',1.6),(27914,83,'97217',1.6),(27913,83,'97216',1.6),(27912,83,'97215',1.6),(27911,83,'97214',1.6),(27910,83,'97213',1.6),(27909,83,'97212',1.6),(27908,83,'97211',1.6),(27907,83,'97210',1.6),(27906,83,'97209',1.6),(27905,83,'97206',1.6),(27904,83,'97205',1.6),(27903,83,'97204',1.6),(27902,83,'97203',1.6),(27901,83,'97202',1.6),(27900,83,'97201',1.6),(27899,83,'97148',1.5),(27898,83,'97140',1.5),(27897,83,'97137',1.6),(27896,83,'97134',1.6),(27895,83,'97133',1.5),(27894,83,'97132',1.6),(27893,83,'97128',1.6),(27892,83,'97127',1.6),(27891,83,'97124',1.5),(27890,83,'97123',1.5),(27889,83,'97119',1.5),(27888,83,'97116',1.5),(27887,83,'97115',1.5),(27886,83,'97114',1.6),(27885,83,'97113',1.5),(27884,83,'97111',1.5),(27883,83,'97106',1.5),(27882,83,'97080',1.6),(27881,83,'97071',1.6),(27880,83,'97070',1.6),(27879,83,'97068',1.6),(27878,83,'97067',1.6),(27877,83,'97062',1.6),(27876,83,'97060',1.6),(27875,83,'97056',1.6),(27874,83,'97055',1.6),(27873,83,'97049',1.6),(27872,83,'97045',1.6),(27871,83,'97042',1.6),(27870,83,'97038',1.6),(27869,83,'97036',1.6),(27868,83,'97035',1.6),(27867,83,'97034',1.6),(27866,83,'97032',1.6),(27865,83,'97030',1.6),(27864,83,'97027',1.6),(27863,83,'97024',1.6),(27862,83,'97023',1.6),(27861,83,'97022',1.6),(27860,83,'97019',1.6),(27859,83,'97017',1.6),(27858,83,'97015',1.6),(27857,83,'97013',1.6),(27856,83,'97011',1.6),(27855,83,'97009',1.6),(27854,83,'97008',1.5),(27853,83,'97007',1.5),(27852,83,'97006',1.5),(27851,83,'97005',1.5),(27850,83,'97004',1.6),(27849,83,'97002',1.6),(27594,82,'97004',0.6),(27593,82,'97002',0.6),(28188,84,'97267',0.0),(28187,84,'97266',0.1),(28186,84,'97239',0.0),(28185,84,'97236',0.1),(28184,84,'97233',0.1),(28183,84,'97232',0.3),(28182,84,'97231',0.3),(28181,84,'97230',0.1),(28180,84,'97229',0.0),(28179,84,'97227',0.3),(28178,84,'97225',0.0),(28177,84,'97224',0.0),(28176,84,'97223',0.0),(28175,84,'97222',0.3),(28174,84,'97221',0.0),(28173,84,'97220',0.1),(28172,84,'97219',0.0),(28171,84,'97218',0.3),(28170,84,'97217',0.3),(28169,84,'97216',0.1),(28168,84,'97215',0.3),(28167,84,'97214',0.3),(28166,84,'97213',0.3),(28165,84,'97212',0.3),(28164,84,'97211',0.3),(28163,84,'97210',0.3),(28162,84,'97209',0.3),(28161,84,'97206',0.3),(28160,84,'97205',0.3),(28159,84,'97204',0.3),(28158,84,'97203',0.3),(28157,84,'97202',0.3),(28156,84,'97201',0.3),(28155,84,'97148',0.0),(28154,84,'97140',0.0),(28153,84,'97137',0.0),(28152,84,'97134',0.0),(28151,84,'97133',0.0),(28150,84,'97132',0.0),(28149,84,'97128',0.0),(28148,84,'97127',0.0),(28147,84,'97124',0.0),(28146,84,'97123',0.0),(28145,84,'97119',0.0),(28144,84,'97116',0.0),(28143,84,'97115',0.0),(28142,84,'97114',0.0),(28141,84,'97113',0.0),(28140,84,'97111',0.0),(28139,84,'97106',0.0),(28138,84,'97080',0.1),(28137,84,'97071',0.0),(28136,84,'97070',0.0),(28135,84,'97068',0.0),(28134,84,'97067',0.1),(28133,84,'97062',0.0),(28132,84,'97060',0.1),(28131,84,'97056',0.3),(28130,84,'97055',0.1),(28129,84,'97049',0.1),(28128,84,'97045',0.0),(28127,84,'97042',0.0),(28126,84,'97038',0.0),(28125,84,'97036',0.0),(28124,84,'97035',0.0),(28123,84,'97034',0.0),(28122,84,'97032',0.0),(28121,84,'97030',0.1),(28120,84,'97027',0.0),(28119,84,'97024',0.1),(28118,84,'97023',0.1),(28117,84,'97022',0.1),(28116,84,'97019',0.1),(28115,84,'97017',0.1),(28114,84,'97015',0.1),(28113,84,'97013',0.0),(28112,84,'97011',0.1),(28111,84,'97009',0.1),(28110,84,'97008',0.0),(28109,84,'97007',0.0),(28108,84,'97006',0.0),(28107,84,'97005',0.0),(28106,84,'97004',0.0),(28105,84,'97002',0.0),(27933,83,'97297',0.0),(27934,83,'<p>97',0.0),(28274,85,'97115',0.5),(28273,85,'97111',0.5),(28272,85,'97224',0.5),(28271,85,'97140',0.5),(28270,85,'97007',0.5),(28269,85,'97148',0.5),(28268,85,'97239',0.5),(28267,85,'97223',0.5),(28266,85,'97008',0.5),(28265,85,'97119',0.5),(28264,85,'97221',0.5),(28263,85,'97225',0.5),(28262,85,'97005',0.5),(28261,85,'97006',0.5),(28260,85,'97123',0.5),(28259,85,'97229',0.5),(28258,85,'97124',0.5),(28257,85,'97113',0.5),(28256,85,'97133',0.5),(28255,85,'97106',0.5),(28254,85,'97116',0.5),(28253,85,'97038',0.0),(28252,85,'97042',0.0),(28251,85,'97032',0.0),(28250,85,'97071',0.0),(28249,85,'97137',0.0),(28248,85,'97004',0.0),(28247,85,'97013',0.0),(28246,85,'97002',0.0),(28245,85,'97134',0.0),(28244,85,'97114',0.0),(28243,85,'97127',0.0),(28242,85,'97128',0.0),(28241,85,'97045',0.0),(28240,85,'97070',0.0),(28239,85,'97132',0.0),(28238,85,'97036',0.0),(28237,85,'97068',0.0),(28236,85,'97062',0.0),(28235,85,'97027',0.0),(28234,85,'97267',0.0),(28233,85,'97034',0.0),(28232,85,'97035',0.0),(28231,85,'97219',0.0),(28230,85,'97017',0.0),(28229,85,'97067',0.0),(28228,85,'97023',0.0),(28227,85,'97049',0.0),(28226,85,'97011',0.0),(28225,85,'97022',0.0),(28224,85,'97019',0.0),(28223,85,'97055',0.0),(28222,85,'97015',0.0),(28221,85,'97009',0.0),(28220,85,'97080',0.0),(28219,85,'97236',0.0),(28218,85,'97266',0.0),(28217,85,'97060',0.0),(28216,85,'97030',0.0),(28215,85,'97230',0.0),(28214,85,'97233',0.0),(28213,85,'97216',0.0),(28212,85,'97220',0.0),(28211,85,'97024',0.0),(28210,85,'97222',0.0),(28209,85,'97206',0.0),(28208,85,'97202',0.0),(28207,85,'97215',0.0),(28206,85,'97213',0.0),(28205,85,'97232',0.0),(28204,85,'97214',0.0),(28203,85,'97204',0.0),(28202,85,'97209',0.0),(28201,85,'97212',0.0),(28200,85,'97227',0.0),(28199,85,'97201',0.0),(28198,85,'97205',0.0),(28197,85,'97218',0.0),(28196,85,'97211',0.0),(28195,85,'97203',0.0),(28194,85,'97210',0.0),(28193,85,'97217',0.0),(28192,85,'97231',0.0),(28191,85,'97056',0.0),(28189,84,'97297',0.0),(28190,84,'<p>97',0.0),(28700,86,'97267',0.0),(28699,86,'97266',0.0),(28698,86,'97239',0.0),(28697,86,'97236',0.0),(28696,86,'97233',0.0),(28695,86,'97232',0.0),(28694,86,'97231',0.0),(28693,86,'97230',0.0),(28692,86,'97229',0.0),(28691,86,'97227',0.0),(28690,86,'97225',0.0),(28689,86,'97224',0.0),(28688,86,'97223',0.0),(28687,86,'97222',0.0),(28686,86,'97221',0.0),(28685,86,'97220',0.0),(28684,86,'97219',0.0),(28683,86,'97218',0.0),(28682,86,'97217',0.0),(28681,86,'97216',0.0),(28680,86,'97215',0.0),(28679,86,'97214',0.0),(28678,86,'97213',0.0),(28677,86,'97212',0.0),(28676,86,'97211',0.0),(28675,86,'97210',0.0),(28674,86,'97209',0.0),(28673,86,'97206',0.0),(28672,86,'97205',0.0),(28671,86,'97204',0.0),(28670,86,'97203',0.0),(28669,86,'97202',0.0),(28668,86,'97201',0.0),(28667,86,'97148',0.0),(28666,86,'97140',0.0),(28665,86,'97137',0.0),(28664,86,'97134',0.0),(28663,86,'97133',0.0),(28662,86,'97132',0.0),(28661,86,'97128',0.0),(28660,86,'97127',0.0),(28659,86,'97124',0.0),(28658,86,'97123',0.0),(28657,86,'97119',0.0),(28656,86,'97116',0.0),(28655,86,'97115',0.0),(28654,86,'97114',0.0),(28653,86,'97113',0.0),(28652,86,'97111',0.0),(28651,86,'97106',0.0),(28650,86,'97080',0.0),(28649,86,'97071',0.0),(28648,86,'97070',0.0),(28647,86,'97068',0.0),(28646,86,'97067',0.0),(28645,86,'97062',0.0),(28644,86,'97060',0.0),(28643,86,'97056',0.0),(28642,86,'97055',0.0),(28641,86,'97049',0.0),(28640,86,'97045',0.0),(28639,86,'97042',0.0),(28638,86,'97038',0.0),(28637,86,'97036',0.0),(28636,86,'97035',0.0),(28635,86,'97034',0.0),(28634,86,'97032',0.0),(28633,86,'97030',0.0),(28632,86,'97027',0.0),(28631,86,'97024',0.0),(28630,86,'97023',0.0),(28629,86,'97022',0.0),(28628,86,'97019',0.0),(28627,86,'97017',0.0),(28626,86,'97015',0.0),(28625,86,'97013',0.0),(28624,86,'97011',0.0),(28623,86,'97009',0.0),(28622,86,'97008',0.0),(28621,86,'97007',0.0),(28620,86,'97006',0.0),(28619,86,'97005',0.0),(28618,86,'97004',0.0),(28617,86,'97002',0.0),(28786,87,'97267',0.2),(28785,87,'97266',0.0),(28784,87,'97239',0.2),(28783,87,'97236',0.0),(28782,87,'97233',0.0),(28781,87,'97232',0.0),(28780,87,'97231',0.0),(28779,87,'97230',0.0),(28778,87,'97229',0.2),(28777,87,'97227',0.0),(28776,87,'97225',0.2),(28775,87,'97224',0.2),(28774,87,'97223',0.2),(28773,87,'97222',0.0),(28772,87,'97221',0.2),(28771,87,'97220',0.0),(28770,87,'97219',0.2),(28769,87,'97218',0.0),(28768,87,'97217',0.0),(28767,87,'97216',0.0),(28766,87,'97215',0.0),(28765,87,'97214',0.0),(28764,87,'97213',0.0),(28763,87,'97212',0.0),(28762,87,'97211',0.0),(28761,87,'97210',0.0),(28760,87,'97209',0.0),(28759,87,'97206',0.0),(28758,87,'97205',0.0),(28757,87,'97204',0.0),(28756,87,'97203',0.0),(28755,87,'97202',0.0),(28754,87,'97201',0.0),(28753,87,'97148',0.2),(28752,87,'97140',0.2),(28751,87,'97137',0.2),(28750,87,'97134',0.2),(28749,87,'97133',0.2),(28748,87,'97132',0.2),(28747,87,'97128',0.2),(28746,87,'97127',0.2),(28745,87,'97124',0.2),(28744,87,'97123',0.2),(28743,87,'97119',0.2),(28742,87,'97116',0.2),(28741,87,'97115',0.2),(28740,87,'97114',0.2),(28739,87,'97113',0.2),(28738,87,'97111',0.2),(28737,87,'97106',0.2),(28736,87,'97080',0.0),(28735,87,'97071',0.2),(28734,87,'97070',0.2),(28733,87,'97068',0.2),(28732,87,'97067',0.0),(28731,87,'97062',0.2),(28730,87,'97060',0.0),(28729,87,'97056',0.0),(28728,87,'97055',0.0),(28727,87,'97049',0.0),(28726,87,'97045',0.2),(28725,87,'97042',0.2),(28724,87,'97038',0.2),(28723,87,'97036',0.2),(28722,87,'97035',0.2),(28721,87,'97034',0.2),(28720,87,'97032',0.2),(28719,87,'97030',0.0),(28718,87,'97027',0.2),(28717,87,'97024',0.0),(28716,87,'97023',0.0),(28715,87,'97022',0.0),(28714,87,'97019',0.0),(28713,87,'97017',0.0),(28712,87,'97015',0.0),(28711,87,'97013',0.2),(28710,87,'97011',0.0),(28709,87,'97009',0.0),(28708,87,'97008',0.2),(28707,87,'97007',0.2),(28706,87,'97006',0.2),(28705,87,'97005',0.2),(28704,87,'97004',0.2),(28703,87,'97002',0.2),(28960,88,'<p>97',0.0),(28959,88,'97297',0.0),(28958,88,'97267',0.0),(28957,88,'97266',0.0),(28956,88,'97239',0.0),(28955,88,'97236',0.0),(28954,88,'97233',0.0),(28953,88,'97232',0.0),(28952,88,'97231',0.0),(28951,88,'97230',0.0),(28950,88,'97229',0.0),(28949,88,'97227',0.0),(28948,88,'97225',0.0),(28947,88,'97224',0.0),(28946,88,'97223',0.0),(28945,88,'97222',0.0),(28944,88,'97221',0.0),(28943,88,'97220',0.0),(28942,88,'97219',0.0),(28941,88,'97218',0.0),(28940,88,'97217',0.0),(28939,88,'97216',0.0),(28938,88,'97215',0.0),(28937,88,'97214',0.0),(28936,88,'97213',0.0),(28935,88,'97212',0.0),(28934,88,'97211',0.0),(28933,88,'97210',0.0),(28932,88,'97209',0.0),(28931,88,'97206',0.0),(28930,88,'97205',0.0),(28929,88,'97204',0.0),(28928,88,'97203',0.0),(28927,88,'97202',0.0),(28926,88,'97201',0.0),(28925,88,'97148',0.0),(28924,88,'97140',0.0),(28923,88,'97137',0.0),(28922,88,'97134',0.0),(28921,88,'97133',0.0),(28920,88,'97132',0.0),(28919,88,'97128',0.0),(28918,88,'97127',0.0),(28917,88,'97124',0.0),(28916,88,'97123',0.0),(28915,88,'97119',0.0),(28914,88,'97116',0.0),(28913,88,'97115',0.0),(28912,88,'97114',0.0),(28911,88,'97113',0.0),(28910,88,'97111',0.0),(28909,88,'97106',0.0),(28908,88,'97080',0.0),(28907,88,'97071',0.0),(28906,88,'97070',0.0),(28905,88,'97068',0.0),(28904,88,'97067',0.0),(28903,88,'97062',0.0),(28902,88,'97060',0.0),(28901,88,'97056',0.0),(28900,88,'97055',0.0),(28899,88,'97049',0.0),(28898,88,'97045',0.0),(28897,88,'97042',0.0),(28896,88,'97038',0.0),(28895,88,'97036',0.0),(28894,88,'97035',0.0),(28893,88,'97034',0.0),(28892,88,'97032',0.0),(28891,88,'97030',0.0),(28890,88,'97027',0.0),(28889,88,'97024',0.0),(28888,88,'97023',0.0),(28887,88,'97022',0.0),(28886,88,'97019',0.0),(28885,88,'97017',0.0),(28884,88,'97015',0.0),(28883,88,'97013',0.0),(28882,88,'97011',0.0),(28881,88,'97009',0.0),(28880,88,'97008',0.0),(28879,88,'97007',0.0),(28878,88,'97006',0.0),(28877,88,'97005',0.0),(28876,88,'97004',0.0),(28875,88,'97002',0.0),(28787,87,'97297',0.0),(28788,87,'<p>97',0.0),(29214,89,'97267',0.3),(29213,89,'97266',0.0),(29212,89,'97239',0.5),(29211,89,'97236',0.0),(29210,89,'97233',0.0),(29209,89,'97232',0.0),(29208,89,'97231',0.0),(29207,89,'97230',0.0),(29206,89,'97229',0.5),(29205,89,'97227',0.0),(29204,89,'97225',0.5),(29203,89,'97224',0.5),(29202,89,'97223',0.5),(29201,89,'97222',0.0),(29200,89,'97221',0.5),(29199,89,'97220',0.0),(29198,89,'97219',0.3),(29197,89,'97218',0.0),(29196,89,'97217',0.0),(29195,89,'97216',0.0),(29194,89,'97215',0.0),(29193,89,'97214',0.0),(29192,89,'97213',0.0),(29191,89,'97212',0.0),(29190,89,'97211',0.0),(29189,89,'97210',0.0),(29188,89,'97209',0.0),(29187,89,'97206',0.0),(29186,89,'97205',0.0),(29185,89,'97204',0.0),(29184,89,'97203',0.0),(29183,89,'97202',0.0),(29182,89,'97201',0.0),(29181,89,'97148',0.5),(29180,89,'97140',0.5),(29179,89,'97137',0.3),(29178,89,'97134',0.3),(29177,89,'97133',0.5),(29176,89,'97132',0.3),(29175,89,'97128',0.3),(29174,89,'97127',0.3),(29173,89,'97124',0.5),(29172,89,'97123',0.5),(29171,89,'97119',0.5),(29170,89,'97116',0.5),(29169,89,'97115',0.5),(29168,89,'97114',0.3),(29167,89,'97113',0.5),(29166,89,'97111',0.5),(29165,89,'97106',0.5),(29164,89,'97080',0.0),(29163,89,'97071',0.3),(29162,89,'97070',0.3),(29161,89,'97068',0.3),(29160,89,'97067',0.0),(29159,89,'97062',0.3),(29158,89,'97060',0.0),(29157,89,'97056',0.0),(29156,89,'97055',0.0),(29155,89,'97049',0.0),(29154,89,'97045',0.3),(29153,89,'97042',0.3),(29152,89,'97038',0.3),(29151,89,'97036',0.3),(29150,89,'97035',0.3),(29149,89,'97034',0.3),(29148,89,'97032',0.3),(29147,89,'97030',0.0),(29146,89,'97027',0.3),(29145,89,'97024',0.0),(29144,89,'97023',0.0),(29143,89,'97022',0.0),(29142,89,'97019',0.0),(29141,89,'97017',0.0),(29140,89,'97015',0.0),(29139,89,'97013',0.3),(29138,89,'97011',0.0),(29137,89,'97009',0.0),(29136,89,'97008',0.5),(29135,89,'97007',0.5),(29134,89,'97006',0.5),(29133,89,'97005',0.5),(29132,89,'97004',0.3),(29131,89,'97002',0.3),(33402,105,'97004',0.0),(33401,105,'97002',0.0),(29470,90,'97267',0.4),(29469,90,'97266',0.4),(29468,90,'97239',0.9),(29467,90,'97236',0.4),(29466,90,'97233',0.4),(29465,90,'97232',0.9),(29464,90,'97231',0.9),(29463,90,'97230',0.4),(29462,90,'97229',0.9),(29461,90,'97227',0.9),(29460,90,'97225',0.9),(29459,90,'97224',0.9),(29458,90,'97223',0.9),(29457,90,'97222',0.9),(29456,90,'97221',0.9),(29455,90,'97220',0.4),(29454,90,'97219',0.4),(29453,90,'97218',0.9),(29452,90,'97217',0.9),(29451,90,'97216',0.4),(29450,90,'97215',0.9),(29449,90,'97214',0.9),(29448,90,'97213',0.9),(29447,90,'97212',0.9),(29446,90,'97211',0.9),(29445,90,'97210',0.9),(29444,90,'97209',0.9),(29443,90,'97206',0.9),(29442,90,'97205',0.9),(29441,90,'97204',0.9),(29440,90,'97203',0.9),(29439,90,'97202',0.9),(29438,90,'97201',0.9),(29437,90,'97148',0.9),(29436,90,'97140',0.9),(29435,90,'97137',0.4),(29434,90,'97134',0.4),(29433,90,'97133',0.9),(29432,90,'97132',0.4),(29431,90,'97128',0.4),(29430,90,'97127',0.4),(29429,90,'97124',0.9),(29428,90,'97123',0.9),(29427,90,'97119',0.9),(29426,90,'97116',0.9),(29425,90,'97115',0.9),(29424,90,'97114',0.4),(29423,90,'97113',0.9),(29422,90,'97111',0.9),(29421,90,'97106',0.9),(29420,90,'97080',0.4),(29419,90,'97071',0.4),(29418,90,'97070',0.4),(29417,90,'97068',0.4),(29416,90,'97067',0.4),(29415,90,'97062',0.4),(29414,90,'97060',0.4),(29413,90,'97056',0.9),(29412,90,'97055',0.4),(29411,90,'97049',0.4),(29410,90,'97045',0.4),(29409,90,'97042',0.4),(29408,90,'97038',0.4),(29407,90,'97036',0.4),(29406,90,'97035',0.4),(29405,90,'97034',0.4),(29404,90,'97032',0.4),(29403,90,'97030',0.4),(29402,90,'97027',0.4),(29401,90,'97024',0.4),(29400,90,'97023',0.4),(29399,90,'97022',0.4),(29398,90,'97019',0.4),(29397,90,'97017',0.4),(29396,90,'97015',0.4),(29395,90,'97013',0.4),(29394,90,'97011',0.4),(29393,90,'97009',0.4),(29392,90,'97008',0.9),(29391,90,'97007',0.9),(29390,90,'97006',0.9),(29389,90,'97005',0.9),(29388,90,'97004',0.4),(29387,90,'97002',0.4),(29215,89,'97297',0.0),(29216,89,'<p>97',0.0),(29726,91,'97267',1.7),(29725,91,'97266',1.6),(29724,91,'97239',1.7),(29723,91,'97236',1.6),(29722,91,'97233',1.6),(29721,91,'97232',1.8),(29720,91,'97231',1.8),(29719,91,'97230',1.6),(29718,91,'97229',1.7),(29717,91,'97227',1.8),(29716,91,'97225',1.7),(29715,91,'97224',1.7),(29714,91,'97223',1.7),(29713,91,'97222',1.8),(29712,91,'97221',1.7),(29711,91,'97220',1.6),(29710,91,'97219',1.7),(29709,91,'97218',1.8),(29708,91,'97217',1.8),(29707,91,'97216',1.6),(29706,91,'97215',1.8),(29705,91,'97214',1.8),(29704,91,'97213',1.8),(29703,91,'97212',1.8),(29702,91,'97211',1.8),(29701,91,'97210',1.8),(29700,91,'97209',1.8),(29699,91,'97206',1.8),(29698,91,'97205',1.8),(29697,91,'97204',1.8),(29696,91,'97203',1.8),(29695,91,'97202',1.8),(29694,91,'97201',1.8),(29693,91,'97148',1.7),(29692,91,'97140',1.7),(29691,91,'97137',1.7),(29690,91,'97134',1.7),(29689,91,'97133',1.7),(29688,91,'97132',1.7),(29687,91,'97128',1.7),(29686,91,'97127',1.7),(29685,91,'97124',1.7),(29684,91,'97123',1.7),(29683,91,'97119',1.7),(29682,91,'97116',1.7),(29681,91,'97115',1.7),(29680,91,'97114',1.7),(29679,91,'97113',1.7),(29678,91,'97111',1.7),(29677,91,'97106',1.7),(29676,91,'97080',1.6),(29675,91,'97071',1.7),(29674,91,'97070',1.7),(29673,91,'97068',1.7),(29672,91,'97067',1.6),(29671,91,'97062',1.7),(29670,91,'97060',1.6),(29669,91,'97056',1.8),(29668,91,'97055',1.6),(29667,91,'97049',1.6),(29666,91,'97045',1.7),(29665,91,'97042',1.7),(29664,91,'97038',1.7),(29663,91,'97036',1.7),(29662,91,'97035',1.7),(29661,91,'97034',1.7),(29660,91,'97032',1.7),(29659,91,'97030',1.6),(29658,91,'97027',1.7),(29657,91,'97024',1.6),(29656,91,'97023',1.6),(29655,91,'97022',1.6),(29654,91,'97019',1.6),(29653,91,'97017',1.6),(29652,91,'97015',1.6),(29651,91,'97013',1.7),(29650,91,'97011',1.6),(29649,91,'97009',1.6),(29648,91,'97008',1.7),(29647,91,'97007',1.7),(29646,91,'97006',1.7),(29645,91,'97005',1.7),(29644,91,'97004',1.7),(29643,91,'97002',1.7),(29471,90,'97297',0.0),(29472,90,'<p>97',0.0),(30240,92,'<p>97',0.0),(30239,92,'97297',0.0),(30238,92,'97267',1.2),(30237,92,'97266',1.0),(30236,92,'97239',1.3),(30235,92,'97236',1.0),(30234,92,'97233',1.0),(30233,92,'97232',1.1),(30232,92,'97231',1.1),(30231,92,'97230',1.0),(30230,92,'97229',1.3),(30229,92,'97227',1.1),(30228,92,'97225',1.3),(30227,92,'97224',1.3),(30226,92,'97223',1.3),(30225,92,'97222',1.1),(30224,92,'97221',1.3),(30223,92,'97220',1.0),(30222,92,'97219',1.2),(30221,92,'97218',1.1),(30220,92,'97217',1.1),(30219,92,'97216',1.0),(30218,92,'97215',1.1),(30217,92,'97214',1.1),(30216,92,'97213',1.1),(30215,92,'97212',1.1),(30214,92,'97211',1.1),(30213,92,'97210',1.1),(30212,92,'97209',1.1),(30211,92,'97206',1.1),(30210,92,'97205',1.1),(30209,92,'97204',1.1),(30208,92,'97203',1.1),(30207,92,'97202',1.1),(30206,92,'97201',1.1),(30205,92,'97148',1.3),(30204,92,'97140',1.3),(30203,92,'97137',1.2),(30202,92,'97134',1.2),(30201,92,'97133',1.3),(30200,92,'97132',1.2),(30199,92,'97128',1.2),(30198,92,'97127',1.2),(30197,92,'97124',1.3),(30196,92,'97123',1.3),(30195,92,'97119',1.3),(30194,92,'97116',1.3),(30193,92,'97115',1.3),(30192,92,'97114',1.2),(30191,92,'97113',1.3),(30190,92,'97111',1.3),(30189,92,'97106',1.3),(30188,92,'97080',1.0),(30187,92,'97071',1.2),(30186,92,'97070',1.2),(30185,92,'97068',1.2),(30184,92,'97067',1.0),(30183,92,'97062',1.2),(30182,92,'97060',1.0),(30181,92,'97056',1.1),(30180,92,'97055',1.0),(30179,92,'97049',1.0),(30178,92,'97045',1.2),(30177,92,'97042',1.2),(30176,92,'97038',1.2),(30175,92,'97036',1.2),(30174,92,'97035',1.2),(30173,92,'97034',1.2),(30172,92,'97032',1.2),(30171,92,'97030',1.0),(30170,92,'97027',1.2),(30169,92,'97024',1.0),(30168,92,'97023',1.0),(30167,92,'97022',1.0),(30166,92,'97019',1.0),(30165,92,'97017',1.0),(30164,92,'97015',1.0),(30163,92,'97013',1.2),(30162,92,'97011',1.0),(30161,92,'97009',1.0),(30160,92,'97008',1.3),(30159,92,'97007',1.3),(30158,92,'97006',1.3),(30157,92,'97005',1.3),(29727,91,'97297',0.0),(29728,91,'<p>97',0.0),(30498,93,'<p>97',0.0),(30497,93,'97297',0.0),(30496,93,'97267',1.1),(30495,93,'97266',1.1),(30494,93,'97239',1.1),(30493,93,'97236',1.1),(30492,93,'97233',1.1),(30491,93,'97232',1.2),(30490,93,'97231',1.2),(30489,93,'97230',1.1),(30488,93,'97229',1.1),(30487,93,'97227',1.2),(30486,93,'97225',1.1),(30485,93,'97224',1.1),(30484,93,'97223',1.1),(30483,93,'97222',1.2),(30482,93,'97221',1.1),(30481,93,'97220',1.1),(30480,93,'97219',1.1),(30479,93,'97218',1.2),(30478,93,'97217',1.2),(30477,93,'97216',1.1),(30476,93,'97215',1.2),(30475,93,'97214',1.2),(30474,93,'97213',1.2),(30473,93,'97212',1.2),(30472,93,'97211',1.2),(30471,93,'97210',1.2),(30470,93,'97209',1.2),(30469,93,'97206',1.2),(30468,93,'97205',1.2),(30467,93,'97204',1.2),(30466,93,'97203',1.2),(30465,93,'97202',1.2),(30464,93,'97201',1.2),(30463,93,'97148',1.1),(30462,93,'97140',1.1),(30461,93,'97137',1.1),(30460,93,'97134',1.1),(30459,93,'97133',1.1),(30458,93,'97132',1.1),(30457,93,'97128',1.1),(30456,93,'97127',1.1),(30455,93,'97124',1.1),(30454,93,'97123',1.1),(30453,93,'97119',1.1),(30452,93,'97116',1.1),(30451,93,'97115',1.1),(30450,93,'97114',1.1),(30449,93,'97113',1.1),(30448,93,'97111',1.1),(30447,93,'97106',1.1),(30446,93,'97080',1.1),(30445,93,'97071',1.1),(30444,93,'97070',1.1),(30443,93,'97068',1.1),(30442,93,'97067',1.1),(30441,93,'97062',1.1),(30440,93,'97060',1.1),(30439,93,'97056',1.2),(30438,93,'97055',1.1),(30437,93,'97049',1.1),(30436,93,'97045',1.1),(30435,93,'97042',1.1),(30434,93,'97038',1.1),(30433,93,'97036',1.1),(30432,93,'97035',1.1),(30431,93,'97034',1.1),(30430,93,'97032',1.1),(30429,93,'97030',1.1),(30428,93,'97027',1.1),(30427,93,'97024',1.1),(30426,93,'97023',1.1),(30425,93,'97022',1.1),(30424,93,'97019',1.1),(30423,93,'97017',1.1),(30422,93,'97015',1.1),(30421,93,'97013',1.1),(30420,93,'97011',1.1),(30419,93,'97009',1.1),(30418,93,'97008',1.1),(30417,93,'97007',1.1),(30416,93,'97006',1.1),(30415,93,'97005',1.1),(30156,92,'97004',1.2),(30155,92,'97002',1.2),(30752,94,'97267',1.3),(30751,94,'97266',1.2),(30750,94,'97239',1.3),(30749,94,'97236',1.2),(30748,94,'97233',1.2),(30747,94,'97232',1.3),(30746,94,'97231',1.3),(30745,94,'97230',1.2),(30744,94,'97229',1.3),(30743,94,'97227',1.3),(30742,94,'97225',1.3),(30741,94,'97224',1.3),(30740,94,'97223',1.3),(30739,94,'97222',1.3),(30738,94,'97221',1.3),(30737,94,'97220',1.2),(30736,94,'97219',1.3),(30735,94,'97218',1.3),(30734,94,'97217',1.3),(30733,94,'97216',1.2),(30732,94,'97215',1.3),(30731,94,'97214',1.3),(30730,94,'97213',1.3),(30729,94,'97212',1.3),(30728,94,'97211',1.3),(30727,94,'97210',1.3),(30726,94,'97209',1.3),(30725,94,'97206',1.3),(30724,94,'97205',1.3),(30723,94,'97204',1.3),(30722,94,'97203',1.3),(30721,94,'97202',1.3),(30720,94,'97201',1.3),(30719,94,'97148',1.3),(30718,94,'97140',1.3),(30717,94,'97137',1.3),(30716,94,'97134',1.3),(30715,94,'97133',1.3),(30714,94,'97132',1.3),(30713,94,'97128',1.3),(30712,94,'97127',1.3),(30711,94,'97124',1.3),(30710,94,'97123',1.3),(30709,94,'97119',1.3),(30708,94,'97116',1.3),(30707,94,'97115',1.3),(30706,94,'97114',1.3),(30705,94,'97113',1.3),(30704,94,'97111',1.3),(30703,94,'97106',1.3),(30702,94,'97080',1.2),(30701,94,'97071',1.3),(30700,94,'97070',1.3),(30699,94,'97068',1.3),(30698,94,'97067',1.2),(30697,94,'97062',1.3),(30696,94,'97060',1.2),(30695,94,'97056',1.3),(30694,94,'97055',1.2),(30693,94,'97049',1.2),(30692,94,'97045',1.3),(30691,94,'97042',1.3),(30690,94,'97038',1.3),(30689,94,'97036',1.3),(30688,94,'97035',1.3),(30687,94,'97034',1.3),(30686,94,'97032',1.3),(30685,94,'97030',1.2),(30684,94,'97027',1.3),(30683,94,'97024',1.2),(30682,94,'97023',1.2),(30681,94,'97022',1.2),(30680,94,'97019',1.2),(30679,94,'97017',1.2),(30678,94,'97015',1.2),(30677,94,'97013',1.3),(30676,94,'97011',1.2),(30675,94,'97009',1.2),(30674,94,'97008',1.3),(30673,94,'97007',1.3),(30672,94,'97006',1.3),(30671,94,'97005',1.3),(30670,94,'97004',1.3),(30669,94,'97002',1.3),(30414,93,'97004',1.1),(30413,93,'97002',1.1),(31008,95,'97267',1.8),(31007,95,'97266',1.6),(31006,95,'97239',1.6),(31005,95,'97236',1.6),(31004,95,'97233',1.6),(31003,95,'97232',1.6),(31002,95,'97231',1.6),(31001,95,'97230',1.6),(31000,95,'97229',1.6),(30999,95,'97227',1.6),(30998,95,'97225',1.6),(30997,95,'97224',1.6),(30996,95,'97223',1.6),(30995,95,'97222',1.6),(30994,95,'97221',1.6),(30993,95,'97220',1.6),(30992,95,'97219',1.8),(30991,95,'97218',1.6),(30990,95,'97217',1.6),(30989,95,'97216',1.6),(30988,95,'97215',1.6),(30987,95,'97214',1.6),(30986,95,'97213',1.6),(30985,95,'97212',1.6),(30984,95,'97211',1.6),(30983,95,'97210',1.6),(30982,95,'97209',1.6),(30981,95,'97206',1.6),(30980,95,'97205',1.6),(30979,95,'97204',1.6),(30978,95,'97203',1.6),(30977,95,'97202',1.6),(30976,95,'97201',1.6),(30975,95,'97148',1.6),(30974,95,'97140',1.6),(30973,95,'97137',1.8),(30972,95,'97134',1.8),(30971,95,'97133',1.6),(30970,95,'97132',1.8),(30969,95,'97128',1.8),(30968,95,'97127',1.8),(30967,95,'97124',1.6),(30966,95,'97123',1.6),(30965,95,'97119',1.6),(30964,95,'97116',1.6),(30963,95,'97115',1.6),(30962,95,'97114',1.8),(30961,95,'97113',1.6),(30960,95,'97111',1.6),(30959,95,'97106',1.6),(30958,95,'97080',1.6),(30957,95,'97071',1.8),(30956,95,'97070',1.8),(30955,95,'97068',1.8),(30954,95,'97067',1.6),(30953,95,'97062',1.8),(30952,95,'97060',1.6),(30951,95,'97056',1.6),(30950,95,'97055',1.6),(30949,95,'97049',1.6),(30948,95,'97045',1.8),(30947,95,'97042',1.8),(30946,95,'97038',1.8),(30945,95,'97036',1.8),(30944,95,'97035',1.8),(30943,95,'97034',1.8),(30942,95,'97032',1.8),(30941,95,'97030',1.6),(30940,95,'97027',1.8),(30939,95,'97024',1.6),(30938,95,'97023',1.6),(30937,95,'97022',1.6),(30936,95,'97019',1.6),(30935,95,'97017',1.6),(30934,95,'97015',1.6),(30933,95,'97013',1.8),(30932,95,'97011',1.6),(30931,95,'97009',1.6),(30930,95,'97008',1.6),(30929,95,'97007',1.6),(30928,95,'97006',1.6),(30927,95,'97005',1.6),(30926,95,'97004',1.8),(30925,95,'97002',1.8),(30753,94,'97297',0.0),(30754,94,'<p>97',0.0),(31264,96,'97267',1.6),(31263,96,'97266',1.5),(31262,96,'97239',1.7),(31261,96,'97236',1.5),(31260,96,'97233',1.5),(31259,96,'97232',1.7),(31258,96,'97231',1.7),(31257,96,'97230',1.5),(31256,96,'97229',1.7),(31255,96,'97227',1.7),(31254,96,'97225',1.7),(31253,96,'97224',1.7),(31252,96,'97223',1.7),(31251,96,'97222',1.7),(31250,96,'97221',1.7),(31249,96,'97220',1.5),(31248,96,'97219',1.6),(31247,96,'97218',1.7),(31246,96,'97217',1.7),(31245,96,'97216',1.5),(31244,96,'97215',1.7),(31243,96,'97214',1.7),(31242,96,'97213',1.7),(31241,96,'97212',1.7),(31240,96,'97211',1.7),(31239,96,'97210',1.7),(31238,96,'97209',1.7),(31237,96,'97206',1.7),(31236,96,'97205',1.7),(31235,96,'97204',1.7),(31234,96,'97203',1.7),(31233,96,'97202',1.7),(31232,96,'97201',1.7),(31231,96,'97148',1.7),(31230,96,'97140',1.7),(31229,96,'97137',1.6),(31228,96,'97134',1.6),(31227,96,'97133',1.7),(31226,96,'97132',1.6),(31225,96,'97128',1.6),(31224,96,'97127',1.6),(31223,96,'97124',1.7),(31222,96,'97123',1.7),(31221,96,'97119',1.7),(31220,96,'97116',1.7),(31219,96,'97115',1.7),(31218,96,'97114',1.6),(31217,96,'97113',1.7),(31216,96,'97111',1.7),(31215,96,'97106',1.7),(31214,96,'97080',1.5),(31213,96,'97071',1.6),(31212,96,'97070',1.6),(31211,96,'97068',1.6),(31210,96,'97067',1.5),(31209,96,'97062',1.6),(31208,96,'97060',1.5),(31207,96,'97056',1.7),(31206,96,'97055',1.5),(31205,96,'97049',1.5),(31204,96,'97045',1.6),(31203,96,'97042',1.6),(31202,96,'97038',1.6),(31201,96,'97036',1.6),(31200,96,'97035',1.6),(31199,96,'97034',1.6),(31198,96,'97032',1.6),(31197,96,'97030',1.5),(31196,96,'97027',1.6),(31195,96,'97024',1.5),(31194,96,'97023',1.5),(31193,96,'97022',1.5),(31192,96,'97019',1.5),(31191,96,'97017',1.5),(31190,96,'97015',1.5),(31189,96,'97013',1.6),(31188,96,'97011',1.5),(31187,96,'97009',1.5),(31186,96,'97008',1.7),(31185,96,'97007',1.7),(31184,96,'97006',1.7),(31183,96,'97005',1.7),(31182,96,'97004',1.6),(31181,96,'97002',1.6),(31009,95,'97297',0.0),(31010,95,'<p>97',0.0),(31520,97,'97267',1.2),(31519,97,'97266',1.3),(31518,97,'97239',1.3),(31517,97,'97236',1.3),(31516,97,'97233',1.3),(31515,97,'97232',1.3),(31514,97,'97231',1.3),(31513,97,'97230',1.3),(31512,97,'97229',1.3),(31511,97,'97227',1.3),(31510,97,'97225',1.3),(31509,97,'97224',1.3),(31508,97,'97223',1.3),(31507,97,'97222',1.3),(31506,97,'97221',1.3),(31505,97,'97220',1.3),(31504,97,'97219',1.2),(31503,97,'97218',1.3),(31502,97,'97217',1.3),(31501,97,'97216',1.3),(31500,97,'97215',1.3),(31499,97,'97214',1.3),(31498,97,'97213',1.3),(31497,97,'97212',1.3),(31496,97,'97211',1.3),(31495,97,'97210',1.3),(31494,97,'97209',1.3),(31493,97,'97206',1.3),(31492,97,'97205',1.3),(31491,97,'97204',1.3),(31490,97,'97203',1.3),(31489,97,'97202',1.3),(31488,97,'97201',1.3),(31487,97,'97148',1.3),(31486,97,'97140',1.3),(31485,97,'97137',1.2),(31484,97,'97134',1.2),(31483,97,'97133',1.3),(31482,97,'97132',1.2),(31481,97,'97128',1.2),(31480,97,'97127',1.2),(31479,97,'97124',1.3),(31478,97,'97123',1.3),(31477,97,'97119',1.3),(31476,97,'97116',1.3),(31475,97,'97115',1.3),(31474,97,'97114',1.2),(31473,97,'97113',1.3),(31472,97,'97111',1.3),(31471,97,'97106',1.3),(31470,97,'97080',1.3),(31469,97,'97071',1.2),(31468,97,'97070',1.2),(31467,97,'97068',1.2),(31466,97,'97067',1.3),(31465,97,'97062',1.2),(31464,97,'97060',1.3),(31463,97,'97056',1.3),(31462,97,'97055',1.3),(31461,97,'97049',1.3),(31460,97,'97045',1.2),(31459,97,'97042',1.2),(31458,97,'97038',1.2),(31457,97,'97036',1.2),(31456,97,'97035',1.2),(31455,97,'97034',1.2),(31454,97,'97032',1.2),(31453,97,'97030',1.3),(31452,97,'97027',1.2),(31451,97,'97024',1.3),(31450,97,'97023',1.3),(31449,97,'97022',1.3),(31448,97,'97019',1.3),(31447,97,'97017',1.3),(31446,97,'97015',1.3),(31445,97,'97013',1.2),(31444,97,'97011',1.3),(31443,97,'97009',1.3),(31442,97,'97008',1.3),(31441,97,'97007',1.3),(31440,97,'97006',1.3),(31439,97,'97005',1.3),(31438,97,'97004',1.2),(31437,97,'97002',1.2),(31265,96,'97297',0.0),(31266,96,'<p>97',0.0),(32034,98,'<p>97',0.0),(32033,98,'97297',0.0),(32032,98,'97267',1.2),(32031,98,'97266',1.1),(32030,98,'97239',1.1),(32029,98,'97236',1.1),(32028,98,'97233',1.1),(32027,98,'97232',1.2),(32026,98,'97231',1.2),(32025,98,'97230',1.1),(32024,98,'97229',1.1),(32023,98,'97227',1.2),(32022,98,'97225',1.1),(32021,98,'97224',1.1),(32020,98,'97223',1.1),(32019,98,'97222',1.2),(32018,98,'97221',1.1),(32017,98,'97220',1.1),(32016,98,'97219',1.2),(32015,98,'97218',1.2),(32014,98,'97217',1.2),(32013,98,'97216',1.1),(32012,98,'97215',1.2),(32011,98,'97214',1.2),(32010,98,'97213',1.2),(32009,98,'97212',1.2),(32008,98,'97211',1.2),(32007,98,'97210',1.2),(32006,98,'97209',1.2),(32005,98,'97206',1.2),(32004,98,'97205',1.2),(32003,98,'97204',1.2),(32002,98,'97203',1.2),(32001,98,'97202',1.2),(32000,98,'97201',1.2),(31999,98,'97148',1.1),(31998,98,'97140',1.1),(31997,98,'97137',1.2),(31996,98,'97134',1.2),(31995,98,'97133',1.1),(31994,98,'97132',1.2),(31993,98,'97128',1.2),(31992,98,'97127',1.2),(31991,98,'97124',1.1),(31990,98,'97123',1.1),(31989,98,'97119',1.1),(31988,98,'97116',1.1),(31987,98,'97115',1.1),(31986,98,'97114',1.2),(31985,98,'97113',1.1),(31984,98,'97111',1.1),(31983,98,'97106',1.1),(31982,98,'97080',1.1),(31981,98,'97071',1.2),(31980,98,'97070',1.2),(31979,98,'97068',1.2),(31978,98,'97067',1.1),(31977,98,'97062',1.2),(31976,98,'97060',1.1),(31975,98,'97056',1.2),(31974,98,'97055',1.1),(31973,98,'97049',1.1),(31972,98,'97045',1.2),(31971,98,'97042',1.2),(31970,98,'97038',1.2),(31969,98,'97036',1.2),(31968,98,'97035',1.2),(31967,98,'97034',1.2),(31966,98,'97032',1.2),(31965,98,'97030',1.1),(31964,98,'97027',1.2),(31963,98,'97024',1.1),(31962,98,'97023',1.1),(31961,98,'97022',1.1),(31960,98,'97019',1.1),(31959,98,'97017',1.1),(31958,98,'97015',1.1),(31957,98,'97013',1.2),(31956,98,'97011',1.1),(31955,98,'97009',1.1),(31954,98,'97008',1.1),(31953,98,'97007',1.1),(31952,98,'97006',1.1),(31951,98,'97005',1.1),(31521,97,'97297',0.0),(31522,97,'<p>97',0.0),(32292,99,'<p>97',0.0),(32291,99,'97297',0.0),(32290,99,'97267',1.3),(32289,99,'97266',1.2),(32288,99,'97239',1.3),(32287,99,'97236',1.2),(32286,99,'97233',1.2),(32285,99,'97232',1.4),(32284,99,'97231',1.4),(32283,99,'97230',1.2),(32282,99,'97229',1.3),(32281,99,'97227',1.4),(32280,99,'97225',1.3),(32279,99,'97224',1.3),(32278,99,'97223',1.3),(32277,99,'97222',1.4),(32276,99,'97221',1.3),(32275,99,'97220',1.2),(32274,99,'97219',1.3),(32273,99,'97218',1.4),(32272,99,'97217',1.4),(32271,99,'97216',1.2),(32270,99,'97215',1.4),(32269,99,'97214',1.4),(32268,99,'97213',1.4),(32267,99,'97212',1.4),(32266,99,'97211',1.4),(32265,99,'97210',1.4),(32264,99,'97209',1.4),(32263,99,'97206',1.4),(32262,99,'97205',1.4),(32261,99,'97204',1.4),(32260,99,'97203',1.4),(32259,99,'97202',1.4),(32258,99,'97201',1.4),(32257,99,'97148',1.3),(32256,99,'97140',1.3),(32255,99,'97137',1.3),(32254,99,'97134',1.3),(32253,99,'97133',1.3),(32252,99,'97132',1.3),(32251,99,'97128',1.3),(32250,99,'97127',1.3),(32249,99,'97124',1.3),(32248,99,'97123',1.3),(32247,99,'97119',1.3),(32246,99,'97116',1.3),(32245,99,'97115',1.3),(32244,99,'97114',1.3),(32243,99,'97113',1.3),(32242,99,'97111',1.3),(32241,99,'97106',1.3),(32240,99,'97080',1.2),(32239,99,'97071',1.3),(32238,99,'97070',1.3),(32237,99,'97068',1.3),(32236,99,'97067',1.2),(32235,99,'97062',1.3),(32234,99,'97060',1.2),(32233,99,'97056',1.4),(32232,99,'97055',1.2),(32231,99,'97049',1.2),(32230,99,'97045',1.3),(32229,99,'97042',1.3),(32228,99,'97038',1.3),(32227,99,'97036',1.3),(32226,99,'97035',1.3),(32225,99,'97034',1.3),(32224,99,'97032',1.3),(32223,99,'97030',1.2),(32222,99,'97027',1.3),(32221,99,'97024',1.2),(32220,99,'97023',1.2),(32219,99,'97022',1.2),(32218,99,'97019',1.2),(32217,99,'97017',1.2),(32216,99,'97015',1.2),(32215,99,'97013',1.3),(32214,99,'97011',1.2),(32213,99,'97009',1.2),(32212,99,'97008',1.3),(32211,99,'97007',1.3),(32210,99,'97006',1.3),(32209,99,'97005',1.3),(31950,98,'97004',1.2),(31949,98,'97002',1.2),(32546,100,'97267',1.3),(32545,100,'97266',1.4),(32544,100,'97239',1.2),(32543,100,'97236',1.4),(32542,100,'97233',1.4),(32541,100,'97232',1.2),(32540,100,'97231',1.2),(32539,100,'97230',1.4),(32538,100,'97229',1.2),(32537,100,'97227',1.2),(32536,100,'97225',1.2),(32535,100,'97224',1.2),(32534,100,'97223',1.2),(32533,100,'97222',1.2),(32532,100,'97221',1.2),(32531,100,'97220',1.4),(32530,100,'97219',1.3),(32529,100,'97218',1.2),(32528,100,'97217',1.2),(32527,100,'97216',1.4),(32526,100,'97215',1.2),(32525,100,'97214',1.2),(32524,100,'97213',1.2),(32523,100,'97212',1.2),(32522,100,'97211',1.2),(32521,100,'97210',1.2),(32520,100,'97209',1.2),(32519,100,'97206',1.2),(32518,100,'97205',1.2),(32517,100,'97204',1.2),(32516,100,'97203',1.2),(32515,100,'97202',1.2),(32514,100,'97201',1.2),(32513,100,'97148',1.2),(32512,100,'97140',1.2),(32511,100,'97137',1.3),(32510,100,'97134',1.3),(32509,100,'97133',1.2),(32508,100,'97132',1.3),(32507,100,'97128',1.3),(32506,100,'97127',1.3),(32505,100,'97124',1.2),(32504,100,'97123',1.2),(32503,100,'97119',1.2),(32502,100,'97116',1.2),(32501,100,'97115',1.2),(32500,100,'97114',1.3),(32499,100,'97113',1.2),(32498,100,'97111',1.2),(32497,100,'97106',1.2),(32496,100,'97080',1.4),(32495,100,'97071',1.3),(32494,100,'97070',1.3),(32493,100,'97068',1.3),(32492,100,'97067',1.4),(32491,100,'97062',1.3),(32490,100,'97060',1.4),(32489,100,'97056',1.2),(32488,100,'97055',1.4),(32487,100,'97049',1.4),(32486,100,'97045',1.3),(32485,100,'97042',1.3),(32484,100,'97038',1.3),(32483,100,'97036',1.3),(32482,100,'97035',1.3),(32481,100,'97034',1.3),(32480,100,'97032',1.3),(32479,100,'97030',1.4),(32478,100,'97027',1.3),(32477,100,'97024',1.4),(32476,100,'97023',1.4),(32475,100,'97022',1.4),(32474,100,'97019',1.4),(32473,100,'97017',1.4),(32472,100,'97015',1.4),(32471,100,'97013',1.3),(32470,100,'97011',1.4),(32469,100,'97009',1.4),(32468,100,'97008',1.2),(32467,100,'97007',1.2),(32466,100,'97006',1.2),(32465,100,'97005',1.2),(32464,100,'97004',1.3),(32463,100,'97002',1.3),(32208,99,'97004',1.3),(32207,99,'97002',1.3),(32802,101,'97267',1.1),(32801,101,'97266',1.3),(32800,101,'97239',1.1),(32799,101,'97236',1.3),(32798,101,'97233',1.3),(32797,101,'97232',1.1),(32796,101,'97231',1.1),(32795,101,'97230',1.3),(32794,101,'97229',1.1),(32793,101,'97227',1.1),(32792,101,'97225',1.1),(32791,101,'97224',1.1),(32790,101,'97223',1.1),(32789,101,'97222',1.1),(32788,101,'97221',1.1),(32787,101,'97220',1.3),(32786,101,'97219',1.1),(32785,101,'97218',1.1),(32784,101,'97217',1.1),(32783,101,'97216',1.3),(32782,101,'97215',1.1),(32781,101,'97214',1.1),(32780,101,'97213',1.1),(32779,101,'97212',1.1),(32778,101,'97211',1.1),(32777,101,'97210',1.1),(32776,101,'97209',1.1),(32775,101,'97206',1.1),(32774,101,'97205',1.1),(32773,101,'97204',1.1),(32772,101,'97203',1.1),(32771,101,'97202',1.1),(32770,101,'97201',1.1),(32769,101,'97148',1.1),(32768,101,'97140',1.1),(32767,101,'97137',1.1),(32766,101,'97134',1.1),(32765,101,'97133',1.1),(32764,101,'97132',1.1),(32763,101,'97128',1.1),(32762,101,'97127',1.1),(32761,101,'97124',1.1),(32760,101,'97123',1.1),(32759,101,'97119',1.1),(32758,101,'97116',1.1),(32757,101,'97115',1.1),(32756,101,'97114',1.1),(32755,101,'97113',1.1),(32754,101,'97111',1.1),(32753,101,'97106',1.1),(32752,101,'97080',1.3),(32751,101,'97071',1.1),(32750,101,'97070',1.1),(32749,101,'97068',1.1),(32748,101,'97067',1.3),(32747,101,'97062',1.1),(32746,101,'97060',1.3),(32745,101,'97056',1.1),(32744,101,'97055',1.3),(32743,101,'97049',1.3),(32742,101,'97045',1.1),(32741,101,'97042',1.1),(32740,101,'97038',1.1),(32739,101,'97036',1.1),(32738,101,'97035',1.1),(32737,101,'97034',1.1),(32736,101,'97032',1.1),(32735,101,'97030',1.3),(32734,101,'97027',1.1),(32733,101,'97024',1.3),(32732,101,'97023',1.3),(32731,101,'97022',1.3),(32730,101,'97019',1.3),(32729,101,'97017',1.3),(32728,101,'97015',1.3),(32727,101,'97013',1.1),(32726,101,'97011',1.3),(32725,101,'97009',1.3),(32724,101,'97008',1.1),(32723,101,'97007',1.1),(32722,101,'97006',1.1),(32721,101,'97005',1.1),(32720,101,'97004',1.1),(32719,101,'97002',1.1),(32547,100,'97297',0.0),(32548,100,'<p>97',0.0),(33058,102,'97267',0.6),(33057,102,'97266',0.6),(33056,102,'97239',0.6),(33055,102,'97236',0.6),(33054,102,'97233',0.6),(33053,102,'97232',0.6),(33052,102,'97231',0.6),(33051,102,'97230',0.6),(33050,102,'97229',0.6),(33049,102,'97227',0.6),(33048,102,'97225',0.6),(33047,102,'97224',0.6),(33046,102,'97223',0.6),(33045,102,'97222',0.6),(33044,102,'97221',0.6),(33043,102,'97220',0.6),(33042,102,'97219',0.6),(33041,102,'97218',0.6),(33040,102,'97217',0.6),(33039,102,'97216',0.6),(33038,102,'97215',0.6),(33037,102,'97214',0.6),(33036,102,'97213',0.6),(33035,102,'97212',0.6),(33034,102,'97211',0.6),(33033,102,'97210',0.6),(33032,102,'97209',0.6),(33031,102,'97206',0.6),(33030,102,'97205',0.6),(33029,102,'97204',0.6),(33028,102,'97203',0.6),(33027,102,'97202',0.6),(33026,102,'97201',0.6),(33025,102,'97148',0.6),(33024,102,'97140',0.6),(33023,102,'97137',0.6),(33022,102,'97134',0.6),(33021,102,'97133',0.6),(33020,102,'97132',0.6),(33019,102,'97128',0.6),(33018,102,'97127',0.6),(33017,102,'97124',0.6),(33016,102,'97123',0.6),(33015,102,'97119',0.6),(33014,102,'97116',0.6),(33013,102,'97115',0.6),(33012,102,'97114',0.6),(33011,102,'97113',0.6),(33010,102,'97111',0.6),(33009,102,'97106',0.6),(33008,102,'97080',0.6),(33007,102,'97071',0.6),(33006,102,'97070',0.6),(33005,102,'97068',0.6),(33004,102,'97067',0.6),(33003,102,'97062',0.6),(33002,102,'97060',0.6),(33001,102,'97056',0.6),(33000,102,'97055',0.6),(32999,102,'97049',0.6),(32998,102,'97045',0.6),(32997,102,'97042',0.6),(32996,102,'97038',0.6),(32995,102,'97036',0.6),(32994,102,'97035',0.6),(32993,102,'97034',0.6),(32992,102,'97032',0.6),(32991,102,'97030',0.6),(32990,102,'97027',0.6),(32989,102,'97024',0.6),(32988,102,'97023',0.6),(32987,102,'97022',0.6),(32986,102,'97019',0.6),(32985,102,'97017',0.6),(32984,102,'97015',0.6),(32983,102,'97013',0.6),(32982,102,'97011',0.6),(32981,102,'97009',0.6),(32980,102,'97008',0.6),(32979,102,'97007',0.6),(32978,102,'97006',0.6),(32977,102,'97005',0.6),(32976,102,'97004',0.6),(32975,102,'97002',0.6),(32803,101,'97297',0.0),(32804,101,'<p>97',0.0),(33314,103,'97267',1.0),(33313,103,'97266',0.8),(33312,103,'97239',1.0),(33311,103,'97236',0.8),(33310,103,'97233',0.8),(33309,103,'97232',1.0),(33308,103,'97231',1.0),(33307,103,'97230',0.8),(33306,103,'97229',1.0),(33305,103,'97227',1.0),(33304,103,'97225',1.0),(33303,103,'97224',1.0),(33302,103,'97223',1.0),(33301,103,'97222',1.0),(33300,103,'97221',1.0),(33299,103,'97220',0.8),(33298,103,'97219',1.0),(33297,103,'97218',1.0),(33296,103,'97217',1.0),(33295,103,'97216',0.8),(33294,103,'97215',1.0),(33293,103,'97214',1.0),(33292,103,'97213',1.0),(33291,103,'97212',1.0),(33290,103,'97211',1.0),(33289,103,'97210',1.0),(33288,103,'97209',1.0),(33287,103,'97206',1.0),(33286,103,'97205',1.0),(33285,103,'97204',1.0),(33284,103,'97203',1.0),(33283,103,'97202',1.0),(33282,103,'97201',1.0),(33281,103,'97148',1.0),(33280,103,'97140',1.0),(33279,103,'97137',1.0),(33278,103,'97134',1.0),(33277,103,'97133',1.0),(33276,103,'97132',1.0),(33275,103,'97128',1.0),(33274,103,'97127',1.0),(33273,103,'97124',1.0),(33272,103,'97123',1.0),(33271,103,'97119',1.0),(33270,103,'97116',1.0),(33269,103,'97115',1.0),(33268,103,'97114',1.0),(33267,103,'97113',1.0),(33266,103,'97111',1.0),(33265,103,'97106',1.0),(33264,103,'97080',0.8),(33263,103,'97071',1.0),(33262,103,'97070',1.0),(33261,103,'97068',1.0),(33260,103,'97067',0.8),(33259,103,'97062',1.0),(33258,103,'97060',0.8),(33257,103,'97056',1.0),(33256,103,'97055',0.8),(33255,103,'97049',0.8),(33254,103,'97045',1.0),(33253,103,'97042',1.0),(33252,103,'97038',1.0),(33251,103,'97036',1.0),(33250,103,'97035',1.0),(33249,103,'97034',1.0),(33248,103,'97032',1.0),(33247,103,'97030',0.8),(33246,103,'97027',1.0),(33245,103,'97024',0.8),(33244,103,'97023',0.8),(33243,103,'97022',0.8),(33242,103,'97019',0.8),(33241,103,'97017',0.8),(33240,103,'97015',0.8),(33239,103,'97013',1.0),(33238,103,'97011',0.8),(33237,103,'97009',0.8),(33236,103,'97008',1.0),(33235,103,'97007',1.0),(33234,103,'97006',1.0),(33233,103,'97005',1.0),(33232,103,'97004',1.0),(33231,103,'97002',1.0),(33059,102,'97297',0.0),(33060,102,'<p>97',0.0),(33400,104,'97115',1.0),(33399,104,'97111',1.0),(33398,104,'97224',1.0),(33397,104,'97140',1.0),(33396,104,'97007',1.0),(33395,104,'97148',1.0),(33394,104,'97239',1.0),(33393,104,'97223',1.0),(33392,104,'97008',1.0),(33391,104,'97119',1.0),(33390,104,'97221',1.0),(33389,104,'97225',1.0),(33388,104,'97005',1.0),(33387,104,'97006',1.0),(33386,104,'97123',1.0),(33385,104,'97229',1.0),(33384,104,'97124',1.0),(33383,104,'97113',1.0),(33382,104,'97133',1.0),(33381,104,'97106',1.0),(33380,104,'97116',1.0),(33379,104,'97038',1.1),(33378,104,'97042',1.1),(33377,104,'97032',1.1),(33376,104,'97071',1.1),(33375,104,'97137',1.1),(33374,104,'97004',1.1),(33373,104,'97013',1.1),(33372,104,'97002',1.1),(33371,104,'97134',1.1),(33370,104,'97114',1.1),(33369,104,'97127',1.1),(33368,104,'97128',1.1),(33367,104,'97045',1.1),(33366,104,'97070',1.1),(33365,104,'97132',1.1),(33364,104,'97036',1.1),(33363,104,'97068',1.1),(33362,104,'97062',1.1),(33361,104,'97027',1.1),(33360,104,'97267',1.1),(33359,104,'97034',1.1),(33358,104,'97035',1.1),(33357,104,'97219',1.1),(33356,104,'97017',1.3),(33355,104,'97067',1.3),(33354,104,'97023',1.3),(33353,104,'97049',1.3),(33352,104,'97011',1.3),(33351,104,'97022',1.3),(33350,104,'97019',1.3),(33349,104,'97055',1.3),(33348,104,'97015',1.3),(33347,104,'97009',1.3),(33346,104,'97080',1.3),(33345,104,'97236',1.3),(33344,104,'97266',1.3),(33343,104,'97060',1.3),(33342,104,'97030',1.3),(33341,104,'97230',1.3),(33340,104,'97233',1.3),(33339,104,'97216',1.3),(33338,104,'97220',1.3),(33337,104,'97024',1.3),(33336,104,'97222',0.9),(33335,104,'97206',0.9),(33334,104,'97202',0.9),(33333,104,'97215',0.9),(33332,104,'97213',0.9),(33331,104,'97232',0.9),(33330,104,'97214',0.9),(33329,104,'97204',0.9),(33328,104,'97209',0.9),(33327,104,'97212',0.9),(33326,104,'97227',0.9),(33325,104,'97201',0.9),(33324,104,'97205',0.9),(33323,104,'97218',0.9),(33322,104,'97211',0.9),(33321,104,'97203',0.9),(33320,104,'97210',0.9),(33319,104,'97217',0.9),(33318,104,'97231',0.9),(33317,104,'97056',0.9),(33315,103,'97297',0.0),(33316,103,'<p>97',0.0),(33403,105,'97005',0.0),(33404,105,'97006',0.0),(33405,105,'97007',0.0),(33406,105,'97008',0.0),(33407,105,'97009',0.0),(33408,105,'97011',0.0),(33409,105,'97013',0.0),(33410,105,'97015',0.0),(33411,105,'97017',0.0),(33412,105,'97019',0.0),(33413,105,'97022',0.0),(33414,105,'97023',0.0),(33415,105,'97024',0.0),(33416,105,'97027',0.0),(33417,105,'97030',0.0),(33418,105,'97032',0.0),(33419,105,'97034',0.0),(33420,105,'97035',0.0),(33421,105,'97036',0.0),(33422,105,'97038',0.0),(33423,105,'97042',0.0),(33424,105,'97045',0.0),(33425,105,'97049',0.0),(33426,105,'97055',0.0),(33427,105,'97056',0.0),(33428,105,'97060',0.0),(33429,105,'97062',0.0),(33430,105,'97067',0.0),(33431,105,'97068',0.0),(33432,105,'97070',0.0),(33433,105,'97071',0.0),(33434,105,'97080',0.0),(33435,105,'97106',0.0),(33436,105,'97111',0.0),(33437,105,'97113',0.0),(33438,105,'97114',0.0),(33439,105,'97115',0.0),(33440,105,'97116',0.0),(33441,105,'97119',0.0),(33442,105,'97123',0.0),(33443,105,'97124',0.0),(33444,105,'97127',0.0),(33445,105,'97128',0.0),(33446,105,'97132',0.0),(33447,105,'97133',0.0),(33448,105,'97134',0.0),(33449,105,'97137',0.0),(33450,105,'97140',0.0),(33451,105,'97148',0.0),(33452,105,'97201',0.0),(33453,105,'97202',0.0),(33454,105,'97203',0.0),(33455,105,'97204',0.0),(33456,105,'97205',0.0),(33457,105,'97206',0.0),(33458,105,'97209',0.0),(33459,105,'97210',0.0),(33460,105,'97211',0.0),(33461,105,'97212',0.0),(33462,105,'97213',0.0),(33463,105,'97214',0.0),(33464,105,'97215',0.0),(33465,105,'97216',0.0),(33466,105,'97217',0.0),(33467,105,'97218',0.0),(33468,105,'97219',0.0),(33469,105,'97220',0.0),(33470,105,'97221',0.0),(33471,105,'97222',0.0),(33472,105,'97223',0.0),(33473,105,'97224',0.0),(33474,105,'97225',0.0),(33475,105,'97227',0.0),(33476,105,'97229',0.0),(33477,105,'97230',0.0),(33478,105,'97231',0.0),(33479,105,'97232',0.0),(33480,105,'97233',0.0),(33481,105,'97236',0.0),(33482,105,'97239',0.0),(33483,105,'97266',0.0),(33484,105,'97267',0.0),(33485,105,'97297',0.0),(33486,105,'<p>97',0.0);

--
-- Table structure for table `wwn_users`
--

CREATE TABLE `wwn_users` (
  `uid` int(10) unsigned NOT NULL,
  `zip` varchar(5) NOT NULL,
  PRIMARY KEY (`uid`)
) ENGINE=MyISAM DEFAULT CHARSET=utf8;

--
-- Dumping data for table `wwn_users`
--

INSERT INTO `wwn_users` VALUES (4,'97212'),(153,'97213'),(1,'97212'),(190,'97215'),(5,'97219'),(198,'97217'),(201,'97225'),(202,'97232'),(204,'97219'),(205,'97124'),(206,'97062'),(210,'97219'),(211,'97062'),(212,'97225'),(218,'97367'),(220,'97009'),(221,'97203'),(215,'97030'),(226,'97007'),(227,'98264'),(229,'97086'),(235,'97070'),(236,'97035'),(237,'97045'),(243,'97214'),(244,'97214'),(245,'97215'),(246,'76063'),(250,'97019'),(253,'97006'),(257,'97215'),(261,'97055'),(269,'97123'),(272,'97123'),(275,'97123'),(276,'97124'),(277,'97217'),(166,'97222'),(283,'97123'),(284,'97124'),(285,'97224'),(287,'97222'),(288,'97124'),(290,'97225'),(281,'97306'),(292,'97267'),(293,'97124'),(294,'97223'),(301,'97224'),(305,'97124'),(307,'97202'),(309,'97045'),(310,'97123'),(191,'97215'),(311,'97133'),(313,'97223'),(315,'98267'),(314,'97202'),(263,'97232'),(312,'97223'),(321,'97123'),(322,'97229'),(318,'97007'),(326,'97015'),(324,'97224'),(76,'97213'),(333,'97213'),(336,'97006'),(337,'97124'),(339,'97086'),(343,'97304'),(346,'97007'),(349,'97124'),(351,'97140'),(352,'97034'),(340,'97123'),(358,'97213'),(359,'97221'),(361,'97236'),(362,'97212'),(367,'97213'),(368,'97080'),(369,'97224'),(371,'97202'),(374,'97239'),(372,'97239'),(128,'97211'),(378,'97267'),(364,'97212'),(363,'97330'),(381,'97202'),(254,'97218'),(383,'97128'),(386,'97219'),(387,'97124'),(390,'97215'),(392,'97124'),(393,'97035'),(394,'97230'),(395,'97124'),(406,'97355'),(409,'97225'),(410,'97211'),(411,'97013'),(413,'97123'),(414,'97045'),(415,'97229'),(418,'97232'),(420,'97223'),(421,'97224'),(422,'97222'),(412,'98684'),(424,'97124'),(426,'97211'),(431,'97306'),(432,'97206'),(433,'97201'),(434,'97220'),(435,'97223'),(441,'97140'),(442,'97124'),(443,'23514'),(444,'92562'),(445,'97217'),(447,'97214'),(450,'97236'),(451,'97211'),(452,'97070'),(453,'97219'),(429,'97124'),(454,'97267'),(32,'97219'),(462,'97405'),(463,'97017'),(464,'97218'),(379,'97045'),(467,'97080'),(468,'97006'),(471,'97214'),(473,'97045'),(472,'97229'),(474,'97116'),(475,'97215'),(476,'97045'),(478,'97307'),(479,'97232'),(571,'97035'),(576,'97035'),(148,'97213'),(577,'97215'),(579,'97266'),(581,'97229'),(588,'97229'),(591,'97038'),(592,'97229'),(593,'98672'),(596,'97377'),(597,'97229'),(599,'97267'),(600,'97219'),(601,'97140'),(610,'97211'),(613,'97206'),(614,'97124'),(615,'97213'),(618,'97267'),(623,'97230'),(625,'97080'),(629,'97230'),(630,'97230'),(634,'97213'),(637,'97124'),(639,'97202'),(641,'97219'),(643,'98685'),(645,'97220'),(647,'97217'),(648,'97213'),(653,'97212'),(654,'97202'),(655,'97215'),(657,'97381'),(658,'97217'),(660,'97124'),(662,'97212'),(663,'97214'),(667,'97424'),(670,'97304'),(666,'97202'),(665,'97215'),(671,'97233'),(673,'98685'),(672,'97214'),(675,'98684'),(678,'98682'),(679,'97219'),(680,'97068'),(684,'97060'),(686,'97123'),(688,'97211'),(692,'97218'),(697,'97219'),(701,'97213'),(705,'97215'),(707,'97218'),(720,'97202'),(728,'97211'),(729,'97217'),(794,'98683'),(758,'97202'),(807,'97229'),(809,'97206'),(813,'97006'),(814,'97213'),(816,'97222'),(799,'97015'),(820,'97401'),(824,'97220'),(827,'97005'),(833,'97055'),(835,'97005'),(837,'97213'),(845,'97221'),(840,'97239'),(868,'97233'),(877,'97045'),(879,'97222'),(881,'97233'),(882,'97220'),(883,'97239'),(886,'97070'),(889,'97123'),(893,'97202'),(903,'97231'),(915,'97027'),(922,'97302'),(926,'97124'),(676,'97219'),(933,'97219'),(940,'97070'),(943,'97062'),(944,'97006'),(830,'97045'),(1024,'97006'),(1025,'97005'),(1026,'97229'),(1027,'97229'),(1031,'97229'),(573,'97006'),(1034,'97239'),(1035,'97229'),(1033,'97212'),(1037,'97229'),(1053,'97005'),(1054,'97229'),(1056,'97233'),(1060,'97211'),(1068,'97235'),(1069,'97206'),(1075,'97008'),(1087,'97006'),(821,'97007'),(1123,'97206'),(1125,'97007'),(1129,'97218'),(1135,'97006'),(1137,'97128'),(1138,'97213'),(1141,'97132'),(1144,'97045'),(1147,'98661'),(632,'97006'),(1149,'97213'),(1150,'97006'),(1151,'97230'),(1153,'97006'),(1154,'63010'),(1157,'97223'),(1160,'97124'),(1161,'97007'),(1165,'97212'),(1163,'97215'),(1168,'97219'),(1170,'97214'),(1171,'97225'),(1173,'97123'),(1176,'97022'),(1180,'97206'),(1182,'97071'),(1186,'97266'),(1184,'97236'),(350,'97232'),(1192,'97219'),(1198,'97223'),(1201,'97219'),(1202,'97219'),(1207,'97015'),(1210,'97206'),(1199,'97004'),(1214,'97229'),(1216,'97231'),(1217,'97224');

--
-- Table structure for table `wwn_weeks`
--

CREATE TABLE `wwn_weeks` (
  `weekid` int(10) unsigned NOT NULL AUTO_INCREMENT,
  `weekstart` datetime NOT NULL,
  `description` text NOT NULL,
  PRIMARY KEY (`weekid`),
  KEY `weekstart` (`weekstart`)
) ENGINE=MyISAM AUTO_INCREMENT=106 DEFAULT CHARSET=utf8;

--
-- Dumping data for table `wwn_weeks`
--

INSERT INTO `wwn_weeks` VALUES (1,'2009-05-03 00:00:00',''),(2,'2009-05-10 00:00:00','<h3>Weather Update May 14-20, 2009</h3>\r\n<p>Temperatures should jump into the 70s and lower 80s by this Sunday, so you may need to water your landscape toward the end of the weekend or by mid-week.  Newer plantings and plants located under trees or eaves will likely need to water them first.  Lawns, established shrubs and trees should be fine without any watering.  There is a small chance for showers Monday night and Tuesday, though it will probably not produce moisture to meet your landscape’s water needs. </p>'),(3,'2009-05-17 00:00:00','<h3>Weather Update May 14-20, 2009</h3>\r\n<p>Temperatures should jump into the 70s and lower 80s by this Sunday, so you may need to water your landscape toward the end of the weekend or by mid-week.  Newer plantings and plants located under trees or eaves will likely need to water them first.  Lawns, established shrubs and trees should be fine without any watering.  There is a small chance for showers Monday night and Tuesday, though it will probably not produce moisture to meet your landscape’s water needs. </p>'),(4,'2009-05-21 00:00:00','<b>Weather Forecast May 21-27, 2009 </b><p>We are going to see a prolonged period of mild and dry weather (70s – 80s) into early June, so it there will be a need to irrigate this coming week. </p>'),(5,'2009-05-24 00:00:00',''),(6,'2009-05-28 00:00:00','<b> Weather Forecast Week of May 28-June 3, 2009 </b> <p> Our weather pattern has turned which has given us some of the best late May weather that we have seen in a number of years. It will remain very nice and warm through the coming weekend. We could see some minor showers mid-week, but not enough to help our lawns too much. The pattern does look rather dry and warm into next week, temperatures will remain at or above seasonal normals. ET values will  also be higher than normal too, so watering will be required to make up the difference. We will see our local temperatures remain in the 80\'s through the weekend and then cool into the 70\'s next week. </p>'),(7,'2009-05-31 00:00:00','The pattern will remain very nice and warm through the coming weekend with some possible thunder storms developing in the mountains.\r\n\r\nNext week also looks dry and warm, with temperatures remaining at or above seasonal norms. \r\n\r\nBecause of the higher than normal temperatures our irrigation season is now well underway, and earlier than normal!\r\n\r\nSo, get ready to drag that hose or set your irrigation system if you have not done so already!'),(9,'2009-06-07 00:00:00',''),(8,'2009-06-04 00:00:00','Weather Forecast: June 04-10, 2009\r\n      \r\nThe weather pattern is about to shift into a more typical June mode with lower temperatures in the 70’s. \r\n\r\nShowers could develop over us today, and then again next week. \r\n\r\nYou will need to water over the coming week as rainfall amounts are not going to be that heavy, if at all.'),(10,'2009-06-11 00:00:00','Weather Forecast June 11-17, 2009\r\n      \r\nWe will see showers or thunder develop over the Cascades that may also hit the western valley or Portland Metro area through early next week. \r\n\r\nThe influx of marine air will leave us rather muggy and mild with our temperatures close to or slightly above normal. \r\n\r\nPlan to water some in the next 7 days, especially those plants that are covered by overhangs and under trees.'),(11,'2009-06-11 00:00:00',''),(12,'2009-06-18 00:00:00','Weather Forecast: The weather should be variable over the next week.  Showers and cooler temperatures are likely this weekend with warmer weather returning into next week.  You will probably need to water plants located under trees and awnings this weekend and the rest of your landscape as we head into next week.'),(13,'2009-06-25 00:00:00',''),(14,'2009-06-25 00:00:00','WEATHER FORECAST: June 25 – July 1, 2009 \r\n    \r\nOver the past week, we have noted some interesting and dramatic variations in rainfall across the Portland Metro area. Locally heavy showers dumped 1-1.75\" of rainfall over Portland and Troutdale areas last Friday while other locations South and West received just a trace or .01\". This left us with some variable ET values and some areas which need to water while other spots have not needed as much. The pattern ahead though will require that we plan to water over the next 7 to 14 days as Mom Nature is set to send us into a much drier mode. Expect much warmer, or hotter, weather as we move into July, and beyond with very little rainfall forecasted for the next 7 days.'),(15,'2009-07-02 00:00:00','The hot weather will last through Sunday with temperatures well above normal for even early July. Look for temperatures in the 90s through Sunday followed by a shift to much cooler marine air and temperatures through the week. We should see a return to warmer temperatures later in the week or next weekend. Your watering needs will be high through the weekend and into next week despite the approaching cooler temperatures. '),(16,'2009-07-09 00:00:00','Weather Forecast <br>\r\nThough there was not had much rainfall in the Portland metro area, temperatures did cool down this past week, making a difference in ET issues and watering needs. <br>\r\n\r\nThe weather should heat up again the next few days with 80\'s and 90\'s likely.  Sunday should be cool with a chance of showers and thunder. <BR>\r\n\r\nNext week looks drier again with temperatures ranging from the upper 70\'s to upper 80\'s and possibly 90’s later inthe week. <BR>\r\n\r\nDespite Sunday’s potential showers, your landscape’s water needs will remain fairly high over the next 7 days.'),(17,'2009-07-16 00:00:00','Weather Forecast: <BR><BR>The next week’s weather looks hot and dry today thru Saturday (90’s), a bit cooler through Monday (80’s) and then back into the 90-100’s.<BR><BR>\r\nTemperatures will remain well above seasonal averages, which means that your watering needs will go up accordingly too! <BR><BR>'),(19,'2009-07-30 00:00:00','WEATHER FORECAST: July 30 – August 5, 2009<br><br>\r\n      \r\nIt looks like another hot stretch of weather through early next week, but temperatures should cool down a bit and remain mostly in the 90\'s through Monday or Tuesday. <br><br>\r\n\r\nExpect additional cooling later next week with a chance of showers and temperatures in the 70\'s. <br><br>\r\n\r\nWater needs will remain very high the next few days and into next week, due to high heat and high evaporation. The cooler temperatures and possible rain may help lower watering needs later next week.'),(18,'2009-07-23 00:00:00','Weather Forecast <br><br>\r\n\r\nTemperatures should climb into the upper 90\'s and lower 100\'s over the weekend and into next week.  <br><br>\r\n\r\nThe higher temperatures will mean that your lawn and landscape will need to be well watered over the next week.  You might want to get ahead of the curve by giving them a good soak while the temperatures are cooler through Saturday.'),(20,'2009-08-06 00:00:00','Temperatures will remain in the 70\'s and lower 80s for the next 5-6 days, then start to warm again mid-late next week with temperatures back up to the 90s. <BR> <BR>\r\n      \r\nWe could eeck out some drizzle the next 2 mornings, then look for the potential of a few showers next Monday & Tuesday. <BR> <BR>\r\n\r\nThis will probably not provide enough water for your lawn or garden, so you will need to continue to water moderately over the next 7 days. '),(21,'2009-08-13 00:00:00','We have noted quite a cool down over the past week and even some decent showers but not enough to completely stop the need to water. The pattern will shift back into a much warmer mode starting tomorrow through all of next week with local, and regioinal, temperatures back into the 90\'s and perhaps near 100 next week. '),(22,'2009-08-20 00:00:00','Weather Forecast <br><br>\r\n\r\nWe will see 70\'s and 80\'s over the next week with a slim possibility of some morning drizzle. <br><br>\r\n\r\nWe will continue to have a need to water lawns, plants and gardens. But, since temperatures will be close to normal for this time of year, watering needs should also decrease.'),(23,'2009-08-27 00:00:00','<p>It looks like we will have a mix of weather again for the coming week.  Today through Friday will be warm (into the 90s), and then we will dip into slightly cooler, muggy temperatures on Saturday (scattered showers possible). </p>\r\n\r\n     \r\n<p> We will see another surge of hot weather next week with temperatures rebounding into the 80\'s and 90\'s.</p>\r\n\r\n<p>The amount of water need will not be great ovr the next 7 days. We will see some modest rainfall tomorrow into Saturday, but this will not be enough to overcome your landscapes watering needs. </p>'),(24,'2009-09-03 00:00:00','Water needs the next 7 days will not be that great due to the potential for some moderate rainfall Saturday and Sunday. We could see .65 to 1.15\" of rainfall this weekend depending on your location and elevation. A moderate front will bring rain Saturday, then showers set for Sunday. This could be enough to carry you through most of next week. However,\r\nwith the return to a dry and much warmer mode late next week, too early to put the garden hose in the garage!'),(25,'2009-09-10 00:00:00','Water needs will go up over the next 4 days due to heat issues and East winds. So we will need to help our plants, turf zones and shrubs. However, next week does look a bit wetter thus we may see our water needs reduced by cooler temperatures, but we will need to help some plants due to a lack of natural rainfall. \r\n'),(26,'2009-09-17 00:00:00','We are back to a dry mode today and Friday. Saturday may provide some modest showers, but after that we will see temperatures soar into the 80\'s and lower 90\'s again next week.\r\n\r\n     \r\nEven with some modest rainfall yesterday, and some likely on Saturday, your landscape (lawns, plants and shrubs) will need watering.'),(27,'2009-09-24 00:00:00','Weather Forecast<br><br>\r\n      \r\nThe weather will be mild/warm and dry through Monday – look for 70\'s and 80\'s. <br><br>\r\n\r\nA mix of rain or showers likely next week which might put an end to the irrigation season. <br><br>\r\n      \r\nYou may need to water some earlier in the week, but probably not later in the week as the showers should drop a solid .50 to .75 inches of rain.'),(28,'2009-10-01 00:00:00',''),(29,'2010-03-25 00:00:00',''),(30,'2010-04-01 00:00:00','WEATHER FORECAST: <BR>A series of strong weather systems will bring ample rainfall to the Portland Metro area over Easter weekend and through most of next week.  This wet and cool weather means that there will be no need to water your lawns or gardens for the next week or so.'),(31,'2010-04-08 00:00:00','Looks like we will have our usual scattered April showers over the next week.  This wet and cool weather means that there will be no need to water your lawns or gardens this week.'),(32,'2010-04-15 00:00:00','The coming week should have it all – rain, sun and everything in between!  We will see some showers today, then a minor chance through Sunday. A much stronger weather system should give us some moderate rainfall Monday and Tuesday. We should see a day or two of drier weather mid-week followed by wetter weather. Some minimal watering may be needed – be sure to check those plants under trees or eaves and in pots.'),(33,'2010-04-22 00:00:00',''),(34,'2010-04-29 00:00:00',''),(35,'2010-05-06 00:00:00',''),(36,'2010-05-13 00:00:00','No need to water established lawns, perennials, and shrubs this week.  Our soils should still retain moisture from recent rains despite the warmer weather through the weekend.  Do water new plantings, potted plants, or those that have been protected under trees or eves.'),(37,'2010-05-20 00:00:00',''),(38,'2010-05-27 00:00:00','We have had over 4\" of rainfall in Portland so far in May with more to come today & Friday, then again Memorial Day. Safe to say that you don\'t have much watering to do over the next 7 days. Even with a nice break this weekend, we have had more than enough cool and wet weather to satisfy your lawns and gardens! \r\n'),(39,'2010-06-03 00:00:00',''),(40,'2010-06-17 00:00:00',''),(41,'2010-06-24 00:00:00',''),(42,'2010-07-01 00:00:00',''),(43,'2010-07-08 00:00:00',''),(44,'2010-07-15 00:00:00',''),(45,'2010-07-22 00:00:00',''),(46,'2010-07-29 00:00:00',''),(47,'2010-08-05 00:00:00',''),(48,'2010-08-12 00:00:00','We have had a rather nice weather mode over the past week or so, but it does appear that we are likely to heat up starting tomorrow through most of next week. This will spike our local temperatures into the 90\'s, even near 100. This spike in heat will certainly up your watering needs as ET values will go up markedly too.\r\n'),(49,'2010-08-19 00:00:00',''),(50,'2010-08-26 00:00:00',''),(51,'2010-09-02 00:00:00',''),(52,'2010-09-09 00:00:00',''),(53,'2010-09-16 00:00:00',''),(54,'2010-09-23 00:00:00',''),(55,'2010-09-30 00:00:00',''),(56,'2011-03-31 00:00:00',''),(57,'2011-04-07 00:00:00',''),(58,'2011-04-14 00:00:00',''),(59,'2011-06-02 00:00:00',''),(60,'2011-06-09 00:00:00',''),(61,'2011-06-16 00:00:00',''),(62,'2011-06-23 00:00:00',''),(63,'2011-06-30 00:00:00',''),(64,'2011-07-07 00:00:00',''),(65,'2011-07-14 00:00:00',''),(66,'2011-07-21 00:00:00',''),(67,'2011-07-28 00:00:00',''),(68,'2011-08-04 00:00:00',''),(69,'2011-08-11 00:00:00',''),(70,'2011-08-18 00:00:00',''),(71,'2011-08-25 00:00:00',''),(72,'2011-09-01 00:00:00',''),(73,'2011-09-08 00:00:00',''),(74,'2011-09-15 00:00:00',''),(75,'2011-09-22 00:00:00',''),(76,'2011-09-29 00:00:00',''),(77,'2011-10-06 00:00:00',''),(78,'2012-04-05 00:00:00',''),(79,'2012-04-12 00:00:00',''),(80,'2012-04-19 00:00:00',''),(81,'2012-05-03 00:00:00',''),(82,'2012-05-10 00:00:00',''),(83,'2012-05-17 00:00:00',''),(84,'2012-05-24 00:00:00',''),(85,'2012-05-31 00:00:00',''),(86,'2012-06-07 00:00:00',''),(87,'2012-06-14 00:00:00',''),(88,'2012-06-21 00:00:00',''),(89,'2012-06-28 00:00:00',''),(90,'2012-07-05 00:00:00',''),(91,'2012-07-12 00:00:00',''),(92,'2012-07-19 00:00:00',''),(93,'2012-07-26 00:00:00',''),(94,'2012-08-02 00:00:00',''),(95,'2012-08-09 00:00:00',''),(96,'2012-08-16 00:00:00',''),(97,'2012-08-23 00:00:00',''),(98,'2012-08-30 00:00:00',''),(99,'2012-09-06 00:00:00',''),(100,'2012-09-13 00:00:00',''),(101,'2012-09-20 00:00:00',''),(102,'2012-09-27 00:00:00',''),(103,'2012-10-04 00:00:00',''),(104,'2012-10-11 00:00:00',''),(105,'2012-10-18 00:00:00','');

--
-- Table structure for table `wwn_zips`
--

CREATE TABLE `wwn_zips` (
  `zip` varchar(5) NOT NULL,
  PRIMARY KEY (`zip`)
) ENGINE=MyISAM DEFAULT CHARSET=utf8;

--
-- Dumping data for table `wwn_zips`
--

INSERT INTO `wwn_zips` VALUES ('97002'),('97004'),('97005'),('97006'),('97007'),('97008'),('97009'),('97011'),('97013'),('97015'),('97017'),('97019'),('97022'),('97023'),('97024'),('97027'),('97030'),('97032'),('97034'),('97035'),('97036'),('97038'),('97042'),('97045'),('97049'),('97055'),('97056'),('97060'),('97062'),('97067'),('97068'),('97070'),('97071'),('97080'),('97106'),('97111'),('97113'),('97114'),('97115'),('97116'),('97119'),('97123'),('97124'),('97127'),('97128'),('97132'),('97133'),('97134'),('97137'),('97140'),('97148'),('97201'),('97202'),('97203'),('97204'),('97205'),('97206'),('97209'),('97210'),('97211'),('97212'),('97213'),('97214'),('97215'),('97216'),('97217'),('97218'),('97219'),('97220'),('97221'),('97222'),('97223'),('97224'),('97225'),('97227'),('97229'),('97230'),('97231'),('97232'),('97233'),('97236'),('97239'),('97266'),('97267'),('97297'),('<p>97');

--
-- Table structure for table `wysiwyg`
--

CREATE TABLE `wysiwyg` (
  `format` int(11) NOT NULL DEFAULT '0',
  `editor` varchar(128) NOT NULL DEFAULT '',
  `settings` text,
  PRIMARY KEY (`format`)
) ENGINE=MyISAM DEFAULT CHARSET=utf8;

--
-- Dumping data for table `wysiwyg`
--

INSERT INTO `wysiwyg` VALUES (1,'',''),(2,'ckeditor','a:20:{s:7:\"default\";i:1;s:11:\"user_choose\";i:1;s:11:\"show_toggle\";i:1;s:5:\"theme\";s:8:\"advanced\";s:8:\"language\";s:2:\"en\";s:7:\"buttons\";a:2:{s:7:\"default\";a:33:{s:4:\"Bold\";i:1;s:6:\"Italic\";i:1;s:9:\"Underline\";i:1;s:11:\"JustifyLeft\";i:1;s:13:\"JustifyCenter\";i:1;s:12:\"JustifyRight\";i:1;s:12:\"BulletedList\";i:1;s:12:\"NumberedList\";i:1;s:7:\"Outdent\";i:1;s:6:\"Indent\";i:1;s:4:\"Undo\";i:1;s:4:\"Redo\";i:1;s:4:\"Link\";i:1;s:6:\"Unlink\";i:1;s:6:\"Anchor\";i:1;s:5:\"Image\";i:1;s:9:\"TextColor\";i:1;s:7:\"BGColor\";i:1;s:9:\"Subscript\";i:1;s:6:\"Source\";i:1;s:3:\"Cut\";i:1;s:4:\"Copy\";i:1;s:5:\"Paste\";i:1;s:10:\"ShowBlocks\";i:1;s:12:\"RemoveFormat\";i:1;s:4:\"Font\";i:1;s:8:\"FontSize\";i:1;s:6:\"Styles\";i:1;s:5:\"Table\";i:1;s:9:\"SelectAll\";i:1;s:4:\"Find\";i:1;s:7:\"Replace\";i:1;s:8:\"Maximize\";i:1;}s:4:\"imce\";a:1:{s:4:\"imce\";i:1;}}s:11:\"toolbar_loc\";s:3:\"top\";s:13:\"toolbar_align\";s:4:\"left\";s:8:\"path_loc\";s:6:\"bottom\";s:8:\"resizing\";i:1;s:11:\"verify_html\";i:1;s:12:\"preformatted\";i:0;s:22:\"convert_fonts_to_spans\";i:1;s:17:\"remove_linebreaks\";i:1;s:23:\"apply_source_formatting\";i:1;s:27:\"paste_auto_cleanup_on_paste\";i:0;s:13:\"block_formats\";s:32:\"p,address,pre,h2,h3,h4,h5,h6,div\";s:11:\"css_setting\";s:4:\"self\";s:8:\"css_path\";s:214:\"http://yui.yahooapis.com/2.5.1/build/reset-fonts-grids/reset-fonts-grids.css, %bsites/all/themes/rwpc/css/page-layout.css, %bsites/all/themes/rwpc/css/rwpc.css, %bsites/all/modules/custom/wysiwyg_custom/wysiwyg.css\";s:11:\"css_classes\";s:0:\"\";}'),(3,'',''),(4,'',''),(5,'tinymce','a:20:{s:7:\"default\";i:1;s:11:\"user_choose\";i:1;s:11:\"show_toggle\";i:1;s:5:\"theme\";s:8:\"advanced\";s:8:\"language\";s:2:\"en\";s:7:\"buttons\";a:10:{s:7:\"default\";a:23:{s:4:\"bold\";i:1;s:6:\"italic\";i:1;s:9:\"underline\";i:1;s:11:\"justifyleft\";i:1;s:13:\"justifycenter\";i:1;s:12:\"justifyright\";i:1;s:7:\"bullist\";i:1;s:7:\"numlist\";i:1;s:7:\"outdent\";i:1;s:6:\"indent\";i:1;s:4:\"undo\";i:1;s:4:\"redo\";i:1;s:4:\"link\";i:1;s:6:\"unlink\";i:1;s:6:\"anchor\";i:1;s:5:\"image\";i:1;s:9:\"forecolor\";i:1;s:9:\"backcolor\";i:1;s:3:\"sub\";i:1;s:3:\"cut\";i:1;s:4:\"copy\";i:1;s:5:\"paste\";i:1;s:12:\"removeformat\";i:1;}s:7:\"advlink\";a:1:{s:7:\"advlink\";i:1;}s:11:\"contextmenu\";a:1:{s:11:\"contextmenu\";i:1;}s:4:\"font\";a:4:{s:12:\"formatselect\";i:1;s:10:\"fontselect\";i:1;s:14:\"fontsizeselect\";i:1;s:11:\"styleselect\";i:1;}s:10:\"fullscreen\";a:1:{s:10:\"fullscreen\";i:1;}s:5:\"paste\";a:1:{s:9:\"selectall\";i:1;}s:13:\"searchreplace\";a:2:{s:6:\"search\";i:1;s:7:\"replace\";i:1;}s:5:\"style\";a:1:{s:10:\"styleprops\";i:1;}s:5:\"table\";a:1:{s:13:\"tablecontrols\";i:1;}s:4:\"imce\";a:1:{s:4:\"imce\";i:1;}}s:11:\"toolbar_loc\";s:3:\"top\";s:13:\"toolbar_align\";s:4:\"left\";s:8:\"path_loc\";s:6:\"bottom\";s:8:\"resizing\";i:1;s:11:\"verify_html\";i:1;s:12:\"preformatted\";i:0;s:22:\"convert_fonts_to_spans\";i:1;s:17:\"remove_linebreaks\";i:1;s:23:\"apply_source_formatting\";i:0;s:27:\"paste_auto_cleanup_on_paste\";i:0;s:13:\"block_formats\";s:32:\"p,address,pre,h2,h3,h4,h5,h6,div\";s:11:\"css_setting\";s:5:\"theme\";s:8:\"css_path\";s:0:\"\";s:11:\"css_classes\";s:34:\"notes=notes\nEvent Title=eventtitle\";}');

--
-- Table structure for table `wysiwyg_user`
--

CREATE TABLE `wysiwyg_user` (
  `uid` int(10) unsigned NOT NULL DEFAULT '0',
  `format` int(11) DEFAULT NULL,
  `status` tinyint(3) unsigned NOT NULL DEFAULT '0',
  KEY `uid` (`uid`),
  KEY `format` (`format`)
) ENGINE=MyISAM DEFAULT CHARSET=utf8;

--
-- Dumping data for table `wysiwyg_user`
--

INSERT INTO `wysiwyg_user` VALUES (4,2,1),(189,2,1),(3,2,1),(318,5,1),(975,2,1),(975,5,1),(573,2,1),(573,5,1),(469,2,1),(469,5,1),(821,2,1),(821,5,1),(489,2,1),(489,5,1),(468,2,1),(468,5,1),(287,5,1),(287,2,1),(632,2,1),(632,5,1),(758,2,1),(758,5,1),(350,5,1),(350,2,1),(1131,2,1),(1131,5,1),(1186,2,1),(1186,5,1),(4,5,1),(901,5,1),(901,2,1),(318,2,1),(903,2,1),(903,5,1),(1189,2,1),(1189,5,1),(278,5,1),(278,2,1),(835,2,1),(835,5,1),(629,2,1),(629,5,1),(199,2,1),(199,5,1);


