--
-- Host: localhost    Database: zigsbys8_kitcalls
-- ------------------------------------------------------


--
-- Current Database: `zigsbys8_kitcalls`
--

CREATE DATABASE /*!32312 IF NOT EXISTS*/ `zigsbys8_kitcalls` /*!40100 DEFAULT CHARACTER SET latin1 */;

USE `zigsbys8_kitcalls`;

--
-- Table structure for table `annotation_types`
--

CREATE TABLE `annotation_types` (
  `id` tinyint(4) NOT NULL AUTO_INCREMENT,
  `description` varchar(32) NOT NULL,
  `tenant_id` bigint(20) NOT NULL,
  PRIMARY KEY (`id`),
  KEY `tenant_id` (`tenant_id`)
) ENGINE=MyISAM AUTO_INCREMENT=7 DEFAULT CHARSET=utf8;

--
-- Dumping data for table `annotation_types`
--

INSERT INTO `annotation_types` VALUES (1,'called',1),(2,'read',1),(3,'noted',1),(4,'changed',1),(5,'labeled',1),(6,'sms',1);

--
-- Table structure for table `annotations`
--

CREATE TABLE `annotations` (
  `id` bigint(20) NOT NULL AUTO_INCREMENT,
  `annotation_type` tinyint(4) NOT NULL,
  `message_id` bigint(20) NOT NULL,
  `user_id` int(11) NOT NULL,
  `description` text CHARACTER SET latin1 NOT NULL,
  `created` datetime NOT NULL,
  `tenant_id` bigint(20) NOT NULL,
  PRIMARY KEY (`id`),
  KEY `annotation_type_message_id` (`annotation_type`,`message_id`,`created`),
  KEY `created` (`created`),
  KEY `tenant_id` (`tenant_id`)
) ENGINE=MyISAM DEFAULT CHARSET=utf8;

--
-- Dumping data for table `annotations`
--


--
-- Table structure for table `audio_files`
--

CREATE TABLE `audio_files` (
  `id` int(11) NOT NULL AUTO_INCREMENT,
  `label` varchar(255) DEFAULT NULL,
  `user_id` int(11) NOT NULL,
  `url` varchar(255) DEFAULT NULL,
  `recording_call_sid` varchar(100) DEFAULT NULL,
  `tag` varchar(100) DEFAULT NULL,
  `cancelled` tinyint(4) DEFAULT '0',
  `created` datetime DEFAULT NULL,
  `updated` datetime DEFAULT NULL,
  `tenant_id` bigint(20) NOT NULL,
  PRIMARY KEY (`id`),
  KEY `user_id` (`user_id`),
  KEY `url` (`url`),
  KEY `recording_call_sid` (`recording_call_sid`),
  KEY `tag` (`tag`),
  KEY `tenant_id` (`tenant_id`)
) ENGINE=MyISAM AUTO_INCREMENT=5 DEFAULT CHARSET=utf8;

--
-- Dumping data for table `audio_files`
--

INSERT INTO `audio_files` VALUES (1,'Upload of ecfe7c476bf0006738592026995df0a2.mp3',1,'vbx-audio-upload://32bad73cc60a8d8194b61585cf7d26a2.mp3',NULL,'global',0,'2010-09-17 03:00:56','2010-09-17 03:00:56',1),(2,'Upload of f67f90bc70ab386c68a6872bb2414fae.mp3',1,'vbx-audio-upload://cdeca44f9e0a32b64854fd7c3fc4dbad.mp3',NULL,'global',0,'2010-09-17 03:01:53','2010-09-17 03:01:53',1),(3,'Upload of 7bdddb924db6b6f853de4836ea5548b0.mp3',1,'vbx-audio-upload://acd619c61679b6c56ead06d9149d8678.mp3',NULL,'global',0,'2010-09-17 03:02:20','2010-09-17 03:02:20',1),(4,'Upload of ecfe7c476bf0006738592026995df0a2.mp3',1,'vbx-audio-upload://28b0b37ec8ae801fee7ec06eedc31594.mp3',NULL,'global',0,'2010-09-17 03:03:42','2010-09-17 03:03:42',1);

--
-- Table structure for table `auth_types`
--

CREATE TABLE `auth_types` (
  `id` tinyint(4) NOT NULL AUTO_INCREMENT,
  `description` varchar(255) NOT NULL,
  `tenant_id` bigint(20) NOT NULL,
  PRIMARY KEY (`id`),
  KEY `tenant_id` (`tenant_id`)
) ENGINE=MyISAM AUTO_INCREMENT=3 DEFAULT CHARSET=utf8;

--
-- Dumping data for table `auth_types`
--

INSERT INTO `auth_types` VALUES (1,'openvbx',1),(2,'google',1);

--
-- Table structure for table `flow_store`
--

CREATE TABLE `flow_store` (
  `key` varchar(255) NOT NULL,
  `value` text,
  `flow_id` int(11) NOT NULL,
  `tenant_id` bigint(20) NOT NULL,
  UNIQUE KEY `key_flow` (`key`,`flow_id`),
  KEY `key` (`key`,`flow_id`),
  KEY `tenant_id` (`tenant_id`)
) ENGINE=MyISAM DEFAULT CHARSET=utf8;

--
-- Dumping data for table `flow_store`
--


--
-- Table structure for table `flows`
--

CREATE TABLE `flows` (
  `id` int(11) NOT NULL AUTO_INCREMENT,
  `name` varchar(100) NOT NULL,
  `user_id` int(11) NOT NULL,
  `created` datetime DEFAULT NULL,
  `updated` datetime DEFAULT NULL,
  `data` text,
  `sms_data` text,
  `tenant_id` bigint(20) NOT NULL,
  PRIMARY KEY (`id`),
  UNIQUE KEY `name` (`name`,`tenant_id`),
  KEY `user_id` (`user_id`),
  KEY `tenant_id` (`tenant_id`)
) ENGINE=MyISAM AUTO_INCREMENT=2 DEFAULT CHARSET=utf8;

--
-- Dumping data for table `flows`
--

INSERT INTO `flows` VALUES (1,'Zigsby\'s Kitchen',1,NULL,NULL,'{\"104942\":{\"name\":\"Voicemail\",\"data\":{\"prompt_say\":\"\",\"prompt_play\":\"http://zigsbyskitchen.com/OpenVBX/audio-uploads/cdeca44f9e0a32b64854fd7c3fc4dbad.mp3\",\"prompt_mode\":\"play\",\"prompt_tag\":\"global\",\"show_player_with_url\":\"http://zigsbyskitchen.com/OpenVBX/audio-uploads/cdeca44f9e0a32b64854fd7c3fc4dbad.mp3\",\"number\":\"(704) 326-6746\",\"library\":\"\",\"permissions_id\":\"\",\"permissions_type\":\"\"},\"id\":\"104942\",\"type\":\"standard---voicemail\"},\"start\":{\"name\":\"Call Start\",\"data\":{\"next\":\"start/1062ed\"},\"id\":\"start\",\"type\":\"standard---start\"},\"1062ed\":{\"name\":\"Google Analytics\",\"data\":{\"account\":\"UA-17007337-2\",\"url\":\"Incoming_Call?utm_source=onsite&utm_medium=onsite&utm_campaign=IncomingCall\",\"title\":\"Incoming Call from %caller%\",\"next\":\"start/1062ed/b35f82\"},\"id\":\"1062ed\",\"type\":\"OpenVBX-Analytics---tack\"},\"b35f82\":{\"name\":\"Menu\",\"data\":{\"prompt_say\":\"\",\"prompt_play\":\"http://zigsbyskitchen.com/OpenVBX/audio-uploads/32bad73cc60a8d8194b61585cf7d26a2.mp3\",\"prompt_mode\":\"play\",\"prompt_tag\":\"global\",\"show_player_with_url\":[\"http://zigsbyskitchen.com/OpenVBX/audio-uploads/32bad73cc60a8d8194b61585cf7d26a2.mp3\",\"http://zigsbyskitchen.com/OpenVBX/audio-uploads/28b0b37ec8ae801fee7ec06eedc31594.mp3\"],\"number\":[\"(704) 326-6746\",\"(704) 326-6746\"],\"library\":[\"\",\"\"],\"keys[]\":[\"1\",\"2\"],\"choices[]\":[\"start/1062ed/b35f82/440e31\",\"start/1062ed/b35f82/5b443c\"],\"repeat-count\":\"2\",\"next\":\"start/1062ed/b35f82/a58f2\",\"invalid-option_say\":\"\",\"invalid-option_play\":\"http://zigsbyskitchen.com/OpenVBX/audio-uploads/28b0b37ec8ae801fee7ec06eedc31594.mp3\",\"invalid-option_mode\":\"play\",\"invalid-option_tag\":\"global\"},\"id\":\"b35f82\",\"type\":\"menu---menu\"},\"a8b980\":{\"name\":\"Voicemail\",\"data\":{\"prompt_say\":\"\",\"prompt_play\":\"\",\"prompt_mode\":\"\",\"prompt_tag\":\"global\",\"number\":\"(704) 326-6746\",\"library\":\"\",\"permissions_id\":\"1\",\"permissions_type\":\"group\"},\"id\":\"a8b980\",\"type\":\"standard---voicemail\"},\"fdc0e9\":{\"name\":\"Dial\",\"data\":{\"dial-whom-selector\":\"user-or-group\",\"dial-whom-user-or-group_id\":\"1\",\"dial-whom-user-or-group_type\":\"group\",\"dial-whom-number\":\"\",\"no-answer-group-voicemail_say\":\"\",\"no-answer-group-voicemail_play\":\"http://zigsbyskitchen.com/OpenVBX/audio-uploads/cdeca44f9e0a32b64854fd7c3fc4dbad.mp3\",\"no-answer-group-voicemail_mode\":\"play\",\"no-answer-group-voicemail_tag\":\"global\",\"show_player_with_url\":\"http://zigsbyskitchen.com/OpenVBX/audio-uploads/cdeca44f9e0a32b64854fd7c3fc4dbad.mp3\",\"number\":\"(704) 326-6746\",\"library\":\"\",\"no-answer-action\":\"redirect\",\"no-answer-redirect\":\"start/1062ed/b35f82/fdc0e9/ca543e\",\"no-answer-redirect-number\":\"\",\"version\":\"3\"},\"id\":\"fdc0e9\",\"type\":\"standard---dial\"},\"5b443c\":{\"name\":\"Voicemail\",\"data\":{\"prompt_say\":\"\",\"prompt_play\":\"http://zigsbyskitchen.com/OpenVBX/audio-uploads/acd619c61679b6c56ead06d9149d8678.mp3\",\"prompt_mode\":\"play\",\"prompt_tag\":\"global\",\"show_player_with_url\":\"http://zigsbyskitchen.com/OpenVBX/audio-uploads/acd619c61679b6c56ead06d9149d8678.mp3\",\"number\":\"(704) 326-6746\",\"library\":\"\",\"permissions_id\":\"2\",\"permissions_type\":\"group\"},\"id\":\"5b443c\",\"type\":\"standard---voicemail\"},\"a58f2\":{\"name\":\"Hangup\",\"data\":{},\"id\":\"a58f2\",\"type\":\"standard---hangup\"},\"ca543e\":{\"name\":\"Voicemail\",\"data\":{\"prompt_say\":\"\",\"prompt_play\":\"http://zigsbyskitchen.com/OpenVBX/audio-uploads/cdeca44f9e0a32b64854fd7c3fc4dbad.mp3\",\"prompt_mode\":\"play\",\"prompt_tag\":\"global\",\"show_player_with_url\":\"http://zigsbyskitchen.com/OpenVBX/audio-uploads/cdeca44f9e0a32b64854fd7c3fc4dbad.mp3\",\"number\":\"(704) 326-6746\",\"library\":\"\",\"permissions_id\":\"1\",\"permissions_type\":\"group\"},\"id\":\"ca543e\",\"type\":\"standard---voicemail\"},\"440e31\":{\"name\":\"Simultaneous Dial\",\"data\":{\"dial-whom-selector\":\"user-or-group\",\"dial-whom-user-or-group_id\":\"1\",\"dial-whom-user-or-group_type\":\"group\",\"dial-whom-number\":\"\",\"no-answer-action\":\"voicemail\",\"no-answer-group-voicemail_say\":\"\",\"no-answer-group-voicemail_play\":\"vbx-audio-upload://cdeca44f9e0a32b64854fd7c3fc4dbad.mp3\",\"no-answer-group-voicemail_mode\":\"play\",\"no-answer-group-voicemail_tag\":\"global\",\"number\":\"(704) 326-6746\",\"library\":\"\",\"no-answer-redirect\":\"start/1062ed/b35f82/440e31/104942\",\"no-answer-redirect-number\":\"\",\"version\":\"3\"},\"id\":\"440e31\",\"type\":\"OpenVBX-Plugin-SimultaneousDial---simultaneous-dial\"}}',NULL,1);

--
-- Table structure for table `group_annotations`
--

CREATE TABLE `group_annotations` (
  `group_id` int(11) NOT NULL,
  `annotation_id` bigint(20) NOT NULL,
  `tenant_id` bigint(20) NOT NULL,
  PRIMARY KEY (`group_id`,`annotation_id`),
  KEY `tenant_id` (`tenant_id`)
) ENGINE=MyISAM DEFAULT CHARSET=utf8;

--
-- Dumping data for table `group_annotations`
--


--
-- Table structure for table `group_messages`
--

CREATE TABLE `group_messages` (
  `group_id` int(11) NOT NULL,
  `message_id` int(11) NOT NULL,
  `tenant_id` bigint(20) NOT NULL,
  PRIMARY KEY (`group_id`,`message_id`),
  KEY `tenant_id` (`tenant_id`),
  KEY `message_id` (`message_id`)
) ENGINE=MyISAM DEFAULT CHARSET=utf8;

--
-- Dumping data for table `group_messages`
--

INSERT INTO `group_messages` VALUES (1,1,1),(1,5,1),(1,6,1),(1,7,1),(1,8,1),(1,9,1),(1,10,1),(1,11,1),(1,12,1),(1,13,1),(1,14,1),(1,15,1),(1,16,1),(1,17,1),(1,18,1),(1,19,1),(1,20,1),(1,21,1),(1,22,1),(1,23,1),(1,24,1),(1,25,1),(1,26,1),(1,27,1),(1,28,1),(1,29,1),(1,30,1),(1,31,1),(1,32,1),(1,33,1),(1,34,1),(1,35,1),(1,36,1),(1,37,1),(1,38,1),(1,39,1),(1,40,1),(1,41,1),(1,42,1),(1,43,1),(1,44,1),(1,45,1),(1,46,1),(1,47,1),(1,48,1),(1,50,1),(1,51,1),(1,52,1),(1,53,1),(1,57,1),(1,58,1),(1,59,1),(1,60,1),(1,61,1),(1,62,1),(1,63,1),(1,64,1),(1,65,1),(1,67,1),(1,68,1),(1,69,1),(1,70,1),(1,71,1),(1,72,1),(1,73,1),(1,74,1),(1,75,1),(1,76,1),(1,77,1),(1,78,1),(1,79,1),(1,80,1),(1,81,1),(1,82,1),(1,83,1),(1,84,1),(1,85,1),(1,86,1),(1,87,1),(1,88,1),(1,89,1),(1,90,1),(1,91,1),(1,93,1),(1,94,1),(1,95,1),(1,96,1),(1,97,1),(1,98,1),(1,99,1),(1,100,1),(1,101,1),(1,102,1),(1,104,1),(1,105,1),(1,106,1),(1,107,1),(1,108,1),(1,109,1),(1,110,1),(1,111,1),(1,112,1),(1,113,1),(1,114,1),(1,115,1),(1,116,1),(1,117,1),(1,118,1),(1,119,1),(1,120,1),(1,121,1),(1,122,1),(1,123,1),(1,124,1),(1,125,1),(1,126,1),(1,127,1),(1,128,1),(1,129,1),(1,130,1),(1,131,1),(1,132,1),(1,133,1),(1,134,1),(1,135,1),(1,136,1),(1,138,1),(1,139,1),(1,140,1),(1,141,1),(1,142,1),(1,143,1),(1,144,1),(1,145,1),(1,146,1),(1,147,1),(1,149,1),(1,151,1),(2,49,1),(2,54,1),(2,55,1),(2,56,1),(2,66,1),(2,92,1),(2,103,1),(2,137,1),(2,148,1),(2,150,1),(1,152,1),(1,153,1),(1,154,1),(1,155,1),(1,156,1),(1,157,1),(1,158,1),(1,159,1),(1,160,1),(1,161,1),(1,162,1),(1,163,1),(2,164,1),(1,165,1),(1,166,1),(1,167,1),(1,168,1),(1,169,1),(1,170,1),(1,171,1),(1,172,1),(1,173,1),(1,174,1),(1,175,1),(1,176,1),(1,177,1),(1,178,1),(1,179,1),(1,180,1),(1,181,1),(1,182,1),(1,183,1),(2,184,1),(1,185,1),(1,186,1),(1,187,1),(2,188,1),(1,189,1),(1,190,1),(1,191,1),(1,192,1),(1,193,1),(1,194,1),(1,195,1),(1,196,1),(1,197,1),(1,198,1),(1,199,1),(2,200,1),(1,201,1),(1,202,1),(1,203,1),(2,204,1),(1,205,1),(1,206,1),(1,207,1),(1,208,1),(1,209,1),(1,210,1),(1,211,1),(1,212,1),(1,213,1),(2,214,1),(1,215,1),(1,216,1),(1,217,1),(1,218,1),(2,219,1),(1,220,1),(1,221,1),(1,222,1),(1,223,1),(2,224,1),(2,225,1),(1,226,1),(1,227,1),(2,228,1),(1,229,1),(1,230,1),(2,231,1),(2,232,1),(2,233,1),(1,234,1),(1,235,1),(1,236,1),(1,237,1),(1,238,1),(1,239,1),(1,240,1),(1,241,1),(1,242,1),(1,243,1),(1,244,1),(1,245,1),(1,246,1),(1,247,1),(1,248,1),(1,249,1),(1,250,1),(1,251,1),(1,252,1),(1,253,1),(1,254,1),(1,255,1),(2,256,1),(1,257,1),(1,258,1),(1,259,1),(1,260,1),(1,261,1),(1,262,1),(1,263,1),(1,264,1),(1,265,1),(1,266,1),(1,267,1),(1,268,1),(1,269,1),(1,270,1),(1,271,1),(1,272,1),(2,273,1),(1,274,1),(1,275,1),(1,276,1),(1,277,1),(1,278,1),(1,279,1);

--
-- Table structure for table `groups`
--

CREATE TABLE `groups` (
  `id` int(11) NOT NULL AUTO_INCREMENT,
  `name` varchar(100) DEFAULT NULL,
  `is_active` tinyint(4) NOT NULL DEFAULT '1',
  `tenant_id` bigint(20) NOT NULL,
  PRIMARY KEY (`id`),
  KEY `tenant_id` (`tenant_id`)
) ENGINE=MyISAM AUTO_INCREMENT=3 DEFAULT CHARSET=utf8;

--
-- Dumping data for table `groups`
--

INSERT INTO `groups` VALUES (1,'Zigsbys Kitchen',1,1),(2,'Kitchen Accounting',1,1);

--
-- Table structure for table `groups_users`
--

CREATE TABLE `groups_users` (
  `id` int(11) NOT NULL AUTO_INCREMENT,
  `group_id` int(11) NOT NULL,
  `user_id` int(11) NOT NULL,
  `tenant_id` bigint(20) NOT NULL,
  PRIMARY KEY (`id`),
  KEY `group_id` (`group_id`),
  KEY `tenant_id` (`tenant_id`),
  KEY `user_id` (`user_id`)
) ENGINE=MyISAM AUTO_INCREMENT=4 DEFAULT CHARSET=utf8;

--
-- Dumping data for table `groups_users`
--

INSERT INTO `groups_users` VALUES (1,1,1,1),(2,2,1,1),(3,1,2,1);

--
-- Table structure for table `messages`
--

CREATE TABLE `messages` (
  `id` int(11) NOT NULL AUTO_INCREMENT,
  `created` datetime DEFAULT NULL,
  `updated` datetime DEFAULT NULL,
  `read` datetime DEFAULT NULL,
  `call_sid` varchar(34) DEFAULT NULL,
  `caller` varchar(20) DEFAULT NULL,
  `called` varchar(20) DEFAULT NULL,
  `type` varchar(10) DEFAULT NULL,
  `status` varchar(10) DEFAULT NULL,
  `content_url` varchar(255) DEFAULT NULL,
  `content_text` varchar(5000) DEFAULT NULL,
  `notes` varchar(5000) DEFAULT NULL,
  `size` smallint(6) DEFAULT NULL,
  `assigned_to` bigint(20) DEFAULT NULL,
  `archived` tinyint(4) NOT NULL DEFAULT '0',
  `ticket_status` enum('open','closed','pending') NOT NULL DEFAULT 'open',
  `tenant_id` bigint(20) NOT NULL,
  PRIMARY KEY (`id`),
  KEY `tenant_id` (`tenant_id`),
  KEY `call_sid` (`call_sid`)
) ENGINE=MyISAM AUTO_INCREMENT=280 DEFAULT CHARSET=utf8;

--
-- Dumping data for table `messages`
--

INSERT INTO `messages` VALUES (1,'2010-09-17 03:13:25','2010-09-25 19:25:24',NULL,'CA69399ca1802d1195f76364fc8d247e33','7043266746','8777929310','voice','new','http://api.twilio.com/2008-08-01/Accounts/AC029a65932d6fcacffc41f26ff125dbb7/Recordings/RE848d75fa10c8d246509c7e00ae438f95','Test 1 test 2.',NULL,5,NULL,1,'open',1),(2,'2010-09-25 18:36:26','2010-10-09 17:51:37',NULL,'CA46c42ca29a4ba163f2ffc455c20d7f92','5088296627','8777929310','voice','new','http://api.twilio.com/2008-08-01/Accounts/AC029a65932d6fcacffc41f26ff125dbb7/Recordings/RE54d427b76c6a2d9b7104b4d477bad7c5','(blank)',NULL,2,NULL,1,'open',1),(3,'2010-09-27 15:30:20','2012-06-19 00:05:12','2010-10-18 14:32:21','CA71065fdebfa2ad92ec4b6d73b7f934d3','5085231985','8777929310','voice','read','http://api.twilio.com/2008-08-01/Accounts/AC029a65932d6fcacffc41f26ff125dbb7/Recordings/RE50cef2b5f394e97992422f565b89d83c','Yes hello this is Angela korea calling ... I\\\'m trying to place an order ... I spoke with Chris on the weekend ... in my cellphone number is (508) 523-1985 trying to place an order ... if you call me back and I\\\'m in work I may not be able to answer this call me I\\\'ll call you back again ... I can also try to order the product online it again ... you could let me know if you are ready to place the order or not seem visit some questions on my credit card hi gie I believe I gave you the right number and the name on the credit card it\\\'s angela steve cory or so we should have gone through you can call me back and let me know what the status is thanks.',NULL,51,NULL,1,'open',1),(4,'2010-10-09 17:47:44','2010-10-09 17:52:15',NULL,'CAab71af4196723058f41cff2881bc2f20','3013674435','8777929310','voice','new','http://api.twilio.com/2008-08-01/Accounts/AC029a65932d6fcacffc41f26ff125dbb7/Recordings/RE71e89300f9b1ee1c05eb8a00c704ccca',NULL,NULL,3,NULL,1,'open',1),(5,'2010-10-11 18:13:42','2010-10-13 17:48:08',NULL,'CA5810f84a48c22c65c60f5ec891c83781','9738655069','8777929310','voice','new','http://api.twilio.com/2008-08-01/Accounts/AC029a65932d6fcacffc41f26ff125dbb7/Recordings/RE2c3dbe181043bee3b87bfa06205658c5','(blank)',NULL,4,NULL,1,'open',1),(6,'2010-10-27 18:54:44','2012-06-19 00:05:12','2010-10-27 19:42:22','CA768b3be07005486cdca1a7a6d88903f4','7189694723','8777929310','voice','read','http://api.twilio.com/2008-08-01/Accounts/AC029a65932d6fcacffc41f26ff125dbb7/Recordings/RE34b1305ff1b8976292188bd6201deb5d','Hi my name is Allison (718) 969-4723 and I just have a question about the ... c. tech kitchen sink thanks.',NULL,15,NULL,1,'open',1),(7,'2010-10-28 16:31:03','2012-06-19 00:05:12','2010-10-29 19:02:09','CAe72b31b0c4a5b8bba654e1c4ec75b587','5616271108','8777929310','voice','read','http://api.twilio.com/2008-08-01/Accounts/AC029a65932d6fcacffc41f26ff125dbb7/Recordings/RE15dcd663890e98f2ea9ea38cd87b6c70','Hey Bro the telephone number see this 6271108 area code 561 calling about the ... see thanks stainless Steel kitchen sink ... wanna know if the ... bottom screen Grant parcels separately and do you have some in stock please call.',NULL,39,NULL,1,'open',1),(8,'2010-11-03 14:53:58','2012-06-19 00:05:12','2010-11-04 19:32:21','CA6ad5067783425af37ab52fd95a52d946','7042934340','8777929310','voice','read','http://api.twilio.com/2008-08-01/Accounts/AC029a65932d6fcacffc41f26ff125dbb7/Recordings/RE56ac503d263cad55e2ea65874631ba15','Hi this is Adrian he ... I had ordered thing from you guys ... I need to verify that you received the order I did receive any email stating that ... you received the order ... please call me back (704) 293-4340 thanks.',NULL,20,NULL,1,'open',1),(9,'2010-11-04 19:21:43','2012-06-19 00:05:12','2010-11-04 19:34:32','CA5df501d0d0fca15c195c62daa9f342d4','3528615714','8777929310','voice','read','http://api.twilio.com/2008-08-01/Accounts/AC029a65932d6fcacffc41f26ff125dbb7/Recordings/RE218931ea67a1f2433be9435e6c47babf','Hey Chris it\\\'s (352) 861-5714.',NULL,9,NULL,1,'open',1),(10,'2010-11-05 20:21:35','2012-06-19 00:05:12','2010-11-08 20:56:31','CA8282b90958a4463a9ac7b3e957faf6bd','9133173737','8777929310','voice','read','http://api.twilio.com/2008-08-01/Accounts/AC029a65932d6fcacffc41f26ff125dbb7/Recordings/RE7cc4ced4afc0e0736e22be1295dd2dfe',NULL,NULL,3,NULL,1,'open',1),(11,'2010-11-08 17:12:43','2012-06-19 00:05:12','2010-11-08 20:56:19','CAaacdc05daea580778038d3c9aac233eb','9132080159','8777929310','voice','read','http://api.twilio.com/2008-08-01/Accounts/AC029a65932d6fcacffc41f26ff125dbb7/Recordings/RE19d01175b7e907ab0b91a6f54d7fe110','My name is Robert Nelson I was calling regarding ... sink I ordered yesterday some like just give me a callback at 91392080155 thank you you.',NULL,15,NULL,1,'open',1),(12,'2010-11-16 15:33:23','2012-06-19 00:05:12','2010-11-16 16:43:12','CA4ca249633eee0c30200ebf3aa137daf6','9132080159','8777929310','voice','read','http://api.twilio.com/2008-08-01/Accounts/AC029a65932d6fcacffc41f26ff125dbb7/Recordings/RE6ba0a22d7e267b40e1c73abbe1a0f777','Hi my name is Rob Nelson I had a question concerning ... order that I received last week somebody should call me back (913) 208-0159 thank you.',NULL,14,NULL,1,'open',1),(13,'2010-11-18 14:53:45','2012-06-19 00:05:05','2010-11-22 19:07:16','CA6251876b87712ac1e1fa1d6008978dca','8307555005','8777929310','voice','read','http://api.twilio.com/2008-08-01/Accounts/AC029a65932d6fcacffc41f26ff125dbb7/Recordings/REfecf3d55467875333f64d4fc708b4be1','(blank)',NULL,2,NULL,1,'open',1),(14,'2010-11-23 15:43:06','2012-06-19 00:05:05','2010-11-29 20:31:43','CA2aec48586932ce972b9dfd8452a7d1cb','9168011143','8777929310','voice','read','http://api.twilio.com/2008-08-01/Accounts/AC029a65932d6fcacffc41f26ff125dbb7/Recordings/REe53520b5df04967f2bbd9ecf54ff0be7','Yes I\\\'m trying to order things on your website your website won\\\'t accept my credit card nobody\\\'s answering the phone please call me back I\\\'m gonna buy it today if I don\\\'t hear from you ... I don\\\'t where (916) 801-1143.',NULL,16,NULL,1,'open',1),(15,'2010-12-02 18:54:35','2012-06-19 00:05:05','2010-12-03 17:10:40','CA2fc2a930b4dddc14cfbc06922dcd3ce1','5617455650','8777929310','voice','read','http://api.twilio.com/2008-08-01/Accounts/AC029a65932d6fcacffc41f26ff125dbb7/Recordings/RE42d4ad269911962b0f95869268d0d2b5','Hello.',NULL,6,NULL,1,'open',1),(16,'2010-12-03 16:39:17','2012-06-19 00:05:05','2010-12-07 23:27:52','CA088e39c66e72a357a37153ea3af7bf26','5617455650','8777929310','voice','read','http://api.twilio.com/2008-08-01/Accounts/AC029a65932d6fcacffc41f26ff125dbb7/Recordings/RE8018e38c8a8f2c584f655018b4411200','Hi my name is Jeff dogs I\\\'m interested in purchasing ... the city L. hi spell mother please sink please give me a call bye my telephone number is (561) 723-8577 thank you.',NULL,28,NULL,1,'open',1),(17,'2010-12-06 14:41:46','2012-06-19 00:05:05','2010-12-07 23:28:09','CA714e202556210234e899f95469057bcc','7084567361','8777929310','voice','read','http://api.twilio.com/2008-08-01/Accounts/AC029a65932d6fcacffc41f26ff125dbb7/Recordings/REe636c1f449c6286c9a8eef86bb7188ca','Yes good morning my name is Susan until I had sent an email in yesterday and I have already received a response thank you ... so I\\\'m calling back about ... getting an order is going on something I need ... my number here is (708) 456-7361 ... the name is stupid until p. i. n. t. o. and an email was sent to me ... quite early this morning 531 this morning so ... just give me a callback at your convenience I\\\'ll be home for an hour so yet Yet before I have to leave for the day so ... again that number is (708) 456-7361 thank you bye.',NULL,43,NULL,1,'open',1),(18,'2010-12-07 14:51:06','2012-06-19 00:05:05','2010-12-07 23:30:11','CA324a12dd8be4374c05976a4a1c83be8b','5082482045','8777929310','voice','read','http://api.twilio.com/2008-08-01/Accounts/AC029a65932d6fcacffc41f26ff125dbb7/Recordings/RE4684b9b8a9d20e018a39d5716d52922d','My name is David jarvis so ... my cellphone is (508) 873-8879 and I have a ... some tech kitchen sink with the ... disposal and I\\\'m looking for the ... the great the metal ... things still grace to go on the bottom ... I can\\\'t find them anywhere and ... was hoping you could help help give me a callback I\\\'d appreciate it thanks.',NULL,27,NULL,1,'open',1),(19,'2010-12-09 21:33:46','2012-06-19 00:05:05','2010-12-10 16:05:44','CA616fd32d5282be7aa081536ed078efac','5617455650','8777929310','voice','read','http://api.twilio.com/2008-08-01/Accounts/AC029a65932d6fcacffc41f26ff125dbb7/Recordings/REb8906c631da2abd59803d9a5364ea332','Hi this is Jeff with celtic kitchen by design center I purchase ... sink from you it\\\'s been fed ex to me in this loss ... just was chat to you a little bit about it ... can you give me a call (561) 723-5776 that\\\'s my cell number I\\\'m available till 1 o\\\'clock ... just trying to get a palmer that yeller are I don\\\'t know what time tomorrow ... for call I just want to see that all your policy is windy ship ... the home insurance just trying to find out how you and expedite getting in the same to might all right please give us a call okay.',NULL,48,NULL,1,'open',1),(20,'2010-12-14 18:45:48','2012-06-19 00:05:05','2010-12-15 22:45:10','CA31774eba69dc7bf4f90c05fc87f65329','7038939068','8777929310','voice','read','http://api.twilio.com/2008-08-01/Accounts/AC029a65932d6fcacffc41f26ff125dbb7/Recordings/REea994c627714ea57d7bd6fae58285830','This is Arnold Goldstein (703) 893-9068 I have some questions about the couple of the models of your stamos feels stainless steel thanks please give me a call thank you bye.',NULL,24,NULL,1,'open',1),(21,'2010-12-15 14:27:48','2012-06-19 00:05:05','2011-01-05 13:46:34','CA5234b144299aae47f4e57a266f96d96f','2398390095','8777929310','voice','read','http://api.twilio.com/2008-08-01/Accounts/AC029a65932d6fcacffc41f26ff125dbb7/Recordings/REe30f8932a75ac0e5b82fcde9972777e8','Hello this is Stanley kendra I\\\'m calling regarding ... particular sink I\\\'m interested in purchasing as see you maybe ... al hi 1900 R. from C. Tech I want to know if you ... what\\\'s the delivery time to florida please give me a call at your earliest convenience (239) 839-0095 bye bye.',NULL,24,NULL,1,'open',1),(22,'2010-12-16 15:51:04','2012-06-19 00:05:05','2010-12-16 15:51:48','CA05157e297ae9e734ae37792befdbf84a','3156559452','8777929310','voice','read','http://api.twilio.com/2008-08-01/Accounts/AC029a65932d6fcacffc41f26ff125dbb7/Recordings/REb17ad15f3a4b4e6d6e8035e21ce28d70','(blank)',NULL,2,NULL,1,'open',1),(23,'2010-12-23 21:35:38','2012-06-19 00:05:05','2010-12-29 16:11:56','CA9bb678e728d877e7ecff27093a4a24c8','3018812774','8777929310','voice','read','http://api.twilio.com/2008-08-01/Accounts/AC029a65932d6fcacffc41f26ff125dbb7/Recordings/REe9bff31d9999f87c63c1345c842d7c08',NULL,NULL,7,NULL,1,'open',1),(24,'2010-12-23 21:45:31','2012-06-19 00:05:05','2010-12-29 16:13:06','CA47a084b66f78ff29789a34541f2ead03','3018812774','8777929310','voice','read','http://api.twilio.com/2008-08-01/Accounts/AC029a65932d6fcacffc41f26ff125dbb7/Recordings/RE219a6bbbb8daf5d7e87e03b8d069a743','Good afternoon trying to complete this sale online and ... that\\\'s going through some home please give us a call at (301) 881-2772 my name is all try Try I\\\'m calling from the kitchen thank you bye bye.',NULL,21,NULL,1,'open',1),(25,'2011-01-03 20:19:54','2012-06-19 00:05:05','2011-01-03 21:35:36','CA6d21ffc633afed42c426a751ebd7cec3','2128426020','8777929310','voice','read','http://api.twilio.com/2008-08-01/Accounts/AC029a65932d6fcacffc41f26ff125dbb7/Recordings/REb246bf7df4ef4ad8a185fa1208616494','Yeah hi my name is Bob and S. P. E. N. N. I. S. area code (212) 842-6018 I want to order a ... sink that I saw Saw on but I had a question ... so please call me back bob Bob this (212) 842-6018 thanks bye.',NULL,24,NULL,1,'open',1),(26,'2011-01-04 18:40:25','2012-06-19 00:05:05','2011-01-05 13:45:43','CA3e56be8c4849436f89cf382d40638d79','8505825588','8777929310','voice','read','http://api.twilio.com/2008-08-01/Accounts/AC029a65932d6fcacffc41f26ff125dbb7/Recordings/RE8daa7eb9c217cae9569cf5d7ea3cf868','My name is Chris calling 850582 bye 558 thank you.',NULL,14,NULL,1,'open',1),(27,'2011-01-05 13:45:49','2012-06-19 00:05:05','2011-01-06 19:27:46','CA86c7aac1d29eaf3fb02fa22acabad5f7','2398390095','8777929310','voice','read','http://api.twilio.com/2008-08-01/Accounts/AC029a65932d6fcacffc41f26ff125dbb7/Recordings/RE9440963d02f53ec21644658f43b044e1','Hello my name is Stanley kendra ordered up C. take senior care ... bye you to call me back ... when we open the packages appeared to be some damage on the ... sink base please give me a callback at your earliest convenience (239) 839-0095 thank you.',NULL,22,NULL,1,'open',1),(28,'2011-01-05 17:34:41','2012-06-19 00:05:05','2011-03-18 01:56:56','CAf38f92a0ec8609d773a85d510395b08f','3527539333','8777929310','voice','read','http://api.twilio.com/2008-08-01/Accounts/AC029a65932d6fcacffc41f26ff125dbb7/Recordings/REeaad946bb38bec026fb9f5e5452cf9be','Hi this is Mike I\\\'d like to order a sink please return my call (321) 662-7001 again that\\\'s mike (321) 662-7004 thank you he.',NULL,19,NULL,1,'open',1),(29,'2011-01-06 00:25:18','2012-06-19 00:05:05','2011-01-06 14:03:55','CA8da01b69fa4d9ee6c98b5a6036165734','9856325546','8777929310','voice','read','http://api.twilio.com/2008-08-01/Accounts/AC029a65932d6fcacffc41f26ff125dbb7/Recordings/REa3e8d2a47ecbd36b5a09dd7b150ca9f5','Hi this is Holly Floor Yea ... interested in purchasing 1 of yours thanks my number is 985 bye 6913221 if you can call me back I\\\'d appreciate it thank you bye bye.',NULL,17,NULL,1,'open',1),(30,'2011-01-11 21:21:41','2012-06-19 00:05:05','2011-01-16 21:27:40','CA85dd7440a5531e941ab9a8d202abb635','9856913221','8777929310','voice','read','http://api.twilio.com/2008-08-01/Accounts/AC029a65932d6fcacffc41f26ff125dbb7/Recordings/REb0c1df85c0a5633dba56838961ae1f35','This is Holly flooring 89856913221 I just received my st and 1 on my train army asking so if you can give me a callback I appreciate it I think I need to order with Chris ... on january fixed I believe okay thank you bye bye.',NULL,26,NULL,1,'open',1),(31,'2011-01-14 19:28:09','2012-06-19 00:05:05','2011-02-09 21:00:04','CA7c20babd1d64d64e45cd5aebbdc98db9','8473311228','8777929310','voice','read','http://api.twilio.com/2008-08-01/Accounts/AC029a65932d6fcacffc41f26ff125dbb7/Recordings/RE9e49c4ab66a13453074c91037ccc9750','Yes I have I have a Few questions about ... delivery and taxes as shifting ... my number is (847) 331-1228 that\\\'s 84733112282 thanks you.',NULL,19,NULL,1,'open',1),(32,'2011-02-09 20:50:47','2012-06-19 00:05:05','2011-02-10 16:39:56','CA89f335070a3762a41ac90069deae2c7e','9546497799','8777929310','voice','read','http://api.twilio.com/2008-08-01/Accounts/AC029a65932d6fcacffc41f26ff125dbb7/Recordings/REc249bd3dfaec0099472642554786adce','My name is rosemary and 1 ... sorry 9546 ... callback.',NULL,10,NULL,1,'open',1),(33,'2011-02-09 20:57:52','2012-06-19 00:04:57','2011-02-10 16:40:18','CA40922fe83ab534db760e2b1764936824','9546497799','8777929310','voice','read','http://api.twilio.com/2008-08-01/Accounts/AC029a65932d6fcacffc41f26ff125dbb7/Recordings/RE7ff591dd260b3a5d8cc954a6f8c1ee52','Hi my name is Rose Mary 95416497799 I had a question regarding a sink I wanted to order the go holy hey 1 dash P. V. dash 13 ... I was curious about the other day I Saw don\'t the price is lower but maybe not I need to find out how many White you have ... how long it would take approximately to get it to me if you can please give me a call thanks bye.',NULL,34,NULL,1,'open',1),(34,'2011-02-14 15:37:20','2012-06-19 00:04:57','2011-02-14 16:01:40','CAc2965f9392092daad63bb00b99dad3dc','6613804903','8777929310','voice','read','http://api.twilio.com/2008-08-01/Accounts/AC029a65932d6fcacffc41f26ff125dbb7/Recordings/RE49770b5556099a2e902f531a74f8d643','This is Jeff 233942103 I had a question about ... C. Jack uh Z. dash 200 sync and ratings and reign thank you.',NULL,23,NULL,1,'open',1),(35,'2011-02-16 06:49:43','2012-06-19 00:04:57','2011-02-16 06:50:40','CAe52ac42dd8b32f7dd05743b3547b21aa','+17043266746','+18777929310','voice','read','http://api.twilio.com/2010-04-01/Accounts/AC029a65932d6fcacffc41f26ff125dbb7/Recordings/RE165c9fcfb439073d8ba87c4cde70e26d',NULL,NULL,NULL,NULL,1,'open',1),(36,'2011-02-16 14:58:39','2012-06-19 00:04:57','2011-02-16 23:08:35','CA13ca9c78a255724fa2a53f0c035ca21b','+17038939068','+18777929310','voice','read','http://api.twilio.com/2010-04-01/Accounts/AC029a65932d6fcacffc41f26ff125dbb7/Recordings/REa48a93241b76a25bbc9cee80e8e36551',NULL,NULL,NULL,NULL,1,'open',1),(37,'2011-02-16 15:32:49','2012-06-19 00:04:57','2011-02-16 23:10:01','CA0ad1c3f8bfabfb389174408509cfbb6e','+17038939068','+18777929310','voice','read','http://api.twilio.com/2010-04-01/Accounts/AC029a65932d6fcacffc41f26ff125dbb7/Recordings/REad1bcb044755fb067c9e46c734a95c19',NULL,NULL,NULL,NULL,1,'open',1),(38,'2011-02-16 19:58:59','2012-06-19 00:04:57','2011-02-17 04:18:58','CAc6cef700bc3121d873dccf72f400e3c3','+17038939068','+18777929310','voice','read','http://api.twilio.com/2010-04-01/Accounts/AC029a65932d6fcacffc41f26ff125dbb7/Recordings/RE05faa1365899e12cc357d798baab0b97',NULL,NULL,NULL,NULL,1,'open',1),(39,'2011-02-17 03:15:26','2011-02-17 03:27:06',NULL,'CA7a65130a8d81a28a48c70bff3d993ec1','+17043266746','+18777929310','voice','new','http://api.twilio.com/2010-04-01/Accounts/AC029a65932d6fcacffc41f26ff125dbb7/Recordings/RE973e4c745fb4a2779517ff3a282eec74','When you get a chance testing testing.',NULL,6,NULL,1,'open',1),(40,'2011-02-17 15:27:33','2012-06-19 00:04:57','2011-02-17 15:45:10','CAaf9235761557bb9a7fb834a44eb2edab','+17038939068','+18777929310','voice','read','http://api.twilio.com/2010-04-01/Accounts/AC029a65932d6fcacffc41f26ff125dbb7/Recordings/REccf3f05b67e46d694b68ea471432410c','Hi this message is for Chris this is Arnold Goldstein I got your confirmation of my order I just had a question about this thing the ordered ... and comes with the at protected Green absolutely you know ottoman as thanks description ... is dish Rick ... distracting you something else I just wanna make sure we\'re talking about that you thanks see you protective group ... the most but there is the 300 ... and my order number is 1000000 peace 1 that hello help telephone number is (703) 893-9068 ... I\'m not here just leave a message thanks bye.',NULL,58,NULL,1,'open',1),(41,'2011-02-18 14:23:58','2012-06-19 00:04:57','2011-02-21 16:33:05','CAbaa3692f4ca3ba695c6e839ae432b81d','+14798566140','+18777929310','voice','read','http://api.twilio.com/2010-04-01/Accounts/AC029a65932d6fcacffc41f26ff125dbb7/Recordings/RE533bf5eff3f74c0a00cbe7ce9c743b48','Hi this is Chris with K. stack my number is (479) 856-6140 I\'m at extension 2147 thank you.',NULL,11,NULL,1,'open',1),(42,'2011-02-21 14:50:46','2012-06-19 00:04:57','2011-02-21 18:12:51','CA9d08ac1896806147eb32163522612598','+17045253388','+18777929310','voice','read','http://api.twilio.com/2010-04-01/Accounts/AC029a65932d6fcacffc41f26ff125dbb7/Recordings/RE52131fa6835abdf04536077953b4fb2f','(blank)',NULL,5,NULL,1,'open',1),(43,'2011-02-21 17:31:10','2012-06-19 00:04:57','2011-02-21 18:17:21','CAb75cb9253e753164c9cc52ca9648ac82','+17038939068','+18777929310','voice','read','http://api.twilio.com/2010-04-01/Accounts/AC029a65932d6fcacffc41f26ff125dbb7/Recordings/REc325fe7ff49103dc012cba00a022cbc3','Hey Chris this is Arnold Goldstein ... I got the same good ... on saturday had a schedule supposed to get it on monday and and that\'s that\'s great the only problem is I didn\'t get in the hardware with this thing to attach is gonna the contractors is going with the stalling tomorrow I was wondering if you can overnight that stuff ... please give me a call (703) 893-9068 thanks in.',NULL,33,NULL,1,'open',1),(44,'2011-02-21 17:49:03','2012-06-19 00:04:57','2011-02-24 19:13:50','CA8fe4388faa195140591a223a9017fe23','+19414231125','+18777929310','voice','read','http://api.twilio.com/2010-04-01/Accounts/AC029a65932d6fcacffc41f26ff125dbb7/Recordings/RE2dbcbf65806b5ae732102bdc89ae8fe2','Lease call me Leon at (941) 423-1125 thank you.',NULL,13,NULL,1,'open',1),(45,'2011-02-22 16:25:57','2012-06-19 00:04:57','2011-04-14 13:54:06','CA809093ea92cdeb0f517a7e048676cf2e','+16613804864','+18777929310','voice','read','http://api.twilio.com/2010-04-01/Accounts/AC029a65932d6fcacffc41f26ff125dbb7/Recordings/REdb116600beed4cb2189777ab9616250b','Jeff Yuri calling (203) 394-2103 thank you.',NULL,11,NULL,1,'open',1),(46,'2011-02-23 19:20:06','2012-06-19 00:04:57','2011-04-14 13:55:42','CA53eef68e4dbfdc2b4b4ae0d2bf2b5479','+14798566140','+18777929310','voice','read','http://api.twilio.com/2010-04-01/Accounts/AC029a65932d6fcacffc41f26ff125dbb7/Recordings/RE4913022feaab1e3fdece1909a916bf7d','Hi this is Chris brothers my number is (479) 856-6140 I\'m at extension 2147 I wonder if someone could call me back please thank you.',NULL,13,NULL,1,'open',1),(47,'2011-02-24 15:46:30','2012-06-19 00:04:57','2011-02-24 19:14:08','CAa4a40155d3fc5903b6903216a9bcfddf','+17819422582','+18777929310','voice','read','http://api.twilio.com/2010-04-01/Accounts/AC029a65932d6fcacffc41f26ff125dbb7/Recordings/REd887b20112d27203e41baee7b69885c2','Ever List it\'s (781) 942-2582 I just have a couple of questions about your things thank you.',NULL,12,NULL,1,'open',1),(48,'2011-02-24 21:06:56','2012-06-19 00:04:57','2011-04-14 13:54:18','CA3d149b7c7007287c2863b0379b594e0e','+17819422582','+18777929310','voice','read','http://api.twilio.com/2010-04-01/Accounts/AC029a65932d6fcacffc41f26ff125dbb7/Recordings/RE61f1239573ffa11c6a01f7171e736614','(blank)',NULL,4,NULL,1,'open',1),(49,'2011-02-24 21:08:58','2012-06-19 00:04:57','2011-03-18 01:52:51','CAb6441dab5f04ff3b5fe3f055d9530e49','+17819422582','+18777929310','voice','read','http://api.twilio.com/2010-04-01/Accounts/AC029a65932d6fcacffc41f26ff125dbb7/Recordings/RE300345d0d12050b747e871fca54efdb0','(blank)',NULL,4,NULL,1,'open',1),(50,'2011-03-07 20:22:54','2012-06-19 00:04:57','2011-04-14 13:53:42','CA613659243590645b526131e137d1089a','+19414964648','+18777929310','voice','read','http://api.twilio.com/2010-04-01/Accounts/AC029a65932d6fcacffc41f26ff125dbb7/Recordings/RE2ce0672fcf684be7dbb550e96d36ab37','My name is Charles mcguire I\'m at (941) 496-4648 and I need some ... information and parts on the the sheet tech sink breach unit call us thank.',NULL,23,NULL,1,'open',1),(51,'2011-03-10 16:59:56','2012-06-19 00:04:57','2011-03-18 01:53:03','CAc17ee25ac8c58e3b734a7884c93e880f','+18017121090','+18777929310','voice','read','http://api.twilio.com/2010-04-01/Accounts/AC029a65932d6fcacffc41f26ff125dbb7/Recordings/RE3b462823741b53db6d56ef4352f88fcf','(blank)',NULL,2,NULL,1,'open',1),(52,'2011-03-10 19:37:56','2012-06-19 00:04:57','2011-04-14 13:52:28','CA071112892199f828e3707bc424f35364','+18017121090','+18777929310','voice','read','http://api.twilio.com/2010-04-01/Accounts/AC029a65932d6fcacffc41f26ff125dbb7/Recordings/REc344880b277980fc109ef0131ad892f4','Hi my name is Courtney Wharton and I spoke with you earlier this morning about an order I placed 44 the text thanks I\'m calling to see if I can change on the address where they are Set to so if you would mind give me a callback and I can give you that address thanks so much my phone number is (801) 712-1090 and again it\'s quote your thanks.',NULL,28,NULL,1,'open',1),(53,'2011-03-16 13:44:27','2012-06-19 00:04:57','2011-04-14 13:53:28','CAc63e2a08bccf147977e554c21e8c1635','+13153934456','+18777929310','voice','read','http://api.twilio.com/2010-04-01/Accounts/AC029a65932d6fcacffc41f26ff125dbb7/Recordings/RE1527bff19cb23ee6ad6f948b7f9899e3','Yes this is Jana Nora I\'m calling from (315) 393-4456 I need to speak to somebody regarding the small plastic guards that are on the rack so go inside the things that we just bought you could call me back I would appreciate it thank you.',NULL,22,NULL,1,'open',1),(54,'2011-03-21 13:18:10','2012-06-19 00:04:46','2011-03-22 23:10:47','CA298971ea072fbc44ff9993d29c3b76f6','+17042670011','+18777929310','voice','read','http://api.twilio.com/2010-04-01/Accounts/AC029a65932d6fcacffc41f26ff125dbb7/Recordings/RE7e05f22b4d3a1ceeb6386ed8122f7e3b','Hey is Sean eerie our to sync ... fi last week and they Said I were to ally 2800 is the 18 and seeing the still screws in yeah I got the stink on friday and if they ... ceramic thank you the Keys that back thanks 98 thanks that of the material so I need to get that Set up I need to get a elai 2800 out as soon as possible we are bringing kind of out this week and I need to send this on back so if you would mind give me a call back (704) 267-2011 ... again my name is sean thanks.',NULL,36,NULL,1,'open',1),(55,'2011-03-21 13:42:54','2012-06-19 00:04:46','2011-04-14 13:52:04','CAe91b5f97572f77610e7e541950f4a801','+17042670011','+18777929310','voice','read','http://api.twilio.com/2010-04-01/Accounts/AC029a65932d6fcacffc41f26ff125dbb7/Recordings/RE9ced7d91e4b26a5b214f1b05c006c372','I guess this message is for Chris Chris is Sean you get chance give me a call back so quickly ... I got your message I guess in the Mix up that\'s fine ... and I appreciate you notice thing tomorrow we are in desperate need of it so ... that\'s great I just need to know what you want me to do with the things that I\'ve got ... I can\'t imagine this there\'s gonna be too cheap to ship it pretty heavy so ... just give me give me a heads up so ... let me know what you wanna do it thanks man.',NULL,28,NULL,1,'open',1),(56,'2011-03-21 17:22:16','2012-06-19 00:04:46','2011-03-22 23:11:38','CA6cb397cdd147460b50eecfdbc04c31c6','+17042670011','+18777929310','voice','read','http://api.twilio.com/2010-04-01/Accounts/AC029a65932d6fcacffc41f26ff125dbb7/Recordings/RE4bc09a422c1d2c85100b57e8dcd1590f','Hey was this message is ... for Chris again this is Sean hearing ... sorry I missed your phone call but it\'s about 131 on monday ... I know you Said that ... they delivered a package by tomorrow and on your messages that today are you Said 231 I don\'t know if today there tomorrow I know that today by 231 I\'ll be there ... in tomorrow tomorrow give a bit tougher ... but anyway we\'ll work something out if you want I should be ... I should have access my phone for the day so if you just wanna give me a callback (704) 267-0011 and ... we\'ll figure it out but I guess had if it\'s today at 231 I\'m on my way back to that ... with the house or that shit ... think we ship and I\'ll be ... but give me a call thanks.',NULL,43,NULL,1,'open',1),(57,'2011-03-24 14:36:17','2012-06-19 00:04:46','2011-04-14 13:52:56','CA3e5966a4ad6513e1eb875e4112123f8a','+14257100324','+18777929310','voice','read','http://api.twilio.com/2010-04-01/Accounts/AC029a65932d6fcacffc41f26ff125dbb7/Recordings/RE46f4d163d833d7e7008a7b8da7bf5c96','My name is Margaret Johnson and I\'m calling from the West coast ... and my phone number is (425) 710-0324 I\'m ... wanting to purchase ... the tech thank and had some questions about that again my name is margaret my phone number is (425) 710-0324 I will be Will for the next hour and then I will be out ... but I can hopefully you\'ll call before then or otherwise I can try to get a hold of you late in the day or tomorrow (425) 710-0324 thank you bye.',NULL,46,NULL,1,'open',1),(58,'2011-03-30 12:42:10','2012-06-19 00:04:46','2011-04-14 13:53:20','CA2f0e30e923fe2801243410930511b66c','+17032928932','+18777929310','voice','read','http://api.twilio.com/2010-04-01/Accounts/AC029a65932d6fcacffc41f26ff125dbb7/Recordings/REa6f4db84302b308cee5cefb5016c1a18','Yes can you please call me back ... this is Bruce at (703) 292-8932 thank you very much bye bye.',NULL,14,NULL,1,'open',1),(59,'2011-03-30 13:58:46','2012-06-19 00:04:46','2011-04-14 13:51:00','CA907a8bd81a60962bd5d74ca11474f448','+17032928932','+18777929310','voice','read','http://api.twilio.com/2010-04-01/Accounts/AC029a65932d6fcacffc41f26ff125dbb7/Recordings/RE4ba7224cd02b49fe3cd21ba0b4f5557d','(blank)',NULL,2,NULL,1,'open',1),(60,'2011-03-30 17:30:20','2012-06-19 00:04:46','2011-04-14 13:52:42','CA3471197d83116a7d70466736d2423b66','+17032928932','+18777929310','voice','read','http://api.twilio.com/2010-04-01/Accounts/AC029a65932d6fcacffc41f26ff125dbb7/Recordings/RE69034eaf6a0523b1a2b5742e82c88846','My name is Bruce can you please call me back at 70329289327032928932 thank you very much bye.',NULL,18,NULL,1,'open',1),(61,'2011-03-30 19:02:20','2012-06-19 00:04:46','2011-03-31 19:04:05','CAaf6716d47b3e3853ed93adc092a5e7f2','+17032928932','+18777929310','voice','read','http://api.twilio.com/2010-04-01/Accounts/AC029a65932d6fcacffc41f26ff125dbb7/Recordings/REd21fd614cf973d5749209fa9d154a3e4','Yeah hey Chris this is Bruce calling you back ... just wanted to check with you ... on what we spoke about if you get a chance please call me at (703) 292-8932 thank you very much bye.',NULL,19,NULL,1,'open',1),(62,'2011-03-31 18:12:09','2012-06-19 00:04:46','2011-04-01 18:10:02','CA33fef679664a1a2602e12fe0bf867d98','+19109443062','+18777929310','voice','read','http://api.twilio.com/2010-04-01/Accounts/AC029a65932d6fcacffc41f26ff125dbb7/Recordings/RE2fe30cecc7dbea3919302a94444d1fb2','(blank)',NULL,2,NULL,1,'open',1),(63,'2011-04-01 17:33:16','2012-06-19 00:04:46','2011-04-04 18:42:48','CA59272c053b6082b7947ccd85491f1c2a','+17032000387','+18777929310','voice','read','http://api.twilio.com/2010-04-01/Accounts/AC029a65932d6fcacffc41f26ff125dbb7/Recordings/RE3ab02f65d8bf9037024cb7ca07c223e9','Yeah hey Chris this is Bruce Bruce Levinson we spoke yesterday or the day before I think and I gave you ... all my information regarding the purchase of that ... that it\'s Tara ... italian stainless Steel single both thanks ... please give me a call ... I wanna go ahead and order that ... but anyways if you can just give me a callback so we can verify everything that\'d be great ... 7320003877032000387 thank you very much bye bye.',NULL,47,NULL,1,'open',1),(64,'2011-04-05 18:11:44','2012-06-19 00:04:46','2011-04-14 13:50:54','CA13fdeca62e9d780e2049f544ab020d88','+16138230050','+18777929310','voice','read','http://api.twilio.com/2010-04-01/Accounts/AC029a65932d6fcacffc41f26ff125dbb7/Recordings/RE4954b6d5c895aefe68cc50cbb63f6df4','Hello my name is al laundry ... and I can be reached at (613) 823-0050 and I had a question I\'m just on your website and I\'m looking for the c. tech the ally 5050 ... so I was wondering if you carry that it\'s not on your website but I know it\'s the model ... I wanted to see tech thanks and ... and anyway so if you do carry that if I could just know the price and ... all that good stuff so hi once again it\'s al laundry ... (613) 823-0050 and ... the elai 5050 okay thanks bye bye.',NULL,51,NULL,1,'open',1),(65,'2011-04-06 12:34:39','2012-06-19 00:04:46','2011-04-14 13:50:37','CA73d0d1843c3a7f8295bd39da4f735e54','+15152982143','+18777929310','voice','read','http://api.twilio.com/2010-04-01/Accounts/AC029a65932d6fcacffc41f26ff125dbb7/Recordings/REceaf1189a340eb0be775cea15d6b2ffc','Hi my name is Barbara Olsen my number is area code 5152 bye 982143 and I\'m calling about thanks and office thank you don\'t.',NULL,19,NULL,1,'open',1),(66,'2011-04-06 12:50:36','2012-06-19 00:04:46','2011-04-14 13:52:12','CAe049b6f0217e6adbc826c1e29923172e','+15152982143','+18777929310','voice','read','http://api.twilio.com/2010-04-01/Accounts/AC029a65932d6fcacffc41f26ff125dbb7/Recordings/RE9ed84b5a05e58cd15a121f4e764b2199','(blank)',NULL,1,NULL,1,'open',1),(67,'2011-04-09 15:12:28','2012-06-19 00:04:46','2011-04-14 13:48:19','CA81d733f0d8c348049e12e8990d2e34ab','+19106870252','+18777929310','voice','read','http://api.twilio.com/2010-04-01/Accounts/AC029a65932d6fcacffc41f26ff125dbb7/Recordings/RE90e87f674718ad9dad296b0da51cf26f','Yes my name is John Connery ... could you call me at (910) 687-0252 I have a question about the ... the faucets for a l. I heard of the building 10 I need to different che Che you should about thank you bye.',NULL,29,NULL,1,'open',1),(68,'2011-04-13 16:37:08','2012-06-19 00:04:46','2011-04-14 13:50:25','CA0191ac267472aa1e83cc7e83ec7888b0','+14106724111','+18777929310','voice','read','http://api.twilio.com/2010-04-01/Accounts/AC029a65932d6fcacffc41f26ff125dbb7/Recordings/REa0342e47ba89d663d6b449688f7a6630','Hi my name is Laurie and I\'m about less zip timer caters in it into maryland and I\'m trying to get pricing I\'m purchasing a multi family apartment complex ... is specify 1 of the C. Tech 6 and I\'m trying to get some pricing on it ... hard time locating it if anybody there can help me please give me a call at (410) 672-4111 and again my name is lori bye thank you bye.',NULL,31,NULL,1,'open',1),(69,'2011-04-14 13:29:44','2012-06-19 00:04:46','2011-04-14 13:46:11','CAd1320a4dc2b5335472949652272b77a3','+16172125949','+18777929310','voice','read','http://api.twilio.com/2010-04-01/Accounts/AC029a65932d6fcacffc41f26ff125dbb7/Recordings/RE4ff58d203311b2084b00c0df22e89cdb','Justin my name is Larry I\'m on Carmel ... please give me a call 6172125 thanks 4 thank you.',NULL,12,NULL,1,'open',1),(70,'2011-04-14 18:41:31','2012-06-19 00:04:46',NULL,'CA3dc39c69badf892649e102fbffb714be','+14504767500','+18777929310','voice','new','http://api.twilio.com/2010-04-01/Accounts/AC029a65932d6fcacffc41f26ff125dbb7/Recordings/REb309f19308d2efb555437f50758a0541','(blank)',NULL,4,NULL,1,'open',1),(71,'2011-04-14 18:57:28','2012-06-19 00:04:46',NULL,'CA745c3dee3ec103d2d12d7fa787c4b572','+14504767500','+18777929310','voice','new','http://api.twilio.com/2010-04-01/Accounts/AC029a65932d6fcacffc41f26ff125dbb7/Recordings/RE06c39016d77f42deaf0b1bade269decc','Hey my name is G. C. sheet here you can reach me at 45047673644504767364 thank you for.',NULL,18,NULL,1,'open',1),(72,'2011-04-14 21:17:52','2012-06-19 00:04:46',NULL,'CAa1685ee42d37cf508ff80d5c9cdb2f0b','+18086402544','+18777929310','voice','new','http://api.twilio.com/2010-04-01/Accounts/AC029a65932d6fcacffc41f26ff125dbb7/Recordings/RE7091948a58604f9eaba7c68019e14c81','Hi I like to know if you carry ... parts for the C. check garbage disposal I\'m looking for the ... the big rubber gasket to but Best because I\'m not calling sound I\'ll call that Goes in the amount of the ... garbage disposal I can\'t seem to find it anywhere you could call me back I\'d greatly appreciate it my name is Joyce bye Dylan and my number is (808) 640-2544 joy dylan (808) 640-2544 hey justin an email a couple of weeks but it was never returned so I\'d appreciate a callback thank you bye bye.',NULL,48,NULL,1,'open',1),(73,'2011-04-15 17:08:21','2012-06-19 00:04:46',NULL,'CAb1148ee02d3499aca2eca6d28d1f209b','+16172125949','+18777929310','voice','new','http://api.twilio.com/2010-04-01/Accounts/AC029a65932d6fcacffc41f26ff125dbb7/Recordings/REb96fe8dad4a2e75ab06d041e1e6ab0c7','Chris this is Mary I\'m at home can you please give me a call at (617) 212-5549 thank you.',NULL,17,NULL,1,'open',1),(74,'2011-04-18 16:49:15','2012-06-19 00:04:38',NULL,'CAc3f9d8ebff9e3dadd351de543998d2f0','+14079572765','+18777929310','voice','new','http://api.twilio.com/2010-04-01/Accounts/AC029a65932d6fcacffc41f26ff125dbb7/Recordings/RE1b5bdbc475efca45bbcb2a4daabb0316','Yes this is Cheryl flying my phone number is 407957276 bye thank you bye bye experts.',NULL,16,NULL,1,'open',1),(75,'2011-04-18 17:16:55','2012-06-19 00:04:38',NULL,'CA07686b8dacd3eeb3a6f86fdd9c511269','+14079572765','+18777929310','voice','new','http://api.twilio.com/2010-04-01/Accounts/AC029a65932d6fcacffc41f26ff125dbb7/Recordings/RE37e277823c10a1d3c4ebd54e3bac8960','(blank)',NULL,3,NULL,1,'open',1),(76,'2011-04-19 19:28:57','2012-06-19 00:04:38',NULL,'CA1bfca77642de6dcbfc04b3e25f5ac04b','+12508624000','+18777929310','voice','new','http://api.twilio.com/2010-04-01/Accounts/AC029a65932d6fcacffc41f26ff125dbb7/Recordings/REb9e51b87940fcec8915a7dfdf1d0f57c','I\'m looking for a bit of information regarding a sink I was gonna order ... last night I don\'t know ... here ... internet site to do this ... 10 Yet L. all right 200 ... shell so also was to the C. C. Tech pretend yes tell line 200 ... Show this is same price appears to the exact same item bye but I wanna make sure that that is the Case before I order ... for the simplest to the loosen Tanny ... L. like S. 200 and the so through for that there\'s a matter and with the third 1 was ... those those to take care of the ones that I would like to order so if you could leave an answer for me please ... website my email J. F. as in Frank a T. H. E. Park I. D. U. L. T. ... tell us T. E. L. U. S. Dot net I\'d appreciate it thank you bye bye.',NULL,71,NULL,1,'open',1),(77,'2011-04-19 20:27:22','2012-06-19 00:04:38',NULL,'CA1a4b80403bf3255bc7deddc5205e40ea','+18453537553','+18777929310','voice','new','http://api.twilio.com/2010-04-01/Accounts/AC029a65932d6fcacffc41f26ff125dbb7/Recordings/REe06584f4d805bbb28a78325c28a3c7ba','Name is Luis this is P. I. T. Z. the number is 98 excuse me the number is (845) 353-7553 this is concerning ... the c. tech d. s. or dash 500 barry s. thanks kiss you a question thank you bye.',NULL,29,NULL,1,'open',1),(78,'2011-04-20 16:58:50','2012-06-19 00:04:38',NULL,'CAa67e9bea8310c98900b6a9bf85aa0b4e','+12508680366','+18777929310','voice','new','http://api.twilio.com/2010-04-01/Accounts/AC029a65932d6fcacffc41f26ff125dbb7/Recordings/RE948e02d63c7777f1b0621a14a7353f8a','Morning hey question regarding the sketches on 23 different sink so I\'d like to order ... my name is for us for F. R. A. N. C. O. I. S. I\'m at ... area code 258783113 bye thank.',NULL,27,NULL,1,'open',1),(79,'2011-04-21 15:34:39','2012-06-19 00:04:38',NULL,'CAf1b39f2d37b28894c8ab574ef10a19e6','+19858935163','+18777929310','voice','new','http://api.twilio.com/2010-04-01/Accounts/AC029a65932d6fcacffc41f26ff125dbb7/Recordings/RE9d797ed645dcdef51039ac4d1b2ea11b','(blank)',NULL,3,NULL,1,'open',1),(80,'2011-04-26 13:31:30','2012-06-19 00:04:38',NULL,'CA6c8f1cfb36e836e955d8ffecfcc6b3d3','+17074449193','+18777929310','voice','new','http://api.twilio.com/2010-04-01/Accounts/AC029a65932d6fcacffc41f26ff125dbb7/Recordings/RE40ce83e1ad76140107627613d28bec26','Hi this is Kurt with counter creations out in northern california my phone number is ... area code (707) 444-9193 and I\'d like to order a c. tech ... sick thats kurt it area code (707) 444-9193 thanks bye bye bye.',NULL,24,NULL,1,'open',1),(81,'2011-04-26 15:32:37','2012-06-19 00:04:38',NULL,'CAd350bae3264f5cfa339e62ceec4b3f73','+17074449193','+18777929310','voice','new','http://api.twilio.com/2010-04-01/Accounts/AC029a65932d6fcacffc41f26ff125dbb7/Recordings/RE88c2b1037a114b887e8cb91b43fbf353','Hi this is Kurt with counter creations I talked to someone earlier ... about A. C. Tech as your 300 B. C. and was just wondering if we could kinda ... put change that into an order and stuff and so you can give me a call at area code (707) 444-9193 thanks a lot bye bye.',NULL,25,NULL,1,'open',1),(82,'2011-04-27 14:22:54','2012-06-19 00:04:38',NULL,'CA32336e480e7886dc1500d03d064b42ec','+15148300000','+18777929310','voice','new','http://api.twilio.com/2010-04-01/Accounts/AC029a65932d6fcacffc41f26ff125dbb7/Recordings/RE15b10242ccea68f503a33a7be9c66a34','Yes hi my name is ... Louis G. I called yesterday someone was this to get back to me ... I\'m residing in Canada in montreal and I inquired about a sink that I was interested in ordering it is the S. T. thank you L. all I. 400 model ... I Saw the price on your website but I had inquired about the ... shipping cost so as possible send it ... to Canada so ... I\'d appreciate if someone to look into this and give me a callback so my number is 1 (514) 588-9623 thank you.',NULL,36,NULL,1,'open',1),(83,'2011-04-27 15:55:56','2012-06-19 00:04:38','2011-04-27 21:50:17','CAde622c71d3f1ce472e7847d99c27de4a','+19287760543','+18777929310','voice','read','http://api.twilio.com/2010-04-01/Accounts/AC029a65932d6fcacffc41f26ff125dbb7/Recordings/RE09248491058a9fa44aedbafa871684a0','Yes this is John at european techniques phone number is (928) 776-9957 and this is regards in regards to order number 1000 bye 00113 molino sink we keep we received the sink ... but thursday there\'s tim full inside 1 of the balls ... so if we just wanna get it we just wanna ... just replace it with another 1 again ... the phone number is 77659287769957 this and is john at european techniques thank you bye Bye.',NULL,54,NULL,1,'open',1),(84,'2011-04-28 15:32:39','2012-06-19 00:04:38',NULL,'CAfde13477e275666e5ffae03b7e481074','+19287760543','+18777929310','voice','new','http://api.twilio.com/2010-04-01/Accounts/AC029a65932d6fcacffc41f26ff125dbb7/Recordings/RE1b288413ea17203b526f787b798e0abc','Yes this is John at european techniques ... this call is for Chris ... your returning the call ... I I originated so Kristen Said you\'re turned out ... give me a callback it\'s ... it\'s on that sink and see what to do to the take change hey this is John at european techniques 92877699527 thank you.',NULL,33,NULL,1,'open',1),(85,'2011-04-29 17:32:19','2012-06-19 00:04:38',NULL,'CA52d38ad2a8400bb457ae7e8f3fef4294','+19058323273','+18777929310','voice','new','http://api.twilio.com/2010-04-01/Accounts/AC029a65932d6fcacffc41f26ff125dbb7/Recordings/RE1c30a603f8898b557b6b052f89da4905','Yes my number is area code 905832327 please my name is Dawn and I\'m interested in what your kitchen thanks ... I do live in Canada I don\'t know if you ship here but ... if you could just please ... call me back and leave me a message whether or not you do ship in that so I\'ll go ahead and order and it\'s not then ... we\'ll Try something else but please do call me and let me know ... if you could ship to Canada I appreciate it very much thank you very much bye bye.',NULL,37,NULL,1,'open',1),(86,'2011-05-02 13:55:26','2012-06-19 00:04:38',NULL,'CAa321b8da9bfb6d3620268c0b1f41914d','+17163101035','+18777929310','voice','new','http://api.twilio.com/2010-04-01/Accounts/AC029a65932d6fcacffc41f26ff125dbb7/Recordings/RE032a2889b5290f3dac31fe4ab0599644','Yes my name is Robert is ... M. S. say I\\\'m looking for ... C. Tech Phil thanks on your amount is dollars ... L. I. dash 300 as and I\\\'m looking for the price on that thing call me back at (716) 310-1035 thank you.',NULL,33,NULL,1,'open',1),(87,'2011-05-02 14:51:42','2012-06-19 00:04:38','2011-05-04 16:12:46','CA6faf043146e922f9ec25acf3872e0650','+19282821065','+18777929310','voice','read','http://api.twilio.com/2010-04-01/Accounts/AC029a65932d6fcacffc41f26ff125dbb7/Recordings/REa7906677607cf7da9a4c859ba8570f20','Hello this is Ed from Ed Kurt construction please call me back ... waiting for seemed to be delivered ... before so was delivered but you no sync ... please call me at (928) 300-6436 just wanna know if the sink it\\\'s on back order thanks.',NULL,27,NULL,1,'open',1),(88,'2011-05-04 13:44:04','2012-06-19 00:04:38',NULL,'CA964f0d26aaf7bbaafaa851dd2d098231','+14074226420','+18777929310','voice','new','http://api.twilio.com/2010-04-01/Accounts/AC029a65932d6fcacffc41f26ff125dbb7/Recordings/RE3ffe91cb57cbb46cb9a78fdbfe4b82c6','(blank)',NULL,7,NULL,1,'open',1),(89,'2011-05-04 15:56:29','2012-06-19 00:04:38','2011-05-04 19:20:20','CA501bc2f0d5b5d1c3fd9bf43567501d67','+17166881745','+18777929310','voice','read','http://api.twilio.com/2010-04-01/Accounts/AC029a65932d6fcacffc41f26ff125dbb7/Recordings/RE4f3f194a54057c578c5329ed72f8e680','Yes my name is Robert miss on a M. I. S. S. A. N. A. I\\\'m looking to talk to Chris about ... C. Tech sink call me back at (716) 688-1745 I talk to you monday on and I wanna order the same today give me a callback as soon as you get this message please thank you.',NULL,29,NULL,1,'open',1),(90,'2011-05-04 18:10:46','2012-06-19 00:04:38',NULL,'CAe3d29a3949af149e3e4f54bbf914d21c','+12506296111','+18777929310','voice','new','http://api.twilio.com/2010-04-01/Accounts/AC029a65932d6fcacffc41f26ff125dbb7/Recordings/REf0c5f4346ec3bad9682b662de6c8c27d','S. my name is Ron mclean I\\\'d ordered and ... C. Tech thanks from you and faucets over here in D. C. M. I just arrived this morning which is fantastic but the wrong thing with that I had ordered the Luke Linden year 1 U. K. T. 700 and I was trying to some kind of coloring is Lean the ... Terry 1 G. L. G. dash 4 anyway I\\\'d like this corrected and my number is (250) 629-6111 ... and my name again is ross mclean ... so shipped couple of days or I a we could or do so anyway ... I will try Try again I\\\'d also included some ... some thing I can anyway with the l. 1 u. k. t. 700 kitchen faucet pull it ... son colored ... in be on owns ... number please give me a call so we can resolve this as soon as possible thank you.',NULL,80,NULL,1,'open',1),(91,'2011-05-04 18:13:32','2012-06-19 00:04:38',NULL,'CAf8c690b3209bb87a9202a05bc3683859','+12506296111','+18777929310','voice','new','http://api.twilio.com/2010-04-01/Accounts/AC029a65932d6fcacffc41f26ff125dbb7/Recordings/RE9a87d471f5f75ea07798a1b6cb76268a','This is Rob mclean calling again ... just confirming that faucet better did not come I received something else and I definitely I\\\'m looking for the L. 1 U. K. dash T. 700 ... kitchen closed and I received like I Said to some ... like X. L. 1 P. A. ... the dash 4 anyway (250) 629-6111 can we get this ... proper 1 send it to me thank you.',NULL,41,NULL,1,'open',1),(92,'2011-05-04 18:22:33','2012-06-19 00:04:38','2011-05-05 13:07:39','CA9b0232bea52b35f7ed1078eb309df885','+12506296111','+18777929310','voice','read','http://api.twilio.com/2010-04-01/Accounts/AC029a65932d6fcacffc41f26ff125dbb7/Recordings/REb298bff91e87d20167d4cafaa6b078eb','I just looking to clean calling from federal burkland you ... I was sent some ... file something thank you Paul subscriber wrong 1 thanks ... I\\\'ve left 2 messages that sales and I just need this resolved as soon as possible messages with will be with you soon but just wanna make sure everyone is aware and I\\\'m frustrated please give me a call (250) 629-6111.',NULL,34,NULL,1,'open',1),(93,'2011-05-04 19:37:05','2012-06-19 00:04:38',NULL,'CAaa31f27b0edcb5c6a313d10352c63712','+18054587950','+18777929310','voice','new','http://api.twilio.com/2010-04-01/Accounts/AC029a65932d6fcacffc41f26ff125dbb7/Recordings/REd425d03cf423179e3f65509743f587db','Hey my name is chip Dean my number is (805) 458-7950 and I just had a question about ... delivery times on ... sink and put filler that I\\\'m looking at on your website if you give me a callback that would be great thank you.',NULL,22,NULL,1,'open',1),(94,'2011-05-05 14:25:07','2012-06-19 00:04:29','2011-05-06 19:26:46','CA1751b0acc4455be3305ca7aea2aec3bd','+12506296111','+18777929310','voice','read','http://api.twilio.com/2010-04-01/Accounts/AC029a65932d6fcacffc41f26ff125dbb7/Recordings/RE240e3ceb495c75808372354715a0789f','Yes hello my name is Ron mclean calling from tender island ... we had a shipment of a great sink and faucet my arrived yesterday and as I mentioned yesterday process along model number I\\\'m hoping somebody can get back to me as soon as we can rectify this and some kind of package with so I can send you wrong phone back (250) 629-6111 chris should if you call me back as soon as possible.',NULL,36,NULL,1,'open',1),(95,'2011-05-10 15:35:32','2012-06-19 00:04:29','2011-05-12 19:19:37','CA936694b126d48d9a7ef85ccfd4a5f2c9','+12164712856','+18777929310','voice','read','http://api.twilio.com/2010-04-01/Accounts/AC029a65932d6fcacffc41f26ff125dbb7/Recordings/RE0136032a72d0e392b4acfd044dbb9727','Hi my name is Mike I\\\'m trying to reach a sales person ... my number my office is (216) 471-2856 ... please call me back thanks.',NULL,14,NULL,1,'open',1),(96,'2011-05-12 17:31:04','2012-06-19 00:04:29','2011-05-12 19:19:58','CA465e3532879035618583a8788c8a6814','+14012841608','+18777929310','voice','read','http://api.twilio.com/2010-04-01/Accounts/AC029a65932d6fcacffc41f26ff125dbb7/Recordings/RE24a22968b306083bc5eacb382a574aff','Yes could you please have someone give me a call my name is dan last name is dressed call area code 412841608 in regards 21 of your sink I believe it\\\'s called the Valley ... it\\\'s 1 Bay 1 wide open thank thanks ... 32 inches 3234 please give me a buzz (401) 284-1608 thanks bye.',NULL,30,NULL,1,'open',1),(97,'2011-05-12 17:31:28','2012-06-19 00:04:29',NULL,'CAfd60bde749fb8ea4a80911522b35f5eb','+13052744051','+18777929310','voice','new','http://api.twilio.com/2010-04-01/Accounts/AC029a65932d6fcacffc41f26ff125dbb7/Recordings/RE19c6a2e013936c27e045aef720d285c3','(blank)',NULL,2,NULL,1,'open',1),(98,'2011-05-13 12:51:20','2012-06-19 00:04:29',NULL,'CAc2dcf10de244bc5d8ff2587681c21e65','+13052744051','+18777929310','voice','new','http://api.twilio.com/2010-04-01/Accounts/AC029a65932d6fcacffc41f26ff125dbb7/Recordings/RE7915a19d044281d37d10783379079507','This is Allan our house burn calling ... my phone number is area code (305) 274-4051 and I wanted to order a c. tech thing and I need your help please ....',NULL,29,NULL,1,'open',1),(99,'2011-05-13 21:03:08','2012-06-19 00:04:29','2011-05-17 12:03:30','CA6ac9df078f9dae34211bbd92d28d22be','+16174488214','+18777929310','voice','read','http://api.twilio.com/2010-04-01/Accounts/AC029a65932d6fcacffc41f26ff125dbb7/Recordings/REa9fdb8b25318f11f47fe5ab047a67199','Hi my name is Alicia Lam around my husband my ... thanks contact with your company we ordered the sink the order number is 100000120 hey and ... it\\\'s C. text kitchen sink and there is some crack in this ... in the sound barrier and we just want to speak with you about that ... so if you could give me a callback I\\\'d appreciate it my number is (617) 448-8214 thank you bye.',NULL,41,NULL,1,'open',1),(100,'2011-05-16 21:17:20','2012-06-19 00:04:29','2011-05-17 12:02:55','CA936fdf74c2fb8be0ebddd5866635c038','+16174488214','+18777929310','voice','read','http://api.twilio.com/2010-04-01/Accounts/AC029a65932d6fcacffc41f26ff125dbb7/Recordings/REd62a9be2e684a3c3ba476b1a7aceaa9b','Hi this is Melissa Lam Rowe calling I ... hey I\\\'m calling in regards to this T. texting we had deliver that has the ... cracking this down Mary are ... this I think bye the picture ... and wanted speak with somebody about this if you could give me a call my number is 617448 hey you 14 my last name is L. a them ... to are please please at and my husband actually would want to place the order and the order is now ... his first name is Michael bye thanks bye bye.',NULL,47,NULL,1,'open',1),(101,'2011-05-18 17:00:27','2012-06-19 00:04:29','2011-05-18 17:16:43','CAc6ef1864aee30b925376d5d6b14409ef','+15094689333','+18777929310','voice','read','http://api.twilio.com/2010-04-01/Accounts/AC029a65932d6fcacffc41f26ff125dbb7/Recordings/RE80129ca9e971f0226f8ec10c18c91d89','Yes my name is Brenda this is a courtesy U. R. C. H. E. R. and ... I wanted to order sink and just wondered about the time frame for shipping ... my number is (509) 468-9333 it\\\'s 10 o\\\'clock on went on tuesday wednesday if you can wednesday ... again (509) 468-9333 thank you bye bye.',NULL,33,NULL,1,'open',1),(102,'2011-05-18 17:00:28','2012-06-19 00:04:29',NULL,'CA00e7e4a346305b08e839349666ec58e8','+16174488214','+18777929310','voice','new','http://api.twilio.com/2010-04-01/Accounts/AC029a65932d6fcacffc41f26ff125dbb7/Recordings/RE95f628b0d60972dd5d2048660a12576a','Test.',NULL,5,NULL,1,'open',1),(103,'2011-05-18 17:02:00','2012-06-19 00:04:29','2011-05-21 06:09:14','CAed418c5b0bd1d91b828ccc86b75df5e8','+16174488214','+18777929310','voice','read','http://api.twilio.com/2010-04-01/Accounts/AC029a65932d6fcacffc41f26ff125dbb7/Recordings/RE7cda275ae1ff53f849ac7b5704383389','Hi my name is Melissa Lam Row I I\\\'m trying to get to the health department I haven\\\'t heard back but I thought I\\\'d Try accounting ... we or Steve all right ... but in order of the V. Tech thanks over a week Ago and ... anxious to something to you and I\\\'m waiting to hear back on a response the expo crack in cracking ... sound barrier if you could give me a callback my number is 61744828214 again last in the L. A. and Mom ... you are D. you back.',NULL,42,NULL,1,'open',1),(104,'2011-05-18 19:47:20','2012-06-19 00:04:29','2011-05-18 19:55:59','CA5918cd9e0c134881fae6a114bbfe0340','+18583373787','+18777929310','voice','read','http://api.twilio.com/2010-04-01/Accounts/AC029a65932d6fcacffc41f26ff125dbb7/Recordings/RE5884cde4cae7b93a8a3850b944cfcf06','This is Paul and I was interested in ... C. Tech sink so could you please give me a call at (858) 337-3787 again (858) 337-3787 thank you bye.',NULL,18,NULL,1,'open',1),(105,'2011-05-19 15:57:48','2012-06-19 00:04:29','2011-05-19 18:09:21','CAa0f6255a45b860a0dfe8491021ce4974','+17143892810','+18777929310','voice','read','http://api.twilio.com/2010-04-01/Accounts/AC029a65932d6fcacffc41f26ff125dbb7/Recordings/RE7f189d28a704981c0ffbc725d2ae83d5','(blank)',NULL,2,NULL,1,'open',1),(106,'2011-05-20 20:44:31','2012-06-19 00:04:29',NULL,'CAdba8bb5af4d5f39a2312f6d113d10456','+12623649110','+18777929310','voice','new','http://api.twilio.com/2010-04-01/Accounts/AC029a65932d6fcacffc41f26ff125dbb7/Recordings/RE3933bc269a5ac293b865b2e55db7d677','Good afternoon my name is George Muller my number is 26236491 and ... if you could please call me back ... got a couple of questions about our sink and hey some parts thank you you shared bye.',NULL,20,NULL,1,'open',1),(107,'2011-05-21 20:31:02','2012-06-19 00:04:29',NULL,'CA3642cbfe0eb2ef3db2f43f26a02a6a11','+16235511795','+18777929310','voice','new','http://api.twilio.com/2010-04-01/Accounts/AC029a65932d6fcacffc41f26ff125dbb7/Recordings/RE2a79e9b533c3129e2d288f80677e4cbc','My name is Diane my phone number is (623) 551-1795 I\\\'m trying to determine my ... kitchen cabinet exterior at to 36 inch 1 night order a T. Tech thing do I order 1 it\\\'s me for cabinets',NULL,25,NULL,1,'open',1),(108,'2011-05-23 13:49:57','2012-06-19 00:04:29','2011-06-01 03:52:50','CA3bac488c2aab19fd80bdafa7b63851a7','+16235511795','+18777929310','voice','read','http://api.twilio.com/2010-04-01/Accounts/AC029a65932d6fcacffc41f26ff125dbb7/Recordings/REab3f24ecc1ea4e2568f136827ea25904','Hey ms Diane my phone number is (623) 551-1795 thank you',NULL,13,NULL,1,'open',1),(109,'2011-05-26 16:39:35','2012-06-19 00:04:29',NULL,'CA5ca84b3d0a7af68a49d2249c10b3c147','+15617387192','+18777929310','voice','new','http://api.twilio.com/2010-04-01/Accounts/AC029a65932d6fcacffc41f26ff125dbb7/Recordings/RE663a30c0f87eec0712f6f73f92fc46b7','(blank)',NULL,4,NULL,1,'open',1),(110,'2011-05-31 20:04:53','2012-06-19 00:04:29','2011-06-01 03:54:14','CAc3f939e66a816876be467d1a07cd62a5','+19044186040','+18777929310','voice','read','http://api.twilio.com/2010-04-01/Accounts/AC029a65932d6fcacffc41f26ff125dbb7/Recordings/REfd11fbb140a8ed0083c0427622cd673c','Hi my name is Andrea Young my phone number is 904418604 oh and I had a question about the Field ... accessories for when if you\\\'re saying thank',NULL,20,NULL,1,'open',1),(111,'2011-05-31 21:25:33','2012-06-19 00:04:29','2011-06-01 03:53:56','CAcfcf3876a07125947a8572ef8b5da4cd','+15152982143','+18777929310','voice','read','http://api.twilio.com/2010-04-01/Accounts/AC029a65932d6fcacffc41f26ff125dbb7/Recordings/RE939a8c9f92609c2e4a9f269ea2c0e109','Hi this is Barbara Olsen I had ordered the sink from you or maybe a month Ago and I have a question about a C. Grad that sits in the bottom I Don\\\'t believe 1 came with the sink or is available it\\\'s that whole layer ... report I can\\\'t remember anyway ... it\\\'s a 300 model and it\\\'s interior dimension is 16 5 28 I think anyway I was wondering if you could recommend the same grid if since it doesn\\\'t come with 1 I\\\'ve seen some online at other locations that might work and I wanna know if you can\\\'t provide me with the name what tolerance ... what I need a half inch either side or a full and she their side or just ... maybe a quarter inch I Don\\\'t know so my number is (515) 298-2143 thank you bye bye',NULL,66,NULL,1,'open',1),(112,'2011-05-31 22:12:15','2012-06-19 00:04:29','2011-06-01 03:52:57','CAdf824daf5bbcf7143a6aba7ae3ab45c9','+12164712856','+18777929310','voice','read','http://api.twilio.com/2010-04-01/Accounts/AC029a65932d6fcacffc41f26ff125dbb7/Recordings/RE1dfbdd8deeb517075e26aa412942d2a1','Hi my name is Mike ... I bought 2 sinks from you guys ... couple Weeks Ago and I\\\'m trying to return my smaller sync ... but my hi double thing from the kitchen signs of my island sink ... I\\\'m trying to return it so I\\\'m trying to get something called the return authorization number to ... send it back ... can you please give me a call or leave the number for me ... on my machine here my number here is (216) 471-2856 again (216) 471-2856 thank you very much bye bye',NULL,39,NULL,1,'open',1),(113,'2011-06-01 17:28:50','2012-06-19 00:04:29',NULL,'CA865fcd782ae9ad474e432212f0f6d374','+16174488214','+18777929310','voice','new','http://api.twilio.com/2010-04-01/Accounts/AC029a65932d6fcacffc41f26ff125dbb7/Recordings/RE536c060e63b16fa8dd3c48e11b149fe7','Hi min almost ... last name land L. L. A. M. O. U. R. E. U. Ax I been in contact with your company trying to get ... an order rectified Ana ... C. text sink that we had ordered that arrived damaged could you please give me a callback at your earliest convenience it\\\'s about 1 30 eastern standard time on ... wednesday june first my phone number is (617) 448-8214 thank you',NULL,38,NULL,1,'open',1),(114,'2011-06-01 18:10:53','2012-06-19 00:04:21','2011-06-01 18:55:39','CA88e0d104c4ea61b5492d2e45afdcaf21','+15854135280','+18777929310','voice','read','http://api.twilio.com/2010-04-01/Accounts/AC029a65932d6fcacffc41f26ff125dbb7/Recordings/RE4839e40b8ba22f4998079522f13d9d22','... Yes this is Peter Nelson calling I push or yesterday for a C. texting just want to follow up ... and I had a question for you ... just about the weather\\\'s it it was in stock etcetera and timing my order number is 1 33 ... my phone number is (585) 729-0848 again Peter Nielsen (585) 729-0848 thank you',NULL,34,NULL,1,'open',1),(115,'2011-06-01 19:01:46','2012-06-19 00:04:21',NULL,'CA8f308464a40c136c82ddcef9207a2e31','+15152982143','+18777929310','voice','new','http://api.twilio.com/2010-04-01/Accounts/AC029a65932d6fcacffc41f26ff125dbb7/Recordings/REcc4a17735a65e91b809ff74e5ce9bb32','Hi this is Barbara also and I think I left a message ... yesterday about a sink ... and they think Gray Ed I bought the po where ... P. A. O. L. A. ... it\\\'s not clear it\\\'s ... ... I Don\\\'t know wanted to anyway it\\\'s the ... the S. R. 300 and I wanted to know what the grid would fit in that because I Don\\\'t think there\\\'s 1 available for this particular model but I have seen online other grip that have a sort of us the same shape and I wondered if you guys ... either have a grid that\\\'ll fit I think or no what the plan that would my number is (515) 298-2143 thank you bye bye',NULL,55,NULL,1,'open',1),(116,'2011-06-06 15:40:56','2012-06-19 00:04:21','2011-06-06 19:19:41','CA9496ebb987f51516b9d301af8b6341f3','+19513614200','+18777929310','voice','read','http://api.twilio.com/2010-04-01/Accounts/AC029a65932d6fcacffc41f26ff125dbb7/Recordings/REa46cb7a067f677c048dd5672999c3b5d','My name is Roger ... my cell number is (951) 316-6715 ... have a question in regards to 1 of your 6 thanks',NULL,16,NULL,1,'open',1),(117,'2011-06-11 14:12:29','2012-06-19 00:04:21',NULL,'CA53d018e7ff60cfb60dc7b0353c47699c','+15613618204','+18777929310','voice','new','http://api.twilio.com/2010-04-01/Accounts/AC029a65932d6fcacffc41f26ff125dbb7/Recordings/RE78eb7b05b9f80e8a5b1e58a1fd304151','Hello I received my kitchen ... my kitchen sink and I would like to return it because I was hi ... given a better offer for ... much better deal ... and I Don\\\'t know how to do that I come see any paper work inside the Box or outside ... so my name is Sue want to Richmond and my phone number is (561) 309-2502 thank',NULL,28,NULL,1,'open',1),(118,'2011-06-15 14:10:49','2012-06-19 00:04:21',NULL,'CAbc58555a49d6547d16a608073e54c4bc','+13033215694','+18777929310','voice','new','http://api.twilio.com/2010-04-01/Accounts/AC029a65932d6fcacffc41f26ff125dbb7/Recordings/REa7ab6d0025c4691855f39a15f9bb975e','Hi this is Meredith Wood calling in regards to order number 100000137 regarding a sink that ... was supposed to be in stock but ... I\\\'m now being told is not if someone could please give me a call my cellphone is (303) 931-5773 thank you bye bye',NULL,27,NULL,1,'open',1),(119,'2011-06-15 19:42:17','2012-06-19 00:04:21',NULL,'CA75a786ce2a3bb86a34c0b162869d22b7','+15613092502','+18777929310','voice','new','http://api.twilio.com/2010-04-01/Accounts/AC029a65932d6fcacffc41f26ff125dbb7/Recordings/RE021106a24b44f0b7a8083f8d243eabbe','Hello my name is due wanderson plan and I called earlier today they were going to forward the returned ticket ... for fedex to meet you didn\\\'t want or that at 234 inch ... I went to drive and it with the L. 1 dash 100 thank ... I pack ... my phone number (561) 309-2502 thanks Joe hi Jim completed and it\\\'s now ... 20 to 4 I called at about 9 o\\\'clock this morning thank you',NULL,37,NULL,1,'open',1),(120,'2011-06-16 18:08:59','2012-06-19 00:04:21',NULL,'CA0113e826e204e6a5d1decfe3f55ed7ce','+15613092502','+18777929310','voice','new','http://api.twilio.com/2010-04-01/Accounts/AC029a65932d6fcacffc41f26ff125dbb7/Recordings/REbe8930fe95c9ac68ec218391e4714b2b','Hello my name is Sue wonders man I had called yesterday morning requesting a return ... slip for fedex ... see wonders and then ... I never received it ... on my computer at S. wonders man at Bell south Dot net ... or return phone call when I called later that afternoon thing now where me and my phone number is 561309252 just wondering ... what the hold up is and ... ... if you could return my call at your earliest convenience that would be great thank you or just send me the ... return slip thank you',NULL,48,NULL,1,'open',1),(121,'2011-06-16 20:19:15','2012-06-19 00:04:21','2011-06-22 23:16:01','CA6a2fd6e71495795d40423cee01ef797c','+15613092502','+18777929310','voice','read','http://api.twilio.com/2010-04-01/Accounts/AC029a65932d6fcacffc41f26ff125dbb7/Recordings/RE17d7e1f1994bf4f202ad8ab12dad8306','Yes this is the third time I\\\'m calling my name is you 1 to and and I\\\'m trying to get the label to return my kitchen sink ... I\\\'m reading your ... ... article on line and there\\\'s no questions asked ... I\\\'m curious why I\\\'m not hearing back from anybody you were very helpful when I was ordering the sink ... my phone number is (561) 309-2502 ... very important that you call me back I see you have 15 days so I Don\\\'t wanna mess that go 5 thank you very much',NULL,40,NULL,1,'open',1),(122,'2011-06-16 20:23:40','2012-06-19 00:04:21',NULL,'CA0b912de86069835e79d1e21694127ff3','+15613092502','+18777929310','voice','new','http://api.twilio.com/2010-04-01/Accounts/AC029a65932d6fcacffc41f26ff125dbb7/Recordings/RE4ef66a524f3b3d99a7dc6919c6947c99','Yes it\\\'s me wonderfully and I\\\'m wondering why nobody is returning my call ... I\\\'m at (561) 309-2502 I was supposed to get a legal delivered so my email address yesterday it never came ... and I would like somebody to get back to me and let me know why I know that there\\\'s a time constraint in terms of returning the sink ... and I Don\\\'t appreciate the fact that ... you\\\'re not the timely and ... contact me back ... thank you very much please call me (561) 309-2502 thank',NULL,42,NULL,1,'open',1),(123,'2011-06-22 20:27:53','2012-06-19 00:04:21','2011-06-24 13:04:08','CA5f446edd214bc188d1eb8b12b37605d4','+12062661000','+18777929310','voice','read','http://api.twilio.com/2010-04-01/Accounts/AC029a65932d6fcacffc41f26ff125dbb7/Recordings/RE7f189be513f6d14418212e7e94fa2bff','Hi my name is Patrick I\\\'m from amazon Dot Com I wanted to speak to someone at the beach kitchen about possibly selling your products for the for them is on if you can return my call at your earliest convenience my phone number is (206) 266-0293 again it\\\'s Patrick from amazon Dot Com (206) 266-0293 thank',NULL,25,NULL,1,'open',1),(124,'2011-06-23 21:19:36','2012-06-19 00:04:21',NULL,'CA704145065289c819812f86bc952b2591','+16027764633','+18777929310','voice','new','http://api.twilio.com/2010-04-01/Accounts/AC029a65932d6fcacffc41f26ff125dbb7/Recordings/RE5905b756f87680170436312c13113aec','Hello ... my name is Betty Fleming and we\\\'re calling in ... regarding the ... C. Tech L. I. 100 ... sink that is on your website we needed in the ... the left hand side to be this smaller Shorter version for the disposal and so it\\\'s river so what shown on the website could you please ... give us a callback actually my husband could be easier to be reached at (602) 686-0861 hi thank you we would appreciate hearing back from you and my name is Betty Fleming and his name is Jim Fleming thank you very much',NULL,45,NULL,1,'open',1),(125,'2011-06-24 13:09:05','2012-06-19 00:04:21',NULL,'CAa4f685d76af80698562b10cf97c3848a','+16026860861','+18777929310','voice','new','http://api.twilio.com/2010-04-01/Accounts/AC029a65932d6fcacffc41f26ff125dbb7/Recordings/REcbfcda1270b5e26ece93971db353f956','Yeah my name is Jim Fleming number is (602) 686-0861 ... talk calling about the K. Tech allied at 100',NULL,23,NULL,1,'open',1),(126,'2011-06-25 13:53:59','2012-06-19 00:04:21',NULL,'CA2f4c405ddad29a9ae3ef5841a77f2529','+15633551362','+18777929310','voice','new','http://api.twilio.com/2010-04-01/Accounts/AC029a65932d6fcacffc41f26ff125dbb7/Recordings/RE263e929247d9b27ade9c94ddb1a56aa3','Yeah this is Tony Duncan calling I was wondering if you guys stock or could get the that a ... C. Tech elai 50 50 san remotes kitchen sink total Bull ... give me a callback at (563) 355-1360 thanks I\\\'m sorry 136213601362 thanks bye',NULL,29,NULL,1,'open',1),(127,'2011-06-25 18:29:16','2012-06-19 00:04:21',NULL,'CA98ebf1e93228bd2bb86915d005bfdfd7','+14074822540','+18777929310','voice','new','http://api.twilio.com/2010-04-01/Accounts/AC029a65932d6fcacffc41f26ff125dbb7/Recordings/REc743e05c5f45548a8320bcb1af247094','Robert stafford (407) 491-4437 ... would like to purchase a talk to us ... I 800 st thank you',NULL,18,NULL,1,'open',1),(128,'2011-06-27 14:11:04','2012-06-19 00:04:21',NULL,'CAda205120c750cbd7d532880aa34b0a42','+15625198472','+18777929310','voice','new','http://api.twilio.com/2010-04-01/Accounts/AC029a65932d6fcacffc41f26ff125dbb7/Recordings/RE8b8b22ba54298defe2578c31670253aa','Yes my name is Pierre and silly my number is (562) 519-8472 I ordered a kitchen sink from you guys and it\\\'s order number 100000141 and I wanna make sure the shipping time is what I need so if we have to change the shipping time I need to do that please give me a call ... (562) 519-8472 thank you',NULL,39,NULL,1,'open',1),(129,'2011-06-27 14:20:34','2012-06-19 00:04:21',NULL,'CA1eefc6e6cb042f691d95f3bb66af81a7','+12394504300','+18777929310','voice','new','http://api.twilio.com/2010-04-01/Accounts/AC029a65932d6fcacffc41f26ff125dbb7/Recordings/RE79c2b1a7886a9e1936d41a8caa5785b5','Hello this is Gloria elsie at (239) 450-4300 I\\\'m interested in ordering a C. Tech thanks that\\\'s (239) 450-4300',NULL,22,NULL,1,'open',1),(130,'2011-06-30 18:56:18','2012-06-19 00:04:21',NULL,'CA42c883cd9bda7de25bb8124134826cda','+14074822540','+18777929310','voice','new','http://api.twilio.com/2010-04-01/Accounts/AC029a65932d6fcacffc41f26ff125dbb7/Recordings/REc5981313fc0000297548f06ee6a1d78c','Robert stafford (407) 491-4437 thank you very much',NULL,14,NULL,1,'open',1),(131,'2011-07-11 17:00:54','2012-06-19 00:04:21',NULL,'CAa9cee39e078a9976cdd27079d7b6fa58','+15185272557','+18777929310','voice','new','http://api.twilio.com/2010-04-01/Accounts/AC029a65932d6fcacffc41f26ff125dbb7/Recordings/RE268f2358070bf1525308f52b9f7b552f','Hi this is Cathy shamley and I placed an order ... last week I wanna make sure that if you shipped the jeannie store number 10000146 so you can call me back as soon as possible this is my cell 51852725571 o\\\'clock eastern time thank you',NULL,25,NULL,1,'open',1),(132,'2011-08-23 20:04:51','2012-06-19 00:04:21',NULL,NULL,'+18082946295','+18777929310','voice','new','http://api.twilio.com/2010-04-01/Accounts/AC029a65932d6fcacffc41f26ff125dbb7/Recordings/REcaa18a69f44923fa5c39407e207ab30f',NULL,NULL,NULL,NULL,1,'open',1),(133,'2011-09-21 13:52:53','2012-06-19 00:04:21',NULL,NULL,'+12256479116','+18777929310','voice','new','http://api.twilio.com/2010-04-01/Accounts/AC029a65932d6fcacffc41f26ff125dbb7/Recordings/RE18fd04615b2069bec9c338a3c6328731',NULL,NULL,NULL,NULL,1,'open',1),(134,'2011-09-23 16:13:21','2012-06-19 00:04:11',NULL,NULL,'+15625198472','+18777929310','voice','new','http://api.twilio.com/2010-04-01/Accounts/AC029a65932d6fcacffc41f26ff125dbb7/Recordings/RE9c77958428e7a29b5f01ab42f7553b3e',NULL,NULL,NULL,NULL,1,'open',1),(135,'2011-09-27 19:36:35','2012-06-19 00:04:11',NULL,NULL,'+18583373787','+18777929310','voice','new','http://api.twilio.com/2010-04-01/Accounts/AC029a65932d6fcacffc41f26ff125dbb7/Recordings/RE588889ee756b278d99cf96d27e200748',NULL,NULL,NULL,NULL,1,'open',1),(136,'2011-10-03 12:38:11','2012-06-19 00:04:11',NULL,NULL,'+18506441073','+18777929310','voice','new','http://api.twilio.com/2010-04-01/Accounts/AC029a65932d6fcacffc41f26ff125dbb7/Recordings/RE2ae542def492fe2e2362aa88d46d278e',NULL,NULL,NULL,NULL,1,'open',1),(137,'2011-10-03 15:19:06','2012-06-19 00:04:11',NULL,'CAb3371d094507d220ee03dcac813c8c04','+14079712309','+18777929310','voice','new','http://api.twilio.com/2010-04-01/Accounts/AC029a65932d6fcacffc41f26ff125dbb7/Recordings/RE8916da46dcfa584667e15e3fad3b23ee',NULL,NULL,1,NULL,1,'open',1),(138,'2011-10-03 15:20:53','2012-06-19 00:04:11',NULL,NULL,'+14079712309','+18777929310','voice','new','http://api.twilio.com/2010-04-01/Accounts/AC029a65932d6fcacffc41f26ff125dbb7/Recordings/RE5ac2ffe355b2bb976ed21de518786a1e',NULL,NULL,NULL,NULL,1,'open',1),(139,'2011-10-04 13:10:59','2012-06-19 00:04:11',NULL,NULL,'+15152982143','+18777929310','voice','new','http://api.twilio.com/2010-04-01/Accounts/AC029a65932d6fcacffc41f26ff125dbb7/Recordings/RE7d44b97899148916e242afc85b544a3e',NULL,NULL,NULL,NULL,1,'open',1),(140,'2011-10-06 19:08:57','2012-06-19 00:04:11',NULL,NULL,'+13407753107','+18777929310','voice','new','http://api.twilio.com/2010-04-01/Accounts/AC029a65932d6fcacffc41f26ff125dbb7/Recordings/REeb5082cecfb3682598be841d4c9a1559',NULL,NULL,NULL,NULL,1,'open',1),(141,'2011-10-10 15:05:12','2012-06-19 00:04:11',NULL,NULL,'+14133413828','+18777929310','voice','new','http://api.twilio.com/2010-04-01/Accounts/AC029a65932d6fcacffc41f26ff125dbb7/Recordings/REc2206873c82e487e0f24f6374c1aca29',NULL,NULL,NULL,NULL,1,'open',1),(142,'2011-10-10 17:10:34','2012-06-19 00:04:11',NULL,NULL,'+16015797355','+18777929310','voice','new','http://api.twilio.com/2010-04-01/Accounts/AC029a65932d6fcacffc41f26ff125dbb7/Recordings/RE7305da5999919efcbbc12565856f5467',NULL,NULL,NULL,NULL,1,'open',1),(143,'2011-10-28 16:47:44','2012-06-19 00:04:11',NULL,NULL,'+13124077800','+18777929310','voice','new','http://api.twilio.com/2010-04-01/Accounts/AC029a65932d6fcacffc41f26ff125dbb7/Recordings/RE9d2ebb1a213e132130ab544a066c1a58',NULL,NULL,NULL,NULL,1,'open',1),(144,'2011-10-31 18:14:32','2012-06-19 00:04:11',NULL,NULL,'+13124077800','+18777929310','voice','new','http://api.twilio.com/2010-04-01/Accounts/AC029a65932d6fcacffc41f26ff125dbb7/Recordings/REdc1d7d52c03740eb87b58cf1ac6aed5f',NULL,NULL,NULL,NULL,1,'open',1),(145,'2011-11-03 15:34:58','2012-06-19 00:04:11',NULL,NULL,'+18188555200','+18777929310','voice','new','http://api.twilio.com/2010-04-01/Accounts/AC029a65932d6fcacffc41f26ff125dbb7/Recordings/REae3e7b8c262be9cac471a884bfb8abd3',NULL,NULL,NULL,NULL,1,'open',1),(146,'2011-11-04 19:42:28','2012-06-19 00:04:11',NULL,NULL,'+13124077800','+18777929310','voice','new','http://api.twilio.com/2010-04-01/Accounts/AC029a65932d6fcacffc41f26ff125dbb7/Recordings/REd9748b1bcd7f046e943155f7de99f36e',NULL,NULL,NULL,NULL,1,'open',1),(147,'2011-11-07 17:15:33','2012-06-19 00:04:11',NULL,NULL,'+13124077800','+18777929310','voice','new','http://api.twilio.com/2010-04-01/Accounts/AC029a65932d6fcacffc41f26ff125dbb7/Recordings/RE4b31cba4259cdea46bec30325bb3f1cf',NULL,NULL,NULL,NULL,1,'open',1),(148,'2011-11-08 17:21:05','2012-06-19 00:04:11',NULL,'CA299280786c215ef2134697551164fcf4','+14258202849','+18777929310','voice','new','http://api.twilio.com/2010-04-01/Accounts/AC029a65932d6fcacffc41f26ff125dbb7/Recordings/REe607c17a469c2efdaa4db8b593f8268e','Hi my name is Brenda Sanders and I wanted to return something about 2 of them and I only needed 1 hey ... so I\\\'m calling about ... returning ... ... do I need a authorization number to return it or what my phone number is (425) 820-2849 ... if you need it my order number was 100000160 thank you',NULL,41,NULL,1,'open',1),(149,'2011-11-08 19:02:09','2012-06-19 00:04:11',NULL,NULL,'+16015797355','+18777929310','voice','new','http://api.twilio.com/2010-04-01/Accounts/AC029a65932d6fcacffc41f26ff125dbb7/Recordings/REe69d21ac567761c0ee5ac2aae88a5f9a',NULL,NULL,NULL,NULL,1,'open',1),(150,'2011-11-09 17:46:53','2012-06-19 00:04:11',NULL,'CAcc7ee96925d6b414dbc9017cedf6c8ee','+17735577980','+18777929310','voice','new','http://api.twilio.com/2010-04-01/Accounts/AC029a65932d6fcacffc41f26ff125dbb7/Recordings/RE82f2e3d3ae22019016eeb1519e85fe48',NULL,NULL,4,NULL,1,'open',1),(151,'2011-11-09 23:23:11','2012-06-19 00:04:11',NULL,NULL,'+12604170095','+18777929310','voice','new','http://api.twilio.com/2010-04-01/Accounts/AC029a65932d6fcacffc41f26ff125dbb7/Recordings/RE440ab6d665b1f215493631180cb38b83',NULL,NULL,NULL,NULL,1,'open',1),(152,'2011-11-11 18:23:09','2012-06-19 00:04:11',NULL,NULL,'+12062661000','+18777929310','voice','new','http://api.twilio.com/2010-04-01/Accounts/AC029a65932d6fcacffc41f26ff125dbb7/Recordings/REe94c07dcf8b439ddc282e2ea926eea2e',NULL,NULL,NULL,NULL,1,'open',1),(153,'2011-11-11 18:30:20','2012-06-19 00:04:11',NULL,NULL,'+13124077800','+18777929310','voice','new','http://api.twilio.com/2010-04-01/Accounts/AC029a65932d6fcacffc41f26ff125dbb7/Recordings/RE9694e3c12dc44bf23800f6324cb81003',NULL,NULL,NULL,NULL,1,'open',1),(154,'2011-11-15 21:45:39','2012-06-19 00:04:00',NULL,NULL,'+18188555200','+18777929310','voice','new','http://api.twilio.com/2010-04-01/Accounts/AC029a65932d6fcacffc41f26ff125dbb7/Recordings/REbb0614443a8713c57ce0c0f35dbc965f',NULL,NULL,NULL,NULL,1,'open',1),(155,'2011-11-18 15:12:58','2012-06-19 00:04:00',NULL,NULL,'+13053386591','+18777929310','voice','new','http://api.twilio.com/2010-04-01/Accounts/AC029a65932d6fcacffc41f26ff125dbb7/Recordings/REc7870084ffd6c4aa638e4f0f1ece625d',NULL,NULL,NULL,NULL,1,'open',1),(156,'2011-11-18 19:46:04','2012-06-19 00:04:00',NULL,NULL,'+16158044051','+18777929310','voice','new','http://api.twilio.com/2010-04-01/Accounts/AC029a65932d6fcacffc41f26ff125dbb7/Recordings/RE3bfa1733cc8b2b91a94cb76d11089227',NULL,NULL,NULL,NULL,1,'open',1),(157,'2011-11-21 14:34:48','2012-06-19 00:04:00',NULL,NULL,'+12604145771','+18777929310','voice','new','http://api.twilio.com/2010-04-01/Accounts/AC029a65932d6fcacffc41f26ff125dbb7/Recordings/RE929631f8d8c316762c32554b9dc25e41',NULL,NULL,NULL,NULL,1,'open',1),(158,'2011-12-07 13:44:32','2012-06-19 00:04:00',NULL,NULL,'+18583373787','+18777929310','voice','new','http://api.twilio.com/2010-04-01/Accounts/AC029a65932d6fcacffc41f26ff125dbb7/Recordings/REb7306cf08c255b11f77a9ab90ce2c313',NULL,NULL,NULL,NULL,1,'open',1),(159,'2011-12-08 21:33:35','2012-06-19 00:04:00',NULL,NULL,'+18139635500','+18777929310','voice','new','http://api.twilio.com/2010-04-01/Accounts/AC029a65932d6fcacffc41f26ff125dbb7/Recordings/RE3e4e27ff8fc21636aed308e05922347d',NULL,NULL,NULL,NULL,1,'open',1),(160,'2011-12-09 21:12:22','2012-06-19 00:04:00',NULL,NULL,'+19546252373','+18777929310','voice','new','http://api.twilio.com/2010-04-01/Accounts/AC029a65932d6fcacffc41f26ff125dbb7/Recordings/RE92cf459e0ec37e65f351ec778a6841a3',NULL,NULL,NULL,NULL,1,'open',1),(161,'2011-12-20 20:05:00','2012-06-19 00:04:00',NULL,NULL,'+17045430370','+18777929310','voice','new','http://api.twilio.com/2010-04-01/Accounts/AC029a65932d6fcacffc41f26ff125dbb7/Recordings/REb0443733f7063bbfd8757fc44b7cb5c1',NULL,NULL,NULL,NULL,1,'open',1),(162,'2011-12-28 20:17:14','2012-06-19 00:04:00','2012-01-12 13:28:54',NULL,'+15407367863','+18777929310','voice','read','http://api.twilio.com/2010-04-01/Accounts/AC029a65932d6fcacffc41f26ff125dbb7/Recordings/RE9be011c696be95b4f1147dd257f86768',NULL,NULL,NULL,NULL,1,'open',1),(163,'2012-01-03 21:03:09','2012-06-19 00:04:00',NULL,NULL,'+15402879928','+18777929310','voice','new','http://api.twilio.com/2010-04-01/Accounts/AC029a65932d6fcacffc41f26ff125dbb7/Recordings/REcdaac9f8e9a7b5fb5a826ca959b2716d',NULL,NULL,NULL,NULL,1,'open',1),(164,'2012-01-06 18:07:06','2012-06-19 00:04:00',NULL,'CAf952460a145ca25e24414982f1265833','+17735451065','+18777929310','voice','new','http://api.twilio.com/2010-04-01/Accounts/AC029a65932d6fcacffc41f26ff125dbb7/Recordings/RE0a3cca49d76a70b9c02831eb3ffd48f2',NULL,NULL,3,NULL,1,'open',1),(165,'2012-01-07 19:13:44','2012-06-19 00:04:00','2012-01-09 14:09:13',NULL,'+19289419450','+18777929310','voice','read','http://api.twilio.com/2010-04-01/Accounts/AC029a65932d6fcacffc41f26ff125dbb7/Recordings/RE5efef4672ce989b5961fbd7f83289381',NULL,NULL,NULL,NULL,1,'open',1),(166,'2012-01-10 21:08:56','2012-06-19 00:04:00',NULL,NULL,'+15105122881','+18777929310','voice','new','http://api.twilio.com/2010-04-01/Accounts/AC029a65932d6fcacffc41f26ff125dbb7/Recordings/RE4f83f118194d6909ce57355b9a8fe752',NULL,NULL,NULL,NULL,1,'open',1),(167,'2012-01-11 18:00:59','2012-06-19 00:04:00','2012-01-12 13:29:26',NULL,'+18197788939','+18777929310','voice','read','http://api.twilio.com/2010-04-01/Accounts/AC029a65932d6fcacffc41f26ff125dbb7/Recordings/REaf373f02f37c618f6454ca53b247c397',NULL,NULL,NULL,NULL,1,'open',1),(168,'2012-01-13 15:52:28','2012-06-19 00:04:00',NULL,NULL,'+18708677741','+18777929310','voice','new','http://api.twilio.com/2010-04-01/Accounts/AC029a65932d6fcacffc41f26ff125dbb7/Recordings/RE9197a4b5b1a234b6ad404fbadd4e6bdc',NULL,NULL,NULL,NULL,1,'open',1),(169,'2012-01-13 20:44:52','2012-06-19 00:04:00',NULL,NULL,'+18583373787','+18777929310','voice','new','http://api.twilio.com/2010-04-01/Accounts/AC029a65932d6fcacffc41f26ff125dbb7/Recordings/REed7af43c96066b6c08af501691130d97',NULL,NULL,NULL,NULL,1,'open',1),(170,'2012-01-16 21:24:24','2012-06-19 00:04:00',NULL,NULL,'+18188555200','+18777929310','voice','new','http://api.twilio.com/2010-04-01/Accounts/AC029a65932d6fcacffc41f26ff125dbb7/Recordings/RE63e008ee45273042722a0dd60d4853e2',NULL,NULL,NULL,NULL,1,'open',1),(171,'2012-01-18 16:18:23','2012-06-19 00:04:00',NULL,NULL,'+16037188634','+18777929310','voice','new','http://api.twilio.com/2010-04-01/Accounts/AC029a65932d6fcacffc41f26ff125dbb7/Recordings/REb056b5d9a773daaa1ca62179c49f3172',NULL,NULL,NULL,NULL,1,'open',1),(172,'2012-01-18 18:23:28','2012-06-19 00:04:00',NULL,NULL,'+16037188634','+18777929310','voice','new','http://api.twilio.com/2010-04-01/Accounts/AC029a65932d6fcacffc41f26ff125dbb7/Recordings/RE460463284ee4ae1bac1b993b3336fe5c',NULL,NULL,NULL,NULL,1,'open',1),(173,'2012-01-19 20:06:36','2012-06-19 00:04:00',NULL,NULL,'+16037188634','+18777929310','voice','new','http://api.twilio.com/2010-04-01/Accounts/AC029a65932d6fcacffc41f26ff125dbb7/Recordings/REc7a29c88e2e18b2ee5993b1041301339',NULL,NULL,NULL,NULL,1,'open',1),(174,'2012-01-21 16:17:13','2012-06-19 00:03:50',NULL,NULL,'+19055647500','+18777929310','voice','new','http://api.twilio.com/2010-04-01/Accounts/AC029a65932d6fcacffc41f26ff125dbb7/Recordings/RE3d8f7ad9fcb308f6437baf170eade3d9',NULL,NULL,NULL,NULL,1,'open',1),(175,'2012-01-21 16:53:38','2012-06-19 00:03:50',NULL,NULL,'+14163180000','+18777929310','voice','new','http://api.twilio.com/2010-04-01/Accounts/AC029a65932d6fcacffc41f26ff125dbb7/Recordings/RE4f6c8a8576868e47ad69666b5e81f7d4',NULL,NULL,NULL,NULL,1,'open',1),(176,'2012-01-24 17:44:12','2012-06-19 00:03:50',NULL,NULL,'+19055647500','+18777929310','voice','new','http://api.twilio.com/2010-04-01/Accounts/AC029a65932d6fcacffc41f26ff125dbb7/Recordings/REb1610a5630c14146513d7660f2c088ad',NULL,NULL,NULL,NULL,1,'open',1),(177,'2012-01-26 14:55:16','2012-06-19 00:03:50',NULL,NULL,'+19055647500','+18777929310','voice','new','http://api.twilio.com/2010-04-01/Accounts/AC029a65932d6fcacffc41f26ff125dbb7/Recordings/RE5c2dcc21df5bdb191dfb3d13d1e25515',NULL,NULL,NULL,NULL,1,'open',1),(178,'2012-01-30 14:28:37','2012-06-19 00:03:50',NULL,NULL,'+13059219283','+18777929310','voice','new','http://api.twilio.com/2010-04-01/Accounts/AC029a65932d6fcacffc41f26ff125dbb7/Recordings/REef295cf2fe7c75169811e2dccd7539b6',NULL,NULL,NULL,NULL,1,'open',1),(179,'2012-01-30 14:33:36','2012-06-19 00:03:50',NULL,NULL,'+16127033335','+18777929310','voice','new','http://api.twilio.com/2010-04-01/Accounts/AC029a65932d6fcacffc41f26ff125dbb7/Recordings/REda614092302e8419d8bb659711668182',NULL,NULL,NULL,NULL,1,'open',1),(180,'2012-01-31 15:59:03','2012-06-19 00:03:50',NULL,NULL,'+17724689598','+18777929310','voice','new','http://api.twilio.com/2010-04-01/Accounts/AC029a65932d6fcacffc41f26ff125dbb7/Recordings/RE811355c6027cd4ed6330ec069e71f595',NULL,NULL,NULL,NULL,1,'open',1),(181,'2012-01-31 16:55:43','2012-06-19 00:03:50',NULL,NULL,'+19792828303','+18777929310','voice','new','http://api.twilio.com/2010-04-01/Accounts/AC029a65932d6fcacffc41f26ff125dbb7/Recordings/RE7c230d7628bf2a7e7ccd3005d2b2dc5e',NULL,NULL,NULL,NULL,1,'open',1),(182,'2012-02-02 14:14:31','2012-06-19 00:03:50',NULL,NULL,'+12769637790','+18777929310','voice','new','http://api.twilio.com/2010-04-01/Accounts/AC029a65932d6fcacffc41f26ff125dbb7/Recordings/RE08c6aaee177c4ac7f685c6ff0585c285',NULL,NULL,NULL,NULL,1,'open',1),(183,'2012-02-03 15:35:50','2012-06-19 00:03:50',NULL,NULL,'+19792828303','+18777929310','voice','new','http://api.twilio.com/2010-04-01/Accounts/AC029a65932d6fcacffc41f26ff125dbb7/Recordings/REc50759c2ba5a8121e5cfa673d6196f09',NULL,NULL,NULL,NULL,1,'open',1),(184,'2012-02-07 16:06:06','2012-06-19 00:03:50',NULL,'CA4efe3f6968fba780b41eba5b023aebf5','+19792828300','+18777929310','voice','new','http://api.twilio.com/2010-04-01/Accounts/AC029a65932d6fcacffc41f26ff125dbb7/Recordings/REa3354f6e023babca231c31e18f7cfe85',NULL,NULL,3,NULL,1,'open',1),(185,'2012-02-07 22:48:19','2012-06-19 00:03:50',NULL,NULL,'+18188555200','+18777929310','voice','new','http://api.twilio.com/2010-04-01/Accounts/AC029a65932d6fcacffc41f26ff125dbb7/Recordings/REea449a8a61c1f9ea1dc5ab949b09eafd',NULL,NULL,NULL,NULL,1,'open',1),(186,'2012-02-09 13:31:01','2012-06-19 00:03:50',NULL,NULL,'+15862863747','+18777929310','voice','new','http://api.twilio.com/2010-04-01/Accounts/AC029a65932d6fcacffc41f26ff125dbb7/Recordings/RE3ef4740105ad4fa1f1ebbc5842961ab0',NULL,NULL,NULL,NULL,1,'open',1),(187,'2012-02-10 22:35:47','2012-06-19 00:03:50',NULL,NULL,'+15862863747','+18777929310','voice','new','http://api.twilio.com/2010-04-01/Accounts/AC029a65932d6fcacffc41f26ff125dbb7/Recordings/RE97fbabdbcc6fa3276567af8c132b656a',NULL,NULL,NULL,NULL,1,'open',1),(188,'2012-02-13 15:15:41','2012-06-19 00:03:50',NULL,'CA580f494b6cab0674dfbeec5f1beb3427','+12769637790','+18777929310','voice','new','http://api.twilio.com/2010-04-01/Accounts/AC029a65932d6fcacffc41f26ff125dbb7/Recordings/REf8612ba71e198d2705c432b75aee2de4','... this is Kevin waffle I had ordered the sink up to you guys ... while back and then actually need to call and cancel that order ... if you would mind to give me a callback area code (276) 971-6972 thank.',NULL,21,NULL,1,'open',1),(189,'2012-02-13 16:19:22','2012-06-19 00:03:50',NULL,NULL,'+16464619199','+18777929310','voice','new','http://api.twilio.com/2010-04-01/Accounts/AC029a65932d6fcacffc41f26ff125dbb7/Recordings/REfde96ba5b7a80b73b5fbc1e7934f92b1',NULL,NULL,NULL,NULL,1,'open',1),(190,'2012-02-13 20:39:37','2012-06-19 00:03:50',NULL,NULL,'+15862863747','+18777929310','voice','new','http://api.twilio.com/2010-04-01/Accounts/AC029a65932d6fcacffc41f26ff125dbb7/Recordings/RE96bdf9f73652322c762ece696c8ace55',NULL,NULL,NULL,NULL,1,'open',1),(191,'2012-02-13 21:56:21','2012-06-19 00:03:50',NULL,NULL,'+15617849865','+18777929310','voice','new','http://api.twilio.com/2010-04-01/Accounts/AC029a65932d6fcacffc41f26ff125dbb7/Recordings/RE8d0d8245f46e6bd8fe91739c9d21ec46',NULL,NULL,NULL,NULL,1,'open',1),(192,'2012-02-14 19:24:15','2012-06-19 00:03:50',NULL,NULL,'+16109339215','+18777929310','voice','new','http://api.twilio.com/2010-04-01/Accounts/AC029a65932d6fcacffc41f26ff125dbb7/Recordings/REdaeebcd2d7244966e0e9f25bcd43b308',NULL,NULL,NULL,NULL,1,'open',1),(193,'2012-02-17 19:35:54','2012-06-19 00:03:50',NULL,NULL,'+19198478102','+18777929310','voice','new','http://api.twilio.com/2010-04-01/Accounts/AC029a65932d6fcacffc41f26ff125dbb7/Recordings/REf32e62f0036a9bc534d9c629e030bdae',NULL,NULL,NULL,NULL,1,'open',1),(194,'2012-02-17 19:45:48','2012-06-19 00:02:58','2012-02-17 20:16:19',NULL,'+18188555200','+18777929310','voice','read','http://api.twilio.com/2010-04-01/Accounts/AC029a65932d6fcacffc41f26ff125dbb7/Recordings/RE18587c391990335efb575a75ce0eb3f4',NULL,NULL,NULL,NULL,1,'open',1),(195,'2012-02-17 21:19:35','2012-06-19 00:02:58',NULL,NULL,'+19198478102','+18777929310','voice','new','http://api.twilio.com/2010-04-01/Accounts/AC029a65932d6fcacffc41f26ff125dbb7/Recordings/RE0c5c9a03535f2d26263f9eaa62245ee7',NULL,NULL,NULL,NULL,1,'open',1),(196,'2012-02-20 20:01:43','2012-06-19 00:02:58',NULL,NULL,'+13139164457','+18777929310','voice','new','http://api.twilio.com/2010-04-01/Accounts/AC029a65932d6fcacffc41f26ff125dbb7/Recordings/RE98f283c4f0b90292cbfc12718c37eecd',NULL,NULL,NULL,NULL,1,'open',1),(197,'2012-02-22 17:24:09','2012-06-19 00:02:58',NULL,NULL,'+19198478102','+18777929310','voice','new','http://api.twilio.com/2010-04-01/Accounts/AC029a65932d6fcacffc41f26ff125dbb7/Recordings/RE0fed482e1f6190756e46e8cdce5a2382',NULL,NULL,NULL,NULL,1,'open',1),(198,'2012-03-01 15:10:44','2012-06-19 00:02:58',NULL,NULL,'+12128856280','+18777929310','voice','new','http://api.twilio.com/2010-04-01/Accounts/AC029a65932d6fcacffc41f26ff125dbb7/Recordings/REa755456cac01c40874204a78f4c94815',NULL,NULL,NULL,NULL,1,'open',1),(199,'2012-03-01 16:46:37','2012-06-19 00:02:58',NULL,NULL,'+14169442438','+18777929310','voice','new','http://api.twilio.com/2010-04-01/Accounts/AC029a65932d6fcacffc41f26ff125dbb7/Recordings/REb999b929bb5c19c82bd654f630b9849b',NULL,NULL,NULL,NULL,1,'open',1),(200,'2012-03-02 21:19:05','2012-06-19 00:02:58',NULL,'CA1650245a3701305b5dfe6a785cc5ea8b','+18474378663','+18777929310','voice','new','http://api.twilio.com/2010-04-01/Accounts/AC029a65932d6fcacffc41f26ff125dbb7/Recordings/REefa4ccce3b4c1196fde6a546a4c5244d',NULL,NULL,4,NULL,1,'open',1),(201,'2012-03-05 15:36:28','2012-06-19 00:02:58',NULL,NULL,'+15705870234','+18777929310','voice','new','http://api.twilio.com/2010-04-01/Accounts/AC029a65932d6fcacffc41f26ff125dbb7/Recordings/RE2daad75fd073a0116d574a62ac631347',NULL,NULL,NULL,NULL,1,'open',1),(202,'2012-03-05 19:21:17','2012-06-19 00:02:58',NULL,NULL,'+16613403281','+18777929310','voice','new','http://api.twilio.com/2010-04-01/Accounts/AC029a65932d6fcacffc41f26ff125dbb7/Recordings/RE4dbd38d3775b8bca0ad00655b71c37e3',NULL,NULL,NULL,NULL,1,'open',1),(203,'2012-03-06 14:46:54','2012-06-19 00:02:58',NULL,NULL,'+15705758071','+18777929310','voice','new','http://api.twilio.com/2010-04-01/Accounts/AC029a65932d6fcacffc41f26ff125dbb7/Recordings/REaaa229fbd3080d77765026f103bda638',NULL,NULL,NULL,NULL,1,'open',1),(204,'2012-03-06 14:49:18','2012-06-19 00:02:58',NULL,'CA78e21e7b5a4076acd390c7cde8ad2dbe','+15705758071','+18777929310','voice','new','http://api.twilio.com/2010-04-01/Accounts/AC029a65932d6fcacffc41f26ff125dbb7/Recordings/RE163fe46bef5685d78d7727979be7ad21','Hi I\\\'m trying to get somebody anybody from I need apartment to give me a call my name is Margaret my Son and my phone number is (570) 575-8071 thank',NULL,16,NULL,1,'open',1),(205,'2012-03-06 20:07:18','2012-06-19 00:02:58',NULL,NULL,'+12812418890','+18777929310','voice','new','http://api.twilio.com/2010-04-01/Accounts/AC029a65932d6fcacffc41f26ff125dbb7/Recordings/REf55d5eddf9ede57aaf0e0bc817731365',NULL,NULL,NULL,NULL,1,'open',1),(206,'2012-03-07 16:01:12','2012-06-19 00:02:58',NULL,NULL,'+15205480071','+18777929310','voice','new','http://api.twilio.com/2010-04-01/Accounts/AC029a65932d6fcacffc41f26ff125dbb7/Recordings/RE29dd183dead9af7f39e35ab998fb0abf',NULL,NULL,NULL,NULL,1,'open',1),(207,'2012-03-07 19:12:57','2012-06-19 00:02:58',NULL,NULL,'+17044831842','+18777929310','voice','new','http://api.twilio.com/2010-04-01/Accounts/AC029a65932d6fcacffc41f26ff125dbb7/Recordings/REb93a0283d99acc80a07dd5a21f775de2',NULL,NULL,NULL,NULL,1,'open',1),(208,'2012-03-08 19:31:57','2012-06-19 00:02:58',NULL,NULL,'+18477767619','+18777929310','voice','new','http://api.twilio.com/2010-04-01/Accounts/AC029a65932d6fcacffc41f26ff125dbb7/Recordings/RE1bdddfcbd15b5ac55303f4d7892602fd',NULL,NULL,NULL,NULL,1,'open',1),(209,'2012-03-18 21:44:31','2012-06-19 00:02:58',NULL,NULL,'+18477767619','+18777929310','voice','new','http://api.twilio.com/2010-04-01/Accounts/AC029a65932d6fcacffc41f26ff125dbb7/Recordings/REb65d25f9978f21ee07c0d416cfa34485',NULL,NULL,NULL,NULL,1,'open',1),(210,'2012-03-19 17:06:32','2012-06-19 00:02:58',NULL,NULL,'+17047592142','+18777929310','voice','new','http://api.twilio.com/2010-04-01/Accounts/AC029a65932d6fcacffc41f26ff125dbb7/Recordings/REb84c8719676cc633489031f0c1668e4f',NULL,NULL,NULL,NULL,1,'open',1),(211,'2012-03-21 16:09:13','2012-06-19 00:02:58',NULL,NULL,'+17063763878','+18777929310','voice','new','http://api.twilio.com/2010-04-01/Accounts/AC029a65932d6fcacffc41f26ff125dbb7/Recordings/REf632866a769e7d28646c4dcc5323b5ff',NULL,NULL,NULL,NULL,1,'open',1),(212,'2012-03-22 14:09:38','2012-06-19 00:02:58',NULL,NULL,'+18037276629','+18777929310','voice','new','http://api.twilio.com/2010-04-01/Accounts/AC029a65932d6fcacffc41f26ff125dbb7/Recordings/REa23c39d807e45814b4a7a8a68744faa1',NULL,NULL,NULL,NULL,1,'open',1),(213,'2012-03-23 12:13:16','2012-06-19 00:02:58',NULL,NULL,'+14507778655','+18777929310','voice','new','http://api.twilio.com/2010-04-01/Accounts/AC029a65932d6fcacffc41f26ff125dbb7/Recordings/REca6745298374a6a8d3e5dc8eb37db7c8',NULL,NULL,NULL,NULL,1,'open',1),(214,'2012-03-23 16:55:15','2012-06-19 00:02:47','2012-03-29 21:27:29','CAbd2bad230e795f628b5332edd13a180e','+14507778655','+18777929310','voice','read','http://api.twilio.com/2010-04-01/Accounts/AC029a65932d6fcacffc41f26ff125dbb7/Recordings/REd365257c3d38630df397267d922fd6cf','Yes ... my name is your google carrier I placed an order of tomorrow ... 10000248 the I wanted ... to know when ... I have parts monthly I received ... my partner ... it\\\'s shipping and that canada hey ... you tell me ... the 1450777 hey 655 go thanks bye bye',NULL,45,NULL,1,'open',1),(215,'2012-03-26 13:09:23','2012-06-19 00:02:47',NULL,NULL,'+14408210939','+18777929310','voice','new','http://api.twilio.com/2010-04-01/Accounts/AC029a65932d6fcacffc41f26ff125dbb7/Recordings/REac22277896da0755b9e4228ec3b2a8d5',NULL,NULL,NULL,NULL,1,'open',1),(216,'2012-03-26 15:35:47','2012-06-19 00:02:47','2012-04-17 17:15:00',NULL,'+17863552599','+18777929310','voice','read','http://api.twilio.com/2010-04-01/Accounts/AC029a65932d6fcacffc41f26ff125dbb7/Recordings/REa5292b75fdc1967702bb5d1454cd180d',NULL,NULL,NULL,NULL,1,'open',1),(217,'2012-03-29 17:01:28','2012-06-19 00:02:47','2012-03-29 21:27:55',NULL,'+12623051002','+18777929310','voice','read','http://api.twilio.com/2010-04-01/Accounts/AC029a65932d6fcacffc41f26ff125dbb7/Recordings/REf12cee957f7d52c24ed5182c92e63108',NULL,NULL,NULL,NULL,1,'open',1),(218,'2012-03-30 18:46:44','2012-06-19 00:02:47',NULL,NULL,'+12067400980','+18777929310','voice','new','http://api.twilio.com/2010-04-01/Accounts/AC029a65932d6fcacffc41f26ff125dbb7/Recordings/RE0b5dcbd5311f5ed4ad043d8b3ade3473',NULL,NULL,NULL,NULL,1,'open',1),(219,'2012-04-03 17:45:53','2012-06-19 00:02:47',NULL,'CAa76658fb612c25b9296c0e7c98d3609c','+18188555200','+18777929310','voice','new','http://api.twilio.com/2010-04-01/Accounts/AC029a65932d6fcacffc41f26ff125dbb7/Recordings/REddfb273fa6d69c739a0fc7cc899f2b2d','I think I hit the wrong button because of this is Marcel from international check out trying to reach out to Steve ... following up on your site launch for the solution let me callback and actually hit the other extension thank you very much bye bye',NULL,15,NULL,1,'open',1),(220,'2012-04-03 18:06:47','2012-06-19 00:02:47',NULL,NULL,'+18583373787','+18777929310','voice','new','http://api.twilio.com/2010-04-01/Accounts/AC029a65932d6fcacffc41f26ff125dbb7/Recordings/REed3a9b261cabf4e6a7bb5aa15abed749',NULL,NULL,NULL,NULL,1,'open',1),(221,'2012-04-03 19:41:26','2012-06-19 00:02:47',NULL,NULL,'+15619984244','+18777929310','voice','new','http://api.twilio.com/2010-04-01/Accounts/AC029a65932d6fcacffc41f26ff125dbb7/Recordings/RE5730e74028d1a369b534b55b830b792f',NULL,NULL,NULL,NULL,1,'open',1),(222,'2012-04-05 16:59:13','2012-06-19 00:02:47',NULL,NULL,'+12126891594','+18777929310','voice','new','http://api.twilio.com/2010-04-01/Accounts/AC029a65932d6fcacffc41f26ff125dbb7/Recordings/RE9bc67135ce2ee72e354393193ae4f745',NULL,NULL,NULL,NULL,1,'open',1),(223,'2012-04-10 14:23:08','2012-06-19 00:02:47',NULL,NULL,'+16168669414','+18777929310','voice','new','http://api.twilio.com/2010-04-01/Accounts/AC029a65932d6fcacffc41f26ff125dbb7/Recordings/RE17dbe6928e1a6b052b799e0eac323aa1',NULL,NULL,NULL,NULL,1,'open',1),(224,'2012-04-10 21:11:02','2012-06-19 00:02:47',NULL,'CA05e763b2b03e20d70e90d37406e0f734','+17735450854','+18777929310','voice','new','http://api.twilio.com/2010-04-01/Accounts/AC029a65932d6fcacffc41f26ff125dbb7/Recordings/REec24a5a3e213b4c186d1788aa8209b36','Hi this is cash calling from galaxy tool ... just calling about that there\\\'s 2 ... just calling about the credit card that you have on file for the past I\\\'m looks like it expired in march of 2012 this year ... so we just needed to see if there\\\'s just that updated credit card you want to put on file or if it\\\'s just the expiration date the changes on there ... if you can give us a callback that would be great ... cellphone number is (866) 415-1907 thank you bye bye',NULL,30,NULL,1,'open',1),(225,'2012-04-11 15:29:13','2012-06-19 00:02:47',NULL,'CA96b636cb8d3f8aaec6b2c68e0bd3eecb','+17735450854','+18777929310','voice','new','http://api.twilio.com/2010-04-01/Accounts/AC029a65932d6fcacffc41f26ff125dbb7/Recordings/RE42ffa7c492cbafbdf491f06e65762b3b','This is cosh a calling from galaxy tool ... just calling to get an updated credit card ... figures discount if you give us a callback at toll free (866) 415-1907 and ask if you can ask to speak to Jerry or myself thank you bye bye',NULL,18,NULL,1,'open',1),(226,'2012-04-11 16:56:43','2012-06-19 00:02:47',NULL,NULL,'+13056067936','+18777929310','voice','new','http://api.twilio.com/2010-04-01/Accounts/AC029a65932d6fcacffc41f26ff125dbb7/Recordings/RE47dea3f2a8925a9d27901ece31f62ac0',NULL,NULL,NULL,NULL,1,'open',1),(227,'2012-04-13 12:30:52','2012-06-19 00:02:47',NULL,NULL,'+12197288589','+18777929310','voice','new','http://api.twilio.com/2010-04-01/Accounts/AC029a65932d6fcacffc41f26ff125dbb7/Recordings/REd18e8a06371196814ca81397a222933b',NULL,NULL,NULL,NULL,1,'open',1),(228,'2012-04-16 19:34:42','2012-06-19 00:02:47',NULL,'CA41e866f78893b0c37b5870ddb1d11a86','+12154432484','+18777929310','voice','new','http://api.twilio.com/2010-04-01/Accounts/AC029a65932d6fcacffc41f26ff125dbb7/Recordings/RE55a16355a00d206a220331936b512292',NULL,NULL,4,NULL,1,'open',1),(229,'2012-04-17 13:12:33','2012-06-19 00:02:47',NULL,NULL,'+15084355458','+18777929310','voice','new','http://api.twilio.com/2010-04-01/Accounts/AC029a65932d6fcacffc41f26ff125dbb7/Recordings/RE225a0be6542456f212a51c572b1c9ffb',NULL,NULL,NULL,NULL,1,'open',1),(230,'2012-04-17 16:30:00','2012-06-19 00:02:47','2012-04-23 12:54:50',NULL,'+12812418890','+18777929310','voice','read','http://api.twilio.com/2010-04-01/Accounts/AC029a65932d6fcacffc41f26ff125dbb7/Recordings/RE4951f2f8f8ed6b59d1b7511d7bcb20a9',NULL,NULL,NULL,NULL,1,'open',1),(231,'2012-04-19 12:18:55','2012-06-19 00:02:47',NULL,'CAbf823f85a5ca382de4c8a0bc07e1c416','+12028574414','+18777929310','voice','new','http://api.twilio.com/2010-04-01/Accounts/AC029a65932d6fcacffc41f26ff125dbb7/Recordings/REf8c39711d8ef9b893f63cb7487c61559',NULL,NULL,1,NULL,1,'open',1),(232,'2012-04-19 12:24:45','2012-06-19 00:02:47',NULL,'CA2be0872605a2bc280b6f1b971f24404e','+12028574414','+18777929310','voice','new','http://api.twilio.com/2010-04-01/Accounts/AC029a65932d6fcacffc41f26ff125dbb7/Recordings/RE4391def5303d5587e5be96546d03b0b2','Hello my name is Deborah call Wall ... I am calling in connection with I think that I had ordered ... and elai 1900 this e. tech in the only I think ... I have been speaking with steve ... I we have to ... change this thing because I recently ordered the l. line 900 are which was not available and I ordered the airline 900 ... the order number is 100000279 ... which I placed on the seventeenth ... wine I understand that it had been shipped out I did not get an email confirmation of the ... tracking information so that I know where it is and 2 I did not get an email ... with the corrected price if you could call me I would appreciate it because I need to yes this sink ... my number is (202) 857-4414 or my cell is (571) 215-4290 thank you.',NULL,65,NULL,1,'open',1),(233,'2012-04-19 20:49:26','2012-06-19 00:02:47',NULL,'CAe67101517a68722b09633692bf1bd541','+15127847408','+18777929310','voice','new','http://api.twilio.com/2010-04-01/Accounts/AC029a65932d6fcacffc41f26ff125dbb7/Recordings/REc15a20b2db0fefae75e249c60e3da752',NULL,NULL,2,NULL,1,'open',1),(234,'2012-04-20 21:11:23','2012-06-19 00:02:22',NULL,NULL,'+18583373787','+18777929310','voice','new','http://api.twilio.com/2010-04-01/Accounts/AC029a65932d6fcacffc41f26ff125dbb7/Recordings/REe16e379e9aae7f4aef67d94a894de400',NULL,NULL,NULL,NULL,1,'open',1),(235,'2012-04-23 12:28:50','2012-06-19 00:02:22','2012-04-23 12:54:56',NULL,'+12028574414','+18777929310','voice','read','http://api.twilio.com/2010-04-01/Accounts/AC029a65932d6fcacffc41f26ff125dbb7/Recordings/REa6fc4d30b0d651ee2ac975d2ca703cf2',NULL,NULL,NULL,NULL,1,'open',1),(236,'2012-04-23 17:54:02','2012-06-19 00:02:22','2012-04-23 18:28:47',NULL,'+12062661000','+18777929310','voice','read','http://api.twilio.com/2010-04-01/Accounts/AC029a65932d6fcacffc41f26ff125dbb7/Recordings/RE31ea8c61a8e632d0693233a1e5c46fe8',NULL,NULL,NULL,NULL,1,'open',1),(237,'2012-04-25 15:20:53','2012-06-19 00:02:22',NULL,NULL,'+12102364803','+18777929310','voice','new','http://api.twilio.com/2010-04-01/Accounts/AC029a65932d6fcacffc41f26ff125dbb7/Recordings/RE4adcbaf6840ef49e1274757f59048bfc',NULL,NULL,NULL,NULL,1,'open',1),(238,'2012-04-28 21:08:44','2012-06-19 00:02:22',NULL,NULL,'+12508811031','+18777929310','voice','new','http://api.twilio.com/2010-04-01/Accounts/AC029a65932d6fcacffc41f26ff125dbb7/Recordings/REaa20f5779237171e0f9a278fe0ab0200',NULL,NULL,NULL,NULL,1,'open',1),(239,'2012-04-30 12:20:56','2012-06-19 00:02:22',NULL,NULL,'+12032769624','+18777929310','voice','new','http://api.twilio.com/2010-04-01/Accounts/AC029a65932d6fcacffc41f26ff125dbb7/Recordings/RE4b843598ef2a21453edbf61c155a865e',NULL,NULL,NULL,NULL,1,'open',1),(240,'2012-04-30 18:22:49','2012-06-19 00:02:22',NULL,NULL,'+12062661000','+18777929310','voice','new','http://api.twilio.com/2010-04-01/Accounts/AC029a65932d6fcacffc41f26ff125dbb7/Recordings/REbd0d47bc9cf9ab2dd363b28b02dd8414',NULL,NULL,NULL,NULL,1,'open',1),(241,'2012-04-30 19:31:19','2012-06-19 00:02:22',NULL,NULL,'+12102364803','+18777929310','voice','new','http://api.twilio.com/2010-04-01/Accounts/AC029a65932d6fcacffc41f26ff125dbb7/Recordings/RE2a2164b85df0e557376a1178510d0fd7',NULL,NULL,NULL,NULL,1,'open',1),(242,'2012-05-01 19:12:16','2012-06-19 00:02:22',NULL,NULL,'+15617401252','+18777929310','voice','new','http://api.twilio.com/2010-04-01/Accounts/AC029a65932d6fcacffc41f26ff125dbb7/Recordings/RE0c53b7e45fa6f3f9655fcd4bc773366b',NULL,NULL,NULL,NULL,1,'open',1),(243,'2012-05-04 12:48:47','2012-06-19 00:02:22',NULL,NULL,'+12892967152','+18777929310','voice','new','http://api.twilio.com/2010-04-01/Accounts/AC029a65932d6fcacffc41f26ff125dbb7/Recordings/RE91802d05ad6ff88cf771d8693d950494',NULL,NULL,NULL,NULL,1,'open',1),(244,'2012-05-07 14:30:04','2012-06-19 00:02:22',NULL,NULL,'+14169370000','+18777929310','voice','new','http://api.twilio.com/2010-04-01/Accounts/AC029a65932d6fcacffc41f26ff125dbb7/Recordings/RE02c3ef9d2f260f986fad4b9a67b50db8',NULL,NULL,NULL,NULL,1,'open',1),(245,'2012-05-07 19:50:00','2012-06-19 00:02:22',NULL,NULL,'+18453577427','+18777929310','voice','new','http://api.twilio.com/2010-04-01/Accounts/AC029a65932d6fcacffc41f26ff125dbb7/Recordings/REb56a9b693e6ef0bf0dde69cf03d981b4',NULL,NULL,NULL,NULL,1,'open',1),(246,'2012-05-07 19:52:39','2012-06-19 00:02:22',NULL,NULL,'+12062661000','+18777929310','voice','new','http://api.twilio.com/2010-04-01/Accounts/AC029a65932d6fcacffc41f26ff125dbb7/Recordings/RE219b97e9db050b8dd3f393c155b90f21',NULL,NULL,NULL,NULL,1,'open',1),(247,'2012-05-08 13:56:14','2012-06-19 00:02:22',NULL,NULL,'+12156975020','+18777929310','voice','new','http://api.twilio.com/2010-04-01/Accounts/AC029a65932d6fcacffc41f26ff125dbb7/Recordings/RE6e2c96879bdb0c0aca3e30c62ea9cbce',NULL,NULL,NULL,NULL,1,'open',1),(248,'2012-05-09 16:36:05','2012-06-19 00:02:22',NULL,NULL,'+17572759382','+18777929310','voice','new','http://api.twilio.com/2010-04-01/Accounts/AC029a65932d6fcacffc41f26ff125dbb7/Recordings/RE0005ff4bc279f9cd06f14a966efc9701',NULL,NULL,NULL,NULL,1,'open',1),(249,'2012-05-12 16:37:45','2012-06-19 00:02:22',NULL,NULL,'+15183778147','+18777929310','voice','new','http://api.twilio.com/2010-04-01/Accounts/AC029a65932d6fcacffc41f26ff125dbb7/Recordings/REb6f218bf43cf703b9770c0eb35b28f48',NULL,NULL,NULL,NULL,1,'open',1),(250,'2012-05-16 15:08:06','2012-06-19 00:02:22',NULL,NULL,'+16136672706','+18777929310','voice','new','http://api.twilio.com/2010-04-01/Accounts/AC029a65932d6fcacffc41f26ff125dbb7/Recordings/RE7b4ae0039062b02d8cf43e9548f94fbb',NULL,NULL,NULL,NULL,1,'open',1),(251,'2012-05-17 12:27:58','2012-06-19 00:02:22',NULL,NULL,'+14017894609','+18777929310','voice','new','http://api.twilio.com/2010-04-01/Accounts/AC029a65932d6fcacffc41f26ff125dbb7/Recordings/REb5197df116c9d3d47db1ded1e38205e9',NULL,NULL,NULL,NULL,1,'open',1),(252,'2012-05-21 19:39:07','2012-06-19 00:02:22',NULL,NULL,'+15184231985','+18777929310','voice','new','http://api.twilio.com/2010-04-01/Accounts/AC029a65932d6fcacffc41f26ff125dbb7/Recordings/RE082737aae775c264cc9d47e68f796be9',NULL,NULL,NULL,NULL,1,'open',1),(253,'2012-05-23 20:03:47','2012-06-19 00:02:22',NULL,NULL,'+15183778147','+18777929310','voice','new','http://api.twilio.com/2010-04-01/Accounts/AC029a65932d6fcacffc41f26ff125dbb7/Recordings/RE7cc7e727e22b1b780a44c29abbdbd712',NULL,NULL,NULL,NULL,1,'open',1),(254,'2012-05-23 20:30:16','2012-06-19 00:01:50',NULL,NULL,'+15183778147','+18777929310','voice','new','http://api.twilio.com/2010-04-01/Accounts/AC029a65932d6fcacffc41f26ff125dbb7/Recordings/RE3d6fd00873838fcc2435cc1d168fa4a7',NULL,NULL,NULL,NULL,1,'open',1),(255,'2012-05-24 18:43:42','2012-06-19 00:01:50',NULL,NULL,'+19052379377','+18777929310','voice','new','http://api.twilio.com/2010-04-01/Accounts/AC029a65932d6fcacffc41f26ff125dbb7/Recordings/REd40119804e8499d676e355a52ce9f1f0',NULL,NULL,NULL,NULL,1,'open',1),(256,'2012-05-24 18:57:45','2012-06-19 00:01:50',NULL,'CAbb9f16b97b3c5a4cb1575d0725e6ca17','+19057700459','+18777929310','voice','new','http://api.twilio.com/2010-04-01/Accounts/AC029a65932d6fcacffc41f26ff125dbb7/Recordings/REb23244e1107f23867a97e1038a9785a1',NULL,NULL,2,NULL,1,'open',1),(257,'2012-06-01 14:25:18','2012-06-19 00:01:50',NULL,NULL,'+12156724145','+18777929310','voice','new','http://api.twilio.com/2010-04-01/Accounts/AC029a65932d6fcacffc41f26ff125dbb7/Recordings/RE85660b81deac6a05402a23ee35d0be63',NULL,NULL,NULL,NULL,1,'open',1),(258,'2012-06-01 18:06:27','2012-06-19 00:01:50',NULL,NULL,'+18185182300','+18777929310','voice','new','http://api.twilio.com/2010-04-01/Accounts/AC029a65932d6fcacffc41f26ff125dbb7/Recordings/REd4fea984ac7e6d80ef24cd424b47ef7f',NULL,NULL,NULL,NULL,1,'open',1),(259,'2012-06-04 13:16:35','2012-06-19 00:01:50',NULL,NULL,'+17183537051','+18777929310','voice','new','http://api.twilio.com/2010-04-01/Accounts/AC029a65932d6fcacffc41f26ff125dbb7/Recordings/RE2fff06ef9322c91d4bf9877d8384a1e0',NULL,NULL,NULL,NULL,1,'open',1),(260,'2012-06-04 15:40:11','2012-06-19 00:01:50',NULL,NULL,'+12142216496','+18777929310','voice','new','http://api.twilio.com/2010-04-01/Accounts/AC029a65932d6fcacffc41f26ff125dbb7/Recordings/REcfc53864817c4037d07d229b633d6c84',NULL,NULL,NULL,NULL,1,'open',1),(261,'2012-06-06 19:38:11','2012-06-19 00:01:50',NULL,NULL,'+19518272487','+18777929310','voice','new','http://api.twilio.com/2010-04-01/Accounts/AC029a65932d6fcacffc41f26ff125dbb7/Recordings/RE23bd7b4e71dffa1760cdb100e62ecdec',NULL,NULL,NULL,NULL,1,'open',1),(262,'2012-06-07 12:18:27','2012-06-19 00:01:50',NULL,NULL,'+17042415763','+18777929310','voice','new','http://api.twilio.com/2010-04-01/Accounts/AC029a65932d6fcacffc41f26ff125dbb7/Recordings/RE47820a698717dcfe07587f11efa8b874',NULL,NULL,NULL,NULL,1,'open',1),(263,'2012-06-07 16:33:06','2012-06-19 00:01:50',NULL,NULL,'+15129832222','+18777929310','voice','new','http://api.twilio.com/2010-04-01/Accounts/AC029a65932d6fcacffc41f26ff125dbb7/Recordings/RE1529e4deec59528d75688cb4e178070e',NULL,NULL,NULL,NULL,1,'open',1),(264,'2012-06-07 17:34:14','2012-06-19 00:01:50',NULL,NULL,'+12142216496','+18777929310','voice','new','http://api.twilio.com/2010-04-01/Accounts/AC029a65932d6fcacffc41f26ff125dbb7/Recordings/REe3b7fe20b704cdc8b2f5130ac9717bcd',NULL,NULL,NULL,NULL,1,'open',1),(265,'2012-06-08 13:46:17','2012-06-19 00:01:50',NULL,NULL,'+17083856905','+18777929310','voice','new','http://api.twilio.com/2010-04-01/Accounts/AC029a65932d6fcacffc41f26ff125dbb7/Recordings/RE6744ab7de546cd626fd353ab82748e29',NULL,NULL,NULL,NULL,1,'open',1),(266,'2012-06-11 14:39:00','2012-06-19 00:01:50',NULL,NULL,'+19856533967','+18777929310','voice','new','http://api.twilio.com/2010-04-01/Accounts/AC029a65932d6fcacffc41f26ff125dbb7/Recordings/RE7b9696bece974ad4c3d760535cfed3fd',NULL,NULL,NULL,NULL,1,'open',1),(267,'2012-06-11 14:56:15','2012-06-19 00:01:50',NULL,NULL,'+17329026485','+18777929310','voice','new','http://api.twilio.com/2010-04-01/Accounts/AC029a65932d6fcacffc41f26ff125dbb7/Recordings/RE66dd2dcef62b0e689a72085a2d93680a',NULL,NULL,NULL,NULL,1,'open',1),(268,'2012-06-11 20:50:36','2012-06-19 00:01:50',NULL,NULL,'+15613836383','+18777929310','voice','new','http://api.twilio.com/2010-04-01/Accounts/AC029a65932d6fcacffc41f26ff125dbb7/Recordings/RE6c595fbeab57d1803a59aab1e34d18c5',NULL,NULL,NULL,NULL,1,'open',1),(269,'2012-06-13 16:06:13','2012-06-19 00:01:50',NULL,NULL,'+13124205460','+18777929310','voice','new','http://api.twilio.com/2010-04-01/Accounts/AC029a65932d6fcacffc41f26ff125dbb7/Recordings/RE995ae16486ee0b27ad60466ceaf94c7f',NULL,NULL,NULL,NULL,1,'open',1),(270,'2012-06-14 19:56:42','2012-06-19 00:01:50',NULL,NULL,'+12102364803','+18777929310','voice','new','http://api.twilio.com/2010-04-01/Accounts/AC029a65932d6fcacffc41f26ff125dbb7/Recordings/REd9a66d55c3d3a177f29c08194bf8e227',NULL,NULL,NULL,NULL,1,'open',1),(271,'2012-06-14 20:53:46','2012-06-19 00:01:50',NULL,NULL,'+16174674755','+18777929310','voice','new','http://api.twilio.com/2010-04-01/Accounts/AC029a65932d6fcacffc41f26ff125dbb7/Recordings/RE6bc9decbe206852d4c68d5ef980d91df',NULL,NULL,NULL,NULL,1,'open',1),(272,'2012-06-18 13:44:20','2012-06-19 00:01:50',NULL,NULL,'+12078315203','+18777929310','voice','new','http://api.twilio.com/2010-04-01/Accounts/AC029a65932d6fcacffc41f26ff125dbb7/Recordings/REc97e3a7304ca4154915b185270167f3e',NULL,NULL,NULL,NULL,1,'open',1),(273,'2012-06-18 14:08:25','2012-06-19 00:01:50',NULL,'CA5f6b5837ae9f5af8a2afa9a35445a4e3','+12102364803','+18777929310','voice','new','http://api.twilio.com/2010-04-01/Accounts/AC029a65932d6fcacffc41f26ff125dbb7/Recordings/RE39b7510022b362659f42680edc77b8a2','Warren my name is Mike my cell with christenson plumbing san Antonio texas ... corn about the status of a refund for order number 100000269 ... sheet thanks for returned on approximately may second 2012 and I still have not seen the credit post to my credit card if you would please give me a call at (210) 236-4803 at your earliest convenience I would certainly appreciate it thank.',NULL,30,NULL,1,'open',1),(274,'2012-06-20 16:37:08','2012-06-20 16:37:08',NULL,NULL,'+12026159669','+18777929310','voice','new','http://api.twilio.com/2010-04-01/Accounts/AC029a65932d6fcacffc41f26ff125dbb7/Recordings/RE391dba228c0dec4a24b6cfff0823b905',NULL,NULL,NULL,NULL,0,'open',1),(275,'2012-06-22 12:34:16','2012-06-22 12:34:16',NULL,NULL,'+17708882005','+18777929310','voice','new','http://api.twilio.com/2010-04-01/Accounts/AC029a65932d6fcacffc41f26ff125dbb7/Recordings/REb115dbb08e2f6ac06a8b8621fea73ec9',NULL,NULL,NULL,NULL,0,'open',1),(276,'2012-06-25 16:41:12','2012-06-25 16:41:12',NULL,NULL,'+16502143522','+18777929310','voice','new','http://api.twilio.com/2010-04-01/Accounts/AC029a65932d6fcacffc41f26ff125dbb7/Recordings/RE6060296ad11621ab758e25778629cc32',NULL,NULL,NULL,NULL,0,'open',1),(277,'2012-06-25 18:44:58','2012-06-25 18:44:58',NULL,NULL,'+19413837770','+18777929310','voice','new','http://api.twilio.com/2010-04-01/Accounts/AC029a65932d6fcacffc41f26ff125dbb7/Recordings/REa2863e9652279dd9bdd96048b11fabf3',NULL,NULL,NULL,NULL,0,'open',1),(278,'2012-06-27 15:19:42','2012-06-27 15:19:42',NULL,NULL,'+14258299408','+18777929310','voice','new','http://api.twilio.com/2010-04-01/Accounts/AC029a65932d6fcacffc41f26ff125dbb7/Recordings/REdcadb28dc0c9124c6aca8b10373254b2',NULL,NULL,NULL,NULL,0,'open',1),(279,'2012-06-28 14:59:47','2012-06-28 14:59:47',NULL,NULL,'+12395979542','+18777929310','voice','new','http://api.twilio.com/2010-04-01/Accounts/AC029a65932d6fcacffc41f26ff125dbb7/Recordings/RE09bf37d9c0b21f58a6a1966dab23f00a',NULL,NULL,NULL,NULL,0,'open',1);

--
-- Table structure for table `numbers`
--

CREATE TABLE `numbers` (
  `id` int(11) NOT NULL AUTO_INCREMENT,
  `user_id` int(11) NOT NULL,
  `name` varchar(100) DEFAULT NULL,
  `value` text NOT NULL,
  `is_active` tinyint(1) DEFAULT '1',
  `sms` tinyint(1) DEFAULT '0',
  `sequence` smallint(6) DEFAULT NULL,
  `tenant_id` bigint(20) NOT NULL,
  PRIMARY KEY (`id`),
  KEY `user_id` (`user_id`),
  KEY `tenant_id` (`tenant_id`)
) ENGINE=MyISAM AUTO_INCREMENT=4 DEFAULT CHARSET=utf8;

--
-- Dumping data for table `numbers`
--

INSERT INTO `numbers` VALUES (1,1,'Chris Cell','+17043266746',1,0,NULL,1),(3,2,'Primary Device','+17047632435',1,1,NULL,1);

--
-- Table structure for table `plugin_store`
--

CREATE TABLE `plugin_store` (
  `key` varchar(255) NOT NULL,
  `value` text,
  `plugin_id` varchar(34) NOT NULL,
  `tenant_id` bigint(20) NOT NULL,
  UNIQUE KEY `key_plugin` (`key`,`plugin_id`,`tenant_id`),
  KEY `key` (`key`,`plugin_id`),
  KEY `tenant_id` (`tenant_id`)
) ENGINE=MyISAM DEFAULT CHARSET=utf8;

--
-- Dumping data for table `plugin_store`
--

INSERT INTO `plugin_store` VALUES ('timezone','\"UM5\"','PLe40b4f5f5a5c73e1a3368ddd39b538a6',1);

--
-- Table structure for table `rest_access`
--

CREATE TABLE `rest_access` (
  `key` varchar(32) NOT NULL,
  `locked` tinyint(4) NOT NULL DEFAULT '0',
  `created` datetime NOT NULL,
  `user_id` int(11) NOT NULL,
  `tenant_id` bigint(20) NOT NULL,
  PRIMARY KEY (`key`),
  KEY `tenant_id` (`tenant_id`)
) ENGINE=MyISAM DEFAULT CHARSET=utf8;

--
-- Dumping data for table `rest_access`
--

INSERT INTO `rest_access` VALUES ('00849adec7062daade655977dc6c6ede',1,'2011-05-07 19:54:29',1,1),('02697fbf89447416d62732cb7c3ff4c3',1,'2011-05-10 11:03:26',1,1),('0358d2575121435d0bc92c3f0d05bf6b',1,'2011-05-18 20:19:04',1,1),('0543b1d20abbd52c185bcf3c3fdfc115',1,'2011-05-02 15:05:40',1,1),('08b7b98d62acf59984a06e895ce5d16c',1,'2011-04-22 21:43:36',1,1),('091121a95e6881eb0410991f323998f4',1,'2011-04-19 18:26:07',1,1),('0af8006f9fa303521abac6c5cecc051e',1,'2011-03-17 15:21:07',1,1),('0c031c8ba9ce26c4ca75c7296e139074',1,'2011-06-24 13:05:39',1,1),('0def8b447ccd0d8cb9c1e64fd7fb0dbe',1,'2011-06-06 19:26:32',1,1),('0ee7e73a389b7f2adac81cf5b33b42fe',1,'2011-05-07 19:55:35',1,1),('0f2d053ff08438ffaf6be9e192b72909',1,'2011-05-12 14:22:46',1,1),('0fdb472669c4d9ee8b7a5d7798cc937c',1,'2011-04-27 21:59:15',1,1),('122ae2a00682fc212002a9b7141c0a7c',1,'2011-04-14 14:13:58',1,1),('138a4b007d9611938d0d89eb02f5d376',1,'2011-06-01 18:55:46',1,1),('195f954d0ebcca2773e959d6d06fea83',1,'2011-05-04 16:40:11',1,1),('1b0de742e9b240d7efd49f7fbc3a5b39',1,'2011-04-05 16:25:31',1,1),('1cee763d06f541b8377d0576fb4b4a7d',1,'2011-05-04 19:18:39',1,1),('1e6bc2987be2dee26b815c26c0d4aef7',1,'2011-04-05 21:39:48',1,1),('24cfac9fcdedc5ca3605f8f0fd0b30ac',1,'2011-02-17 19:57:33',1,1),('25d123334cce58e4f7dabb1c79012b0e',1,'2011-04-14 14:07:30',1,1),('265b14455f00010276ee86594968b682',1,'2011-03-21 13:41:17',1,1),('27f452f367aab7708a3da57a0a6d37b0',1,'2011-05-14 00:34:23',1,1),('295613703ee9b602129c956a78a8570d',1,'2011-05-14 00:36:48',1,1),('2a2e90b9aba034dcb78aff1c66973849',1,'2011-04-05 16:50:14',1,1),('2a851fc78b59aee10658773662a7b7aa',1,'2011-05-04 19:20:35',1,1),('2c989b9891f0f6ec15ee6b7f3fde6820',1,'2011-04-04 18:43:19',1,1),('2d0e63ca551ba936558196be6058e7f7',1,'2011-04-21 17:20:21',1,1),('2e017c57f4d0df3c580b2ba0a1d9f19d',1,'2011-03-10 17:52:24',1,1),('3786a62d1ef81731540c0b3615ff26c2',1,'2011-05-04 16:42:45',1,1),('39d913cf5ae6b881b935cc86db34c0e2',1,'2011-04-14 14:05:13',1,1),('39f1a706364feb2476de7bc9fd6c7484',1,'2011-05-12 19:20:18',1,1),('3a4e9720ae99c6566acb3e495191897d',1,'2011-06-07 16:18:26',1,1),('404aeb0c9b9c37cc608b3d0a6cc2e9bc',1,'2011-03-07 20:43:38',1,1),('426ed47f9b915b328117de8585936ac9',1,'2011-04-19 22:21:13',1,1),('436a5e24e867814b0b833e2c1e1b9c7d',1,'2011-05-04 19:27:22',1,1),('4456628445355384861707547fe3a302',1,'2011-05-12 15:18:08',1,1),('45acf20d1596bcc94c077389a15bfc9d',1,'2011-05-05 14:26:50',1,1),('463d1dc0ba5e726c512acb61c88120b3',1,'2011-03-03 19:50:35',1,1),('4698b0bd15c4c69c8e7d02215105f58e',1,'2011-04-14 20:01:34',1,1),('4888df7b359bc9f8923e47b001963bd7',1,'2011-06-24 13:04:43',1,1),('4b343119a5a2a1f981463f81df74c7bc',1,'2011-02-17 19:56:41',1,1),('4c6ad8ac2cd4f31cda89fafdc10a000c',1,'2011-03-31 19:04:33',1,1),('4e4be7486836961056514b9791b87edb',1,'2011-05-01 17:36:11',1,1),('500216622f007dc234518f709dc02662',1,'2011-04-27 19:58:55',1,1),('500807daced106dc084036d281497af6',1,'2011-03-17 15:02:25',1,1),('52fe1c64b2d7f34fda4eb2d8aae5a73c',1,'2011-04-19 19:07:48',1,1),('55978e5f2e04f6aa0d955395676371d0',1,'2011-04-04 20:29:42',1,1),('55d8097a449b1a59ce3eeb47a33ea523',1,'2011-06-16 21:21:38',1,1),('565aa4e25753635f41ed94d542e40c62',1,'2011-05-06 19:30:46',1,1),('5848139d0d81df4ece27d4a316bca376',1,'2011-04-14 14:12:32',1,1),('58b2499f2f3b5f508bbac8e748226f94',1,'2011-05-07 19:56:48',1,1),('59e6a4a20f4dfe2bd1c398e06631ce05',1,'2011-05-12 14:21:12',1,1),('5ac60645416d7330eecabce734559dc5',1,'2011-02-19 02:14:18',1,1),('5c37c3e2b06334b066a222db68f5e4f2',1,'2011-03-22 23:10:08',1,1),('5c7a21d101dc83d5ddcb9afaba8f15fb',1,'2011-04-05 21:47:28',1,1),('6127297ad22ba203620cb45faa5c9bd3',1,'2011-04-07 00:28:03',1,1),('62825e0a7b7bb79d87959620ae6ed040',1,'2011-02-21 18:15:00',1,1),('6363dfb4477a1c30aaf1e6a00b389eb9',1,'2011-04-27 20:00:54',1,1),('64aa3aa4452f1a6d2a8db26aa37af2fa',1,'2011-03-30 18:47:42',1,1),('65b85c7a8a9e7a298ab9410bee1e3aa5',1,'2011-04-26 16:14:15',1,1),('680350122b479a081fcecf9d9c914c72',1,'2011-03-10 14:17:14',1,1),('683dbf42e9329c2f445d32ed4092716c',1,'2011-04-01 18:10:56',1,1),('68954e5caeef03d25e36ca1448f48d9a',1,'2011-04-06 21:50:03',1,1),('6bf7e708aea1abb3814914af7876335b',1,'2011-05-04 19:19:29',1,1),('6ce79dd5d51afc58ca251c5315354fb4',1,'2011-05-02 15:06:14',1,1),('6d9d17efece98010d3250bf9c9e685e7',1,'2011-06-06 19:21:30',1,1),('6e49de86edb82ff650e785aaede26bb0',1,'2011-03-30 14:45:00',1,1),('70bc92ed8e9636ee6e6a9260a8fa86e4',1,'2011-06-16 21:20:06',1,1),('726265b5bd1d4750252fa5b6be8295e3',1,'2011-03-21 18:40:47',1,1),('7326bf4625290410657787b6c80de2ba',1,'2011-05-03 15:03:00',1,1),('78a276ac5a4608bfbc92f1297b82f898',1,'2011-04-26 16:25:27',1,1),('7ffd13bb444b3a94bbf83bfee71284ce',1,'2011-04-26 22:41:03',1,1),('813391afffa933ba49ae160439636b7f',1,'2011-07-20 11:56:02',1,1),('81f9407820f5280e8bfa9404593ef5b4',1,'2011-05-02 15:15:41',1,1),('82be6224f3f4dcc175301c69d0032167',1,'2011-05-18 17:17:49',1,1),('860a3dbca78de2bb355bb166b778a620',1,'2011-05-02 15:07:20',1,1),('883f44a8bacc71b2eeb1dec00e8a3dc9',1,'2011-02-21 16:40:43',1,1),('8941376e612d1af9a3bd0e617980613b',1,'2011-03-21 13:39:19',1,1),('898871a48950de7d945b52ed41500ffa',1,'2011-02-18 17:09:48',1,1),('8ba86bbde5657fafa5fa364edf56b399',1,'2011-03-30 14:43:20',1,1),('8ff448235356e8799414a5a538e55dde',1,'2011-04-21 16:08:26',1,1),('931a4d07b5df75063c0a836089ed3ed8',1,'2011-05-04 16:38:33',1,1),('951a175841ed76c87df38fec3900e6c6',1,'2011-07-13 21:55:29',1,1),('97050b12fbd00195ea2d3cb7b5853e60',1,'2011-05-12 19:18:28',1,1),('973a3ad1e8cf866cfbf6802cad8fb665',1,'2011-04-27 21:52:43',1,1),('988ed620cded60981bc95cd3cd5492ef',1,'2011-04-01 13:24:04',1,1),('9935fcc973a5885db8c9ea6363dc4d6d',1,'2011-04-26 22:31:35',1,1),('9a6102342e184b96e04dcf801101ca1d',1,'2011-04-19 18:24:18',1,1),('9db479bc222932a96bc6b5da4096cc81',1,'2011-02-17 15:46:02',1,1),('a2ee939a9490633c9803054e6b236bf4',1,'2011-05-27 18:55:58',1,1),('a37cb25bd307e91aefe19747d008b7bb',1,'2011-06-06 19:22:00',1,1),('a3a68360b9c52b7260fab21cb844a8b4',1,'2011-05-06 20:08:11',1,1),('a51a8115eb4cdafea19851bd12820ed2',1,'2011-04-26 13:37:25',1,1),('a585c4764bae33d445e3c1b49d0d7af3',1,'2011-05-04 19:28:10',1,1),('a58a244227b8f40ff366584bad226a1e',1,'2011-05-02 15:58:20',1,1),('a7a49ac9e112b433408d06678af0fe07',1,'2011-03-10 17:51:10',1,1),('a9c9309a00eb45eb33f5d2e2c1620981',1,'2011-03-31 19:04:04',1,1),('ab2817e217b06c9272282a6cfd3a2f52',1,'2011-05-27 18:26:46',1,1),('abba1cc5b72fe84f3d75fbffbf91b983',1,'2011-02-21 18:18:12',1,1),('b0179214dbea8b35d749b36c36b0372c',1,'2011-04-01 18:09:33',1,1),('b084d44a6b41a650a4e2de88e65511c4',1,'2011-02-24 21:33:20',1,1),('b094ad57a00a223c5427a44de4d0475f',1,'2011-04-26 16:13:09',1,1),('b0eeb6396b447c9b82cc725441ed6f39',1,'2011-03-24 14:54:29',1,1),('b1f4dd944e939c7073f00085b14ad1d2',1,'2011-03-21 16:46:48',1,1),('b32c6abe8f5bc759e599019c349ccbe7',1,'2011-03-10 15:57:16',1,1),('b514918d3cb1d04d7e7e603adf215a11',1,'2011-02-24 19:15:39',1,1),('bccc5e343666b836d19749d010aee79f',1,'2011-03-30 19:18:10',1,1),('bcedb14c39fcac2053548db426211834',1,'2011-06-07 14:06:17',1,1),('bd67bf8669861307b9b84ee875425fd4',1,'2011-04-26 16:20:37',1,1),('bdac977bf07a7f8a2599b4611813dd2d',1,'2011-04-27 21:56:02',1,1),('c12e0df20803c0f898ccfbd3837c83ff',1,'2011-04-26 22:42:18',1,1),('c1b3a750d87d3a16609082f0bb1cc9df',1,'2011-03-08 20:34:12',1,1),('c3a24eb1f81c907257a6cfffa3f40f3b',1,'2011-03-30 17:32:07',1,1),('c51fb1d2ad2ea6472f0b24a505f55038',1,'2011-02-18 17:06:43',1,1),('c629f6f4a709d14dd590a472ac2d64fa',1,'2011-04-20 00:15:25',1,1),('c6bf71aae1b6b21846758a05dcfe7093',1,'2011-03-30 14:41:38',1,1),('c94221aebe632c87110bb28cc71c3369',1,'2011-05-09 17:03:24',1,1),('cad1979db6e6b482ec035098c18ad23a',1,'2011-04-04 18:41:52',1,1),('cb7cfd38ad1f2051b59b5fa2024b1275',1,'2011-04-20 00:16:15',1,1),('cc508e11669734e222693eec7a866c4b',1,'2011-05-12 14:21:46',1,1),('cd8884614a80eb8c964df8a007f0a313',1,'2011-03-22 23:12:03',1,1),('cdd7199c3846cd1a6a6523be9e62924c',1,'2011-03-31 22:40:25',1,1),('cfeca148abcddf2897d2ec747608a747',1,'2011-05-12 19:21:53',1,1),('d16515e5f7d120e09b821360d5c09fc9',1,'2011-03-30 19:21:11',1,1),('d19b86d67bfe17cbc3bfbc37a18e5eb7',1,'2011-03-18 01:23:16',1,1),('d867cf52d0db88ff20554004bf60aec5',1,'2011-03-21 18:40:02',1,1),('d905a3fd812b21abe5a19e0745fb3821',1,'2011-05-23 19:25:57',1,1),('db9d0775beaa7e6d30fca6e320454f19',1,'2011-03-10 17:57:19',1,1),('dd367fcda1e404a0e28ac80cabc9b2e7',1,'2011-05-10 11:02:18',1,1),('df70535f96616abdb6eb932cac49be9c',1,'2011-03-03 18:42:22',1,1),('e0515f5430123670236699ca86da7639',1,'2011-04-27 15:01:06',1,1),('e24831879bd0ab2ec8317361669cb89c',1,'2011-03-17 14:58:18',1,1),('e4ed7b7449f792486c246ed3f4700f4c',1,'2011-03-24 15:11:43',1,1),('e5df10b9b09cf256e1411b25ce113e05',1,'2011-04-14 20:02:25',1,1),('e6faee32759f833c186694b6a7a0e789',1,'2011-05-03 14:59:47',1,1),('e7ba31dd2015109f49cb6f7f1ca415be',1,'2011-06-09 18:05:57',1,1),('e829bdac3af72922da7bbeab4884f90f',1,'2011-04-21 02:16:22',1,1),('e947b4c360ad152fd54b5834e1ee0d2b',1,'2011-05-18 17:18:42',1,1),('eb611c0a7b7f2784ecb795cd092bc81b',1,'2011-04-27 19:59:49',1,1),('ec089a16cbafce1ce5c0599737088418',1,'2011-03-17 15:23:40',1,1),('eecce25f3bdd35a811ee2e2ec3d81678',1,'2011-02-24 22:16:00',1,1),('f26d7a4880dbf70d0b37fec2a754a05d',1,'2011-04-21 02:19:59',1,1),('f332173a8f38c3033d4f22af410eaebb',1,'2011-05-19 18:09:35',1,1),('fd7fa1cdb7eb763c8f14557430d53eec',1,'2011-05-14 00:37:58',1,1);

--
-- Table structure for table `settings`
--

CREATE TABLE `settings` (
  `id` bigint(20) NOT NULL AUTO_INCREMENT,
  `tenant_id` bigint(20) NOT NULL,
  `name` varchar(32) NOT NULL,
  `value` varchar(255) NOT NULL,
  PRIMARY KEY (`id`),
  KEY `name` (`name`),
  KEY `tenant_id` (`tenant_id`,`name`)
) ENGINE=MyISAM AUTO_INCREMENT=17 DEFAULT CHARSET=utf8;

--
-- Dumping data for table `settings`
--

INSERT INTO `settings` VALUES (2,1,'dash_rss',''),(3,1,'theme',''),(4,1,'version','0.90'),(5,1,'iphone_theme',''),(6,1,'enable_sandbox_number','1'),(7,1,'twilio_endpoint','https://api.twilio.com/2010-04-01'),(8,1,'twilio_sid','AC029a65932d6fcacffc41f26ff125dbb7'),(9,1,'twilio_token','02c91a477cc5d931be6847a93a7f34ba'),(10,1,'from_email','admin@zigsby.com'),(11,1,'theme',''),(12,1,'iphone_theme',''),(13,1,'trial_number','(415) 599-2671'),(14,1,'schema-version','46'),(15,1,'rewrite_enabled','1'),(16,1,'recording_host','');

--
-- Table structure for table `tenants`
--

CREATE TABLE `tenants` (
  `id` bigint(20) NOT NULL AUTO_INCREMENT,
  `name` varchar(255) NOT NULL,
  `url_prefix` varchar(255) NOT NULL,
  `local_prefix` varchar(1000) NOT NULL,
  `active` tinyint(4) NOT NULL DEFAULT '1',
  PRIMARY KEY (`id`),
  KEY `name` (`name`),
  KEY `url_prefix` (`url_prefix`)
) ENGINE=MyISAM AUTO_INCREMENT=2 DEFAULT CHARSET=utf8;

--
-- Dumping data for table `tenants`
--

INSERT INTO `tenants` VALUES (1,'default','','',1);

--
-- Table structure for table `user_annotations`
--

CREATE TABLE `user_annotations` (
  `user_id` int(11) NOT NULL,
  `annotation_id` bigint(20) NOT NULL,
  `tenant_id` bigint(20) NOT NULL,
  PRIMARY KEY (`user_id`,`annotation_id`),
  KEY `tenant_id` (`tenant_id`)
) ENGINE=MyISAM DEFAULT CHARSET=utf8;

--
-- Dumping data for table `user_annotations`
--


--
-- Table structure for table `user_messages`
--

CREATE TABLE `user_messages` (
  `user_id` int(11) NOT NULL,
  `message_id` int(11) NOT NULL,
  `tenant_id` bigint(20) NOT NULL,
  PRIMARY KEY (`user_id`,`message_id`),
  KEY `tenant_id` (`tenant_id`),
  KEY `message_id` (`message_id`)
) ENGINE=MyISAM DEFAULT CHARSET=utf8;

--
-- Dumping data for table `user_messages`
--

INSERT INTO `user_messages` VALUES (1,2,1),(1,3,1),(1,4,1);

--
-- Table structure for table `users`
--

CREATE TABLE `users` (
  `id` int(11) NOT NULL AUTO_INCREMENT,
  `is_admin` tinyint(1) DEFAULT NULL,
  `is_active` tinyint(1) DEFAULT '1',
  `first_name` varchar(100) DEFAULT NULL,
  `last_name` varchar(100) DEFAULT NULL,
  `password` varchar(40) DEFAULT NULL,
  `invite_code` varchar(32) DEFAULT NULL,
  `email` varchar(200) DEFAULT NULL,
  `pin` varchar(40) DEFAULT NULL,
  `notification` varchar(20) DEFAULT NULL,
  `auth_type` tinyint(4) NOT NULL DEFAULT '1',
  `voicemail` text NOT NULL,
  `tenant_id` bigint(20) NOT NULL,
  `last_seen` datetime DEFAULT NULL,
  `last_login` datetime DEFAULT NULL,
  PRIMARY KEY (`id`),
  UNIQUE KEY `email` (`email`,`tenant_id`),
  KEY `tenant_id` (`tenant_id`),
  KEY `auth_type` (`auth_type`)
) ENGINE=MyISAM AUTO_INCREMENT=3 DEFAULT CHARSET=utf8;

--
-- Dumping data for table `users`
--

INSERT INTO `users` VALUES (1,1,1,'Zigsbys','Kitchen','ef1186224ce05f7274ad5600c4e9cfaf6451d7e3',NULL,'admin@zigsbyskitchen.com',NULL,NULL,1,'Please leave a message after the beep.',1,'2012-07-03 12:51:17','2012-07-03 12:50:53'),(2,0,1,'Steve','Lyerly','f3a3e341e711f38eb0b6fb4012f25faa576621f6','f3a3e341e711f38eb0b6fb4012f25faa','admin@interactivestores.com',NULL,NULL,1,'',1,'2011-06-28 16:32:46','2011-06-28 16:32:45');


