--
-- Host: localhost    Database: wyomingr_content
-- ------------------------------------------------------


--
-- Current Database: `wyomingr_content`
--

CREATE DATABASE /*!32312 IF NOT EXISTS*/ `wyomingr_content` /*!40100 DEFAULT CHARACTER SET latin1 */;

USE `wyomingr_content`;

--
-- Table structure for table `category`
--

CREATE TABLE `category` (
  `id` int(11) NOT NULL AUTO_INCREMENT,
  `category` varchar(200) NOT NULL,
  PRIMARY KEY (`id`)
) ENGINE=MyISAM AUTO_INCREMENT=27 DEFAULT CHARSET=latin1;

--
-- Dumping data for table `category`
--

INSERT INTO `category` VALUES (3,'Alternative Energy'),(4,'Bentonite'),(5,'Biofuels'),(6,'Coal Producers'),(7,'Coalbed Methane Producers'),(8,'Energy Education'),(9,'Energy Production'),(10,'Energy Transportaion'),(11,'Energy/Mining Manufacturers'),(12,'Enviromental Consulting'),(13,'Gas & Oil Pipeline'),(14,'Gas Production Companies'),(15,'Gas/Oil Feild/Mining Support'),(16,'Gas/Oil Refinery'),(17,'Geothermal Power'),(18,'Heavy Equipment'),(19,'Hydro Energy Producers'),(20,'Oil Producers'),(22,'Power Transmission'),(23,'Trona Contractors'),(24,'Trona Operations'),(25,'Uranium Operations'),(26,'Wind Energy Producers');

--
-- Table structure for table `company`
--

CREATE TABLE `company` (
  `id` int(11) NOT NULL AUTO_INCREMENT,
  `category_id` int(11) NOT NULL,
  `name` varchar(200) NOT NULL,
  `address` varchar(200) NOT NULL,
  `city` varchar(200) NOT NULL,
  `state` varchar(200) NOT NULL DEFAULT 'Wyoming',
  `zip` int(11) NOT NULL,
  `phone` varchar(200) DEFAULT NULL,
  `fax` varchar(200) NOT NULL,
  `site` varchar(200) DEFAULT NULL,
  `services` blob NOT NULL,
  `email` varchar(200) DEFAULT NULL,
  `map` varchar(1000) NOT NULL,
  `account_id` int(11) NOT NULL,
  `logo` varchar(200) NOT NULL,
  PRIMARY KEY (`id`),
  KEY `id` (`id`)
) ENGINE=MyISAM AUTO_INCREMENT=761 DEFAULT CHARSET=latin1;

--
-- Dumping data for table `company`
--

INSERT INTO `company` VALUES (27,3,'AKJ Industries','104 Brownfield Road','Douglas','Wyoming',82633,'307-359-1635','307-358-5564','www.akjindustries.com','Freeze conditioning, side release, dust control products','toddv@buckeye.bz','',0,''),(49,15,'ABL Services Inc.','13126 Wyoming Highway 51, No. B','Gillette','Wyoming',82718,'307-686-0636','307-686-7603','','Design and manufacture bucket rigging for drag lines, high-voltage cable repair.','','',0,''),(28,3,'Cheyenne Wind Energy','416 East Lincolnway','Cheyenne','Wyoming',82001,'307-286-0484','--','www.cheyennewindenergy.com','Residential wind turbines.','cheyennewind1@aol.com','',0,''),(47,15,'A Double A Inc','305 E. Eighth St.','Rock Springs','Wyoming',82601,'307-673-9104','307-673-9004','www.adoublea.com','Manufacture metal products for the methane industry and welding services.','janis@vcn.com','',0,''),(48,15,'A.C. Egbert Water Service Inc.','333 Turret Drive','Rock Springs','Wyoming',82901,'307-382-9021','--','','Water haulers','','',0,''),(41,5,'RMOTC/U.S. Department of Energy','907 N. Poplar St.','Casper','Wyoming',82601,'307-233-4800','307-233-4851','www.rmotc.doe.gov','Oil and gas testing and support, drilling, production, enhanced oil recovery, exploration, flow assurance, renewable energy testing and support, geothermal testing, solar testing, wind turbine testing, environmental, carbon management, training facility.','talk@rmotc.doe.gov','',0,''),(39,3,'MWC Home Energy','5910 Springfield Dr.','Cheyenne','Wyoming',82007,'307-220-0946','--','www.mwchomeenergy.com','Residential wind turbines.','','',0,''),(29,3,'Crum Electric Supply Co.','1010 Dunn Ave.','Cheyenne','Wyoming',82001,'307-778-8442','307-638-3854','www.crum.com','Electrical supply company.','kThomason@crum.com','',0,''),(46,15,'A & E Flow Testing LLC','78 Purple Sage Road','Rock Springs','Wyoming',82901,'307-382-2884','307-382-4167','','Oil and gas well production testing.','eftllc@qwestoffice.net','',0,''),(45,14,'Yates Petroleum','408 Frontage Road','Gillette','Wyoming',82716,'307-682-4683','307-682-4641','www.yatespetroleum.com','','','',0,''),(42,3,'Rocky Mountain Oil and Gas Center','907 N. Poplar St.','Casper','Wyoming',82601,'307-233-4800','--','','Ormat Technologies, Inc, today announced it has signed a shared-cost Cooperative Research and Development Agreement (CRADA) with the US Department of Energy (DOE) to validate the feasibility of proven technology already used in Geothermal and Recovered Energy Generation for the production of commercial electricity using hot water produced during the process of oilfield production. The project will be conducted at the DOE Rocky Mountain Oil Testing Center (RMOTC), near Casper Wyoming, and will use an Ormat Organic Rankine Cycle (ORC) power generation system to produce commercial electricity. Generating 0.2 megawatts (enough to power 200 homes.)','','',0,''),(40,3,'NACEL Energy Corp.','2710 Thomes','Cheyenne','Wyoming',82001,'888-242-5848','888-242-5848','www.nacelenergy.com','NACEL Energy is one of the first publicly-traded companies in America exclusively developing utility class wind power generation facilities.','info@nacelenergy.com','',0,''),(38,3,'Harmonic Energies','4321 Strom Road','Laramie','Wyoming',82070,'307-760-8472','--','','Residential wind turbines.','wilhelml@uwyo.edu','',0,''),(50,15,'Advanced Air Systems Inc.','3941 W. Fifth St.','Cheyenne','Wyoming',82007,'307-778-4911','307-778-4981','www.advancedwyo.com','Building performance audits and all HVAC sales, service, and maintenance for industrial, commercial and residential customers.','advancedair@qwest.net','',0,''),(51,15,'Adventures Inc.','1106 Payne Ave.','Casper','Wyoming',82609,'307-235-6437','--','','Oil-field equipment.','','',0,''),(52,15,'AIM Equipment & Supply','P.O. Box 159','Newcastle','Wyoming',82701,'307-746-2570','307-746-3686','','','','',0,''),(53,15,'AKJ Industries','104 Brownfield Road','Douglas','Wyoming',82633,'307-359-1635','307-358-5564','akjindustries.com','Freeze conditioning, side release and dust control products.','toddv@buckeye.bz','',0,''),(54,15,'Al\\\'s Rig Service - Casper','1450 N. Seven Mile Road','Casper','Wyoming',82604,'307-472-0329','307-472-2133','www.alsrigservice.com','Oilfield repair.','','',0,''),(55,15,'Allen & Crouch Petroleum Engineers','646 Rivercross Road','Casper','Wyoming',82601,'307-234-3571','307-234-9865','www.allenandcrouch.com','Provide the full range of petroleum engineering services with professional engineers registered in Alaska, Colorado, Montana, Utah and Wyoming.','info@allenandcrouch.com','',0,''),(56,15,'Anderson & Son Trucking','1971 Yellowstone Road','Rock Springs','Wyoming',82901,'307-362-7164','--','','Trucking','','',0,''),(57,15,'Anderson Seismograph Bit Service','2589 Salt Creek Highway','Casper','Wyoming',82602,'307-234-2809','307-266-5035','','','andersonbit@bresnan.net','',0,''),(58,15,'Aqua Technologies of Wyoming Inc.','1465 W. Scenic St.','Casper','Wyoming',82601,'307-234-0008','307-235-0009','www.aquatechnologies.com','Waste water treatment: oil fields, gas wells, industrial. Media and hardware.','atiwyoinfo@aol.com','',0,''),(59,15,'Arcadis US Inc.','721 East Lincolnway','Cheyenne','Wyoming',82001,'307-635-0835','307-635-0845','www.arcadis-us.com','Engineering, planning, remediation, clean up, permitting.','','',0,''),(60,15,'Arcadis US Inc.','189 Cedar St., Suite 1','Buffalo','Wyoming',82834,'307-685-3694','307-685-3697','www.arcadis-us.com','Engineering, planning, remediation, clean up, permitting.','','',0,''),(61,15,'Aspen Mountain Inc.','507 5th St','Rock Springs','Wyoming',82901,'307-382-5445','307-382-3620','www.AspenMtn.com','An engineering-surveying consulting firm.','Firm@AspenMtn.com','',0,''),(62,15,'Asset Environmental Services II L.L.C. (WY)','P.O Box 1371','Wilson','Wyoming',83014,'307-734-1176','307-734-8735','www.assetenv.com','Wyoming-based, woman-owned providing environmental consulting including storm water consulting and construction, land reclamation, wildlife studies and spill characterization and cleanup.','assetenv@aol.com','',0,''),(63,15,'Automation Electronics Inc.','P.O. Box 3319','Casper','Wyoming',82602,'307-234-9311','307-234-9438','www.autoelect.com','Electrical contracting services, systems integration, instrumentation and controls, fiber optic installation and testing, LACT and SCADA systems for oil and gas industries, municipal and industrial applications.  Branch offices in Gillette and Rawlins.','kent_macklin@autoelect.com','',0,''),(64,15,'B & B Oil Field Services','311 S. Mickelson','Big Piney','Wyoming',83113,'307-276-3855','--','','Oil field services.','','',0,''),(65,15,'B & B Tool & Supply Co. Inc.','825 N. Robertson Road','Casper','Wyoming',82604,'307-266-2788','307-577-0689','','Well head equipment, drilling spools, valves, etc.','','',0,''),(66,15,'B & M Water Service','7 Latham Road','Wamsutter','Wyoming',82336,'307-324-9407','307-324-9409','','','','',0,''),(67,15,'B & T Fabrication','P.O. Box 2612','Casper','Wyoming',82602,'307-265-6206','307-577-5771','www.btfab.com','Structural steel, ductwork, storage tanks, stainless steel and aluminum.','tom_hammell@btfab.com','',0,''),(68,15,'B&G Industries LLC','162 Lane 3','Thermopolis','Wyoming',82443,'307-864-3328','307-864-2796','www.cncwyoming.com','Precision CNC machining and fabrication for oil field tooling, mining products, aerospace, consumer products etc.; prototype development.','bg@cncwyoming.com','',0,''),(69,15,'Baker Atlas','247 Industrial Drive','Rock Springs','Wyoming',82901,'307-382-2960','307-382-2963','www.bakerhughes.com','Provide advanced products and services to help customers drill, evaluate, complete and produce oil and gas wells. We also provide reservoir engineering and other consulting services.','','',0,''),(70,15,'Baker Atlas','1088 N Robertson Road','Casper','Wyoming',82604,'307-472-7358','307-473-2675','www.bakerhughes.com','Provide advanced products and services to help customers drill, evaluate, complete and produce oil and gas wells. We also provide reservoir engineering and other consulting services.','','',0,''),(71,15,'Baker Energy','30 Grinnell Plaza','Sheridan','Wyoming',82801,'307-675-6400','307-675-6401','www.mbakercorp.com','Managed services provider for coalbed methane: engineering, construction, production and reclamation.','sbrayton@mbakercorp.com','',0,''),(72,15,'Baker Hughes Drilling Fluids','6880 Highway 89 N.','Evanston','Wyoming',82930,'307-789-4006','307-789-4898','','Drilling fluids.','','',0,''),(73,15,'Baker Hughes Inteq','7424 W. 6 W N Road','Casper','Wyoming',82930,'307-472-0001','307-472-0161','www.bakerhughes.com/inteq','Water-well drilling and service, oil field equipment and supplies. Offices in Evanston, Wamsutter, Pinedale and Evansville.','','',0,''),(74,15,'Baker Oil Tools','2721 Kilpecker Drive','Rock Springs','Wyoming',82901,'307-362-3050','--','www.bakerhughes.com','Through-tubing drilling motors, fishing tools, inflatable tools. Outlets in Gillette, Worland, Evanston and Casper.','','',0,''),(75,15,'Basic Energy Srvices Inc.','2140 N. Seven Mile Road','Casper','Wyoming',82604,'307-472-0366','307-266-1028','www.basicenergyservices.com','Well service/completion rigs.','','',0,''),(76,15,'Basic Energy Services Inc.','360 Signal Drive','Rock Springs','Wyoming',82901,'307-382-4776','307-382-4777','www.basicenergyservices.com','Workover/completion rigs, fluid services, heavy haul trucks, hot oiling, frac tank rental.','','',0,''),(77,15,'Basic Energy Services Inc.','333 N Main','La Barge','Wyoming',83123,'307-386-2608','--','www.basicenergyservices.com','Well site construction. Trucking services, field construction, hot oiling, frac-heating, gravel crushing/sales.','','',0,''),(78,15,'Basic Energy Services Inc.','24 Union Chapel Road','Gillette','Wyoming',82718,'307-682-4010','307-686-9147','www.basicenergyservices.com','Oilfield construction and services, CBM dams and reservoirs. Gravel crushing and hauling.','','',0,''),(79,3,'Roughrider Power LLC','1830 Burlington Ave.','Casper','Wyoming',82601,'307-265-5500','307-472-0663','www.roughriderpower.com','Roughrider Power, is a distributor for pioneered technology to capture readily available waste and geothermal heat to generate fuel-free, emissions-free energy.','kit1@roughriderpower.com','',0,''),(80,3,'Sunpower Energy LLC','7230 Rocking R Rd.','Casper','Wyoming',82604,'307-262-4647','307-235-2525','','Residential wind turbines, residential and commercial solar panels.','sunpower.wy@gmail.com','',0,''),(81,3,'Western Ecosystems Technology Inc.','2003 Central Ave.','Cheyenne','Wyoming',82001,'307-634-1756','307-637-6981','www.west-inc.com','An environmental consulting firm that offers clients a combination of field ecology and statistics to help solve natural resource problems. The company specializes in state-of-the-art statistical principles in the design, conduct and analysis of ecological studies.','marketing@west-inc.com','',0,''),(82,3,'American Colloid Co. ','92 Highway 37','Lovell','Wyoming',82431,'307-548-6521','307-468-2414','www.colliod.com','Bentonite.','acctom@trib.com','',0,''),(83,4,'Black Hills Bentonite','P.O. Box 9','Mills','Wyoming',82644,'307-265-3740','307-235-8511','www.bhbentonite.com','Clay and related minerals. Bentonite is used in drilling mud, animal feeds, grout, kitty litter, paper, cleansers, cosmetics, and in sand-casting of metal. Exports to Japan. ','blkhlsbent@aol.com','',0,''),(84,4,'Wyo-Ben Inc.','1062 Road 9','Lovell','Wyoming',82431,'307-548-6577','307-548-6792','www.wyoben.com','Wyo-Ben, Inc. is a leading manufacturer of Bentonite Clay based products. Our materials are used worldwide in applications such as oil, gas, and water well drilling, metal casting, environmental construction and remediation, hazardous waste treatment, cat litter, cosmetics, and pharmaceuticals.','information@wyoben.com','',0,''),(85,14,'RMOTC/U.S. Department of Energy','907 N. Poplar St.','Casper','Wyoming',82601,'307-233-4800','307-233-4851','www.rmotc.doe.gov','Oil and gas testing and support, drilling, production, enhanced oil recovery, exploration, flow assurance, renewable energy testing and support, geothermal testing, solar testing, wind turbine testing, environmental, carbon management, training facility.','talk@rmotc.doe.gov','',0,''),(86,6,'Alpha Natural Resources Belle Ayr Mine','2273 Bishop Road','Gillette','Wyoming',80717,'307-687-3400','307-687-3480','www.rahrkhole.com','Open-pit coal mine. Coal mining and shipping.','','',0,''),(87,6,'Arch Coal- Jacobs Ranch Mine','15 Miles East of Wyoming Highway 59/450','Gillette','Wyoming',82717,'307-939-1216','307-464-5509','www.riotinto.com','Coal miners and shippers.','','',0,''),(88,6,'Arch Coal- Thunder Basin Coal Co. Black Thunder Mine','P.O. Box 406','Wright','Wyoming',82732,'307-464-2300','307-464-2313','www.archcoal.com','Coal mining.','gschaefer@archcoal.com','',0,''),(89,6,'Black Butte Coal Co. Black Butte Coal Mine','P.O. Box 98','Point of Rocks','Wyoming',82942,'307-352-6256','307-352-6205','','Coal mining.','','',0,''),(90,6,'Bridger Coal Co. Bridger Surface Mine','P.O. Box 68','Point of Rocks','Wyoming',82942,'307-382-9741','307-362-5330','www.pacificorp.com','Coal mining.','','',0,''),(91,6,'Buckskin Mining Co. Buckskin Mine','P.O. Box 3027','Gillette','Wyoming',82717,'307-682-9144','307-686-5445','','Coal producer.','','',0,''),(92,6,'Chevron Mining Inc. Kemmerer Mine','P.O. Box 950','Kemmerer','Wyoming',83101,'307-828-2200','307-877-9089','www.chevron.com','Surface coal mining: Kemmerer Mine.','','',0,''),(93,6,'Cloud Peak Energy- Antelope Mine','Caller Box 3008','Gillette','Wyoming',82717,'307-464-1133','--','www.riotinto.com','Coal miners and shippers.','','',0,''),(94,6,'Cloud Peak Energy- Cordero Mine','748 T-7 Road','Gillette','Wyoming',82717,'307-682-8005','--','www.riotinto.com','Coal miners and shippers.','','',0,''),(95,6,'Grass Creek Coal Co. Grass Creek Mine','P.O. Box 876','Lovell','Wyoming',82431,'--','--','','Coal mine.','','',0,''),(96,6,'KFX Operations Fort Union Mine/KFX Plant','319 S. Gillette Ave., Suite 260','Gillette','Wyoming',82716,'--','--','','Open-pit mine (no longer producing), processing plant.','','',0,''),(97,6,'Peabody Powder River Operations, LLC Caballo Mine','Caller Box 3041','Gillette','Wyoming',82717,'307-687-0800','--','www.peabodyenergy.com','Coal producer.','','',0,''),(98,6,'Power River Coal Co. North Antelope/ Rochelle Mine','341 Antelope Road','Wright','Wyoming',82732,'307-464-0012','--','www.peabodyenergy.com','Coal producer.','','',0,''),(99,6,'Powder River Coal Co. Rawhide Mine','12433 Wyoming Highway 59 N.','Gillette','Wyoming',82716,'307-682-8081','307-685-6792','www.peabodyenergy.com','Coal producer.','','',0,''),(100,6,'Western Fuels of  Wyoming Inc. Dry Fork Mine','3629 N. Garner Lake Road','Gillette','Wyoming',82716,'307-682-2839','307-682-6468','www.westernfuels.org','Coal.','','',0,''),(101,6,'Wyodak Resources Development Wyodak Mine','131-26 Highway 51','Gillette','Wyoming',82718,'307-682-3410','307-682-0208','www.blackhillscorp.com','Coal producer.','wrdcmine@vcn.com','',0,''),(102,7,'Anadarko Petroleum Corp.','P.O. Box 1689','Gillette','Wyoming',82717,'307-685-4130','307-682-0456','www.anadarko.com','','energyservices@anadarko.com','',0,''),(103,7,'Bill Barrett Corp.','1901 Energy Court, Suite 170','Gillette','Wyoming',82718,'307-685-4322','307-685-3488','www.billbarrettcorp.com','','','',0,''),(104,7,'Black Diamond Energy Inc.','29 Stage Trail Road','Buffalo','Wyoming',82834,'307-684-2910','307-684-7483','www.blackdiamondenergy.com','Mining companies, contractors and brokers, crude oil, coal brokers.','','',0,''),(105,7,'Citation Oil & Gas Corp.','1016 E. Lincoln St.','Gillette','Wyoming',82716,'307-682-4853','307-682-0186','www.cogc.com','','','',0,''),(106,7,'Comet Energy Services','929 N. Main St.','Buffalo','Wyoming',82834,'307-684-9576','--','','Gas production.','','',0,''),(107,7,'Devon Energy Production Co. LP','364 U.S. Highway 20 N.','Worland','Wyoming',82401,'307-347-2495','307-347-8986','www.devonenergy.com','Largest U.S. based independent oil and gas producer and one of the largest independent processors of natural gas and natural gas liquids in North America.','','',0,''),(108,7,'Fidelity Exploration & Production Co.','2585 Heartland Drive','Sheridan','Wyoming',82801,'307-672-7111','307-673-6850','www.fidelityepco.com','Oil and natural gas acquisition, exploration and production throughout the United States and the Gulf of Mexico.','','',0,''),(109,7,'Hilcorp Energy Co.','10065 Wyoming Highway 59 S.','Gillette','Wyoming',82718,'307-687-0318','713-209-2440','www.hilcorp.com','Privately held exploration and production company based in Houston.','','',0,''),(110,7,'J.M. Huber Energy','2266 N. Main St.','Sheridan','Wyoming',82801,'307-673-8800','307-673-8888','www.huber.com','Explore and produce natural gas.','l.vars@huber.com','',0,''),(111,7,'Kennedy Oil','700 W. Sixth St.','Gillette','Wyoming',82716,'307-682-3107','307-682-6060','','Oil and gas exploration services.','koil@vcn.com','',0,''),(112,7,'Merit Energy Co.','P.O. Box 159','Gillette','Wyoming',82717,'307-685-1400','307-682-2761','www.meritenergy.com','Oil and gas production.','','',0,''),(113,7,'Peabody Natural Gas','Caller Box 3034','Gillette','Wyoming',82717,'307-687-3900','307-687-3988','www.peabodyenergy.com','','wjennings@peabodyenergy.com','',0,''),(114,7,'Pennaco Energy Inc.','1501 Stampede Ave.','Cody','Wyoming',82414,'307-685-5100','307-527-2003','www.marathon.com','','','',0,''),(115,7,'Pinnacle Gas Resources Inc.','1 E. Alger St.','Sheridan','Wyoming',82801,'307-673-9710','307-673-9711','www.pinnaclegas.com','Energy development and production company. As of October 2007, a wholly-owned subsidiary of Quest Resource Corp. ','','',0,''),(116,7,'Resolute Wyoming Inc.','1460 Hilight Road','Gillette','Wyoming',82718,'307-939-1395','--','','Oil and gas producer.','','',0,''),(117,7,'Rocky Mountain Gas','P.O. Box 1717','Gillette','Wyoming',82717,'307-686-3797','307-686-3743','','','','',0,''),(118,7,'Storm Cat Energy USA Operating Corp.','560 Apache Gas Plant Road','Recluse','Wyoming',82725,'307-685-6585','303-991-5075','www.stormcatenergy.com','Exploration company focusing on developing unconventional natural gas reserves globally. Offices in Colorado, Canada and Mongolia.','keith@stormcatenergy.com','',0,''),(119,7,'Suncor Energy Inc.','640 U.S. 14','Gillette','Wyoming',82716,'307-686-1240','307-685-6838','www.petro-canada.ca','Merged with Suncor Energy. Will operate under that name when merger is complete, third quarter of 2009.','','',0,''),(120,7,'USA Exploration & Production LLC1','222 S. Gillette Ave.','Gillette','Wyoming',82716,'307-686-2082','307-686-0565','','','','',0,''),(121,7,'Williams Production RMT Co.','300 N. Works Ave.','Gillette','Wyoming',82716,'307-686-1636','307-686-7574','www.williams.com','Oil and gas production.','','',0,''),(122,7,'Windsor Energy Group LLC','405 W. Boxelder Road','Gillette','Wyoming',82718,'307-686-0891','--','','','','',0,''),(123,7,'XTO Energy Inc.','393 N. Wildcat Road','La Barge','Wyoming',83123,'817-870-2800','817-870-1671','www.xtoenergy.com','Operations in Powder River and Green River Basins.','','',0,''),(124,7,'Yates Petroleum','480 Frontage Road','Gillette','Wyoming',82716,'307-682-4638','307-682-4641','www.yatespetroleum.com','','','',0,''),(125,8,'Casper College','125 College Drive','Casper','Wyoming',82601,'307-268-2110','307-286-2444','www.caspercollege.edu','Offers approximately 150 majors, including certificates and associate degrees in Alternative Energy Technology, Electric Power Technology and Extractive Resources Technology.','admissions@caspercollege.edu','',0,''),(126,8,'Central Wyoming College','2660 Peck Ave.','Riverton','Wyoming',82501,'307-855-2000','307-855-2096','www.cwc.edu','','admit@cwc.edu','',0,''),(127,8,'Eastern Wyoming College','3200 W. C St.','Torrington','Wyoming',82240,'307-532-8200','307-532-8329','www.ewc.wy.edu','www.ewc.wy.edu/programslanding.cfm','kimberly.russell@ewc.wy.edu','',0,''),(128,8,'Laramie County Community College','1400 E. College Drive','Cheyenne','Wyoming',82007,'800-522-2993','307-778-1344','www.lccc.wy.edu','','learnmore@lccc.wy.edu','',0,''),(129,8,'McMurry Regional Training Center','2220 Bryan Stock Trail','Casper','Wyoming',82604,'307-237-4400','307-237-4422','www.mcmurrytrainingcenter.com','Training in heavy equipment, CDL, oil and gas production, safety training. ','','',0,''),(130,8,'Northern Wyoming Community College District','3059 S. Coffeen Ave.','Sheridan','Wyoming',82801,'307-674-6446','307-674-7205','www.sheridan.edu','Higher Education Workforce Training.','admissions@sheridan.edu','',0,''),(131,8,'Northwest College','231 W. Sixth St. ','Powell','Wyoming',82435,'307-754-6000','307-754-6177','www.northwestcollege.edu','College.','mark.kitchen@northwestcollege.edu','',0,''),(132,15,'RMOTC/U.S. Department of Energy','907 N. Poplar St.','Casper','Wyoming',82601,'307-233-4800','307-233-4851','www.rmotc.doe.gov','Oil and gas testing and support, drilling, production, enhanced oil recovery, exploration, flow assurance, renewable energy testing and support, geothermal testing, solar testing, wind turbine testing, environmental, carbon management, training facility.','talk@rmotc.doe.gov','',0,''),(133,5,'Galloway Heating & Co.','423 S. Washington St.','Afton','Wyoming',83110,'307-855-4328','--','','','','',0,''),(134,8,'Sage Tech CDL Training & Fleet Services','1707 E. Fox Farm Rd.','Cheyenne','Wyoming',82007,'877-710-7243','307-778-8056','www.sageschools.com','Truck driver training (CDL), workforce development, job placement, energy industry driver training.','cheyenne@sageschools.com','',0,''),(135,8,'Sage Truck Driving Schools','2368 Oil Drive','Casper','Wyoming',82604,'307-234-0242','307-234-0552','www.sageschools.com','Truck driver training, oilfield driver programs, defensive driving, driver recruitment, fleet safety.','casper@sageschools.com','',0,''),(136,8,'University of Wyoming','1000 E. University Ave.','Laramie','Wyoming',82071,'307-766-1121','307-766-4042','www.uwyo.edu','Public university.','oia@uwyo.edu','',0,''),(137,8,'UW School of Energy Resources','1000 E. University Ave. Dept. 3314','Laramie','Wyoming',82071,'307-766-2663','307-766-6701','www.uwyo.edu','Public university.','serpros@uwyo.edu','',0,''),(138,8,'WAC\\\'s McMurry Regional Training Center','2220 Bryan Stock Trail','Casper','Wyoming',82605,'307-237-4400','307-237-4422','www.mcmurrytrainingcenter.com','Training in heavy equipment, CDL, oil and gas production, safety training, welding.','chris@wyomingcontractors.org','',0,''),(139,8,'Western Wyoming Community College','2500 College Drive','Rock Springs','Wyoming',82901,'307-382-1600','307-382-1654','www.wwcc.wy.edu','Education','wwcc@wwcc.wy.edu','',0,''),(140,9,'Basic Energy Services Inc.','360 Signal Drive','Rock Springs','Wyoming',82901,'307-382-4776','307-382-4777','www.basicenergyservices.com','Workover/completion rigs, fluid services, heavy haul trucks, hot oiling, frac tank rental.','','',0,''),(141,9,'Basic Energy Services Inc.','2140 N. Seven Mile Road','Casper','Wyoming',82604,'307-472-0366','307-266-1028','www.basicenergyservices.com','Well service/completion rigs.','','',0,''),(142,9,'Basin Electric','1901 Fourth Ave.','Gillette','Wyoming',82716,'--','--','','Power company.','','',0,''),(143,9,'Big Horn Rural Electric Co.','208 S. Fifth St.','Basin','Wyoming',82410,'307-568-2419','307-568-2402','www.bighornrea.com','','bhrec@bighornrea.com','',0,''),(144,9,'Black Hills Power and Light Co.','333 W. Main St.','Newcastle','Wyoming',82701,'307-746-2726','307-746-2737','www.blackhillspower.com','','jwbunch@blackhillspower.com','',0,''),(145,9,'Bridger Valley Electric Association Inc.','40014 Business Loop I-80','Mountain View','Wyoming',82939,'307-786-2800','307-786-4362','www.bvea.net','Electricity, dial up and high speed wireless internet.','deyre@bvea.net','',0,''),(146,9,'Carbon Power & Light Inc.','100 E. Willow','Saratoga','Wyoming',82331,'307-326-5206','307-326-5934','www.carbonpower.com','Rural electric cooperative. Internet and computer services.','info@carbonpower.com','',0,''),(147,9,'Cheyenne Light, Fuel & Power','108 West 18th St.','Cheyenne','Wyoming',82001,'307-638-3361','307-778-2106','www.cheyennelight.com','Cheyenne Light, Fuel & Power, a subsidiary of Black Hills Corporation, serves 40,900 electric customers and 33,900 natural gas customers in the greater Cheyenne, Wyo., area. The company\\\'s non-regulated businesses generate wholesale electricity, produce natural gas, oil and coal and market energy.','info@cheyennelight.com','',0,''),(148,9,'Flathead Electrical Cooperative','418 Road 1Ng','Powell','Wyoming',82435,'307-754-8093','--','www.flatheadelectric.com','','','',0,''),(149,9,'High West Energy','2814 S. Greeley Highway','Cheyenne','Wyoming',82007,'307-634-2650','--','www.highwestenergy.com','A member-owned electrical cooperative headquartered in Pine Bluffs, serving consumers in Wyoming, Nebraska and Colorado. We have 3,200 miles of line and serve 8,500 meters at an average of 2.4 customers per mile.','','',0,''),(150,9,'Garland Light & Power Co.','755 U.S. Highway 14 A','Powell','Wyoming',82435,'307-745-2881','--','www.garlandpower.org','Member-owned electrical co-op.','','',0,''),(151,9,'High Plains Power Inc.','230 W. Main St.','Riverton','Wyoming',82501,'307-486-2237','307-856-4207','www.highplainspower.org','Rural electrical cooperative.','','',0,''),(152,9,'Lower Valley Energy','P.O. Box 572','Jackson','Wyoming',83001,'307-733-2446','307-739-1610','www.lvenergy.com','Electrical cooperative.','','',0,''),(153,9,'Medicine Bow Fuel & Power','1620 Central Ave.','Cheyenne','Wyoming',82001,'--','--','','Office space for planned coal-to-liquids facility near Hanna: a greenfield, mine-mouth, coal-to-liquids (CTL) facility. Construction to begin in late 2007 with a 2010-in-service date.','','',0,''),(154,9,'Montana-Dakota Utilities Co.','2324 Dry Ranch Road','Sheridan','Wyoming',82801,'800-638-3278','866-437-1001','www.montana-dakota.com','Montana-Dakota Utilities Co. generates, transmits and distributes electricity  and distributes natural gas in Buffalo, Kaycee and Sheridan as well as Montana, North and South Dakota.','','',0,''),(155,9,'Niobra Electric Association Inc.','3951 U.S. Highway 20','Lusk','Wyoming',82225,'307-334-3221','307-334-2620','www.tristategt.org','Nonprofit, rural electric association.','nea@netcommander.com','',0,''),(156,9,'Powder River Energy Corp.','221 Main St.','Sundance','Wyoming',82729,'307-283-3531','307-283-3531','www.precorp.org','Provides electricity to Powder River Basin.','service@precorp.coop','',0,''),(157,8,'RMOTC/U.S. Department of Energy','907 N. Poplar St.','Casper','Wyoming',82601,'307-233-4800','307-233-4851','www.rmotc.doe.gov','Oil and gas testing and support, drilling, production, enhanced oil recovery, exploration, flow assurance, renewable energy testing and support, geothermal testing, solar testing, wind turbine testing, environmental, carbon management, training facility.','talk@rmotc.doe.gov','',0,''),(158,9,'RMOTC/U.S. Department of Energy','907 N. Poplar St.','Casper','Wyoming',82601,'307-233-4800','307-233-4851','www.rmotc.doe.gov','Oil and gas testing and support, drilling, production, enhanced oil recovery, exploration, flow assurance, renewable energy testing and support, geothermal testing, solar testing, wind turbine testing, environmental, carbon management, training facility.','talk@rmotc.doe.gov','',0,''),(159,9,'Rocky Mountain Power','2840 E. Yellowstone Hwy.','Casper','Wyoming',82609,'888-221-7070','--','www.rockymountainpower.net','Electric service provider to more than 1 million customers in Wyoming, Utah and Idaho. A division of PacifiCorp.','leslie.blythe@pacificorp.com','',0,''),(160,9,'Third Planet Windpower LLC','200 W. 17th St.','Cheyenne','Wyoming',82001,'307-635-7550','--','www.thirdplanetwind.com','Third Planet Windpower (TPW) was established in 2006 to develop, acquire, own and operate a diversified portfolio of wind generation assets. The company has 20 projects under development, comprising more than 7,500 megawatts. ','','',0,''),(161,9,'Wheatland Rural Electric Association','P.O. Box 1209','Wheatland','Wyoming',82201,'307-322-2125','307-322-5340','www.wheatlandwy.com','','','',0,''),(162,9,'Wyoming Municipal Power Agency','4041 U.S. Highway 20','Lusk','Wyoming',82225,'307-334-2170','307-334-2407','www.wmpa.org','Wholesale electric power provider.','karen@wmpa.org','',0,''),(163,9,'Wyoming Rural Electric Assn.','2312 Carey Ave.','Cheyenne','Wyoming',82001,'307-634-0727','307-634-0728','','The Wyoming Rural Electric Association exists to lead, unify and support the efforts of our member electric cooperatives.','wrea@wyomingarea.org','',0,''),(164,9,'Wyrulec Co.','500 Main St.','Lingle','Wyoming',82223,'307-837-2225','307-837-2115','www.wyrulec.com','','jhud@wyrulec.com','',0,''),(165,10,'Basic Energy Services Inc.','360 Signal Drive','Rock Springs','Wyoming',82901,'307-382-4776','307-382-4777','www.basicenergyservices.com','Workover/completion rigs, fluid services, heavy haul trucks, hot oiling, frac tank rental.','','',0,''),(166,10,'Sage Tech CDL Training & Fleet Services','1707 E. Fox Farm Rd.','Cheyenne','Wyoming',82007,'877-710-7243','307-778-8056','www.sageschools.com','Truck driver training (CDL), workforce development, job placement, energy industry driver training.','cheyenne@sageschools.com','',0,''),(167,10,'Sage Truck Driving Schools','2368 Oil Drive','Casper','Wyoming',28604,'307-234-0242','307-234-0552','www.sageschools.com','Truck driver training, oilfield driver programs, defensive driving, driver recruitment, fleet safety.','casper@sageschools.com','',0,''),(168,11,'A Double A Inc.','305 E. Eighth St.','Sheridan','Wyoming',82801,'307-673-9104','307-673-9004','www.adoublea.com','Manufacture metal products for the methane industry and welding services. ','janis@vcn.com','',0,''),(169,11,'ABL Services Inc.','13126 Wyoming Highway 51, No. B','Gillette','Wyoming',82718,'307-686-0636','307-686-7603','','Designs and manufactures bucket rigging for drag lines; high-voltage cable repair.','','',0,''),(170,11,'Adventures Inc.','1106 Payne Ave.','Casper','Wyoming',82609,'307-235-6437','--','','Oil field equipment.','','',0,''),(171,11,'Anderson Seismograph Bit Service','2589 Salt Creek Highway','Casper','Wyoming',82602,'307-234-2809','307-266-5035','','','andersonbit@bresnan.net','',0,''),(172,11,'Arcadis US Inc.','721 East Lincolnway','Cheyenne','Wyoming',82001,'307-635-0835','307-635-0845','www.arcadis-us.com','Engineering, planning, remediation, clean up, permitting.','','',0,''),(175,11,'B & T Fabrication','P.O. Box 2612','Casper','Wyoming',82602,'307-265-6206','307-577-5771','www.btfab.com','Structural Steel, duct work, storage tanks, stainless steel, and aluminum.','tom_hammell@btfab.com','',0,''),(174,11,'B & B Tool & Supply Co. Inc.','825 N. Robertson Road','Casper','Wyoming',82604,'307-266-2788','307-577-0689','','Well head equipment, drilling tools, valves, etc.','','',0,''),(176,11,'Big Horn Valve Inc.','1664 Terra Ave., Suite #5 (Mail P.O. 6849) ','Sheridan','Wyoming',82801,'307-672-0968','307-672-5386','www.bighornvalve.com','An R & D company developing stemless valves for the oil industry to reduce emissions. Manufacture and distribute pipe, valves and fittings for mines and oil fields.','info@bighornvalve.com','',0,''),(177,11,'Boelens Well Service LLC ','1480 Arapahoe St.','Thermopolis','Wyoming',82443,'307-864-3284','307-864-3204','','Well service, completions and repairs.','','',0,''),(178,11,'BPM Minerals','789 Highway 14a E','Lovell','Wyoming',82431,'307-548-2271','--','','Manufactures structural clay products.','','',0,''),(179,11,'Bucyrus','62500 Swanson Road','Gillette','Wyoming',82718,'307-686-2512','307-687-1779','www.bucyrus.com','Manufactures mining machinery and equipment, welding repair service, drag line buckets and shovels.','','',0,''),(180,11,'CDI Energy Services','305 Industrial Park Drive','Gillette','Wyoming',82718,'307-682-4580','307-682-4499','','Builds artificial lifts for oil wells.','','',0,''),(181,11,'Central Hydraulic Inc.','2808 Conestoga Drive','Gillette','Wyoming',82718,'307-686-8272','307-686-8275','www.centralhydraulic.net','Manufacture and distribute hydraulic lift systems and injection pumps for oil field and coal bed methane.','chi@vcn.com','',0,''),(182,11,'Centrilift a Baker Hughes Co. -Cody','313 Blackburn St.','Cody','Wyoming',82414,'307-527-6102','307-527-7807','www.centrilift.com','Manufactures and repairs electric submersible pump systems for oil fields, water, mining, and industrial companies.','cody.sales@centrilift.com','',0,''),(183,11,'CETCO (Colliod Environmental Technologies Co.)','92 Highway 37','Lovell','Wyoming',82431,'307-548-6521','307-548-6413','www.amcol.com','Bentonite mining; manufactures sodium and potassium compounds.','','',0,''),(184,11,'Chem-Frac Inc.','320 Cresent Drive','Casper','Wyoming',82602,'307-235-3097','307-265-5299','','Oil field equipment, frac-tools.','','',0,''),(185,11,'Chemical Tracers Inc.','1814 Steele St.','Laramie','Wyoming',82070,'307-742-0418','307-742-0972','www.chemtracers.com','Manufacturing chemical preparations. Chemical Tracers, Inc. (CTI) is a global oilfield service company focused squarely on the future of oil production and enhanced oil recovery.','charlie@chemtracers.com','',0,''),(186,11,'Chemtrade Refinery Service Inc.','140 Goes In Lodge Rd','Riverton','Wyoming',82501,'307-856-9217','307-856-7842','','','','',0,''),(187,11,'Continental Production Co.','123 W. First, Suite 710','Casper','Wyoming',82601,'307-472-0477','307-472-0476','www.continentalproduction.com','Contract operating, engineering, environmental, and on site supervision.','scottc@continentalproduction.com','',0,''),(188,11,'Cooper Energy Services','4988 N Hwy 14','Rawlins','Wyoming',82716,'307-682-6908','--','www.coopercameron.com','Manufactures oil/gas field machinery.','','',0,''),(189,11,'CVIC Inc.','6719 W. Yellowstone Highway','Casper','Wyoming',82602,'307-237-6139','307-237-2801','www.cvicinc.com','Natural gas process equipment, water treatment equipment, pipe, structural steel fabrication, installation; U, UM & R code stamps.','cvic@earthlink.net','',0,''),(190,11,'Dust Control Inc.','2107C N. U.S. Highway 14-16','Gillette','Wyoming',82716,'307-686-5787','307-682-8239','www.dustcontrol.net','Manufactures, installs and services dust control equipment for coal mining and power plant materials handling systems.','jeffh@dustcontrol.net','',0,''),(191,11,'Dyno Nobel Inc.','121 Richfield Ct.','Wright','Wyoming',82732,'307-464-0623','307-464-0838','','Commercial explosives.','','',0,''),(192,11,'Economy Bit Service Inc.','P.O. Box 50368','Casper','Wyoming',82605,'307-234-6026','307-234-3645','','Repaired and new drill bits and tools.','econbit@hotmail.com','',0,''),(193,11,'Energy Tech','P.O. Box 303','Meeteetse','Wyoming',82433,'307-868-2446','--','www.energytech-jackn.com','Oil field well analysis and testing, fluid level, power and bottom hole pressure surveys.','cjn05@tctwest.net','',0,''),(194,11,'Exterran','1010 Falcon Ave.','Mills','Wyoming',82644,'307-266-6373','307-266-5630','www.exterran-co.com','Formerly Hanover. Natural gas compression leasing, service, manufacturing and parts.','','',0,''),(195,11,'Flotek Industries Inc.','5608 S. Winland Drive','Gillette','Wyoming',82718,'307-686-8440','307-685-3224','www.flotekpumpservices.com','Flotek is a full service submersible pump distributor that is based in Gillette, Wy and is focused on meeting the needs and challenges of the coal bed methane and oil industries.','','',0,''),(196,11,'Glenn\\\'s Machine Shop','6771 W. Yellowstone Highway','Mills','Wyoming',82644,'307-472-2109','--','','Oil field machine shop.','','',0,''),(197,11,'Hettinger LLC','1200 E. Lincoln','Gillette','Wyoming',82716,'307-687-0127','307-682-3170','www.hettingerllc.com','Compressor station installation, process plant installation, industrial building fabrication and installation, pipeline, earthwork, fabrication, and facility maintenance, ASME code shop.','mdh@hettingerwelding.com','',0,''),(198,11,'Arcadis US Inc.','189 Cedar St., Suite 1','Buffalo','Wyoming',82834,'307-685-3694','307-685-3697','www.arcadis-us.com','Engineering, planning, remediation, clean up, permitting.','','',0,''),(199,11,'Industrial Lining Systems','701 Bear Pen Road','Casper','Wyoming',82601,'307-472-5400','307-472-3375','','Oil field services; sandblasting, fiberglass lining, tank coatings.','ils@vcn.com','',0,''),(200,11,'Industrial Screen & Maintenance Inc.','750 E. F St.','Casper','Wyoming',82061,'307-234-3547','307-473-1341','www.industrialscreen.com','Machining, welding, urethane, industrial screens, coalbed methane screens and de-gas shrouds, crane repair and insulation pump repairs. ','sales@industrialscreen.com','',0,''),(201,11,'Inter-Mountain Pipe and Threading Compnay','P.O. Box 50588','Casper','Wyoming',82605,'307-234-2058','307-472-1903','www.inter-mountain.com','Casing, tubing, API, line and drill pipe; special application flush joint threaded connections for oil field, mining and construction industry. studs, nuts and gaskets.','rick@inter-mountain.com','',0,''),(202,11,'Joy Mining Machinery','3869 State Highway 374','Green River','Wyoming',82935,'307-875-5860','307-875-4026','','Mining equipment.','','',0,''),(203,11,'JW Measurement Co. -Field/Sales Office','222 N. Cole Creek Road','Evansville','Wyoming',82636,'800-442-2465','307-234-0009','www.jwoperating.com','Fabricate oil and natural gas equipment.','bdewald@trib.com','',0,''),(204,11,'JW Williams Inc.','P.O. Box 2106','Casper','Wyoming',82602,'307-237-8345','307-234-1530','www.jwwilliams-flint.com/frontpage.html','Oil and gas processing equipment. ESAB plasma laser.','williams@jwwilliams-flint.com','',0,''),(205,11,'K B Energy LLC','1704 State Hwy 13','Rock River','Wyoming',82083,'307-378-3480','--','','Wind direction indicators, other measuring and controlling device manufacturing.','','',0,''),(206,11,'L & H Industrial Inc.','913 L&J Court','Gillette','Wyoming',82718,'307-682-7238','307-686-1646','www.lnh.net','Complete machine, mechanic and welding shop; mechanical engineering and oilfield service.','info@lnh.net','',0,''),(207,11,'Liebherr Mining Equipment Co.','5800 S. Highway 59','Gillette','Wyoming',82718,'307-686-0948','307-682-2345','www.liebherr.com','Mining equipment.','rick.ochs@lme.liebherr.com','',0,''),(208,11,'McJunkin Red Man Corp.','2175 Blairtown Road','Rock Springs','Wyoming',82902,'307-382-5220','307-382-5218','www.mcjunkinredman.com','Manufactures and distributes pipe, valves and fittings for mines and oil fields.','','',0,''),(209,11,'Minserco Inc.','6600 Swanson Rd','Gillette','Wyoming',82718,'307-686-2515','--','www.bucyrus.com','Mining equipment.','','',0,''),(210,11,'NATCO','76 Purple Sage Road','Rock Springs','Wyoming',82902,'307-362-2137','307-362-2064','www.natcogroup.com','Manufacture and repair; oil field equipment, tanks, production equipment, etc.','','',0,''),(211,11,'National Oilwell Varco- Distribution','555 N. Center St.','Casper','Wyoming',82601,'307-235-2751','307-235-9003','www.nov.com','Fabrication; pumps-multiplex, centrifugal, PC, pipe, valves and fittings.','jason.bullard@natoil.com','',0,''),(212,11,'National Oilwell Varco- Rig Solutions','1080 N. Robertson Road','Casper','Wyoming',82604,'307-473-8888','307-235-8920','www.nov.com','Designs and manufactures oil field equipment, provides oilfield inspection and supply chain integration services to the upstream oil and gas industry.','','',0,''),(213,11,'NC Machine LLC','3265 Salt Creek Highway','Casper','Wyoming',82601,'307-266-5667','307-266-1724','www.ncmachinebop.com','Oilfield equipment, supplies, machinery and repair.','nich@ncmachinebop.com','',0,''),(214,11,'Nelson Brothers Mining Services','76 Purple Sage Road','Gillette','Wyoming',82718,'307-687-0762','307-687-0758','','Explosives for sub-bituminous coal mining.','','',0,''),(215,11,'Nicro Planting Inc.','540 Gehring St.','Casper','Wyoming',82602,'307-266-6432','--','www.nicroplanting.com','Planting for oil field equipment, down hole tools, guns, stove parts, auto parts, bike frames.','','',0,''),(216,11,'Norton Oil Tool Co.','5600 W. Yellowstone Highway','Casper','Wyoming',82604,'307-472-3333','307-472-3339','','Complete machine shop and welding service, precision machine work, high pressure welding, blueprint work, milling work, metalizing, oil tools.','','',0,''),(217,11,'P & H Minepro Services','5834 S. Windland Drive','Gillette','Wyoming',82718,'307-685-8230','307-685-4101','www.minepro.com','Mining machinery. Provider of field assembly, repair, technical, and relocation services. Rebuilder of AC/DC motors and gearboxes. Additional fabrication and rebuild facilities located in Evansville.','sbradley@minepro.com','',0,''),(218,11,'Peabody Natural Gas','Caller Box 3034','Gillette','Wyoming',82717,'307-687-3900','307-687-3988','www.peabodyenergy.com','','wjennings@peabodyenergy.com','',0,''),(219,11,'Peak Environmental Management Inc.','2200 Mississippi St.','Green River','Wyoming',82935,'307-875-2893','--','','','','',0,''),(220,11,'Praxair Inc. - CO2 Plant','P.O. Box 249','Green River','Wyoming',82935,'307-875-9061','--','www.praxair.com','Oil field services.','','',0,''),(221,11,'Pump Pro Inc.','115 Union Chapel Rd','Gillette','Wyoming',82718,'307-682-7003','307-682-0353','','','','',0,''),(222,11,'R & M Energy Systems','1005 Falcon Ave.','Mills','Wyoming',82644,'307-234-1239','307-577-0946','www.rmenergy.com','Manufactures rod guides and rod rotators for oil fields.','','',0,''),(223,11,'Red Horse Oil Co. Inc.','P.O. Box 128','Rock Springs','Wyoming',82902,'307-362-3649','307-362-2313','www.redhorseoil.com','Petroleum products: fuels, lubricants, tanks.','rick@redhorseoil.com','',0,''),(224,11,'Rimpull Corp.','3202 Hackathorn Lane','Gillette','Wyoming',82716,'307-682-6500','--','www.rimpull.com','Mining equipment and supplies.','kbowker@rimpull.com','',0,''),(225,11,'Samson Resource Co.','170 Bugas','Wamsutter','Wyoming',82336,'307-383-2042','307-328-0726','www.samson.com','A privately held exploration and production company headquartered in Tulsa, Oklahoma.','','',0,''),(226,11,'Sinclair Oil Corp.','P.O. Box 277','Sinclair','Wyoming',82334,'307-324-3404','307-328-3574','www.sinclairoil.com','Gasoline, fuel, oils, asphalt.','','',0,''),(227,11,'Sivall\\\'s Inc.','91 Independence Drive','Evanston','Wyoming',82930,'307-789-0574','307-789-0576','www.sivalls.com','Manufacture, sell and service processing equipment for the energy industry.','casper@sivalls.com','',0,''),(228,11,'Sivall\\\\\\\'s Inc.','5 Rawhide Trail','Casper','Wyoming',82605,'307-235-3405','307-235-4129','www.sivalls.com','Manufacture, sell and service processing equipment for the energy industry.','casper@sivalls.com','',0,''),(229,11,'Storm Cat Energy USA Operating Corp.','560 Apache Gas Plant Road','Recluse','Wyoming',82725,'307-685-6585','303-991-5075','www.stormcatenergy.com','Exploration company focusing on developing unconventional natural gas reserves globally. Offices in Colorado, Canada and Mongolia.','keith@stormcatenergy.com','',0,''),(230,11,'Superior Machine Co. ','376 E. N St.','Powell','Wyoming',82435,'307-754-3412','307-754-3166','','Machine shop, oil field service.','','',0,''),(231,11,'T-3 Energy Services Inc.','61 Chimuza St.','Rock Springs','Wyoming',82901,'307-362-1320','307-362-1327','www.t3energyservices.com','Designs, manufactures, repairs and services products used in the drilling of new oil gas wells, the workover of existing wells, and the production and transportation of oil and gas. Products used in both onshore and offshore applications throughout the world. Eighteen manufacturing facilities located throughout North America. ','ops@t3energy.com','',0,''),(232,11,'Terex Mining','1607 E. Lincoln St.','Gillette','Wyoming',82716,'307-682-2777','307-682-5777','www.terexmining.com','Manufactures and distributes parts for mining off-road hauling trucks.','','',0,''),(233,11,'Terra Moya Aqua Inc.','2020 Carey Ave., Suite 700','Cheyenne','Wyoming',82001,'307-772-0200','307-772-0222','www.tmawind.com','Vertical axis wind turbines.','info@tmawind.com','',0,''),(234,11,'Timco Service & Supply','100 N. US Highway 14-16, No. A','Gillette','Wyoming',82717,'307-682-5262','307-682-2240','www.timcoservice.com','Oilfield service and supply, machining service repairs.','sales@timcoservice.com','',0,''),(235,11,'Total Well Solutions LLC','5521 Swanson Rd','Gillette','Wyoming',82718,'307-686-8440','--','www.cesi.com','','','',0,''),(236,11,'Tri-State Mine Service','2720 Commercial Way','Rock Springs','Wyoming',82902,'307-362-1900','--','','Specialized brazing of tungsten carbide mining equipment and supplies.','','',0,''),(237,11,'Tube Alloy Corp.','3501 N. Poplar St.','Casper','Wyoming',82602,'307-235-0656','307-234-2192','www.grantprideco.com','Threading of oil field tubular mining threads and products; water-well casings.','steve.tuttle@grantprideco.com','',0,''),(238,11,'Viking Explosives & Supply Inc.','2178 Hilight Road','Gillette','Wyoming',82718,'307-464-1161','307-464-0126','','Manufacture bulk explosives for coal mines.','','',0,''),(239,11,'Waste Oil Furnances','7306 W. Cactus Lane','Casper','Wyoming',82604,'307-265-0322','--','','','','',0,''),(240,11,'Weatherford Controlled Pressure Drilling & Testing Services','2122 Melodi Lane','Casper','Wyoming',82601,'307-266-1873','307-266-3939','www.weatherford.com','Compressors, drilling-related, separators, drilling and testing.','dennis.wood@weatherford.com','',0,''),(241,11,'Weatherford Enterra-Oilfield','6405 W. Yellowstone Highway','Casper','Wyoming',82604,'307-473-2491','307-473-2494','','Oilfield machine shop.','','',0,''),(242,11,'Weatherford Inc./Production Oil Tools','P.O. Box 686','Powell','Wyoming',82435,'307-754-7234','307-754-5875','','Manufactures and assembles oil field equipment.','','',0,''),(243,11,'Western Energy Support & Tech','1640 W. 18th St.','Cheyenne','Wyoming',82001,'307-634-4489','307-635-5072','','Industrial machinery.','','',0,''),(244,11,'Western Mine Service Inc.','1481 Gold Rd','Gillette','Wyoming',82716,'307-682-5782','307-682-4576','','Rebuilding, manufacturing mining equipment. Shop and field services.','bfrey@vcn.com','',0,''),(245,11,'Western Nuclear Inc. Split Rock Mill','P.O. Box 630','Jeffrey City','Wyoming',82310,'307-544-2291','307-544-2293','','','','',0,''),(246,11,'Wilson Supply','6577 W. Yellowstone Highway','Casper','Wyoming',82604,'307-472-5768','307-237-8528','www.iwilson.com','Industrial machinery and equipment. Branches in Rock Springs, Gillette, Evanston.','','',0,''),(247,11,'Wyoming Refinery Company','P.O. Box 820','Newcastle','Wyoming',82701,'307-746-4445','307-746-9710','','Petroleum products.','phavener@weref.com','',0,''),(248,11,'Yates Petroleum','408 Frontage Road','Gillette','Wyoming',82716,'307-682-4638','307-682-4641','www.yatespetroleum.com','','','',0,''),(249,12,'Asset Environmental Services II LLC (WY)','P.O. Box 1371','Wilson','Wyoming',83014,'307-734-1176','307-734-8795','www.assetenv.com','Wyoming based, women-owned providing environmental consulting including storm water consulting and construction, land reclamation, wildlife studies, and spill characterization and cleanup.','assetenv@aol.com','',0,''),(250,12,'BKS Environmental Associates','612 N. U.S. Highway 14-16, Unit E','Gillette','Wyoming',82716,'307-686-0800','307-686-0880','www.bksenvironmental.com','Consulting services to the mineral industry: AML reclamation, environmental audits and assessments, reclamation planning. Second office in Rock Springs.','bschladweiler@bksenvironmental.com','',0,''),(251,12,'EPG Inc.','7338 Stockman St., Suite B','Cheyenne','Wyoming',82009,'307-635-2041','307-635-2086','www.epgaz.com','Environmental planning, permitting, and landscape architecture.','','',0,''),(252,12,'O and G Environmental Consulting','1401 W. Second St.','Gillette','Wyoming',82716,'307-685-6930','--','www.ogenvironmental.com','','','',0,''),(253,12,'Western Ecosystems Technology Inc.','2003 Central Ave.','Cheyenne','Wyoming',82001,'307-634-1756','307-637-6981','www.west-inc.com','An environmental consulting firm that offers clients a combination of field ecology and statistics to help solve natural resource problems. The company specializes in state-of-the-art statistical principles in the design, conduct and analysis of ecological studies.','marketing@west-inc.com','',0,''),(254,13,'Basic Energy Services Inc.','360 Signal Drive','Rock Springs','Wyoming',82901,'307-382-4776','307-382-4777','www.basicenergyservices.com','Workover/completion rigs, fluid services, heavy haul trucks, hot oiling, frac tank rental.','','',0,''),(255,13,'Colorado Interstate Gas Co.','1951 Yellowstone Road','Rock Springs','Wyoming',82901,'307-382-5298','307-382-5298','','Sister company to Wyoming Interstate Co.','','',0,''),(256,13,'Kern River Gas Transmission Co.','126 Commerce Drive','Evanston','Wyoming',82930,'307-783-7200','307-783-7254','www.kernrivergas.com','The Kern River pipeline system is a vital artery bringing natural gas into Utah, Nevada and California. Kern River extends from the oil and gas producing fields of southwestern Wyoming through Utah and Nevada to the San Joaquin Valley near Bakersfield, California. The pipeline currently has a design capacity of more than 1.7 billion cubic feet per day.','','',0,''),(257,13,'Montana-Dakota Utilities Co.','2324 Dry Ranch Road','Sheridan','Wyoming',82801,'800-638-3278','866-437-1001','www.montana-dakota.com','Montana-Dakota Utilities Co. generates, transmits and distributes natural gas in Buffalo, Kaycee, and Sheridan as well as Montana, North and South Dakota.','','',0,''),(258,15,'Basic Energy Services Inc.','512 Riner Ave','Wamsutter','Wyoming',82336,'307-324-7691','307-324-7693','www.basicenergyservices.com','Well site construction, fluid services, field construction, gravel crushing/sales.','','',0,''),(259,15,'Beatty & Wozniak, P.C.','2616 Carey Ave.','Cheyenne','Wyoming',82001,'307-638-9334','--','','Specializing in Energy Law.','','',0,''),(260,15,'Big Basin Petroleum LLC','3105 Second St.','Gillette','Wyoming',82716,'307-687-0406','307-685-4211','www.conquestoil.com','Monitoring, remediation. Some oil and gas production.','','',0,''),(261,15,'Big Horn Valve Inc.','1664 Terra Ave, Suite 5','Sheridan','Wyoming',82801,'307-672-0968','307-672-5386','www.bighornvalue.com','A R&D company developing stemless values for the oil industry to reduce emissions. Manufacture and distribute pipe, valves and fittings for mines and oil fields.','info@bighornvalue.com','',0,''),(262,15,'Bill Nielson Trucking','1006 Susie Court','Kemmerer','Wyoming',83101,'307-877-3823','--','','Trucking.','','',0,''),(263,15,'BJ Services Co.','1965 W. Blairtown Road','Rock Springs','Wyoming',82901,'307-382-3484','307-362-5580','www.bjservices.com','Oilfield contractors and fracturing services. Other office in Gillette.','','',0,''),(264,15,'BKS Environmental Associates','612 N. U.S. Highway 14-16, Unit E','Gillette','Wyoming',82716,'307-686-0800','307-686-0880','www.bksenvironmental.com','Consulting services to the mineral industry. AML reclamation, environmental audits and assessments and reclamation planning. Second office in Rock Springs.','bschladweiler@bksenvironmental.com','',0,''),(265,15,'Black Hills Trucking - Gillette','101 Enterprise Ave.','Gillette','Wyoming',82716,'307-682-9347','307-682-2446','www.truecos.com/Black Hills Trucking','Cranes hoisting and rigging services, heavy equipment movers, trucking companies and oil field transportation.','','',0,''),(266,15,'Black Hills Trucking Inc. - Casper','455 N. Poplar','Casper','Wyoming',82601,'307-266-0279','307-266-0424','www.contractors.com/TrueGeothermalEnergyCompany','Trucking, cranes, hoisting and rigging services, heavy equipment movers and oil field transportation.','','',0,''),(267,15,'Blackjack Inspection','5354 Wyoming Highway 89 N.','Evanston','Wyoming',82930,'307-789-1119','--','','Drill pipe inspection, drill collar inspection, pit evaporation, hot shot and roustabout.','','',0,''),(268,15,'Blackstone and Associates Geological Consulting','4060 Bretton Drive','Casper','Wyoming',82609,'307-577-9538','--','','Geological consulting.','','',0,''),(269,15,'Boelens Well Service LLC','1480 Arapahoe St.','Thermopolis','Wyoming',82443,'307-864-3284','307-864-3204','','Well service, completions and repairs.','','',0,''),(270,15,'Boland Exploration Co.','112 W. Second St.','Casper','Wyoming',82601,'307-237-8449','307-237-8447','','','','',0,''),(271,15,'Borah-Borah Petroleum Inc.','110 W. Second St., Suite 240','Casper','Wyoming',82601,'307-472-1985','307-234-6058','','','bbpi@qwestoffice.net','',0,''),(272,15,'Bower Petroleum Services Inc.','1701 Robertson Ave.','Worland','Wyoming',82401,'307-347-8883','--','bowerpetroleum.com','Oil field services.','','',0,''),(273,13,'Pure Automation Inc.','504 Connecticut St.','Rock Springs','Wyoming',82901,'307-371-3335','307-362-3976','www.pureautomation.com','Pure Automation supplies technology for turn-key applications to retrofits; providing the most effective combination of hardware and software to address your monitoring and control needs. We provide reliable, powerful and user-friendly packages that improve production and safety as well as reduce environmental impact.','orinw@pureautomation.com','',0,''),(274,13,'Questar Pipeline Co.','1005 D St.','Rock Springs','Wyoming',82901,'307-382-8882','307-352-7333','www.questarpipeline.com','Natural gas transportation and underground storage services in Utah, Wyoming and Colorado.','','',0,''),(275,15,'Terasen Pipelines USA Inc.','800 Werner Ct., No. 352','Casper','Wyoming',82601,'307-237-5590','307-237-5770','www.kindermorgan.com','Crude oil pipeline transmission.','','',0,''),(276,13,'TIC-THE Industrial Co. Wyoming Inc.','1474 Willer Drive','Casper','Wyoming',82604,'307-235-9958','307-266-2053','www.tic-inc.com','Oil, gas and power plant construction.','jim.ludden@ticus.com','',0,''),(277,13,'Western Ecosystems Technology Inc.','2003 Central Ave.','Cheyenne','Wyoming',82001,'307-634-1756','307-637-6981','www.west-inc.com','An environmental consulting firm that offers clients a combination of field ecology and statistics to help solve natural resource problems. The state-of-the-art statistical principles in the design, conduct and analysis of ecological studies.','marketing@west-inc.com','',0,''),(278,14,'Agnew-Sullivan Inc.','P.O. Box 1152','Thermopolis','Wyoming',82443,'307-754-2262','--','','Oil and gas production.','','',0,''),(279,14,'AM-West Petroleum','1217 Pearl','Upton','Wyoming',82730,'307-468-9238','--','','Gas and oil producers.','','',0,''),(280,14,'American Oil and Gas Inc.','7165 Nugget','Casper','Wyoming',82601,'307-265-6669','303-595-0709','www.americanoilandgasinc.com','Oil and gas exploration and production.','','',0,''),(281,14,'Anadarko Petroleum Corp.','P.O. Box 1689','Gillette','Wyoming',82717,'307-685-4130','307-682-0456','www.anadarko.com','','energyservices@anadarko.com','',0,''),(282,14,'Aquarius II Inc.','141 S. Center, Suite 302','Casper','Wyoming',82605,'307-265-9025','307-577-3048','','Oil and gas exploration and production.','','',0,''),(283,14,'Ballard Petroleum Holdings LLC','910 E. Third St., Suite B','Gillette','Wyoming',82716,'307-685-0217','307-682-2389','www.ballardpetroleum.com','','','',0,''),(284,14,'Big Basin Petroleum LLC','3105 Second St.','Gillette','Wyoming',82716,'307-687-0406','307-685-4211','www.conquestoil.com','Monitoring, remediation. Some oil and gas production.','','',0,''),(285,14,'Big Horn Gas','340 U.S. Highway 14-A W.','Byron','Wyoming',82412,'307-548-6309','307-736-2315','','Oil and gas exploration and development company.','','',0,''),(286,14,'Bill Barrett Corp.','1901 Energy Court, Suite 170','Gillette','Wyoming',82718,'307-685-4322','307-685-3488','www.billbarrettcorp.com','','','',0,''),(290,14,'Bowden Energy Co. Inc.','400 S. Gillette Ave., Suite 107','Gillette','Wyoming',82716,'307-682-3224','307-682-0481','','Oil and gas production.','bowdenenergy@vcn.com','',0,''),(288,14,'Black Diamond Energy Inc.','29 Stage Trail Road','Buffalo','Wyoming',82834,'307-684-2910','307-684-7483','www.blackdiamondenergy.com','Mining companies, contractors and brokers, crude oil, coal brokers.','','',0,''),(289,14,'Black Hills Exploration and Production Inc.','923 Grieves Road','Newcastle','Wyoming',82701,'307-746-3517','307-746-4122','www.bhep.com','','','',0,''),(291,14,'BP America Production Co. Inc.','1013 Cheyenne Drive, Suite A','Evanston','Wyoming',82930,'307-783-2000','307-783-2300','www.bp.com','','','',0,''),(292,14,'Buck Creek Gas Plant','2619 Lance Creek Highway','Lance Creek','Wyoming',82222,'307-334-2436','--','','','','',0,''),(293,14,'Bullock A O','2901 Navarre Road','Casper','Wyoming',82604,'307-472-0398','--','','Oil production company.','','',0,''),(294,14,'Burlington Resources Oil & Gas Co.','2700 Badwater Road','Lysite','Wyoming',82642,'307-876-2548','307-856-6806','www.br-inc.com','','','',0,''),(295,14,'Cabot Oil & Gas Corp.','Wyoming Highway 414 E.','Lonetree','Wyoming',82936,'307-782-7088','--','www.cabotog.com','','','',0,''),(296,14,'CH4 Energy LLC','2107 N. U.S. Highway 14-16','Gillette','Wyoming',82718,'307-682-4151','307-682-5205','www.ch4energy.net','Oil and gas production company.','','',0,''),(297,14,'Chevron USA Inc.','1013 Cheyenne Drive','Evanston','Wyoming',82930,'307-783-9300','307-783-9400','www.chevron.com','Oil and gas exploration and development.','','',0,''),(298,14,'Citation Oil & Gas Corp.','1016 E. Lincoln St.','Gillette','Wyoming',82716,'307-682-4853','307-682-0186','www.cogc.com','','','',0,''),(299,14,'Comet Energy Services','929 N. Main St.','Buffalo','Wyoming',82834,'307-684-9576','--','','Gas production.','','',0,''),(300,14,'Continental Production Inc.','P.O. Box  200','Worland','Wyoming',82401,'307-347-8216','307-347-9384','www.contres.com','','richard@wbaccess.net','',0,''),(301,14,'Delta Exploration','12613 State Highway 789','Shoshoni','Wyoming',82649,'307-876-2266','--','','','','',0,''),(302,14,'Devon Energy Production Co. LP','364 U.S. Highway 20 N.','Worland','Wyoming',82401,'307-347-2495','307-347-8986','www.devonenergy.com','Largest U.S.-based independent oil and gas producer and one of the largest independent processors of natural gas and natural gas liquids in North America.','','',0,''),(303,14,'Encana Oil and Gas USA Inc.','P.O. Box 2060','Pinedale','Wyoming',82941,'307-260-3001','303-623-2400','www.encana.com','Oil and gas production/development.','cocommunity@encana.com','',0,''),(304,14,'Energy Expediters Inc.','327 Center St., No. 2','Douglas','Wyoming',82633,'307-358-3336','307-358-3339','www.eei.bz','Developing a coal-to-liquid facility at the company-owned industrial park south of Bill, Wyo. ','sfields@eei.bz','',0,''),(305,14,'EOG Resources Inc.','P.O. Box 250','Big Piney','Wyoming',83113,'307-276-3331','307-276-3335','www.eogresources.com','One of the largest independent non-integrated oil and natural gas companies in the United States.','','',0,''),(306,14,'Fidelity Exploration & Production Co.','2585 Heartland Drive','Sheridan','Wyoming',82801,'307-672-7111','307-673-6850','www.fidelityepco.com','Oil and natural gas acquisition, exploration and production throughout the United States and the Gulf of Mexico.','','',0,''),(307,14,'Hilcorp Energy Co.','10065 Wyoming Highway 59 S.','Gillette','Wyoming',82718,'307-687-0318','713-209-2440','www.hilcorp.com','Privately-held exploration and production company based in Houston. ','','',0,''),(308,14,'J.M. Huber Energy','2266 N. Main St.','Sheridan','Wyoming',82801,'307-673-8800','307-673-8888','www.huber.com','Explore and produce natural gas.','l.vars@huber.com','',0,''),(309,14,'John P. Ellbogen LTD.','P.O. Box 1298','Casper','Wyoming',82602,'307-234-4559','307-473-1024','www.johnpellbogen.com','Parent company. Oil and gas development.','','',0,''),(310,14,'Kennedy Oil','700 W. Sixth St.','Gillette','Wyoming',82716,'307-682-3107','307-682-6060','','Oil and gas exploration.','koil@vcn.com','',0,''),(311,14,'Kirkwood Oil and Gas LLC','120 S. Durbin St.','Casper','Wyoming',82601,'307-265-5178','307-265-1791','','Oil and gas exploration. Uranium.','kog@tribcsp.com','',0,''),(312,14,'La Barge Minerals','La Barge Creek Road','La Barge','Wyoming',83123,'307-386-2365','307-386-2569','','','','',0,''),(313,14,'Lario Oil & Gas Co.','1211 S. Douglas Highway, Suite 211','Gillette','Wyoming',82716,'307-682-6770','307-685-6775','www.lario.net','Oil and gas exploration and development.','lario-oil@vcn.com','',0,''),(314,14,'Loundagin N.B.','P.O. Box 2028','Casper','Wyoming',82602,'307-234-0137','--','','Geologist, oil and gas producer.','','',0,''),(315,14,'M & K Oil Co. Inc.','901 S. 4J Road','Gillette','Wyoming',82716,'307-682-8047','307-686-6300','','Includes Maximum Drilling and Exploration.','','',0,''),(316,14,'Manewal Bradley Oil Co.','P.O. Box 67','Newcastle','Wyoming',82701,'--','--','','Oil and gas.','','',0,''),(317,14,'Manx Oil Corp.','330 S. Center St.','Casper','Wyoming',82601,'307-234-5516','307-472-1728','','','','',0,''),(318,14,'Marathon Oil Co.','1501 Stampede Ave.','Cody','Wyoming',82414,'307-587-4961','--','www.marathon.com','Integrated oil and gas company.','','',0,''),(319,14,'Marlin Oil Co. LLC','1121 Sioux Ave.','Gillette','Wyoming',82716,'--','--','','Oil and gas development.','','',0,''),(320,14,'Maxim Drilling and Exploration Inc.','901 S. 4-J Road','Gillette','Wyoming',82716,'307-682-2506','--','','Water-well drilling.','','',0,''),(321,14,'Medallion Exploration','297 Upper Powder River Road','Arvada','Wyoming',82831,'307-736-2369','--','','Oil and gas exploration and development.','','',0,''),(322,14,'Medicine Bow Operating Co.','1901 Energy Court','Gillette','Wyoming',82716,'307-687-7903','--','','','','',0,''),(323,14,'Merit Energy Co.','P.O. Box 159','Gillette','Wyoming',82717,'307-685-1400','307-682-2761','www.meritenergy.com','Oil and gas production.','','',0,''),(324,14,'Meritage Energy Partners LLC','900 Werner Court, Suite 275','Casper','Wyoming',82601,'307-234-1563','307-234-9441','','Oil and gas production.','','',0,''),(325,14,'Natural Gas Processing','P.O. Box 19','Worland','Wyoming',82401,'307-347-8221','307-347-3160','','','','',0,''),(326,14,'Nielson & Associates Inc./Binger Operations LLC','1401 Sheridan Ave., Suite 205','Cody','Wyoming',82414,'307-587-2445','307-527-4943','www.nielsonandassociates.com','Oil and gas exploration and development.','','',0,''),(327,14,'Northstar Operating Co. of Texas','159 N. Wolcott St., Suite 115','Casper','Wyoming',82601,'307-577-0100','432-684-5959','www.northstarop.com','Oil and gas development.','','',0,''),(328,14,'Peabody Natural Gas','Caller Box 3034','Gillette','Wyoming',82717,'307-687-3900','307-687-3988','www.peabodyenergy.com','','wjennings@peabodyenergy.com','',0,''),(329,14,'Pennaco Energy Inc.','1501 Stampede Ave.','Cody','Wyoming',82414,'307-685-5100','307-527-2003','www.marathon.com','','','',0,''),(330,14,'Phoenix Fuel Corp.','304 Coffeen Ave.','Sheridan','Wyoming',82801,'307-673-7000','--','www.phoenixfuelcorp.com','Major provider of aviation fuel, headquartered in Sheridan with branch offices presently in London, Houston and Miami.','','',0,''),(331,14,'Phoenix Production Co.','P.O. Box 2653','Cody','Wyoming',82414,'307-587-6440','307-587-6450','','','','',0,''),(332,14,'Pinedale Investment Inc.','P.O. Box 732','Pinedale','Wyoming',82941,'--','--','','','','',0,''),(333,14,'Pinnacle Gas Resources Inc.','1 E. Alger St.','Sheridan','Wyoming',82801,'307-673-9710','307-673-9711','www.pinnaclegas.com','Energy development and production company. As of October 2007, a wholly-owned subsidiary of Quest Resource Corp.','','',0,''),(334,14,'Powder River Gas LLC','850 Val Vista','Sheridan','Wyoming',82801,'307-673-7371','307-673-1400','','Coalbed natural gas operator.','ljames@fiberpipe.net','',0,''),(335,14,'Prima Exploration Inc.','3801 N. U.S. Highway 14-16','Gillette','Wyoming',82716,'307-686-1240','303-755-5682','','Oil field equipment and supplies, oil and gas exploration and development.','','',0,''),(336,3,'RMOTC/U.S. Department of Energy','907 N. Poplar St.','Casper','Wyoming',82601,'307-233-4800','307-233-4851','www.rmotc.doe.gov','Oil and gas testing and support, drilling, production, enhanced oil recovery, exploration, flow assurance, renewable energy testing and support, geothermal testing, solar testing, wind turbine testing, environmental, carbon management, training facility.','talk@rmotc.doe.gov','',0,''),(337,14,'Rock Well Petroleum US Inc.','122 N. Main St.','Sheridan','Wyoming',82801,'307-675-1200','307-673-1175','www.rockwellpetroleum.com','','info@rockwellpetroleum.com','',0,''),(338,14,'Rocky Mountain Gas','P.O. Box 1717','Gillette','Wyoming',82717,'307-686-3797','307-686-3743','','','','',0,''),(339,14,'Resolute Wyoming Inc.','1460 Hilight Road','Gillette','Wyoming',82718,'307-939-1395','--','','Oil and gas producer.','','',0,''),(340,14,'Shell Rocky Mountain Production LLC','P.O. Box 1666','Pinedale','Wyoming',82941,'307-367-4288','307-367-4285','www.shellus.com','','','',0,''),(341,14,'Skull Creek A. LLC','P.O. Box 1799','Douglas','Wyoming',82633,'--','--','','','','',0,''),(342,14,'SM Energy Company','341 E. E St., Suite 190','Casper','Wyoming',82601,'307-237-1575','--','www.sm-energy.com','','information@sm-energy.com','',0,''),(343,14,'Storm Cat Energy USA Operating Corp.','560 Apache Gas Plant Road','Recluse','Wyoming',82725,'307-685-6585','303-991-5075','www.stormcatenergy.com','Exploration company focusing on developing unconventional natural gas reserves globally. Offices in Colorado, Canada and Mongolia.','keith@stormcatenergy.com','',0,''),(344,14,'Suncor Energy Inc.','640 U.S. 14','Gillette','Wyoming',82716,'307-686-1240','307-685-6838','www.petro-canada.ca','Merged with Suncor Energy- will operate under that name when merger is complete, third quarter of 2009.','','',0,''),(345,14,'Texaco Exploration & Production','P.O. Box 1629','Rock Springs','Wyoming',82901,'307-352-5120','307-352-5180','www.chevrontexaco.com','','','',0,''),(346,14,'Timberline Production Co. LLC','800 Werner Court, Suite 220 ','Casper','Wyoming',82601,'307-577-7121','307-473-2263','','Owner-operator oil and gas production company.','djwalters@bresnan.net','',0,''),(347,14,'True Oil LLC','455 N. Poplar St.','Casper','Wyoming',82602,'307-237-9301','307-266-0252','www.truecos.com','Oil and gas exploration and production.','','',0,''),(348,14,'Ultra Resources Inc.','P.O. Box 1768','Pinedale','Wyoming',82941,'307-367-6442','303-708-9748','www.ultrapetroleum.com','Publicly traded independent exploration and production company with core properties in the Green River Basin of southeastern Wyoming and China.','smclure@ultrapetroleum','',0,''),(349,14,'Underwood Oil and Gas','7266 W. Yellowstone Highway','Casper','Wyoming',82604,'307-234-8113','307-234-8455','','','','',0,''),(350,14,'USA Exploration & Production LLC1','222 S. Gillette Ave.','Gillette','Wyoming',82716,'307-686-2082','307-686-0565','','','','',0,''),(351,14,'Valentine Construction Co.','211 Big Muddy Road','Glenrock','Wyoming',82637,'307-436-2465','307-436-9511','','','','',0,''),(352,14,'Wem Joint Ventures','311 N. Burma Ave.','Gillette','Wyoming',82716,'307-686-2579','--','','Remediation, monitoring, oil and gas development.','','',0,''),(353,14,'Western Interior Oil & Gas Corp.','642 Glenn Road','Casper','Wyoming',82601,'307-234-7192','--','','','','',0,''),(354,14,'Wexpro Co.','P.O. Box 458','Rock Springs','Wyoming',82906,'307-382-9791','307-352-7575','www.questar.com/wex-pro/','A market resources subsidiary that develops and produces cost-of-service reserves for affiliate Questar Gas.','','',0,''),(355,14,'Whiting Oil and Gas','P.O. Box 310','Cody','Wyoming',83414,'307-587-7812','307-587-7833','www.whiting.com','','','',0,''),(356,14,'Wildfire Partners LLC','400 E. First St., Suite 301','Casper','Wyoming',82601,'--','--','','Gas production.','','',0,''),(357,14,'Williams Production RMT Co.','300 N. Works Ave.','Gillette','Wyoming',82716,'307-686-1636','307-868-7574','www.williams.com','Gas and oil production.','','',0,''),(358,14,'Wind River Exploration','824 Lane 14 1/2','Lovell','Wyoming',82431,'--','--','','Oil producers.','','',0,''),(359,14,'Windsor Energy Group LLC','405 W. Boxelder Road','Gillette','Wyoming',82718,'307-686-0891','--','','','','',0,''),(360,14,'Windsor Oil and Gas','P.O. Box 1282','Glenrock','Wyoming',82637,'--','--','','','','',0,''),(361,14,'Wold Oil Properties Inc.','139 W. Second St., Suite 200','Casper','Wyoming',82601,'307-265-7252','307-265-7336','www.woldoil.com','','','',0,''),(362,14,'WYOIL','93 Airport Road','Buffalo','Wyoming',82834,'307-673-8502','--','www.wyoil.com','Gas exploration and development, remediation and monitoring.','','',0,''),(363,14,'XTO Energy Inc.','393 N. Wildcat Road','La Barge','Wyoming',83123,'817-870-2800','817-870-1671','www.xtoenergy.com','Operations in Powder and Green River Basins.','','',0,''),(364,14,'IKS Operating Inc. Inyan-Kara','P.O. Box 99','Upton','Wyoming',82703,'307-468-2316','--','','','','',0,''),(365,3,'Green Power & Energy','PO Box 463','Cokeville','Wyoming',82114,'801-824-8852','--','','Residential wind turbines.','','',0,''),(366,15,'BPM Minerals','789 Highway 14a E','Lovell','Wyoming',82431,'307-548-2271','--','','Manufacture structural clay products.','','',0,''),(367,15,'Brake Supply Co. Inc.','2000 Oil Drive','Casper','Wyoming',82604,'307-266-2900','307-266-1633','www.brake.com','Replacement parts to the heavy equipment industry.','','',0,''),(368,15,'Bruce Engineering Inc.','118 S. Gillette Ave.','Gillette','Wyoming',82716,'307-686-2252','307-687-7163','www.bruceengineering.com','Civil engineering, surveying, subdivision planning and design, water and wastewater design, environmental.','bei@vcn.com','',0,''),(369,15,'Buck Creek Gas Plant','2619 Lance Creek Highway','Lance Creek','Wyoming',82222,'307-334-2436','--','','','','',0,''),(370,15,'Bucyrus International','6500 Swanson Rd','Gillette','Wyoming',82718,'307-686-2812','307-682-2830','www.bucyrus.com','Mining equipment and supplies.','','',0,''),(372,15,'C & F Repair Service','911 S. Douglas Highway','Gillette','Wyoming',82717,'307-682-2734','307-686-8090','','Industrial machinery.','','',0,''),(371,15,'C & A Transportation','1941 Linda Vista Drive','Casper','Wyoming',82609,'307-577-8771','307-577-8772','','Trucking.','','',0,''),(373,15,'C & S Oil Tools','3100 Second Street','Gillette','Wyoming',82718,'307-682-6717','307-682-4149','','','','',0,''),(374,15,'C & Y Transportation Co.','10000 E. U.S. Highway 20-26','Casper','Wyoming',82601,'307-266-1667','--','www.cytransportation.com','Heavy-duty trucks equipped for field delivery, 200-acre pipe storage yard.','','',0,''),(375,15,'C Bar K Petroleum Services LLC','60 Industrial Lane','Sheridan','Wyoming',82801,'307-672-9035','--','','Auto service and repair, gas stations equipment repair, tanks maintenance and repair and tanks inspection and testing.','','',0,''),(376,15,'CDM Trucking Inc.','928 Laramie St.','Rock Springs','Wyoming',82901,'307-382-7738','--','','Trucking.','','',0,''),(377,15,'CL Well Service Inc.','1001 Seiloff St.','Rawlins','Wyoming',82301,'307-328-1093','--','','','','',0,''),(378,15,'Cameron Compression Systems','1950 North Loop Avenue','Casper','Wyoming',82601,'307-265-7653','307-266-6847','www.c-a-m.com','Reciprocating Compression · Drilling & Production Systems','','',0,''),(379,15,'Custom Energy Construction','P.O. Box 50606','Casper','Wyoming',82605,'307-265-8563','--','','Oil and gas exploration and development, gas equipment and industrial supplies.','','',0,''),(380,15,'Cannon Oil and Gas Well Service Inc.','348 Turret Drive','Rock Springs','Wyoming',82901,'307-382-9465','307-362-7220','','Well Service','','',0,''),(381,15,'Carr Construction Co','2615 Kerzell Lane','Casper','Wyoming',82601,'307-237-1013','307-266-4223','','General construction, mining reclamation','','',0,''),(382,15,'Central Hydraulic Inc.','2808 Contestoga Drive','Gillette','Wyoming',82718,'307-686-8272','307-686-8275','www.centralhydraulic.net','Manufacture and distribute hydraulic lift systems and injection pumps for oil fields and coal bed methane.','chi@vcn.com','',0,''),(383,15,'Centrilift A Baker Hughes Co. - Cody','313 Blackburn St.','Cody','Wyoming',82414,'307-527-6102','307-527-7807','www.centrilift.com','Manufactures and repair electrical submersible pump systems for oil fields, water, mining and industrial companies.','Cody.sales@centrilift.com','',0,''),(384,15,'Centruy Geophysical Corp','3530 Bird Drive No. 1A','Gillette','Wyoming',82718,'307-686-8045','918-838-1532','www.century-geo.com','Open hole, cased hole logging','','',0,''),(385,15,'Cerento, Inc.','937 West Main Street','Riverton','Wyoming',82501,'307-857-6725','307-856-1499','www.cerento.com','Design, install and support wireless networks.','sales@cerento.com','',0,''),(386,15,'CETCO (Colloid Environmental Technologies Co.)','92 Highway 37','Lovell','Wyoming',82431,'307-548-6521','307-548-6413','www.amcol.com','Entonite mining; manufactures sodium & potassium compounds','','',0,''),(387,15,'Charles Newton Drilling','650 W. River Road','Worland','Wyoming',82401,'307-347-2028','--','','Oil and gas well drilling, water-well drilling and service.','','',0,''),(388,15,'Chem-Frac, Inc.','320 Crescent Drive','Casper','Wyoming',82602,'307-235-3097','307-265-5299','','Oil field equipment, frac-tools.','','',0,''),(389,15,'Chemical Tracers Inc.','1814 Steele St.','Laramie','Wyoming',82070,'307-742-0418','307-742-0972','www.chemtracers.com','Manufacturing chemical preparations. Chemical Tracers, Inc. (CTI) is a global oilfield service company focused squarely on the future of oil production and enhanced oil recovery. ','Charlie@chemtracers.com','',0,''),(390,15,'Chemtrade Refinery Service Inc.','140 Goes In Lodge Rd.','Riverton','Wyoming',82501,'307-856-9217','307-856-7842','','','','',0,''),(391,15,'Chippewa Construction Co.','270 Esterbrook Road','Douglas','Wyoming',82633,'307-358-4711','--','','Heavy construction and oil field equipment and supplies.','','',0,''),(392,15,'Clear Creek Field Services','610 Butler Spaeth Road','Gillette','Wyoming',82718,'307-686-0310','307-686-9930','www.clearcreek-es.com','Midstream transportation service company providing natural gas gathering and instastate transportation services in the Rocky Mountain Region, Wyoming and Montana.  CCES, LLC connects to interstate and intrastate gas pipelines allowing producers to select favorable markets.','','',0,''),(393,15,'Climate Control, CO','550 E. College Drive','Cheyenne','Wyoming',82007,'307-632-2811','307-632-2612','www.trane.com','Installation and service of heating ventilation and air conditioning systems for commercial industrial and residential applications.','climatecontrol1@qwest.net','',0,''),(394,15,'Communication Technoligies, Inc.','1900 Elk St.','Rock Springs','Wyoming',82901,'307-382-5663','307-382-7323','comtech@comtechradio.com','Authorized Motorola two-way radio dealer, sales and service, authorized Union Wireless agent. ','janie@comtechradio.com','',0,''),(395,15,'Compressor Systems Inc.','210 Limestone Ave.','Gillette','Wyoming',82716,'307-473-1598','307-682-9394','','Oil and gas field services','','',0,''),(396,15,'Comtech','189 Progress Circle','Mills','Wyoming',82644,'307-232-8870','307-265-6578','www.comtechradio.com','Communication specialist: two-way radios; radio rentals $ repair; installation of cell equipment (Motorola, Kenwood, BK Radios.) ','loria@comtechradio.com','',0,''),(397,15,'Conquest Energy Services, LLC','3105 2nd St.','Gillette','Wyoming',82718,'307-685-4210','307-685-4211','www.conquestoil.com','Conquest provides oil well servicing, four Coal Bed Methane drilling rigs and support equipment, Smeal pump-pulling unit, backhoes and roustabout services.  Conquest provides contract well site supervision and engineering services. ','','',0,''),(398,15,'Continental Production Co.','123 W. First, Suite 710','Casper','Wyoming',82601,'307-472-0477','307-472-0476','www.continentalproduction.com','Contract operating, engineering, environmental and on site supervision. ','scottc@continentalproduction.com','',0,''),(399,15,'Cooper Energy Services','4988 N. Hwy 14','Rawlins','Wyoming',0,'307-682-6908','--','www.coopercameron.com','Manufactures oil/gas field machinery.','','',0,''),(400,15,'Corkill Drilling, Corp.','PO Box 384','Casper','Wyoming',82602,'--','--','','Oil producer','','',0,''),(401,15,'Crank Cos','1422 Seventh West Ave.','Kemmerer','Wyoming',83101,'307-877-9093','307-877-6351','','Land surveying, construction surveys, civil engineering, CAD drafting.','tomc@crankco.com','',0,''),(402,15,'Creative Construction Inc.','1831 Schoonover St.','Gillette','Wyoming',82718,'307-682-9001','307-682-9001','','Metal buildings: Provide and erect pre-engineered metal buildings; install insulation, siding for industrial buildings, specializing in mines and power plants. ','cciheath@vcn.com','',0,''),(403,15,'Crum Electric Supply','1165 English Ave.','Casper','Wyoming',82601,'307-266-1278','307-577-1312','www.crum.com','Electrical wholesale','jroden@crum.com','',0,''),(404,15,'Crum Electric Supply Co','1010 Dunn Ave','Cheyenne','Wyoming',82001,'307-778-8442','307-638-3854','www.crum.com','Electrical supply company.','kThomason@crum.com','',0,''),(405,15,'Cummins Rocky Mountain LLC-Gillette','2600 E. Second St.','Gillette','Wyoming',82716,'307-682-9611','307-682-8242','www.rockymountain.cummins','Distributor of diesel and natural gas engines in addition to power generation.  Offers parts, service and 24/7 support throughout the state.','info@rockymountain.cummins.com','',0,''),(406,15,'Cummins Rocky Mountain LLC - Rock Springs','2000 Foothill Blvd.','Rock Springs','Wyoming',82901,'307-362-5168','307-382-7900','www.rockymountain.cummins.com','Designer and manufacturer of diesel and natural gas engines in addition to power generation.  Offers parts, service and 24/7 support throughout Wyoming.','info@rockymountain.cummins.com','',0,''),(407,15,'Custom Mine Repairs Inc.','440 E. Third S. St','Green River','Wyoming',82935,'307-875-3573','--','','Minor parts for machinery.','','',0,''),(408,15,'CVIC Inc.','6719 W. Yellowstone Highway','Casper','Wyoming',82602,'307-237-6139','307-237-2801','www.cvicinc.com','Natural gas process equipment, pipe, structural steel fabrication, installation, U, UM & R code stamps. ','cvic@earthlink.net','',0,''),(409,15,'Cycolone Drilling Inc. ','5800 Mohan Road','Gillette','Wyoming',82718,'307-682-4161','307-682-3158','www.CycloneDrilling.com','Drilling contracting','','',0,''),(410,15,'D.D. Brause Engineering','400 E. First St. Suite 301','Casper ','Wyoming',82601,'307-235-4863','307-233-8495','','Petroleum/environmental engineering','dbrause@wercs.com','',0,''),(411,15,'Dale Weaver Inc.','1075 N. Panther Blvd.','Powell','Wyoming',82435,'307-754-2902','307-754-2903','www.daleweaver.com','Pumps parts and supplies dealers, pumps service and repair, CNC machining turning and milling shops.  Civil/mechanical general contractor.  Specializing in natural and methane gas facilities.  ','lterry@daleweaver.com','',0,''),(412,15,'Dave Newton Drilling Inc.','1253 Lane 14','Worland','Wyoming',82401,'307-347-4877','--','','Drilling services','','',0,''),(413,15,'Dooley Oil Inc.','720 Skyline Road','Laramie','Wyoming',82070,'307-742-5667','307-742-9044','','Wholesale petroleum products.','','',0,''),(414,15,'Double J. Supply Co.','5180 W. Yellowstone Highway','Casper','Wyoming',82604,'307-472-0093','307-234-3909','','Industrial supplies.','','',0,''),(415,15,'Douglas Exploration - Shop','1660 W. Richards St.','Douglas','Wyoming',82633,'307-358-9671','307-358-6150','www.douglas exploration.com','Drilling services.','','',0,''),(416,15,'Duke Energy Field Services/Overland Trail Transmission Co.','2515 Foothill Blvd. Suite 350','Rock Springs','Wyoming',82901,'307-352-6000','--','','Oil field services. Also located in Opal and Pinedale','','',0,''),(417,15,'Dust Contraol Inc.','2107C N. U.S.Highway 14-16','Gillette','Wyoming',82716,'307-686-5787','307-682-8239','www.dustcontrol.net','Manufactures, installs and services dust control equipment for coal mining and power plant materials handling systems. ','jeffh@dustcontrol.net','',0,''),(418,15,'Dyno Nobel Inc.','121 Richfield Ct.','Wright','Wyoming',82732,'307-464-0623','307-464-0838','','Commercial explosives.','','',0,''),(419,15,'Earth Work Solutions','2506 Little Powder River Road','Gillette','Wyoming',82717,'307-682-4346','307-682-3088','','Heavy equipment construction.','office@earthwork.us.com','',0,''),(420,15,'Economy Bit Service Inc.','PO Box 50368','Casper','Wyoming',82605,'307-234-6026','307-234-3645','','Repaired and new drill bits and tools.','econbit@hotmail.com','',0,''),(421,15,'Elkhorn Construction Inc.','71 Allegiance Circle','Evanston','Wyoming',82930,'307-789-1595','307-789-7145','www.elkhornconstruction.com','Construction and maintenance of oil, natural gas, petrochemical facilities. O & G fabrication, pre-engineered building erection.  Insulation and coatings.','rlunsford@elkhornconstruction.com','',0,''),(422,15,'Emats Inc.','21 Plains Drive','Buffalo','Wyoming',82834,'307-684-7195','307-684-7330','www.emats-inc.com','Engineering, management & tech support. ','rbrus@emats-inc.com','',0,''),(423,15,'Enercrest','PO Box 709','Big Piney','Wyoming',83113,'307-276-4777','--','www.enercrest.com','EnerCrest builds roads, pipelines and other facilities related to oil and gas development.','cniemeyer@enercrest.com','',0,''),(424,15,'Energy Compliance LLC','2302 Nighthawk Drive','Laramie','Wyoming',82072,'307-721-8951','307-721-8958','','Environmental consulting and compliance, hydrogeology, site assessment and remediation, uranium geology, permitting, wast management, project management. ','','',0,''),(425,15,'Energy Laboratories, Inc.','400 W. Boxelder Road','Gillette','Wyoming',82718,'307-686-7175','307-682-4625','www.energylab.com','commercial analytical laboratory specializing in organic, inorganic, trace metals, microbiological and radiochemical analysis of water, waste, soil, air and petroleum product samples.  ','','',0,''),(426,15,'Energy Laboratories, Inc.','2393 Old Salt Creek Road','Casper','Wyoming',82601,'307-995-3200','307-234-1639','www.energylab.com','','','',0,''),(427,15,'Enerflex Energy Services Inc.','885 South Burma Ave.','Gillette','Wyoming',82718,'307-682-2405','--','www.enerflex.com','','','',0,''),(428,15,'Energy Tech','P.O. Box 303','Meeteetse','Wyoming',82433,'307-868-2446','--','www.energytechjackn.com','Oil field well analysis and testing, fluid level, power and bottom hole pressure surveys. ','cjn05@tctwest.net','',0,''),(429,15,'Energy Transportation Inc. ','6301 W. Zero Road','Casper','Wyoming',82602,'307-266-3890','307-266-4801','www.energytran.com','Trucking (heavy haul), crane and rigging for the energy industry, terminals in Casper, Gillette and Rock Springs. ','dmcglade@wyoming.com','',0,''),(430,15,'Exterran','1010 Falcon Ave.','Mills','Wyoming',82644,'307-266-6373','307-266-5630','www.exterran-co.com','Formerly Hanover. Natural gas compression leasing, service, manufacturing and parts. ','','',0,''),(431,15,'Extreme Petroleum Techology Inc. ','159 N. Wolcott St. Suite 100','Casper','Wyoming',82601,'307-266-4498','307-266-4495','www.extremepetrotech.com','Property evaluation and economics, reserves estimates and reports, well and completion design, reservoir and EOR studies, expert witness testimony regulatory permitting, well site management, coalbed methane.  ','leo@extremepetrotech.com','',0,''),(432,15,'Farleigh Oil Corp','104 S. Wolcott St. Suite 720','Casper','Wyoming',82601,'307-266-1498','307-266-1113','www.farleighoil.com','Leasing, prospect generation, drilling. ','lois@farleighoil.com','',0,''),(433,15,'Fitzsimmons LLC','2201 Cabin Court','Gillete','Wyoming',82718,'307-686-3158','307-686-3164','','Independent land man. ','','',0,''),(434,15,'Fitzsimmons LLC','2201 Cabin Court','Gillete','Wyoming',82718,'307-686-3158','307-686-3164','','Independent land man. ','','',0,''),(435,15,'Flint Energy Services LTD','P.O. Box 248','Boulder','Wyoming',82923,'307-537-3225','307-537-3228','www.flintenergy.com','Full range of integrated midstream production services for North America\\\'s energy and resource industries. ','rbelvin@flinteng.com','',0,''),(436,15,'Flotek Industries, Inc.','5608 S. Winland Drive','Gillette','Wyoming',82718,'307-686-8440','307-685-3224','www.flotekpumpservices.com','Flotek is a full service submersible pump distributor that is based in Gillette, WY and is focused on meeting the needs and challenges of the coal bed methane and oil industries. ','','',0,''),(437,15,'Frontier Electric','926 W. Bonneville','Pinedale','Wyoming',82941,'307-367-6434','307-637-6433','','Electrical contractor. ','','',0,''),(438,15,'Gas Ventures LLC','3167 Energy Lane, Suite 700','Casper','Wyoming',82604,'307-266-2903','307-234-7767','','Remediation, monitoring, oil and gas producers, exploration and development. ','','',0,''),(439,15,'Gases Plus','110 S. Fifth St.','Worland','Wyoming',82401,'307-347-2061','307-347-6416','','','','',0,''),(440,15,'Gases Plus','PO Box 840','Casper','Wyoming',82602,'307-234-4695','--','','','','',0,''),(441,15,'Gases Plus Norco LLC','811 Edwards St.','Gillette','Wyoming',82718,'307-682-8250','307-686-6103','www.gasesplus.com','Distributor of industrial, medical and specialty gases adn related equipment, welding equipment, fire service equipment, safety supplies and jaitorial supplies. ','','',0,''),(442,15,'George Ratcliff Drilling','1700 Country Club Rd.','Gillette','Wyoming',82718,'307-682-3757','--','','','','',0,''),(443,15,'Gilligan\\\'s LLC','2720 Garman Rd.','Gillette','Wyoming',82716,'307-682-0869','307-686-2754','','','','',0,''),(444,15,'Glenn\\\'s Machine Shop','6771 W. Yellowstone Highway','Mills','Wyoming',82644,'307-472-2109','--','','Oil field machine shop.','','',0,''),(445,15,'Goldmark Engineering, Inc.','3167 Energy Lane, Suite 110','Casper','Wyoming',82604,'307-237-8174','307-587-2458','','Engineering services for real estate, oil and gas production. ','','',0,''),(446,15,'H & H Technical','1949 Sugarland Drive, No. 134','Sheridan','Wyoming',82801,'307-672-0743','307-672-5118','','Gas plant, amine plants, engineering services.  ','hdts@wavecom.net','',0,''),(447,15,'Halliburton Energy Services','1801 Blairtown Ave.','Rock Springs','Wyoming',82901,'307-352-8600','--','www.halliburton.com','Monitoring and remediation, products and services to the oil and gas industries. ','','',0,''),(448,15,'Hettinger LLC','1200 E. Lincoln','Gillette','Wyoming',82716,'307-687-0127','307-682-3170','www.hettingerlic.com','Compressor station installation, process plant installation, industrial building fabrication and installation, pipeline earthwork, fabrication, and facility maintenance ASME code shop. ','mdh@hettingerwelding.com','',0,''),(449,15,'High Country Fabrication','1000 W. First St.','Casper','Wyoming',82604,'307-235-0189','307-472-4336','www.hicofabrication.com','Fabrication of heat exchangers, vessels, towers, reactors and reboilers. ','hico@hicofab.com','',0,''),(450,15,'High Plains, Inc. ','PO Box 473','Gillette','Wyoming',82717,'307-682-9149','--','','Logging, perforating, pipe recovery, stage frac, radial torch. ','','',0,''),(451,15,'High West Communication Inc. ','6270 Laramie County Road 212','Pine Bluffs','Wyoming',82082,'307-245-3810','307-245-9292','www.highwestcomputerservices.com','Lifeline phone systems, computer rep and sales, water heater sales, radiant heater sales. ','','',0,''),(452,15,'Holland & Hart LLP','2515 Warren AVe. Suite 450','Cheyenne','Wyoming',82001,'307-778-4200','307-778-8175','www.hollandhart.com','Oil and gas, imining, employment law, natural resources, business, litigation.  ','lobrecht@hollandhart.com','',0,''),(453,15,'Hunting Performance Inc.','1359 Willer Drive','Casper','Wyoming',82604,'307-265-6550','307-473-1485','','Drilling oil and gas wells. ','','',0,''),(454,15,'Hydrocarbon Engineers','220 Center St. Suite 217','Casper','Wyoming',82601,'307-234-0207','307-472-5640','','Petroleum engineers, oil and gas exploration and development. ','','',0,''),(455,15,'IGO Oil Field Service Inc.','38 Jarmon Trail Road','Douglas','Wyoming',82633,'307-358-4905','307-358-4909','www.igooil.com','Hot oil tanks, vacuum trucks, transports, frac tanks, winch trucks, hydrotesters trucks.  ','','',0,''),(456,15,'Industrial Lining Systems','701 Bear Pen Road','Casper','Wyoming',82601,'307-472-5400','307-472-3375','','Oil field services; sandblasting; fiberlass lining, tank coatings.  ','ils@vcn.com','',0,''),(457,15,'Industrial Screen & Maintenance Inc. ','750 E. F. St.','Casper','Wyoming',82601,'307-234-3547','307-473-1341','www.industrial screen.com','Machining, welding, urethan, industrial screens, coalbed methane screens and de-gas shrouds, crane repair and installation and pump repairs. ','Sales@industrialscreen.com','',0,''),(458,15,'Inter-Mounatin Laboratories, Inc.','555 Absaraka','Sheridan','Wyoming',82801,'307-674-7506','307-672-6053','www.intermountainlabs.com','Analytical chemistry and monitoring services in soil, water, and air science. Field offices in Gillette and Casper. ','dro@imlinc.com','',0,''),(459,15,'Inter-Mountain Pipe and threading Company','P.O. Box 50588','Casper','Wyoming',82605,'307-234-2058','307-472-1903','www.inter-mountain.com','Casing, tubing, API, line and drill pipe; special application flush joint threaded connections for oil field, mining and construction industry. Studs, nuts and gaskets. ','rick@inter-mountain.com','',0,''),(460,15,'Interstate Bearing Systems','3323 LeTourneau Drive','Gillette','Wyoming',82716,'800-677-7720','--','www.istate.com','Support and service in the fields of Diesel Gas Engines and Allison Transmission, Power Generation, Bearing Systems, Transport Refrigeration, Assembly Systems. ','','',0,''),(461,15,'Interstate Detroit Diesel ','3323 Le Tourneau Drive','Gillette','Wyoming',82718,'307-682-8596','307-682-9232','istate.com','Trucks service and repair, generators commercial and industrial, diesel engine parts sales and service, electric motor dealers, power transmission equipment. ','','',0,''),(462,15,'inyan Kara Services, Inc.','1244 Second St.','Upton','Wyoming',82730,'307-468-2316','307-468-2290','','','','',0,''),(463,15,'Iron Creek Energy Group LLC','1501 Stampeed Ave, Third Floor','Cody','Wyoming',82414,'307-587-7232','307-527-4943','www.ironcreekenergy-group.com','Outsourcing solutions for exploration and production companies; accounting, engineering, geoscience, regulatory. ','','',0,''),(464,15,'Jim\\\'s Water Service CBM Division','1409 Echeta Road, Suite B','Gillette','Wyoming',82716,'307-682-1813','--','','Oil and gas production; gas-liquefied petroleum, winch trucks, dirt equipment, frac tanks, vacuum tanks, floats. ','','',0,''),(465,15,'John Trotter, Consulting Geologist','141 S. Center St. Suite 302','Casper','Wyoming',82601,'307-265-9025','307-577-3048','','Geologist.  Also owns Aquarius. ','','',0,''),(466,15,'JW Measurement Co. Field/Sales Office','222 N. Cole Creek Road','Evansville','Wyoming',82636,'800-442-2465','307-234-0009','www.jwoperating.com','Fabricate oil and natural gas equipment.','bdewald@trib.com','',0,''),(467,15,'JW Williams Inc.','PO Box 2106','Casper','Wyoming',82602,'307-237-8345','307-234-1530','www.jwwilliams-flint.com/frontgage.html','Oil and gas processing equipment.  ESAB plasma laser.','williams@jwwilliams-flint.com','',0,''),(468,15,'K B Energy LLC','1704 Stae Hwy 13','Rock River','Wyoming',82083,'307-378-3480','--','','Wind direction indicatiors, other measuring and controlling device manufacturing. ','','',0,''),(469,15,'K N Gas Gathering Inc.','252 Highway 59','Douglas','Wyoming',0,'307-358-2191','307-358-8528','www.kne.com','','','',0,''),(470,15,'Keith\\\'s Pumping Services','48 Country Lane','Moorcroft','Wyoming',82721,'307-756-3692','--','','','','',0,''),(471,15,'Kissack Oil Field Service','3705 Echeta Road','Gillette','Wyoming',82716,'307-682-1671','307-682-2105','','','','',0,''),(472,15,'Kissack Water & Oil Service Inc.','8 S. Heptner Road','Moorcroft','Wyoming',82721,'307-682-9026','--','','Oil field service work, water and oil hauling, kill trucks, vacuum tankers, 400 bbl frac tanks. ','','',0,''),(473,15,'Koch Production LTD','300 N. Fourth St.','Worland','Wyoming',82401,'307-347-2129','--','','','','',0,''),(474,15,'Komatsu Equipment','10790 S. Wyoming Highway 59','Gillette','Wyoming',82718,'307-682-1445','307-687-1043','www.komatsu.com','Construction and mining machinery sales, parts and service. ','','',0,''),(475,15,'L & H Industrial Inc. ','913 L & J Court','Gillette','Wyoming',82718,'307-682-7238','307-686-1646','www.lnh.net','Complete machine, mechanic and welding shop; mechanical engineering and oilfield service. ','info@lnh.net','',0,''),(476,15,'L & L Enterprises','328 Wyoming Highway 59','Douglas','Wyoming',82633,'307-358-5834','307-358-9611','','Specialize in used oil field equipment. ','','',0,''),(477,15,'L & L Oil Field Service and Lo-Gear Trucking LLC','189 Preston St.','Linch','Wyoming',82640,'307-437-6419','307-437-6459','','Roustabout, pip lining, vacuum tracks, welding and tank battery, construction. ','','',0,''),(478,15,'Laduke Distributing LLC','341 E. E St., Suite 110','Casper','Wyoming',82605,'307-265-7007','307-265-7007','','Sales and service of pressure and hot jet spray washers. ','duke1231@bresnan.net','',0,''),(479,15,'Laramide LLC','104 S. Wolcott St. No. 625','Casper','Wyoming',82601,'307-265-4812','--','','Remediation, monitoring for oil and gas industry. ','','',0,''),(480,15,'Larry\\\'s Mining Inc.','2020 Schoonover St.','Gillette','Wyoming',82718,'307-682-5394','307-686-6523','www.larrysmining.com','Excavation, reclamation and mine services. ','larrys@collinscom.net','',0,''),(481,15,'Letourneau Sales & Service Co.','3201 Le Tourneau Drive','Gillette','Wyoming',82718,'307-686-1808','307-686-1833','www.letorneau-inc.com','Mining equipment and supplies. ','','',0,''),(482,15,'Liebherr Mining Equipment. Co.','5800 S. Highway 59','Gillette','Wyoming',82718,'307-686-0948','307-682-2345','www.Liebherr.com','Mining equipment. ','rich.och@lme.liebherr.com','',0,''),(483,15,'Link Oil Co. Inc.','6000 E. Yellowstone','Casper','Wyoming',82609,'307-265-3300','307-265-3303','linkoilcompany.com','Sinclair Oil distributor, gas and diesel distributor. ','chrism@linkoilcompany.com','',0,''),(484,15,'M & M Oil Field Service','3100 N U.S. Highway 14-16','Gillette','Wyoming',82716,'307-682-4852','307-685-3130','','Oil field service.','','',0,''),(485,15,'M-3 Industries','320 Crescent Drive','Mills','Wyoming',82604,'307-265-5296','307-265-5299','','Oil well logging and perforating, oil and gas producers.','','',0,''),(486,15,'Maxim Drilling and Exploration Inc.','901 S. 4-J Road','Gillette','Wyoming',82716,'307-682-2506','--','','Water-well drilling. ','','',0,''),(487,15,'McJunkin Redman Corp.','2175 Blairtown Road','Rock Springs','Wyoming',82902,'307-382-5220','307-382-5218','www.mcjunkinredman.com','Manufactures and distributes pipe, valves and fittings for mines and oil fields. ','','',0,''),(488,15,'Mel\\\'s Water Service, Inc.','30 Burlington Drive','Lysite','Wyoming',82642,'307-235-2132','307-876-2649','www.melswater.com','Hot oil, super sucker, tank cleaning, vacuum truck, portable water, oil field equipment and supplies, oil field transportation, tank cleaning and draining, wastewater treatment and disposal, freight trucking.  Offices in Caper and Lysite. ','info@melswater.com','',0,''),(489,15,'Minserco Inc.','6600 Swanson Rd.','Gillette','Wyoming',82718,'307-686-2512','--','www.bucyrus.com','Mining equipment.','','',0,''),(490,15,'Moneyhun Equipment Sales and Service Co., Inc.','2220 Upland Street','Rock Springs','Wyoming',82901,'307-382-2926','307-382-3083','www.messco.com','Process equipment manufacturer and fabrication company for the oil and gas industries. ','info@messco.com','',0,''),(491,15,'Moore Mining Oil Field Service','1020 Country Club Road, No. 7G','Gillette','Wyoming',82718,'307-687-0299','307-687-0299','','General roustabout and labor steam cleaning. ','','',0,''),(492,15,'MPI Warehouse Specialty Inc.','PO Box 940','Casper','Wyoming',82602,'307-265-3333','307-266-5287','www.mpiwarehouse.com','Sells oil field and industrial products: paints gauges, thermometers and instrumentation. ','insales@mpiwarehouse.com','',0,''),(493,15,'NATCO','76 Purple Sage Road','Rock Springs','Wyoming',82902,'307-362-2137','307-362-2064','www.natcogroup.com','Manufacture and repair; oil field equipment, tanks, production equipment, etc. ','','',0,''),(494,15,'National Oilwell Varco','107 S. Second St.','Riverton','Wyoming',82501,'307-856-6533','307-857-3070','','Oilfield parts supply. Production, drilling, maintenance. ','','',0,''),(495,15,'National Oilwell Varco-Distribution','555 N. Center St.','Casper','Wyoming',82601,'307-235-2751','307-235-9003','www.nov.com','Fabrication; pumps-multiplex, centrifugal, PC, pipe, valves and fittings.  ','jason.bullard@natoil.com','',0,''),(496,15,'National Oilwell Varco-Rig Solutions','1080 N. Robertson Road','Casper','Wyoming',82604,'307-473-8888','307-235-8920','www.nov.com','Designs and manufactures oil field equipment, provides oilfield inspection and supply chain integration services to the upstream oil and gas industry.  ','','',0,''),(497,15,'NC Machine LLC','3265 Salt Creek Highway','Casper','Wyoming',82601,'307-266-5667','307-266-1724','ncmachinebop.com','Oilfield equipment, supplies, machinery and repair. ','nich@ncmachinebop.com','',0,''),(498,15,'Nelson Brothers Mining Services','76 Purple Sage Road ','Gillette','Wyoming',82718,'307-687-0762','307-687-0758','','Explosives for sub-bituminous coal mining.  ','','',0,''),(499,15,'Nepeco','450 Highway 14A West','Byron','Wyoming',82412,'307-548-2515','307-548-7050','','Rental equipment','','',0,''),(500,15,'Nick B. Loundagin, Geologist','64 Marigold St.','Casper','Wyoming',82604,'307-234-0137','--','','Geologic services.','','',0,''),(501,15,'Nico Plating, Inc.','540 Gehring St.','Casper','Wyoming',82602,'307-266-6432','--','www.nicroplating.com','Plating for oil field equipment, down hole tools, guns, stove parts, auto parts, bike frames. ','','',0,''),(502,15,'Northern Lights Energy Co','3823 Burd Road','Casper','Wyoming',82604,'307-436-9446','307-473-2976','','Locations in Casper, Glenrock, Mills, Big Piney, Rock Springs.','','',0,''),(503,15,'Northern Production Co. Inc.','701 Sinclair St.','Gillette','Wyoming',82718,'307-682-5708','307-682-5530','','Workover, completion rigs, oil field equipment and supplies. ','','',0,''),(504,15,'Northstate Corp.','P.O. Box 627','Powell','Wyoming',82435,'307-754-7271','307-754-2312','','Oil field equipment and supplies. ','','',0,''),(505,15,'Norton Oil Tool. Co','5600 W. Yellowstone Highway','Casper','Wyoming',82604,'307-472-3333','307-472-3333','','Complete machine ship and welding service, precision machine work, high pressure welding, blueprint work, milling work, metalizing, oil tools.  ','','',0,''),(506,15,'Nucore Drilling Inc.','1300 Vermont St.','Rock Springs','Wyoming',82901,'307-382-4049','--','','Drilling company','','',0,''),(507,15,'Oedekoven Water & Hot Oil Srvice','841 Recluse Road','Recluse','Wyoming',82725,'307-682-4951','307-686-6725','','Fluid services.','','',0,''),(508,15,'Oilfield Service, LLC','PO Box 188','Moorcroft','Wyoming',82721,'307-680-7346','--','','Oilfield services','','',0,''),(509,15,'P & H Minepro Services','5834 S. Windland Dr.','Gillette','Wyoming',82718,'307-685-8230','307-685-4101','www.minepro.com','Mining machinery.  Provider of field assembly, repair, technical, and relocation services.  Rebuilder of AC/DC motoers and hearboxes. Additional fabrication and rebuild facilities located in Evansville. ','sbradley@minepro.com','',0,''),(510,15,'Pathrinder Energy Services','1283 N. Derick Drive','Casper','Wyoming',82604,'307-265-3145','307-265-3150','www.pathfinderlwd.com','Subsidiary of W-H Energy. Specializes in: directional drilling, measurement-while-drilling, logging-while-drilling, formation evaluation. ','','',0,''),(511,15,'Pathfinder Security Consulting','PO Box 1697','Riverton','Wyoming',82501,'307-203-9627','740-947-6026','www.pathfinder-security.com','Energy industry security, medical and support services.  ','info@pathfinder-security.com','',0,''),(512,15,'Patterson-UTI Energy Inc.','387 W. Blair Ave.','Rock Springs','Wyoming',82901,'307-382-4665','307-237-4630','www,oatebergt,cin','Wells, maintenance, engineering, water-well drilling and service, oil field equipment adn supplies. ','','',0,''),(513,15,'Peak Environmental Management Inc.','2200 Mississippi St.','Green River','Wyoming',82935,'307-875-2893','--','','','','',0,''),(514,15,'Petroleum Dynamics','1409 Echeta Road, Suite D','Gillette','Wyoming',82716,'307-682-0824','--','','Well testing and automation.  Manufacturer\\\'s rep for Rufkin Automation and Well Master Plunger Lift. ','','',0,''),(515,15,'Pine Ridge Petroleum','112 N. Big Horn Ave.','Moorcroft','Wyoming',82721,'307-756-9317','307-756-3214','','Oil field support, oil and gas production.','prpet@trib.com','',0,''),(516,15,'Prazair Inc. ','PO Box 249','Green River','Wyoming',82935,'307-875-9061','--','www.praxair.com','Oil field service.','','',0,''),(517,15,'Production Sepcialty/MISCO','1030 W. Collins Dr.','Casper','Wyoming',82604,'307-261-9956','307-261-9957','','Used oilfield equipment, pumps. ','','',0,''),(518,15,'Prosafe','71 Allegiance','Evanston','Wyoming',82931,'307-789-1595','307-789-7145','www.elkhornconstruction.com','Safety consulting and services. ','','',0,''),(519,15,'Pump Pro Inc.','115 Union Chapel Rd.','Gillette','Wyoming',82718,'307-682-7003','307-682-0353','','','','',0,''),(520,15,'Pure Automation Inc.','504 connecticut St.','Rock Springs','Wyoming',82901,'307-371-3335','307-362-3976','www,pure-automation.com','Pure Automation supplies technology for turn-key applications to retrofits; providing the most effective combination of hardware and software to address your monitoring and control needs.  We provide reliable, powerful and user-friendly packages that improve production and safety as well as reduce environmental impact. ','orinw@pure-automation.com','',0,''),(521,15,'R & M Energy Stystems','1005 Falcon Ave.','Mills','Wyoming',82644,'307-234-1239','307-577-0946','www.rmenergy.com','Manufactures rod guides and rod rotators for oil fields. ','','',0,''),(522,15,'Red Horse Oil Co. Inc. ','PO Box 128','Rocks Springs','Wyoming',82902,'307-362-3649','307-362-2313','www.redhorseoil.com','Petroleum products: fuels, lubricants, tanks.','rick@redhorseoil.com','',0,''),(523,15,'Redi Services LLC','225 W. Clark St.','Lyman','Wyoming',82937,'307-787-6333','307-787-3124','www.rediservicesllc.com','Electrical, insulation, paintings and coating; well head hookups; hydro-excavators; metal building installation; welding; concrete; general construction.','janderson@rediservicesllc.com','',0,''),(524,15,'Rimpull Corp.','3202 Hackathron Lane','Gillette','Wyoming',82716,'307-682-6500','--','www.rimpull.com','Mining equipment and supplies. ','kbowker@rimpull.com','',0,''),(525,15,'RMOTC/U.S. Department of Energy','907 N. Poplar St.','Casper','Wyoming',82601,'307-233-4800','307-233-4851','www.rmotc.doe.gov','Oil and gas testing and support, drilling, production, enhanced oil recovery, exploration, flow assurance, renewable enery testing and support, geothermal testing, solar testing, wind turbine testing, environmental, carbon managment, training facility.','talk@rmotc.doe.gov','',0,''),(526,15,'Road Runner Service & Supply','6395 W. Yellowstone Hwy.','Casper','Wyoming',82604,'307-265-2940','307-265-3342','','Downhole rod pumps.','','',0,''),(527,15,'Rocky Mountain Casing','2751 Yellowstone Road','Rock Springs','Wyoming',82901,'307-362-7050','307-362-1890','','','','',0,''),(528,15,'Ruby Drilling','2901 S. 4 J Rd','Gillette','Wyoming',82718,'307-682-5343','307-687-7155','','Industrial pumps, consultation, domestic, irrigation, industrial, water well suppleis, desigh, installation, service. ','','',0,''),(529,15,'Sage Tech CDL Training & Fleet Services','1707 E. Fox Farm Rd.','Cheyenne','Wyoming',82007,'877-710-7243','307-778-8056','www.sageschools.com','Truck driver training (CDL), workforce development, job placement, energy industry driver training. ','cheyenne@sageschools.com','',0,''),(530,15,'Sage Truck Driving Schools','2368 Oil Drive','Casper','Wyoming',82604,'307-234-0242','307-234-0552','www.sageschools.com','Truck driver training, oilfield driver programs, defensive driving, driver recruitment, fleet safety.  ','casper@sageschools.com','',0,''),(531,15,'Samson Resources Co.','170 Bugas','Wamsutter','Wyoming',82336,'307-383-2042','307-628-0726','www.samson.com','A privately held exploration and production company headquartered in Tulsa, Oklahoma.','','',0,''),(532,15,'Schmid Energy Services Inc.','PO Box 893','Rock Springs','Wyoming',82902,'307-354-6214','307-382-6914','','Oil field services, ie: roustabouts, well hookups, field maintenance, project supervision and consulting. ','schmidenergy@yahoo.com','',0,''),(533,15,'Seale Oilfield Consultants Inc.','5026 Yllow Creek Road','Evanston','Wyoming',82930,'307-789-4453','307-789-8253','','Oil field transportation and fluid handling.','','',0,''),(534,15,'Sivall\\\'s Inc.','91 Independence Drive','Evanston','Wyoming',82930,'307-789-0574','307-789-0576','www.sivalls.com','Manufacture, sell and service processing equipment for the energy industry.','casper@sivalls.com','',0,''),(535,15,'Sivall\\\'s Inc.','5 Rawhide Trail','Casper','Wyoming',82605,'307-235-3405','307-235-4129','www.sivalls.com','Manufacture, sell and service processing equipment for the energy industry. ','casper@sivalls.com','',0,''),(536,15,'SKV LLC','14895 Wyoming Highway 387','Wright','Wyoming',82732,'307-464-1300','307-464-1401','','Mining companies contractors and brokers, mining equipment and supplies retail, welding contractors, crude oil. ','','',0,''),(537,15,'Spencer Welding & Machine Shop','330 S. Fourth St. W','Riverton','Wyoming',82501,'307-857-1642','307-857-1642','','Welding of TIG, MIG and stick. New fabrication repairs. Certified with gas companies; CIG, Kinder Morgan, Chevron. Weld to codes of 1104 to B31-3 extreme. Twenty-two years welding experience. ','jamies@trib.com','',0,''),(538,15,'SST Energy Corp. ','8901 W. Yellowstone Highway','Casper','Wyoming',82604,'307-235-3529','307-473-1650','www,sstenergy.com','Contract drilling services for the development of oil and natural gas and scientific purposes in the Rocky Mountain region of the United States, with a fleet of eleven rigs.  ','','',0,''),(539,15,'Stabil Drill','1118 Falcon Ave.','Mills','Wyoming',82644,'307-234-4203','307-234-9057','htt://superiorenergy.com','','','',0,''),(540,15,'Statmon Technologies Corp.','544 E. Yellowstone Highway','Casper','Wyoming',82604,'307-234-1030','--','','Drilling oil and gas wells. Formerly Viable Resources. ','','',0,''),(541,15,'Subsurface Tools','2002 sunset Drive','Rock Springs','Wyoming',82901,'307-362-2852','307-382-3541','http://superiorenergy.com','Oil field equipment retal service.  ','randy.makinen@subsurface.com','',0,''),(542,15,'Sunshine Valley Petroleum Corp.','7165 Nugget','Evansville','Wyoming',82636,'307-237-7854','307-237-','','Monitoring, remediation.','','',0,''),(543,15,'Superior Machine Co.','376 E. N. St.','Powell','Wyoming',82435,'307-754-3412','307-754-3166','','Machine shop, oil field service. ','','',0,''),(544,15,'T-3 Energy Services, Inc.','61 Chimuza St.','Rock Springs','Wyoming',82901,'307-362-1320','307-362-1327','www..t3energyservices.com','Designs, manufactures, repairs and services products used in drilling of new oil gas wells, the workover of existing wells, and the production and transportation of oil and gas.  Products used in both onshore and offshore applications throughout the world.  Eighteen manufacturing facilities located throughout North America. ','OPs@t3energy.com','',0,''),(545,15,'Terex Mining','1607 E. Lincoln St.','Gillette','Wyoming',82716,'307-682-2777','307-682-5777','ww.terexmining.com','Manufactures and distributes parts for mining offroad hauling trucks. ','','',0,''),(546,15,'Thomas Drilling LLC','131 Rocky Road','Afton','Wyoming',83110,'307-885-9257','307-885-9257','','','','',0,''),(547,15,'Thorofare Resources','123 W. First St. No. 620','Casper','Wyoming',82601,'307-266-5152','307-268-3108','','Oil and gas exploration and development. ','','',0,''),(548,15,'TIC-The Industrial Co. Wyoming Inc.','1474 Willer Drive','Casper','Wyoming',82604,'307-235-9958','307-266-2053','www.tic-inc.com','Oilfield service and supply, machining service repairs. ','jim-ludden@ticus.com','',0,''),(549,15,'Timco Service & Supply','100 N. US highway 14-16, no. A','Gillette','Wyoming',82717,'307-682-5262','307-682-2240','www.timcoservice.com','Oilfield service and supply, machining srvice repairs. ','sales@timcoservice.com','',0,''),(550,15,'Total Well Solutions LLC','5521 Swanson Rd','Gillette','Wyoming',82718,'307-686-8440','--','www.cesi.com','','','',0,''),(551,15,'Townsend Co. Inc.','223 W. Wentworth St.','Newcastle','Wyoming',82701,'307-746-2487','307-746-2440','','Support services and oil/gas production.','','',0,''),(552,15,'Townsend Co. Inc.','223 W. Wentworth St.','Newcastle','Wyoming',82701,'307-746-2487','307-746-2440','','Support services and oil/gas production.\r\n','','',0,''),(553,15,'Tri-State Mine Service','2720 Commercial Way','Rock Springs','Wyoming',82902,'307-362-1900','--','','Specialized brazing of tungsten carbide mining equipment and supplies. ','','',0,''),(554,15,'Trihydro Corp. Casper','707 W. First St.','Casper','Wyoming',82601,'307-232-8091','307-232-8404','','','','',0,''),(555,15,'Trihydro Corp. - Cheyenne','3001 E. Pershing Blvd. Suite 115','Cheyenne','Wyoming',82001,'3--','--','','','','',0,''),(556,15,'Trihydro Corp. - Cheyenne','3001 E. Pershing Blvd. Suite 115','Cheyenne','Wyoming',82001,'307-635-3616','--','','','','',0,''),(557,15,'Trihydro Corp. - Lander Office','350 Garfield St.','Lander','Wyoming',82520,'307-332-5280','--','www,trihydro.com','','','',0,''),(558,15,'Trihydro Corporation','1252 commerce Drive','Laramie','Wyoming',82070,'307-745-7474','307-745-7729','www.trihydro.com','Surveying: Oil and gas platting and staking, boundry and lot surveys, construction staking, right-of-way surveys, ALTA surveys, as-built surveys.','information@trihydro.com','',0,''),(559,15,'True Oil LLC','455 N. Poplar St.','Casper','Wyoming',82602,'307-237-9301','307-266-0252','www.truecos.com','Oil and gas exploration and production.','','',0,''),(560,15,'Tube Alloy Corp.','3501 N. Poplar St.','Casper','Wyoming',82602,'307-235-0656','307-234-2192','www.grantprideco.com','Threading of oil field tubular mining threads and products: water-well casings. ','steve.tuttle@grantprideco.com','',0,''),(561,15,'Universal Well Site Solutions','2808 Dogwood Ave.','Gillette','Wyoming',82718,'307-686-1397','307-686-1398','www.universalwellsite.com','A full service solutions provider that specializes in automated well maanagment systems for the energy industry. ','','',0,''),(562,15,'Valentine Construction Co','211 Big Muddy Road','Glenrock','Wyoming',82637,'307-436-2465','307-436-9511','','','','',0,''),(563,15,'Viking Explosives & Supply Inc.','2178 Hilight Road ','Gillette','Wyoming',82718,'307-464-1161','307-464-0126','','Manufacture bulk explosives for coal mines. ','','',0,''),(564,15,'Warrior Energy Services','1330 N. Derick Drive','Casper','Wyoming',82604,'307-234-2433','307-265-5772','http://superiorenergy.com','Wireline company: pipe recovery, cased hole perforation. ','','',0,''),(565,15,'Warrior Energy Services','2641 Airport Drive','Riverton','Wyoming',82501,'307-856-1918','307-856-2700','http://superiorenergy.com','Wireline company: pipe recovery, cased hole perforation. ','','',0,''),(566,15,'Warrior Energy Services ','90 Reliance Road','Rock Springs','Wyoming',82901,'307-362-9445','307-382-9446','http://superiorenergy.com','Wireline company: pipe recovery, cased hole perforation. ','','',0,''),(567,15,'Waterworks Industries Inc.','1328 English Ave.','Casper','Wyoming',82601,'307-265-9566','307-265-3019','www.waterworksind.com','Underground utility products, pumps and water and sewer pumps. ','','',0,''),(568,15,'Weatherford Controlled Pressure Drilling & Testing Services','2122 Melodi Lane','Casper','Wyoming',82601,'307-266-1873','307-266-3939','www.weatherford.com','Compressors, drilling-related, separators, drilling and testing.  ','dennis.wood@weatherford.com','',0,''),(569,15,'Weatherford Enterra-Oilfield','6405 W. Yellowstone Highway','Casper','Wyoming',82604,'307-473-2491','307-473-2494','','Oil field machine shop. ','','',0,''),(570,15,'Weatherford Inc./Production Oil Tools','P.O. Box 686','Powell','Wyoming',82435,'307-754-7234','307-754-5875','','Manufactures and assembles oil field equipment. ','','',0,''),(571,15,'Welding  Machine Inc.','1635 W. 19th St.','Cheyenne','Wyoming',82001,'307-632-6810','307-638-3840','','','','',0,''),(572,15,'Wem Joint Ventures','311 N. Burma Ave','Gillette','Wyoming',82716,'307-686-2579','--','','Remediation, monitoring, oil and gas development. ','','',0,''),(573,15,'Westech','P.O. Box 2974','Casper','Wyoming',82602,'307-235-6475','307-265-8554','www.wstch.com','Manufactures truck bodies for all off road mining equipment companies. ','sales@wstch.com','',0,''),(574,15,'Western Energy Support & Tech','1640 W. 18th St.','Cheyenne','Wyoming',82001,'307-634-4489','307-635-5072','','Industrial machinery. ','','',0,''),(575,15,'Western Energy Workers S1978','P.O. Box 1426','Rock Springs ','Wyoming',82902,'307-362-3820','307-382-4113','','Labor union','wew1978@qwest.com','',0,''),(576,15,'Western Gas Resources - Southwest Office','20 shoshone Ave. No. D','Green River','Wyoming',82935,'307-875-8785','307-875-8777','www.westerngas.com, anadarko.com','Independent natural gas explorer, producer, gatherer, processor, transporter and energy marketer. ','Community@westernas.com','',0,''),(577,15,'Western Mine Service Inc.','1481 Gold Rd','Gillette','Wyoming',82716,'307-682-5782','307-682-4576','','Rebuilding manufactureing mining equipment. Shop and field services.  ','bfrey@vcn.com','',0,''),(578,15,'Western Research Institute','365 N. Ninth St.','Laramie','Wyoming',82072,'307-721-2011','--','www.westernresearch.org','A multi-million dollar, not-for-profit, research organization renowned for work in advanced energy systems, environmental, technologies and highway materials research. Firm conducts research under contract with DOE and FHWA as well as for private clients.  ','ckelley@uwyo.edu','',0,''),(579,15,'Wild Well Control','907 N. Poplar, Suite 190','Casper','Wyoming',82601,'307-235-3030','307-472-3765','www.wildwell.com','','','',0,''),(580,15,'Wilson Supply','6577 W. Yellowstone Highway','Casper','Wyoming',82604,'307-472-5768','307-237-8528','http://iwilson.com','Industrial machinery and equipment. Branches in Rock Springs, Gillette, Evanstaon.','','',0,''),(581,15,'Wyoil','93 Airport Blvd.','Buffalo','Wyoming',82834,'307-673-8502','--','www.wyoil.com','Gas exploration and development, remediation and monitoring. ','','',0,''),(582,15,'Wyoming 4x4','10659 Highway 789','Riverton','Wyoming',82501,'307-857-3175','307-857-3175','www.wyoming4x4.com','Outfits trucks for the oilfield. Fuel reserve tanks, bumpers, bed liners.','sales@wyoming.com','',0,''),(583,15,'Wyoming First Air & Safety Supply, LLC','589 Yellowstone Rd.','Rock Springs','Wyoming',82901,'307-382-8986','307-382-8990','','First aid and safety supplies.','ofwy@sweetwaterhsa.com','',0,''),(584,15,'Wyoming Machinery Co.','5505 Mohan Road','Gillette','Wyoming',82718,'307-686-1500','307-686-3961','www.wyyomingcat.com','Caterpillar dealer.','info@wyomingcat.com','',0,''),(585,15,'Wyoming Machinery CO','7819 Hutchins Drive','Cheyenne','Wyoming',82007,'307-698-7900','307-633-2525','','Caterpillar dealership.','','',0,''),(586,15,'Wyoming Machinery Co.','PO Box 2335','Casper','Wyoming',82602,'307-472-1000','307-261-4491','www.wyomingcat.com','Caterpillar dealer','info@wyomingcat.com','',0,''),(587,15,'Wyoming Oil Well Cementers','705 Wyoming Highway 387','Midwest','Wyoming',82643,'307-437-6720','--','','','','',0,''),(588,15,'Wyoming Pipe and Tool Co.','4510 33 Mile Road','Casper','Wyoming',82604,'307-237-4411','307-234-3299','www.wyomingpipe.com','Oilfield machine shop, tool joint build up. ','WPTcorp@aol.com','',0,''),(589,15,'Wyutex Energy Services','450 Yellowstone Rd.','Rock Springs','Wyoming',82901,'307-362-3644','307-362-3017','','Oil field support, construction, pipe lining, install separators, roustabouting. ','alan@wyutexenergy.com','',0,''),(590,14,'Xtreme Coil Drilling Corp.-Wyoming','139 W. Second. St.','Casper','Wyoming',82601,'307-234-3600','--','www.tremecoildrilling.com','Xtreme Coil\\\'s rigs drill with larger coil to reach hydrocarbons in deeper horizons. Xtreme Coil\\\'s proprietrary technology also features modular transportation issues, larger coil injectiors and new methods for achieving deeper, faster and safer drilling. ','ir@xtremecoil.com','',0,''),(593,15,'Yates Petroleum','408 Frontage Road','Gillette','Wyoming',82716,'307-682-4638','307-682-4641','www.yatespetroleum.com','','','',0,''),(594,16,'Frontier Refining, Inc.','2700 E. Fifth St.','Cheyenne','Wyoming',82003,'307-634-3551','307-771-8794','www.frontieroil.com','Refined oil products, gasoline, diesel & asphalt.','dwohlgenant@frontieroilchey.com','',0,''),(595,16,'Garco Energy','P.O. Box 919','Douglas','Wyoming',82635,'307-358-6341','--','','Refinery','','',0,''),(592,15,'Xtreme Coil Drilling Corp.-Wyoming','139 W. Second. St.','Casper','Wyoming',82601,'307-234-3600','--','www.xtremecoildrilling.com','Xtreme Coil\\\'s rigs drill with larger coil to reach hydrocarbons in deeper horizons. Xtreme Coil\\\'s proprietrary technology also features modular transportation issues, larger coil injectiors and new methods for achieving deeper, faster and safer drilling. ','ir@xtremecoil.com','',0,''),(596,16,'Sinclair Casper Refining Company','P.O. Box 510','Evansville','Wyoming',82636,'307-232-2400','--','','','','',0,''),(597,16,'Sinclair Oil Corp.','P.O. Box 277','Sinclair','Wyoming',82334,'307-324-3404','307-328-3574','www.sinclairoil.com','Gasoline, fuel oils, ashpalt.','','',0,''),(598,16,'Wyoming Refinery Company','P.O. Box 820','Newcastle','Wyoming',82701,'307-746-4445','307-746-9710','','Petroleum products.','phavener@wyref.com','',0,''),(599,17,'RMOTC/U.S. Department of Energy','907 N. Poplar St.','Casper','Wyoming',82601,'307-233-4800','307-233-4851','www.rmotc.doe.gov','Oil and gas testing and support, drilling, production, enhanced oil recovery, exploration, flow assurance, renewable energy testing and support, geothermal testing, solar testing, wind turbine testing, environmental, carbon management, training facility. ','talk@rmotc.doe.gov','',0,''),(600,17,'Roughrider Power, LLC','1830 Burlington Ave.','Casper','Wyoming',82601,'307-265-5500','307-472-0663','www.roughriderpower.com','Roughrider Power, is a distributor for pioneered technology to capture readily available waste and geothermal heat to generate fuel-free, emissions-free energy. ','kit1@roughriderpower.com','',0,''),(601,18,'Earth Work Solutions','2506 Little Powder River Road','Gillette','Wyoming',82717,'307-682-4346','307-682-3088','','Heavy Equipment Construction.','office@earthwork.us.com','',0,''),(602,18,'Sage Truck Driving Schools','2368 Oil Drive','Casper','Wyoming',82604,'307-234-0242','307-234-0552','www.sageschools.com','Truck driver training, oilfield driver programs, defensive driving, driver recruitment, fleet safety.  ','casper@sageschools.com','',0,''),(603,18,'TIC - The Industrial Co. Wyoming Inc.','1474 Willer Drive','Casper','Wyoming',82604,'307-235-9958','307-266-2053','www.tic-inc.com','Oil, gas and power plant construction. ','jim.ludden@ticus.com','',0,''),(604,20,'A Double A Inc.','305 E. Eights St.','Sheridan','Wyoming',82801,'307-673-9104','307-673-9004','www.adoublea.com','Manufacture metal products for the methane industry and welding services.  ','janis@vcn.com','',0,''),(605,20,'ABL Services Inc.','13126 Wyoming Highway 51, No B','Gillette','Wyoming',82718,'307-686-0636','307-686-7603','','Designs and manufactures bucket rigging for drag lines; high-voltage cable repair. ','','',0,''),(606,20,'Agnew-Sullivan Inc.','PO Box 1152','Thermopolis','Wyoming',82443,'307-754-2262','--','','Oil and gas production.','','',0,''),(607,20,'AM-West Petroleum','1217 Pearl','Upton','Wyoming',82730,'307-468-9238','--','','Oil and gas producers.','','',0,''),(608,20,'American Oil and Gas Inc.','7165 Nugget','Casper','Wyoming',82601,'307-265-6669','303-595-0709','www.americanoilandgas.com','Oil and gas exploration and production.','','',0,''),(609,20,'Amoco Production Co.','P.O. Box 157','Wamsutter','Wyoming',82336,'307-328-0631','307-328-3750','www.amoco.com','Oil and gas.','','',0,''),(610,20,'Anadarko Petroleum Corp.','P.O. Box 1689','Gillette','Wyoming',82717,'307-685-4130','307-682-0456','www.anadarko.com','','energyservices@anadarko.com','',0,''),(611,20,'Anderson and Wells Oil Co.','3960 U.S. Highway 26/85','Torrington','Wyoming',82440,'--','--','','','','',0,''),(612,20,'Aquarius II Inc.','141 S. Center, Suite 302','Casper','Wyoming',82605,'307-265-9025','307-577-3048','','Oil and gas exploration and production.','','',0,''),(613,20,'Arnell Oil co.','22274 Poison Spider Road','Casper','Wyoming',82604,'307-472-7409','307-472-7409','','Oil production company.','','',0,''),(614,20,'B & G Industries LLc','162 Lane 3','Thermopolis','Wyoming',82443,'307-864-3328','307-864-2796','www.cncwyoming.com','Precision CNC machining and fabrication for oil field tooling, mining products, aerospace, consumer products etc.; prototype development. ','bg@cncwyoming.com','',0,''),(615,20,'Ballard Petroleum Holdings LLC','910 E. Third St. Suite B','Gillette','Wyoming',82716,'307-685-0217','307-682-2389','www.ballardpetroleum.com','','','',0,''),(616,20,'Basic Energy Services Inc.','2140 N. Seven Mile Road','Casper','Wyoming',82604,'307-472-0366','307-266-1028','www.basicenergyservices.com','Well service/completion rigs.','','',0,''),(617,20,'Basic Energy Srevices Inc. ','360 Signal Drive','Rock Springs','Wyoming',82901,'307-382-4776','307-382-4777','www.basicenergyservices.com','Workover/completion rigs, fluid services, heavy haul trucks, hot oiling, frac tank rental.  ','','',0,''),(618,20,'Bear Claw Oil and Gas','136 Butte Drive','Newcastle','Wyoming',82701,'--','--','','Oil production','','',0,''),(619,20,'Big Basin Petroleum LLc','3105 Second St.','Gillette','Wyoming',82716,'307-687-0406','307-685-4211','http://conquestoil.com','Monitoring, remediation. Some oil and gas production. ','','',0,''),(620,20,'Big Horn Gas','340 U. S. Highway 14-A W.','Byron','Wyoming',82412,'307-548-6309','307-736-2315','','Oil and gas exploration and development company. ','','',0,''),(621,20,'Big Horn Valve Inc.','1664 Terra Ave. Suite #5 (mail PO 6849)','Sheridan','Wyoming',82801,'307-672-0968','307-672-5386','www.bighornvalve.com','An R & D company developing stemless valves for the oil industry to reduce emissions.  Manufacture and distribute pipe, valves and fittings for mines and oil fields. ','info@bighornvalve.com','',0,''),(622,20,'Bill Barrett Corp','1901 Energy Court, Suite 170','Gillette','Wyoming',82718,'307-685-4322','307-685-3488','www.billbarrettcorp.com','','','',0,''),(623,20,'Black Bear Oil Corp.','10 Jarmon Trail Road','Douglas','Wyoming',82633,'307-351-9701','702-360-2736','','','paul@bjbb.lvcoxmail.com','',0,''),(624,20,'Black Hills Exploration & Production Inc.','923 Grieves Road','Newcastle','Wyoming',82701,'307-746-3517','307-746-4122','www.bhep.com','','','',0,''),(625,20,'Bowden Energy Co. Inc. ','400 S. Gillette Ave., Suite 107','Gillette','Wyoming',82716,'307-682-3224','307-682-0481','','Oil and gas production.','Bowdenenergy@vcn.com','',0,''),(626,20,'BP America Production Co.','1013 Cheyenne Drive, Suite A','Evanston','Wyoming',82930,'307-783-2200','307-783-2300','www.bp.com','Oil and gas. ','','',0,''),(627,20,'Buck Creek Gas Plant','2619 Lance Creek Highway','Lance Creek','Wyoming',82222,'307-334-2436','--','','','','',0,''),(628,20,'Bullock A O','2901 navarre Road','Casper','Wyoming',82604,'307-472-0398','--','','oil production company','','',0,''),(629,20,'Burlington Resources Oil & Gas Co.','2700 Badwater Road','Lysite','Wyoming',82642,'307-876-2548','307-856-6806','www.br-inc.com','','','',0,''),(630,20,'Cabot oil & Gas Corp.','Wyoming Highway 414 E','Lonetree','Wyoming',82936,'307-782-7088','--','www.cabotog.com','','','',0,''),(631,20,'CDI Energy Services','305 Industrial Park Drive','Gillette','Wyoming',82718,'307-682-4580','307-682-4499','','Builds artificial lifts for oil wells. ','','',0,''),(632,20,'Centennial Energy','P.O. Box 469','Thermopolis','Wyoming',82443,'307-864-3811','307-864-2802','','Oil production and exploration.  Oil prospect generation and sales.  ','dwychgram@directairnet.com','',0,''),(633,20,'CH4 Energy LLc','2107 N. U.S. Highway 14-16','Gillette','Wyoming',82718,'307-682-4151','307-682-5205','www.ch4energy.net','Oil and gas production company. ','','',0,''),(634,20,'Chevron USA Inc.','1013 Cheyenne Drive','Evanston','Wyoming',82930,'307-783-9300','307-783-9400','www.chevron.com','Oil and gas exploration and development. ','','',0,''),(635,20,'Citation Oil & Gas Corp.','1016 E. Lincoln St.','Gillette','Wyoming',82716,'307-682-4853','307-682-0186','www.cogc.com','','','',0,''),(636,20,'Continental Resources Inc.','P.O. Box 200 ','Worland','Wyoming',82401,'307-347-8216','307-347-9384','www.contres.com','','richard@wbaccess.net','',0,''),(637,20,'Corkill Drilling Corp.','P.O. Box 384','Casper','Wyoming',82602,'--','--','','Oil producer','','',0,''),(638,20,'Coronado Oil Co.','223 W. Wentworth St.','Newcastle','Wyoming',82701,'307-746-4392','--','','','','',0,''),(639,20,'Delta Exploration','12613 State Highway 789','Shoshoni','Wyoming',82649,'307-876-2266','--','','','','',0,''),(640,20,'Devon Energy Production Co. LP','364 U.S. Highway 20 N.','Worldand','Wyoming',82401,'307-347-2495','307-347-8986','www.devonenergy.com','Largest U.S. - based independent oil and gas producer and one of the largest independent processors of natural gas and natural gas liquids in North America. ','','',0,''),(641,20,'Douglas Exploration - Shop','1660 W. Richards St.','Douglas','Wyoming',82633,'307-358-9671','307-358-6150','www.douglasexploration.com','Drilling services. ','','',0,''),(642,20,'El Paso E&P Co. L.P.','1600 Van Lennen Ave.','Cheyenne','Wyoming',82001,'307-775-0445','--','www.elpaso.com','Primarily engaged in gas transportaion and storage, oil and gas exploration and production, as gas gathering and procesing. Operator of the largest gas transportation system in the US, El Paso has interests in 55,000 miles of interstate pipeline. ','','',0,''),(643,20,'Encana Oil and Gas USA Inc.','P.O. Box 2060','Pinedale','Wyoming',82941,'307-260-3001','303-623-2400','www.encana.com','Oil and gss production/development. ','COcommunity@encana.com','',0,''),(644,20,'EOG Resources Inc.','P.O. Box 250','Big Piney','Wyoming',83113,'307-276-3331','307-276-3335','www.eogresources.com','One of the largest independent non-integrated oil and natural gas companies in the United States. ','','',0,''),(645,20,'Fidelity Exploration & Production Co.','2585 Heartland Drive','Sheridan','Wyoming',82801,'307-672-7111','307-673-6850','www.fidelityepco.com','Oil and natural gas acquisition, exploration and production throughout the United States and a Gulf of Mexico. ','','',0,''),(646,20,'Fitzsimmons LLC','2201 Cabin Court','Gillette','Wyoming',82718,'307-686-3158','307-686-3164','','Independent land man. ','','',0,''),(647,20,'Gas Ventures LLC','3167 Energy Lane, Suite 700','Casper','Wyoming',82604,'307-266-2903','307-234-7767','','Remediation, monitoring, oil and gas producers, exploration and development. ','','',0,''),(648,20,'helis Oil and Gas Co. LLC','352 Sunny Slope Road','Moorcroft','Wyoming',82721,'307-682-8534','406-357-3620','','Oil production.','','',0,''),(649,20,'Hilcorp Energy Co.','10065 Wyoming Highway 59 S.','Gillette','Wyoming',82718,'307-687-0318','713-209-2440','www.hilcorp.com','Privately-held exploration and production company based in Houston.','','',0,''),(650,20,'HYCO Oil Inc.','139 Seventh Ave.','Newcastle','Wyoming',82701,'307-746-3501','--','','Oil and gas producer','','',0,''),(651,20,'IKS Operating Inc. Inyan-Kara','P.O. Box 99','Upton','Wyoming',82703,'307-468-2316','--','','','','',0,''),(652,20,'Industrial Screen & Maintenance Inc.','750 E. F. St.','Casper','Wyoming',82601,'307-234-3547','307-473-1341','www.industrial screen.com','Machining, welding, urethane, industrial screens, coalbed methane screens and de-gas shrouds, crane repair and isntallation and pump repairs. ','sales@industrialscreen.com','',0,''),(653,20,'John P. Ellbogen LTD.','P.O. Box 1298','Casper','Wyoming',82602,'307-234-4559','307-473-1024','www.johnpellbogen.com','Parent company. Oil and gas development. ','','',0,''),(654,20,'Kara Enterprises Inc.','P.O. Box 99 ','Upton','Wyoming',82730,'--','--','','Oil production','','',0,''),(655,20,'Kennedy oil','700 W. Sixth St.','Gillette','Wyoming',82716,'307-682-3107','307-682-6060','','Oil and gas exploration services.','koil@vcn.com','',0,''),(656,20,'Kiesling Oil Co','1742 U.S. Highway 116','Upton','Wyoming',82730,'307-468-2231','--','','Oil and gas producer.','','',0,''),(657,20,'Kirkwood Oil and Gas LLC','120 s. Durbin St.','Casper','Wyoming',82601,'307-265-5178','307-265-1791','','Oil and gas exploration. Uranium.','kog@tribcsp.com','',0,''),(658,20,'Kissack Water & Oil Service Inc.','8 S. Heptner Road','Moorcroft','Wyoming',82721,'307-682-9026','--','','Oil field service work, water and oil hauling, kill trucks, vacuum tankers, 400 bbl frac tanks. ','','',0,''),(659,20,'L & L Enterprises','328 Wyoming Highway 59','Douglas','Wyoming',82633,'307-358-5834','307-358-9611','','Specialize in used oil field equipment. ','','',0,''),(660,20,'La Barge Minerals','La Barge Creek Road','La Barge','Wyoming',83123,'307-386-2365','307-386-2569','','','','',0,''),(661,20,'Lario Oil & Gas Co.','1211 S. Douglas Highway, Suite 211','Gillette','Wyoming',82716,'307-682-6770','307-685-6775','www.lario.net','Oil and gas exploration and development. ','lario-oil@vcn.com','',0,''),(662,20,'M & K Oil Co. Inc.','901 S. 4J Road','Gillette','Wyoming',82716,'307-682-8047','307-686-6300','','Includes Maxim Drilling and Exploration.','','',0,''),(663,20,'M-3 Industries','320 Crescent Drive','Mills','Wyoming',82604,'307-265-5296','307-265-5299','','Oil well logging and perforating, oil and gas producers.','','',0,''),(664,20,'Manewal Bradley Oil Co.','P.O. Box 67','Newcastle','Wyoming',82701,'--','--','','Oil and gas.','','',0,''),(665,20,'Manx Oil Corp','330 S. Center St.','Casper ','Wyoming',82601,'307-234-5516','307-472-1728','','','','',0,''),(666,20,'Marathon Oil Co.','1501 Stampede AVe.','Cody','Wyoming',82414,'307-587-4961','--','www.marathon.com','Integrated oil and gas company.','','',0,''),(667,20,'Marathon Oil Co.','27 Maverick Springs Rd.','Kinnear','Wyoming',82516,'307-856-6228','307-856-6067','www.marathon.com','','','',0,''),(668,20,'Marlin Oil Co. LLC','1121 Sioux Ave.','Gillette','Wyoming',82716,'--','--','','Oil and gas development.','','',0,''),(669,20,'Maxim Drilling and Exploration Inc.','901 S. 4-J Road','Gillette','Wyoming',82716,'307-682-2506','--','','Water-well drilling','','',0,''),(670,20,'Medicine Bow Operating Co.','1901 Energy Court','Gillete','Wyoming',82716,'307-687-7903','--','','','','',0,''),(671,20,'Merit Energy, Co','P.O. Box 159','Gillette','Wyoming',82717,'307-685-1400','307-682-2761','www.meritenergy.com','Oil and gas production.','','',0,''),(672,20,'Meritage Energy Partners LLC','900 Werner Court, Suite 275','Casper','Wyoming',82601,'307-234-1563','307-234-9441','','oil and gas production','','',0,''),(673,20,'Morning Star Oil Co.','828 Big Horn','Thermopolis','Wyoming',82443,'307-864-2313','307-864-2313','','Oil and gas exploration company.','','',0,''),(674,20,'MTG Operating','117 S. Main St.','Buffalo','Wyoming',82834,'307-684-0964','307-684-0966','','','','',0,''),(675,20,'Natural Gas Processing','P.O. Box 19','Worland','Wyoming',82401,'307-347-8221','307-347-3160','','','','',0,''),(676,20,'Nielson & Associates Inc./Binger Operations LLC','1401 Sheridan Ave., Suite 205','Cody','Wyoming',82414,'307-587-2445','307-527-4943','www.nielsonandassociates.com','Oil and gas exploration and development. ','','',0,''),(677,20,'Northstar Operating Co. of Texas','159 N. Wolcott St. Suite 115','Casper','Wyoming',82601,'307-577-0110','432-684-5959','www.northstarop.com','Oil and gas development','','',0,''),(678,20,'Nova Energy, INc.','400 E. First St. Suite 301','Casper','Wyoming',82601,'307-235-4863','307-233-8495','','','','',0,''),(679,20,'Pathrinder Energy, Inc.','P.O. Box 51110 ','Casper','Wyoming',82605,'307-472-5565','307-472-5564','','','','',0,''),(680,20,'Phoenix Fuel Corp.','304 Coffeen Ave.','Sheridan','Wyoming',82801,'307-673-7000','--','www.phoenixfuelcorp.com','Major provider of aviation fuel, headquartered in Sheridan with a branch offices presently in London, Houston and Miami','','',0,''),(681,20,'Phoenix Production Co.','PO Box 2653','Cody','Wyoming',82414,'307-587-6440','307-587-6450','','','','',0,''),(682,20,'Pine Ridge Petroldum','112 N. Big Horn Ave.','Moorcroft','Wyoming',82721,'307-756-9317','307-756-3214','','Oil field support, oil and gas production. ','prpet@trib.com','',0,''),(683,20,'Pinedale Investment Inc.','PO Box 732','Pinedale','Wyoming',82941,'--','--','','','','',0,''),(684,20,'Pinnacle Gas Resources Inc.','1 E. Alger St.','Sheridan','Wyoming',82801,'307-673-9710','307-673-9711','www.pinnaclegas.com','Energy development and production company. As of October 2007, a wholly-owned subsidiary of Quest Resource Corp. ','','',0,''),(685,20,'Powder River Gas LLC','850 Val Vista','Sheridan','Wyoming',82801,'307-673-7371','307-673-1400','','Coalbed natural gas operator. ','ljames@fiberpipe.net','',0,''),(686,20,'Prima Exploration Inc.','3801 N. U.S. Highway 14-16','Gillette','Wyoming',82716,'307-686-1240','303-755-5682','','Oil field equipment and supplies, oil and gas exploration and development. ','','',0,''),(687,20,'Quaneco LLC','1043 Coffeen Ave.','Sheridan','Wyoming',82801,'307-673-1500','--','','','','',0,''),(688,20,'Quicksilver Resources','PO Box 1970','Casper','Wyoming',82602,'307-473-2007','307-473-2007','','Oil','','',0,''),(689,20,'Red Eagle Oil','53 Road 2Cd','Cody','Wyoming',82414,'307-527-7575','307-527-7725','','Oil and gas exploration.','','',0,''),(690,20,'Resolute Wyoming, Inc.','1460 Hilight Road','Gillette','Wyoming',82718,'307-939-1395','--','','Oil and gas producer.','','',0,''),(691,20,'RMOTC/U.S. Department of Endery','907 N. Poplar St.','Casper','Wyoming',82601,'307-233-4800','307-233-4851','www.rmotc.doe.gov','Oil and gas testing and support, drilling, production, enhanced oil recovery, exploration, flow assurance, renewable energy testing and support, geothermal testing, solar testing, wind turbine testing, environmental, carbon management, training facility. ','talk@rmotc.doe.gov','',0,''),(692,20,'Rock Well Petroleum US Inc.','122 N. Main St.','Sheridan','Wyoming',82801,'307-675-1200','307-673-1175','www.rockwellpetroleum.com','','infor@rockwellpetroleum.com','',0,''),(693,20,'Samson Resources Co.','170 Bugas','Wamsutter','Wyoming',82336,'307-383-2042','307-328-0726','samson.com','A privately held exploration and production company headquartered in Tulsa, Oklahoma.','','',0,''),(694,20,'Shell Rocky Mountain Production LLC','P.O. Box 1666','Pinedale','Wyoming',82941,'307-367-4288','307-367-4285','www.shellus.com','','','',0,''),(695,20,'Skidgel Enterprises Inc.','808 Nieman St.','Rawlins','Wyoming',82301,'--','--','','','','',0,''),(696,20,'Skull Creek A. LLC','P.O. Box 1799','Douglas','Wyoming',82633,'--','--','','','','',0,''),(697,20,'SM Energy Company','341 E. E St. Suite 190','Casper','Wyoming',82601,'307-237-1575','--','www.sm-energy.com','','information@sm-energy.com','',0,''),(698,20,'SOIS Osage','166 Oil City Road','Osage','Wyoming',82723,'307-465-2466','--','','Oil and gas producers.','','',0,''),(700,20,'Storm Cat Energy USA Operating Corp.','560 Apache Gas Plant Road','Recluse','Wyoming',82725,'307-685-6585','303-991-5075','www.stormcatenergy.com','Exploration company focusing on developing unconventional natural gas reserves globally.  Offices in Colorado, Canada and Mongolia. ','keith@stormcatenergy.com','',0,''),(701,20,'Stovall Oil Co.','777 Overland Trail','Casper','Wyoming',82601,'307-265-3523','--','','Oil and gas producer.','','',0,''),(702,20,'Subsurface Tools','2002 Sunset Drive','Rock Springs','Wyoming',82901,'307-362-2852','307-382-3541','http://superiorenergy.com','Oil field equipment rental service.','randy.makinen@subsurface.com','',0,''),(703,20,'Suncor Energy Inc.','640 U.S. 14','Gillette','Wyoming',82716,'307-686-1240','307-685-6838','www.petro-canada.ca','Merged with Suncor Energy - will operate under that name when merger is complete third quarter of 2009.','','',0,''),(704,20,'Sunshine Valley Petroleum Corp.','7165 Nugget','Evansville','Wyoming',82636,'307-237-7854','307-237-7628','','Monitoring, remediation.','','',0,''),(705,20,'Tex-OK Energy','1501 Stampede Ave.','Cody','Wyoming',82414,'307-587-4291','307-587-4296','','Oil and gas exploration and production.','','',0,''),(706,20,'Texaco Exploration & Production','PO Box 1629','Rock Springs','Wyoming',82901,'307-352-5120','307-352-5180','www.chevrontexaco.com','','','',0,''),(707,20,'Thorofare Resources','123 W. First St. No. 620','Casper','Wyoming',82601,'307-266-5152','307-266-3108','','Oil and gas exploration and development. ','','',0,''),(708,20,'Timerline Production Co. LLC','800 Werner Court, Suite 220','Casper','Wyoming',82601,'307-577-7121','307-473-2263','','Owner-operator oil and gas production company.','djwalters@bresnan.net','',0,''),(709,20,'Tonka Oil and gas Production Inc.','1699 Commercial Ave.','Sheridan','Wyoming',82801,'307-673-0556','307-673-0556','','','','',0,''),(710,20,'Townsend Co. Inc.','223 W. Wentworth St.','Newcastle','Wyoming',82701,'307-746-2487','307-746-2440','','Support services and oil/gas production.','','',0,''),(711,20,'True Oil LLC','455 N. Poplar St.','Casper','Wyoming',82602,'307-237-9301','307-266-0252','www.truecos.com','Oil and gas exploration and production.','','',0,''),(712,20,'Ultra Resources Inc.','P.O. Box 1768','Pinedale','Wyoming',82941,'307-367-6442','303-708-9748','www.ultrapetroleum.com','Publicly traded independent exploration and production company with core properties in Green River Basin of southwestern Wyoming and China.','smclure@ultrapetroleum','',0,''),(713,20,'Underwood Oil and Gas','7266 W. Yellowstone Highway','Casper','Wyoming',82604,'307-234-8113','307-234-8455','','','','',0,''),(714,20,'USA Exploration & Production LLC1','222 S. Gillette Ave.','Gillette','Wyoming',82716,'307-686-2082','307-686-0565','','','','',0,''),(715,20,'Valentine Construction Co.','211 Big Muddy Road','Glenrock','Wyoming',82637,'307-436-2465','307-436-9511','','','','',0,''),(716,20,'WEM Joint Ventures','311 N. Burma Ave.','Gillette','Wyoming',82716,'307-686-2579','--','','Remediation, monitoring, oil and gas development.','','',0,''),(717,20,'Wesco Operating Inc.','120 S. Durbin St.','Casper','Wyoming',82602,'307-472-4618','307-265-1791','','Oil operators. Branch offices in Lander, Dubois, Fort Washakie. ','kog@tribcsp.com','',0,''),(718,20,'Western Interior Oil & Gas Corp.','642 Glenn Road','Casper','Wyoming',82601,'307-234-7192','--','','','','',0,''),(719,20,'Wexpro Co.','P.O. Box 458','Rock Springs','Wyoming',82906,'307-382-9791','307-352-7575','www.questar.com/Wexpro','A market resources subsidiary that develops and produces cost-of-service reserves for affiliate Questar Gas.','','',0,''),(720,20,'Whiting Oil and Gas','P.O. Box 310','Cody','Wyoming',83414,'307-587-7812','307-587-7833','www.whiting.com','','','',0,''),(721,20,'Williams Production RMT Co.','300 N. Works Ave.','Gillette','Wyoming',82716,'307-686-1636','307-686-7574','www.williams.com','Gas and oil production.','','',0,''),(722,20,'Wind River Exploration','824 Lane 14 1/2','Lovell','Wyoming',82431,'--','--','','Oil producers.','','',0,''),(723,20,'Windsor Energy Group LLC','405 W. Boxelder Road','Gillette','Wyoming',82718,'307-686-0891','--','','','','',0,''),(724,20,'Windsor Oil and Gas','P.O. Box 1282','Glenrock','Wyoming',82637,'--','--','','','','',0,''),(725,20,'Wold Oil Properties Inc.','139 W. Second St. Suite 200','Casper','Wyoming',82601,'307-265-7252','307-265-7336','www.woldoil.com','','','',0,''),(726,20,'Wyoil','93 Airport road','Buffalo','Wyoming',82834,'307-673-8502','--','www.wyoil.com','Gas exploration and development, remediation and monitoring. ','','',0,''),(727,20,'Wyoming Western Oil','103 East 2nd','Pine Bluffs','Wyoming',82082,'307-245-3366','307-245-3483','','Oil production','','',0,''),(728,20,'XTO Energy Inc.','393 N. Wilcat Road','La Barge','Wyoming',83123,'817-870-2800','817-870-1671','','Operations in Powder and Green River Basins. ','','',0,''),(729,20,'Yates Petroldum','408 Frontage Road','Gillette','Wyoming',82716,'307-682-4638','307-682-4641','www.yatespetroleum.com','','','',0,''),(730,23,'Basic Energy Services Inc.','360 Signal Drive','Rock Springs','Wyoming',82901,'307-382-4776','307-382-4777','www.basicenergyservices.com','Workover/completion rigs, fluid services, heavy haul trucks, hot oiling, frac tank rental. ','','',0,''),(731,23,'Church and Dwight Company','P.O. Box 123','Green River','Wyoming',82935,'307-872-8184','307-872-8118','www.churchdwight.com','Sodium bicaronate, baking soda. ','','',0,''),(732,23,'Hettinger LLC','1200 E. Lincoln','Gillette','Wyoming',82716,'307-687-0127','307-682-3170','www.hettingerllc.com','Compressor station installation, process plant installation industrial building fabrication and installation, pipeline, earthwork, fabrication and facility maintenance ASME code shop. ','mdh@hettingerwelding.com','',0,''),(733,23,'Redi Services, LLC','225 W. Clark St.','Lyman','Wyoming',82937,'307-787-6333','307-787-3124','www.rediservicellc.com','Electrical, insulation, paintings and coating; well head hookups; hydro-excavators; metal building installation; welding; concrete; general construction.','janderson@rediservicellc.com','',0,''),(734,24,'FMC Copration Westvaco Mine','P.O. Box 872','Green River ','Wyoming',82935,'307-875-2580','307-686-7268','www.fmc.com','','Terry_Harding@FMC.com','',0,''),(735,24,'FMC Wyoming Corp. - Granger FMC Granger','P.O. Box 872','Green River','Wyoming',82935,'307-875-2580','307-872-2364','www.fmcchemicals.com','Mines and produces natural soda ash, sodium cyanide, sodium sesquicarbonate and saustic soda.','Terry_Harding@fmc.com','',0,''),(736,24,'General Chemical Corp. General Chemical Soda Ash Partners','P.O. Box 551','Green River ','Wyoming',82935,'307-872-3393','307-872-3601','www.genchem.com','Mine and mill trona (soda ash)','','',0,''),(737,24,'OCI Wyoming, L.P. Big Island Mine','P.O. Box 513','Green River','Wyoming',82935,'307-875-2600','307-872-7392','www.ocichemical.com','Soad ash. Wholly owned North American subsidiary of Oriental Chemical Industries of South Korea.','techservice@ocichemical.com','',0,''),(738,24,'Solvay Chemicals Inc.','P.O. Box 1167','Green River','Wyoming',82935,'307-872-6500','--','www.solvayminerals.com','','car.martin@solvay.com','',0,''),(739,25,'Cameco Resources','2020 Carey Ave. Suite 600','Cheyenne','Wyoming',82001,'307-316-7603','--','www.cameco.com','Uranium','','',0,''),(740,25,'Cogema Mining Inc. Irrigary Mine and Christensen Min','935 Pendell Blvd.','Mills','Wyoming',82644,'307-234-5019','--','','','','',0,''),(741,25,'Energy Metals Corp.','139 W. Second St. Mineral Resource Center Building','Casper','Wyoming',82601,'307-234-8235','307-237-8235','www.energymetalscorp.com','Has acquired one of the largest portfolios of previously explored uranium properties amassing over 250,000 acres in the western U.S., including over 105,000 acres in Wyoming. These include the uranium mining districs of the Great Divide, Powder River and Shirley Basins in Wyoming.','','',0,''),(742,25,'Kennecott Uranium Co','42 Mi N. of Rawlins','Rawlins','Wyoming',82301,'307-328-1476','307-324-4925','','Uranium mining','','',0,''),(743,25,'Pathrinder Mines Corp. Lucky Me Mine','935 Pendell Blvd.','Mills','Wyoming',82644,'307-234-5019','--','','','','',0,''),(744,25,'Petrotomics','5020 E. 16th St.','Casper','Wyoming',82609,'--','--','','','','',0,''),(745,25,'Power Resources Inc. Smith Ranch-Highland Uranium Project','P.O. Box 1210','Glenrock','Wyoming',82637,'--','--','','','','',0,''),(746,25,'Strathmore Resources LTD.','2420 Watt Court','Riverton','Wyoming',82501,'307-856-8080','307-856-8054','www.strathmoreminerals.com','A Canadian-based resource company specializing in the strategic acquision, exploration and development of uranium properties in the United States. Headquartered in Kelowna, British Columbia, the Company also has U.S. based Development offices in Riverton and Santa Fe. Today, Strathmore is the dominant land holder in the Gas Hills Uranium District, central Wyoming with holdings in excess of 34,000 acres. Strathmore is actively permitting toward both the MINE and MILL Permit.  First production from near surface open-pit deposits is projected to begin in 2012-2013.  In New Mexico, Strathmore is actively permitting the Roca Honda Uranium Project. In Octover 2009, Strathmore and joint venture parter SUMITOMO CORP of Japan (Fortune Global 500 Company),submitted a MINE PERMIT APPLICATION to state and federal regulators. ','info@strathmoreminerals.com','',0,''),(747,25,'U.S. Energy Corp. Crooks Gap Mines','877 N. Eighth St. W.','Riverton','Wyoming',82501,'307-856-9271','307-857-3050','www.usnrg.com','Real estate, uranium, and minerals. ','via web site','',0,''),(748,25,'Uranerz Energy Corp. Nichols Ranch ISR Project','1701 E. E. St.','Casper','Wyoming',82605,'307-265-8900','307-265-8904','www.uranerz.com','Engaged in the acquisition, exploration and development of properties in the uranium sector. The company\\\'s goals is to become a producer of uranium which will be utilized as fuel in the world\\\'s nuclear electrical generating facilties. ','info@uranerz.com','',0,''),(749,25,'Western Nuclear Inc. Split Rock Mill','P.O. Box 630','Jeffrey City','Wyoming',82310,'307-544-2291','307-544-2293','','','','',0,''),(750,25,'Wildhorse Energy Inc.','P>O> Box 1118','Casper','Wyoming',82602,'307-234-2221','--','www.wildhorse.com.au','','','',0,''),(751,26,'Cheyenne Wind Energy','416 East Lincolnway','Cheyenne','Wyoming',82001,'307-286-0484','--','www.cheyennewindenergy.com','Residential wind turbines. ','cheyennewind1@aol.com','',0,''),(752,26,'GVP/IWEI','7100 N. Rachel Way','Teton Village','Wyoming',83025,'307-734-8189','--','','','tfactor@lisco.com','',0,''),(753,26,'Harmonic Energies','4321 Strom Road','Laramie','Wyoming',82070,'307-760-8472','--','','','wilhelml@uyo.edu','',0,''),(754,26,'MWC Home Energy','5910 Springfield Dr.','Cheyenne','Wyoming',82007,'307-220-0946','--','mwchomeenergy.com','Residential wind turbines.','','',0,''),(755,26,'Nacel Energy Corp.','2710 Thomes','Cheyenne','Wyoming',82001,'888-242-5848','888-242-5848','www.nacalenergy.com','NACEL Energy is one of the first publicly-traded companies in America exclusively developing utility class wind power generation facilities. ','info@nacelenergy.com','',0,''),(756,26,'RMOTC/U.S. Department of Energy','907 N. Poplar St.','Casper','Wyoming',82601,'307-233-4800','307-233-4851','www.rmotc.doe.gov','Oil and gas testing and support, drilling, production, enhanced oil recovery, exploration, flow assurance, renewable energy testing and support, geothermal testing, solar testing, wind turbine testing, environmental, carbon management, training facility. ','talk@rmotc.doe.gov','',0,''),(757,26,'Sunpower Energy, LLC','7230 Rocking R. Road','Casper','Wyoming',82604,'307-262-4647','307-235-2525','','Residential wind turbines, residential and commercial solar panels. ','sunpower.wy@gmail.com','',0,''),(758,26,'Terra Moya Aqua Inc.','2020 Carey Ave. Suite 700','Cheyenne','Wyoming',82001,'307-772-0200','307-772-0222','www.TMAwind.com','Vertical axis wind turbines. ','info@tmawind.com','',0,''),(759,26,'Third Planet Windpowers LLC','200 W. 17th St.','Cheyenne','Wyoming',82001,'307-635-7550','--','www.thirdplanetwind.com','Third Planet Windpower(TPW) was established in 2005 to develop, acquire, own and operate a diversified portfolio of wind generation assets. The company has 20 projects under development, comprising more than 7,500 megawatts. ','','',0,''),(760,26,'Whirlwind LLC','139 West 2nd Street, Suite 200','Casper','Wyoming',82601,'303-831-0575','303-832-6048','www.whirlwindllc.com','Whirlwind LLC is a privately owned limited liability company formed to invest in the U.S. wind industry with emphasis on the American West.  A Wold company.','','',0,'');

--
-- Table structure for table `events`
--

CREATE TABLE `events` (
  `id` int(11) NOT NULL AUTO_INCREMENT,
  `title` varchar(100) NOT NULL,
  `date` date NOT NULL,
  `start_time` time NOT NULL,
  `address` varchar(200) NOT NULL,
  `city` varchar(200) NOT NULL,
  `state` varchar(4) NOT NULL,
  `zip` int(11) NOT NULL,
  `map` varchar(200) NOT NULL,
  PRIMARY KEY (`id`)
) ENGINE=MyISAM DEFAULT CHARSET=latin1;

--
-- Dumping data for table `events`
--


--
-- Table structure for table `news`
--

CREATE TABLE `news` (
  `id` int(11) NOT NULL AUTO_INCREMENT,
  `date` date NOT NULL,
  `author` varchar(200) DEFAULT NULL,
  `headline` varchar(200) DEFAULT NULL,
  `body` blob,
  `photo` varchar(100) DEFAULT NULL,
  `video` varchar(100) DEFAULT NULL,
  `feature` tinyint(1) NOT NULL DEFAULT '0',
  `active` tinyint(1) NOT NULL DEFAULT '0',
  PRIMARY KEY (`id`)
) ENGINE=MyISAM AUTO_INCREMENT=6 DEFAULT CHARSET=latin1;

--
-- Dumping data for table `news`
--

INSERT INTO `news` VALUES (1,'2010-09-29','test','Test','this is a test','',NULL,0,1),(2,'2010-09-30','Patrick Iverson','This is a test of the news functions','{\\rtf1\\ansi\\ansicpg1252\\cocoartf1038\\cocoasubrtf320\n{\\fonttbl\\f0\\froman\\fcharset0 Times-Roman;}\n{\\colortbl;\\red255\\green255\\blue255;}\n\\margl1440\\margr1440\\vieww9000\\viewh8400\\viewkind0\n\\deftab720\n\\pard\\pardeftab720\\sa240\\ql\\qnatural\n\n\\f0\\fs24 \\cf0 Lorem ipsum dolor sit amet, consectetur adipiscing elit. Aliquam tristique interdum rutrum. Vivamus ut nibh risus, id volutpat massa. Mauris et augue vitae tellus bibendum blandit. Vestibulum at felis lacinia nisl interdum scelerisque. Vestibulum ante ipsum primis in faucibus orci luctus et ultrices posuere cubilia Curae; Vestibulum dui nunc, consequat vel viverra vitae, aliquam sit amet risus. Fusce nec mauris massa, sed auctor lacus. Praesent dictum ante ut lorem vulputate ultricies. Proin porttitor, lorem sit amet elementum varius, lorem nunc consequat mauris, vitae posuere ante elit ut magna. Duis accumsan hendrerit diam, at vestibulum leo facilisis eu. Nunc a tincidunt ipsum. Maecenas iaculis suscipit consectetur. Nulla ligula diam, consectetur nec molestie ut, pretium quis ipsum. In hac habitasse platea dictumst. Morbi varius aliquam sapien, ac porta elit adipiscing consectetur. Ut tincidunt dui non augue convallis vitae dictum urna tincidunt. Donec est purus, tincidunt ut tristique sit amet, eleifend quis augue. Integer iaculis aliquet nibh non ultricies.\\\nProin feugiat, nulla ut gravida mattis, neque odio rhoncus neque, ac laoreet neque risus vitae nisl. Aliquam sagittis tempus velit elementum luctus. Suspendisse sit amet neque ipsum. Proin sapien arcu, facilisis in imperdiet eu, vulputate sit amet magna. Nulla dignissim quam ut elit dignissim at laoreet nulla dictum. Vivamus vulputate porttitor sem, in imperdiet arcu auctor et. Sed posuere dapibus purus id dapibus. Maecenas porttitor felis sapien, non sollicitudin diam. Morbi eu nibh lacus, ut sollicitudin elit. Proin consectetur tincidunt accumsan. Sed dignissim aliquam felis, id cursus ante auctor ac.\\\nProin pretium aliquet nisl a gravida. Nullam eu ultricies sapien. In hac habitasse platea dictumst. Morbi viverra eros fermentum nulla aliquam mollis. Sed et libero vel dolor interdum dignissim ac eu enim. In ultrices sapien eget augue placerat id suscipit sem euismod. Cras vitae augue lacus. Praesent quis nisl tellus. Sed non magna bibendum ligula facilisis vulputate. Praesent cursus velit eu dui convallis sed molestie nunc ornare. Nullam et elementum nibh. Aliquam lectus lacus, scelerisque sed auctor nec, pretium et purus. Vivamus ullamcorper rhoncus arcu, ut vehicula orci varius dictum. Vestibulum vehicula enim eu augue suscipit iaculis. In quis tortor est, pellentesque auctor libero. Curabitur in turpis nulla, id facilisis nibh. Aenean quis libero ipsum, nec convallis neque. Nullam cursus consectetur eleifend.\\\nPhasellus lobortis tortor ac neque scelerisque tristique vulputate augue imperdiet. Suspendisse potenti. Quisque consectetur diam eu nunc gravida vitae molestie quam cursus. Maecenas felis velit, egestas quis pulvinar non, hendrerit sed nibh. Integer eu diam arcu, non blandit augue. Etiam vel justo a arcu viverra facilisis. Pellentesque vitae massa sit amet magna posuere condimentum vitae id ante. Vivamus luctus ultricies tortor, quis vulputate libero posuere id. Cras auctor posuere vehicula. Phasellus malesuada sollicitudin libero, sed congue felis malesuada nec.\\\nUt sit amet leo eros. Aliquam iaculis, urna auctor malesuada dictum, nisi neque volutpat diam, ac vehicula nisl dui eu lacus. Praesent feugiat dignissim nibh eu vulputate. Curabitur eleifend neque aliquam nibh placerat in venenatis libero pretium. Fusce eu diam in nisl volutpat ultrices quis id felis. Vestibulum iaculis, est id ultrices porttitor, enim libero congue mauris, non aliquet elit mauris ut nisi. Suspendisse potenti. In magna sem, tincidunt tincidunt aliquet sit amet, placerat id diam. Ut in bibendum turpis. Integer nunc sapien, fringilla vitae semper sed, posuere et massa. Cum sociis natoque penatibus et magnis dis parturient montes, nascetur ridiculus mus.\\\n}',NULL,NULL,1,1),(3,'2011-01-11','Test McTest','ExxonMobil expands Wyo carbon capture plant','LaBARGE — ExxonMobil announced today the completion of an expansion to the world\\\'s largest carbon dioxide capture plant, which will help reduce greenhouse gas emissions and enhance oil production in the United States.\r\n\r\n\\\"This expansion will result in lower greenhouse gas emissions and help maximize the recovery of Wyoming\\\'s oil resources,\\\" said Randy Broiles, vice president, Americas, ExxonMobil Production Company. \\\"These technologies could play a significant role in the future management of greenhouse gas emissions worldwide.\\\"\r\n\r\nThe $86 million expansion includes the installation of compressors to capture 50 percent more carbon dioxide for potential use in enhanced oil recovery and other industrial uses, ExxonMobil said in a release. Enhanced oil recovery involves the injection of carbon dioxide into reservoirs to produce additional oil and gas.\r\n\r\nThe carbon dioxide for this project is captured from the natural gas streams produced from fields in Wyoming. The gas streams contain significant amounts of carbon dioxide and other components that are removed at the LaBarge processing plant.\r\n\r\nWith the expansion, the plant has the capacity to capture approximately 365 million cubic feet per day of carbon dioxide from the gas streams — equivalent to the amount emitted by more than 1.5 million cars.\r\n\r\nOn Nov. 1 during his keynote speech at the Abu Dhabi International Petroleum Exhibition and Conference, Andy Swiger, ExxonMobil senior vice president, pointed out the need for continued development of new technologies and the importance of partnerships among oil companies globally, as well as governments. He described innovations that ExxonMobil believes can potentially turn challenges into solutions regarding energy.\r\n\r\nThose developments include carbon capture and storage (as is practiced at the LaBarge plant), which includes the Controlled Free Zone (CFZ). The CFZ works to separate carbon dioxide and other impurities from natural gas while producing a high-pressure liquid carbon dioxide that is suitable to inject into underground storage.\r\n\r\n“Perhaps the most underestimated avenue for achieving a high-energy, low-carbon future lies in the area of energy efficiency,” Swiger said. “By producing, delivering and consuming oil and natural gas more efficiently, we not only displace demand and extend the life of the world’s hydrocarbon endowment, but we also reduce carbon emissions.”','',NULL,0,1),(4,'2011-01-14','Test Rutherferd','Natural Gas Prices Pressured By New Pipelines From Rockies: Energy Markets','U.S. natural gas is poised to extend its biggest annual decline since 2004 as new pipelines from the Rocky Mountains deepen an unprecedented glut of the fuel.\r\n\r\nNational spot prices at the Henry Hub, the delivery point for New York Mercantile Exchange futures, fell 1.72 cents below those at Opal Hub, Wyoming, the benchmark price for the Rockies, for the first time in a year on Nov. 22. They have averaged 43 cents more than Opal’s so far this year and were as much as $7.52 higher in September 2008.\r\n\r\nAbout 3.8 billion cubic feet a day of gas, equivalent to 6.1 percent of national output, will be able to be pumped next year from states such as Wyoming, home to the nation’s second- largest reserves, to California and Illinois, the U.S.’s second- and fifth-largest consumers, as new pipelines open. U.S. futures have tumbled 26 percent in 2010 as stockpiles climbed to an all- time high for the second consecutive year.\r\n\r\n“Historically, Rockies gas prices were phenomenally low because they couldn’t get the gas to the customers, and now it’s moving out to the markets and arriving at a time of high gas inventories,” said James Williams, an economist at WTRG Economics, an energy-research firm in London, Arkansas. “So it just exacerbates the national price weakness.”\r\n\r\nTwo new connections from the Rockies will come on line next year. The 302-mile (486-kilometer) Bison Pipeline, owned by TransCanada Corp., will have a capacity of 477 million cubic feet a day from the Powder River Basin in south Montana and northeast Wyoming to the Midwest. It will start service in mid- January. The 680-mile Ruby Pipeline, owned by El Paso Corp., will be able to send 1.5 billion cubic feet a day to the Pacific West, starting in June.\r\nRockies Express\r\n\r\nThe supplies will add to those already moving via the 1,679-mile Rockies Express Pipeline, partly owned by Houston- based Kinder Morgan Energy Partners. The link started in November 2009 and can pump as much as 1.8 billion cubic feet a day of gas to the Midwest.\r\n\r\n“You have a supply base in the Rockies but not much demand there, and the more you open up these pipelines the more gas you take from that region into higher-demand markets,” said Cameron Horwitz, an analyst at Canaccord Genuity in Houston. “The price spreads are narrowing in anticipation of the opening of new pipelines.”\r\n\r\nSpot prices at Henry Hub in Erath, Louisiana, rose 7.4 cents, or 1.9 percent, to $4.09 per million British thermal units, according to the Intercontinental Exchange. Opal Hub gas traded at $3.83 per million Btu, up 8.5 cents, or 2.3 percent.\r\n2011 Prices\r\n\r\nHenry Hub prices will decline for a third straight year in 2011, averaging $4.33 per million Btu, down from this year’s estimated average of $4.37, according to the Energy Department in Washington. Futures for January delivery fell 7.6 cents, or 1.8 percent, to settle at $4.076 per million Btu on the Nymex.\r\n\r\nWyoming produced 2.27 trillion cubic feet of gas in 2008, the latest year Energy Department data for both demand and production are available, almost 16 times its consumption of 142.7 billion cubic feet. The state has reserves of 36.7 trillion cubic feet, mostly so-called tight gas from shale formations with low permeability, according to the department. Texas has reserves of 85 trillion, the biggest in the U.S.\r\n\r\nThe links “raise the prices to producers in the Rockies but add to the national price weakness for gas,” said Williams. Rockies gas “is certainly increasing national stockpiles.”\r\n\r\nProduction will rise to a record 62.09 billion cubic feet a day this year, up 7 percent from 2008, according to the Energy Department. Wyoming produced an unprecedented 2.36 trillion cubic feet in 2009, up 4 percent.\r\nRecord Stockpiles\r\n\r\nStockpiles of gas climbed to a record 3.843 trillion cubic feet in the week ended Nov. 12, according to the department. Gas in U.S. storage totaled 3.561 trillion cubic feet for the week ended Dec. 10, 9.9 percent above the five-year average and 1 percent below last year’s level.\r\n\r\nThe Ruby pipeline will help boost gas production in Wyoming, Utah, and Colorado by 750 million cubic feet a day by 2015, according to Bentek Energy LLC, an Evergreen, Colorado- based energy market-research company. The three states currently produce 7 billion cubic feet a day.\r\n\r\n“By the time Ruby gets in, Opal will get a little bit stronger, and Henry Hub prices will be lower, so there will be general basis tightening from both affects,” said Jack Weixel, director of client services at Evergreen, Colorado-based Bentek.\r\n\r\nThe Ruby line, which starts from Opal Hub and ends at Malin, Oregon, will connect gas from the Rockies to PG&E Corp., California’s biggest utility owner, through the existing Oregon- California interstate pipelines.\r\n\r\nCalifornia used 2.45 trillion cubic feet of gas in 2008, the latest year government data were available, according to the Energy Department. That’s about 11 percent of total U.S. gas consumption, the second highest after Texas. The state produced 296.5 billion cubic feet of gas in the same year. ','',NULL,0,1),(5,'2011-02-11','Bll Tester','County drafting rules for oil play','CHEYENNE -- Laramie County officials are developing new regulations to oversee the growing oil and gas industry here.\r\n\r\nThe Laramie County Commission last month extended the emergency regulations for 120 days to give officials time to draft the new rules.\r\n\r\nThe county is working with representatives from about five oil companies and the Wyoming Petroleum Association to draft the new rules.\r\n\r\nThe rules may require oil and gas companies to pay for the damage they cause to county roads.\r\n\r\nThe county\\\'s planning director, Gary Kranse, said he does not think the companies mind covering the costs of the damage they cause. He noted that the companies also want the roads in good shape so they can access their well sites.\r\n\r\nBut Kranse said the oil companies do oppose regulations that impede drilling.\r\n\r\nAbout 100 trucks are needed to start a well site, Kranse said. Each well also requires an additional 500 to 1,000 truckloads of water for the hydraulic fracturing process, Kranse said.\r\n\r\nSuch a large amount of traffic will surely damage the county\\\'s roads, he said.\r\n\r\nFor instance, he said the petroleum company Anadarko has six wells sites in southern Laramie County, and the same road is being used to access all of those wells.\r\n\r\nThere are about five oil and gas companies that are active in Laramie County right now, Kranse said.\r\n\r\nIn the process of drafting the new rules, the county is considering other issues that could arise through oil and gas extraction.\r\n\r\nCounty residents have expressed concerns during recent public meetings about seismic testing and water contamination, Kranse said.\r\n\r\nThe Wyoming Department of Environmental Quality, the Wyoming Oil and Gas Commission and the state Engineer\\\'s Office already do a good job of regulating some of those issues, Kranse said.\r\n\r\nKranse said he hopes those issues can be addressed through good cooperation with the oil companies without getting into formal regulations.\r\n\r\n\\\"Our relationship with the oil companies to date is pretty good,\\\" he said.\r\n\r\nSome residents have expressed concerns that seismic testing could vibrate house foundations and disturb wells, Kranse said.\r\n\r\nHe suggested that there should be an education effort to inform residents about the effects of oil and gas extraction. Residents may wonder who is responsible in the unlikely event of an accident.\r\n\r\nThe storage of oil and gas equipment on private property also has become an issue with some residents. Kranse said some private property owners lease land to oil companies for equipment storage, and some adjacent property owners dislike the increase in traffic.\r\n\r\nKranse said there will be public meetings on the new oil and gas regulations. He expects the new regulations will be presented to the County Commission in late March.\r\n\r\nLaramie County Commissioner Gay Woodhouse said the county\\\'s rules and regulations should protect residents from the impacts of oil and gas development.\r\n\r\nWoodhouse said she thinks the oil and gas companies should be required to pay for damage they cause to county roads. She added that the impact to the roads will be significant, and the companies should be restricted to using certain roads.\r\n\r\nThe rules also should require each well site to have a physical address in case there is an incident that emergency responders need to get to, she said.\r\n\r\nWhat\\\'s next?\r\n\r\nThe new regulations to oversee the growing oil and gas industry are expected to be presented to the Laramie County Commission in March.','',NULL,0,1);


