-- MySQL dump 10.13  Distrib 5.5.61, for Linux (x86_64)
--
-- Host: localhost    Database: thedeci5_jul31t
-- ------------------------------------------------------
-- Server version	5.5.61-cll

/*!40101 SET @OLD_CHARACTER_SET_CLIENT=@@CHARACTER_SET_CLIENT */;
/*!40101 SET @OLD_CHARACTER_SET_RESULTS=@@CHARACTER_SET_RESULTS */;
/*!40101 SET @OLD_COLLATION_CONNECTION=@@COLLATION_CONNECTION */;
/*!40101 SET NAMES utf8 */;
/*!40103 SET @OLD_TIME_ZONE=@@TIME_ZONE */;
/*!40103 SET TIME_ZONE='+00:00' */;
/*!40014 SET @OLD_UNIQUE_CHECKS=@@UNIQUE_CHECKS, UNIQUE_CHECKS=0 */;
/*!40014 SET @OLD_FOREIGN_KEY_CHECKS=@@FOREIGN_KEY_CHECKS, FOREIGN_KEY_CHECKS=0 */;
/*!40101 SET @OLD_SQL_MODE=@@SQL_MODE, SQL_MODE='NO_AUTO_VALUE_ON_ZERO' */;
/*!40111 SET @OLD_SQL_NOTES=@@SQL_NOTES, SQL_NOTES=0 */;

--
-- Current Database: `thedeci5_jul31t`
--

CREATE DATABASE /*!32312 IF NOT EXISTS*/ `thedeci5_jul31t` /*!40100 DEFAULT CHARACTER SET latin1 */;

USE `thedeci5_jul31t`;

--
-- Table structure for table `categories`
--

DROP TABLE IF EXISTS `categories`;
/*!40101 SET @saved_cs_client     = @@character_set_client */;
/*!40101 SET character_set_client = utf8 */;
CREATE TABLE `categories` (
  `id` int(11) unsigned NOT NULL AUTO_INCREMENT,
  `category` varchar(255) COLLATE utf8_unicode_ci DEFAULT NULL,
  PRIMARY KEY (`id`)
) ENGINE=InnoDB AUTO_INCREMENT=3 DEFAULT CHARSET=utf8 COLLATE=utf8_unicode_ci;
/*!40101 SET character_set_client = @saved_cs_client */;

--
-- Dumping data for table `categories`
--

LOCK TABLES `categories` WRITE;
/*!40000 ALTER TABLE `categories` DISABLE KEYS */;
INSERT INTO `categories` VALUES (1,'category'),(2,'CAT');
/*!40000 ALTER TABLE `categories` ENABLE KEYS */;
UNLOCK TABLES;

--
-- Table structure for table `categories_infractions`
--

DROP TABLE IF EXISTS `categories_infractions`;
/*!40101 SET @saved_cs_client     = @@character_set_client */;
/*!40101 SET character_set_client = utf8 */;
CREATE TABLE `categories_infractions` (
  `id` int(11) unsigned NOT NULL AUTO_INCREMENT,
  `categories_id` int(11) unsigned DEFAULT NULL,
  `infractions_id` int(11) unsigned DEFAULT NULL,
  PRIMARY KEY (`id`),
  UNIQUE KEY `UQ_29015e5a1ca1950b073818f5f331c59091dd665d` (`categories_id`,`infractions_id`),
  KEY `index_for_categories_infractions_categories_id` (`categories_id`),
  KEY `index_for_categories_infractions_infractions_id` (`infractions_id`),
  CONSTRAINT `categories_infractions_ibfk_1` FOREIGN KEY (`categories_id`) REFERENCES `categories` (`id`) ON DELETE CASCADE,
  CONSTRAINT `categories_infractions_ibfk_2` FOREIGN KEY (`infractions_id`) REFERENCES `infractions` (`id`) ON DELETE CASCADE
) ENGINE=InnoDB AUTO_INCREMENT=1127 DEFAULT CHARSET=utf8 COLLATE=utf8_unicode_ci;
/*!40101 SET character_set_client = @saved_cs_client */;

--
-- Dumping data for table `categories_infractions`
--

LOCK TABLES `categories_infractions` WRITE;
/*!40000 ALTER TABLE `categories_infractions` DISABLE KEYS */;
INSERT INTO `categories_infractions` VALUES (1,1,1),(2,2,2),(3,2,3),(4,2,4),(5,2,5),(6,2,6),(7,2,7),(8,2,8),(9,2,9),(10,2,10),(11,2,11),(12,2,12),(13,2,13),(14,2,14),(15,2,15),(16,2,16),(17,2,17),(18,2,18),(19,2,19),(20,2,20),(21,2,21),(22,2,22),(23,2,23),(24,2,24),(25,2,25),(26,2,26),(27,2,27),(28,2,28),(29,2,29),(30,2,30),(31,2,31),(32,2,32),(33,2,33),(34,2,34),(35,2,35),(36,2,36),(37,2,37),(38,2,38),(39,2,39),(40,2,40),(41,2,41),(42,2,42),(43,2,43),(44,2,44),(45,2,45),(46,2,46),(47,2,47),(48,2,48),(49,2,49),(50,2,50),(51,2,51),(52,2,52),(53,2,53),(54,2,54),(55,2,55),(56,2,56),(57,2,57),(58,2,58),(59,2,59),(60,2,60),(61,2,61),(62,2,62),(63,2,63),(64,2,64),(65,2,65),(66,2,66),(67,2,67),(68,2,68),(69,2,69),(70,2,70),(71,2,71),(72,2,72),(73,2,73),(74,2,74),(75,2,75),(76,2,76),(77,2,77),(78,2,78),(79,2,79),(80,2,80),(81,2,81),(82,2,82),(83,2,83),(84,2,84),(85,2,85),(86,2,86),(87,2,87),(88,2,88),(89,2,89),(90,2,90),(91,2,91),(92,2,92),(93,2,93),(94,2,94),(95,2,95),(96,2,96),(97,2,97),(98,2,98),(99,2,99),(100,2,100),(101,2,101),(102,2,102),(103,2,103),(104,2,104),(105,2,105),(106,2,106),(107,2,107),(108,2,108),(109,2,109),(110,2,110),(111,2,111),(112,2,112),(113,2,113),(114,2,114),(115,2,115),(116,2,116),(117,2,117),(118,2,118),(119,2,119),(120,2,120),(121,2,121),(122,2,122),(123,2,123),(124,2,124),(125,2,125),(126,2,126),(127,2,127),(128,2,128),(129,2,129),(130,2,130),(131,2,131),(132,2,132),(133,2,133),(134,2,134),(135,2,135),(136,2,136),(137,2,137),(138,2,138),(139,2,139),(140,2,140),(141,2,141),(142,2,142),(143,2,143),(144,2,144),(145,2,145),(146,2,146),(147,2,147),(148,2,148),(149,2,149),(150,2,150),(151,2,151),(152,2,152),(153,2,153),(154,2,154),(155,2,155),(156,2,156),(157,2,157),(158,2,158),(159,2,159),(160,2,160),(161,2,161),(162,2,162),(163,2,163),(164,2,164),(165,2,165),(166,2,166),(167,2,167),(168,2,168),(169,2,169),(170,2,170),(171,2,171),(172,2,172),(173,2,173),(174,2,174),(175,2,175),(176,2,176),(177,2,177),(178,2,178),(179,2,179),(180,2,180),(181,2,181),(182,2,182),(183,2,183),(184,2,184),(185,2,185),(186,2,186),(187,2,187),(188,2,188),(189,2,189),(190,2,190),(191,2,191),(192,2,192),(193,2,193),(194,2,194),(195,2,195),(196,2,196),(197,2,197),(198,2,198),(199,2,199),(200,2,200),(201,2,201),(202,2,202),(203,2,203),(204,2,204),(205,2,205),(206,2,206),(207,2,207),(208,2,208),(209,2,209),(210,2,210),(211,2,211),(212,2,212),(213,2,213),(214,2,214),(215,2,215),(216,2,216),(217,2,217),(218,2,218),(219,2,219),(220,2,220),(221,2,221),(222,2,222),(223,2,223),(224,2,224),(225,2,225),(226,2,226),(227,2,227),(228,2,228),(229,2,229),(230,2,230),(231,2,231),(232,2,232),(233,2,233),(234,2,234),(235,2,235),(236,2,236),(237,2,237),(238,2,238),(239,2,239),(240,2,240),(241,2,241),(242,2,242),(243,2,243),(244,2,244),(245,2,245),(246,2,246),(247,2,247),(248,2,248),(249,2,249),(250,2,250),(251,2,251),(252,2,252),(253,2,253),(254,2,254),(255,2,255),(256,2,256),(257,2,257),(258,2,258),(259,2,259),(260,2,260),(261,2,261),(262,2,262),(263,2,263),(264,2,264),(265,2,265),(266,2,266),(267,2,267),(268,2,268),(269,2,269),(270,2,270),(271,2,271),(272,2,272),(273,2,273),(274,2,274),(275,2,275),(276,2,276),(277,2,277),(278,2,278),(279,2,279),(280,2,280),(281,2,281),(282,2,282),(283,2,283),(284,2,284),(285,2,285),(286,2,286),(287,2,287),(288,2,288),(289,2,289),(290,2,290),(291,2,291),(292,2,292),(293,2,293),(294,2,294),(295,2,295),(296,2,296),(297,2,297),(298,2,298),(299,2,299),(300,2,300),(301,2,301),(302,2,302),(303,2,303),(304,2,304),(305,2,305),(306,2,306),(307,2,307),(308,2,308),(309,2,309),(310,2,310),(311,2,311),(312,2,312),(313,2,313),(314,2,314),(315,2,315),(316,2,316),(317,2,317),(318,2,318),(319,2,319),(320,2,320),(321,2,321),(322,2,322),(323,2,323),(324,2,324),(325,2,325),(326,2,326),(327,2,327),(328,2,328),(329,2,329),(330,2,330),(331,2,331),(332,2,332),(333,2,333),(334,2,334),(335,2,335),(336,2,336),(337,2,337),(338,2,338),(339,2,339),(340,2,340),(341,2,341),(342,2,342),(343,2,343),(344,2,344),(345,2,345),(346,2,346),(347,2,347),(348,2,348),(349,2,349),(350,2,350),(351,2,351),(352,2,352),(353,2,353),(354,2,354),(355,2,355),(356,2,356),(357,2,357),(358,2,358),(359,2,359),(360,2,360),(361,2,361),(362,2,362),(363,2,363),(364,2,364),(365,2,365),(366,2,366),(367,2,367),(368,2,368),(369,2,369),(370,2,370),(371,2,371),(372,2,372),(373,2,373),(374,2,374),(375,2,375),(376,2,376),(377,2,377),(378,2,378),(379,2,379),(380,2,380),(381,2,381),(382,2,382),(383,2,383),(384,2,384),(385,2,385),(386,2,386),(387,2,387),(388,2,388),(389,2,389),(390,2,390),(391,2,391),(392,2,392),(393,2,393),(394,2,394),(395,2,395),(396,2,396),(397,2,397),(398,2,398),(399,2,399),(400,2,400),(401,2,401),(402,2,402),(403,2,403),(404,2,404),(405,2,405),(406,2,406),(407,2,407),(408,2,408),(409,2,409),(410,2,410),(411,2,411),(412,2,412),(413,2,413),(414,2,414),(415,2,415),(416,2,416),(417,2,417),(418,2,418),(419,2,419),(420,2,420),(421,2,421),(422,2,422),(423,2,423),(424,2,424),(425,2,425),(426,2,426),(427,2,427),(428,2,428),(429,2,429),(430,2,430),(431,2,431),(432,2,432),(433,2,433),(434,2,434),(435,2,435),(436,2,436),(437,2,437),(438,2,438),(439,2,439),(440,2,440),(441,2,441),(442,2,442),(443,2,443),(444,2,444),(445,2,445),(446,2,446),(447,2,447),(448,2,448),(449,2,449),(450,2,450),(451,2,451),(452,2,452),(453,2,453),(454,2,454),(455,2,455),(456,2,456),(457,2,457),(458,2,458),(459,2,459),(460,2,460),(461,2,461),(462,2,462),(463,2,463),(464,2,464),(465,2,465),(466,2,466),(467,2,467),(468,2,468),(469,2,469),(470,2,470),(471,2,471),(472,2,472),(473,2,473),(474,2,474),(475,2,475),(476,2,476),(477,2,477),(478,2,478),(479,2,479),(480,2,480),(481,2,481),(482,2,482),(483,2,483),(484,2,484),(485,2,485),(486,2,486),(487,2,487),(488,2,488),(489,2,489),(490,2,490),(491,2,491),(492,2,492),(493,2,493),(494,2,494),(495,2,495),(496,2,496),(497,2,497),(498,2,498),(499,2,499),(500,2,500),(501,2,501),(502,2,502),(503,2,503),(504,2,504),(505,2,505),(506,2,506),(507,2,507),(508,2,508),(509,2,509),(510,2,510),(511,2,511),(512,2,512),(513,2,513),(514,2,514),(515,2,515),(516,2,516),(517,2,517),(518,2,518),(519,2,519),(520,2,520),(521,2,521),(522,2,522),(523,2,523),(524,2,524),(525,2,525),(526,2,526),(527,2,527),(528,2,528),(529,2,529),(530,2,530),(531,2,531),(532,2,532),(533,2,533),(534,2,534),(535,2,535),(536,2,536),(537,2,537),(538,2,538),(539,2,539),(540,2,540),(541,2,541),(542,2,542),(543,2,543),(544,2,544),(545,2,545),(546,2,546),(547,2,547),(548,2,548),(549,2,549),(550,2,550),(551,2,551),(552,2,552),(553,2,553),(554,2,554),(555,2,555),(556,2,556),(557,2,557),(558,2,558),(559,2,559),(560,2,560),(561,2,561),(562,2,562),(563,2,563),(564,2,564),(565,2,565),(566,2,566),(567,2,567),(568,2,568),(569,2,569),(570,2,570),(571,2,571),(572,2,572),(573,2,573),(574,2,574),(575,2,575),(576,2,576),(577,2,577),(578,2,578),(579,2,579),(580,2,580),(581,2,581),(582,2,582),(583,2,583),(584,2,584),(585,2,585),(586,2,586),(587,2,587),(588,2,588),(589,2,589),(590,2,590),(591,2,591),(592,2,592),(593,2,593),(594,2,594),(595,2,595),(596,2,596),(597,2,597),(598,2,598),(599,2,599),(600,2,600),(601,2,601),(602,2,602),(603,2,603),(604,2,604),(605,2,605),(606,2,606),(607,2,607),(608,2,608),(609,2,609),(610,2,610),(611,2,611),(612,2,612),(613,2,613),(614,2,614),(615,2,615),(616,2,616),(617,2,617),(618,2,618),(619,2,619),(620,2,620),(621,2,621),(622,2,622),(623,2,623),(624,2,624),(625,2,625),(626,2,626),(627,2,627),(628,2,628),(629,2,629),(630,2,630),(631,2,631),(632,2,632),(633,2,633),(634,2,634),(635,2,635),(636,2,636),(637,2,637),(638,2,638),(639,2,639),(640,2,640),(641,2,641),(642,2,642),(643,2,643),(644,2,644),(645,2,645),(646,2,646),(647,2,647),(648,2,648),(649,2,649),(650,2,650),(651,2,651),(652,2,652),(653,2,653),(654,2,654),(655,2,655),(656,2,656),(657,2,657),(658,2,658),(659,2,659),(660,2,660),(661,2,661),(662,2,662),(663,2,663),(664,2,664),(665,2,665),(666,2,666),(667,2,667),(668,2,668),(669,2,669),(670,2,670),(671,2,671),(672,2,672),(673,2,673),(674,2,674),(675,2,675),(676,2,676),(677,2,677),(678,2,678),(679,2,679),(680,2,680),(681,2,681),(682,2,682),(683,2,683),(684,2,684),(685,2,685),(686,2,686),(687,2,687),(688,2,688),(689,2,689),(690,2,690),(691,2,691),(692,2,692),(693,2,693),(694,2,694),(695,2,695),(696,2,696),(697,2,697),(698,2,698),(699,2,699),(700,2,700),(701,2,701),(702,2,702),(703,2,703),(704,2,704),(705,2,705),(706,2,706),(707,2,707),(708,2,708),(709,2,709),(710,2,710),(711,2,711),(712,2,712),(713,2,713),(714,2,714),(715,2,715),(716,2,716),(717,2,717),(718,2,718),(719,2,719),(720,2,720),(721,2,721),(722,2,722),(723,2,723),(724,2,724),(725,2,725),(726,2,726),(727,2,727),(728,2,728),(729,2,729),(730,2,730),(731,2,731),(732,2,732),(733,2,733),(734,2,734),(735,2,735),(736,2,736),(737,2,737),(738,2,738),(739,2,739),(740,2,740),(741,2,741),(742,2,742),(743,2,743),(744,2,744),(745,2,745),(746,2,746),(747,2,747),(748,2,748),(749,2,749),(750,2,750),(751,2,751),(752,2,752),(753,2,753),(754,2,754),(755,2,755),(756,2,756),(757,2,757),(758,2,758),(759,2,759),(760,2,760),(761,2,761),(762,2,762),(763,2,763),(764,2,764),(765,2,765),(766,2,766),(767,2,767),(768,2,768),(769,2,769),(770,2,770),(771,2,771),(772,2,772),(773,2,773),(774,2,774),(775,2,775),(776,2,776),(777,2,777),(778,2,778),(779,2,779),(780,2,780),(781,2,781),(782,2,782),(783,2,783),(784,2,784),(785,2,785),(786,2,786),(787,2,787),(788,2,788),(789,2,789),(790,2,790),(791,2,791),(792,2,792),(793,2,793),(794,2,794),(795,2,795),(796,2,796),(797,2,797),(798,2,798),(799,2,799),(800,2,800),(801,2,801),(802,2,802),(803,2,803),(804,2,804),(805,2,805),(806,2,806),(807,2,807),(808,2,808),(809,2,809),(810,2,810),(811,2,811),(812,2,812),(813,2,813),(814,2,814),(815,2,815),(816,2,816),(817,2,817),(818,2,818),(819,2,819),(820,2,820),(821,2,821),(822,2,822),(823,2,823),(824,2,824),(825,2,825),(826,2,826),(827,2,827),(828,2,828),(829,2,829),(830,2,830),(831,2,831),(832,2,832),(833,2,833),(834,2,834),(835,2,835),(836,2,836),(837,2,837),(838,2,838),(839,2,839),(840,2,840),(841,2,841),(842,2,842),(843,2,843),(844,2,844),(845,2,845),(846,2,846),(847,2,847),(848,2,848),(849,2,849),(850,2,850),(851,2,851),(852,2,852),(853,2,853),(854,2,854),(855,2,855),(856,2,856),(857,2,857),(858,2,858),(859,2,859),(860,2,860),(861,2,861),(862,2,862),(863,2,863),(864,2,864),(865,2,865),(866,2,866),(867,2,867),(868,2,868),(869,2,869),(870,2,870),(871,2,871),(872,2,872),(873,2,873),(874,2,874),(875,2,875),(876,2,876),(877,2,877),(878,2,878),(879,2,879),(880,2,880),(881,2,881),(882,2,882),(883,2,883),(884,2,884),(885,2,885),(886,2,886),(887,2,887),(888,2,888),(889,2,889),(890,2,890),(891,2,891),(892,2,892),(893,2,893),(894,2,894),(895,2,895),(896,2,896),(897,2,897),(898,2,898),(899,2,899),(900,2,900),(901,2,901),(902,2,902),(903,2,903),(904,2,904),(905,2,905),(906,2,906),(907,2,907),(908,2,908),(909,2,909),(910,2,910),(911,2,911),(912,2,912),(913,2,913),(914,2,914),(915,2,915),(916,2,916),(917,2,917),(918,2,918),(919,2,919),(920,2,920),(921,2,921),(922,2,922),(923,2,923),(924,2,924),(925,2,925),(926,2,926),(927,2,927),(928,2,928),(929,2,929),(930,2,930),(931,2,931),(932,2,932),(933,2,933),(934,2,934),(935,2,935),(936,2,936),(937,2,937),(938,2,938),(939,2,939),(940,2,940),(941,2,941),(942,2,942),(943,2,943),(944,2,944),(945,2,945),(946,2,946),(947,2,947),(948,2,948),(949,2,949),(950,2,950),(951,2,951),(952,2,952),(953,2,953),(954,2,954),(955,2,955),(956,2,956),(957,2,957),(958,2,958),(959,2,959),(960,2,960),(961,2,961),(962,2,962),(963,2,963),(964,2,964),(965,2,965),(966,2,966),(967,2,967),(968,2,968),(969,2,969),(970,2,970),(971,2,971),(972,2,972),(973,2,973),(974,2,974),(975,2,975),(976,2,976),(977,2,977),(978,2,978),(979,2,979),(980,2,980),(981,2,981),(982,2,982),(983,2,983),(984,2,984),(985,2,985),(986,2,986),(987,2,987),(988,2,988),(989,2,989),(990,2,990),(991,2,991),(992,2,992),(993,2,993),(994,2,994),(995,2,995),(996,2,996),(997,2,997),(998,2,998),(999,2,999),(1000,2,1000),(1001,2,1001),(1002,2,1002),(1003,2,1003),(1004,2,1004),(1005,2,1005),(1006,2,1006),(1007,2,1007),(1008,2,1008),(1009,2,1009),(1010,2,1010),(1011,2,1011),(1012,2,1012),(1013,2,1013),(1014,2,1014),(1015,2,1015),(1016,2,1016),(1017,2,1017),(1018,2,1018),(1019,2,1019),(1020,2,1020),(1021,2,1021),(1022,2,1022),(1023,2,1023),(1024,2,1024),(1025,2,1025),(1026,2,1026),(1027,2,1027),(1028,2,1028),(1029,2,1029),(1030,2,1030),(1031,2,1031),(1032,2,1032),(1033,2,1033),(1034,2,1034),(1035,2,1035),(1036,2,1036),(1037,2,1037),(1038,2,1038),(1039,2,1039),(1040,2,1040),(1041,2,1041),(1042,2,1042),(1043,2,1043),(1044,2,1044),(1045,2,1045),(1046,2,1046),(1047,2,1047),(1048,2,1048),(1049,2,1049),(1050,2,1050),(1051,2,1051),(1052,2,1052),(1053,2,1053),(1054,2,1054),(1055,2,1055),(1056,2,1056),(1057,2,1057),(1058,2,1058),(1059,2,1059),(1060,2,1060),(1061,2,1061),(1062,2,1062),(1063,2,1063),(1064,2,1064),(1065,2,1065),(1066,2,1066),(1067,2,1067),(1068,2,1068),(1069,2,1069),(1070,2,1070),(1071,2,1071),(1072,2,1072),(1073,2,1073),(1074,2,1074),(1075,2,1075),(1076,2,1076),(1077,2,1077),(1078,2,1078),(1079,2,1079),(1080,2,1080),(1081,2,1081),(1082,2,1082),(1083,2,1083),(1084,2,1084),(1085,2,1085),(1086,2,1086),(1087,2,1087),(1088,2,1088),(1089,2,1089),(1090,2,1090),(1091,2,1091),(1092,2,1092),(1093,2,1093),(1094,2,1094),(1095,2,1095),(1096,2,1096),(1097,2,1097),(1098,2,1098),(1099,2,1099),(1100,2,1100),(1101,2,1101),(1102,2,1102),(1103,2,1103),(1104,2,1104),(1105,2,1105),(1106,2,1106),(1107,2,1107),(1108,2,1108),(1109,2,1109),(1110,2,1110),(1111,2,1111),(1112,2,1112),(1113,2,1113),(1114,2,1114),(1115,2,1115),(1116,2,1116),(1117,2,1117),(1118,2,1118),(1119,2,1119),(1120,2,1120),(1121,2,1121),(1122,2,1122),(1123,2,1123),(1124,2,1124),(1125,2,1125),(1126,2,1126);
/*!40000 ALTER TABLE `categories_infractions` ENABLE KEYS */;
UNLOCK TABLES;

--
-- Table structure for table `imageurls`
--

DROP TABLE IF EXISTS `imageurls`;
/*!40101 SET @saved_cs_client     = @@character_set_client */;
/*!40101 SET character_set_client = utf8 */;
CREATE TABLE `imageurls` (
  `id` int(11) unsigned NOT NULL AUTO_INCREMENT,
  `imageurl` varchar(255) COLLATE utf8_unicode_ci DEFAULT NULL,
  PRIMARY KEY (`id`)
) ENGINE=InnoDB AUTO_INCREMENT=4 DEFAULT CHARSET=utf8 COLLATE=utf8_unicode_ci;
/*!40101 SET character_set_client = @saved_cs_client */;

--
-- Dumping data for table `imageurls`
--

LOCK TABLES `imageurls` WRITE;
/*!40000 ALTER TABLE `imageurls` DISABLE KEYS */;
INSERT INTO `imageurls` VALUES (1,'imageurl1'),(2,'imageurl2'),(3,'imageurl3');
/*!40000 ALTER TABLE `imageurls` ENABLE KEYS */;
UNLOCK TABLES;

--
-- Table structure for table `imageurls_infractions`
--

DROP TABLE IF EXISTS `imageurls_infractions`;
/*!40101 SET @saved_cs_client     = @@character_set_client */;
/*!40101 SET character_set_client = utf8 */;
CREATE TABLE `imageurls_infractions` (
  `id` int(11) unsigned NOT NULL AUTO_INCREMENT,
  `infractions_id` int(11) unsigned DEFAULT NULL,
  `imageurls_id` int(11) unsigned DEFAULT NULL,
  PRIMARY KEY (`id`),
  UNIQUE KEY `UQ_31c7d97ace0180c75140746b79e9a6751df87463` (`imageurls_id`,`infractions_id`),
  KEY `index_for_imageurls_infractions_infractions_id` (`infractions_id`),
  KEY `index_for_imageurls_infractions_imageurls_id` (`imageurls_id`),
  CONSTRAINT `imageurls_infractions_ibfk_1` FOREIGN KEY (`infractions_id`) REFERENCES `infractions` (`id`) ON DELETE CASCADE,
  CONSTRAINT `imageurls_infractions_ibfk_2` FOREIGN KEY (`imageurls_id`) REFERENCES `imageurls` (`id`) ON DELETE CASCADE
) ENGINE=InnoDB AUTO_INCREMENT=3379 DEFAULT CHARSET=utf8 COLLATE=utf8_unicode_ci;
/*!40101 SET character_set_client = @saved_cs_client */;

--
-- Dumping data for table `imageurls_infractions`
--

LOCK TABLES `imageurls_infractions` WRITE;
/*!40000 ALTER TABLE `imageurls_infractions` DISABLE KEYS */;
INSERT INTO `imageurls_infractions` VALUES (1,1,1),(4,2,1),(7,3,1),(10,4,1),(13,5,1),(16,6,1),(19,7,1),(22,8,1),(25,9,1),(28,10,1),(31,11,1),(34,12,1),(37,13,1),(40,14,1),(43,15,1),(46,16,1),(49,17,1),(52,18,1),(55,19,1),(58,20,1),(61,21,1),(64,22,1),(67,23,1),(70,24,1),(73,25,1),(76,26,1),(79,27,1),(82,28,1),(85,29,1),(88,30,1),(91,31,1),(94,32,1),(97,33,1),(100,34,1),(103,35,1),(106,36,1),(109,37,1),(112,38,1),(115,39,1),(118,40,1),(121,41,1),(124,42,1),(127,43,1),(130,44,1),(133,45,1),(136,46,1),(139,47,1),(142,48,1),(145,49,1),(148,50,1),(151,51,1),(154,52,1),(157,53,1),(160,54,1),(163,55,1),(166,56,1),(169,57,1),(172,58,1),(175,59,1),(178,60,1),(181,61,1),(184,62,1),(187,63,1),(190,64,1),(193,65,1),(196,66,1),(199,67,1),(202,68,1),(205,69,1),(208,70,1),(211,71,1),(214,72,1),(217,73,1),(220,74,1),(223,75,1),(226,76,1),(229,77,1),(232,78,1),(235,79,1),(238,80,1),(241,81,1),(244,82,1),(247,83,1),(250,84,1),(253,85,1),(256,86,1),(259,87,1),(262,88,1),(265,89,1),(268,90,1),(271,91,1),(274,92,1),(277,93,1),(280,94,1),(283,95,1),(286,96,1),(289,97,1),(292,98,1),(295,99,1),(298,100,1),(301,101,1),(304,102,1),(307,103,1),(310,104,1),(313,105,1),(316,106,1),(319,107,1),(322,108,1),(325,109,1),(328,110,1),(331,111,1),(334,112,1),(337,113,1),(340,114,1),(343,115,1),(346,116,1),(349,117,1),(352,118,1),(355,119,1),(358,120,1),(361,121,1),(364,122,1),(367,123,1),(370,124,1),(373,125,1),(376,126,1),(379,127,1),(382,128,1),(385,129,1),(388,130,1),(391,131,1),(394,132,1),(397,133,1),(400,134,1),(403,135,1),(406,136,1),(409,137,1),(412,138,1),(415,139,1),(418,140,1),(421,141,1),(424,142,1),(427,143,1),(430,144,1),(433,145,1),(436,146,1),(439,147,1),(442,148,1),(445,149,1),(448,150,1),(451,151,1),(454,152,1),(457,153,1),(460,154,1),(463,155,1),(466,156,1),(469,157,1),(472,158,1),(475,159,1),(478,160,1),(481,161,1),(484,162,1),(487,163,1),(490,164,1),(493,165,1),(496,166,1),(499,167,1),(502,168,1),(505,169,1),(508,170,1),(511,171,1),(514,172,1),(517,173,1),(520,174,1),(523,175,1),(526,176,1),(529,177,1),(532,178,1),(535,179,1),(538,180,1),(541,181,1),(544,182,1),(547,183,1),(550,184,1),(553,185,1),(556,186,1),(559,187,1),(562,188,1),(565,189,1),(568,190,1),(571,191,1),(574,192,1),(577,193,1),(580,194,1),(583,195,1),(586,196,1),(589,197,1),(592,198,1),(595,199,1),(598,200,1),(601,201,1),(604,202,1),(607,203,1),(610,204,1),(613,205,1),(616,206,1),(619,207,1),(622,208,1),(625,209,1),(628,210,1),(631,211,1),(634,212,1),(637,213,1),(640,214,1),(643,215,1),(646,216,1),(649,217,1),(652,218,1),(655,219,1),(658,220,1),(661,221,1),(664,222,1),(667,223,1),(670,224,1),(673,225,1),(676,226,1),(679,227,1),(682,228,1),(685,229,1),(688,230,1),(691,231,1),(694,232,1),(697,233,1),(700,234,1),(703,235,1),(706,236,1),(709,237,1),(712,238,1),(715,239,1),(718,240,1),(721,241,1),(724,242,1),(727,243,1),(730,244,1),(733,245,1),(736,246,1),(739,247,1),(742,248,1),(745,249,1),(748,250,1),(751,251,1),(754,252,1),(757,253,1),(760,254,1),(763,255,1),(766,256,1),(769,257,1),(772,258,1),(775,259,1),(778,260,1),(781,261,1),(784,262,1),(787,263,1),(790,264,1),(793,265,1),(796,266,1),(799,267,1),(802,268,1),(805,269,1),(808,270,1),(811,271,1),(814,272,1),(817,273,1),(820,274,1),(823,275,1),(826,276,1),(829,277,1),(832,278,1),(835,279,1),(838,280,1),(841,281,1),(844,282,1),(847,283,1),(850,284,1),(853,285,1),(856,286,1),(859,287,1),(862,288,1),(865,289,1),(868,290,1),(871,291,1),(874,292,1),(877,293,1),(880,294,1),(883,295,1),(886,296,1),(889,297,1),(892,298,1),(895,299,1),(898,300,1),(901,301,1),(904,302,1),(907,303,1),(910,304,1),(913,305,1),(916,306,1),(919,307,1),(922,308,1),(925,309,1),(928,310,1),(931,311,1),(934,312,1),(937,313,1),(940,314,1),(943,315,1),(946,316,1),(949,317,1),(952,318,1),(955,319,1),(958,320,1),(961,321,1),(964,322,1),(967,323,1),(970,324,1),(973,325,1),(976,326,1),(979,327,1),(982,328,1),(985,329,1),(988,330,1),(991,331,1),(994,332,1),(997,333,1),(1000,334,1),(1003,335,1),(1006,336,1),(1009,337,1),(1012,338,1),(1015,339,1),(1018,340,1),(1021,341,1),(1024,342,1),(1027,343,1),(1030,344,1),(1033,345,1),(1036,346,1),(1039,347,1),(1042,348,1),(1045,349,1),(1048,350,1),(1051,351,1),(1054,352,1),(1057,353,1),(1060,354,1),(1063,355,1),(1066,356,1),(1069,357,1),(1072,358,1),(1075,359,1),(1078,360,1),(1081,361,1),(1084,362,1),(1087,363,1),(1090,364,1),(1093,365,1),(1096,366,1),(1099,367,1),(1102,368,1),(1105,369,1),(1108,370,1),(1111,371,1),(1114,372,1),(1117,373,1),(1120,374,1),(1123,375,1),(1126,376,1),(1129,377,1),(1132,378,1),(1135,379,1),(1138,380,1),(1141,381,1),(1144,382,1),(1147,383,1),(1150,384,1),(1153,385,1),(1156,386,1),(1159,387,1),(1162,388,1),(1165,389,1),(1168,390,1),(1171,391,1),(1174,392,1),(1177,393,1),(1180,394,1),(1183,395,1),(1186,396,1),(1189,397,1),(1192,398,1),(1195,399,1),(1198,400,1),(1201,401,1),(1204,402,1),(1207,403,1),(1210,404,1),(1213,405,1),(1216,406,1),(1219,407,1),(1222,408,1),(1225,409,1),(1228,410,1),(1231,411,1),(1234,412,1),(1237,413,1),(1240,414,1),(1243,415,1),(1246,416,1),(1249,417,1),(1252,418,1),(1255,419,1),(1258,420,1),(1261,421,1),(1264,422,1),(1267,423,1),(1270,424,1),(1273,425,1),(1276,426,1),(1279,427,1),(1282,428,1),(1285,429,1),(1288,430,1),(1291,431,1),(1294,432,1),(1297,433,1),(1300,434,1),(1303,435,1),(1306,436,1),(1309,437,1),(1312,438,1),(1315,439,1),(1318,440,1),(1321,441,1),(1324,442,1),(1327,443,1),(1330,444,1),(1333,445,1),(1336,446,1),(1339,447,1),(1342,448,1),(1345,449,1),(1348,450,1),(1351,451,1),(1354,452,1),(1357,453,1),(1360,454,1),(1363,455,1),(1366,456,1),(1369,457,1),(1372,458,1),(1375,459,1),(1378,460,1),(1381,461,1),(1384,462,1),(1387,463,1),(1390,464,1),(1393,465,1),(1396,466,1),(1399,467,1),(1402,468,1),(1405,469,1),(1408,470,1),(1411,471,1),(1414,472,1),(1417,473,1),(1420,474,1),(1423,475,1),(1426,476,1),(1429,477,1),(1432,478,1),(1435,479,1),(1438,480,1),(1441,481,1),(1444,482,1),(1447,483,1),(1450,484,1),(1453,485,1),(1456,486,1),(1459,487,1),(1462,488,1),(1465,489,1),(1468,490,1),(1471,491,1),(1474,492,1),(1477,493,1),(1480,494,1),(1483,495,1),(1486,496,1),(1489,497,1),(1492,498,1),(1495,499,1),(1498,500,1),(1501,501,1),(1504,502,1),(1507,503,1),(1510,504,1),(1513,505,1),(1516,506,1),(1519,507,1),(1522,508,1),(1525,509,1),(1528,510,1),(1531,511,1),(1534,512,1),(1537,513,1),(1540,514,1),(1543,515,1),(1546,516,1),(1549,517,1),(1552,518,1),(1555,519,1),(1558,520,1),(1561,521,1),(1564,522,1),(1567,523,1),(1570,524,1),(1573,525,1),(1576,526,1),(1579,527,1),(1582,528,1),(1585,529,1),(1588,530,1),(1591,531,1),(1594,532,1),(1597,533,1),(1600,534,1),(1603,535,1),(1606,536,1),(1609,537,1),(1612,538,1),(1615,539,1),(1618,540,1),(1621,541,1),(1624,542,1),(1627,543,1),(1630,544,1),(1633,545,1),(1636,546,1),(1639,547,1),(1642,548,1),(1645,549,1),(1648,550,1),(1651,551,1),(1654,552,1),(1657,553,1),(1660,554,1),(1663,555,1),(1666,556,1),(1669,557,1),(1672,558,1),(1675,559,1),(1678,560,1),(1681,561,1),(1684,562,1),(1687,563,1),(1690,564,1),(1693,565,1),(1696,566,1),(1699,567,1),(1702,568,1),(1705,569,1),(1708,570,1),(1711,571,1),(1714,572,1),(1717,573,1),(1720,574,1),(1723,575,1),(1726,576,1),(1729,577,1),(1732,578,1),(1735,579,1),(1738,580,1),(1741,581,1),(1744,582,1),(1747,583,1),(1750,584,1),(1753,585,1),(1756,586,1),(1759,587,1),(1762,588,1),(1765,589,1),(1768,590,1),(1771,591,1),(1774,592,1),(1777,593,1),(1780,594,1),(1783,595,1),(1786,596,1),(1789,597,1),(1792,598,1),(1795,599,1),(1798,600,1),(1801,601,1),(1804,602,1),(1807,603,1),(1810,604,1),(1813,605,1),(1816,606,1),(1819,607,1),(1822,608,1),(1825,609,1),(1828,610,1),(1831,611,1),(1834,612,1),(1837,613,1),(1840,614,1),(1843,615,1),(1846,616,1),(1849,617,1),(1852,618,1),(1855,619,1),(1858,620,1),(1861,621,1),(1864,622,1),(1867,623,1),(1870,624,1),(1873,625,1),(1876,626,1),(1879,627,1),(1882,628,1),(1885,629,1),(1888,630,1),(1891,631,1),(1894,632,1),(1897,633,1),(1900,634,1),(1903,635,1),(1906,636,1),(1909,637,1),(1912,638,1),(1915,639,1),(1918,640,1),(1921,641,1),(1924,642,1),(1927,643,1),(1930,644,1),(1933,645,1),(1936,646,1),(1939,647,1),(1942,648,1),(1945,649,1),(1948,650,1),(1951,651,1),(1954,652,1),(1957,653,1),(1960,654,1),(1963,655,1),(1966,656,1),(1969,657,1),(1972,658,1),(1975,659,1),(1978,660,1),(1981,661,1),(1984,662,1),(1987,663,1),(1990,664,1),(1993,665,1),(1996,666,1),(1999,667,1),(2002,668,1),(2005,669,1),(2008,670,1),(2011,671,1),(2014,672,1),(2017,673,1),(2020,674,1),(2023,675,1),(2026,676,1),(2029,677,1),(2032,678,1),(2035,679,1),(2038,680,1),(2041,681,1),(2044,682,1),(2047,683,1),(2050,684,1),(2053,685,1),(2056,686,1),(2059,687,1),(2062,688,1),(2065,689,1),(2068,690,1),(2071,691,1),(2074,692,1),(2077,693,1),(2080,694,1),(2083,695,1),(2086,696,1),(2089,697,1),(2092,698,1),(2095,699,1),(2098,700,1),(2101,701,1),(2104,702,1),(2107,703,1),(2110,704,1),(2113,705,1),(2116,706,1),(2119,707,1),(2122,708,1),(2125,709,1),(2128,710,1),(2131,711,1),(2134,712,1),(2137,713,1),(2140,714,1),(2143,715,1),(2146,716,1),(2149,717,1),(2152,718,1),(2155,719,1),(2158,720,1),(2161,721,1),(2164,722,1),(2167,723,1),(2170,724,1),(2173,725,1),(2176,726,1),(2179,727,1),(2182,728,1),(2185,729,1),(2188,730,1),(2191,731,1),(2194,732,1),(2197,733,1),(2200,734,1),(2203,735,1),(2206,736,1),(2209,737,1),(2212,738,1),(2215,739,1),(2218,740,1),(2221,741,1),(2224,742,1),(2227,743,1),(2230,744,1),(2233,745,1),(2236,746,1),(2239,747,1),(2242,748,1),(2245,749,1),(2248,750,1),(2251,751,1),(2254,752,1),(2257,753,1),(2260,754,1),(2263,755,1),(2266,756,1),(2269,757,1),(2272,758,1),(2275,759,1),(2278,760,1),(2281,761,1),(2284,762,1),(2287,763,1),(2290,764,1),(2293,765,1),(2296,766,1),(2299,767,1),(2302,768,1),(2305,769,1),(2308,770,1),(2311,771,1),(2314,772,1),(2317,773,1),(2320,774,1),(2323,775,1),(2326,776,1),(2329,777,1),(2332,778,1),(2335,779,1),(2338,780,1),(2341,781,1),(2344,782,1),(2347,783,1),(2350,784,1),(2353,785,1),(2356,786,1),(2359,787,1),(2362,788,1),(2365,789,1),(2368,790,1),(2371,791,1),(2374,792,1),(2377,793,1),(2380,794,1),(2383,795,1),(2386,796,1),(2389,797,1),(2392,798,1),(2395,799,1),(2398,800,1),(2401,801,1),(2404,802,1),(2407,803,1),(2410,804,1),(2413,805,1),(2416,806,1),(2419,807,1),(2422,808,1),(2425,809,1),(2428,810,1),(2431,811,1),(2434,812,1),(2437,813,1),(2440,814,1),(2443,815,1),(2446,816,1),(2449,817,1),(2452,818,1),(2455,819,1),(2458,820,1),(2461,821,1),(2464,822,1),(2467,823,1),(2470,824,1),(2473,825,1),(2476,826,1),(2479,827,1),(2482,828,1),(2485,829,1),(2488,830,1),(2491,831,1),(2494,832,1),(2497,833,1),(2500,834,1),(2503,835,1),(2506,836,1),(2509,837,1),(2512,838,1),(2515,839,1),(2518,840,1),(2521,841,1),(2524,842,1),(2527,843,1),(2530,844,1),(2533,845,1),(2536,846,1),(2539,847,1),(2542,848,1),(2545,849,1),(2548,850,1),(2551,851,1),(2554,852,1),(2557,853,1),(2560,854,1),(2563,855,1),(2566,856,1),(2569,857,1),(2572,858,1),(2575,859,1),(2578,860,1),(2581,861,1),(2584,862,1),(2587,863,1),(2590,864,1),(2593,865,1),(2596,866,1),(2599,867,1),(2602,868,1),(2605,869,1),(2608,870,1),(2611,871,1),(2614,872,1),(2617,873,1),(2620,874,1),(2623,875,1),(2626,876,1),(2629,877,1),(2632,878,1),(2635,879,1),(2638,880,1),(2641,881,1),(2644,882,1),(2647,883,1),(2650,884,1),(2653,885,1),(2656,886,1),(2659,887,1),(2662,888,1),(2665,889,1),(2668,890,1),(2671,891,1),(2674,892,1),(2677,893,1),(2680,894,1),(2683,895,1),(2686,896,1),(2689,897,1),(2692,898,1),(2695,899,1),(2698,900,1),(2701,901,1),(2704,902,1),(2707,903,1),(2710,904,1),(2713,905,1),(2716,906,1),(2719,907,1),(2722,908,1),(2725,909,1),(2728,910,1),(2731,911,1),(2734,912,1),(2737,913,1),(2740,914,1),(2743,915,1),(2746,916,1),(2749,917,1),(2752,918,1),(2755,919,1),(2758,920,1),(2761,921,1),(2764,922,1),(2767,923,1),(2770,924,1),(2773,925,1),(2776,926,1),(2779,927,1),(2782,928,1),(2785,929,1),(2788,930,1),(2791,931,1),(2794,932,1),(2797,933,1),(2800,934,1),(2803,935,1),(2806,936,1),(2809,937,1),(2812,938,1),(2815,939,1),(2818,940,1),(2821,941,1),(2824,942,1),(2827,943,1),(2830,944,1),(2833,945,1),(2836,946,1),(2839,947,1),(2842,948,1),(2845,949,1),(2848,950,1),(2851,951,1),(2854,952,1),(2857,953,1),(2860,954,1),(2863,955,1),(2866,956,1),(2869,957,1),(2872,958,1),(2875,959,1),(2878,960,1),(2881,961,1),(2884,962,1),(2887,963,1),(2890,964,1),(2893,965,1),(2896,966,1),(2899,967,1),(2902,968,1),(2905,969,1),(2908,970,1),(2911,971,1),(2914,972,1),(2917,973,1),(2920,974,1),(2923,975,1),(2926,976,1),(2929,977,1),(2932,978,1),(2935,979,1),(2938,980,1),(2941,981,1),(2944,982,1),(2947,983,1),(2950,984,1),(2953,985,1),(2956,986,1),(2959,987,1),(2962,988,1),(2965,989,1),(2968,990,1),(2971,991,1),(2974,992,1),(2977,993,1),(2980,994,1),(2983,995,1),(2986,996,1),(2989,997,1),(2992,998,1),(2995,999,1),(2998,1000,1),(3001,1001,1),(3004,1002,1),(3007,1003,1),(3010,1004,1),(3013,1005,1),(3016,1006,1),(3019,1007,1),(3022,1008,1),(3025,1009,1),(3028,1010,1),(3031,1011,1),(3034,1012,1),(3037,1013,1),(3040,1014,1),(3043,1015,1),(3046,1016,1),(3049,1017,1),(3052,1018,1),(3055,1019,1),(3058,1020,1),(3061,1021,1),(3064,1022,1),(3067,1023,1),(3070,1024,1),(3073,1025,1),(3076,1026,1),(3079,1027,1),(3082,1028,1),(3085,1029,1),(3088,1030,1),(3091,1031,1),(3094,1032,1),(3097,1033,1),(3100,1034,1),(3103,1035,1),(3106,1036,1),(3109,1037,1),(3112,1038,1),(3115,1039,1),(3118,1040,1),(3121,1041,1),(3124,1042,1),(3127,1043,1),(3130,1044,1),(3133,1045,1),(3136,1046,1),(3139,1047,1),(3142,1048,1),(3145,1049,1),(3148,1050,1),(3151,1051,1),(3154,1052,1),(3157,1053,1),(3160,1054,1),(3163,1055,1),(3166,1056,1),(3169,1057,1),(3172,1058,1),(3175,1059,1),(3178,1060,1),(3181,1061,1),(3184,1062,1),(3187,1063,1),(3190,1064,1),(3193,1065,1),(3196,1066,1),(3199,1067,1),(3202,1068,1),(3205,1069,1),(3208,1070,1),(3211,1071,1),(3214,1072,1),(3217,1073,1),(3220,1074,1),(3223,1075,1),(3226,1076,1),(3229,1077,1),(3232,1078,1),(3235,1079,1),(3238,1080,1),(3241,1081,1),(3244,1082,1),(3247,1083,1),(3250,1084,1),(3253,1085,1),(3256,1086,1),(3259,1087,1),(3262,1088,1),(3265,1089,1),(3268,1090,1),(3271,1091,1),(3274,1092,1),(3277,1093,1),(3280,1094,1),(3283,1095,1),(3286,1096,1),(3289,1097,1),(3292,1098,1),(3295,1099,1),(3298,1100,1),(3301,1101,1),(3304,1102,1),(3307,1103,1),(3310,1104,1),(3313,1105,1),(3316,1106,1),(3319,1107,1),(3322,1108,1),(3325,1109,1),(3328,1110,1),(3331,1111,1),(3334,1112,1),(3337,1113,1),(3340,1114,1),(3343,1115,1),(3346,1116,1),(3349,1117,1),(3352,1118,1),(3355,1119,1),(3358,1120,1),(3361,1121,1),(3364,1122,1),(3367,1123,1),(3370,1124,1),(3373,1125,1),(3376,1126,1),(2,1,2),(5,2,2),(8,3,2),(11,4,2),(14,5,2),(17,6,2),(20,7,2),(23,8,2),(26,9,2),(29,10,2),(32,11,2),(35,12,2),(38,13,2),(41,14,2),(44,15,2),(47,16,2),(50,17,2),(53,18,2),(56,19,2),(59,20,2),(62,21,2),(65,22,2),(68,23,2),(71,24,2),(74,25,2),(77,26,2),(80,27,2),(83,28,2),(86,29,2),(89,30,2),(92,31,2),(95,32,2),(98,33,2),(101,34,2),(104,35,2),(107,36,2),(110,37,2),(113,38,2),(116,39,2),(119,40,2),(122,41,2),(125,42,2),(128,43,2),(131,44,2),(134,45,2),(137,46,2),(140,47,2),(143,48,2),(146,49,2),(149,50,2),(152,51,2),(155,52,2),(158,53,2),(161,54,2),(164,55,2),(167,56,2),(170,57,2),(173,58,2),(176,59,2),(179,60,2),(182,61,2),(185,62,2),(188,63,2),(191,64,2),(194,65,2),(197,66,2),(200,67,2),(203,68,2),(206,69,2),(209,70,2),(212,71,2),(215,72,2),(218,73,2),(221,74,2),(224,75,2),(227,76,2),(230,77,2),(233,78,2),(236,79,2),(239,80,2),(242,81,2),(245,82,2),(248,83,2),(251,84,2),(254,85,2),(257,86,2),(260,87,2),(263,88,2),(266,89,2),(269,90,2),(272,91,2),(275,92,2),(278,93,2),(281,94,2),(284,95,2),(287,96,2),(290,97,2),(293,98,2),(296,99,2),(299,100,2),(302,101,2),(305,102,2),(308,103,2),(311,104,2),(314,105,2),(317,106,2),(320,107,2),(323,108,2),(326,109,2),(329,110,2),(332,111,2),(335,112,2),(338,113,2),(341,114,2),(344,115,2),(347,116,2),(350,117,2),(353,118,2),(356,119,2),(359,120,2),(362,121,2),(365,122,2),(368,123,2),(371,124,2),(374,125,2),(377,126,2),(380,127,2),(383,128,2),(386,129,2),(389,130,2),(392,131,2),(395,132,2),(398,133,2),(401,134,2),(404,135,2),(407,136,2),(410,137,2),(413,138,2),(416,139,2),(419,140,2),(422,141,2),(425,142,2),(428,143,2),(431,144,2),(434,145,2),(437,146,2),(440,147,2),(443,148,2),(446,149,2),(449,150,2),(452,151,2),(455,152,2),(458,153,2),(461,154,2),(464,155,2),(467,156,2),(470,157,2),(473,158,2),(476,159,2),(479,160,2),(482,161,2),(485,162,2),(488,163,2),(491,164,2),(494,165,2),(497,166,2),(500,167,2),(503,168,2),(506,169,2),(509,170,2),(512,171,2),(515,172,2),(518,173,2),(521,174,2),(524,175,2),(527,176,2),(530,177,2),(533,178,2),(536,179,2),(539,180,2),(542,181,2),(545,182,2),(548,183,2),(551,184,2),(554,185,2),(557,186,2),(560,187,2),(563,188,2),(566,189,2),(569,190,2),(572,191,2),(575,192,2),(578,193,2),(581,194,2),(584,195,2),(587,196,2),(590,197,2),(593,198,2),(596,199,2),(599,200,2),(602,201,2),(605,202,2),(608,203,2),(611,204,2),(614,205,2),(617,206,2),(620,207,2),(623,208,2),(626,209,2),(629,210,2),(632,211,2),(635,212,2),(638,213,2),(641,214,2),(644,215,2),(647,216,2),(650,217,2),(653,218,2),(656,219,2),(659,220,2),(662,221,2),(665,222,2),(668,223,2),(671,224,2),(674,225,2),(677,226,2),(680,227,2),(683,228,2),(686,229,2),(689,230,2),(692,231,2),(695,232,2),(698,233,2),(701,234,2),(704,235,2),(707,236,2),(710,237,2),(713,238,2),(716,239,2),(719,240,2),(722,241,2),(725,242,2),(728,243,2),(731,244,2),(734,245,2),(737,246,2),(740,247,2),(743,248,2),(746,249,2),(749,250,2),(752,251,2),(755,252,2),(758,253,2),(761,254,2),(764,255,2),(767,256,2),(770,257,2),(773,258,2),(776,259,2),(779,260,2),(782,261,2),(785,262,2),(788,263,2),(791,264,2),(794,265,2),(797,266,2),(800,267,2),(803,268,2),(806,269,2),(809,270,2),(812,271,2),(815,272,2),(818,273,2),(821,274,2),(824,275,2),(827,276,2),(830,277,2),(833,278,2),(836,279,2),(839,280,2),(842,281,2),(845,282,2),(848,283,2),(851,284,2),(854,285,2),(857,286,2),(860,287,2),(863,288,2),(866,289,2),(869,290,2),(872,291,2),(875,292,2),(878,293,2),(881,294,2),(884,295,2),(887,296,2),(890,297,2),(893,298,2),(896,299,2),(899,300,2),(902,301,2),(905,302,2),(908,303,2),(911,304,2),(914,305,2),(917,306,2),(920,307,2),(923,308,2),(926,309,2),(929,310,2),(932,311,2),(935,312,2),(938,313,2),(941,314,2),(944,315,2),(947,316,2),(950,317,2),(953,318,2),(956,319,2),(959,320,2),(962,321,2),(965,322,2),(968,323,2),(971,324,2),(974,325,2),(977,326,2),(980,327,2),(983,328,2),(986,329,2),(989,330,2),(992,331,2),(995,332,2),(998,333,2),(1001,334,2),(1004,335,2),(1007,336,2),(1010,337,2),(1013,338,2),(1016,339,2),(1019,340,2),(1022,341,2),(1025,342,2),(1028,343,2),(1031,344,2),(1034,345,2),(1037,346,2),(1040,347,2),(1043,348,2),(1046,349,2),(1049,350,2),(1052,351,2),(1055,352,2),(1058,353,2),(1061,354,2),(1064,355,2),(1067,356,2),(1070,357,2),(1073,358,2),(1076,359,2),(1079,360,2),(1082,361,2),(1085,362,2),(1088,363,2),(1091,364,2),(1094,365,2),(1097,366,2),(1100,367,2),(1103,368,2),(1106,369,2),(1109,370,2),(1112,371,2),(1115,372,2),(1118,373,2),(1121,374,2),(1124,375,2),(1127,376,2),(1130,377,2),(1133,378,2),(1136,379,2),(1139,380,2),(1142,381,2),(1145,382,2),(1148,383,2),(1151,384,2),(1154,385,2),(1157,386,2),(1160,387,2),(1163,388,2),(1166,389,2),(1169,390,2),(1172,391,2),(1175,392,2),(1178,393,2),(1181,394,2),(1184,395,2),(1187,396,2),(1190,397,2),(1193,398,2),(1196,399,2),(1199,400,2),(1202,401,2),(1205,402,2),(1208,403,2),(1211,404,2),(1214,405,2),(1217,406,2),(1220,407,2),(1223,408,2),(1226,409,2),(1229,410,2),(1232,411,2),(1235,412,2),(1238,413,2),(1241,414,2),(1244,415,2),(1247,416,2),(1250,417,2),(1253,418,2),(1256,419,2),(1259,420,2),(1262,421,2),(1265,422,2),(1268,423,2),(1271,424,2),(1274,425,2),(1277,426,2),(1280,427,2),(1283,428,2),(1286,429,2),(1289,430,2),(1292,431,2),(1295,432,2),(1298,433,2),(1301,434,2),(1304,435,2),(1307,436,2),(1310,437,2),(1313,438,2),(1316,439,2),(1319,440,2),(1322,441,2),(1325,442,2),(1328,443,2),(1331,444,2),(1334,445,2),(1337,446,2),(1340,447,2),(1343,448,2),(1346,449,2),(1349,450,2),(1352,451,2),(1355,452,2),(1358,453,2),(1361,454,2),(1364,455,2),(1367,456,2),(1370,457,2),(1373,458,2),(1376,459,2),(1379,460,2),(1382,461,2),(1385,462,2),(1388,463,2),(1391,464,2),(1394,465,2),(1397,466,2),(1400,467,2),(1403,468,2),(1406,469,2),(1409,470,2),(1412,471,2),(1415,472,2),(1418,473,2),(1421,474,2),(1424,475,2),(1427,476,2),(1430,477,2),(1433,478,2),(1436,479,2),(1439,480,2),(1442,481,2),(1445,482,2),(1448,483,2),(1451,484,2),(1454,485,2),(1457,486,2),(1460,487,2),(1463,488,2),(1466,489,2),(1469,490,2),(1472,491,2),(1475,492,2),(1478,493,2),(1481,494,2),(1484,495,2),(1487,496,2),(1490,497,2),(1493,498,2),(1496,499,2),(1499,500,2),(1502,501,2),(1505,502,2),(1508,503,2),(1511,504,2),(1514,505,2),(1517,506,2),(1520,507,2),(1523,508,2),(1526,509,2),(1529,510,2),(1532,511,2),(1535,512,2),(1538,513,2),(1541,514,2),(1544,515,2),(1547,516,2),(1550,517,2),(1553,518,2),(1556,519,2),(1559,520,2),(1562,521,2),(1565,522,2),(1568,523,2),(1571,524,2),(1574,525,2),(1577,526,2),(1580,527,2),(1583,528,2),(1586,529,2),(1589,530,2),(1592,531,2),(1595,532,2),(1598,533,2),(1601,534,2),(1604,535,2),(1607,536,2),(1610,537,2),(1613,538,2),(1616,539,2),(1619,540,2),(1622,541,2),(1625,542,2),(1628,543,2),(1631,544,2),(1634,545,2),(1637,546,2),(1640,547,2),(1643,548,2),(1646,549,2),(1649,550,2),(1652,551,2),(1655,552,2),(1658,553,2),(1661,554,2),(1664,555,2),(1667,556,2),(1670,557,2),(1673,558,2),(1676,559,2),(1679,560,2),(1682,561,2),(1685,562,2),(1688,563,2),(1691,564,2),(1694,565,2),(1697,566,2),(1700,567,2),(1703,568,2),(1706,569,2),(1709,570,2),(1712,571,2),(1715,572,2),(1718,573,2),(1721,574,2),(1724,575,2),(1727,576,2),(1730,577,2),(1733,578,2),(1736,579,2),(1739,580,2),(1742,581,2),(1745,582,2),(1748,583,2),(1751,584,2),(1754,585,2),(1757,586,2),(1760,587,2),(1763,588,2),(1766,589,2),(1769,590,2),(1772,591,2),(1775,592,2),(1778,593,2),(1781,594,2),(1784,595,2),(1787,596,2),(1790,597,2),(1793,598,2),(1796,599,2),(1799,600,2),(1802,601,2),(1805,602,2),(1808,603,2),(1811,604,2),(1814,605,2),(1817,606,2),(1820,607,2),(1823,608,2),(1826,609,2),(1829,610,2),(1832,611,2),(1835,612,2),(1838,613,2),(1841,614,2),(1844,615,2),(1847,616,2),(1850,617,2),(1853,618,2),(1856,619,2),(1859,620,2),(1862,621,2),(1865,622,2),(1868,623,2),(1871,624,2),(1874,625,2),(1877,626,2),(1880,627,2),(1883,628,2),(1886,629,2),(1889,630,2),(1892,631,2),(1895,632,2),(1898,633,2),(1901,634,2),(1904,635,2),(1907,636,2),(1910,637,2),(1913,638,2),(1916,639,2),(1919,640,2),(1922,641,2),(1925,642,2),(1928,643,2),(1931,644,2),(1934,645,2),(1937,646,2),(1940,647,2),(1943,648,2),(1946,649,2),(1949,650,2),(1952,651,2),(1955,652,2),(1958,653,2),(1961,654,2),(1964,655,2),(1967,656,2),(1970,657,2),(1973,658,2),(1976,659,2),(1979,660,2),(1982,661,2),(1985,662,2),(1988,663,2),(1991,664,2),(1994,665,2),(1997,666,2),(2000,667,2),(2003,668,2),(2006,669,2),(2009,670,2),(2012,671,2),(2015,672,2),(2018,673,2),(2021,674,2),(2024,675,2),(2027,676,2),(2030,677,2),(2033,678,2),(2036,679,2),(2039,680,2),(2042,681,2),(2045,682,2),(2048,683,2),(2051,684,2),(2054,685,2),(2057,686,2),(2060,687,2),(2063,688,2),(2066,689,2),(2069,690,2),(2072,691,2),(2075,692,2),(2078,693,2),(2081,694,2),(2084,695,2),(2087,696,2),(2090,697,2),(2093,698,2),(2096,699,2),(2099,700,2),(2102,701,2),(2105,702,2),(2108,703,2),(2111,704,2),(2114,705,2),(2117,706,2),(2120,707,2),(2123,708,2),(2126,709,2),(2129,710,2),(2132,711,2),(2135,712,2),(2138,713,2),(2141,714,2),(2144,715,2),(2147,716,2),(2150,717,2),(2153,718,2),(2156,719,2),(2159,720,2),(2162,721,2),(2165,722,2),(2168,723,2),(2171,724,2),(2174,725,2),(2177,726,2),(2180,727,2),(2183,728,2),(2186,729,2),(2189,730,2),(2192,731,2),(2195,732,2),(2198,733,2),(2201,734,2),(2204,735,2),(2207,736,2),(2210,737,2),(2213,738,2),(2216,739,2),(2219,740,2),(2222,741,2),(2225,742,2),(2228,743,2),(2231,744,2),(2234,745,2),(2237,746,2),(2240,747,2),(2243,748,2),(2246,749,2),(2249,750,2),(2252,751,2),(2255,752,2),(2258,753,2),(2261,754,2),(2264,755,2),(2267,756,2),(2270,757,2),(2273,758,2),(2276,759,2),(2279,760,2),(2282,761,2),(2285,762,2),(2288,763,2),(2291,764,2),(2294,765,2),(2297,766,2),(2300,767,2),(2303,768,2),(2306,769,2),(2309,770,2),(2312,771,2),(2315,772,2),(2318,773,2),(2321,774,2),(2324,775,2),(2327,776,2),(2330,777,2),(2333,778,2),(2336,779,2),(2339,780,2),(2342,781,2),(2345,782,2),(2348,783,2),(2351,784,2),(2354,785,2),(2357,786,2),(2360,787,2),(2363,788,2),(2366,789,2),(2369,790,2),(2372,791,2),(2375,792,2),(2378,793,2),(2381,794,2),(2384,795,2),(2387,796,2),(2390,797,2),(2393,798,2),(2396,799,2),(2399,800,2),(2402,801,2),(2405,802,2),(2408,803,2),(2411,804,2),(2414,805,2),(2417,806,2),(2420,807,2),(2423,808,2),(2426,809,2),(2429,810,2),(2432,811,2),(2435,812,2),(2438,813,2),(2441,814,2),(2444,815,2),(2447,816,2),(2450,817,2),(2453,818,2),(2456,819,2),(2459,820,2),(2462,821,2),(2465,822,2),(2468,823,2),(2471,824,2),(2474,825,2),(2477,826,2),(2480,827,2),(2483,828,2),(2486,829,2),(2489,830,2),(2492,831,2),(2495,832,2),(2498,833,2),(2501,834,2),(2504,835,2),(2507,836,2),(2510,837,2),(2513,838,2),(2516,839,2),(2519,840,2),(2522,841,2),(2525,842,2),(2528,843,2),(2531,844,2),(2534,845,2),(2537,846,2),(2540,847,2),(2543,848,2),(2546,849,2),(2549,850,2),(2552,851,2),(2555,852,2),(2558,853,2),(2561,854,2),(2564,855,2),(2567,856,2),(2570,857,2),(2573,858,2),(2576,859,2),(2579,860,2),(2582,861,2),(2585,862,2),(2588,863,2),(2591,864,2),(2594,865,2),(2597,866,2),(2600,867,2),(2603,868,2),(2606,869,2),(2609,870,2),(2612,871,2),(2615,872,2),(2618,873,2),(2621,874,2),(2624,875,2),(2627,876,2),(2630,877,2),(2633,878,2),(2636,879,2),(2639,880,2),(2642,881,2),(2645,882,2),(2648,883,2),(2651,884,2),(2654,885,2),(2657,886,2),(2660,887,2),(2663,888,2),(2666,889,2),(2669,890,2),(2672,891,2),(2675,892,2),(2678,893,2),(2681,894,2),(2684,895,2),(2687,896,2),(2690,897,2),(2693,898,2),(2696,899,2),(2699,900,2),(2702,901,2),(2705,902,2),(2708,903,2),(2711,904,2),(2714,905,2),(2717,906,2),(2720,907,2),(2723,908,2),(2726,909,2),(2729,910,2),(2732,911,2),(2735,912,2),(2738,913,2),(2741,914,2),(2744,915,2),(2747,916,2),(2750,917,2),(2753,918,2),(2756,919,2),(2759,920,2),(2762,921,2),(2765,922,2),(2768,923,2),(2771,924,2),(2774,925,2),(2777,926,2),(2780,927,2),(2783,928,2),(2786,929,2),(2789,930,2),(2792,931,2),(2795,932,2),(2798,933,2),(2801,934,2),(2804,935,2),(2807,936,2),(2810,937,2),(2813,938,2),(2816,939,2),(2819,940,2),(2822,941,2),(2825,942,2),(2828,943,2),(2831,944,2),(2834,945,2),(2837,946,2),(2840,947,2),(2843,948,2),(2846,949,2),(2849,950,2),(2852,951,2),(2855,952,2),(2858,953,2),(2861,954,2),(2864,955,2),(2867,956,2),(2870,957,2),(2873,958,2),(2876,959,2),(2879,960,2),(2882,961,2),(2885,962,2),(2888,963,2),(2891,964,2),(2894,965,2),(2897,966,2),(2900,967,2),(2903,968,2),(2906,969,2),(2909,970,2),(2912,971,2),(2915,972,2),(2918,973,2),(2921,974,2),(2924,975,2),(2927,976,2),(2930,977,2),(2933,978,2),(2936,979,2),(2939,980,2),(2942,981,2),(2945,982,2),(2948,983,2),(2951,984,2),(2954,985,2),(2957,986,2),(2960,987,2),(2963,988,2),(2966,989,2),(2969,990,2),(2972,991,2),(2975,992,2),(2978,993,2),(2981,994,2),(2984,995,2),(2987,996,2),(2990,997,2),(2993,998,2),(2996,999,2),(2999,1000,2),(3002,1001,2),(3005,1002,2),(3008,1003,2),(3011,1004,2),(3014,1005,2),(3017,1006,2),(3020,1007,2),(3023,1008,2),(3026,1009,2),(3029,1010,2),(3032,1011,2),(3035,1012,2),(3038,1013,2),(3041,1014,2),(3044,1015,2),(3047,1016,2),(3050,1017,2),(3053,1018,2),(3056,1019,2),(3059,1020,2),(3062,1021,2),(3065,1022,2),(3068,1023,2),(3071,1024,2),(3074,1025,2),(3077,1026,2),(3080,1027,2),(3083,1028,2),(3086,1029,2),(3089,1030,2),(3092,1031,2),(3095,1032,2),(3098,1033,2),(3101,1034,2),(3104,1035,2),(3107,1036,2),(3110,1037,2),(3113,1038,2),(3116,1039,2),(3119,1040,2),(3122,1041,2),(3125,1042,2),(3128,1043,2),(3131,1044,2),(3134,1045,2),(3137,1046,2),(3140,1047,2),(3143,1048,2),(3146,1049,2),(3149,1050,2),(3152,1051,2),(3155,1052,2),(3158,1053,2),(3161,1054,2),(3164,1055,2),(3167,1056,2),(3170,1057,2),(3173,1058,2),(3176,1059,2),(3179,1060,2),(3182,1061,2),(3185,1062,2),(3188,1063,2),(3191,1064,2),(3194,1065,2),(3197,1066,2),(3200,1067,2),(3203,1068,2),(3206,1069,2),(3209,1070,2),(3212,1071,2),(3215,1072,2),(3218,1073,2),(3221,1074,2),(3224,1075,2),(3227,1076,2),(3230,1077,2),(3233,1078,2),(3236,1079,2),(3239,1080,2),(3242,1081,2),(3245,1082,2),(3248,1083,2),(3251,1084,2),(3254,1085,2),(3257,1086,2),(3260,1087,2),(3263,1088,2),(3266,1089,2),(3269,1090,2),(3272,1091,2),(3275,1092,2),(3278,1093,2),(3281,1094,2),(3284,1095,2),(3287,1096,2),(3290,1097,2),(3293,1098,2),(3296,1099,2),(3299,1100,2),(3302,1101,2),(3305,1102,2),(3308,1103,2),(3311,1104,2),(3314,1105,2),(3317,1106,2),(3320,1107,2),(3323,1108,2),(3326,1109,2),(3329,1110,2),(3332,1111,2),(3335,1112,2),(3338,1113,2),(3341,1114,2),(3344,1115,2),(3347,1116,2),(3350,1117,2),(3353,1118,2),(3356,1119,2),(3359,1120,2),(3362,1121,2),(3365,1122,2),(3368,1123,2),(3371,1124,2),(3374,1125,2),(3377,1126,2),(3,1,3),(6,2,3),(9,3,3),(12,4,3),(15,5,3),(18,6,3),(21,7,3),(24,8,3),(27,9,3),(30,10,3),(33,11,3),(36,12,3),(39,13,3),(42,14,3),(45,15,3),(48,16,3),(51,17,3),(54,18,3),(57,19,3),(60,20,3),(63,21,3),(66,22,3),(69,23,3),(72,24,3),(75,25,3),(78,26,3),(81,27,3),(84,28,3),(87,29,3),(90,30,3),(93,31,3),(96,32,3),(99,33,3),(102,34,3),(105,35,3),(108,36,3),(111,37,3),(114,38,3),(117,39,3),(120,40,3),(123,41,3),(126,42,3),(129,43,3),(132,44,3),(135,45,3),(138,46,3),(141,47,3),(144,48,3),(147,49,3),(150,50,3),(153,51,3),(156,52,3),(159,53,3),(162,54,3),(165,55,3),(168,56,3),(171,57,3),(174,58,3),(177,59,3),(180,60,3),(183,61,3),(186,62,3),(189,63,3),(192,64,3),(195,65,3),(198,66,3),(201,67,3),(204,68,3),(207,69,3),(210,70,3),(213,71,3),(216,72,3),(219,73,3),(222,74,3),(225,75,3),(228,76,3),(231,77,3),(234,78,3),(237,79,3),(240,80,3),(243,81,3),(246,82,3),(249,83,3),(252,84,3),(255,85,3),(258,86,3),(261,87,3),(264,88,3),(267,89,3),(270,90,3),(273,91,3),(276,92,3),(279,93,3),(282,94,3),(285,95,3),(288,96,3),(291,97,3),(294,98,3),(297,99,3),(300,100,3),(303,101,3),(306,102,3),(309,103,3),(312,104,3),(315,105,3),(318,106,3),(321,107,3),(324,108,3),(327,109,3),(330,110,3),(333,111,3),(336,112,3),(339,113,3),(342,114,3),(345,115,3),(348,116,3),(351,117,3),(354,118,3),(357,119,3),(360,120,3),(363,121,3),(366,122,3),(369,123,3),(372,124,3),(375,125,3),(378,126,3),(381,127,3),(384,128,3),(387,129,3),(390,130,3),(393,131,3),(396,132,3),(399,133,3),(402,134,3),(405,135,3),(408,136,3),(411,137,3),(414,138,3),(417,139,3),(420,140,3),(423,141,3),(426,142,3),(429,143,3),(432,144,3),(435,145,3),(438,146,3),(441,147,3),(444,148,3),(447,149,3),(450,150,3),(453,151,3),(456,152,3),(459,153,3),(462,154,3),(465,155,3),(468,156,3),(471,157,3),(474,158,3),(477,159,3),(480,160,3),(483,161,3),(486,162,3),(489,163,3),(492,164,3),(495,165,3),(498,166,3),(501,167,3),(504,168,3),(507,169,3),(510,170,3),(513,171,3),(516,172,3),(519,173,3),(522,174,3),(525,175,3),(528,176,3),(531,177,3),(534,178,3),(537,179,3),(540,180,3),(543,181,3),(546,182,3),(549,183,3),(552,184,3),(555,185,3),(558,186,3),(561,187,3),(564,188,3),(567,189,3),(570,190,3),(573,191,3),(576,192,3),(579,193,3),(582,194,3),(585,195,3),(588,196,3),(591,197,3),(594,198,3),(597,199,3),(600,200,3),(603,201,3),(606,202,3),(609,203,3),(612,204,3),(615,205,3),(618,206,3),(621,207,3),(624,208,3),(627,209,3),(630,210,3),(633,211,3),(636,212,3),(639,213,3),(642,214,3),(645,215,3),(648,216,3),(651,217,3),(654,218,3),(657,219,3),(660,220,3),(663,221,3),(666,222,3),(669,223,3),(672,224,3),(675,225,3),(678,226,3),(681,227,3),(684,228,3),(687,229,3),(690,230,3),(693,231,3),(696,232,3),(699,233,3),(702,234,3),(705,235,3),(708,236,3),(711,237,3),(714,238,3),(717,239,3),(720,240,3),(723,241,3),(726,242,3),(729,243,3),(732,244,3),(735,245,3),(738,246,3),(741,247,3),(744,248,3),(747,249,3),(750,250,3),(753,251,3),(756,252,3),(759,253,3),(762,254,3),(765,255,3),(768,256,3),(771,257,3),(774,258,3),(777,259,3),(780,260,3),(783,261,3),(786,262,3),(789,263,3),(792,264,3),(795,265,3),(798,266,3),(801,267,3),(804,268,3),(807,269,3),(810,270,3),(813,271,3),(816,272,3),(819,273,3),(822,274,3),(825,275,3),(828,276,3),(831,277,3),(834,278,3),(837,279,3),(840,280,3),(843,281,3),(846,282,3),(849,283,3),(852,284,3),(855,285,3),(858,286,3),(861,287,3),(864,288,3),(867,289,3),(870,290,3),(873,291,3),(876,292,3),(879,293,3),(882,294,3),(885,295,3),(888,296,3),(891,297,3),(894,298,3),(897,299,3),(900,300,3),(903,301,3),(906,302,3),(909,303,3),(912,304,3),(915,305,3),(918,306,3),(921,307,3),(924,308,3),(927,309,3),(930,310,3),(933,311,3),(936,312,3),(939,313,3),(942,314,3),(945,315,3),(948,316,3),(951,317,3),(954,318,3),(957,319,3),(960,320,3),(963,321,3),(966,322,3),(969,323,3),(972,324,3),(975,325,3),(978,326,3),(981,327,3),(984,328,3),(987,329,3),(990,330,3),(993,331,3),(996,332,3),(999,333,3),(1002,334,3),(1005,335,3),(1008,336,3),(1011,337,3),(1014,338,3),(1017,339,3),(1020,340,3),(1023,341,3),(1026,342,3),(1029,343,3),(1032,344,3),(1035,345,3),(1038,346,3),(1041,347,3),(1044,348,3),(1047,349,3),(1050,350,3),(1053,351,3),(1056,352,3),(1059,353,3),(1062,354,3),(1065,355,3),(1068,356,3),(1071,357,3),(1074,358,3),(1077,359,3),(1080,360,3),(1083,361,3),(1086,362,3),(1089,363,3),(1092,364,3),(1095,365,3),(1098,366,3),(1101,367,3),(1104,368,3),(1107,369,3),(1110,370,3),(1113,371,3),(1116,372,3),(1119,373,3),(1122,374,3),(1125,375,3),(1128,376,3),(1131,377,3),(1134,378,3),(1137,379,3),(1140,380,3),(1143,381,3),(1146,382,3),(1149,383,3),(1152,384,3),(1155,385,3),(1158,386,3),(1161,387,3),(1164,388,3),(1167,389,3),(1170,390,3),(1173,391,3),(1176,392,3),(1179,393,3),(1182,394,3),(1185,395,3),(1188,396,3),(1191,397,3),(1194,398,3),(1197,399,3),(1200,400,3),(1203,401,3),(1206,402,3),(1209,403,3),(1212,404,3),(1215,405,3),(1218,406,3),(1221,407,3),(1224,408,3),(1227,409,3),(1230,410,3),(1233,411,3),(1236,412,3),(1239,413,3),(1242,414,3),(1245,415,3),(1248,416,3),(1251,417,3),(1254,418,3),(1257,419,3),(1260,420,3),(1263,421,3),(1266,422,3),(1269,423,3),(1272,424,3),(1275,425,3),(1278,426,3),(1281,427,3),(1284,428,3),(1287,429,3),(1290,430,3),(1293,431,3),(1296,432,3),(1299,433,3),(1302,434,3),(1305,435,3),(1308,436,3),(1311,437,3),(1314,438,3),(1317,439,3),(1320,440,3),(1323,441,3),(1326,442,3),(1329,443,3),(1332,444,3),(1335,445,3),(1338,446,3),(1341,447,3),(1344,448,3),(1347,449,3),(1350,450,3),(1353,451,3),(1356,452,3),(1359,453,3),(1362,454,3),(1365,455,3),(1368,456,3),(1371,457,3),(1374,458,3),(1377,459,3),(1380,460,3),(1383,461,3),(1386,462,3),(1389,463,3),(1392,464,3),(1395,465,3),(1398,466,3),(1401,467,3),(1404,468,3),(1407,469,3),(1410,470,3),(1413,471,3),(1416,472,3),(1419,473,3),(1422,474,3),(1425,475,3),(1428,476,3),(1431,477,3),(1434,478,3),(1437,479,3),(1440,480,3),(1443,481,3),(1446,482,3),(1449,483,3),(1452,484,3),(1455,485,3),(1458,486,3),(1461,487,3),(1464,488,3),(1467,489,3),(1470,490,3),(1473,491,3),(1476,492,3),(1479,493,3),(1482,494,3),(1485,495,3),(1488,496,3),(1491,497,3),(1494,498,3),(1497,499,3),(1500,500,3),(1503,501,3),(1506,502,3),(1509,503,3),(1512,504,3),(1515,505,3),(1518,506,3),(1521,507,3),(1524,508,3),(1527,509,3),(1530,510,3),(1533,511,3),(1536,512,3),(1539,513,3),(1542,514,3),(1545,515,3),(1548,516,3),(1551,517,3),(1554,518,3),(1557,519,3),(1560,520,3),(1563,521,3),(1566,522,3),(1569,523,3),(1572,524,3),(1575,525,3),(1578,526,3),(1581,527,3),(1584,528,3),(1587,529,3),(1590,530,3),(1593,531,3),(1596,532,3),(1599,533,3),(1602,534,3),(1605,535,3),(1608,536,3),(1611,537,3),(1614,538,3),(1617,539,3),(1620,540,3),(1623,541,3),(1626,542,3),(1629,543,3),(1632,544,3),(1635,545,3),(1638,546,3),(1641,547,3),(1644,548,3),(1647,549,3),(1650,550,3),(1653,551,3),(1656,552,3),(1659,553,3),(1662,554,3),(1665,555,3),(1668,556,3),(1671,557,3),(1674,558,3),(1677,559,3),(1680,560,3),(1683,561,3),(1686,562,3),(1689,563,3),(1692,564,3),(1695,565,3),(1698,566,3),(1701,567,3),(1704,568,3),(1707,569,3),(1710,570,3),(1713,571,3),(1716,572,3),(1719,573,3),(1722,574,3),(1725,575,3),(1728,576,3),(1731,577,3),(1734,578,3),(1737,579,3),(1740,580,3),(1743,581,3),(1746,582,3),(1749,583,3),(1752,584,3),(1755,585,3),(1758,586,3),(1761,587,3),(1764,588,3),(1767,589,3),(1770,590,3),(1773,591,3),(1776,592,3),(1779,593,3),(1782,594,3),(1785,595,3),(1788,596,3),(1791,597,3),(1794,598,3),(1797,599,3),(1800,600,3),(1803,601,3),(1806,602,3),(1809,603,3),(1812,604,3),(1815,605,3),(1818,606,3),(1821,607,3),(1824,608,3),(1827,609,3),(1830,610,3),(1833,611,3),(1836,612,3),(1839,613,3),(1842,614,3),(1845,615,3),(1848,616,3),(1851,617,3),(1854,618,3),(1857,619,3),(1860,620,3),(1863,621,3),(1866,622,3),(1869,623,3),(1872,624,3),(1875,625,3),(1878,626,3),(1881,627,3),(1884,628,3),(1887,629,3),(1890,630,3),(1893,631,3),(1896,632,3),(1899,633,3),(1902,634,3),(1905,635,3),(1908,636,3),(1911,637,3),(1914,638,3),(1917,639,3),(1920,640,3),(1923,641,3),(1926,642,3),(1929,643,3),(1932,644,3),(1935,645,3),(1938,646,3),(1941,647,3),(1944,648,3),(1947,649,3),(1950,650,3),(1953,651,3),(1956,652,3),(1959,653,3),(1962,654,3),(1965,655,3),(1968,656,3),(1971,657,3),(1974,658,3),(1977,659,3),(1980,660,3),(1983,661,3),(1986,662,3),(1989,663,3),(1992,664,3),(1995,665,3),(1998,666,3),(2001,667,3),(2004,668,3),(2007,669,3),(2010,670,3),(2013,671,3),(2016,672,3),(2019,673,3),(2022,674,3),(2025,675,3),(2028,676,3),(2031,677,3),(2034,678,3),(2037,679,3),(2040,680,3),(2043,681,3),(2046,682,3),(2049,683,3),(2052,684,3),(2055,685,3),(2058,686,3),(2061,687,3),(2064,688,3),(2067,689,3),(2070,690,3),(2073,691,3),(2076,692,3),(2079,693,3),(2082,694,3),(2085,695,3),(2088,696,3),(2091,697,3),(2094,698,3),(2097,699,3),(2100,700,3),(2103,701,3),(2106,702,3),(2109,703,3),(2112,704,3),(2115,705,3),(2118,706,3),(2121,707,3),(2124,708,3),(2127,709,3),(2130,710,3),(2133,711,3),(2136,712,3),(2139,713,3),(2142,714,3),(2145,715,3),(2148,716,3),(2151,717,3),(2154,718,3),(2157,719,3),(2160,720,3),(2163,721,3),(2166,722,3),(2169,723,3),(2172,724,3),(2175,725,3),(2178,726,3),(2181,727,3),(2184,728,3),(2187,729,3),(2190,730,3),(2193,731,3),(2196,732,3),(2199,733,3),(2202,734,3),(2205,735,3),(2208,736,3),(2211,737,3),(2214,738,3),(2217,739,3),(2220,740,3),(2223,741,3),(2226,742,3),(2229,743,3),(2232,744,3),(2235,745,3),(2238,746,3),(2241,747,3),(2244,748,3),(2247,749,3),(2250,750,3),(2253,751,3),(2256,752,3),(2259,753,3),(2262,754,3),(2265,755,3),(2268,756,3),(2271,757,3),(2274,758,3),(2277,759,3),(2280,760,3),(2283,761,3),(2286,762,3),(2289,763,3),(2292,764,3),(2295,765,3),(2298,766,3),(2301,767,3),(2304,768,3),(2307,769,3),(2310,770,3),(2313,771,3),(2316,772,3),(2319,773,3),(2322,774,3),(2325,775,3),(2328,776,3),(2331,777,3),(2334,778,3),(2337,779,3),(2340,780,3),(2343,781,3),(2346,782,3),(2349,783,3),(2352,784,3),(2355,785,3),(2358,786,3),(2361,787,3),(2364,788,3),(2367,789,3),(2370,790,3),(2373,791,3),(2376,792,3),(2379,793,3),(2382,794,3),(2385,795,3),(2388,796,3),(2391,797,3),(2394,798,3),(2397,799,3),(2400,800,3),(2403,801,3),(2406,802,3),(2409,803,3),(2412,804,3),(2415,805,3),(2418,806,3),(2421,807,3),(2424,808,3),(2427,809,3),(2430,810,3),(2433,811,3),(2436,812,3),(2439,813,3),(2442,814,3),(2445,815,3),(2448,816,3),(2451,817,3),(2454,818,3),(2457,819,3),(2460,820,3),(2463,821,3),(2466,822,3),(2469,823,3),(2472,824,3),(2475,825,3),(2478,826,3),(2481,827,3),(2484,828,3),(2487,829,3),(2490,830,3),(2493,831,3),(2496,832,3),(2499,833,3),(2502,834,3),(2505,835,3),(2508,836,3),(2511,837,3),(2514,838,3),(2517,839,3),(2520,840,3),(2523,841,3),(2526,842,3),(2529,843,3),(2532,844,3),(2535,845,3),(2538,846,3),(2541,847,3),(2544,848,3),(2547,849,3),(2550,850,3),(2553,851,3),(2556,852,3),(2559,853,3),(2562,854,3),(2565,855,3),(2568,856,3),(2571,857,3),(2574,858,3),(2577,859,3),(2580,860,3),(2583,861,3),(2586,862,3),(2589,863,3),(2592,864,3),(2595,865,3),(2598,866,3),(2601,867,3),(2604,868,3),(2607,869,3),(2610,870,3),(2613,871,3),(2616,872,3),(2619,873,3),(2622,874,3),(2625,875,3),(2628,876,3),(2631,877,3),(2634,878,3),(2637,879,3),(2640,880,3),(2643,881,3),(2646,882,3),(2649,883,3),(2652,884,3),(2655,885,3),(2658,886,3),(2661,887,3),(2664,888,3),(2667,889,3),(2670,890,3),(2673,891,3),(2676,892,3),(2679,893,3),(2682,894,3),(2685,895,3),(2688,896,3),(2691,897,3),(2694,898,3),(2697,899,3),(2700,900,3),(2703,901,3),(2706,902,3),(2709,903,3),(2712,904,3),(2715,905,3),(2718,906,3),(2721,907,3),(2724,908,3),(2727,909,3),(2730,910,3),(2733,911,3),(2736,912,3),(2739,913,3),(2742,914,3),(2745,915,3),(2748,916,3),(2751,917,3),(2754,918,3),(2757,919,3),(2760,920,3),(2763,921,3),(2766,922,3),(2769,923,3),(2772,924,3),(2775,925,3),(2778,926,3),(2781,927,3),(2784,928,3),(2787,929,3),(2790,930,3),(2793,931,3),(2796,932,3),(2799,933,3),(2802,934,3),(2805,935,3),(2808,936,3),(2811,937,3),(2814,938,3),(2817,939,3),(2820,940,3),(2823,941,3),(2826,942,3),(2829,943,3),(2832,944,3),(2835,945,3),(2838,946,3),(2841,947,3),(2844,948,3),(2847,949,3),(2850,950,3),(2853,951,3),(2856,952,3),(2859,953,3),(2862,954,3),(2865,955,3),(2868,956,3),(2871,957,3),(2874,958,3),(2877,959,3),(2880,960,3),(2883,961,3),(2886,962,3),(2889,963,3),(2892,964,3),(2895,965,3),(2898,966,3),(2901,967,3),(2904,968,3),(2907,969,3),(2910,970,3),(2913,971,3),(2916,972,3),(2919,973,3),(2922,974,3),(2925,975,3),(2928,976,3),(2931,977,3),(2934,978,3),(2937,979,3),(2940,980,3),(2943,981,3),(2946,982,3),(2949,983,3),(2952,984,3),(2955,985,3),(2958,986,3),(2961,987,3),(2964,988,3),(2967,989,3),(2970,990,3),(2973,991,3),(2976,992,3),(2979,993,3),(2982,994,3),(2985,995,3),(2988,996,3),(2991,997,3),(2994,998,3),(2997,999,3),(3000,1000,3),(3003,1001,3),(3006,1002,3),(3009,1003,3),(3012,1004,3),(3015,1005,3),(3018,1006,3),(3021,1007,3),(3024,1008,3),(3027,1009,3),(3030,1010,3),(3033,1011,3),(3036,1012,3),(3039,1013,3),(3042,1014,3),(3045,1015,3),(3048,1016,3),(3051,1017,3),(3054,1018,3),(3057,1019,3),(3060,1020,3),(3063,1021,3),(3066,1022,3),(3069,1023,3),(3072,1024,3),(3075,1025,3),(3078,1026,3),(3081,1027,3),(3084,1028,3),(3087,1029,3),(3090,1030,3),(3093,1031,3),(3096,1032,3),(3099,1033,3),(3102,1034,3),(3105,1035,3),(3108,1036,3),(3111,1037,3),(3114,1038,3),(3117,1039,3),(3120,1040,3),(3123,1041,3),(3126,1042,3),(3129,1043,3),(3132,1044,3),(3135,1045,3),(3138,1046,3),(3141,1047,3),(3144,1048,3),(3147,1049,3),(3150,1050,3),(3153,1051,3),(3156,1052,3),(3159,1053,3),(3162,1054,3),(3165,1055,3),(3168,1056,3),(3171,1057,3),(3174,1058,3),(3177,1059,3),(3180,1060,3),(3183,1061,3),(3186,1062,3),(3189,1063,3),(3192,1064,3),(3195,1065,3),(3198,1066,3),(3201,1067,3),(3204,1068,3),(3207,1069,3),(3210,1070,3),(3213,1071,3),(3216,1072,3),(3219,1073,3),(3222,1074,3),(3225,1075,3),(3228,1076,3),(3231,1077,3),(3234,1078,3),(3237,1079,3),(3240,1080,3),(3243,1081,3),(3246,1082,3),(3249,1083,3),(3252,1084,3),(3255,1085,3),(3258,1086,3),(3261,1087,3),(3264,1088,3),(3267,1089,3),(3270,1090,3),(3273,1091,3),(3276,1092,3),(3279,1093,3),(3282,1094,3),(3285,1095,3),(3288,1096,3),(3291,1097,3),(3294,1098,3),(3297,1099,3),(3300,1100,3),(3303,1101,3),(3306,1102,3),(3309,1103,3),(3312,1104,3),(3315,1105,3),(3318,1106,3),(3321,1107,3),(3324,1108,3),(3327,1109,3),(3330,1110,3),(3333,1111,3),(3336,1112,3),(3339,1113,3),(3342,1114,3),(3345,1115,3),(3348,1116,3),(3351,1117,3),(3354,1118,3),(3357,1119,3),(3360,1120,3),(3363,1121,3),(3366,1122,3),(3369,1123,3),(3372,1124,3),(3375,1125,3),(3378,1126,3);
/*!40000 ALTER TABLE `imageurls_infractions` ENABLE KEYS */;
UNLOCK TABLES;

--
-- Table structure for table `infractions`
--

DROP TABLE IF EXISTS `infractions`;
/*!40101 SET @saved_cs_client     = @@character_set_client */;
/*!40101 SET character_set_client = utf8 */;
CREATE TABLE `infractions` (
  `id` int(11) unsigned NOT NULL AUTO_INCREMENT,
  `price` varchar(255) COLLATE utf8_unicode_ci DEFAULT NULL,
  `datefound` varchar(255) COLLATE utf8_unicode_ci DEFAULT NULL,
  `title` varchar(255) COLLATE utf8_unicode_ci DEFAULT NULL,
  `url` varchar(255) COLLATE utf8_unicode_ci DEFAULT NULL,
  `deleted` int(11) DEFAULT NULL,
  PRIMARY KEY (`id`)
) ENGINE=InnoDB AUTO_INCREMENT=1127 DEFAULT CHARSET=utf8 COLLATE=utf8_unicode_ci;
/*!40101 SET character_set_client = @saved_cs_client */;

--
-- Dumping data for table `infractions`
--

LOCK TABLES `infractions` WRITE;
/*!40000 ALTER TABLE `infractions` DISABLE KEYS */;
INSERT INTO `infractions` VALUES (1,'price','2012.07.23','','www.NJBamboo.com',NULL),(2,'','','','CapeMayBamboo.com',NULL),(3,'','2012.07.23','','www.DavisBamboo.com',NULL),(4,'','2012.07.23','','www.CapeMayBamboo.com',NULL),(5,'','2012.07.23','','yahoo.com',NULL),(6,'','2012.07.23','','yahoo.com',NULL),(7,'','2012.07.23','KLONDIKE COSMOS, annual, bright orange, 25 seeds','http://www.etsy.com/listing/94274087/klondike-cosmos-annual-bright-orange-25',NULL),(8,'','2012.07.23','Walking Onion plant','http://www.etsy.com/listing/96002782/walking-onion-plant',NULL),(9,'','2012.07.23','Calendula Flower - Orange - Heirloom Organic 25 Seeds','http://www.etsy.com/listing/79879002/calendula-flower-orange-heirloom-organic',NULL),(10,'','2012.07.23','Basil with lemon flavour 20 seeds','http://www.etsy.com/listing/103908149/basil-with-lemon-flavour-20-seeds',NULL),(11,'','2012.07.23','BULK, 300 Seeds, Siberian Wallflower, Orange Flower','http://www.etsy.com/listing/103918476/bulk-300-seeds-siberian-wallflower',NULL),(12,'','2012.07.23','BULK, 100 Seeds, Lemon Queen Sunflower, Kids Love These','http://www.etsy.com/listing/104003136/bulk-100-seeds-lemon-queen-sunflower',NULL),(13,'','2012.07.23','Crocosmia Live Plants Orange Lucifer','http://www.etsy.com/listing/102823015/crocosmia-live-plants-orange-lucifer',NULL),(14,'','2012.07.23','Orange Prince Daisy Flower Seeds','http://www.etsy.com/listing/72808786/orange-prince-daisy-flower-seeds',NULL),(15,'','2012.07.23','20 ORANGE VINE SEEDS-1073','http://www.etsy.com/listing/76341337/20-orange-vine-seeds-1073',NULL),(16,'','2012.07.23','Orange felt planter','http://www.etsy.com/listing/103665524/orange-felt-planter',NULL),(17,'','2012.07.23','','www.njplantsandtrees.com',NULL),(18,'','2012.07.23','FREE Orange Cosmos Flower Seeds ( with purchase of another item)','http://www.etsy.com/listing/65069890/free-orange-cosmos-flower-seeds-with',NULL),(19,'','2012.07.23','','www.njplantsandtrees.com',NULL),(20,'','2012.07.23','','www.njplantsandtrees.com',NULL),(21,'','2012.07.23','Organic Lemon Balm Seeds 140mg Plus a FREE Pack of Surprise Bonus See...','http://www.etsy.com/listing/98556355/organic-lemon-balm-seeds-140mg-plus-a',NULL),(22,'','2012.07.23','Oriental Orange Poppy Perennial Seeds','http://www.etsy.com/listing/94335384/oriental-orange-poppy-perennial-seeds',NULL),(23,'','2012.07.23','Limara Lemon Cosmos Seeds : Old Fashioned Favorite in New Bold Vibrant...','http://www.etsy.com/listing/103058051/limara-lemon-cosmos-seeds-old-fashioned',NULL),(24,'','2012.07.23','Lily Seeds Orange Flowered Blackberry Lily Great Garden Plant and Drie...','http://www.etsy.com/listing/84201260/lily-seeds-orange-flowered-blackberry',NULL),(25,'','2012.07.23','','www.alibaba.com',NULL),(26,'','2012.07.23','150 Seeds Carthamus Tinctorius Safflower Yellow Orange Garden Flower B...','http://www.etsy.com/listing/99085323/150-seeds-carthamus-tinctorius-safflower',NULL),(27,'','2012.07.23','Single Air Plant Pod - Rustic Orange','http://www.etsy.com/listing/83034035/single-air-plant-pod-rustic-orange',NULL),(28,'','2012.07.23','SALE - Orange Russian Heirloom Tomato Seeds','http://www.etsy.com/listing/94056628/sale-orange-russian-heirloom-tomato',NULL),(29,'','2012.07.23','Heirloom Lemon Queen Sunflower Seeds','http://www.etsy.com/listing/104232746/heirloom-lemon-queen-sunflower-seeds',NULL),(30,'','2012.07.23','Orange Gourds Seeds','http://www.etsy.com/listing/28804482/orange-gourds-seeds',NULL),(31,'','2012.07.23','Petite Orange Marigold Flowers Seed Packets','http://www.etsy.com/listing/69419587/petite-orange-marigold-flowers-seed',NULL),(32,'','2012.07.23','2011 Orange OxheartTomato Seeds, Naturally Grown, Organic Seeds','http://www.etsy.com/listing/62876650/2011-orange-oxhearttomato-seeds',NULL),(33,'','2012.07.23','Lemon Grass (East Indian) Cymbopogon flexuosus 250 Seeds/100 Mg','http://www.etsy.com/listing/73097553/lemon-grass-east-indian-cymbopogon',NULL),(34,'','2012.07.23','Organic Parisian Carrot Seeds - Round Orange Heirloom Carrots','http://www.etsy.com/listing/55790150/organic-parisian-carrot-seeds-round',NULL),(35,'','2012.07.23','Aeonium Nobile Cuttings - Gorgeous Orange Rare thick leaved tree like ...','http://www.etsy.com/listing/98105868/aeonium-nobile-cuttings-gorgeous-orange',NULL),(36,'','2012.07.23','organic lemon tree seedling home grown','http://www.etsy.com/listing/104601636/organic-lemon-tree-seedling-home-grown',NULL),(37,'','2012.07.23','Hippeastrum Puniceum - Orange Amaryllis - 50 SEEDS','http://www.etsy.com/listing/96722829/hippeastrum-puniceum-orange-amaryllis-50',NULL),(38,'','2012.07.23','Upcycled Dinosaur Planter - Orange Raptor with Golden Sedum Succulent ...','http://www.etsy.com/listing/82266429/upcycled-dinosaur-planter-orange-raptor',NULL),(39,'','2012.07.23','Neon Orange Rhinoceros Planter - Mini Modern Art Centerpiece','http://www.etsy.com/listing/102249619/neon-orange-rhinoceros-planter-mini',NULL),(40,'','2012.07.23','Eco Book Planter Orange Beige Linen Succulent Centerpiece Book Lover P...','http://www.etsy.com/listing/102181248/eco-book-planter-orange-beige-linen',NULL),(41,'','2012.07.23','REDUCED Key Lime Tree seedling','http://www.etsy.com/listing/98694167/reduced-key-lime-tree-seedling',NULL),(42,'','2012.07.23','Tangerine & Key Lime Tree seedlings','http://www.etsy.com/listing/98615145/tangerine-key-lime-tree-seedlings',NULL),(43,'','2012.07.23','Key Lime Tree seedlings TWINS','http://www.etsy.com/listing/98694817/key-lime-tree-seedlings-twins',NULL),(44,'','2012.07.23','Bee Balm Herb -Medicinal - Culinary - Heirloom - Organic - 50 Seeds','http://www.etsy.com/listing/80345685/bee-balm-herb-medicinal-culinary',NULL),(45,'','2012.07.23','Petunia Flower \'Supertunia Citrus\' Gmo Free Seeds','http://www.etsy.com/listing/95948598/petunia-flower-supertunia-citrus-gmo',NULL),(46,'','2012.07.23','Cilantro - Coriander - Herb - Heirloom 30 Seeds','http://www.etsy.com/listing/81996384/cilantro-coriander-herb-heirloom-30',NULL),(47,'','2012.07.23','Live Grafted Key Lime Citrus Fruit Tree Healthy Well Rooted 3\'-5...','http://www.etsy.com/listing/103178270/live-grafted-key-lime-citrus-fruit-tree',NULL),(48,'','2012.07.23','REDUCED Pink Grapefruit Tree seedling','http://www.etsy.com/listing/99233000/reduced-pink-grapefruit-tree-seedling',NULL),(49,'','2012.07.23','REDUCED Tangerine Tree seedling','http://www.etsy.com/listing/98695296/reduced-tangerine-tree-seedling',NULL),(50,'','2012.07.23','Grow an Indoor Citrus Tree Kit - mini lime tree seeds','http://www.etsy.com/listing/62795842/grow-an-indoor-citrus-tree-kit-mini-lime',NULL),(51,'','2012.07.23','Special Listing for Bridget - 2 String of Pearls succulent plant in 4 ...','http://www.etsy.com/listing/96976767/special-listing-for-bridget-2-string-of',NULL),(52,'','2012.07.23','Tulip Flower \'Pacific Pearl\' Gmo Free Seeds','http://www.etsy.com/listing/96525051/tulip-flower-pacific-pearl-gmo-free',NULL),(53,'','2012.07.23','Yellow and Pearl Fairies for the Terrariums or Planters','http://www.etsy.com/listing/25598188/yellow-and-pearl-fairies-for-the',NULL),(54,'','2012.07.23','Pearl and Green Fairies for the Terrariums or Planters','http://www.etsy.com/listing/25599348/pearl-and-green-fairies-for-the',NULL),(55,'','2012.07.23','BEACH - Round Glass Globe Terrarium with 2 Air plants, natural bark, ...','http://www.etsy.com/listing/100844335/beach-round-glass-globe-terrarium-with-2',NULL),(56,'','2012.07.23','Pearl and Gold Fairies for the Terrariums or Planters','http://www.etsy.com/listing/25598902/pearl-and-gold-fairies-for-the',NULL),(57,'','2012.07.23','FUSCIA - Pear Glass Globe with Air plant & a Pearlized White sea sh...','http://www.etsy.com/listing/98060906/fuscia-pear-glass-globe-with-air-plant-a',NULL),(58,'','2012.07.23','Living live organic natural string of pearls succulent miniature acorn...','http://www.etsy.com/listing/103519282/living-live-organic-natural-string-of',NULL),(59,'','2012.07.23','','www.amazon.com',NULL),(60,'','2012.07.23','Black Pearl Pepper Seeds -- ARRH','http://www.etsy.com/listing/47383211/black-pearl-pepper-seeds-arrh',NULL),(61,'','2012.07.23','10 Black Pearl Pepper Seeds-1048','http://www.etsy.com/listing/86412321/10-black-pearl-pepper-seeds-1048',NULL),(62,'','2012.07.23','Pumpkin - Connecticut Field - Heirloom - 20 Seeds NON GMO','http://www.etsy.com/listing/82660613/pumpkin-connecticut-field-heirloom-20',NULL),(63,'','2012.07.23','Oria - A Luminous Succulent In One-of-a-Kind Hand Thrown Planter','http://www.etsy.com/listing/103904699/oria-a-luminous-succulent-in-one-of-a',NULL),(64,'','2012.07.23','Aqua Pearls with Shell Focal Necklace','http://www.etsy.com/listing/79774427/aqua-pearls-with-shell-focal-necklace',NULL),(65,'','2012.07.23','Living live organic natural string of pearls succulent miniature potte...','http://www.etsy.com/listing/83657367/living-live-organic-natural-string-of',NULL),(66,'','2012.07.23','Fairy Princess Pearl Charm Bracelet','http://www.etsy.com/listing/103531039/fairy-princess-pearl-charm-bracelet',NULL),(67,'','2012.07.23','Succulent Plant -2 Senecio Rowleyanus \'String of Pearls\'','http://www.etsy.com/listing/95452841/succulent-plant-2-senecio-rowleyanus',NULL),(68,'','2012.07.23','Succulent Plant - Senecio Rowleyanus \'String of Pearls\' Alliso...','http://www.etsy.com/listing/99966183/succulent-plant-senecio-rowleyanus',NULL),(69,'','2012.07.23','Live Plants, Hostas, Contractor\'s Wholesale Offer, Pearl Lake x 10','http://www.etsy.com/listing/73856092/live-plants-hostas-contractors-wholesale',NULL),(70,'','2012.07.23','Succulent Plant - Senecio Rowleyanus \'String of Pearls\'','http://www.etsy.com/listing/92439917/succulent-plant-senecio-rowleyanus',NULL),(71,'','2012.07.23','Cosmos Sensation Mix, Tons of Blooms All Summer, Seeds','http://www.etsy.com/listing/99599153/cosmos-sensation-mix-tons-of-blooms-all',NULL),(72,'','2012.07.23','Bombast Poppy Rose Color, Flower Seeds, Attract Butterflies to Your Ga...','http://www.etsy.com/listing/99607042/bombast-poppy-rose-color-flower-seeds',NULL),(73,'','2012.07.23','Succulent Plant - 4 Senecio Rowleyanus \'String of Pearls\'','http://www.etsy.com/listing/95635191/succulent-plant-4-senecio-rowleyanus',NULL),(74,'','2012.07.23','Succulent Plant -3 Senecio Rowleyanus \'String of Pearls\'','http://www.etsy.com/listing/95467696/succulent-plant-3-senecio-rowleyanus',NULL),(75,'','2012.07.23','','nursery.com',NULL),(76,'','2012.07.23','Succulent Plant - Kalanchoe \'Pink Butterflies\'','http://www.etsy.com/listing/93061791/succulent-plant-kalanchoe-pink',NULL),(77,'','2012.07.23','Coreopsis Plains, 100 Flower Seeds, Attracts Butterflies and Hummingbi...','http://www.etsy.com/listing/99599279/coreopsis-plains-100-flower-seeds',NULL),(78,'','2012.07.23','Air plant in Glass Fish Bowl with White Sand and Pearlized Sea Shell','http://www.etsy.com/listing/96563484/air-plant-in-glass-fish-bowl-with-white',NULL),(79,'','2012.07.23','20 Purple Vetch Vicia americana seeds','http://www.etsy.com/listing/85956170/20-purple-vetch-vicia-americana-seeds',NULL),(80,'','2012.07.23','Heart Stealer in the Flower Field','http://www.etsy.com/listing/90934898/heart-stealer-in-the-flower-field',NULL),(81,'','2012.07.23','Gold Leaf and Pearl Necklace, Bridesmaid Necklace, Bridesmaid Gift, W...','http://www.etsy.com/listing/80657783/gold-leaf-and-pearl-necklace-bridesmaid',NULL),(82,'','2012.07.23','Organic Heirloom Seeds, Field Pea, from our farm in handmade seed pack...','http://www.etsy.com/listing/54225604/organic-heirloom-seeds-field-pea-from',NULL),(83,'','2012.07.23','Organic Heirloom Seeds, Field Forget Me Nots, from our farm in handmad...','http://www.etsy.com/listing/99897499/organic-heirloom-seeds-field-forget-me',NULL),(84,'','2012.07.23','','serviceelite.net',NULL),(85,'','2012.07.23','','serviceelite.net',NULL),(86,'','2012.07.23','','www.cascadegardens.net',NULL),(87,'','2012.07.23','','www.cascadegardens.net',NULL),(88,'','2012.07.23','TREASURY ITEM- ( SERENITY) - Round Glass globe with air plant ,Bleach...','http://www.etsy.com/listing/96994948/treasury-item-serenity-round-glass-globe',NULL),(89,'','2012.07.23','','www.growquest.com',NULL),(90,'','2012.07.23','','hollygrovemarket.com',NULL),(91,'','2012.07.23','','www.geocities.com',NULL),(92,'','2012.07.23','','www.plantanswers.com',NULL),(93,'','2012.07.23','','citrustreesnola.com',NULL),(94,'$2.39','2012.07.23','Fresca Grapefruit Soda 16 oz - Bebida Sabor Toronja: Amazon.com: Grocery & Gourmet Food','http://www.amazon.com/Fresca-Grapefruit-Soda-16-Toronja/dp/B005GLO1DU',NULL),(95,'$19.95','2012.07.23','Live Golden Hawaiian Bambusa Vulgaris Vittata Bamboo Potted Plant *Clumping | eBay','http://www.ebay.com/itm/Live-Golden-Hawaiian-Bambusa-Vulgaris-Vittata-Bamboo-Potted-Plant-Clumping-/180933084054',NULL),(96,'US 19.95','2012.07.23','Live Green Hedge Bambusa Multiplex Bamboo Potted Plant *Clumping *Noninvasive | eBay','http://www.ebay.com/itm/Live-Green-Hedge-Bambusa-Multiplex-Bamboo-Potted-Plant-Clumping-Noninvasive-/170876758445',NULL),(97,'','2012.07.23','Live Golden Hawaiian Bambusa Vulgaris Vittata Bamboo Potted Plant *Clumping | eBay','http://www.ebay.com/itm/Live-Golden-Hawaiian-Bambusa-Vulgaris-Vittata-Bamboo-Potted-Plant-Clumping-/170881788209',NULL),(98,'','2012.07.23','Live Golden Hawaiian Bambusa Vulgaris Vittata Bamboo Potted Plant *Clumping | eBay','http://www.ebay.com/itm/Live-Golden-Hawaiian-Bambusa-Vulgaris-Vittata-Bamboo-Potted-Plant-Clumping-/170881246489',NULL),(99,'US 2.70','2012.07.23','100 Bambusa arundinacea bamboo seeds Thorny Gaint Bamboo Tree | eBay','http://www.ebay.com/itm/100-Bambusa-arundinacea-bamboo-seeds-Thorny-Gaint-Bamboo-Tree-/150862134081',NULL),(100,'US 14.95','2012.07.23','Live Shibataea Kumasaca Ruscus-leafed BAMBOO Plant - Cold Hardy - Ground Cover | eBay','http://www.ebay.com/itm/Live-Shibataea-Kumasaca-Ruscus-leafed-BAMBOO-Plant-Cold-Hardy-Ground-Cover-/170874956720',NULL),(101,'','2012.07.23','Live Green Hedge Bambusa Multiplex Bamboo Potted Plant *Clumping *Noninvasive | eBay','http://www.ebay.com/itm/Live-Green-Hedge-Bambusa-Multiplex-Bamboo-Potted-Plant-Clumping-Noninvasive-/170881788171',NULL),(102,'US 40.00','2012.07.23','-10F Cold Hardy Shibataea KUMASACA Ruscus Leafed Bamboo Plant 3 Gallon | eBay','http://www.ebay.com/itm/10F-Cold-Hardy-Shibataea-KUMASACA-Ruscus-Leafed-Bamboo-Plant-3-Gallon-/380168397963',NULL),(103,'','2012.07.23','Live Green Hedge Bambusa Multiplex Bamboo Potted Plant *Clumping *Noninvasive | eBay','http://www.ebay.com/itm/Live-Green-Hedge-Bambusa-Multiplex-Bamboo-Potted-Plant-Clumping-Noninvasive-/170881788149',NULL),(104,'','2012.07.23','Live BUDDHA BELLY Bambusa Ventricosa \'Kimmei\" Bamboo Potted Plant *Great Bonsai | eBay','http://www.ebay.com/itm/Live-BUDDHA-BELLY-Bambusa-Ventricosa-Kimmei-Bamboo-Potted-Plant-Great-Bonsai-/180933084349',NULL),(105,'','2012.07.23','Live Tiny Fernleaf Bambusa Multiplex Bamboo Potted Plant *Clumping *Noninvasive | eBay','http://www.ebay.com/itm/Live-Tiny-Fernleaf-Bambusa-Multiplex-Bamboo-Potted-Plant-Clumping-Noninvasive-/170881787569',NULL),(106,'','2012.07.23','Live Tiny Fernleaf Bambusa Multiplex Bamboo Potted Plant *Clumping *Noninvasive | eBay','http://www.ebay.com/itm/Live-Tiny-Fernleaf-Bambusa-Multiplex-Bamboo-Potted-Plant-Clumping-Noninvasive-/170881787552',NULL),(107,'','2012.07.23','Live Shibataea Kumasaca Ruscus-leafed BAMBOO Plant - Cold Hardy - Ground Cover | eBay','http://www.ebay.com/itm/Live-Shibataea-Kumasaca-Ruscus-leafed-BAMBOO-Plant-Cold-Hardy-Ground-Cover-/180933083295',NULL),(108,'US 19.95','2012.07.23','Live Silverstripe Bambusa Multiplex Bamboo Potted Plant *Clumping *Noninvasive | eBay','http://www.ebay.com/itm/Live-Silverstripe-Bambusa-Multiplex-Bamboo-Potted-Plant-Clumping-Noninvasive-/180928342835',NULL),(109,'','2012.07.23','Live Tiny Fernleaf Bambusa Multiplex Bamboo Potted Plant *Clumping *Noninvasive | eBay','http://www.ebay.com/itm/Live-Tiny-Fernleaf-Bambusa-Multiplex-Bamboo-Potted-Plant-Clumping-Noninvasive-/180932345038',NULL),(110,'','2012.07.23','Live BUDDHA BELLY Bambusa T. Ventricosa Bamboo Potted Plant *Great For Bonsai | eBay','http://www.ebay.com/itm/Live-BUDDHA-BELLY-Bambusa-T-Ventricosa-Bamboo-Potted-Plant-Great-For-Bonsai-/180933084469',NULL),(111,'','2012.07.23','Live BUDDHA BELLY Bambusa Ventricosa \'Kimmei\" Bamboo Potted Plant *Great Bonsai | eBay','http://www.ebay.com/itm/Live-BUDDHA-BELLY-Bambusa-Ventricosa-Kimmei-Bamboo-Potted-Plant-Great-Bonsai-/180932348598',NULL),(112,'US 19.95','2012.07.23','Live Tiny Fernleaf Bambusa Multiplex Bamboo Potted Plant *Clumping *Noninvasive | eBay','http://www.ebay.com/itm/Live-Tiny-Fernleaf-Bambusa-Multiplex-Bamboo-Potted-Plant-Clumping-Noninvasive-/170874976785',NULL),(113,'$6.80','2012.07.23','100 Bambusa arundinacea giant bamboo seeds - bambos - | eBay','http://www.ebay.com/itm/100-Bambusa-arundinacea-giant-bamboo-seeds-bambos-/310412280057',NULL),(114,'','2012.07.23','Live Golden Goddess Bambusa Multiplex Bamboo Potted Plant *Clumping *Noninvasive | eBay','http://www.ebay.com/itm/Live-Golden-Goddess-Bambusa-Multiplex-Bamboo-Potted-Plant-Clumping-Noninvasive-/170881788396',NULL),(115,'','2012.07.23','Live Golden Goddess Bambusa Multiplex Bamboo Potted Plant *Clumping *Noninvasive | eBay','http://www.ebay.com/itm/Live-Golden-Goddess-Bambusa-Multiplex-Bamboo-Potted-Plant-Clumping-Noninvasive-/180932348494',NULL),(116,'','2012.07.23','Live Alphonse Karr Bambusa Multiplex Bamboo Potted Plant *Clumping *Noninvasive | eBay','http://www.ebay.com/itm/Live-Alphonse-Karr-Bambusa-Multiplex-Bamboo-Potted-Plant-Clumping-Noninvasive-/170881788952',NULL),(117,'','2012.07.23','Live Shibataea Kumasaca Ruscus-leafed BAMBOO Plant - Cold Hardy - Ground Cover | eBay','http://www.ebay.com/itm/Live-Shibataea-Kumasaca-Ruscus-leafed-BAMBOO-Plant-Cold-Hardy-Ground-Cover-/180933083337',NULL),(118,'$12.95','2012.07.23','Live Shibataea Kumasaca Ruscus-leafed BAMBOO Plant - Cold Hardy - Ground Cover | eBay','http://www.ebay.com/itm/Live-Shibataea-Kumasaca-Ruscus-leafed-BAMBOO-Plant-Cold-Hardy-Ground-Cover-/180932348259',NULL),(119,'US 6.95','2012.07.23','100 Bambusa arundinacea giant bamboo seeds - bambos - | eBay','http://www.ebay.com/itm/100-Bambusa-arundinacea-giant-bamboo-seeds-bambos-/150854179187',NULL),(120,'','2012.07.23','','www.latimes.com',NULL),(121,'','2012.07.23','','www.lsuagcenter.com',NULL),(122,'US 5.99','2012.07.23','BAMBOO - Bambusa Chinese Green Goddess Live Plant (SP) | eBay','http://www.ebay.com/itm/BAMBOO-Bambusa-Chinese-Green-Goddess-Live-Plant-SP-/190706014899',NULL),(123,'','2012.07.23','','www.fallenrockranch.com',NULL),(124,'US 19.99','2012.07.23','Bambusa metake Korean/Japanese arrow bamboo plant hardy hedge/screen to 0f . | eBay','http://www.ebay.com/itm/Bambusa-metake-Korean-Japanese-arrow-bamboo-plant-hardy-hedge-screen-to-0f-/150862060472',NULL),(125,'','2012.07.23','','www.facebook.com',NULL),(126,'','2012.07.23','SPINY BAMBOO (Bambusa arundinacea) 50 seeds | eBay','http://www.ebay.com/itm/SPINY-BAMBOO-Bambusa-arundinacea-50-seeds-/221078851215',NULL),(127,'','2012.07.23','Bee Balm Herb -Medicinal - Culinary - Heirloom - Organic - 50 Seeds','http://www.etsy.com/listing/80345685/bee-balm-herb-medicinal-culinary',NULL),(128,'','2012.07.23','Cilantro - Coriander - Herb - Heirloom 30 Seeds','http://www.etsy.com/listing/81996384/cilantro-coriander-herb-heirloom-30',NULL),(129,'','2012.07.23','Tangerine & Key Lime Tree seedlings','http://www.etsy.com/listing/98615145/tangerine-key-lime-tree-seedlings',NULL),(130,'','2012.07.23','REDUCED Tangerine Tree seedling','http://www.etsy.com/listing/98695296/reduced-tangerine-tree-seedling',NULL),(131,'','2012.07.23','REDUCED Key Lime Tree seedling','http://www.etsy.com/listing/98694167/reduced-key-lime-tree-seedling',NULL),(132,'','2012.07.23','Key Lime Tree seedlings TWINS','http://www.etsy.com/listing/98694817/key-lime-tree-seedlings-twins',NULL),(133,'','2012.07.23','Petunia Flower \'Supertunia Citrus\' Gmo Free Seeds','http://www.etsy.com/listing/95948598/petunia-flower-supertunia-citrus-gmo',NULL),(134,'','2012.07.23','SPINY BAMBOO (Bambusa arundinacea) 10 seeds | eBay','http://www.ebay.com/itm/SPINY-BAMBOO-Bambusa-arundinacea-10-seeds-/271023170406',NULL),(135,'','2012.07.23','Live Alphonse Karr Bambusa Multiplex Bamboo Potted Plant *Clumping *Noninvasive | eBay','http://www.ebay.com/itm/Live-Alphonse-Karr-Bambusa-Multiplex-Bamboo-Potted-Plant-Clumping-Noninvasive-/180933084733',NULL),(136,'','2012.07.23','Baby\'s Breath Flower - Heirloom - 50 Seeds','http://www.etsy.com/listing/87069134/babys-breath-flower-heirloom-50-seeds',NULL),(137,'','2012.07.23','REDUCED Pink Grapefruit Tree seedling','http://www.etsy.com/listing/99233000/reduced-pink-grapefruit-tree-seedling',NULL),(138,'','2012.07.23','Live Green Hedge Bambusa Multiplex Bamboo Potted Plant *Clumping *Noninvasive | eBay','http://www.ebay.com/itm/Live-Green-Hedge-Bambusa-Multiplex-Bamboo-Potted-Plant-Clumping-Noninvasive-/180932348447',NULL),(139,'','2012.07.23','Live Grafted Key Lime Citrus Fruit Tree Healthy Well Rooted 3\'-5...','http://www.etsy.com/listing/103178270/live-grafted-key-lime-citrus-fruit-tree',NULL),(140,'','2012.07.23','Live BUDDHA BELLY  Bambusa Ventricosa \'Kimmei\" Bamboo Potted Plant *Great Bonsai | eBay','http://www.ebay.com/itm/Live-BUDDHA-BELLY-Bambusa-Ventricosa-Kimmei-Bamboo-Potted-Plant-Great-Bonsai-/180933084376',NULL),(141,'','2012.07.23','Grow an Indoor Citrus Tree Kit - mini lime tree seeds','http://www.etsy.com/listing/62795842/grow-an-indoor-citrus-tree-kit-mini-lime',NULL),(142,'','2012.07.23','','www.aquaticplantcentral.com',NULL),(143,'','2012.07.23','100 seeds, BABY\'S BREATH, annual, delicate white flowers','http://www.etsy.com/listing/92989561/100-seeds-babys-breath-annual-delicate',NULL),(144,'','2012.07.23','','naturalaquariums.com',NULL),(145,'','2012.07.23','Pregnant onion plant -one small/baby bulb about 1/2 inch in diameter','http://www.etsy.com/listing/95192532/pregnant-onion-plant-one-smallbaby-bulb',NULL),(146,'','2012.07.23','100 Heirloom Baby\'s Breath Gypsophila Covent Garden Seeds','http://www.etsy.com/listing/81160765/100-heirloom-babys-breath-gypsophila',NULL),(147,'','2012.07.23','3 Variegated Red Stem Baby Jade Succulent plants','http://www.etsy.com/listing/73104712/3-variegated-red-stem-baby-jade',NULL),(148,'','2012.07.23','Kalanchoe pinata plant babies - 2 small plants','http://www.etsy.com/listing/64548647/kalanchoe-pinata-plant-babies-2-small',NULL),(149,'$19.95','2012.07.23','Live BUDDHA BELLY Bambusa T. Ventricosa Bamboo Potted Plant *Great For Bonsai | eBay','http://www.ebay.com/itm/Live-BUDDHA-BELLY-Bambusa-T-Ventricosa-Bamboo-Potted-Plant-Great-For-Bonsai-/180933084421',NULL),(150,'','2012.07.23','Three Spider Plant Babies (3)','http://www.etsy.com/listing/98781135/three-spider-plant-babies-3',NULL),(151,'','2012.07.23','Succulent - Sale - 30 tiny baby Kalanchoe laetiviren plants','http://www.etsy.com/listing/76298964/succulent-sale-30-tiny-baby-kalanchoe',NULL),(152,'','2012.07.23','Baby Blue Eyes Nemophila menziesii 550 Seeds/1 Gram','http://www.etsy.com/listing/71115445/baby-blue-eyes-nemophila-menziesii-550',NULL),(153,'','2012.07.23','Citrus Fresh All Natural Shampoo Bar-----Grapefruit, Orange & Lime Sce...','http://www.etsy.com/listing/102261801/citrus-fresh-all-natural-shampoo-bar',NULL),(154,'','2012.07.23','Beautiful Baby\'s Breath, 100 Seeds, Easy to Grow, Great as a Dried...','http://www.etsy.com/listing/99666095/beautiful-babys-breath-100-seeds-easy-to',NULL),(155,'','2012.07.23','Organic Heirloom Sugar Baby Watermelon Seeds','http://www.etsy.com/listing/71806845/organic-heirloom-sugar-baby-watermelon',NULL),(156,'','2012.07.23','Mother of Millions Baby Plants - Set of 35 babies','http://www.etsy.com/listing/89150529/mother-of-millions-baby-plants-set-of-35',NULL),(157,'','2012.07.23','Baby Tears Terrarium Kit with moss // Glass Terrarium //Live Terrarium','http://www.etsy.com/listing/85015834/baby-tears-terrarium-kit-with-moss-glass',NULL),(158,'','2012.07.23','Barrel Cacti, Lot of 4 plants with babies','http://www.etsy.com/listing/74173159/barrel-cacti-lot-of-4-plants-with-babies',NULL),(159,'','2012.07.23','Baby Blues Elephant Planter Couple - Mini Mondern Art Centerpieces','http://www.etsy.com/listing/102297485/baby-blues-elephant-planter-couple-mini',NULL),(160,'','2012.07.23','','s682.photobucket.com',NULL),(161,'','2012.07.23','Giraffe Planter Pink Great Dorm, Nursery, Decor or Baby Shower Gift','http://www.etsy.com/listing/77155801/giraffe-planter-pink-great-dorm-nursery',NULL),(162,'$19.95','2012.07.23','Live BUDDHA BELLY Bambusa T. Ventricosa Bamboo Potted Plant *Great For Bonsai | eBay','http://www.ebay.com/itm/Live-BUDDHA-BELLY-Bambusa-T-Ventricosa-Bamboo-Potted-Plant-Great-For-Bonsai-/170881246612',NULL),(163,'','2012.07.23','400 Seed Bombs - You pick the color - Pastels Perfect for Baby Shower...','http://www.etsy.com/listing/102234150/400-seed-bombs-you-pick-the-color',NULL),(164,'','2012.07.23','Spider Plant Baby- Grow Your Own Spider Plant','http://www.etsy.com/listing/93681656/spider-plant-baby-grow-your-own-spider',NULL),(165,'','2012.07.23','Sugar Baby Watermelon 25 seeds OP','http://www.etsy.com/listing/98386335/sugar-baby-watermelon-25-seeds-op',NULL),(166,'','2012.07.23','15 Succulent Baby Fingers Sedum, Baby Toes, Baby Tears Succulent Groun...','http://www.etsy.com/listing/92972080/15-succulent-baby-fingers-sedum-baby',NULL),(167,'','2012.07.23','BULK 1,200 Seeds, Baby\'s Breath, Flower, Weddings, Decorations','http://www.etsy.com/listing/104010113/bulk-1200-seeds-babys-breath-flower',NULL),(168,'','2012.07.23','Baby Shower Personalized Seed Bomb Favors - Eco Friendly Garden Wildfl...','http://www.etsy.com/listing/92683852/baby-shower-personalized-seed-bomb',NULL),(169,'','2012.07.23','Plantable Earth Baby Seed Garden','http://www.etsy.com/listing/98072821/plantable-earth-baby-seed-garden',NULL),(170,'','2012.07.23','Succulent Plant - Baby Toes','http://www.etsy.com/listing/94098713/succulent-plant-baby-toes',NULL),(171,'','2012.07.23','','clausennursery.com',NULL),(172,'US 19.95','2012.07.23','Live Golden Goddess Bambusa Multiplex Bamboo Potted Plant *Clumping *Noninvasive | eBay','http://www.ebay.com/itm/Live-Golden-Goddess-Bambusa-Multiplex-Bamboo-Potted-Plant-Clumping-Noninvasive-/170876751015',NULL),(173,'US 24.95','2012.07.23','Live Golden Hawaiian Bambusa Vulgaris Vittata Bamboo Potted Plant *Clumping | eBay','http://www.ebay.com/itm/Live-Golden-Hawaiian-Bambusa-Vulgaris-Vittata-Bamboo-Potted-Plant-Clumping-/180926682863',NULL),(174,'','2012.07.23','Childrens Teddy Bear and Air Plant Terrarium - A Perfect Birthday or B...','http://www.etsy.com/listing/103535375/childrens-teddy-bear-and-air-plant',NULL),(175,'','2012.07.23','Vintage Kewpie Baby Air Planter Garden','http://www.etsy.com/listing/76866358/vintage-kewpie-baby-air-planter-garden',NULL),(176,'US 4.00','2012.07.23','200 Bambusa arundinacea bamboo seeds Thorny Gaint Bamboo Tree | eBay','http://www.ebay.com/itm/200-Bambusa-arundinacea-bamboo-seeds-Thorny-Gaint-Bamboo-Tree-/150862134364',NULL),(177,'','2012.07.23','Live Golden Goddess Bambusa Multiplex Bamboo Potted Plant *Clumping *Noninvasive | eBay','http://www.ebay.com/itm/Live-Golden-Goddess-Bambusa-Multiplex-Bamboo-Potted-Plant-Clumping-Noninvasive-/170881788367',NULL),(178,'US 75.00','2012.07.23','BAMBUSA VULGARIS VITTATA \"Picasso\" Bamboo Vittata plant+roots | eBay','http://www.ebay.com/itm/BAMBUSA-VULGARIS-VITTATA-Picasso-Bamboo-Vittata-plant-roots-/180931495903',NULL),(179,'','2012.07.23','Live Alphonse Karr Bambusa Multiplex Bamboo Potted Plant *Clumping *Noninvasive | eBay','http://www.ebay.com/itm/Live-Alphonse-Karr-Bambusa-Multiplex-Bamboo-Potted-Plant-Clumping-Noninvasive-/180932348706',NULL),(180,'','2012.07.23','','i216.photobucket.com',NULL),(181,'','2012.07.23','','www.WiersigGardenPlants.com',NULL),(182,'','2012.07.23','','www.WiersigGardenPlants.com',NULL),(183,'','2012.07.23','','www.mapquest.com',NULL),(184,'','2012.07.23','','www.mapquest.com',NULL),(185,'','2012.07.23','Baby Tears Terrarium Kit with moss // Glass Terrarium //Live Terrarium','http://www.etsy.com/listing/85015834/baby-tears-terrarium-kit-with-moss-glass',NULL),(186,'','2012.07.23','15 Succulent Baby Fingers Sedum, Baby Toes, Baby Tears Succulent Groun...','http://www.etsy.com/listing/92972080/15-succulent-baby-fingers-sedum-baby',NULL),(187,'','2012.07.23','7 Live fully rooted, Lily of the Valley Plants, Convallaria Majalis, O...','http://www.etsy.com/listing/99211453/7-live-fully-rooted-lily-of-the-valley',NULL),(188,'','2012.07.23','Hanging Tear Drop Terrarium w/ Air Plant','http://www.etsy.com/listing/99989761/hanging-tear-drop-terrarium-w-air-plant',NULL),(189,'','2012.07.23','Baby Tears Terrarium Kit with moss // Glass Terrarium //Live Terrarium','http://www.etsy.com/listing/101247943/baby-tears-terrarium-kit-with-moss-glass',NULL),(190,'','2012.07.23','Blue Tears Potted Plant, Sedum dasyphyllum','http://www.etsy.com/listing/101501369/blue-tears-potted-plant-sedum',NULL),(191,'','2012.07.23','Automic Red with baby tear sedums metal Moss Bird planter-Crow about t...','http://www.etsy.com/listing/102722971/automic-red-with-baby-tear-sedums-metal',NULL),(192,'','2012.07.23','Octopus Hand Blown Glass Cobalt Blue Rain Drop Hanging Vessel','http://www.etsy.com/listing/100320242/octopus-hand-blown-glass-cobalt-blue',NULL),(193,'','2012.07.23','Variegated Billbergia nutans \'Tricolor\' (Queen\'s Tears Bro...','http://www.etsy.com/listing/66325757/variegated-billbergia-nutans-tricolor',NULL),(194,'','2012.07.23','Cherokee - Black Bean - \"Trail of Tears\"','http://www.etsy.com/listing/92551307/cherokee-black-bean-trail-of-tears',NULL),(195,'','2012.07.23','','www.atree4me.com',NULL),(196,'','2012.07.23','B0039 Knotweed Polygonum Bistort Wiregrass Knotgrass Tear Thumb Pink 4...','http://www.etsy.com/listing/91407342/b0039-knotweed-polygonum-bistort',NULL),(197,'','2012.07.23','','atree4me.com',NULL),(198,'$16.00','2012.07.23','~ MANGO TREE { Mangifera indica } LIVE FRUIT TREE ! L@OK! ~ | eBay','http://www.ebay.com/itm/MANGO-TREE-Mangifera-indica-LIVE-FRUIT-TREE-L-OK-/221074659592',NULL),(199,'','2012.07.23','','www.audioparadiseentertainment.com',NULL),(200,'$6.92','2012.07.23','10x Q10 Face Mask - Luffa & Adlay or Aloe or Grape Seed & Green Tea | eBay','http://www.ebay.com/itm/10x-Q10-Face-Mask-Luffa-Adlay-or-Aloe-or-Grape-Seed-Green-Tea-/320950374978',NULL),(201,'','2012.07.23','','www.TOO2BAMBOO.com',NULL),(202,'','2012.07.23','','s782.photobucket.com',NULL),(203,'','2012.07.23','','www.larochesfruitgifts.com',NULL),(204,'US 39.99','2012.07.23','Mangifera indica Eat Fresh Mango \'Mansuriya\' 1 Plant | eBay','http://www.ebay.com/itm/Mangifera-indica-Eat-Fresh-Mango-Mansuriya-1-Plant-/280915782776',NULL),(205,'US 39.99','2012.07.23','Mangifera indica Mango \'Namdokmai No. 4\' 1 Plant | eBay','http://www.ebay.com/itm/Mangifera-indica-Mango-Namdokmai-No-4-1-Plant-/271012517086',NULL),(206,'US 39.99','2012.07.23','Mangifera indica Eat Fresh Mango \'Mankunsri\' 1 Plant | eBay','http://www.ebay.com/itm/Mangifera-indica-Eat-Fresh-Mango-Mankunsri-1-Plant-/271012517015',NULL),(207,'US 9.99','2012.07.23','Flesh Seed Mango Mangifera indica Mango \'Augrong\' 3 Seeds | eBay','http://www.ebay.com/itm/Flesh-Seed-Mango-Mangifera-indica-Mango-Augrong-3-Seeds-/280921986820',NULL),(208,'US 28.80','2012.07.23','Borneo Bizarre Fruit-Mangifera Foedita Horse Mango Rare genus 1 Fresh Seed | eBay','http://www.ebay.com/itm/Borneo-Bizarre-Fruit-Mangifera-Foedita-Horse-Mango-Rare-genus-1-Fresh-Seed-/261063499593',NULL),(209,'US 39.99','2012.07.23','Mangifera indica Mango \'Augrong\' 1 Plant | eBay','http://www.ebay.com/itm/Mangifera-indica-Mango-Augrong-1-Plant-/280915782913',NULL),(210,'US 9.99','2012.07.23','Mangifera indica Augrong Mango 3 Flesh Seeds | eBay','http://www.ebay.com/itm/Mangifera-indica-Augrong-Mango-3-Flesh-Seeds-/280925760826',NULL),(211,'','2012.07.23','One Grafted Live Mango Fruit Tree 3\'- 4\' FT Kent,Alphonso,Pim ...','http://www.etsy.com/listing/104247744/one-grafted-live-mango-fruit-tree-3-4-ft',NULL),(212,'US 79.99','2012.07.23','Mangifera indica \'Variegated\' 1 Plant | eBay','http://www.ebay.com/itm/Mangifera-indica-Variegated-1-Plant-/280915782840',NULL),(213,'US 39.99','2012.07.23','Mangifera Giant fruit Mango \'Namdokmai Man\' 1 Plant | eBay','http://www.ebay.com/itm/Mangifera-Giant-fruit-Mango-Namdokmai-Man-1-Plant-/271021822915',NULL),(214,'','2012.07.23','REDUCED Tangerine Tree seedling','http://www.etsy.com/listing/98695296/reduced-tangerine-tree-seedling',NULL),(215,'US 35.99','2012.07.23','Mango Mahachanok (Mangifera indica) Great Cultivar 65-70cm. Size 1 Plant | eBay','http://www.ebay.com/itm/Mango-Mahachanok-Mangifera-indica-Great-Cultivar-65-70cm-Size-1-Plant-/280915782916',NULL),(216,'','2012.07.23','Cilantro - Coriander - Herb - Heirloom 30 Seeds','http://www.etsy.com/listing/81996384/cilantro-coriander-herb-heirloom-30',NULL),(217,'','2012.07.23','Petunia Flower \'Supertunia Citrus\' Gmo Free Seeds','http://www.etsy.com/listing/95948598/petunia-flower-supertunia-citrus-gmo',NULL),(218,'','2012.07.23','Key Lime Tree seedlings TWINS','http://www.etsy.com/listing/98694817/key-lime-tree-seedlings-twins',NULL),(219,'','2012.07.23','REDUCED Key Lime Tree seedling','http://www.etsy.com/listing/98694167/reduced-key-lime-tree-seedling',NULL),(220,'US 2.50','2012.07.23','50 Dendrocalamus strictus bamboo seeds Calcutta hard - Male bamboo Iron Bamboo | eBay','http://www.ebay.com/itm/50-Dendrocalamus-strictus-bamboo-seeds-Calcutta-hard-Male-bamboo-Iron-Bamboo-/150862040983',NULL),(221,'','2012.07.23','Bee Balm Herb -Medicinal - Culinary - Heirloom - Organic - 50 Seeds','http://www.etsy.com/listing/80345685/bee-balm-herb-medicinal-culinary',NULL),(222,'','2012.07.23','Tangerine & Key Lime Tree seedlings','http://www.etsy.com/listing/98615145/tangerine-key-lime-tree-seedlings',NULL),(223,'','2012.07.23','','www.bendersgrove.com',NULL),(224,'','2012.07.23','','www.pepesplants.com',NULL),(225,'','2012.07.23','','www.brookstropicalnursery.com',NULL),(226,'','2012.07.23','','www.thegardensway.com',NULL),(227,'AU 3.00','2012.07.23','Dendrocalamus strictus - 20 seeds - Iron bamboo | eBay','http://www.ebay.com/itm/Dendrocalamus-strictus-20-seeds-Iron-bamboo-/230825487467',NULL),(228,'','2012.07.23','','www.fruitawater.com',NULL),(229,'','2012.07.23','Fine Art Print Tree 8X10 Citrine Orange Autumn','http://www.etsy.com/listing/57330602/fine-art-print-tree-8x10-citrine-orange',NULL),(230,'','2012.07.23','REDUCED Pink Grapefruit Tree seedling','http://www.etsy.com/listing/99233000/reduced-pink-grapefruit-tree-seedling',NULL),(231,'','2012.07.23','Live Grafted Key Lime Citrus Fruit Tree Healthy Well Rooted 3\'-5...','http://www.etsy.com/listing/103178270/live-grafted-key-lime-citrus-fruit-tree',NULL),(232,'','2012.07.23','','tropicalbamboo.com',NULL),(233,'','2012.07.23','','tropicalbamboo.com',NULL),(234,'','2012.07.23','Grow an Indoor Citrus Tree Kit - mini lime tree seeds','http://www.etsy.com/listing/62795842/grow-an-indoor-citrus-tree-kit-mini-lime',NULL),(235,'','2012.07.23','','www.TropicalBamboo.com',NULL),(236,'','2012.07.23','','www.TropicalBamboo.com',NULL),(237,'','2012.07.23','','www.TropicalBamboo.com',NULL),(238,'GBP 6.99','2012.07.23','GIANT BAMBOO - 100 Seeds - Clumping Type - Dendrocalamus latiflorus | eBay','http://www.ebay.com/itm/GIANT-BAMBOO-100-Seeds-Clumping-Type-Dendrocalamus-latiflorus-/130729029751',NULL),(239,'US 4.00','2012.07.23','100 Dendrocalamus strictus bamboo seeds Calcutta hard - Male bamboo Iron Bamboo | eBay','http://www.ebay.com/itm/100-Dendrocalamus-strictus-bamboo-seeds-Calcutta-hard-Male-bamboo-Iron-Bamboo-/150862040796',NULL),(240,'GBP 3.99','2012.07.23','GIANT BAMBOO - 50 Seeds - Clumping Type - Dendrocalamus latiflorus | eBay','http://www.ebay.com/itm/GIANT-BAMBOO-50-Seeds-Clumping-Type-Dendrocalamus-latiflorus-/140796969960',NULL),(241,'','2012.07.23','BLACK ASPER BAMBOO (Dendrocalamus asper) 50 seeds | eBay','http://www.ebay.com/itm/BLACK-ASPER-BAMBOO-Dendrocalamus-asper-50-seeds-/271023207988',NULL),(242,'US 5.00','2012.07.23','200 Dendrocalamus strictus bamboo seeds Calcutta hard - Male bamboo Iron Bamboo | eBay','http://www.ebay.com/itm/200-Dendrocalamus-strictus-bamboo-seeds-Calcutta-hard-Male-bamboo-Iron-Bamboo-/150862041225',NULL),(243,'','2012.07.23','Shaddock-Pomelo Citrus (5 seeds) Pear-Shaped Fruit | eBay','http://www.ebay.com/itm/Shaddock-Pomelo-Citrus-5-seeds-Pear-Shaped-Fruit-/190706395654',NULL),(244,'','2012.07.23','WHITE BAMBOO (Dendrocalamus membranaceus) 10 seeds | eBay','http://www.ebay.com/itm/WHITE-BAMBOO-Dendrocalamus-membranaceus-10-seeds-/271023173217',NULL),(245,'US 2.00','2012.07.23','LONG GRAIN RICE - 300+ SEEDS - Oryza sativa var. indica - Aquatic Food Plant | eBay','http://www.ebay.com/itm/LONG-GRAIN-RICE-300-SEEDS-Oryza-sativa-var-indica-Aquatic-Food-Plant-/150844720004',NULL),(246,'','2012.07.23','','www.flickr.com',NULL),(247,'','2012.07.23','TAIWANESE GIANT BAMBOO (Dendrocalamus latiflorus) 10 seeds | eBay','http://www.ebay.com/itm/TAIWANESE-GIANT-BAMBOO-Dendrocalamus-latiflorus-10-seeds-/221078860482',NULL),(248,'','2012.07.23','TAIWANESE GIANT BAMBOO (Dendrocalamus latiflorus) 50 seeds | eBay','http://www.ebay.com/itm/TAIWANESE-GIANT-BAMBOO-Dendrocalamus-latiflorus-50-seeds-/221078863101',NULL),(249,'US 1.99','2012.07.23','Shaddock-Pomelo Citrus (10 seeds) Pear-Shaped Fruit | eBay','http://www.ebay.com/itm/Shaddock-Pomelo-Citrus-10-seeds-Pear-Shaped-Fruit-/190706141850',NULL),(250,'','2012.07.23','Dinosaur Planter Dust Blue Great For Succulent Plants','http://www.etsy.com/listing/74261921/dinosaur-planter-dust-blue-great-for',NULL),(251,'','2012.07.23','Wildflower Seed Pack - A little flower','http://www.etsy.com/listing/42670374/wildflower-seed-pack-a-little-flower',NULL),(252,'$3.11','2012.07.23','VELVET LEAF BAMBOO (Dendrocalamus brandisii) 10 seeds | eBay','http://www.ebay.com/itm/VELVET-LEAF-BAMBOO-Dendrocalamus-brandisii-10-seeds-/271023164723',NULL),(253,'','2012.07.23','2 Rhizomes Dwarf Bearded Iris Little Dream','http://www.etsy.com/listing/101673717/2-rhizomes-dwarf-bearded-iris-little',NULL),(254,'US 1.99','2012.07.23','Sweet Sorghum Milo Grain Cane Seeds Gluten Free | eBay','http://www.ebay.com/itm/Sweet-Sorghum-Milo-Grain-Cane-Seeds-Gluten-Free-/110916121921',NULL),(255,'','2012.07.23','Light Purple Dinosaur Planter for Succulent Plants Great for New Job D...','http://www.etsy.com/listing/99802270/light-purple-dinosaur-planter-for',NULL),(256,'','2012.07.23','Glass Terrarium, Live Plants, Wearable Planter, Miniature Terrarium, 5...','http://www.etsy.com/listing/71610849/glass-terrarium-live-plants-wearable',NULL),(257,'','2012.07.23','Raptor Dinosaur Planter Dust Blue Great For Succulent Plants','http://www.etsy.com/listing/97101245/raptor-dinosaur-planter-dust-blue-great',NULL),(258,'$3.11','2012.07.23','IRON BAMBOO ( Dendrocalamus strictus) 10 seeds | eBay','http://www.ebay.com/itm/IRON-BAMBOO-Dendrocalamus-strictus-10-seeds-/271023170543',NULL),(259,'','2012.07.23','Carrot - Little Finger - Heirloom 100 Seeds','http://www.etsy.com/listing/81987579/carrot-little-finger-heirloom-100-seeds',NULL),(260,'','2012.07.23','Begonia Flower \'Little Peace\' Semperflorens Gmo Free Seeds','http://www.etsy.com/listing/99876215/begonia-flower-little-peace',NULL),(261,'GBP 2.49','2012.07.23','GIANT BAMBOO - 25 Seeds - Clumping Type - Dendrocalamus latiflorus | eBay','http://www.ebay.com/itm/GIANT-BAMBOO-25-Seeds-Clumping-Type-Dendrocalamus-latiflorus-/140796971262',NULL),(262,'','2012.07.23','TOMATO SEEDS, HEIRLOOM, Scabitha, a little ugly, very tasty,10 seeds s...','http://www.etsy.com/listing/94769561/tomato-seeds-heirloom-scabitha-a-little',NULL),(263,'$9.95','2012.07.23','Amazon.com: Grass Lime Light Spray Millet 100 Seeds per Packet: Patio, Lawn & Garden','http://www.amazon.com/Grass-Light-Millet-Seeds-Packet/dp/B008H6N77C',NULL),(264,'','2012.07.23','little ursula // air plant garden','http://www.etsy.com/listing/89647448/little-ursula-air-plant-garden',NULL),(265,'','2012.07.23','GIANT BAMBOO (Dendrocalamus barbatus) 10 seeds | eBay','http://www.ebay.com/itm/GIANT-BAMBOO-Dendrocalamus-barbatus-10-seeds-/271023183531',NULL),(266,'','2012.07.23','Pachyveria Glauca, Little Jewel, Succulent Plant,','http://www.etsy.com/listing/81411446/pachyveria-glauca-little-jewel-succulent',NULL),(267,'','2012.07.23','Organic Little Finger Eggplant Aubergine Seeds','http://www.etsy.com/listing/54736184/organic-little-finger-eggplant-aubergine',NULL),(268,'','2012.07.23','Little Fingers Eggplant Seeds - Beautiful Dark Purple Fruit Great Flav...','http://www.etsy.com/listing/104904911/little-fingers-eggplant-seeds-beautiful',NULL),(269,'','2012.07.23','Airplant Arrangement in Little Galvanized Tub','http://www.etsy.com/listing/89917077/airplant-arrangement-in-little',NULL),(270,'','2012.07.23','sphere shaped glass hanging terrarium, and little air plant, desk gard...','http://www.etsy.com/listing/93934354/sphere-shaped-glass-hanging-terrarium',NULL),(271,'','2012.07.23','African Violet, live plant LITTLE BUSYBODY, pretty pink','http://www.etsy.com/listing/99517466/african-violet-live-plant-little',NULL),(272,'','2012.07.23','15 Jack Be Little Mini Pumpkin Seeds','http://www.etsy.com/listing/46041383/15-jack-be-little-mini-pumpkin-seeds',NULL),(273,'','2012.07.23','BLACK ASPER BAMBOO (Dendrocalamus asper) 10 seeds | eBay','http://www.ebay.com/itm/BLACK-ASPER-BAMBOO-Dendrocalamus-asper-10-seeds-/221078867021',NULL),(274,'','2012.07.23','Happy Birthday Little Song // Custom Plaster Vase with Air Plant','http://www.etsy.com/listing/98872763/happy-birthday-little-song-custom',NULL),(275,'','2012.07.23','Kalanchoe tubiflora Maternity Plant - Succulent -10 little plants','http://www.etsy.com/listing/64671729/kalanchoe-tubiflora-maternity-plant',NULL),(276,'US 0.99','2012.07.23','Alyssum Wonderland Citron Fragrant 200 seeds+FREE! Free Ship on Additional Items | eBay','http://www.ebay.com/itm/Alyssum-Wonderland-Citron-Fragrant-200-seeds-FREE-Free-Ship-on-Additional-Items-/310409904849',NULL),(277,'','2012.07.23','Herb Garden Plant Markers - Mini - Nickel','http://www.etsy.com/listing/82320831/herb-garden-plant-markers-mini-nickel',NULL),(278,'','2012.07.23','10 Origami Star Seeds - Seed Bomb - Organic Heirloom Little Finger Car...','http://www.etsy.com/listing/102696635/10-origami-star-seeds-seed-bomb-organic',NULL),(279,'','2012.07.23','Colorful little Airplant Terrarium','http://www.etsy.com/listing/99154261/colorful-little-airplant-terrarium',NULL),(280,'','2012.07.23','IRON BAMBOO ( Dendrocalamus strictus) 50 seeds | eBay','http://www.ebay.com/itm/IRON-BAMBOO-Dendrocalamus-strictus-50-seeds-/271023188597',NULL),(281,'','2012.07.23','Bean - Lima Dixie White - Bush Type - Heirloom - Organic - 25 Seeds','http://www.etsy.com/listing/80340660/bean-lima-dixie-white-bush-type-heirloom',NULL),(282,'','2012.07.23','Organic Pink Ponderosa Heirloom Tomato Seeds','http://www.etsy.com/listing/71174873/organic-pink-ponderosa-heirloom-tomato',NULL),(283,'','2012.07.23','Tangerine & Key Lime Tree seedlings','http://www.etsy.com/listing/98615145/tangerine-key-lime-tree-seedlings',NULL),(284,'','2012.07.23','Key Lime Tree seedlings TWINS','http://www.etsy.com/listing/98694817/key-lime-tree-seedlings-twins',NULL),(285,'','2012.07.23','Cilantro - Coriander - Herb - Heirloom 30 Seeds','http://www.etsy.com/listing/81996384/cilantro-coriander-herb-heirloom-30',NULL),(286,'','2012.07.23','Bee Balm Herb -Medicinal - Culinary - Heirloom - Organic - 50 Seeds','http://www.etsy.com/listing/80345685/bee-balm-herb-medicinal-culinary',NULL),(287,'','2012.07.23','Bee Balm Herb -Medicinal - Culinary - Heirloom - Organic - 50 Seeds','http://www.etsy.com/listing/80345685/bee-balm-herb-medicinal-culinary',NULL),(288,'','2012.07.23','Petunia Flower \'Supertunia Citrus\' Gmo Free Seeds','http://www.etsy.com/listing/95948598/petunia-flower-supertunia-citrus-gmo',NULL),(289,'','2012.07.23','Tangerine & Key Lime Tree seedlings','http://www.etsy.com/listing/98615145/tangerine-key-lime-tree-seedlings',NULL),(290,'','2012.07.23','REDUCED Tangerine Tree seedling','http://www.etsy.com/listing/98695296/reduced-tangerine-tree-seedling',NULL),(291,'','2012.07.23','REDUCED Tangerine Tree seedling','http://www.etsy.com/listing/98695296/reduced-tangerine-tree-seedling',NULL),(292,'','2012.07.23','REDUCED Key Lime Tree seedling','http://www.etsy.com/listing/98694167/reduced-key-lime-tree-seedling',NULL),(293,'','2012.07.23','Petunia Flower \'Supertunia Citrus\' Gmo Free Seeds','http://www.etsy.com/listing/95948598/petunia-flower-supertunia-citrus-gmo',NULL),(294,'','2012.07.23','Cilantro - Coriander - Herb - Heirloom 30 Seeds','http://www.etsy.com/listing/81996384/cilantro-coriander-herb-heirloom-30',NULL),(295,'','2012.07.23','LiMa beAn heirloom seeds from our organic garden','http://www.etsy.com/listing/68543516/lima-bean-heirloom-seeds-from-our',NULL),(296,'','2012.07.23','Key Lime Tree seedlings TWINS','http://www.etsy.com/listing/98694817/key-lime-tree-seedlings-twins',NULL),(297,'','2012.07.23','REDUCED Pink Grapefruit Tree seedling','http://www.etsy.com/listing/99233000/reduced-pink-grapefruit-tree-seedling',NULL),(298,'','2012.07.23','REDUCED Key Lime Tree seedling','http://www.etsy.com/listing/98694167/reduced-key-lime-tree-seedling',NULL),(299,'','2012.07.23','Live Grafted Key Lime Citrus Fruit Tree Healthy Well Rooted 3\'-5...','http://www.etsy.com/listing/103178270/live-grafted-key-lime-citrus-fruit-tree',NULL),(300,'','2012.07.23','Live Grafted Key Lime Citrus Fruit Tree Healthy Well Rooted 3\'-5...','http://www.etsy.com/listing/103178270/live-grafted-key-lime-citrus-fruit-tree',NULL),(301,'','2012.07.23','REDUCED Pink Grapefruit Tree seedling','http://www.etsy.com/listing/99233000/reduced-pink-grapefruit-tree-seedling',NULL),(302,'','2012.07.23','Grow an Indoor Citrus Tree Kit - mini lime tree seeds','http://www.etsy.com/listing/62795842/grow-an-indoor-citrus-tree-kit-mini-lime',NULL),(303,'','2012.07.23','Grow an Indoor Citrus Tree Kit - mini lime tree seeds','http://www.etsy.com/listing/62795842/grow-an-indoor-citrus-tree-kit-mini-lime',NULL),(304,'','2012.07.23','REDUCED Key Lime Tree seedling','http://www.etsy.com/listing/98694167/reduced-key-lime-tree-seedling',NULL),(305,'','2012.07.23','REDUCED Pink Grapefruit Tree seedling','http://www.etsy.com/listing/99233000/reduced-pink-grapefruit-tree-seedling',NULL),(306,'','2012.07.23','Cilantro - Coriander - Herb - Heirloom 30 Seeds','http://www.etsy.com/listing/81996384/cilantro-coriander-herb-heirloom-30',NULL),(307,'','2012.07.23','Moisturizing Grapefruit and Lemon Sea Salt Scrub for Hands and Body wi...','http://www.etsy.com/listing/103363859/moisturizing-grapefruit-and-lemon-sea',NULL),(308,'','2012.07.23','Bee Balm Herb -Medicinal - Culinary - Heirloom - Organic - 50 Seeds','http://www.etsy.com/listing/80345685/bee-balm-herb-medicinal-culinary',NULL),(309,'','2012.07.23','REDUCED Tangerine Tree seedling','http://www.etsy.com/listing/98695296/reduced-tangerine-tree-seedling',NULL),(310,'$19.95','2012.07.23','Amazon.com: Live Green Hedge Bambusa Multiplex Bamboo Potted Plant *Clumping *Noninvasive: Patio, Lawn & Garden','http://www.amazon.com/Bambusa-Multiplex-Bamboo-Clumping-Noninvasive/dp/B008KCOOWU',NULL),(311,'$19.95','2012.07.23','Amazon.com: Live Silverstripe Bambusa Multiplex Bamboo Potted Plant *Clumping *Noninvasive: Patio, Lawn & Garden','http://www.amazon.com/Silverstripe-Multiplex-Bamboo-Clumping-Noninvasive/dp/B008L98MGQ',NULL),(312,'$13.95','2012.07.23','Amazon.com: Burgundy Bunny Pennisetum alopecuroides Dwarf Fountain Grass Plant: Patio, Lawn & Garden','http://www.amazon.com/Burgundy-Bunny-Pennisetum-alopecuroides-Fountain/dp/B008M1BZKS',NULL),(313,'$13.95','2012.07.23','Amazon.com: Burgundy Bunny Pennisetum alopecuroides Dwarf Fountain Grass Plant: Patio, Lawn & Garden','http://www.amazon.com/Burgundy-Bunny-Pennisetum-alopecuroides-Fountain/dp/B007R8T9OQ',NULL),(314,'US 1.00','2012.07.23','20 JOBS TEARS Jobi Coix Lacryma Yi Ren FlowerVeggieSeed | eBay','http://www.ebay.com/itm/20-JOBS-TEARS-Jobi-Coix-Lacryma-Yi-Ren-FlowerVeggieSeed-/300740572872',NULL),(315,'','2012.07.23','Petunia Flower \'Supertunia Citrus\' Gmo Free Seeds','http://www.etsy.com/listing/95948598/petunia-flower-supertunia-citrus-gmo',NULL),(316,'$19.95','2012.07.23','Amazon.com: Live Tiny Fernleaf Bambusa Multiplex Bamboo Potted Plant *Clumping *Noninvasive: Patio, Lawn & Garden','http://www.amazon.com/Fernleaf-Multiplex-Bamboo-Clumping-Noninvasive/dp/B008IXTBHO',NULL),(317,'US 34.88','2012.07.23','Thai Amulet LP Kambu Wat Krut Chunpu Version Jareon Porn Long Life 89 years | eBay','http://www.ebay.com/itm/Thai-Amulet-LP-Kambu-Wat-Krut-Chunpu-Version-Jareon-Porn-Long-Life-89-years-/271021103848',NULL),(318,'$9.95','2012.07.23','Amazon.com: Grass Purple Majesty (Pennisetum glaucum) 8 Seeds per Packet: Patio, Lawn & Garden','http://www.amazon.com/Purple-Majesty-Pennisetum-glaucum-Seeds/dp/B008H6N42A',NULL),(319,'$13.95','2012.07.23','Amazon.com: Burgundy Bunny Pennisetum alopecuroides Dwarf Fountain Grass Plant: Patio, Lawn & Garden','http://www.amazon.com/Burgundy-Bunny-Pennisetum-alopecuroides-Fountain/dp/B008LI0EBI',NULL),(320,'','2012.07.23','Key Lime Tree seedlings TWINS','http://www.etsy.com/listing/98694817/key-lime-tree-seedlings-twins',NULL),(321,'','2012.07.23','Live Grafted Key Lime Citrus Fruit Tree Healthy Well Rooted 3\'-5...','http://www.etsy.com/listing/103178270/live-grafted-key-lime-citrus-fruit-tree',NULL),(322,'','2012.07.23','Tangerine & Key Lime Tree seedlings','http://www.etsy.com/listing/98615145/tangerine-key-lime-tree-seedlings',NULL),(323,'','2012.07.23','REDUCED Key Lime Tree seedling','http://www.etsy.com/listing/98694167/reduced-key-lime-tree-seedling',NULL),(324,'','2012.07.23','Tangerine & Key Lime Tree seedlings','http://www.etsy.com/listing/98615145/tangerine-key-lime-tree-seedlings',NULL),(325,'','2012.07.23','REDUCED Tangerine Tree seedling','http://www.etsy.com/listing/98695296/reduced-tangerine-tree-seedling',NULL),(326,'','2012.07.23','Grow an Indoor Citrus Tree Kit - mini lime tree seeds','http://www.etsy.com/listing/62795842/grow-an-indoor-citrus-tree-kit-mini-lime',NULL),(327,'','2012.07.23','Cilantro - Coriander - Herb - Heirloom 30 Seeds','http://www.etsy.com/listing/81996384/cilantro-coriander-herb-heirloom-30',NULL),(328,'','2012.07.23','Petunia Flower \'Supertunia Citrus\' Gmo Free Seeds','http://www.etsy.com/listing/95948598/petunia-flower-supertunia-citrus-gmo',NULL),(329,'','2012.07.23','Bee Balm Herb -Medicinal - Culinary - Heirloom - Organic - 50 Seeds','http://www.etsy.com/listing/80345685/bee-balm-herb-medicinal-culinary',NULL),(330,'','2012.07.23','Live Grafted Key Lime Citrus Fruit Tree Healthy Well Rooted 3\'-5...','http://www.etsy.com/listing/103178270/live-grafted-key-lime-citrus-fruit-tree',NULL),(331,'','2012.07.23','Grow an Indoor Citrus Tree Kit - mini lime tree seeds','http://www.etsy.com/listing/62795842/grow-an-indoor-citrus-tree-kit-mini-lime',NULL),(332,'','2012.07.23','10 FRESHLY DUG Arundinaria ','http://www.ebay.com/itm/10-FRESHLY-DUG-Arundinaria-Gigantea-BAMBOO-ROOTS-READY-TO-PLANT-GREAT-FENCING-/230829360703',NULL),(333,'','2012.07.23','','alamocitylandscape.com',NULL),(334,'','2012.07.23','Carrot - Little Finger - Heirloom 100 Seeds','http://www.etsy.com/listing/81987579/carrot-little-finger-heirloom-100-seeds',NULL),(335,'','2012.07.23','Little Fingers Eggplant Seeds - Beautiful Dark Purple Fruit Great Flav...','http://www.etsy.com/listing/104904911/little-fingers-eggplant-seeds-beautiful',NULL),(336,'','2012.07.23','OkRa, LaDy FiNgEr, decorate your garden with our heirloom seeds from p...','http://www.etsy.com/listing/65834209/okra-lady-finger-decorate-your-garden',NULL),(337,'','2012.07.23','Lady Finger Popcorn Seeds- Small Hullless Heirloom Variety - Free Ship...','http://www.etsy.com/listing/72813870/lady-finger-popcorn-seeds-small-hullless',NULL),(338,'','2012.07.23','Organic Little Finger Eggplant Aubergine Seeds','http://www.etsy.com/listing/54736184/organic-little-finger-eggplant-aubergine',NULL),(339,'','2012.07.23','Sale//SURPRISE Single Succulent Cutting//eco//wedding//plant//Hostess ...','http://www.etsy.com/listing/103514526/salesurprise-single-succulent',NULL),(340,'$179.99','2012.07.23','Amazon.com: Phyllostachys Rubromarginata, Red Margin Bamboo Box of 10 #1 Size Live Plants: Patio, Lawn & Garden','http://www.amazon.com/Phyllostachys-Rubromarginata-Margin-Bamboo-Plants/dp/B008HYFW36',NULL),(341,'','2012.07.23','1 PACK 100 SEEDS Red Burgundy Okra Ladies finger Abelmoschus Vegetable...','http://www.etsy.com/listing/99361906/1-pack-100-seeds-red-burgundy-okra',NULL),(342,'','2012.07.23','Senecio Mandraliscae Chalk Sticks Succulent Plant','http://www.etsy.com/listing/95718850/senecio-mandraliscae-chalk-sticks',NULL),(343,'','2012.07.23','Chubby Finger\'s White Stonecrop Potted Plant, Sedum album','http://www.etsy.com/listing/101501562/chubby-fingers-white-stonecrop-potted',NULL),(344,'$19.99','2012.07.23','Amazon.com: Phyllostachys Bissetii Bisset\'s Bamboo #1 Size Live Plant: Patio, Lawn & Garden','http://www.amazon.com/Phyllostachys-Bissetii-Bissets-Bamboo-Plant/dp/B008IY4LIW',NULL),(345,'','2012.07.23','B0001 Ladies finger Okra 100 vegetable bulk Seeds','http://www.etsy.com/listing/83359279/b0001-ladies-finger-okra-100-vegetable',NULL),(346,'','2012.07.23','10 Origami Star Seeds - Seed Bomb - Organic Heirloom Little Finger Car...','http://www.etsy.com/listing/102696635/10-origami-star-seeds-seed-bomb-organic',NULL),(347,'','2012.07.23','Senecio Mandraliscae Chalk Sticks Succulent Plant','http://www.etsy.com/listing/64916285/senecio-mandraliscae-chalk-sticks',NULL),(348,'$19.99','2012.07.23','Amazon.com: Phyllostachys Rubromarginata, Red Margin Bamboo #1 Size Live Plant: Patio, Lawn & Garden','http://www.amazon.com/Phyllostachys-Rubromarginata-Margin-Bamboo-Plant/dp/B008HXD9AA',NULL),(349,'$19.99','2012.07.23','Amazon.com: Phyllostachys Atrovaginata Incense Bamboo #1 Size Live Plant: Patio, Lawn & Garden','http://www.amazon.com/Phyllostachys-Atrovaginata-Incense-Bamboo-Plant/dp/B008KLQ8W0',NULL),(350,'$19.99','2012.07.23','Amazon.com: Phyllostachys aureosulcata \'Aureocaulis\', Golden Crookstem Bamboo, #1 Size Live Plant: Patio, Lawn & Garden','http://www.amazon.com/Phyllostachys-aureosulcata-Aureocaulis-Golden-Crookstem/dp/B008L6UERO',NULL),(351,'','2012.07.23','Flower \'Persian Princess\' Poppy Papaver Gmo Free Seeds','http://www.etsy.com/listing/100755804/flower-persian-princess-poppy-papaver',NULL),(352,'$7.50','2012.07.23','Calamondin Miniature Orange Patio Live Plant*Healthy* | eBay','http://www.ebay.com/itm/Calamondin-Miniature-Orange-Patio-Live-Plant-Healthy-/200795266099',NULL),(353,'$99.99','2012.07.23','Amazon.com: Phyllostachys Dulcis, Sweet Shoot Bamboo Box of 5 #1 Size Live Plants: Patio, Lawn & Garden','http://www.amazon.com/Phyllostachys-Dulcis-Sweet-Bamboo-Plants/dp/B008IXRUSG',NULL),(354,'','2012.07.23','Nigella Persian Jewels Mixed Seeds Cut Flower','http://www.etsy.com/listing/63260065/nigella-persian-jewels-mixed-seeds-cut',NULL),(355,'','2012.07.23','REDUCED Tangerine Tree seedling','http://www.etsy.com/listing/98695296/reduced-tangerine-tree-seedling',NULL),(356,'','2012.07.23','Cilantro - Coriander - Herb - Heirloom 30 Seeds','http://www.etsy.com/listing/81996384/cilantro-coriander-herb-heirloom-30',NULL),(357,'','2012.07.23','','stevelau1922ATgmail.com',NULL),(358,'','2012.07.23','','gmail.com',NULL),(359,'','2012.07.23','','stevelau1922ATgmail.com',NULL),(360,'US 145.00','2012.07.23','PINUS STROBUS \'BLUE MINUTA\' 3 GALLON - LARGE PLANT (PINE) | eBay','http://www.ebay.com/itm/PINUS-STROBUS-BLUE-MINUTA-3-GALLON-LARGE-PLANT-PINE-/320949391346',NULL),(361,'','2012.07.23','Persian Jewels Nigella Seeds Miss Jeykll White RARE Annual Cottage Gar...','http://www.etsy.com/listing/68722184/persian-jewels-nigella-seeds-miss-jeykll',NULL),(362,'','2012.07.23','REDUCED Key Lime Tree seedling','http://www.etsy.com/listing/98694167/reduced-key-lime-tree-seedling',NULL),(363,'','2012.07.23','Bee Balm Herb -Medicinal - Culinary - Heirloom - Organic - 50 Seeds','http://www.etsy.com/listing/80345685/bee-balm-herb-medicinal-culinary',NULL),(364,'','2012.07.23','REDUCED Pink Grapefruit Tree seedling','http://www.etsy.com/listing/99233000/reduced-pink-grapefruit-tree-seedling',NULL),(365,'','2012.07.23','Tangerine & Key Lime Tree seedlings','http://www.etsy.com/listing/98615145/tangerine-key-lime-tree-seedlings',NULL),(366,'','2012.07.23','Petunia Flower \'Supertunia Citrus\' Gmo Free Seeds','http://www.etsy.com/listing/95948598/petunia-flower-supertunia-citrus-gmo',NULL),(367,'','2012.07.23','Key Lime Tree seedlings TWINS','http://www.etsy.com/listing/98694817/key-lime-tree-seedlings-twins',NULL),(368,'','2012.07.23','Live Grafted Key Lime Citrus Fruit Tree Healthy Well Rooted 3\'-5...','http://www.etsy.com/listing/103178270/live-grafted-key-lime-citrus-fruit-tree',NULL),(369,'','2012.07.23','Grow an Indoor Citrus Tree Kit - mini lime tree seeds','http://www.etsy.com/listing/62795842/grow-an-indoor-citrus-tree-kit-mini-lime',NULL),(370,'','2012.07.23','','www.gardenpool.org',NULL),(371,'','2012.07.23','','www.arizonafruittrees.com',NULL),(372,'US 13.95','2012.07.23','DWARF Patio Calamondin Orange Citrus Tree Perfect potted tree [DC002] | eBay','http://www.ebay.com/itm/DWARF-Patio-Calamondin-Orange-Citrus-Tree-Perfect-potted-tree-DC002-/221079321299',NULL),(373,'','2012.07.23','','www.gargoylequeen.com',NULL),(374,'US 36.00','2012.07.23','FRUIT COCKTAIL CITRUS* Meyer Lemon, Key Lime, Calamondin 3 Live Plants*Healthy* | eBay','http://www.ebay.com/itm/FRUIT-COCKTAIL-CITRUS-Meyer-Lemon-Key-Lime-Calamondin-3-Live-Plants-Healthy-/200795934876',NULL),(375,'','2012.07.23','Calendula Flower - Orange - Heirloom Organic 25 Seeds','http://www.etsy.com/listing/79879002/calendula-flower-orange-heirloom-organic',NULL),(376,'','2012.07.23','DWARF Citrus Tree Collection: Calamondin Orange, Meyer Lemon & Key Lime [COL01] | eBay','http://www.ebay.com/itm/DWARF-Citrus-Tree-Collection-Calamondin-Orange-Meyer-Lemon-Key-Lime-COL01-/221079305313',NULL),(377,'','2012.07.23','KLONDIKE COSMOS, annual, bright orange, 25 seeds','http://www.etsy.com/listing/94274087/klondike-cosmos-annual-bright-orange-25',NULL),(378,'US 4.99','2012.07.23','TROPICAL CITRUS LIME CALAMANSI CALAMONDIN FRUIT TREE 50 SEEDS | eBay','http://www.ebay.com/itm/TROPICAL-CITRUS-LIME-CALAMANSI-CALAMONDIN-FRUIT-TREE-50-SEEDS-/350579888243',NULL),(379,'','2012.07.23','BULK, 300 Seeds, Siberian Wallflower, Orange Flower','http://www.etsy.com/listing/103918476/bulk-300-seeds-siberian-wallflower',NULL),(380,'','2012.07.23','Lily Seeds Orange Flowered Blackberry Lily Great Garden Plant and Drie...','http://www.etsy.com/listing/84201260/lily-seeds-orange-flowered-blackberry',NULL),(381,'','2012.07.23','20 ORANGE VINE SEEDS-1073','http://www.etsy.com/listing/76341337/20-orange-vine-seeds-1073',NULL),(382,'','2012.07.23','Orange felt planter','http://www.etsy.com/listing/103665524/orange-felt-planter',NULL),(383,'','2012.07.23','Crocosmia Live Plants Orange Lucifer','http://www.etsy.com/listing/102823015/crocosmia-live-plants-orange-lucifer',NULL),(384,'','2012.07.23','Hippeastrum Puniceum - Orange Amaryllis - 50 SEEDS','http://www.etsy.com/listing/96722829/hippeastrum-puniceum-orange-amaryllis-50',NULL),(385,'','2012.07.23','Oriental Orange Poppy Perennial Seeds','http://www.etsy.com/listing/94335384/oriental-orange-poppy-perennial-seeds',NULL),(386,'','2012.07.23','Petite Orange Marigold Flowers Seed Packets','http://www.etsy.com/listing/69419587/petite-orange-marigold-flowers-seed',NULL),(387,'','2012.07.23','SALE - Orange Russian Heirloom Tomato Seeds','http://www.etsy.com/listing/94056628/sale-orange-russian-heirloom-tomato',NULL),(388,'','2012.07.23','Orange Prince Daisy Flower Seeds','http://www.etsy.com/listing/72808786/orange-prince-daisy-flower-seeds',NULL),(389,'','2012.07.23','Organic Parisian Carrot Seeds - Round Orange Heirloom Carrots','http://www.etsy.com/listing/55790150/organic-parisian-carrot-seeds-round',NULL),(390,'','2012.07.23','Aeonium Nobile Cuttings - Gorgeous Orange Rare thick leaved tree like ...','http://www.etsy.com/listing/98105868/aeonium-nobile-cuttings-gorgeous-orange',NULL),(391,'','2012.07.23','Neon Orange Rhinoceros Planter - Mini Modern Art Centerpiece','http://www.etsy.com/listing/102249619/neon-orange-rhinoceros-planter-mini',NULL),(392,'','2012.07.23','150 Seeds Carthamus Tinctorius Safflower Yellow Orange Garden Flower B...','http://www.etsy.com/listing/99085323/150-seeds-carthamus-tinctorius-safflower',NULL),(393,'','2012.07.23','FREE Orange Cosmos Flower Seeds ( with purchase of another item)','http://www.etsy.com/listing/65069890/free-orange-cosmos-flower-seeds-with',NULL),(394,'','2012.07.23','REDUCED Tangerine Tree seedling','http://www.etsy.com/listing/98695296/reduced-tangerine-tree-seedling',NULL),(395,'','2012.07.23','2011 Orange OxheartTomato Seeds, Naturally Grown, Organic Seeds','http://www.etsy.com/listing/62876650/2011-orange-oxhearttomato-seeds',NULL),(396,'','2012.07.23','REDUCED Key Lime Tree seedling','http://www.etsy.com/listing/98694167/reduced-key-lime-tree-seedling',NULL),(397,'','2012.07.23','Upcycled Dinosaur Planter - Orange Raptor with Golden Sedum Succulent ...','http://www.etsy.com/listing/82266429/upcycled-dinosaur-planter-orange-raptor',NULL),(398,'','2012.07.23','Bee Balm Herb -Medicinal - Culinary - Heirloom - Organic - 50 Seeds','http://www.etsy.com/listing/80345685/bee-balm-herb-medicinal-culinary',NULL),(399,'','2012.07.23','Orange Gourds Seeds','http://www.etsy.com/listing/28804482/orange-gourds-seeds',NULL),(400,'','2012.07.23','Tangerine & Key Lime Tree seedlings','http://www.etsy.com/listing/98615145/tangerine-key-lime-tree-seedlings',NULL),(401,'','2012.07.23','Cilantro - Coriander - Herb - Heirloom 30 Seeds','http://www.etsy.com/listing/81996384/cilantro-coriander-herb-heirloom-30',NULL),(402,'','2012.07.23','Eco Book Planter Orange Beige Linen Succulent Centerpiece Book Lover P...','http://www.etsy.com/listing/102181248/eco-book-planter-orange-beige-linen',NULL),(403,'','2012.07.23','Petunia Flower \'Supertunia Citrus\' Gmo Free Seeds','http://www.etsy.com/listing/95948598/petunia-flower-supertunia-citrus-gmo',NULL),(404,'','2012.07.23','Key Lime Tree seedlings TWINS','http://www.etsy.com/listing/98694817/key-lime-tree-seedlings-twins',NULL),(405,'','2012.07.23','Single Air Plant Pod - Rustic Orange','http://www.etsy.com/listing/83034035/single-air-plant-pod-rustic-orange',NULL),(406,'','2012.07.23','REDUCED Pink Grapefruit Tree seedling','http://www.etsy.com/listing/99233000/reduced-pink-grapefruit-tree-seedling',NULL),(407,'GBP 18.80','2012.07.23','Yuzu Shishi.Var Rare Japan CITRUS Priced Genre 3 Live Seeds | eBay','http://www.ebay.com/itm/Yuzu-Shishi-Var-Rare-Japan-CITRUS-Priced-Genre-3-Live-Seeds-/261063500692',NULL),(408,'','2012.07.23','Live Grafted Key Lime Citrus Fruit Tree Healthy Well Rooted 3\'-5...','http://www.etsy.com/listing/103178270/live-grafted-key-lime-citrus-fruit-tree',NULL),(409,'','2012.07.23','100 HEIRLOOM Chinese Houses Collinsia heterophylla seeds','http://www.etsy.com/listing/78699719/100-heirloom-chinese-houses-collinsia',NULL),(410,'','2012.07.23','Organic Pak Choi White Stem Chinese Cabbage 100 seeds','http://www.etsy.com/listing/92879101/organic-pak-choi-white-stem-chinese',NULL),(411,'','2012.07.23','Watermelon Radish Seeds','http://www.etsy.com/listing/99983723/watermelon-radish-seeds',NULL),(412,'','2012.07.23','Purple Chinese Houses, Tall Flowers, Seed, Attracts Hummingbirds to Yo...','http://www.etsy.com/listing/99597812/purple-chinese-houses-tall-flowers-seed',NULL),(413,'','2012.07.23','Bee Balm Herb -Medicinal - Culinary - Heirloom - Organic - 50 Seeds','http://www.etsy.com/listing/80345685/bee-balm-herb-medicinal-culinary',NULL),(414,'','2012.07.23','REDUCED Tangerine Tree seedling','http://www.etsy.com/listing/98695296/reduced-tangerine-tree-seedling',NULL),(415,'','2012.07.23','REDUCED Key Lime Tree seedling','http://www.etsy.com/listing/98694167/reduced-key-lime-tree-seedling',NULL),(416,'','2012.07.23','Polygonum Multiflorum (fo-ti, he shou wu) chinese medicinal live plant','http://www.etsy.com/listing/89931502/polygonum-multiflorum-fo-ti-he-shou-wu',NULL),(417,'','2012.07.23','Chinese Lanterns ( 25 seeds)','http://www.etsy.com/listing/104635795/chinese-lanterns-25-seeds',NULL),(418,'','2012.07.23','Cilantro - Coriander - Herb - Heirloom 30 Seeds','http://www.etsy.com/listing/81996384/cilantro-coriander-herb-heirloom-30',NULL),(419,'','2012.07.23','Tangerine & Key Lime Tree seedlings','http://www.etsy.com/listing/98615145/tangerine-key-lime-tree-seedlings',NULL),(420,'','2012.07.23','Cabbage - Chinese Heirloom - Organic STIR-FRY 30 Seeds','http://www.etsy.com/listing/81455978/cabbage-chinese-heirloom-organic-stir',NULL),(421,'','2012.07.23','Grow an Indoor Citrus Tree Kit - mini lime tree seeds','http://www.etsy.com/listing/62795842/grow-an-indoor-citrus-tree-kit-mini-lime',NULL),(422,'','2012.07.23','Key Lime Tree seedlings TWINS','http://www.etsy.com/listing/98694817/key-lime-tree-seedlings-twins',NULL),(423,'','2012.07.23','Petunia Flower \'Supertunia Citrus\' Gmo Free Seeds','http://www.etsy.com/listing/95948598/petunia-flower-supertunia-citrus-gmo',NULL),(424,'','2012.07.23','Organic Heirloom Chinese Red Noodle yard Long Bean Seeds','http://www.etsy.com/listing/54975707/organic-heirloom-chinese-red-noodle-yard',NULL),(425,'','2012.07.23','Chinese Lantern Seed - Great cut flower, Perennial','http://www.etsy.com/listing/67881951/chinese-lantern-seed-great-cut-flower',NULL),(426,'','2012.07.23','REDUCED Pink Grapefruit Tree seedling','http://www.etsy.com/listing/99233000/reduced-pink-grapefruit-tree-seedling',NULL),(427,'','2012.07.23','Pink Chinese Wool Flower seed','http://www.etsy.com/listing/90357430/pink-chinese-wool-flower-seed',NULL),(428,'','2012.07.23','Chinese Pagoda and Air Plant Terrarium - A Perfect Birthday Gift - DON...','http://www.etsy.com/listing/91971008/chinese-pagoda-and-air-plant-terrarium-a',NULL),(429,'','2012.07.23','Chinese radish - 300 vegetable seed','http://www.etsy.com/listing/97822193/chinese-radish-300-vegetable-seed',NULL),(430,'','2012.07.23','7 AMERICAN GINSENG SEEDS-1072','http://www.etsy.com/listing/76340951/7-american-ginseng-seeds-1072',NULL),(431,'','2012.07.23','Carrot - Little Finger - Heirloom 100 Seeds','http://www.etsy.com/listing/81987579/carrot-little-finger-heirloom-100-seeds',NULL),(432,'','2012.07.23','10 Origami Star Seeds - Seed Bomb - Heirloom Ping Tung Chinese Eggplan...','http://www.etsy.com/listing/86586493/10-origami-star-seeds-seed-bomb-heirloom',NULL),(433,'','2012.07.23','Seeds: Chinese Celandine Poppy (20 seeds), perennial, Stylophorum lasi...','http://www.etsy.com/listing/76763234/seeds-chinese-celandine-poppy-20-seeds',NULL),(434,'','2012.07.23','Live Grafted Key Lime Citrus Fruit Tree Healthy Well Rooted 3\'-5...','http://www.etsy.com/listing/103178270/live-grafted-key-lime-citrus-fruit-tree',NULL),(435,'','2012.07.23','7 Large Cuttings Pine Tree Succulents for 4.95 CRASSULA TETRAGONA 7 ...','http://www.etsy.com/listing/101304894/7-large-cuttings-pine-tree-succulents',NULL),(436,'','2012.07.23','Sale//SURPRISE Single Succulent Cutting//eco//wedding//plant//Hostess ...','http://www.etsy.com/listing/103514526/salesurprise-single-succulent',NULL),(437,'','2012.07.23','WISTERIA SINENSIS (Chinese Wisteria) SEEDS --30 seeds','http://www.etsy.com/listing/104107891/wisteria-sinensis-chinese-wisteria-seeds',NULL),(438,'','2012.07.23','Chinese Dunce Caps Potted Plant, Orostachys iwarenge','http://www.etsy.com/listing/100965850/chinese-dunce-caps-potted-plant',NULL),(439,'','2012.07.23','Grow an Indoor Citrus Tree Kit - mini lime tree seeds','http://www.etsy.com/listing/62795842/grow-an-indoor-citrus-tree-kit-mini-lime',NULL),(440,'','2012.07.23','Chinese Houses Collinsia heterophylla 800 Seeds/1 Gram','http://www.etsy.com/listing/72795189/chinese-houses-collinsia-heterophylla',NULL),(441,'','2012.07.23','Organic Flower Seeds, Chinese Forget Me Nots, heirloom seeds from our ...','http://www.etsy.com/listing/65910016/organic-flower-seeds-chinese-forget-me',NULL),(442,'','2012.07.23','Plant Lot 10 Live Plants Perennials Bee Balm Chinese Lantern Daylily ...','http://www.etsy.com/listing/101433181/plant-lot-10-live-plants-perennials-bee',NULL),(443,'','2012.07.23','Heirloom Organic Bok Choy Chinese Cabbage Seeds','http://www.etsy.com/listing/99509655/heirloom-organic-bok-choy-chinese',NULL),(444,'','2012.07.23','The Mini Pine Tree or Chinese Pine look like miniature pine trees, and...','http://www.etsy.com/listing/73498177/the-mini-pine-tree-or-chinese-pine-look',NULL),(445,'','2012.07.23','2011 Chinese Yard Long Bean Seeds, Organic Seeds, Beans','http://www.etsy.com/listing/64202991/2011-chinese-yard-long-bean-seeds',NULL),(446,'','2012.07.23','Organic Little Finger Eggplant Aubergine Seeds','http://www.etsy.com/listing/54736184/organic-little-finger-eggplant-aubergine',NULL),(447,'','2012.07.23','Large Tree Painting Red Gold Huge Art Custom Modern Abstract Original ...','http://www.etsy.com/listing/58998218/large-tree-painting-red-gold-huge-art',NULL),(448,'','2012.07.23','Lady Finger Popcorn Seeds- Small Hullless Heirloom Variety - Free Ship...','http://www.etsy.com/listing/72813870/lady-finger-popcorn-seeds-small-hullless',NULL),(449,'','2012.07.23','Little Fingers Eggplant Seeds - Beautiful Dark Purple Fruit Great Flav...','http://www.etsy.com/listing/104904911/little-fingers-eggplant-seeds-beautiful',NULL),(450,'','2012.07.23','B0001 Ladies finger Okra 100 vegetable bulk Seeds','http://www.etsy.com/listing/83359279/b0001-ladies-finger-okra-100-vegetable',NULL),(451,'','2012.07.23','OkRa, LaDy FiNgEr, decorate your garden with our heirloom seeds from p...','http://www.etsy.com/listing/65834209/okra-lady-finger-decorate-your-garden',NULL),(452,'','2012.07.23','Senecio Mandraliscae Chalk Sticks Succulent Plant','http://www.etsy.com/listing/95718850/senecio-mandraliscae-chalk-sticks',NULL),(453,'','2012.07.23','Nasturtium - Dwarf Alaska Mixed Colors - 20 Seeds - Heirloom','http://www.etsy.com/listing/86549229/nasturtium-dwarf-alaska-mixed-colors-20',NULL),(454,'','2012.07.23','Cattleya luteola - miniature orchid species seedling','http://www.etsy.com/listing/100205203/cattleya-luteola-miniature-orchid',NULL),(455,'','2012.07.23','1 PACK 100 SEEDS Red Burgundy Okra Ladies finger Abelmoschus Vegetable...','http://www.etsy.com/listing/99361906/1-pack-100-seeds-red-burgundy-okra',NULL),(456,'','2012.07.23','10 White Blue Edge Dwarf Iris Seeds','http://www.etsy.com/listing/95404199/10-white-blue-edge-dwarf-iris-seeds',NULL),(457,'','2012.07.23','Delphinium Dwarf Flower Seeds, Variety of Colors','http://www.etsy.com/listing/99556847/delphinium-dwarf-flower-seeds-variety-of',NULL),(458,'','2012.07.23','10 Origami Star Seeds - Seed Bomb - Organic Heirloom Little Finger Car...','http://www.etsy.com/listing/102696635/10-origami-star-seeds-seed-bomb-organic',NULL),(459,'','2012.07.23','Chubby Finger\'s White Stonecrop Potted Plant, Sedum album','http://www.etsy.com/listing/101501562/chubby-fingers-white-stonecrop-potted',NULL),(460,'','2012.07.23','15 Succulent Baby Fingers Sedum, Baby Toes, Baby Tears Succulent Groun...','http://www.etsy.com/listing/92972080/15-succulent-baby-fingers-sedum-baby',NULL),(461,'','2012.07.23','15 Dwarf Weeping Larch Tree Seeds-1233','http://www.etsy.com/listing/86394960/15-dwarf-weeping-larch-tree-seeds-1233',NULL),(462,'','2012.07.23','20% OFF - Heirloom Dwarf Gray Sugar Pea Seeds','http://www.etsy.com/listing/67560678/20-off-heirloom-dwarf-gray-sugar-pea',NULL),(463,'','2012.07.23','Heirloom Teddy Bear Sunflower Seeds','http://www.etsy.com/listing/104236225/heirloom-teddy-bear-sunflower-seeds',NULL),(464,'','2012.07.23','Dwarf Ornamental Pineapple Plant','http://www.etsy.com/listing/104348638/dwarf-ornamental-pineapple-plant',NULL),(465,'','2012.07.23','Dwarf Hollyhock Seeds, Sidalcea, One ounce','http://www.etsy.com/listing/32753970/dwarf-hollyhock-seeds-sidalcea-one-ounce',NULL),(466,'','2012.07.23','Dwarf Aloe \'Twilight Zone\'- Live 4 inch plant Organically grow...','http://www.etsy.com/listing/99214351/dwarf-aloe-twilight-zone-live-4-inch',NULL),(467,'','2012.07.23','Dwarf Gardenia - Jasminoides Radicans - 3 Plants','http://www.etsy.com/listing/91486999/dwarf-gardenia-jasminoides-radicans-3',NULL),(468,'','2012.07.23','Dwarf Purple Monkey-Flower Minumus nenus Seeds','http://www.etsy.com/listing/58156826/dwarf-purple-monkey-flower-minumus-nenus',NULL),(469,'','2012.07.23','Cardamon/Cinnamon/Spice Ginger - Alpinia Nutans-3 Rhizomes/6-9 Plants','http://www.etsy.com/listing/76974140/cardamoncinnamonspice-ginger-alpinia',NULL),(470,'','2012.07.23','Dwarf Yellow Foxglove Carillon Seeds (60 seeds)','http://www.etsy.com/listing/62880736/dwarf-yellow-foxglove-carillon-seeds-60',NULL),(471,'','2012.07.23','Dwarf Pumila Sprite Zinnia Flower Seed Packets','http://www.etsy.com/listing/69412538/dwarf-pumila-sprite-zinnia-flower-seed',NULL),(472,'','2012.07.23','10 Origami Star Seeds - 30 Seeds - Seed Bomb - Dwarf Shasta Daisy','http://www.etsy.com/listing/103198208/10-origami-star-seeds-30-seeds-seed-bomb',NULL),(473,'','2012.07.23','25 Fresh Seeds Dwarf Pygmy Date Palm Phoenix roebelenii','http://www.etsy.com/listing/54226159/25-fresh-seeds-dwarf-pygmy-date-palm',NULL),(474,'','2012.07.23','dwarf mondo/monkey grass plant for terrarium, fairy garden, mini garde...','http://www.etsy.com/listing/101908730/dwarf-mondomonkey-grass-plant-for',NULL),(475,'','2012.07.23','Dwarf Gardenia - Jasminoides Radicans - 3 Plants','http://www.etsy.com/listing/82361476/dwarf-gardenia-jasminoides-radicans-3',NULL),(476,'','2012.07.23','REDUCED Tangerine Tree seedling','http://www.etsy.com/listing/98695296/reduced-tangerine-tree-seedling',NULL),(477,'','2012.07.23','50 French Dwarf Double Mixed Color Marigold Seeds - Free Shipping','http://www.etsy.com/listing/67927690/50-french-dwarf-double-mixed-color',NULL),(478,'','2012.07.23','Kale Dwarf Siberian Improved 750 Seeds/2.5 grams','http://www.etsy.com/listing/71455895/kale-dwarf-siberian-improved-750-seeds25',NULL),(479,'','2012.07.23','Sedum sieboldii nana, Dwarf October Daphne, Potted Plant','http://www.etsy.com/listing/101501617/sedum-sieboldii-nana-dwarf-october',NULL),(480,'','2012.07.23','REDUCED Key Lime Tree seedling','http://www.etsy.com/listing/98694167/reduced-key-lime-tree-seedling',NULL),(481,'','2012.07.23','Bee Balm Herb -Medicinal - Culinary - Heirloom - Organic - 50 Seeds','http://www.etsy.com/listing/80345685/bee-balm-herb-medicinal-culinary',NULL),(482,'','2012.07.23','Cilantro - Coriander - Herb - Heirloom 30 Seeds','http://www.etsy.com/listing/81996384/cilantro-coriander-herb-heirloom-30',NULL),(483,'','2012.07.23','Tangerine & Key Lime Tree seedlings','http://www.etsy.com/listing/98615145/tangerine-key-lime-tree-seedlings',NULL),(484,'','2012.07.23','Dwarf Yellow Marigold seeds','http://www.etsy.com/listing/89437945/dwarf-yellow-marigold-seeds',NULL),(485,'','2012.07.23','Key Lime Tree seedlings TWINS','http://www.etsy.com/listing/98694817/key-lime-tree-seedlings-twins',NULL),(486,'','2012.07.23','Dwarf Sunflower Seeds (20 Seeds/Pack) - FREE SHIPPING','http://www.etsy.com/listing/94082408/dwarf-sunflower-seeds-20-seedspack-free',NULL),(487,'','2012.07.23','Petunia Flower \'Supertunia Citrus\' Gmo Free Seeds','http://www.etsy.com/listing/95948598/petunia-flower-supertunia-citrus-gmo',NULL),(488,'','2012.07.23','Live Grafted Key Lime Citrus Fruit Tree Healthy Well Rooted 3\'-5...','http://www.etsy.com/listing/103178270/live-grafted-key-lime-citrus-fruit-tree',NULL),(489,'','2012.07.23','Senecio Mandraliscae Chalk Sticks Succulent Plant','http://www.etsy.com/listing/64916285/senecio-mandraliscae-chalk-sticks',NULL),(490,'','2012.07.23','Organic Seeds, Dwarf Horticultural Dry Bean, heirloom seeds from our f...','http://www.etsy.com/listing/64259733/organic-seeds-dwarf-horticultural-dry',NULL),(491,'','2012.07.23','REDUCED Pink Grapefruit Tree seedling','http://www.etsy.com/listing/99233000/reduced-pink-grapefruit-tree-seedling',NULL),(492,'','2012.07.23','Grow an Indoor Citrus Tree Kit - mini lime tree seeds','http://www.etsy.com/listing/62795842/grow-an-indoor-citrus-tree-kit-mini-lime',NULL),(493,'','2012.07.23','Sweet Orange, Pink Grapefruit. All Natural Mineral Bath Salt using Pu...','http://www.etsy.com/listing/97688715/sweet-orange-pink-grapefruit-all-natural',NULL),(494,'GBP 16.80','2012.07.23','Borneo Fruits-Indigenous Sarawak Citrus Mikan Orange Sweet Juicy Red Pulp 6 seed | eBay','http://www.ebay.com/itm/Borneo-Fruits-Indigenous-Sarawak-Citrus-Mikan-Orange-Sweet-Juicy-Red-Pulp-6-seed-/261063385849',NULL),(495,'GBP 16.80','2012.07.23','Hyuganatsu Japan CITRUS Priced Mikan Genre 5 Live Seeds rare**Exclusive** | eBay','http://www.ebay.com/itm/Hyuganatsu-Japan-CITRUS-Priced-Mikan-Genre-5-Live-Seeds-rare-Exclusive-/261063494801',NULL),(496,'$33.12','2012.07.23','Amazon.com: Flora australiensis Volume 6; a description of the plants of the Australian territory (9781130478730): George Bentham: Books','http://www.amazon.com/australiensis-Volume-description-Australian-territory/dp/1130478734',NULL),(497,'US 8.95','2012.07.23','ONE Arrowhead (Sagittaria latifolia) koi pond aquatic bog plant | eBay','http://www.ebay.com/itm/ONE-Arrowhead-Sagittaria-latifolia-koi-pond-aquatic-bog-plant-/261068744299',NULL),(498,'US 15.95','2012.07.23','3 Arrowhead (Sagittaria latifolia) PLUS 1 FREE pond aquatic bog plant | eBay','http://www.ebay.com/itm/3-Arrowhead-Sagittaria-latifolia-PLUS-1-FREE-pond-aquatic-bog-plant-/261068748973',NULL),(499,'US 15.99','2012.07.23','CAT TAIL (Typha latifolia) common BUY 1 GET 1 FREE!! Hearty Bog Pond Plant!! | eBay','http://www.ebay.com/itm/CAT-TAIL-Typha-latifolia-common-BUY-1-GET-1-FREE-Hearty-Bog-Pond-Plant-/251108212635',NULL),(500,'US 15.95','2012.07.23','3 LOT Arrowhead (Sagittaria latifolia) PLUS 1 FREE pond aquatic bog plant | eBay','http://www.ebay.com/itm/3-LOT-Arrowhead-Sagittaria-latifolia-PLUS-1-FREE-pond-aquatic-bog-plant-/251101851792',NULL),(501,'US 15.95','2012.07.23','3 Arrowhead (Sagittaria latifolia) BUY 3 GET 1 FREE!! koi pond aquatic bog plant | eBay','http://www.ebay.com/itm/3-Arrowhead-Sagittaria-latifolia-BUY-3-GET-1-FREE-koi-pond-aquatic-bog-plant-/251108212631',NULL),(502,'US 4.00','2012.07.23','Common Cattail \"Typha latifolia\" USA Native Marginal Live Plant Eatable Herb | eBay','http://www.ebay.com/itm/Common-Cattail-Typha-latifolia-USA-Native-Marginal-Live-Plant-Eatable-Herb-/140796023707',NULL),(503,'','2012.07.23','10 COMMON ARROWHEAD PLANTS Sagittaria latifolia | eBay','http://www.ebay.com/itm/10-COMMON-ARROWHEAD-PLANTS-Sagittaria-latifolia-/170884037279',NULL),(504,'','2012.07.23','Daylily Saratoga Springtime, early bloomer, live plant','http://www.etsy.com/listing/78998559/daylily-saratoga-springtime-early',NULL),(505,'','2012.07.23','Golden Summer Crookneck Squash Seeds - Beautiful, Delicious & Product...','http://www.etsy.com/listing/104905963/golden-summer-crookneck-squash-seeds',NULL),(506,'','2012.07.23','Golden Pothos plant cutting','http://www.etsy.com/listing/102473554/golden-pothos-plant-cutting',NULL),(507,'','2012.07.23','Hostas, Golden Tiara x 5, Live Plants Contractor\'s Wholesale Offe...','http://www.etsy.com/listing/97155943/hostas-golden-tiara-x-5-live-plants',NULL),(508,'','2012.07.23','Early Golden Acre Cabbage, Seeds, Early Harvest','http://www.etsy.com/listing/99618973/early-golden-acre-cabbage-seeds-early',NULL),(509,'','2012.07.23','Golden Rain Tree Seeds - Grow Your Own Magical Rain Tree','http://www.etsy.com/listing/96934311/golden-rain-tree-seeds-grow-your-own',NULL),(510,'','2012.07.23','Organic Golden Zucchini Summer Squash 35 seeds','http://www.etsy.com/listing/92602426/organic-golden-zucchini-summer-squash-35',NULL),(511,'','2012.07.23','All Smiles - Daylily Live Plant - Very Fragrant','http://www.etsy.com/listing/78823137/all-smiles-daylily-live-plant-very',NULL),(512,'','2012.07.23','Vegetable Seeds--Winter Squash Assortment','http://www.etsy.com/listing/101441180/vegetable-seeds-winter-squash-assortment',NULL),(513,'','2012.07.23','Corn - Golden Bantam - Heirloom 25 Seeds','http://www.etsy.com/listing/81997786/corn-golden-bantam-heirloom-25-seeds',NULL),(514,'$1.55','2012.07.23','CAMPANULA LATIFOLIA ALBA - HARDY PERENNIAL - 50+ SEEDS | eBay','http://www.ebay.com/itm/CAMPANULA-LATIFOLIA-ALBA-HARDY-PERENNIAL-50-SEEDS-/330758722172',NULL),(515,'','2012.07.23','50 Golden Plume Pampas Grass Cortaderia fulvida Seeds','http://www.etsy.com/listing/89714443/50-golden-plume-pampas-grass-cortaderia',NULL),(516,'','2012.07.23','Single Air Plant Pod - Mustard Yellow','http://www.etsy.com/listing/83037572/single-air-plant-pod-mustard-yellow',NULL),(517,'US 11.00','2012.07.23','ARROWHEAD Sagittaria latifolia koi POND PLANT | eBay','http://www.ebay.com/itm/ARROWHEAD-Sagittaria-latifolia-koi-POND-PLANT-/170882895528',NULL),(518,'','2012.07.23','Air Plant Golden Crystal Vignette Live tillandsia Great Gift Idea','http://www.etsy.com/listing/99043678/air-plant-golden-crystal-vignette-live',NULL),(519,'$2.00','2012.07.23','Common Cattail \"Typha latifolia\" USA Native Marginal Live Plant Eatable Herb | eBay','http://www.ebay.com/itm/Common-Cattail-Typha-latifolia-USA-Native-Marginal-Live-Plant-Eatable-Herb-/140796039599',NULL),(520,'GBP 1.50','2012.07.23','Persian lime - (Citrus Latifolia) ','http://www.ebay.com/itm/Persian-lime-Citrus-Latifolia-15-Seeds-/261068966231',NULL),(521,'','2012.07.23','GOLDEN rat tail cactus LIVE plant in 3\" pot. Nice','http://www.etsy.com/listing/100960031/golden-rat-tail-cactus-live-plant-in-3',NULL),(522,'','2012.07.23','Golden Angel Stonecrop, Sedum repestre, Potted Succulent Plant','http://www.etsy.com/listing/100966604/golden-angel-stonecrop-sedum-repestre',NULL),(523,'','2012.07.23','Plant Golden Yarrow - 3 Bare root/Rooted Cuttings','http://www.etsy.com/listing/101163855/plant-golden-yarrow-3-bare-rootrooted',NULL),(524,'','2012.07.23','Organic Golden Nugget Yellow Cherry Tomato Seeds','http://www.etsy.com/listing/61428119/organic-golden-nugget-yellow-cherry',NULL),(525,'US 8.95','2012.07.23','Arrowhead (Sagittaria latifolia) koi pond aquatic bog plant | eBay','http://www.ebay.com/itm/Arrowhead-Sagittaria-latifolia-koi-pond-aquatic-bog-plant-/261072370000',NULL),(526,'AU 5.00','2012.07.23','rare seeds -- kalmia latifolia -- moutain laurel seeds | eBay','http://www.ebay.com/itm/rare-seeds-kalmia-latifolia-moutain-laurel-seeds-/200787253318',NULL),(527,'','2012.07.23','F20 300 SEEDS Easter Golden Egg Tree Plant Solanum ovigerum Ornamental...','http://www.etsy.com/listing/86108819/f20-300-seeds-easter-golden-egg-tree',NULL),(528,'','2012.07.23','Upcycled Dinosaur Planter - Blue Ankylosaurus with Golden Sedum Succul...','http://www.etsy.com/listing/80913672/upcycled-dinosaur-planter-blue',NULL),(529,'US 2.00','2012.07.23','Typha latifolia CATTAIL Aquatic Seeds! | eBay','http://www.ebay.com/itm/Typha-latifolia-CATTAIL-Aquatic-Seeds-/380452665378',NULL),(530,'US 11.00','2012.07.23','POND PLANT ARROWHEAD Sagittaria latifolia | eBay','http://www.ebay.com/itm/POND-PLANT-ARROWHEAD-Sagittaria-latifolia-/170882895109',NULL),(531,'','2012.07.23','2 BROADLEAF CATTAIL PLANTS ( TYPHA LATIFOLIA )  | eBay','http://www.ebay.com/itm/2-BROADLEAF-CATTAIL-PLANTS-TYPHA-LATIFOLIA-/170884034266',NULL),(532,'','2012.07.23','Amazon.com: Flora Australiensis: A Description Plants of the Australian Territory, Vol. 2 (Classic Reprint): George Bentham: Books','http://www.amazon.com/Flora-Australiensis-Description-Australian-Territory/dp/B008H53J0S',NULL),(533,'','2012.07.23','CAT TAIL (Typha latifolia) common BUY 1 GET 1 FREE!! Hearty Bog Pond Plant!! | eBay','http://www.ebay.com/itm/CAT-TAIL-Typha-latifolia-common-BUY-1-GET-1-FREE-Hearty-Bog-Pond-Plant-/261072370071',NULL),(534,'US 10.00','2012.07.23','CATTAIL (Typha latifolia)  (Lot of 10) 1000+Seeds | eBay','http://www.ebay.com/itm/CATTAIL-Typha-latifolia-Lot-of-10-1000-Seeds-/360474047397',NULL),(535,'','2012.07.23','Amazon.com: Flora Australiensis: A Description of the Plants of the Australian Territory, Vol. 4 (Classic Reprint): George Bentham: Books','http://www.amazon.com/Flora-Australiensis-Description-Australian-Territory/dp/B008H9TGRO',NULL),(536,'US 3.99','2012.07.23','GREEN OLIVE TRE (Phillyrea latifolia) 100 FRESH SEEDS | eBay','http://www.ebay.com/itm/GREEN-OLIVE-TRE-Phillyrea-latifolia-100-FRESH-SEEDS-/271018806946',NULL),(537,'US 3.05','2012.07.23','Watsonia Latifolia - South African Bulb - 10 Seeds | eBay','http://www.ebay.com/itm/Watsonia-Latifolia-South-African-Bulb-10-Seeds-/261069283326',NULL),(538,'US 14.95','2012.07.23','Tillandsia * LATIFOLIA * 8\" - 12\" air plants | eBay','http://www.ebay.com/itm/Tillandsia-LATIFOLIA-8-12-air-plants-/380452116425',NULL),(539,'AU 2.99','2012.07.23','Broad-leaved bitter pea (Daviesia latifolia) 30 Seeds | eBay','http://www.ebay.com/itm/Broad-leaved-bitter-pea-Daviesia-latifolia-30-Seeds-/190698105571',NULL),(540,'','2012.07.23','YUMMY ~HADEN~ MANGO Mangifera indica LIVE Plant Seedling | eBay','http://www.ebay.com/itm/YUMMY-HADEN-MANGO-Mangifera-indica-LIVE-Plant-Seedling-/360475014337',NULL),(541,'','2012.07.23','Moso Bamboo+Phyllostachys pubescens 100+ seed Huge Fresh | eBay','http://www.ebay.com/itm/Moso-Bamboo-Phyllostachys-pubescens-100-seed-Huge-Fresh-/221078905484',NULL),(542,'','2012.07.23','Exotic BLACK CALABASH GOURD FRUIT Tree 4 SEEDS Amphitecna latifolia Crafts | eBay','http://www.ebay.com/itm/Exotic-BLACK-CALABASH-GOURD-FRUIT-Tree-4-SEEDS-Amphitecna-latifolia-Crafts-/360475014378',NULL),(543,'GBP 6.99','2012.07.23','STREPTOCARPUS STARTER PLANTS SOME IN BUD / FLOWER REDUNDANCY SPECIAL OFFER | eBay','http://www.ebay.com/itm/STREPTOCARPUS-STARTER-PLANTS-SOME-IN-BUD-FLOWER-REDUNDANCY-SPECIAL-OFFER-/380457321384',NULL),(544,'US 10.00','2012.07.23','3 Arrowhead (Sagittaria latifolia) Aquatic Koi Healthy Bog Pond Plant | eBay','http://www.ebay.com/itm/3-Arrowhead-Sagittaria-latifolia-Aquatic-Koi-Healthy-Bog-Pond-Plant-/230827991877',NULL),(545,'US 19.99','2012.07.23','New seed Moso Bamboo+Phyllostachys pubescens 1000+seeds Huge | eBay','http://www.ebay.com/itm/New-seed-Moso-Bamboo-Phyllostachys-pubescens-1000-seeds-Huge-/320941419958',NULL),(546,'US 21.99','2012.07.23','Phyllostachys aureosulcata \'Alata\' 2 Gallon Size Plant | eBay','http://www.ebay.com/itm/Phyllostachys-aureosulcata-Alata-2-Gallon-Size-Plant-/280919541369',NULL),(547,'US 69.99','2012.07.23','Moso Bamboo+Phyllostachys pubescens 5000+seeds Huge W | eBay','http://www.ebay.com/itm/Moso-Bamboo-Phyllostachys-pubescens-5000-seeds-Huge-W-/320948548643',NULL),(548,'US 18.99','2012.07.23','Phyllostachys nigra \"Black Bamboo\"  1 Gallon Size Plant - Not just a rhizome! | eBay','http://www.ebay.com/itm/Phyllostachys-nigra-Black-Bamboo-1-Gallon-Size-Plant-Not-just-a-rhizome-/280919526431',NULL),(549,'$7.02','2012.07.23','Moso Bamboo+Phyllostachys pubescens 200+seeds Huge | eBay','http://www.ebay.com/itm/Moso-Bamboo-Phyllostachys-pubescens-200-seeds-Huge-/221066117904',NULL),(550,'$18.99','2012.07.23','Phyllostachys aureosulcata \'Alata\' 1 Gallon Size Plant | eBay','http://www.ebay.com/itm/Phyllostachys-aureosulcata-Alata-1-Gallon-Size-Plant-/280919537860',NULL),(551,'US 19.99','2012.07.23','Live Black bamboo plant, Phyllostachys nigra | eBay','http://www.ebay.com/itm/Live-Black-bamboo-plant-Phyllostachys-nigra-/150855459771',NULL),(552,'US 4.99','2012.07.23','101+ MOSO BAMBOO SEEDS Phyllostachys pubescens hardy | eBay','http://www.ebay.com/itm/101-MOSO-BAMBOO-SEEDS-Phyllostachys-pubescens-hardy-/221066099804',NULL),(553,'','2012.07.23','Moso Bamboo+Phyllostachys pubescens 200+ seed Huge | eBay','http://www.ebay.com/itm/Moso-Bamboo-Phyllostachys-pubescens-200-seed-Huge-/221077844815',NULL),(554,'$20.31','2012.07.23','Moso Bamboo+Phyllostachys pubescens 1000+seeds Huge | eBay','http://www.ebay.com/itm/Moso-Bamboo-Phyllostachys-pubescens-1000-seeds-Huge-/320940365800',NULL),(555,'GBP 2.99','2012.07.23','Moso Bamboo+Phyllostachys pubescens 100+seeds Huge | eBay','http://www.ebay.com/itm/Moso-Bamboo-Phyllostachys-pubescens-100-seeds-Huge-/320940365796',NULL),(556,'$15.62','2012.07.23','Moso Bamboo+Phyllostachys pubescens 1000+seeds Huge Fresh | eBay','http://www.ebay.com/itm/Moso-Bamboo-Phyllostachys-pubescens-1000-seeds-Huge-Fresh-/320950447853',NULL),(557,'US 7.99','2012.07.23','Moso Bamboo+Phyllostachys pubescens 200+seeds Huge | eBay','http://www.ebay.com/itm/Moso-Bamboo-Phyllostachys-pubescens-200-seeds-Huge-/221077836052',NULL),(558,'US 70.00','2012.07.23','Moso Bamboo+Phyllostachys pubescens 5000+seeds Huge | eBay','http://www.ebay.com/itm/Moso-Bamboo-Phyllostachys-pubescens-5000-seeds-Huge-/221066099810',NULL),(559,'$4.99','2012.07.23','101+ MOSO BAMBOO SEEDS Phyllostachys pubescens hardy W | eBay','http://www.ebay.com/itm/101-MOSO-BAMBOO-SEEDS-Phyllostachys-pubescens-hardy-W-/221075813405',NULL),(560,'US 29.99','2012.07.23','Giant timber bamboo plant Phyllostachys atrovaginata 2g up to 8\' hardy to -15f | eBay','http://www.ebay.com/itm/Giant-timber-bamboo-plant-Phyllostachys-atrovaginata-2g-up-to-8-hardy-to-15f-/160850078331',NULL),(561,'US 5.99','2012.07.23','201+ MOSO BAMBOO SEEDS Phyllostachys pubescens hardy | eBay','http://www.ebay.com/itm/201-MOSO-BAMBOO-SEEDS-Phyllostachys-pubescens-hardy-/221066099797',NULL),(562,'','2012.07.23','','en.wikipedia.org',NULL),(563,'US 19.99','2012.07.23','Phyllostachys Bissetii, grows to 25\', cold hardy bamboo plant to -15f | eBay','http://www.ebay.com/itm/Phyllostachys-Bissetii-grows-to-25-cold-hardy-bamboo-plant-to-15f-/160849290431',NULL),(564,'US 4.99','2012.07.23','Moso Bamboo+Phyllostachys pubescens 100+seeds Huge | eBay','http://www.ebay.com/itm/Moso-Bamboo-Phyllostachys-pubescens-100-seeds-Huge-/320940350299',NULL),(565,'','2012.07.23','Moso Bamboo+Phyllostachys pubescens 1000+seeds Huge Fresh | eBay','http://www.ebay.com/itm/Moso-Bamboo-Phyllostachys-pubescens-1000-seeds-Huge-Fresh-/320950638898',NULL),(566,'US 19.99','2012.07.23','Moso Bamboo+Phyllostachys pubescens 1000+seeds Huge | eBay','http://www.ebay.com/itm/Moso-Bamboo-Phyllostachys-pubescens-1000-seeds-Huge-/110921282317',NULL),(567,'','2012.07.23','Moso Bamboo+Phyllostachys pubescens 200+ seed Huge Fresh | eBay','http://www.ebay.com/itm/Moso-Bamboo-Phyllostachys-pubescens-200-seed-Huge-Fresh-/221078891789',NULL),(568,'US 7.50','2012.07.23','Phyllostachys pubescens 200+seeds Huge Moso Bamboo | eBay','http://www.ebay.com/itm/Phyllostachys-pubescens-200-seeds-Huge-Moso-Bamboo-/120952052553',NULL),(569,'US 19.99','2012.07.23','Moso Bamboo+Phyllostachys pubescens 1000+seeds Huge W | eBay','http://www.ebay.com/itm/Moso-Bamboo-Phyllostachys-pubescens-1000-seeds-Huge-W-/320948548645',NULL),(570,'US 6.99','2012.07.23','Moso Bamboo+Phyllostachys pubescens 200+seeds Huge W | eBay','http://www.ebay.com/itm/Moso-Bamboo-Phyllostachys-pubescens-200-seeds-Huge-W-/320948548650',NULL),(571,'US 19.99','2012.07.23','Moso Bamboo+Phyllostachys pubescens 1000+seeds Huge | eBay','http://www.ebay.com/itm/Moso-Bamboo-Phyllostachys-pubescens-1000-seeds-Huge-/320949943604',NULL),(572,'$2.34','2012.07.23','Moso Bamboo - PHYLLOSTACHYS PUBESCENS - 6 Exotic Seeds | eBay','http://www.ebay.com/itm/Moso-Bamboo-PHYLLOSTACHYS-PUBESCENS-6-Exotic-Seeds-/271022928815',NULL),(573,'','2012.07.23','Moso Bamboo+Phyllostachys pubescens 1000+seeds Huge | eBay','http://www.ebay.com/itm/Moso-Bamboo-Phyllostachys-pubescens-1000-seeds-Huge-/221077864791',NULL),(574,'$19.95','2012.07.23','Amazon.com: Live Shibataea Kumasaca Ruscus-leafed BAMBOO Plant - Cold Hardy - Ground Cover: Patio, Lawn & Garden','http://www.amazon.com/Shibataea-Kumasaca-Ruscus-leafed-BAMBOO-Plant/dp/B008IXS8HI',NULL),(575,'US 4.99','2012.07.23','Moso Bamboo+Phyllostachys pubescens 100+seeds Huge W | eBay','http://www.ebay.com/itm/Moso-Bamboo-Phyllostachys-pubescens-100-seeds-Huge-W-/320948548652',NULL),(576,'US 7.99','2012.07.23','Moso Bamboo+Phyllostachys pubescens 500+seeds Huge W | eBay','http://www.ebay.com/itm/Moso-Bamboo-Phyllostachys-pubescens-500-seeds-Huge-W-/221075813407',NULL),(577,'US 6.99','2012.07.23','Moso Bamboo+Phyllostachys pubescens 500+seeds Huge | eBay','http://www.ebay.com/itm/Moso-Bamboo-Phyllostachys-pubescens-500-seeds-Huge-/221066099776',NULL),(578,'','2012.07.23','Moso Bamboo+Phyllostachys pubescens 100+ seed Huge | eBay','http://www.ebay.com/itm/Moso-Bamboo-Phyllostachys-pubescens-100-seed-Huge-/320949966008',NULL),(579,'GBP 4.35','2012.07.23','60 Phyllostachys pubescens moso bamboo seeds hardy -4','http://www.ebay.com/itm/60-Phyllostachys-pubescens-moso-bamboo-seeds-hardy-4-F-/310412280070',NULL),(580,'','2012.07.23','MOSO BAMBOO (Phyllostachys pubescens) 50 seeds | eBay','http://www.ebay.com/itm/MOSO-BAMBOO-Phyllostachys-pubescens-50-seeds-/271023177406',NULL),(581,'','2012.07.23','MOSO BAMBOO (Phyllostachys pubescens) 10 seeds | eBay','http://www.ebay.com/itm/MOSO-BAMBOO-Phyllostachys-pubescens-10-seeds-/271023203052',NULL),(582,'US 65.00','2012.07.23','~ GIANT ~ Cold Hardy Phyllostachys VIVAX Tropical Bamboo Plant 5 Gallon | eBay','http://www.ebay.com/itm/GIANT-Cold-Hardy-Phyllostachys-VIVAX-Tropical-Bamboo-Plant-5-Gallon-/360471463824',NULL),(583,'','2012.07.23','* MOSO BAMBOO - PHYLLOSTACHYS PUBESCENS * 10 SEEDS | eBay','http://www.ebay.com/itm/MOSO-BAMBOO-PHYLLOSTACHYS-PUBESCENS-10-SEEDS-/110921781148',NULL),(584,'','2012.07.23','5 Live Root Beer Plant Root Bulbs Healthy Well Rooted Bulbs Health Foo...','http://www.etsy.com/listing/103037107/5-live-root-beer-plant-root-bulbs',NULL),(585,'$6.95','2012.07.23','60 Phyllostachys pubescens moso bamboo seeds hardy -4','http://www.ebay.com/itm/60-Phyllostachys-pubescens-moso-bamboo-seeds-hardy-4-F-/310413313558',NULL),(586,'','2012.07.23','Cilantro - Coriander - Herb - Heirloom 30 Seeds','http://www.etsy.com/listing/81996384/cilantro-coriander-herb-heirloom-30',NULL),(587,'','2012.07.23','Epazote Organic Herb Seeds Staple for Mexican Chili and Bean Dishes','http://www.etsy.com/listing/63321641/epazote-organic-herb-seeds-staple-for',NULL),(588,'','2012.07.23','TOMATO SEEDS, HEIRLOOM, Oaxacan Pink, Mexican Indian tomato, 10 seeds ...','http://www.etsy.com/listing/94771625/tomato-seeds-heirloom-oaxacan-pink',NULL),(589,'US 2.49','2012.07.23','Phillyrea Green Olive Tree - 50 Seeds (Phillyrea latifolia) | eBay','http://www.ebay.com/itm/Phillyrea-Green-Olive-Tree-50-Seeds-Phillyrea-latifolia-/110918638709',NULL),(590,'','2012.07.23','LARGE Mexican Clump Air plant','http://www.etsy.com/listing/95960029/large-mexican-clump-air-plant',NULL),(591,'','2012.07.23','Aztec Sunflower, also known as Yellow Mexican Sunflower, 20 Seeds','http://www.etsy.com/listing/105069780/aztec-sunflower-also-known-as-yellow',NULL),(592,'','2012.07.23','Beautiful Mexican Hat Perennial Flower 100 Seeds, Bulk','http://www.etsy.com/listing/99564771/beautiful-mexican-hat-perennial-flower',NULL),(593,'','2012.07.23','Zen All Natural Driftwood Terrarium with Air Plant Mexico','http://www.etsy.com/listing/100419075/zen-all-natural-driftwood-terrarium-with',NULL),(594,'','2012.07.23','Organic Green Verde Tomatillo Seeds','http://www.etsy.com/listing/55816992/organic-green-verde-tomatillo-seeds',NULL),(595,'','2012.07.23','Aztec Sun Sunflower Seeds','http://www.etsy.com/listing/92686228/aztec-sun-sunflower-seeds',NULL),(596,'','2012.07.23','BULK, Beautiful Mexican Hat Perennial Flower 200 Seeds','http://www.etsy.com/listing/100937741/bulk-beautiful-mexican-hat-perennial',NULL),(597,'','2012.07.23','Air Plant Trio - Ionantha Mexico Pack','http://www.etsy.com/listing/92375431/air-plant-trio-ionantha-mexico-pack',NULL),(598,'','2012.07.23','ZEN Mini Wall Pocket Concrete Sconce with Mexico Airplant','http://www.etsy.com/listing/99739741/zen-mini-wall-pocket-concrete-sconce',NULL),(599,'','2012.07.23','S205 1000 SEEDS Agastache Mint Red Heather Queen Mexican Giant Hyssop ...','http://www.etsy.com/listing/101212164/s205-1000-seeds-agastache-mint-red',NULL),(600,'GBP 0.99','2012.07.23','PENNISETUM FALLS 25 SEEDS FANTASTIC DISPLAY FROM THESE | eBay','http://www.ebay.com/itm/PENNISETUM-FALLS-25-SEEDS-FANTASTIC-DISPLAY-FROM-THESE-/110921110377',NULL),(601,'','2012.07.23','Black Etched Leaf Design Succulent Arrangement','http://www.etsy.com/listing/103142428/black-etched-leaf-design-succulent',NULL),(602,'US 16.99','2012.07.23','In door two years old kumquat tree  | eBay','http://www.ebay.com/itm/In-door-two-years-old-kumquat-tree-/330765338227',NULL),(603,'','2012.07.23','Air Plants - Ionantha Mexican (Lot of 10) (Tillandsia)','http://www.etsy.com/listing/94729681/air-plants-ionantha-mexican-lot-of-10',NULL),(604,'','2012.07.23','','www.ludemanswordpress.com',NULL),(605,'','2012.07.23','ZEN Mini Wall Pocket Concrete Sconce and Mexico AirPlant','http://www.etsy.com/listing/99901602/zen-mini-wall-pocket-concrete-sconce-and',NULL),(606,'GBP 1.39','2012.07.23','SEEDS MR FOTHERGILLS FLOWER GRASS FOUNTAIN GRASS PENNISETUM SETACEUM SEED | eBay','http://www.ebay.com/itm/SEEDS-MR-FOTHERGILLS-FLOWER-GRASS-FOUNTAIN-GRASS-PENNISETUM-SETACEUM-SEED-/160847953938',NULL),(607,'','2012.07.23','Organic Heirloom Bean Kidney Light Red Seed','http://www.etsy.com/listing/92078434/organic-heirloom-bean-kidney-light-red',NULL),(608,'$3.99','2012.07.23','FOUNTAIN GRASS *Little Bunny* ORNAMENTAL GRASS Pennisetum alopecuroides SEEDS | eBay','http://www.ebay.com/itm/FOUNTAIN-GRASS-Little-Bunny-ORNAMENTAL-GRASS-Pennisetum-alopecuroides-SEEDS-/280918897313',NULL),(609,'','2012.07.23','2 Live Bhut Jolokia plants - my seeds are from New Mexico State Univer...','http://www.etsy.com/listing/103105701/2-live-bhut-jolokia-plants-my-seeds-are',NULL),(610,'','2012.07.23','Succulent Plant - Echeveria \'Mexican Snowball\'','http://www.etsy.com/listing/94190601/succulent-plant-echeveria-mexican',NULL),(611,'','2012.07.23','12 Assorted Cactus Plants, Perfect For A Margarita Party, Southwest Ev...','http://www.etsy.com/listing/85176028/12-assorted-cactus-plants-perfect-for-a',NULL),(612,'','2012.07.23','Mexican Sunflower Seeds Tritonia Late Summer Color','http://www.etsy.com/listing/64070948/mexican-sunflower-seeds-tritonia-late',NULL),(613,'US 13.99','2012.07.23','In door kumquat tree seedling | eBay','http://www.ebay.com/itm/In-door-kumquat-tree-seedling-/330766563421',NULL),(614,'','2012.07.23','Epazote (Mexican Culinary Herb) 300 Seeds/80 mg','http://www.etsy.com/listing/56430446/epazote-mexican-culinary-herb-300',NULL),(615,'','2012.07.23','Live Plant Flame Vine Flower Garden Vine For Trellis Mexican Flame Vin...','http://www.etsy.com/listing/91163200/live-plant-flame-vine-flower-garden-vine',NULL),(616,'','2012.07.23','Organic Cinnamon Basil Herb Seeds for your Summer Garden - All Natural...','http://www.etsy.com/listing/76169522/organic-cinnamon-basil-herb-seeds-for',NULL),(617,'US 8.95','2012.07.23','Miniature! Changshou Kumquat (Fortunella obovata ','http://www.ebay.com/itm/Miniature-Changshou-Kumquat-Fortunella-obovata-Fukushu-hard-to-find-SEEDS-/110920279590',NULL),(618,'US 14.99','2012.07.23','In door kumquat tree seedling    | eBay','http://www.ebay.com/itm/In-door-kumquat-tree-seedling-/130735595676',NULL),(619,'','2012.07.23','Air Plant 5 Pack - Tillandsia IONANTHA MEXICAN Air plants (small) Grea...','http://www.etsy.com/listing/104468912/air-plant-5-pack-tillandsia-ionantha',NULL),(620,'US 54.99','2012.07.23','NAGAMI Kumquat Citrus Fruit Tree F. margarita Swing Grafted | eBay','http://www.ebay.com/itm/NAGAMI-Kumquat-Citrus-Fruit-Tree-F-margarita-Swing-Grafted-/390440327067',NULL),(621,'$48.95','2012.07.23','KUMQUAT NAGAMI 1 GALLON POT - LARGE PLANTS | eBay','http://www.ebay.com/itm/KUMQUAT-NAGAMI-1-GALLON-POT-LARGE-PLANTS-/320949381523',NULL),(622,'','2012.07.23','Tithonia (Mexican Sunflower) Seeds','http://www.etsy.com/listing/46224183/tithonia-mexican-sunflower-seeds',NULL),(623,'','2012.07.23','Living Air Plant // Sea Shell Hanging Terrarium with Copper & River Ro...','http://www.etsy.com/listing/93394531/living-air-plant-sea-shell-hanging',NULL),(624,'$29.99','2012.07.23','KUMQUAT NAGAMI Grafted Citrus Patio Live Tree | eBay','http://www.ebay.com/itm/KUMQUAT-NAGAMI-Grafted-Citrus-Patio-Live-Tree-/150861067899',NULL),(625,'US 0.99','2012.07.23','A Bag 8+ Seeds Bright Color Exquisite Lovely Yellow Beautiful Kumquat Melon B030 | eBay','http://www.ebay.com/itm/A-Bag-8-Seeds-Bright-Color-Exquisite-Lovely-Yellow-Beautiful-Kumquat-Melon-B030-/180929956797',NULL),(626,'','2012.07.23','1 Pack 8 Seeds Kumquat Pumpkin Seed Golden Orange Pumpkin Seed Hot B030 | eBay','http://www.ebay.com/itm/1-Pack-8-Seeds-Kumquat-Pumpkin-Seed-Golden-Orange-Pumpkin-Seed-Hot-B030-/290747160808',NULL),(627,'','2012.07.23','A Bag 8+ Seeds Bright Color Exquisite Lovely Yellow Beautiful Kumquat Melon B030 | eBay','http://www.ebay.com/itm/A-Bag-8-Seeds-Bright-Color-Exquisite-Lovely-Yellow-Beautiful-Kumquat-Melon-B030-/120956030852',NULL),(628,'US 0.99','2012.07.23','A Bag 8+ Seeds Bright Color Exquisite Lovely Yellow Beautiful Kumquat Melon B030 | eBay','http://www.ebay.com/itm/A-Bag-8-Seeds-Bright-Color-Exquisite-Lovely-Yellow-Beautiful-Kumquat-Melon-B030-/251111012432',NULL),(629,'US 0.99','2012.07.23','1 Pack 8 Seeds Kumquat Pumpkin Seed Golden Orange Pumpkin Seed Hot B030 | eBay','http://www.ebay.com/itm/1-Pack-8-Seeds-Kumquat-Pumpkin-Seed-Golden-Orange-Pumpkin-Seed-Hot-B030-/261059652448',NULL),(630,'','2012.07.23','5 Mother of Thousands, Mexican Hat Plant (Kalanchoe daigremontiana) Su...','http://www.etsy.com/listing/92808598/5-mother-of-thousands-mexican-hat-plant',NULL),(631,'$3.99','2012.07.23','KUMQUAT TREE (ELLIPTICAL) 10 FRESH SEED | eBay','http://www.ebay.com/itm/KUMQUAT-TREE-ELLIPTICAL-10-FRESH-SEED-/280916295919',NULL),(632,'GBP 1.25','2012.07.23','PENNISETUM MACROURUM FOUNTAIN GRASS HARDY PERENNIAL 1 PACKET 20 + SEEDS | eBay','http://www.ebay.com/itm/PENNISETUM-MACROURUM-FOUNTAIN-GRASS-HARDY-PERENNIAL-1-PACKET-20-SEEDS-/330766854225',NULL),(633,'','2012.07.23','1 Pack 8 Seeds Kumquat Pumpkin Seed Golden Orange Pumpkin Seed Hot B030 | eBay','http://www.ebay.com/itm/1-Pack-8-Seeds-Kumquat-Pumpkin-Seed-Golden-Orange-Pumpkin-Seed-Hot-B030-/261070373459',NULL),(634,'GBP 0.99','2012.07.23','1 Pack 8 Seeds Kumquat Pumpkin Seed Golden Orange Pumpkin Seed Hot B030 | eBay','http://www.ebay.com/itm/1-Pack-8-Seeds-Kumquat-Pumpkin-Seed-Golden-Orange-Pumpkin-Seed-Hot-B030-/290738628836',NULL),(635,'','2012.07.23','GRAFTED Meiwa Kumquat Tree Grafted Citrus Tree for Containers or pots [GC026] | eBay','http://www.ebay.com/itm/GRAFTED-Meiwa-Kumquat-Tree-Grafted-Citrus-Tree-for-Containers-or-pots-GC026-/320951252643',NULL),(636,'','2012.07.23','REDUCED Key Lime Tree seedling','http://www.etsy.com/listing/98694167/reduced-key-lime-tree-seedling',NULL),(637,'','2012.07.23','Tangerine & Key Lime Tree seedlings','http://www.etsy.com/listing/98615145/tangerine-key-lime-tree-seedlings',NULL),(638,'','2012.07.23','Bee Balm Herb -Medicinal - Culinary - Heirloom - Organic - 50 Seeds','http://www.etsy.com/listing/80345685/bee-balm-herb-medicinal-culinary',NULL),(639,'','2012.07.23','Cilantro - Coriander - Herb - Heirloom 30 Seeds','http://www.etsy.com/listing/81996384/cilantro-coriander-herb-heirloom-30',NULL),(640,'','2012.07.23','REDUCED Tangerine Tree seedling','http://www.etsy.com/listing/98695296/reduced-tangerine-tree-seedling',NULL),(641,'','2012.07.23','Petunia Flower \'Supertunia Citrus\' Gmo Free Seeds','http://www.etsy.com/listing/95948598/petunia-flower-supertunia-citrus-gmo',NULL),(642,'','2012.07.23','Key Lime Tree seedlings TWINS','http://www.etsy.com/listing/98694817/key-lime-tree-seedlings-twins',NULL),(643,'','2012.07.23','REDUCED Pink Grapefruit Tree seedling','http://www.etsy.com/listing/99233000/reduced-pink-grapefruit-tree-seedling',NULL),(644,'','2012.07.23','Mixed Broomcorn Seeds Fall Harvest Dried Flowers','http://www.etsy.com/listing/85835072/mixed-broomcorn-seeds-fall-harvest-dried',NULL),(645,'','2012.07.23','Live Grafted Key Lime Citrus Fruit Tree Healthy Well Rooted 3\'-5...','http://www.etsy.com/listing/103178270/live-grafted-key-lime-citrus-fruit-tree',NULL),(646,'','2012.07.23','Grow an Indoor Citrus Tree Kit - mini lime tree seeds','http://www.etsy.com/listing/62795842/grow-an-indoor-citrus-tree-kit-mini-lime',NULL),(647,'$1.53','2012.07.23','4 fresh seeds NAGAMI KUMQUAT Fortunella Margarita Citrus Japonica evergreen TA1 | eBay','http://www.ebay.com/itm/4-fresh-seeds-NAGAMI-KUMQUAT-Fortunella-Margarita-Citrus-Japonica-evergreen-TA1-/190705597843',NULL),(648,'','2012.07.23','KLONDIKE COSMOS, annual, bright orange, 25 seeds','http://www.etsy.com/listing/94274087/klondike-cosmos-annual-bright-orange-25',NULL),(649,'','2012.07.23','3 Live Plants Chinese Lantern Plants Perennials Crafts Ground Strawber...','http://www.etsy.com/listing/96732592/3-live-plants-chinese-lantern-plants',NULL),(650,'','2012.07.23','Calendula Flower - Orange - Heirloom Organic 25 Seeds','http://www.etsy.com/listing/79879002/calendula-flower-orange-heirloom-organic',NULL),(651,'','2012.07.23','FREE Orange Cosmos Flower Seeds ( with purchase of another item)','http://www.etsy.com/listing/65069890/free-orange-cosmos-flower-seeds-with',NULL),(652,'','2012.07.23','Orange felt planter','http://www.etsy.com/listing/103665524/orange-felt-planter',NULL),(653,'','2012.07.23','BULK, 300 Seeds, Siberian Wallflower, Orange Flower','http://www.etsy.com/listing/103918476/bulk-300-seeds-siberian-wallflower',NULL),(654,'','2012.07.23','Petite Orange Marigold Flowers Seed Packets','http://www.etsy.com/listing/69419587/petite-orange-marigold-flowers-seed',NULL),(655,'','2012.07.23','Orange Prince Daisy Flower Seeds','http://www.etsy.com/listing/72808786/orange-prince-daisy-flower-seeds',NULL),(656,'','2012.07.23','Crocosmia Live Plants Orange Lucifer','http://www.etsy.com/listing/102823015/crocosmia-live-plants-orange-lucifer',NULL),(657,'','2012.07.23','20 ORANGE VINE SEEDS-1073','http://www.etsy.com/listing/76341337/20-orange-vine-seeds-1073',NULL),(658,'','2012.07.23','2011 Orange OxheartTomato Seeds, Naturally Grown, Organic Seeds','http://www.etsy.com/listing/62876650/2011-orange-oxhearttomato-seeds',NULL),(659,'','2012.07.23','Aeonium Nobile Cuttings - Gorgeous Orange Rare thick leaved tree like ...','http://www.etsy.com/listing/98105868/aeonium-nobile-cuttings-gorgeous-orange',NULL),(660,'','2012.07.23','Oriental Orange Poppy Perennial Seeds','http://www.etsy.com/listing/94335384/oriental-orange-poppy-perennial-seeds',NULL),(661,'','2012.07.23','Lily Seeds Orange Flowered Blackberry Lily Great Garden Plant and Drie...','http://www.etsy.com/listing/84201260/lily-seeds-orange-flowered-blackberry',NULL),(662,'','2012.07.23','Eco Book Planter Orange Beige Linen Succulent Centerpiece Book Lover P...','http://www.etsy.com/listing/102181248/eco-book-planter-orange-beige-linen',NULL),(663,'','2012.07.23','150 Seeds Carthamus Tinctorius Safflower Yellow Orange Garden Flower B...','http://www.etsy.com/listing/99085323/150-seeds-carthamus-tinctorius-safflower',NULL),(664,'','2012.07.23','Orange Gourds Seeds','http://www.etsy.com/listing/28804482/orange-gourds-seeds',NULL),(665,'US 4.99','2012.07.23','Purple Fountain Grass...Pennisetum Red Riding Hood\'!!!! .\'..Live plant! | eBay','http://www.ebay.com/itm/Purple-Fountain-Grass-Pennisetum-Red-Riding-Hood-Live-plant-/130731496196',NULL),(666,'','2012.07.23','Upcycled Dinosaur Planter - Orange Raptor with Golden Sedum Succulent ...','http://www.etsy.com/listing/82266429/upcycled-dinosaur-planter-orange-raptor',NULL),(667,'','2012.07.23','Hippeastrum Puniceum - Orange Amaryllis - 50 SEEDS','http://www.etsy.com/listing/96722829/hippeastrum-puniceum-orange-amaryllis-50',NULL),(668,'','2012.07.23','','oaksranchnursery.com',NULL),(669,'','2012.07.23','SALE - Orange Russian Heirloom Tomato Seeds','http://www.etsy.com/listing/94056628/sale-orange-russian-heirloom-tomato',NULL),(670,'','2012.07.23','Organic Parisian Carrot Seeds - Round Orange Heirloom Carrots','http://www.etsy.com/listing/55790150/organic-parisian-carrot-seeds-round',NULL),(671,'','2012.07.23','','www.kvoa.com',NULL),(672,'','2012.07.23','Single Air Plant Pod - Rustic Orange','http://www.etsy.com/listing/83034035/single-air-plant-pod-rustic-orange',NULL),(673,'','2012.07.23','Buddha and Air Plant Terrarium - A Perfect Birthday Gift - DON\'T F...','http://www.etsy.com/listing/91972443/buddha-and-air-plant-terrarium-a-perfect',NULL),(674,'','2012.07.23','Best Price for Orange Blossum Sugar Cane/ Sorghum Seed | eBay','http://www.ebay.com/itm/Best-Price-for-Orange-Blossum-Sugar-Cane-Sorghum-Seed-/170884171415',NULL),(675,'US 1.50','2012.07.23','Best Price for Black Amber Sugar Cane/ Sorghum Seed | eBay','http://www.ebay.com/itm/Best-Price-for-Black-Amber-Sugar-Cane-Sorghum-Seed-/120953060906',NULL),(676,'','2012.07.23','Lucky Pug Buddha Sculpture in Zen Garden Air Plant Terrarium','http://www.etsy.com/listing/103924292/lucky-pug-buddha-sculpture-in-zen-garden',NULL),(677,'','2012.07.23','Best Price for Orange Blossum Sugar Cane/ Sorghum Seed | eBay','http://www.ebay.com/itm/Best-Price-for-Orange-Blossum-Sugar-Cane-Sorghum-Seed-/160850718868',NULL),(678,'US 1.25','2012.07.23','Best Price for Orange Blossum Sugar Cane/ Sorghum Seed | eBay','http://www.ebay.com/itm/Best-Price-for-Orange-Blossum-Sugar-Cane-Sorghum-Seed-/120954837546',NULL),(679,'','2012.07.23','Lucky Cat Buddha Sculpture in Zen Garden Air Plant Terrarium','http://www.etsy.com/listing/103830529/lucky-cat-buddha-sculpture-in-zen-garden',NULL),(680,'US 2.99','2012.07.23','100 SWEET SUGAR DRIP SORGHUM CANE SEEDS  | eBay','http://www.ebay.com/itm/100-SWEET-SUGAR-DRIP-SORGHUM-CANE-SEEDS-/170882517604',NULL),(681,'','2012.07.23','B9001 Hollyhock Zebra Zebrina Mallow Musk Malva 500 Flower Bulk Seeds','http://www.etsy.com/listing/83563055/b9001-hollyhock-zebra-zebrina-mallow',NULL),(682,'','2012.07.23','Tulip Flower \'China Town\' Gmo Free Seeds','http://www.etsy.com/listing/96524975/tulip-flower-china-town-gmo-free-seeds',NULL),(683,'','2012.07.23','Neon Orange Rhinoceros Planter - Mini Modern Art Centerpiece','http://www.etsy.com/listing/102249619/neon-orange-rhinoceros-planter-mini',NULL),(684,'US 1.99','2012.07.23','Sweet Sorghum Milo Grain Cane Seeds Gluten Free | eBay','http://www.ebay.com/itm/Sweet-Sorghum-Milo-Grain-Cane-Seeds-Gluten-Free-/110916121921',NULL),(685,'','2012.07.23','American Branching Aster,100 Seeds, Attract Butterflies to Your Garden','http://www.etsy.com/listing/99603595/american-branching-aster100-seeds',NULL),(686,'US 1.00','2012.07.23','50 MENNONITE SORGHUM Sorghum Bicolor Syrup Flour Seeds *Comb S/H | eBay','http://www.ebay.com/itm/50-MENNONITE-SORGHUM-Sorghum-Bicolor-Syrup-Flour-Seeds-Comb-S-H-/320942075403',NULL),(687,'','2012.07.23','Best Price for Orange Blossum Sugar Cane/ Sorghum Seed | eBay','http://www.ebay.com/itm/Best-Price-for-Orange-Blossum-Sugar-Cane-Sorghum-Seed-/170881756144',NULL),(688,'','2012.07.23','REDUCED Tangerine Tree seedling','http://www.etsy.com/listing/98695296/reduced-tangerine-tree-seedling',NULL),(689,'','2012.07.23','15 PRINCESS TREE SEEDS-1068','http://www.etsy.com/listing/76340281/15-princess-tree-seeds-1068',NULL),(690,'','2012.07.23','REDUCED Key Lime Tree seedling','http://www.etsy.com/listing/98694167/reduced-key-lime-tree-seedling',NULL),(691,'','2012.07.23','Bee Balm Herb -Medicinal - Culinary - Heirloom - Organic - 50 Seeds','http://www.etsy.com/listing/80345685/bee-balm-herb-medicinal-culinary',NULL),(692,'','2012.07.23','Cilantro - Coriander - Herb - Heirloom 30 Seeds','http://www.etsy.com/listing/81996384/cilantro-coriander-herb-heirloom-30',NULL),(693,'','2012.07.23','Tangerine & Key Lime Tree seedlings','http://www.etsy.com/listing/98615145/tangerine-key-lime-tree-seedlings',NULL),(694,'','2012.07.23','Key Lime Tree seedlings TWINS','http://www.etsy.com/listing/98694817/key-lime-tree-seedlings-twins',NULL),(695,'US 5.00','2012.07.23','MANDARINQUAT SEEDLING CITRUS TREE LIVE TROPICAL FRUIT PLANT | eBay','http://www.ebay.com/itm/MANDARINQUAT-SEEDLING-CITRUS-TREE-LIVE-TROPICAL-FRUIT-PLANT-/271014554795',NULL),(696,'','2012.07.23','Petunia Flower \'Supertunia Citrus\' Gmo Free Seeds','http://www.etsy.com/listing/95948598/petunia-flower-supertunia-citrus-gmo',NULL),(697,'','2012.07.23','Sprouts - China Rose Radish Organic Sprout Seeds - 1 oz.','http://www.etsy.com/listing/77262165/sprouts-china-rose-radish-organic-sprout',NULL),(698,'','2012.07.23','REDUCED Pink Grapefruit Tree seedling','http://www.etsy.com/listing/99233000/reduced-pink-grapefruit-tree-seedling',NULL),(699,'','2012.07.23','Live Grafted Key Lime Citrus Fruit Tree Healthy Well Rooted 3\'-5...','http://www.etsy.com/listing/103178270/live-grafted-key-lime-citrus-fruit-tree',NULL),(700,'','2012.07.23','AQUA BONSAI TREE for the aquarium','http://www.etsy.com/listing/75339849/aqua-bonsai-tree-for-the-aquarium',NULL),(701,'US 8.99','2012.07.23','A lemon tree, Limone, Lake Garda, Italy | eBay','http://www.ebay.com/itm/A-lemon-tree-Limone-Lake-Garda-Italy-/300738004601',NULL),(702,'','2012.07.23','Grow an Indoor Citrus Tree Kit - mini lime tree seeds','http://www.etsy.com/listing/62795842/grow-an-indoor-citrus-tree-kit-mini-lime',NULL),(703,'','2012.07.23','Mixed China Mosaic Planter Terra Cotta Pot','http://www.etsy.com/listing/86478543/mixed-china-mosaic-planter-terra-cotta',NULL),(704,'','2012.07.23','Mosaic Planter Terra Cotta Pot Card Player','http://www.etsy.com/listing/86477650/mosaic-planter-terra-cotta-pot-card',NULL),(705,'','2012.07.23','Sprouts - China Rose Radish Organic Sprout Seeds - 4 oz.','http://www.etsy.com/listing/72807190/sprouts-china-rose-radish-organic-sprout',NULL),(706,'','2012.07.23','Chinese Stonecrop Potted Plant, Sedum tectractinum sp f/China','http://www.etsy.com/listing/100965907/chinese-stonecrop-potted-plant-sedum',NULL),(707,'','2012.07.23','Tangerine & Key Lime Tree seedlings','http://www.etsy.com/listing/98615145/tangerine-key-lime-tree-seedlings',NULL),(708,'','2012.07.23','Petunia Flower \'Supertunia Citrus\' Gmo Free Seeds','http://www.etsy.com/listing/95948598/petunia-flower-supertunia-citrus-gmo',NULL),(709,'','2012.07.23','Bee Balm Herb -Medicinal - Culinary - Heirloom - Organic - 50 Seeds','http://www.etsy.com/listing/80345685/bee-balm-herb-medicinal-culinary',NULL),(710,'','2012.07.23','REDUCED Tangerine Tree seedling','http://www.etsy.com/listing/98695296/reduced-tangerine-tree-seedling',NULL),(711,'','2012.07.23','Key Lime Tree seedlings TWINS','http://www.etsy.com/listing/98694817/key-lime-tree-seedlings-twins',NULL),(712,'','2012.07.23','REDUCED Key Lime Tree seedling','http://www.etsy.com/listing/98694167/reduced-key-lime-tree-seedling',NULL),(713,'','2012.07.23','Cilantro - Coriander - Herb - Heirloom 30 Seeds','http://www.etsy.com/listing/81996384/cilantro-coriander-herb-heirloom-30',NULL),(714,'','2012.07.23','Live Grafted Key Lime Citrus Fruit Tree Healthy Well Rooted 3\'-5...','http://www.etsy.com/listing/103178270/live-grafted-key-lime-citrus-fruit-tree',NULL),(715,'','2012.07.23','REDUCED Pink Grapefruit Tree seedling','http://www.etsy.com/listing/99233000/reduced-pink-grapefruit-tree-seedling',NULL),(716,'','2012.07.23','Grow an Indoor Citrus Tree Kit - mini lime tree seeds','http://www.etsy.com/listing/62795842/grow-an-indoor-citrus-tree-kit-mini-lime',NULL),(717,'','2012.07.23','Sweet Orange, Pink Grapefruit. All Natural Mineral Bath Salt using Pu...','http://www.etsy.com/listing/97688715/sweet-orange-pink-grapefruit-all-natural',NULL),(718,'','2012.07.23','1 Ounce Super Sweet Sugar Drip Sorghum Cane Seeds. 1,500 Plus Seeds. | eBay','http://www.ebay.com/itm/1-Ounce-Super-Sweet-Sugar-Drip-Sorghum-Cane-Seeds-1-500-Plus-Seeds-/280927665968',NULL),(719,'US 4.99','2012.07.23','Mennonite Sorghum Cane - 100 Seeds - Sweet & Light | eBay','http://www.ebay.com/itm/Mennonite-Sorghum-Cane-100-Seeds-Sweet-Light-/150859251838',NULL),(720,'US 3.99','2012.07.23','200 Early American ~Heirloom~ BLACK AMBER Sorghum Cane Seeds! Premium USA Seeds | eBay','http://www.ebay.com/itm/200-Early-American-Heirloom-BLACK-AMBER-Sorghum-Cane-Seeds-Premium-USA-Seeds-/280923122044',NULL),(721,'$9.95','2012.07.23','Amazon.com: Grass Colored Uprights (Sorghum bicolor) 100 Seeds per Packet: Patio, Lawn & Garden','http://www.amazon.com/Colored-Uprights-Sorghum-bicolor-Seeds/dp/B008H6N6BO',NULL),(722,'US 6.00','2012.07.23','50 Maiz morado - zea mays - RARE SEEDS WONDERFULL PURPLE corn sementes graines | eBay','http://www.ebay.com/itm/50-Maiz-morado-zea-mays-RARE-SEEDS-WONDERFULL-PURPLE-corn-sementes-graines-/251114716021',NULL),(723,'$9.95','2012.07.23','Amazon.com: Flower Red Broom Corn (Sorghum bicolor) 1200 Seeds per Packet: Patio, Lawn & Garden','http://www.amazon.com/Flower-Sorghum-bicolor-Seeds-Packet/dp/B008H6N2WM',NULL),(724,'US 39.99','2012.07.23','BULK HEIRLOOM SUGAR DRIP SORGHUM SEEDS.ONE POUND! OVER 25,000 SEEDS. | eBay','http://www.ebay.com/itm/BULK-HEIRLOOM-SUGAR-DRIP-SORGHUM-SEEDS-ONE-POUND-OVER-25-000-SEEDS-/150860246205',NULL),(725,'','2012.07.23','Tangerine & Key Lime Tree seedlings','http://www.etsy.com/listing/98615145/tangerine-key-lime-tree-seedlings',NULL),(726,'','2012.07.23','Petunia Flower \'Supertunia Citrus\' Gmo Free Seeds','http://www.etsy.com/listing/95948598/petunia-flower-supertunia-citrus-gmo',NULL),(727,'','2012.07.23','REDUCED Tangerine Tree seedling','http://www.etsy.com/listing/98695296/reduced-tangerine-tree-seedling',NULL),(728,'','2012.07.23','Key Lime Tree seedlings TWINS','http://www.etsy.com/listing/98694817/key-lime-tree-seedlings-twins',NULL),(729,'','2012.07.23','REDUCED Key Lime Tree seedling','http://www.etsy.com/listing/98694167/reduced-key-lime-tree-seedling',NULL),(730,'','2012.07.23','Cilantro - Coriander - Herb - Heirloom 30 Seeds','http://www.etsy.com/listing/81996384/cilantro-coriander-herb-heirloom-30',NULL),(731,'','2012.07.23','Bee Balm Herb -Medicinal - Culinary - Heirloom - Organic - 50 Seeds','http://www.etsy.com/listing/80345685/bee-balm-herb-medicinal-culinary',NULL),(732,'','2012.07.23','Live Grafted Key Lime Citrus Fruit Tree Healthy Well Rooted 3\'-5...','http://www.etsy.com/listing/103178270/live-grafted-key-lime-citrus-fruit-tree',NULL),(733,'','2012.07.23','REDUCED Pink Grapefruit Tree seedling','http://www.etsy.com/listing/99233000/reduced-pink-grapefruit-tree-seedling',NULL),(734,'','2012.07.23','Grow an Indoor Citrus Tree Kit - mini lime tree seeds','http://www.etsy.com/listing/62795842/grow-an-indoor-citrus-tree-kit-mini-lime',NULL),(735,'','2012.07.23','sweet eGg PlAnt heirloom from our organic garden','http://www.etsy.com/listing/69082111/sweet-egg-plant-heirloom-from-our',NULL),(736,'','2012.07.23','Cilantro Coriandrum sativum 300 seeds/3 grams','http://www.etsy.com/listing/62142570/cilantro-coriandrum-sativum-300-seeds3',NULL),(737,'$4.89','2012.07.23','Amazon.com: Blue Hopi Heirloom Corn Seeds - Zea Mays - 15 Grams - Approx 35 Gardening Seeds - Vegetable Garden Seed: Patio, Lawn & Garden','http://www.amazon.com/Blue-Hopi-Heirloom-Corn-Seeds/dp/B008LDM8FS',NULL),(738,'US 3.09','2012.07.23','Peruvian Purple Corn ~ Rare ~ Maiz Morado ~ Choclo Morado (Zea mays) Seed | eBay','http://www.ebay.com/itm/Peruvian-Purple-Corn-Rare-Maiz-Morado-Choclo-Morado-Zea-mays-Seed-/300744850732',NULL),(739,'US 9.99','2012.07.23','Bulk Peruvian Purple Corn ~ Rare ~ Maiz Morado ~ Choclo Morado (Zea mays) Seed | eBay','http://www.ebay.com/itm/Bulk-Peruvian-Purple-Corn-Rare-Maiz-Morado-Choclo-Morado-Zea-mays-Seed-/300744852084',NULL),(740,'$1.79','2012.07.23','Amazon.com: 16\'-24\'*PERUVIAN GIANT CORN*35 seeds*RARE*#1051: Patio, Lawn & Garden','http://www.amazon.com/16-24-PERUVIAN-GIANT-seeds-1051/dp/B005JPP16E',NULL),(741,'GBP 0.99','2012.07.23','1 Pack 30 Seeds Pop Corn Burst Maize Seed Organic Healthy Foodstuff B045 | eBay','http://www.ebay.com/itm/1-Pack-30-Seeds-Pop-Corn-Burst-Maize-Seed-Organic-Healthy-Foodstuff-B045-/290748537603',NULL),(742,'GBP 0.99','2012.07.23','1 Bag 10+ Seeds heirloom vegetable white maize corn seeds B024 | eBay','http://www.ebay.com/itm/1-Bag-10-Seeds-heirloom-vegetable-white-maize-corn-seeds-B024-/160841521619',NULL),(743,'GBP 0.99','2012.07.23','A Bag 30+ Seeds Organic Healthy Foodstuff Delicious Pop Corn Burst Maize B045 | eBay','http://www.ebay.com/itm/A-Bag-30-Seeds-Organic-Healthy-Foodstuff-Delicious-Pop-Corn-Burst-Maize-B045-/150858242608',NULL),(744,'$0.99','2012.07.23','1 Pack 10 Seeds White Waxy Corn Seed White maize vegetable Seed Healthy B024 | eBay','http://www.ebay.com/itm/1-Pack-10-Seeds-White-Waxy-Corn-Seed-White-maize-vegetable-Seed-Healthy-B024-/261070911817',NULL),(745,'US 0.99','2012.07.23','1 Bag 10+ Seeds Yellow Waxy Maize Corn Deliciou Vegetables Seeds B023 | eBay','http://www.ebay.com/itm/1-Bag-10-Seeds-Yellow-Waxy-Maize-Corn-Deliciou-Vegetables-Seeds-B023-/180926707729',NULL),(746,'','2012.07.23','1 Bag 10 Seed Red Corn Seeds Maize Vegetable Green Food Hot B044 | eBay','http://www.ebay.com/itm/1-Bag-10-Seed-Red-Corn-Seeds-Maize-Vegetable-Green-Food-Hot-B044-/110922677228',NULL),(747,'US 0.99','2012.07.23','1 Bag 10+ Seeds Yellow Waxy Maize Corn Deliciou Vegetables Seeds B023 | eBay','http://www.ebay.com/itm/1-Bag-10-Seeds-Yellow-Waxy-Maize-Corn-Deliciou-Vegetables-Seeds-B023-/110913825956',NULL),(748,'','2012.07.23','1 Pack 30 Seeds Pop Corn Burst Maize Seed Organic Healthy Foodstuff B045 | eBay','http://www.ebay.com/itm/1-Pack-30-Seeds-Pop-Corn-Burst-Maize-Seed-Organic-Healthy-Foodstuff-B045-/261070937951',NULL),(749,'','2012.07.23','1 Bag 10 Seeds Oriental Garden Vegetable Black Sweet Corn Maize Seeds B025 | eBay','http://www.ebay.com/itm/1-Bag-10-Seeds-Oriental-Garden-Vegetable-Black-Sweet-Corn-Maize-Seeds-B025-/120952596233',NULL),(750,'US 0.99','2012.07.23','1 Bag 10 Seeds Oriental Garden Vegetable Black Sweet Corn Maize Seeds B025 | eBay','http://www.ebay.com/itm/1-Bag-10-Seeds-Oriental-Garden-Vegetable-Black-Sweet-Corn-Maize-Seeds-B025-/180929960297',NULL),(751,'US 0.99','2012.07.23','1 Pack 30 Seeds Pop Corn Burst Maize Seed Organic Healthy Foodstuff B045 | eBay','http://www.ebay.com/itm/1-Pack-30-Seeds-Pop-Corn-Burst-Maize-Seed-Organic-Healthy-Foodstuff-B045-/261070938122',NULL),(752,'US 0.99','2012.07.23','1 Bag 10 Seed Red Corn Seeds Maize Vegetable Green Food Hot B044 | eBay','http://www.ebay.com/itm/1-Bag-10-Seed-Red-Corn-Seeds-Maize-Vegetable-Green-Food-Hot-B044-/180929959009',NULL),(753,'','2012.07.23','A Bag 30+ Seeds Organic Healthy Foodstuff Delicious Pop Corn Burst Maize B045 | eBay','http://www.ebay.com/itm/A-Bag-30-Seeds-Organic-Healthy-Foodstuff-Delicious-Pop-Corn-Burst-Maize-B045-/110922675904',NULL),(754,'US 1.79','2012.07.23','Oaxacan Green Corn- Maize- Zea Mays- 10 Seed Pack! | eBay','http://www.ebay.com/itm/Oaxacan-Green-Corn-Maize-Zea-Mays-10-Seed-Pack-/110911230122',NULL),(755,'US 3.19','2012.07.23','BLUE CORN ~ Maize ~ Rare ~ Maasiqa\'o Hopi Blue Corn (Zea mays) Seed | eBay','http://www.ebay.com/itm/BLUE-CORN-Maize-Rare-Maasiqao-Hopi-Blue-Corn-Zea-mays-Seed-/290746666129',NULL),(756,'','2012.07.23','1 Pack 10 Seeds White Waxy Corn Seed White maize vegetable Seed Healthy B024 | eBay','http://www.ebay.com/itm/1-Pack-10-Seeds-White-Waxy-Corn-Seed-White-maize-vegetable-Seed-Healthy-B024-/290747240621',NULL),(757,'','2012.07.23','1 Bag 10 Seeds Oriental Garden Vegetable Black Sweet Corn Maize Seeds B025 | eBay','http://www.ebay.com/itm/1-Bag-10-Seeds-Oriental-Garden-Vegetable-Black-Sweet-Corn-Maize-Seeds-B025-/110921304451',NULL),(758,'US 0.99','2012.07.23','A Bag 30+ Seeds Organic Healthy Foodstuff Delicious Pop Corn Burst Maize B045 | eBay','http://www.ebay.com/itm/A-Bag-30-Seeds-Organic-Healthy-Foodstuff-Delicious-Pop-Corn-Burst-Maize-B045-/120951260921',NULL),(759,'$0.99','2012.07.23','1 Bag 10+ Seeds heirloom vegetable white maize corn seeds B024 | eBay','http://www.ebay.com/itm/1-Bag-10-Seeds-heirloom-vegetable-white-maize-corn-seeds-B024-/110913822819',NULL),(760,'US 0.99','2012.07.23','1 Bag 10+ Seeds heirloom vegetable white maize corn seeds B024 | eBay','http://www.ebay.com/itm/1-Bag-10-Seeds-heirloom-vegetable-white-maize-corn-seeds-B024-/180926705945',NULL),(761,'US 0.99','2012.07.23','1 Pack 10 Seeds Yellow Waxy Corn Seed Maize Seed Healthy Food Vegetable B023 | eBay','http://www.ebay.com/itm/1-Pack-10-Seeds-Yellow-Waxy-Corn-Seed-Maize-Seed-Healthy-Food-Vegetable-B023-/261070588090',NULL),(762,'','2012.07.23','1 Pack 10 Seeds Pineapple Fruit Raw Corn Seed Maize Seed Sweet Fruit B026 Hot | eBay','http://www.ebay.com/itm/1-Pack-10-Seeds-Pineapple-Fruit-Raw-Corn-Seed-Maize-Seed-Sweet-Fruit-B026-Hot-/290747240749',NULL),(763,'US 0.99','2012.07.23','1 Bag 10 Seeds Oriental Garden Vegetable Black Sweet Corn Maize Seeds B025 | eBay','http://www.ebay.com/itm/1-Bag-10-Seeds-Oriental-Garden-Vegetable-Black-Sweet-Corn-Maize-Seeds-B025-/251111015206',NULL),(764,'US 0.99','2012.07.23','1 Bag 10 Seeds Oriental Garden Vegetable Black Sweet Corn Maize Seeds B025 | eBay','http://www.ebay.com/itm/1-Bag-10-Seeds-Oriental-Garden-Vegetable-Black-Sweet-Corn-Maize-Seeds-B025-/180926640582',NULL),(765,'','2012.07.23','1 Pack 10 Seeds Yellow Waxy Corn Seed Maize Seed Healthy Food Vegetable B023 | eBay','http://www.ebay.com/itm/1-Pack-10-Seeds-Yellow-Waxy-Corn-Seed-Maize-Seed-Healthy-Food-Vegetable-B023-/290747788895',NULL),(766,'US 3.49','2012.07.23','100 Snow Puff Popcorn Seeds Corn Maize Plant Gardening | eBay','http://www.ebay.com/itm/100-Snow-Puff-Popcorn-Seeds-Corn-Maize-Plant-Gardening-/160847368292',NULL),(767,'','2012.07.23','1 Bag 10 Seeds Oriental Garden Vegetable Black Sweet Corn Maize Seeds B025 | eBay','http://www.ebay.com/itm/1-Bag-10-Seeds-Oriental-Garden-Vegetable-Black-Sweet-Corn-Maize-Seeds-B025-/110922677392',NULL),(768,'US 0.99','2012.07.23','1 Bag 10 Seed Red Corn Seeds Maize Vegetable Green Food Hot B044 | eBay','http://www.ebay.com/itm/1-Bag-10-Seed-Red-Corn-Seeds-Maize-Vegetable-Green-Food-Hot-B044-/180926633104',NULL),(769,'$46.68','2012.07.23','Flora Australiensis: A Description of the Plants of the Australian Territory: Vo 1108037380 | eBay','http://www.ebay.com/itm/Flora-Australiensis-A-Description-of-the-Plants-of-the-Australian-Territory-Vo-/120939280402',NULL),(770,'US 4.09','2012.07.23','Three Sisters ~ Vegetable Garden ~ Seed Packs (Corn/Maize, Squash, Beans) | eBay','http://www.ebay.com/itm/Three-Sisters-Vegetable-Garden-Seed-Packs-Corn-Maize-Squash-Beans-/290733873110',NULL),(771,'GBP 29.86','2012.07.23','Flora Australiensis: A Description of the Plants of the Australian Territory: Vo 9781108037396 | eBay','http://www.ebay.com/itm/Flora-Australiensis-A-Description-of-the-Plants-of-the-Australian-Territory-Vo-/120939280404',NULL),(772,'GBP 39.41','2012.07.23','Flora Australiensis: A Description of the Plants of the Australian Territory: Vo 9781108037440 | eBay','http://www.ebay.com/itm/Flora-Australiensis-A-Description-of-the-Plants-of-the-Australian-Territory-Vo-/140784951956',NULL),(773,'GBP 31.57','2012.07.23','Flora Australiensis: A Description of the Plants of the Australian Territory: Vo 9781108037426 | eBay','http://www.ebay.com/itm/Flora-Australiensis-A-Description-of-the-Plants-of-the-Australian-Territory-Vo-/120944414597',NULL),(774,'GBP 26.56','2012.07.23','Flora Australiensis: A Description of the Plants of the Australian Territory: Vo 9781108037433 | eBay','http://www.ebay.com/itm/Flora-Australiensis-A-Description-of-the-Plants-of-the-Australian-Territory-Vo-/110904705480',NULL),(775,'GBP 30.97','2012.07.23','Flora Australiensis: A Description of the Plants of the Australian Territory: Vo 9781108037419 | eBay','http://www.ebay.com/itm/Flora-Australiensis-A-Description-of-the-Plants-of-the-Australian-Territory-Vo-/110904705475',NULL),(776,'GBP 68.84','2012.07.23','Flora Australiensis A Description of the Plants of the Australian Territory Geor 1140410407 | eBay','http://www.ebay.com/itm/Flora-Australiensis-A-Description-of-the-Plants-of-the-Australian-Territory-Geor-/140787866639',NULL),(777,'GBP 35.98','2012.07.23','Flora Australiensis: A Description of the Plants of the Australian Territory: Vo | eBay','http://www.ebay.com/itm/Flora-Australiensis-A-Description-of-the-Plants-of-the-Australian-Territory-Vo-/110904705471',NULL),(778,'US 3.89','2012.07.23','HEIRLOOM GARDEN SEEDS: BLUE HOPI CORN / MAIZE - Zea mays - VEGETABLE GARDENING | eBay','http://www.ebay.com/itm/HEIRLOOM-GARDEN-SEEDS-BLUE-HOPI-CORN-MAIZE-Zea-mays-VEGETABLE-GARDENING-/170877754850',NULL),(779,'US 3.09','2012.07.23','Trucker\'s Favorite White Field Corn/Maize (Zea mays) Seed | eBay','http://www.ebay.com/itm/Truckers-Favorite-White-Field-Corn-Maize-Zea-mays-Seed-/290749145477',NULL),(780,'US 3.09','2012.07.23','Trucker\'s Favorite Yellow Heirloom Field Corn/Maize (Zea mays) Seed | eBay','http://www.ebay.com/itm/Truckers-Favorite-Yellow-Heirloom-Field-Corn-Maize-Zea-mays-Seed-/300746988188',NULL),(781,'US 3.09','2012.07.23','Colorful Indian Corn/Maize (Zea mays) Seeds | eBay','http://www.ebay.com/itm/Colorful-Indian-Corn-Maize-Zea-mays-Seeds-/300745965969',NULL),(782,'US 3.19','2012.07.23','Stunning Red Heirloom Bloody Butcher Corn/Maize (Zea mays) Seeds | eBay','http://www.ebay.com/itm/Stunning-Red-Heirloom-Bloody-Butcher-Corn-Maize-Zea-mays-Seeds-/290748361678',NULL),(783,'GBP 5.61','2012.07.23','La Intriga Del Limonero / The Lemon Tree Caper: Coleccion Mickey Rangel, Detecti 1558857095 | eBay','http://www.ebay.com/itm/La-Intriga-Del-Limonero-The-Lemon-Tree-Caper-Coleccion-Mickey-Rangel-Detecti-/110911341583',NULL),(784,'US 9.94','2012.07.23','La Intriga Del Limonero/ the Lemon Tree Caper: A Mickey Rangel Mystery /... 9781558857094 | eBay','http://www.ebay.com/itm/La-Intriga-Del-Limonero-the-Lemon-Tree-Caper-A-Mickey-Rangel-Mystery-/251097052612',NULL),(785,'US 2.00','2012.07.23','The Lemon Tree Caper: A Mickey Rangel Mystery / La intriga del limonero: Colecci 9781558857094 | eBay','http://www.ebay.com/itm/The-Lemon-Tree-Caper-A-Mickey-Rangel-Mystery-La-intriga-del-limonero-Colecci-/400306955958',NULL),(786,'','2012.07.23','\"balck corn\" Maize 10 Vegatable Seeds DIY HAPPY Garden | eBay','http://www.ebay.com/itm/balck-corn-Maize-10-Vegatable-Seeds-DIY-HAPPY-Garden-/320948381658',NULL),(787,'$17.87','2012.07.23','Amazon.com: El Limonero (Etz Limon) aka Lemon Tree [*NTSC/Region 1 & 4 Dvd. Import - Latin America] Eran Riklis (No English Options): Eran Riklis: Movies & TV','http://www.amazon.com/Limonero-Limon-Lemon-Region-Import/dp/B0049ELBTC',NULL),(788,'$1.99','2012.07.23','Calendula Officinalis-Marigold-Resina- 50 Seed Pack!! | eBay','http://www.ebay.com/itm/Calendula-Officinalis-Marigold-Resina-50-Seed-Pack-/110914797655',NULL),(789,'US 6.50','2012.07.23','Rosemary Plants ~ Rosmarinus Officinalis ~ Zone 8-10 | eBay','http://www.ebay.com/itm/Rosemary-Plants-Rosmarinus-Officinalis-Zone-8-10-/170880221960',NULL),(790,'US 2.99','2012.07.23','STACHYS OFFICINALIS -Wood Betony- 250 Seed Pack! | eBay','http://www.ebay.com/itm/STACHYS-OFFICINALIS-Wood-Betony-250-Seed-Pack-/110913473806',NULL),(791,'','2012.07.23','40 seed Officinalis Isatis Indigotica fort Radix E001 | eBay','http://www.ebay.com/itm/40-seed-Officinalis-Isatis-Indigotica-fort-Radix-E001-/280926747363',NULL),(792,'US 1.89','2012.07.23','LEMON BALM SEEDS - Melissa Officinalis 50 Seed Pack!! | eBay','http://www.ebay.com/itm/LEMON-BALM-SEEDS-Melissa-Officinalis-50-Seed-Pack-/110913199584',NULL),(793,'','2012.07.23','100+ Seed Chinese Traditional Herbal Officinalis Seed Portulaca Oleracea E005 | eBay','http://www.ebay.com/itm/100-Seed-Chinese-Traditional-Herbal-Officinalis-Seed-Portulaca-Oleracea-E005-/120955992967',NULL),(794,'','2012.07.23','Amazon.com: David\'s Hybrid Asparagus Jersey Giant (Asparagus officinalis) 25 Seeds per Packet: Patio, Lawn & Garden','http://www.amazon.com/Davids-Hybrid-Asparagus-officinalis-Seeds/dp/B007FIYLO6',NULL),(795,'$0.99','2012.07.23','1 Bag 15+ Seeds Chinese Herb Rosemary Rosmarinus Officinalis Seed D006 | eBay','http://www.ebay.com/itm/1-Bag-15-Seeds-Chinese-Herb-Rosemary-Rosmarinus-Officinalis-Seed-D006-/110922652617',NULL),(796,'$0.99','2012.07.23','1 Plant - Rosemary Tuscan Blue - Rosmarinus Officinalis Herb Cook | eBay','http://www.ebay.com/itm/1-Plant-Rosemary-Tuscan-Blue-Rosmarinus-Officinalis-Herb-Cook-/170883564544',NULL),(797,'','2012.07.23','Marshmallow Althaea Officinalis 1 live plant | eBay','http://www.ebay.com/itm/Marshmallow-Althaea-Officinalis-1-live-plant-/110921007515',NULL),(798,'','2012.07.23','Amazon.com: David\'s Organic Herb Calendula Alpha (Calendula officinalis) 100 Seeds per Packet: Patio, Lawn & Garden','http://www.amazon.com/Davids-Organic-Calendula-officinalis-Seeds/dp/B0042D1Y3I',NULL),(799,'US 1.99','2012.07.23','Valeriana Officinalis- Valerian Root-- 50 SEED PACK!!! | eBay','http://www.ebay.com/itm/Valeriana-Officinalis-Valerian-Root-50-SEED-PACK-/110918173618',NULL),(800,'GBP 0.99','2012.07.23','Lemon Balm - Melissa officinalis- 50 Seeds | eBay','http://www.ebay.com/itm/Lemon-Balm-Melissa-officinalis-50-Seeds-/230825814252',NULL),(801,'','2012.07.23','1 Bag 15 seed Rosemary Rosmarinus officinalis seed D006 | eBay','http://www.ebay.com/itm/1-Bag-15-seed-Rosemary-Rosmarinus-officinalis-seed-D006-/271022093645',NULL),(802,'US 3.99','2012.07.23','LEMON BALM Melissa Officinalis - 100 Herb Seeds + Free Seeds | eBay','http://www.ebay.com/itm/LEMON-BALM-Melissa-Officinalis-100-Herb-Seeds-Free-Seeds-/130725107571',NULL),(803,'US 0.99','2012.07.23','A Bag 50+ SEEDS OFFICINALIS ORGANIC YELLOW DANDELION SEEDS E007 | eBay','http://www.ebay.com/itm/A-Bag-50-SEEDS-OFFICINALIS-ORGANIC-YELLOW-DANDELION-SEEDS-E007-/180926715908',NULL),(804,'US 0.99','2012.07.23','1 Bag 15+ Seeds Chinese Herb Rosemary Rosmarinus Officinalis Seed D006 | eBay','http://www.ebay.com/itm/1-Bag-15-Seeds-Chinese-Herb-Rosemary-Rosmarinus-Officinalis-Seed-D006-/180926708517',NULL),(805,'US 3.49','2012.07.23','Althaea Officinalis Marshmallow Seed- 100 Seed Pack!! | eBay','http://www.ebay.com/itm/Althaea-Officinalis-Marshmallow-Seed-100-Seed-Pack-/110917809644',NULL),(806,'US 1.99','2012.07.23','Borago Officinalis - WHITE - 1 gram seed pack!! | eBay','http://www.ebay.com/itm/Borago-Officinalis-WHITE-1-gram-seed-pack-/110914870792',NULL),(807,'US 1.99','2012.07.23','Verbena Officinalis - Vervain- 20 Seed Pack!! | eBay','http://www.ebay.com/itm/Verbena-Officinalis-Vervain-20-Seed-Pack-/110913472870',NULL),(808,'US 1.99','2012.07.23','Valeriana Officinalis- Valerian Root-- 50 SEED PACK!!! | eBay','http://www.ebay.com/itm/Valeriana-Officinalis-Valerian-Root-50-SEED-PACK-/200793462740',NULL),(809,'US 3.50','2012.07.23','Verbena Officinalis - Vervain- 50 Seed Pack!! | eBay','http://www.ebay.com/itm/Verbena-Officinalis-Vervain-50-Seed-Pack-/110917842622',NULL),(810,'','2012.07.23','40+ Seeds Good Effect Herb Officinalis Isatis Indigotica Fort Radix E001 | eBay','http://www.ebay.com/itm/40-Seeds-Good-Effect-Herb-Officinalis-Isatis-Indigotica-Fort-Radix-E001-/120955997111',NULL),(811,'US 0.99','2012.07.23','A Bag 50+ SEEDS OFFICINALIS ORGANIC YELLOW DANDELION SEEDS E007 | eBay','http://www.ebay.com/itm/A-Bag-50-SEEDS-OFFICINALIS-ORGANIC-YELLOW-DANDELION-SEEDS-E007-/180929945822',NULL),(812,'US 8.99','2012.07.23','LEMON BALM Melissa Officinalis - 500 Herb Seeds + Free Seeds | eBay','http://www.ebay.com/itm/LEMON-BALM-Melissa-Officinalis-500-Herb-Seeds-Free-Seeds-/140792171778',NULL),(813,'GBP 2.85','2012.07.23','Lemon Balm-Melissa officinalis- 150 Seeds | eBay','http://www.ebay.com/itm/Lemon-Balm-Melissa-officinalis-150-Seeds-/230822530885',NULL),(814,'US 14.99','2012.07.23','BORAGE Borago Officinalis - 200 Herb Seeds + Free Seeds | eBay','http://www.ebay.com/itm/BORAGE-Borago-Officinalis-200-Herb-Seeds-Free-Seeds-/130726117031',NULL),(815,'US 1.99','2012.07.23','Hyssopus Officinalis HYSSOP Aromatic Herb 250 Seed Pack | eBay','http://www.ebay.com/itm/Hyssopus-Officinalis-HYSSOP-Aromatic-Herb-250-Seed-Pack-/110913484423',NULL),(816,'','2012.07.23','* HYSSOP HYSSOPUS OFFICINALIS * PERENNIAL!! HEIRLOOM 50 SEEDS | eBay','http://www.ebay.com/itm/HYSSOP-HYSSOPUS-OFFICINALIS-PERENNIAL-HEIRLOOM-50-SEEDS-/190704314334',NULL),(817,'US 0.99','2012.07.23','40+ Seeds Good Effect Herb Officinalis Isatis Indigotica Fort Radix E001 | eBay','http://www.ebay.com/itm/40-Seeds-Good-Effect-Herb-Officinalis-Isatis-Indigotica-Fort-Radix-E001-/110913828081',NULL),(818,'','2012.07.23','A Bag 50+ SEEDS OFFICINALIS ORGANIC YELLOW DANDELION SEEDS  E007 | eBay','http://www.ebay.com/itm/A-Bag-50-SEEDS-OFFICINALIS-ORGANIC-YELLOW-DANDELION-SEEDS-E007-/110922656143',NULL),(819,'US 99.99','2012.07.23','BORAGE Borago Officinalis - 2,000 Herb Seeds + Free Seeds | eBay','http://www.ebay.com/itm/BORAGE-Borago-Officinalis-2-000-Herb-Seeds-Free-Seeds-/140793840603',NULL),(820,'US 1.99','2012.07.23','Salvia Officinalis- Common Sage- 25 Seed Pack!! | eBay','http://www.ebay.com/itm/Salvia-Officinalis-Common-Sage-25-Seed-Pack-/200793016156',NULL),(821,'US 99.99','2012.07.23','LEMON BALM Melissa Officinalis - 10,000 Herb Seeds + Free Seeds | eBay','http://www.ebay.com/itm/LEMON-BALM-Melissa-Officinalis-10-000-Herb-Seeds-Free-Seeds-/130726920138',NULL),(822,'','2012.07.23','* ROSEMARY OFFICINALIS * HEIRLOOM HERB!! 50 SEEDS | eBay','http://www.ebay.com/itm/ROSEMARY-OFFICINALIS-HEIRLOOM-HERB-50-SEEDS-/110919751778',NULL),(823,'GBP 1.10','2012.07.23','Valerian-Valeriana officinalis-100 Seeds | eBay','http://www.ebay.com/itm/Valerian-Valeriana-officinalis-100-Seeds-/230826139034',NULL),(824,'US 0.99','2012.07.23','100+ Seed Chinese Traditional Herbal Officinalis Seed Portulaca Oleracea E005 | eBay','http://www.ebay.com/itm/100-Seed-Chinese-Traditional-Herbal-Officinalis-Seed-Portulaca-Oleracea-E005-/180926706900',NULL),(825,'US 0.99','2012.07.23','40+ Seeds Good Effect Herb Officinalis Isatis Indigotica Fort Radix E001 | eBay','http://www.ebay.com/itm/40-Seeds-Good-Effect-Herb-Officinalis-Isatis-Indigotica-Fort-Radix-E001-/180929942673',NULL),(826,'US 2.10','2012.07.23','Rare Fresh RUSSIAN HEIRLOOM Organic Herb Salvia officinalis - Sage Seeds 40+ | eBay','http://www.ebay.com/itm/Rare-Fresh-RUSSIAN-HEIRLOOM-Organic-Herb-Salvia-officinalis-Sage-Seeds-40-/150864007704',NULL),(827,'$1.55','2012.07.23','Rosemary- Rosmarinus officinalis-50 seeds | eBay','http://www.ebay.com/itm/Rosemary-Rosmarinus-officinalis-50-seeds-/230824662026',NULL),(828,'US 0.99','2012.07.23','100+ Seed Chinese Traditional Herbal Officinalis Seed Portulaca Oleracea E005 | eBay','http://www.ebay.com/itm/100-Seed-Chinese-Traditional-Herbal-Officinalis-Seed-Portulaca-Oleracea-E005-/120947921618',NULL),(829,'US 0.99','2012.07.23','1 Bag 15+ Seeds Chinese Herb Rosemary Rosmarinus Officinalis Seed D006 | eBay','http://www.ebay.com/itm/1-Bag-15-Seeds-Chinese-Herb-Rosemary-Rosmarinus-Officinalis-Seed-D006-/120947924832',NULL),(830,'US 1.99','2012.07.23','Althaea Officinalis Marshmallow Seed- 50 Seed Pack!! | eBay','http://www.ebay.com/itm/Althaea-Officinalis-Marshmallow-Seed-50-Seed-Pack-/110914816354',NULL),(831,'US 3.99','2012.07.23','BORAGE Borago Officinalis - 20 Herb Seeds + Free Seeds | eBay','http://www.ebay.com/itm/BORAGE-Borago-Officinalis-20-Herb-Seeds-Free-Seeds-/130726076994',NULL),(832,'US 0.99','2012.07.23','40+ Seeds Good Effect Herb Officinalis Isatis Indigotica Fort Radix E001 | eBay','http://www.ebay.com/itm/40-Seeds-Good-Effect-Herb-Officinalis-Isatis-Indigotica-Fort-Radix-E001-/180926709042',NULL),(833,'','2012.07.23','Mimosa Sensitive Plant, Yellow, Leaves Fold Up When Touched, Seeds','http://www.etsy.com/listing/99807809/mimosa-sensitive-plant-yellow-leaves',NULL),(834,'','2012.07.23','Mimosa Sensitive Plant, Pink, Leaves Fold Up When Touched, Seeds','http://www.etsy.com/listing/99807585/mimosa-sensitive-plant-pink-leaves-fold',NULL),(835,'','2012.07.23','TOMATO SEEDS, HEIRLOOM, Oaxacan Pink, Mexican Indian tomato, 10 seeds ...','http://www.etsy.com/listing/94771625/tomato-seeds-heirloom-oaxacan-pink',NULL),(836,'','2012.07.23','* HYSSOP HYSSOPUS OFFICINALIS * PERENNIAL!! HEIRLOOM 50 SEEDS | eBay','http://www.ebay.com/itm/HYSSOP-HYSSOPUS-OFFICINALIS-PERENNIAL-HEIRLOOM-50-SEEDS-/190704398853',NULL),(837,'','2012.07.23','Gourgeous Perennials \"ALTHAEA OFFICINALIS MARSH MALLOW SEEDS\" | eBay','http://www.ebay.com/itm/Gourgeous-Perennials-ALTHAEA-OFFICINALIS-MARSH-MALLOW-SEEDS-/160847712634',NULL),(838,'','2012.07.23','Indian Blanket Seeds-Cut Flower Loves Sun - Drought Resistant','http://www.etsy.com/listing/66347608/indian-blanket-seeds-cut-flower-loves',NULL),(839,'','2012.07.23','Indian Peace Pipe Nicotiana Starter Plant Highly Fragrant, Beautiful, ...','http://www.etsy.com/listing/100953652/indian-peace-pipe-nicotiana-starter',NULL),(840,'','2012.07.23','Mimosa Sensitive Plant, Purple, Leaves Fold Up When Touched, Seeds','http://www.etsy.com/listing/99807723/mimosa-sensitive-plant-purple-leaves',NULL),(841,'','2012.07.23','100 seeds, WILD INDIAN TOBACCO, N. rustica, annual','http://www.etsy.com/listing/92885003/100-seeds-wild-indian-tobacco-n-rustica',NULL),(842,'US 1.25','2012.07.23','Gourgeous Perennials \"ALTHAEA OFFICINALIS MARSH MALLOW SEEDS\" | eBay','http://www.ebay.com/itm/Gourgeous-Perennials-ALTHAEA-OFFICINALIS-MARSH-MALLOW-SEEDS-/170867547222',NULL),(843,'','2012.07.23','Warrior Blood Neo-Chief-King - Quartz Crystal Skull with Air Plant Hea...','http://www.etsy.com/listing/93097444/warrior-blood-neo-chief-king-quartz',NULL),(844,'','2012.07.23','Poona Kheera Cucumber Seeds','http://www.etsy.com/listing/90581798/poona-kheera-cucumber-seeds',NULL),(845,'','2012.07.23','Air Plant Crystal Garden - Space Square India Mineral Island with of P...','http://www.etsy.com/listing/95842224/air-plant-crystal-garden-space-square',NULL),(846,'','2012.07.23','Organic Heirloom Empress of India Nasturtium Edible Flowers Seeds','http://www.etsy.com/listing/98280558/organic-heirloom-empress-of-india',NULL),(847,'','2012.07.23','Mustard - India Florida Broad Leaf - Heirloom - 100 Seeds','http://www.etsy.com/listing/82413191/mustard-india-florida-broad-leaf',NULL),(848,'US 2.13','2012.07.23','Rare Fresh RUSSIAN HEIRLOOM Organic Valerian (Valeriana officinalis) Seeds 50+ | eBay','http://www.ebay.com/itm/Rare-Fresh-RUSSIAN-HEIRLOOM-Organic-Valerian-Valeriana-officinalis-Seeds-50-/150864007728',NULL),(849,'','2012.07.23','Bombay Green Eggplant','http://www.etsy.com/listing/68758163/bombay-green-eggplant',NULL),(850,'','2012.07.23','Love in a mist ( black cumin ) organic herb seeds','http://www.etsy.com/listing/91640913/love-in-a-mist-black-cumin-organic-herb',NULL),(851,'US 8.99','2012.07.23','BORAGE Borago Officinalis - 100 Herb Seeds + Free Seeds | eBay','http://www.ebay.com/itm/BORAGE-Borago-Officinalis-100-Herb-Seeds-Free-Seeds-/140792551105',NULL),(852,'','2012.07.23','BEAN SEEDS, HEIRLOOM, Anasazi, from Indian tribe, 50 seeds, eat as fr...','http://www.etsy.com/listing/92663540/bean-seeds-heirloom-anasazi-from-indian',NULL),(853,'US 0.99','2012.07.23','1 Bag 15+ Seeds Chinese Herb Rosemary Rosmarinus Officinalis Seed D006 | eBay','http://www.ebay.com/itm/1-Bag-15-Seeds-Chinese-Herb-Rosemary-Rosmarinus-Officinalis-Seed-D006-/180929941880',NULL),(854,'','2012.07.23','25 ASHWAGANDHA SEEDS-1008','http://www.etsy.com/listing/76338633/25-ashwagandha-seeds-1008',NULL),(855,'','2012.07.23','Grow Your Own Mini Corn Maze for the Kids, Indian Corn Mix, 100 Seeds','http://www.etsy.com/listing/103614028/grow-your-own-mini-corn-maze-for-the',NULL),(856,'','2012.07.23','Organic Heirloom Empress of India Nasturtium Edible Flowers Seeds','http://www.etsy.com/listing/70524705/organic-heirloom-empress-of-india',NULL),(857,'US 0.99','2012.07.23','A Bag 50+ SEEDS OFFICINALIS ORGANIC YELLOW DANDELION SEEDS E007 | eBay','http://www.ebay.com/itm/A-Bag-50-SEEDS-OFFICINALIS-ORGANIC-YELLOW-DANDELION-SEEDS-E007-/110913829959',NULL),(858,'','2012.07.23','Hollyhock Indian Spring Mix, Perennial Flower Seeds','http://www.etsy.com/listing/99569773/hollyhock-indian-spring-mix-perennial',NULL),(859,'','2012.07.23','Organic Krishna Tulsi Seeds. Holy Basil Seeds Hawaii Grown Sacred Site...','http://www.etsy.com/listing/103410259/organic-krishna-tulsi-seeds-holy-basil',NULL),(860,'','2012.07.23','Make Your Own Maze, Indian Corn, 100 Seeds Large Mix, Easy to Grow','http://www.etsy.com/listing/103614281/make-your-own-maze-indian-corn-100-seeds',NULL),(861,'','2012.07.23','Cilantro - Coriander - Herb - Heirloom 30 Seeds','http://www.etsy.com/listing/81996384/cilantro-coriander-herb-heirloom-30',NULL),(862,'','2012.07.23','REDUCED Key Lime Tree seedling','http://www.etsy.com/listing/98694167/reduced-key-lime-tree-seedling',NULL),(863,'','2012.07.23','REDUCED Tangerine Tree seedling','http://www.etsy.com/listing/98695296/reduced-tangerine-tree-seedling',NULL),(864,'','2012.07.23','6 Origami Star Seeds - Seed Bomb - Indian Paintbrush','http://www.etsy.com/listing/102700244/6-origami-star-seeds-seed-bomb-indian',NULL),(865,'','2012.07.23','Lemon Grass (East Indian) Cymbopogon flexuosus 250 Seeds/100 Mg','http://www.etsy.com/listing/73097553/lemon-grass-east-indian-cymbopogon',NULL),(866,'','2012.07.23','Bee Balm Herb -Medicinal - Culinary - Heirloom - Organic - 50 Seeds','http://www.etsy.com/listing/80345685/bee-balm-herb-medicinal-culinary',NULL),(867,'','2012.07.23','Tangerine & Key Lime Tree seedlings','http://www.etsy.com/listing/98615145/tangerine-key-lime-tree-seedlings',NULL),(868,'US 0.99','2012.07.23','Heirloom Herb HYSSOP Hyssopus officinalis (100 Seeds) CULINARY, MEDICINAL, TEAS | eBay','http://www.ebay.com/itm/Heirloom-Herb-HYSSOP-Hyssopus-officinalis-100-Seeds-CULINARY-MEDICINAL-TEAS-/180934864052',NULL),(869,'','2012.07.23','40 Red Amaranth - (Amaranthus cruentus) seeds for 3.99 USD','http://www.etsy.com/listing/96034550/40-red-amaranth-amaranthus-cruentus',NULL),(870,'','2012.07.23','Key Lime Tree seedlings TWINS','http://www.etsy.com/listing/98694817/key-lime-tree-seedlings-twins',NULL),(871,'','2012.07.23','Petunia Flower \'Supertunia Citrus\' Gmo Free Seeds','http://www.etsy.com/listing/95948598/petunia-flower-supertunia-citrus-gmo',NULL),(872,'','2012.07.23','REDUCED Pink Grapefruit Tree seedling','http://www.etsy.com/listing/99233000/reduced-pink-grapefruit-tree-seedling',NULL),(873,'','2012.07.23','Live Grafted Key Lime Citrus Fruit Tree Healthy Well Rooted 3\'-5...','http://www.etsy.com/listing/103178270/live-grafted-key-lime-citrus-fruit-tree',NULL),(874,'','2012.07.23','5 Canna Lily \'Indian Shot\' Seeds - Free Shipping','http://www.etsy.com/listing/67934216/5-canna-lily-indian-shot-seeds-free',NULL),(875,'US 14.99','2012.07.23','LEMON BALM Melissa Officinalis - 1,000 Herb Seeds + Free Seeds | eBay','http://www.ebay.com/itm/LEMON-BALM-Melissa-Officinalis-1-000-Herb-Seeds-Free-Seeds-/130725107163',NULL),(876,'US 2.99','2012.07.23','STACHYS OFFICINALIS -Wood Betony- 250 Seed Pack! | eBay','http://www.ebay.com/itm/STACHYS-OFFICINALIS-Wood-Betony-250-Seed-Pack-/200793015914',NULL),(877,'US 1.99','2012.07.23','Hyssopus Officinalis HYSSOP Aromatic Herb 250 Seed Pack | eBay','http://www.ebay.com/itm/Hyssopus-Officinalis-HYSSOP-Aromatic-Herb-250-Seed-Pack-/200793014897',NULL),(878,'US 5.99','2012.07.23','Verbena Officinalis - Vervain- 100 Seed Pack!! | eBay','http://www.ebay.com/itm/Verbena-Officinalis-Vervain-100-Seed-Pack-/110917831155',NULL),(879,'','2012.07.23','Grow an Indoor Citrus Tree Kit - mini lime tree seeds','http://www.etsy.com/listing/62795842/grow-an-indoor-citrus-tree-kit-mini-lime',NULL),(880,'','2012.07.23','Mimosa Sensitive Plant, Pink, Leaves Fold Up When Touched, Seeds','http://www.etsy.com/listing/99807585/mimosa-sensitive-plant-pink-leaves-fold',NULL),(881,'$1.89','2012.07.23','LEMON BALM SEEDS - Melissa Officinalis 50 Seed Pack!! | eBay','http://www.ebay.com/itm/LEMON-BALM-SEEDS-Melissa-Officinalis-50-Seed-Pack-/200787680966',NULL),(882,'','2012.07.23','Mimosa Sensitive Plant, Yellow, Leaves Fold Up When Touched, Seeds','http://www.etsy.com/listing/99807809/mimosa-sensitive-plant-yellow-leaves',NULL),(883,'','2012.07.23','Mimosa Sensitive Plant, Purple, Leaves Fold Up When Touched, Seeds','http://www.etsy.com/listing/99807723/mimosa-sensitive-plant-purple-leaves',NULL),(884,'','2012.07.23','TOMATO SEEDS, HEIRLOOM, Oaxacan Pink, Mexican Indian tomato, 10 seeds ...','http://www.etsy.com/listing/94771625/tomato-seeds-heirloom-oaxacan-pink',NULL),(885,'','2012.07.23','Indian Blanket Seeds-Cut Flower Loves Sun - Drought Resistant','http://www.etsy.com/listing/66347608/indian-blanket-seeds-cut-flower-loves',NULL),(886,'','2012.07.23','Mustard - India Florida Broad Leaf - Heirloom - 100 Seeds','http://www.etsy.com/listing/82413191/mustard-india-florida-broad-leaf',NULL),(887,'','2012.07.23','Indian Peace Pipe Nicotiana Starter Plant Highly Fragrant, Beautiful, ...','http://www.etsy.com/listing/100953652/indian-peace-pipe-nicotiana-starter',NULL),(888,'','2012.07.23','Organic Heirloom Empress of India Nasturtium Edible Flowers Seeds','http://www.etsy.com/listing/98280558/organic-heirloom-empress-of-india',NULL),(889,'','2012.07.23','100 seeds, WILD INDIAN TOBACCO, N. rustica, annual','http://www.etsy.com/listing/92885003/100-seeds-wild-indian-tobacco-n-rustica',NULL),(890,'','2012.07.23','BEAN SEEDS, HEIRLOOM, Anasazi, from Indian tribe, 50 seeds, eat as fr...','http://www.etsy.com/listing/92663540/bean-seeds-heirloom-anasazi-from-indian',NULL),(891,'','2012.07.23','1 Bag 15 seed Rosemary Rosmarinus officinalis seed D006 | eBay','http://www.ebay.com/itm/1-Bag-15-seed-Rosemary-Rosmarinus-officinalis-seed-D006-/230828228229',NULL),(892,'','2012.07.23','Warrior Blood Neo-Chief-King - Quartz Crystal Skull with Air Plant Hea...','http://www.etsy.com/listing/93097444/warrior-blood-neo-chief-king-quartz',NULL),(893,'','2012.07.23','Poona Kheera Cucumber Seeds','http://www.etsy.com/listing/90581798/poona-kheera-cucumber-seeds',NULL),(894,'','2012.07.23','Bombay Green Eggplant','http://www.etsy.com/listing/68758163/bombay-green-eggplant',NULL),(895,'','2012.07.23','25 ASHWAGANDHA SEEDS-1008','http://www.etsy.com/listing/76338633/25-ashwagandha-seeds-1008',NULL),(896,'','2012.07.23','Organic Krishna Tulsi Seeds. Holy Basil Seeds Hawaii Grown Sacred Site...','http://www.etsy.com/listing/103410259/organic-krishna-tulsi-seeds-holy-basil',NULL),(897,'','2012.07.23','Love in a mist ( black cumin ) organic herb seeds','http://www.etsy.com/listing/91640913/love-in-a-mist-black-cumin-organic-herb',NULL),(898,'','2012.07.23','Organic Heirloom Empress of India Nasturtium Edible Flowers Seeds','http://www.etsy.com/listing/70524705/organic-heirloom-empress-of-india',NULL),(899,'','2012.07.23','Grow Your Own Mini Corn Maze for the Kids, Indian Corn Mix, 100 Seeds','http://www.etsy.com/listing/103614028/grow-your-own-mini-corn-maze-for-the',NULL),(900,'','2012.07.23','Air Plant Crystal Garden - Space Square India Mineral Island with of P...','http://www.etsy.com/listing/95842224/air-plant-crystal-garden-space-square',NULL),(901,'','2012.07.23','Make Your Own Maze, Indian Corn, 100 Seeds Large Mix, Easy to Grow','http://www.etsy.com/listing/103614281/make-your-own-maze-indian-corn-100-seeds',NULL),(902,'','2012.07.23','Hollyhock Indian Spring Mix, Perennial Flower Seeds','http://www.etsy.com/listing/99569773/hollyhock-indian-spring-mix-perennial',NULL),(903,'','2012.07.23','6 Origami Star Seeds - Seed Bomb - Indian Paintbrush','http://www.etsy.com/listing/102700244/6-origami-star-seeds-seed-bomb-indian',NULL),(904,'','2012.07.23','40 Red Amaranth - (Amaranthus cruentus) seeds for 3.99 USD','http://www.etsy.com/listing/96034550/40-red-amaranth-amaranthus-cruentus',NULL),(905,'','2012.07.23','Lemon Grass (East Indian) Cymbopogon flexuosus 250 Seeds/100 Mg','http://www.etsy.com/listing/73097553/lemon-grass-east-indian-cymbopogon',NULL),(906,'US 7.00','2012.07.23','700 Millet Ornamental Grass Seeds | eBay','http://www.ebay.com/itm/700-Millet-Ornamental-Grass-Seeds-/300744047458',NULL),(907,'','2012.07.23','Aztec Sun Sunflower Seeds','http://www.etsy.com/listing/92686228/aztec-sun-sunflower-seeds',NULL),(908,'','2012.07.23','5 Canna Lily \'Indian Shot\' Seeds - Free Shipping','http://www.etsy.com/listing/67934216/5-canna-lily-indian-shot-seeds-free',NULL),(909,'','2012.07.23','Japanese Red Maple, Bonsai Tree, Seeds','http://www.etsy.com/listing/99892147/japanese-red-maple-bonsai-tree-seeds',NULL),(910,'','2012.07.23','Chard - Swiss Five Color Silverbeet - Heirloom - 30 Seeds','http://www.etsy.com/listing/81995528/chard-swiss-five-color-silverbeet',NULL),(911,'','2012.07.23','\"PURPLE MAJESTY\" MILLET~Seeds!~~~~~~~~Lovely Dried Too! | eBay','http://www.ebay.com/itm/PURPLE-MAJESTY-MILLET-Seeds-Lovely-Dried-Too-/271021832232',NULL),(912,'','2012.07.23','Beautiful Hardy Pink Hibiscus Plant Sun loving','http://www.etsy.com/listing/104402170/beautiful-hardy-pink-hibiscus-plant-sun',NULL),(913,'','2012.07.23','3 Sun Dew Plants','http://www.etsy.com/listing/105112578/3-sun-dew-plants',NULL),(914,'','2012.07.23','Indian Blanket Seeds-Cut Flower Loves Sun - Drought Resistant','http://www.etsy.com/listing/66347608/indian-blanket-seeds-cut-flower-loves',NULL),(915,'US 0.99','2012.07.23','Heirloom ROSEMARY Rosmarinus officinalis (100 Seeds) Culinary, Medicinal | eBay','http://www.ebay.com/itm/Heirloom-ROSEMARY-Rosmarinus-officinalis-100-Seeds-Culinary-Medicinal-/180934860760',NULL),(916,'$5.50','2012.07.23','550 Foxtail millet Seeds beautiful tall ornamental grass | eBay','http://www.ebay.com/itm/550-Foxtail-millet-Seeds-beutiful-tall-ornamental-grass-/300746555112',NULL),(917,'','2012.07.23','BULK 100 Seeds, Sunflower Mix','http://www.etsy.com/listing/104008813/bulk-100-seeds-sunflower-mix',NULL),(918,'','2012.07.23','STRAPELIA - Star Flower Cactus Plant cutting - Full Sun','http://www.etsy.com/listing/69826148/strapelia-star-flower-cactus-plant',NULL),(919,'','2012.07.23','100 seeds,LOBELIA INFLATA, medicinal herb, part sun to full sun, annua...','http://www.etsy.com/listing/94985372/100-seedslobelia-inflata-medicinal-herb',NULL),(920,'','2012.07.23','40 seed Officinalis Isatis Indigotica fort Radix E001 | eBay','http://www.ebay.com/itm/40-seed-Officinalis-Isatis-Indigotica-fort-Radix-E001-/330768177684',NULL),(921,'','2012.07.23','200 BULK Rosa \'Tropical Sun\' Rosaceae Flower Gmo Free 200 Seed...','http://www.etsy.com/listing/100880911/200-bulk-rosa-tropical-sun-rosaceae',NULL),(922,'','2012.07.23','Succulent - Sale - 30 tiny baby Kalanchoe laetiviren plants','http://www.etsy.com/listing/76298964/succulent-sale-30-tiny-baby-kalanchoe',NULL),(923,'US 0.99','2012.07.23','Heirloom Herbs BROADLEAF SAGE 50 Seeds Salvia officinalis CULINARY, MEDICINAL | eBay','http://www.ebay.com/itm/Heirloom-Herbs-BROADLEAF-SAGE-50-Seeds-Salvia-officinalis-CULINARY-MEDICINAL-/180934864041',NULL),(924,'','2012.07.23','Vinca Variegated Illumination Live Plants Periwinkle Great for Shade o...','http://www.etsy.com/listing/96734580/vinca-variegated-illumination-live',NULL),(925,'','2012.07.23','Musa Bajoo Banana trees - 2 trees - Cold Hardy in all 50 states','http://www.etsy.com/listing/101443398/musa-bajoo-banana-trees-2-trees-cold',NULL),(926,'','2012.07.23','Mixed Flowers Sun Shade Mix Seed Bombs in a Gift Basket','http://www.etsy.com/listing/95838384/mixed-flowers-sun-shade-mix-seed-bombs',NULL),(927,'US 7.33','2012.07.23','400 Heirloom White Proso Millet Seeds | eBay','http://www.ebay.com/itm/400-Heirloom-White-Proso-Millet-Seeds-/221067302467',NULL),(928,'','2012.07.23','Two Watch Chain Succulent plants Crassula Iycopioides (2 plants)','http://www.etsy.com/listing/72812947/two-watch-chain-succulent-plants',NULL),(929,'','2012.07.23','50 Pea \'Thomas Laxton\' Seeds - Free Shipping','http://www.etsy.com/listing/69275643/50-pea-thomas-laxton-seeds-free-shipping',NULL),(930,'','2012.07.23','Purple Princess Flower or Glory Bush Seeds (25 seeds)','http://www.etsy.com/listing/76803982/purple-princess-flower-or-glory-bush',NULL),(931,'','2012.07.23','A0009 Potted Sun Gold Cherry Tomato Sungold Fruit 600 Bulk Vegetable S...','http://www.etsy.com/listing/91236714/a0009-potted-sun-gold-cherry-tomato',NULL),(932,'','2012.07.23','Dragon Fruit Cactus (Pitaya) (Cutting)','http://www.etsy.com/listing/77140987/dragon-fruit-cactus-pitaya-cutting',NULL),(933,'','2012.07.23','Sunn Hemp heirloom seeds from our organic garden','http://www.etsy.com/listing/69443202/sunn-hemp-heirloom-seeds-from-our',NULL),(934,'','2012.07.23','Buddha and Air Plant Terrarium - A Perfect Birthday Gift - DON\'T F...','http://www.etsy.com/listing/91972443/buddha-and-air-plant-terrarium-a-perfect',NULL),(935,'US 10.00','2012.07.23','Kaffir, Combava, Limau Purut, Makrut Lime Leaf / 30 double leaf (USA SELLER) | eBay','http://www.ebay.com/itm/Kaffir-Combava-Limau-Purut-Makrut-Lime-Leaf-30-double-leaf-USA-SELLER-/271015827391',NULL),(936,'US 3.95','2012.07.23','German Millet 1000 seed pk. | eBay','http://www.ebay.com/itm/German-Millet-1000-seed-pk-/290747636852',NULL),(937,'','2012.07.23','Lucky Cat Buddha Sculpture in Zen Garden Air Plant Terrarium','http://www.etsy.com/listing/103830529/lucky-cat-buddha-sculpture-in-zen-garden',NULL),(938,'','2012.07.23','Lucky Pug Buddha Sculpture in Zen Garden Air Plant Terrarium','http://www.etsy.com/listing/103924292/lucky-pug-buddha-sculpture-in-zen-garden',NULL),(939,'','2012.07.23','Heirloom Flower Seeds, Hopi Dye Sunflower, organic seeds in handmade s...','http://www.etsy.com/listing/84076837/heirloom-flower-seeds-hopi-dye-sunflower',NULL),(940,'','2012.07.23','Miltoniopsis Andrea West orchid large seedling','http://www.etsy.com/listing/85817134/miltoniopsis-andrea-west-orchid-large',NULL),(941,'','2012.07.23','Seven Seed Sale grab bag great vibrant many colors of blooms and folia...','http://www.etsy.com/listing/65711440/seven-seed-sale-grab-bag-great-vibrant',NULL),(942,'','2012.07.23','West Coast Seed Bombs - Bird Bee and Butterfly Friendly DIY Guerilla G...','http://www.etsy.com/listing/66575580/west-coast-seed-bombs-bird-bee-and',NULL),(943,'','2012.07.23','Seed Bombs - West Coast Bird Bee and Butterfly Friendly DIY Guerilla G...','http://www.etsy.com/listing/65124575/seed-bombs-west-coast-bird-bee-and',NULL),(944,'US 5.95','2012.07.23','German Millet 5000 seed pk. | eBay','http://www.ebay.com/itm/German-Millet-5000-seed-pk-/290747636866',NULL),(945,'','2012.07.23','Seed Bombs - West Coast Bird Bee and Butterfly Friendly DIY Guerilla G...','http://www.etsy.com/listing/81381005/seed-bombs-west-coast-bird-bee-and',NULL),(946,'','2012.07.23','West Coast Seed Bombs - Bird Bee and Butterfly Friendly DIY Guerilla G...','http://www.etsy.com/listing/81710422/west-coast-seed-bombs-bird-bee-and',NULL),(947,'','2012.07.23','Lyngbye\'s Sedge Seeds (60 Seeds)','http://www.etsy.com/listing/81000586/lyngbyes-sedge-seeds-60-seeds',NULL),(948,'','2012.07.23','4 fresh seeds COMBAVA, Makrut, Kaffir lime, Citrus ','http://www.ebay.com/itm/4-fresh-seeds-COMBAVA-Makrut-Kaffir-lime-Citrus-hystrix-hybrids-rutaceae-/190704931676',NULL),(949,'US 15.00','2012.07.23','Mango tree seedling | eBay','http://www.ebay.com/itm/Mango-tree-seedling-/130734511642',NULL),(950,'','2012.07.23','Tropical HADEN MANGO TREE SEEDLING, 18\" tall, 1+ yr old, as pictured | eBay','http://www.ebay.com/itm/Tropical-HADEN-MANGO-TREE-SEEDLING-18-tall-1-yr-old-as-pictured-/221078827144',NULL),(951,'$16.00','2012.07.23','~ MANGO TREE { Mangifera indica } LIVE FRUIT TREE ! L@OK! ~ | eBay','http://www.ebay.com/itm/MANGO-TREE-Mangifera-indica-LIVE-FRUIT-TREE-L-OK-/221074659592',NULL),(952,'','2012.07.23','Mango Seeds From A Glenn Tree ~ Fresh From South Florida ~ 2-Seeds......... | eBay','http://www.ebay.com/itm/Mango-Seeds-From-A-Glenn-Tree-Fresh-From-South-Florida-2-Seeds-/251110936060',NULL),(953,'US 38.99','2012.07.23','Cymbidium ensifolium, Satsuma Mo Jin , ???, strong plant, fragrant,som in flower | eBay','http://www.ebay.com/itm/Cymbidium-ensifolium-Satsuma-Mo-Jin-strong-plant-fragrant-som-in-flower-/120945976924',NULL),(954,'US 45.00','2012.07.23','Grafted Cogshall MANGO tree 3 gal LIVE PLANT | eBay','http://www.ebay.com/itm/Grafted-Cogshall-MANGO-tree-3-gal-LIVE-PLANT-/221079258300',NULL),(955,'US 45.00','2012.07.23','Grafted Pickering Dwarf MANGO tree 3 gal LIVE PLANT | eBay','http://www.ebay.com/itm/Grafted-Pickering-Dwarf-MANGO-tree-3-gal-LIVE-PLANT-/221079260742',NULL),(956,'US 14.99','2012.07.23','2 LIVE PLANTS: HIBISCUS \"MANGO MOON\" 2 PLANTS | eBay','http://www.ebay.com/itm/2-LIVE-PLANTS-HIBISCUS-MANGO-MOON-2-PLANTS-/261069517571',NULL),(957,'$9.99','2012.07.23','Flesh Seed Mango \'Nam Dok Mai\' Early Cultivar (M. indica) 3 Seeds | eBay','http://www.ebay.com/itm/Flesh-Seed-Mango-Nam-Dok-Mai-Early-Cultivar-M-indica-3-Seeds-/271018245743',NULL),(958,'US 195.00','2012.07.23','Live HADEN Grafted Mango Fruit 3\'-4\' Foot TREE Nice Rooted Plant Heavy Producer | eBay','http://www.ebay.com/itm/Live-HADEN-Grafted-Mango-Fruit-3-4-Foot-TREE-Nice-Rooted-Plant-Heavy-Producer-/320935752409',NULL),(959,'US 15.99','2012.07.23','One year old Mango tree seedling | eBay','http://www.ebay.com/itm/One-year-old-Mango-tree-seedling-/330768396705',NULL),(960,'US 24.99','2012.07.23','Mango \'Nam Dok Mai\' Early Cultivar (M. indica) 1 Plant | eBay','http://www.ebay.com/itm/Mango-Nam-Dok-Mai-Early-Cultivar-M-indica-1-Plant-/280915787053',NULL),(961,'US 5.99','2012.07.23','Syngonium plant \"Mango Allusion\" house plant | eBay','http://www.ebay.com/itm/Syngonium-plant-Mango-Allusion-house-plant-/280910442236',NULL),(962,'US 15.00','2012.07.23','Mango tree seedling | eBay','http://www.ebay.com/itm/Mango-tree-seedling-/330767837627',NULL),(963,'US 195.00','2012.07.23','Live KENT Grafted Mango Fruit 3\'-4\' Foot TREE Nice Rooted Plant Heavy Producer | eBay','http://www.ebay.com/itm/Live-KENT-Grafted-Mango-Fruit-3-4-Foot-TREE-Nice-Rooted-Plant-Heavy-Producer-/320951033200',NULL),(964,'$150.00','2012.07.23','Amazon.com: Vietna Mai Vang Hoa-mai 8 Petals Yellow Flower Live Grafted Plant 1 Foot Tall: Patio, Lawn & Garden','http://www.amazon.com/Vietna-Hoa-mai-Petals-Yellow-Grafted/dp/B008CIZI6I',NULL),(965,'US 195.00','2012.07.23','Live KEITT Grafted Mango Fruit 3\'-4\' Foot TREE Nice Rooted Plant Heavy Producer | eBay','http://www.ebay.com/itm/Live-KEITT-Grafted-Mango-Fruit-3-4-Foot-TREE-Nice-Rooted-Plant-Heavy-Producer-/320951033927',NULL),(966,'US 1.99','2012.07.23','Mango Seeds From A Glenn Tree ~ Fresh From South Florida ~ 2-Seeds......... | eBay','http://www.ebay.com/itm/Mango-Seeds-From-A-Glenn-Tree-Fresh-From-South-Florida-2-Seeds-/261071165906',NULL),(967,'','2012.07.23','','http://www.ebay.com/itm/PORTULACA-MANGO-25-SEEDS-AL1985SC-/230828702990',NULL),(968,'','2012.07.23','Mango seedling - Ataulfo variety - 4 inch pot | eBay','http://www.ebay.com/itm/Mango-seedling-Ataulfo-variety-4-inch-pot-/140805857213',NULL),(969,'US 39.99','2012.07.23','Mangifera indica Mango \'Augrong\' 1 Plant | eBay','http://www.ebay.com/itm/Mangifera-indica-Mango-Augrong-1-Plant-/280915782913',NULL),(970,'US 8.80','2012.07.23','Premium Quality Taiwan Large King Mango Fruit! 1seed *Royalty Taste* | eBay','http://www.ebay.com/itm/Premium-Quality-Taiwan-Large-King-Mango-Fruit-1seed-Royalty-Taste-/200795597194',NULL),(971,'US 2.89','2012.07.23','VINING PEACH SEEDS !!!, DELICIOUS TASTE LIKE MANGO KIDS LOVE | eBay','http://www.ebay.com/itm/VINING-PEACH-SEEDS-DELICIOUS-TASTE-LIKE-MANGO-KIDS-LOVE-/310409848318',NULL),(972,'US 225.00','2012.07.23','One Grafted LIVE MANGO FRUIT TREE 3\'-4 FT Kent,Alphonso,Pim Seng Mum,Keitt,Haden | eBay','http://www.ebay.com/itm/One-Grafted-LIVE-MANGO-FRUIT-TREE-3-4-FT-Kent-Alphonso-Pim-Seng-Mum-Keitt-Haden-/390436775655',NULL),(973,'US 39.99','2012.07.23','Mangifera indica Mango \'Namdokmai No. 4\' 1 Plant | eBay','http://www.ebay.com/itm/Mangifera-indica-Mango-Namdokmai-No-4-1-Plant-/271012517086',NULL),(974,'US 28.80','2012.07.23','Borneo Bizarre Fruit-Mangifera Foedita Horse Mango Rare genus 1 Fresh Seed | eBay','http://www.ebay.com/itm/Borneo-Bizarre-Fruit-Mangifera-Foedita-Horse-Mango-Rare-genus-1-Fresh-Seed-/261063499593',NULL),(975,'US 9.99','2012.07.23','Flesh Seed Mango Mangifera indica Mango \'Augrong\' 3 Seeds | eBay','http://www.ebay.com/itm/Flesh-Seed-Mango-Mangifera-indica-Mango-Augrong-3-Seeds-/280921986820',NULL),(976,'US 34.99','2012.07.23','Mango Fruit \'Kaew Sa Woi\' (M. indica) Grafted Large Size Great Cultivar 1 Plant | eBay','http://www.ebay.com/itm/Mango-Fruit-Kaew-Sa-Woi-M-indica-Grafted-Large-Size-Great-Cultivar-1-Plant-/280925771850',NULL),(977,'US 39.99','2012.07.23','Mangifera indica Eat Fresh Mango \'Mankunsri\' 1 Plant | eBay','http://www.ebay.com/itm/Mangifera-indica-Eat-Fresh-Mango-Mankunsri-1-Plant-/271012517015',NULL),(978,'US 39.99','2012.07.23','Mangifera Giant fruit Mango \'Namdokmai Man\' 1 Plant | eBay','http://www.ebay.com/itm/Mangifera-Giant-fruit-Mango-Namdokmai-Man-1-Plant-/271021822915',NULL),(979,'US 9.99','2012.07.23','Flesh Seed Mango x hybrid Jin Huoung Mango 3 Seeds | eBay','http://www.ebay.com/itm/Flesh-Seed-Mango-x-hybrid-Jin-Huoung-Mango-3-Seeds-/280921986817',NULL),(980,'US 39.99','2012.07.23','Mango x hybrid Jin Huoung Mango Fruit Grafted Free Phyto Large Size 1 Plant | eBay','http://www.ebay.com/itm/Mango-x-hybrid-Jin-Huoung-Mango-Fruit-Grafted-Free-Phyto-Large-Size-1-Plant-/271021833215',NULL),(981,'US 35.99','2012.07.23','Mango Mahachanok (Mangifera indica) Great Cultivar 65-70cm. Size 1 Plant | eBay','http://www.ebay.com/itm/Mango-Mahachanok-Mangifera-indica-Great-Cultivar-65-70cm-Size-1-Plant-/280915782916',NULL),(982,'US 58.80','2012.07.23','Borneo Sarawak--King Manifera Mango up to 2.5Kg Fruits!! 1 X 9\'\' Ht Fresh Plant | eBay','http://www.ebay.com/itm/Borneo-Sarawak-King-Manifera-Mango-up-to-2-5Kg-Fruits-1-X-9-Ht-Fresh-Plant-/261063338865',NULL),(983,'$39.99','2012.07.23','Mango Variety 3 Season Fruit Set Round Year Very Sweet Taste 1 Plant | eBay','http://www.ebay.com/itm/Mango-Variety-3-Season-Fruit-Set-Round-Year-Very-Sweet-Taste-1-Plant-/280925771867',NULL),(984,'$9.99','2012.07.23','Mangifera indica Augrong Mango 3 Flesh Seeds | eBay','http://www.ebay.com/itm/Mangifera-indica-Augrong-Mango-3-Flesh-Seeds-/280925760826',NULL),(985,'','2012.07.23','MANGO Live Seeding Plants 1 Gallon | eBay','http://www.ebay.com/itm/MANGO-Live-Seeding-Plants-1-Gallon-/221074982770',NULL),(986,'US 39.99','2012.07.23','Mango Variety Rad Fruit Grafted Free Phyto Large Size 1 Plant | eBay','http://www.ebay.com/itm/Mango-Variety-Rad-Fruit-Grafted-Free-Phyto-Large-Size-1-Plant-/280915787034',NULL),(987,'US 9.99','2012.07.23','Irvingia malayana (Barking Deer\'s Mango) 5 Seeds | eBay','http://www.ebay.com/itm/Irvingia-malayana-Barking-Deers-Mango-5-Seeds-/280921986823',NULL),(988,'US 39.99','2012.07.23','Mangifera indica Eat Fresh Mango \'Mansuriya\' 1 Plant | eBay','http://www.ebay.com/itm/Mangifera-indica-Eat-Fresh-Mango-Mansuriya-1-Plant-/280915782776',NULL),(989,'US 2.00','2012.07.23','LONG GRAIN RICE - 300+ SEEDS - Oryza sativa var. indica - Aquatic Food Plant | eBay','http://www.ebay.com/itm/LONG-GRAIN-RICE-300-SEEDS-Oryza-sativa-var-indica-Aquatic-Food-Plant-/150844720004',NULL),(990,'$0.79','2012.07.23','Purslane (PortulacaOleracea Sativa) 50 seeds | eBay','http://www.ebay.com/itm/Purslane-PortulacaOleracea-Sativa-50-seeds-/251115090138',NULL),(991,'','2012.07.23','YUMMY ~HADEN~ MANGO Mangifera indica LIVE Plant Seedling | eBay','http://www.ebay.com/itm/YUMMY-HADEN-MANGO-Mangifera-indica-LIVE-Plant-Seedling-/360475014337',NULL),(992,'','2012.07.23','Beet - Bull\'s Blood - Heirloom - Organic - 30 Seeds','http://www.etsy.com/listing/80346722/beet-bulls-blood-heirloom-organic-30',NULL),(993,'','2012.07.23','1 Bag 100 seed Eruca sativa vegetables Delicious D021 | eBay','http://www.ebay.com/itm/1-Bag-100-seed-Eruca-sativa-vegetables-Delicious-D021-/271022093659',NULL),(994,'','2012.07.23','Organic Bulls Blood Beet Seed','http://www.etsy.com/listing/71172070/organic-bulls-blood-beet-seed',NULL),(995,'','2012.07.23','REDUCED Tangerine Tree seedling','http://www.etsy.com/listing/98695296/reduced-tangerine-tree-seedling',NULL),(996,'','2012.07.23','Bee Balm Herb -Medicinal - Culinary - Heirloom - Organic - 50 Seeds','http://www.etsy.com/listing/80345685/bee-balm-herb-medicinal-culinary',NULL),(997,'','2012.07.23','African Violet, live plant, VAMPIRE\'S KISS, blood red, now shipp...','http://www.etsy.com/listing/99415803/african-violet-live-plant-vampires-kiss',NULL),(998,'','2012.07.23','Cilantro - Coriander - Herb - Heirloom 30 Seeds','http://www.etsy.com/listing/81996384/cilantro-coriander-herb-heirloom-30',NULL),(999,'','2012.07.23','Purslane (PortulacaOleracea Sativa) 50 seeds | eBay','http://www.ebay.com/itm/Purslane-PortulacaOleracea-Sativa-50-seeds-/280924793006',NULL),(1000,'','2012.07.23','REDUCED Key Lime Tree seedling','http://www.etsy.com/listing/98694167/reduced-key-lime-tree-seedling',NULL),(1001,'','2012.07.23','Organic Heirloom Bull\'s Blood Beet Seeds Best tasting','http://www.etsy.com/listing/69402968/organic-heirloom-bulls-blood-beet-seeds',NULL),(1002,'','2012.07.23','Radish - Very Black Spanish - Heirloom - 30 Seeds','http://www.etsy.com/listing/82707724/radish-very-black-spanish-heirloom-30',NULL),(1003,'','2012.07.23','Warrior Blood Neo-Chief-King - Quartz Crystal Skull with Air Plant Hea...','http://www.etsy.com/listing/93097444/warrior-blood-neo-chief-king-quartz',NULL),(1004,'','2012.07.23','Bunny Air Plant Painting Killer Bunny hand painted on a record wall ar...','http://www.etsy.com/listing/80290151/bunny-air-plant-painting-killer-bunny',NULL),(1005,'','2012.07.23','Sedum Spurium Dragon\'s Blood Live Plant','http://www.etsy.com/listing/77147757/sedum-spurium-dragons-blood-live-plant',NULL),(1006,'','2012.07.23','Key Lime Tree seedlings TWINS','http://www.etsy.com/listing/98694817/key-lime-tree-seedlings-twins',NULL),(1007,'','2012.07.23','Organic Bull\'s Blood Beet, 100 seeds','http://www.etsy.com/listing/93057837/organic-bulls-blood-beet-100-seeds',NULL),(1008,'','2012.07.23','Tangerine & Key Lime Tree seedlings','http://www.etsy.com/listing/98615145/tangerine-key-lime-tree-seedlings',NULL),(1009,'','2012.07.23','Petunia Flower \'Supertunia Citrus\' Gmo Free Seeds','http://www.etsy.com/listing/95948598/petunia-flower-supertunia-citrus-gmo',NULL),(1010,'','2012.07.23','Grow an Indoor Citrus Tree Kit - mini lime tree seeds','http://www.etsy.com/listing/62795842/grow-an-indoor-citrus-tree-kit-mini-lime',NULL),(1011,'','2012.07.23','Ox Blood Ceramic Succulent Planter W/ Desert Sand, Slate and Reflectin...','http://www.etsy.com/listing/79404436/ox-blood-ceramic-succulent-planter-w',NULL),(1012,'','2012.07.23','','sombounnursery.com',NULL),(1013,'','2012.07.23','Sedum spurium \'Dragons Blood\' - Succulent Plant Ston...','http://www.etsy.com/listing/52500326/sedum-spurium-dragons-blood-succulent',NULL),(1014,'','2012.07.23','Live Grafted Key Lime Citrus Fruit Tree Healthy Well Rooted 3\'-5...','http://www.etsy.com/listing/103178270/live-grafted-key-lime-citrus-fruit-tree',NULL),(1015,'','2012.07.23','Organic Bulls Blood Beet Seeds','http://www.etsy.com/listing/54231544/organic-bulls-blood-beet-seeds',NULL),(1016,'','2012.07.23','REDUCED Pink Grapefruit Tree seedling','http://www.etsy.com/listing/99233000/reduced-pink-grapefruit-tree-seedling',NULL),(1017,'','2012.07.23','20 SEEDS BERGAMOT, KAFFIR LIME, CITRUS HYSTRIX | eBay','http://www.ebay.com/itm/20-SEEDS-BERGAMOT-KAFFIR-LIME-CITRUS-HYSTRIX-/330766757319',NULL),(1018,'','2012.07.23','WILD BERGAMOT seeds - beautiful medicinal Indian herb | eBay','http://www.ebay.com/itm/WILD-BERGAMOT-seeds-beautiful-medicinal-Indian-herb-/180931308174',NULL),(1019,'US 6.50','2012.07.23','African Violet Plant \' Rob\'s Mango Mongo \' multi plants in pot. Semimini 09Y20 | eBay','http://www.ebay.com/itm/African-Violet-Plant-Robs-Mango-Mongo-multi-plants-in-pot-Semimini-09Y20-/370632528085',NULL),(1020,'','2012.07.23','REDUCED Key Lime Tree seedling','http://www.etsy.com/listing/98694167/reduced-key-lime-tree-seedling',NULL),(1021,'','2012.07.23','Tangerine & Key Lime Tree seedlings','http://www.etsy.com/listing/98615145/tangerine-key-lime-tree-seedlings',NULL),(1022,'','2012.07.23','REDUCED Tangerine Tree seedling','http://www.etsy.com/listing/98695296/reduced-tangerine-tree-seedling',NULL),(1023,'','2012.07.23','SourSop/Annona muricata/Graviola Fruit Tree Seeds','http://www.etsy.com/listing/104025825/soursopannona-muricatagraviola-fruit',NULL),(1024,'','2012.07.23','Sorrel Herb - Heirloom - Organic - 50 Seeds','http://www.etsy.com/listing/81453539/sorrel-herb-heirloom-organic-50-seeds',NULL),(1025,'','2012.07.23','Key Lime Tree seedlings TWINS','http://www.etsy.com/listing/98694817/key-lime-tree-seedlings-twins',NULL),(1026,'','2012.07.23','Petunia Flower \'Supertunia Citrus\' Gmo Free Seeds','http://www.etsy.com/listing/95948598/petunia-flower-supertunia-citrus-gmo',NULL),(1027,'','2012.07.23','Bee Balm Herb -Medicinal - Culinary - Heirloom - Organic - 50 Seeds','http://www.etsy.com/listing/80345685/bee-balm-herb-medicinal-culinary',NULL),(1028,'','2012.07.23','Cilantro - Coriander - Herb - Heirloom 30 Seeds','http://www.etsy.com/listing/81996384/cilantro-coriander-herb-heirloom-30',NULL),(1029,'US 1.69','2012.07.23','Celosia Rare Ice Cream Mango 30 Fresh Seeds | eBay','http://www.ebay.com/itm/Celosia-Rare-Ice-Cream-Mango-30-Fresh-Seeds-/271016484307',NULL),(1030,'US 2.49','2012.07.23','100+ Black Cumin Seeds Nigella Sativa~Roman Corriander | eBay','http://www.ebay.com/itm/100-Black-Cumin-Seeds-Nigella-Sativa-Roman-Corriander-/160847229819',NULL),(1031,'US 35.00','2012.07.23','PROF DARSHAN SINGH RAGI LP Record Punjabi Bollywood India HEAR RARE-926 | eBay','http://www.ebay.com/itm/PROF-DARSHAN-SINGH-RAGI-LP-Record-Punjabi-Bollywood-India-HEAR-RARE-926-/221057933749',NULL),(1032,'','2012.07.23','REDUCED Pink Grapefruit Tree seedling','http://www.etsy.com/listing/99233000/reduced-pink-grapefruit-tree-seedling',NULL),(1033,'','2012.07.23','Live Grafted Key Lime Citrus Fruit Tree Healthy Well Rooted 3\'-5...','http://www.etsy.com/listing/103178270/live-grafted-key-lime-citrus-fruit-tree',NULL),(1034,'','2012.07.23','Grow an Indoor Citrus Tree Kit - mini lime tree seeds','http://www.etsy.com/listing/62795842/grow-an-indoor-citrus-tree-kit-mini-lime',NULL),(1035,'','2012.07.23','PIE or TART CHERRY Tree or Bush - 10 seeds','http://www.etsy.com/listing/80925018/pie-or-tart-cherry-tree-or-bush-10-seeds',NULL),(1036,'','2012.07.23','Neon Sour Apple Hanging Air Plant Terrarium Handmade Colorful Air Plan...','http://www.etsy.com/listing/102315025/neon-sour-apple-hanging-air-plant',NULL),(1037,'GBP 0.99','2012.07.23','Bergamot-Lemon- 10 seeds | eBay','http://www.ebay.com/itm/Bergamot-Lemon-10-seeds-/230822468824',NULL),(1038,'','2012.07.23','Sweet and Sour Stonecrop, Potted Succulent Plant','http://www.etsy.com/listing/101501941/sweet-and-sour-stonecrop-potted',NULL),(1039,'','2012.07.23','Tulip Flower \'China Town\' Gmo Free Seeds','http://www.etsy.com/listing/96524975/tulip-flower-china-town-gmo-free-seeds',NULL),(1040,'US 3.49','2012.07.23','200+ Black Cumin Seeds Nigella Sativa~Roman Corriander | eBay','http://www.ebay.com/itm/200-Black-Cumin-Seeds-Nigella-Sativa-Roman-Corriander-/200794510567',NULL),(1041,'','2012.07.23','15 PRINCESS TREE SEEDS-1068','http://www.etsy.com/listing/76340281/15-princess-tree-seeds-1068',NULL),(1042,'$14.99','2012.07.23','1000+ Black Cumin Seeds Nigella Sativa~Roman Corriander | eBay','http://www.ebay.com/itm/1000-Black-Cumin-Seeds-Nigella-Sativa-Roman-Corriander-/160847227087',NULL),(1043,'','2012.07.23','American Branching Aster,100 Seeds, Attract Butterflies to Your Garden','http://www.etsy.com/listing/99603595/american-branching-aster100-seeds',NULL),(1044,'','2012.07.23','Chinese Stonecrop Potted Plant, Sedum tectractinum sp f/China','http://www.etsy.com/listing/100965907/chinese-stonecrop-potted-plant-sedum',NULL),(1045,'$9.95','2012.07.23','Amazon.com: Ruby Ribbons','http://www.amazon.com/Ribbons-trade-Panicum-virgatum-Switchgrass/dp/B008M1C7ZK',NULL),(1046,'$9.95','2012.07.23','Amazon.com: Ruby Ribbons','http://www.amazon.com/Ribbons-trade-Panicum-virgatum-Switchgrass/dp/B008LI0I78',NULL),(1047,'','2012.07.23','Mosaic Planter Terra Cotta Pot Card Player','http://www.etsy.com/listing/86477650/mosaic-planter-terra-cotta-pot-card',NULL),(1048,'','2012.07.23','Mixed China Mosaic Planter Terra Cotta Pot','http://www.etsy.com/listing/86478543/mixed-china-mosaic-planter-terra-cotta',NULL),(1049,'','2012.07.23','Sprouts - China Rose Radish Organic Sprout Seeds - 4 oz.','http://www.etsy.com/listing/72807190/sprouts-china-rose-radish-organic-sprout',NULL),(1050,'','2012.07.23','AQUA BONSAI TREE for the aquarium','http://www.etsy.com/listing/75339849/aqua-bonsai-tree-for-the-aquarium',NULL),(1051,'','2012.07.23','Sprouts - China Rose Radish Organic Sprout Seeds - 1 oz.','http://www.etsy.com/listing/77262165/sprouts-china-rose-radish-organic-sprout',NULL),(1052,'','2012.07.23','','gubserfarms.com',NULL),(1053,'US 2.95','2012.07.23','Tillandsia Aeranthos x Meridionalis Hybrid Air Plants | eBay','http://www.ebay.com/itm/Tillandsia-Aeranthos-x-Meridionalis-Hybrid-Air-Plants-/170882979717',NULL),(1054,'US 33.95','2012.07.23','1914 Print Canarese Woman Grinding Millet Seed Grains Ragi Eleusine Coracana | eBay','http://www.ebay.com/itm/1914-Print-Canarese-Woman-Grinding-Millet-Seed-Grains-Ragi-Eleusine-Coracana-/310409881046',NULL),(1055,'US 2.75','2012.07.23','Wild Bergamot - Jumbo Wildflower Seed Packet (2000) | eBay','http://www.ebay.com/itm/Wild-Bergamot-Jumbo-Wildflower-Seed-Packet-2000-/310414976913',NULL),(1056,'US 75.00','2012.07.23','25\" (Murraya Koenegii) Curry Leaf Plant LIVE Tree Medicinal Health Food Herb | eBay','http://www.ebay.com/itm/25-Murraya-Koenegii-Curry-Leaf-Plant-LIVE-Tree-Medicinal-Health-Food-Herb-/320948696161',NULL),(1057,'US 58.00','2012.07.23','Live Curry Tree Plant ( Murraya Koenigii ) | eBay','http://www.ebay.com/itm/Live-Curry-Tree-Plant-Murraya-Koenigii-/320946025126',NULL),(1058,'US 35.00','2012.07.23','(Murraya Koenegii) Curry Leaf Plant LIVE Tree Medicinal Health Food Herb | eBay','http://www.ebay.com/itm/Murraya-Koenegii-Curry-Leaf-Plant-LIVE-Tree-Medicinal-Health-Food-Herb-/320947957252',NULL),(1059,'','2012.07.23','Curry Leaf Plant, Curry Plant, Curry Tree (Murraya Koenigii) | eBay','http://www.ebay.com/itm/Curry-Leaf-Plant-Curry-Plant-Curry-Tree-Murraya-Koenigii-/271022865296',NULL),(1060,'','2012.07.23','Amazon.com: David\'s Organic Greens Arugula (Eruca sativa) 500 Seeds per Packet: Patio, Lawn & Garden','http://www.amazon.com/Davids-Organic-Greens-Arugula-Seeds/dp/B003XCEYPO',NULL),(1061,'','2012.07.23','REDUCED Tangerine Tree seedling','http://www.etsy.com/listing/98695296/reduced-tangerine-tree-seedling',NULL),(1062,'$7.95','2012.07.23','FRAGRANT! ~ORANGE JASMINE~ MURRAYA SHRUB HOUSE PLANT | eBay','http://www.ebay.com/itm/FRAGRANT-ORANGE-JASMINE-MURRAYA-SHRUB-HOUSE-PLANT-/230828669589',NULL),(1063,'','2012.07.23','Bee Balm Herb -Medicinal - Culinary - Heirloom - Organic - 50 Seeds','http://www.etsy.com/listing/80345685/bee-balm-herb-medicinal-culinary',NULL),(1064,'US 34.99','2012.07.23','HADEN MANGO GRAFTED TREE LIVE FRUIT TROPICAL 1.5 FT | eBay','http://www.ebay.com/itm/HADEN-MANGO-GRAFTED-TREE-LIVE-FRUIT-TROPICAL-1-5-FT-/290746182577',NULL),(1065,'','2012.07.23','Cilantro - Coriander - Herb - Heirloom 30 Seeds','http://www.etsy.com/listing/81996384/cilantro-coriander-herb-heirloom-30',NULL),(1066,'','2012.07.23','Tangerine & Key Lime Tree seedlings','http://www.etsy.com/listing/98615145/tangerine-key-lime-tree-seedlings',NULL),(1067,'','2012.07.23','Key Lime Tree seedlings TWINS','http://www.etsy.com/listing/98694817/key-lime-tree-seedlings-twins',NULL),(1068,'','2012.07.23','REDUCED Key Lime Tree seedling','http://www.etsy.com/listing/98694167/reduced-key-lime-tree-seedling',NULL),(1069,'','2012.07.23','Petunia Flower \'Supertunia Citrus\' Gmo Free Seeds','http://www.etsy.com/listing/95948598/petunia-flower-supertunia-citrus-gmo',NULL),(1070,'','2012.07.23','REDUCED Pink Grapefruit Tree seedling','http://www.etsy.com/listing/99233000/reduced-pink-grapefruit-tree-seedling',NULL),(1071,'','2012.07.23','Live Grafted Key Lime Citrus Fruit Tree Healthy Well Rooted 3\'-5...','http://www.etsy.com/listing/103178270/live-grafted-key-lime-citrus-fruit-tree',NULL),(1072,'','2012.07.23','Grow an Indoor Citrus Tree Kit - mini lime tree seeds','http://www.etsy.com/listing/62795842/grow-an-indoor-citrus-tree-kit-mini-lime',NULL),(1073,'','2012.07.23','Sweet Orange, Pink Grapefruit. All Natural Mineral Bath Salt using Pu...','http://www.etsy.com/listing/97688715/sweet-orange-pink-grapefruit-all-natural',NULL),(1074,'','2012.07.23','Bean - Lima Dixie White - Bush Type - Heirloom - Organic - 25 Seeds','http://www.etsy.com/listing/80340660/bean-lima-dixie-white-bush-type-heirloom',NULL),(1075,'','2012.07.23','LiMa beAn heirloom seeds from our organic garden','http://www.etsy.com/listing/68543516/lima-bean-heirloom-seeds-from-our',NULL),(1076,'US 45.00','2012.07.23','Murraya Paniculata , 1 seedling Rutacea family, 2 year old | eBay','http://www.ebay.com/itm/Murraya-Paniculata-1-seedling-Rutacea-family-2-year-old-/160847081063',NULL),(1077,'','2012.07.23','10MLS - FREDERIC MALLE - BIGARADE CONCENTREE EDP | eBay','http://www.ebay.com/itm/10MLS-FREDERIC-MALLE-BIGARADE-CONCENTREE-EDP-/300745690924',NULL),(1078,'','2012.07.23','Frederic Malle Bigarade Concentree 100ml EdP | eBay','http://www.ebay.com/itm/Frederic-Malle-Bigarade-Concentree-100ml-EdP-/130733934058',NULL),(1079,'','2012.07.23','Ornamental Colors Perennial \"Miscanthus Grass\" Seeds | eBay','http://www.ebay.com/itm/Ornamental-Colors-Perennial-Miscanthus-Grass-Seeds-/170882961243',NULL),(1080,'US 1.25','2012.07.23','Ornamental Perennial \"Miscanthus Graziella Grass\" Seeds | eBay','http://www.ebay.com/itm/Ornamental-Perennial-Miscanthus-Graziella-Grass-Seeds-/160847838222',NULL),(1081,'','2012.07.23','Ornamental Colors Perennial \"Miscanthus Grass\" Seeds | eBay','http://www.ebay.com/itm/Ornamental-Colors-Perennial-Miscanthus-Grass-Seeds-/170883520458',NULL),(1082,'','2012.07.23','1 Bag 100 seed Eruca sativa vegetables Delicious D021 | eBay','http://www.ebay.com/itm/1-Bag-100-seed-Eruca-sativa-vegetables-Delicious-D021-/230829475846',NULL),(1083,'US 1.25','2012.07.23','Ornamental Perennial \"Miscanthus Huron Sunrise Grass\" Seeds | eBay','http://www.ebay.com/itm/Ornamental-Perennial-Miscanthus-Huron-Sunrise-Grass-Seeds-/160841543804',NULL),(1084,'US 32.99','2012.07.23','FREDERIC MALLE Perfume BIGARADE CONCENTREE BODY MILK | eBay','http://www.ebay.com/itm/FREDERIC-MALLE-Perfume-BIGARADE-CONCENTREE-BODY-MILK-/330768521563',NULL),(1085,'','2012.07.23','Organic Krishna Tulsi Seeds. Holy Basil Seeds Hawaii Grown Sacred Site...','http://www.etsy.com/listing/103410259/organic-krishna-tulsi-seeds-holy-basil',NULL),(1086,'','2012.07.23','BULK, 100 Seeds, Lemon Queen Sunflower, Kids Love These','http://www.etsy.com/listing/104003136/bulk-100-seeds-lemon-queen-sunflower',NULL),(1087,'','2012.07.23','Basil with lemon flavour 20 seeds','http://www.etsy.com/listing/103908149/basil-with-lemon-flavour-20-seeds',NULL),(1088,'US 1.75','2012.07.23','Onixotis (O. punctata x 5 seeds) | eBay','http://www.ebay.com/itm/Onixotis-O-punctata-x-5-seeds-/120955543744',NULL),(1089,'','2012.07.23','Limara Lemon Cosmos Seeds : Old Fashioned Favorite in New Bold Vibrant...','http://www.etsy.com/listing/103058051/limara-lemon-cosmos-seeds-old-fashioned',NULL),(1090,'','2012.07.23','organic lemon tree seedling home grown','http://www.etsy.com/listing/104601636/organic-lemon-tree-seedling-home-grown',NULL),(1091,'US 22.00','2012.07.23','Murraya Exotica, Rutacea family,1.5 year old plant RARE,Dwarf variety for bonsai | eBay','http://www.ebay.com/itm/Murraya-Exotica-Rutacea-family-1-5-year-old-plant-RARE-Dwarf-variety-for-bonsai-/150862799058',NULL),(1092,'','2012.07.23','Heirloom Lemon Queen Sunflower Seeds','http://www.etsy.com/listing/104232746/heirloom-lemon-queen-sunflower-seeds',NULL),(1093,'','2012.07.23','Lemon Grass (East Indian) Cymbopogon flexuosus 250 Seeds/100 Mg','http://www.etsy.com/listing/73097553/lemon-grass-east-indian-cymbopogon',NULL),(1094,'','2012.07.23','Organic Lemon Balm Seeds 140mg Plus a FREE Pack of Surprise Bonus See...','http://www.etsy.com/listing/98556355/organic-lemon-balm-seeds-140mg-plus-a',NULL),(1095,'','2012.07.23','SPRING - Round glass terrarium with (3) Premium Air plants, Lime Reind...','http://www.etsy.com/listing/104140830/spring-round-glass-terrarium-with-3',NULL),(1096,'GBP 1.50','2012.07.23','MONARDA PUNCTATA SPOTTED BEE BALM 50 SEEDS | eBay','http://www.ebay.com/itm/MONARDA-PUNCTATA-SPOTTED-BEE-BALM-50-SEEDS-/230821278493',NULL),(1097,'','2012.07.23','Heirloom Royalty Purple Podded Bean Seeds','http://www.etsy.com/listing/67416645/heirloom-royalty-purple-podded-bean',NULL),(1098,'','2012.07.23','Organic Garden Seeds Snow Pea Seed Spring Winter Vegetable - Oregon Su...','http://www.etsy.com/listing/94085490/organic-garden-seeds-snow-pea-seed',NULL),(1099,'','2012.07.23','Single Air Plant Pod - Mustard Yellow','http://www.etsy.com/listing/83037572/single-air-plant-pod-mustard-yellow',NULL),(1100,'GBP 1.50','2012.07.23','CAMPANULA PUNCTATA RUBRIFLORA HARDY PERENNIAL 100 SEEDS | eBay','http://www.ebay.com/itm/CAMPANULA-PUNCTATA-RUBRIFLORA-HARDY-PERENNIAL-100-SEEDS-/380452571733',NULL),(1101,'','2012.07.23','Single Bulbosa Air Plant Pod - Black','http://www.etsy.com/listing/82760839/single-bulbosa-air-plant-pod-black',NULL),(1102,'','2012.07.23','Green Pod, Stringless Green Beans, Seeds, Grown on our Farm, 20 seeds','http://www.etsy.com/listing/104319359/green-pod-stringless-green-beans-seeds',NULL),(1103,'','2012.07.23','BULK, 50 Oregon Sugar Pod II Peas, Seeds','http://www.etsy.com/listing/103981532/bulk-50-oregon-sugar-pod-ii-peas-seeds',NULL),(1104,'','2012.07.23','Single Air Plant Pod - Blue','http://www.etsy.com/listing/82761728/single-air-plant-pod-blue',NULL),(1105,'','2012.07.23','Peas in a Pod - 50 Seed Bombs','http://www.etsy.com/listing/96659102/peas-in-a-pod-50-seed-bombs',NULL),(1106,'','2012.07.23','Electric Purple Hand Dipped Pod (No Plant)','http://www.etsy.com/listing/104262022/electric-purple-hand-dipped-pod-no-plant',NULL),(1107,'','2012.07.23','Colorful Hanging Air Plants in Custom Cotton Hanging Pods','http://www.etsy.com/listing/96532853/colorful-hanging-air-plants-in-custom',NULL),(1108,'','2012.07.23','Money Plant Lunaria annua Seeds','http://www.etsy.com/listing/62774634/money-plant-lunaria-annua-seeds',NULL),(1109,'','2012.07.23','natural MAGNOLIA SEED PODS --4 pods','http://www.etsy.com/listing/103728544/natural-magnolia-seed-pods-4-pods',NULL),(1110,'','2012.07.23','Brown Cow Desert Landscape Air Plant Terrarium - rocks, tillandsia, br...','http://www.etsy.com/listing/94391220/brown-cow-desert-landscape-air-plant',NULL),(1111,'','2012.07.23','Air Plant Pod - Hello Chalkboard Mint','http://www.etsy.com/listing/95055684/air-plant-pod-hello-chalkboard-mint',NULL),(1112,'','2012.07.23','Single Bulbosa Air Plant Pod - Copper','http://www.etsy.com/listing/82762200/single-bulbosa-air-plant-pod-copper',NULL),(1113,'','2012.07.23','Neon Pink Pod (No Plant)','http://www.etsy.com/listing/103792293/neon-pink-pod-no-plant',NULL),(1114,'','2012.07.23','Neon Yellow Pod with Veluntina Air Plant','http://www.etsy.com/listing/104261342/neon-yellow-pod-with-veluntina-air-plant',NULL),(1115,'','2012.07.23','Monkey Ear aka Elephant Ear Seed Pods','http://www.etsy.com/listing/55567548/monkey-ear-aka-elephant-ear-seed-pods',NULL),(1116,'','2012.07.23','Witch\'s burr, sweet gum seed pods','http://www.etsy.com/listing/71632959/witchs-burr-sweet-gum-seed-pods',NULL),(1117,'','2012.07.23','Milkweed seeds','http://www.etsy.com/listing/47962637/milkweed-seeds',NULL),(1118,'','2012.07.23','Single Air Plant Pod - Metallic Green','http://www.etsy.com/listing/87645071/single-air-plant-pod-metallic-green',NULL),(1119,'','2012.07.23','Organic Blue Podded Shelling Pea Seeds Plant for Spring early Summer V...','http://www.etsy.com/listing/102954143/organic-blue-podded-shelling-pea-seeds',NULL),(1120,'','2012.07.23','Air Plant Pod - Black & White Valentine','http://www.etsy.com/listing/90066907/air-plant-pod-black-white-valentine',NULL),(1121,'','2012.07.23','Neon Yellow Hand Dipped Pod (No Plant)','http://www.etsy.com/listing/104261906/neon-yellow-hand-dipped-pod-no-plant',NULL),(1122,'','2012.07.23','20 Okra Seeds - Clemson Spineless','http://www.etsy.com/listing/85896045/20-okra-seeds-clemson-spineless',NULL),(1123,'','2012.07.23','Two (2) Live Theobroma cacao seedlings for 15 dollars','http://www.etsy.com/listing/97979978/two-2-live-theobroma-cacao-seedlings-for',NULL),(1124,'','2012.07.23','silver dollar plant, Lunaria, moonwort, money plant, Honesty, 100 pod...','http://www.etsy.com/listing/90782768/silver-dollar-plant-lunaria-moonwort',NULL),(1125,'','2012.07.23','Steampunk Octopus Air Plant Terrarium with Eucalyptus Pods','http://www.etsy.com/listing/91598306/steampunk-octopus-air-plant-terrarium',NULL),(1126,'US 3.80','2012.07.23','Onixotis Punctata - South African Bulb - 10 Seeds | eBay','http://www.ebay.com/itm/Onixotis-Punctata-South-African-Bulb-10-Seeds-/251109904185',NULL);
/*!40000 ALTER TABLE `infractions` ENABLE KEYS */;
UNLOCK TABLES;

--
-- Table structure for table `infractions_searchterms`
--

DROP TABLE IF EXISTS `infractions_searchterms`;
/*!40101 SET @saved_cs_client     = @@character_set_client */;
/*!40101 SET character_set_client = utf8 */;
CREATE TABLE `infractions_searchterms` (
  `id` int(11) unsigned NOT NULL AUTO_INCREMENT,
  `searchterms_id` int(11) unsigned DEFAULT NULL,
  `infractions_id` int(11) unsigned DEFAULT NULL,
  PRIMARY KEY (`id`),
  UNIQUE KEY `UQ_0f28642e8b663dd3fd8adfc9b2a128df6af5ab13` (`infractions_id`,`searchterms_id`),
  KEY `index_for_infractions_searchterms_searchterms_id` (`searchterms_id`),
  KEY `index_for_infractions_searchterms_infractions_id` (`infractions_id`),
  CONSTRAINT `infractions_searchterms_ibfk_1` FOREIGN KEY (`searchterms_id`) REFERENCES `searchterms` (`id`) ON DELETE CASCADE,
  CONSTRAINT `infractions_searchterms_ibfk_2` FOREIGN KEY (`infractions_id`) REFERENCES `infractions` (`id`) ON DELETE CASCADE
) ENGINE=InnoDB AUTO_INCREMENT=1127 DEFAULT CHARSET=utf8 COLLATE=utf8_unicode_ci;
/*!40101 SET character_set_client = @saved_cs_client */;

--
-- Dumping data for table `infractions_searchterms`
--

LOCK TABLES `infractions_searchterms` WRITE;
/*!40000 ALTER TABLE `infractions_searchterms` DISABLE KEYS */;
INSERT INTO `infractions_searchterms` VALUES (1,1,1),(2,1,2),(3,1,3),(4,1,4),(5,1,5),(6,1,6),(7,2,7),(8,3,8),(9,2,9),(10,4,10),(11,2,11),(12,4,12),(13,2,13),(14,2,14),(15,2,15),(16,2,16),(17,1,17),(18,2,18),(19,1,19),(20,1,20),(21,4,21),(22,2,22),(23,4,23),(24,2,24),(25,1,25),(26,2,26),(27,2,27),(28,2,28),(29,4,29),(30,2,30),(31,2,31),(32,2,32),(33,4,33),(34,2,34),(35,2,35),(36,4,36),(37,2,37),(38,2,38),(39,2,39),(40,2,40),(41,5,41),(42,5,42),(43,5,43),(44,5,44),(45,5,45),(46,5,46),(47,5,47),(48,5,48),(49,5,49),(50,5,50),(51,6,51),(52,6,52),(53,6,53),(54,6,54),(55,6,55),(56,6,56),(57,6,57),(58,6,58),(59,1,59),(60,6,60),(61,6,61),(62,7,62),(63,6,63),(64,6,64),(65,6,65),(66,6,66),(67,6,67),(68,6,68),(69,6,69),(70,6,70),(71,7,71),(72,7,72),(73,6,73),(74,6,74),(75,1,75),(76,6,76),(77,7,77),(78,6,78),(79,7,79),(80,7,80),(81,6,81),(82,7,82),(83,7,83),(84,1,84),(85,1,85),(86,1,86),(87,1,87),(88,6,88),(89,1,89),(90,1,90),(91,1,91),(92,1,92),(93,1,93),(94,8,94),(95,9,95),(96,9,96),(97,9,97),(98,9,98),(99,9,99),(100,10,100),(101,9,101),(102,10,102),(103,9,103),(104,9,104),(105,9,105),(106,9,106),(107,10,107),(108,9,108),(109,9,109),(110,9,110),(111,9,111),(112,9,112),(113,9,113),(114,9,114),(115,9,115),(116,9,116),(117,10,117),(118,10,118),(119,9,119),(120,1,120),(121,1,121),(122,9,122),(123,1,123),(124,9,124),(125,1,125),(126,9,126),(127,11,127),(128,11,128),(129,11,129),(130,11,130),(131,11,131),(132,11,132),(133,11,133),(134,9,134),(135,9,135),(136,12,136),(137,11,137),(138,9,138),(139,11,139),(140,9,140),(141,11,141),(142,1,142),(143,12,143),(144,1,144),(145,12,145),(146,12,146),(147,12,147),(148,12,148),(149,9,149),(150,12,150),(151,12,151),(152,12,152),(153,11,153),(154,12,154),(155,12,155),(156,12,156),(157,12,157),(158,12,158),(159,12,159),(160,1,160),(161,12,161),(162,9,162),(163,12,163),(164,12,164),(165,12,165),(166,12,166),(167,12,167),(168,12,168),(169,12,169),(170,12,170),(171,1,171),(172,9,172),(173,9,173),(174,12,174),(175,12,175),(176,9,176),(177,9,177),(178,9,178),(179,9,179),(180,1,180),(181,1,181),(182,1,182),(183,1,183),(184,1,184),(185,13,185),(186,13,186),(187,13,187),(188,13,188),(189,13,189),(190,13,190),(191,13,191),(192,13,192),(193,13,193),(194,13,194),(195,1,195),(196,13,196),(197,1,197),(198,14,198),(199,1,199),(200,15,200),(201,1,201),(202,1,202),(203,1,203),(204,14,204),(205,14,205),(206,14,206),(207,14,207),(208,14,208),(209,14,209),(210,14,210),(211,16,211),(212,14,212),(213,14,213),(214,17,214),(215,14,215),(216,17,216),(217,17,217),(218,17,218),(219,17,219),(220,18,220),(221,17,221),(222,17,222),(223,1,223),(224,1,224),(225,1,225),(226,1,226),(227,18,227),(228,1,228),(229,17,229),(230,17,230),(231,17,231),(232,1,232),(233,1,233),(234,17,234),(235,1,235),(236,1,236),(237,1,237),(238,18,238),(239,18,239),(240,18,240),(241,18,241),(242,18,242),(243,19,243),(244,18,244),(245,20,245),(246,1,246),(247,18,247),(248,18,248),(249,19,249),(250,21,250),(251,22,251),(252,18,252),(253,22,253),(254,23,254),(255,21,255),(256,22,256),(257,21,257),(258,18,258),(259,22,259),(260,22,260),(261,18,261),(262,22,262),(263,24,263),(264,22,264),(265,18,265),(266,22,266),(267,22,267),(268,22,268),(269,22,269),(270,22,270),(271,22,271),(272,22,272),(273,18,273),(274,22,274),(275,22,275),(276,25,276),(277,22,277),(278,22,278),(279,22,279),(280,18,280),(281,26,281),(282,27,282),(283,28,283),(284,28,284),(285,28,285),(286,28,286),(287,29,287),(288,28,288),(289,29,289),(290,28,290),(291,29,291),(292,29,292),(293,29,293),(294,29,294),(295,26,295),(296,29,296),(297,28,297),(298,28,298),(299,28,299),(300,29,300),(301,29,301),(302,28,302),(303,29,303),(304,30,304),(305,30,305),(306,30,306),(307,30,307),(308,30,308),(309,30,309),(310,9,310),(311,9,311),(312,31,312),(313,31,313),(314,32,314),(315,30,315),(316,9,316),(317,33,317),(318,31,318),(319,31,319),(320,30,320),(321,30,321),(322,30,322),(323,34,323),(324,34,324),(325,34,325),(326,30,326),(327,34,327),(328,34,328),(329,34,329),(330,34,330),(331,34,331),(332,35,332),(333,1,333),(334,36,334),(335,36,335),(336,36,336),(337,36,337),(338,36,338),(339,36,339),(340,37,340),(341,36,341),(342,36,342),(343,36,343),(344,37,344),(345,36,345),(346,36,346),(347,36,347),(348,37,348),(349,37,349),(350,37,350),(351,38,351),(352,39,352),(353,37,353),(354,38,354),(355,40,355),(356,40,356),(357,1,357),(358,1,358),(359,1,359),(360,41,360),(361,38,361),(362,40,362),(363,40,363),(364,40,364),(365,40,365),(366,40,366),(367,40,367),(368,40,368),(369,40,369),(370,1,370),(371,1,371),(372,39,372),(373,1,373),(374,39,374),(375,42,375),(376,39,376),(377,42,377),(378,39,378),(379,42,379),(380,42,380),(381,42,381),(382,42,382),(383,42,383),(384,42,384),(385,42,385),(386,42,386),(387,42,387),(388,42,388),(389,42,389),(390,42,390),(391,42,391),(392,42,392),(393,42,393),(394,43,394),(395,42,395),(396,43,396),(397,42,397),(398,43,398),(399,42,399),(400,43,400),(401,43,401),(402,42,402),(403,43,403),(404,43,404),(405,42,405),(406,43,406),(407,44,407),(408,43,408),(409,45,409),(410,45,410),(411,45,411),(412,45,412),(413,46,413),(414,46,414),(415,46,415),(416,45,416),(417,45,417),(418,46,418),(419,46,419),(420,45,420),(421,43,421),(422,46,422),(423,46,423),(424,45,424),(425,45,425),(426,46,426),(427,45,427),(428,45,428),(429,45,429),(430,45,430),(431,47,431),(432,45,432),(433,45,433),(434,46,434),(435,45,435),(436,47,436),(437,45,437),(438,45,438),(439,46,439),(440,45,440),(441,45,441),(442,45,442),(443,45,443),(444,45,444),(445,45,445),(446,47,446),(447,45,447),(448,47,448),(449,47,449),(450,47,450),(451,47,451),(452,47,452),(453,48,453),(454,48,454),(455,47,455),(456,48,456),(457,48,457),(458,47,458),(459,47,459),(460,47,460),(461,48,461),(462,48,462),(463,48,463),(464,48,464),(465,48,465),(466,48,466),(467,48,467),(468,48,468),(469,48,469),(470,48,470),(471,48,471),(472,48,472),(473,48,473),(474,48,474),(475,48,475),(476,49,476),(477,48,477),(478,48,478),(479,48,479),(480,49,480),(481,49,481),(482,49,482),(483,49,483),(484,48,484),(485,49,485),(486,48,486),(487,49,487),(488,49,488),(489,47,489),(490,48,490),(491,49,491),(492,49,492),(493,49,493),(494,50,494),(495,50,495),(496,51,496),(497,52,497),(498,52,498),(499,52,499),(500,52,500),(501,52,501),(502,52,502),(503,52,503),(504,53,504),(505,53,505),(506,53,506),(507,53,507),(508,53,508),(509,53,509),(510,53,510),(511,53,511),(512,53,512),(513,53,513),(514,52,514),(515,53,515),(516,53,516),(517,52,517),(518,53,518),(519,52,519),(520,52,520),(521,53,521),(522,53,522),(523,53,523),(524,53,524),(525,52,525),(526,52,526),(527,53,527),(528,53,528),(529,52,529),(530,52,530),(531,52,531),(532,51,532),(533,52,533),(534,52,534),(535,51,535),(536,52,536),(537,52,537),(538,52,538),(539,52,539),(540,14,540),(541,37,541),(542,52,542),(543,25,543),(544,52,544),(545,37,545),(546,37,546),(547,37,547),(548,37,548),(549,37,549),(550,37,550),(551,37,551),(552,37,552),(553,37,553),(554,37,554),(555,37,555),(556,37,556),(557,37,557),(558,37,558),(559,37,559),(560,37,560),(561,37,561),(562,1,562),(563,37,563),(564,37,564),(565,37,565),(566,37,566),(567,37,567),(568,37,568),(569,37,569),(570,37,570),(571,37,571),(572,37,572),(573,37,573),(574,10,574),(575,37,575),(576,37,576),(577,37,577),(578,37,578),(579,37,579),(580,37,580),(581,37,581),(582,37,582),(583,37,583),(584,54,584),(585,37,585),(586,54,586),(587,54,587),(588,54,588),(589,52,589),(590,54,590),(591,54,591),(592,54,592),(593,54,593),(594,54,594),(595,54,595),(596,54,596),(597,54,597),(598,54,598),(599,54,599),(600,31,600),(601,54,601),(602,55,602),(603,54,603),(604,1,604),(605,54,605),(606,31,606),(607,54,607),(608,31,608),(609,54,609),(610,54,610),(611,54,611),(612,54,612),(613,55,613),(614,54,614),(615,54,615),(616,54,616),(617,55,617),(618,55,618),(619,54,619),(620,55,620),(621,55,621),(622,54,622),(623,54,623),(624,55,624),(625,55,625),(626,55,626),(627,55,627),(628,55,628),(629,55,629),(630,54,630),(631,55,631),(632,31,632),(633,55,633),(634,55,634),(635,55,635),(636,56,636),(637,56,637),(638,56,638),(639,56,639),(640,56,640),(641,56,641),(642,56,642),(643,56,643),(644,57,644),(645,56,645),(646,56,646),(647,55,647),(648,58,648),(649,58,649),(650,58,650),(651,58,651),(652,58,652),(653,58,653),(654,58,654),(655,58,655),(656,58,656),(657,58,657),(658,58,658),(659,58,659),(660,58,660),(661,58,661),(662,58,662),(663,58,663),(664,58,664),(665,31,665),(666,58,666),(667,58,667),(668,1,668),(669,58,669),(670,58,670),(671,1,671),(672,58,672),(673,59,673),(674,60,674),(675,60,675),(676,59,676),(677,60,677),(678,60,678),(679,59,679),(680,60,680),(681,61,681),(682,62,682),(683,58,683),(684,60,684),(685,62,685),(686,60,686),(687,60,687),(688,63,688),(689,62,689),(690,63,690),(691,63,691),(692,63,692),(693,63,693),(694,63,694),(695,64,695),(696,63,696),(697,62,697),(698,63,698),(699,63,699),(700,62,700),(701,4,701),(702,63,702),(703,62,703),(704,62,704),(705,62,705),(706,62,706),(707,65,707),(708,65,708),(709,65,709),(710,65,710),(711,65,711),(712,65,712),(713,65,713),(714,65,714),(715,65,715),(716,65,716),(717,65,717),(718,60,718),(719,60,719),(720,60,720),(721,60,721),(722,66,722),(723,60,723),(724,60,724),(725,67,725),(726,67,726),(727,67,727),(728,67,728),(729,67,729),(730,67,730),(731,67,731),(732,67,732),(733,67,733),(734,67,734),(735,68,735),(736,68,736),(737,69,737),(738,66,738),(739,66,739),(740,69,740),(741,69,741),(742,69,742),(743,69,743),(744,69,744),(745,69,745),(746,69,746),(747,69,747),(748,69,748),(749,69,749),(750,69,750),(751,69,751),(752,69,752),(753,69,753),(754,69,754),(755,69,755),(756,69,756),(757,69,757),(758,69,758),(759,69,759),(760,69,760),(761,69,761),(762,69,762),(763,69,763),(764,69,764),(765,69,765),(766,69,766),(767,69,767),(768,69,768),(769,51,769),(770,69,770),(771,51,771),(772,51,772),(773,51,773),(774,51,774),(775,51,775),(776,51,776),(777,51,777),(778,69,778),(779,69,779),(780,69,780),(781,69,781),(782,69,782),(783,70,783),(784,70,784),(785,70,785),(786,69,786),(787,70,787),(788,71,788),(789,71,789),(790,71,790),(791,71,791),(792,71,792),(793,71,793),(794,71,794),(795,71,795),(796,71,796),(797,71,797),(798,71,798),(799,71,799),(800,71,800),(801,71,801),(802,71,802),(803,71,803),(804,71,804),(805,71,805),(806,71,806),(807,71,807),(808,71,808),(809,71,809),(810,71,810),(811,71,811),(812,71,812),(813,71,813),(814,71,814),(815,71,815),(816,71,816),(817,71,817),(818,71,818),(819,71,819),(820,71,820),(821,71,821),(822,71,822),(823,71,823),(824,71,824),(825,71,825),(826,71,826),(827,71,827),(828,71,828),(829,71,829),(830,71,830),(831,71,831),(832,71,832),(833,72,833),(834,72,834),(835,72,835),(836,71,836),(837,71,837),(838,72,838),(839,72,839),(840,72,840),(841,72,841),(842,71,842),(843,72,843),(844,72,844),(845,72,845),(846,72,846),(847,72,847),(848,71,848),(849,72,849),(850,72,850),(851,71,851),(852,72,852),(853,71,853),(854,72,854),(855,72,855),(856,72,856),(857,71,857),(858,72,858),(859,72,859),(860,72,860),(861,73,861),(862,73,862),(863,73,863),(864,72,864),(865,72,865),(866,73,866),(867,73,867),(868,71,868),(869,72,869),(870,73,870),(871,73,871),(872,73,872),(873,73,873),(874,72,874),(875,71,875),(876,71,876),(877,71,877),(878,71,878),(879,73,879),(880,74,880),(881,71,881),(882,74,882),(883,74,883),(884,74,884),(885,74,885),(886,74,886),(887,74,887),(888,74,888),(889,74,889),(890,74,890),(891,71,891),(892,74,892),(893,74,893),(894,74,894),(895,74,895),(896,74,896),(897,74,897),(898,74,898),(899,74,899),(900,74,900),(901,74,901),(902,74,902),(903,74,903),(904,74,904),(905,74,905),(906,24,906),(907,75,907),(908,74,908),(909,75,909),(910,75,910),(911,24,911),(912,75,912),(913,75,913),(914,75,914),(915,71,915),(916,24,916),(917,75,917),(918,75,918),(919,75,919),(920,71,920),(921,75,921),(922,75,922),(923,71,923),(924,75,924),(925,75,925),(926,75,926),(927,24,927),(928,75,928),(929,75,929),(930,75,930),(931,75,931),(932,75,932),(933,75,933),(934,76,934),(935,77,935),(936,24,936),(937,76,937),(938,76,938),(939,75,939),(940,78,940),(941,75,941),(942,78,942),(943,78,943),(944,24,944),(945,78,945),(946,78,946),(947,78,947),(948,77,948),(949,79,949),(950,79,950),(951,79,951),(952,79,952),(953,80,953),(954,79,954),(955,79,955),(956,79,956),(957,79,957),(958,79,958),(959,79,959),(960,79,960),(961,79,961),(962,79,962),(963,79,963),(964,81,964),(965,79,965),(966,79,966),(967,79,967),(968,79,968),(969,79,969),(970,79,970),(971,79,971),(972,79,972),(973,79,973),(974,79,974),(975,79,975),(976,79,976),(977,79,977),(978,79,978),(979,79,979),(980,79,980),(981,79,981),(982,79,982),(983,79,983),(984,79,984),(985,79,985),(986,79,986),(987,79,987),(988,79,988),(989,82,989),(990,82,990),(991,79,991),(992,83,992),(993,82,993),(994,83,994),(995,84,995),(996,84,996),(997,83,997),(998,84,998),(999,82,999),(1000,84,1000),(1001,83,1001),(1002,83,1002),(1003,83,1003),(1004,83,1004),(1005,83,1005),(1006,84,1006),(1007,83,1007),(1008,84,1008),(1009,84,1009),(1010,84,1010),(1011,83,1011),(1012,1,1012),(1013,83,1013),(1014,84,1014),(1015,83,1015),(1016,84,1016),(1017,85,1017),(1018,85,1018),(1019,79,1019),(1020,86,1020),(1021,86,1021),(1022,86,1022),(1023,87,1023),(1024,87,1024),(1025,86,1025),(1026,86,1026),(1027,86,1027),(1028,86,1028),(1029,79,1029),(1030,82,1030),(1031,88,1031),(1032,86,1032),(1033,86,1033),(1034,86,1034),(1035,87,1035),(1036,87,1036),(1037,85,1037),(1038,87,1038),(1039,89,1039),(1040,82,1040),(1041,89,1041),(1042,82,1042),(1043,89,1043),(1044,89,1044),(1045,90,1045),(1046,90,1046),(1047,89,1047),(1048,89,1048),(1049,89,1049),(1050,89,1050),(1051,89,1051),(1052,1,1052),(1053,91,1053),(1054,88,1054),(1055,85,1055),(1056,92,1056),(1057,92,1057),(1058,92,1058),(1059,92,1059),(1060,82,1060),(1061,93,1061),(1062,92,1062),(1063,93,1063),(1064,79,1064),(1065,93,1065),(1066,93,1066),(1067,93,1067),(1068,93,1068),(1069,93,1069),(1070,93,1070),(1071,93,1071),(1072,93,1072),(1073,93,1073),(1074,94,1074),(1075,94,1075),(1076,92,1076),(1077,95,1077),(1078,95,1078),(1079,96,1079),(1080,96,1080),(1081,96,1081),(1082,82,1082),(1083,96,1083),(1084,95,1084),(1085,97,1085),(1086,98,1086),(1087,98,1087),(1088,99,1088),(1089,98,1089),(1090,98,1090),(1091,92,1091),(1092,98,1092),(1093,98,1093),(1094,98,1094),(1095,100,1095),(1096,99,1096),(1097,100,1097),(1098,100,1098),(1099,100,1099),(1100,99,1100),(1101,100,1101),(1102,100,1102),(1103,100,1103),(1104,100,1104),(1105,100,1105),(1106,100,1106),(1107,100,1107),(1108,100,1108),(1109,100,1109),(1110,100,1110),(1111,100,1111),(1112,100,1112),(1113,100,1113),(1114,100,1114),(1115,100,1115),(1116,100,1116),(1117,100,1117),(1118,100,1118),(1119,100,1119),(1120,100,1120),(1121,100,1121),(1122,100,1122),(1123,100,1123),(1124,100,1124),(1125,100,1125),(1126,99,1126);
/*!40000 ALTER TABLE `infractions_searchterms` ENABLE KEYS */;
UNLOCK TABLES;

--
-- Table structure for table `infractions_sellers`
--

DROP TABLE IF EXISTS `infractions_sellers`;
/*!40101 SET @saved_cs_client     = @@character_set_client */;
/*!40101 SET character_set_client = utf8 */;
CREATE TABLE `infractions_sellers` (
  `id` int(11) unsigned NOT NULL AUTO_INCREMENT,
  `sellers_id` int(11) unsigned DEFAULT NULL,
  `infractions_id` int(11) unsigned DEFAULT NULL,
  PRIMARY KEY (`id`),
  UNIQUE KEY `UQ_d6b15f700b80313067c288edf9e80a4d6dc75a68` (`infractions_id`,`sellers_id`),
  KEY `index_for_infractions_sellers_sellers_id` (`sellers_id`),
  KEY `index_for_infractions_sellers_infractions_id` (`infractions_id`),
  CONSTRAINT `infractions_sellers_ibfk_1` FOREIGN KEY (`sellers_id`) REFERENCES `sellers` (`id`) ON DELETE CASCADE,
  CONSTRAINT `infractions_sellers_ibfk_2` FOREIGN KEY (`infractions_id`) REFERENCES `infractions` (`id`) ON DELETE CASCADE
) ENGINE=InnoDB AUTO_INCREMENT=1127 DEFAULT CHARSET=utf8 COLLATE=utf8_unicode_ci;
/*!40101 SET character_set_client = @saved_cs_client */;

--
-- Dumping data for table `infractions_sellers`
--

LOCK TABLES `infractions_sellers` WRITE;
/*!40000 ALTER TABLE `infractions_sellers` DISABLE KEYS */;
INSERT INTO `infractions_sellers` VALUES (1,1,1),(2,2,2),(3,2,3),(4,2,4),(5,2,5),(6,2,6),(7,2,7),(8,2,8),(9,2,9),(10,2,10),(11,2,11),(12,2,12),(13,2,13),(14,2,14),(15,2,15),(16,2,16),(17,2,17),(18,2,18),(19,2,19),(20,2,20),(21,2,21),(22,2,22),(23,2,23),(24,2,24),(25,2,25),(26,2,26),(27,2,27),(28,2,28),(29,2,29),(30,2,30),(31,2,31),(32,2,32),(33,2,33),(34,2,34),(35,2,35),(36,2,36),(37,2,37),(38,2,38),(39,2,39),(40,2,40),(41,2,41),(42,2,42),(43,2,43),(44,2,44),(45,2,45),(46,2,46),(47,2,47),(48,2,48),(49,2,49),(50,2,50),(51,2,51),(52,2,52),(53,2,53),(54,2,54),(55,2,55),(56,2,56),(57,2,57),(58,2,58),(59,2,59),(60,2,60),(61,2,61),(62,2,62),(63,2,63),(64,2,64),(65,2,65),(66,2,66),(67,2,67),(68,2,68),(69,2,69),(70,2,70),(71,2,71),(72,2,72),(73,2,73),(74,2,74),(75,2,75),(76,2,76),(77,2,77),(78,2,78),(79,2,79),(80,2,80),(81,2,81),(82,2,82),(83,2,83),(84,2,84),(85,2,85),(86,2,86),(87,2,87),(88,2,88),(89,2,89),(90,2,90),(91,2,91),(92,2,92),(93,2,93),(94,3,94),(95,4,95),(96,4,96),(97,4,97),(98,4,98),(99,5,99),(100,4,100),(101,4,101),(102,6,102),(103,4,103),(104,4,104),(105,4,105),(106,4,106),(107,4,107),(108,4,108),(109,4,109),(110,4,110),(111,4,111),(112,4,112),(113,7,113),(114,4,114),(115,4,115),(116,4,116),(117,4,117),(118,4,118),(119,7,119),(120,2,120),(121,2,121),(122,8,122),(123,2,123),(124,9,124),(125,2,125),(126,10,126),(127,2,127),(128,2,128),(129,2,129),(130,2,130),(131,2,131),(132,2,132),(133,2,133),(134,10,134),(135,4,135),(136,2,136),(137,2,137),(138,4,138),(139,2,139),(140,4,140),(141,2,141),(142,2,142),(143,2,143),(144,2,144),(145,2,145),(146,2,146),(147,2,147),(148,2,148),(149,4,149),(150,2,150),(151,2,151),(152,2,152),(153,2,153),(154,2,154),(155,2,155),(156,2,156),(157,2,157),(158,2,158),(159,2,159),(160,2,160),(161,2,161),(162,4,162),(163,2,163),(164,2,164),(165,2,165),(166,2,166),(167,2,167),(168,2,168),(169,2,169),(170,2,170),(171,2,171),(172,4,172),(173,4,173),(174,2,174),(175,2,175),(176,5,176),(177,4,177),(178,11,178),(179,4,179),(180,2,180),(181,2,181),(182,2,182),(183,2,183),(184,2,184),(185,2,185),(186,2,186),(187,2,187),(188,2,188),(189,2,189),(190,2,190),(191,2,191),(192,2,192),(193,2,193),(194,2,194),(195,2,195),(196,2,196),(197,2,197),(198,12,198),(199,2,199),(200,13,200),(201,2,201),(202,2,202),(203,2,203),(204,14,204),(205,14,205),(206,14,206),(207,14,207),(208,15,208),(209,14,209),(210,14,210),(211,2,211),(212,14,212),(213,14,213),(214,2,214),(215,14,215),(216,2,216),(217,2,217),(218,2,218),(219,2,219),(220,5,220),(221,2,221),(222,2,222),(223,2,223),(224,2,224),(225,2,225),(226,2,226),(227,16,227),(228,2,228),(229,2,229),(230,2,230),(231,2,231),(232,2,232),(233,2,233),(234,2,234),(235,2,235),(236,2,236),(237,2,237),(238,17,238),(239,5,239),(240,17,240),(241,10,241),(242,5,242),(243,18,243),(244,10,244),(245,19,245),(246,2,246),(247,10,247),(248,10,248),(249,18,249),(250,2,250),(251,2,251),(252,10,252),(253,2,253),(254,20,254),(255,2,255),(256,2,256),(257,2,257),(258,10,258),(259,2,259),(260,2,260),(261,17,261),(262,2,262),(263,21,263),(264,2,264),(265,10,265),(266,2,266),(267,2,267),(268,2,268),(269,2,269),(270,2,270),(271,2,271),(272,2,272),(273,10,273),(274,2,274),(275,2,275),(276,22,276),(277,2,277),(278,2,278),(279,2,279),(280,10,280),(281,2,281),(282,2,282),(283,2,283),(284,2,284),(285,2,285),(286,2,286),(287,2,287),(288,2,288),(289,2,289),(290,2,290),(291,2,291),(292,2,292),(293,2,293),(294,2,294),(295,2,295),(296,2,296),(297,2,297),(298,2,298),(299,2,299),(300,2,300),(301,2,301),(302,2,302),(303,2,303),(304,2,304),(305,2,305),(306,2,306),(307,2,307),(308,2,308),(309,2,309),(310,23,310),(311,23,311),(312,2,312),(313,2,313),(314,24,314),(315,2,315),(316,23,316),(317,25,317),(318,21,318),(319,2,319),(320,2,320),(321,2,321),(322,2,322),(323,2,323),(324,2,324),(325,2,325),(326,2,326),(327,2,327),(328,2,328),(329,2,329),(330,2,330),(331,2,331),(332,26,332),(333,2,333),(334,2,334),(335,2,335),(336,2,336),(337,2,337),(338,2,338),(339,2,339),(340,2,340),(341,2,341),(342,2,342),(343,2,343),(344,2,344),(345,2,345),(346,2,346),(347,2,347),(348,2,348),(349,2,349),(350,2,350),(351,2,351),(352,27,352),(353,2,353),(354,2,354),(355,2,355),(356,2,356),(357,2,357),(358,2,358),(359,2,359),(360,28,360),(361,2,361),(362,2,362),(363,2,363),(364,2,364),(365,2,365),(366,2,366),(367,2,367),(368,2,368),(369,2,369),(370,2,370),(371,2,371),(372,29,372),(373,2,373),(374,27,374),(375,2,375),(376,29,376),(377,2,377),(378,30,378),(379,2,379),(380,2,380),(381,2,381),(382,2,382),(383,2,383),(384,2,384),(385,2,385),(386,2,386),(387,2,387),(388,2,388),(389,2,389),(390,2,390),(391,2,391),(392,2,392),(393,2,393),(394,2,394),(395,2,395),(396,2,396),(397,2,397),(398,2,398),(399,2,399),(400,2,400),(401,2,401),(402,2,402),(403,2,403),(404,2,404),(405,2,405),(406,2,406),(407,15,407),(408,2,408),(409,2,409),(410,2,410),(411,2,411),(412,2,412),(413,2,413),(414,2,414),(415,2,415),(416,2,416),(417,2,417),(418,2,418),(419,2,419),(420,2,420),(421,2,421),(422,2,422),(423,2,423),(424,2,424),(425,2,425),(426,2,426),(427,2,427),(428,2,428),(429,2,429),(430,2,430),(431,2,431),(432,2,432),(433,2,433),(434,2,434),(435,2,435),(436,2,436),(437,2,437),(438,2,438),(439,2,439),(440,2,440),(441,2,441),(442,2,442),(443,2,443),(444,2,444),(445,2,445),(446,2,446),(447,2,447),(448,2,448),(449,2,449),(450,2,450),(451,2,451),(452,2,452),(453,2,453),(454,2,454),(455,2,455),(456,2,456),(457,2,457),(458,2,458),(459,2,459),(460,2,460),(461,2,461),(462,2,462),(463,2,463),(464,2,464),(465,2,465),(466,2,466),(467,2,467),(468,2,468),(469,2,469),(470,2,470),(471,2,471),(472,2,472),(473,2,473),(474,2,474),(475,2,475),(476,2,476),(477,2,477),(478,2,478),(479,2,479),(480,2,480),(481,2,481),(482,2,482),(483,2,483),(484,2,484),(485,2,485),(486,2,486),(487,2,487),(488,2,488),(489,2,489),(490,2,490),(491,2,491),(492,2,492),(493,2,493),(494,15,494),(495,15,495),(496,2,496),(497,31,497),(498,31,498),(499,31,499),(500,31,500),(501,31,501),(502,32,502),(503,33,503),(504,2,504),(505,2,505),(506,2,506),(507,2,507),(508,2,508),(509,2,509),(510,2,510),(511,2,511),(512,2,512),(513,2,513),(514,34,514),(515,2,515),(516,2,516),(517,35,517),(518,2,518),(519,32,519),(520,36,520),(521,2,521),(522,2,522),(523,2,523),(524,2,524),(525,31,525),(526,37,526),(527,2,527),(528,2,528),(529,38,529),(530,35,530),(531,33,531),(532,2,532),(533,31,533),(534,39,534),(535,2,535),(536,40,536),(537,41,537),(538,42,538),(539,43,539),(540,44,540),(541,45,541),(542,44,542),(543,46,543),(544,47,544),(545,45,545),(546,48,546),(547,45,547),(548,48,548),(549,45,549),(550,48,550),(551,9,551),(552,45,552),(553,45,553),(554,45,554),(555,45,555),(556,45,556),(557,45,557),(558,45,558),(559,45,559),(560,9,560),(561,45,561),(562,2,562),(563,9,563),(564,45,564),(565,45,565),(566,49,566),(567,45,567),(568,49,568),(569,45,569),(570,45,570),(571,45,571),(572,50,572),(573,45,573),(574,23,574),(575,45,575),(576,45,576),(577,45,577),(578,45,578),(579,7,579),(580,10,580),(581,10,581),(582,6,582),(583,51,583),(584,2,584),(585,7,585),(586,2,586),(587,2,587),(588,2,588),(589,52,589),(590,2,590),(591,2,591),(592,2,592),(593,2,593),(594,2,594),(595,2,595),(596,2,596),(597,2,597),(598,2,598),(599,2,599),(600,53,600),(601,2,601),(602,54,602),(603,2,603),(604,2,604),(605,2,605),(606,55,606),(607,2,607),(608,56,608),(609,2,609),(610,2,610),(611,2,611),(612,2,612),(613,57,613),(614,2,614),(615,2,615),(616,2,616),(617,58,617),(618,59,618),(619,2,619),(620,60,620),(621,28,621),(622,2,622),(623,2,623),(624,27,624),(625,61,625),(626,62,626),(627,63,627),(628,64,628),(629,65,629),(630,2,630),(631,40,631),(632,34,632),(633,65,633),(634,62,634),(635,29,635),(636,2,636),(637,2,637),(638,2,638),(639,2,639),(640,2,640),(641,2,641),(642,2,642),(643,2,643),(644,2,644),(645,2,645),(646,2,646),(647,66,647),(648,2,648),(649,2,649),(650,2,650),(651,2,651),(652,2,652),(653,2,653),(654,2,654),(655,2,655),(656,2,656),(657,2,657),(658,2,658),(659,2,659),(660,2,660),(661,2,661),(662,2,662),(663,2,663),(664,2,664),(665,67,665),(666,2,666),(667,2,667),(668,2,668),(669,2,669),(670,2,670),(671,2,671),(672,2,672),(673,2,673),(674,68,674),(675,68,675),(676,2,676),(677,68,677),(678,68,678),(679,2,679),(680,69,680),(681,2,681),(682,2,682),(683,2,683),(684,20,684),(685,2,685),(686,70,686),(687,68,687),(688,2,688),(689,2,689),(690,2,690),(691,2,691),(692,2,692),(693,2,693),(694,2,694),(695,71,695),(696,2,696),(697,2,697),(698,2,698),(699,2,699),(700,2,700),(701,72,701),(702,2,702),(703,2,703),(704,2,704),(705,2,705),(706,2,706),(707,2,707),(708,2,708),(709,2,709),(710,2,710),(711,2,711),(712,2,712),(713,2,713),(714,2,714),(715,2,715),(716,2,716),(717,2,717),(718,73,718),(719,73,719),(720,73,720),(721,21,721),(722,74,722),(723,21,723),(724,73,724),(725,2,725),(726,2,726),(727,2,727),(728,2,728),(729,2,729),(730,2,730),(731,2,731),(732,2,732),(733,2,733),(734,2,734),(735,2,735),(736,2,736),(737,75,737),(738,76,738),(739,76,739),(740,77,740),(741,62,741),(742,78,742),(743,78,743),(744,65,744),(745,79,745),(746,63,746),(747,63,747),(748,65,748),(749,63,749),(750,61,750),(751,65,751),(752,61,752),(753,63,753),(754,80,754),(755,76,755),(756,62,756),(757,63,757),(758,63,758),(759,63,759),(760,79,760),(761,65,761),(762,62,762),(763,64,763),(764,79,764),(765,62,765),(766,81,766),(767,63,767),(768,79,768),(769,82,769),(770,76,770),(771,82,771),(772,82,772),(773,82,773),(774,82,774),(775,82,775),(776,82,776),(777,82,777),(778,83,778),(779,76,779),(780,76,780),(781,76,781),(782,76,782),(783,82,783),(784,84,784),(785,85,785),(786,86,786),(787,2,787),(788,80,788),(789,87,789),(790,80,790),(791,88,791),(792,80,792),(793,63,793),(794,2,794),(795,63,795),(796,89,796),(797,90,797),(798,2,798),(799,80,799),(800,91,800),(801,88,801),(802,92,802),(803,79,803),(804,79,804),(805,80,805),(806,80,806),(807,80,807),(808,93,808),(809,80,809),(810,63,810),(811,61,811),(812,92,812),(813,91,813),(814,92,814),(815,80,815),(816,51,816),(817,63,817),(818,63,818),(819,92,819),(820,93,820),(821,92,821),(822,51,822),(823,91,823),(824,79,824),(825,61,825),(826,94,826),(827,91,827),(828,63,828),(829,63,829),(830,80,830),(831,92,831),(832,79,832),(833,2,833),(834,2,834),(835,2,835),(836,51,836),(837,68,837),(838,2,838),(839,2,839),(840,2,840),(841,2,841),(842,68,842),(843,2,843),(844,2,844),(845,2,845),(846,2,846),(847,2,847),(848,94,848),(849,2,849),(850,2,850),(851,92,851),(852,2,852),(853,61,853),(854,2,854),(855,2,855),(856,2,856),(857,63,857),(858,2,858),(859,2,859),(860,2,860),(861,2,861),(862,2,862),(863,2,863),(864,2,864),(865,2,865),(866,2,866),(867,2,867),(868,95,868),(869,2,869),(870,2,870),(871,2,871),(872,2,872),(873,2,873),(874,2,874),(875,92,875),(876,93,876),(877,93,877),(878,80,878),(879,2,879),(880,2,880),(881,93,881),(882,2,882),(883,2,883),(884,2,884),(885,2,885),(886,2,886),(887,2,887),(888,2,888),(889,2,889),(890,2,890),(891,96,891),(892,2,892),(893,2,893),(894,2,894),(895,2,895),(896,2,896),(897,2,897),(898,2,898),(899,2,899),(900,2,900),(901,2,901),(902,2,902),(903,2,903),(904,2,904),(905,2,905),(906,97,906),(907,2,907),(908,2,908),(909,2,909),(910,2,910),(911,98,911),(912,2,912),(913,2,913),(914,2,914),(915,95,915),(916,97,916),(917,2,917),(918,2,918),(919,2,919),(920,96,920),(921,2,921),(922,2,922),(923,95,923),(924,2,924),(925,2,925),(926,2,926),(927,99,927),(928,2,928),(929,2,929),(930,2,930),(931,2,931),(932,2,932),(933,2,933),(934,2,934),(935,100,935),(936,101,936),(937,2,937),(938,2,938),(939,2,939),(940,2,940),(941,2,941),(942,2,942),(943,2,943),(944,101,944),(945,2,945),(946,2,946),(947,2,947),(948,66,948),(949,59,949),(950,102,950),(951,12,951),(952,103,952),(953,104,953),(954,105,954),(955,105,955),(956,106,956),(957,14,957),(958,107,958),(959,54,959),(960,14,960),(961,108,961),(962,57,962),(963,107,963),(964,2,964),(965,107,965),(966,103,966),(967,109,967),(968,110,968),(969,14,969),(970,111,970),(971,112,971),(972,113,972),(973,14,973),(974,15,974),(975,14,975),(976,14,976),(977,14,977),(978,14,978),(979,14,979),(980,14,980),(981,14,981),(982,15,982),(983,14,983),(984,14,984),(985,114,985),(986,14,986),(987,14,987),(988,14,988),(989,19,989),(990,115,990),(991,44,991),(992,2,992),(993,88,993),(994,2,994),(995,2,995),(996,2,996),(997,2,997),(998,2,998),(999,115,999),(1000,2,1000),(1001,2,1001),(1002,2,1002),(1003,2,1003),(1004,2,1004),(1005,2,1005),(1006,2,1006),(1007,2,1007),(1008,2,1008),(1009,2,1009),(1010,2,1010),(1011,2,1011),(1012,2,1012),(1013,2,1013),(1014,2,1014),(1015,2,1015),(1016,2,1016),(1017,116,1017),(1018,117,1018),(1019,118,1019),(1020,2,1020),(1021,2,1021),(1022,2,1022),(1023,2,1023),(1024,2,1024),(1025,2,1025),(1026,2,1026),(1027,2,1027),(1028,2,1028),(1029,119,1029),(1030,81,1030),(1031,120,1031),(1032,2,1032),(1033,2,1033),(1034,2,1034),(1035,2,1035),(1036,2,1036),(1037,91,1037),(1038,2,1038),(1039,2,1039),(1040,81,1040),(1041,2,1041),(1042,81,1042),(1043,2,1043),(1044,2,1044),(1045,2,1045),(1046,2,1046),(1047,2,1047),(1048,2,1048),(1049,2,1049),(1050,2,1050),(1051,2,1051),(1052,2,1052),(1053,121,1053),(1054,122,1054),(1055,123,1055),(1056,107,1056),(1057,113,1057),(1058,107,1058),(1059,124,1059),(1060,2,1060),(1061,2,1061),(1062,125,1062),(1063,2,1063),(1064,126,1064),(1065,2,1065),(1066,2,1066),(1067,2,1067),(1068,2,1068),(1069,2,1069),(1070,2,1070),(1071,2,1071),(1072,2,1072),(1073,2,1073),(1074,2,1074),(1075,2,1075),(1076,127,1076),(1077,128,1077),(1078,129,1078),(1079,68,1079),(1080,68,1080),(1081,68,1081),(1082,96,1082),(1083,68,1083),(1084,130,1084),(1085,2,1085),(1086,2,1086),(1087,2,1087),(1088,131,1088),(1089,2,1089),(1090,2,1090),(1091,127,1091),(1092,2,1092),(1093,2,1093),(1094,2,1094),(1095,2,1095),(1096,34,1096),(1097,2,1097),(1098,2,1098),(1099,2,1099),(1100,34,1100),(1101,2,1101),(1102,2,1102),(1103,2,1103),(1104,2,1104),(1105,2,1105),(1106,2,1106),(1107,2,1107),(1108,2,1108),(1109,2,1109),(1110,2,1110),(1111,2,1111),(1112,2,1112),(1113,2,1113),(1114,2,1114),(1115,2,1115),(1116,2,1116),(1117,2,1117),(1118,2,1118),(1119,2,1119),(1120,2,1120),(1121,2,1121),(1122,2,1122),(1123,2,1123),(1124,2,1124),(1125,2,1125),(1126,41,1126);
/*!40000 ALTER TABLE `infractions_sellers` ENABLE KEYS */;
UNLOCK TABLES;

--
-- Table structure for table `searchterms`
--

DROP TABLE IF EXISTS `searchterms`;
/*!40101 SET @saved_cs_client     = @@character_set_client */;
/*!40101 SET character_set_client = utf8 */;
CREATE TABLE `searchterms` (
  `id` int(11) unsigned NOT NULL AUTO_INCREMENT,
  `searchterm` varchar(255) COLLATE utf8_unicode_ci DEFAULT NULL,
  PRIMARY KEY (`id`)
) ENGINE=InnoDB AUTO_INCREMENT=101 DEFAULT CHARSET=utf8 COLLATE=utf8_unicode_ci;
/*!40101 SET character_set_client = @saved_cs_client */;

--
-- Dumping data for table `searchterms`
--

LOCK TABLES `searchterms` WRITE;
/*!40000 ALTER TABLE `searchterms` DISABLE KEYS */;
INSERT INTO `searchterms` VALUES (1,''),(2,'orange jasmine'),(3,'egyptian lime'),(4,'limone'),(5,'citrus hystrix'),(6,'pearl millet'),(7,'field corn'),(8,'toronja'),(9,'bambusa'),(10,'shibataea'),(11,'citrus x tangelo'),(12,'baby corn'),(13,'tear grass'),(14,'mangifera'),(15,'adlay'),(16,'valencia orange'),(17,'citrus aurantium'),(18,'dendrocalamus'),(19,'shaddock'),(20,'oryza'),(21,'jobs tears'),(22,'little millet'),(23,'milho'),(24,'millet'),(25,'citron'),(26,'lima dulce de palestina'),(27,'ponderosa lemon'),(28,'citrus maxima'),(29,'citrus meyeri'),(30,'citrus amblycarpa'),(31,'pennisetum'),(32,'coix'),(33,'kambu'),(34,'citrus pyriformis'),(35,'arundinaria'),(36,'fingered citron'),(37,'phyllostachys'),(38,'persian lime'),(39,'calamondin'),(40,'citrus medica'),(41,'minuta'),(42,'orange jessamine'),(43,'citrus reticulate var unshu'),(44,'yuzu'),(45,'chinese dwarf lemon'),(46,'citrus paradise'),(47,'finger millet'),(48,'dwarf lemon'),(49,'citrus sinensis'),(50,'mikan'),(51,'australiensis'),(52,'latifolia'),(53,'golden lime'),(54,'mexican lime'),(55,'kumquat'),(56,'citrus paradisi'),(57,'broom corn'),(58,'oranger amer'),(59,'Buddhas fingers'),(60,'sorghum'),(61,'musk lime'),(62,'china orange'),(63,'citrus latifolia'),(64,'mandarinquat'),(65,'citrus limettioides'),(66,'maiz'),(67,'citrus limon'),(68,'curry leaves'),(69,'maize'),(70,'limonero'),(71,'officinalis'),(72,'indian seet lime'),(73,'citrus aurantifolia'),(74,'indian lime'),(75,'suan cheng'),(76,'Buddhas hand'),(77,'combava'),(78,'west indian lime'),(79,'mango'),(80,'satsuma'),(81,'mais'),(82,'sativa'),(83,'blood orange'),(84,'citrus junos'),(85,'bergamota'),(86,'citrus reticulata'),(87,'sour lime'),(88,'ragi'),(89,'china dulce'),(90,'panicum'),(91,'meridionalis'),(92,'murraya'),(93,'citrus reticulate unshu'),(94,'lima dulce de india'),(95,'bigarade'),(96,'miscanthus'),(97,'sacred jewish lemon'),(98,'limon chivo'),(99,'punctata'),(100,'pod corn');
/*!40000 ALTER TABLE `searchterms` ENABLE KEYS */;
UNLOCK TABLES;

--
-- Table structure for table `sellers`
--

DROP TABLE IF EXISTS `sellers`;
/*!40101 SET @saved_cs_client     = @@character_set_client */;
/*!40101 SET character_set_client = utf8 */;
CREATE TABLE `sellers` (
  `id` int(11) unsigned NOT NULL AUTO_INCREMENT,
  `seller` varchar(255) COLLATE utf8_unicode_ci DEFAULT NULL,
  PRIMARY KEY (`id`)
) ENGINE=InnoDB AUTO_INCREMENT=132 DEFAULT CHARSET=utf8 COLLATE=utf8_unicode_ci;
/*!40101 SET character_set_client = @saved_cs_client */;

--
-- Dumping data for table `sellers`
--

LOCK TABLES `sellers` WRITE;
/*!40000 ALTER TABLE `sellers` DISABLE KEYS */;
INSERT INTO `sellers` VALUES (1,'seller'),(2,''),(3,'TheLatinProducts'),(4,'houstonbamboonursery'),(5,'goldfisherman'),(6,'southwestreflections'),(7,'pflanzen-exoten'),(8,'wellspring100'),(9,'mayagardensinc'),(10,'kenni_koala_seeds'),(11,'ehudc'),(12,'shorething333'),(13,'lanlanrulz'),(14,'greenthumb3000'),(15,'*dorgon*'),(16,'gulubia'),(17,'mark.davies'),(18,'oliverklozeoff'),(19,'massspectrumindustries'),(20,'pocketjedi'),(21,'David\'s Garden Seeds and Products'),(22,'zanna1'),(23,'Houston Bamboo Nursery'),(24,'1lucky1972'),(25,'siamantigue'),(26,'littlebogiedog'),(27,'palmsathyco'),(28,'1critter4u'),(29,'orchidgrowersoutlet'),(30,'summerhibiscus'),(31,'angelfishgirl22'),(32,'casonscultivation'),(33,'redrick49'),(34,'bobtodd1'),(35,'yazs2000'),(36,'shefloral2008'),(37,'neolitsea'),(38,'greg17086'),(39,'tennisshopus'),(40,'goldenpera_com'),(41,'seeds4africa'),(42,'jmacnz-airplant-paradise'),(43,'thunderbolts1'),(44,'7_heads'),(45,'shandongchina2010'),(46,'lithiumsmummy'),(47,'pegndav'),(48,'bamboofanaticgary'),(49,'shinequip2010'),(50,'specialseeds'),(51,'salvia350'),(52,'activebazaar'),(53,'ian08040'),(54,'countrysidegirl2011'),(55,'spider_4'),(56,'seeds4change_ny'),(57,'oldcat2011'),(58,'hiddenlurker'),(59,'happygirlcj2011'),(60,'mgmg9495'),(61,'1839shop'),(62,'duxiaogang2012'),(63,'1841store'),(64,'1842store'),(65,'duxiaogang2009'),(66,'3nvoirapide'),(67,'charbone'),(68,'7servant7'),(69,'canemann'),(70,'seedsforbrains'),(71,'midwoodtropics'),(72,'historicalfindings'),(73,'mozybeau-farms'),(74,'thegreensshopcompany'),(75,'Living Whole Foods'),(76,'rollmisty'),(77,'ROBsRAREandGIANTseeds'),(78,'1840store'),(79,'1840shop'),(80,'theiblocllc2'),(81,'seed_lover'),(82,'roxy*media*uk'),(83,'wheatgrasskits'),(84,'bookoobs'),(85,'oakwoodbooks'),(86,'happy-seed'),(87,'cherylvalerie2012'),(88,'lvnengstore'),(89,'angieslistings'),(90,'cool_media_stuff'),(91,'theherbseedfairy2012'),(92,'ovm-seeds'),(93,'theiblocllc'),(94,'nastjuschka06'),(95,'chezsmokey'),(96,'1949store'),(97,'tlw6903'),(98,'1bluhavana'),(99,'heirloomsupplysuccess1'),(100,'radicator9'),(101,'glen221'),(102,'dorisviola'),(103,'biker885-8430'),(104,'ceddec'),(105,'tropicalacresfarmsinc'),(106,'campbellsgarden'),(107,'12oldstuff'),(108,'floridahillnurserycom'),(109,'al1985sc'),(110,'indigoez'),(111,'supereuroasia'),(112,'maselzim'),(113,'beshoy1'),(114,'charlychc'),(115,'bloomsandthings'),(116,'ananyachai'),(117,'earthskywind'),(118,'thegreenmule'),(119,'zoee1957'),(120,'bollywoodoldies'),(121,'coastaltill1'),(122,'periodpaper'),(123,'everwildeflowers'),(124,'jstokley3834'),(125,'ihurleyorchids'),(126,'tropical_heliconias'),(127,'matievski'),(128,'floozytoo'),(129,'razorjack22'),(130,'to_zembla'),(131,'bulbophiles');
/*!40000 ALTER TABLE `sellers` ENABLE KEYS */;
UNLOCK TABLES;
/*!40103 SET TIME_ZONE=@OLD_TIME_ZONE */;

/*!40101 SET SQL_MODE=@OLD_SQL_MODE */;
/*!40014 SET FOREIGN_KEY_CHECKS=@OLD_FOREIGN_KEY_CHECKS */;
/*!40014 SET UNIQUE_CHECKS=@OLD_UNIQUE_CHECKS */;
/*!40101 SET CHARACTER_SET_CLIENT=@OLD_CHARACTER_SET_CLIENT */;
/*!40101 SET CHARACTER_SET_RESULTS=@OLD_CHARACTER_SET_RESULTS */;
/*!40101 SET COLLATION_CONNECTION=@OLD_COLLATION_CONNECTION */;
/*!40111 SET SQL_NOTES=@OLD_SQL_NOTES */;

-- Dump completed on 2018-12-07 23:06:53
