-- MySQL dump 10.13  Distrib 5.5.61, for Linux (x86_64)
--
-- Host: localhost    Database: thedeci5_29mayt
-- ------------------------------------------------------
-- Server version	5.5.61-cll

/*!40101 SET @OLD_CHARACTER_SET_CLIENT=@@CHARACTER_SET_CLIENT */;
/*!40101 SET @OLD_CHARACTER_SET_RESULTS=@@CHARACTER_SET_RESULTS */;
/*!40101 SET @OLD_COLLATION_CONNECTION=@@COLLATION_CONNECTION */;
/*!40101 SET NAMES utf8 */;
/*!40103 SET @OLD_TIME_ZONE=@@TIME_ZONE */;
/*!40103 SET TIME_ZONE='+00:00' */;
/*!40014 SET @OLD_UNIQUE_CHECKS=@@UNIQUE_CHECKS, UNIQUE_CHECKS=0 */;
/*!40014 SET @OLD_FOREIGN_KEY_CHECKS=@@FOREIGN_KEY_CHECKS, FOREIGN_KEY_CHECKS=0 */;
/*!40101 SET @OLD_SQL_MODE=@@SQL_MODE, SQL_MODE='NO_AUTO_VALUE_ON_ZERO' */;
/*!40111 SET @OLD_SQL_NOTES=@@SQL_NOTES, SQL_NOTES=0 */;

--
-- Current Database: `thedeci5_29mayt`
--

CREATE DATABASE /*!32312 IF NOT EXISTS*/ `thedeci5_29mayt` /*!40100 DEFAULT CHARACTER SET latin1 */;

USE `thedeci5_29mayt`;

--
-- Table structure for table `categories`
--

DROP TABLE IF EXISTS `categories`;
/*!40101 SET @saved_cs_client     = @@character_set_client */;
/*!40101 SET character_set_client = utf8 */;
CREATE TABLE `categories` (
  `id` int(11) unsigned NOT NULL AUTO_INCREMENT,
  `category` varchar(255) COLLATE utf8_unicode_ci DEFAULT NULL,
  PRIMARY KEY (`id`)
) ENGINE=InnoDB AUTO_INCREMENT=2 DEFAULT CHARSET=utf8 COLLATE=utf8_unicode_ci;
/*!40101 SET character_set_client = @saved_cs_client */;

--
-- Dumping data for table `categories`
--

LOCK TABLES `categories` WRITE;
/*!40000 ALTER TABLE `categories` DISABLE KEYS */;
INSERT INTO `categories` VALUES (1,'category');
/*!40000 ALTER TABLE `categories` ENABLE KEYS */;
UNLOCK TABLES;

--
-- Table structure for table `categories_infractions`
--

DROP TABLE IF EXISTS `categories_infractions`;
/*!40101 SET @saved_cs_client     = @@character_set_client */;
/*!40101 SET character_set_client = utf8 */;
CREATE TABLE `categories_infractions` (
  `id` int(11) unsigned NOT NULL AUTO_INCREMENT,
  `categories_id` int(11) unsigned DEFAULT NULL,
  `infractions_id` int(11) unsigned DEFAULT NULL,
  PRIMARY KEY (`id`),
  UNIQUE KEY `UQ_29015e5a1ca1950b073818f5f331c59091dd665d` (`categories_id`,`infractions_id`),
  KEY `index_for_categories_infractions_categories_id` (`categories_id`),
  KEY `index_for_categories_infractions_infractions_id` (`infractions_id`),
  CONSTRAINT `categories_infractions_ibfk_1` FOREIGN KEY (`categories_id`) REFERENCES `categories` (`id`) ON DELETE CASCADE,
  CONSTRAINT `categories_infractions_ibfk_2` FOREIGN KEY (`infractions_id`) REFERENCES `infractions` (`id`) ON DELETE CASCADE
) ENGINE=InnoDB AUTO_INCREMENT=795 DEFAULT CHARSET=utf8 COLLATE=utf8_unicode_ci;
/*!40101 SET character_set_client = @saved_cs_client */;

--
-- Dumping data for table `categories_infractions`
--

LOCK TABLES `categories_infractions` WRITE;
/*!40000 ALTER TABLE `categories_infractions` DISABLE KEYS */;
INSERT INTO `categories_infractions` VALUES (2,1,2),(3,1,3),(4,1,4),(5,1,5),(6,1,6),(7,1,7),(8,1,8),(9,1,9),(10,1,10),(11,1,11),(12,1,12),(13,1,13),(14,1,14),(15,1,15),(16,1,16),(17,1,17),(18,1,18),(19,1,19),(20,1,20),(21,1,21),(22,1,22),(23,1,23),(24,1,24),(25,1,25),(26,1,26),(27,1,27),(28,1,28),(29,1,29),(30,1,30),(31,1,31),(32,1,32),(33,1,33),(34,1,34),(35,1,35),(36,1,36),(37,1,37),(38,1,38),(39,1,39),(40,1,40),(41,1,41),(42,1,42),(43,1,43),(44,1,44),(45,1,45),(46,1,46),(47,1,47),(48,1,48),(49,1,49),(50,1,50),(51,1,51),(52,1,52),(53,1,53),(54,1,54),(55,1,55),(56,1,56),(57,1,57),(58,1,58),(59,1,59),(60,1,60),(61,1,61),(62,1,62),(63,1,63),(64,1,64),(65,1,65),(66,1,66),(67,1,67),(68,1,68),(69,1,69),(70,1,70),(71,1,71),(72,1,72),(73,1,73),(74,1,74),(75,1,75),(76,1,76),(77,1,77),(78,1,78),(79,1,79),(80,1,80),(81,1,81),(82,1,82),(83,1,83),(84,1,84),(85,1,85),(86,1,86),(87,1,87),(88,1,88),(89,1,89),(90,1,90),(91,1,91),(92,1,92),(93,1,93),(94,1,94),(95,1,95),(96,1,96),(97,1,97),(98,1,98),(99,1,99),(100,1,100),(101,1,101),(102,1,102),(103,1,103),(104,1,104),(105,1,105),(106,1,106),(107,1,107),(108,1,108),(109,1,109),(110,1,110),(111,1,111),(112,1,112),(113,1,113),(114,1,114),(115,1,115),(116,1,116),(117,1,117),(118,1,118),(119,1,119),(120,1,120),(121,1,121),(122,1,122),(123,1,123),(124,1,124),(125,1,125),(126,1,126),(127,1,127),(128,1,128),(129,1,129),(130,1,130),(131,1,131),(132,1,132),(133,1,133),(134,1,134),(135,1,135),(136,1,136),(137,1,137),(138,1,138),(139,1,139),(140,1,140),(141,1,141),(142,1,142),(143,1,143),(144,1,144),(145,1,145),(146,1,146),(147,1,147),(148,1,148),(149,1,149),(150,1,150),(151,1,151),(152,1,152),(153,1,153),(154,1,154),(155,1,155),(156,1,156),(157,1,157),(158,1,158),(159,1,159),(160,1,160),(161,1,161),(162,1,162),(163,1,163),(164,1,164),(165,1,165),(166,1,166),(167,1,167),(168,1,168),(169,1,169),(170,1,170),(171,1,171),(172,1,172),(173,1,173),(174,1,174),(175,1,175),(176,1,176),(177,1,177),(178,1,178),(179,1,179),(180,1,180),(181,1,181),(182,1,182),(183,1,183),(184,1,184),(185,1,185),(186,1,186),(187,1,187),(188,1,188),(189,1,189),(190,1,190),(191,1,191),(192,1,192),(193,1,193),(194,1,194),(195,1,195),(196,1,196),(197,1,197),(198,1,198),(199,1,199),(200,1,200),(201,1,201),(202,1,202),(203,1,203),(204,1,204),(205,1,205),(206,1,206),(207,1,207),(208,1,208),(209,1,209),(210,1,210),(211,1,211),(212,1,212),(213,1,213),(214,1,214),(215,1,215),(216,1,216),(217,1,217),(218,1,218),(219,1,219),(220,1,220),(221,1,221),(222,1,222),(223,1,223),(224,1,224),(225,1,225),(226,1,226),(227,1,227),(228,1,228),(229,1,229),(230,1,230),(231,1,231),(232,1,232),(233,1,233),(234,1,234),(235,1,235),(236,1,236),(237,1,237),(238,1,238),(239,1,239),(240,1,240),(241,1,241),(242,1,242),(243,1,243),(244,1,244),(245,1,245),(246,1,246),(247,1,247),(248,1,248),(249,1,249),(250,1,250),(251,1,251),(252,1,252),(253,1,253),(254,1,254),(255,1,255),(256,1,256),(257,1,257),(258,1,258),(259,1,259),(260,1,260),(261,1,261),(262,1,262),(263,1,263),(264,1,264),(265,1,265),(266,1,266),(267,1,267),(268,1,268),(269,1,269),(270,1,270),(271,1,271),(272,1,272),(273,1,273),(274,1,274),(275,1,275),(276,1,276),(277,1,277),(278,1,278),(279,1,279),(280,1,280),(281,1,281),(282,1,282),(283,1,283),(284,1,284),(285,1,285),(286,1,286),(287,1,287),(288,1,288),(289,1,289),(290,1,290),(291,1,291),(292,1,292),(293,1,293),(294,1,294),(295,1,295),(296,1,296),(297,1,297),(298,1,298),(299,1,299),(300,1,300),(301,1,301),(302,1,302),(303,1,303),(304,1,304),(305,1,305),(306,1,306),(307,1,307),(308,1,308),(309,1,309),(310,1,310),(311,1,311),(312,1,312),(313,1,313),(314,1,314),(315,1,315),(316,1,316),(317,1,317),(318,1,318),(319,1,319),(320,1,320),(321,1,321),(322,1,322),(323,1,323),(324,1,324),(325,1,325),(326,1,326),(327,1,327),(328,1,328),(329,1,329),(330,1,330),(331,1,331),(332,1,332),(333,1,333),(334,1,334),(335,1,335),(336,1,336),(337,1,337),(338,1,338),(339,1,339),(340,1,340),(341,1,341),(342,1,342),(343,1,343),(344,1,344),(345,1,345),(346,1,346),(347,1,347),(348,1,348),(349,1,349),(350,1,350),(351,1,351),(352,1,352),(353,1,353),(354,1,354),(355,1,355),(356,1,356),(357,1,357),(358,1,358),(359,1,359),(360,1,360),(361,1,361),(362,1,362),(363,1,363),(364,1,364),(365,1,365),(366,1,366),(367,1,367),(368,1,368),(369,1,369),(370,1,370),(371,1,371),(372,1,372),(373,1,373),(374,1,374),(375,1,375),(376,1,376),(377,1,377),(378,1,378),(379,1,379),(380,1,380),(381,1,381),(382,1,382),(383,1,383),(384,1,384),(385,1,385),(386,1,386),(387,1,387),(388,1,388),(389,1,389),(390,1,390),(391,1,391),(392,1,392),(393,1,393),(394,1,394),(395,1,395),(396,1,396),(397,1,397),(398,1,398),(399,1,399),(400,1,400),(401,1,401),(402,1,402),(403,1,403),(404,1,404),(405,1,405),(406,1,406),(407,1,407),(408,1,408),(409,1,409),(410,1,410),(411,1,411),(412,1,412),(413,1,413),(414,1,414),(415,1,415),(416,1,416),(417,1,417),(418,1,418),(419,1,419),(420,1,420),(421,1,421),(422,1,422),(423,1,423),(424,1,424),(425,1,425),(426,1,426),(427,1,427),(428,1,428),(429,1,429),(430,1,430),(431,1,431),(432,1,432),(433,1,433),(434,1,434),(435,1,435),(436,1,436),(437,1,437),(438,1,438),(439,1,439),(440,1,440),(441,1,441),(442,1,442),(443,1,443),(444,1,444),(445,1,445),(446,1,446),(447,1,447),(448,1,448),(449,1,449),(450,1,450),(451,1,451),(452,1,452),(453,1,453),(454,1,454),(455,1,455),(456,1,456),(457,1,457),(458,1,458),(459,1,459),(460,1,460),(461,1,461),(462,1,462),(463,1,463),(464,1,464),(465,1,465),(466,1,466),(467,1,467),(468,1,468),(469,1,469),(470,1,470),(471,1,471),(472,1,472),(473,1,473),(474,1,474),(475,1,475),(476,1,476),(477,1,477),(478,1,478),(479,1,479),(480,1,480),(481,1,481),(482,1,482),(483,1,483),(484,1,484),(485,1,485),(486,1,486),(487,1,487),(488,1,488),(489,1,489),(490,1,490),(491,1,491),(492,1,492),(493,1,493),(494,1,494),(495,1,495),(496,1,496),(497,1,497),(498,1,498),(499,1,499),(500,1,500),(501,1,501),(502,1,502),(503,1,503),(504,1,504),(505,1,505),(506,1,506),(507,1,507),(508,1,508),(509,1,509),(510,1,510),(511,1,511),(512,1,512),(513,1,513),(514,1,514),(515,1,515),(516,1,516),(517,1,517),(518,1,518),(519,1,519),(520,1,520),(521,1,521),(522,1,522),(523,1,523),(524,1,524),(525,1,525),(526,1,526),(527,1,527),(528,1,528),(529,1,529),(530,1,530),(531,1,531),(532,1,532),(533,1,533),(534,1,534),(535,1,535),(536,1,536),(537,1,537),(538,1,538),(539,1,539),(540,1,540),(541,1,541),(542,1,542),(543,1,543),(544,1,544),(545,1,545),(546,1,546),(547,1,547),(548,1,548),(549,1,549),(550,1,550),(551,1,551),(552,1,552),(553,1,553),(554,1,554),(555,1,555),(556,1,556),(557,1,557),(558,1,558),(559,1,559),(560,1,560),(561,1,561),(562,1,562),(563,1,563),(564,1,564),(565,1,565),(566,1,566),(567,1,567),(568,1,568),(569,1,569),(570,1,570),(571,1,571),(572,1,572),(573,1,573),(574,1,574),(575,1,575),(576,1,576),(577,1,577),(578,1,578),(579,1,579),(580,1,580),(581,1,581),(582,1,582),(583,1,583),(584,1,584),(585,1,585),(586,1,586),(587,1,587),(588,1,588),(589,1,589),(590,1,590),(591,1,591),(592,1,592),(593,1,593),(594,1,594),(595,1,595),(596,1,596),(597,1,597),(598,1,598),(599,1,599),(600,1,600),(601,1,601),(602,1,602),(603,1,603),(604,1,604),(605,1,605),(606,1,606),(607,1,607),(608,1,608),(609,1,609),(610,1,610),(611,1,611),(612,1,612),(613,1,613),(614,1,614),(615,1,615),(616,1,616),(617,1,617),(618,1,618),(619,1,619),(620,1,620),(621,1,621),(622,1,622),(623,1,623),(624,1,624),(625,1,625),(626,1,626),(627,1,627),(628,1,628),(629,1,629),(630,1,630),(631,1,631),(632,1,632),(633,1,633),(634,1,634),(635,1,635),(636,1,636),(637,1,637),(638,1,638),(639,1,639),(640,1,640),(641,1,641),(642,1,642),(643,1,643),(644,1,644),(645,1,645),(646,1,646),(647,1,647),(648,1,648),(649,1,649),(650,1,650),(651,1,651),(652,1,652),(653,1,653),(654,1,654),(655,1,655),(656,1,656),(657,1,657),(658,1,658),(659,1,659),(660,1,660),(661,1,661),(662,1,662),(663,1,663),(664,1,664),(665,1,665),(666,1,666),(667,1,667),(668,1,668),(669,1,669),(670,1,670),(671,1,671),(672,1,672),(673,1,673),(674,1,674),(675,1,675),(676,1,676),(677,1,677),(678,1,678),(679,1,679),(680,1,680),(681,1,681),(682,1,682),(683,1,683),(684,1,684),(685,1,685),(686,1,686),(687,1,687),(688,1,688),(689,1,689),(690,1,690),(691,1,691),(692,1,692),(693,1,693),(694,1,694),(695,1,695),(696,1,696),(697,1,697),(698,1,698),(699,1,699),(700,1,700),(701,1,701),(702,1,702),(703,1,703),(704,1,704),(705,1,705),(706,1,706),(707,1,707),(708,1,708),(709,1,709),(710,1,710),(711,1,711),(712,1,712),(713,1,713),(714,1,714),(715,1,715),(716,1,716),(717,1,717),(718,1,718),(719,1,719),(720,1,720),(721,1,721),(722,1,722),(723,1,723),(724,1,724),(725,1,725),(726,1,726),(727,1,727),(728,1,728),(729,1,729),(730,1,730),(731,1,731),(732,1,732),(733,1,733),(734,1,734),(735,1,735),(736,1,736),(737,1,737),(738,1,738),(739,1,739),(740,1,740),(741,1,741),(742,1,742),(743,1,743),(744,1,744),(745,1,745),(746,1,746),(747,1,747),(748,1,748),(749,1,749),(750,1,750),(751,1,751),(752,1,752),(753,1,753),(754,1,754),(755,1,755),(756,1,756),(757,1,757),(758,1,758),(759,1,759),(760,1,760),(761,1,761),(762,1,762),(763,1,763),(764,1,764),(765,1,765),(766,1,766),(767,1,767),(768,1,768),(769,1,769),(770,1,770),(771,1,771),(772,1,772),(773,1,773),(774,1,774),(775,1,775),(776,1,776),(777,1,777),(778,1,778),(779,1,779),(780,1,780),(781,1,781),(782,1,782),(783,1,783),(784,1,784),(785,1,785),(786,1,786),(787,1,787),(788,1,788),(789,1,789),(790,1,790),(791,1,791),(792,1,792),(793,1,793),(794,1,794);
/*!40000 ALTER TABLE `categories_infractions` ENABLE KEYS */;
UNLOCK TABLES;

--
-- Table structure for table `imageurls`
--

DROP TABLE IF EXISTS `imageurls`;
/*!40101 SET @saved_cs_client     = @@character_set_client */;
/*!40101 SET character_set_client = utf8 */;
CREATE TABLE `imageurls` (
  `id` int(11) unsigned NOT NULL AUTO_INCREMENT,
  `imageurl` varchar(255) COLLATE utf8_unicode_ci DEFAULT NULL,
  PRIMARY KEY (`id`)
) ENGINE=InnoDB AUTO_INCREMENT=4 DEFAULT CHARSET=utf8 COLLATE=utf8_unicode_ci;
/*!40101 SET character_set_client = @saved_cs_client */;

--
-- Dumping data for table `imageurls`
--

LOCK TABLES `imageurls` WRITE;
/*!40000 ALTER TABLE `imageurls` DISABLE KEYS */;
INSERT INTO `imageurls` VALUES (1,'imageurl1'),(2,'imageurl2'),(3,'imageurl3');
/*!40000 ALTER TABLE `imageurls` ENABLE KEYS */;
UNLOCK TABLES;

--
-- Table structure for table `imageurls_infractions`
--

DROP TABLE IF EXISTS `imageurls_infractions`;
/*!40101 SET @saved_cs_client     = @@character_set_client */;
/*!40101 SET character_set_client = utf8 */;
CREATE TABLE `imageurls_infractions` (
  `id` int(11) unsigned NOT NULL AUTO_INCREMENT,
  `infractions_id` int(11) unsigned DEFAULT NULL,
  `imageurls_id` int(11) unsigned DEFAULT NULL,
  PRIMARY KEY (`id`),
  UNIQUE KEY `UQ_31c7d97ace0180c75140746b79e9a6751df87463` (`imageurls_id`,`infractions_id`),
  KEY `index_for_imageurls_infractions_infractions_id` (`infractions_id`),
  KEY `index_for_imageurls_infractions_imageurls_id` (`imageurls_id`),
  CONSTRAINT `imageurls_infractions_ibfk_1` FOREIGN KEY (`infractions_id`) REFERENCES `infractions` (`id`) ON DELETE CASCADE,
  CONSTRAINT `imageurls_infractions_ibfk_2` FOREIGN KEY (`imageurls_id`) REFERENCES `imageurls` (`id`) ON DELETE CASCADE
) ENGINE=InnoDB AUTO_INCREMENT=2383 DEFAULT CHARSET=utf8 COLLATE=utf8_unicode_ci;
/*!40101 SET character_set_client = @saved_cs_client */;

--
-- Dumping data for table `imageurls_infractions`
--

LOCK TABLES `imageurls_infractions` WRITE;
/*!40000 ALTER TABLE `imageurls_infractions` DISABLE KEYS */;
INSERT INTO `imageurls_infractions` VALUES (4,2,1),(7,3,1),(10,4,1),(13,5,1),(16,6,1),(19,7,1),(22,8,1),(25,9,1),(28,10,1),(31,11,1),(34,12,1),(37,13,1),(40,14,1),(43,15,1),(46,16,1),(49,17,1),(52,18,1),(55,19,1),(58,20,1),(61,21,1),(64,22,1),(67,23,1),(70,24,1),(73,25,1),(76,26,1),(79,27,1),(82,28,1),(85,29,1),(88,30,1),(91,31,1),(94,32,1),(97,33,1),(100,34,1),(103,35,1),(106,36,1),(109,37,1),(112,38,1),(115,39,1),(118,40,1),(121,41,1),(124,42,1),(127,43,1),(130,44,1),(133,45,1),(136,46,1),(139,47,1),(142,48,1),(145,49,1),(148,50,1),(151,51,1),(154,52,1),(157,53,1),(160,54,1),(163,55,1),(166,56,1),(169,57,1),(172,58,1),(175,59,1),(178,60,1),(181,61,1),(184,62,1),(187,63,1),(190,64,1),(193,65,1),(196,66,1),(199,67,1),(202,68,1),(205,69,1),(208,70,1),(211,71,1),(214,72,1),(217,73,1),(220,74,1),(223,75,1),(226,76,1),(229,77,1),(232,78,1),(235,79,1),(238,80,1),(241,81,1),(244,82,1),(247,83,1),(250,84,1),(253,85,1),(256,86,1),(259,87,1),(262,88,1),(265,89,1),(268,90,1),(271,91,1),(274,92,1),(277,93,1),(280,94,1),(283,95,1),(286,96,1),(289,97,1),(292,98,1),(295,99,1),(298,100,1),(301,101,1),(304,102,1),(307,103,1),(310,104,1),(313,105,1),(316,106,1),(319,107,1),(322,108,1),(325,109,1),(328,110,1),(331,111,1),(334,112,1),(337,113,1),(340,114,1),(343,115,1),(346,116,1),(349,117,1),(352,118,1),(355,119,1),(358,120,1),(361,121,1),(364,122,1),(367,123,1),(370,124,1),(373,125,1),(376,126,1),(379,127,1),(382,128,1),(385,129,1),(388,130,1),(391,131,1),(394,132,1),(397,133,1),(400,134,1),(403,135,1),(406,136,1),(409,137,1),(412,138,1),(415,139,1),(418,140,1),(421,141,1),(424,142,1),(427,143,1),(430,144,1),(433,145,1),(436,146,1),(439,147,1),(442,148,1),(445,149,1),(448,150,1),(451,151,1),(454,152,1),(457,153,1),(460,154,1),(463,155,1),(466,156,1),(469,157,1),(472,158,1),(475,159,1),(478,160,1),(481,161,1),(484,162,1),(487,163,1),(490,164,1),(493,165,1),(496,166,1),(499,167,1),(502,168,1),(505,169,1),(508,170,1),(511,171,1),(514,172,1),(517,173,1),(520,174,1),(523,175,1),(526,176,1),(529,177,1),(532,178,1),(535,179,1),(538,180,1),(541,181,1),(544,182,1),(547,183,1),(550,184,1),(553,185,1),(556,186,1),(559,187,1),(562,188,1),(565,189,1),(568,190,1),(571,191,1),(574,192,1),(577,193,1),(580,194,1),(583,195,1),(586,196,1),(589,197,1),(592,198,1),(595,199,1),(598,200,1),(601,201,1),(604,202,1),(607,203,1),(610,204,1),(613,205,1),(616,206,1),(619,207,1),(622,208,1),(625,209,1),(628,210,1),(631,211,1),(634,212,1),(637,213,1),(640,214,1),(643,215,1),(646,216,1),(649,217,1),(652,218,1),(655,219,1),(658,220,1),(661,221,1),(664,222,1),(667,223,1),(670,224,1),(673,225,1),(676,226,1),(679,227,1),(682,228,1),(685,229,1),(688,230,1),(691,231,1),(694,232,1),(697,233,1),(700,234,1),(703,235,1),(706,236,1),(709,237,1),(712,238,1),(715,239,1),(718,240,1),(721,241,1),(724,242,1),(727,243,1),(730,244,1),(733,245,1),(736,246,1),(739,247,1),(742,248,1),(745,249,1),(748,250,1),(751,251,1),(754,252,1),(757,253,1),(760,254,1),(763,255,1),(766,256,1),(769,257,1),(772,258,1),(775,259,1),(778,260,1),(781,261,1),(784,262,1),(787,263,1),(790,264,1),(793,265,1),(796,266,1),(799,267,1),(802,268,1),(805,269,1),(808,270,1),(811,271,1),(814,272,1),(817,273,1),(820,274,1),(823,275,1),(826,276,1),(829,277,1),(832,278,1),(835,279,1),(838,280,1),(841,281,1),(844,282,1),(847,283,1),(850,284,1),(853,285,1),(856,286,1),(859,287,1),(862,288,1),(865,289,1),(868,290,1),(871,291,1),(874,292,1),(877,293,1),(880,294,1),(883,295,1),(886,296,1),(889,297,1),(892,298,1),(895,299,1),(898,300,1),(901,301,1),(904,302,1),(907,303,1),(910,304,1),(913,305,1),(916,306,1),(919,307,1),(922,308,1),(925,309,1),(928,310,1),(931,311,1),(934,312,1),(937,313,1),(940,314,1),(943,315,1),(946,316,1),(949,317,1),(952,318,1),(955,319,1),(958,320,1),(961,321,1),(964,322,1),(967,323,1),(970,324,1),(973,325,1),(976,326,1),(979,327,1),(982,328,1),(985,329,1),(988,330,1),(991,331,1),(994,332,1),(997,333,1),(1000,334,1),(1003,335,1),(1006,336,1),(1009,337,1),(1012,338,1),(1015,339,1),(1018,340,1),(1021,341,1),(1024,342,1),(1027,343,1),(1030,344,1),(1033,345,1),(1036,346,1),(1039,347,1),(1042,348,1),(1045,349,1),(1048,350,1),(1051,351,1),(1054,352,1),(1057,353,1),(1060,354,1),(1063,355,1),(1066,356,1),(1069,357,1),(1072,358,1),(1075,359,1),(1078,360,1),(1081,361,1),(1084,362,1),(1087,363,1),(1090,364,1),(1093,365,1),(1096,366,1),(1099,367,1),(1102,368,1),(1105,369,1),(1108,370,1),(1111,371,1),(1114,372,1),(1117,373,1),(1120,374,1),(1123,375,1),(1126,376,1),(1129,377,1),(1132,378,1),(1135,379,1),(1138,380,1),(1141,381,1),(1144,382,1),(1147,383,1),(1150,384,1),(1153,385,1),(1156,386,1),(1159,387,1),(1162,388,1),(1165,389,1),(1168,390,1),(1171,391,1),(1174,392,1),(1177,393,1),(1180,394,1),(1183,395,1),(1186,396,1),(1189,397,1),(1192,398,1),(1195,399,1),(1198,400,1),(1201,401,1),(1204,402,1),(1207,403,1),(1210,404,1),(1213,405,1),(1216,406,1),(1219,407,1),(1222,408,1),(1225,409,1),(1228,410,1),(1231,411,1),(1234,412,1),(1237,413,1),(1240,414,1),(1243,415,1),(1246,416,1),(1249,417,1),(1252,418,1),(1255,419,1),(1258,420,1),(1261,421,1),(1264,422,1),(1267,423,1),(1270,424,1),(1273,425,1),(1276,426,1),(1279,427,1),(1282,428,1),(1285,429,1),(1288,430,1),(1291,431,1),(1294,432,1),(1297,433,1),(1300,434,1),(1303,435,1),(1306,436,1),(1309,437,1),(1312,438,1),(1315,439,1),(1318,440,1),(1321,441,1),(1324,442,1),(1327,443,1),(1330,444,1),(1333,445,1),(1336,446,1),(1339,447,1),(1342,448,1),(1345,449,1),(1348,450,1),(1351,451,1),(1354,452,1),(1357,453,1),(1360,454,1),(1363,455,1),(1366,456,1),(1369,457,1),(1372,458,1),(1375,459,1),(1378,460,1),(1381,461,1),(1384,462,1),(1387,463,1),(1390,464,1),(1393,465,1),(1396,466,1),(1399,467,1),(1402,468,1),(1405,469,1),(1408,470,1),(1411,471,1),(1414,472,1),(1417,473,1),(1420,474,1),(1423,475,1),(1426,476,1),(1429,477,1),(1432,478,1),(1435,479,1),(1438,480,1),(1441,481,1),(1444,482,1),(1447,483,1),(1450,484,1),(1453,485,1),(1456,486,1),(1459,487,1),(1462,488,1),(1465,489,1),(1468,490,1),(1471,491,1),(1474,492,1),(1477,493,1),(1480,494,1),(1483,495,1),(1486,496,1),(1489,497,1),(1492,498,1),(1495,499,1),(1498,500,1),(1501,501,1),(1504,502,1),(1507,503,1),(1510,504,1),(1513,505,1),(1516,506,1),(1519,507,1),(1522,508,1),(1525,509,1),(1528,510,1),(1531,511,1),(1534,512,1),(1537,513,1),(1540,514,1),(1543,515,1),(1546,516,1),(1549,517,1),(1552,518,1),(1555,519,1),(1558,520,1),(1561,521,1),(1564,522,1),(1567,523,1),(1570,524,1),(1573,525,1),(1576,526,1),(1579,527,1),(1582,528,1),(1585,529,1),(1588,530,1),(1591,531,1),(1594,532,1),(1597,533,1),(1600,534,1),(1603,535,1),(1606,536,1),(1609,537,1),(1612,538,1),(1615,539,1),(1618,540,1),(1621,541,1),(1624,542,1),(1627,543,1),(1630,544,1),(1633,545,1),(1636,546,1),(1639,547,1),(1642,548,1),(1645,549,1),(1648,550,1),(1651,551,1),(1654,552,1),(1657,553,1),(1660,554,1),(1663,555,1),(1666,556,1),(1669,557,1),(1672,558,1),(1675,559,1),(1678,560,1),(1681,561,1),(1684,562,1),(1687,563,1),(1690,564,1),(1693,565,1),(1696,566,1),(1699,567,1),(1702,568,1),(1705,569,1),(1708,570,1),(1711,571,1),(1714,572,1),(1717,573,1),(1720,574,1),(1723,575,1),(1726,576,1),(1729,577,1),(1732,578,1),(1735,579,1),(1738,580,1),(1741,581,1),(1744,582,1),(1747,583,1),(1750,584,1),(1753,585,1),(1756,586,1),(1759,587,1),(1762,588,1),(1765,589,1),(1768,590,1),(1771,591,1),(1774,592,1),(1777,593,1),(1780,594,1),(1783,595,1),(1786,596,1),(1789,597,1),(1792,598,1),(1795,599,1),(1798,600,1),(1801,601,1),(1804,602,1),(1807,603,1),(1810,604,1),(1813,605,1),(1816,606,1),(1819,607,1),(1822,608,1),(1825,609,1),(1828,610,1),(1831,611,1),(1834,612,1),(1837,613,1),(1840,614,1),(1843,615,1),(1846,616,1),(1849,617,1),(1852,618,1),(1855,619,1),(1858,620,1),(1861,621,1),(1864,622,1),(1867,623,1),(1870,624,1),(1873,625,1),(1876,626,1),(1879,627,1),(1882,628,1),(1885,629,1),(1888,630,1),(1891,631,1),(1894,632,1),(1897,633,1),(1900,634,1),(1903,635,1),(1906,636,1),(1909,637,1),(1912,638,1),(1915,639,1),(1918,640,1),(1921,641,1),(1924,642,1),(1927,643,1),(1930,644,1),(1933,645,1),(1936,646,1),(1939,647,1),(1942,648,1),(1945,649,1),(1948,650,1),(1951,651,1),(1954,652,1),(1957,653,1),(1960,654,1),(1963,655,1),(1966,656,1),(1969,657,1),(1972,658,1),(1975,659,1),(1978,660,1),(1981,661,1),(1984,662,1),(1987,663,1),(1990,664,1),(1993,665,1),(1996,666,1),(1999,667,1),(2002,668,1),(2005,669,1),(2008,670,1),(2011,671,1),(2014,672,1),(2017,673,1),(2020,674,1),(2023,675,1),(2026,676,1),(2029,677,1),(2032,678,1),(2035,679,1),(2038,680,1),(2041,681,1),(2044,682,1),(2047,683,1),(2050,684,1),(2053,685,1),(2056,686,1),(2059,687,1),(2062,688,1),(2065,689,1),(2068,690,1),(2071,691,1),(2074,692,1),(2077,693,1),(2080,694,1),(2083,695,1),(2086,696,1),(2089,697,1),(2092,698,1),(2095,699,1),(2098,700,1),(2101,701,1),(2104,702,1),(2107,703,1),(2110,704,1),(2113,705,1),(2116,706,1),(2119,707,1),(2122,708,1),(2125,709,1),(2128,710,1),(2131,711,1),(2134,712,1),(2137,713,1),(2140,714,1),(2143,715,1),(2146,716,1),(2149,717,1),(2152,718,1),(2155,719,1),(2158,720,1),(2161,721,1),(2164,722,1),(2167,723,1),(2170,724,1),(2173,725,1),(2176,726,1),(2179,727,1),(2182,728,1),(2185,729,1),(2188,730,1),(2191,731,1),(2194,732,1),(2197,733,1),(2200,734,1),(2203,735,1),(2206,736,1),(2209,737,1),(2212,738,1),(2215,739,1),(2218,740,1),(2221,741,1),(2224,742,1),(2227,743,1),(2230,744,1),(2233,745,1),(2236,746,1),(2239,747,1),(2242,748,1),(2245,749,1),(2248,750,1),(2251,751,1),(2254,752,1),(2257,753,1),(2260,754,1),(2263,755,1),(2266,756,1),(2269,757,1),(2272,758,1),(2275,759,1),(2278,760,1),(2281,761,1),(2284,762,1),(2287,763,1),(2290,764,1),(2293,765,1),(2296,766,1),(2299,767,1),(2302,768,1),(2305,769,1),(2308,770,1),(2311,771,1),(2314,772,1),(2317,773,1),(2320,774,1),(2323,775,1),(2326,776,1),(2329,777,1),(2332,778,1),(2335,779,1),(2338,780,1),(2341,781,1),(2344,782,1),(2347,783,1),(2350,784,1),(2353,785,1),(2356,786,1),(2359,787,1),(2362,788,1),(2365,789,1),(2368,790,1),(2371,791,1),(2374,792,1),(2377,793,1),(2380,794,1),(5,2,2),(8,3,2),(11,4,2),(14,5,2),(17,6,2),(20,7,2),(23,8,2),(26,9,2),(29,10,2),(32,11,2),(35,12,2),(38,13,2),(41,14,2),(44,15,2),(47,16,2),(50,17,2),(53,18,2),(56,19,2),(59,20,2),(62,21,2),(65,22,2),(68,23,2),(71,24,2),(74,25,2),(77,26,2),(80,27,2),(83,28,2),(86,29,2),(89,30,2),(92,31,2),(95,32,2),(98,33,2),(101,34,2),(104,35,2),(107,36,2),(110,37,2),(113,38,2),(116,39,2),(119,40,2),(122,41,2),(125,42,2),(128,43,2),(131,44,2),(134,45,2),(137,46,2),(140,47,2),(143,48,2),(146,49,2),(149,50,2),(152,51,2),(155,52,2),(158,53,2),(161,54,2),(164,55,2),(167,56,2),(170,57,2),(173,58,2),(176,59,2),(179,60,2),(182,61,2),(185,62,2),(188,63,2),(191,64,2),(194,65,2),(197,66,2),(200,67,2),(203,68,2),(206,69,2),(209,70,2),(212,71,2),(215,72,2),(218,73,2),(221,74,2),(224,75,2),(227,76,2),(230,77,2),(233,78,2),(236,79,2),(239,80,2),(242,81,2),(245,82,2),(248,83,2),(251,84,2),(254,85,2),(257,86,2),(260,87,2),(263,88,2),(266,89,2),(269,90,2),(272,91,2),(275,92,2),(278,93,2),(281,94,2),(284,95,2),(287,96,2),(290,97,2),(293,98,2),(296,99,2),(299,100,2),(302,101,2),(305,102,2),(308,103,2),(311,104,2),(314,105,2),(317,106,2),(320,107,2),(323,108,2),(326,109,2),(329,110,2),(332,111,2),(335,112,2),(338,113,2),(341,114,2),(344,115,2),(347,116,2),(350,117,2),(353,118,2),(356,119,2),(359,120,2),(362,121,2),(365,122,2),(368,123,2),(371,124,2),(374,125,2),(377,126,2),(380,127,2),(383,128,2),(386,129,2),(389,130,2),(392,131,2),(395,132,2),(398,133,2),(401,134,2),(404,135,2),(407,136,2),(410,137,2),(413,138,2),(416,139,2),(419,140,2),(422,141,2),(425,142,2),(428,143,2),(431,144,2),(434,145,2),(437,146,2),(440,147,2),(443,148,2),(446,149,2),(449,150,2),(452,151,2),(455,152,2),(458,153,2),(461,154,2),(464,155,2),(467,156,2),(470,157,2),(473,158,2),(476,159,2),(479,160,2),(482,161,2),(485,162,2),(488,163,2),(491,164,2),(494,165,2),(497,166,2),(500,167,2),(503,168,2),(506,169,2),(509,170,2),(512,171,2),(515,172,2),(518,173,2),(521,174,2),(524,175,2),(527,176,2),(530,177,2),(533,178,2),(536,179,2),(539,180,2),(542,181,2),(545,182,2),(548,183,2),(551,184,2),(554,185,2),(557,186,2),(560,187,2),(563,188,2),(566,189,2),(569,190,2),(572,191,2),(575,192,2),(578,193,2),(581,194,2),(584,195,2),(587,196,2),(590,197,2),(593,198,2),(596,199,2),(599,200,2),(602,201,2),(605,202,2),(608,203,2),(611,204,2),(614,205,2),(617,206,2),(620,207,2),(623,208,2),(626,209,2),(629,210,2),(632,211,2),(635,212,2),(638,213,2),(641,214,2),(644,215,2),(647,216,2),(650,217,2),(653,218,2),(656,219,2),(659,220,2),(662,221,2),(665,222,2),(668,223,2),(671,224,2),(674,225,2),(677,226,2),(680,227,2),(683,228,2),(686,229,2),(689,230,2),(692,231,2),(695,232,2),(698,233,2),(701,234,2),(704,235,2),(707,236,2),(710,237,2),(713,238,2),(716,239,2),(719,240,2),(722,241,2),(725,242,2),(728,243,2),(731,244,2),(734,245,2),(737,246,2),(740,247,2),(743,248,2),(746,249,2),(749,250,2),(752,251,2),(755,252,2),(758,253,2),(761,254,2),(764,255,2),(767,256,2),(770,257,2),(773,258,2),(776,259,2),(779,260,2),(782,261,2),(785,262,2),(788,263,2),(791,264,2),(794,265,2),(797,266,2),(800,267,2),(803,268,2),(806,269,2),(809,270,2),(812,271,2),(815,272,2),(818,273,2),(821,274,2),(824,275,2),(827,276,2),(830,277,2),(833,278,2),(836,279,2),(839,280,2),(842,281,2),(845,282,2),(848,283,2),(851,284,2),(854,285,2),(857,286,2),(860,287,2),(863,288,2),(866,289,2),(869,290,2),(872,291,2),(875,292,2),(878,293,2),(881,294,2),(884,295,2),(887,296,2),(890,297,2),(893,298,2),(896,299,2),(899,300,2),(902,301,2),(905,302,2),(908,303,2),(911,304,2),(914,305,2),(917,306,2),(920,307,2),(923,308,2),(926,309,2),(929,310,2),(932,311,2),(935,312,2),(938,313,2),(941,314,2),(944,315,2),(947,316,2),(950,317,2),(953,318,2),(956,319,2),(959,320,2),(962,321,2),(965,322,2),(968,323,2),(971,324,2),(974,325,2),(977,326,2),(980,327,2),(983,328,2),(986,329,2),(989,330,2),(992,331,2),(995,332,2),(998,333,2),(1001,334,2),(1004,335,2),(1007,336,2),(1010,337,2),(1013,338,2),(1016,339,2),(1019,340,2),(1022,341,2),(1025,342,2),(1028,343,2),(1031,344,2),(1034,345,2),(1037,346,2),(1040,347,2),(1043,348,2),(1046,349,2),(1049,350,2),(1052,351,2),(1055,352,2),(1058,353,2),(1061,354,2),(1064,355,2),(1067,356,2),(1070,357,2),(1073,358,2),(1076,359,2),(1079,360,2),(1082,361,2),(1085,362,2),(1088,363,2),(1091,364,2),(1094,365,2),(1097,366,2),(1100,367,2),(1103,368,2),(1106,369,2),(1109,370,2),(1112,371,2),(1115,372,2),(1118,373,2),(1121,374,2),(1124,375,2),(1127,376,2),(1130,377,2),(1133,378,2),(1136,379,2),(1139,380,2),(1142,381,2),(1145,382,2),(1148,383,2),(1151,384,2),(1154,385,2),(1157,386,2),(1160,387,2),(1163,388,2),(1166,389,2),(1169,390,2),(1172,391,2),(1175,392,2),(1178,393,2),(1181,394,2),(1184,395,2),(1187,396,2),(1190,397,2),(1193,398,2),(1196,399,2),(1199,400,2),(1202,401,2),(1205,402,2),(1208,403,2),(1211,404,2),(1214,405,2),(1217,406,2),(1220,407,2),(1223,408,2),(1226,409,2),(1229,410,2),(1232,411,2),(1235,412,2),(1238,413,2),(1241,414,2),(1244,415,2),(1247,416,2),(1250,417,2),(1253,418,2),(1256,419,2),(1259,420,2),(1262,421,2),(1265,422,2),(1268,423,2),(1271,424,2),(1274,425,2),(1277,426,2),(1280,427,2),(1283,428,2),(1286,429,2),(1289,430,2),(1292,431,2),(1295,432,2),(1298,433,2),(1301,434,2),(1304,435,2),(1307,436,2),(1310,437,2),(1313,438,2),(1316,439,2),(1319,440,2),(1322,441,2),(1325,442,2),(1328,443,2),(1331,444,2),(1334,445,2),(1337,446,2),(1340,447,2),(1343,448,2),(1346,449,2),(1349,450,2),(1352,451,2),(1355,452,2),(1358,453,2),(1361,454,2),(1364,455,2),(1367,456,2),(1370,457,2),(1373,458,2),(1376,459,2),(1379,460,2),(1382,461,2),(1385,462,2),(1388,463,2),(1391,464,2),(1394,465,2),(1397,466,2),(1400,467,2),(1403,468,2),(1406,469,2),(1409,470,2),(1412,471,2),(1415,472,2),(1418,473,2),(1421,474,2),(1424,475,2),(1427,476,2),(1430,477,2),(1433,478,2),(1436,479,2),(1439,480,2),(1442,481,2),(1445,482,2),(1448,483,2),(1451,484,2),(1454,485,2),(1457,486,2),(1460,487,2),(1463,488,2),(1466,489,2),(1469,490,2),(1472,491,2),(1475,492,2),(1478,493,2),(1481,494,2),(1484,495,2),(1487,496,2),(1490,497,2),(1493,498,2),(1496,499,2),(1499,500,2),(1502,501,2),(1505,502,2),(1508,503,2),(1511,504,2),(1514,505,2),(1517,506,2),(1520,507,2),(1523,508,2),(1526,509,2),(1529,510,2),(1532,511,2),(1535,512,2),(1538,513,2),(1541,514,2),(1544,515,2),(1547,516,2),(1550,517,2),(1553,518,2),(1556,519,2),(1559,520,2),(1562,521,2),(1565,522,2),(1568,523,2),(1571,524,2),(1574,525,2),(1577,526,2),(1580,527,2),(1583,528,2),(1586,529,2),(1589,530,2),(1592,531,2),(1595,532,2),(1598,533,2),(1601,534,2),(1604,535,2),(1607,536,2),(1610,537,2),(1613,538,2),(1616,539,2),(1619,540,2),(1622,541,2),(1625,542,2),(1628,543,2),(1631,544,2),(1634,545,2),(1637,546,2),(1640,547,2),(1643,548,2),(1646,549,2),(1649,550,2),(1652,551,2),(1655,552,2),(1658,553,2),(1661,554,2),(1664,555,2),(1667,556,2),(1670,557,2),(1673,558,2),(1676,559,2),(1679,560,2),(1682,561,2),(1685,562,2),(1688,563,2),(1691,564,2),(1694,565,2),(1697,566,2),(1700,567,2),(1703,568,2),(1706,569,2),(1709,570,2),(1712,571,2),(1715,572,2),(1718,573,2),(1721,574,2),(1724,575,2),(1727,576,2),(1730,577,2),(1733,578,2),(1736,579,2),(1739,580,2),(1742,581,2),(1745,582,2),(1748,583,2),(1751,584,2),(1754,585,2),(1757,586,2),(1760,587,2),(1763,588,2),(1766,589,2),(1769,590,2),(1772,591,2),(1775,592,2),(1778,593,2),(1781,594,2),(1784,595,2),(1787,596,2),(1790,597,2),(1793,598,2),(1796,599,2),(1799,600,2),(1802,601,2),(1805,602,2),(1808,603,2),(1811,604,2),(1814,605,2),(1817,606,2),(1820,607,2),(1823,608,2),(1826,609,2),(1829,610,2),(1832,611,2),(1835,612,2),(1838,613,2),(1841,614,2),(1844,615,2),(1847,616,2),(1850,617,2),(1853,618,2),(1856,619,2),(1859,620,2),(1862,621,2),(1865,622,2),(1868,623,2),(1871,624,2),(1874,625,2),(1877,626,2),(1880,627,2),(1883,628,2),(1886,629,2),(1889,630,2),(1892,631,2),(1895,632,2),(1898,633,2),(1901,634,2),(1904,635,2),(1907,636,2),(1910,637,2),(1913,638,2),(1916,639,2),(1919,640,2),(1922,641,2),(1925,642,2),(1928,643,2),(1931,644,2),(1934,645,2),(1937,646,2),(1940,647,2),(1943,648,2),(1946,649,2),(1949,650,2),(1952,651,2),(1955,652,2),(1958,653,2),(1961,654,2),(1964,655,2),(1967,656,2),(1970,657,2),(1973,658,2),(1976,659,2),(1979,660,2),(1982,661,2),(1985,662,2),(1988,663,2),(1991,664,2),(1994,665,2),(1997,666,2),(2000,667,2),(2003,668,2),(2006,669,2),(2009,670,2),(2012,671,2),(2015,672,2),(2018,673,2),(2021,674,2),(2024,675,2),(2027,676,2),(2030,677,2),(2033,678,2),(2036,679,2),(2039,680,2),(2042,681,2),(2045,682,2),(2048,683,2),(2051,684,2),(2054,685,2),(2057,686,2),(2060,687,2),(2063,688,2),(2066,689,2),(2069,690,2),(2072,691,2),(2075,692,2),(2078,693,2),(2081,694,2),(2084,695,2),(2087,696,2),(2090,697,2),(2093,698,2),(2096,699,2),(2099,700,2),(2102,701,2),(2105,702,2),(2108,703,2),(2111,704,2),(2114,705,2),(2117,706,2),(2120,707,2),(2123,708,2),(2126,709,2),(2129,710,2),(2132,711,2),(2135,712,2),(2138,713,2),(2141,714,2),(2144,715,2),(2147,716,2),(2150,717,2),(2153,718,2),(2156,719,2),(2159,720,2),(2162,721,2),(2165,722,2),(2168,723,2),(2171,724,2),(2174,725,2),(2177,726,2),(2180,727,2),(2183,728,2),(2186,729,2),(2189,730,2),(2192,731,2),(2195,732,2),(2198,733,2),(2201,734,2),(2204,735,2),(2207,736,2),(2210,737,2),(2213,738,2),(2216,739,2),(2219,740,2),(2222,741,2),(2225,742,2),(2228,743,2),(2231,744,2),(2234,745,2),(2237,746,2),(2240,747,2),(2243,748,2),(2246,749,2),(2249,750,2),(2252,751,2),(2255,752,2),(2258,753,2),(2261,754,2),(2264,755,2),(2267,756,2),(2270,757,2),(2273,758,2),(2276,759,2),(2279,760,2),(2282,761,2),(2285,762,2),(2288,763,2),(2291,764,2),(2294,765,2),(2297,766,2),(2300,767,2),(2303,768,2),(2306,769,2),(2309,770,2),(2312,771,2),(2315,772,2),(2318,773,2),(2321,774,2),(2324,775,2),(2327,776,2),(2330,777,2),(2333,778,2),(2336,779,2),(2339,780,2),(2342,781,2),(2345,782,2),(2348,783,2),(2351,784,2),(2354,785,2),(2357,786,2),(2360,787,2),(2363,788,2),(2366,789,2),(2369,790,2),(2372,791,2),(2375,792,2),(2378,793,2),(2381,794,2),(6,2,3),(9,3,3),(12,4,3),(15,5,3),(18,6,3),(21,7,3),(24,8,3),(27,9,3),(30,10,3),(33,11,3),(36,12,3),(39,13,3),(42,14,3),(45,15,3),(48,16,3),(51,17,3),(54,18,3),(57,19,3),(60,20,3),(63,21,3),(66,22,3),(69,23,3),(72,24,3),(75,25,3),(78,26,3),(81,27,3),(84,28,3),(87,29,3),(90,30,3),(93,31,3),(96,32,3),(99,33,3),(102,34,3),(105,35,3),(108,36,3),(111,37,3),(114,38,3),(117,39,3),(120,40,3),(123,41,3),(126,42,3),(129,43,3),(132,44,3),(135,45,3),(138,46,3),(141,47,3),(144,48,3),(147,49,3),(150,50,3),(153,51,3),(156,52,3),(159,53,3),(162,54,3),(165,55,3),(168,56,3),(171,57,3),(174,58,3),(177,59,3),(180,60,3),(183,61,3),(186,62,3),(189,63,3),(192,64,3),(195,65,3),(198,66,3),(201,67,3),(204,68,3),(207,69,3),(210,70,3),(213,71,3),(216,72,3),(219,73,3),(222,74,3),(225,75,3),(228,76,3),(231,77,3),(234,78,3),(237,79,3),(240,80,3),(243,81,3),(246,82,3),(249,83,3),(252,84,3),(255,85,3),(258,86,3),(261,87,3),(264,88,3),(267,89,3),(270,90,3),(273,91,3),(276,92,3),(279,93,3),(282,94,3),(285,95,3),(288,96,3),(291,97,3),(294,98,3),(297,99,3),(300,100,3),(303,101,3),(306,102,3),(309,103,3),(312,104,3),(315,105,3),(318,106,3),(321,107,3),(324,108,3),(327,109,3),(330,110,3),(333,111,3),(336,112,3),(339,113,3),(342,114,3),(345,115,3),(348,116,3),(351,117,3),(354,118,3),(357,119,3),(360,120,3),(363,121,3),(366,122,3),(369,123,3),(372,124,3),(375,125,3),(378,126,3),(381,127,3),(384,128,3),(387,129,3),(390,130,3),(393,131,3),(396,132,3),(399,133,3),(402,134,3),(405,135,3),(408,136,3),(411,137,3),(414,138,3),(417,139,3),(420,140,3),(423,141,3),(426,142,3),(429,143,3),(432,144,3),(435,145,3),(438,146,3),(441,147,3),(444,148,3),(447,149,3),(450,150,3),(453,151,3),(456,152,3),(459,153,3),(462,154,3),(465,155,3),(468,156,3),(471,157,3),(474,158,3),(477,159,3),(480,160,3),(483,161,3),(486,162,3),(489,163,3),(492,164,3),(495,165,3),(498,166,3),(501,167,3),(504,168,3),(507,169,3),(510,170,3),(513,171,3),(516,172,3),(519,173,3),(522,174,3),(525,175,3),(528,176,3),(531,177,3),(534,178,3),(537,179,3),(540,180,3),(543,181,3),(546,182,3),(549,183,3),(552,184,3),(555,185,3),(558,186,3),(561,187,3),(564,188,3),(567,189,3),(570,190,3),(573,191,3),(576,192,3),(579,193,3),(582,194,3),(585,195,3),(588,196,3),(591,197,3),(594,198,3),(597,199,3),(600,200,3),(603,201,3),(606,202,3),(609,203,3),(612,204,3),(615,205,3),(618,206,3),(621,207,3),(624,208,3),(627,209,3),(630,210,3),(633,211,3),(636,212,3),(639,213,3),(642,214,3),(645,215,3),(648,216,3),(651,217,3),(654,218,3),(657,219,3),(660,220,3),(663,221,3),(666,222,3),(669,223,3),(672,224,3),(675,225,3),(678,226,3),(681,227,3),(684,228,3),(687,229,3),(690,230,3),(693,231,3),(696,232,3),(699,233,3),(702,234,3),(705,235,3),(708,236,3),(711,237,3),(714,238,3),(717,239,3),(720,240,3),(723,241,3),(726,242,3),(729,243,3),(732,244,3),(735,245,3),(738,246,3),(741,247,3),(744,248,3),(747,249,3),(750,250,3),(753,251,3),(756,252,3),(759,253,3),(762,254,3),(765,255,3),(768,256,3),(771,257,3),(774,258,3),(777,259,3),(780,260,3),(783,261,3),(786,262,3),(789,263,3),(792,264,3),(795,265,3),(798,266,3),(801,267,3),(804,268,3),(807,269,3),(810,270,3),(813,271,3),(816,272,3),(819,273,3),(822,274,3),(825,275,3),(828,276,3),(831,277,3),(834,278,3),(837,279,3),(840,280,3),(843,281,3),(846,282,3),(849,283,3),(852,284,3),(855,285,3),(858,286,3),(861,287,3),(864,288,3),(867,289,3),(870,290,3),(873,291,3),(876,292,3),(879,293,3),(882,294,3),(885,295,3),(888,296,3),(891,297,3),(894,298,3),(897,299,3),(900,300,3),(903,301,3),(906,302,3),(909,303,3),(912,304,3),(915,305,3),(918,306,3),(921,307,3),(924,308,3),(927,309,3),(930,310,3),(933,311,3),(936,312,3),(939,313,3),(942,314,3),(945,315,3),(948,316,3),(951,317,3),(954,318,3),(957,319,3),(960,320,3),(963,321,3),(966,322,3),(969,323,3),(972,324,3),(975,325,3),(978,326,3),(981,327,3),(984,328,3),(987,329,3),(990,330,3),(993,331,3),(996,332,3),(999,333,3),(1002,334,3),(1005,335,3),(1008,336,3),(1011,337,3),(1014,338,3),(1017,339,3),(1020,340,3),(1023,341,3),(1026,342,3),(1029,343,3),(1032,344,3),(1035,345,3),(1038,346,3),(1041,347,3),(1044,348,3),(1047,349,3),(1050,350,3),(1053,351,3),(1056,352,3),(1059,353,3),(1062,354,3),(1065,355,3),(1068,356,3),(1071,357,3),(1074,358,3),(1077,359,3),(1080,360,3),(1083,361,3),(1086,362,3),(1089,363,3),(1092,364,3),(1095,365,3),(1098,366,3),(1101,367,3),(1104,368,3),(1107,369,3),(1110,370,3),(1113,371,3),(1116,372,3),(1119,373,3),(1122,374,3),(1125,375,3),(1128,376,3),(1131,377,3),(1134,378,3),(1137,379,3),(1140,380,3),(1143,381,3),(1146,382,3),(1149,383,3),(1152,384,3),(1155,385,3),(1158,386,3),(1161,387,3),(1164,388,3),(1167,389,3),(1170,390,3),(1173,391,3),(1176,392,3),(1179,393,3),(1182,394,3),(1185,395,3),(1188,396,3),(1191,397,3),(1194,398,3),(1197,399,3),(1200,400,3),(1203,401,3),(1206,402,3),(1209,403,3),(1212,404,3),(1215,405,3),(1218,406,3),(1221,407,3),(1224,408,3),(1227,409,3),(1230,410,3),(1233,411,3),(1236,412,3),(1239,413,3),(1242,414,3),(1245,415,3),(1248,416,3),(1251,417,3),(1254,418,3),(1257,419,3),(1260,420,3),(1263,421,3),(1266,422,3),(1269,423,3),(1272,424,3),(1275,425,3),(1278,426,3),(1281,427,3),(1284,428,3),(1287,429,3),(1290,430,3),(1293,431,3),(1296,432,3),(1299,433,3),(1302,434,3),(1305,435,3),(1308,436,3),(1311,437,3),(1314,438,3),(1317,439,3),(1320,440,3),(1323,441,3),(1326,442,3),(1329,443,3),(1332,444,3),(1335,445,3),(1338,446,3),(1341,447,3),(1344,448,3),(1347,449,3),(1350,450,3),(1353,451,3),(1356,452,3),(1359,453,3),(1362,454,3),(1365,455,3),(1368,456,3),(1371,457,3),(1374,458,3),(1377,459,3),(1380,460,3),(1383,461,3),(1386,462,3),(1389,463,3),(1392,464,3),(1395,465,3),(1398,466,3),(1401,467,3),(1404,468,3),(1407,469,3),(1410,470,3),(1413,471,3),(1416,472,3),(1419,473,3),(1422,474,3),(1425,475,3),(1428,476,3),(1431,477,3),(1434,478,3),(1437,479,3),(1440,480,3),(1443,481,3),(1446,482,3),(1449,483,3),(1452,484,3),(1455,485,3),(1458,486,3),(1461,487,3),(1464,488,3),(1467,489,3),(1470,490,3),(1473,491,3),(1476,492,3),(1479,493,3),(1482,494,3),(1485,495,3),(1488,496,3),(1491,497,3),(1494,498,3),(1497,499,3),(1500,500,3),(1503,501,3),(1506,502,3),(1509,503,3),(1512,504,3),(1515,505,3),(1518,506,3),(1521,507,3),(1524,508,3),(1527,509,3),(1530,510,3),(1533,511,3),(1536,512,3),(1539,513,3),(1542,514,3),(1545,515,3),(1548,516,3),(1551,517,3),(1554,518,3),(1557,519,3),(1560,520,3),(1563,521,3),(1566,522,3),(1569,523,3),(1572,524,3),(1575,525,3),(1578,526,3),(1581,527,3),(1584,528,3),(1587,529,3),(1590,530,3),(1593,531,3),(1596,532,3),(1599,533,3),(1602,534,3),(1605,535,3),(1608,536,3),(1611,537,3),(1614,538,3),(1617,539,3),(1620,540,3),(1623,541,3),(1626,542,3),(1629,543,3),(1632,544,3),(1635,545,3),(1638,546,3),(1641,547,3),(1644,548,3),(1647,549,3),(1650,550,3),(1653,551,3),(1656,552,3),(1659,553,3),(1662,554,3),(1665,555,3),(1668,556,3),(1671,557,3),(1674,558,3),(1677,559,3),(1680,560,3),(1683,561,3),(1686,562,3),(1689,563,3),(1692,564,3),(1695,565,3),(1698,566,3),(1701,567,3),(1704,568,3),(1707,569,3),(1710,570,3),(1713,571,3),(1716,572,3),(1719,573,3),(1722,574,3),(1725,575,3),(1728,576,3),(1731,577,3),(1734,578,3),(1737,579,3),(1740,580,3),(1743,581,3),(1746,582,3),(1749,583,3),(1752,584,3),(1755,585,3),(1758,586,3),(1761,587,3),(1764,588,3),(1767,589,3),(1770,590,3),(1773,591,3),(1776,592,3),(1779,593,3),(1782,594,3),(1785,595,3),(1788,596,3),(1791,597,3),(1794,598,3),(1797,599,3),(1800,600,3),(1803,601,3),(1806,602,3),(1809,603,3),(1812,604,3),(1815,605,3),(1818,606,3),(1821,607,3),(1824,608,3),(1827,609,3),(1830,610,3),(1833,611,3),(1836,612,3),(1839,613,3),(1842,614,3),(1845,615,3),(1848,616,3),(1851,617,3),(1854,618,3),(1857,619,3),(1860,620,3),(1863,621,3),(1866,622,3),(1869,623,3),(1872,624,3),(1875,625,3),(1878,626,3),(1881,627,3),(1884,628,3),(1887,629,3),(1890,630,3),(1893,631,3),(1896,632,3),(1899,633,3),(1902,634,3),(1905,635,3),(1908,636,3),(1911,637,3),(1914,638,3),(1917,639,3),(1920,640,3),(1923,641,3),(1926,642,3),(1929,643,3),(1932,644,3),(1935,645,3),(1938,646,3),(1941,647,3),(1944,648,3),(1947,649,3),(1950,650,3),(1953,651,3),(1956,652,3),(1959,653,3),(1962,654,3),(1965,655,3),(1968,656,3),(1971,657,3),(1974,658,3),(1977,659,3),(1980,660,3),(1983,661,3),(1986,662,3),(1989,663,3),(1992,664,3),(1995,665,3),(1998,666,3),(2001,667,3),(2004,668,3),(2007,669,3),(2010,670,3),(2013,671,3),(2016,672,3),(2019,673,3),(2022,674,3),(2025,675,3),(2028,676,3),(2031,677,3),(2034,678,3),(2037,679,3),(2040,680,3),(2043,681,3),(2046,682,3),(2049,683,3),(2052,684,3),(2055,685,3),(2058,686,3),(2061,687,3),(2064,688,3),(2067,689,3),(2070,690,3),(2073,691,3),(2076,692,3),(2079,693,3),(2082,694,3),(2085,695,3),(2088,696,3),(2091,697,3),(2094,698,3),(2097,699,3),(2100,700,3),(2103,701,3),(2106,702,3),(2109,703,3),(2112,704,3),(2115,705,3),(2118,706,3),(2121,707,3),(2124,708,3),(2127,709,3),(2130,710,3),(2133,711,3),(2136,712,3),(2139,713,3),(2142,714,3),(2145,715,3),(2148,716,3),(2151,717,3),(2154,718,3),(2157,719,3),(2160,720,3),(2163,721,3),(2166,722,3),(2169,723,3),(2172,724,3),(2175,725,3),(2178,726,3),(2181,727,3),(2184,728,3),(2187,729,3),(2190,730,3),(2193,731,3),(2196,732,3),(2199,733,3),(2202,734,3),(2205,735,3),(2208,736,3),(2211,737,3),(2214,738,3),(2217,739,3),(2220,740,3),(2223,741,3),(2226,742,3),(2229,743,3),(2232,744,3),(2235,745,3),(2238,746,3),(2241,747,3),(2244,748,3),(2247,749,3),(2250,750,3),(2253,751,3),(2256,752,3),(2259,753,3),(2262,754,3),(2265,755,3),(2268,756,3),(2271,757,3),(2274,758,3),(2277,759,3),(2280,760,3),(2283,761,3),(2286,762,3),(2289,763,3),(2292,764,3),(2295,765,3),(2298,766,3),(2301,767,3),(2304,768,3),(2307,769,3),(2310,770,3),(2313,771,3),(2316,772,3),(2319,773,3),(2322,774,3),(2325,775,3),(2328,776,3),(2331,777,3),(2334,778,3),(2337,779,3),(2340,780,3),(2343,781,3),(2346,782,3),(2349,783,3),(2352,784,3),(2355,785,3),(2358,786,3),(2361,787,3),(2364,788,3),(2367,789,3),(2370,790,3),(2373,791,3),(2376,792,3),(2379,793,3),(2382,794,3);
/*!40000 ALTER TABLE `imageurls_infractions` ENABLE KEYS */;
UNLOCK TABLES;

--
-- Table structure for table `infractions`
--

DROP TABLE IF EXISTS `infractions`;
/*!40101 SET @saved_cs_client     = @@character_set_client */;
/*!40101 SET character_set_client = utf8 */;
CREATE TABLE `infractions` (
  `id` int(11) unsigned NOT NULL AUTO_INCREMENT,
  `price` varchar(255) COLLATE utf8_unicode_ci DEFAULT NULL,
  `datefound` varchar(255) COLLATE utf8_unicode_ci DEFAULT NULL,
  `title` varchar(255) COLLATE utf8_unicode_ci DEFAULT NULL,
  `url` varchar(255) COLLATE utf8_unicode_ci DEFAULT NULL,
  `deleted` int(11) DEFAULT NULL,
  PRIMARY KEY (`id`)
) ENGINE=InnoDB AUTO_INCREMENT=795 DEFAULT CHARSET=utf8 COLLATE=utf8_unicode_ci;
/*!40101 SET character_set_client = @saved_cs_client */;

--
-- Dumping data for table `infractions`
--

LOCK TABLES `infractions` WRITE;
/*!40000 ALTER TABLE `infractions` DISABLE KEYS */;
INSERT INTO `infractions` VALUES (2,'price','2012.5.29','Kaffir Lime Tree in 4\" Pot','http://www.amazon.com/Kaffir-Lime-Tree-4-Pot/dp/B0055K5MFI',NULL),(3,'price','2012.5.29','Kaffir Lime Tree- Grafted Dwarf Thai Kaffir Lime (Ma-grood) Five Gallon','http://www.amazon.com/Kaffir-Grafted-Thai-Ma-grood-Gallon/dp/B005S8OZ0U',NULL),(4,'price','2012.5.29','bitter orange seeds~sour orange~Naranja Agrias~Citrus aurantium~marm alade Orange','http://www.ebay.com/itm/bitter-orange-seeds-sour-orange-Naranja-Agrias-Citrus-aurantium-marmalade-Orange-/170839092555',NULL),(5,'price','2012.5.29','Kaffir Lime - (Citrus Hystrix) ','http://www.ebay.com/itm/Kaffir-Lime-Citrus-Hystrix-15-Seeds-/261019786673',NULL),(6,'price','2012.5.29','3 fresh seeds COMBAVA  Makrut  Kaffir lime  Citrus ? hystrix  rutaceae','http://www.ebay.com/itm/3-fresh-seeds-COMBAVA-Makrut-Kaffir-lime-Citrus-hystrix-rutaceae-/190681199163',NULL),(7,'price','2012.5.29','Kaffir Lime - (Citrus Hystrix) ','http://www.ebay.com/itm/Kaffir-Lime-Citrus-Hystrix-15-Seeds-New-/140756455864',NULL),(8,'price','2012.5.29','50 SEEDS BERGAMOT  KAFFIR LIME  CITRUS HYSTRIX FREE SP','http://www.ebay.com/itm/50-SEEDS-BERGAMOT-KAFFIR-LIME-CITRUS-HYSTRIX-FREE-SP-/330731358851',NULL),(9,'price','2012.5.29','10 FRESH THAI KAFFIR LIME CITRUS HYSTRIX BAI MAGROOD SEEDS','http://www.ebay.com/itm/10-FRESH-THAI-KAFFIR-LIME-CITRUS-HYSTRIX-BAI-MAGROOD-SEEDS-/350566997214',NULL),(10,'price','2012.5.29','Kaffir Lime Citrus Tree Live Asian Fruit Plant 5 gallon 3-4\' Older Grafted','http://www.ebay.com/itm/Kaffir-Lime-Citrus-Tree-Live-Asian-Fruit-Plant-5-gallon-3-4-Older-Grafted-/390414244687',NULL),(11,'price','2012.5.29','50 SEEDS KAFFIR LIME LEECH LIME FLOWER FRESH AND VIABLE FROM MY GARDEN','http://www.ebay.com/itm/50-SEEDS-KAFFIR-LIME-LEECH-LIME-FLOWER-FRESH-AND-VIABLE-FROM-MY-GARDEN-/170845604406',NULL),(12,'price','2012.5.29','Kaffir Lime- Citrus Hystrix 45 Seeds from USA','http://www.ebay.com/itm/Kaffir-Lime-Citrus-Hystrix-45-Seeds-from-USA-/120918549291',NULL),(13,'price','2012.5.29','Kaffir Lime- Citrus Hystrix 15 Seeds from USA','http://www.ebay.com/itm/Kaffir-Lime-Citrus-Hystrix-15-Seeds-from-USA-/120917746499',NULL),(14,'price','2012.5.29','Coccothrinax alta - Collector\'s Palm 50 seeds','http://www.ebay.com/itm/Coccothrinax-alta-Collectors-Palm-50-seeds-/360205090054',NULL),(15,'price','2012.5.29','Radish Seeds: Alta Globe Radish Seeds FRESH SEED','http://www.ebay.com/itm/Radish-Seeds-Alta-Globe-Radish-Seeds-FRESH-SEED-/110873351828',NULL),(16,'price','2012.5.29','Coccothrinax alta - Collector\'s Palm 100 seeds','http://www.ebay.com/itm/Coccothrinax-alta-Collectors-Palm-100-seeds-/350275210637',NULL),(17,'price','2012.5.29','Expression of MYB Transcription Factor in Eleusine coracana: towards making of drought tolerant plants','http://www.amazon.com/Expression-Transcription-Factor-Eleusine-coracana/dp/3848482916',NULL),(18,'price','2012.5.29','500 Seeds Eleusine coracana African finger millet Green Cats Claw Seeds','http://www.ebay.com/itm/500-Seeds-Eleusine-coracana-African-finger-millet-Green-Cats-Claw-Seeds-/280886030502',NULL),(19,'price','2012.5.29','100 Seeds Eleusine coracana African finger millet Green Cats Claw Seeds','http://www.ebay.com/itm/100-Seeds-Eleusine-coracana-African-finger-millet-Green-Cats-Claw-Seeds-/280886030255',NULL),(20,'price','2012.5.29','Balm Herb Plants - 3 hard to find: Variegated Lemon  Golden Lemon  Lime Balm','http://www.ebay.com/itm/Balm-Herb-Plants-3-hard-to-find-Variegated-Lemon-Golden-Lemon-Lime-Balm-/261028242820',NULL),(21,'price','2012.5.29','heuchera LIME RICKY bright golden yellow ruffled wavy ***Live Potted Plant***','http://www.ebay.com/itm/heuchera-LIME-RICKY-bright-golden-yellow-ruffled-wavy-Live-Potted-Plant-/120914749524',NULL),(22,'price','2012.5.29','Fearless Girls  Wise Women & Beloved Sisters: Heroines in Folktales from Around the World','http://www.amazon.com/Fearless-Girls-Women-Beloved-Sisters/dp/0393320464',NULL),(23,'price','2012.5.29','10 Seeds Gentiana Punctata Spotted Gentian','http://www.ebay.com/itm/10-Seeds-Gentiana-Punctata-Spotted-Gentian-/300704710798',NULL),(24,'price','2012.5.29','WATER SUGARBUSH (Protea punctata) seeds','http://www.ebay.com/itm/WATER-SUGARBUSH-Protea-punctata-seeds-/270820930606',NULL),(25,'price','2012.5.29','GREY GUM (Eucalyptus punctata) 200 seeds','http://www.ebay.com/itm/GREY-GUM-Eucalyptus-punctata-200-seeds-/220858591691',NULL),(26,'price','2012.5.29','Satsuma Plum Tree Five Gallon','http://www.amazon.com/Satsuma-Plum-Tree-Five-Gallon/dp/B00076S6CG',NULL),(27,'price','2012.5.29','Moso Bamboo Phyllos tachys pubescens 1000 seeds Huge W','http://www.ebay.com/itm/Moso-Bamboo-Phyllostachys-pubescens-1000-seeds-Huge-W-/221029253447',NULL),(28,'price','2012.5.29','Moso Bamboo Phyllos tachys pubescens 100 seeds Huge Big Tree','http://www.ebay.com/itm/Moso-Bamboo-Phyllostachys-pubescens-100-seeds-Huge-Big-Tree-/221030580323',NULL),(29,'price','2012.5.29','60 Phyllostachys pubescens moso bamboo seeds hardy -4','http://www.ebay.com/itm/60-Phyllostachys-pubescens-moso-bamboo-seeds-hardy-4-F-/150810715646',NULL),(30,'price','2012.5.29','Moso Bamboo Phyllos tachys pubescens 100  seed Huge *RARE*','http://www.ebay.com/itm/Moso-Bamboo-Phyllostachys-pubescens-100-seed-Huge-RARE-/320911792407',NULL),(31,'price','2012.5.29','New seed Moso Bamboo Phyllos tachys pubescens 1000 seeds Huge','http://www.ebay.com/itm/New-seed-Moso-Bamboo-Phyllostachys-pubescens-1000-seeds-Huge-/320903120426',NULL),(32,'price','2012.5.29','201  MOSO BAMBOO SEEDS Phyllostachys pubescens hardy','http://www.ebay.com/itm/201-MOSO-BAMBOO-SEEDS-Phyllostachys-pubescens-hardy-/320902371570',NULL),(33,'price','2012.5.29','VRare Black Bamboo (Phyllostachys nigra) Zone 5! Gothic In or Out Seeds','http://www.ebay.com/itm/VRare-Black-Bamboo-Phyllostachys-nigra-Zone-5-Gothic-In-or-Out-Seeds-/160807333694',NULL),(34,'price','2012.5.29','Moso Bamboo Phyllos tachys pubescens 5000 seeds Huge','http://www.ebay.com/itm/Moso-Bamboo-Phyllostachys-pubescens-5000-seeds-Huge-/221018791639',NULL),(35,'price','2012.5.29','BLACK BAMBOO PHYLLOSTACHYS NIGRA LIVE PLANT','http://www.ebay.com/itm/BLACK-BAMBOO-PHYLLOSTACHYS-NIGRA-LIVE-PLANT-/160806247151',NULL),(36,'price','2012.5.29','10 Hardy MOSO BAMBOO Phyllostachys Heterocycla Perennial Seeds   Gift & Comb S/H','http://www.ebay.com/itm/10-Hardy-MOSO-BAMBOO-Phyllostachys-Heterocycla-Perennial-Seeds-Gift-Comb-S-H-/320911236468',NULL),(37,'price','2012.5.29','500 Seeds Phyllostachys pubescens MOSO BAMBOO','http://www.ebay.com/itm/500-Seeds-Phyllostachys-pubescens-MOSO-BAMBOO-/280885549616',NULL),(38,'price','2012.5.29','Giant timber bamboo plant Phyllostachys atrovaginata hardy to -15f.','http://www.ebay.com/itm/Giant-timber-bamboo-plant-Phyllostachys-atrovaginata-hardy-to-15f-/160804795523',NULL),(39,'price','2012.5.29','Moso Bamboo Phyllos tachys pubescens 1000 seeds Huge Big tree seeds','http://www.ebay.com/itm/Moso-Bamboo-Phyllostachys-pubescens-1000-seeds-Huge-Big-tree-seeds-/221030595115',NULL),(40,'price','2012.5.29','Moso Bamboo Phyllos tachys pubescens 200 seeds Huge','http://www.ebay.com/itm/Moso-Bamboo-Phyllostachys-pubescens-200-seeds-Huge-/320902392830',NULL),(41,'price','2012.5.29','60 Phyllostachy s pubescens moso bamboo seeds hardy -4','http://www.ebay.com/itm/60-Phyllostachys-pubescens-moso-bamboo-seeds-hardy-4-F-/310400136921',NULL),(42,'price','2012.5.29','* MOSO BAMBOO - PHYLLOSTACHYS PUBESCENS * 10 SEEDS','http://www.ebay.com/itm/MOSO-BAMBOO-PHYLLOSTACHYS-PUBESCENS-10-SEEDS-/110882880342',NULL),(43,'price','2012.5.29','Moso Bamboo Phyllos tachys pubescens 1000 seeds Huge Fresh','http://www.ebay.com/itm/Moso-Bamboo-Phyllostachys-pubescens-1000-seeds-Huge-Fresh-/221029822005',NULL),(44,'price','2012.5.29','Moso Bamboo Phyllos tachys pubescens 200  seed Huge Fresh','http://www.ebay.com/itm/Moso-Bamboo-Phyllostachys-pubescens-200-seed-Huge-Fresh-/221029826569',NULL),(45,'price','2012.5.29','Moso Bamboo Phyllos tachys pubescens 5000 seeds Huge W','http://www.ebay.com/itm/Moso-Bamboo-Phyllostachys-pubescens-5000-seeds-Huge-W-/320910422264',NULL),(46,'price','2012.5.29','Moso Bamboo Phyllos tachys pubescens 1000 seeds Huge Fresh *RARE*','http://www.ebay.com/itm/Moso-Bamboo-Phyllostachys-pubescens-1000-seeds-Huge-Fresh-RARE-/221031657596',NULL),(47,'price','2012.5.29','Moso Bamboo Phyllos tachys pubescens 100 seeds Huge','http://www.ebay.com/itm/Moso-Bamboo-Phyllostachys-pubescens-100-seeds-Huge-/320902371561',NULL),(48,'price','2012.5.29','BOX OF 4 PHYLLOSTACHYS BISSETII RUNNER BAMBOO PLANTS - GREAT FOR PRIVACY SCREEN','http://www.ebay.com/itm/BOX-OF-4-PHYLLOSTACHYS-BISSETII-RUNNER-BAMBOO-PLANTS-GREAT-FOR-PRIVACY-SCREEN-/251062499107',NULL),(49,'price','2012.5.29','Moso Bamboo Phyllos tachys pubescens 100  seed Huge Fresh','http://www.ebay.com/itm/Moso-Bamboo-Phyllostachys-pubescens-100-seed-Huge-Fresh-/320910755967',NULL),(50,'price','2012.5.29','Moso Bamboo Phyllos tachys pubescens 200  seed Huge Fresh *RARE*','http://www.ebay.com/itm/Moso-Bamboo-Phyllostachys-pubescens-200-seed-Huge-Fresh-RARE-/221031752866',NULL),(51,'price','2012.5.29','MOSO BAMBOO (Phyllostachys pubescens) 50 seeds','http://www.ebay.com/itm/MOSO-BAMBOO-Phyllostachys-pubescens-50-seeds-/270981136372',NULL),(52,'price','2012.5.29','Phyllostachys dulcis  Sweet shoot bamboo plant  hardy to -5  canes to 3\".','http://www.ebay.com/itm/Phyllostachys-dulcis-Sweet-shoot-bamboo-plant-hardy-to-5-canes-to-3-/150820143068',NULL),(53,'price','2012.5.29','Rare live Black stripe bamboo plant  Phyllostachys nigra \'Megurochiko\'','http://www.ebay.com/itm/Rare-live-Black-stripe-bamboo-plant-Phyllostachys-nigra-Megurochiko-/160801460575',NULL),(54,'price','2012.5.29','Moso Bamboo Phyllos tachys pubescens 1000 seeds Huge big tree','http://www.ebay.com/itm/Moso-Bamboo-Phyllostachys-pubescens-1000-seeds-Huge-big-tree-/320911192120',NULL),(55,'price','2012.5.29','Giant timber bamboo plant Phyllostachys atrovaginata hardy to -15f.','http://www.ebay.com/itm/Giant-timber-bamboo-plant-Phyllostachys-atrovaginata-hardy-to-15f-/150820143432',NULL),(56,'price','2012.5.29','Moso Bamboo Phyllos tachys pubescens 100 seeds Huge W','http://www.ebay.com/itm/Moso-Bamboo-Phyllostachys-pubescens-100-seeds-Huge-W-/221029253445',NULL),(57,'price','2012.5.29','Phyllostachys pubescens 100 seeds Huge Moso Bamboo','http://www.ebay.com/itm/Phyllostachys-pubescens-100-seeds-Huge-Moso-Bamboo-/110884434645',NULL),(58,'price','2012.5.29','10x Giant Phyllostachys Pubescens - Moso Bamboo Hardy Seeds','http://www.ebay.com/itm/10x-Giant-Phyllostachys-Pubescens-Moso-Bamboo-Hardy-Seeds-/230794740680',NULL),(59,'price','2012.5.29','Live Black bamboo plant  Phyllostachys nigra','http://www.ebay.com/itm/Live-Black-bamboo-plant-Phyllostachys-nigra-/150816280762',NULL),(60,'price','2012.5.29','101  MOSO BAMBOO SEEDS Phyllostachys pubescens hardy W','http://www.ebay.com/itm/101-MOSO-BAMBOO-SEEDS-Phyllostachys-pubescens-hardy-W-/320910422265',NULL),(61,'price','2012.5.29','Moso Bamboo Phyllos tachys pubescens 200 seeds Huge','http://www.ebay.com/itm/Moso-Bamboo-Phyllostachys-pubescens-200-seeds-Huge-/320911426351',NULL),(62,'price','2012.5.29','Moso Bamboo Phyllos tachys pubescens 1000 seeds Huge *RARE*','http://www.ebay.com/itm/Moso-Bamboo-Phyllostachys-pubescens-1000-seeds-Huge-RARE-/221031714189',NULL),(63,'price','2012.5.29','Moso Bamboo - PHYLLOSTACHYS PUBESCENS - 6 Exotic Seeds','http://www.ebay.com/itm/Moso-Bamboo-PHYLLOSTACHYS-PUBESCENS-6-Exotic-Seeds-/270983707120',NULL),(64,'price','2012.5.29','Moso Bamboo Phyllos tachys pubescens 100 seeds Huge Fresh','http://www.ebay.com/itm/Moso-Bamboo-Phyllostachys-pubescens-100-seeds-Huge-Fresh-/221029661531',NULL),(65,'price','2012.5.29','Moso Bamboo Phyllos tachys pubescens 100  seed Big tree seeds','http://www.ebay.com/itm/Moso-Bamboo-Phyllostachys-pubescens-100-seed-Big-tree-seeds-/320911186668',NULL),(66,'price','2012.5.29','Moso Bamboo Phyllos tachys pubescens 1000 seeds Huge','http://www.ebay.com/itm/Moso-Bamboo-Phyllostachys-pubescens-1000-seeds-Huge-/320911426360',NULL),(67,'price','2012.5.29','MOSO BAMBOO (Phyllostachys pubescens) 10 seeds','http://www.ebay.com/itm/MOSO-BAMBOO-Phyllostachys-pubescens-10-seeds-/270981135414',NULL),(68,'price','2012.5.29','Moso Bamboo Phyllos tachys pubescens 100 seeds Huge','http://www.ebay.com/itm/Moso-Bamboo-Phyllostachys-pubescens-100-seeds-Huge-/320902392821',NULL),(69,'price','2012.5.29','Moso Bamboo Phyllos tachys pubescens 200  seed Huge Big tree seeds','http://www.ebay.com/itm/Moso-Bamboo-Phyllostachys-pubescens-200-seed-Huge-Big-tree-seeds-/221030585094',NULL),(70,'price','2012.5.29','Moso Bamboo Phyllos tachys pubescens 500 seeds Huge','http://www.ebay.com/itm/Moso-Bamboo-Phyllostachys-pubescens-500-seeds-Huge-/221018791616',NULL),(71,'price','2012.5.29','Moso Bamboo Phyllos tachys pubescens 500 seeds Huge W','http://www.ebay.com/itm/Moso-Bamboo-Phyllostachys-pubescens-500-seeds-Huge-W-/221029253450',NULL),(72,'price','2012.5.29','101  MOSO BAMBOO SEEDS Phyllostachys pubescens hardy','http://www.ebay.com/itm/101-MOSO-BAMBOO-SEEDS-Phyllostachys-pubescens-hardy-/320902371575',NULL),(73,'price','2012.5.29','Giant timber Red Margin bamboo plant Phyllostachys rubromarginata hardy to -15f.','http://www.ebay.com/itm/Giant-timber-Red-Margin-bamboo-plant-Phyllostachys-rubromarginata-hardy-to-15f-/160798456392',NULL),(74,'price','2012.5.29','Moso Bamboo Phyllos tachys pubescens 200 seeds Huge W','http://www.ebay.com/itm/Moso-Bamboo-Phyllostachys-pubescens-200-seeds-Huge-W-/221029253448',NULL),(75,'price','2012.5.29','Moso Bamboo Phyllos tachys pubescens 100 seeds Huge Fresh *RARE*','http://www.ebay.com/itm/Moso-Bamboo-Phyllostachys-pubescens-100-seeds-Huge-Fresh-RARE-/221031677871',NULL),(76,'price','2012.5.29','Sale #1 Yellow Groove (Phyllostachys Aureosulcata) live screen Bamboo Plant','http://www.ebay.com/itm/Sale-1-Yellow-Groove-Phyllostachys-Aureosulcata-live-screen-Bamboo-Plant-/130691165040',NULL),(77,'price','2012.5.29','Moso Bamboo Phyllos tachys pubescens 1000 seeds Huge Fresh','http://www.ebay.com/itm/Moso-Bamboo-Phyllostachys-pubescens-1000-seeds-Huge-Fresh-/221029650007',NULL),(78,'price','2012.5.29','BROWN SELECT SATSUMA TREE!! AWESOME TASTE AND COLD HARDY  SUPER SALE!!','http://www.ebay.com/itm/BROWN-SELECT-SATSUMA-TREE-AWESOME-TASTE-AND-COLD-HARDY-SUPER-SALE-/221031793467',NULL),(79,'price','2012.5.29','Satsuma Mandarin (10) Seeds - Citrus Unshiu ','http://www.ebay.com/itm/Satsuma-Mandarin-10-Seeds-Citrus-Unshiu-Orange-Tangerine-/270983472596',NULL),(80,'price','2012.5.29','6 - Pack Soy Wax Tarts Fruit  Berry  Citrus U Pick Your Scent  A Through M','http://www.ebay.com/itm/6-Pack-Soy-Wax-Tarts-Fruit-Berry-Citrus-U-Pick-Your-Scent-A-Through-M-/230736611970',NULL),(81,'price','2012.5.29','Citrus Fruit: Biology  Technology and Evaluation','http://www.amazon.com/Citrus-Fruit-Biology-Technology-Evaluation/dp/0123741300',NULL),(82,'price','2012.5.29','MILLET - WHITE FRENCH (Panicum miliaceum) PROSO X 1000 SEEDS','http://www.ebay.com/itm/MILLET-WHITE-FRENCH-Panicum-miliaceum-PROSO-X-1000-SEEDS-/251067393322',NULL),(83,'price','2012.5.29','400 Heirloom White Proso Millet Seeds','http://www.ebay.com/itm/400-Heirloom-White-Proso-Millet-Seeds-/221019350184',NULL),(84,'price','2012.5.29','KEY LIME TREE Mexican Patio Citrus Live Plant *Healthy*','http://www.ebay.com/itm/KEY-LIME-TREE-Mexican-Patio-Citrus-Live-Plant-Healthy-/150820291602',NULL),(85,'price','2012.5.29','DWARF Mexican Key Lime Tree Perfect as Potted Citrus Patio Tree [DC001]','http://www.ebay.com/itm/DWARF-Mexican-Key-Lime-Tree-Perfect-as-Potted-Citrus-Patio-Tree-DC001-/221031464470',NULL),(86,'price','2012.5.29','DWARF Mexican Key Lime Tree Perfect as Potted Citrus Patio Tree [DC001]','http://www.ebay.com/itm/DWARF-Mexican-Key-Lime-Tree-Perfect-as-Potted-Citrus-Patio-Tree-DC001-/221029899469',NULL),(87,'price','2012.5.29','MALLEE HONEY MYRTLE (Melaleuca glaberrima) 200 seeds','http://www.ebay.com/itm/MALLEE-HONEY-MYRTLE-Melaleuca-glaberrima-200-seeds-/270820923985',NULL),(88,'price','2012.5.29','Meyer Lemon Tree - Citrus meyeri - 1 to 3  inches','http://www.amazon.com/Meyer-Lemon-Tree-Citrus-meyeri/dp/B00819YAPI',NULL),(89,'price','2012.5.29','Meyer Lemon Tree Citrus Live Plant Grafted 3-4\'','http://www.ebay.com/itm/Meyer-Lemon-Tree-Citrus-Live-Plant-Grafted-3-4-/390422553366',NULL),(90,'price','2012.5.29','Orlandi Statuary Meyer Lemon Tree Panel-Weather Finish','http://www.ebay.com/itm/Orlandi-Statuary-Meyer-Lemon-Tree-Panel-Weather-Finish-/251030994327',NULL),(91,'price','2012.5.29','DWARF Citrus Tree Collection: Calamondin Orange  Meyer Lemon & Key Lime [COL01]','http://www.ebay.com/itm/DWARF-Citrus-Tree-Collection-Calamondin-Orange-Meyer-Lemon-Key-Lime-COL01-/320911983202',NULL),(92,'price','2012.5.29','Flowering Cocktail Citrus Bonsai Trees - Meyer Lemon and Key Lime','http://www.ebay.com/itm/Flowering-Cocktail-Citrus-Bonsai-Trees-Meyer-Lemon-and-Key-Lime-/290715429659',NULL),(93,'price','2012.5.29','Orlandi Statuary Meyer Lemon Tree Panel-Verde Finish','http://www.ebay.com/itm/Orlandi-Statuary-Meyer-Lemon-Tree-Panel-Verde-Finish-/251030994324',NULL),(94,'price','2012.5.29','Orlandi Statuary Meyer Lemon Tree Panel-Deep Sea Finish','http://www.ebay.com/itm/Orlandi-Statuary-Meyer-Lemon-Tree-Panel-Deep-Sea-Finish-/260993320927',NULL),(95,'price','2012.5.29','COMBO CITRUS*KEY LIME TREE & MEYER LEMON TREE*Live Plants*Healthy *','http://www.ebay.com/itm/COMBO-CITRUS-KEY-LIME-TREE-MEYER-LEMON-TREE-Live-Plants-Healthy-/200762035435',NULL),(96,'price','2012.5.29','1 meyer lemon Tree/Seedling','http://www.ebay.com/itm/1-meyer-lemon-Tree-Seedling-/130701297992',NULL),(97,'price','2012.5.29','Meyer lemon tree seeds Great indoor plant 5 seeds','http://www.ebay.com/itm/Meyer-lemon-tree-seeds-Great-indoor-plant-5-seeds-/270982851261',NULL),(98,'price','2012.5.29','CITRUS COMBO* MEYER LEMON & KUMQUAT NAGAMI Grafted Citrus* 2 Trees','http://www.ebay.com/itm/CITRUS-COMBO-MEYER-LEMON-KUMQUAT-NAGAMI-Grafted-Citrus-2-Trees-/150818814263',NULL),(99,'price','2012.5.29','Meyer lemon tree seeds Great indoor plant 10 seeds','http://www.ebay.com/itm/Meyer-lemon-tree-seeds-Great-indoor-plant-10-seeds-/270982552011',NULL),(100,'price','2012.5.29','1 Key Lime Tree/Seedling and 1 Meyer Lemon Tree/Seedling and 1 Ponderosa Lemon','http://www.ebay.com/itm/1-Key-Lime-Tree-Seedling-and-1-Meyer-Lemon-Tree-Seedling-and-1-Ponderosa-Lemon-/130701297836',NULL),(101,'price','2012.5.29','Meyer Lemon Tree','http://www.ebay.com/itm/Meyer-Lemon-Tree-/261027902258',NULL),(102,'price','2012.5.29','Orlandi Statuary Meyer Lemon Tree Panel-Cathedra l Finish','http://www.ebay.com/itm/Orlandi-Statuary-Meyer-Lemon-Tree-Panel-Cathedral-Finish-/251030994326',NULL),(103,'price','2012.5.29','Meyer lemon tree 6 fresh seeds Great indoor plant  Easy to grow in container.','http://www.ebay.com/itm/Meyer-lemon-tree-6-fresh-seeds-Great-indoor-plant-Easy-to-grow-in-container-/261029148039',NULL),(104,'price','2012.5.29','Hirt\'s Meyer Lemon Tree - Potted - Fruiting Size - 8\" Pot - Father\'s Day Gift','http://www.ebay.com/itm/Hirts-Meyer-Lemon-Tree-Potted-Fruiting-Size-8-Pot-Fathers-Day-Gift-/110882408415',NULL),(105,'price','2012.5.29','DWARF Patio Citrus Tree Meyer Lemon perfect for containers [DC003]','http://www.ebay.com/itm/DWARF-Patio-Citrus-Tree-Meyer-Lemon-perfect-for-containers-DC003-/221031463661',NULL),(106,'price','2012.5.29','Orlandi Statuary Meyer Lemon Tree Panel-Pompeii Finish','http://www.ebay.com/itm/Orlandi-Statuary-Meyer-Lemon-Tree-Panel-Pompeii-Finish-/251030994503',NULL),(107,'price','2012.5.29','Orlandi Statuary Meyer Lemon Tree Panel-White Moss Finish','http://www.ebay.com/itm/Orlandi-Statuary-Meyer-Lemon-Tree-Panel-White-Moss-Finish-/251030994323',NULL),(108,'price','2012.5.29','Orlandi Statuary Meyer Lemon Tree Panel-Sandston e Finish','http://www.ebay.com/itm/Orlandi-Statuary-Meyer-Lemon-Tree-Panel-Sandstone-Finish-/260993320922',NULL),(109,'price','2012.5.29','Orlandi Statuary Meyer Lemon Tree Panel-Soot Finish','http://www.ebay.com/itm/Orlandi-Statuary-Meyer-Lemon-Tree-Panel-Soot-Finish-/251030994325',NULL),(110,'price','2012.5.29','FRUIT COCKTAIL CITRUS* Meyer Lemon  Key Lime  Calamondin 3 Live Plants*Healthy *','http://www.ebay.com/itm/FRUIT-COCKTAIL-CITRUS-Meyer-Lemon-Key-Lime-Calamondin-3-Live-Plants-Healthy-/200763161960',NULL),(111,'price','2012.5.29','Meyer lemon tree seeds Great indoor plant 50  seeds','http://www.ebay.com/itm/Meyer-lemon-tree-seeds-Great-indoor-plant-50-seeds-/270983816497',NULL),(112,'price','2012.5.29','9) Meyer Lemon (10  Seeds)','http://www.ebay.com/itm/9-Meyer-Lemon-10-Seeds-/251067129552',NULL),(113,'price','2012.5.29','Cocktail Tree - Two Trees in One Pot - Meyer Lemon & Key Lime - Fruiting Size','http://www.ebay.com/itm/Cocktail-Tree-Two-Trees-in-One-Pot-Meyer-Lemon-Key-Lime-Fruiting-Size-/110882196661',NULL),(114,'price','2012.5.29','DWARF Citrus Tree Collection: Calamondin Orange  Meyer Lemon & Key Lime [COL01]','http://www.ebay.com/itm/DWARF-Citrus-Tree-Collection-Calamondin-Orange-Meyer-Lemon-Key-Lime-COL01-/320911649990',NULL),(115,'price','2012.5.29','MEYER LEMON TREE Patio Grafted Citrus *Easy to Grow* 3 Gallon','http://www.ebay.com/itm/MEYER-LEMON-TREE-Patio-Grafted-Citrus-Easy-to-Grow-3-Gallon-/200763534813',NULL),(116,'price','2012.5.29','Meyer Lemon Citrus Tree Live Plant Grafted 5 Gallon','http://www.ebay.com/itm/Meyer-Lemon-Citrus-Tree-Live-Plant-Grafted-5-Gallon-/350565054363',NULL),(117,'price','2012.5.29','Orlandi Statuary Meyer Lemon Tree Panel-Autumn Rose Finish','http://www.ebay.com/itm/Orlandi-Statuary-Meyer-Lemon-Tree-Panel-Autumn-Rose-Finish-/251030994500',NULL),(118,'price','2012.5.29','Orlandi Statuary Meyer Lemon Tree Panel-Earth Tone Finish','http://www.ebay.com/itm/Orlandi-Statuary-Meyer-Lemon-Tree-Panel-Earth-Tone-Finish-/251030994506',NULL),(119,'price','2012.5.29','Fenugreek Great Garden Herb 400 Seeds','http://www.amazon.com/Fenugreek-Great-Garden-Herb-Seeds/dp/B00521J4GS',NULL),(120,'price','2012.5.29','Wave Etagere Planter Color: Limone','http://www.amazon.com/Wave-Etagere-Planter-Color-Limone/dp/B00799HK7Q',NULL),(121,'price','2012.5.29','LIMONES Street Sign - Personalized Last Name Sign','http://www.ebay.com/itm/LIMONES-Street-Sign-Personalized-Last-Name-Sign-/250272071069',NULL),(122,'price','2012.5.29','TEMPLE BAMBOO RUNNER PLANT 3\'H - SEMIARUNDINARI A FASTUOSA','http://www.ebay.com/itm/TEMPLE-BAMBOO-RUNNER-PLANT-3H-SEMIARUNDINARIA-FASTUOSA-/251064123803',NULL),(123,'price','2012.5.29','Citrus sinensis TANGERINE Seeds!','http://www.ebay.com/itm/Citrus-sinensis-TANGERINE-Seeds-/360459377972',NULL),(124,'price','2012.5.29','Job\'s Tears Rosary (McVan 157R)','http://www.ebay.com/itm/Jobs-Tears-Rosary-McVan-157R-/380360401385',NULL),(125,'price','2012.5.29','Botanical Interest - Orn Corn Dent Earth Tones','http://www.amazon.com/Botanical-Interest-Corn-Earth-Tones/dp/B007F56NDQ',NULL),(126,'price','2012.5.29','Earth Tones Ornamental Dent Corn Seeds - 8 grams','http://www.ebay.com/itm/Earth-Tones-Ornamental-Dent-Corn-Seeds-8-grams-/290715782682',NULL),(127,'price','2012.5.29','Heirloom Reid\'s Yellow Dent Corn OP Seed Open Pollinated Seeds by AzureDandelion','http://www.ebay.com/itm/Heirloom-Reids-Yellow-Dent-Corn-OP-Seed-Open-Pollinated-Seeds-by-AzureDandelion-/330726460513',NULL),(128,'price','2012.5.29','Reid\'s Yellow Dent - Jumbo Open Pollinated Corn Seed Packet (100)','http://www.ebay.com/itm/Reids-Yellow-Dent-Jumbo-Open-Pollinated-Corn-Seed-Packet-100-/310401195102',NULL),(129,'price','2012.5.29','Corn  Pencil Cobb white dent non-GMO Heirloom 50 vegetable seeds','http://www.ebay.com/itm/Corn-Pencil-Cobb-white-dent-non-GMO-Heirloom-50-vegetable-seeds-/160806770772',NULL),(130,'price','2012.5.29','1 Oz - Open Pollinated Corn Seeds - \'Reid\'s Yellow Dent\' Bulk Vegetable Seeds','http://www.ebay.com/itm/1-Oz-Open-Pollinated-Corn-Seeds-Reids-Yellow-Dent-Bulk-Vegetable-Seeds-/310401199269',NULL),(131,'price','2012.5.29','1 Lb - Open Pollinated Corn Seeds - \'Reid\'s Yellow Dent\' Bulk Vegetable Seeds','http://www.ebay.com/itm/1-Lb-Open-Pollinated-Corn-Seeds-Reids-Yellow-Dent-Bulk-Vegetable-Seeds-/310401200476',NULL),(132,'price','2012.5.29','1/4 Lb - Open Pollinated Corn Seeds - \'Reid\'s Yellow Dent\' Bulk Vegetable Seeds','http://www.ebay.com/itm/1-4-Lb-Open-Pollinated-Corn-Seeds-Reids-Yellow-Dent-Bulk-Vegetable-Seeds-/310401202012',NULL),(133,'price','2012.5.29','Heirloom Greenfield Yellow Dent Corn OP Seed Open Pollinated Seed AzureDandelion','http://www.ebay.com/itm/Heirloom-Greenfield-Yellow-Dent-Corn-OP-Seed-Open-Pollinated-Seed-AzureDandelion-/230785000677',NULL),(134,'price','2012.5.29','Hickory King Dent Corn - 100 Seeds','http://www.ebay.com/itm/Hickory-King-Dent-Corn-100-Seeds-/290715782194',NULL),(135,'price','2012.5.29','Earth Tones Ornamental Dent Corn 100 Seeds','http://www.ebay.com/itm/Earth-Tones-Ornamental-Dent-Corn-100-Seeds-/370615449884',NULL),(136,'price','2012.5.29','Flora australiensis Volume 6','http://www.amazon.com/australiensis-Volume-description-Australian-territory/dp/1130478734',NULL),(137,'price','2012.5.29','WHITE BAMBOO (Dendrocalamus membranaceus) 10 seeds','http://www.ebay.com/itm/WHITE-BAMBOO-Dendrocalamus-membranaceus-10-seeds-/221028193662',NULL),(138,'price','2012.5.29','BLACK ASPER BAMBOO (Dendrocalamus asper) 10 seeds','http://www.ebay.com/itm/BLACK-ASPER-BAMBOO-Dendrocalamus-asper-10-seeds-/270981136599',NULL),(139,'price','2012.5.29','Dendrocalamus asper   10 seeds  30 seeds  60 seeds','http://www.ebay.com/itm/Dendrocalamus-asper-10-seeds-30-seeds-60-seeds-/230775256420',NULL),(140,'price','2012.5.29','GIANT BAMBOO (Dendrocalamus giganteus) 10 seeds','http://www.ebay.com/itm/GIANT-BAMBOO-Dendrocalamus-giganteus-10-seeds-/221028159192',NULL),(141,'price','2012.5.29','Dendrocalamus latiflorus   10 seeds  30 seeds  60 seeds','http://www.ebay.com/itm/Dendrocalamus-latiflorus-10-seeds-30-seeds-60-seeds-/230775246305',NULL),(142,'price','2012.5.29','50x fresh Giant Bamboo Seeds w/ instructions ( Dendrocalamus Giganteus )','http://www.ebay.com/itm/50x-fresh-Giant-Bamboo-Seeds-w-instructions-Dendrocalamus-Giganteus-/180861456611',NULL),(143,'price','2012.5.29','100 Dendrocalamus strictus Calcutta hard bamboo seeds','http://www.ebay.com/itm/100-Dendrocalamus-strictus-Calcutta-hard-bamboo-seeds-/290707945514',NULL),(144,'price','2012.5.29','25 Seed Dendrocalamus latiflorus Taiwanese Giant Bamboo','http://www.ebay.com/itm/25-Seed-Dendrocalamus-latiflorus-Taiwanese-Giant-Bamboo-/280875007670',NULL),(145,'price','2012.5.29','BLACK ASPER BAMBOO (Dendrocalamus asper) 50 seeds','http://www.ebay.com/itm/BLACK-ASPER-BAMBOO-Dendrocalamus-asper-50-seeds-/270981139195',NULL),(146,'price','2012.5.29','Flora Australiensis A Description of the Plants of the Australian Territory Geor','http://www.ebay.com/itm/Flora-Australiensis-A-Description-of-the-Plants-of-the-Australian-Territory-Geor-/140745329259',NULL),(147,'price','2012.5.29','Flora Australiensis: A Description of the Plants of the Australian Territory: Vo','http://www.ebay.com/itm/Flora-Australiensis-A-Description-of-the-Plants-of-the-Australian-Territory-Vo-/140743711432',NULL),(148,'price','2012.5.29','Flora Australiensis: A Description of the Plants of the Australian Territory: Vo','http://www.ebay.com/itm/Flora-Australiensis-A-Description-of-the-Plants-of-the-Australian-Territory-Vo-/110868280712',NULL),(149,'price','2012.5.29','Flora Australiensis: A Description of the Plants of the Australian Territory: Vo','http://www.ebay.com/itm/Flora-Australiensis-A-Description-of-the-Plants-of-the-Australian-Territory-Vo-/110868280710',NULL),(150,'price','2012.5.29','Flora Australiensis: A Description of the Plants of the Australian Territory: Vo','http://www.ebay.com/itm/Flora-Australiensis-A-Description-of-the-Plants-of-the-Australian-Territory-Vo-/110868280717',NULL),(151,'price','2012.5.29','Flora Australiensis 7 Volume Set: A Description of the Plants of the Australian','http://www.ebay.com/itm/Flora-Australiensis-7-Volume-Set-A-Description-of-the-Plants-of-the-Australian-/120909023826',NULL),(152,'price','2012.5.29','NEW Flora Australiensis: A Description of the Plants of','http://www.ebay.com/itm/NEW-Flora-Australiensis-A-Description-of-the-Plants-of-/380349372211',NULL),(153,'price','2012.5.29','NEW Flora Australiensis a Description of the Plants of','http://www.ebay.com/itm/NEW-Flora-Australiensis-a-Description-of-the-Plants-of-/150517410469',NULL),(154,'price','2012.5.29','NEW Flora Australiensis a Description of the Plants of','http://www.ebay.com/itm/NEW-Flora-Australiensis-a-Description-of-the-Plants-of-/150517410467',NULL),(155,'price','2012.5.29','Flora Australiensis: A Description of the Plants of the Australian Territory: Vo','http://www.ebay.com/itm/Flora-Australiensis-A-Description-of-the-Plants-of-the-Australian-Territory-Vo-/110868280765',NULL),(156,'price','2012.5.29','Flora Australiensis: A Description of the Plants of the Australian Territory: Vo','http://www.ebay.com/itm/Flora-Australiensis-A-Description-of-the-Plants-of-the-Australian-Territory-Vo-/140747464699',NULL),(157,'price','2012.5.29','Flora Australiensis: A Description of the Plants of the Australian Territory: Vo','http://www.ebay.com/itm/Flora-Australiensis-A-Description-of-the-Plants-of-the-Australian-Territory-Vo-/110868280705',NULL),(158,'price','2012.5.29','NEW Flora Australiensis: A Description of the Plants of','http://www.ebay.com/itm/NEW-Flora-Australiensis-A-Description-of-the-Plants-of-/380286530648',NULL),(159,'price','2012.5.29','NEW Flora Australiensis: A Description of the Plants of','http://www.ebay.com/itm/NEW-Flora-Australiensis-A-Description-of-the-Plants-of-/380286865099',NULL),(160,'price','2012.5.29','Blood Red Atomic Carrot 300 Seeds -Blood Red Atomic NEW - Veggie','http://www.amazon.com/Blood-Atomic-Carrot-Seeds--Blood/dp/B004E3L0HG',NULL),(161,'price','2012.5.29','Robertson Navel Orange Tree Semi Dwarf Five Gallon','http://www.amazon.com/Robertson-Navel-Orange-Dwarf-Gallon/dp/B000Y8GRYG',NULL),(162,'price','2012.5.29','100 Seeds Sedum \"Dragon\'s Blood\" (Sedum spurium coccineum) Seeds by Seed Needs','http://www.amazon.com/Dragons-spurium-coccineum-Seed-Needs/dp/B002V591V6',NULL),(163,'price','2012.5.29','Semi Dwarf Tarocco Blood Orange Tree Five Gallon','http://www.amazon.com/Dwarf-Tarocco-Blood-Orange-Gallon/dp/B0046I075U',NULL),(164,'price','2012.5.29','GRAFTED Moro Blood Orange Grafted Citrus Tree for containers [GC018]','http://www.ebay.com/itm/GRAFTED-Moro-Blood-Orange-Grafted-Citrus-Tree-for-containers-GC018-/221031463702',NULL),(165,'price','2012.5.29','Rare 5 FRESH SEEDS BLOOD ORANGE var. TAROCCO  Citrus Sicily  Italy home of fruit','http://www.ebay.com/itm/Rare-5-FRESH-SEEDS-BLOOD-ORANGE-var-TAROCCO-Citrus-Sicily-Italy-home-of-fruit-/300704397751',NULL),(166,'price','2012.5.29','Vanilla Grapefruit & Blood Orange Perfume Aromatherapy Diffuser by Anthousa','http://www.ebay.com/itm/Vanilla-Grapefruit-Blood-Orange-Perfume-Aromatherapy-Diffuser-by-Anthousa-/300618129051',NULL),(167,'price','2012.5.29','Moro Blood Orange Citrus Fruit Tree Live 3 gal. Rare','http://www.ebay.com/itm/Moro-Blood-Orange-Citrus-Fruit-Tree-Live-3-gal-Rare-/350565443064',NULL),(168,'price','2012.5.29','5 FRESH SEEDS BLOOD ORANGE SANGUINELLO Tree Citrus Si cily Italy home of fruit','http://www.ebay.com/itm/5-FRESH-SEEDS-BLOOD-ORANGE-SANGUINELLO-Tree-Citrus-Sicily-Italy-home-of-fruit-/300713611427',NULL),(169,'price','2012.5.29','Moro Blood Orange Tree','http://www.ebay.com/itm/Moro-Blood-Orange-Tree-/251068353091',NULL),(170,'price','2012.5.29','GRAFTED Moro Blood Orange Grafted Citrus Tree for containers [GC018]','http://www.ebay.com/itm/GRAFTED-Moro-Blood-Orange-Grafted-Citrus-Tree-for-containers-GC018-/320911375800',NULL),(171,'price','2012.5.29','Vanilla Grapefruit & Blood Orange Diffuser by Anthousa','http://www.ebay.com/itm/Vanilla-Grapefruit-Blood-Orange-Diffuser-by-Anthousa-/320865944882',NULL),(172,'price','2012.5.29','Certified Organic Sugar Baby Watermelon Seeds - Citrullus Lanatus - Approx 25 Gardening Seeds- 90 percent germination','http://www.amazon.com/Certified-Organic-Sugar-Watermelon-Seeds/dp/B004J7AICK',NULL),(173,'price','2012.5.29','Sugar Baby Watermelon - Heirloom Seeds','http://www.amazon.com/Sugar-Baby-Watermelon-Heirloom-Seeds/dp/B004G6Z4DM',NULL),(174,'price','2012.5.29','Bok Choy Pak Choi Chinese Cabbage 299   Seeds','http://www.amazon.com/Choy-Choi-Chinese-Cabbage-Seeds/dp/B004IAB232',NULL),(175,'price','2012.5.29','CITRON Street Sign ~ Personalized Family Lastname Sign ~ Gameroom  Basement  Garage Sign ** ALUMINUM - 6 x 24 inches','http://www.amazon.com/Sign-Personalized-Lastname-Gameroom-Basement/dp/B004SXP9N8',NULL),(176,'price','2012.5.29','Royal Empress Tree Seeds-Paulownia Tomentosa-100 Seeds','http://www.amazon.com/Royal-Empress-Seeds-Paulownia-Tomentosa-100-Seeds/dp/B0046NYPYO',NULL),(177,'price','2012.5.29','Williams-Sonom a 1 Dinner Plate Carolina Orange White Fruit Plums China','http://www.ebay.com/itm/Williams-Sonoma-1-Dinner-Plate-Carolina-Orange-White-Fruit-Plums-China-/200762778473',NULL),(178,'price','2012.5.29','Loose leaf China Oolong Orange Blossom 100 g','http://www.ebay.com/itm/Loose-leaf-China-Oolong-Orange-Blossom-100-g-/221020404819',NULL),(179,'price','2012.5.29','Illinois Clinton China Pottery Jug Orange Raspberry Blackberry Fruit Pattern','http://www.ebay.com/itm/Illinois-Clinton-China-Pottery-Jug-Orange-Raspberry-Blackberry-Fruit-Pattern-/360405586807',NULL),(180,'price','2012.5.29','Leonardo - Fine Bone China Latte Fruit Blossom Orange Mug (BNIB)','http://www.ebay.com/itm/Leonardo-Fine-Bone-China-Latte-Fruit-Blossom-Orange-Mug-BNIB-/150662953886',NULL),(181,'price','2012.5.29','Williams-Sonom a 1 Dinner Plate Carolina Blue White Fruit Orange China','http://www.ebay.com/itm/Williams-Sonoma-1-Dinner-Plate-Carolina-Blue-White-Fruit-Orange-China-/200762778474',NULL),(182,'price','2012.5.29','Leonardo - Fine Bone China Orange Fruit Mug (BNIB)','http://www.ebay.com/itm/Leonardo-Fine-Bone-China-Orange-Fruit-Mug-BNIB-/150661965101',NULL),(183,'price','2012.5.29','MILLET - JAPANESE (Echinochloa esculenta) X 1000 SEEDS','http://www.ebay.com/itm/MILLET-JAPANESE-Echinochloa-esculenta-X-1000-SEEDS-/251067381908',NULL),(184,'price','2012.5.29','LED Star Christmas Tree Topper Rope Light Decoration Indoor/Outdoor Orange/Amber','http://www.ebay.com/itm/LED-Star-Christmas-Tree-Topper-Rope-Light-Decoration-Indoor-Outdoor-Orange-Amber-/170746046834',NULL),(185,'price','2012.5.29','Millet Seeds ? Excellent Source of Manganese  Phosphorus  Magnesium ? 100  Seeds','http://www.ebay.com/itm/Millet-Seeds-Excellent-Source-of-Manganese-Phosphorus-Magnesium-100-Seeds-/170843952332',NULL),(186,'price','2012.5.29','100 FOXTAIL MILLET Ornamental Grass Flower Seeds *Comb S/H','http://www.ebay.com/itm/100-FOXTAIL-MILLET-Ornamental-Grass-Flower-Seeds-Comb-S-H-/221022528160',NULL),(187,'price','2012.5.29','Purple Majesty Millet Pennisetum Ornamental Garden Container Goth 15 Seeds','http://www.ebay.com/itm/Purple-Majesty-Millet-Pennisetum-Ornamental-Garden-Container-Goth-15-Seeds-/160806263334',NULL),(188,'price','2012.5.29','Millet Seeds ? Excellent Source of Manganese  Phosphorus  Magnesium ? 100  Seeds','http://www.ebay.com/itm/Millet-Seeds-Excellent-Source-of-Manganese-Phosphorus-Magnesium-100-Seeds-/170845385501',NULL),(189,'price','2012.5.29','Brown Top Millet Seeds \"Premium Florida Grown\" 50 lbs','http://www.ebay.com/itm/Brown-Top-Millet-Seeds-Premium-Florida-Grown-50-lbs-/320742587184',NULL),(190,'price','2012.5.29','PURPLE MAJESTY MILLET~Seeds!~ ~~~~~~~Lovely Dried Too!','http://www.ebay.com/itm/PURPLE-MAJESTY-MILLET-Seeds-Lovely-Dried-Too-/280884482287',NULL),(191,'price','2012.5.29','Lyric Supreme Wild Bird Mix Canary Seed Millet Ni ger Seed Peanuts S unflower','http://www.ebay.com/itm/Lyric-Supreme-Wild-Bird-Mix-Canary-Seed-Millet-Niger-Seed-Peanuts-Sunflower-/160807834678',NULL),(192,'price','2012.5.29','PURPLE MAJESTY MILLET~Seeds!~ ~~~~~~~Lovely Dried Too!','http://www.ebay.com/itm/PURPLE-MAJESTY-MILLET-Seeds-Lovely-Dried-Too-/280884558683',NULL),(193,'price','2012.5.29','Great Ornamental Grasses \"Jade Princess Millet\" Seeds','http://www.ebay.com/itm/Great-Ornamental-Grasses-Jade-Princess-Millet-Seeds-/120917575682',NULL),(194,'price','2012.5.29','20 seeds lion\'s ears bushman\'s dagga leonotis leonuris','http://www.ebay.com/itm/20-seeds-lions-ears-bushmans-dagga-leonotis-leonuris-/120904548783',NULL),(195,'price','2012.5.29','BUSHMAN Street Sign - Personalized Last Name Sign','http://www.ebay.com/itm/BUSHMAN-Street-Sign-Personalized-Last-Name-Sign-/250269632931',NULL),(196,'price','2012.5.29','Large Deer and Tree Damask Vinyl Wall Decals (20 Pack)','http://www.ebay.com/itm/Large-Deer-and-Tree-Damask-Vinyl-Wall-Decals-20-Pack-/260889040686',NULL),(197,'price','2012.5.29','Variegated Japanese Silver Grass Miscanthus Lot Box Live Plants Ornamental Grass','http://www.ebay.com/itm/Variegated-Japanese-Silver-Grass-Miscanthus-Lot-Box-Live-Plants-Ornamental-Grass-/320911274833',NULL),(198,'price','2012.5.29','Variegated Japanese Silver Grass Miscanthus Lot Box Live Plants Ornamental Grass','http://www.ebay.com/itm/Variegated-Japanese-Silver-Grass-Miscanthus-Lot-Box-Live-Plants-Ornamental-Grass-/320911273471',NULL),(199,'price','2012.5.29','Ornamental Colors Perennial \"Miscanthus Grass\" Seeds','http://www.ebay.com/itm/Ornamental-Colors-Perennial-Miscanthus-Grass-Seeds-/160806045574',NULL),(200,'price','2012.5.29','CHINESE SILVER GRASS MISCANTHUS SINENSIS 35 SEEDS NICE','http://www.ebay.com/itm/CHINESE-SILVER-GRASS-MISCANTHUS-SINENSIS-35-SEEDS-NICE-/110881513131',NULL),(201,'price','2012.5.29','LIVE PLANT one gallon size RED BLOOMING MISCANTHUS grass Perennial Hardy UNIQUE','http://www.ebay.com/itm/LIVE-PLANT-one-gallon-size-RED-BLOOMING-MISCANTHUS-grass-Perennial-Hardy-UNIQUE-/270977946548',NULL),(202,'price','2012.5.29','Ornamental Perennial \"Miscanthus Graziella Grass\" Seeds','http://www.ebay.com/itm/Ornamental-Perennial-Miscanthus-Graziella-Grass-Seeds-/120917575841',NULL),(203,'price','2012.5.29','Ornamental Colors Perennial \"Miscanthus Grass\" Seeds','http://www.ebay.com/itm/Ornamental-Colors-Perennial-Miscanthus-Grass-Seeds-/120917558112',NULL),(204,'price','2012.5.29','Bearss Tahiti Persian Lime Citrus Fruit Tree 5 gallon','http://www.ebay.com/itm/Bearss-Tahiti-Persian-Lime-Citrus-Fruit-Tree-5-gallon-/390415167622',NULL),(205,'price','2012.5.29','Grafted Bearss - Persian - Tahitian Lime Tree','http://www.ebay.com/itm/Grafted-Bearss-Persian-Tahitian-Lime-Tree-/310402836562',NULL),(206,'price','2012.5.29','GRAFTED Bearss or Persian Lime Grafted Citrus Tree [GC006]','http://www.ebay.com/itm/GRAFTED-Bearss-or-Persian-Lime-Grafted-Citrus-Tree-GC006-/221031463746',NULL),(207,'price','2012.5.29','Flowering Persian Lime Bonsai Tree','http://www.ebay.com/itm/Flowering-Persian-Lime-Bonsai-Tree-/290716337878',NULL),(208,'price','2012.5.29','Persian lime - (Citrus Latifolia) ','http://www.ebay.com/itm/Persian-lime-Citrus-Latifolia-15-Seeds-/261023718872',NULL),(209,'price','2012.5.29','Plant species effects on methane emissions from freshwater marshes [An article from: Atmospheric Environment]','http://www.amazon.com/species-effects-methane-emissions-freshwater/dp/B000RR4IFO',NULL),(210,'price','2012.5.29','Spur Tree Jamaican Curry & Oxtail Sauce Pack (size: s)','http://www.ebay.com/itm/Spur-Tree-Jamaican-Curry-Oxtail-Sauce-Pack-size-s-/221026870254',NULL),(211,'price','2012.5.29','Curry Tree All Natural Gluten Free Spice Mix  Chicken Tikka Masala  3.5oz Boxes','http://www.ebay.com/itm/Curry-Tree-All-Natural-Gluten-Free-Spice-Mix-Chicken-Tikka-Masala-3-5oz-Boxes-/200723735028',NULL),(212,'price','2012.5.29','Spur Tree Jamaican Jerk & Curry Sauce Pack (small  10 oz)','http://www.ebay.com/itm/Spur-Tree-Jamaican-Jerk-Curry-Sauce-Pack-small-10-oz-/221026857616',NULL),(213,'price','2012.5.29','Spur Tree Jamaican Curry Seasoning (medium  35 oz)','http://www.ebay.com/itm/Spur-Tree-Jamaican-Curry-Seasoning-medium-35-oz-/221026887424',NULL),(214,'price','2012.5.29','Spur Tree Curry Seasoning (Just Add Meat  Carrots and Potatoes)','http://www.ebay.com/itm/Spur-Tree-Curry-Seasoning-Just-Add-Meat-Carrots-and-Potatoes-/250888696113',NULL),(215,'price','2012.5.29','Curry Tree All Natural Gluten Free Spice Mix  Chicken Madras  3.5-Ounce Boxes','http://www.ebay.com/itm/Curry-Tree-All-Natural-Gluten-Free-Spice-Mix-Chicken-Madras-3-5-Ounce-Boxes-/220970054001',NULL),(216,'price','2012.5.29','Spur Tree Jamaican Curry Medium   Jerk Small Pack','http://www.ebay.com/itm/Spur-Tree-Jamaican-Curry-Medium-Jerk-Small-Pack-/221027104719',NULL),(217,'price','2012.5.29','Spur Tree Jamaican Curry Medium   Oxtail small Combo Pack','http://www.ebay.com/itm/Spur-Tree-Jamaican-Curry-Medium-Oxtail-small-Combo-Pack-/221027106497',NULL),(218,'price','2012.5.29','Spur Tree Jamaican Curry Small & Medium Combo Pack','http://www.ebay.com/itm/Spur-Tree-Jamaican-Curry-Small-Medium-Combo-Pack-/221027105684',NULL),(219,'price','2012.5.29','Spur Tree Jamaican Jerk Medium   Curry Small Pack','http://www.ebay.com/itm/Spur-Tree-Jamaican-Jerk-Medium-Curry-Small-Pack-/221027083586',NULL),(220,'price','2012.5.29','Curry Tree All Natural Gluten Free Spice Mix  Chickpeas Curry  3.5-Ounce Boxes','http://www.ebay.com/itm/Curry-Tree-All-Natural-Gluten-Free-Spice-Mix-Chickpeas-Curry-3-5-Ounce-Boxes-/220970054055',NULL),(221,'price','2012.5.29','Spur Tree Jamaican Curry Seasoning (2 pk  10 oz)','http://www.ebay.com/itm/Spur-Tree-Jamaican-Curry-Seasoning-2-pk-10-oz-/221026828012',NULL),(222,'price','2012.5.29','LIVE Curry Tree Medicinal Health Food Herb Fragrant Ayurveda Aroma 7\"-15\"','http://www.ebay.com/itm/LIVE-Curry-Tree-Medicinal-Health-Food-Herb-Fragrant-Ayurveda-Aroma-7-15-/320906916636',NULL),(223,'price','2012.5.29','Spur Tree Jamaican Jerk   Curry Seasoning (medium  35 oz)','http://www.ebay.com/itm/Spur-Tree-Jamaican-Jerk-Curry-Seasoning-medium-35-oz-/221026935074',NULL),(224,'price','2012.5.29','Spur Tree Jamaican Jerk   Curry Seasoning  Oxtail Medium Combo (35 oz)','http://www.ebay.com/itm/Spur-Tree-Jamaican-Jerk-Curry-Seasoning-Oxtail-Medium-Combo-35-oz-/221026940452',NULL),(225,'price','2012.5.29','Curry Tree All Natural Gluten Free Spice Mix  Tandoori Chicken  1.23oz Boxes','http://www.ebay.com/itm/Curry-Tree-All-Natural-Gluten-Free-Spice-Mix-Tandoori-Chicken-1-23oz-Boxes-/200723734996',NULL),(226,'price','2012.5.29','Spur Tree Jamaican Jerk   Curry   Oxtail Sauce Pack','http://www.ebay.com/itm/Spur-Tree-Jamaican-Jerk-Curry-Oxtail-Sauce-Pack-/221026860803',NULL),(227,'price','2012.5.29','Curry Tree All Natural Gluten Free Spice Mix  Jalfrezi  3.5-Ounce Boxes','http://www.ebay.com/itm/Curry-Tree-All-Natural-Gluten-Free-Spice-Mix-Jalfrezi-3-5-Ounce-Boxes-/220970053960',NULL),(228,'price','2012.5.29','Spur Tree Jamaican Oxtail Medium   Curry Small Combo Pack','http://www.ebay.com/itm/Spur-Tree-Jamaican-Oxtail-Medium-Curry-Small-Combo-Pack-/221027097396',NULL),(229,'price','2012.5.29','ferm LIVING Tree Bomb Silk Pillow in Curry 7106','http://www.ebay.com/itm/ferm-LIVING-Tree-Bomb-Silk-Pillow-in-Curry-7106-/110863850749',NULL),(230,'price','2012.5.29','Spur Tree Jamaican Jerk   2 Curry Sauce Pack (small  15 oz)','http://www.ebay.com/itm/Spur-Tree-Jamaican-Jerk-2-Curry-Sauce-Pack-small-15-oz-/221026859525',NULL),(231,'price','2012.5.29','Key lime - (Citrus Aurantifolia) ','http://www.ebay.com/itm/Key-lime-Citrus-Aurantifolia-15-Seeds-/261023720278',NULL),(232,'price','2012.5.29','50 Seeds  Rosemary Herb (Rosemarinus officinalis) Seeds By Seed Needs','http://www.amazon.com/Rosemary-Rosemarinus-officinalis-Seed-Needs/dp/B002TTK7AS',NULL),(233,'price','2012.5.29','Lovage (Levisticum Officinalis) 25 Seeds','http://www.amazon.com/Lovage-Levisticum-Officinalis-25-Seeds/dp/B007V2ZGXQ',NULL),(234,'price','2012.5.29','Sage Seeds - Salvia Officinalis - 1 Gram - Approx 120 Gardening Seeds - Herb Garden Seed','http://www.amazon.com/Sage-Seeds-Salvia-Officinalis-Gardening/dp/B0032CU9RM',NULL),(235,'price','2012.5.29','Hyssop Hyssopus officinalis 250 Seeds/250 Mg','http://www.amazon.com/Hyssop-Hyssopus-officinalis-250-Seeds/dp/B004RDJDZ4',NULL),(236,'price','2012.5.29','Rosemary Seeds - Rosmarinus Officinalis - .2 Grams - Approx 140 Gardening Seeds - Herb Garden Seed','http://www.amazon.com/Rosemary-Seeds-Rosmarinus-Officinalis-Gardening/dp/B0032G9UYG',NULL),(237,'price','2012.5.29','200 Seeds  Calendula \"Pink Surprise\" (Calendula officinalis) Seeds by Seed Needs','http://www.amazon.com/Calendula-Surprise-officinalis-Seed-Needs/dp/B0072JSPPY',NULL),(238,'price','2012.5.29','Pennisetum Red Buttons - 50 seeds','http://www.amazon.com/Pennisetum-Red-Buttons-50-seeds/dp/B0081KUPLU',NULL),(239,'price','2012.5.29','Fountain Grass - Orientale - 25 Seeds','http://www.amazon.com/Fountain-Grass-Orientale-25-Seeds/dp/B005CRLBI6',NULL),(240,'price','2012.5.29','Marshmallow Althaea Officinalis 1 live plant','http://www.ebay.com/itm/Marshmallow-Althaea-Officinalis-1-live-plant-/290714993173',NULL),(241,'price','2012.5.29','Tricolor Salvia ( salvia Officinalis) 1 Plant.','http://www.ebay.com/itm/Tricolor-Salvia-salvia-Officinalis-1-Plant-/230588751920',NULL),(242,'price','2012.5.29','Lavandula officinalis LAVENDER Herb Seeds!','http://www.ebay.com/itm/Lavandula-officinalis-LAVENDER-Herb-Seeds-/130072584411',NULL),(243,'price','2012.5.29','YELLOW MELILOT (Melilotus officinalis) 100  Seeds','http://www.ebay.com/itm/YELLOW-MELILOT-Melilotus-officinalis-100-Seeds-/130553854300',NULL),(244,'price','2012.5.29','50 Asparagus Mary Washington (Asparagus officinalis) Guaranteed Fresh Seeds','http://www.ebay.com/itm/50-Asparagus-Mary-Washington-Asparagus-officinalis-Guaranteed-Fresh-Seeds-/330722973976',NULL),(245,'price','2012.5.29','CALENDULA officinalis Indian Prince seeds (F 115)','http://www.ebay.com/itm/CALENDULA-officinalis-Indian-Prince-seeds-F-115-/350485013760',NULL),(246,'price','2012.5.29','LEMON BALM Melissa Officinalis 1 000 Herb Seeds   GIFT','http://www.ebay.com/itm/LEMON-BALM-Melissa-Officinalis-1-000-Herb-Seeds-GIFT-/140575733906',NULL),(247,'price','2012.5.29','Elephant Ear Garden Sage culinary herb plant (salvia officinalis \'elephant ear\')','http://www.ebay.com/itm/Elephant-Ear-Garden-Sage-culinary-herb-plant-salvia-officinalis-elephant-ear-/261020813234',NULL),(248,'price','2012.5.29','Todd\'s Seeds - Calendula officinalis Fancy Mix Seed - 1 oz Seed Packet','http://www.ebay.com/itm/Todds-Seeds-Calendula-officinalis-Fancy-Mix-Seed-1-oz-Seed-Packet-/140750561814',NULL),(249,'price','2012.5.29','40 seed Officinalis Isatis Indigotica fort Radix E001','http://www.ebay.com/itm/40-seed-Officinalis-Isatis-Indigotica-fort-Radix-E001-/251066045947',NULL),(250,'price','2012.5.29','Sage Berggarten (Salvia Officinalis) 1 Plant.','http://www.ebay.com/itm/Sage-Berggarten-Salvia-Officinalis-1-Plant-/230777698316',NULL),(251,'price','2012.5.29','Big Leaf WHITE SAGE ( Salvia officinalis ) 50 Seeds','http://www.ebay.com/itm/Big-Leaf-WHITE-SAGE-Salvia-officinalis-50-Seeds-/360425271686',NULL),(252,'price','2012.5.29','HYSSOP-Hyssopu s Officinalis~`~ \"Dark Blue Perenial Herb\"~`~25-see ds  Fresh 2011','http://www.ebay.com/itm/HYSSOP-Hyssopus-Officinalis-Dark-Blue-Perenial-Herb-25-seeds-Fresh-2011-/170738651759',NULL),(253,'price','2012.5.29','Borage  Blue  officinalis  seed','http://www.ebay.com/itm/Borage-Blue-officinalis-seed-/350280833101',NULL),(254,'price','2012.5.29','100  Common Sage Herb Seed Salvia officinalis','http://www.ebay.com/itm/100-Common-Sage-Herb-Seed-Salvia-officinalis-/120919250906',NULL),(255,'price','2012.5.29','Sage (Salvia officinalis) - 50 Seeds','http://www.ebay.com/itm/Sage-Salvia-officinalis-50-Seeds-/220857571255',NULL),(256,'price','2012.5.29','60 PEPPERY GARDEN SAGE HERB SEEDS Salvia officinalis ~Perennial evergreen shrub','http://www.ebay.com/itm/60-PEPPERY-GARDEN-SAGE-HERB-SEEDS-Salvia-officinalis-Perennial-evergreen-shrub-/140627399467',NULL),(257,'price','2012.5.29','Asiatic Dogwood Japanese Cornel Dogwood SEEDS Cornus officinalis MEDICINAL FRUIT','http://www.ebay.com/itm/Asiatic-Dogwood-Japanese-Cornel-Dogwood-SEEDS-Cornus-officinalis-MEDICINAL-FRUIT-/130680499245',NULL),(258,'price','2012.5.29','Lemon Balm Melissa Officinalis 200 seed FREE SEED! Free ship on additional items','http://www.ebay.com/itm/Lemon-Balm-Melissa-Officinalis-200-seed-FREE-SEED-Free-ship-on-additional-items-/360460989608',NULL),(259,'price','2012.5.29','1 Plant - Rosemary Tuscan Blue - Rosmarinus Officinalis Herb Cook','http://www.ebay.com/itm/1-Plant-Rosemary-Tuscan-Blue-Rosmarinus-Officinalis-Herb-Cook-/170847354555',NULL),(260,'price','2012.5.29','Galega officinalis. 50 fresh seeds!!!','http://www.ebay.com/itm/Galega-officinalis-50-fresh-seeds-/370293933848',NULL),(261,'price','2012.5.29','Asparagus (Asparagus Officinalis) 50 Fresh Seeds','http://www.ebay.com/itm/Asparagus-Asparagus-Officinalis-50-Fresh-Seeds-/150624796968',NULL),(262,'price','2012.5.29','SWEET HERB Seeds Lemon Balm seed *30 seeds D031 Melissa Officinalis Seeds','http://www.ebay.com/itm/SWEET-HERB-Seeds-Lemon-Balm-seed-30-seeds-D031-Melissa-Officinalis-Seeds-/170843993715',NULL),(263,'price','2012.5.29','* ROSEMARY OFFICINALIS * HEIRLOOM HERB!! 50 SEEDS','http://www.ebay.com/itm/ROSEMARY-OFFICINALIS-HEIRLOOM-HERB-50-SEEDS-/110881180887',NULL),(264,'price','2012.5.29','Lemon Balm (Melissa officinalis) - 100 Seeds','http://www.ebay.com/itm/Lemon-Balm-Melissa-officinalis-100-Seeds-/220857571237',NULL),(265,'price','2012.5.29','50 VALERIAN ROOT Sedative VALERIANA OFFICINALIS Seeds','http://www.ebay.com/itm/50-VALERIAN-ROOT-Sedative-VALERIANA-OFFICINALIS-Seeds-/140706215020',NULL),(266,'price','2012.5.29','Althaea Officinalis (Marshmallow) Seeds x 200','http://www.ebay.com/itm/Althaea-Officinalis-Marshmallow-Seeds-x-200-/261016614831',NULL),(267,'price','2012.5.29','Radio Calendula (Calendula officinalis) - 500  SEEDS','http://www.ebay.com/itm/Radio-Calendula-Calendula-officinalis-500-SEEDS-/110751218477',NULL),(268,'price','2012.5.29','SAGE (Salvia officinalis) Herb X 30 Seeds','http://www.ebay.com/itm/SAGE-Salvia-officinalis-Herb-X-30-Seeds-/260952318426',NULL),(269,'price','2012.5.29','E002 Officinalis Cassia Tora (Ju Ming Zi) Seed Pack','http://www.ebay.com/itm/E002-Officinalis-Cassia-Tora-Ju-Ming-Zi-Seed-Pack-/270610952645',NULL),(270,'price','2012.5.29','1000 Asparagus Mary Washington (Asparagus officinalis) Guaranteed Fresh Seeds','http://www.ebay.com/itm/1000-Asparagus-Mary-Washington-Asparagus-officinalis-Guaranteed-Fresh-Seeds-/330722997221',NULL),(271,'price','2012.5.29','Valerian  valeriana officinalis Fresh seeds (HE0024)','http://www.ebay.com/itm/Valerian-valeriana-officinalis-Fresh-seeds-HE0024-/350547148885',NULL),(272,'price','2012.5.29','Heirloom Organic ~Delicious~ Medicinal~Edib le~ BORAGE -Officinalis HERB 50 Seeds','http://www.ebay.com/itm/Heirloom-Organic-Delicious-Medicinal-Edible-BORAGE-Officinalis-HERB-50-Seeds-/190639474034',NULL),(273,'price','2012.5.29','50 MARSHMALLOW SEEDS Althaea Officinalis Medicinal Herb','http://www.ebay.com/itm/50-MARSHMALLOW-SEEDS-Althaea-Officinalis-Medicinal-Herb-/140661877658',NULL),(274,'price','2012.5.29','500 Asparagus Mary Washington (Asparagus officinalis) Guaranteed Fresh Seeds','http://www.ebay.com/itm/500-Asparagus-Mary-Washington-Asparagus-officinalis-Guaranteed-Fresh-Seeds-/330722997025',NULL),(275,'price','2012.5.29','HERB - Lemon Balm Herb (1000) Seeds ','http://www.ebay.com/itm/HERB-Lemon-Balm-Herb-1000-Seeds-Melissa-Officinalis-/280872168217',NULL),(276,'price','2012.5.29','1 500 LEMON BALM SEEDS - Melissa Officinalis','http://www.ebay.com/itm/1-500-LEMON-BALM-SEEDS-Melissa-Officinalis-/140549858685',NULL),(277,'price','2012.5.29','1/2 oz. LEMON BALM SEEDS - Melissa Officinalis - BULK','http://www.ebay.com/itm/1-2-oz-LEMON-BALM-SEEDS-Melissa-Officinalis-BULK-/150385696817',NULL),(278,'price','2012.5.29','Radio Calendula (Calendula officinalis) - 100  SEEDS','http://www.ebay.com/itm/Radio-Calendula-Calendula-officinalis-100-SEEDS-/110751211519',NULL),(279,'price','2012.5.29','15 mandrake seeds  Mandragora officinalis','http://www.ebay.com/itm/15-mandrake-seeds-Mandragora-officinalis-/221015484091',NULL),(280,'price','2012.5.29','10 Seeds Cornus officinalis Japanese cornelian cherry','http://www.ebay.com/itm/10-Seeds-Cornus-officinalis-Japanese-cornelian-cherry-/270739980940',NULL),(281,'price','2012.5.29','10 Asparagus jersey giant Hybrid (Asparagus officinalis) Guaranteed Fresh Seeds','http://www.ebay.com/itm/10-Asparagus-jersey-giant-Hybrid-Asparagus-officinalis-Guaranteed-Fresh-Seeds-/330722971916',NULL),(282,'price','2012.5.29','Rosmarinus Officinalis - Rosmary (100 seeds) 1007','http://www.ebay.com/itm/Rosmarinus-Officinalis-Rosmary-100-seeds-1007-/160721349536',NULL),(283,'price','2012.5.29','Styrax officinalis - storax tree - 10 seeds','http://www.ebay.com/itm/Styrax-officinalis-storax-tree-10-seeds-/251068736267',NULL),(284,'price','2012.5.29','Herb - Rosemary (Evergreen) - Rosemarinus officinalis - 200 Seeds','http://www.ebay.com/itm/Herb-Rosemary-Evergreen-Rosemarinus-officinalis-200-Seeds-/220898660557',NULL),(285,'price','2012.5.29','E001 Officinalis Anti Flue Isatis Indigotica Seed Pack','http://www.ebay.com/itm/E001-Officinalis-Anti-Flue-Isatis-Indigotica-Seed-Pack-/230501947780',NULL),(286,'price','2012.5.29','1 Bag 15 seed Rosemary Rosmarinus officinalis seed D006','http://www.ebay.com/itm/1-Bag-15-seed-Rosemary-Rosmarinus-officinalis-seed-D006-/330611583464',NULL),(287,'price','2012.5.29','VALERIAN ( Valeriana officinalis ) 100 Seeds','http://www.ebay.com/itm/VALERIAN-Valeriana-officinalis-100-Seeds-/220975482583',NULL),(288,'price','2012.5.29','LEMON BALM Melissa Officinalis - 500 Herb Seeds   GIFT','http://www.ebay.com/itm/LEMON-BALM-Melissa-Officinalis-500-Herb-Seeds-GIFT-/140576254063',NULL),(289,'price','2012.5.29','Hyssopus Hyssop Officinalis Blue Seeds','http://www.ebay.com/itm/Hyssopus-Hyssop-Officinalis-Blue-Seeds-/290321023314',NULL),(290,'price','2012.5.29','Perennial Edible Clary sage seeds D040 Salvia officinalis','http://www.ebay.com/itm/Perennial-Edible-Clary-sage-seeds-D040-Salvia-officinalis-/170844380116',NULL),(291,'price','2012.5.29','Rosemary Herb Seeds Rosmarinus Officinalis  100 Seeds','http://www.ebay.com/itm/Rosemary-Herb-Seeds-Rosmarinus-Officinalis-100-Seeds-/160448681511',NULL),(292,'price','2012.5.29','Annual Semen Cassiae Officinalis Seed Garden decor 30pcs 1 bag DIYSEEDS INC E2','http://www.ebay.com/itm/Annual-Semen-Cassiae-Officinalis-Seed-Garden-decor-30pcs-1-bag-DIYSEEDS-INC-E2-/180780013386',NULL),(293,'price','2012.5.29','Rosmarinus officinalis ROSEMARY Herb Seeds!','http://www.ebay.com/itm/Rosmarinus-officinalis-ROSEMARY-Herb-Seeds-/360233565528',NULL),(294,'price','2012.5.29','HYSSOP SEEDS AROMATIC ~ H. officinalis MEDICINAL HERB ~','http://www.ebay.com/itm/HYSSOP-SEEDS-AROMATIC-H-officinalis-MEDICINAL-HERB-/130497786994',NULL),(295,'price','2012.5.29','Todd\'s Seeds - Borage Herb (Borago Officinalis) - By The Pound','http://www.ebay.com/itm/Todds-Seeds-Borage-Herb-Borago-Officinalis-By-The-Pound-/140753481157',NULL),(296,'price','2012.5.29','HERB SEEDS: LEMON BALM- MELISSA OFFICINALIS GARDEN SEED','http://www.ebay.com/itm/HERB-SEEDS-LEMON-BALM-MELISSA-OFFICINALIS-GARDEN-SEED-/350207592867',NULL),(297,'price','2012.5.29','SAPONARIA OFFICINALIS ROSEA PLENA 50 Seeds-Fragrant','http://www.ebay.com/itm/SAPONARIA-OFFICINALIS-ROSEA-PLENA-50-Seeds-Fragrant-/110868141627',NULL),(298,'price','2012.5.29','HYSSOP BLUE (Hyssopus officinalis) HERB X 100 Seeds','http://www.ebay.com/itm/HYSSOP-BLUE-Hyssopus-officinalis-HERB-X-100-Seeds-/251047638728',NULL),(299,'price','2012.5.29','BULK Asiatic Dogwood  Japanese Cornel Dogwood SEEDS Cornus officinalis MEDICINAL','http://www.ebay.com/itm/BULK-Asiatic-Dogwood-Japanese-Cornel-Dogwood-SEEDS-Cornus-officinalis-MEDICINAL-/270956337326',NULL),(300,'price','2012.5.29','Anatolian Sage Tea Salvia officinalis 20 Fresh Seeds','http://www.ebay.com/itm/Anatolian-Sage-Tea-Salvia-officinalis-20-Fresh-Seeds-/270982832169',NULL),(301,'price','2012.5.29','HYSSOP HERB SEEDS AROMATIC HONEY ~ Hyssopus officinalis','http://www.ebay.com/itm/HYSSOP-HERB-SEEDS-AROMATIC-HONEY-Hyssopus-officinalis-/280644627076',NULL),(302,'price','2012.5.29','Alcea (Hollyhock) Single Pale Blush officinalis 5 seeds','http://www.ebay.com/itm/Alcea-Hollyhock-Single-Pale-Blush-officinalis-5-seeds-/250946140913',NULL),(303,'price','2012.5.29','Rare Fresh RUSSIAN HEIRLOOM Organic Herb Salvia officinalis - Sage Seeds 40 ','http://www.ebay.com/itm/Rare-Fresh-RUSSIAN-HEIRLOOM-Organic-Herb-Salvia-officinalis-Sage-Seeds-40-/360441401517',NULL),(304,'price','2012.5.29','Rosemary Officinalis Herb Plants 3 plants!','http://www.ebay.com/itm/Rosemary-Officinalis-Herb-Plants-3-plants-/200764987661',NULL),(305,'price','2012.5.29','1 oz Hyssopus Officinalis HYSSOP Aromatic Herb seeds','http://www.ebay.com/itm/1-oz-Hyssopus-Officinalis-HYSSOP-Aromatic-Herb-seeds-/150384450866',NULL),(306,'price','2012.5.29','Salvia officinalis-GA RDEN SAGE SEEDS PEPPERY HERB ~L@@K','http://www.ebay.com/itm/Salvia-officinalis-GARDEN-SAGE-SEEDS-PEPPERY-HERB-L-K-/110660089358',NULL),(307,'price','2012.5.29','Lemon Balm Herb 600 seeds Melissa Officinalis','http://www.ebay.com/itm/Lemon-Balm-Herb-600-seeds-Melissa-Officinalis-/120914971677',NULL),(308,'price','2012.5.29','BORAGE Borago Officinalis --- 200 Herb Seeds   GIFT','http://www.ebay.com/itm/BORAGE-Borago-Officinalis-200-Herb-Seeds-GIFT-/130545520735',NULL),(309,'price','2012.5.29','BORAGE (Borago officinalis) SEEDS V83','http://www.ebay.com/itm/BORAGE-Borago-officinalis-SEEDS-V83-/350383504577',NULL),(310,'price','2012.5.29','GARDEN SAGE SEEDS-Salvia officinalis-PE PPERY HERB-NICE~','http://www.ebay.com/itm/GARDEN-SAGE-SEEDS-Salvia-officinalis-PEPPERY-HERB-NICE-/270718480263',NULL),(311,'price','2012.5.29','400 seed Radix Officinalis Isatis Indigotica fort Herb','http://www.ebay.com/itm/400-seed-Radix-Officinalis-Isatis-Indigotica-fort-Herb-/230634341208',NULL),(312,'price','2012.5.29','Calendula officinalis (pot marigold) - 500 seeds','http://www.ebay.com/itm/Calendula-officinalis-pot-marigold-500-seeds-/320912122092',NULL),(313,'price','2012.5.29','Pot or Scotch Marigold Calendula officinalis100 Seeds','http://www.ebay.com/itm/Pot-or-Scotch-Marigold-Calendula-officinalis100-Seeds-/150433133177',NULL),(314,'price','2012.5.29','Marshmallow Althaea Officinalis 1 live plant','http://www.ebay.com/itm/Marshmallow-Althaea-Officinalis-1-live-plant-/110810445057',NULL),(315,'price','2012.5.29','Heirloom Herbs BROADLEAF SAGE 50 Seeds Salvia officinalis CULINARY  MEDICINAL','http://www.ebay.com/itm/Heirloom-Herbs-BROADLEAF-SAGE-50-Seeds-Salvia-officinalis-CULINARY-MEDICINAL-/180838372358',NULL),(316,'price','2012.5.29','Verbena Officinalis Seeds - Vervain - Medicinal Plant','http://www.ebay.com/itm/Verbena-Officinalis-Seeds-Vervain-Medicinal-Plant-/380439476863',NULL),(317,'price','2012.5.29','Salvia (Sage) officinalis Blue Lavender 5 seeds','http://www.ebay.com/itm/Salvia-Sage-officinalis-Blue-Lavender-5-seeds-/260901845975',NULL),(318,'price','2012.5.29','Lemon Balm (Melissa Officinalis) 1 Plant.','http://www.ebay.com/itm/Lemon-Balm-Melissa-Officinalis-1-Plant-/230590704579',NULL),(319,'price','2012.5.29','SWEET HERB Seeds Common hyssop seed 50 seeds D029 Hyssop Officinalis Linn Seeds','http://www.ebay.com/itm/SWEET-HERB-Seeds-Common-hyssop-seed-50-seeds-D029-Hyssop-Officinalis-Linn-Seeds-/170846628368',NULL),(320,'price','2012.5.29','Hyssopus Hyssop Officinalis White Seeds','http://www.ebay.com/itm/Hyssopus-Hyssop-Officinalis-White-Seeds-/250435207537',NULL),(321,'price','2012.5.29','CALENDULA OFFICINALIS PIGMY DWARF APRICOT 100 seeds','http://www.ebay.com/itm/CALENDULA-OFFICINALIS-PIGMY-DWARF-APRICOT-100-seeds-/220649517520',NULL),(322,'price','2012.5.29','HERB SEEDS: SAGE-COMMON- SALVIA OFFICINALIS GARDEN SEED','http://www.ebay.com/itm/HERB-SEEDS-SAGE-COMMON-SALVIA-OFFICINALIS-GARDEN-SEED-/170338089735',NULL),(323,'price','2012.5.29','LEMON BALM Melissa Officinalis -- 100 Herb Seeds   GIFT','http://www.ebay.com/itm/LEMON-BALM-Melissa-Officinalis-100-Herb-Seeds-GIFT-/130544769136',NULL),(324,'price','2012.5.29','Marshmallow Althaea Officinalis 1 live plant','http://www.ebay.com/itm/Marshmallow-Althaea-Officinalis-1-live-plant-/110884731637',NULL),(325,'price','2012.5.29','Borage- Borago officinalis - 50 Seeds','http://www.ebay.com/itm/Borage-Borago-officinalis-50-Seeds-/220856897660',NULL),(326,'price','2012.5.29','250 Hyssopus Officinalis HYSSOP Aromatic Herb seeds','http://www.ebay.com/itm/250-Hyssopus-Officinalis-HYSSOP-Aromatic-Herb-seeds-/150384449324',NULL),(327,'price','2012.5.29','40 seed Officinalis Isatis Indigotica fort Radix E001','http://www.ebay.com/itm/40-seed-Officinalis-Isatis-Indigotica-fort-Radix-E001-/330554916123',NULL),(328,'price','2012.5.29','Garden Sage  salvia officinalis  Fresh seeds! (HE0019)','http://www.ebay.com/itm/Garden-Sage-salvia-officinalis-Fresh-seeds-HE0019-/350427906403',NULL),(329,'price','2012.5.29','HERB SEEDS: ROSEMARY-ROSMA RINUS OFFICINALIS GARDEN SEED','http://www.ebay.com/itm/HERB-SEEDS-ROSEMARY-ROSMARINUS-OFFICINALIS-GARDEN-SEED-/350286862950',NULL),(330,'price','2012.5.29','Althaea officinalis MARSH MALLOW Seeds!','http://www.ebay.com/itm/Althaea-officinalis-MARSH-MALLOW-Seeds-/110298148936',NULL),(331,'price','2012.5.29','Marshmallow Althaea Officinalis 1 live plant','http://www.ebay.com/itm/Marshmallow-Althaea-Officinalis-1-live-plant-/290678471708',NULL),(332,'price','2012.5.29','Nasturtium officinalis WATERCRESS Herb Seeds!','http://www.ebay.com/itm/Nasturtium-officinalis-WATERCRESS-Herb-Seeds-/380205235199',NULL),(333,'price','2012.5.29','Gourgeous Perennials \"ALTHAEA OFFICINALIS MARSH MALLOW SEEDS\"','http://www.ebay.com/itm/Gourgeous-Perennials-ALTHAEA-OFFICINALIS-MARSH-MALLOW-SEEDS-/160806155109',NULL),(334,'price','2012.5.29','HERB SEEDS: VALERIAN- VALERIANA OFFICINALIS GARDEN SEED','http://www.ebay.com/itm/HERB-SEEDS-VALERIAN-VALERIANA-OFFICINALIS-GARDEN-SEED-/350207593383',NULL),(335,'price','2012.5.29','Todd\'s Seeds - Borage Herb (Borago Officinalis) - 1 oz Seed Packet','http://www.ebay.com/itm/Todds-Seeds-Borage-Herb-Borago-Officinalis-1-oz-Seed-Packet-/140750553076',NULL),(336,'price','2012.5.29','SOAPWORT (Saponaria officinalis) 100  Seeds','http://www.ebay.com/itm/SOAPWORT-Saponaria-officinalis-100-Seeds-/150634686140',NULL),(337,'price','2012.5.29','1/8 oz. LEMON BALM SEEDS - Melissa Officinalis - BULK','http://www.ebay.com/itm/1-8-oz-LEMON-BALM-SEEDS-Melissa-Officinalis-BULK-/140353885849',NULL),(338,'price','2012.5.29','BORAGE (Borago officinalis) HERB X 50 Seeds','http://www.ebay.com/itm/BORAGE-Borago-officinalis-HERB-X-50-Seeds-/260949366286',NULL),(339,'price','2012.5.29','Lemon Balm Variegated(Mel issa Officinalis \'Variegata\')1 plant 3? inches pot.','http://www.ebay.com/itm/Lemon-Balm-Variegated-Melissa-Officinalis-Variegata-1-plant-3-inches-pot-/230772627890',NULL),(340,'price','2012.5.29','Borage Herb 35 Seeds-Borage officinalis-GA RDEN FRESH!','http://www.ebay.com/itm/Borage-Herb-35-Seeds-Borage-officinalis-GARDEN-FRESH-/110883239822',NULL),(341,'price','2012.5.29','Calendula (Calendula Officinalis Golden Emperor) 10 seeds','http://www.ebay.com/itm/Calendula-Calendula-Officinalis-Golden-Emperor-10-seeds-/270875313546',NULL),(342,'price','2012.5.29','20 Asiatic Dogwood  Japanese Cornel Dogwood SEEDS Cornus officinalis MEDICINAL B','http://www.ebay.com/itm/20-Asiatic-Dogwood-Japanese-Cornel-Dogwood-SEEDS-Cornus-officinalis-MEDICINAL-B-/140739140156',NULL),(343,'price','2012.5.29','50 x Rosemary Rosemarinus OffIcinalis Herb Herbs Vegetable Plant Seeds','http://www.ebay.com/itm/50-x-Rosemary-Rosemarinus-OffIcinalis-Herb-Herbs-Vegetable-Plant-Seeds-/120890476912',NULL),(344,'price','2012.5.29','VALERIANA officinalis VALERIAN Garden Heliotrope SEEDS','http://www.ebay.com/itm/VALERIANA-officinalis-VALERIAN-Garden-Heliotrope-SEEDS-/380255823661',NULL),(345,'price','2012.5.29','2000 VALERIAN ROOT Sedative VALERIANA OFFICINALIS Seeds','http://www.ebay.com/itm/2000-VALERIAN-ROOT-Sedative-VALERIANA-OFFICINALIS-Seeds-/160715684626',NULL),(346,'price','2012.5.29','BROADLEAF SAGE * Salvia officinalis * HERB SEEDS NEW!!','http://www.ebay.com/itm/BROADLEAF-SAGE-Salvia-officinalis-HERB-SEEDS-NEW-/270923901449',NULL),(347,'price','2012.5.29','MARSHMALLOW (Althaea Officinalis) X 50 Seeds','http://www.ebay.com/itm/MARSHMALLOW-Althaea-Officinalis-X-50-Seeds-/261027712253',NULL),(348,'price','2012.5.29','* HYSSOP HYSSOPUS OFFICINALIS * PERENNIAL!! HEIRLOOM 50 SEEDS','http://www.ebay.com/itm/HYSSOP-HYSSOPUS-OFFICINALIS-PERENNIAL-HEIRLOOM-50-SEEDS-/110883991557',NULL),(349,'price','2012.5.29','10g VALERIAN ROOT Sedative VALERIANA OFFICINALIS Seeds','http://www.ebay.com/itm/10g-VALERIAN-ROOT-Sedative-VALERIANA-OFFICINALIS-Seeds-/160646503382',NULL),(350,'price','2012.5.29','VALERIAN (Valeriana officinalis) HERB X 50 Seeds','http://www.ebay.com/itm/VALERIAN-Valeriana-officinalis-HERB-X-50-Seeds-/250851153689',NULL),(351,'price','2012.5.29','Anatolian Sage Tea Salvia officinalis 20 Fresh Seeds','http://www.ebay.com/itm/Anatolian-Sage-Tea-Salvia-officinalis-20-Fresh-Seeds-/280870000234',NULL),(352,'price','2012.5.29','Borage \'Blue\'(Borago officinalis)1 plant 3? inches pot.','http://www.ebay.com/itm/Borage-Blue-Borago-officinalis-1-plant-3-inches-pot-/230772626089',NULL),(353,'price','2012.5.29','Rosemary Tuscan Blue (Rosmarinus Officinalis) 1 Plant.','http://www.ebay.com/itm/Rosemary-Tuscan-Blue-Rosmarinus-Officinalis-1-Plant-/230453815517',NULL),(354,'price','2012.5.29','1/8 oz Hyssopus Officinalis HYSSOP Aromatic Herb seeds','http://www.ebay.com/itm/1-8-oz-Hyssopus-Officinalis-HYSSOP-Aromatic-Herb-seeds-/150384450542',NULL),(355,'price','2012.5.29','Rosemary Gorizia (Rosemary Officinalis) 1 Plant.','http://www.ebay.com/itm/Rosemary-Gorizia-Rosemary-Officinalis-1-Plant-/330533669778',NULL),(356,'price','2012.5.29','2 D024 Borage / Borago Officinalis Vegetable Herbs Seeds Pack x60 Seeds','http://www.ebay.com/itm/2-D024-Borage-Borago-Officinalis-Vegetable-Herbs-Seeds-Pack-x60-Seeds-/280863155301',NULL),(357,'price','2012.5.29','150 Asparagus Mary Washington (Asparagus officinalis) Guaranteed Fresh Seeds','http://www.ebay.com/itm/150-Asparagus-Mary-Washington-Asparagus-officinalis-Guaranteed-Fresh-Seeds-/330722974218',NULL),(358,'price','2012.5.29','Asiatic Dogwood  Japanese Cornel Dogwood SEEDS MEDICINAL Cornus officinalis NICE','http://www.ebay.com/itm/Asiatic-Dogwood-Japanese-Cornel-Dogwood-SEEDS-MEDICINAL-Cornus-officinalis-NICE-/120895696859',NULL),(359,'price','2012.5.29','125 SOAPWORT SEEDS - Saponaria Officinalis BOUNCING BET - Shampoo & Skin Herb','http://www.ebay.com/itm/125-SOAPWORT-SEEDS-Saponaria-Officinalis-BOUNCING-BET-Shampoo-Skin-Herb-/140713849258',NULL),(360,'price','2012.5.29','Borage alba  RARE!!! officinalis v alba seeds (HP0004)','http://www.ebay.com/itm/Borage-alba-RARE-officinalis-v-alba-seeds-HP0004-/350321802748',NULL),(361,'price','2012.5.29','Sage Exacta \"Salvia officinalis\" 25 seeds','http://www.ebay.com/itm/Sage-Exacta-Salvia-officinalis-25-seeds-/250939613361',NULL),(362,'price','2012.5.29','Borago officinalis 85 herb seeds *DIY HAPPY [ZZ78]','http://www.ebay.com/itm/Borago-officinalis-85-herb-seeds-DIY-HAPPY-ZZ78-/220855374354',NULL),(363,'price','2012.5.29','50 RADIO MARIGOLD English Calendula Officinalis Seeds   Gift & Comb S/H','http://www.ebay.com/itm/50-RADIO-MARIGOLD-English-Calendula-Officinalis-Seeds-Gift-Comb-S-H-/220983832853',NULL),(364,'price','2012.5.29','CALENDULA officinalis Pigmy Dwarf Apricot seeds (F 113)','http://www.ebay.com/itm/CALENDULA-officinalis-Pigmy-Dwarf-Apricot-seeds-F-113-/350485013444',NULL),(365,'price','2012.5.29','Lovage (Levisticum officinalis) 1 Plant.','http://www.ebay.com/itm/Lovage-Levisticum-officinalis-1-Plant-/230775242214',NULL),(366,'price','2012.5.29','Asiatic Dogwood Japanese Cornel Dogwood SEEDS Cornus officinalis MEDICINAL BERRY','http://www.ebay.com/itm/Asiatic-Dogwood-Japanese-Cornel-Dogwood-SEEDS-Cornus-officinalis-MEDICINAL-BERRY-/280863666481',NULL),(367,'price','2012.5.29','E004 Officinalis Red Okra (Abelmoschus esculen)Seed Pk','http://www.ebay.com/itm/E004-Officinalis-Red-Okra-Abelmoschus-esculen-Seed-Pk-/230501947890',NULL),(368,'price','2012.5.29','Valerian Root Sedative VALERIANA OFFICINALIS 300  Seeds','http://www.ebay.com/itm/Valerian-Root-Sedative-VALERIANA-OFFICINALIS-300-Seeds-/170831728574',NULL),(369,'price','2012.5.29','Hyssopus Hyssop Officinalis Rose Seeds','http://www.ebay.com/itm/Hyssopus-Hyssop-Officinalis-Rose-Seeds-/290320857682',NULL),(370,'price','2012.5.29','D024 Borage / Borago Officinalis Edible Herb Seed Pack','http://www.ebay.com/itm/D024-Borage-Borago-Officinalis-Edible-Herb-Seed-Pack-/270610010970',NULL),(371,'price','2012.5.29','PEPPERY GARDEN SAGE HERB ** Salvia officinalis ** SEEDS','http://www.ebay.com/itm/PEPPERY-GARDEN-SAGE-HERB-Salvia-officinalis-SEEDS-/130496200516',NULL),(372,'price','2012.5.29','Rosemary (Rosemarinus officinalis) - 50 Seeds','http://www.ebay.com/itm/Rosemary-Rosemarinus-officinalis-50-Seeds-/220856897656',NULL),(373,'price','2012.5.29','Todd\'s Seeds - Calendula officinalis Pacific Beauty Mix Seed - 1 oz Seed Packet','http://www.ebay.com/itm/Todds-Seeds-Calendula-officinalis-Pacific-Beauty-Mix-Seed-1-oz-Seed-Packet-/140750563266',NULL),(374,'price','2012.5.29','Rosemary (Rosmarinus officinalis) 2 Plants-Herb/Sh rub Zones 8-10','http://www.ebay.com/itm/Rosemary-Rosmarinus-officinalis-2-Plants-Herb-Shrub-Zones-8-10-/130627628650',NULL),(375,'price','2012.5.29','Pennisetum x advena \'Fireworks\' PPI8504 live plant','http://www.ebay.com/itm/Pennisetum-x-advena-Fireworks-PPI8504-live-plant-/130689973321',NULL),(376,'price','2012.5.29','SEEDS MR FOTHERGILLS FLOWER GRASS FOUNTAIN GRASS PENNISETUM SETACEUM SEED','http://www.ebay.com/itm/SEEDS-MR-FOTHERGILLS-FLOWER-GRASS-FOUNTAIN-GRASS-PENNISETUM-SETACEUM-SEED-/150817631100',NULL),(377,'price','2012.5.29','PENNISETUM FALLS 25 SEEDS FANTASTIC DISPLAY FROM THESE','http://www.ebay.com/itm/PENNISETUM-FALLS-25-SEEDS-FANTASTIC-DISPLAY-FROM-THESE-/130699440256',NULL),(378,'price','2012.5.29','FOUNTAIN GRASS (Pennisetum Alopecuriodes) X 50 Seeds','http://www.ebay.com/itm/FOUNTAIN-GRASS-Pennisetum-Alopecuriodes-X-50-Seeds-/251058042640',NULL),(379,'price','2012.5.29','Hardy PENNISETUM Purple FOUNTAIN GRASS second year PLANT','http://www.ebay.com/itm/Hardy-PENNISETUM-Purple-FOUNTAIN-GRASS-second-year-PLANT-/380437008282',NULL),(380,'price','2012.5.29','PENNISETUM THUNBERGII \'RED BUTTONS\'- FOUNTAIN GRASS - HARDY PERENNIAL - 20 SEEDS','http://www.ebay.com/itm/PENNISETUM-THUNBERGII-RED-BUTTONS-FOUNTAIN-GRASS-HARDY-PERENNIAL-20-SEEDS-/380440687097',NULL),(381,'price','2012.5.29','50 PURPLE FOUNTAIN GRASS Pennisetum Ornamental Flower Seeds   Gift & Comb S/H','http://www.ebay.com/itm/50-PURPLE-FOUNTAIN-GRASS-Pennisetum-Ornamental-Flower-Seeds-Gift-Comb-S-H-/221019843588',NULL),(382,'price','2012.5.29','30 WHITE FOUNTAIN GRASS Pennisetum Setaceum Ornamental Flower Seeds *Comb S/H','http://www.ebay.com/itm/30-WHITE-FOUNTAIN-GRASS-Pennisetum-Setaceum-Ornamental-Flower-Seeds-Comb-S-H-/221030658430',NULL),(383,'price','2012.5.29','4 Oz Thai Fresh Kaffir Lime Leaves - Grown Organically','http://www.amazon.com/Thai-Fresh-Kaffir-Lime-Leaves/dp/B000P9XLLQ',NULL),(384,'price','2012.5.29','5 fresh seeds/pits Nephthytis sp. (probably Nephthytis afzelii (Araceae) GABON!','http://www.ebay.com/itm/5-fresh-seeds-pits-Nephthytis-sp-probably-Nephthytis-afzelii-Araceae-GABON-/230795826891',NULL),(385,'price','2012.5.29','DWARF Patio Calamondin Orange Citrus Tree Perfect potted tree [DC002]','http://www.ebay.com/itm/DWARF-Patio-Calamondin-Orange-Citrus-Tree-Perfect-potted-tree-DC002-/221031464245',NULL),(386,'price','2012.5.29','CALAMONDIN TREE Miniature Orange Patio Citrus Live Plant *Healthy*','http://www.ebay.com/itm/CALAMONDIN-TREE-Miniature-Orange-Patio-Citrus-Live-Plant-Healthy-/150822127277',NULL),(387,'price','2012.5.29','TROPICAL CITRUS LIME CALAMANSI CALAMONDIN FRUIT TREE 50 SEEDS','http://www.ebay.com/itm/TROPICAL-CITRUS-LIME-CALAMANSI-CALAMONDIN-FRUIT-TREE-50-SEEDS-/350563026098',NULL),(388,'price','2012.5.29','DWARF Patio Calamondin Orange Citrus Tree Perfect potted tree [DC002]','http://www.ebay.com/itm/DWARF-Patio-Calamondin-Orange-Citrus-Tree-Perfect-potted-tree-DC002-/320911375781',NULL),(389,'price','2012.5.29','World Spice Plants: Economic Usage  Botany  Taxonomy','http://www.amazon.com/World-Spice-Plants-Economic-Taxonomy/dp/3540222790',NULL),(390,'price','2012.5.29','Garden Seed - Burpee - NK - Henry Fields - Sweet Corn - Cucumber - Pumpkin - Pea','http://www.ebay.com/itm/Garden-Seed-Burpee-NK-Henry-Fields-Sweet-Corn-Cucumber-Pumpkin-Pea-/251066836591',NULL),(391,'price','2012.5.29','Canadian Field Corn ? Silage ? Cattle Feed ? the seedhouse Treated 200 seeds :)','http://www.ebay.com/itm/Canadian-Field-Corn-Silage-Cattle-Feed-the-seedhouse-Treated-200-seeds-/170835836666',NULL),(392,'price','2012.5.29','A2 Poster Road through Corn Fields near Zuider Zee Jacob Isaackszon Van Ruisdael','http://www.ebay.com/itm/A2-Poster-Road-through-Corn-Fields-near-Zuider-Zee-Jacob-Isaackszon-Van-Ruisdael-/180888403062',NULL),(393,'price','2012.5.29','100  ANNUAL WILDFLOWER GARDEN SEED - FIELD POPPY - \"RED CORN\" - DROUGHT TOLERANT','http://www.ebay.com/itm/100-ANNUAL-WILDFLOWER-GARDEN-SEED-FIELD-POPPY-RED-CORN-DROUGHT-TOLERANT-/290709396450',NULL),(394,'price','2012.5.29','A1 Poster Road through Corn Fields near Zuider Zee Jacob Isaackszon Van Ruisdael','http://www.ebay.com/itm/A1-Poster-Road-through-Corn-Fields-near-Zuider-Zee-Jacob-Isaackszon-Van-Ruisdael-/360460367725',NULL),(395,'price','2012.5.29','1/2 gram 2000  seeds Corn Poppy (Papaver rhoeas) seeds red Flanders field','http://www.ebay.com/itm/1-2-gram-2000-seeds-Corn-Poppy-Papaver-rhoeas-seeds-red-Flanders-field-/260965314645',NULL),(396,'price','2012.5.29','Zea Mays (Ornamental Corn) Field of Dreams 5 seeds  FREE SHIPPING after 1st pack','http://www.ebay.com/itm/Zea-Mays-Ornamental-Corn-Field-of-Dreams-5-seeds-FREE-SHIPPING-after-1st-pack-/260890356087',NULL),(397,'price','2012.5.29','FLANDERS FIELD Corn Poppy LONG BLOOMING Annual SEEDS','http://www.ebay.com/itm/FLANDERS-FIELD-Corn-Poppy-LONG-BLOOMING-Annual-SEEDS-/350563441813',NULL),(398,'price','2012.5.29','Allelopathic potential of Citrus junos fruit waste from food processing industry [An article from: Bioresource Technology]','http://www.amazon.com/Allelopathic-potential-Citrus-processing-industry/dp/B000RQZTJO',NULL),(399,'price','2012.5.29','Mangifera indica Augrong Mango 3 Flesh Seeds','http://www.ebay.com/itm/Mangifera-indica-Augrong-Mango-3-Flesh-Seeds-/280878729470',NULL),(400,'price','2012.5.29','Mango \'Nam Dok Mai\' Early Cultivar (Mangifera indica) 2 Flesh Seeds','http://www.ebay.com/itm/Mango-Nam-Dok-Mai-Early-Cultivar-Mangifera-indica-2-Flesh-Seeds-/270971796171',NULL),(401,'price','2012.5.29','Nong Sang Mango Variety (Mangifera indica) 3 Flesh Seeds','http://www.ebay.com/itm/Nong-Sang-Mango-Variety-Mangifera-indica-3-Flesh-Seeds-/270971794816',NULL),(402,'price','2012.5.29','Mangifera indica Eat Fresh Mango \'Mansuriya\' 1 Plant','http://www.ebay.com/itm/Mangifera-indica-Eat-Fresh-Mango-Mansuriya-1-Plant-/280876244517',NULL),(403,'price','2012.5.29','Mango Mahachanok (Mangifera indica) Great Cultivar 65-70cm. Size 1 Plant','http://www.ebay.com/itm/Mango-Mahachanok-Mangifera-indica-Great-Cultivar-65-70cm-Size-1-Plant-/280876245902',NULL),(404,'price','2012.5.29','Mangifera indica \'Variegated\' 1 Plant','http://www.ebay.com/itm/Mangifera-indica-Variegated-1-Plant-/280876244528',NULL),(405,'price','2012.5.29','Mangifera indica Eat Fresh Mango \'Mankunsri\' 1 Plant','http://www.ebay.com/itm/Mangifera-indica-Eat-Fresh-Mango-Mankunsri-1-Plant-/270971794815',NULL),(406,'price','2012.5.29','Mangifera indica Mango \'Augrong\' 1 Plant','http://www.ebay.com/itm/Mangifera-indica-Mango-Augrong-1-Plant-/280876245915',NULL),(407,'price','2012.5.29','Mangifera indica Mango \'Namdokmai No. 4\' 1 Plant','http://www.ebay.com/itm/Mangifera-indica-Mango-Namdokmai-No-4-1-Plant-/280876244508',NULL),(408,'price','2012.5.29','15 SEEDS huacatay guacatay huacataya Tagetes minuta','http://www.ebay.com/itm/15-SEEDS-huacatay-guacatay-huacataya-Tagetes-minuta-/120917927418',NULL),(409,'price','2012.5.29','15 SEEDS huacatay guacatay huacataya Tagetes minuta','http://www.ebay.com/itm/15-SEEDS-huacatay-guacatay-huacataya-Tagetes-minuta-/130689805197',NULL),(410,'price','2012.5.29','15 SEEDS huacatay guacatay huacataya Tagetes minuta','http://www.ebay.com/itm/15-SEEDS-huacatay-guacatay-huacataya-Tagetes-minuta-/120917046209',NULL),(411,'price','2012.5.29','Rush Creek Designs PIM0890013613 Tulip Planter  Mango','http://www.amazon.com/Rush-Creek-Designs-PIM0890013613-Planter/dp/B004T886MI',NULL),(412,'price','2012.5.29','5 VINE PEACH Melons Seeds ~~TASTE JUST LIKE MANGO & GREAT FOR MAKING PIES ~!!','http://www.amazon.com/PEACH-Melons-Seeds-%7E%7ETASTE-MAKING/dp/B006G5RY8O',NULL),(413,'price','2012.5.29','Scotts Citrus  Avocado  and Mango Plant Fertilizer  20lb','http://www.amazon.com/Scotts-Citrus-Avocado-Mango-Fertilizer/dp/B003TUACWY',NULL),(414,'price','2012.5.29','Rush Creek Designs PIM0890014613 Tulip Planter  Mango','http://www.amazon.com/Rush-Creek-Designs-PIM0890014613-Planter/dp/B004T887EA',NULL),(415,'price','2012.5.29','SD0545 Golden Mango Seeds  Sweet Big Mango Fruit Seeds','http://www.ebay.com/itm/SD0545-Golden-Mango-Seeds-Sweet-Big-Mango-Fruit-Seeds-/180878756627',NULL),(416,'price','2012.5.29','Grafted East Indian MANGO tree 3 gal LIVE PLANT','http://www.ebay.com/itm/Grafted-East-Indian-MANGO-tree-3-gal-LIVE-PLANT-/221026808876',NULL),(417,'price','2012.5.29','Craft Yellow Mango Decorative Ornament Artifical Fruits','http://www.ebay.com/itm/Craft-Yellow-Mango-Decorative-Ornament-Artifical-Fruits-/251064162642',NULL),(418,'price','2012.5.29','Kabaya Japan Jurell Fruity Gummy Soft Candy Cubes 35g','http://www.ebay.com/itm/Kabaya-Japan-Jurell-Fruity-Gummy-Soft-Candy-Cubes-35g-/170841903704',NULL),(419,'price','2012.5.29','Grafted Pickering MANGO tree 3 gal LIVE PLANT','http://www.ebay.com/itm/Grafted-Pickering-MANGO-tree-3-gal-LIVE-PLANT-/221026318187',NULL),(420,'price','2012.5.29','MANGO TREE SEED (1)','http://www.ebay.com/itm/MANGO-TREE-SEED-1-/330735772831',NULL),(421,'price','2012.5.29','Grafted Dot MANGO tree 3 gal LIVE PLANT','http://www.ebay.com/itm/Grafted-Dot-MANGO-tree-3-gal-LIVE-PLANT-/221028104431',NULL),(422,'price','2012.5.29','HEIRLOOM VINE PEACH Melons Seeds ~ Tastes Like MANGO ~','http://www.ebay.com/itm/HEIRLOOM-VINE-PEACH-Melons-Seeds-Tastes-Like-MANGO-/120763407170',NULL),(423,'price','2012.5.29','Foam Decorative Manmade Yellow Mango Fruit Ornament','http://www.ebay.com/itm/Foam-Decorative-Manmade-Yellow-Mango-Fruit-Ornament-/320908490720',NULL),(424,'price','2012.5.29','SUPER SWEET Indian \'Benishan\' Mango Fruit! 1seed *Melts in the Mouth*','http://www.ebay.com/itm/SUPER-SWEET-Indian-Benishan-Mango-Fruit-1seed-Melts-in-the-Mouth-/190680428948',NULL),(425,'price','2012.5.29','YELLOW OXO Mango Fruit Splitter Slicer Splitter Cutter Pitter / Kitchen Tool','http://www.ebay.com/itm/YELLOW-OXO-Mango-Fruit-Splitter-Slicer-Splitter-Cutter-Pitter-Kitchen-Tool-/160803335285',NULL),(426,'price','2012.5.29','VINE PEACH Melons Seeds GREAT AS PIE~ Tastes Like MANGO','http://www.ebay.com/itm/VINE-PEACH-Melons-Seeds-GREAT-AS-PIE-Tastes-Like-MANGO-/270770912698',NULL),(427,'price','2012.5.29','AFRICAN VIOLET PLANT ~ Rob\'s Mango Mongo-387','http://www.ebay.com/itm/AFRICAN-VIOLET-PLANT-Robs-Mango-Mongo-387-/251065214444',NULL),(428,'price','2012.5.29','Exotic Thailand Dried Fruits Salad Mixed MANGO PAPAYA PINEAPPLE Premium Quality','http://www.ebay.com/itm/Exotic-Thailand-Dried-Fruits-Salad-Mixed-MANGO-PAPAYA-PINEAPPLE-Premium-Quality-/290716411402',NULL),(429,'price','2012.5.29','Fruit KING GOLDEN MANGO Vacuum Freeze-Dried 100% Natural No Cholesterol 70g ZIP','http://www.ebay.com/itm/Fruit-KING-GOLDEN-MANGO-Vacuum-Freeze-Dried-100-Natural-No-Cholesterol-70g-ZIP-/290716416090',NULL),(430,'price','2012.5.29','SUPER FRAGRANT Thai \'Rainbow\' Mango Fruit! 1seed *Floral Scented*','http://www.ebay.com/itm/SUPER-FRAGRANT-Thai-Rainbow-Mango-Fruit-1seed-Floral-Scented-/200757625903',NULL),(431,'price','2012.5.29','Philippines Sugary Sweet \'Pico\' Mango Fruit! 1seed *Fresh*Unique*','http://www.ebay.com/itm/Philippines-Sugary-Sweet-Pico-Mango-Fruit-1seed-Fresh-Unique-/190679967416',NULL),(432,'price','2012.5.29','2 LIVE PLANTS: HIBISCUS \"MANGO MOON\" 2 PLANTS','http://www.ebay.com/itm/2-LIVE-PLANTS-HIBISCUS-MANGO-MOON-2-PLANTS-/251064380698',NULL),(433,'price','2012.5.29','Hosta  Mango Tango ***NASHVILLE CONVENTION HOSTA  3rd YEAR PLANT*** guaranteed','http://www.ebay.com/itm/Hosta-Mango-Tango-NASHVILLE-CONVENTION-HOSTA-3rd-YEAR-PLANT-guaranteed-/170846243333',NULL),(434,'price','2012.5.29','Double-end Melon Mango Baller Scoop Fruit Spoon for icecream Dessert Sorbet Tool','http://www.ebay.com/itm/Double-end-Melon-Mango-Baller-Scoop-Fruit-Spoon-for-icecream-Dessert-Sorbet-Tool-/330737064056',NULL),(435,'price','2012.5.29','5 Decorative Art Natural Marble Fruit Watermellon pear Apple Peach Mango','http://www.ebay.com/itm/5-Decorative-Art-Natural-Marble-Fruit-Watermellon-pear-Apple-Peach-Mango-/251067755620',NULL),(436,'price','2012.5.29','Alabaster Marble Stone Fruit Sugar Cane Mango Zucchini Carrot Nut Vtg 14 pc Lot','http://www.ebay.com/itm/Alabaster-Marble-Stone-Fruit-Sugar-Cane-Mango-Zucchini-Carrot-Nut-Vtg-14-pc-Lot-/160806202511',NULL),(437,'price','2012.5.29','LIVE MYSTERY MANGO FRUIT TREE 2\'-4\' FT Keitt Haden Dot Kent Sweet','http://www.ebay.com/itm/LIVE-MYSTERY-MANGO-FRUIT-TREE-2-4-FT-Keitt-Haden-Dot-Kent-Sweet-/320908062672',NULL),(438,'price','2012.5.29','Reprint Historic Japanese Print Drawing shows the unshu mikan  a type of orange  with stem  part of branch  and leaves','http://www.amazon.com/Reprint-Historic-Japanese-Drawing-orange/dp/B004MKVO9A',NULL),(439,'price','2012.5.29','The Lemon Tree Caper: A Mickey Rangel Mystery / La intriga del limonero: Coleccion Mickey Rangel  detective privado (Mickey Rangel Mysteries) (Spanish Edition)','http://www.amazon.com/The-Lemon-Tree-Caper-Coleccion/dp/1558857095',NULL),(440,'price','2012.5.29','The Lemon Tree Caper/Le Intricga del Limonero (Mickey Rangel Mysteries)-Ren e  Jr','http://www.ebay.com/itm/The-Lemon-Tree-Caper-Le-Intricga-del-Limonero-Mickey-Rangel-Mysteries-Rene-Jr-/110855560804',NULL),(441,'price','2012.5.29','La Intriga Del Limonero / The Lemon Tree Caper: Coleccion Mickey Rangel  Detecti','http://www.ebay.com/itm/La-Intriga-Del-Limonero-The-Lemon-Tree-Caper-Coleccion-Mickey-Rangel-Detecti-/110873698537',NULL),(442,'price','2012.5.29','La Intriga Del Limonero/ the Lemon Tree Caper By Saldana  Rene  Jr./','http://www.ebay.com/itm/La-Intriga-Del-Limonero-the-Lemon-Tree-Caper-By-Saldana-Rene-Jr-/250997674351',NULL),(443,'price','2012.5.29','NEW La Intriga Del Limonero/ the Lemon Tree Caper - Sal','http://www.ebay.com/itm/NEW-La-Intriga-Del-Limonero-the-Lemon-Tree-Caper-Sal-/380382295025',NULL),(444,'price','2012.5.29','The Lemon Tree Caper: A Mickey Rangel Mystery / La intriga del limonero: Colecci','http://www.ebay.com/itm/The-Lemon-Tree-Caper-A-Mickey-Rangel-Mystery-La-intriga-del-limonero-Colecci-/140746241905',NULL),(445,'price','2012.5.29','Page Mandarin Tree Semi Dwarf Five Gallon','http://www.amazon.com/Page-Mandarin-Tree-Dwarf-Gallon/dp/B000AMW1Z0',NULL),(446,'price','2012.5.29','Dwarf Fukushu Kumquat Tree  Five Gallon Container','http://www.amazon.com/Dwarf-Fukushu-Kumquat-Gallon-Container/dp/B005URKI9G',NULL),(447,'price','2012.5.29','Kumquat Bonsai Tree - Variegated - 8 years old  20\" tall - Indoor Bonsai','http://www.ebay.com/itm/Kumquat-Bonsai-Tree-Variegated-8-years-old-20-tall-Indoor-Bonsai-/190669973154',NULL),(448,'price','2012.5.29','GRAFTED Nacami Kumquat Grafted Citrus Tree perfect for container growing [GC027]','http://www.ebay.com/itm/GRAFTED-Nacami-Kumquat-Grafted-Citrus-Tree-perfect-for-container-growing-GC027-/320911649369',NULL),(449,'price','2012.5.29','St. Dalfour  Kumquat  Fruit Spread  10 oz (284 g)','http://www.ebay.com/itm/St-Dalfour-Kumquat-Fruit-Spread-10-oz-284-g-/330715528005',NULL),(450,'price','2012.5.29','KUMQUAT FUKUSHU Grafted Citrus *Easy to Grow* 3 Gallon Fruiting Size','http://www.ebay.com/itm/KUMQUAT-FUKUSHU-Grafted-Citrus-Easy-to-Grow-3-Gallon-Fruiting-Size-/150818743687',NULL),(451,'price','2012.5.29','Meiwa Kumquat Sweet Citrus Fruit Tree F. crassifolia Swing Grafted','http://www.ebay.com/itm/Meiwa-Kumquat-Sweet-Citrus-Fruit-Tree-F-crassifolia-Swing-Grafted-/390414905834',NULL),(452,'price','2012.5.29','GRAFTED Nacami Kumquat Citrus Tree Perfect as a Container Plant [GC027]','http://www.ebay.com/itm/GRAFTED-Nacami-Kumquat-Citrus-Tree-Perfect-as-a-Container-Plant-GC027-/320911649759',NULL),(453,'price','2012.5.29','GRAFTED Meiwa kumquat Tree Grafted Citrus Tree for Containers [GC026]','http://www.ebay.com/itm/GRAFTED-Meiwa-kumquat-Tree-Grafted-Citrus-Tree-for-Containers-GC026-/320911649493',NULL),(454,'price','2012.5.29','4 fresh seeds NAGAMI KUMQUAT Fortunella Margarita oval citrus rutaceae evergreen','http://www.ebay.com/itm/4-fresh-seeds-NAGAMI-KUMQUAT-Fortunella-Margarita-oval-citrus-rutaceae-evergreen-/190681504431',NULL),(455,'price','2012.5.29','GRAFTED Meiwa kumquat Tree Grafted Citrus Tree for Containers','http://www.ebay.com/itm/GRAFTED-Meiwa-kumquat-Tree-Grafted-Citrus-Tree-for-Containers-/221030445496',NULL),(456,'price','2012.5.29','3 fresh seeds NAGAMI KUMQUAT Fortunella Margarita oval citrus rutaceae evergreen','http://www.ebay.com/itm/3-fresh-seeds-NAGAMI-KUMQUAT-Fortunella-Margarita-oval-citrus-rutaceae-evergreen-/190682108560',NULL),(457,'price','2012.5.29','RARE CHINESE RED RATTLE BOX BEAUTIFUL UNIQUE BLOOMS ON TREE!!','http://www.ebay.com/itm/RARE-CHINESE-RED-RATTLE-BOX-BEAUTIFUL-UNIQUE-BLOOMS-ON-TREE-/310399148438',NULL),(458,'price','2012.5.29','Box of 5 Golden Crookstem  Chinese timber bamboo plant  cold hardy to -10 ','http://www.ebay.com/itm/Box-of-5-Golden-Crookstem-Chinese-timber-bamboo-plant-cold-hardy-to-10-/150795741772',NULL),(459,'price','2012.5.29','Box of 10 Chinese Blue Cane bamboo plant  Bashania fargesii  WInd Break bamboo.','http://www.ebay.com/itm/Box-of-10-Chinese-Blue-Cane-bamboo-plant-Bashania-fargesii-WInd-Break-bamboo-/150671062603',NULL),(460,'price','2012.5.29','GALLET Street Sign ~ Personalized Family Lastname Sign ~ Gameroom  Basement  Garage Sign Novelty** ALUMINUM - 9 x 36 inches','http://www.amazon.com/Sign-Personalized-Lastname-Gameroom-Basement/dp/B004T0S9UA',NULL),(461,'price','2012.5.29','Nearly Natural 4\' Multi Bambusa Bamboo Silk Tree - Tropical Plant Decor','http://www.ebay.com/itm/Nearly-Natural-4-Multi-Bambusa-Bamboo-Silk-Tree-Tropical-Plant-Decor-/360461160351',NULL),(462,'price','2012.5.29','Live BUDDHA BELLY Bambusa Ventricosa \'Kimmei\" Bamboo Potted Plant *Great Bonsai','http://www.ebay.com/itm/Live-BUDDHA-BELLY-Bambusa-Ventricosa-Kimmei-Bamboo-Potted-Plant-Great-Bonsai-/170847452527',NULL),(463,'price','2012.5.29','Live BUDDHA BELLY Bambusa T. Ventricosa Bamboo Potted Plant *Great For Bonsai','http://www.ebay.com/itm/Live-BUDDHA-BELLY-Bambusa-T-Ventricosa-Bamboo-Potted-Plant-Great-For-Bonsai-/180890171266',NULL),(464,'price','2012.5.29','SPINY BAMBOO (Bambusa arundinacea) 50 seeds','http://www.ebay.com/itm/SPINY-BAMBOO-Bambusa-arundinacea-50-seeds-/221028163977',NULL),(465,'price','2012.5.29','100 Bambusa arundinacea giant bamboo seeds - bambos -','http://www.ebay.com/itm/100-Bambusa-arundinacea-giant-bamboo-seeds-bambos-/150810715600',NULL),(466,'price','2012.5.29','Live BUDDHA BELLY Bambusa T. Ventricosa Bamboo Potted Plant *Great For Bonsai','http://www.ebay.com/itm/Live-BUDDHA-BELLY-Bambusa-T-Ventricosa-Bamboo-Potted-Plant-Great-For-Bonsai-/180890171221',NULL),(467,'price','2012.5.29','Live BUDDHA BELLY Bambusa T. Ventricosa Bamboo Potted Plant *Great For Bonsai','http://www.ebay.com/itm/Live-BUDDHA-BELLY-Bambusa-T-Ventricosa-Bamboo-Potted-Plant-Great-For-Bonsai-/180890171242',NULL),(468,'price','2012.5.29','BENGAL BAMBOO (Bambusa polymorpha) 10 seeds','http://www.ebay.com/itm/BENGAL-BAMBOO-Bambusa-polymorpha-10-seeds-/270981136234',NULL),(469,'price','2012.5.29','100 Gaint Bambusa arundinacea Thorny Gaint Bamboo Seeds','http://www.ebay.com/itm/100-Gaint-Bambusa-arundinacea-Thorny-Gaint-Bamboo-Seeds-/290706319450',NULL),(470,'price','2012.5.29','BAMBUSA VULGARIS VITTATA Common Bamboo Vittata plant','http://www.ebay.com/itm/BAMBUSA-VULGARIS-VITTATA-Common-Bamboo-Vittata-plant-/180886637825',NULL),(471,'price','2012.5.29','BAMBOO - Bambusa pervariabilis Live Plant Semi Tropical bamboo','http://www.ebay.com/itm/BAMBOO-Bambusa-pervariabilis-Live-Plant-Semi-Tropical-bamboo-/120912485556',NULL),(472,'price','2012.5.29','Live BUDDHA BELLY Bambusa Ventricosa \'Kimmei\" Bamboo Potted Plant *Great Bonsai','http://www.ebay.com/itm/Live-BUDDHA-BELLY-Bambusa-Ventricosa-Kimmei-Bamboo-Potted-Plant-Great-Bonsai-/180890171322',NULL),(473,'price','2012.5.29','Live BUDDHA BELLY Bambusa T. Ventricosa Bamboo Potted Plant *Great For Bonsai','http://www.ebay.com/itm/Live-BUDDHA-BELLY-Bambusa-T-Ventricosa-Bamboo-Potted-Plant-Great-For-Bonsai-/170844198577',NULL),(474,'price','2012.5.29','BUDDHA BELLY BAMBOO (Bambusa ventricosa) 5 seeds','http://www.ebay.com/itm/BUDDHA-BELLY-BAMBOO-Bambusa-ventricosa-5-seeds-/270981136564',NULL),(475,'price','2012.5.29','Live BUDDHA BELLY Bambusa Ventricosa \'Kimmei\" Bamboo Potted Plant *Great Bonsai','http://www.ebay.com/itm/Live-BUDDHA-BELLY-Bambusa-Ventricosa-Kimmei-Bamboo-Potted-Plant-Great-Bonsai-/170847452553',NULL),(476,'price','2012.5.29','Live BUDDHA BELLY Bambusa Ventricosa \'Kimmei\" Bamboo Potted Plant *Great Bonsai','http://www.ebay.com/itm/Live-BUDDHA-BELLY-Bambusa-Ventricosa-Kimmei-Bamboo-Potted-Plant-Great-Bonsai-/180884471368',NULL),(477,'price','2012.5.29','WEAVER\'S BAMBOO (Bambusa textilis) 10 seeds','http://www.ebay.com/itm/WEAVERS-BAMBOO-Bambusa-textilis-10-seeds-/270981149047',NULL),(478,'price','2012.5.29','SPINY BAMBOO (Bambusa arundinacea) 10 seeds','http://www.ebay.com/itm/SPINY-BAMBOO-Bambusa-arundinacea-10-seeds-/270981149897',NULL),(479,'price','2012.5.29','Live Alphonse Karr Bambusa Multiplex Bamboo Potted Plant *Clumping *Noninvasive','http://www.ebay.com/itm/Live-Alphonse-Karr-Bambusa-Multiplex-Bamboo-Potted-Plant-Clumping-Noninvasive-/180884622333',NULL),(480,'price','2012.5.29','100 Bambusa arundinacea giant bamboo seeds - bambos -','http://www.ebay.com/itm/100-Bambusa-arundinacea-giant-bamboo-seeds-bambos-/310400136874',NULL),(481,'price','2012.5.29','TIMOR BLACK BAMBOO (Bambusa lako) 5 seeds','http://www.ebay.com/itm/TIMOR-BLACK-BAMBOO-Bambusa-lako-5-seeds-/221028198363',NULL),(482,'price','2012.5.29','100 LONG GRAIN BROWN WHITE RICE Oryza Seeds *Comb S/H','http://www.ebay.com/itm/100-LONG-GRAIN-BROWN-WHITE-RICE-Oryza-Seeds-Comb-S-H-/270973954103',NULL),(483,'price','2012.5.29','Introduction to Fruit Crops (Crop Science)','http://www.amazon.com/Introduction-Fruit-Crops-Crop-Science/dp/156022259X',NULL),(484,'price','2012.5.29','Photo Jigsaw Puzzle of PPG-1653 Bamboo - dry flowers and seeds from Ardea Wildlife Pets','http://www.amazon.com/Photo-Jigsaw-Puzzle-PPG-1653-Bamboo/dp/B00816UPFA',NULL),(485,'price','2012.5.29','Hirt\'s Ming Bonsai Tree plus Chinese Mudman - Polyscias','http://www.amazon.com/Hirts-Ming-Bonsai-Chinese-Mudman/dp/B0010SL4NS',NULL),(486,'price','2012.5.29','Good Hope Clivia Plant - RARE - 4\" pot - NEW','http://www.amazon.com/Good-Hope-Clivia-Plant-RARE/dp/B000MXIY1W',NULL),(487,'price','2012.5.29','Orange Jasmine 3 Seeds','http://www.amazon.com/hg-Orange-Jasmine-3-Seeds/dp/B007QY9R7A',NULL),(488,'price','2012.5.29','5 FRAGRANT ORANGE JASMINE SEEDS ** #1077','http://www.amazon.com/FRAGRANT-ORANGE-JASMINE-SEEDS-1077/dp/B005JEEIGY',NULL),(489,'price','2012.5.29','LOU\'S BONSAI NURSERY ORANGE FLOWERING JASMINE BONSAI TREE. (NEW ITEM)','http://www.amazon.com/LOUS-BONSAI-NURSERY-FLOWERING-JASMINE/dp/B000N7MKRQ',NULL),(490,'price','2012.5.29','Orange Jasmine Fragrant Bonsai or Houseplant- 5 Seeds','http://www.ebay.com/itm/Orange-Jasmine-Fragrant-Bonsai-or-Houseplant-5-Seeds-/110882473184',NULL),(491,'price','2012.5.29','Orange Jasmine (Murraya paniculata) - 25  SEEDS','http://www.ebay.com/itm/Orange-Jasmine-Murraya-paniculata-25-SEEDS-/160798437148',NULL),(492,'price','2012.5.29','* ORANGE JASMINE * FRAGRANT!! SEEDS','http://www.ebay.com/itm/ORANGE-JASMINE-FRAGRANT-SEEDS-/190681330173',NULL),(493,'price','2012.5.29','10 FRESHLY DUG Arundinaria Gigantea \"RIVER CANE\"BAMBOO ROOTS. READY TO PLANT.','http://www.ebay.com/itm/10-FRESHLY-DUG-Arundinaria-Gigantea-RIVER-CANE-BAMBOO-ROOTS-READY-TO-PLANT-/330736079577',NULL),(494,'price','2012.5.29','2 BALLOONS party LEMON slice FRUIT citrus YELLOW limon','http://www.ebay.com/itm/2-BALLOONS-party-LEMON-slice-FRUIT-citrus-YELLOW-limon-/230399140381',NULL),(495,'price','2012.5.29','SD0514 Lemon Seeds  Limon Citrus Seeds  90%  Germination  Fresh Seeds','http://www.ebay.com/itm/SD0514-Lemon-Seeds-Limon-Citrus-Seeds-90-Germination-Fresh-Seeds-/170839311208',NULL),(496,'price','2012.5.29','Aji Limon Chilli CHILLI SEEDS 25  - bushy  crunchy  spicy citrus tang.','http://www.ebay.com/itm/Aji-Limon-Chilli-CHILLI-SEEDS-25-bushy-crunchy-spicy-citrus-tang-/150815466217',NULL),(497,'price','2012.5.29','Lemongrass Lot of 4 Live Rooted Plants - Aromatic Edible Ornamental','http://www.etsy.com/listing/27544363/lemongrass-lot-of-4-live-rooted-plants',NULL),(498,'price','2012.5.29','TANGERINE Citrus reticulata 10 seeds','http://www.amazon.com/TANGERINE-Citrus-reticulata-10-seeds/dp/B004D87KMG',NULL),(499,'price','2012.5.29','KING MANDARIN TREE (Citrus reticulata) 20 FRESH SEED','http://www.ebay.com/itm/KING-MANDARIN-TREE-Citrus-reticulata-20-FRESH-SEED-/280875308558',NULL),(500,'price','2012.5.29','SD0512 Mandarin Orange Seeds  Citrus Reticulata Seeds  90%  Germination','http://www.ebay.com/itm/SD0512-Mandarin-Orange-Seeds-Citrus-Reticulata-Seeds-90-Germination-/170839311128',NULL),(501,'price','2012.5.29','10 FRESH MANDARINE SEEDS Citrus reticulata fro m Italy home of fruit','http://www.ebay.com/itm/10-FRESH-MANDARINE-SEEDS-Citrus-reticulata-from-Italy-home-of-fruit-/300707662007',NULL),(502,'price','2012.5.29','Crabtree & Evelyn West Indian Lime - Body Wash','http://www.amazon.com/Crabtree-Evelyn-West-Indian-Lime/dp/B0028OE8DQ',NULL),(503,'price','2012.5.29','Recipes From The Florida Keys: A Lime Tree Bay Cookbook','http://www.amazon.com/Recipes-From-The-Florida-Keys/dp/1449964575',NULL),(504,'price','2012.5.29','Bulk Peruvian Purple Corn ~ Rare ~ Maiz Morado ~ Choclo Morado (Zea mays) Seed','http://www.ebay.com/itm/Bulk-Peruvian-Purple-Corn-Rare-Maiz-Morado-Choclo-Morado-Zea-mays-Seed-/290715763246',NULL),(505,'price','2012.5.29','CORYPHANTHA (Coryphantha maiz-tablasens is) 20 seeds','http://www.ebay.com/itm/CORYPHANTHA-Coryphantha-maiz-tablasensis-20-seeds-/220858576692',NULL),(506,'price','2012.5.29','Que hago si mi media naranja es toronja? / What Should I do if My Half Orange is Grapefruit?: Guia para comprender  tolerar y amar a nuestra pareja ... our partner using the brain (Spanish Edition)','http://www.amazon.com/naranja-toronja-Should-Orange-Grapefruit/dp/9682472474',NULL),(507,'price','2012.5.29','Panicum virgatum Shenandoah RED SWITCHGRASS Seeds!','http://www.ebay.com/itm/Panicum-virgatum-Shenandoah-RED-SWITCHGRASS-Seeds-/360459377974',NULL),(508,'price','2012.5.29','Mangifera Giant fruit Mango \'Namdokmai Man\' 1 Plant','http://www.ebay.com/itm/Mangifera-Giant-fruit-Mango-Namdokmai-Man-1-Plant-/270982445633',NULL),(509,'price','2012.5.29','David\'s Non-Hybrid Ornamental Grass Flower Red Broom Corn (Sorghum bicolor) 100 Seeds per Packet','http://www.amazon.com/Davids-Non-Hybrid-Ornamental-Sorghum-Seeds/dp/B006T5HAHG',NULL),(510,'price','2012.5.29','Broom Corn Seeds ? Red ? Elegant Shiny Red Seed Heads ? theseedhouse ? 50  Seeds','http://www.ebay.com/itm/Broom-Corn-Seeds-Red-Elegant-Shiny-Red-Seed-Heads-theseedhouse-50-Seeds-/180884390670',NULL),(511,'price','2012.5.29','PORCELAIN CORN HUSK DOLL STRAW BROOM HOLIDAY CHRISTMAS','http://www.ebay.com/itm/PORCELAIN-CORN-HUSK-DOLL-STRAW-BROOM-HOLIDAY-CHRISTMAS-/150653336136',NULL),(512,'price','2012.5.29','Red Broom Corn Seeds Grow to make brooms & feed birds','http://www.ebay.com/itm/Red-Broom-Corn-Seeds-Grow-to-make-brooms-feed-birds-/160797144422',NULL),(513,'price','2012.5.29','1/4 Lb - Ornamental Corn Seeds - \'Multi-colored Broom Corn\' Bulk Vegetable Seed','http://www.ebay.com/itm/1-4-Lb-Ornamental-Corn-Seeds-Multi-colored-Broom-Corn-Bulk-Vegetable-Seed-/290713274015',NULL),(514,'price','2012.5.29','Multi-colored Broom Corn - Jumbo Ornamental Corn Seed Packet (100)','http://www.ebay.com/itm/Multi-colored-Broom-Corn-Jumbo-Ornamental-Corn-Seed-Packet-100-/310401195066',NULL),(515,'price','2012.5.29','100 Broomcorn Seeds Rainbow Mix Color~ Beautiful Ornamental Plant~Broom Corn','http://www.ebay.com/itm/100-Broomcorn-Seeds-Rainbow-Mix-Color-Beautiful-Ornamental-Plant-Broom-Corn-/200756045279',NULL),(516,'price','2012.5.29','50 Broom Corn Seeds~2012 Gardening Season~Beautif ul for arrangements','http://www.ebay.com/itm/50-Broom-Corn-Seeds-2012-Gardening-Season-Beautiful-for-arrangements-/261030321860',NULL),(517,'price','2012.5.29','Black Broom Corn Seeds Grow to make brooms & feed birds','http://www.ebay.com/itm/Black-Broom-Corn-Seeds-Grow-to-make-brooms-feed-birds-/120908944086',NULL),(518,'price','2012.5.29','Mixed Broom Corn Seeds Grow to make brooms & feed birds','http://www.ebay.com/itm/Mixed-Broom-Corn-Seeds-Grow-to-make-brooms-feed-birds-/120908942963',NULL),(519,'price','2012.5.29','Broom Corn Seeds Regular Fresh Seed packets','http://www.ebay.com/itm/Broom-Corn-Seeds-Regular-Fresh-Seed-packets-/310400725024',NULL),(520,'price','2012.5.29','* BROOM CORN MIX * HEIRLOOM!! 25 SEEDS','http://www.ebay.com/itm/BROOM-CORN-MIX-HEIRLOOM-25-SEEDS-/190680205537',NULL),(521,'price','2012.5.29','Broom Corn Seeds ? Red ? Elegant Shiny Red Seed Heads ? theseedhouse ? 50  Seeds','http://www.ebay.com/itm/Broom-Corn-Seeds-Red-Elegant-Shiny-Red-Seed-Heads-theseedhouse-50-Seeds-/170843952348',NULL),(522,'price','2012.5.29','corn  BROOM CORN  mixed colors  70 seeds! GroCo','http://www.ebay.com/itm/corn-BROOM-CORN-mixed-colors-70-seeds-GroCo-/130695706723',NULL),(523,'price','2012.5.29','50 Broom Corn Seeds~2012 Gardening Season~Beautif ul for arrangements','http://www.ebay.com/itm/50-Broom-Corn-Seeds-2012-Gardening-Season-Beautiful-for-arrangements-/261027528476',NULL),(524,'price','2012.5.29','1 Oz - Ornamental Corn Seeds - \'Multi-colored Broom Corn\' Bulk Vegetable Seeds','http://www.ebay.com/itm/1-Oz-Ornamental-Corn-Seeds-Multi-colored-Broom-Corn-Bulk-Vegetable-Seeds-/290713266859',NULL),(525,'price','2012.5.29','50 Broom Corn Seeds~2012 Gardening Season~Beautif ul for arrangements','http://www.ebay.com/itm/50-Broom-Corn-Seeds-2012-Gardening-Season-Beautiful-for-arrangements-/330737590146',NULL),(526,'price','2012.5.29','Black Broom Corn Seeds Grow to make brooms & feed birds','http://www.ebay.com/itm/Black-Broom-Corn-Seeds-Grow-to-make-brooms-feed-birds-/120917552043',NULL),(527,'price','2012.5.29','Indus Organics Black Seeds  Black Cumin  (Nigella Sativa) 1 Lb  (X2 Jars)','http://www.amazon.com/Indus-Organics-Black-Nigella-Sativa/dp/B005HAX8P2',NULL),(528,'price','2012.5.29','100 Seeds  Cumin \"Black\" (Nigella sativa) Seeds By Seed Needs','http://www.amazon.com/Seeds-Nigella-sativa-Seed-Needs/dp/B0048NXD5E',NULL),(529,'price','2012.5.29','David\'s Non-Hybrid Greens Goldberg Golden Purslan (Portulaca oleracea sativa) 300 Seeds per Packet','http://www.amazon.com/Davids-Non-Hybrid-Goldberg-Portulaca-Seeds/dp/B004GNI62Q',NULL),(530,'price','2012.5.29','David\'s Non-Hybrid Arugula Greens Surrey (Eruca sativa) 500  Seeds per Packet','http://www.amazon.com/Davids-Non-Hybrid-Arugula-Greens-Seeds/dp/B003XMJT3Q',NULL),(531,'price','2012.5.29','Indus Organics Black Seeds  Black Cumin  (Nigella Sativa)  1 Lb','http://www.amazon.com/Indus-Organics-Black-Nigella-Sativa/dp/B0036RKIB0',NULL),(532,'price','2012.5.29','David\'s Non-Hybrid Greens Gruner Red Purslane (Portulaca oleracea sativa) 300 Seeds per Packet','http://www.amazon.com/Davids-Non-Hybrid-Purslane-Portulaca-Seeds/dp/B003XGPAYE',NULL),(533,'price','2012.5.29','Purslane (PortulacaOler acea Sativa) 50 seeds','http://www.ebay.com/itm/Purslane-PortulacaOleracea-Sativa-50-seeds-/251068368612',NULL),(534,'price','2012.5.29','Purslane (PortulacaOler acea Sativa) 50 seeds','http://www.ebay.com/itm/Purslane-PortulacaOleracea-Sativa-50-seeds-/251068718164',NULL),(535,'price','2012.5.29','1 Bag 100 seed Eruca sativa vegetables Delicious D021','http://www.ebay.com/itm/1-Bag-100-seed-Eruca-sativa-vegetables-Delicious-D021-/330735558355',NULL),(536,'price','2012.5.29','150 Heirloom Black Cumin  Nigella Sativa  Hubbatul Barakah  Kalonji Seeds','http://www.ebay.com/itm/150-Heirloom-Black-Cumin-Nigella-Sativa-Hubbatul-Barakah-Kalonji-Seeds-/221013824787',NULL),(537,'price','2012.5.29','Arugula Rucola Sativa Herb ROCKET SALAD 100 Seeds','http://www.ebay.com/itm/Arugula-Rucola-Sativa-Herb-ROCKET-SALAD-100-Seeds-/220930287735',NULL),(538,'price','2012.5.29','200 ORGANIC OAT Oats Avena Sativa Grain Seeds *Comb S/H','http://www.ebay.com/itm/200-ORGANIC-OAT-Oats-Avena-Sativa-Grain-Seeds-Comb-S-H-/270973954807',NULL),(539,'price','2012.5.29','Black Seed Whole Herb - Nigella Sativa Black Cumin - 3oz Jar / 3 Pack','http://www.ebay.com/itm/Black-Seed-Whole-Herb-Nigella-Sativa-Black-Cumin-3oz-Jar-3-Pack-/180803209921',NULL),(540,'price','2012.5.29','OATS (Avena sativa) X 500 SEEDS','http://www.ebay.com/itm/OATS-Avena-sativa-X-500-SEEDS-/251067782308',NULL),(541,'price','2012.5.29','500   Seeds Nigella sativa Black Cumin Seeds','http://www.ebay.com/itm/500-Seeds-Nigella-sativa-Black-Cumin-Seeds-/270691150258',NULL),(542,'price','2012.5.29','1000  Black Cumin Seeds Nigella Sativa~Roman Corriander','http://www.ebay.com/itm/1000-Black-Cumin-Seeds-Nigella-Sativa-Roman-Corriander-/160801329861',NULL),(543,'price','2012.5.29','PURSLANE (Portulaca oleracea sativa) HERB X 100 Seeds','http://www.ebay.com/itm/PURSLANE-Portulaca-oleracea-sativa-HERB-X-100-Seeds-/250942464123',NULL),(544,'price','2012.5.29','200  Black Cumin Seeds Nigella Sativa~Roman Corriander','http://www.ebay.com/itm/200-Black-Cumin-Seeds-Nigella-Sativa-Roman-Corriander-/200759707243',NULL),(545,'price','2012.5.29','Arugula  Roquette  Eruca Sativa seeds (HE0040)','http://www.ebay.com/itm/Arugula-Roquette-Eruca-Sativa-seeds-HE0040-/310369439956',NULL),(546,'price','2012.5.29','ROCKET OLIVETTA ( eruca sativa) SEEDS V 230','http://www.ebay.com/itm/ROCKET-OLIVETTA-eruca-sativa-SEEDS-V-230-/350400056462',NULL),(547,'price','2012.5.29','1 oz Heirloom Black Cumin  Nigella Sativa  Hubbatul Barakah  Kalonji Seeds','http://www.ebay.com/itm/1-oz-Heirloom-Black-Cumin-Nigella-Sativa-Hubbatul-Barakah-Kalonji-Seeds-/221013823453',NULL),(548,'price','2012.5.29','100  Black Cumin Seeds Nigella Sativa~Roman Corriander','http://www.ebay.com/itm/100-Black-Cumin-Seeds-Nigella-Sativa-Roman-Corriander-/160803446734',NULL),(549,'price','2012.5.29','1 Lb - Cosmos \'Dwarf Lemon\' Bulk Wildflower Seeds','http://www.amazon.com/Lb-Cosmos-Dwarf-Lemon-Wildflower/dp/B006ZG1HJG',NULL),(550,'price','2012.5.29','1/4 Lb - Cosmos \'Dwarf Lemon\' Bulk Wildflower Seeds','http://www.amazon.com/Lb-Cosmos-Dwarf-Lemon-Wildflower/dp/B006ZG45X6',NULL),(551,'price','2012.5.29','15 Dwarf Pomegranate Seeds for - Bonsai   Houseplant or Outside','http://www.amazon.com/15-Dwarf-Pomegranate-Seeds-Houseplant/dp/B004RE1WPM',NULL),(552,'price','2012.5.29','Miracle-Gro 1002851 Fruit and Citrus Tree Fertilizer Spikes  12-Pack','http://www.amazon.com/Miracle-Gro-1002851-Citrus-Fertilizer-12-Pack/dp/B000JJYPYE',NULL),(553,'price','2012.5.29','1 Oz - Cosmos \'Dwarf Lemon\' Bulk Wildflower Seeds','http://www.amazon.com/Oz-Cosmos-Dwarf-Lemon-Wildflower/dp/B006ZG2PNI',NULL),(554,'price','2012.5.29','Cosmos \'Dwarf Lemon\' - Jumbo Wildflower Seed Packet (500)','http://www.ebay.com/itm/Cosmos-Dwarf-Lemon-Jumbo-Wildflower-Seed-Packet-500-/310401177178',NULL),(555,'price','2012.5.29','***Dwarf*** Lemon Tree/Lime Tree/Orange Tree (3 Trees)','http://www.ebay.com/itm/Dwarf-Lemon-Tree-Lime-Tree-Orange-Tree-3-Trees-/251068450318',NULL),(556,'price','2012.5.29','1 Oz - Cosmos \'Dwarf Lemon\' Bulk Wildflower Seeds','http://www.ebay.com/itm/1-Oz-Cosmos-Dwarf-Lemon-Bulk-Wildflower-Seeds-/290713231590',NULL),(557,'price','2012.5.29','***Dwarf*** Lemon Tree/Lime Tree/Orange Tree (3 Trees)','http://www.ebay.com/itm/Dwarf-Lemon-Tree-Lime-Tree-Orange-Tree-3-Trees-/251068352561',NULL),(558,'price','2012.5.29','1/4 Lb - Cosmos \'Dwarf Lemon\' Bulk Wildflower Seeds','http://www.ebay.com/itm/1-4-Lb-Cosmos-Dwarf-Lemon-Bulk-Wildflower-Seeds-/290713241747',NULL),(559,'price','2012.5.29','cosmos  LADYBIRD DWARF LEMON  135 seeds! GroCo','http://www.ebay.com/itm/cosmos-LADYBIRD-DWARF-LEMON-135-seeds-GroCo-/110826546550',NULL),(560,'price','2012.5.29','Dwarf Lemon Tree','http://www.ebay.com/itm/Dwarf-Lemon-Tree-/261011000833',NULL),(561,'price','2012.5.29','Dictionary / Index of Interior Plants','http://www.amazon.com/Dictionary-Interior-Plants-Kenneth-Sanderson/dp/1419694561',NULL),(562,'price','2012.5.29','Hand Carved Wooden Thai Buddha In A Tree Log - BRAND NEW','http://www.ebay.com/itm/Hand-Carved-Wooden-Thai-Buddha-In-A-Tree-Log-BRAND-NEW-/270977570488',NULL),(563,'price','2012.5.29','Hand Carved Wooden Thai Buddha In A Tree Log - BRAND NEW','http://www.ebay.com/itm/Hand-Carved-Wooden-Thai-Buddha-In-A-Tree-Log-BRAND-NEW-/270977683655',NULL),(564,'price','2012.5.29','Clear  Glass Bottles   10    Tiny  Bottles  with     10     Corks','http://www.amazon.com/Clear-Glass-Bottles-Tiny-Corks/dp/B004H6J3BA',NULL),(565,'price','2012.5.29','SJ201 spool & line Big Bear 33cc petrol Grass Trimmer model BBL070GTM','http://www.ebay.com/itm/SJ201-spool-line-Big-Bear-33cc-petrol-Grass-Trimmer-model-BBL070GTM-/270969403282',NULL),(566,'price','2012.5.29','Bear Glass Beaded Wire Sculpture By Grass Roots','http://www.ebay.com/itm/Bear-Glass-Beaded-Wire-Sculpture-By-Grass-Roots-/300372252418',NULL),(567,'price','2012.5.29','1 Oz - Bear Grass Bulk Wildflower Seeds','http://www.ebay.com/itm/1-Oz-Bear-Grass-Bulk-Wildflower-Seeds-/290713231930',NULL),(568,'price','2012.5.29','Nyokki Grass Plants Pets - Blue Bear - by Noted Inc.','http://www.ebay.com/itm/Nyokki-Grass-Plants-Pets-Blue-Bear-by-Noted-Inc-/350543649096',NULL),(569,'price','2012.5.29','Double Rose  Diamante & Bear Grass Buttonhole Any Shade','http://www.ebay.com/itm/Double-Rose-Diamante-Bear-Grass-Buttonhole-Any-Shade-/360331083197',NULL),(570,'price','2012.5.29','Wolf Moose Bear Panels Wall Art Decals Stickers 719','http://www.ebay.com/itm/Wolf-Moose-Bear-Panels-Wall-Art-Decals-Stickers-719-/400160937725',NULL),(571,'price','2012.5.29','Organic Lavender Wild Roses Wreath w/ Bear Grass Loops!','http://www.ebay.com/itm/Organic-Lavender-Wild-Roses-Wreath-w-Bear-Grass-Loops-/300534625832',NULL),(572,'price','2012.5.29','Wedding Cake Topper Rose & Bear Grass - all colours','http://www.ebay.com/itm/Wedding-Cake-Topper-Rose-Bear-Grass-all-colours-/360336725034',NULL),(573,'price','2012.5.29','AK Alaska Sate Circle Vinyl Car Decal 6x4\" Deadliest Catch Polar Bear Eskimo','http://www.ebay.com/itm/AK-Alaska-Sate-Circle-Vinyl-Car-Decal-6x4-Deadliest-Catch-Polar-Bear-Eskimo-/180730546827',NULL),(574,'price','2012.5.29','PLUSH HULA LUAU TEDDY BEARS W/GRASS SKIRTS LEIS (12PC)','http://www.ebay.com/itm/PLUSH-HULA-LUAU-TEDDY-BEARS-W-GRASS-SKIRTS-LEIS-12PC-/140495246378',NULL),(575,'price','2012.5.29','Basket Bowl Handmade Bear Grass/Yucca 6\" Across 2.5\" Deep USA NWT Great Gift','http://www.ebay.com/itm/Basket-Bowl-Handmade-Bear-Grass-Yucca-6-Across-2-5-Deep-USA-NWT-Great-Gift-/130597927282',NULL),(576,'price','2012.5.29','1 Lb - Bear Grass Bulk Wildflower Seeds','http://www.ebay.com/itm/1-Lb-Bear-Grass-Bulk-Wildflower-Seeds-/290713236642',NULL),(577,'price','2012.5.29','VASE Basket 4 1/2\" T Bear Grass/Yucca 15\"Around NWT','http://www.ebay.com/itm/VASE-Basket-4-1-2-T-Bear-Grass-Yucca-15-Around-NWT-/130481258299',NULL),(578,'price','2012.5.29','BABY BEAR GRASS HEAD GROW YOUR OWN EDUCATIONAL NOVELTY GIFT','http://www.ebay.com/itm/BABY-BEAR-GRASS-HEAD-GROW-YOUR-OWN-EDUCATIONAL-NOVELTY-GIFT-/120907446598',NULL),(579,'price','2012.5.29','1/4 Lb - Bear Grass Bulk Wildflower Seeds','http://www.ebay.com/itm/1-4-Lb-Bear-Grass-Bulk-Wildflower-Seeds-/290713242935',NULL),(580,'price','2012.5.29','2 Pc Basket Vase W/Lid Bear Grass/Yucca 5.5\" T x 18 1/2\" Handmade USA NWT','http://www.ebay.com/itm/2-Pc-Basket-Vase-W-Lid-Bear-Grass-Yucca-5-5-T-x-18-1-2-Handmade-USA-NWT-/400275158727',NULL),(581,'price','2012.5.29','Wedding Cake Topper White Gerbera bear grass and ivy - sale item to clear','http://www.ebay.com/itm/Wedding-Cake-Topper-White-Gerbera-bear-grass-and-ivy-sale-item-to-clear-/360458823732',NULL),(582,'price','2012.5.29','Framed Picture  Matted  Girl  Bear  Flowers  Grass  Butterflies  Love Mends Ever','http://www.ebay.com/itm/Framed-Picture-Matted-Girl-Bear-Flowers-Grass-Butterflies-Love-Mends-Ever-/230769452861',NULL),(583,'price','2012.5.29','Silk Bear Grass Bunch','http://www.ebay.com/itm/Silk-Bear-Grass-Bunch-/170797788039',NULL),(584,'price','2012.5.29','BLUE BEAR GRASS (Nolina nelsonii) 10 seeds','http://www.ebay.com/itm/BLUE-BEAR-GRASS-Nolina-nelsonii-10-seeds-/270820913786',NULL),(585,'price','2012.5.29','Basket Plate Bear Grass/Yucca 7 1/2\" Across Made in USA NWT Great!','http://www.ebay.com/itm/Basket-Plate-Bear-Grass-Yucca-7-1-2-Across-Made-in-USA-NWT-Great-/400250166850',NULL),(586,'price','2012.5.29','FALL - Sunflower  Berries  Orchids  Roses  Daisies  Bear Grass Bridal Bouquet','http://www.ebay.com/itm/FALL-Sunflower-Berries-Orchids-Roses-Daisies-Bear-Grass-Bridal-Bouquet-/350560053080',NULL),(587,'price','2012.5.29','Cornucopia II: A Source Book of Edible Plants','http://www.amazon.com/Cornucopia-II-Source-Edible-Plants/dp/0962808725',NULL),(588,'price','2012.5.29','200 Early American ~Heirloom~ BLACK AMBER Sorghum Cane Seeds! Premium USA Seeds','http://www.ebay.com/itm/200-Early-American-Heirloom-BLACK-AMBER-Sorghum-Cane-Seeds-Premium-USA-Seeds-/150818736347',NULL),(589,'price','2012.5.29','Best Price for Orange Blossum Sugar Cane/ Sorghum Seed','http://www.ebay.com/itm/Best-Price-for-Orange-Blossum-Sugar-Cane-Sorghum-Seed-/160806828622',NULL),(590,'price','2012.5.29','Best Price for Orange Blossum Sugar Cane/ Sorghum Seed','http://www.ebay.com/itm/Best-Price-for-Orange-Blossum-Sugar-Cane-Sorghum-Seed-/160806199697',NULL),(591,'price','2012.5.29','Sweet Sorghum Milo Grain Cane Seeds Gluten Free','http://www.ebay.com/itm/Sweet-Sorghum-Milo-Grain-Cane-Seeds-Gluten-Free-/110878984696',NULL),(592,'price','2012.5.29','SORGHUM - GRAIN (S. Alpha) X 500 SEEDS','http://www.ebay.com/itm/SORGHUM-GRAIN-S-Alpha-X-500-SEEDS-/261029453992',NULL),(593,'price','2012.5.29','Mennonite Sorghum Cane - 100 Seeds - Sweet & Light','http://www.ebay.com/itm/Mennonite-Sorghum-Cane-100-Seeds-Sweet-Light-/150819237479',NULL),(594,'price','2012.5.29','100 SWEET SUGAR DRIP SORGHUM CANE SEEDS','http://www.ebay.com/itm/100-SWEET-SUGAR-DRIP-SORGHUM-CANE-SEEDS-/170844892761',NULL),(595,'price','2012.5.29','BULK HEIRLOOM SUGAR DRIP SORGHUM SEEDS.ONE POUND! OVER 25 000 SEEDS.','http://www.ebay.com/itm/BULK-HEIRLOOM-SUGAR-DRIP-SORGHUM-SEEDS-ONE-POUND-OVER-25-000-SEEDS-/280884553374',NULL),(596,'price','2012.5.29','600 SUGAR DRIP SORGHUM CANE SEEDS***Buy 3 Get 1 Free','http://www.ebay.com/itm/600-SUGAR-DRIP-SORGHUM-CANE-SEEDS-Buy-3-Get-1-Free-/170847763388',NULL),(597,'price','2012.5.29','Mennonite Sorghum Seeds','http://www.ebay.com/itm/Mennonite-Sorghum-Seeds-/270979327057',NULL),(598,'price','2012.5.29','1 Ounce Super Sweet Sugar Drip Sorghum Cane Seeds. 1 500 Plus Seeds.','http://www.ebay.com/itm/1-Ounce-Super-Sweet-Sugar-Drip-Sorghum-Cane-Seeds-1-500-Plus-Seeds-/280886585480',NULL),(599,'price','2012.5.29','200 SUGAR DRIP SORGHUM CANE SEEDS***Buy 3 Get 1 Free','http://www.ebay.com/itm/200-SUGAR-DRIP-SORGHUM-CANE-SEEDS-Buy-3-Get-1-Free-/170847762875',NULL),(600,'price','2012.5.29','Best Price for Orange Blossum Sugar Cane/ Sorghum Seed','http://www.ebay.com/itm/Best-Price-for-Orange-Blossum-Sugar-Cane-Sorghum-Seed-/170845796145',NULL),(601,'price','2012.5.29','SORGHUM - SUGAR DRIP CANE (Molasses) X 500 SEEDS','http://www.ebay.com/itm/SORGHUM-SUGAR-DRIP-CANE-Molasses-X-500-SEEDS-/261029448832',NULL),(602,'price','2012.5.29','Wild Bird/Wild Animal Seed/Feed Mixture...Grai n Sorghum  Corn Chops  Oats 15 lbs','http://www.ebay.com/itm/Wild-Bird-Wild-Animal-Seed-Feed-Mixture-Grain-Sorghum-Corn-Chops-Oats-15-lbs-/200764153122',NULL),(603,'price','2012.5.29','Best Price for Black Amber Sugar Cane/ Sorghum Seed','http://www.ebay.com/itm/Best-Price-for-Black-Amber-Sugar-Cane-Sorghum-Seed-/160805432456',NULL),(604,'price','2012.5.29','Goody Good Stuff Tropical Fruit  100-Gram Bags (Pack of 12)','http://www.ebay.com/itm/Goody-Good-Stuff-Tropical-Fruit-100-Gram-Bags-Pack-of-12-/200753928872',NULL),(605,'price','2012.5.29','15 FRUIT NINJA GAME Stickers Kids Party Goody Loot Treat Bag Favors Supply','http://www.ebay.com/itm/15-FRUIT-NINJA-GAME-Stickers-Kids-Party-Goody-Loot-Treat-Bag-Favors-Supply-/130685243211',NULL),(606,'price','2012.5.29','SHADDOCK Street Sign - Personalized Last Name Signs','http://www.ebay.com/itm/SHADDOCK-Street-Sign-Personalized-Last-Name-Signs-/250273976405',NULL),(607,'price','2012.5.29','Shaddock-Pomel o Citrus (10 seeds) Pear-Shaped Fruit','http://www.ebay.com/itm/Shaddock-Pomelo-Citrus-10-seeds-Pear-Shaped-Fruit-/200759838571',NULL),(608,'price','2012.5.29','SD0538 Pomelo Seeds  Shaddock Pummelo Pommelo Jeruk Bali Lusho Pompelmous Seeds','http://www.ebay.com/itm/SD0538-Pomelo-Seeds-Shaddock-Pummelo-Pommelo-Jeruk-Bali-Lusho-Pompelmous-Seeds-/170839312071',NULL),(609,'price','2012.5.29','Argent White Corn Seeds - 8 grams - Zea mays','http://www.ebay.com/itm/Argent-White-Corn-Seeds-8-grams-Zea-mays-/370615449467',NULL),(610,'price','2012.5.29','Peruvian Purple Corn Seeds ? Zea Mays ? Novelty for Child\"s Garden ? 50 Seeds ?','http://www.ebay.com/itm/Peruvian-Purple-Corn-Seeds-Zea-Mays-Novelty-for-Child-s-Garden-50-Seeds-/170846462279',NULL),(611,'price','2012.5.29','50 Seeds Rare Black purple corn - Zea mays Maize native from Puebla mexico rare','http://www.ebay.com/itm/50-Seeds-Rare-Black-purple-corn-Zea-mays-Maize-native-from-Puebla-mexico-rare-/251068542598',NULL),(612,'price','2012.5.29','60 YELLOW CORN EARLY \'XTRA SWEET\' Zea Mays Vegetable Seeds   Gift & Comb S/H','http://www.ebay.com/itm/60-YELLOW-CORN-EARLY-XTRA-SWEET-Zea-Mays-Vegetable-Seeds-Gift-Comb-S-H-/221030659517',NULL),(613,'price','2012.5.29','100 ORNAMENTAL INDIAN CORN WAMPUM Zea Mays Seeds CombSH','http://www.ebay.com/itm/100-ORNAMENTAL-INDIAN-CORN-WAMPUM-Zea-Mays-Seeds-CombSH-/280882646179',NULL),(614,'price','2012.5.29','SD0059 Wild Maize Seeds  Wild Corn Zea Mays Seeds','http://www.ebay.com/itm/SD0059-Wild-Maize-Seeds-Wild-Corn-Zea-Mays-Seeds-/180878754132',NULL),(615,'price','2012.5.29','Peaches & Cream Sweet Corn/Maize (Zea mays) Treated Seeds','http://www.ebay.com/itm/Peaches-Cream-Sweet-Corn-Maize-Zea-mays-Treated-Seeds-/300707722783',NULL),(616,'price','2012.5.29','BLUE CORN ~ Maize ~ Rare ~ Maasiqa\'o Hopi Blue Corn (Zea mays) Seed','http://www.ebay.com/itm/BLUE-CORN-Maize-Rare-Maasiqao-Hopi-Blue-Corn-Zea-mays-Seed-/290715763247',NULL),(617,'price','2012.5.29','SD0062 Yellow Corn Seeds  Yellow Corn Zea Mays Vegetable Seeds','http://www.ebay.com/itm/SD0062-Yellow-Corn-Seeds-Yellow-Corn-Zea-Mays-Vegetable-Seeds-/170839309750',NULL),(618,'price','2012.5.29','130 Black aztec corn seeds - Native from puebla! mexico! Zea mays VERY RARE','http://www.ebay.com/itm/130-Black-aztec-corn-seeds-Native-from-puebla-mexico-Zea-mays-VERY-RARE-/251068542601',NULL),(619,'price','2012.5.29','Bodacious Yellow Corn Seeds - 10 grams - Zea mays','http://www.ebay.com/itm/Bodacious-Yellow-Corn-Seeds-10-grams-Zea-mays-/370615449472',NULL),(620,'price','2012.5.29','Bicolor Delectable Corn Seeds - 8 grams - Zea mays','http://www.ebay.com/itm/Bicolor-Delectable-Corn-Seeds-8-grams-Zea-mays-/370615449469',NULL),(621,'price','2012.5.29','NEW ORNAMENTAL CORN *STRAWBERRY POPCORN* 15 seeds *ZEA MAYS*   GIFT!','http://www.ebay.com/itm/NEW-ORNAMENTAL-CORN-STRAWBERRY-POPCORN-15-seeds-ZEA-MAYS-GIFT-/120918099807',NULL),(622,'price','2012.5.29','Merrit Sweet Corn/Maize (Zea mays) Treated Seeds','http://www.ebay.com/itm/Merrit-Sweet-Corn-Maize-Zea-mays-Treated-Seeds-/290708021087',NULL),(623,'price','2012.5.29','David\'s Non-Hybrid Corn Miniature Colored Popcorn (Zea mays) 100 Seeds per Packet','http://www.amazon.com/Davids-Non-Hybrid-Miniature-Colored-Seeds/dp/B0041XK79Q',NULL),(624,'price','2012.5.29','David\'s Popcorn Corn Robust 997 (Zea mays) 90 Seeds per Packet','http://www.amazon.com/Davids-Popcorn-Robust-Seeds-Packet/dp/B003XE82TQ',NULL),(625,'price','2012.5.29','David\'s Organic Sugar Enhanced White Corn Sugar Pearl (se ) (Zea mays) 100 Seeds per Packet','http://www.amazon.com/Davids-Organic-Enhanced-Seeds-Packet/dp/B0041XLSHQ',NULL),(626,'price','2012.5.29','Statice - Sea Lavender - 1000 Seeds','http://www.amazon.com/Statice-Sea-Lavender-1000-Seeds/dp/B004JFCCKI',NULL),(627,'price','2012.5.29','50 MOUNTAIN LAUREL White Pink Red Kalmia Latifolia Shrub Bush Seeds * Comb S/H','http://www.amazon.com/MOUNTAIN-LAUREL-White-Kalmia-Latifolia/dp/B0081SPZOY',NULL),(628,'price','2012.5.29','Frederic Malle BIGARADE CONCENTREE Travel Body Milk Lotion New Sample Size','http://www.ebay.com/itm/Frederic-Malle-BIGARADE-CONCENTREE-Travel-Body-Milk-Lotion-New-Sample-Size-/300712899553',NULL),(629,'price','2012.5.29','FREDERIC MALLE BIGARADE CONCENTREE Jean-Claude Ellena 2ml/0.06Fl.Oz. Vial NEW','http://www.ebay.com/itm/FREDERIC-MALLE-BIGARADE-CONCENTREE-Jean-Claude-Ellena-2ml-0-06Fl-Oz-Vial-NEW-/180873406923',NULL),(630,'price','2012.5.29','Frederic Malle Bigarade Concentree New Spray Sample','http://www.ebay.com/itm/Frederic-Malle-Bigarade-Concentree-New-Spray-Sample-/300639047904',NULL),(631,'price','2012.5.29','Ponderosa Lemon Citrus Tree Grafted 5 gallon','http://www.ebay.com/itm/Ponderosa-Lemon-Citrus-Tree-Grafted-5-gallon-/350566632724',NULL),(632,'price','2012.5.29','Lemon Ponderosa 5 fresh seeds  Rutacea family. Five Pound Lemon','http://www.ebay.com/itm/Lemon-Ponderosa-5-fresh-seeds-Rutacea-family-Five-Pound-Lemon-/160805934754',NULL),(633,'price','2012.5.29','airplant Tillandsia LATIFOLIA 5\" - 7\"','http://www.ebay.com/itm/airplant-Tillandsia-LATIFOLIA-5-7-/120134901210',NULL),(634,'price','2012.5.29','Diplarrena latifolia Western Flag Iris 20 seeds','http://www.ebay.com/itm/Diplarrena-latifolia-Western-Flag-Iris-20-seeds-/260640148014',NULL),(635,'price','2012.5.29','Arrowhead - Sagittaria latifolia 1/2 Ounce Seed','http://www.ebay.com/itm/Arrowhead-Sagittaria-latifolia-1-2-Ounce-Seed-/280598661622',NULL),(636,'price','2012.5.29','Daviesia latifolia - Bitter Pea 15 seeds','http://www.ebay.com/itm/Daviesia-latifolia-Bitter-Pea-15-seeds-/250880839143',NULL),(637,'price','2012.5.29','Statice - Latifolia - 100 Seeds','http://www.ebay.com/itm/Statice-Latifolia-100-Seeds-/250832002373',NULL),(638,'price','2012.5.29','50 MOUNTAIN LAUREL White Pink Red Kalmia Latifolia Shrub Bush Seeds * Comb S/H','http://www.ebay.com/itm/50-MOUNTAIN-LAUREL-White-Pink-Red-Kalmia-Latifolia-Shrub-Bush-Seeds-Comb-S-H-/300707697512',NULL),(639,'price','2012.5.29','Arrowhead - Sagittaria latifolia One Pound Seed','http://www.ebay.com/itm/Arrowhead-Sagittaria-latifolia-One-Pound-Seed-/280598660954',NULL),(640,'price','2012.5.29','Yellow Cats Tail - Bulbinella latifolia - Fresh Seeds','http://www.ebay.com/itm/Yellow-Cats-Tail-Bulbinella-latifolia-Fresh-Seeds-/370516114476',NULL),(641,'price','2012.5.29','PINK FINGERS Caladenia latifolia x 25  SEEDS','http://www.ebay.com/itm/PINK-FINGERS-Caladenia-latifolia-x-25-SEEDS-/200626721236',NULL),(642,'price','2012.5.29','Ixia Latifolia - South African Bulb - 10 Seeds','http://www.ebay.com/itm/Ixia-Latifolia-South-African-Bulb-10-Seeds-/260951721468',NULL),(643,'price','2012.5.29','WESTERN FLAG IRIS (Diplarrena latifolia) 30 seeds','http://www.ebay.com/itm/WESTERN-FLAG-IRIS-Diplarrena-latifolia-30-seeds-/270820921224',NULL),(644,'price','2012.5.29','5 fresh seeds of Malod / Bastard Oleaster (Elaeagnus latifolia) Rare fruit tree','http://www.ebay.com/itm/5-fresh-seeds-of-Malod-Bastard-Oleaster-Elaeagnus-latifolia-Rare-fruit-tree-/180870144527',NULL),(645,'price','2012.5.29','CAMPANULA LATIFOLIA ALBA - HARDY PERENNIAL - 50  SEEDS','http://www.ebay.com/itm/CAMPANULA-LATIFOLIA-ALBA-HARDY-PERENNIAL-50-SEEDS-/330723667384',NULL),(646,'price','2012.5.29','Arrowhead - Sagittaria latifolia 1/4 Ounce Seed','http://www.ebay.com/itm/Arrowhead-Sagittaria-latifolia-1-4-Ounce-Seed-/280598661862',NULL),(647,'price','2012.5.29','CAMPANULA LATIFOLIA \'BRANTWOOD\' PERENNIAL 50  SEEDS','http://www.ebay.com/itm/CAMPANULA-LATIFOLIA-BRANTWOOD-PERENNIAL-50-SEEDS-/330581375576',NULL),(648,'price','2012.5.29','African Schotia Latifolia Tree Seeds Gorgeous Bush Boer','http://www.ebay.com/itm/African-Schotia-Latifolia-Tree-Seeds-Gorgeous-Bush-Boer-/330319361538',NULL),(649,'price','2012.5.29','rare seeds -- kalmia latifolia -- moutain laurel seeds','http://www.ebay.com/itm/rare-seeds-kalmia-latifolia-moutain-laurel-seeds-/150809365650',NULL),(650,'price','2012.5.29','Bulbinella Latifolia ssp. Latifolia - SA Bulb - 10 Seed','http://www.ebay.com/itm/Bulbinella-Latifolia-ssp-Latifolia-SA-Bulb-10-Seed-/261023462465',NULL),(651,'price','2012.5.29','BRUNFELSIA LATIFOLIA (Yesterday-Tod ay-And-Tomorro w) SEEDS ES 56','http://www.ebay.com/itm/BRUNFELSIA-LATIFOLIA-Yesterday-Today-And-Tomorrow-SEEDS-ES-56-/350500262765',NULL),(652,'price','2012.5.29','10 Seeds Primula latifolia','http://www.ebay.com/itm/10-Seeds-Primula-latifolia-/270876526094',NULL),(653,'price','2012.5.29','Exotic BLACK CALABASH GOURD FRUIT Tree 5 SEEDS Amphitecna latifolia Crafts','http://www.ebay.com/itm/Exotic-BLACK-CALABASH-GOURD-FRUIT-Tree-5-SEEDS-Amphitecna-latifolia-Crafts-/360459812859',NULL),(654,'price','2012.5.29','Ceratozamia latifolia Live Rare Mexican Cycad Plant 1g','http://www.ebay.com/itm/Ceratozamia-latifolia-Live-Rare-Mexican-Cycad-Plant-1g-/110537534036',NULL),(655,'price','2012.5.29','CAMPANULA \'FAICHEM LILAC\' RARELY OFFERED LATIFOLIA HYBRID 1 PKT x 50 SEEDS','http://www.ebay.com/itm/CAMPANULA-FAICHEM-LILAC-RARELY-OFFERED-LATIFOLIA-HYBRID-1-PKT-x-50-SEEDS-/380368839854',NULL),(656,'price','2012.5.29','Ceratozamia latifolia - Live Rare Mexican Cycad Plant','http://www.ebay.com/itm/Ceratozamia-latifolia-Live-Rare-Mexican-Cycad-Plant-/310112292825',NULL),(657,'price','2012.5.29','Mountain Laurel Shrub  Kalmia Latifolia  Seeds','http://www.ebay.com/itm/Mountain-Laurel-Shrub-Kalmia-Latifolia-Seeds-/270651099695',NULL),(658,'price','2012.5.29','Broad-leaved bitter pea (Daviesia Latifolia) 30 Seeds','http://www.ebay.com/itm/Broad-leaved-bitter-pea-Daviesia-Latifolia-30-Seeds-/370188144352',NULL),(659,'price','2012.5.29','African Schotia Latifolia Tree Gorgeous Bush Boer PLANT','http://www.ebay.com/itm/African-Schotia-Latifolia-Tree-Gorgeous-Bush-Boer-PLANT-/330446913986',NULL),(660,'price','2012.5.29','Tillandsia * LATIFOLIA * 10\" - 15\" air plants','http://www.ebay.com/itm/Tillandsia-LATIFOLIA-10-15-air-plants-/350309108894',NULL),(661,'price','2012.5.29','Asclepias latifolia or broadleaf milkweed 10 seeds','http://www.ebay.com/itm/Asclepias-latifolia-or-broadleaf-milkweed-10-seeds-/360313904950',NULL),(662,'price','2012.5.29','Kalmia latifolia MOUNTAIN LAUREL Seeds!','http://www.ebay.com/itm/Kalmia-latifolia-MOUNTAIN-LAUREL-Seeds-/360452871509',NULL),(663,'price','2012.5.29','WHITE ASH TREE 25 SEED OLEACEAE FRAXINUS LATIFOLIA','http://www.ebay.com/itm/WHITE-ASH-TREE-25-SEED-OLEACEAE-FRAXINUS-LATIFOLIA-/330508128650',NULL),(664,'price','2012.5.29','5 Schotia latifolia - Bush Boer-bean Tree Seeds','http://www.ebay.com/itm/5-Schotia-latifolia-Bush-Boer-bean-Tree-Seeds-/270690451369',NULL),(665,'price','2012.5.29','Watsonia latifolia - Hardy Exotic Bulb - Seeds','http://www.ebay.com/itm/Watsonia-latifolia-Hardy-Exotic-Bulb-Seeds-/310327663886',NULL),(666,'price','2012.5.29','CATTAIL (Typha latifolia) 100 Seeds','http://www.ebay.com/itm/CATTAIL-Typha-latifolia-100-Seeds-/130689073514',NULL),(667,'price','2012.5.29','Arrowhead - Sagittaria latifolia Packet Seed','http://www.ebay.com/itm/Arrowhead-Sagittaria-latifolia-Packet-Seed-/280598662673',NULL),(668,'price','2012.5.29','2 BROADLEAF CATTAIL PLANTS ( TYPHA LATIFOLIA )','http://www.ebay.com/itm/2-BROADLEAF-CATTAIL-PLANTS-TYPHA-LATIFOLIA-/170846644221',NULL),(669,'price','2012.5.29','50 MOUNTAIN LAUREL--SEEDS- -KALMIA LATIFOLIA--EVE RGREEN','http://www.ebay.com/itm/50-MOUNTAIN-LAUREL-SEEDS-KALMIA-LATIFOLIA-EVERGREEN-/270770252983',NULL),(670,'price','2012.5.29','HOP BITTER PEA (Daviesia latifolia) seeds','http://www.ebay.com/itm/HOP-BITTER-PEA-Daviesia-latifolia-seeds-/270820929067',NULL),(671,'price','2012.5.29','latifolia small tillandsia airplant air plant','http://www.ebay.com/itm/latifolia-small-tillandsia-airplant-air-plant-/360379573886',NULL),(672,'price','2012.5.29','Yesterday Today and Tomorrow Brunfelsia latifolia 3 Gallon Live Plant','http://www.ebay.com/itm/Yesterday-Today-and-Tomorrow-Brunfelsia-latifolia-3-Gallon-Live-Plant-/370601799843',NULL),(673,'price','2012.5.29','LIVE 7 SEEDS Exotic BLACK CALABASH GOURD FRUIT Tree Amphitecna latifolia Crafts','http://www.ebay.com/itm/LIVE-7-SEEDS-Exotic-BLACK-CALABASH-GOURD-FRUIT-Tree-Amphitecna-latifolia-Crafts-/360409261765',NULL),(674,'price','2012.5.29','Phillyrea Green Olive Tree 20 Seeds (Phillyrea latifolia)','http://www.ebay.com/itm/Phillyrea-Green-Olive-Tree-20-Seeds-Phillyrea-latifolia-/110881615025',NULL),(675,'price','2012.5.29','GREEN OLIVE TRE (Phillyrea latifolia) 100 FRESH SEEDS','http://www.ebay.com/itm/GREEN-OLIVE-TRE-Phillyrea-latifolia-100-FRESH-SEEDS-/280881028307',NULL),(676,'price','2012.5.29','Arrowhead - Sagittaria latifolia 1/8 Ounce Seed','http://www.ebay.com/itm/Arrowhead-Sagittaria-latifolia-1-8-Ounce-Seed-/280598662370',NULL),(677,'price','2012.5.29','YESTERDAY  TODAY & TOMORROW (Brunfelsia latifolia) 10 seeds','http://www.ebay.com/itm/YESTERDAY-TODAY-TOMORROW-Brunfelsia-latifolia-10-seeds-/220958920687',NULL),(678,'price','2012.5.29','3 Oregon Ash - Fraxinus latifolia - for Bonai or Specimen Live Trees from seeds','http://www.ebay.com/itm/3-Oregon-Ash-Fraxinus-latifolia-for-Bonai-or-Specimen-Live-Trees-from-seeds-/150787101044',NULL),(679,'price','2012.5.29','50 Dalbergia latifolia Bombay blackwood rosewood Timber Seeds','http://www.ebay.com/itm/50-Dalbergia-latifolia-Bombay-blackwood-rosewood-Timber-Seeds-/290714844144',NULL),(680,'price','2012.5.29','Arrowhead - Sagittaria latifolia One Ounce Seed','http://www.ebay.com/itm/Arrowhead-Sagittaria-latifolia-One-Ounce-Seed-/280598661365',NULL),(681,'price','2012.5.29','DAVIESIA latifolia \"Bitter pea\" Seed N42','http://www.ebay.com/itm/DAVIESIA-latifolia-Bitter-pea-Seed-N42-/350381598662',NULL),(682,'price','2012.5.29','Statice - Latifolia - 1gm Seeds','http://www.ebay.com/itm/Statice-Latifolia-1gm-Seeds-/260812692324',NULL),(683,'price','2012.5.29','Tillandsia *LATIFOLIA v PROLIFERA* air plants','http://www.ebay.com/itm/Tillandsia-LATIFOLIA-v-PROLIFERA-air-plants-/380364558571',NULL),(684,'price','2012.5.29','Hunter Boot Adlay Shearling Short Boot','http://www.ebay.com/itm/Hunter-Boot-Adlay-Shearling-Short-Boot-/261019261728',NULL),(685,'price','2012.5.29','NARUKO Job\'s Tears Whitening & Cooling Night Gelly (adlay) SALE!!','http://www.ebay.com/itm/NARUKO-Jobs-Tears-Whitening-Cooling-Night-Gelly-adlay-SALE-/180787483514',NULL),(686,'price','2012.5.29','Houseplants for Dummies','http://www.amazon.com/Houseplants-Dummies-Larry-Hodgson/dp/0764551027',NULL),(687,'price','2012.5.29','David\'s Orange Organic Heirloom Tomato Valencia (Solanum lycopersicum) 30 Seeds per Packet','http://www.amazon.com/Davids-Heirloom-Valencia-lycopersicum-Seeds/dp/B0042C8DWO',NULL),(688,'price','2012.5.29','Yuzu Fruit Calendar Print by CafePress 3431 343109995','http://www.ebay.com/itm/Yuzu-Fruit-Calendar-Print-by-CafePress-3431-343109995-/170839470504',NULL),(689,'price','2012.5.29','Yuzu Fruit Postcards Package of 8 by CafePr 343109994','http://www.ebay.com/itm/Yuzu-Fruit-Postcards-Package-of-8-by-CafePr-343109994-/150813122349',NULL),(690,'price','2012.5.29','Droll Yankees TS-40207 Team Sports Sunflower/Mixed Seed Feeder  15-Inch  Blue/Maize','http://www.amazon.com/Droll-Yankees-TS-40207-Sunflower-15-Inch/dp/B007XLWTMQ',NULL),(691,'price','2012.5.29','Novelty 08144 Round Napa Planter  Maize  14-Inch','http://www.amazon.com/Novelty-08144-Round-Planter-14-Inch/dp/B002HJ7YQ0',NULL),(692,'price','2012.5.29','Novelty 08164 Round Napa Planter  Maize  16-Inch','http://www.amazon.com/Novelty-08164-Round-Planter-16-Inch/dp/B002IYMKCM',NULL),(693,'price','2012.5.29','Novelty 08084 Round Napa Planter  Maize  8-Inch','http://www.amazon.com/Novelty-08084-Round-Planter-8-Inch/dp/B000TZ8UD0',NULL),(694,'price','2012.5.29','NOVELTY MANUFACTURING CO  NAPA POT 12\" MAIZE  Part No. 705352 (Catalog Category: GARDEN SUPPLIES / POTS/PLANTERS)','http://www.amazon.com/NOVELTY-MANUFACTURING-CO-Catalog-Category/dp/B005KLUF86',NULL),(695,'price','2012.5.29','Novelty 08124 Round Napa Planter  Maize  12-Inch','http://www.amazon.com/Novelty-08124-Round-Planter-12-Inch/dp/B000TZ8UGW',NULL),(696,'price','2012.5.29','Novelty 08104 Round Napa Planter  Maize  10-Inch','http://www.amazon.com/Novelty-08104-Round-Planter-10-Inch/dp/B000TZ59J8',NULL),(697,'price','2012.5.29','Vintage Clear Glass Miracle Maize Cornbread Baking Dish','http://www.ebay.com/itm/Vintage-Clear-Glass-Miracle-Maize-Cornbread-Baking-Dish-/320911375270',NULL),(698,'price','2012.5.29','100 Snow Puff Popcorn Seeds Corn Maize Plant Gardening','http://www.ebay.com/itm/100-Snow-Puff-Popcorn-Seeds-Corn-Maize-Plant-Gardening-/160804931729',NULL),(699,'price','2012.5.29','balck corn Maize 10 Vegatable Seeds DIY HAPPY Garden','http://www.ebay.com/itm/balck-corn-Maize-10-Vegatable-Seeds-DIY-HAPPY-Garden-/320908550704',NULL),(700,'price','2012.5.29','20  Black Corn Maize Mealie Seed Rare Health Green Vegetables Food','http://www.ebay.com/itm/20-Black-Corn-Maize-Mealie-Seed-Rare-Health-Green-Vegetables-Food-/110881426302',NULL),(701,'price','2012.5.29','SD0060 Heirloom Aztec BLACK CORN Seeds  Black Maize Vegetable Seeds (15 Seeds)','http://www.ebay.com/itm/SD0060-Heirloom-Aztec-BLACK-CORN-Seeds-Black-Maize-Vegetable-Seeds-15-Seeds-/170847210413',NULL),(702,'price','2012.5.29','20  Black Corn Maize Mealie Seed Rare Health Green Vegetables Food','http://www.ebay.com/itm/20-Black-Corn-Maize-Mealie-Seed-Rare-Health-Green-Vegetables-Food-/160793937677',NULL),(703,'price','2012.5.29','20  Black Corn Maize Mealie Seed Rare Health Green Vegetables Food','http://www.ebay.com/itm/20-Black-Corn-Maize-Mealie-Seed-Rare-Health-Green-Vegetables-Food-/110874299480',NULL),(704,'price','2012.5.29','SD0060 Heirloom Aztec BLACK CORN Seeds  Black Maize Vegetable Seeds (15 Seeds)','http://www.ebay.com/itm/SD0060-Heirloom-Aztec-BLACK-CORN-Seeds-Black-Maize-Vegetable-Seeds-15-Seeds-/170846689807',NULL),(705,'price','2012.5.29','Stuart Avocado Tree Five Gallon','http://www.amazon.com/Stuart-Avocado-Tree-Five-Gallon/dp/B000FJ2C0W',NULL),(706,'price','2012.5.29','Variegated Pink Eureka Lemon Tree Five Gallon','http://www.amazon.com/Variegated-Pink-Eureka-Lemon-Gallon/dp/B005Q0LI96',NULL),(707,'price','2012.5.29','Caryopteris \"Dark Knight\" Five Gallon Plant by Monrovia Growers','http://www.amazon.com/Caryopteris-Knight-Gallon-Monrovia-Growers/dp/B0043XD9MQ',NULL),(708,'price','2012.5.29','Catgrass (Sweet Oats for Cats) 1 000 Seeds Bulk','http://www.amazon.com/Catgrass-Sweet-Oats-Cats-Seeds/dp/B0045826ZU',NULL),(709,'price','2012.5.29','2-3 Year Old Hachiya Persimmon Tree in Grower\'s Pot  3 Year Warranty','http://www.amazon.com/Hachiya-Persimmon-Tree-Growers-Warranty/dp/B00652YZ4O',NULL),(710,'price','2012.5.29','Lisbon Lemon Tree Grafted for Container growing','http://www.amazon.com/Lisbon-Lemon-Grafted-Container-growing/dp/B0071A4HTC',NULL),(711,'price','2012.5.29','Red Flame Grapefruit Five Gallon','http://www.amazon.com/Red-Flame-Grapefruit-Five-Gallon/dp/B000Q0RE62',NULL),(712,'price','2012.5.29','Golden Nugget Barberry Plant  One Gallon Container by Monrovia Growers','http://www.amazon.com/Golden-Barberry-Container-Monrovia-Growers/dp/B005JTMXMK',NULL),(713,'price','2012.5.29','White Kadota Fig Tree  Five Gallon Container by Monrovia Growers','http://www.amazon.com/Kadota-Gallon-Container-Monrovia-Growers/dp/B000TGDH28',NULL),(714,'price','2012.5.29','Rainbow Seeds','http://www.amazon.com/Rainbow-Seeds%C2%AE-Nigella-Sativa%7ERoman-Corriander/dp/B007GR2K58',NULL),(715,'price','2012.5.29','Rainbow Seeds','http://www.amazon.com/Rainbow-Seeds%C2%AE-Nigella-Sativa%7ERoman-Corriander/dp/B007KBYPGM',NULL),(716,'price','2012.5.29','Cat Grass Seeds 15 grams','http://www.amazon.com/Cat-Grass-Seeds-15-grams/dp/B0012YEKCW',NULL),(717,'price','2012.5.29','Purslane (Portulaca Oleracea Sativa) 50 Seeds','http://www.amazon.com/Purslane-Portulaca-Oleracea-Sativa-Seeds/dp/B007V347PS',NULL),(718,'price','2012.5.29','Arugula Rocket Salad Seed','http://www.amazon.com/Botanical-Interest-0079-Arugula-Rocket/dp/B002T5T956',NULL),(719,'price','2012.5.29','200 Seeds  Calendula \"Golden Emperor\" (Calendula officinalis) Seeds by Seed Needs','http://www.amazon.com/Calendula-Emperor-officinalis-Seed-Needs/dp/B0072JODB4',NULL),(720,'price','2012.5.29','50 Seeds  Italian Rosemary (Rosmarinus officinalis) Seeds By Seed Needs','http://www.amazon.com/Rosemary-Rosmarinus-officinalis-Seed-Needs/dp/B004HMPTVM',NULL),(721,'price','2012.5.29','85 Seeds  Asparagus \"Mary Washington\" (Asparagus officinalis) Seeds By Seed Needs','http://www.amazon.com/Asparagus-Washington-officinalis-Seed-Needs/dp/B004ECJTKM',NULL),(722,'price','2012.5.29','David\'s Non-Hybrid Candy Herb Borage (Borago officinalis) 100 Seeds per Packet','http://www.amazon.com/Davids-Non-Hybrid-Borage-officinalis-Seeds/dp/B003BSNK9Q',NULL),(723,'price','2012.5.29','Calendula officinalis Pacific Beauty Mix Seed - 1 oz Seed Packet','http://www.amazon.com/Calendula-officinalis-Pacific-Beauty-Seed/dp/B007JOHD9Q',NULL),(724,'price','2012.5.29','Rosemary Topiary Ring/ Live Potted Plant (Rosmarinus Officinalis)','http://www.amazon.com/Rosemary-Topiary-Potted-Rosmarinus-Officinalis/dp/B007XN94PY',NULL),(725,'price','2012.5.29','200 Seeds  Calendula \"Ball\'s Improved Orange\" (Calendula officinalis) Seeds by Seed Needs','http://www.amazon.com/Calendula-Improved-officinalis-Seed-Needs/dp/B0072JWOOW',NULL),(726,'price','2012.5.29','ENGLISH LAVENDER Lavandula Angustifolia --- 10 Herb Seeds','http://www.amazon.com/ENGLISH-LAVENDER-Lavandula-Angustifolia-Seeds/dp/B001J4XN9Q',NULL),(727,'price','2012.5.29','2-3 Year Old Brown Turkey Fig Tree in Grower\'s Pot  3 Year Warranty','http://www.amazon.com/Brown-Turkey-Tree-Growers-Warranty/dp/B006544VQ4',NULL),(728,'price','2012.5.29','Hirt\'s Pink Lemonade Blueberry Plant - Be the 1st on the Block','http://www.amazon.com/Hirts-Pink-Lemonade-Blueberry-Plant/dp/B003ZA1KNS',NULL),(729,'price','2012.5.29','Dr. Earth 708P Organic 9 Fruit Tree Fertilizer In Poly Bag  4-Pound','http://www.amazon.com/Dr-Earth-708P-Organic-Fertilizer/dp/B002SU1CE8',NULL),(730,'price','2012.5.29','Sulphur Cosmos Seeds Dwarf Lemon','http://www.amazon.com/Sulphur-Cosmos-Seeds-Dwarf-Lemon/dp/B007QVFWWW',NULL),(731,'price','2012.5.29','250 Seeds  Organic Arugula Herb (Eruca sativa) Seeds By Seed Need','http://www.amazon.com/Seeds-Organic-Arugula-sativa-Seed/dp/B003TA1KD4',NULL),(732,'price','2012.5.29','Rainbow Seeds','http://www.amazon.com/Rainbow-Seeds%C2%AE-Nigella-Sativa%7ERoman-Corriander/dp/B007SPFQYA',NULL),(733,'price','2012.5.29','DANDELION organic high Calcium TORTOISE FOOD 1000  seed','http://www.amazon.com/DANDELION-organic-high-Calcium-TORTOISE/dp/B0047TIL60',NULL),(734,'price','2012.5.29','DANDELION organic high Calcium TORTOISE FOOD 500  seeds','http://www.amazon.com/DANDELION-organic-Calcium-TORTOISE-seeds/dp/B0047TIH5U',NULL),(735,'price','2012.5.29','Calendula - Geisha Girl - 1000 Seeds','http://www.amazon.com/Calendula-Geisha-Girl-1000-Seeds/dp/B004HPPGEE',NULL),(736,'price','2012.5.29','Sage - 1/4 LB','http://www.amazon.com/Outsidepride-Herb-Seed-Sage-LB/dp/B004J6B8K2',NULL),(737,'price','2012.5.29','Rosemary - 1000 Seeds','http://www.amazon.com/Outsidepride-Herb-Seed-Rosemary-Seeds/dp/B004VU6IK6',NULL),(738,'price','2012.5.29','Calendula - Golden Emperor - 1000 Seeds','http://www.amazon.com/Calendula-Golden-Emperor-1000-Seeds/dp/B004HPR0BG',NULL),(739,'price','2012.5.29','Calendula - Orange King - 1000 Seeds','http://www.amazon.com/Calendula-Orange-King-1000-Seeds/dp/B004HPLWQU',NULL),(740,'price','2012.5.29','DANDELION organic Calcium TORTOISE FOOD 10 000  seeds','http://www.amazon.com/DANDELION-organic-Calcium-TORTOISE-seeds/dp/B0047TISX6',NULL),(741,'price','2012.5.29','Bonsai Boy\'s Flowering Tangerine Citrus Bonsai Tree - Seedless kishu mandarin','http://www.amazon.com/Bonsai-Boys-Flowering-Tangerine-Citrus/dp/B002J96ESW',NULL),(742,'price','2012.5.29','Import Collection 24-690 Buddha Planter Ceramic Figurine','http://www.amazon.com/Import-Collection-24-690-Planter-Figurine/dp/B007U7IPMQ',NULL),(743,'price','2012.5.29','GOLDEN X BANTAM SWEET CORN SEED 1# Bulk Seed','http://www.amazon.com/GOLDEN-BANTAM-SWEET-CORN-SEED/dp/B007ZRYFNY',NULL),(744,'price','2012.5.29','20 Asiatic Dogwood Tree  Japanese Cornel Dogwood SEEDS Cornus officinalis MEDICINAL BERRIES','http://www.amazon.com/Asiatic-Dogwood-Japanese-officinalis-MEDICINAL/dp/B007U0889I',NULL),(745,'price','2012.5.29','1 oz (3 000 ) PEPPERY GARDEN SAGE HERB SEEDS Salvia officinalis ~Perennial evergreen shrub','http://www.amazon.com/PEPPERY-GARDEN-officinalis-%7EPerennial-evergreen/dp/B006JV2A20',NULL),(746,'price','2012.5.29','Rosemary Topiary Heart Live Potted Plant (Rosmarinus Officinalis)','http://www.amazon.com/Rosemary-Topiary-Heart-Rosmarinus-Officinalis/dp/B007XM6VOM',NULL),(747,'price','2012.5.29','1 LB (2 600 ) Asiatic Dogwood Tree  Japanese Cornel Dogwood SEEDS Cornus officinalis MEDICINAL BERRIES','http://www.amazon.com/Asiatic-Dogwood-Japanese-officinalis-MEDICINAL/dp/B007U09MDY',NULL),(748,'price','2012.5.29','Todd\'s Seeds - Calendula officinalis Pacific Beauty Mix Seed - 1 oz Seed Packet','http://www.amazon.com/Todds-Seeds-Calendula-officinalis-Pacific/dp/B007TBO98C',NULL),(749,'price','2012.5.29','4 oz (650 ) Asiatic Dogwood Tree  Japanese Cornel Dogwood SEEDS Cornus officinalis MEDICINAL BERRIES','http://www.amazon.com/Asiatic-Dogwood-Japanese-officinalis-MEDICINAL/dp/B007U092AM',NULL),(750,'price','2012.5.29','60 PEPPERY GARDEN SAGE HERB SEEDS Salvia officinalis ~Perennial evergreen shrub','http://www.amazon.com/PEPPERY-GARDEN-officinalis-%7EPerennial-evergreen/dp/B006JV1XGY',NULL),(751,'price','2012.5.29','Cornus officinalis: Japanese Cornel Dogwood Seeds','http://www.amazon.com/Cornus-officinalis-Japanese-Cornel-Dogwood/dp/B0002ITOPM',NULL),(752,'price','2012.5.29','Borage Herb (Borago Officinalis) - 1 oz Seed Packet','http://www.amazon.com/Borage-Herb-Borago-Officinalis-Packet/dp/B007JOGDNI',NULL),(753,'price','2012.5.29','Common Valerian (Valeriana Officinalis) Seed','http://www.amazon.com/Common-Valerian-Valeriana-Officinalis-Seed/dp/B0053HK7PS',NULL),(754,'price','2012.5.29','Borage Herb 50 Seeds-Borage officinalis-GARDEN FRESH!','http://www.amazon.com/Borage-Herb-Seeds-Borage-officinalis-GARDEN-FRESH/dp/B003PP0CE6',NULL),(755,'price','2012.5.29','200 Seeds  Calendula \"Pacific Beauty Yellow\" (Calendula officinalis) Seeds by Seed Needs','http://www.amazon.com/Calendula-Pacific-officinalis-Seed-Needs/dp/B0072JMU2I',NULL),(756,'price','2012.5.29','Zea Mays - Multicolor - 200 Seeds','http://www.amazon.com/Zea-Mays-Multicolor-200-Seeds/dp/B0063HLYXQ',NULL),(757,'price','2012.5.29','Beurre D\' Anjou Pear Tree Five Gallon','http://www.amazon.com/Beurre-Anjou-Pear-Tree-Gallon/dp/B000AMW4CK',NULL),(758,'price','2012.5.29','Butterfly Scarlet milkweed Bloodflower Seeds 50','http://www.amazon.com/Butterfly-Scarlet-milkweed-Bloodflower-Seeds/dp/B0046JY8NG',NULL),(759,'price','2012.5.29','Calendula - Pink Surprise - 1000 Seeds','http://www.amazon.com/Calendula-Pink-Surprise-1000-Seeds/dp/B004HPR0F2',NULL),(760,'price','2012.5.29','200  Hyssop Seeds By Seed Needs','http://www.amazon.com/200-Hyssop-Seeds-Seed-Needs/dp/B004GGAM9I',NULL),(761,'price','2012.5.29','100 Seeds  Lavender \"Italian\" (Lavandula angustifolia) Seeds By Seed Needs','http://www.amazon.com/Lavender-Lavandula-angustifolia-Seed-Needs/dp/B004HMU1H4',NULL),(762,'price','2012.5.29','Borage Herb 35 Seeds-Borage officinalis-GARDEN FRESH!','http://www.amazon.com/Borage-Herb-Seeds-Borage-officinalis-GARDEN-FRESH/dp/B001LA4IVA',NULL),(763,'price','2012.5.29','Comfrey True Symphytum Officinalis Seeds','http://www.amazon.com/Comfrey-True-Symphytum-Officinalis-Seeds/dp/B0084S2CQU',NULL),(764,'price','2012.5.29','200 Seeds  Calendula \"Pacific Beauty Orange\" (Calendula officinalis) Seeds by Seed Needs','http://www.amazon.com/Calendula-Pacific-officinalis-Seed-Needs/dp/B00737F6BQ',NULL),(765,'price','2012.5.29','Borage - 1 OZ','http://www.amazon.com/Outsidepride-Herb-Seed-Borage-OZ/dp/B004VU1180',NULL),(766,'price','2012.5.29','ROSEMARY Rosmarinus Officinalis --- 10 Herb Seeds','http://www.amazon.com/ROSEMARY-Rosmarinus-Officinalis-Herb-Seeds/dp/B0028IHF2S',NULL),(767,'price','2012.5.29','Valerian - 5000 Seeds','http://www.amazon.com/Outsidepride-Herb-Seed-Valerian-Seeds/dp/B006U1PQY8',NULL),(768,'price','2012.5.29','Hyssop - 1000 Seeds','http://www.amazon.com/Outsidepride-Herb-Seed-Hyssop-Seeds/dp/B006RIDJ0W',NULL),(769,'price','2012.5.29','Calendula officinalis Pacific Beauty Mix Seed - By The Pound','http://www.amazon.com/Calendula-officinalis-Pacific-Beauty-Seed/dp/B007JOHDHS',NULL),(770,'price','2012.5.29','Calendula officinalis Fancy Mix Seed - 1 oz Seed Packet','http://www.amazon.com/Calendula-officinalis-Fancy-Mix-Seed/dp/B007JOHB8Y',NULL),(771,'price','2012.5.29','Lovage - 2000 Seeds','http://www.amazon.com/Outsidepride-Herb-Seed-Lovage-Seeds/dp/B006RIDI08',NULL),(772,'price','2012.5.29','CALENDULA','http://www.amazon.com/MountainMeadowSeeds-CALENDULA-Calendula-Officinalis-Mix/dp/B007196FES',NULL),(773,'price','2012.5.29','Todd\'s Seeds - Calendula officinalis Fancy Mix Seed - 1 oz Seed Packet','http://www.amazon.com/Todds-Seeds-Calendula-officinalis-Packet/dp/B007TBO8LA',NULL),(774,'price','2012.5.29','Calendula officinalis Fancy Mix Seed - By The Pound','http://www.amazon.com/Calendula-officinalis-Fancy-Mix-Seed/dp/B007JOHCQU',NULL),(775,'price','2012.5.29','DANDELION organic high Calcium TORTOISE FOOD 100 seeds','http://www.amazon.com/DANDELION-organic-Calcium-TORTOISE-seeds/dp/B0047TG842',NULL),(776,'price','2012.5.29','Black Cumin - 1000 Seeds','http://www.amazon.com/Outsidepride-Herb-Seed-Black-Cumin/dp/B006UTV9KU',NULL),(777,'price','2012.5.29','Golden Purslane - 5000 Seeds','http://www.amazon.com/Outsidepride-Herb-Seed-Golden-Purslane/dp/B007VT5SW8',NULL),(778,'price','2012.5.29','Rome Industries 9406 Forma Planter Coffee Table - Mango Wood  Wrought Iron','http://www.amazon.com/Rome-Industries-Forma-Planter-Coffee/dp/B005S4M0ZG',NULL),(779,'price','2012.5.29','Rome Industries 9402 Forma Rect. Planter Side Table - Mango Wood  Wrought Iron','http://www.amazon.com/Rome-Industries-Forma-Rect-Planter/dp/B005S4M038',NULL),(780,'price','2012.5.29','Scotts Citrus  Avocado  and Mango Plant Fertilizer  40lb','http://www.amazon.com/Scotts-Citrus-Avocado-Mango-Fertilizer/dp/B003FXLDRS',NULL),(781,'price','2012.5.29','24 Texas Sweet Valencia Orange Tree seeds','http://www.ebay.com/itm/24-Texas-Sweet-Valencia-Orange-Tree-seeds-/380437637287',NULL),(782,'price','2012.5.29','Valencia Orange Citrus Fruit Tree LIVE 3\' Grafted 5 gal','http://www.ebay.com/itm/Valencia-Orange-Citrus-Fruit-Tree-LIVE-3-Grafted-5-gal-/350562588935',NULL),(783,'price','2012.5.29','SweetLeaf Liquid Stevia  Valencia Orange  2-Ounce Bottles (Pack of 2)','http://www.ebay.com/itm/SweetLeaf-Liquid-Stevia-Valencia-Orange-2-Ounce-Bottles-Pack-of-2-/190563136112',NULL),(784,'price','2012.5.29','2-3 Year Old Dwarf Tanenashi Persimmon Tree in Grower\'s Pot  3 Year Warranty','http://www.amazon.com/Tanenashi-Persimmon-Tree-Growers-Warranty/dp/B0064CSYA6',NULL),(785,'price','2012.5.29','Marigold Signet Lemon Tangerine Gems Heirloom Seeds','http://www.amazon.com/Marigold-Signet-Lemon-Tangerine-Heirloom/dp/B0032EYLDI',NULL),(786,'price','2012.5.29','Pepper Planter','http://www.amazon.com/TV-Pepper-Planter/dp/B003EDSBKQ',NULL),(787,'price','2012.5.29','Tomato Planter Plus - Like Seen on Tv - Easy Grow!','http://www.amazon.com/Tomato-Planter-Plus-Like-Seen/dp/B0051B4S2Y',NULL),(788,'price','2012.5.29','Hass and Fuerte Avocado--Year Round Fruit with our Two Tree Combo','http://www.amazon.com/Fuerte-Avocado--Year-Round-Fruit-Combo/dp/B00374BR1C',NULL),(789,'price','2012.5.29','Wolf Garten 7242004/RGM Fruit Picker','http://www.amazon.com/Garten-7242004-RGM-Fruit-Picker/dp/B000EN44P0',NULL),(790,'price','2012.5.29','RUSH CREEK 4\" Mango Starpoint Injection Molded Planter Sold in packs of 20','http://www.amazon.com/RUSH-CREEK-Starpoint-Injection-Planter/dp/B0060C7IUM',NULL),(791,'price','2012.5.29','1 000 VINE PEACH Melons Seeds ~~TASTE JUST LIKE MANGO & GREAT FOR MAKING PIES ~!!','http://www.amazon.com/PEACH-Melons-Seeds-%7E%7ETASTE-MAKING/dp/B006G5SBT0',NULL),(792,'price','2012.5.29','Rush Creek Designs 5\" Mango Tulip Injection Molded Planter Sold in packs of 10','http://www.amazon.com/Rush-Creek-Designs-Injection-Planter/dp/B0060CA0C0',NULL),(793,'price','2012.5.29','Rome Industries 9404 Forma Square Planter Side Table - Mango Wood  Wrought Iron','http://www.amazon.com/Rome-Industries-Forma-Square-Planter/dp/B005S4M0ME',NULL),(794,'price','2012.5.29','Cat Grass Seed','http://www.amazon.com/Botanical-Interests-7201-Grass-Seed/dp/B00488IECQ',NULL);
/*!40000 ALTER TABLE `infractions` ENABLE KEYS */;
UNLOCK TABLES;

--
-- Table structure for table `infractions_searchterms`
--

DROP TABLE IF EXISTS `infractions_searchterms`;
/*!40101 SET @saved_cs_client     = @@character_set_client */;
/*!40101 SET character_set_client = utf8 */;
CREATE TABLE `infractions_searchterms` (
  `id` int(11) unsigned NOT NULL AUTO_INCREMENT,
  `searchterms_id` int(11) unsigned DEFAULT NULL,
  `infractions_id` int(11) unsigned DEFAULT NULL,
  PRIMARY KEY (`id`),
  UNIQUE KEY `UQ_0f28642e8b663dd3fd8adfc9b2a128df6af5ab13` (`infractions_id`,`searchterms_id`),
  KEY `index_for_infractions_searchterms_searchterms_id` (`searchterms_id`),
  KEY `index_for_infractions_searchterms_infractions_id` (`infractions_id`),
  CONSTRAINT `infractions_searchterms_ibfk_1` FOREIGN KEY (`searchterms_id`) REFERENCES `searchterms` (`id`) ON DELETE CASCADE,
  CONSTRAINT `infractions_searchterms_ibfk_2` FOREIGN KEY (`infractions_id`) REFERENCES `infractions` (`id`) ON DELETE CASCADE
) ENGINE=InnoDB AUTO_INCREMENT=795 DEFAULT CHARSET=utf8 COLLATE=utf8_unicode_ci;
/*!40101 SET character_set_client = @saved_cs_client */;

--
-- Dumping data for table `infractions_searchterms`
--

LOCK TABLES `infractions_searchterms` WRITE;
/*!40000 ALTER TABLE `infractions_searchterms` DISABLE KEYS */;
INSERT INTO `infractions_searchterms` VALUES (2,2,2),(3,2,3),(4,3,4),(5,2,5),(6,2,6),(7,2,7),(8,2,8),(9,2,9),(10,2,10),(11,2,11),(12,2,12),(13,2,13),(14,4,14),(15,4,15),(16,4,16),(17,5,17),(18,5,18),(19,5,19),(20,6,20),(21,6,21),(22,7,22),(23,8,23),(24,8,24),(25,8,25),(26,9,26),(27,10,27),(28,10,28),(29,10,29),(30,10,30),(31,10,31),(32,10,32),(33,10,33),(34,10,34),(35,10,35),(36,10,36),(37,10,37),(38,10,38),(39,10,39),(40,10,40),(41,10,41),(42,10,42),(43,10,43),(44,10,44),(45,10,45),(46,10,46),(47,10,47),(48,10,48),(49,10,49),(50,10,50),(51,10,51),(52,10,52),(53,10,53),(54,10,54),(55,10,55),(56,10,56),(57,10,57),(58,10,58),(59,10,59),(60,10,60),(61,10,61),(62,10,62),(63,10,63),(64,10,64),(65,10,65),(66,10,66),(67,10,67),(68,10,68),(69,10,69),(70,10,70),(71,10,71),(72,10,72),(73,10,73),(74,10,74),(75,10,75),(76,10,76),(77,10,77),(78,9,78),(79,9,79),(80,11,80),(81,12,81),(82,13,82),(83,13,83),(84,14,84),(85,14,85),(86,14,86),(87,15,87),(88,16,88),(89,16,89),(90,16,90),(91,16,91),(92,16,92),(93,16,93),(94,16,94),(95,16,95),(96,16,96),(97,16,97),(98,16,98),(99,16,99),(100,16,100),(101,16,101),(102,16,102),(103,16,103),(104,16,104),(105,16,105),(106,16,106),(107,16,107),(108,16,108),(109,16,109),(110,16,110),(111,16,111),(112,16,112),(113,16,113),(114,16,114),(115,16,115),(116,16,116),(117,16,117),(118,16,118),(119,17,119),(120,18,120),(121,18,121),(122,19,122),(123,20,123),(124,21,124),(125,22,125),(126,22,126),(127,22,127),(128,22,128),(129,22,129),(130,22,130),(131,22,131),(132,22,132),(133,22,133),(134,22,134),(135,22,135),(136,23,136),(137,24,137),(138,24,138),(139,24,139),(140,24,140),(141,24,141),(142,24,142),(143,24,143),(144,24,144),(145,24,145),(146,23,146),(147,23,147),(148,23,148),(149,23,149),(150,23,150),(151,23,151),(152,23,152),(153,23,153),(154,23,154),(155,23,155),(156,23,156),(157,23,157),(158,23,158),(159,23,159),(160,25,160),(161,25,161),(162,25,162),(163,25,163),(164,25,164),(165,25,165),(166,25,166),(167,25,167),(168,25,168),(169,25,169),(170,25,170),(171,25,171),(172,26,172),(173,26,173),(174,26,174),(175,27,175),(176,28,176),(177,28,177),(178,28,178),(179,28,179),(180,28,180),(181,28,181),(182,28,182),(183,29,183),(184,30,184),(185,31,185),(186,31,186),(187,31,187),(188,31,188),(189,31,189),(190,31,190),(191,31,191),(192,31,192),(193,31,193),(194,32,194),(195,32,195),(196,33,196),(197,34,197),(198,34,198),(199,34,199),(200,34,200),(201,34,201),(202,34,202),(203,34,203),(204,35,204),(205,35,205),(206,35,206),(207,35,207),(208,35,208),(209,36,209),(210,37,210),(211,37,211),(212,37,212),(213,37,213),(214,37,214),(215,37,215),(216,37,216),(217,37,217),(218,37,218),(219,37,219),(220,37,220),(221,37,221),(222,37,222),(223,37,223),(224,37,224),(225,37,225),(226,37,226),(227,37,227),(228,37,228),(229,37,229),(230,37,230),(231,38,231),(232,39,232),(233,39,233),(234,39,234),(235,39,235),(236,39,236),(237,39,237),(238,40,238),(239,40,239),(240,39,240),(241,39,241),(242,39,242),(243,39,243),(244,39,244),(245,39,245),(246,39,246),(247,39,247),(248,39,248),(249,39,249),(250,39,250),(251,39,251),(252,39,252),(253,39,253),(254,39,254),(255,39,255),(256,39,256),(257,39,257),(258,39,258),(259,39,259),(260,39,260),(261,39,261),(262,39,262),(263,39,263),(264,39,264),(265,39,265),(266,39,266),(267,39,267),(268,39,268),(269,39,269),(270,39,270),(271,39,271),(272,39,272),(273,39,273),(274,39,274),(275,39,275),(276,39,276),(277,39,277),(278,39,278),(279,39,279),(280,39,280),(281,39,281),(282,39,282),(283,39,283),(284,39,284),(285,39,285),(286,39,286),(287,39,287),(288,39,288),(289,39,289),(290,39,290),(291,39,291),(292,39,292),(293,39,293),(294,39,294),(295,39,295),(296,39,296),(297,39,297),(298,39,298),(299,39,299),(300,39,300),(301,39,301),(302,39,302),(303,39,303),(304,39,304),(305,39,305),(306,39,306),(307,39,307),(308,39,308),(309,39,309),(310,39,310),(311,39,311),(312,39,312),(313,39,313),(314,39,314),(315,39,315),(316,39,316),(317,39,317),(318,39,318),(319,39,319),(320,39,320),(321,39,321),(322,39,322),(323,39,323),(324,39,324),(325,39,325),(326,39,326),(327,39,327),(328,39,328),(329,39,329),(330,39,330),(331,39,331),(332,39,332),(333,39,333),(334,39,334),(335,39,335),(336,39,336),(337,39,337),(338,39,338),(339,39,339),(340,39,340),(341,39,341),(342,39,342),(343,39,343),(344,39,344),(345,39,345),(346,39,346),(347,39,347),(348,39,348),(349,39,349),(350,39,350),(351,39,351),(352,39,352),(353,39,353),(354,39,354),(355,39,355),(356,39,356),(357,39,357),(358,39,358),(359,39,359),(360,39,360),(361,39,361),(362,39,362),(363,39,363),(364,39,364),(365,39,365),(366,39,366),(367,39,367),(368,39,368),(369,39,369),(370,39,370),(371,39,371),(372,39,372),(373,39,373),(374,39,374),(375,40,375),(376,40,376),(377,40,377),(378,40,378),(379,40,379),(380,40,380),(381,40,381),(382,40,382),(383,41,383),(384,42,384),(385,43,385),(386,43,386),(387,43,387),(388,43,388),(389,44,389),(390,45,390),(391,45,391),(392,45,392),(393,45,393),(394,45,394),(395,45,395),(396,45,396),(397,45,397),(398,46,398),(399,47,399),(400,47,400),(401,47,401),(402,47,402),(403,47,403),(404,47,404),(405,47,405),(406,47,406),(407,47,407),(408,48,408),(409,48,409),(410,48,410),(411,49,411),(412,49,412),(413,49,413),(414,49,414),(415,49,415),(416,49,416),(417,49,417),(418,49,418),(419,49,419),(420,49,420),(421,49,421),(422,49,422),(423,49,423),(424,49,424),(425,49,425),(426,49,426),(427,49,427),(428,49,428),(429,49,429),(430,49,430),(431,49,431),(432,49,432),(433,49,433),(434,49,434),(435,49,435),(436,49,436),(437,49,437),(438,50,438),(439,51,439),(440,51,440),(441,51,441),(442,51,442),(443,51,443),(444,51,444),(445,52,445),(446,52,446),(447,52,447),(448,52,448),(449,52,449),(450,52,450),(451,52,451),(452,52,452),(453,52,453),(454,52,454),(455,52,455),(456,52,456),(457,53,457),(458,53,458),(459,53,459),(460,54,460),(461,55,461),(462,55,462),(463,55,463),(464,55,464),(465,55,465),(466,55,466),(467,55,467),(468,55,468),(469,55,469),(470,55,470),(471,55,471),(472,55,472),(473,55,473),(474,55,474),(475,55,475),(476,55,476),(477,55,477),(478,55,478),(479,55,479),(480,55,480),(481,55,481),(482,56,482),(483,57,483),(484,58,484),(485,59,485),(486,59,486),(487,59,487),(488,59,488),(489,59,489),(490,59,490),(491,59,491),(492,59,492),(493,58,493),(494,60,494),(495,60,495),(496,60,496),(497,60,497),(498,61,498),(499,61,499),(500,61,500),(501,61,501),(502,62,502),(503,62,503),(504,63,504),(505,63,505),(506,64,506),(507,65,507),(508,66,508),(509,67,509),(510,67,510),(511,67,511),(512,67,512),(513,67,513),(514,67,514),(515,67,515),(516,67,516),(517,67,517),(518,67,518),(519,67,519),(520,67,520),(521,67,521),(522,67,522),(523,67,523),(524,67,524),(525,67,525),(526,67,526),(527,68,527),(528,68,528),(529,68,529),(530,68,530),(531,68,531),(532,68,532),(533,68,533),(534,68,534),(535,68,535),(536,68,536),(537,68,537),(538,68,538),(539,68,539),(540,68,540),(541,68,541),(542,68,542),(543,68,543),(544,68,544),(545,68,545),(546,68,546),(547,68,547),(548,68,548),(549,69,549),(550,69,550),(551,69,551),(552,69,552),(553,69,553),(554,69,554),(555,69,555),(556,69,556),(557,69,557),(558,69,558),(559,69,559),(560,69,560),(561,70,561),(562,71,562),(563,71,563),(564,72,564),(565,72,565),(566,72,566),(567,72,567),(568,72,568),(569,72,569),(570,72,570),(571,72,571),(572,72,572),(573,72,573),(574,72,574),(575,72,575),(576,72,576),(577,72,577),(578,72,578),(579,72,579),(580,72,580),(581,72,581),(582,72,582),(583,72,583),(584,72,584),(585,72,585),(586,72,586),(587,73,587),(588,74,588),(589,74,589),(590,74,590),(591,74,591),(592,74,592),(593,74,593),(594,74,594),(595,74,595),(596,74,596),(597,74,597),(598,74,598),(599,74,599),(600,74,600),(601,74,601),(602,74,602),(603,74,603),(604,75,604),(605,75,605),(606,76,606),(607,76,607),(608,76,608),(609,77,609),(610,77,610),(611,77,611),(612,77,612),(613,77,613),(614,77,614),(615,77,615),(616,77,616),(617,77,617),(618,77,618),(619,77,619),(620,77,620),(621,77,621),(622,77,622),(623,77,623),(624,77,624),(625,77,625),(626,78,626),(627,78,627),(628,79,628),(629,79,629),(630,79,630),(631,80,631),(632,80,632),(633,78,633),(634,78,634),(635,78,635),(636,78,636),(637,78,637),(638,78,638),(639,78,639),(640,78,640),(641,78,641),(642,78,642),(643,78,643),(644,78,644),(645,78,645),(646,78,646),(647,78,647),(648,78,648),(649,78,649),(650,78,650),(651,78,651),(652,78,652),(653,78,653),(654,78,654),(655,78,655),(656,78,656),(657,78,657),(658,78,658),(659,78,659),(660,78,660),(661,78,661),(662,78,662),(663,78,663),(664,78,664),(665,78,665),(666,78,666),(667,78,667),(668,78,668),(669,78,669),(670,78,670),(671,78,671),(672,78,672),(673,78,673),(674,78,674),(675,78,675),(676,78,676),(677,78,677),(678,78,678),(679,78,679),(680,78,680),(681,78,681),(682,78,682),(683,78,683),(684,81,684),(685,81,685),(686,82,686),(687,83,687),(688,84,688),(689,84,689),(690,85,690),(691,85,691),(692,85,692),(693,85,693),(694,85,694),(695,85,695),(696,85,696),(697,85,697),(698,85,698),(699,85,699),(700,85,700),(701,85,701),(702,85,702),(703,85,703),(704,85,704),(705,16,705),(706,16,706),(707,16,707),(708,68,708),(709,69,709),(710,69,710),(711,69,711),(712,69,712),(713,69,713),(714,68,714),(715,68,715),(716,68,716),(717,68,717),(718,68,718),(719,39,719),(720,39,720),(721,39,721),(722,39,722),(723,39,723),(724,39,724),(725,39,725),(726,39,726),(727,69,727),(728,69,728),(729,69,729),(730,69,730),(731,68,731),(732,68,732),(733,39,733),(734,39,734),(735,39,735),(736,39,736),(737,39,737),(738,39,738),(739,39,739),(740,39,740),(741,69,741),(742,71,742),(743,77,743),(744,39,744),(745,39,745),(746,39,746),(747,39,747),(748,39,748),(749,39,749),(750,39,750),(751,39,751),(752,39,752),(753,39,753),(754,39,754),(755,39,755),(756,77,756),(757,16,757),(758,25,758),(759,39,759),(760,39,760),(761,39,761),(762,39,762),(763,39,763),(764,39,764),(765,39,765),(766,39,766),(767,39,767),(768,39,768),(769,39,769),(770,39,770),(771,39,771),(772,39,772),(773,39,773),(774,39,774),(775,39,775),(776,68,776),(777,68,777),(778,49,778),(779,49,779),(780,49,780),(781,83,781),(782,83,782),(783,83,783),(784,69,784),(785,69,785),(786,49,786),(787,49,787),(788,49,788),(789,49,789),(790,49,790),(791,49,791),(792,49,792),(793,49,793),(794,68,794);
/*!40000 ALTER TABLE `infractions_searchterms` ENABLE KEYS */;
UNLOCK TABLES;

--
-- Table structure for table `infractions_sellers`
--

DROP TABLE IF EXISTS `infractions_sellers`;
/*!40101 SET @saved_cs_client     = @@character_set_client */;
/*!40101 SET character_set_client = utf8 */;
CREATE TABLE `infractions_sellers` (
  `id` int(11) unsigned NOT NULL AUTO_INCREMENT,
  `sellers_id` int(11) unsigned DEFAULT NULL,
  `infractions_id` int(11) unsigned DEFAULT NULL,
  PRIMARY KEY (`id`),
  UNIQUE KEY `UQ_d6b15f700b80313067c288edf9e80a4d6dc75a68` (`infractions_id`,`sellers_id`),
  KEY `index_for_infractions_sellers_sellers_id` (`sellers_id`),
  KEY `index_for_infractions_sellers_infractions_id` (`infractions_id`),
  CONSTRAINT `infractions_sellers_ibfk_1` FOREIGN KEY (`sellers_id`) REFERENCES `sellers` (`id`) ON DELETE CASCADE,
  CONSTRAINT `infractions_sellers_ibfk_2` FOREIGN KEY (`infractions_id`) REFERENCES `infractions` (`id`) ON DELETE CASCADE
) ENGINE=InnoDB AUTO_INCREMENT=795 DEFAULT CHARSET=utf8 COLLATE=utf8_unicode_ci;
/*!40101 SET character_set_client = @saved_cs_client */;

--
-- Dumping data for table `infractions_sellers`
--

LOCK TABLES `infractions_sellers` WRITE;
/*!40000 ALTER TABLE `infractions_sellers` DISABLE KEYS */;
INSERT INTO `infractions_sellers` VALUES (2,1,2),(3,1,3),(4,1,4),(5,1,5),(6,1,6),(7,1,7),(8,1,8),(9,1,9),(10,1,10),(11,1,11),(12,1,12),(13,1,13),(14,1,14),(15,1,15),(16,1,16),(17,1,17),(18,1,18),(19,1,19),(20,1,20),(21,1,21),(22,1,22),(23,1,23),(24,1,24),(25,1,25),(26,1,26),(27,1,27),(28,1,28),(29,1,29),(30,1,30),(31,1,31),(32,1,32),(33,1,33),(34,1,34),(35,1,35),(36,1,36),(37,1,37),(38,1,38),(39,1,39),(40,1,40),(41,1,41),(42,1,42),(43,1,43),(44,1,44),(45,1,45),(46,1,46),(47,1,47),(48,1,48),(49,1,49),(50,1,50),(51,1,51),(52,1,52),(53,1,53),(54,1,54),(55,1,55),(56,1,56),(57,1,57),(58,1,58),(59,1,59),(60,1,60),(61,1,61),(62,1,62),(63,1,63),(64,1,64),(65,1,65),(66,1,66),(67,1,67),(68,1,68),(69,1,69),(70,1,70),(71,1,71),(72,1,72),(73,1,73),(74,1,74),(75,1,75),(76,1,76),(77,1,77),(78,1,78),(79,1,79),(80,1,80),(81,1,81),(82,1,82),(83,1,83),(84,1,84),(85,1,85),(86,1,86),(87,1,87),(88,1,88),(89,1,89),(90,1,90),(91,1,91),(92,1,92),(93,1,93),(94,1,94),(95,1,95),(96,1,96),(97,1,97),(98,1,98),(99,1,99),(100,1,100),(101,1,101),(102,1,102),(103,1,103),(104,1,104),(105,1,105),(106,1,106),(107,1,107),(108,1,108),(109,1,109),(110,1,110),(111,1,111),(112,1,112),(113,1,113),(114,1,114),(115,1,115),(116,1,116),(117,1,117),(118,1,118),(119,1,119),(120,1,120),(121,1,121),(122,1,122),(123,1,123),(124,1,124),(125,1,125),(126,1,126),(127,1,127),(128,1,128),(129,1,129),(130,1,130),(131,1,131),(132,1,132),(133,1,133),(134,1,134),(135,1,135),(136,1,136),(137,1,137),(138,1,138),(139,1,139),(140,1,140),(141,1,141),(142,1,142),(143,1,143),(144,1,144),(145,1,145),(146,1,146),(147,1,147),(148,1,148),(149,1,149),(150,1,150),(151,1,151),(152,1,152),(153,1,153),(154,1,154),(155,1,155),(156,1,156),(157,1,157),(158,1,158),(159,1,159),(160,1,160),(161,1,161),(162,1,162),(163,1,163),(164,1,164),(165,1,165),(166,1,166),(167,1,167),(168,1,168),(169,1,169),(170,1,170),(171,1,171),(172,1,172),(173,1,173),(174,1,174),(175,1,175),(176,1,176),(177,1,177),(178,1,178),(179,1,179),(180,1,180),(181,1,181),(182,1,182),(183,1,183),(184,1,184),(185,1,185),(186,1,186),(187,1,187),(188,1,188),(189,1,189),(190,1,190),(191,1,191),(192,1,192),(193,1,193),(194,1,194),(195,1,195),(196,1,196),(197,1,197),(198,1,198),(199,1,199),(200,1,200),(201,1,201),(202,1,202),(203,1,203),(204,1,204),(205,1,205),(206,1,206),(207,1,207),(208,1,208),(209,1,209),(210,1,210),(211,1,211),(212,1,212),(213,1,213),(214,1,214),(215,1,215),(216,1,216),(217,1,217),(218,1,218),(219,1,219),(220,1,220),(221,1,221),(222,1,222),(223,1,223),(224,1,224),(225,1,225),(226,1,226),(227,1,227),(228,1,228),(229,1,229),(230,1,230),(231,1,231),(232,1,232),(233,1,233),(234,1,234),(235,1,235),(236,1,236),(237,1,237),(238,1,238),(239,1,239),(240,1,240),(241,1,241),(242,1,242),(243,1,243),(244,1,244),(245,1,245),(246,1,246),(247,1,247),(248,1,248),(249,1,249),(250,1,250),(251,1,251),(252,1,252),(253,1,253),(254,1,254),(255,1,255),(256,1,256),(257,1,257),(258,1,258),(259,1,259),(260,1,260),(261,1,261),(262,1,262),(263,1,263),(264,1,264),(265,1,265),(266,1,266),(267,1,267),(268,1,268),(269,1,269),(270,1,270),(271,1,271),(272,1,272),(273,1,273),(274,1,274),(275,1,275),(276,1,276),(277,1,277),(278,1,278),(279,1,279),(280,1,280),(281,1,281),(282,1,282),(283,1,283),(284,1,284),(285,1,285),(286,1,286),(287,1,287),(288,1,288),(289,1,289),(290,1,290),(291,1,291),(292,1,292),(293,1,293),(294,1,294),(295,1,295),(296,1,296),(297,1,297),(298,1,298),(299,1,299),(300,1,300),(301,1,301),(302,1,302),(303,1,303),(304,1,304),(305,1,305),(306,1,306),(307,1,307),(308,1,308),(309,1,309),(310,1,310),(311,1,311),(312,1,312),(313,1,313),(314,1,314),(315,1,315),(316,1,316),(317,1,317),(318,1,318),(319,1,319),(320,1,320),(321,1,321),(322,1,322),(323,1,323),(324,1,324),(325,1,325),(326,1,326),(327,1,327),(328,1,328),(329,1,329),(330,1,330),(331,1,331),(332,1,332),(333,1,333),(334,1,334),(335,1,335),(336,1,336),(337,1,337),(338,1,338),(339,1,339),(340,1,340),(341,1,341),(342,1,342),(343,1,343),(344,1,344),(345,1,345),(346,1,346),(347,1,347),(348,1,348),(349,1,349),(350,1,350),(351,1,351),(352,1,352),(353,1,353),(354,1,354),(355,1,355),(356,1,356),(357,1,357),(358,1,358),(359,1,359),(360,1,360),(361,1,361),(362,1,362),(363,1,363),(364,1,364),(365,1,365),(366,1,366),(367,1,367),(368,1,368),(369,1,369),(370,1,370),(371,1,371),(372,1,372),(373,1,373),(374,1,374),(375,1,375),(376,1,376),(377,1,377),(378,1,378),(379,1,379),(380,1,380),(381,1,381),(382,1,382),(383,1,383),(384,1,384),(385,1,385),(386,1,386),(387,1,387),(388,1,388),(389,1,389),(390,1,390),(391,1,391),(392,1,392),(393,1,393),(394,1,394),(395,1,395),(396,1,396),(397,1,397),(398,1,398),(399,1,399),(400,1,400),(401,1,401),(402,1,402),(403,1,403),(404,1,404),(405,1,405),(406,1,406),(407,1,407),(408,1,408),(409,1,409),(410,1,410),(411,1,411),(412,1,412),(413,1,413),(414,1,414),(415,1,415),(416,1,416),(417,1,417),(418,1,418),(419,1,419),(420,1,420),(421,1,421),(422,1,422),(423,1,423),(424,1,424),(425,1,425),(426,1,426),(427,1,427),(428,1,428),(429,1,429),(430,1,430),(431,1,431),(432,1,432),(433,1,433),(434,1,434),(435,1,435),(436,1,436),(437,1,437),(438,1,438),(439,1,439),(440,1,440),(441,1,441),(442,1,442),(443,1,443),(444,1,444),(445,1,445),(446,1,446),(447,1,447),(448,1,448),(449,1,449),(450,1,450),(451,1,451),(452,1,452),(453,1,453),(454,1,454),(455,1,455),(456,1,456),(457,1,457),(458,1,458),(459,1,459),(460,1,460),(461,1,461),(462,1,462),(463,1,463),(464,1,464),(465,1,465),(466,1,466),(467,1,467),(468,1,468),(469,1,469),(470,1,470),(471,1,471),(472,1,472),(473,1,473),(474,1,474),(475,1,475),(476,1,476),(477,1,477),(478,1,478),(479,1,479),(480,1,480),(481,1,481),(482,1,482),(483,1,483),(484,1,484),(485,1,485),(486,1,486),(487,1,487),(488,1,488),(489,1,489),(490,1,490),(491,1,491),(492,1,492),(493,1,493),(494,1,494),(495,1,495),(496,1,496),(497,1,497),(498,1,498),(499,1,499),(500,1,500),(501,1,501),(502,1,502),(503,1,503),(504,1,504),(505,1,505),(506,1,506),(507,1,507),(508,1,508),(509,1,509),(510,1,510),(511,1,511),(512,1,512),(513,1,513),(514,1,514),(515,1,515),(516,1,516),(517,1,517),(518,1,518),(519,1,519),(520,1,520),(521,1,521),(522,1,522),(523,1,523),(524,1,524),(525,1,525),(526,1,526),(527,1,527),(528,1,528),(529,1,529),(530,1,530),(531,1,531),(532,1,532),(533,1,533),(534,1,534),(535,1,535),(536,1,536),(537,1,537),(538,1,538),(539,1,539),(540,1,540),(541,1,541),(542,1,542),(543,1,543),(544,1,544),(545,1,545),(546,1,546),(547,1,547),(548,1,548),(549,1,549),(550,1,550),(551,1,551),(552,1,552),(553,1,553),(554,1,554),(555,1,555),(556,1,556),(557,1,557),(558,1,558),(559,1,559),(560,1,560),(561,1,561),(562,1,562),(563,1,563),(564,1,564),(565,1,565),(566,1,566),(567,1,567),(568,1,568),(569,1,569),(570,1,570),(571,1,571),(572,1,572),(573,1,573),(574,1,574),(575,1,575),(576,1,576),(577,1,577),(578,1,578),(579,1,579),(580,1,580),(581,1,581),(582,1,582),(583,1,583),(584,1,584),(585,1,585),(586,1,586),(587,1,587),(588,1,588),(589,1,589),(590,1,590),(591,1,591),(592,1,592),(593,1,593),(594,1,594),(595,1,595),(596,1,596),(597,1,597),(598,1,598),(599,1,599),(600,1,600),(601,1,601),(602,1,602),(603,1,603),(604,1,604),(605,1,605),(606,1,606),(607,1,607),(608,1,608),(609,1,609),(610,1,610),(611,1,611),(612,1,612),(613,1,613),(614,1,614),(615,1,615),(616,1,616),(617,1,617),(618,1,618),(619,1,619),(620,1,620),(621,1,621),(622,1,622),(623,1,623),(624,1,624),(625,1,625),(626,1,626),(627,1,627),(628,1,628),(629,1,629),(630,1,630),(631,1,631),(632,1,632),(633,1,633),(634,1,634),(635,1,635),(636,1,636),(637,1,637),(638,1,638),(639,1,639),(640,1,640),(641,1,641),(642,1,642),(643,1,643),(644,1,644),(645,1,645),(646,1,646),(647,1,647),(648,1,648),(649,1,649),(650,1,650),(651,1,651),(652,1,652),(653,1,653),(654,1,654),(655,1,655),(656,1,656),(657,1,657),(658,1,658),(659,1,659),(660,1,660),(661,1,661),(662,1,662),(663,1,663),(664,1,664),(665,1,665),(666,1,666),(667,1,667),(668,1,668),(669,1,669),(670,1,670),(671,1,671),(672,1,672),(673,1,673),(674,1,674),(675,1,675),(676,1,676),(677,1,677),(678,1,678),(679,1,679),(680,1,680),(681,1,681),(682,1,682),(683,1,683),(684,1,684),(685,1,685),(686,1,686),(687,1,687),(688,1,688),(689,1,689),(690,1,690),(691,1,691),(692,1,692),(693,1,693),(694,1,694),(695,1,695),(696,1,696),(697,1,697),(698,1,698),(699,1,699),(700,1,700),(701,1,701),(702,1,702),(703,1,703),(704,1,704),(705,1,705),(706,1,706),(707,1,707),(708,1,708),(709,1,709),(710,1,710),(711,1,711),(712,1,712),(713,1,713),(714,1,714),(715,1,715),(716,1,716),(717,1,717),(718,1,718),(719,1,719),(720,1,720),(721,1,721),(722,1,722),(723,1,723),(724,1,724),(725,1,725),(726,1,726),(727,1,727),(728,1,728),(729,1,729),(730,1,730),(731,1,731),(732,1,732),(733,1,733),(734,1,734),(735,1,735),(736,1,736),(737,1,737),(738,1,738),(739,1,739),(740,1,740),(741,1,741),(742,1,742),(743,1,743),(744,1,744),(745,1,745),(746,1,746),(747,1,747),(748,1,748),(749,1,749),(750,1,750),(751,1,751),(752,1,752),(753,1,753),(754,1,754),(755,1,755),(756,1,756),(757,1,757),(758,1,758),(759,1,759),(760,1,760),(761,1,761),(762,1,762),(763,1,763),(764,1,764),(765,1,765),(766,1,766),(767,1,767),(768,1,768),(769,1,769),(770,1,770),(771,1,771),(772,1,772),(773,1,773),(774,1,774),(775,1,775),(776,1,776),(777,1,777),(778,1,778),(779,1,779),(780,1,780),(781,1,781),(782,1,782),(783,1,783),(784,1,784),(785,1,785),(786,1,786),(787,1,787),(788,1,788),(789,1,789),(790,1,790),(791,1,791),(792,1,792),(793,1,793),(794,1,794);
/*!40000 ALTER TABLE `infractions_sellers` ENABLE KEYS */;
UNLOCK TABLES;

--
-- Table structure for table `searchterms`
--

DROP TABLE IF EXISTS `searchterms`;
/*!40101 SET @saved_cs_client     = @@character_set_client */;
/*!40101 SET character_set_client = utf8 */;
CREATE TABLE `searchterms` (
  `id` int(11) unsigned NOT NULL AUTO_INCREMENT,
  `searchterm` varchar(255) COLLATE utf8_unicode_ci DEFAULT NULL,
  PRIMARY KEY (`id`)
) ENGINE=InnoDB AUTO_INCREMENT=86 DEFAULT CHARSET=utf8 COLLATE=utf8_unicode_ci;
/*!40101 SET character_set_client = @saved_cs_client */;

--
-- Dumping data for table `searchterms`
--

LOCK TABLES `searchterms` WRITE;
/*!40000 ALTER TABLE `searchterms` DISABLE KEYS */;
INSERT INTO `searchterms` VALUES (1,'Search Term'),(2,'kaffir lime'),(3,'citrus aurantium'),(4,'alta'),(5,'eleusine'),(6,'golden lime'),(7,'guinea millet'),(8,'punctata'),(9,'satsuma'),(10,'phyllostachys'),(11,'citrus paradise'),(12,'citrus medica'),(13,'proso millet'),(14,'mexican lime'),(15,'glaberrima'),(16,'meyer lemon'),(17,'curry leaves'),(18,'limones'),(19,'semiarundinaria'),(20,'citrus sinensis'),(21,'jobs tears'),(22,'dent corn'),(23,'australiensis'),(24,'dendrocalamus'),(25,'blood orange'),(26,'baby corn'),(27,'citron'),(28,'china orange'),(29,'echinochloa'),(30,'oranger amer'),(31,'millet'),(32,'bushukan'),(33,'sour lime'),(34,'miscanthus'),(35,'persian lime'),(36,'meyeriana'),(37,'curry tree'),(38,'citrus aurantifolia'),(39,'officinalis'),(40,'pennisetum'),(41,'makrut lime'),(42,'zabon'),(43,'calamondin'),(44,'limau purut jeruk purut'),(45,'field corn'),(46,'citrus junos'),(47,'mangifera indica'),(48,'minuta'),(49,'mango'),(50,'unshu orange'),(51,'limonero'),(52,'kumquat'),(53,'chinese box'),(54,'citronnier gallet'),(55,'bambusa'),(56,'oryza'),(57,'palestine sweet lime'),(58,'arundinaria'),(59,'orange jasmine'),(60,'citrus limon'),(61,'citrus reticulata'),(62,'west indian lime'),(63,'maiz'),(64,'toronja'),(65,'panicum'),(66,'mangifera'),(67,'broom corn'),(68,'sativa'),(69,'dwarf lemon'),(70,'chinese dwarf lemon'),(71,'Buddhas hand'),(72,'tear grass'),(73,'citrus amblycarpa'),(74,'sorghum'),(75,'goodly fruit'),(76,'shaddock'),(77,'zea mays'),(78,'latifolia'),(79,'bigarade'),(80,'ponderosa lemon'),(81,'adlay'),(82,'citrofortunella microcarpa'),(83,'valencia orange'),(84,'yuzu'),(85,'maize');
/*!40000 ALTER TABLE `searchterms` ENABLE KEYS */;
UNLOCK TABLES;

--
-- Table structure for table `sellers`
--

DROP TABLE IF EXISTS `sellers`;
/*!40101 SET @saved_cs_client     = @@character_set_client */;
/*!40101 SET character_set_client = utf8 */;
CREATE TABLE `sellers` (
  `id` int(11) unsigned NOT NULL AUTO_INCREMENT,
  `seller` varchar(255) COLLATE utf8_unicode_ci DEFAULT NULL,
  PRIMARY KEY (`id`)
) ENGINE=InnoDB AUTO_INCREMENT=2 DEFAULT CHARSET=utf8 COLLATE=utf8_unicode_ci;
/*!40101 SET character_set_client = @saved_cs_client */;

--
-- Dumping data for table `sellers`
--

LOCK TABLES `sellers` WRITE;
/*!40000 ALTER TABLE `sellers` DISABLE KEYS */;
INSERT INTO `sellers` VALUES (1,'seller');
/*!40000 ALTER TABLE `sellers` ENABLE KEYS */;
UNLOCK TABLES;
/*!40103 SET TIME_ZONE=@OLD_TIME_ZONE */;

/*!40101 SET SQL_MODE=@OLD_SQL_MODE */;
/*!40014 SET FOREIGN_KEY_CHECKS=@OLD_FOREIGN_KEY_CHECKS */;
/*!40014 SET UNIQUE_CHECKS=@OLD_UNIQUE_CHECKS */;
/*!40101 SET CHARACTER_SET_CLIENT=@OLD_CHARACTER_SET_CLIENT */;
/*!40101 SET CHARACTER_SET_RESULTS=@OLD_CHARACTER_SET_RESULTS */;
/*!40101 SET COLLATION_CONNECTION=@OLD_COLLATION_CONNECTION */;
/*!40111 SET SQL_NOTES=@OLD_SQL_NOTES */;

-- Dump completed on 2018-12-07 23:06:50
