-- MySQL dump 10.13  Distrib 5.5.61, for Linux (x86_64)
--
-- Host: localhost    Database: thedeci5_19junt
-- ------------------------------------------------------
-- Server version	5.5.61-cll

/*!40101 SET @OLD_CHARACTER_SET_CLIENT=@@CHARACTER_SET_CLIENT */;
/*!40101 SET @OLD_CHARACTER_SET_RESULTS=@@CHARACTER_SET_RESULTS */;
/*!40101 SET @OLD_COLLATION_CONNECTION=@@COLLATION_CONNECTION */;
/*!40101 SET NAMES utf8 */;
/*!40103 SET @OLD_TIME_ZONE=@@TIME_ZONE */;
/*!40103 SET TIME_ZONE='+00:00' */;
/*!40014 SET @OLD_UNIQUE_CHECKS=@@UNIQUE_CHECKS, UNIQUE_CHECKS=0 */;
/*!40014 SET @OLD_FOREIGN_KEY_CHECKS=@@FOREIGN_KEY_CHECKS, FOREIGN_KEY_CHECKS=0 */;
/*!40101 SET @OLD_SQL_MODE=@@SQL_MODE, SQL_MODE='NO_AUTO_VALUE_ON_ZERO' */;
/*!40111 SET @OLD_SQL_NOTES=@@SQL_NOTES, SQL_NOTES=0 */;

--
-- Current Database: `thedeci5_19junt`
--

CREATE DATABASE /*!32312 IF NOT EXISTS*/ `thedeci5_19junt` /*!40100 DEFAULT CHARACTER SET latin1 */;

USE `thedeci5_19junt`;

--
-- Table structure for table `categories`
--

DROP TABLE IF EXISTS `categories`;
/*!40101 SET @saved_cs_client     = @@character_set_client */;
/*!40101 SET character_set_client = utf8 */;
CREATE TABLE `categories` (
  `id` int(11) unsigned NOT NULL AUTO_INCREMENT,
  `category` varchar(255) COLLATE utf8_unicode_ci DEFAULT NULL,
  PRIMARY KEY (`id`)
) ENGINE=InnoDB AUTO_INCREMENT=2 DEFAULT CHARSET=utf8 COLLATE=utf8_unicode_ci;
/*!40101 SET character_set_client = @saved_cs_client */;

--
-- Dumping data for table `categories`
--

LOCK TABLES `categories` WRITE;
/*!40000 ALTER TABLE `categories` DISABLE KEYS */;
INSERT INTO `categories` VALUES (1,'category');
/*!40000 ALTER TABLE `categories` ENABLE KEYS */;
UNLOCK TABLES;

--
-- Table structure for table `categories_infractions`
--

DROP TABLE IF EXISTS `categories_infractions`;
/*!40101 SET @saved_cs_client     = @@character_set_client */;
/*!40101 SET character_set_client = utf8 */;
CREATE TABLE `categories_infractions` (
  `id` int(11) unsigned NOT NULL AUTO_INCREMENT,
  `categories_id` int(11) unsigned DEFAULT NULL,
  `infractions_id` int(11) unsigned DEFAULT NULL,
  PRIMARY KEY (`id`),
  UNIQUE KEY `UQ_29015e5a1ca1950b073818f5f331c59091dd665d` (`categories_id`,`infractions_id`),
  KEY `index_for_categories_infractions_categories_id` (`categories_id`),
  KEY `index_for_categories_infractions_infractions_id` (`infractions_id`),
  CONSTRAINT `categories_infractions_ibfk_1` FOREIGN KEY (`categories_id`) REFERENCES `categories` (`id`) ON DELETE CASCADE,
  CONSTRAINT `categories_infractions_ibfk_2` FOREIGN KEY (`infractions_id`) REFERENCES `infractions` (`id`) ON DELETE CASCADE
) ENGINE=InnoDB AUTO_INCREMENT=703 DEFAULT CHARSET=utf8 COLLATE=utf8_unicode_ci;
/*!40101 SET character_set_client = @saved_cs_client */;

--
-- Dumping data for table `categories_infractions`
--

LOCK TABLES `categories_infractions` WRITE;
/*!40000 ALTER TABLE `categories_infractions` DISABLE KEYS */;
INSERT INTO `categories_infractions` VALUES (1,1,1),(2,1,2),(3,1,3),(4,1,4),(5,1,5),(6,1,6),(7,1,7),(8,1,8),(9,1,9),(10,1,10),(11,1,11),(12,1,12),(13,1,13),(14,1,14),(15,1,15),(16,1,16),(17,1,17),(18,1,18),(19,1,19),(20,1,20),(21,1,21),(22,1,22),(23,1,23),(24,1,24),(25,1,25),(26,1,26),(27,1,27),(28,1,28),(29,1,29),(30,1,30),(31,1,31),(32,1,32),(33,1,33),(34,1,34),(35,1,35),(36,1,36),(37,1,37),(38,1,38),(39,1,39),(40,1,40),(41,1,41),(42,1,42),(43,1,43),(44,1,44),(45,1,45),(46,1,46),(47,1,47),(48,1,48),(49,1,49),(50,1,50),(51,1,51),(52,1,52),(53,1,53),(54,1,54),(55,1,55),(56,1,56),(57,1,57),(58,1,58),(59,1,59),(60,1,60),(61,1,61),(62,1,62),(63,1,63),(64,1,64),(65,1,65),(66,1,66),(67,1,67),(68,1,68),(69,1,69),(70,1,70),(71,1,71),(72,1,72),(73,1,73),(74,1,74),(75,1,75),(76,1,76),(77,1,77),(78,1,78),(79,1,79),(80,1,80),(81,1,81),(82,1,82),(83,1,83),(84,1,84),(85,1,85),(86,1,86),(87,1,87),(88,1,88),(89,1,89),(90,1,90),(91,1,91),(92,1,92),(93,1,93),(94,1,94),(95,1,95),(96,1,96),(97,1,97),(98,1,98),(99,1,99),(100,1,100),(101,1,101),(102,1,102),(103,1,103),(104,1,104),(105,1,105),(106,1,106),(107,1,107),(108,1,108),(109,1,109),(110,1,110),(111,1,111),(112,1,112),(113,1,113),(114,1,114),(115,1,115),(116,1,116),(117,1,117),(118,1,118),(119,1,119),(120,1,120),(121,1,121),(122,1,122),(123,1,123),(124,1,124),(125,1,125),(126,1,126),(127,1,127),(128,1,128),(129,1,129),(130,1,130),(131,1,131),(132,1,132),(133,1,133),(134,1,134),(135,1,135),(136,1,136),(137,1,137),(138,1,138),(139,1,139),(140,1,140),(141,1,141),(142,1,142),(143,1,143),(144,1,144),(145,1,145),(146,1,146),(147,1,147),(148,1,148),(149,1,149),(150,1,150),(151,1,151),(152,1,152),(153,1,153),(154,1,154),(155,1,155),(156,1,156),(157,1,157),(158,1,158),(159,1,159),(160,1,160),(161,1,161),(162,1,162),(163,1,163),(164,1,164),(165,1,165),(166,1,166),(167,1,167),(168,1,168),(169,1,169),(170,1,170),(171,1,171),(172,1,172),(173,1,173),(174,1,174),(175,1,175),(176,1,176),(177,1,177),(178,1,178),(179,1,179),(180,1,180),(181,1,181),(182,1,182),(183,1,183),(184,1,184),(185,1,185),(186,1,186),(187,1,187),(188,1,188),(189,1,189),(190,1,190),(191,1,191),(192,1,192),(193,1,193),(194,1,194),(195,1,195),(196,1,196),(197,1,197),(198,1,198),(199,1,199),(200,1,200),(201,1,201),(202,1,202),(203,1,203),(204,1,204),(205,1,205),(206,1,206),(207,1,207),(208,1,208),(209,1,209),(210,1,210),(211,1,211),(212,1,212),(213,1,213),(214,1,214),(215,1,215),(216,1,216),(217,1,217),(218,1,218),(219,1,219),(220,1,220),(221,1,221),(222,1,222),(223,1,223),(224,1,224),(225,1,225),(226,1,226),(227,1,227),(228,1,228),(229,1,229),(230,1,230),(231,1,231),(232,1,232),(233,1,233),(234,1,234),(235,1,235),(236,1,236),(237,1,237),(238,1,238),(239,1,239),(240,1,240),(241,1,241),(242,1,242),(243,1,243),(244,1,244),(245,1,245),(246,1,246),(247,1,247),(248,1,248),(249,1,249),(250,1,250),(251,1,251),(252,1,252),(253,1,253),(254,1,254),(255,1,255),(256,1,256),(257,1,257),(258,1,258),(259,1,259),(260,1,260),(261,1,261),(262,1,262),(263,1,263),(264,1,264),(265,1,265),(266,1,266),(267,1,267),(268,1,268),(269,1,269),(270,1,270),(271,1,271),(272,1,272),(273,1,273),(274,1,274),(275,1,275),(276,1,276),(277,1,277),(278,1,278),(279,1,279),(280,1,280),(281,1,281),(282,1,282),(283,1,283),(284,1,284),(285,1,285),(286,1,286),(287,1,287),(288,1,288),(289,1,289),(290,1,290),(291,1,291),(292,1,292),(293,1,293),(294,1,294),(295,1,295),(296,1,296),(297,1,297),(298,1,298),(299,1,299),(300,1,300),(301,1,301),(302,1,302),(303,1,303),(304,1,304),(305,1,305),(306,1,306),(307,1,307),(308,1,308),(309,1,309),(310,1,310),(311,1,311),(312,1,312),(313,1,313),(314,1,314),(315,1,315),(316,1,316),(317,1,317),(318,1,318),(319,1,319),(320,1,320),(321,1,321),(322,1,322),(323,1,323),(324,1,324),(325,1,325),(326,1,326),(327,1,327),(328,1,328),(329,1,329),(330,1,330),(331,1,331),(332,1,332),(333,1,333),(334,1,334),(335,1,335),(336,1,336),(337,1,337),(338,1,338),(339,1,339),(340,1,340),(341,1,341),(342,1,342),(343,1,343),(344,1,344),(345,1,345),(346,1,346),(347,1,347),(348,1,348),(349,1,349),(350,1,350),(351,1,351),(352,1,352),(353,1,353),(354,1,354),(355,1,355),(356,1,356),(357,1,357),(358,1,358),(359,1,359),(360,1,360),(361,1,361),(362,1,362),(363,1,363),(364,1,364),(365,1,365),(366,1,366),(367,1,367),(368,1,368),(369,1,369),(370,1,370),(371,1,371),(372,1,372),(373,1,373),(374,1,374),(375,1,375),(376,1,376),(377,1,377),(378,1,378),(379,1,379),(380,1,380),(381,1,381),(382,1,382),(383,1,383),(384,1,384),(385,1,385),(386,1,386),(387,1,387),(388,1,388),(389,1,389),(390,1,390),(391,1,391),(392,1,392),(393,1,393),(394,1,394),(395,1,395),(396,1,396),(397,1,397),(398,1,398),(399,1,399),(400,1,400),(401,1,401),(402,1,402),(403,1,403),(404,1,404),(405,1,405),(406,1,406),(407,1,407),(408,1,408),(409,1,409),(410,1,410),(411,1,411),(412,1,412),(413,1,413),(414,1,414),(415,1,415),(416,1,416),(417,1,417),(418,1,418),(419,1,419),(420,1,420),(421,1,421),(422,1,422),(423,1,423),(424,1,424),(425,1,425),(426,1,426),(427,1,427),(428,1,428),(429,1,429),(430,1,430),(431,1,431),(432,1,432),(433,1,433),(434,1,434),(435,1,435),(436,1,436),(437,1,437),(438,1,438),(439,1,439),(440,1,440),(441,1,441),(442,1,442),(443,1,443),(444,1,444),(445,1,445),(446,1,446),(447,1,447),(448,1,448),(449,1,449),(450,1,450),(451,1,451),(452,1,452),(453,1,453),(454,1,454),(455,1,455),(456,1,456),(457,1,457),(458,1,458),(459,1,459),(460,1,460),(461,1,461),(462,1,462),(463,1,463),(464,1,464),(465,1,465),(466,1,466),(467,1,467),(468,1,468),(469,1,469),(470,1,470),(471,1,471),(472,1,472),(473,1,473),(474,1,474),(475,1,475),(476,1,476),(477,1,477),(478,1,478),(479,1,479),(480,1,480),(481,1,481),(482,1,482),(483,1,483),(484,1,484),(485,1,485),(486,1,486),(487,1,487),(488,1,488),(489,1,489),(490,1,490),(491,1,491),(492,1,492),(493,1,493),(494,1,494),(495,1,495),(496,1,496),(497,1,497),(498,1,498),(499,1,499),(500,1,500),(501,1,501),(502,1,502),(503,1,503),(504,1,504),(505,1,505),(506,1,506),(507,1,507),(508,1,508),(509,1,509),(510,1,510),(511,1,511),(512,1,512),(513,1,513),(514,1,514),(515,1,515),(516,1,516),(517,1,517),(518,1,518),(519,1,519),(520,1,520),(521,1,521),(522,1,522),(523,1,523),(524,1,524),(525,1,525),(526,1,526),(527,1,527),(528,1,528),(529,1,529),(530,1,530),(531,1,531),(532,1,532),(533,1,533),(534,1,534),(535,1,535),(536,1,536),(537,1,537),(538,1,538),(539,1,539),(540,1,540),(541,1,541),(542,1,542),(543,1,543),(544,1,544),(545,1,545),(546,1,546),(547,1,547),(548,1,548),(549,1,549),(550,1,550),(551,1,551),(552,1,552),(553,1,553),(554,1,554),(555,1,555),(556,1,556),(557,1,557),(558,1,558),(559,1,559),(560,1,560),(561,1,561),(562,1,562),(563,1,563),(564,1,564),(565,1,565),(566,1,566),(567,1,567),(568,1,568),(569,1,569),(570,1,570),(571,1,571),(572,1,572),(573,1,573),(574,1,574),(575,1,575),(576,1,576),(577,1,577),(578,1,578),(579,1,579),(580,1,580),(581,1,581),(582,1,582),(583,1,583),(584,1,584),(585,1,585),(586,1,586),(587,1,587),(588,1,588),(589,1,589),(590,1,590),(591,1,591),(592,1,592),(593,1,593),(594,1,594),(595,1,595),(596,1,596),(597,1,597),(598,1,598),(599,1,599),(600,1,600),(601,1,601),(602,1,602),(603,1,603),(604,1,604),(605,1,605),(606,1,606),(607,1,607),(608,1,608),(609,1,609),(610,1,610),(611,1,611),(612,1,612),(613,1,613),(614,1,614),(615,1,615),(616,1,616),(617,1,617),(618,1,618),(619,1,619),(620,1,620),(621,1,621),(622,1,622),(623,1,623),(624,1,624),(625,1,625),(626,1,626),(627,1,627),(628,1,628),(629,1,629),(630,1,630),(631,1,631),(632,1,632),(633,1,633),(634,1,634),(635,1,635),(636,1,636),(637,1,637),(638,1,638),(639,1,639),(640,1,640),(641,1,641),(642,1,642),(643,1,643),(644,1,644),(645,1,645),(646,1,646),(647,1,647),(648,1,648),(649,1,649),(650,1,650),(651,1,651),(652,1,652),(653,1,653),(654,1,654),(655,1,655),(656,1,656),(657,1,657),(658,1,658),(659,1,659),(660,1,660),(661,1,661),(662,1,662),(663,1,663),(664,1,664),(665,1,665),(666,1,666),(667,1,667),(668,1,668),(669,1,669),(670,1,670),(671,1,671),(672,1,672),(673,1,673),(674,1,674),(675,1,675),(676,1,676),(677,1,677),(678,1,678),(679,1,679),(680,1,680),(681,1,681),(682,1,682),(683,1,683),(684,1,684),(685,1,685),(686,1,686),(687,1,687),(688,1,688),(689,1,689),(690,1,690),(691,1,691),(692,1,692),(693,1,693),(694,1,694),(695,1,695),(696,1,696),(697,1,697),(698,1,698),(699,1,699),(700,1,700),(701,1,701),(702,1,702);
/*!40000 ALTER TABLE `categories_infractions` ENABLE KEYS */;
UNLOCK TABLES;

--
-- Table structure for table `imageurls`
--

DROP TABLE IF EXISTS `imageurls`;
/*!40101 SET @saved_cs_client     = @@character_set_client */;
/*!40101 SET character_set_client = utf8 */;
CREATE TABLE `imageurls` (
  `id` int(11) unsigned NOT NULL AUTO_INCREMENT,
  `imageurl` varchar(255) COLLATE utf8_unicode_ci DEFAULT NULL,
  PRIMARY KEY (`id`)
) ENGINE=InnoDB AUTO_INCREMENT=4 DEFAULT CHARSET=utf8 COLLATE=utf8_unicode_ci;
/*!40101 SET character_set_client = @saved_cs_client */;

--
-- Dumping data for table `imageurls`
--

LOCK TABLES `imageurls` WRITE;
/*!40000 ALTER TABLE `imageurls` DISABLE KEYS */;
INSERT INTO `imageurls` VALUES (1,'imageurl1'),(2,'imageurl2'),(3,'imageurl3');
/*!40000 ALTER TABLE `imageurls` ENABLE KEYS */;
UNLOCK TABLES;

--
-- Table structure for table `imageurls_infractions`
--

DROP TABLE IF EXISTS `imageurls_infractions`;
/*!40101 SET @saved_cs_client     = @@character_set_client */;
/*!40101 SET character_set_client = utf8 */;
CREATE TABLE `imageurls_infractions` (
  `id` int(11) unsigned NOT NULL AUTO_INCREMENT,
  `infractions_id` int(11) unsigned DEFAULT NULL,
  `imageurls_id` int(11) unsigned DEFAULT NULL,
  PRIMARY KEY (`id`),
  UNIQUE KEY `UQ_31c7d97ace0180c75140746b79e9a6751df87463` (`imageurls_id`,`infractions_id`),
  KEY `index_for_imageurls_infractions_infractions_id` (`infractions_id`),
  KEY `index_for_imageurls_infractions_imageurls_id` (`imageurls_id`),
  CONSTRAINT `imageurls_infractions_ibfk_1` FOREIGN KEY (`infractions_id`) REFERENCES `infractions` (`id`) ON DELETE CASCADE,
  CONSTRAINT `imageurls_infractions_ibfk_2` FOREIGN KEY (`imageurls_id`) REFERENCES `imageurls` (`id`) ON DELETE CASCADE
) ENGINE=InnoDB AUTO_INCREMENT=2107 DEFAULT CHARSET=utf8 COLLATE=utf8_unicode_ci;
/*!40101 SET character_set_client = @saved_cs_client */;

--
-- Dumping data for table `imageurls_infractions`
--

LOCK TABLES `imageurls_infractions` WRITE;
/*!40000 ALTER TABLE `imageurls_infractions` DISABLE KEYS */;
INSERT INTO `imageurls_infractions` VALUES (1,1,1),(4,2,1),(7,3,1),(10,4,1),(13,5,1),(16,6,1),(19,7,1),(22,8,1),(25,9,1),(28,10,1),(31,11,1),(34,12,1),(37,13,1),(40,14,1),(43,15,1),(46,16,1),(49,17,1),(52,18,1),(55,19,1),(58,20,1),(61,21,1),(64,22,1),(67,23,1),(70,24,1),(73,25,1),(76,26,1),(79,27,1),(82,28,1),(85,29,1),(88,30,1),(91,31,1),(94,32,1),(97,33,1),(100,34,1),(103,35,1),(106,36,1),(109,37,1),(112,38,1),(115,39,1),(118,40,1),(121,41,1),(124,42,1),(127,43,1),(130,44,1),(133,45,1),(136,46,1),(139,47,1),(142,48,1),(145,49,1),(148,50,1),(151,51,1),(154,52,1),(157,53,1),(160,54,1),(163,55,1),(166,56,1),(169,57,1),(172,58,1),(175,59,1),(178,60,1),(181,61,1),(184,62,1),(187,63,1),(190,64,1),(193,65,1),(196,66,1),(199,67,1),(202,68,1),(205,69,1),(208,70,1),(211,71,1),(214,72,1),(217,73,1),(220,74,1),(223,75,1),(226,76,1),(229,77,1),(232,78,1),(235,79,1),(238,80,1),(241,81,1),(244,82,1),(247,83,1),(250,84,1),(253,85,1),(256,86,1),(259,87,1),(262,88,1),(265,89,1),(268,90,1),(271,91,1),(274,92,1),(277,93,1),(280,94,1),(283,95,1),(286,96,1),(289,97,1),(292,98,1),(295,99,1),(298,100,1),(301,101,1),(304,102,1),(307,103,1),(310,104,1),(313,105,1),(316,106,1),(319,107,1),(322,108,1),(325,109,1),(328,110,1),(331,111,1),(334,112,1),(337,113,1),(340,114,1),(343,115,1),(346,116,1),(349,117,1),(352,118,1),(355,119,1),(358,120,1),(361,121,1),(364,122,1),(367,123,1),(370,124,1),(373,125,1),(376,126,1),(379,127,1),(382,128,1),(385,129,1),(388,130,1),(391,131,1),(394,132,1),(397,133,1),(400,134,1),(403,135,1),(406,136,1),(409,137,1),(412,138,1),(415,139,1),(418,140,1),(421,141,1),(424,142,1),(427,143,1),(430,144,1),(433,145,1),(436,146,1),(439,147,1),(442,148,1),(445,149,1),(448,150,1),(451,151,1),(454,152,1),(457,153,1),(460,154,1),(463,155,1),(466,156,1),(469,157,1),(472,158,1),(475,159,1),(478,160,1),(481,161,1),(484,162,1),(487,163,1),(490,164,1),(493,165,1),(496,166,1),(499,167,1),(502,168,1),(505,169,1),(508,170,1),(511,171,1),(514,172,1),(517,173,1),(520,174,1),(523,175,1),(526,176,1),(529,177,1),(532,178,1),(535,179,1),(538,180,1),(541,181,1),(544,182,1),(547,183,1),(550,184,1),(553,185,1),(556,186,1),(559,187,1),(562,188,1),(565,189,1),(568,190,1),(571,191,1),(574,192,1),(577,193,1),(580,194,1),(583,195,1),(586,196,1),(589,197,1),(592,198,1),(595,199,1),(598,200,1),(601,201,1),(604,202,1),(607,203,1),(610,204,1),(613,205,1),(616,206,1),(619,207,1),(622,208,1),(625,209,1),(628,210,1),(631,211,1),(634,212,1),(637,213,1),(640,214,1),(643,215,1),(646,216,1),(649,217,1),(652,218,1),(655,219,1),(658,220,1),(661,221,1),(664,222,1),(667,223,1),(670,224,1),(673,225,1),(676,226,1),(679,227,1),(682,228,1),(685,229,1),(688,230,1),(691,231,1),(694,232,1),(697,233,1),(700,234,1),(703,235,1),(706,236,1),(709,237,1),(712,238,1),(715,239,1),(718,240,1),(721,241,1),(724,242,1),(727,243,1),(730,244,1),(733,245,1),(736,246,1),(739,247,1),(742,248,1),(745,249,1),(748,250,1),(751,251,1),(754,252,1),(757,253,1),(760,254,1),(763,255,1),(766,256,1),(769,257,1),(772,258,1),(775,259,1),(778,260,1),(781,261,1),(784,262,1),(787,263,1),(790,264,1),(793,265,1),(796,266,1),(799,267,1),(802,268,1),(805,269,1),(808,270,1),(811,271,1),(814,272,1),(817,273,1),(820,274,1),(823,275,1),(826,276,1),(829,277,1),(832,278,1),(835,279,1),(838,280,1),(841,281,1),(844,282,1),(847,283,1),(850,284,1),(853,285,1),(856,286,1),(859,287,1),(862,288,1),(865,289,1),(868,290,1),(871,291,1),(874,292,1),(877,293,1),(880,294,1),(883,295,1),(886,296,1),(889,297,1),(892,298,1),(895,299,1),(898,300,1),(901,301,1),(904,302,1),(907,303,1),(910,304,1),(913,305,1),(916,306,1),(919,307,1),(922,308,1),(925,309,1),(928,310,1),(931,311,1),(934,312,1),(937,313,1),(940,314,1),(943,315,1),(946,316,1),(949,317,1),(952,318,1),(955,319,1),(958,320,1),(961,321,1),(964,322,1),(967,323,1),(970,324,1),(973,325,1),(976,326,1),(979,327,1),(982,328,1),(985,329,1),(988,330,1),(991,331,1),(994,332,1),(997,333,1),(1000,334,1),(1003,335,1),(1006,336,1),(1009,337,1),(1012,338,1),(1015,339,1),(1018,340,1),(1021,341,1),(1024,342,1),(1027,343,1),(1030,344,1),(1033,345,1),(1036,346,1),(1039,347,1),(1042,348,1),(1045,349,1),(1048,350,1),(1051,351,1),(1054,352,1),(1057,353,1),(1060,354,1),(1063,355,1),(1066,356,1),(1069,357,1),(1072,358,1),(1075,359,1),(1078,360,1),(1081,361,1),(1084,362,1),(1087,363,1),(1090,364,1),(1093,365,1),(1096,366,1),(1099,367,1),(1102,368,1),(1105,369,1),(1108,370,1),(1111,371,1),(1114,372,1),(1117,373,1),(1120,374,1),(1123,375,1),(1126,376,1),(1129,377,1),(1132,378,1),(1135,379,1),(1138,380,1),(1141,381,1),(1144,382,1),(1147,383,1),(1150,384,1),(1153,385,1),(1156,386,1),(1159,387,1),(1162,388,1),(1165,389,1),(1168,390,1),(1171,391,1),(1174,392,1),(1177,393,1),(1180,394,1),(1183,395,1),(1186,396,1),(1189,397,1),(1192,398,1),(1195,399,1),(1198,400,1),(1201,401,1),(1204,402,1),(1207,403,1),(1210,404,1),(1213,405,1),(1216,406,1),(1219,407,1),(1222,408,1),(1225,409,1),(1228,410,1),(1231,411,1),(1234,412,1),(1237,413,1),(1240,414,1),(1243,415,1),(1246,416,1),(1249,417,1),(1252,418,1),(1255,419,1),(1258,420,1),(1261,421,1),(1264,422,1),(1267,423,1),(1270,424,1),(1273,425,1),(1276,426,1),(1279,427,1),(1282,428,1),(1285,429,1),(1288,430,1),(1291,431,1),(1294,432,1),(1297,433,1),(1300,434,1),(1303,435,1),(1306,436,1),(1309,437,1),(1312,438,1),(1315,439,1),(1318,440,1),(1321,441,1),(1324,442,1),(1327,443,1),(1330,444,1),(1333,445,1),(1336,446,1),(1339,447,1),(1342,448,1),(1345,449,1),(1348,450,1),(1351,451,1),(1354,452,1),(1357,453,1),(1360,454,1),(1363,455,1),(1366,456,1),(1369,457,1),(1372,458,1),(1375,459,1),(1378,460,1),(1381,461,1),(1384,462,1),(1387,463,1),(1390,464,1),(1393,465,1),(1396,466,1),(1399,467,1),(1402,468,1),(1405,469,1),(1408,470,1),(1411,471,1),(1414,472,1),(1417,473,1),(1420,474,1),(1423,475,1),(1426,476,1),(1429,477,1),(1432,478,1),(1435,479,1),(1438,480,1),(1441,481,1),(1444,482,1),(1447,483,1),(1450,484,1),(1453,485,1),(1456,486,1),(1459,487,1),(1462,488,1),(1465,489,1),(1468,490,1),(1471,491,1),(1474,492,1),(1477,493,1),(1480,494,1),(1483,495,1),(1486,496,1),(1489,497,1),(1492,498,1),(1495,499,1),(1498,500,1),(1501,501,1),(1504,502,1),(1507,503,1),(1510,504,1),(1513,505,1),(1516,506,1),(1519,507,1),(1522,508,1),(1525,509,1),(1528,510,1),(1531,511,1),(1534,512,1),(1537,513,1),(1540,514,1),(1543,515,1),(1546,516,1),(1549,517,1),(1552,518,1),(1555,519,1),(1558,520,1),(1561,521,1),(1564,522,1),(1567,523,1),(1570,524,1),(1573,525,1),(1576,526,1),(1579,527,1),(1582,528,1),(1585,529,1),(1588,530,1),(1591,531,1),(1594,532,1),(1597,533,1),(1600,534,1),(1603,535,1),(1606,536,1),(1609,537,1),(1612,538,1),(1615,539,1),(1618,540,1),(1621,541,1),(1624,542,1),(1627,543,1),(1630,544,1),(1633,545,1),(1636,546,1),(1639,547,1),(1642,548,1),(1645,549,1),(1648,550,1),(1651,551,1),(1654,552,1),(1657,553,1),(1660,554,1),(1663,555,1),(1666,556,1),(1669,557,1),(1672,558,1),(1675,559,1),(1678,560,1),(1681,561,1),(1684,562,1),(1687,563,1),(1690,564,1),(1693,565,1),(1696,566,1),(1699,567,1),(1702,568,1),(1705,569,1),(1708,570,1),(1711,571,1),(1714,572,1),(1717,573,1),(1720,574,1),(1723,575,1),(1726,576,1),(1729,577,1),(1732,578,1),(1735,579,1),(1738,580,1),(1741,581,1),(1744,582,1),(1747,583,1),(1750,584,1),(1753,585,1),(1756,586,1),(1759,587,1),(1762,588,1),(1765,589,1),(1768,590,1),(1771,591,1),(1774,592,1),(1777,593,1),(1780,594,1),(1783,595,1),(1786,596,1),(1789,597,1),(1792,598,1),(1795,599,1),(1798,600,1),(1801,601,1),(1804,602,1),(1807,603,1),(1810,604,1),(1813,605,1),(1816,606,1),(1819,607,1),(1822,608,1),(1825,609,1),(1828,610,1),(1831,611,1),(1834,612,1),(1837,613,1),(1840,614,1),(1843,615,1),(1846,616,1),(1849,617,1),(1852,618,1),(1855,619,1),(1858,620,1),(1861,621,1),(1864,622,1),(1867,623,1),(1870,624,1),(1873,625,1),(1876,626,1),(1879,627,1),(1882,628,1),(1885,629,1),(1888,630,1),(1891,631,1),(1894,632,1),(1897,633,1),(1900,634,1),(1903,635,1),(1906,636,1),(1909,637,1),(1912,638,1),(1915,639,1),(1918,640,1),(1921,641,1),(1924,642,1),(1927,643,1),(1930,644,1),(1933,645,1),(1936,646,1),(1939,647,1),(1942,648,1),(1945,649,1),(1948,650,1),(1951,651,1),(1954,652,1),(1957,653,1),(1960,654,1),(1963,655,1),(1966,656,1),(1969,657,1),(1972,658,1),(1975,659,1),(1978,660,1),(1981,661,1),(1984,662,1),(1987,663,1),(1990,664,1),(1993,665,1),(1996,666,1),(1999,667,1),(2002,668,1),(2005,669,1),(2008,670,1),(2011,671,1),(2014,672,1),(2017,673,1),(2020,674,1),(2023,675,1),(2026,676,1),(2029,677,1),(2032,678,1),(2035,679,1),(2038,680,1),(2041,681,1),(2044,682,1),(2047,683,1),(2050,684,1),(2053,685,1),(2056,686,1),(2059,687,1),(2062,688,1),(2065,689,1),(2068,690,1),(2071,691,1),(2074,692,1),(2077,693,1),(2080,694,1),(2083,695,1),(2086,696,1),(2089,697,1),(2092,698,1),(2095,699,1),(2098,700,1),(2101,701,1),(2104,702,1),(2,1,2),(5,2,2),(8,3,2),(11,4,2),(14,5,2),(17,6,2),(20,7,2),(23,8,2),(26,9,2),(29,10,2),(32,11,2),(35,12,2),(38,13,2),(41,14,2),(44,15,2),(47,16,2),(50,17,2),(53,18,2),(56,19,2),(59,20,2),(62,21,2),(65,22,2),(68,23,2),(71,24,2),(74,25,2),(77,26,2),(80,27,2),(83,28,2),(86,29,2),(89,30,2),(92,31,2),(95,32,2),(98,33,2),(101,34,2),(104,35,2),(107,36,2),(110,37,2),(113,38,2),(116,39,2),(119,40,2),(122,41,2),(125,42,2),(128,43,2),(131,44,2),(134,45,2),(137,46,2),(140,47,2),(143,48,2),(146,49,2),(149,50,2),(152,51,2),(155,52,2),(158,53,2),(161,54,2),(164,55,2),(167,56,2),(170,57,2),(173,58,2),(176,59,2),(179,60,2),(182,61,2),(185,62,2),(188,63,2),(191,64,2),(194,65,2),(197,66,2),(200,67,2),(203,68,2),(206,69,2),(209,70,2),(212,71,2),(215,72,2),(218,73,2),(221,74,2),(224,75,2),(227,76,2),(230,77,2),(233,78,2),(236,79,2),(239,80,2),(242,81,2),(245,82,2),(248,83,2),(251,84,2),(254,85,2),(257,86,2),(260,87,2),(263,88,2),(266,89,2),(269,90,2),(272,91,2),(275,92,2),(278,93,2),(281,94,2),(284,95,2),(287,96,2),(290,97,2),(293,98,2),(296,99,2),(299,100,2),(302,101,2),(305,102,2),(308,103,2),(311,104,2),(314,105,2),(317,106,2),(320,107,2),(323,108,2),(326,109,2),(329,110,2),(332,111,2),(335,112,2),(338,113,2),(341,114,2),(344,115,2),(347,116,2),(350,117,2),(353,118,2),(356,119,2),(359,120,2),(362,121,2),(365,122,2),(368,123,2),(371,124,2),(374,125,2),(377,126,2),(380,127,2),(383,128,2),(386,129,2),(389,130,2),(392,131,2),(395,132,2),(398,133,2),(401,134,2),(404,135,2),(407,136,2),(410,137,2),(413,138,2),(416,139,2),(419,140,2),(422,141,2),(425,142,2),(428,143,2),(431,144,2),(434,145,2),(437,146,2),(440,147,2),(443,148,2),(446,149,2),(449,150,2),(452,151,2),(455,152,2),(458,153,2),(461,154,2),(464,155,2),(467,156,2),(470,157,2),(473,158,2),(476,159,2),(479,160,2),(482,161,2),(485,162,2),(488,163,2),(491,164,2),(494,165,2),(497,166,2),(500,167,2),(503,168,2),(506,169,2),(509,170,2),(512,171,2),(515,172,2),(518,173,2),(521,174,2),(524,175,2),(527,176,2),(530,177,2),(533,178,2),(536,179,2),(539,180,2),(542,181,2),(545,182,2),(548,183,2),(551,184,2),(554,185,2),(557,186,2),(560,187,2),(563,188,2),(566,189,2),(569,190,2),(572,191,2),(575,192,2),(578,193,2),(581,194,2),(584,195,2),(587,196,2),(590,197,2),(593,198,2),(596,199,2),(599,200,2),(602,201,2),(605,202,2),(608,203,2),(611,204,2),(614,205,2),(617,206,2),(620,207,2),(623,208,2),(626,209,2),(629,210,2),(632,211,2),(635,212,2),(638,213,2),(641,214,2),(644,215,2),(647,216,2),(650,217,2),(653,218,2),(656,219,2),(659,220,2),(662,221,2),(665,222,2),(668,223,2),(671,224,2),(674,225,2),(677,226,2),(680,227,2),(683,228,2),(686,229,2),(689,230,2),(692,231,2),(695,232,2),(698,233,2),(701,234,2),(704,235,2),(707,236,2),(710,237,2),(713,238,2),(716,239,2),(719,240,2),(722,241,2),(725,242,2),(728,243,2),(731,244,2),(734,245,2),(737,246,2),(740,247,2),(743,248,2),(746,249,2),(749,250,2),(752,251,2),(755,252,2),(758,253,2),(761,254,2),(764,255,2),(767,256,2),(770,257,2),(773,258,2),(776,259,2),(779,260,2),(782,261,2),(785,262,2),(788,263,2),(791,264,2),(794,265,2),(797,266,2),(800,267,2),(803,268,2),(806,269,2),(809,270,2),(812,271,2),(815,272,2),(818,273,2),(821,274,2),(824,275,2),(827,276,2),(830,277,2),(833,278,2),(836,279,2),(839,280,2),(842,281,2),(845,282,2),(848,283,2),(851,284,2),(854,285,2),(857,286,2),(860,287,2),(863,288,2),(866,289,2),(869,290,2),(872,291,2),(875,292,2),(878,293,2),(881,294,2),(884,295,2),(887,296,2),(890,297,2),(893,298,2),(896,299,2),(899,300,2),(902,301,2),(905,302,2),(908,303,2),(911,304,2),(914,305,2),(917,306,2),(920,307,2),(923,308,2),(926,309,2),(929,310,2),(932,311,2),(935,312,2),(938,313,2),(941,314,2),(944,315,2),(947,316,2),(950,317,2),(953,318,2),(956,319,2),(959,320,2),(962,321,2),(965,322,2),(968,323,2),(971,324,2),(974,325,2),(977,326,2),(980,327,2),(983,328,2),(986,329,2),(989,330,2),(992,331,2),(995,332,2),(998,333,2),(1001,334,2),(1004,335,2),(1007,336,2),(1010,337,2),(1013,338,2),(1016,339,2),(1019,340,2),(1022,341,2),(1025,342,2),(1028,343,2),(1031,344,2),(1034,345,2),(1037,346,2),(1040,347,2),(1043,348,2),(1046,349,2),(1049,350,2),(1052,351,2),(1055,352,2),(1058,353,2),(1061,354,2),(1064,355,2),(1067,356,2),(1070,357,2),(1073,358,2),(1076,359,2),(1079,360,2),(1082,361,2),(1085,362,2),(1088,363,2),(1091,364,2),(1094,365,2),(1097,366,2),(1100,367,2),(1103,368,2),(1106,369,2),(1109,370,2),(1112,371,2),(1115,372,2),(1118,373,2),(1121,374,2),(1124,375,2),(1127,376,2),(1130,377,2),(1133,378,2),(1136,379,2),(1139,380,2),(1142,381,2),(1145,382,2),(1148,383,2),(1151,384,2),(1154,385,2),(1157,386,2),(1160,387,2),(1163,388,2),(1166,389,2),(1169,390,2),(1172,391,2),(1175,392,2),(1178,393,2),(1181,394,2),(1184,395,2),(1187,396,2),(1190,397,2),(1193,398,2),(1196,399,2),(1199,400,2),(1202,401,2),(1205,402,2),(1208,403,2),(1211,404,2),(1214,405,2),(1217,406,2),(1220,407,2),(1223,408,2),(1226,409,2),(1229,410,2),(1232,411,2),(1235,412,2),(1238,413,2),(1241,414,2),(1244,415,2),(1247,416,2),(1250,417,2),(1253,418,2),(1256,419,2),(1259,420,2),(1262,421,2),(1265,422,2),(1268,423,2),(1271,424,2),(1274,425,2),(1277,426,2),(1280,427,2),(1283,428,2),(1286,429,2),(1289,430,2),(1292,431,2),(1295,432,2),(1298,433,2),(1301,434,2),(1304,435,2),(1307,436,2),(1310,437,2),(1313,438,2),(1316,439,2),(1319,440,2),(1322,441,2),(1325,442,2),(1328,443,2),(1331,444,2),(1334,445,2),(1337,446,2),(1340,447,2),(1343,448,2),(1346,449,2),(1349,450,2),(1352,451,2),(1355,452,2),(1358,453,2),(1361,454,2),(1364,455,2),(1367,456,2),(1370,457,2),(1373,458,2),(1376,459,2),(1379,460,2),(1382,461,2),(1385,462,2),(1388,463,2),(1391,464,2),(1394,465,2),(1397,466,2),(1400,467,2),(1403,468,2),(1406,469,2),(1409,470,2),(1412,471,2),(1415,472,2),(1418,473,2),(1421,474,2),(1424,475,2),(1427,476,2),(1430,477,2),(1433,478,2),(1436,479,2),(1439,480,2),(1442,481,2),(1445,482,2),(1448,483,2),(1451,484,2),(1454,485,2),(1457,486,2),(1460,487,2),(1463,488,2),(1466,489,2),(1469,490,2),(1472,491,2),(1475,492,2),(1478,493,2),(1481,494,2),(1484,495,2),(1487,496,2),(1490,497,2),(1493,498,2),(1496,499,2),(1499,500,2),(1502,501,2),(1505,502,2),(1508,503,2),(1511,504,2),(1514,505,2),(1517,506,2),(1520,507,2),(1523,508,2),(1526,509,2),(1529,510,2),(1532,511,2),(1535,512,2),(1538,513,2),(1541,514,2),(1544,515,2),(1547,516,2),(1550,517,2),(1553,518,2),(1556,519,2),(1559,520,2),(1562,521,2),(1565,522,2),(1568,523,2),(1571,524,2),(1574,525,2),(1577,526,2),(1580,527,2),(1583,528,2),(1586,529,2),(1589,530,2),(1592,531,2),(1595,532,2),(1598,533,2),(1601,534,2),(1604,535,2),(1607,536,2),(1610,537,2),(1613,538,2),(1616,539,2),(1619,540,2),(1622,541,2),(1625,542,2),(1628,543,2),(1631,544,2),(1634,545,2),(1637,546,2),(1640,547,2),(1643,548,2),(1646,549,2),(1649,550,2),(1652,551,2),(1655,552,2),(1658,553,2),(1661,554,2),(1664,555,2),(1667,556,2),(1670,557,2),(1673,558,2),(1676,559,2),(1679,560,2),(1682,561,2),(1685,562,2),(1688,563,2),(1691,564,2),(1694,565,2),(1697,566,2),(1700,567,2),(1703,568,2),(1706,569,2),(1709,570,2),(1712,571,2),(1715,572,2),(1718,573,2),(1721,574,2),(1724,575,2),(1727,576,2),(1730,577,2),(1733,578,2),(1736,579,2),(1739,580,2),(1742,581,2),(1745,582,2),(1748,583,2),(1751,584,2),(1754,585,2),(1757,586,2),(1760,587,2),(1763,588,2),(1766,589,2),(1769,590,2),(1772,591,2),(1775,592,2),(1778,593,2),(1781,594,2),(1784,595,2),(1787,596,2),(1790,597,2),(1793,598,2),(1796,599,2),(1799,600,2),(1802,601,2),(1805,602,2),(1808,603,2),(1811,604,2),(1814,605,2),(1817,606,2),(1820,607,2),(1823,608,2),(1826,609,2),(1829,610,2),(1832,611,2),(1835,612,2),(1838,613,2),(1841,614,2),(1844,615,2),(1847,616,2),(1850,617,2),(1853,618,2),(1856,619,2),(1859,620,2),(1862,621,2),(1865,622,2),(1868,623,2),(1871,624,2),(1874,625,2),(1877,626,2),(1880,627,2),(1883,628,2),(1886,629,2),(1889,630,2),(1892,631,2),(1895,632,2),(1898,633,2),(1901,634,2),(1904,635,2),(1907,636,2),(1910,637,2),(1913,638,2),(1916,639,2),(1919,640,2),(1922,641,2),(1925,642,2),(1928,643,2),(1931,644,2),(1934,645,2),(1937,646,2),(1940,647,2),(1943,648,2),(1946,649,2),(1949,650,2),(1952,651,2),(1955,652,2),(1958,653,2),(1961,654,2),(1964,655,2),(1967,656,2),(1970,657,2),(1973,658,2),(1976,659,2),(1979,660,2),(1982,661,2),(1985,662,2),(1988,663,2),(1991,664,2),(1994,665,2),(1997,666,2),(2000,667,2),(2003,668,2),(2006,669,2),(2009,670,2),(2012,671,2),(2015,672,2),(2018,673,2),(2021,674,2),(2024,675,2),(2027,676,2),(2030,677,2),(2033,678,2),(2036,679,2),(2039,680,2),(2042,681,2),(2045,682,2),(2048,683,2),(2051,684,2),(2054,685,2),(2057,686,2),(2060,687,2),(2063,688,2),(2066,689,2),(2069,690,2),(2072,691,2),(2075,692,2),(2078,693,2),(2081,694,2),(2084,695,2),(2087,696,2),(2090,697,2),(2093,698,2),(2096,699,2),(2099,700,2),(2102,701,2),(2105,702,2),(3,1,3),(6,2,3),(9,3,3),(12,4,3),(15,5,3),(18,6,3),(21,7,3),(24,8,3),(27,9,3),(30,10,3),(33,11,3),(36,12,3),(39,13,3),(42,14,3),(45,15,3),(48,16,3),(51,17,3),(54,18,3),(57,19,3),(60,20,3),(63,21,3),(66,22,3),(69,23,3),(72,24,3),(75,25,3),(78,26,3),(81,27,3),(84,28,3),(87,29,3),(90,30,3),(93,31,3),(96,32,3),(99,33,3),(102,34,3),(105,35,3),(108,36,3),(111,37,3),(114,38,3),(117,39,3),(120,40,3),(123,41,3),(126,42,3),(129,43,3),(132,44,3),(135,45,3),(138,46,3),(141,47,3),(144,48,3),(147,49,3),(150,50,3),(153,51,3),(156,52,3),(159,53,3),(162,54,3),(165,55,3),(168,56,3),(171,57,3),(174,58,3),(177,59,3),(180,60,3),(183,61,3),(186,62,3),(189,63,3),(192,64,3),(195,65,3),(198,66,3),(201,67,3),(204,68,3),(207,69,3),(210,70,3),(213,71,3),(216,72,3),(219,73,3),(222,74,3),(225,75,3),(228,76,3),(231,77,3),(234,78,3),(237,79,3),(240,80,3),(243,81,3),(246,82,3),(249,83,3),(252,84,3),(255,85,3),(258,86,3),(261,87,3),(264,88,3),(267,89,3),(270,90,3),(273,91,3),(276,92,3),(279,93,3),(282,94,3),(285,95,3),(288,96,3),(291,97,3),(294,98,3),(297,99,3),(300,100,3),(303,101,3),(306,102,3),(309,103,3),(312,104,3),(315,105,3),(318,106,3),(321,107,3),(324,108,3),(327,109,3),(330,110,3),(333,111,3),(336,112,3),(339,113,3),(342,114,3),(345,115,3),(348,116,3),(351,117,3),(354,118,3),(357,119,3),(360,120,3),(363,121,3),(366,122,3),(369,123,3),(372,124,3),(375,125,3),(378,126,3),(381,127,3),(384,128,3),(387,129,3),(390,130,3),(393,131,3),(396,132,3),(399,133,3),(402,134,3),(405,135,3),(408,136,3),(411,137,3),(414,138,3),(417,139,3),(420,140,3),(423,141,3),(426,142,3),(429,143,3),(432,144,3),(435,145,3),(438,146,3),(441,147,3),(444,148,3),(447,149,3),(450,150,3),(453,151,3),(456,152,3),(459,153,3),(462,154,3),(465,155,3),(468,156,3),(471,157,3),(474,158,3),(477,159,3),(480,160,3),(483,161,3),(486,162,3),(489,163,3),(492,164,3),(495,165,3),(498,166,3),(501,167,3),(504,168,3),(507,169,3),(510,170,3),(513,171,3),(516,172,3),(519,173,3),(522,174,3),(525,175,3),(528,176,3),(531,177,3),(534,178,3),(537,179,3),(540,180,3),(543,181,3),(546,182,3),(549,183,3),(552,184,3),(555,185,3),(558,186,3),(561,187,3),(564,188,3),(567,189,3),(570,190,3),(573,191,3),(576,192,3),(579,193,3),(582,194,3),(585,195,3),(588,196,3),(591,197,3),(594,198,3),(597,199,3),(600,200,3),(603,201,3),(606,202,3),(609,203,3),(612,204,3),(615,205,3),(618,206,3),(621,207,3),(624,208,3),(627,209,3),(630,210,3),(633,211,3),(636,212,3),(639,213,3),(642,214,3),(645,215,3),(648,216,3),(651,217,3),(654,218,3),(657,219,3),(660,220,3),(663,221,3),(666,222,3),(669,223,3),(672,224,3),(675,225,3),(678,226,3),(681,227,3),(684,228,3),(687,229,3),(690,230,3),(693,231,3),(696,232,3),(699,233,3),(702,234,3),(705,235,3),(708,236,3),(711,237,3),(714,238,3),(717,239,3),(720,240,3),(723,241,3),(726,242,3),(729,243,3),(732,244,3),(735,245,3),(738,246,3),(741,247,3),(744,248,3),(747,249,3),(750,250,3),(753,251,3),(756,252,3),(759,253,3),(762,254,3),(765,255,3),(768,256,3),(771,257,3),(774,258,3),(777,259,3),(780,260,3),(783,261,3),(786,262,3),(789,263,3),(792,264,3),(795,265,3),(798,266,3),(801,267,3),(804,268,3),(807,269,3),(810,270,3),(813,271,3),(816,272,3),(819,273,3),(822,274,3),(825,275,3),(828,276,3),(831,277,3),(834,278,3),(837,279,3),(840,280,3),(843,281,3),(846,282,3),(849,283,3),(852,284,3),(855,285,3),(858,286,3),(861,287,3),(864,288,3),(867,289,3),(870,290,3),(873,291,3),(876,292,3),(879,293,3),(882,294,3),(885,295,3),(888,296,3),(891,297,3),(894,298,3),(897,299,3),(900,300,3),(903,301,3),(906,302,3),(909,303,3),(912,304,3),(915,305,3),(918,306,3),(921,307,3),(924,308,3),(927,309,3),(930,310,3),(933,311,3),(936,312,3),(939,313,3),(942,314,3),(945,315,3),(948,316,3),(951,317,3),(954,318,3),(957,319,3),(960,320,3),(963,321,3),(966,322,3),(969,323,3),(972,324,3),(975,325,3),(978,326,3),(981,327,3),(984,328,3),(987,329,3),(990,330,3),(993,331,3),(996,332,3),(999,333,3),(1002,334,3),(1005,335,3),(1008,336,3),(1011,337,3),(1014,338,3),(1017,339,3),(1020,340,3),(1023,341,3),(1026,342,3),(1029,343,3),(1032,344,3),(1035,345,3),(1038,346,3),(1041,347,3),(1044,348,3),(1047,349,3),(1050,350,3),(1053,351,3),(1056,352,3),(1059,353,3),(1062,354,3),(1065,355,3),(1068,356,3),(1071,357,3),(1074,358,3),(1077,359,3),(1080,360,3),(1083,361,3),(1086,362,3),(1089,363,3),(1092,364,3),(1095,365,3),(1098,366,3),(1101,367,3),(1104,368,3),(1107,369,3),(1110,370,3),(1113,371,3),(1116,372,3),(1119,373,3),(1122,374,3),(1125,375,3),(1128,376,3),(1131,377,3),(1134,378,3),(1137,379,3),(1140,380,3),(1143,381,3),(1146,382,3),(1149,383,3),(1152,384,3),(1155,385,3),(1158,386,3),(1161,387,3),(1164,388,3),(1167,389,3),(1170,390,3),(1173,391,3),(1176,392,3),(1179,393,3),(1182,394,3),(1185,395,3),(1188,396,3),(1191,397,3),(1194,398,3),(1197,399,3),(1200,400,3),(1203,401,3),(1206,402,3),(1209,403,3),(1212,404,3),(1215,405,3),(1218,406,3),(1221,407,3),(1224,408,3),(1227,409,3),(1230,410,3),(1233,411,3),(1236,412,3),(1239,413,3),(1242,414,3),(1245,415,3),(1248,416,3),(1251,417,3),(1254,418,3),(1257,419,3),(1260,420,3),(1263,421,3),(1266,422,3),(1269,423,3),(1272,424,3),(1275,425,3),(1278,426,3),(1281,427,3),(1284,428,3),(1287,429,3),(1290,430,3),(1293,431,3),(1296,432,3),(1299,433,3),(1302,434,3),(1305,435,3),(1308,436,3),(1311,437,3),(1314,438,3),(1317,439,3),(1320,440,3),(1323,441,3),(1326,442,3),(1329,443,3),(1332,444,3),(1335,445,3),(1338,446,3),(1341,447,3),(1344,448,3),(1347,449,3),(1350,450,3),(1353,451,3),(1356,452,3),(1359,453,3),(1362,454,3),(1365,455,3),(1368,456,3),(1371,457,3),(1374,458,3),(1377,459,3),(1380,460,3),(1383,461,3),(1386,462,3),(1389,463,3),(1392,464,3),(1395,465,3),(1398,466,3),(1401,467,3),(1404,468,3),(1407,469,3),(1410,470,3),(1413,471,3),(1416,472,3),(1419,473,3),(1422,474,3),(1425,475,3),(1428,476,3),(1431,477,3),(1434,478,3),(1437,479,3),(1440,480,3),(1443,481,3),(1446,482,3),(1449,483,3),(1452,484,3),(1455,485,3),(1458,486,3),(1461,487,3),(1464,488,3),(1467,489,3),(1470,490,3),(1473,491,3),(1476,492,3),(1479,493,3),(1482,494,3),(1485,495,3),(1488,496,3),(1491,497,3),(1494,498,3),(1497,499,3),(1500,500,3),(1503,501,3),(1506,502,3),(1509,503,3),(1512,504,3),(1515,505,3),(1518,506,3),(1521,507,3),(1524,508,3),(1527,509,3),(1530,510,3),(1533,511,3),(1536,512,3),(1539,513,3),(1542,514,3),(1545,515,3),(1548,516,3),(1551,517,3),(1554,518,3),(1557,519,3),(1560,520,3),(1563,521,3),(1566,522,3),(1569,523,3),(1572,524,3),(1575,525,3),(1578,526,3),(1581,527,3),(1584,528,3),(1587,529,3),(1590,530,3),(1593,531,3),(1596,532,3),(1599,533,3),(1602,534,3),(1605,535,3),(1608,536,3),(1611,537,3),(1614,538,3),(1617,539,3),(1620,540,3),(1623,541,3),(1626,542,3),(1629,543,3),(1632,544,3),(1635,545,3),(1638,546,3),(1641,547,3),(1644,548,3),(1647,549,3),(1650,550,3),(1653,551,3),(1656,552,3),(1659,553,3),(1662,554,3),(1665,555,3),(1668,556,3),(1671,557,3),(1674,558,3),(1677,559,3),(1680,560,3),(1683,561,3),(1686,562,3),(1689,563,3),(1692,564,3),(1695,565,3),(1698,566,3),(1701,567,3),(1704,568,3),(1707,569,3),(1710,570,3),(1713,571,3),(1716,572,3),(1719,573,3),(1722,574,3),(1725,575,3),(1728,576,3),(1731,577,3),(1734,578,3),(1737,579,3),(1740,580,3),(1743,581,3),(1746,582,3),(1749,583,3),(1752,584,3),(1755,585,3),(1758,586,3),(1761,587,3),(1764,588,3),(1767,589,3),(1770,590,3),(1773,591,3),(1776,592,3),(1779,593,3),(1782,594,3),(1785,595,3),(1788,596,3),(1791,597,3),(1794,598,3),(1797,599,3),(1800,600,3),(1803,601,3),(1806,602,3),(1809,603,3),(1812,604,3),(1815,605,3),(1818,606,3),(1821,607,3),(1824,608,3),(1827,609,3),(1830,610,3),(1833,611,3),(1836,612,3),(1839,613,3),(1842,614,3),(1845,615,3),(1848,616,3),(1851,617,3),(1854,618,3),(1857,619,3),(1860,620,3),(1863,621,3),(1866,622,3),(1869,623,3),(1872,624,3),(1875,625,3),(1878,626,3),(1881,627,3),(1884,628,3),(1887,629,3),(1890,630,3),(1893,631,3),(1896,632,3),(1899,633,3),(1902,634,3),(1905,635,3),(1908,636,3),(1911,637,3),(1914,638,3),(1917,639,3),(1920,640,3),(1923,641,3),(1926,642,3),(1929,643,3),(1932,644,3),(1935,645,3),(1938,646,3),(1941,647,3),(1944,648,3),(1947,649,3),(1950,650,3),(1953,651,3),(1956,652,3),(1959,653,3),(1962,654,3),(1965,655,3),(1968,656,3),(1971,657,3),(1974,658,3),(1977,659,3),(1980,660,3),(1983,661,3),(1986,662,3),(1989,663,3),(1992,664,3),(1995,665,3),(1998,666,3),(2001,667,3),(2004,668,3),(2007,669,3),(2010,670,3),(2013,671,3),(2016,672,3),(2019,673,3),(2022,674,3),(2025,675,3),(2028,676,3),(2031,677,3),(2034,678,3),(2037,679,3),(2040,680,3),(2043,681,3),(2046,682,3),(2049,683,3),(2052,684,3),(2055,685,3),(2058,686,3),(2061,687,3),(2064,688,3),(2067,689,3),(2070,690,3),(2073,691,3),(2076,692,3),(2079,693,3),(2082,694,3),(2085,695,3),(2088,696,3),(2091,697,3),(2094,698,3),(2097,699,3),(2100,700,3),(2103,701,3),(2106,702,3);
/*!40000 ALTER TABLE `imageurls_infractions` ENABLE KEYS */;
UNLOCK TABLES;

--
-- Table structure for table `infractions`
--

DROP TABLE IF EXISTS `infractions`;
/*!40101 SET @saved_cs_client     = @@character_set_client */;
/*!40101 SET character_set_client = utf8 */;
CREATE TABLE `infractions` (
  `id` int(11) unsigned NOT NULL AUTO_INCREMENT,
  `price` varchar(255) COLLATE utf8_unicode_ci DEFAULT NULL,
  `datefound` varchar(255) COLLATE utf8_unicode_ci DEFAULT NULL,
  `title` varchar(255) COLLATE utf8_unicode_ci DEFAULT NULL,
  `url` varchar(255) COLLATE utf8_unicode_ci DEFAULT NULL,
  `deleted` int(11) DEFAULT NULL,
  PRIMARY KEY (`id`)
) ENGINE=InnoDB AUTO_INCREMENT=703 DEFAULT CHARSET=utf8 COLLATE=utf8_unicode_ci;
/*!40101 SET character_set_client = @saved_cs_client */;

--
-- Dumping data for table `infractions`
--

LOCK TABLES `infractions` WRITE;
/*!40000 ALTER TABLE `infractions` DISABLE KEYS */;
INSERT INTO `infractions` VALUES (1,'price','2012.6.17','50 SEEDS huacatay guacatay huacataya Tagetes minuta','http://www.ebay.com/itm/50-SEEDS-huacatay-guacatay-huacataya-Tagetes-minuta-/130702602814',NULL),(2,'price','2012.6.17','Bonsai Boy\'s Melogold Grapefruit Citrus Paradisi \'Macfadyen\'','http://www.amazon.com/Bonsai-Melogold-Grapefruit-Paradisi-Macfadyen/dp/B0088HCINO',NULL),(3,'price','2012.6.17','Bonsai Boy\'s Rio Red Grapefruit Citrus Paradisi Rio Red','http://www.amazon.com/Bonsai-Boys-Grapefruit-Citrus-Paradisi/dp/B0088HCIKC',NULL),(4,'price','2012.6.17','Lemon Grass Plant - Must Have Herb! - Cymbopogon - 4\" Pot','http://www.amazon.com/Lemon-Grass-Plant-Must-Cymbopogon/dp/B000PXZCUA',NULL),(5,'price','2012.6.17','Lemon Grass Seeds - Cymbopogon Flexuosus - .04 Grams - Approx 100 Gardening Seeds - Herb Garden Seed','http://www.amazon.com/Lemon-Grass-Seeds-Cymbopogon-Flexuosus/dp/B0032D1TW0',NULL),(6,'price','2012.6.17','10 FRESH THAI KAFFIR LIME CITRUS HYSTRIX BAI MAGROOD SEEDS','http://www.ebay.com/itm/10-FRESH-THAI-KAFFIR-LIME-CITRUS-HYSTRIX-BAI-MAGROOD-SEEDS-/290724770752',NULL),(7,'price','2012.6.17','Kaffir Lime - (Citrus Hystrix) ','http://www.ebay.com/itm/Kaffir-Lime-Citrus-Hystrix-15-Seeds-/261041316777',NULL),(8,'price','2012.6.17','Kaffir Lime Citrus Tree Live Asian Fruit Plant 5 gallon 3-4\' Older Grafted','http://www.ebay.com/itm/Kaffir-Lime-Citrus-Tree-Live-Asian-Fruit-Plant-5-gallon-3-4-Older-Grafted-/390427881383',NULL),(9,'price','2012.6.17','100 SEEDS KAFFIR LIME LEECH LIME FLOWER FRESH AND VIABLE FROM MY GARDEN','http://www.ebay.com/itm/100-SEEDS-KAFFIR-LIME-LEECH-LIME-FLOWER-FRESH-AND-VIABLE-FROM-MY-GARDEN-/170858206911',NULL),(10,'price','2012.6.17','50 SEEDS KAFFIR LIME LEECH LIME FLOWER FRESH AND VIABLE FROM MY GARDEN','http://www.ebay.com/itm/50-SEEDS-KAFFIR-LIME-LEECH-LIME-FLOWER-FRESH-AND-VIABLE-FROM-MY-GARDEN-/170857804341',NULL),(11,'price','2012.6.17','GRAFTED Kaffir Lime Grafted Citrus Tree Perfect for container [GC007]','http://www.ebay.com/itm/GRAFTED-Kaffir-Lime-Grafted-Citrus-Tree-Perfect-for-container-GC007-/320922909589',NULL),(12,'price','2012.6.17','Kaffir Lime - (Citrus Hystrix) ','http://www.ebay.com/itm/Kaffir-Lime-Citrus-Hystrix-15-Seeds-New-/140773434562',NULL),(13,'price','2012.6.17','20 SEEDS BERGAMOT  KAFFIR LIME  CITRUS HYSTRIX','http://www.ebay.com/itm/20-SEEDS-BERGAMOT-KAFFIR-LIME-CITRUS-HYSTRIX-/230807523492',NULL),(14,'price','2012.6.17','Kaffir Lime Tree- Grafted Dwarf Thai Kaffir Lime (Ma-Grood)','http://www.ebay.com/itm/Kaffir-Lime-Tree-Grafted-Dwarf-Thai-Kaffir-Lime-Ma-Grood-/120925755581',NULL),(15,'price','2012.6.17','3 fresh seeds COMBAVA  Makrut  Kaffir lime  Citrus ? hystrix  rutaceae','http://www.ebay.com/itm/3-fresh-seeds-COMBAVA-Makrut-Kaffir-lime-Citrus-hystrix-rutaceae-/190689009041',NULL),(16,'price','2012.6.17','20 SEEDS BERGAMOT  KAFFIR LIME  CITRUS HYSTRIX','http://www.ebay.com/itm/20-SEEDS-BERGAMOT-KAFFIR-LIME-CITRUS-HYSTRIX-/330747692842',NULL),(17,'price','2012.6.17','20 SEEDS BERGAMOT  KAFFIR LIME  CITRUS HYSTRIX','http://www.ebay.com/itm/20-SEEDS-BERGAMOT-KAFFIR-LIME-CITRUS-HYSTRIX-/230807523359',NULL),(18,'price','2012.6.17','Sang Ju Gan Mao Pian-N001-luckymart (Mulberry Leaf & Chrysanthemum)','http://www.amazon.com/Sang-Pian-N001-luckymart-Mulberry-Leaf-Chrysanthemum/dp/B002PCZAMO',NULL),(19,'price','2012.6.17','Mangifera indica Eat Fresh Mango \'Mansuriya\' 1 Plant','http://www.ebay.com/itm/Mangifera-indica-Eat-Fresh-Mango-Mansuriya-1-Plant-/270992473055',NULL),(20,'price','2012.6.17','Flesh Seed Mango Mangifera indica Mango \'Augrong\' 3 Seeds','http://www.ebay.com/itm/Flesh-Seed-Mango-Mangifera-indica-Mango-Augrong-3-Seeds-/270997511492',NULL),(21,'price','2012.6.17','Mango Mahachanok (Mangifera indica) Great Cultivar 65-70cm. Size 1 Plant','http://www.ebay.com/itm/Mango-Mahachanok-Mangifera-indica-Great-Cultivar-65-70cm-Size-1-Plant-/270992466734',NULL),(22,'price','2012.6.17','Mangifera indica Eat Fresh Mango \'Mankunsri\' 1 Plant','http://www.ebay.com/itm/Mangifera-indica-Eat-Fresh-Mango-Mankunsri-1-Plant-/280895289856',NULL),(23,'price','2012.6.17','50 MOUNTAIN LAUREL White Pink Red Kalmia Latifolia Shrub Bush Seeds * Comb S/H','http://www.amazon.com/MOUNTAIN-LAUREL-White-Kalmia-Latifolia/dp/B0081SPZOY',NULL),(24,'price','2012.6.17','Mangifera indica Mango \'Augrong\' 1 Plant','http://www.ebay.com/itm/Mangifera-indica-Mango-Augrong-1-Plant-/270992466733',NULL),(25,'price','2012.6.17','Mangifera indica Mango \'Namdokmai No. 4\' 1 Plant','http://www.ebay.com/itm/Mangifera-indica-Mango-Namdokmai-No-4-1-Plant-/270992473051',NULL),(26,'price','2012.6.17','Mangifera indica \'Variegated\' 1 Plant','http://www.ebay.com/itm/Mangifera-indica-Variegated-1-Plant-/280895289869',NULL),(27,'price','2012.6.17','Flesh Seed Mangifera Giant fruit Mango \'Namdokmai Man\' 3 Seeds','http://www.ebay.com/itm/Flesh-Seed-Mangifera-Giant-fruit-Mango-Namdokmai-Man-3-Seeds-/280900417872',NULL),(28,'price','2012.6.17','Mangifera indica TROPICAL MANGO FRUIT TREE 2 SEEDS','http://www.ebay.com/itm/Mangifera-indica-TROPICAL-MANGO-FRUIT-TREE-2-SEEDS-/350568910686',NULL),(29,'price','2012.6.17','Grapefruit  Citrus X Paradisi 8ml at Everything Herbs','http://www.ebay.com/itm/Grapefruit-Citrus-X-Paradisi-8ml-at-Everything-Herbs-/380044177614',NULL),(30,'price','2012.6.17','Das Wunder Im Kern Der Grapefruit: Die Geheimnisse Des Citrus Paradisi. Das Prak','http://www.ebay.com/itm/Das-Wunder-Im-Kern-Der-Grapefruit-Die-Geheimnisse-Des-Citrus-Paradisi-Das-Prak-/140772122029',NULL),(31,'price','2012.6.17','1908 Print Trevor Haddon Art Seville Spain Orange Fruit Trees Courtyard Fountain','http://www.ebay.com/itm/1908-Print-Trevor-Haddon-Art-Seville-Spain-Orange-Fruit-Trees-Courtyard-Fountain-/310402911138',NULL),(32,'price','2012.6.17','1880 PRINT SEVILLE ORANGE ~ PLANT FRUIT FLOWER LEAVES','http://www.ebay.com/itm/1880-PRINT-SEVILLE-ORANGE-PLANT-FRUIT-FLOWER-LEAVES-/160590077155',NULL),(33,'price','2012.6.17','Print over 125 years old Seville Orange fruit S.W Spain (available framed)','http://www.ebay.com/itm/Print-over-125-years-old-Seville-Orange-fruit-S-W-Spain-available-framed-/200768382356',NULL),(34,'price','2012.6.17','Spain: SEVILLE. Oranges. Fruit market. Old Print.1891','http://www.ebay.com/itm/Spain-SEVILLE-Oranges-Fruit-market-Old-Print-1891-/310311247371',NULL),(35,'price','2012.6.17','1880 PRINT ~ BOTANY ~ SEVILLE ORANGE ~ FRUIT LEAVES FLOWER SEED','http://www.ebay.com/itm/1880-PRINT-BOTANY-SEVILLE-ORANGE-FRUIT-LEAVES-FLOWER-SEED-/160656362687',NULL),(36,'price','2012.6.17','Antique Print C1800-1870 Seville Orange Fruit Plant','http://www.ebay.com/itm/Antique-Print-C1800-1870-Seville-Orange-Fruit-Plant-/170852949065',NULL),(37,'price','2012.6.17','2010-11 10 LEAF LIMITED THREADS GEORGE MIKAN JERSEY #19/99 LA LAKERS HOF RARE!','http://www.ebay.com/itm/2010-11-10-LEAF-LIMITED-THREADS-GEORGE-MIKAN-JERSEY-19-99-LA-LAKERS-HOF-RARE-/221020935813',NULL),(38,'price','2012.6.17','GREEN OLIVE TRE (Phillyrea latifolia) 100 FRESH SEEDS','http://www.ebay.com/itm/GREEN-OLIVE-TRE-Phillyrea-latifolia-100-FRESH-SEEDS-/270997261441',NULL),(39,'price','2012.6.17','airplant Tillandsia LATIFOLIA 5\" - 7\"','http://www.ebay.com/itm/airplant-Tillandsia-LATIFOLIA-5-7-/120134901210',NULL),(40,'price','2012.6.17','Diplarrena latifolia Western Flag Iris 20 seeds','http://www.ebay.com/itm/Diplarrena-latifolia-Western-Flag-Iris-20-seeds-/260640148014',NULL),(41,'price','2012.6.17','Arrowhead - Sagittaria latifolia 1/2 Ounce Seed','http://www.ebay.com/itm/Arrowhead-Sagittaria-latifolia-1-2-Ounce-Seed-/280598661622',NULL),(42,'price','2012.6.17','Daviesia latifolia - Bitter Pea 15 seeds','http://www.ebay.com/itm/Daviesia-latifolia-Bitter-Pea-15-seeds-/250880839143',NULL),(43,'price','2012.6.17','Statice - Latifolia - 100 Seeds','http://www.ebay.com/itm/Statice-Latifolia-100-Seeds-/250832002373',NULL),(44,'price','2012.6.17','Arrowhead - Sagittaria latifolia One Pound Seed','http://www.ebay.com/itm/Arrowhead-Sagittaria-latifolia-One-Pound-Seed-/280598660954',NULL),(45,'price','2012.6.17','CAT TAIL (Typha latifolia) common BUY 1 GET 1 FREE!! Hearty Bog Pond Plant!!','http://www.ebay.com/itm/CAT-TAIL-Typha-latifolia-common-BUY-1-GET-1-FREE-Hearty-Bog-Pond-Plant-/251079343820',NULL),(46,'price','2012.6.17','Yellow Cats Tail - Bulbinella latifolia - Fresh Seeds','http://www.ebay.com/itm/Yellow-Cats-Tail-Bulbinella-latifolia-Fresh-Seeds-/370516114476',NULL),(47,'price','2012.6.17','PINK FINGERS Caladenia latifolia x 25+ SEEDS','http://www.ebay.com/itm/PINK-FINGERS-Caladenia-latifolia-x-25-SEEDS-/200626721236',NULL),(48,'price','2012.6.17','WESTERN FLAG IRIS (Diplarrena latifolia) 30 seeds','http://www.ebay.com/itm/WESTERN-FLAG-IRIS-Diplarrena-latifolia-30-seeds-/270820921224',NULL),(49,'price','2012.6.17','CAMPANULA LATIFOLIA ALBA - HARDY PERENNIAL - 50+ SEEDS','http://www.ebay.com/itm/CAMPANULA-LATIFOLIA-ALBA-HARDY-PERENNIAL-50-SEEDS-/330723667384',NULL),(50,'price','2012.6.17','Arrowhead - Sagittaria latifolia 1/4 Ounce Seed','http://www.ebay.com/itm/Arrowhead-Sagittaria-latifolia-1-4-Ounce-Seed-/280598661862',NULL),(51,'price','2012.6.17','CAMPANULA LATIFOLIA \'BRANTWOOD\' PERENNIAL 50+ SEEDS','http://www.ebay.com/itm/CAMPANULA-LATIFOLIA-BRANTWOOD-PERENNIAL-50-SEEDS-/330581375576',NULL),(52,'price','2012.6.17','African Schotia Latifolia Tree Seeds Gorgeous Bush Boer','http://www.ebay.com/itm/African-Schotia-Latifolia-Tree-Seeds-Gorgeous-Bush-Boer-/330319361538',NULL),(53,'price','2012.6.17','2 BROADLEAF CATTAIL PLANTS ( TYPHA LATIFOLIA )','http://www.ebay.com/itm/2-BROADLEAF-CATTAIL-PLANTS-TYPHA-LATIFOLIA-/140770670901',NULL),(54,'price','2012.6.17','BRUNFELSIA LATIFOLIA (Yesterday-Tod ay-And-Tomorro w) SEEDS ES 56','http://www.ebay.com/itm/BRUNFELSIA-LATIFOLIA-Yesterday-Today-And-Tomorrow-SEEDS-ES-56-/350500262765',NULL),(55,'price','2012.6.17','Bulbinella Latifolia ssp. Latifolia - SA Bulb - 10 Seed','http://www.ebay.com/itm/Bulbinella-Latifolia-ssp-Latifolia-SA-Bulb-10-Seed-/261023462465',NULL),(56,'price','2012.6.17','Exotic BLACK CALABASH GOURD FRUIT Tree 5 SEEDS Amphitecna latifolia Crafts','http://www.ebay.com/itm/Exotic-BLACK-CALABASH-GOURD-FRUIT-Tree-5-SEEDS-Amphitecna-latifolia-Crafts-/140769197563',NULL),(57,'price','2012.6.17','10 Seeds Primula latifolia','http://www.ebay.com/itm/10-Seeds-Primula-latifolia-/270876526094',NULL),(58,'price','2012.6.17','50 MOUNTAIN LAUREL White Pink Red Kalmia Latifolia Shrub Bush Seeds * Comb S/H','http://www.ebay.com/itm/50-MOUNTAIN-LAUREL-White-Pink-Red-Kalmia-Latifolia-Shrub-Bush-Seeds-Comb-S-H-/280896150689',NULL),(59,'price','2012.6.17','Ceratozamia latifolia Live Rare Mexican Cycad Plant 1g','http://www.ebay.com/itm/Ceratozamia-latifolia-Live-Rare-Mexican-Cycad-Plant-1g-/110537534036',NULL),(60,'price','2012.6.17','CAMPANULA \'FAICHEM LILAC\' RARELY OFFERED LATIFOLIA HYBRID 1 PKT x 50 SEEDS','http://www.ebay.com/itm/CAMPANULA-FAICHEM-LILAC-RARELY-OFFERED-LATIFOLIA-HYBRID-1-PKT-x-50-SEEDS-/380368839854',NULL),(61,'price','2012.6.17','Ceratozamia latifolia - Live Rare Mexican Cycad Plant','http://www.ebay.com/itm/Ceratozamia-latifolia-Live-Rare-Mexican-Cycad-Plant-/310112292825',NULL),(62,'price','2012.6.17','Mountain Laurel Shrub  Kalmia Latifolia  Seeds','http://www.ebay.com/itm/Mountain-Laurel-Shrub-Kalmia-Latifolia-Seeds-/270651099695',NULL),(63,'price','2012.6.17','Broad-leaved bitter pea (Daviesia Latifolia) 30 Seeds','http://www.ebay.com/itm/Broad-leaved-bitter-pea-Daviesia-Latifolia-30-Seeds-/370188144352',NULL),(64,'price','2012.6.17','African Schotia Latifolia Tree Gorgeous Bush Boer PLANT','http://www.ebay.com/itm/African-Schotia-Latifolia-Tree-Gorgeous-Bush-Boer-PLANT-/330446913986',NULL),(65,'price','2012.6.17','Tillandsia * LATIFOLIA * 10\" - 15\" air plants','http://www.ebay.com/itm/Tillandsia-LATIFOLIA-10-15-air-plants-/350309108894',NULL),(66,'price','2012.6.17','Asclepias latifolia or broadleaf milkweed 10 seeds','http://www.ebay.com/itm/Asclepias-latifolia-or-broadleaf-milkweed-10-seeds-/360313904950',NULL),(67,'price','2012.6.17','Kalmia latifolia MOUNTAIN LAUREL Seeds!','http://www.ebay.com/itm/Kalmia-latifolia-MOUNTAIN-LAUREL-Seeds-/360452871509',NULL),(68,'price','2012.6.17','WHITE ASH TREE 25 SEED OLEACEAE FRAXINUS LATIFOLIA','http://www.ebay.com/itm/WHITE-ASH-TREE-25-SEED-OLEACEAE-FRAXINUS-LATIFOLIA-/330508128650',NULL),(69,'price','2012.6.17','Watsonia latifolia - Hardy Exotic Bulb - Seeds','http://www.ebay.com/itm/Watsonia-latifolia-Hardy-Exotic-Bulb-Seeds-/310327663886',NULL),(70,'price','2012.6.17','3 Arrowhead (Sagittaria latifolia) BUY 3 GET 1 FREE!! koi pond aquatic bog plant','http://www.ebay.com/itm/3-Arrowhead-Sagittaria-latifolia-BUY-3-GET-1-FREE-koi-pond-aquatic-bog-plant-/261039827638',NULL),(71,'price','2012.6.17','3 LOT Arrowhead (Sagittaria latifolia) BUY 3 GET 1 FREE pond aquatic bog plant','http://www.ebay.com/itm/3-LOT-Arrowhead-Sagittaria-latifolia-BUY-3-GET-1-FREE-pond-aquatic-bog-plant-/251079336347',NULL),(72,'price','2012.6.17','3 Oregon Ash - Fraxinus latifolia - for Bonai or Specimen Live Trees from seeds','http://www.ebay.com/itm/3-Oregon-Ash-Fraxinus-latifolia-for-Bonai-or-Specimen-Live-Trees-from-seeds-/150787101044',NULL),(73,'price','2012.6.17','50 MOUNTAIN LAUREL--SEEDS- -KALMIA LATIFOLIA--EVE RGREEN','http://www.ebay.com/itm/50-MOUNTAIN-LAUREL-SEEDS-KALMIA-LATIFOLIA-EVERGREEN-/270770252983',NULL),(74,'price','2012.6.17','50 Dalbergia latifolia Bombay blackwood rosewood Timber Seeds','http://www.ebay.com/itm/50-Dalbergia-latifolia-Bombay-blackwood-rosewood-Timber-Seeds-/290714844144',NULL),(75,'price','2012.6.17','6 LOT Arrowhead (Sagittaria latifolia) BUY 6 GET 2 FREE pond aquatic bog plant','http://www.ebay.com/itm/6-LOT-Arrowhead-Sagittaria-latifolia-BUY-6-GET-2-FREE-pond-aquatic-bog-plant-/251079337547',NULL),(76,'price','2012.6.17','Arrowhead - Sagittaria latifolia 1/8 Ounce Seed','http://www.ebay.com/itm/Arrowhead-Sagittaria-latifolia-1-8-Ounce-Seed-/280598662370',NULL),(77,'price','2012.6.17','Arrowhead - Sagittaria latifolia One Ounce Seed','http://www.ebay.com/itm/Arrowhead-Sagittaria-latifolia-One-Ounce-Seed-/280598661365',NULL),(78,'price','2012.6.17','Arrowhead - Sagittaria latifolia Packet Seed','http://www.ebay.com/itm/Arrowhead-Sagittaria-latifolia-Packet-Seed-/280598662673',NULL),(79,'price','2012.6.17','CATTAIL (Typha latifolia) 100+Seeds','http://www.ebay.com/itm/CATTAIL-Typha-latifolia-100-Seeds-/130689073514',NULL),(80,'price','2012.6.17','DAVIESIA latifolia \"Bitter pea\" Seed N42','http://www.ebay.com/itm/DAVIESIA-latifolia-Bitter-pea-Seed-N42-/350381598662',NULL),(81,'price','2012.6.17','GREEN OLIVE TREE PHILLYREA (Phillyrea latifolia)100+ FRESH SEEDS','http://www.ebay.com/itm/GREEN-OLIVE-TREE-PHILLYREA-Phillyrea-latifolia-100-FRESH-SEEDS-/251069875939',NULL),(82,'price','2012.6.17','HOP BITTER PEA (Daviesia latifolia) seeds','http://www.ebay.com/itm/HOP-BITTER-PEA-Daviesia-latifolia-seeds-/270820929067',NULL),(83,'price','2012.6.17','LIVE 7 SEEDS Exotic BLACK CALABASH GOURD FRUIT Tree Amphitecna latifolia Crafts','http://www.ebay.com/itm/LIVE-7-SEEDS-Exotic-BLACK-CALABASH-GOURD-FRUIT-Tree-Amphitecna-latifolia-Crafts-/360409261765',NULL),(84,'price','2012.6.17','Persian lime - (Citrus Latifolia) ','http://www.ebay.com/itm/Persian-lime-Citrus-Latifolia-15-Seeds-/261044810101',NULL),(85,'price','2012.6.17','Phillyrea Green Olive Tree 50 Seeds (Phillyrea latifolia)','http://www.ebay.com/itm/Phillyrea-Green-Olive-Tree-50-Seeds-Phillyrea-latifolia-/110897634813',NULL),(86,'price','2012.6.17','Statice - Latifolia - 1gm Seeds','http://www.ebay.com/itm/Statice-Latifolia-1gm-Seeds-/260812692324',NULL),(87,'price','2012.6.17','Tillandsia *LATIFOLIA v PROLIFERA* air plants','http://www.ebay.com/itm/Tillandsia-LATIFOLIA-v-PROLIFERA-air-plants-/380364558571',NULL),(88,'price','2012.6.17','YESTERDAY  TODAY & TOMORROW (Brunfelsia latifolia) 10 seeds','http://www.ebay.com/itm/YESTERDAY-TODAY-TOMORROW-Brunfelsia-latifolia-10-seeds-/220958920687',NULL),(89,'price','2012.6.17','Yesterday Today and Tomorrow Brunfelsia latifolia 3 Gallon Live Plant','http://www.ebay.com/itm/Yesterday-Today-and-Tomorrow-Brunfelsia-latifolia-3-Gallon-Live-Plant-/370601799843',NULL),(90,'price','2012.6.17','latifolia small tillandsia airplant air plant','http://www.ebay.com/itm/latifolia-small-tillandsia-airplant-air-plant-/360379573886',NULL),(91,'price','2012.6.17','rare seeds -- kalmia latifolia -- moutain laurel seeds','http://www.ebay.com/itm/rare-seeds-kalmia-latifolia-moutain-laurel-seeds-/150828976199',NULL),(92,'price','2012.6.17','CRABTREE& EVELYN ** WEST INDIAN LIME ** BODY WASH - 10.1 FL OZ','http://www.ebay.com/itm/CRABTREE-EVELYN-WEST-INDIAN-LIME-BODY-WASH-10-1-FL-OZ-/120916611551',NULL),(93,'price','2012.6.17','New CRABTREE & EVELYN WEST INDIAN LIME Body Wash HUGE 10.1 OZ BOTTLE Unisex','http://www.ebay.com/itm/New-CRABTREE-EVELYN-WEST-INDIAN-LIME-Body-Wash-HUGE-10-1-OZ-BOTTLE-Unisex-/170858151360',NULL),(94,'price','2012.6.17','Crabtree & Evelyn West Indian Lime Body Wash 10.1 fl oz','http://www.ebay.com/itm/Crabtree-Evelyn-West-Indian-Lime-Body-Wash-10-1-fl-oz-/170466728807',NULL),(95,'price','2012.6.17','Crabtree & Evelyn West Indian Lime Body Wash - 10.1 Oz','http://www.ebay.com/itm/Crabtree-Evelyn-West-Indian-Lime-Body-Wash-10-1-Oz-/300625073298',NULL),(96,'price','2012.6.17','Crabtree & Evelyn Lily / Lavender / Indian Lime / Sandalwood Gel / Lotion U PICK','http://www.ebay.com/itm/Crabtree-Evelyn-Lily-Lavender-Indian-Lime-Sandalwood-Gel-Lotion-U-PICK-/380444160938',NULL),(97,'price','2012.6.17','CRABTREE & EVELYN --WEST INDIAN LIME BODY WASH-- 10.1OZ.','http://www.ebay.com/itm/CRABTREE-EVELYN-WEST-INDIAN-LIME-BODY-WASH-10-1OZ-/170757409539',NULL),(98,'price','2012.6.17','CRABTREE & EVELYN **WEST INDIAN LIME BODY WASH 10.1OZ**','http://www.ebay.com/itm/CRABTREE-EVELYN-WEST-INDIAN-LIME-BODY-WASH-10-1OZ-/290648932000',NULL),(99,'price','2012.6.17','Crabtree & Evelyn West Indian Lime Cologne 100mL (71600)','http://www.ebay.com/itm/Crabtree-Evelyn-West-Indian-Lime-Cologne-100mL-71600-/190626073314',NULL),(100,'price','2012.6.17','Crabtree & Evelyn West Indian Lime Body Wash 300ml','http://www.ebay.com/itm/Crabtree-Evelyn-West-Indian-Lime-Body-Wash-300ml-/350567886521',NULL),(101,'price','2012.6.17','TAIWANESE GIANT BAMBOO (Dendrocalamus latiflorus) 10 seeds','http://www.ebay.com/itm/TAIWANESE-GIANT-BAMBOO-Dendrocalamus-latiflorus-10-seeds-/221046951956',NULL),(102,'price','2012.6.17','VELVET LEAF BAMBOO (Dendrocalamus brandisii) 10 seeds','http://www.ebay.com/itm/VELVET-LEAF-BAMBOO-Dendrocalamus-brandisii-10-seeds-/221045484692',NULL),(103,'price','2012.6.17','GIANT BAMBOO DENDROCALAMUS STRICTUS 20 SEEDS','http://www.ebay.com/itm/GIANT-BAMBOO-DENDROCALAMUS-STRICTUS-20-SEEDS-/300716876575',NULL),(104,'price','2012.6.17','IRON BAMBOO ( Dendrocalamus strictus) 50 seeds','http://www.ebay.com/itm/IRON-BAMBOO-Dendrocalamus-strictus-50-seeds-/270998047791',NULL),(105,'price','2012.6.17','100 Dendrocalamus strictus Calcutta hard bamboo seeds','http://www.ebay.com/itm/100-Dendrocalamus-strictus-Calcutta-hard-bamboo-seeds-/290723053941',NULL),(106,'price','2012.6.17','WHITE BAMBOO (Dendrocalamus membranaceus) 10 seeds','http://www.ebay.com/itm/WHITE-BAMBOO-Dendrocalamus-membranaceus-10-seeds-/221047010710',NULL),(107,'price','2012.6.17','BLACK ASPER BAMBOO (Dendrocalamus asper) 50 seeds','http://www.ebay.com/itm/BLACK-ASPER-BAMBOO-Dendrocalamus-asper-50-seeds-/221046994173',NULL),(108,'price','2012.6.17','TAIWANESE GIANT BAMBOO (Dendrocalamus latiflorus) 50 seeds','http://www.ebay.com/itm/TAIWANESE-GIANT-BAMBOO-Dendrocalamus-latiflorus-50-seeds-/221046952274',NULL),(109,'price','2012.6.17','100x fresh Giant Bamboo Seeds w/ instructions ( Dendrocalamus Giganteus )','http://www.ebay.com/itm/100x-fresh-Giant-Bamboo-Seeds-w-instructions-Dendrocalamus-Giganteus-/180905607786',NULL),(110,'price','2012.6.17','BLACK ASPER BAMBOO (Dendrocalamus asper) 10 seeds','http://www.ebay.com/itm/BLACK-ASPER-BAMBOO-Dendrocalamus-asper-10-seeds-/221046955041',NULL),(111,'price','2012.6.17','Everbearing Persian Lime Tree - Potted - Fruit Bearing Size - Potted','http://www.ebay.com/itm/Everbearing-Persian-Lime-Tree-Potted-Fruit-Bearing-Size-Potted-/110891562083',NULL),(112,'price','2012.6.17','GRAFTED Bearss or Persian Lime Grafted Citrus Tree [GC006]','http://www.ebay.com/itm/GRAFTED-Bearss-or-Persian-Lime-Grafted-Citrus-Tree-GC006-/221046207428',NULL),(113,'price','2012.6.17','alonsoa meridionalis 5 seeds','http://www.amazon.com/hg-alonsoa-meridionalis-5-seeds/dp/B008A8EKNC',NULL),(114,'price','2012.6.17','GRAFTED Bearss or Persian Lime Grafted Citrus Tree [GC006]','http://www.amazon.com/GRAFTED-Bearss-Persian-Grafted-Citrus/dp/B0088HAG5G',NULL),(115,'price','2012.6.17','Botany Plants C1902 Loose Panic Grass Echinochloa','http://www.amazon.com/Botany-Plants-C1902-Loose-Echinochloa/dp/B001H2A73K',NULL),(116,'price','2012.6.17','COMBO CITRUS*KEY LIME TREE & MEYER LEMON TREE*Live Plants*Healthy *','http://www.ebay.com/itm/COMBO-CITRUS-KEY-LIME-TREE-MEYER-LEMON-TREE-Live-Plants-Healthy-/150831633496',NULL),(117,'price','2012.6.17','Meyer Lemon Citrus Tree Live Plant Grafted 5 Gallon','http://www.ebay.com/itm/Meyer-Lemon-Citrus-Tree-Live-Plant-Grafted-5-Gallon-/350571640739',NULL),(118,'price','2012.6.17','Meyer Lemon Citrus Tree flowering fruiting sweet gift house plant container','http://www.ebay.com/itm/Meyer-Lemon-Citrus-Tree-flowering-fruiting-sweet-gift-house-plant-container-/120930511743',NULL),(119,'price','2012.6.17','DWARF Citrus Tree Collection: Calamondin Orange  Meyer Lemon & Key Lime [COL01]','http://www.ebay.com/itm/DWARF-Citrus-Tree-Collection-Calamondin-Orange-Meyer-Lemon-Key-Lime-COL01-/221046891708',NULL),(120,'price','2012.6.17','CITRUS COMBO* MEYER LEMON & KUMQUAT NAGAMI Grafted Citrus* 2 Trees','http://www.ebay.com/itm/CITRUS-COMBO-MEYER-LEMON-KUMQUAT-NAGAMI-Grafted-Citrus-2-Trees-/200773173770',NULL),(121,'price','2012.6.17','Meyer Lemon Citrus Tree flowering fruiting sweet gift house plant container','http://www.ebay.com/itm/Meyer-Lemon-Citrus-Tree-flowering-fruiting-sweet-gift-house-plant-container-/120930513693',NULL),(122,'price','2012.6.17','Meyer Lemon Citrus Tree flowering fruiting sweet gift house plant container','http://www.ebay.com/itm/Meyer-Lemon-Citrus-Tree-flowering-fruiting-sweet-gift-house-plant-container-/120930508590',NULL),(123,'price','2012.6.17','MEYER LEMON Grafted Citrus*Healthy *Tree 1 Gallon','http://www.ebay.com/itm/MEYER-LEMON-Grafted-Citrus-Healthy-Tree-1-Gallon-/200773632629',NULL),(124,'price','2012.6.17','Meyer Lemon Tree Citrus Live Plant Grafted 3-4\'','http://www.ebay.com/itm/Meyer-Lemon-Tree-Citrus-Live-Plant-Grafted-3-4-/350573689271',NULL),(125,'price','2012.6.17','Meyer Lemon Citrus Tree flowering fruiting sweet gift house plant container','http://www.ebay.com/itm/Meyer-Lemon-Citrus-Tree-flowering-fruiting-sweet-gift-house-plant-container-/120930516754',NULL),(126,'price','2012.6.17','Meyer Lemon Citrus Tree flowering fruiting sweet gift house plant container','http://www.ebay.com/itm/Meyer-Lemon-Citrus-Tree-flowering-fruiting-sweet-gift-house-plant-container-/120930506718',NULL),(127,'price','2012.6.17','FRUIT COCKTAIL CITRUS* Meyer Lemon  Key Lime  Calamondin 3 Live Plants*Healthy *','http://www.ebay.com/itm/FRUIT-COCKTAIL-CITRUS-Meyer-Lemon-Key-Lime-Calamondin-3-Live-Plants-Healthy-/150832717912',NULL),(128,'price','2012.6.17','DWARF Citrus Tree Collection: Calamondin Orange  Meyer Lemon & Key Lime [COL01]','http://www.ebay.com/itm/DWARF-Citrus-Tree-Collection-Calamondin-Orange-Meyer-Lemon-Key-Lime-COL01-/221044998883',NULL),(129,'price','2012.6.17','GRAFTED Buddha\'s Hand or Fingered citron Grafted Citrus Tree [GC031]','http://www.ebay.com/itm/GRAFTED-Buddhas-Hand-or-Fingered-citron-Grafted-Citrus-Tree-GC031-/221046207457',NULL),(130,'price','2012.6.17','GRAFTED Buddha\'s Hand or Fingered citron Grafted Citrus Tree [GC031]','http://www.ebay.com/itm/GRAFTED-Buddhas-Hand-or-Fingered-citron-Grafted-Citrus-Tree-GC031-/221044997648',NULL),(131,'price','2012.6.17','400 Heirloom White Proso Millet Seeds','http://www.ebay.com/itm/400-Heirloom-White-Proso-Millet-Seeds-/221044145578',NULL),(132,'price','2012.6.17','SD0513 Citron Seeds  Citrus Medica Seeds  Lemon Fragrant Sour Fruit Seeds (10 Seeds)','http://www.amazon.com/SD0513-Citron-Citrus-Medica-Fragrant/dp/B0087CHRZO',NULL),(133,'price','2012.6.17','Murraya paniculata  Orange Jasmine  L@@K! seeds (A0004)','http://www.ebay.com/itm/Murraya-paniculata-Orange-Jasmine-L-K-seeds-A0004-/310407649850',NULL),(134,'price','2012.6.17','Murraya Paniculata   1 seedling Rutacea family  1 year old','http://www.ebay.com/itm/Murraya-Paniculata-1-seedling-Rutacea-family-1-year-old-/160823157129',NULL),(135,'price','2012.6.17','Murraya koenigii / Curry Tree --- Supper Rare Live Plant ! I combo ship','http://www.ebay.com/itm/Murraya-koenigii-Curry-Tree-Supper-Rare-Live-Plant-I-combo-ship-/160820934859',NULL),(136,'price','2012.6.17','ORANGE JASMINE Fragrant Houseplant 5 seeds - superb Bonsai \'murraya paniculata\'','http://www.ebay.com/itm/ORANGE-JASMINE-Fragrant-Houseplant-5-seeds-superb-Bonsai-murraya-paniculata-/320915391079',NULL),(137,'price','2012.6.17','FRAGRANT! ~ORANGE JASMINE~ MURRAYA SHRUB HOUSE PLANT','http://www.ebay.com/itm/FRAGRANT-ORANGE-JASMINE-MURRAYA-SHRUB-HOUSE-PLANT-/230806025510',NULL),(138,'price','2012.6.17','Orange Jasmine (Murraya paniculata) - 25+ SEEDS','http://www.ebay.com/itm/Orange-Jasmine-Murraya-paniculata-25-SEEDS-/160798437148',NULL),(139,'price','2012.6.17','FRAGRANT! ~ORANGE JASMINE~ MURRAYA SHRUB HOUSE PLANT','http://www.ebay.com/itm/FRAGRANT-ORANGE-JASMINE-MURRAYA-SHRUB-HOUSE-PLANT-/370618278552',NULL),(140,'price','2012.6.17','Murraya Exotica  Rutacea family 1.5 year old plant RARE Dwarf variety for bonsai','http://www.ebay.com/itm/Murraya-Exotica-Rutacea-family-1-5-year-old-plant-RARE-Dwarf-variety-for-bonsai-/150836480025',NULL),(141,'price','2012.6.17','Curry Leaf Plant (Murraya koenigii)','http://www.amazon.com/Curry-Leaf-Plant-Murraya-koenigii/dp/B000TCYZSW',NULL),(142,'price','2012.6.17','5 FRAGRANT ORANGE JASMINE SEEDS ** #1077','http://www.amazon.com/FRAGRANT-ORANGE-JASMINE-SEEDS-1077/dp/B005JEEIGY',NULL),(143,'price','2012.6.17','Canvas Art Print  Fruit  Lemon  Zitrone  Greengrocery','http://www.ebay.com/itm/Canvas-Art-Print-Fruit-Lemon-Zitrone-Greengrocery-/220781969359',NULL),(144,'price','2012.6.17','RARE CHINESE RED RATTLE BOX BEAUTIFUL UNIQUE BLOOMS ON TREE!!','http://www.ebay.com/itm/RARE-CHINESE-RED-RATTLE-BOX-BEAUTIFUL-UNIQUE-BLOOMS-ON-TREE-/310399148438',NULL),(145,'price','2012.6.17','Severinia Buxifolia 1.5 y/o seedling  Chinese box-orange. Rutacea. Black fruit','http://www.ebay.com/itm/Severinia-Buxifolia-1-5-y-o-seedling-Chinese-box-orange-Rutacea-Black-fruit-/150835734496',NULL),(146,'price','2012.6.17','Herb Seeds - Bergamot Wild - 25 Seeds','http://www.ebay.com/itm/Herb-Seeds-Bergamot-Wild-25-Seeds-/251052730600',NULL),(147,'price','2012.6.17','Wild Bergamot - Jumbo Wildflower Seed Packet (2000)','http://www.ebay.com/itm/Wild-Bergamot-Jumbo-Wildflower-Seed-Packet-2000-/290713225046',NULL),(148,'price','2012.6.17','Herb Seeds - Bergamot Lemon - 300 Seeds','http://www.ebay.com/itm/Herb-Seeds-Bergamot-Lemon-300-Seeds-/261015570469',NULL),(149,'price','2012.6.17','WILD BERGAMOT seeds - beautiful medicinal Indian herb','http://www.ebay.com/itm/WILD-BERGAMOT-seeds-beautiful-medicinal-Indian-herb-/180905887400',NULL),(150,'price','2012.6.17','Herb Seeds - Bergamot Wild - 1000 Seeds','http://www.ebay.com/itm/Herb-Seeds-Bergamot-Wild-1000-Seeds-/260936852074',NULL),(151,'price','2012.6.17','1 Oz Wild Bergamot Bulk Wildflower Seeds','http://www.ebay.com/itm/1-Oz-Wild-Bergamot-Bulk-Wildflower-Seeds-/290713233079',NULL),(152,'price','2012.6.17','Rare 5 FRESH BERGAMOT ORANGE TREE SEED Citrus bergamia*LAST 20 LOTS available','http://www.ebay.com/itm/Rare-5-FRESH-BERGAMOT-ORANGE-TREE-SEED-Citrus-bergamia-LAST-20-LOTS-available-/300724443390',NULL),(153,'price','2012.6.17','Purple Bergamot - Jumbo Wildflower Seed Packet (1750)','http://www.ebay.com/itm/Purple-Bergamot-Jumbo-Wildflower-Seed-Packet-1750-/310401179034',NULL),(154,'price','2012.6.17','Herb Seeds - Bergamot Wild - 250 Seeds','http://www.ebay.com/itm/Herb-Seeds-Bergamot-Wild-250-Seeds-/250975285200',NULL),(155,'price','2012.6.17','Herb Seeds - Bergamot Wild - 500 Seeds','http://www.ebay.com/itm/Herb-Seeds-Bergamot-Wild-500-Seeds-/250975285243',NULL),(156,'price','2012.6.17','Gentiana Punctata Spotted Gentian 2 seeds','http://www.amazon.com/Gentiana-Punctata-Spotted-Gentian-seeds/dp/B008A9F7P6',NULL),(157,'price','2012.6.17','Campanula punctata - 30 Seeds','http://www.ebay.com/itm/Campanula-punctata-30-Seeds-/221044155547',NULL),(158,'price','2012.6.17','100+ ANNUAL WILDFLOWER GARDEN SEED - FIELD POPPY - \"RED CORN\" - DROUGHT TOLERANT','http://www.ebay.com/itm/100-ANNUAL-WILDFLOWER-GARDEN-SEED-FIELD-POPPY-RED-CORN-DROUGHT-TOLERANT-/290724921121',NULL),(159,'price','2012.6.17','500+ BULK ANNUAL WILDFLOWER SEEDS - FIELD POPPIES - \"RED CORN\" TOLERATES DROUGHT','http://www.ebay.com/itm/500-BULK-ANNUAL-WILDFLOWER-SEEDS-FIELD-POPPIES-RED-CORN-TOLERATES-DROUGHT-/300717069969',NULL),(160,'price','2012.6.17','Reid Yellow Field Corn Bulk 10 lbs. seed pk.','http://www.ebay.com/itm/Reid-Yellow-Field-Corn-Bulk-10-lbs-seed-pk-/251083647416',NULL),(161,'price','2012.6.17','FLANDERS FIELD Corn Poppy LONG BLOOMING Annual SEEDS','http://www.ebay.com/itm/FLANDERS-FIELD-Corn-Poppy-LONG-BLOOMING-Annual-SEEDS-/350563441813',NULL),(162,'price','2012.6.17','Corn - Field Corn Seeds','http://www.ebay.com/itm/Corn-Field-Corn-Seeds-/110885389803',NULL),(163,'price','2012.6.17','Thai Amulet LP Kambu Wat Krut Chunpu Version Jareon Porn Long Life 89 years','http://www.ebay.com/itm/Thai-Amulet-LP-Kambu-Wat-Krut-Chunpu-Version-Jareon-Porn-Long-Life-89-years-/270993233779',NULL),(164,'price','2012.6.17','Heirloom Greenfield Yellow Dent Corn OP Seed Open Pollinated Seed AzureDandelion','http://www.ebay.com/itm/Heirloom-Greenfield-Yellow-Dent-Corn-OP-Seed-Open-Pollinated-Seed-AzureDandelion-/330742095111',NULL),(165,'price','2012.6.17','Corn  Pencil Cobb white dent non-GMO Heirloom 50 vegetable seeds','http://www.ebay.com/itm/Corn-Pencil-Cobb-white-dent-non-GMO-Heirloom-50-vegetable-seeds-/160806770772',NULL),(166,'price','2012.6.17','Ornamental corn  earth tones dent corn  150 seeds','http://www.ebay.com/itm/Ornamental-corn-earth-tones-dent-corn-150-seeds-/140774061789',NULL),(167,'price','2012.6.17','Heirloom Reid\'s Yellow Dent Corn OP Seed Open Pollinated Seeds by AzureDandelion','http://www.ebay.com/itm/Heirloom-Reids-Yellow-Dent-Corn-OP-Seed-Open-Pollinated-Seeds-by-AzureDandelion-/330742275810',NULL),(168,'price','2012.6.17','Live Plant Unusual Fruit Cocktail Shrimp Shaped Flowers Attract Butterflies Hummingbirds','http://www.amazon.com/Unusual-Cocktail-Flowers-Butterflies-Hummingbirds/dp/B0027KM4EG',NULL),(169,'price','2012.6.17','Live Plant Golden Yellow Shrimp Shaped Flowers Attract Butterflies Hummingbirds','http://www.amazon.com/Golden-Flowers-Attract-Butterflies-Hummingbirds/dp/B006FBEH1Q',NULL),(170,'price','2012.6.17','1914 Print Canarese Woman Grinding Millet Seed Grains Ragi Eleusine Coracana - Original Color Print','http://www.amazon.com/Canarese-Grinding-Millet-Eleusine-Coracana/dp/B006ERZLL6',NULL),(171,'price','2012.6.17','PURPLE MAJESTY MILLET~Seeds!~ ~~~~~~~Lovely Dried Too!','http://www.ebay.com/itm/PURPLE-MAJESTY-MILLET-Seeds-Lovely-Dried-Too-/270994703666',NULL),(172,'price','2012.6.17','50 Ornamental PURPLE MAJESTY MILLET Grass Flower Seeds','http://www.ebay.com/itm/50-Ornamental-PURPLE-MAJESTY-MILLET-Grass-Flower-Seeds-/280900741843',NULL),(173,'price','2012.6.17','Brown Top Millet Seeds \" Premium Florida Grown \" 2 Lbs Bulk','http://www.ebay.com/itm/Brown-Top-Millet-Seeds-Premium-Florida-Grown-2-Lbs-Bulk-/320925229544',NULL),(174,'price','2012.6.17','Golden Millet - 25 Seeds','http://www.amazon.com/Outsidepride-Ornamental-Grass-Seed-Golden/dp/B007UHMT14',NULL),(175,'price','2012.6.17','Ornamental Millet Jester Seeds','http://www.amazon.com/Park-Seed-Ornamental-Millet-Jester/dp/B007P3UZUK',NULL),(176,'price','2012.6.17','20 SEEDS Key lime Thai lime Citrus aurantifolia','http://www.ebay.com/itm/20-SEEDS-Key-lime-Thai-lime-Citrus-aurantifolia-/230807523832',NULL),(177,'price','2012.6.17','20 SEEDS Key lime Thai lime Citrus aurantifolia','http://www.ebay.com/itm/20-SEEDS-Key-lime-Thai-lime-Citrus-aurantifolia-/230807523750',NULL),(178,'price','2012.6.17','Key lime Variegated - (Citrus Aurantifolia) ','http://www.ebay.com/itm/Key-lime-Variegated-Citrus-Aurantifolia-10-Seeds-New-Rare-/140767937203',NULL),(179,'price','2012.6.17','20 SEEDS Key lime Thai lime Citrus aurantifolia','http://www.ebay.com/itm/20-SEEDS-Key-lime-Thai-lime-Citrus-aurantifolia-/330747693060',NULL),(180,'price','2012.6.17','Key lime - (Citrus Aurantifolia) ','http://www.ebay.com/itm/Key-lime-Citrus-Aurantifolia-15-Seeds-/261044810724',NULL),(181,'price','2012.6.17','Curry Leaf Plants','http://www.ebay.com/itm/Curry-Leaf-Plants-/110895312554',NULL),(182,'price','2012.6.17','Super Freshly Dried Curry Leaves Benefits Medicinal Health Food Herb Ayurveda','http://www.ebay.com/itm/Super-Freshly-Dried-Curry-Leaves-Benefits-Medicinal-Health-Food-Herb-Ayurveda-/320923215827',NULL),(183,'price','2012.6.17','1 Ounce Super Sweet Sugar Drip Sorghum Cane Seeds. 1 500 Plus Seeds.','http://www.ebay.com/itm/1-Ounce-Super-Sweet-Sugar-Drip-Sorghum-Cane-Seeds-1-500-Plus-Seeds-/280900854067',NULL),(184,'price','2012.6.17','70 SUGAR DRIP SORGHUM Syrup Seeds *Comb S/H','http://www.ebay.com/itm/70-SUGAR-DRIP-SORGHUM-Syrup-Seeds-Comb-S-H-/221042954984',NULL),(185,'price','2012.6.17','70 MENNONITE SORGHUM Sorghum Bicolor Syrup Flour Seeds *Comb S/H','http://www.ebay.com/itm/70-MENNONITE-SORGHUM-Sorghum-Bicolor-Syrup-Flour-Seeds-Comb-S-H-/320920838621',NULL),(186,'price','2012.6.17','Best Price for Orange Blossum Sugar Cane/ Sorghum Seed','http://www.ebay.com/itm/Best-Price-for-Orange-Blossum-Sugar-Cane-Sorghum-Seed-/160820946652',NULL),(187,'price','2012.6.17','Sweet Sorghum Milo Grain Cane Seeds Gluten Free','http://www.ebay.com/itm/Sweet-Sorghum-Milo-Grain-Cane-Seeds-Gluten-Free-/110897238643',NULL),(188,'price','2012.6.17','50 BLACK AMBER CANE SORGHUM / SUGAR CANE Saccharum Officinarum Seeds *Comb S/H','http://www.ebay.com/itm/50-BLACK-AMBER-CANE-SORGHUM-SUGAR-CANE-Saccharum-Officinarum-Seeds-Comb-S-H-/221042954513',NULL),(189,'price','2012.6.17','Grain Sorghum Seeds ? Broom Corn ? Create Your Own Rustic Broom ? 50+ Seeds ????','http://www.ebay.com/itm/Grain-Sorghum-Seeds-Broom-Corn-Create-Your-Own-Rustic-Broom-50-Seeds-/180903374996',NULL),(190,'price','2012.6.17','Best Price for Orange Blossum Sugar Cane/ Sorghum Seed','http://www.ebay.com/itm/Best-Price-for-Orange-Blossum-Sugar-Cane-Sorghum-Seed-/170858515145',NULL),(191,'price','2012.6.17','50 BROOMCORN / COLORED UPRIGHTS SORGHUM BICOLOR RED Seeds + Gift & Comb S/H','http://www.ebay.com/itm/50-BROOMCORN-COLORED-UPRIGHTS-SORGHUM-BICOLOR-RED-Seeds-Gift-Comb-S-H-/320920838375',NULL),(192,'price','2012.6.17','Mennonite Sorghum Cane - 100 Seeds - Sweet & Light','http://www.ebay.com/itm/Mennonite-Sorghum-Cane-100-Seeds-Sweet-Light-/280896476465',NULL),(193,'price','2012.6.17','Broomcorn Colored Uprights (Sorghum) - 50 Seeds','http://www.ebay.com/itm/Broomcorn-Colored-Uprights-Sorghum-50-Seeds-/390428543234',NULL),(194,'price','2012.6.17','Best Price for Orange Blossum Sugar Cane/ Sorghum Seed','http://www.ebay.com/itm/Best-Price-for-Orange-Blossum-Sugar-Cane-Sorghum-Seed-/170859081219',NULL),(195,'price','2012.6.17','25 Seeds Moringa oleifera Drumstick Tree Seeds','http://www.amazon.com/Seeds-Moringa-oleifera-Drumstick-Tree/dp/B004Y6EGFG',NULL),(196,'price','2012.6.17','Sorghum, Bird Magnet, 50 seeds','http://www.etsy.com/listing/100892589/sorghum-bird-magnet-50-seeds',NULL),(197,'price','2012.6.17','Egyptian Walking onion sets 5 Live Organic Plants Picked Fresh Day of order','http://www.ebay.com/itm/Egyptian-Walking-onion-sets-5-Live-Organic-Plants-Picked-Fresh-Day-of-order-/320895545143',NULL),(198,'price','2012.6.17','LIVE EGYPTIAN GUAVA Fruit Tree Seedling cv Bassateen','http://www.ebay.com/itm/LIVE-EGYPTIAN-GUAVA-Fruit-Tree-Seedling-cv-Bassateen-/140546870181',NULL),(199,'price','2012.6.17','A lemon tree  Limone  Lake Garda  Italy','http://www.ebay.com/itm/A-lemon-tree-Limone-Lake-Garda-Italy-/290723282859',NULL),(200,'price','2012.6.17','TROPICAL CITRUS LIME CALAMANSI CALAMONDIN FRUIT TREE 50 SEEDS','http://www.ebay.com/itm/TROPICAL-CITRUS-LIME-CALAMANSI-CALAMONDIN-FRUIT-TREE-50-SEEDS-/350572773852',NULL),(201,'price','2012.6.17','Calamondin Orange Tree***Mini Orange***','http://www.ebay.com/itm/Calamondin-Orange-Tree-Mini-Orange-/261030739014',NULL),(202,'price','2012.6.17','TROPICAL CITRUS LIME CALAMANSI CALAMONDIN FRUIT TREE 20 SEEDS','http://www.ebay.com/itm/TROPICAL-CITRUS-LIME-CALAMANSI-CALAMONDIN-FRUIT-TREE-20-SEEDS-/350569345942',NULL),(203,'price','2012.6.17','DWARF Patio Calamondin Orange Citrus Tree Perfect potted tree [DC002]','http://www.ebay.com/itm/DWARF-Patio-Calamondin-Orange-Citrus-Tree-Perfect-potted-tree-DC002-/221046207411',NULL),(204,'price','2012.6.17','Calamondin Orange Tree Seedling','http://www.ebay.com/itm/Calamondin-Orange-Tree-Seedling-/320922731599',NULL),(205,'price','2012.6.17','DWARF Citrus Tree Collection: Calamondin Orange  Meyer Lemon & Key Lime [COL01]','http://www.amazon.com/DWARF-Citrus-Tree-Collection-Calamondin/dp/B0088HATDK',NULL),(206,'price','2012.6.17','DWARF Patio Calamondin Orange Citrus Tree Perfect potted tree [DC002]','http://www.amazon.com/Calamondin-Orange-Citrus-Perfect-potted/dp/B0088HAH1E',NULL),(207,'price','2012.6.17','Bee Balm or Lemon Mint Seeds','http://www.etsy.com/listing/67140356/bee-balm-or-lemon-mint-seeds',NULL),(208,'price','2012.6.17','Hens and Chicks plant in Lemon Yellow gourd planter','http://www.etsy.com/listing/96084894/hens-and-chicks-plant-in-lemon-yellow',NULL),(209,'price','2012.6.17','SALE Organic Tomato Seeds - Lemon Boy - Home Grown SALE','http://www.etsy.com/listing/98467394/sale-organic-tomato-seeds-lemon-boy-home',NULL),(210,'price','2012.6.17','Sedum Lemon Coral Live Succulent Plant','http://www.etsy.com/listing/100293649/sedum-lemon-coral-live-succulent-plant',NULL),(211,'price','2012.6.17','Organic Lemon Basil Herb Seeds','http://www.etsy.com/listing/53950890/organic-lemon-basil-herb-seeds',NULL),(212,'price','2012.6.17','Organic Heirloom Lemon Cucumber Rare Seeds','http://www.etsy.com/listing/72190148/organic-heirloom-lemon-cucumber-rare',NULL),(213,'price','2012.6.17','6 Seed Herb Lot Group H - Jojoba, Vervain, Echinacea, Marshmallow, Ger...','http://www.etsy.com/listing/99702017/6-seed-herb-lot-group-h-jojoba-vervain',NULL),(214,'price','2012.6.17','Creeping Thyme, Walk on Me, Perennial Flower Seeds, Lemon Scent','http://www.etsy.com/listing/99549458/creeping-thyme-walk-on-me-perennial',NULL),(215,'price','2012.6.17','Lemon Ball Sedum, Potted Succulent Plant','http://www.etsy.com/listing/101502562/lemon-ball-sedum-potted-succulent-plant',NULL),(216,'price','2012.6.17','100 LONG GRAIN BROWN WHITE RICE Oryza Seeds *Comb S/H','http://www.ebay.com/itm/100-LONG-GRAIN-BROWN-WHITE-RICE-Oryza-Seeds-Comb-S-H-/300722140970',NULL),(217,'price','2012.6.17','World Economic Plants: A Standard Reference  Second Edition','http://www.amazon.com/World-Economic-Plants-Standard-Reference/dp/0849321190',NULL),(218,'price','2012.6.17','10 Asparagus jersey giant Hybrid (Asparagus officinalis) Guaranteed Fresh Seeds','http://www.ebay.com/itm/10-Asparagus-jersey-giant-Hybrid-Asparagus-officinalis-Guaranteed-Fresh-Seeds-/330738877561',NULL),(219,'price','2012.6.17','STACHYS OFFICINALIS -Wood Betony- 250 Seed Pack!','http://www.ebay.com/itm/STACHYS-OFFICINALIS-Wood-Betony-250-Seed-Pack-/200775458366',NULL),(220,'price','2012.6.17','400 seed Radix Officinalis Isatis Indigotica fort Herb','http://www.ebay.com/itm/400-seed-Radix-Officinalis-Isatis-Indigotica-fort-Herb-/230634341208',NULL),(221,'price','2012.6.17','Verbena Officinalis - Vervain- 100 Seed Pack!!','http://www.ebay.com/itm/Verbena-Officinalis-Vervain-100-Seed-Pack-/200774436890',NULL),(222,'price','2012.6.17','Calendula Officinalis-Ma rigold-Resina- 50 Seed Pack!!','http://www.ebay.com/itm/Calendula-Officinalis-Marigold-Resina-50-Seed-Pack-/200775858141',NULL),(223,'price','2012.6.17','Rosemarinus officinalis  Rosemary - 50 ORGANIC Seeds','http://www.ebay.com/itm/Rosemarinus-officinalis-Rosemary-50-ORGANIC-Seeds-/170618075113',NULL),(224,'price','2012.6.17','Althaea Officinalis Marshmallow Seed- 50 Seed Pack!!','http://www.ebay.com/itm/Althaea-Officinalis-Marshmallow-Seed-50-Seed-Pack-/200769149154',NULL),(225,'price','2012.6.17','1000 Asparagus Mary Washington (Asparagus officinalis) Guaranteed Fresh Seeds','http://www.ebay.com/itm/1000-Asparagus-Mary-Washington-Asparagus-officinalis-Guaranteed-Fresh-Seeds-/330738877562',NULL),(226,'price','2012.6.17','40 seed Officinalis Isatis Indigotica fort Radix E001','http://www.ebay.com/itm/40-seed-Officinalis-Isatis-Indigotica-fort-Radix-E001-/270995979135',NULL),(227,'price','2012.6.17','Hyssopus Officinalis HYSSOP Aromatic Herb 250 Seed Pack','http://www.ebay.com/itm/Hyssopus-Officinalis-HYSSOP-Aromatic-Herb-250-Seed-Pack-/200775843314',NULL),(228,'price','2012.6.17','50 Asparagus Mary Washington (Asparagus officinalis) Guaranteed Fresh Seeds','http://www.ebay.com/itm/50-Asparagus-Mary-Washington-Asparagus-officinalis-Guaranteed-Fresh-Seeds-/330738877571',NULL),(229,'price','2012.6.17','BORAGE Borago Officinalis --- 100 Herb Seeds + GIFT','http://www.ebay.com/itm/BORAGE-Borago-Officinalis-100-Herb-Seeds-GIFT-/130545411825',NULL),(230,'price','2012.6.17','Melissa officinalis~~~ ~~~~~~~~~~~~~~ ~~20 nice seeds','http://www.ebay.com/itm/Melissa-officinalis-20-nice-seeds-/230725290197',NULL),(231,'price','2012.6.17','Calendula officinalis - Art Shades - 280 Seeds - for Bees & Butterfly','http://www.ebay.com/itm/Calendula-officinalis-Art-Shades-280-Seeds-for-Bees-Butterfly-/180783305902',NULL),(232,'price','2012.6.17','SOAPWORT (Saponaria officinalis) 100+ Seeds','http://www.ebay.com/itm/SOAPWORT-Saponaria-officinalis-100-Seeds-/130711124924',NULL),(233,'price','2012.6.17','HYSSOP BLUE (Hyssopus officinalis) HERB X 100 Seeds','http://www.ebay.com/itm/HYSSOP-BLUE-Hyssopus-officinalis-HERB-X-100-Seeds-/251070074472',NULL),(234,'price','2012.6.17','15+ RED VALERIAN Officinalis SEEDS Hardy Perennial','http://www.ebay.com/itm/15-RED-VALERIAN-Officinalis-SEEDS-Hardy-Perennial-/251078717643',NULL),(235,'price','2012.6.17','Heirloom Herbs BROADLEAF SAGE 50 Seeds Salvia officinalis CULINARY  MEDICINAL','http://www.ebay.com/itm/Heirloom-Herbs-BROADLEAF-SAGE-50-Seeds-Salvia-officinalis-CULINARY-MEDICINAL-/170850240541',NULL),(236,'price','2012.6.17','Heirloom ROSEMARY Rosmarinus officinalis (100 Seeds) Culinary  Medicinal','http://www.ebay.com/itm/Heirloom-ROSEMARY-Rosmarinus-officinalis-100-Seeds-Culinary-Medicinal-/180901841348',NULL),(237,'price','2012.6.17','500 Asparagus Mary Washington (Asparagus officinalis) Guaranteed Fresh Seeds','http://www.ebay.com/itm/500-Asparagus-Mary-Washington-Asparagus-officinalis-Guaranteed-Fresh-Seeds-/330738877567',NULL),(238,'price','2012.6.17','Rosemary (Rosemarinus officinalis) - 50 Seeds','http://www.ebay.com/itm/Rosemary-Rosemarinus-officinalis-50-Seeds-/221044155591',NULL),(239,'price','2012.6.17','Calendula (Calendula Officinalis Geisha Girl) 10 seeds','http://www.ebay.com/itm/Calendula-Calendula-Officinalis-Geisha-Girl-10-seeds-/260917326529',NULL),(240,'price','2012.6.17','BORAGE Borago Officinalis --- 1 400 Herb Seeds + GIFT','http://www.ebay.com/itm/BORAGE-Borago-Officinalis-1-400-Herb-Seeds-GIFT-/140577102293',NULL),(241,'price','2012.6.17','Verbena officinalis 10+ seeds','http://www.ebay.com/itm/Verbena-officinalis-10-seeds-/270984682895',NULL),(242,'price','2012.6.17','* ROSEMARY OFFICINALIS * HEIRLOOM HERB!! 50 SEEDS','http://www.ebay.com/itm/ROSEMARY-OFFICINALIS-HEIRLOOM-HERB-50-SEEDS-/190690867425',NULL),(243,'price','2012.6.17','1 Bag 15 seed Rosemary Rosmarinus officinalis seed D006','http://www.ebay.com/itm/1-Bag-15-seed-Rosemary-Rosmarinus-officinalis-seed-D006-/330747126893',NULL),(244,'price','2012.6.17','40 seed Officinalis Isatis Indigotica fort Radix E001','http://www.ebay.com/itm/40-seed-Officinalis-Isatis-Indigotica-fort-Radix-E001-/230809103126',NULL),(245,'price','2012.6.17','Borage- Borago officinalis - 50 Seeds','http://www.ebay.com/itm/Borage-Borago-officinalis-50-Seeds-/390428543303',NULL),(246,'price','2012.6.17','Valeriana Officinalis- Valerian Root-- 50 SEED PACK!!!','http://www.ebay.com/itm/Valeriana-Officinalis-Valerian-Root-50-SEED-PACK-/200772644933',NULL),(247,'price','2012.6.17','Salvia Officinalis 10+ seeds (organic)','http://www.ebay.com/itm/Salvia-Officinalis-10-seeds-organic-/270984627368',NULL),(248,'price','2012.6.17','Melisa officinalis LEMON BALM Herb Seeds!','http://www.ebay.com/itm/Melisa-officinalis-LEMON-BALM-Herb-Seeds-/380071561856',NULL),(249,'price','2012.6.17','~150 valerian seeds VALERIANA OFFICINALIS natural remedy against stress','http://www.ebay.com/itm/150-valerian-seeds-VALERIANA-OFFICINALIS-natural-remedy-against-stress-/261043567357',NULL),(250,'price','2012.6.17','LEMON BALM Melissa Officinalis 7 000 Herb Seeds + GIFT','http://www.ebay.com/itm/LEMON-BALM-Melissa-Officinalis-7-000-Herb-Seeds-GIFT-/130546461922',NULL),(251,'price','2012.6.17','BORAGE Borago Officinalis --- 20 Herb Seeds + GIFT','http://www.ebay.com/itm/BORAGE-Borago-Officinalis-20-Herb-Seeds-GIFT-/130545470216',NULL),(252,'price','2012.6.17','Althaea Officinalis Marshmallow Seed- 100 Seed Pack!!','http://www.ebay.com/itm/Althaea-Officinalis-Marshmallow-Seed-100-Seed-Pack-/200769148711',NULL),(253,'price','2012.6.17','PULMONARIA OFFICINALIS - LUNGWORT - PERENNIAL 20 SEEDS','http://www.ebay.com/itm/PULMONARIA-OFFICINALIS-LUNGWORT-PERENNIAL-20-SEEDS-/230805660146',NULL),(254,'price','2012.6.17','Lovage (Levisticum officinalis) 1 Plant.','http://www.ebay.com/itm/Lovage-Levisticum-officinalis-1-Plant-/330743275371',NULL),(255,'price','2012.6.17','40 seed Officinalis Isatis Indigotica fort Radix E001','http://www.ebay.com/itm/40-seed-Officinalis-Isatis-Indigotica-fort-Radix-E001-/280897793161',NULL),(256,'price','2012.6.17','SAPONARIA OFFICINALIS ROSEA PLENA SOAPWORT 20 SEEDS','http://www.ebay.com/itm/SAPONARIA-OFFICINALIS-ROSEA-PLENA-SOAPWORT-20-SEEDS-/380429329279',NULL),(257,'price','2012.6.17','Calendula officinalis - Pot Marigold - 280 Seeds 2gm - Edible  Herb','http://www.ebay.com/itm/Calendula-officinalis-Pot-Marigold-280-Seeds-2gm-Edible-Herb-/400264517331',NULL),(258,'price','2012.6.17','Salvia Officinalis- Common Sage- 25 Seed Pack!!','http://www.ebay.com/itm/Salvia-Officinalis-Common-Sage-25-Seed-Pack-/200775908082',NULL),(259,'price','2012.6.17','LEMON BALM SEEDS - Melissa Officinalis 50 Seed Pack!!','http://www.ebay.com/itm/LEMON-BALM-SEEDS-Melissa-Officinalis-50-Seed-Pack-/200774440575',NULL),(260,'price','2012.6.17','SAPONARIA OFFICINALIS ROSEA PLENA 50 Seeds-Fragrant','http://www.ebay.com/itm/SAPONARIA-OFFICINALIS-ROSEA-PLENA-50-Seeds-Fragrant-/110885988018',NULL),(261,'price','2012.6.17','Lemon Balm Melissa Officinalis 200 seed+FREE SEED! Free ship on additional items','http://www.ebay.com/itm/Lemon-Balm-Melissa-Officinalis-200-seed-FREE-SEED-Free-ship-on-additional-items-/310407217886',NULL),(262,'price','2012.6.17','Sage (Salvia officinalis) - 50 Seeds','http://www.ebay.com/itm/Sage-Salvia-officinalis-50-Seeds-/390428543292',NULL),(263,'price','2012.6.17','Marshmallow Althaea Officinalis 1 live plant','http://www.ebay.com/itm/Marshmallow-Althaea-Officinalis-1-live-plant-/110894698216',NULL),(264,'price','2012.6.17','Verbena Officinalis - Vervain- 50 Seed Pack!!','http://www.ebay.com/itm/Verbena-Officinalis-Vervain-50-Seed-Pack-/200774436004',NULL),(265,'price','2012.6.17','* HYSSOP HYSSOPUS OFFICINALIS * PERENNIAL!! HEIRLOOM 50 SEEDS','http://www.ebay.com/itm/HYSSOP-HYSSOPUS-OFFICINALIS-PERENNIAL-HEIRLOOM-50-SEEDS-/190690164962',NULL),(266,'price','2012.6.17','1 Plant - Rosemary Tuscan Blue - Rosmarinus Officinalis Herb Cook','http://www.ebay.com/itm/1-Plant-Rosemary-Tuscan-Blue-Rosmarinus-Officinalis-Herb-Cook-/170860125146',NULL),(267,'price','2012.6.17','Borago Officinalis - WHITE - 1 gram seed pack!!','http://www.ebay.com/itm/Borago-Officinalis-WHITE-1-gram-seed-pack-/200774543033',NULL),(268,'price','2012.6.17','VALERIANA OFFICINALIS - COMMON VALERIAN - HARDY PERENNIAL HERB - 100+ SEEDS','http://www.ebay.com/itm/VALERIANA-OFFICINALIS-COMMON-VALERIAN-HARDY-PERENNIAL-HERB-100-SEEDS-/380443767549',NULL),(269,'price','2012.6.17','50 VALERIAN ROOT Sedative VALERIANA OFFICINALIS Seeds','http://www.ebay.com/itm/50-VALERIAN-ROOT-Sedative-VALERIANA-OFFICINALIS-Seeds-/160812018271',NULL),(270,'price','2012.6.17','Gourgeous Perennials \"ALTHAEA OFFICINALIS MARSH MALLOW SEEDS\"','http://www.ebay.com/itm/Gourgeous-Perennials-ALTHAEA-OFFICINALIS-MARSH-MALLOW-SEEDS-/160820216380',NULL),(271,'price','2012.6.17','Lemon Balm (Melissa officinalis) - 100 Seeds','http://www.ebay.com/itm/Lemon-Balm-Melissa-officinalis-100-Seeds-/390428543281',NULL),(272,'price','2012.6.17','150 Asparagus Mary Washington (Asparagus officinalis) Guaranteed Fresh Seeds','http://www.ebay.com/itm/150-Asparagus-Mary-Washington-Asparagus-officinalis-Guaranteed-Fresh-Seeds-/330738877565',NULL),(273,'price','2012.6.17','Sanguisorba Officinalis Seeds - Greater Burnet','http://www.ebay.com/itm/Sanguisorba-Officinalis-Seeds-Greater-Burnet-/150724783212',NULL),(274,'price','2012.6.17','Rosmarinus officinalis - Rosemary - 50 Seeds','http://www.ebay.com/itm/Rosmarinus-officinalis-Rosemary-50-Seeds-/170826469286',NULL),(275,'price','2012.6.17','Verbena Officinalis - Vervain- 20 Seed Pack!!','http://www.ebay.com/itm/Verbena-Officinalis-Vervain-20-Seed-Pack-/200774435148',NULL),(276,'price','2012.6.17','1 Bag 15 seed Rosemary Rosmarinus officinalis seed D006','http://www.ebay.com/itm/1-Bag-15-seed-Rosemary-Rosmarinus-officinalis-seed-D006-/270994947661',NULL),(277,'price','2012.6.17','Melissa officinalis - Lemon Balm - 50 Seeds','http://www.ebay.com/itm/Melissa-officinalis-Lemon-Balm-50-Seeds-/170826468274',NULL),(278,'price','2012.6.17','Heirloom Herb HYSSOP Hyssopus officinalis (100 Seeds) CULINARY  MEDICINAL  TEAS','http://www.ebay.com/itm/Heirloom-Herb-HYSSOP-Hyssopus-officinalis-100-Seeds-CULINARY-MEDICINAL-TEAS-/180901859372',NULL),(279,'price','2012.6.17','Comfrey True Symphytum Officinalis Seeds','http://www.amazon.com/Comfrey-True-Symphytum-Officinalis-Seeds/dp/B0084S2CQU',NULL),(280,'price','2012.6.17','David\'s Non-Hybrid Candy Herb Borage (Borago officinalis) 100 Seeds per Packet','http://www.amazon.com/Davids-Non-Hybrid-Borage-officinalis-Seeds/dp/B003BSNK9Q',NULL),(281,'price','2012.6.17','50 Broom Corn Seeds~2012 Gardening Season~Beautif ul for arrangements','http://www.ebay.com/itm/50-Broom-Corn-Seeds-2012-Gardening-Season-Beautiful-for-arrangements-/330746702615',NULL),(282,'price','2012.6.17','Mixed Broom Corn Seeds Grow to make brooms & feed birds','http://www.ebay.com/itm/Mixed-Broom-Corn-Seeds-Grow-to-make-brooms-feed-birds-/120932312083',NULL),(283,'price','2012.6.17','Mixed Broom Corn Seeds Grow to make brooms & feed birds','http://www.ebay.com/itm/Mixed-Broom-Corn-Seeds-Grow-to-make-brooms-feed-birds-/170854856794',NULL),(284,'price','2012.6.17','Red Broom Corn Seeds Grow to make brooms & feed birds','http://www.ebay.com/itm/Red-Broom-Corn-Seeds-Grow-to-make-brooms-feed-birds-/170856252985',NULL),(285,'price','2012.6.17','Broom Corn Seeds Regular Fresh Seed packets','http://www.ebay.com/itm/Broom-Corn-Seeds-Regular-Fresh-Seed-packets-/110897459338',NULL),(286,'price','2012.6.17','Black Broom Corn Seeds Grow to make brooms & feed birds','http://www.ebay.com/itm/Black-Broom-Corn-Seeds-Grow-to-make-brooms-feed-birds-/170854857949',NULL),(287,'price','2012.6.17','1000+ Broomcorn Seeds Rainbow Mix Color~ Ornamental ~Wholesale Broom Corn Seeds!','http://www.ebay.com/itm/1000-Broomcorn-Seeds-Rainbow-Mix-Color-Ornamental-Wholesale-Broom-Corn-Seeds-/200768390908',NULL),(288,'price','2012.6.17','Black Broom Corn Seeds Grow to make brooms & feed birds','http://www.ebay.com/itm/Black-Broom-Corn-Seeds-Grow-to-make-brooms-feed-birds-/120928984573',NULL),(289,'price','2012.6.17','200+ Broomcorn Seeds Rainbow Mix Color~Bright Colorful Ornamental ~Broom Corn','http://www.ebay.com/itm/200-Broomcorn-Seeds-Rainbow-Mix-Color-Bright-Colorful-Ornamental-Broom-Corn-/160810982701',NULL),(290,'price','2012.6.17','* BROOM CORN MIX * HEIRLOOM!! 25 SEEDS','http://www.ebay.com/itm/BROOM-CORN-MIX-HEIRLOOM-25-SEEDS-/110897832462',NULL),(291,'price','2012.6.17','Black Broom Corn Seeds Grow to make brooms & feed birds','http://www.ebay.com/itm/Black-Broom-Corn-Seeds-Grow-to-make-brooms-feed-birds-/120930129119',NULL),(292,'price','2012.6.17','1oz Single Variety Sprouting ~ Sprout Seeds ~ Fresh Salad Sprouts (by the ounce)','http://www.ebay.com/itm/1oz-Single-Variety-Sprouting-Sprout-Seeds-Fresh-Salad-Sprouts-by-the-ounce-/290717570342',NULL),(293,'price','2012.6.17','Fireplace or Hearth Broom-Besom- corn-broom-Wicca-Pagen-round brooms','http://www.etsy.com/listing/90688440/fireplace-or-hearth-broom-besom-corn',NULL),(294,'price','2012.6.17','Fireplace or Hearth Broom-Besom- corn-broom-Wicca-Pagen-round brooms','http://www.etsy.com/listing/95095099/fireplace-or-hearth-broom-besom-corn',NULL),(295,'price','2012.6.17','AMERINDIAN FLINT CORN GROW YOUR OWN POPCORN HIGH YIELDING VARIETY 40 SEEDS !!','http://www.ebay.com/itm/AMERINDIAN-FLINT-CORN-GROW-YOUR-OWN-POPCORN-HIGH-YIELDING-VARIETY-40-SEEDS-/251084125912',NULL),(296,'price','2012.6.17','World Spice Plants: Economic Usage  Botany  Taxonomy','http://www.amazon.com/World-Spice-Plants-Economic-Taxonomy/dp/3540222790',NULL),(297,'price','2012.6.17','4 fresh seeds NAGAMI KUMQUAT Fortunella Margarita Citrus japonica evergreen TA1','http://www.ebay.com/itm/4-fresh-seeds-NAGAMI-KUMQUAT-Fortunella-Margarita-Citrus-japonica-evergreen-TA1-/190689956323',NULL),(298,'price','2012.6.17','**SEASON SALE** 20 FRESH MANDARINE SEEDS Citrus reticulata','http://www.ebay.com/itm/SEASON-SALE-20-FRESH-MANDARINE-SEEDS-Citrus-reticulata-/300723132761',NULL),(299,'price','2012.6.17','5 FRESH MANDARANCIO SEEDS Hybrid MANDARINE+ORAN GE Citrus reticulata+sin ensis','http://www.ebay.com/itm/5-FRESH-MANDARANCIO-SEEDS-Hybrid-MANDARINE-ORANGE-Citrus-reticulata-sinensis-/300716862624',NULL),(300,'price','2012.6.17','Tangerine Satsuma Mandarin Citrus Tree reticulata Grafted','http://www.ebay.com/itm/Tangerine-Satsuma-Mandarin-Citrus-Tree-reticulata-Grafted-/390407974973',NULL),(301,'price','2012.6.17','KING MANDARIN TREE (Citrus reticulata) 20 FRESH SEED','http://www.ebay.com/itm/KING-MANDARIN-TREE-Citrus-reticulata-20-FRESH-SEED-/270991916620',NULL),(302,'price','2012.6.17','SD0512 Mandarin Orange Seeds  Citrus Reticulata Seeds  New Live Fresh Seed (20 Seeds)','http://www.amazon.com/SD0512-Mandarin-Orange-Citrus-Reticulata/dp/B0087CHW9U',NULL),(303,'price','2012.6.17','Holy basil-Tulsi seed packet','http://www.amazon.com/Seeds-of-India-basil-Tulsi-packet/dp/B00022KIQW',NULL),(304,'price','2012.6.17','5 VINE PEACH Melons Seeds ~~TASTE JUST LIKE MANGO & GREAT FOR MAKING PIES ~!!','http://www.amazon.com/PEACH-Melons-Seeds-%7E%7ETASTE-MAKING/dp/B006G5RY8O',NULL),(305,'price','2012.6.17','Mango Supreme Begonia Seed Pack','http://www.amazon.com/Mango-Supreme-Begonia-Seed-Pack/dp/B005WCJZ2U',NULL),(306,'price','2012.6.17','SD0545 Golden Mango Seed  Sweet \"Mini\" Alphanso Mango Fruit Seed (1 Seed)','http://www.amazon.com/SD0545-Golden-Mango-Sweet-Alphanso/dp/B0087CI9EC',NULL),(307,'price','2012.6.17','1 000 VINE PEACH Melons Seeds ~~TASTE JUST LIKE MANGO & GREAT FOR MAKING PIES ~!!','http://www.amazon.com/PEACH-Melons-Seeds-%7E%7ETASTE-MAKING/dp/B006G5SBT0',NULL),(308,'price','2012.6.17','Kniphofia uvaria \'Echo Mango\' PP#21 706 Perennial Plant','http://www.amazon.com/Kniphofia-uvaria-Mango-Perennial-Plant/dp/B007R8TII8',NULL),(309,'price','2012.6.17','Lambkin Hybrid Christmas Melon Seeds - Cucumis Melo - 0.25 Grams - Approx 12 Gardening Seeds - Vegetable Garden Seed','http://www.amazon.com/Lambkin-Hybrid-Christmas-Melon-Seeds/dp/B0032G8NB2',NULL),(310,'price','2012.6.17','Hass and Fuerte Avocado--Year Round Fruit with our Two Tree Combo','http://www.amazon.com/Fuerte-Avocado--Year-Round-Fruit-Combo/dp/B00374BR1C',NULL),(311,'price','2012.6.17','SD0545 Golden Mango Seeds  Sweet Big Mango Fruit Seed (1 Seed)','http://www.ebay.com/itm/SD0545-Golden-Mango-Seeds-Sweet-Big-Mango-Fruit-Seed-1-Seed-/140756063670',NULL),(312,'price','2012.6.17','LIVE PLANTS: HIBISCUS \"MANGO MOON\"','http://www.ebay.com/itm/LIVE-PLANTS-HIBISCUS-MANGO-MOON-/261044419839',NULL),(313,'price','2012.6.17','Flesh Seed Mango x hybrid Jin Huoung Mango 3 Seeds','http://www.ebay.com/itm/Flesh-Seed-Mango-x-hybrid-Jin-Huoung-Mango-3-Seeds-/280900417071',NULL),(314,'price','2012.6.17','hosta MANGO TANGO medium colorful reverse Stitch In Time ***Live Potted Plant***','http://www.ebay.com/itm/hosta-MANGO-TANGO-medium-colorful-reverse-Stitch-In-Time-Live-Potted-Plant-/120869515094',NULL),(315,'price','2012.6.17','Plumeria Frangipani \" \"mango\"Flowers 50 seed','http://www.ebay.com/itm/Plumeria-Frangipani-mango-Flowers-50-seed-/180676189357',NULL),(316,'price','2012.6.17','Mango Variety 3 Season Fruit Set Round Year Very Sweet Taste 1 Plant','http://www.ebay.com/itm/Mango-Variety-3-Season-Fruit-Set-Round-Year-Very-Sweet-Taste-1-Plant-/280885470737',NULL),(317,'price','2012.6.17','CLIMBING CUCUMBER VINE PEACH TASTES LIKE MANGO ~ SEEDS~','http://www.ebay.com/itm/CLIMBING-CUCUMBER-VINE-PEACH-TASTES-LIKE-MANGO-SEEDS-/270770913814',NULL),(318,'price','2012.6.17','mangoPLUMERI A 50 SEED FRESH FLOWER','http://www.ebay.com/itm/mango-PLUMERIA-50-SEED-FRESH-FLOWER-/280634015573',NULL),(319,'price','2012.6.17','MANGO Live Cutting Plants 1 Gallon? 1 Ft','http://www.ebay.com/itm/MANGO-Live-Cutting-Plants-1-Gallon-1-Ft-/221044394378',NULL),(320,'price','2012.6.17','Irvingia malayana (Barking Deer\'s Mango) 5 Seeds','http://www.ebay.com/itm/Irvingia-malayana-Barking-Deers-Mango-5-Seeds-/270997258267',NULL),(321,'price','2012.6.17','','http://www.ebay.com/itm/PORTULACA-MANGO-25-SEEDS-AL1985SC-/230804812404',NULL),(322,'price','2012.6.17','MANGO Live Cutting Plants 1 Gallon? 1 Ft','http://www.ebay.com/itm/MANGO-Live-Cutting-Plants-1-Gallon-1-Ft-/221044383909',NULL),(323,'price','2012.6.17','Grafted Dot MANGO tree 3 gal LIVE PLANT','http://www.ebay.com/itm/Grafted-Dot-MANGO-tree-3-gal-LIVE-PLANT-/221044090192',NULL),(324,'price','2012.6.17','Portulaca Sundial Mango Seeds','http://www.ebay.com/itm/Portulaca-Sundial-Mango-Seeds-/250435251921',NULL),(325,'price','2012.6.17','Malaysian Green \'Gui Mei\' Mango Fruit! 1seed \'Extremely Juicy\'','http://www.ebay.com/itm/Malaysian-Green-Gui-Mei-Mango-Fruit-1seed-Extremely-Juicy-/200757690227',NULL),(326,'price','2012.6.17','Mango Tree Seed Tommy Atkins Kent Keitt Haden','http://www.ebay.com/itm/Mango-Tree-Seed-Tommy-Atkins-Kent-Keitt-Haden-/310290533109',NULL),(327,'price','2012.6.17','Hibiscus sp. `Mango Moon` Tropical Plant 4.5\" Pot','http://www.ebay.com/itm/Hibiscus-sp-Mango-Moon-Tropical-Plant-4-5-Pot-/290727721934',NULL),(328,'price','2012.6.17','Mango Variety Rad Fruit Grafted Free Phyto Large Size 1 Plant','http://www.ebay.com/itm/Mango-Variety-Rad-Fruit-Grafted-Free-Phyto-Large-Size-1-Plant-/280895284005',NULL),(329,'price','2012.6.17','Echinacea \'Mango Meadowbrite\' Seeds','http://www.ebay.com/itm/Echinacea-Mango-Meadowbrite-Seeds-/260877706552',NULL),(330,'price','2012.6.17','LIVE MYSTERY MANGO FRUIT TREE 2\'-4\' FT Keitt Haden Dot Kent Sweet','http://www.ebay.com/itm/LIVE-MYSTERY-MANGO-FRUIT-TREE-2-4-FT-Keitt-Haden-Dot-Kent-Sweet-/320908062672',NULL),(331,'price','2012.6.17','VINING PEACH SEEDS !!!  DELICIOUS TASTE LIKE MANGO KIDS LOVE','http://www.ebay.com/itm/VINING-PEACH-SEEDS-DELICIOUS-TASTE-LIKE-MANGO-KIDS-LOVE-/110896050500',NULL),(332,'price','2012.6.17','Plumeria Seeds/ mango /Fresh50 seeds','http://www.ebay.com/itm/Plumeria-Seeds-mango-Fresh50-seeds-/170631956053',NULL),(333,'price','2012.6.17','Adenium Obesum \"mango\" Fresh 50 Seeds','http://www.ebay.com/itm/Adenium-Obesum-mango-Fresh-50-Seeds-/180575330667',NULL),(334,'price','2012.6.17','African Violet Plant \' Rob\'s Mango Mongo \' multi plants in pot. Semimini 09J906','http://www.ebay.com/itm/African-Violet-Plant-Robs-Mango-Mongo-multi-plants-in-pot-Semimini-09J906-/370618403718',NULL),(335,'price','2012.6.17','Celosia Rare Ice Cream Mango 30 Fresh Seeds','http://www.ebay.com/itm/Celosia-Rare-Ice-Cream-Mango-30-Fresh-Seeds-/270997020047',NULL),(336,'price','2012.6.17','Flesh Seed Mango \'Nam Dok Mai\' Early Cultivar (M. indica) 3 Seeds','http://www.ebay.com/itm/Flesh-Seed-Mango-Nam-Dok-Mai-Early-Cultivar-M-indica-3-Seeds-/280900418657',NULL),(337,'price','2012.6.17','Grafted Rosigold MANGO tree 3 gal LIVE PLANT','http://www.ebay.com/itm/Grafted-Rosigold-MANGO-tree-3-gal-LIVE-PLANT-/221046843653',NULL),(338,'price','2012.6.17','HONEY SWEET Thai Mango ','http://www.ebay.com/itm/HONEY-SWEET-Thai-Mango-Nam-Dok-Mai-Fruit-1seed-FRESH-/200706041402',NULL),(339,'price','2012.6.17','MANGO Live Cutting Plants 1 Gallon? 1 Ft','http://www.ebay.com/itm/MANGO-Live-Cutting-Plants-1-Gallon-1-Ft-/221044452685',NULL),(340,'price','2012.6.17','MANGO Live Cutting Plants 1 Gallon? 1 Ft','http://www.ebay.com/itm/MANGO-Live-Cutting-Plants-1-Gallon-1-Ft-/221047411671',NULL),(341,'price','2012.6.17','Mango \'Nam Dok Mai\' Early Cultivar (M. indica) 1 Plant','http://www.ebay.com/itm/Mango-Nam-Dok-Mai-Early-Cultivar-M-indica-1-Plant-/270992466672',NULL),(342,'price','2012.6.17','Mango Fruit \'Kaew Sa Woi\' (M. indica) Grafted Large Size Great Cultivar 1 Plant','http://www.ebay.com/itm/Mango-Fruit-Kaew-Sa-Woi-M-indica-Grafted-Large-Size-Great-Cultivar-1-Plant-/280885470744',NULL),(343,'price','2012.6.17','Mango x hybrid Jin Huoung Mango Fruit Grafted Free Phyto Large Size 1 Plant','http://www.ebay.com/itm/Mango-x-hybrid-Jin-Huoung-Mango-Fruit-Grafted-Free-Phyto-Large-Size-1-Plant-/280885470783',NULL),(344,'price','2012.6.17','Mango x hybrid R2E2 Mango Fruit Grafted Free Phyto Large Size 1 Plant','http://www.ebay.com/itm/Mango-x-hybrid-R2E2-Mango-Fruit-Grafted-Free-Phyto-Large-Size-1-Plant-/280890147484',NULL),(345,'price','2012.6.17','Mango x hybrid Yuwen Red Fruit Grafted Free Phyto Large Size 1 Plant','http://www.ebay.com/itm/Mango-x-hybrid-Yuwen-Red-Fruit-Grafted-Free-Phyto-Large-Size-1-Plant-/270986862411',NULL),(346,'price','2012.6.17','Portulaca Sundial Series Mango Seeds Moss Rose','http://www.ebay.com/itm/Portulaca-Sundial-Series-Mango-Seeds-Moss-Rose-/250594768623',NULL),(347,'price','2012.6.17','Portulaca Tequila Series Mango Seeds Moss Rose','http://www.ebay.com/itm/Portulaca-Tequila-Series-Mango-Seeds-Moss-Rose-/310206090234',NULL),(348,'price','2012.6.17','ROSE MOSS * SUNDIAL MANGO * Portulaca grandiflora SEEDS NEW!!','http://www.ebay.com/itm/ROSE-MOSS-SUNDIAL-MANGO-Portulaca-grandiflora-SEEDS-NEW-/270923892004',NULL),(349,'price','2012.6.17','Rare MANGO MELON Super Sweet seeds HEIRLOOM','http://www.ebay.com/itm/Rare-MANGO-MELON-Super-Sweet-seeds-HEIRLOOM-/360427906812',NULL),(350,'price','2012.6.17','VINE PEACH Melons Seeds GREAT AS PIE~ Tastes Like MANGO','http://www.ebay.com/itm/VINE-PEACH-Melons-Seeds-GREAT-AS-PIE-Tastes-Like-MANGO-/270770912698',NULL),(351,'price','2012.6.17','Zinnia Profusion Mango Flower Seeds*Compact for Baskets','http://www.ebay.com/itm/Zinnia-Profusion-Mango-Flower-Seeds-Compact-for-Baskets-/110740927641',NULL),(352,'price','2012.6.17','','http://www.ebay.com/itm/PORTULACA-MANGO-25-SEEDS-AL1985SC-/230808953051',NULL),(353,'price','2012.6.17','Mango Seedling Tropical Fruit (1 Gallon)','http://www.etsy.com/listing/77144609/mango-seedling-tropical-fruit-1-gallon',NULL),(354,'price','2012.6.17','African Violet, live plant, ROB\'S MANGO MONGO, semi, now shipping ...','http://www.etsy.com/listing/94554257/african-violet-live-plant-robs-mango',NULL),(355,'price','2012.6.17','Photo Jigsaw Puzzle of PPG- Bamboo - dry flowers and seeds from Ardea Wildlife Pets','http://www.amazon.com/Photo-Jigsaw-Puzzle-PPG--Bamboo/dp/B00816UPFA',NULL),(356,'price','2012.6.17','Arundinaria ','http://www.ebay.com/itm/Arundinaria-Gigantea-River-Cane-native-north-American-bamboo-plant-2-3-now-/150833337166',NULL),(357,'price','2012.6.17','10 FRESHLY DUG Arundinaria Gigantea \"RIVER CANE\"BAMBOO ROOTS. READY TO PLANT.','http://www.ebay.com/itm/10-FRESHLY-DUG-Arundinaria-Gigantea-RIVER-CANE-BAMBOO-ROOTS-READY-TO-PLANT-/330746531140',NULL),(358,'price','2012.6.17','10 FRESHLY DUG Arundinaria Gigantea \"RIVER CANE\"BAMBOO ROOTS. READY TO PLANT.','http://www.ebay.com/itm/10-FRESHLY-DUG-Arundinaria-Gigantea-RIVER-CANE-BAMBOO-ROOTS-READY-TO-PLANT-/230806299175',NULL),(359,'price','2012.6.17','5 FRESHLY DUG Arundinaria ','http://www.ebay.com/itm/5-FRESHLY-DUG-Arundinaria-Gigantea-BAMBOO-ROOTS-READY-TO-PLANT-GREAT-FENCING-/230806829215',NULL),(360,'price','2012.6.17','10 FRESHLY DUG Arundinaria ','http://www.ebay.com/itm/10-FRESHLY-DUG-Arundinaria-Gigantea-BAMBOO-ROOTS-READY-TO-PLANT-GREAT-FENCING-/230806829359',NULL),(361,'price','2012.6.17','Arundinaria ','http://www.ebay.com/itm/Arundinaria-Gigantea-River-Cane-native-north-American-bamboo-plant-/150828819887',NULL),(362,'price','2012.6.17','Flora australiensis Volume 6','http://www.amazon.com/australiensis-Volume-description-Australian-territory/dp/1130478734',NULL),(363,'price','2012.6.17','Flora Australiensis: A Description of the Plants of the Australian Territory: Vo','http://www.ebay.com/itm/Flora-Australiensis-A-Description-of-the-Plants-of-the-Australian-Territory-Vo-/140760212966',NULL),(364,'price','2012.6.17','NEW Flora Australiensis: A Description of the Plants of','http://www.ebay.com/itm/NEW-Flora-Australiensis-A-Description-of-the-Plants-of-/380349372211',NULL),(365,'price','2012.6.17','NEW Flora Australiensis a Description of the Plants of','http://www.ebay.com/itm/NEW-Flora-Australiensis-a-Description-of-the-Plants-of-/150517410467',NULL),(366,'price','2012.6.17','NEW Flora Australiensis a Description of the Plants of','http://www.ebay.com/itm/NEW-Flora-Australiensis-a-Description-of-the-Plants-of-/150517410469',NULL),(367,'price','2012.6.17','NEW Flora Australiensis: A Description of the Plants of','http://www.ebay.com/itm/NEW-Flora-Australiensis-A-Description-of-the-Plants-of-/380286530648',NULL),(368,'price','2012.6.17','NEW Flora Australiensis: A Description of the Plants of','http://www.ebay.com/itm/NEW-Flora-Australiensis-A-Description-of-the-Plants-of-/380286865099',NULL),(369,'price','2012.6.17','Live BUDDHA BELLY Bambusa Ventricosa \'Kimmei\" Bamboo Potted Plant *Great Bonsai','http://www.ebay.com/itm/Live-BUDDHA-BELLY-Bambusa-Ventricosa-Kimmei-Bamboo-Potted-Plant-Great-Bonsai-/180905352751',NULL),(370,'price','2012.6.17','SPINY BAMBOO (Bambusa arundinacea) 50 seeds','http://www.ebay.com/itm/SPINY-BAMBOO-Bambusa-arundinacea-50-seeds-/270997331669',NULL),(371,'price','2012.6.17','100 Gaint Bambusa arundinacea Thorny Gaint Bamboo Seeds','http://www.ebay.com/itm/100-Gaint-Bambusa-arundinacea-Thorny-Gaint-Bamboo-Seeds-/300718954959',NULL),(372,'price','2012.6.17','Bambusa Dendracalamus strictus 250 seeds','http://www.ebay.com/itm/Bambusa-Dendracalamus-strictus-250-seeds-/300720547513',NULL),(373,'price','2012.6.17','Live BUDDHA BELLY Bambusa T. Ventricosa Bamboo Potted Plant *Great For Bonsai','http://www.ebay.com/itm/Live-BUDDHA-BELLY-Bambusa-T-Ventricosa-Bamboo-Potted-Plant-Great-For-Bonsai-/170859689002',NULL),(374,'price','2012.6.17','Live BUDDHA BELLY Bambusa T. Ventricosa Bamboo Potted Plant *Great For Bonsai','http://www.ebay.com/itm/Live-BUDDHA-BELLY-Bambusa-T-Ventricosa-Bamboo-Potted-Plant-Great-For-Bonsai-/180905352701',NULL),(375,'price','2012.6.17','100 Bambusa arundinacea giant bamboo seeds - bambos -','http://www.ebay.com/itm/100-Bambusa-arundinacea-giant-bamboo-seeds-bambos-/310405900467',NULL),(376,'price','2012.6.17','BAMBUSA VULGARIS VITTATA \"Picasso\" Bamboo Vittata plant+roots','http://www.ebay.com/itm/BAMBUSA-VULGARIS-VITTATA-Picasso-Bamboo-Vittata-plant-roots-/180903226766',NULL),(377,'price','2012.6.17','Live BUDDHA BELLY Bambusa T. Ventricosa Bamboo Potted Plant *Great For Bonsai','http://www.ebay.com/itm/Live-BUDDHA-BELLY-Bambusa-T-Ventricosa-Bamboo-Potted-Plant-Great-For-Bonsai-/170859689020',NULL),(378,'price','2012.6.17','Bambusa distegia - upright bamboo - 10 seeds','http://www.ebay.com/itm/Bambusa-distegia-upright-bamboo-10-seeds-/221037097016',NULL),(379,'price','2012.6.17','BENGAL BAMBOO (Bambusa polymorpha) 10 seeds','http://www.ebay.com/itm/BENGAL-BAMBOO-Bambusa-polymorpha-10-seeds-/221047017409',NULL),(380,'price','2012.6.17','Live BUDDHA BELLY Bambusa Ventricosa \'Kimmei\" Bamboo Potted Plant *Great Bonsai','http://www.ebay.com/itm/Live-BUDDHA-BELLY-Bambusa-Ventricosa-Kimmei-Bamboo-Potted-Plant-Great-Bonsai-/180905352735',NULL),(381,'price','2012.6.17','TIMOR BLACK BAMBOO (Bambusa lako) 6 seeds','http://www.ebay.com/itm/TIMOR-BLACK-BAMBOO-Bambusa-lako-6-seeds-/180896422724',NULL),(382,'price','2012.6.17','100 Bambusa arundinacea giant bamboo seeds - bambos -','http://www.ebay.com/itm/100-Bambusa-arundinacea-giant-bamboo-seeds-bambos-/150833581455',NULL),(383,'price','2012.6.17','Live Golden Bamboo With Green stripe Bambusa multiplex Goldstripe Plant 1 Gallon','http://www.ebay.com/itm/Live-Golden-Bamboo-With-Green-stripe-Bambusa-multiplex-Goldstripe-Plant-1-Gallon-/221047405978',NULL),(384,'price','2012.6.17','Bambusa arundinacea seeds 150','http://www.ebay.com/itm/Bambusa-arundinacea-seeds-150-/300720535329',NULL),(385,'price','2012.6.17','BAMBOO - Bambusa pervariabilis Live Plant Semi Tropical bamboo','http://www.ebay.com/itm/BAMBOO-Bambusa-pervariabilis-Live-Plant-Semi-Tropical-bamboo-/190689656285',NULL),(386,'price','2012.6.17','Bambusa cerosissima - bamboo - 10 seeds','http://www.ebay.com/itm/Bambusa-cerosissima-bamboo-10-seeds-/221037093027',NULL),(387,'price','2012.6.17','Bambusa polymorpha - bamboo - 5 seeds','http://www.ebay.com/itm/Bambusa-polymorpha-bamboo-5-seeds-/320915613642',NULL),(388,'price','2012.6.17','Live BUDDHA BELLY Bambusa Ventricosa \'Kimmei\" Bamboo Potted Plant *Great Bonsai','http://www.ebay.com/itm/Live-BUDDHA-BELLY-Bambusa-Ventricosa-Kimmei-Bamboo-Potted-Plant-Great-Bonsai-/170859689052',NULL),(389,'price','2012.6.17','SPINY BAMBOO (Bambusa arundinacea) 10 seeds','http://www.ebay.com/itm/SPINY-BAMBOO-Bambusa-arundinacea-10-seeds-/270997311327',NULL),(390,'price','2012.6.17','Dictionary / Index of Interior Plants','http://www.amazon.com/Dictionary-Interior-Plants-Kenneth-Sanderson/dp/1419694561',NULL),(391,'price','2012.6.17','The Lemon Tree Caper: A Mickey Rangel Mystery / La intriga del limonero: Coleccion Mickey Rangel  detective privado (Mickey Rangel Mysteries) (Spanish Edition)','http://www.amazon.com/The-Lemon-Tree-Caper-Coleccion/dp/1558857095',NULL),(392,'price','2012.6.17','The Lemon Tree Caper/Le Intricga del Limonero (Mickey Rangel Mysteries)-Ren e  Jr','http://www.ebay.com/itm/The-Lemon-Tree-Caper-Le-Intricga-del-Limonero-Mickey-Rangel-Mysteries-Rene-Jr-/110855560804',NULL),(393,'price','2012.6.17','La Intriga Del Limonero/ the Lemon Tree Caper By Saldana  Rene  Jr./','http://www.ebay.com/itm/La-Intriga-Del-Limonero-the-Lemon-Tree-Caper-By-Saldana-Rene-Jr-/250997674351',NULL),(394,'price','2012.6.17','NEW La Intriga Del Limonero/ the Lemon Tree Caper - Sal','http://www.ebay.com/itm/NEW-La-Intriga-Del-Limonero-the-Lemon-Tree-Caper-Sal-/380382295025',NULL),(395,'price','2012.6.17','La Intriga Del Limonero/ the Lemon Tree Caper: A Mickey Rangel Mystery /...','http://www.ebay.com/itm/La-Intriga-Del-Limonero-the-Lemon-Tree-Caper-A-Mickey-Rangel-Mystery-/251073681995',NULL),(396,'price','2012.6.17','La Intriga Del Limonero / The Lemon Tree Caper: Coleccion Mickey Rangel  Detecti','http://www.ebay.com/itm/La-Intriga-Del-Limonero-The-Lemon-Tree-Caper-Coleccion-Mickey-Rangel-Detecti-/110893125189',NULL),(397,'price','2012.6.17','The Lemon Tree Caper: A Mickey Rangel Mystery / La intriga del limonero: Colecci','http://www.ebay.com/itm/The-Lemon-Tree-Caper-A-Mickey-Rangel-Mystery-La-intriga-del-limonero-Colecci-/140763561669',NULL),(398,'price','2012.6.17','Frederic Malle BIGARADE CONCENTREE Travel Body Milk Lotion New Sample Size','http://www.ebay.com/itm/Frederic-Malle-BIGARADE-CONCENTREE-Travel-Body-Milk-Lotion-New-Sample-Size-/300712899553',NULL),(399,'price','2012.6.17','FREDERIC MALLE BIGARADE CONCENTREE Jean-Claude Ellena 2ml/0.06Fl.Oz. Vial NEW','http://www.ebay.com/itm/FREDERIC-MALLE-BIGARADE-CONCENTREE-Jean-Claude-Ellena-2ml-0-06Fl-Oz-Vial-NEW-/180897687274',NULL),(400,'price','2012.6.17','Frederic Malle BIGARADE CONCENTREE Travel Shower Gel New Sample Size','http://www.ebay.com/itm/Frederic-Malle-BIGARADE-CONCENTREE-Travel-Shower-Gel-New-Sample-Size-/380442022894',NULL),(401,'price','2012.6.17','Frederic Malle 10 ml spray of Bigarade Concentree','http://www.ebay.com/itm/Frederic-Malle-10-ml-spray-of-Bigarade-Concentree-/120929526149',NULL),(402,'price','2012.6.17','Citrus Fruit: Biology  Technology and Evaluation','http://www.amazon.com/Citrus-Fruit-Biology-Technology-Evaluation/dp/0123741300',NULL),(403,'price','2012.6.17','Clear  Glass Bottles   10    Tiny  Bottles  with     10     Corks','http://www.amazon.com/Clear-Glass-Bottles-Tiny-Corks/dp/B004H6J3BA',NULL),(404,'price','2012.6.17','1 Lb - Bear Grass Bulk Wildflower Seeds','http://www.ebay.com/itm/1-Lb-Bear-Grass-Bulk-Wildflower-Seeds-/290713236642',NULL),(405,'price','2012.6.17','BABY BEAR GRASS HEAD GROW YOUR OWN EDUCATIONAL NOVELTY GIFT','http://www.ebay.com/itm/BABY-BEAR-GRASS-HEAD-GROW-YOUR-OWN-EDUCATIONAL-NOVELTY-GIFT-/120907446598',NULL),(406,'price','2012.6.17','1 Oz - Bear Grass Bulk Wildflower Seeds','http://www.ebay.com/itm/1-Oz-Bear-Grass-Bulk-Wildflower-Seeds-/290713231930',NULL),(407,'price','2012.6.17','BLUE BEAR GRASS (Nolina nelsonii) 10 seeds','http://www.ebay.com/itm/BLUE-BEAR-GRASS-Nolina-nelsonii-10-seeds-/270820913786',NULL),(408,'price','2012.6.17','1/4 Lb - Bear Grass Bulk Wildflower Seeds','http://www.ebay.com/itm/1-4-Lb-Bear-Grass-Bulk-Wildflower-Seeds-/290713242935',NULL),(409,'price','2012.6.17','BILLY BEAR GRASS HEAD GROW YOUR OWN NOVELTY GIFT','http://www.ebay.com/itm/BILLY-BEAR-GRASS-HEAD-GROW-YOUR-OWN-NOVELTY-GIFT-/110889590309',NULL),(410,'price','2012.6.17','La Reina Baja Coriander 100 seeds','http://www.ebay.com/itm/La-Reina-Baja-Coriander-100-seeds-/250768186577',NULL),(411,'price','2012.6.17','Baja Fairy Duster Seeds Shrub Desert Plant Hummingbird Red Flower Garden 10','http://www.ebay.com/itm/Baja-Fairy-Duster-Seeds-Shrub-Desert-Plant-Hummingbird-Red-Flower-Garden-10-/261038310297',NULL),(412,'price','2012.6.17','PROCOL HARUM \"Lime Street Blues\" PHILIPPINES 45 rpm','http://www.ebay.com/itm/PROCOL-HARUM-Lime-Street-Blues-PHILIPPINES-45-rpm-/200430400290',NULL),(413,'price','2012.6.17','THAI BABY CORN 30 VEGETABLE SEEDS','http://www.ebay.com/itm/THAI-BABY-CORN-30-VEGETABLE-SEEDS-/170859911602',NULL),(414,'price','2012.6.17','PKT of Thai Sweet Baby Candle Corn Fruit Vegetable Seed','http://www.ebay.com/itm/PKT-of-Thai-Sweet-Baby-Candle-Corn-Fruit-Vegetable-Seed-/230619554927',NULL),(415,'price','2012.6.17','Baby Blue Jade Corn 25 Seeds - Miniature Plants & Cobs','http://www.ebay.com/itm/Baby-Blue-Jade-Corn-25-Seeds-Miniature-Plants-Cobs-/110883234477',NULL),(416,'price','2012.6.17','60 SEEDS THAI BABY CORN VEGETABLE SEEDS','http://www.ebay.com/itm/60-SEEDS-THAI-BABY-CORN-VEGETABLE-SEEDS-/221047542575',NULL),(417,'price','2012.6.17','190 FRUIT SEEDS (BABY CORN SWEET CORN WATERMELO N )','http://www.ebay.com/itm/190-FRUIT-SEEDS-BABY-CORN-SWEET-CORN-WATERMELON-/221043926582',NULL),(418,'price','2012.6.17','BONUS BABY CORN Sweet CORN 30+ seeds Sweet & Tender 2-4\" long Organic NON-GMO','http://www.ebay.com/itm/BONUS-BABY-CORN-Sweet-CORN-30-seeds-Sweet-Tender-2-4-long-Organic-NON-GMO-/350567991534',NULL),(419,'price','2012.6.17','280 FRUIT SEEDS (WATERMELON BA BY CORN PAPAYA )','http://www.ebay.com/itm/280-FRUIT-SEEDS-WATERMELON-BABY-CORN-PAPAYA-/221047495423',NULL),(420,'price','2012.6.17','60 SEEDS THAI BABY CORN HEIRLOOM VEGETABLE SEEDS','http://www.ebay.com/itm/60-SEEDS-THAI-BABY-CORN-HEIRLOOM-VEGETABLE-SEEDS-/221046899995',NULL),(421,'price','2012.6.17','THAI BABY CORN 150 VEGETABLE SEEDS','http://www.ebay.com/itm/THAI-BABY-CORN-150-VEGETABLE-SEEDS-/170860176387',NULL),(422,'price','2012.6.17','baby corn seeds 10+ seeds','http://www.ebay.com/itm/baby-corn-seeds-10-seeds-/270984640866',NULL),(423,'price','2012.6.17','Certified Organic Sugar Baby Watermelon Seeds - Citrullus Lanatus - Approx 25 Gardening Seeds- 90 percent germination','http://www.amazon.com/Certified-Organic-Sugar-Watermelon-Seeds/dp/B004J7AICK',NULL),(424,'price','2012.6.17','Sugar Baby Watermelon - Heirloom Seeds','http://www.amazon.com/Sugar-Baby-Watermelon-Heirloom-Seeds/dp/B004G6Z4DM',NULL),(425,'price','2012.6.17','Bok Choy Pak Choi Chinese Cabbage 299 + Seeds','http://www.amazon.com/Choy-Choi-Chinese-Cabbage-Seeds/dp/B004IAB232',NULL),(426,'price','2012.6.17','Nagami Kumquat Orange Tree','http://www.ebay.com/itm/Nagami-Kumquat-Orange-Tree-/261044660836',NULL),(427,'price','2012.6.17','KUMQUAT TREE (ELLIPTICAL) 10 FRESH SEED','http://www.ebay.com/itm/KUMQUAT-TREE-ELLIPTICAL-10-FRESH-SEED-/280894699847',NULL),(428,'price','2012.6.17','In door kumquat tree seedling','http://www.ebay.com/itm/In-door-kumquat-tree-seedling-/330748678291',NULL),(429,'price','2012.6.17','4 fresh seeds LIMEQUAT \"Tavares\" (Kumquat oval ? Key lime) hybrids evergreen','http://www.ebay.com/itm/4-fresh-seeds-LIMEQUAT-Tavares-Kumquat-oval-Key-lime-hybrids-evergreen-/190690625523',NULL),(430,'price','2012.6.17','GRAFTED Meiwa Kumquat Tree Grafted Citrus Tree for Containers or pots [GC026]','http://www.ebay.com/itm/GRAFTED-Meiwa-Kumquat-Tree-Grafted-Citrus-Tree-for-Containers-or-pots-GC026-/221046891785',NULL),(431,'price','2012.6.17','Meiwa Kumquat Sweet Citrus Fruit Tree F. crassifolia Swing Grafted','http://www.ebay.com/itm/Meiwa-Kumquat-Sweet-Citrus-Fruit-Tree-F-crassifolia-Swing-Grafted-/350568306204',NULL),(432,'price','2012.6.17','Grow an Indoor Citrus Tree Kit - Mini Kumquat Tree Seeds','http://www.etsy.com/listing/23972185/grow-an-indoor-citrus-tree-kit-mini',NULL),(433,'price','2012.6.17','Shaddock-Pomel o Citrus (5 seeds) Pear-Shaped Fruit','http://www.ebay.com/itm/Shaddock-Pomelo-Citrus-5-seeds-Pear-Shaped-Fruit-/190690519099',NULL),(434,'price','2012.6.17','SD0538 Pomelo Seeds  Shaddock Pummelo Pommelo Seeds  Jeruk Bali Lusho Pompelmous Seeds (10 Seeds)','http://www.amazon.com/SD0538-Shaddock-Pummelo-Pommelo-Pompelmous/dp/B0087CI8O8',NULL),(435,'price','2012.6.17','GRAFTED Eustis Limequat Citrus Tree for containers or pots [GC025]','http://www.amazon.com/GRAFTED-Eustis-Limequat-Citrus-containers/dp/B0088HAT2Q',NULL),(436,'price','2012.6.17','Citrus Key Lime Limequat','http://www.amazon.com/Park-Seed-Citrus-Lime-Limequat/dp/B008B2TLVI',NULL),(437,'price','2012.6.17','GRAFTED Eustis Limequat Citrus Tree for containers or pots [GC025]','http://www.ebay.com/itm/GRAFTED-Eustis-Limequat-Citrus-Tree-for-containers-or-pots-GC025-/320911649600',NULL),(438,'price','2012.6.17','GRAFTED Eustis Limequat Grafted Citrus Tree for containers [GC025]','http://www.ebay.com/itm/GRAFTED-Eustis-Limequat-Grafted-Citrus-Tree-for-containers-GC025-/221046891770',NULL),(439,'price','2012.6.17','Ornamental Colors Perennial \"Miscanthus Grass\" Seeds','http://www.ebay.com/itm/Ornamental-Colors-Perennial-Miscanthus-Grass-Seeds-/120930632000',NULL),(440,'price','2012.6.17','Ornamental Colors Perennial \"Miscanthus Grass\" Seeds','http://www.ebay.com/itm/Ornamental-Colors-Perennial-Miscanthus-Grass-Seeds-/170857963798',NULL),(441,'price','2012.6.17','Miscanthus sinensis Zebrinus ZEBRA MAIDEN GRASS Seeds!','http://www.ebay.com/itm/Miscanthus-sinensis-Zebrinus-ZEBRA-MAIDEN-GRASS-Seeds-/380445679962',NULL),(442,'price','2012.6.17','10 SILVER MAIDEN GRASS Miscanthus Sinensis Perennial Flower Seeds *Comb S/H','http://www.ebay.com/itm/10-SILVER-MAIDEN-GRASS-Miscanthus-Sinensis-Perennial-Flower-Seeds-Comb-S-H-/300719700948',NULL),(443,'price','2012.6.17','Ornamental Colors Perennial \"Miscanthus Grass\" Seeds','http://www.ebay.com/itm/Ornamental-Colors-Perennial-Miscanthus-Grass-Seeds-/120923674917',NULL),(444,'price','2012.6.17','Ornamental Perennial \"Miscanthus Huron Sunrise Grass\" Seeds','http://www.ebay.com/itm/Ornamental-Perennial-Miscanthus-Huron-Sunrise-Grass-Seeds-/170857990256',NULL),(445,'price','2012.6.17','10 SILVER MAIDEN GRASS Miscanthus Sinensis Perennial Flower Seeds *Comb S/H','http://www.amazon.com/SILVER-MAIDEN-Miscanthus-Sinensis-Perennial/dp/B0089NB7AC',NULL),(446,'price','2012.6.17','1 Pack 10 Seeds Pineapple Fruit Raw Corn Seed Maize Seed Sweet Fruit B026 Hot','http://www.ebay.com/itm/1-Pack-10-Seeds-Pineapple-Fruit-Raw-Corn-Seed-Maize-Seed-Sweet-Fruit-B026-Hot-/261039288871',NULL),(447,'price','2012.6.17','Rainbow corn Maize 10 seeds *DIY HAPPY [ZZ81]','http://www.ebay.com/itm/Rainbow-corn-Maize-10-seeds-DIY-HAPPY-ZZ81-/320495198224',NULL),(448,'price','2012.6.17','balck corn Maize 10 seeds *DIY Vegetable Seeds Gardening [ZZ82]','http://www.ebay.com/itm/balck-corn-Maize-10-seeds-DIY-Vegetable-Seeds-Gardening-ZZ82-/220991269646',NULL),(449,'price','2012.6.17','1 Bag 10 Seed Red Corn Seeds Maize Vegetable Green Food Hot B044','http://www.ebay.com/itm/1-Bag-10-Seed-Red-Corn-Seeds-Maize-Vegetable-Green-Food-Hot-B044-/110897134790',NULL),(450,'price','2012.6.17','10 x Pineapple Fruit Corn Maize Seeds Garden Plant Food','http://www.ebay.com/itm/10-x-Pineapple-Fruit-Corn-Maize-Seeds-Garden-Plant-Food-/190532941548',NULL),(451,'price','2012.6.17','1 Bag Rare 10 Oriental Vegetable Seed Black Sweet Corn Maize Seeds B025','http://www.ebay.com/itm/1-Bag-Rare-10-Oriental-Vegetable-Seed-Black-Sweet-Corn-Maize-Seeds-B025-/110896640424',NULL),(452,'price','2012.6.17','Sweetcorn Seeds ? Purple Early Maize ? Bulk Garden Variety? 1 lb. Organic Seeds','http://www.ebay.com/itm/Sweetcorn-Seeds-Purple-Early-Maize-Bulk-Garden-Variety-1-lb-Organic-Seeds-/170823164426',NULL),(453,'price','2012.6.17','1 Bag 10 Seed Red Corn Seeds Maize Vegetable Green Food Hot B044','http://www.ebay.com/itm/1-Bag-10-Seed-Red-Corn-Seeds-Maize-Vegetable-Green-Food-Hot-B044-/110897604812',NULL),(454,'price','2012.6.17','1 Bag Rare 10 Oriental Vegetable Seed Black Sweet Corn Maize Seeds B025','http://www.ebay.com/itm/1-Bag-Rare-10-Oriental-Vegetable-Seed-Black-Sweet-Corn-Maize-Seeds-B025-/110897136976',NULL),(455,'price','2012.6.17','Three Sisters ~ Vegetable Garden ~ Seed Packs (Corn/Maize  Squash  Beans)','http://www.ebay.com/itm/Three-Sisters-Vegetable-Garden-Seed-Packs-Corn-Maize-Squash-Beans-/300716191662',NULL),(456,'price','2012.6.17','100 Snow Puff Popcorn Seeds Corn Maize Plant Gardening','http://www.ebay.com/itm/100-Snow-Puff-Popcorn-Seeds-Corn-Maize-Plant-Gardening-/160804931729',NULL),(457,'price','2012.6.17','1 Bag 10 Seed Red Corn Seeds Maize Vegetable Green Food Hot B044','http://www.ebay.com/itm/1-Bag-10-Seed-Red-Corn-Seeds-Maize-Vegetable-Green-Food-Hot-B044-/110893294524',NULL),(458,'price','2012.6.17','1 Pack 10 Seeds Pineapple Fruit Raw Corn Seed Maize Seed Sweet Fruit B026 Hot','http://www.ebay.com/itm/1-Pack-10-Seeds-Pineapple-Fruit-Raw-Corn-Seed-Maize-Seed-Sweet-Fruit-B026-Hot-/290728035832',NULL),(459,'price','2012.6.17','STUNNING RED Bloody Butcher Corn/Maize (Zea mays) Seeds','http://www.ebay.com/itm/STUNNING-RED-Bloody-Butcher-Corn-Maize-Zea-mays-Seeds-/300716192069',NULL),(460,'price','2012.6.17','balck corn Maize 10 Vegatable Seeds DIY HAPPY Garden','http://www.ebay.com/itm/balck-corn-Maize-10-Vegatable-Seeds-DIY-HAPPY-Garden-/221047537846',NULL),(461,'price','2012.6.17','1 Pack 10 Seeds Pineapple Fruit Raw Corn Seed Maize Seed Sweet Fruit B026 Hot','http://www.ebay.com/itm/1-Pack-10-Seeds-Pineapple-Fruit-Raw-Corn-Seed-Maize-Seed-Sweet-Fruit-B026-Hot-/290723059943',NULL),(462,'price','2012.6.17','1 Bag 10 Seed Red Corn Seeds Maize Vegetable Green Food Hot B044','http://www.ebay.com/itm/1-Bag-10-Seed-Red-Corn-Seeds-Maize-Vegetable-Green-Food-Hot-B044-/110894430143',NULL),(463,'price','2012.6.17','RED POPPING CORN - STRAWBERRY Maize 10 seeds Gardenning Home','http://www.ebay.com/itm/RED-POPPING-CORN-STRAWBERRY-Maize-10-seeds-Gardenning-Home-/221008525221',NULL),(464,'price','2012.6.17','1 Bag 10 Seed Red Corn Seeds Maize Vegetable Green Food Hot B044','http://www.ebay.com/itm/1-Bag-10-Seed-Red-Corn-Seeds-Maize-Vegetable-Green-Food-Hot-B044-/110896631446',NULL),(465,'price','2012.6.17','1 Bag Rare 10 Oriental Vegetable Seed Black Sweet Corn Maize Seeds B025','http://www.ebay.com/itm/1-Bag-Rare-10-Oriental-Vegetable-Seed-Black-Sweet-Corn-Maize-Seeds-B025-/110893293160',NULL),(466,'price','2012.6.17','1 Bag Rare 10 Oriental Vegetable Seed Black Sweet Corn Maize Seeds B025','http://www.ebay.com/itm/1-Bag-Rare-10-Oriental-Vegetable-Seed-Black-Sweet-Corn-Maize-Seeds-B025-/110894432092',NULL),(467,'price','2012.6.17','1 Bag Rare 10 Oriental Vegetable Seed Black Sweet Corn Maize Seeds B025','http://www.ebay.com/itm/1-Bag-Rare-10-Oriental-Vegetable-Seed-Black-Sweet-Corn-Maize-Seeds-B025-/110895504198',NULL),(468,'price','2012.6.17','1 Bag Rare 10 Oriental Vegetable Seed Black Sweet Corn Maize Seeds B025','http://www.ebay.com/itm/1-Bag-Rare-10-Oriental-Vegetable-Seed-Black-Sweet-Corn-Maize-Seeds-B025-/110897607703',NULL),(469,'price','2012.6.17','1 Bag 10 Seed Red Corn Seeds Maize Vegetable Green Food Hot B044','http://www.ebay.com/itm/1-Bag-10-Seed-Red-Corn-Seeds-Maize-Vegetable-Green-Food-Hot-B044-/110895503371',NULL),(470,'price','2012.6.17','Blue Hopi Corn 20+ Seeds Rare Heirloom Ornamental Fall Seed','http://www.amazon.com/Blue-Hopi-Seeds-Heirloom-Ornamental/dp/B0058W0ZLE',NULL),(471,'price','2012.6.17','NOVELTY MANUFACTURING CO  NAPA POT 12\" MAIZE  Part No. 705352 (Catalog Category: GARDEN SUPPLIES / POTS/PLANTERS)','http://www.amazon.com/NOVELTY-MANUFACTURING-CO-Catalog-Category/dp/B005KLUF86',NULL),(472,'price','2012.6.17','SD0059 Wild Maize Seeds  Wild Corn Zea Mays Seeds  Sweet Corn Seed (15 Seeds)','http://www.amazon.com/SD0059-Wild-Maize-Seeds-Sweet/dp/B0086W432A',NULL),(473,'price','2012.6.17','BOX OF 4 PHYLLOSTACHYS BISSETII RUNNER BAMBOO PLANTS - GREAT FOR PRIVACY SCREEN','http://www.ebay.com/itm/BOX-OF-4-PHYLLOSTACHYS-BISSETII-RUNNER-BAMBOO-PLANTS-GREAT-FOR-PRIVACY-SCREEN-/261043703932',NULL),(474,'price','2012.6.17','60 Phyllostachy s pubescens moso bamboo seeds hardy -4','http://www.ebay.com/itm/60-Phyllostachys-pubescens-moso-bamboo-seeds-hardy-4-F-/150833581585',NULL),(475,'price','2012.6.17','Phyllostachys pubescens 100+seeds Huge Moso Bamboo','http://www.ebay.com/itm/Phyllostachys-pubescens-100-seeds-Huge-Moso-Bamboo-/110888505120',NULL),(476,'price','2012.6.17','Moso Bamboo+Phyllos tachys pubescens 100+ seed Huge Fresh','http://www.ebay.com/itm/Moso-Bamboo-Phyllostachys-pubescens-100-seed-Huge-Fresh-/320925211409',NULL),(477,'price','2012.6.17','60 Phyllostachys pubescens moso bamboo seeds hardy -4','http://www.ebay.com/itm/60-Phyllostachys-pubescens-moso-bamboo-seeds-hardy-4-F-/310405900486',NULL),(478,'price','2012.6.17','201+ MOSO BAMBOO SEEDS Phyllostachys pubescens hardy','http://www.ebay.com/itm/201-MOSO-BAMBOO-SEEDS-Phyllostachys-pubescens-hardy-/221043565979',NULL),(479,'price','2012.6.17','Giant timber Red Margin bamboo plant Phyllostachys rubromarginata hardy to -15f.','http://www.ebay.com/itm/Giant-timber-Red-Margin-bamboo-plant-Phyllostachys-rubromarginata-hardy-to-15f-/150831777252',NULL),(480,'price','2012.6.17','Giant timber bamboo plant Phyllostachys atrovaginata hardy to -15f  already 8\'+.','http://www.ebay.com/itm/Giant-timber-bamboo-plant-Phyllostachys-atrovaginata-hardy-to-15f-already-8-/160819821548',NULL),(481,'price','2012.6.17','Giant timber bamboo plant Phyllostachys atrovaginata hardy to -15f.','http://www.ebay.com/itm/Giant-timber-bamboo-plant-Phyllostachys-atrovaginata-hardy-to-15f-/160819803253',NULL),(482,'price','2012.6.17','Moso Bamboo+Phyllos tachys pubescens 5000+seeds Huge','http://www.ebay.com/itm/Moso-Bamboo-Phyllostachys-pubescens-5000-seeds-Huge-/221043565969',NULL),(483,'price','2012.6.17','Moso Bamboo+Phyllos tachys pubescens 100+ seed Huge','http://www.ebay.com/itm/Moso-Bamboo-Phyllostachys-pubescens-100-seed-Huge-/320924647248',NULL),(484,'price','2012.6.17','Phyllostachys Aurea ','http://www.ebay.com/itm/Phyllostachys-Aurea-Koi-bamboo-plant-hardy-to-0f-grows-to-30-about-3-4-now-/160820931421',NULL),(485,'price','2012.6.17','Moso Bamboo+Phyllos tachys pubescens 100+ seed Huge *RARE*','http://www.ebay.com/itm/Moso-Bamboo-Phyllostachys-pubescens-100-seed-Huge-RARE-/320923817471',NULL),(486,'price','2012.6.17','Phyllostachys edulis \" MOSO\" ~ Over Sized ~1 Gallon Bamboo Plant (not rhizomes)','http://www.ebay.com/itm/Phyllostachys-edulis-MOSO-Over-Sized-1-Gallon-Bamboo-Plant-not-rhizomes-/280897863125',NULL),(487,'price','2012.6.17','Phyllostachys pubescens 200+seeds Huge Moso Bamboo','http://www.ebay.com/itm/Phyllostachys-pubescens-200-seeds-Huge-Moso-Bamboo-/120931246119',NULL),(488,'price','2012.6.17','New seed Moso Bamboo+Phyllos tachys pubescens 1000+seeds Huge','http://www.ebay.com/itm/New-seed-Moso-Bamboo-Phyllostachys-pubescens-1000-seeds-Huge-/320922350612',NULL),(489,'price','2012.6.17','Moso Bamboo+Phyllos tachys pubescens 1000+seeds Huge','http://www.ebay.com/itm/Moso-Bamboo-Phyllostachys-pubescens-1000-seeds-Huge-/120919921599',NULL),(490,'price','2012.6.17','Bamboo plant  Phyllostachys aureosulcata \'Spectabilis\'','http://www.ebay.com/itm/Bamboo-plant-Phyllostachys-aureosulcata-Spectabilis-/180901873911',NULL),(491,'price','2012.6.17','Moso Bamboo+Phyllos tachys pubescens 1000+seeds Huge Fresh','http://www.ebay.com/itm/Moso-Bamboo-Phyllostachys-pubescens-1000-seeds-Huge-Fresh-/320925198413',NULL),(492,'price','2012.6.17','Giant timber Red Margin bamboo plant Phyllostachys rubromarginata hardy to -15f.','http://www.ebay.com/itm/Giant-timber-Red-Margin-bamboo-plant-Phyllostachys-rubromarginata-hardy-to-15f-/150831795908',NULL),(493,'price','2012.6.17','Moso Bamboo+Phyllos tachys pubescens 200+ seed Huge Fresh *RARE*','http://www.ebay.com/itm/Moso-Bamboo-Phyllostachys-pubescens-200-seed-Huge-Fresh-RARE-/221045903850',NULL),(494,'price','2012.6.17','Moso Bamboo+Phyllos tachys pubescens 100+seeds Huge','http://www.ebay.com/itm/Moso-Bamboo-Phyllostachys-pubescens-100-seeds-Huge-/320921500311',NULL),(495,'price','2012.6.17','101+ MOSO BAMBOO SEEDS Phyllostachys pubescens hardy','http://www.ebay.com/itm/101-MOSO-BAMBOO-SEEDS-Phyllostachys-pubescens-hardy-/221043565975',NULL),(496,'price','2012.6.17','Moso Bamboo+Phyllos tachys pubescens 200+ seed Huge Fresh','http://www.ebay.com/itm/Moso-Bamboo-Phyllostachys-pubescens-200-seed-Huge-Fresh-/221047349034',NULL),(497,'price','2012.6.17','Moso Bamboo+Phyllos tachys pubescens 100+seeds Huge Fresh','http://www.ebay.com/itm/Moso-Bamboo-Phyllostachys-pubescens-100-seeds-Huge-Fresh-/221047452222',NULL),(498,'price','2012.6.17','Moso Bamboo+Phyllos tachys pubescens 1000+seeds Huge Fresh','http://www.ebay.com/itm/Moso-Bamboo-Phyllostachys-pubescens-1000-seeds-Huge-Fresh-/320925316950',NULL),(499,'price','2012.6.17','Moso Bamboo+Phyllos tachys pubescens 1000+seeds Huge','http://www.ebay.com/itm/Moso-Bamboo-Phyllostachys-pubescens-1000-seeds-Huge-/221046669804',NULL),(500,'price','2012.6.17','Giant timber bamboo plant Phyllostachys atrovaginata hardy to -15f.','http://www.ebay.com/itm/Giant-timber-bamboo-plant-Phyllostachys-atrovaginata-hardy-to-15f-/160811838490',NULL),(501,'price','2012.6.17','Moso Bamboo+Phyllos tachys pubescens 100+seeds Huge Fresh *RARE*','http://www.ebay.com/itm/Moso-Bamboo-Phyllostachys-pubescens-100-seeds-Huge-Fresh-RARE-/320923821288',NULL),(502,'price','2012.6.17','Moso Bamboo+Phyllos tachys pubescens 1000+seeds Huge','http://www.ebay.com/itm/Moso-Bamboo-Phyllostachys-pubescens-1000-seeds-Huge-/221046769556',NULL),(503,'price','2012.6.17','MOSO BAMBOO (Phyllostachys pubescens) 10 seeds','http://www.ebay.com/itm/MOSO-BAMBOO-Phyllostachys-pubescens-10-seeds-/270997319942',NULL),(504,'price','2012.6.17','Moso Bamboo+Phyllos tachys pubescens 100+seeds Huge','http://www.ebay.com/itm/Moso-Bamboo-Phyllostachys-pubescens-100-seeds-Huge-/221043565961',NULL),(505,'price','2012.6.17','MOSO BAMBOO (Phyllostachys pubescens) 50 seeds','http://www.ebay.com/itm/MOSO-BAMBOO-Phyllostachys-pubescens-50-seeds-/221047005930',NULL),(506,'price','2012.6.17','Moso Bamboo+Phyllos tachys pubescens 100+seeds Huge','http://www.ebay.com/itm/Moso-Bamboo-Phyllostachys-pubescens-100-seeds-Huge-/221046678759',NULL),(507,'price','2012.6.17','Moso Bamboo+Phyllos tachys pubescens 1000+seeds Huge *RARE*','http://www.ebay.com/itm/Moso-Bamboo-Phyllostachys-pubescens-1000-seeds-Huge-RARE-/221045903848',NULL),(508,'price','2012.6.17','Moso Bamboo+Phyllos tachys pubescens 1000+seeds Huge Fresh *RARE*','http://www.ebay.com/itm/Moso-Bamboo-Phyllostachys-pubescens-1000-seeds-Huge-Fresh-RARE-/221045901679',NULL),(509,'price','2012.6.17','Moso Bamboo+Phyllos tachys pubescens 200+ seed Huge','http://www.ebay.com/itm/Moso-Bamboo-Phyllostachys-pubescens-200-seed-Huge-/221046719803',NULL),(510,'price','2012.6.17','* MOSO BAMBOO - PHYLLOSTACHYS PUBESCENS * 10 SEEDS','http://www.ebay.com/itm/MOSO-BAMBOO-PHYLLOSTACHYS-PUBESCENS-10-SEEDS-/110895736736',NULL),(511,'price','2012.6.17','3 Ornamental BLACK BAMBOO plants 1-2 ft. tall Phyllostachys Nigra 2 gal pots','http://www.ebay.com/itm/3-Ornamental-BLACK-BAMBOO-plants-1-2-ft-tall-Phyllostachys-Nigra-2-gal-pots-/130710746850',NULL),(512,'price','2012.6.17','10x Giant Phyllostachys Pubescens - Moso Bamboo Hardy Seeds','http://www.ebay.com/itm/10x-Giant-Phyllostachys-Pubescens-Moso-Bamboo-Hardy-Seeds-/230808505274',NULL),(513,'price','2012.6.17','Moso Bamboo+Phyllos tachys pubescens 500+seeds Huge','http://www.ebay.com/itm/Moso-Bamboo-Phyllostachys-pubescens-500-seeds-Huge-/221043565959',NULL),(514,'price','2012.6.17','25 + GIANT MOSO BAMBOO SEEDS Phyllostachys pubescens','http://www.amazon.com/GIANT-BAMBOO-SEEDS-Phyllostachys-pubescens/dp/B0089GJ4JU',NULL),(515,'price','2012.6.17','25 + GIANT MOSO BAMBOO SEEDS Phyllostachys pubescens Cold Hardy','http://www.amazon.com/GIANT-BAMBOO-SEEDS-Phyllostachys-pubescens/dp/B0089NIOAS',NULL),(516,'price','2012.6.17','SD0514 Lemon Seeds  Limon Citrus Seeds  Tangy Sour Lemon Lime Seeds (10 Seeds)','http://www.amazon.com/SD0514-Lemon-Seeds-Limon-Citrus/dp/B0087CHV1Y',NULL),(517,'price','2012.6.17','Sour Life Graphic T-Shirt Weed Shirt Pot Leaves Marijuana Tee Shirt','http://www.ebay.com/itm/Sour-Life-Graphic-T-Shirt-Weed-Shirt-Pot-Leaves-Marijuana-Tee-Shirt-/220932392387',NULL),(518,'price','2012.6.17','Large Deer and Tree Damask Vinyl Wall Decals (20 Pack)','http://www.ebay.com/itm/Large-Deer-and-Tree-Damask-Vinyl-Wall-Decals-20-Pack-/260889040686',NULL),(519,'price','2012.6.17','Maize Seeds','http://www.etsy.com/listing/101186968/maize-seeds',NULL),(520,'price','2012.6.17','Royal Empress Tree Seeds-Paulownia Tomentosa-100+Seeds','http://www.amazon.com/Royal-Empress-Seeds-Paulownia-Tomentosa-100-Seeds/dp/B0046NYPYO',NULL),(521,'price','2012.6.17','1 Key Lime Tree/Seedling and 1 Meyer Lemon Tree/Seedling and 1 Ponderosa Lemon','http://www.ebay.com/itm/1-Key-Lime-Tree-Seedling-and-1-Meyer-Lemon-Tree-Seedling-and-1-Ponderosa-Lemon-/130711360805',NULL),(522,'price','2012.6.17','2 PONDEROSA LEMON SEEDLINGS','http://www.ebay.com/itm/2-PONDEROSA-LEMON-SEEDLINGS-/270995966633',NULL),(523,'price','2012.6.17','150 Heirloom Black Cumin  Nigella Sativa  Hubbatul Barakah  Kalonji Seeds','http://www.ebay.com/itm/150-Heirloom-Black-Cumin-Nigella-Sativa-Hubbatul-Barakah-Kalonji-Seeds-/221013824787',NULL),(524,'price','2012.6.17','500 Arugula Italian Cress Rocket Arugula Coltivata (Eruca Sativa) Seeds','http://www.ebay.com/itm/500-Arugula-Italian-Cress-Rocket-Arugula-Coltivata-Eruca-Sativa-Seeds-/330738877568',NULL),(525,'price','2012.6.17','Arugula Rucola Sativa Herb ROCKET SALAD 100 Seeds','http://www.ebay.com/itm/Arugula-Rucola-Sativa-Herb-ROCKET-SALAD-100-Seeds-/220930287735',NULL),(526,'price','2012.6.17','200 ORGANIC OAT Oats Avena Sativa Grain Seeds *Comb S/H','http://www.ebay.com/itm/200-ORGANIC-OAT-Oats-Avena-Sativa-Grain-Seeds-Comb-S-H-/270988341238',NULL),(527,'price','2012.6.17','1 Bag 100 seed Eruca sativa vegetables Delicious D021','http://www.ebay.com/itm/1-Bag-100-seed-Eruca-sativa-vegetables-Delicious-D021-/270994947494',NULL),(528,'price','2012.6.17','1 Bag 100 seed Eruca sativa vegetables Delicious D021','http://www.ebay.com/itm/1-Bag-100-seed-Eruca-sativa-vegetables-Delicious-D021-/251085097589',NULL),(529,'price','2012.6.17','GARDEN ROCKET (Eruca Sativa) Herb/Vegetable X 150 Seeds','http://www.ebay.com/itm/GARDEN-ROCKET-Eruca-Sativa-Herb-Vegetable-X-150-Seeds-/251075012563',NULL),(530,'price','2012.6.17','PURSLANE (Portulaca oleracea sativa) HERB X 100 Seeds','http://www.ebay.com/itm/PURSLANE-Portulaca-oleracea-sativa-HERB-X-100-Seeds-/250942464123',NULL),(531,'price','2012.6.17','Arugula  Roquette  Eruca Sativa seeds (HE0040)','http://www.ebay.com/itm/Arugula-Roquette-Eruca-Sativa-seeds-HE0040-/310369439956',NULL),(532,'price','2012.6.17','CAT GRASS (Avena Sativa) - 100 seeds','http://www.ebay.com/itm/CAT-GRASS-Avena-Sativa-100-seeds-/380096160325',NULL),(533,'price','2012.6.17','ROCKET OLIVETTA ( eruca sativa) SEEDS V 230','http://www.ebay.com/itm/ROCKET-OLIVETTA-eruca-sativa-SEEDS-V-230-/350400056462',NULL),(534,'price','2012.6.17','1 oz Heirloom Black Cumin  Nigella Sativa  Hubbatul Barakah  Kalonji Seeds','http://www.ebay.com/itm/1-oz-Heirloom-Black-Cumin-Nigella-Sativa-Hubbatul-Barakah-Kalonji-Seeds-/221013823453',NULL),(535,'price','2012.6.17','ERUCA SATiVA 500+ seeds   vegetable (organic)','http://www.ebay.com/itm/ERUCA-SATiVA-500-seeds-vegetable-organic-/270984670176',NULL),(536,'price','2012.6.17','Purslane (PortulacaOler acea Sativa) 50 seeds','http://www.ebay.com/itm/Purslane-PortulacaOleracea-Sativa-50-seeds-/261044449424',NULL),(537,'price','2012.6.17','100+ Black Cumin Seeds Nigella Sativa~Roman Corriander','http://www.ebay.com/itm/100-Black-Cumin-Seeds-Nigella-Sativa-Roman-Corriander-/160803446734',NULL),(538,'price','2012.6.17','100 Seeds  Cumin \"Black\" (Nigella sativa) Seeds By Seed Needs','http://www.amazon.com/Seeds-Nigella-sativa-Seed-Needs/dp/B0048NXD5E',NULL),(539,'price','2012.6.17','David\'s Non-Hybrid Greens Goldberg Golden Purslan (Portulaca oleracea sativa) 300 Seeds per Packet','http://www.amazon.com/Davids-Non-Hybrid-Goldberg-Portulaca-Seeds/dp/B004GNI62Q',NULL),(540,'price','2012.6.17','Purslane (Portulaca Oleracea Sativa) 50 Seeds','http://www.amazon.com/Purslane-Portulaca-Oleracea-Sativa-Seeds/dp/B007V347PS',NULL),(541,'price','2012.6.17','David\'s Non-Hybrid Arugula Greens Surrey (Eruca sativa) 500+ Seeds per Packet','http://www.amazon.com/Davids-Non-Hybrid-Arugula-Greens-Seeds/dp/B003XMJT3Q',NULL),(542,'price','2012.6.17','David\'s Non-Hybrid Greens Gruner Red Purslane (Portulaca oleracea sativa) 300 Seeds per Packet','http://www.amazon.com/Davids-Non-Hybrid-Purslane-Portulaca-Seeds/dp/B003XGPAYE',NULL),(543,'price','2012.6.17','Cypress Leyland Murray tree ~Great for privacy~ FAST GROWING 3\" pot Great Starter Plant','http://www.amazon.com/Cypress-Leyland-privacy%7E-GROWING-Starter/dp/B003JPP9L8',NULL),(544,'price','2012.6.17','Cusco\'s Giant White Corn Seeds ? Peruvian Zea Mays ? theseedhouse ? 20 Seeds ?','http://www.ebay.com/itm/Cuscos-Giant-White-Corn-Seeds-Peruvian-Zea-Mays-theseedhouse-20-Seeds-/170851503196',NULL),(545,'price','2012.6.17','Strawberry Popcorn Seeds ? Ruby Red Zea Mays ? Heirloom ? theseedhouse? 50 Seeds','http://www.ebay.com/itm/Strawberry-Popcorn-Seeds-Ruby-Red-Zea-Mays-Heirloom-theseedhouse-50-Seeds-/170855813589',NULL),(546,'price','2012.6.17','Sweetcorn - 40 Seeds - Oaxacan Green - Heirloom Cultivar Corn Zea Mays','http://www.ebay.com/itm/Sweetcorn-40-Seeds-Oaxacan-Green-Heirloom-Cultivar-Corn-Zea-Mays-/150823572110',NULL),(547,'price','2012.6.17','Bloody Butcher Corn Sweetcorn- 40 Seeds - Heirloom Cultivar Zea Mays','http://www.ebay.com/itm/Bloody-Butcher-Corn-Sweetcorn-40-Seeds-Heirloom-Cultivar-Zea-Mays-/150823572844',NULL),(548,'price','2012.6.17','Corn Golden Bantam 12 (Zea mays) 100 Commercial Quality Seeds','http://www.ebay.com/itm/Corn-Golden-Bantam-12-Zea-mays-100-Commercial-Quality-Seeds-/270983959503',NULL),(549,'price','2012.6.17','100 ORNAMENTAL INDIAN CORN WAMPUM Zea Mays Seeds CombSH','http://www.ebay.com/itm/100-ORNAMENTAL-INDIAN-CORN-WAMPUM-Zea-Mays-Seeds-CombSH-/270993494940',NULL),(550,'price','2012.6.17','Cusco\'s Giant White Corn Seeds ~ Peruvian Zea Mays ~ theseedhouse ~ 20 Seeds','http://www.ebay.com/itm/Cuscos-Giant-White-Corn-Seeds-Peruvian-Zea-Mays-theseedhouse-20-Seeds-/180901332004',NULL),(551,'price','2012.6.17','Dakota Black Popcorn Seeds ? Rare Zea Mays ? Grow Your Own Popcorn ? 50+ Seeds?','http://www.ebay.com/itm/Dakota-Black-Popcorn-Seeds-Rare-Zea-Mays-Grow-Your-Own-Popcorn-50-Seeds-/170855209546',NULL),(552,'price','2012.6.17','Tom Thumb Popcorn Seeds ? Zea Mays ? Organic ? Children\'s Garden ? 50 Seeds ?','http://www.ebay.com/itm/Tom-Thumb-Popcorn-Seeds-Zea-Mays-Organic-Childrens-Garden-50-Seeds-/170855839645',NULL),(553,'price','2012.6.17','Sweetcorn - 40 Seeds - Black Aztec - Heirloom Cultivar Corn Zea Mays','http://www.ebay.com/itm/Sweetcorn-40-Seeds-Black-Aztec-Heirloom-Cultivar-Corn-Zea-Mays-/150823572544',NULL),(554,'price','2012.6.17','Dakota Black Popcorn Seeds ? Rare Zea Mays ? Grow Your Own Popcorn ? 50+ Seeds?','http://www.ebay.com/itm/Dakota-Black-Popcorn-Seeds-Rare-Zea-Mays-Grow-Your-Own-Popcorn-50-Seeds-/180901944775',NULL),(555,'price','2012.6.17','150 STRAWBERRY POPCORN CORN Zea Mays Seeds + Free Gift','http://www.ebay.com/itm/150-STRAWBERRY-POPCORN-CORN-Zea-Mays-Seeds-Free-Gift-/300716646961',NULL),(556,'price','2012.6.17','Miniature Blue Popcorn Seeds ? Very Cute Blue Mini Corn ? Zea Mays ? 50+ Seeds ?','http://www.ebay.com/itm/Miniature-Blue-Popcorn-Seeds-Very-Cute-Blue-Mini-Corn-Zea-Mays-50-Seeds-/180900417953',NULL),(557,'price','2012.6.17','Smoke Signal Popcorn Seeds ? Heirloom Zea Mays ? Colorful Kernels ? 50 Seeds ?','http://www.ebay.com/itm/Smoke-Signal-Popcorn-Seeds-Heirloom-Zea-Mays-Colorful-Kernels-50-Seeds-/180900645213',NULL),(558,'price','2012.6.17','LIMONES Street Sign - Personalized Last Name Sign','http://www.ebay.com/itm/LIMONES-Street-Sign-Personalized-Last-Name-Sign-/250272071069',NULL),(559,'price','2012.6.17','Cocktail Tree - Two Trees in One Pot - Meyer Lemon & Key Lime - Fruiting Size','http://www.ebay.com/itm/Cocktail-Tree-Two-Trees-in-One-Pot-Meyer-Lemon-Key-Lime-Fruiting-Size-/370620122078',NULL),(560,'price','2012.6.17','9) Meyer Lemon (10+ Seeds)','http://www.ebay.com/itm/9-Meyer-Lemon-10-Seeds-/251083411521',NULL),(561,'price','2012.6.17','Meyer lemon tree 10 fresh seeds Great indoor plant  Easy to grow in a container.','http://www.ebay.com/itm/Meyer-lemon-tree-10-fresh-seeds-Great-indoor-plant-Easy-to-grow-in-a-container-/261030600914',NULL),(562,'price','2012.6.17','1 Key Lime Tree/Seedling and 1 Meyer Lemon Tree/Seedling','http://www.ebay.com/itm/1-Key-Lime-Tree-Seedling-and-1-Meyer-Lemon-Tree-Seedling-/130711360847',NULL),(563,'price','2012.6.17','1 meyer lemon Tree/Seedling','http://www.ebay.com/itm/1-meyer-lemon-Tree-Seedling-/130712587599',NULL),(564,'price','2012.6.17','SANTANA Tropical Hibiscus -- Plant in 4.5\" pot','http://www.ebay.com/itm/SANTANA-Tropical-Hibiscus-Plant-in-4-5-pot-/221046859760',NULL),(565,'price','2012.6.17','buddleia SANTANA variegated shrub mini butterfly bush ***1 QT Potted Plant***','http://www.ebay.com/itm/buddleia-SANTANA-variegated-shrub-mini-butterfly-bush-1-QT-Potted-Plant-/120920491475',NULL),(566,'price','2012.6.17','Lemon \'Meyer Improved\' Tree','http://www.amazon.com/Wayside-Gardens-Lemon-Meyer-Improved/dp/B007Q72L7A',NULL),(567,'price','2012.6.17','1-2 Year Old Improved Meyer Lemon Tree','http://www.amazon.com/Year-Improved-Meyer-Lemon-Tree/dp/B0089QNW34',NULL),(568,'price','2012.6.17','GRAFTED Midnight Valencia Orange Citrus Tree for patio or container [GC023]','http://www.ebay.com/itm/GRAFTED-Midnight-Valencia-Orange-Citrus-Tree-for-patio-or-container-GC023-/221047532075',NULL),(569,'price','2012.6.17','GRAFTED Midnight Valencia Orange Citrus Tree for patio or container [GC023]','http://www.ebay.com/itm/GRAFTED-Midnight-Valencia-Orange-Citrus-Tree-for-patio-or-container-GC023-/221044997693',NULL),(570,'price','2012.6.17','Valencia Orange Citrus Fruit Tree LIVE 3\' Grafted 5 gal','http://www.ebay.com/itm/Valencia-Orange-Citrus-Fruit-Tree-LIVE-3-Grafted-5-gal-/390423159165',NULL),(571,'price','2012.6.17','Valencia Orange FRUIT TREE SEEDS','http://www.ebay.com/itm/Valencia-Orange-FRUIT-TREE-SEEDS-/280889335171',NULL),(572,'price','2012.6.17','SD0514 Lemon Seeds  Limon Citrus Seeds  90%+ Germination  Fresh Seeds','http://www.ebay.com/itm/SD0514-Lemon-Seeds-Limon-Citrus-Seeds-90-Germination-Fresh-Seeds-/170839311208',NULL),(573,'price','2012.6.17','Rare FRESH AMALFI Lemon SEEDS Var.SFUS ATO AMALFITANO Cit rus limon LIMONCEL LO','http://www.ebay.com/itm/Rare-FRESH-AMALFI-Lemon-SEEDS-Var-SFUSATO-AMALFITANO-Citrus-limon-LIMONCELLO-/300725183862',NULL),(574,'price','2012.6.17','1-2 Year Old Dwarf Valencia Orange Tree','http://www.amazon.com/Year-Dwarf-Valencia-Orange-Tree/dp/B0089QN32E',NULL),(575,'price','2012.6.17','David\'s Orange Organic Heirloom Tomato Valencia (Solanum lycopersicum) 30 Seeds per Packet','http://www.amazon.com/Davids-Heirloom-Valencia-lycopersicum-Seeds/dp/B0042C8DWO',NULL),(576,'price','2012.6.17','Bird of Paradise Grapefruit / Citrus Spoons -- set of 8','http://www.ebay.com/itm/Bird-of-Paradise-Grapefruit-Citrus-Spoons-set-of-8-/370274803026',NULL),(577,'price','2012.6.17','6 - Pack Soy Wax Tarts Fruit  Berry  Citrus U Pick Your Scent  A Through M','http://www.ebay.com/itm/6-Pack-Soy-Wax-Tarts-Fruit-Berry-Citrus-U-Pick-Your-Scent-A-Through-M-/230736611970',NULL),(578,'price','2012.6.17','50 PURPLE FOUNTAIN GRASS Pennisetum Flower Seeds CombSH','http://www.ebay.com/itm/50-PURPLE-FOUNTAIN-GRASS-Pennisetum-Flower-Seeds-CombSH-/300725821445',NULL),(579,'price','2012.6.17','FOUNTAIN GRASS (Pennisetum alopecuroides) 50 seeds','http://www.ebay.com/itm/FOUNTAIN-GRASS-Pennisetum-alopecuroides-50-seeds-/221039858515',NULL),(580,'price','2012.6.17','50 PURPLE FOUNTAIN GRASS Pennisetum Ornamental Flower Seeds + Gift & Comb S/H','http://www.ebay.com/itm/50-PURPLE-FOUNTAIN-GRASS-Pennisetum-Ornamental-Flower-Seeds-Gift-Comb-S-H-/221040163678',NULL),(581,'price','2012.6.17','30 WHITE FOUNTAIN GRASS Pennisetum Setaceum Ornamental Flower Seeds *Comb S/H','http://www.ebay.com/itm/30-WHITE-FOUNTAIN-GRASS-Pennisetum-Setaceum-Ornamental-Flower-Seeds-Comb-S-H-/221042954324',NULL),(582,'price','2012.6.17','Purple Fountain Grass...Pennis etum Red Riding Hood\'!!!! .\'..Live plant!','http://www.ebay.com/itm/Purple-Fountain-Grass-Pennisetum-Red-Riding-Hood-Live-plant-/140771719747',NULL),(583,'price','2012.6.17','Fountain Grass - Rueppelii - 500 Seeds','http://www.amazon.com/Fountain-Grass-Rueppelii-500-Seeds/dp/B004N8JU9C',NULL),(584,'price','2012.6.17','Lemongrass Lot of 4 Live Rooted Plants - Aromatic Edible Ornamental','http://www.etsy.com/listing/27544363/lemongrass-lot-of-4-live-rooted-plants',NULL),(585,'price','2012.6.17','Crabtree & Evelyn West Indian Lime - Body Wash','http://www.amazon.com/Crabtree-Evelyn-West-Indian-Lime/dp/B0028OE8DQ',NULL),(586,'price','2012.6.17','THE MONEY-TREE 1973 - Li Meng James Yi Kenneth Tsang all region 0 HK DVD Eng sub','http://www.ebay.com/itm/THE-MONEY-TREE-1973-Li-Meng-James-Yi-Kenneth-Tsang-all-region-0-HK-DVD-Eng-sub-/150835866237',NULL),(587,'price','2012.6.17','Cornucopia II: A Source Book of Edible Plants','http://www.amazon.com/Cornucopia-II-Source-Edible-Plants/dp/0962808725',NULL),(588,'price','2012.6.17','* ORANGE JASMINE * FRAGRANT!! SEEDS','http://www.ebay.com/itm/ORANGE-JASMINE-FRAGRANT-SEEDS-/190689613551',NULL),(589,'price','2012.6.17','Orange Jasmine Fragrant Bonsai or Houseplant- 5 Seeds','http://www.ebay.com/itm/Orange-Jasmine-Fragrant-Bonsai-or-Houseplant-5-Seeds-/120925444194',NULL),(590,'price','2012.6.17','Orange Jasmine Fragrant Bonsai or Houseplant- 5 Seeds','http://www.ebay.com/itm/Orange-Jasmine-Fragrant-Bonsai-or-Houseplant-5-Seeds-/110882473184',NULL),(591,'price','2012.6.17','Hirt\'s Ming Bonsai Tree plus Chinese Mudman - Polyscias','http://www.amazon.com/Hirts-Ming-Bonsai-Chinese-Mudman/dp/B0010SL4NS',NULL),(592,'price','2012.6.17','Bonsai Boy\'s Flowering Chinese Perfume Bonsai Tree aglaia orodata','http://www.amazon.com/Bonsai-Flowering-Chinese-Perfume-orodata/dp/B003A5DS3S',NULL),(593,'price','2012.6.17','Good Hope Clivia Plant - RARE - 4\" pot - NEW','http://www.amazon.com/Good-Hope-Clivia-Plant-RARE/dp/B000MXIY1W',NULL),(594,'price','2012.6.17','Orange Jasmine 3 Seeds','http://www.amazon.com/hg-Orange-Jasmine-3-Seeds/dp/B007QY9R7A',NULL),(595,'price','2012.6.17','LOU\'S BONSAI NURSERY ORANGE FLOWERING JASMINE BONSAI TREE. (NEW ITEM)','http://www.amazon.com/LOUS-BONSAI-NURSERY-FLOWERING-JASMINE/dp/B000N7MKRQ',NULL),(596,'price','2012.6.17','Blood Orange Bonsai Tree -10 yrs old - Indoor Fruiting','http://www.ebay.com/itm/Blood-Orange-Bonsai-Tree-10-yrs-old-Indoor-Fruiting-/190683127904',NULL),(597,'price','2012.6.17','Moro Blood Orange Tree','http://www.ebay.com/itm/Moro-Blood-Orange-Tree-/251084647145',NULL),(598,'price','2012.6.17','GRAFTED Moro Blood Orange Grafted Citrus Tree for containers [GC018]','http://www.ebay.com/itm/GRAFTED-Moro-Blood-Orange-Grafted-Citrus-Tree-for-containers-GC018-/221046891800',NULL),(599,'price','2012.6.17','ORANGE BLOOD ORANGE FRUIT TREE SEEDS','http://www.ebay.com/itm/ORANGE-BLOOD-ORANGE-FRUIT-TREE-SEEDS-/280889335178',NULL),(600,'price','2012.6.17','100 Seeds Sedum \"Dragon\'s Blood\" (Sedum spurium coccineum) Seeds by Seed Needs','http://www.amazon.com/Dragons-spurium-coccineum-Seed-Needs/dp/B002V591V6',NULL),(601,'price','2012.6.17','Blood Red Atomic Carrot 300 Seeds -Blood Red Atomic NEW - Veggie','http://www.amazon.com/Blood-Atomic-Carrot-Seeds--Blood/dp/B004E3L0HG',NULL),(602,'price','2012.6.17','GRAFTED Moro Blood Orange Grafted Citrus Tree for containers [GC018]','http://www.amazon.com/GRAFTED-Orange-Grafted-Citrus-containers/dp/B0088HAG10',NULL),(603,'price','2012.6.17','Butterfly Scarlet milkweed Bloodflower Seeds 50','http://www.amazon.com/Butterfly-Scarlet-milkweed-Bloodflower-Seeds/dp/B0046JY8NG',NULL),(604,'price','2012.6.17','Semi Dwarf Tarocco Blood Orange Tree Five Gallon','http://www.amazon.com/Dwarf-Tarocco-Blood-Orange-Gallon/dp/B0046I075U',NULL),(605,'price','2012.6.17','Cosmos \'Dwarf Lemon\' - Jumbo Wildflower Seed Packet (500)','http://www.ebay.com/itm/Cosmos-Dwarf-Lemon-Jumbo-Wildflower-Seed-Packet-500-/310401177178',NULL),(606,'price','2012.6.17','THREE \'Lemon Twist\' Cypress Trees. Mini Dwarf Conifer','http://www.ebay.com/itm/THREE-Lemon-Twist-Cypress-Trees-Mini-Dwarf-Conifer-/251082559965',NULL),(607,'price','2012.6.17','1 Oz - Cosmos \'Dwarf Lemon\' Bulk Wildflower Seeds','http://www.ebay.com/itm/1-Oz-Cosmos-Dwarf-Lemon-Bulk-Wildflower-Seeds-/290713231590',NULL),(608,'price','2012.6.17','1/4 Lb - Cosmos \'Dwarf Lemon\' Bulk Wildflower Seeds','http://www.ebay.com/itm/1-4-Lb-Cosmos-Dwarf-Lemon-Bulk-Wildflower-Seeds-/290713241747',NULL),(609,'price','2012.6.17','cosmos  LADYBIRD DWARF LEMON  135 seeds! GroCo','http://www.ebay.com/itm/cosmos-LADYBIRD-DWARF-LEMON-135-seeds-GroCo-/110826546550',NULL),(610,'price','2012.6.17','Dwarf Guava \'Lemon Guava\' (Psidium littora (Psidium littorale) tree fruit seeds.','http://www.ebay.com/itm/Dwarf-Guava-Lemon-Guava-Psidium-littora-Psidium-littorale-tree-fruit-seeds-/110894803962',NULL),(611,'price','2012.6.17','Aphelandra Sinclairiana Orange Shrimp Plant Panama Queen  well rooted in a 5\"pot','http://www.ebay.com/itm/Aphelandra-Sinclairiana-Orange-Shrimp-Plant-Panama-Queen-well-rooted-in-a-5-pot-/261043713433',NULL),(612,'price','2012.6.17','1 Lb - Cosmos \'Dwarf Lemon\' Bulk Wildflower Seeds','http://www.amazon.com/Lb-Cosmos-Dwarf-Lemon-Wildflower/dp/B006ZG1HJG',NULL),(613,'price','2012.6.17','Hirt\'s Pink Lemonade Blueberry Plant - Be the 1st on the Block','http://www.amazon.com/Hirts-Pink-Lemonade-Blueberry-Plant/dp/B003ZA1KNS',NULL),(614,'price','2012.6.17','1/4 Lb - Cosmos \'Dwarf Lemon\' Bulk Wildflower Seeds','http://www.amazon.com/Lb-Cosmos-Dwarf-Lemon-Wildflower/dp/B006ZG45X6',NULL),(615,'price','2012.6.17','1 Oz - Cosmos \'Dwarf Lemon\' Bulk Wildflower Seeds','http://www.amazon.com/Oz-Cosmos-Dwarf-Lemon-Wildflower/dp/B006ZG2PNI',NULL),(616,'price','2012.6.17','Kike Calvo Panama - Orange tree frog walking - Light Switch Covers - 2 plug outlet cover','http://www.amazon.com/Kike-Calvo-Panama-Orange-walking/dp/B004PR7KT8',NULL),(617,'price','2012.6.17','Plants For Dry Climates: How To Select  Grow  And Enjoy  Revised Edition','http://www.amazon.com/Plants-For-Dry-Climates-Revised/dp/1555612512',NULL),(618,'price','2012.6.17','10x Q10 Face Mask - Luffa & Adlay or Aloe or Grape Seed & Green Tea','http://www.ebay.com/itm/10x-Q10-Face-Mask-Luffa-Adlay-or-Aloe-or-Grape-Seed-Green-Tea-/320922666442',NULL),(619,'price','2012.6.17','NARUKO Job\'s Tears Whitening & Cooling Night Gelly (adlay) SALE!!','http://www.ebay.com/itm/NARUKO-Jobs-Tears-Whitening-Cooling-Night-Gelly-adlay-SALE-/180787483514',NULL),(620,'price','2012.6.17','Hunter Boot Adlay Shearling Short Boot','http://www.ebay.com/itm/Hunter-Boot-Adlay-Shearling-Short-Boot-/280886968955',NULL),(621,'price','2012.6.17','YUZU Japanese Fruit Concentrated Pure Perfume Roll On','http://www.ebay.com/itm/YUZU-Japanese-Fruit-Concentrated-Pure-Perfume-Roll-On-/150550787329',NULL),(622,'price','2012.6.17','SHIKAI SHOWER GEL YUZU FRUIT 12 OZ','http://www.ebay.com/itm/SHIKAI-SHOWER-GEL-YUZU-FRUIT-12-OZ-/250829532941',NULL),(623,'price','2012.6.17','Shikai Products Moisturizing Shower Bath Gel Yuzu Fruit','http://www.ebay.com/itm/Shikai-Products-Moisturizing-Shower-Bath-Gel-Yuzu-Fruit-/280574912172',NULL),(624,'price','2012.6.17','Shikai: Hand and Body Lotion  Yuzu Fruit Japanese Citrus 8 oz','http://www.ebay.com/itm/Shikai-Hand-and-Body-Lotion-Yuzu-Fruit-Japanese-Citrus-8-oz-/170853484851',NULL),(625,'price','2012.6.17','SD0513 Citron  Pomelo (Grapefruit) FRUIT SEEDS Lemon Fragrant Sour Fruit Seeds','http://www.ebay.com/itm/SD0513-Citron-Pomelo-Grapefruit-FRUIT-SEEDS-Lemon-Fragrant-Sour-Fruit-Seeds-/170839311172',NULL),(626,'price','2012.6.17','CITRON MELON Watermelon PICKLES pickle seeds PRESERVES','http://www.ebay.com/itm/CITRON-MELON-Watermelon-PICKLES-pickle-seeds-PRESERVES-/360312101174',NULL),(627,'price','2012.6.17','MOONWALKER SUNFLOWER 20 SEED CITRON YELLOW BROWN CENTER','http://www.ebay.com/itm/MOONWALKER-SUNFLOWER-20-SEED-CITRON-YELLOW-BROWN-CENTER-/190465366660',NULL),(628,'price','2012.6.17','Alyssum Wonderland Citron Fragrant 200 seeds+FREE! Free Ship on Additional Items','http://www.ebay.com/itm/Alyssum-Wonderland-Citron-Fragrant-200-seeds-FREE-Free-Ship-on-Additional-Items-/310403689701',NULL),(629,'price','2012.6.17','Evolution of Crop Plants','http://www.amazon.com/Evolution-Crop-Plants-Joseph-Smartt/dp/0582086434',NULL),(630,'price','2012.6.17','Que hago si mi media naranja es toronja? / What Should I do if My Half Orange is Grapefruit?: Guia para comprender  tolerar y amar a nuestra pareja ... our partner using the brain (Spanish Edition)','http://www.amazon.com/naranja-toronja-Should-Orange-Grapefruit/dp/9682472474',NULL),(631,'price','2012.6.17','San Pellegrino Pompelmo (Grapefruit) 11.15 Oz (Case of 24)','http://www.amazon.com/San-Pellegrino-Pompelmo-Grapefruit-11-15/dp/B0075LFKRK',NULL),(632,'price','2012.6.17','Reprint Historic Japanese Print Drawing shows the unshu mikan  a type of orange  with stem  part of branch  and leaves','http://www.amazon.com/Reprint-Historic-Japanese-Drawing-orange/dp/B004MKVO9A',NULL),(633,'price','2012.6.17','KEY LIME TREE Mexican Patio Citrus Live Plant *Healthy*','http://www.ebay.com/itm/KEY-LIME-TREE-Mexican-Patio-Citrus-Live-Plant-Healthy-/150832345647',NULL),(634,'price','2012.6.17','Coccothrinax alta Palm tree 25 seeds','http://www.ebay.com/itm/Coccothrinax-alta-Palm-tree-25-seeds-/221044875038',NULL),(635,'price','2012.6.17','Coccothrinax alta Palm tree 50 seeds','http://www.ebay.com/itm/Coccothrinax-alta-Palm-tree-50-seeds-/221046916733',NULL),(636,'price','2012.6.17','Radish Seeds: Alta Globe Radish Seeds FRESH SEED','http://www.ebay.com/itm/Radish-Seeds-Alta-Globe-Radish-Seeds-FRESH-SEED-/110891076809',NULL),(637,'price','2012.6.17','La Pequena Ciudad En La Pradera (Little House-the Laura Years) (Spanish Edition)','http://www.amazon.com/Pequena-Ciudad-Pradera-Spanish-Edition/dp/8427932359',NULL),(638,'price','2012.6.17','Plant species effects on methane emissions from freshwater marshes [An article from: Atmospheric Environment]','http://www.amazon.com/species-effects-methane-emissions-freshwater/dp/B000RR4IFO',NULL),(639,'price','2012.6.17','Allelopathic potential of Citrus junos fruit waste from food processing industry [An article from: Bioresource Technology]','http://www.amazon.com/Allelopathic-potential-Citrus-processing-industry/dp/B000RQZTJO',NULL),(640,'price','2012.6.17','CORYPHANTHA (Coryphantha maiz-tablasens is) 20 seeds','http://www.ebay.com/itm/CORYPHANTHA-Coryphantha-maiz-tablasensis-20-seeds-/220858576692',NULL),(641,'price','2012.6.17','200 Seeds  Calendula \"Golden Emperor\" (Calendula officinalis) Seeds by Seed Needs','http://www.amazon.com/Calendula-Emperor-officinalis-Seed-Needs/dp/B0072JODB4',NULL),(642,'price','2012.6.17','Borage Herb 35 Seeds-Borage officinalis-GARDEN FRESH!','http://www.amazon.com/Borage-Herb-Seeds-Borage-officinalis-GARDEN-FRESH/dp/B001LA4IVA',NULL),(643,'price','2012.6.17','50 Seeds  Italian Rosemary (Rosmarinus officinalis) Seeds By Seed Needs','http://www.amazon.com/Rosemary-Rosmarinus-officinalis-Seed-Needs/dp/B004HMPTVM',NULL),(644,'price','2012.6.17','85 Seeds  Asparagus \"Mary Washington\" (Asparagus officinalis) Seeds By Seed Needs','http://www.amazon.com/Asparagus-Washington-officinalis-Seed-Needs/dp/B004ECJTKM',NULL),(645,'price','2012.6.17','200 Seeds  Calendula \"Pacific Beauty Orange\" (Calendula officinalis) Seeds by Seed Needs','http://www.amazon.com/Calendula-Pacific-officinalis-Seed-Needs/dp/B00737F6BQ',NULL),(646,'price','2012.6.17','200 Seeds  Calendula \"Ball\'s Improved Orange\" (Calendula officinalis) Seeds by Seed Needs','http://www.amazon.com/Calendula-Improved-officinalis-Seed-Needs/dp/B0072JWOOW',NULL),(647,'price','2012.6.17','20 Asiatic Dogwood Tree  Japanese Cornel Dogwood SEEDS Cornus officinalis MEDICINAL BERRIES','http://www.amazon.com/Asiatic-Dogwood-Japanese-officinalis-MEDICINAL/dp/B007U0889I',NULL),(648,'price','2012.6.17','1 oz (3 000+) PEPPERY GARDEN SAGE HERB SEEDS Salvia officinalis ~Perennial evergreen shrub','http://www.amazon.com/PEPPERY-GARDEN-officinalis-%7EPerennial-evergreen/dp/B006JV2A20',NULL),(649,'price','2012.6.17','Calendula officinalis Pacific Beauty Mix Seed - 1 oz Seed Packet','http://www.amazon.com/Calendula-officinalis-Pacific-Beauty-Seed/dp/B007JOHD9Q',NULL),(650,'price','2012.6.17','1 LB (2 600+) Asiatic Dogwood Tree  Japanese Cornel Dogwood SEEDS Cornus officinalis MEDICINAL BERRIES','http://www.amazon.com/Asiatic-Dogwood-Japanese-officinalis-MEDICINAL/dp/B007U09MDY',NULL),(651,'price','2012.6.17','Todd\'s Seeds - Calendula officinalis Pacific Beauty Mix Seed - 1 oz Seed Packet','http://www.amazon.com/Todds-Seeds-Calendula-officinalis-Pacific/dp/B007TBO98C',NULL),(652,'price','2012.6.17','Cornus officinalis: Japanese Cornel Dogwood Seeds','http://www.amazon.com/Cornus-officinalis-Japanese-Cornel-Dogwood/dp/B0002ITOPM',NULL),(653,'price','2012.6.17','Borage Herb 50 Seeds-Borage officinalis-GARDEN FRESH!','http://www.amazon.com/Borage-Herb-Seeds-Borage-officinalis-GARDEN-FRESH/dp/B003PP0CE6',NULL),(654,'price','2012.6.17','Todd\'s Seeds - Calendula officinalis Fancy Mix Seed - 1 oz Seed Packet','http://www.amazon.com/Todds-Seeds-Calendula-officinalis-Packet/dp/B007TBO8LA',NULL),(655,'price','2012.6.17','200 Seeds  Calendula \"Pacific Beauty Yellow\" (Calendula officinalis) Seeds by Seed Needs','http://www.amazon.com/Calendula-Pacific-officinalis-Seed-Needs/dp/B0072JMU2I',NULL),(656,'price','2012.6.17','100 Seeds  Lavender \"Italian\" (Lavandula angustifolia) Seeds By Seed Needs','http://www.amazon.com/Lavender-Lavandula-angustifolia-Seed-Needs/dp/B004HMU1H4',NULL),(657,'price','2012.6.17','DANDELION organic high Calcium TORTOISE FOOD 1000+ seed','http://www.amazon.com/DANDELION-organic-high-Calcium-TORTOISE/dp/B0047TIL60',NULL),(658,'price','2012.6.17','Lemon Balm Herb 100 Seeds - GARDEN FRESH PACK!','http://www.amazon.com/Lemon-Balm-Herb-100-Seeds/dp/B001LBRS52',NULL),(659,'price','2012.6.17','Calendula - Geisha Girl - 1000 Seeds','http://www.amazon.com/Calendula-Geisha-Girl-1000-Seeds/dp/B004HPPGEE',NULL),(660,'price','2012.6.17','Sage - 1 OZ','http://www.amazon.com/Outsidepride-Herb-Seed-Sage-OZ/dp/B004J660TG',NULL),(661,'price','2012.6.17','Calendula - Golden Emperor - 1000 Seeds','http://www.amazon.com/Calendula-Golden-Emperor-1000-Seeds/dp/B004HPR0BG',NULL),(662,'price','2012.6.17','Calendula - Orange King - 1000 Seeds','http://www.amazon.com/Calendula-Orange-King-1000-Seeds/dp/B004HPLWQU',NULL),(663,'price','2012.6.17','200 Seeds  Cress \"Watercress\" (Nasturtium officinale) Seeds by Seed Needs','http://www.amazon.com/Watercress-Nasturtium-officinale-Seed-Needs/dp/B0047JX2XM',NULL),(664,'price','2012.6.17','DANDELION organic high Calcium TORTOISE FOOD 100 seeds','http://www.amazon.com/DANDELION-organic-Calcium-TORTOISE-seeds/dp/B0047TG842',NULL),(665,'price','2012.6.17','250 Seeds  Organic Arugula Herb (Eruca sativa) Seeds By Seed Need','http://www.amazon.com/Seeds-Organic-Arugula-sativa-Seed/dp/B003TA1KD4',NULL),(666,'price','2012.6.17','Cat Grass Seeds 15 grams','http://www.amazon.com/Cat-Grass-Seeds-15-grams/dp/B0012YEKCW',NULL),(667,'price','2012.6.17','Calendula - Pink Surprise - 1000 Seeds','http://www.amazon.com/Calendula-Pink-Surprise-1000-Seeds/dp/B004HPR0F2',NULL),(668,'price','2012.6.17','200+ Hyssop Seeds By Seed Needs','http://www.amazon.com/200-Hyssop-Seeds-Seed-Needs/dp/B004GGAM9I',NULL),(669,'price','2012.6.17','DANDELION organic high Calcium TORTOISE FOOD 500+ seeds','http://www.amazon.com/DANDELION-organic-Calcium-TORTOISE-seeds/dp/B0047TIH5U',NULL),(670,'price','2012.6.17','Borage - 1 OZ','http://www.amazon.com/Outsidepride-Herb-Seed-Borage-OZ/dp/B004VU1180',NULL),(671,'price','2012.6.17','ROSEMARY Rosmarinus Officinalis --- 10 Herb Seeds','http://www.amazon.com/ROSEMARY-Rosmarinus-Officinalis-Herb-Seeds/dp/B0028IHF2S',NULL),(672,'price','2012.6.17','4 oz (650+) Asiatic Dogwood Tree  Japanese Cornel Dogwood SEEDS Cornus officinalis MEDICINAL BERRIES','http://www.amazon.com/Asiatic-Dogwood-Japanese-officinalis-MEDICINAL/dp/B007U092AM',NULL),(673,'price','2012.6.17','60 PEPPERY GARDEN SAGE HERB SEEDS Salvia officinalis ~Perennial evergreen shrub','http://www.amazon.com/PEPPERY-GARDEN-officinalis-%7EPerennial-evergreen/dp/B006JV1XGY',NULL),(674,'price','2012.6.17','Valerian - 5000 Seeds','http://www.amazon.com/Outsidepride-Herb-Seed-Valerian-Seeds/dp/B006U1PQY8',NULL),(675,'price','2012.6.17','Hyssop - 1000 Seeds','http://www.amazon.com/Outsidepride-Herb-Seed-Hyssop-Seeds/dp/B006RIDJ0W',NULL),(676,'price','2012.6.17','Calendula officinalis Pacific Beauty Mix Seed - By The Pound','http://www.amazon.com/Calendula-officinalis-Pacific-Beauty-Seed/dp/B007JOHDHS',NULL),(677,'price','2012.6.17','Calendula officinalis Fancy Mix Seed - 1 oz Seed Packet','http://www.amazon.com/Calendula-officinalis-Fancy-Mix-Seed/dp/B007JOHB8Y',NULL),(678,'price','2012.6.17','Rosemary - 1000 Seeds','http://www.amazon.com/Outsidepride-Herb-Seed-Rosemary-Seeds/dp/B004VU6IK6',NULL),(679,'price','2012.6.17','Borage Herb (Borago Officinalis) - 1 oz Seed Packet','http://www.amazon.com/Borage-Herb-Borago-Officinalis-Packet/dp/B007JOGDNI',NULL),(680,'price','2012.6.17','Common Valerian (Valeriana Officinalis) Seed','http://www.amazon.com/Common-Valerian-Valeriana-Officinalis-Seed/dp/B0053HK7PS',NULL),(681,'price','2012.6.17','Lovage - 2000 Seeds','http://www.amazon.com/Outsidepride-Herb-Seed-Lovage-Seeds/dp/B006RIDI08',NULL),(682,'price','2012.6.17','CALENDULA','http://www.amazon.com/MountainMeadowSeeds-CALENDULA-Calendula-Officinalis-Mix/dp/B007196FES',NULL),(683,'price','2012.6.17','DANDELION organic Calcium TORTOISE FOOD 10 000+ seeds','http://www.amazon.com/DANDELION-organic-Calcium-TORTOISE-seeds/dp/B0047TISX6',NULL),(684,'price','2012.6.17','Calendula officinalis Fancy Mix Seed - By The Pound','http://www.amazon.com/Calendula-officinalis-Fancy-Mix-Seed/dp/B007JOHCQU',NULL),(685,'price','2012.6.17','Cat Grass Seed','http://www.amazon.com/Botanical-Interests-7201-Grass-Seed/dp/B00488IECQ',NULL),(686,'price','2012.6.17','Catgrass (Sweet Oats for Cats) 1 000 Seeds Bulk','http://www.amazon.com/Catgrass-Sweet-Oats-Cats-Seeds/dp/B0045826ZU',NULL),(687,'price','2012.6.17','Stuart Avocado Tree Five Gallon','http://www.amazon.com/Stuart-Avocado-Tree-Five-Gallon/dp/B000FJ2C0W',NULL),(688,'price','2012.6.17','2-3 Year Old Brown Turkey Fig Tree in Grower\'s Pot  3 Year Warranty','http://www.amazon.com/Brown-Turkey-Tree-Growers-Warranty/dp/B006544VQ4',NULL),(689,'price','2012.6.17','2-3 Year Old Hachiya Persimmon Tree in Grower\'s Pot  3 Year Warranty','http://www.amazon.com/Hachiya-Persimmon-Tree-Growers-Warranty/dp/B00652YZ4O',NULL),(690,'price','2012.6.17','Rainbow Seeds','http://www.amazon.com/Rainbow-Seeds%C2%AE-Nigella-Sativa%7ERoman-Corriander/dp/B007GR2K58',NULL),(691,'price','2012.6.17','Rainbow Seeds','http://www.amazon.com/Rainbow-Seeds%C2%AE-Nigella-Sativa%7ERoman-Corriander/dp/B007KBYPGM',NULL),(692,'price','2012.6.17','Golden Purslane - 10000 Seeds','http://www.amazon.com/Outsidepride-Herb-Seed-Golden-Purslane/dp/B007VT5T04',NULL),(693,'price','2012.6.17','Rainbow Seeds','http://www.amazon.com/Rainbow-Seeds%C2%AE-Nigella-Sativa%7ERoman-Corriander/dp/B007SPFQYA',NULL),(694,'price','2012.6.17','Arugula Rocket Salad Seed','http://www.amazon.com/Botanical-Interest-0079-Arugula-Rocket/dp/B002T5T956',NULL),(695,'price','2012.6.17','Black Cumin - 2000 Seeds','http://www.amazon.com/Outsidepride-Herb-Seed-Black-Cumin/dp/B006UTV9QE',NULL),(696,'price','2012.6.17','Marigold Signet Lemon Tangerine Gems Heirloom Seeds','http://www.amazon.com/Marigold-Signet-Lemon-Tangerine-Heirloom/dp/B0032EYLDI',NULL),(697,'price','2012.6.17','Sulphur Cosmos Seeds Dwarf Lemon','http://www.amazon.com/Sulphur-Cosmos-Seeds-Dwarf-Lemon/dp/B007QVFWWW',NULL),(698,'price','2012.6.17','2-3 Year Old Dwarf Tanenashi Persimmon Tree in Grower\'s Pot  3 Year Warranty','http://www.amazon.com/Tanenashi-Persimmon-Tree-Growers-Warranty/dp/B0064CSYA6',NULL),(699,'price','2012.6.17','Red Flame Grapefruit Five Gallon','http://www.amazon.com/Red-Flame-Grapefruit-Five-Gallon/dp/B000Q0RE62',NULL),(700,'price','2012.6.17','Golden Nugget Barberry Plant  One Gallon Container by Monrovia Growers','http://www.amazon.com/Golden-Barberry-Container-Monrovia-Growers/dp/B005JTMXMK',NULL),(701,'price','2012.6.17','White Kadota Fig Tree  Five Gallon Container by Monrovia Growers','http://www.amazon.com/Kadota-Gallon-Container-Monrovia-Growers/dp/B000TGDH28',NULL),(702,'price','2012.6.17','SD0062 Yellow Corn Seeds  Yellow Corn Zea Mays Vegetable Seeds  Corn Seed (15 Seeds)','http://www.amazon.com/SD0062-Yellow-Corn-Seeds-Vegetable/dp/B0086W3ZD8',NULL);
/*!40000 ALTER TABLE `infractions` ENABLE KEYS */;
UNLOCK TABLES;

--
-- Table structure for table `infractions_searchterms`
--

DROP TABLE IF EXISTS `infractions_searchterms`;
/*!40101 SET @saved_cs_client     = @@character_set_client */;
/*!40101 SET character_set_client = utf8 */;
CREATE TABLE `infractions_searchterms` (
  `id` int(11) unsigned NOT NULL AUTO_INCREMENT,
  `searchterms_id` int(11) unsigned DEFAULT NULL,
  `infractions_id` int(11) unsigned DEFAULT NULL,
  PRIMARY KEY (`id`),
  UNIQUE KEY `UQ_0f28642e8b663dd3fd8adfc9b2a128df6af5ab13` (`infractions_id`,`searchterms_id`),
  KEY `index_for_infractions_searchterms_searchterms_id` (`searchterms_id`),
  KEY `index_for_infractions_searchterms_infractions_id` (`infractions_id`),
  CONSTRAINT `infractions_searchterms_ibfk_1` FOREIGN KEY (`searchterms_id`) REFERENCES `searchterms` (`id`) ON DELETE CASCADE,
  CONSTRAINT `infractions_searchterms_ibfk_2` FOREIGN KEY (`infractions_id`) REFERENCES `infractions` (`id`) ON DELETE CASCADE
) ENGINE=InnoDB AUTO_INCREMENT=703 DEFAULT CHARSET=utf8 COLLATE=utf8_unicode_ci;
/*!40101 SET character_set_client = @saved_cs_client */;

--
-- Dumping data for table `infractions_searchterms`
--

LOCK TABLES `infractions_searchterms` WRITE;
/*!40000 ALTER TABLE `infractions_searchterms` DISABLE KEYS */;
INSERT INTO `infractions_searchterms` VALUES (1,1,1),(2,2,2),(3,2,3),(4,3,4),(5,3,5),(6,3,6),(7,3,7),(8,3,8),(9,3,9),(10,3,10),(11,3,11),(12,3,12),(13,3,13),(14,3,14),(15,3,15),(16,3,16),(17,3,17),(18,4,18),(19,5,19),(20,5,20),(21,5,21),(22,5,22),(23,6,23),(24,5,24),(25,5,25),(26,5,26),(27,5,27),(28,5,28),(29,2,29),(30,2,30),(31,7,31),(32,7,32),(33,7,33),(34,7,34),(35,7,35),(36,7,36),(37,8,37),(38,6,38),(39,6,39),(40,6,40),(41,6,41),(42,6,42),(43,6,43),(44,6,44),(45,6,45),(46,6,46),(47,6,47),(48,6,48),(49,6,49),(50,6,50),(51,6,51),(52,6,52),(53,6,53),(54,6,54),(55,6,55),(56,6,56),(57,6,57),(58,6,58),(59,6,59),(60,6,60),(61,6,61),(62,6,62),(63,6,63),(64,6,64),(65,6,65),(66,6,66),(67,6,67),(68,6,68),(69,6,69),(70,6,70),(71,6,71),(72,6,72),(73,6,73),(74,6,74),(75,6,75),(76,6,76),(77,6,77),(78,6,78),(79,6,79),(80,6,80),(81,6,81),(82,6,82),(83,6,83),(84,6,84),(85,6,85),(86,6,86),(87,6,87),(88,6,88),(89,6,89),(90,6,90),(91,6,91),(92,9,92),(93,9,93),(94,9,94),(95,9,95),(96,9,96),(97,9,97),(98,9,98),(99,9,99),(100,9,100),(101,10,101),(102,10,102),(103,10,103),(104,10,104),(105,10,105),(106,10,106),(107,10,107),(108,10,108),(109,10,109),(110,10,110),(111,11,111),(112,11,112),(113,12,113),(114,11,114),(115,13,115),(116,14,116),(117,14,117),(118,14,118),(119,14,119),(120,14,120),(121,14,121),(122,14,122),(123,14,123),(124,14,124),(125,14,125),(126,14,126),(127,14,127),(128,14,128),(129,15,129),(130,15,130),(131,16,131),(132,17,132),(133,18,133),(134,18,134),(135,18,135),(136,18,136),(137,18,137),(138,18,138),(139,18,139),(140,18,140),(141,18,141),(142,18,142),(143,19,143),(144,20,144),(145,20,145),(146,21,146),(147,21,147),(148,21,148),(149,21,149),(150,21,150),(151,21,151),(152,21,152),(153,21,153),(154,21,154),(155,21,155),(156,22,156),(157,22,157),(158,23,158),(159,23,159),(160,23,160),(161,23,161),(162,23,162),(163,24,163),(164,25,164),(165,25,165),(166,25,166),(167,25,167),(168,26,168),(169,26,169),(170,27,170),(171,28,171),(172,28,172),(173,28,173),(174,28,174),(175,28,175),(176,29,176),(177,29,177),(178,29,178),(179,29,179),(180,29,180),(181,30,181),(182,30,182),(183,31,183),(184,31,184),(185,31,185),(186,31,186),(187,31,187),(188,31,188),(189,31,189),(190,31,190),(191,31,191),(192,31,192),(193,31,193),(194,31,194),(195,30,195),(196,31,196),(197,32,197),(198,32,198),(199,33,199),(200,34,200),(201,34,201),(202,34,202),(203,34,203),(204,34,204),(205,34,205),(206,34,206),(207,33,207),(208,33,208),(209,33,209),(210,33,210),(211,33,211),(212,33,212),(213,33,213),(214,33,214),(215,33,215),(216,35,216),(217,36,217),(218,37,218),(219,37,219),(220,37,220),(221,37,221),(222,37,222),(223,37,223),(224,37,224),(225,37,225),(226,37,226),(227,37,227),(228,37,228),(229,37,229),(230,37,230),(231,37,231),(232,37,232),(233,37,233),(234,37,234),(235,37,235),(236,37,236),(237,37,237),(238,37,238),(239,37,239),(240,37,240),(241,37,241),(242,37,242),(243,37,243),(244,37,244),(245,37,245),(246,37,246),(247,37,247),(248,37,248),(249,37,249),(250,37,250),(251,37,251),(252,37,252),(253,37,253),(254,37,254),(255,37,255),(256,37,256),(257,37,257),(258,37,258),(259,37,259),(260,37,260),(261,37,261),(262,37,262),(263,37,263),(264,37,264),(265,37,265),(266,37,266),(267,37,267),(268,37,268),(269,37,269),(270,37,270),(271,37,271),(272,37,272),(273,37,273),(274,37,274),(275,37,275),(276,37,276),(277,37,277),(278,37,278),(279,37,279),(280,37,280),(281,38,281),(282,38,282),(283,38,283),(284,38,284),(285,38,285),(286,38,286),(287,38,287),(288,38,288),(289,38,289),(290,38,290),(291,38,291),(292,39,292),(293,38,293),(294,38,294),(295,40,295),(296,41,296),(297,42,297),(298,43,298),(299,43,299),(300,43,300),(301,43,301),(302,43,302),(303,44,303),(304,45,304),(305,45,305),(306,45,306),(307,45,307),(308,45,308),(309,45,309),(310,45,310),(311,45,311),(312,45,312),(313,45,313),(314,45,314),(315,45,315),(316,45,316),(317,45,317),(318,45,318),(319,45,319),(320,45,320),(321,45,321),(322,45,322),(323,45,323),(324,45,324),(325,45,325),(326,45,326),(327,45,327),(328,45,328),(329,45,329),(330,45,330),(331,45,331),(332,45,332),(333,45,333),(334,45,334),(335,45,335),(336,45,336),(337,45,337),(338,45,338),(339,45,339),(340,45,340),(341,45,341),(342,45,342),(343,45,343),(344,45,344),(345,45,345),(346,45,346),(347,45,347),(348,45,348),(349,45,349),(350,45,350),(351,45,351),(352,45,352),(353,45,353),(354,45,354),(355,46,355),(356,46,356),(357,46,357),(358,46,358),(359,46,359),(360,46,360),(361,46,361),(362,47,362),(363,47,363),(364,47,364),(365,47,365),(366,47,366),(367,47,367),(368,47,368),(369,48,369),(370,48,370),(371,48,371),(372,48,372),(373,48,373),(374,48,374),(375,48,375),(376,48,376),(377,48,377),(378,48,378),(379,48,379),(380,48,380),(381,48,381),(382,48,382),(383,48,383),(384,48,384),(385,48,385),(386,48,386),(387,48,387),(388,48,388),(389,48,389),(390,49,390),(391,50,391),(392,50,392),(393,50,393),(394,50,394),(395,50,395),(396,50,396),(397,50,397),(398,51,398),(399,51,399),(400,51,400),(401,51,401),(402,52,402),(403,53,403),(404,53,404),(405,53,405),(406,53,406),(407,53,407),(408,53,408),(409,53,409),(410,54,410),(411,54,411),(412,55,412),(413,56,413),(414,56,414),(415,56,415),(416,56,416),(417,56,417),(418,56,418),(419,56,419),(420,56,420),(421,56,421),(422,56,422),(423,56,423),(424,56,424),(425,56,425),(426,57,426),(427,57,427),(428,57,428),(429,57,429),(430,57,430),(431,57,431),(432,57,432),(433,58,433),(434,58,434),(435,59,435),(436,59,436),(437,59,437),(438,59,438),(439,60,439),(440,60,440),(441,60,441),(442,60,442),(443,60,443),(444,60,444),(445,60,445),(446,61,446),(447,61,447),(448,61,448),(449,61,449),(450,61,450),(451,61,451),(452,61,452),(453,61,453),(454,61,454),(455,61,455),(456,61,456),(457,61,457),(458,61,458),(459,61,459),(460,61,460),(461,61,461),(462,61,462),(463,61,463),(464,61,464),(465,61,465),(466,61,466),(467,61,467),(468,61,468),(469,61,469),(470,61,470),(471,61,471),(472,61,472),(473,62,473),(474,62,474),(475,62,475),(476,62,476),(477,62,477),(478,62,478),(479,62,479),(480,62,480),(481,62,481),(482,62,482),(483,62,483),(484,62,484),(485,62,485),(486,62,486),(487,62,487),(488,62,488),(489,62,489),(490,62,490),(491,62,491),(492,62,492),(493,62,493),(494,62,494),(495,62,495),(496,62,496),(497,62,497),(498,62,498),(499,62,499),(500,62,500),(501,62,501),(502,62,502),(503,62,503),(504,62,504),(505,62,505),(506,62,506),(507,62,507),(508,62,508),(509,62,509),(510,62,510),(511,62,511),(512,62,512),(513,62,513),(514,62,514),(515,62,515),(516,63,516),(517,63,517),(518,63,518),(519,61,519),(520,64,520),(521,65,521),(522,65,522),(523,66,523),(524,66,524),(525,66,525),(526,66,526),(527,66,527),(528,66,528),(529,66,529),(530,66,530),(531,66,531),(532,66,532),(533,66,533),(534,66,534),(535,66,535),(536,66,536),(537,66,537),(538,66,538),(539,66,539),(540,66,540),(541,66,541),(542,66,542),(543,67,543),(544,68,544),(545,68,545),(546,68,546),(547,68,547),(548,68,548),(549,68,549),(550,68,550),(551,68,551),(552,68,552),(553,68,553),(554,68,554),(555,68,555),(556,68,556),(557,68,557),(558,69,558),(559,70,559),(560,70,560),(561,70,561),(562,70,562),(563,70,563),(564,71,564),(565,71,565),(566,70,566),(567,70,567),(568,72,568),(569,72,569),(570,72,570),(571,72,571),(572,73,572),(573,73,573),(574,72,574),(575,72,575),(576,74,576),(577,74,577),(578,75,578),(579,75,579),(580,75,580),(581,75,581),(582,75,582),(583,75,583),(584,73,584),(585,76,585),(586,77,586),(587,78,587),(588,79,588),(589,79,589),(590,79,590),(591,79,591),(592,79,592),(593,79,593),(594,79,594),(595,79,595),(596,80,596),(597,80,597),(598,80,598),(599,80,599),(600,80,600),(601,80,601),(602,80,602),(603,80,603),(604,80,604),(605,81,605),(606,81,606),(607,81,607),(608,81,608),(609,81,609),(610,81,610),(611,82,611),(612,81,612),(613,81,613),(614,81,614),(615,81,615),(616,82,616),(617,83,617),(618,84,618),(619,84,619),(620,84,620),(621,85,621),(622,85,622),(623,85,623),(624,85,624),(625,86,625),(626,86,626),(627,86,627),(628,86,628),(629,87,629),(630,88,630),(631,89,631),(632,90,632),(633,91,633),(634,92,634),(635,92,635),(636,92,636),(637,93,637),(638,94,638),(639,95,639),(640,96,640),(641,37,641),(642,37,642),(643,37,643),(644,37,644),(645,37,645),(646,37,646),(647,37,647),(648,37,648),(649,37,649),(650,37,650),(651,37,651),(652,37,652),(653,37,653),(654,37,654),(655,37,655),(656,37,656),(657,37,657),(658,37,658),(659,37,659),(660,37,660),(661,37,661),(662,37,662),(663,37,663),(664,37,664),(665,66,665),(666,66,666),(667,37,667),(668,37,668),(669,37,669),(670,37,670),(671,37,671),(672,37,672),(673,37,673),(674,37,674),(675,37,675),(676,37,676),(677,37,677),(678,37,678),(679,37,679),(680,37,680),(681,37,681),(682,37,682),(683,37,683),(684,37,684),(685,66,685),(686,66,686),(687,81,687),(688,81,688),(689,81,689),(690,66,690),(691,66,691),(692,66,692),(693,66,693),(694,66,694),(695,66,695),(696,81,696),(697,81,697),(698,81,698),(699,81,699),(700,81,700),(701,81,701),(702,68,702);
/*!40000 ALTER TABLE `infractions_searchterms` ENABLE KEYS */;
UNLOCK TABLES;

--
-- Table structure for table `infractions_sellers`
--

DROP TABLE IF EXISTS `infractions_sellers`;
/*!40101 SET @saved_cs_client     = @@character_set_client */;
/*!40101 SET character_set_client = utf8 */;
CREATE TABLE `infractions_sellers` (
  `id` int(11) unsigned NOT NULL AUTO_INCREMENT,
  `sellers_id` int(11) unsigned DEFAULT NULL,
  `infractions_id` int(11) unsigned DEFAULT NULL,
  PRIMARY KEY (`id`),
  UNIQUE KEY `UQ_d6b15f700b80313067c288edf9e80a4d6dc75a68` (`infractions_id`,`sellers_id`),
  KEY `index_for_infractions_sellers_sellers_id` (`sellers_id`),
  KEY `index_for_infractions_sellers_infractions_id` (`infractions_id`),
  CONSTRAINT `infractions_sellers_ibfk_1` FOREIGN KEY (`sellers_id`) REFERENCES `sellers` (`id`) ON DELETE CASCADE,
  CONSTRAINT `infractions_sellers_ibfk_2` FOREIGN KEY (`infractions_id`) REFERENCES `infractions` (`id`) ON DELETE CASCADE
) ENGINE=InnoDB AUTO_INCREMENT=703 DEFAULT CHARSET=utf8 COLLATE=utf8_unicode_ci;
/*!40101 SET character_set_client = @saved_cs_client */;

--
-- Dumping data for table `infractions_sellers`
--

LOCK TABLES `infractions_sellers` WRITE;
/*!40000 ALTER TABLE `infractions_sellers` DISABLE KEYS */;
INSERT INTO `infractions_sellers` VALUES (1,1,1),(2,1,2),(3,1,3),(4,1,4),(5,1,5),(6,1,6),(7,1,7),(8,1,8),(9,1,9),(10,1,10),(11,1,11),(12,1,12),(13,1,13),(14,1,14),(15,1,15),(16,1,16),(17,1,17),(18,1,18),(19,1,19),(20,1,20),(21,1,21),(22,1,22),(23,1,23),(24,1,24),(25,1,25),(26,1,26),(27,1,27),(28,1,28),(29,1,29),(30,1,30),(31,1,31),(32,1,32),(33,1,33),(34,1,34),(35,1,35),(36,1,36),(37,1,37),(38,1,38),(39,1,39),(40,1,40),(41,1,41),(42,1,42),(43,1,43),(44,1,44),(45,1,45),(46,1,46),(47,1,47),(48,1,48),(49,1,49),(50,1,50),(51,1,51),(52,1,52),(53,1,53),(54,1,54),(55,1,55),(56,1,56),(57,1,57),(58,1,58),(59,1,59),(60,1,60),(61,1,61),(62,1,62),(63,1,63),(64,1,64),(65,1,65),(66,1,66),(67,1,67),(68,1,68),(69,1,69),(70,1,70),(71,1,71),(72,1,72),(73,1,73),(74,1,74),(75,1,75),(76,1,76),(77,1,77),(78,1,78),(79,1,79),(80,1,80),(81,1,81),(82,1,82),(83,1,83),(84,1,84),(85,1,85),(86,1,86),(87,1,87),(88,1,88),(89,1,89),(90,1,90),(91,1,91),(92,1,92),(93,1,93),(94,1,94),(95,1,95),(96,1,96),(97,1,97),(98,1,98),(99,1,99),(100,1,100),(101,1,101),(102,1,102),(103,1,103),(104,1,104),(105,1,105),(106,1,106),(107,1,107),(108,1,108),(109,1,109),(110,1,110),(111,1,111),(112,1,112),(113,1,113),(114,1,114),(115,1,115),(116,1,116),(117,1,117),(118,1,118),(119,1,119),(120,1,120),(121,1,121),(122,1,122),(123,1,123),(124,1,124),(125,1,125),(126,1,126),(127,1,127),(128,1,128),(129,1,129),(130,1,130),(131,1,131),(132,1,132),(133,1,133),(134,1,134),(135,1,135),(136,1,136),(137,1,137),(138,1,138),(139,1,139),(140,1,140),(141,1,141),(142,1,142),(143,1,143),(144,1,144),(145,1,145),(146,1,146),(147,1,147),(148,1,148),(149,1,149),(150,1,150),(151,1,151),(152,1,152),(153,1,153),(154,1,154),(155,1,155),(156,1,156),(157,1,157),(158,1,158),(159,1,159),(160,1,160),(161,1,161),(162,1,162),(163,1,163),(164,1,164),(165,1,165),(166,1,166),(167,1,167),(168,1,168),(169,1,169),(170,1,170),(171,1,171),(172,1,172),(173,1,173),(174,1,174),(175,1,175),(176,1,176),(177,1,177),(178,1,178),(179,1,179),(180,1,180),(181,1,181),(182,1,182),(183,1,183),(184,1,184),(185,1,185),(186,1,186),(187,1,187),(188,1,188),(189,1,189),(190,1,190),(191,1,191),(192,1,192),(193,1,193),(194,1,194),(195,1,195),(196,1,196),(197,1,197),(198,1,198),(199,1,199),(200,1,200),(201,1,201),(202,1,202),(203,1,203),(204,1,204),(205,1,205),(206,1,206),(207,1,207),(208,1,208),(209,1,209),(210,1,210),(211,1,211),(212,1,212),(213,1,213),(214,1,214),(215,1,215),(216,1,216),(217,1,217),(218,1,218),(219,1,219),(220,1,220),(221,1,221),(222,1,222),(223,1,223),(224,1,224),(225,1,225),(226,1,226),(227,1,227),(228,1,228),(229,1,229),(230,1,230),(231,1,231),(232,1,232),(233,1,233),(234,1,234),(235,1,235),(236,1,236),(237,1,237),(238,1,238),(239,1,239),(240,1,240),(241,1,241),(242,1,242),(243,1,243),(244,1,244),(245,1,245),(246,1,246),(247,1,247),(248,1,248),(249,1,249),(250,1,250),(251,1,251),(252,1,252),(253,1,253),(254,1,254),(255,1,255),(256,1,256),(257,1,257),(258,1,258),(259,1,259),(260,1,260),(261,1,261),(262,1,262),(263,1,263),(264,1,264),(265,1,265),(266,1,266),(267,1,267),(268,1,268),(269,1,269),(270,1,270),(271,1,271),(272,1,272),(273,1,273),(274,1,274),(275,1,275),(276,1,276),(277,1,277),(278,1,278),(279,1,279),(280,1,280),(281,1,281),(282,1,282),(283,1,283),(284,1,284),(285,1,285),(286,1,286),(287,1,287),(288,1,288),(289,1,289),(290,1,290),(291,1,291),(292,1,292),(293,1,293),(294,1,294),(295,1,295),(296,1,296),(297,1,297),(298,1,298),(299,1,299),(300,1,300),(301,1,301),(302,1,302),(303,1,303),(304,1,304),(305,1,305),(306,1,306),(307,1,307),(308,1,308),(309,1,309),(310,1,310),(311,1,311),(312,1,312),(313,1,313),(314,1,314),(315,1,315),(316,1,316),(317,1,317),(318,1,318),(319,1,319),(320,1,320),(321,1,321),(322,1,322),(323,1,323),(324,1,324),(325,1,325),(326,1,326),(327,1,327),(328,1,328),(329,1,329),(330,1,330),(331,1,331),(332,1,332),(333,1,333),(334,1,334),(335,1,335),(336,1,336),(337,1,337),(338,1,338),(339,1,339),(340,1,340),(341,1,341),(342,1,342),(343,1,343),(344,1,344),(345,1,345),(346,1,346),(347,1,347),(348,1,348),(349,1,349),(350,1,350),(351,1,351),(352,1,352),(353,1,353),(354,1,354),(355,1,355),(356,1,356),(357,1,357),(358,1,358),(359,1,359),(360,1,360),(361,1,361),(362,1,362),(363,1,363),(364,1,364),(365,1,365),(366,1,366),(367,1,367),(368,1,368),(369,1,369),(370,1,370),(371,1,371),(372,1,372),(373,1,373),(374,1,374),(375,1,375),(376,1,376),(377,1,377),(378,1,378),(379,1,379),(380,1,380),(381,1,381),(382,1,382),(383,1,383),(384,1,384),(385,1,385),(386,1,386),(387,1,387),(388,1,388),(389,1,389),(390,1,390),(391,1,391),(392,1,392),(393,1,393),(394,1,394),(395,1,395),(396,1,396),(397,1,397),(398,1,398),(399,1,399),(400,1,400),(401,1,401),(402,1,402),(403,1,403),(404,1,404),(405,1,405),(406,1,406),(407,1,407),(408,1,408),(409,1,409),(410,1,410),(411,1,411),(412,1,412),(413,1,413),(414,1,414),(415,1,415),(416,1,416),(417,1,417),(418,1,418),(419,1,419),(420,1,420),(421,1,421),(422,1,422),(423,1,423),(424,1,424),(425,1,425),(426,1,426),(427,1,427),(428,1,428),(429,1,429),(430,1,430),(431,1,431),(432,1,432),(433,1,433),(434,1,434),(435,1,435),(436,1,436),(437,1,437),(438,1,438),(439,1,439),(440,1,440),(441,1,441),(442,1,442),(443,1,443),(444,1,444),(445,1,445),(446,1,446),(447,1,447),(448,1,448),(449,1,449),(450,1,450),(451,1,451),(452,1,452),(453,1,453),(454,1,454),(455,1,455),(456,1,456),(457,1,457),(458,1,458),(459,1,459),(460,1,460),(461,1,461),(462,1,462),(463,1,463),(464,1,464),(465,1,465),(466,1,466),(467,1,467),(468,1,468),(469,1,469),(470,1,470),(471,1,471),(472,1,472),(473,1,473),(474,1,474),(475,1,475),(476,1,476),(477,1,477),(478,1,478),(479,1,479),(480,1,480),(481,1,481),(482,1,482),(483,1,483),(484,1,484),(485,1,485),(486,1,486),(487,1,487),(488,1,488),(489,1,489),(490,1,490),(491,1,491),(492,1,492),(493,1,493),(494,1,494),(495,1,495),(496,1,496),(497,1,497),(498,1,498),(499,1,499),(500,1,500),(501,1,501),(502,1,502),(503,1,503),(504,1,504),(505,1,505),(506,1,506),(507,1,507),(508,1,508),(509,1,509),(510,1,510),(511,1,511),(512,1,512),(513,1,513),(514,1,514),(515,1,515),(516,1,516),(517,1,517),(518,1,518),(519,1,519),(520,1,520),(521,1,521),(522,1,522),(523,1,523),(524,1,524),(525,1,525),(526,1,526),(527,1,527),(528,1,528),(529,1,529),(530,1,530),(531,1,531),(532,1,532),(533,1,533),(534,1,534),(535,1,535),(536,1,536),(537,1,537),(538,1,538),(539,1,539),(540,1,540),(541,1,541),(542,1,542),(543,1,543),(544,1,544),(545,1,545),(546,1,546),(547,1,547),(548,1,548),(549,1,549),(550,1,550),(551,1,551),(552,1,552),(553,1,553),(554,1,554),(555,1,555),(556,1,556),(557,1,557),(558,1,558),(559,1,559),(560,1,560),(561,1,561),(562,1,562),(563,1,563),(564,1,564),(565,1,565),(566,1,566),(567,1,567),(568,1,568),(569,1,569),(570,1,570),(571,1,571),(572,1,572),(573,1,573),(574,1,574),(575,1,575),(576,1,576),(577,1,577),(578,1,578),(579,1,579),(580,1,580),(581,1,581),(582,1,582),(583,1,583),(584,1,584),(585,1,585),(586,1,586),(587,1,587),(588,1,588),(589,1,589),(590,1,590),(591,1,591),(592,1,592),(593,1,593),(594,1,594),(595,1,595),(596,1,596),(597,1,597),(598,1,598),(599,1,599),(600,1,600),(601,1,601),(602,1,602),(603,1,603),(604,1,604),(605,1,605),(606,1,606),(607,1,607),(608,1,608),(609,1,609),(610,1,610),(611,1,611),(612,1,612),(613,1,613),(614,1,614),(615,1,615),(616,1,616),(617,1,617),(618,1,618),(619,1,619),(620,1,620),(621,1,621),(622,1,622),(623,1,623),(624,1,624),(625,1,625),(626,1,626),(627,1,627),(628,1,628),(629,1,629),(630,1,630),(631,1,631),(632,1,632),(633,1,633),(634,1,634),(635,1,635),(636,1,636),(637,1,637),(638,1,638),(639,1,639),(640,1,640),(641,1,641),(642,1,642),(643,1,643),(644,1,644),(645,1,645),(646,1,646),(647,1,647),(648,1,648),(649,1,649),(650,1,650),(651,1,651),(652,1,652),(653,1,653),(654,1,654),(655,1,655),(656,1,656),(657,1,657),(658,1,658),(659,1,659),(660,1,660),(661,1,661),(662,1,662),(663,1,663),(664,1,664),(665,1,665),(666,1,666),(667,1,667),(668,1,668),(669,1,669),(670,1,670),(671,1,671),(672,1,672),(673,1,673),(674,1,674),(675,1,675),(676,1,676),(677,1,677),(678,1,678),(679,1,679),(680,1,680),(681,1,681),(682,1,682),(683,1,683),(684,1,684),(685,1,685),(686,1,686),(687,1,687),(688,1,688),(689,1,689),(690,1,690),(691,1,691),(692,1,692),(693,1,693),(694,1,694),(695,1,695),(696,1,696),(697,1,697),(698,1,698),(699,1,699),(700,1,700),(701,1,701),(702,1,702);
/*!40000 ALTER TABLE `infractions_sellers` ENABLE KEYS */;
UNLOCK TABLES;

--
-- Table structure for table `searchterms`
--

DROP TABLE IF EXISTS `searchterms`;
/*!40101 SET @saved_cs_client     = @@character_set_client */;
/*!40101 SET character_set_client = utf8 */;
CREATE TABLE `searchterms` (
  `id` int(11) unsigned NOT NULL AUTO_INCREMENT,
  `searchterm` varchar(255) COLLATE utf8_unicode_ci DEFAULT NULL,
  PRIMARY KEY (`id`)
) ENGINE=InnoDB AUTO_INCREMENT=97 DEFAULT CHARSET=utf8 COLLATE=utf8_unicode_ci;
/*!40101 SET character_set_client = @saved_cs_client */;

--
-- Dumping data for table `searchterms`
--

LOCK TABLES `searchterms` WRITE;
/*!40000 ALTER TABLE `searchterms` DISABLE KEYS */;
INSERT INTO `searchterms` VALUES (1,'minuta'),(2,'citrus paradisi'),(3,'kaffir lime'),(4,'gan ju'),(5,'mangifera'),(6,'latifolia'),(7,'seville orange'),(8,'mikan'),(9,'indian lime'),(10,'dendrocalamus'),(11,'persian lime'),(12,'meridionalis'),(13,'echinochloa'),(14,'citrus meyeri'),(15,'Buddhas hand'),(16,'proso millet'),(17,'citrus medica'),(18,'murraya'),(19,'zitrone'),(20,'chinese box'),(21,'bergamota'),(22,'punctata'),(23,'field corn'),(24,'kambu'),(25,'dent corn'),(26,'golden lime'),(27,'eleusine'),(28,'millet'),(29,'citrus aurantifolia'),(30,'curry leaves'),(31,'sorghum'),(32,'egyptian lime'),(33,'limone'),(34,'calamondin'),(35,'oryza'),(36,'fortunella hindsii'),(37,'officinalis'),(38,'broom corn'),(39,'teff'),(40,'flint corn'),(41,'persische limette'),(42,'fortunella margarita'),(43,'citrus reticulata'),(44,'murraya koenigii'),(45,'mango'),(46,'arundinaria'),(47,'australiensis'),(48,'bambusa'),(49,'chinese dwarf lemon'),(50,'limonero'),(51,'bigarade'),(52,'citrus limettioides'),(53,'tear grass'),(54,'bajra'),(55,'philippine lime'),(56,'baby corn'),(57,'kumquat'),(58,'shaddock'),(59,'limequat'),(60,'miscanthus'),(61,'maize'),(62,'phyllostachys'),(63,'sour lime'),(64,'china orange'),(65,'ponderosa lemon'),(66,'sativa'),(67,'murray paniculata'),(68,'zea mays'),(69,'limones'),(70,'meyer lemon'),(71,'santara'),(72,'valencia orange'),(73,'citrus limon'),(74,'citrus paradise'),(75,'pennisetum'),(76,'west indian lime'),(77,'li meng'),(78,'citrus amblycarpa'),(79,'orange jasmine'),(80,'blood orange'),(81,'dwarf lemon'),(82,'panama orange'),(83,'citrus x tangelo'),(84,'adlay'),(85,'yuzu'),(86,'citron'),(87,'palestine sweet lemon'),(88,'toronja'),(89,'pompelmo'),(90,'unshu orange'),(91,'mexican lime'),(92,'alta'),(93,'little millet'),(94,'meyeriana'),(95,'citrus junos'),(96,'maiz');
/*!40000 ALTER TABLE `searchterms` ENABLE KEYS */;
UNLOCK TABLES;

--
-- Table structure for table `sellers`
--

DROP TABLE IF EXISTS `sellers`;
/*!40101 SET @saved_cs_client     = @@character_set_client */;
/*!40101 SET character_set_client = utf8 */;
CREATE TABLE `sellers` (
  `id` int(11) unsigned NOT NULL AUTO_INCREMENT,
  `seller` varchar(255) COLLATE utf8_unicode_ci DEFAULT NULL,
  PRIMARY KEY (`id`)
) ENGINE=InnoDB AUTO_INCREMENT=2 DEFAULT CHARSET=utf8 COLLATE=utf8_unicode_ci;
/*!40101 SET character_set_client = @saved_cs_client */;

--
-- Dumping data for table `sellers`
--

LOCK TABLES `sellers` WRITE;
/*!40000 ALTER TABLE `sellers` DISABLE KEYS */;
INSERT INTO `sellers` VALUES (1,'seller');
/*!40000 ALTER TABLE `sellers` ENABLE KEYS */;
UNLOCK TABLES;
/*!40103 SET TIME_ZONE=@OLD_TIME_ZONE */;

/*!40101 SET SQL_MODE=@OLD_SQL_MODE */;
/*!40014 SET FOREIGN_KEY_CHECKS=@OLD_FOREIGN_KEY_CHECKS */;
/*!40014 SET UNIQUE_CHECKS=@OLD_UNIQUE_CHECKS */;
/*!40101 SET CHARACTER_SET_CLIENT=@OLD_CHARACTER_SET_CLIENT */;
/*!40101 SET CHARACTER_SET_RESULTS=@OLD_CHARACTER_SET_RESULTS */;
/*!40101 SET COLLATION_CONNECTION=@OLD_COLLATION_CONNECTION */;
/*!40111 SET SQL_NOTES=@OLD_SQL_NOTES */;

-- Dump completed on 2018-12-07 23:06:49
