-- MySQL dump 10.13  Distrib 5.5.61, for Linux (x86_64)
--
-- Host: localhost    Database: thedeci5_10jult
-- ------------------------------------------------------
-- Server version	5.5.61-cll

/*!40101 SET @OLD_CHARACTER_SET_CLIENT=@@CHARACTER_SET_CLIENT */;
/*!40101 SET @OLD_CHARACTER_SET_RESULTS=@@CHARACTER_SET_RESULTS */;
/*!40101 SET @OLD_COLLATION_CONNECTION=@@COLLATION_CONNECTION */;
/*!40101 SET NAMES utf8 */;
/*!40103 SET @OLD_TIME_ZONE=@@TIME_ZONE */;
/*!40103 SET TIME_ZONE='+00:00' */;
/*!40014 SET @OLD_UNIQUE_CHECKS=@@UNIQUE_CHECKS, UNIQUE_CHECKS=0 */;
/*!40014 SET @OLD_FOREIGN_KEY_CHECKS=@@FOREIGN_KEY_CHECKS, FOREIGN_KEY_CHECKS=0 */;
/*!40101 SET @OLD_SQL_MODE=@@SQL_MODE, SQL_MODE='NO_AUTO_VALUE_ON_ZERO' */;
/*!40111 SET @OLD_SQL_NOTES=@@SQL_NOTES, SQL_NOTES=0 */;

--
-- Current Database: `thedeci5_10jult`
--

CREATE DATABASE /*!32312 IF NOT EXISTS*/ `thedeci5_10jult` /*!40100 DEFAULT CHARACTER SET latin1 */;

USE `thedeci5_10jult`;

--
-- Table structure for table `categories`
--

DROP TABLE IF EXISTS `categories`;
/*!40101 SET @saved_cs_client     = @@character_set_client */;
/*!40101 SET character_set_client = utf8 */;
CREATE TABLE `categories` (
  `id` int(11) unsigned NOT NULL AUTO_INCREMENT,
  `category` varchar(255) COLLATE utf8_unicode_ci DEFAULT NULL,
  PRIMARY KEY (`id`)
) ENGINE=InnoDB AUTO_INCREMENT=2 DEFAULT CHARSET=utf8 COLLATE=utf8_unicode_ci;
/*!40101 SET character_set_client = @saved_cs_client */;

--
-- Dumping data for table `categories`
--

LOCK TABLES `categories` WRITE;
/*!40000 ALTER TABLE `categories` DISABLE KEYS */;
INSERT INTO `categories` VALUES (1,'category');
/*!40000 ALTER TABLE `categories` ENABLE KEYS */;
UNLOCK TABLES;

--
-- Table structure for table `categories_infractions`
--

DROP TABLE IF EXISTS `categories_infractions`;
/*!40101 SET @saved_cs_client     = @@character_set_client */;
/*!40101 SET character_set_client = utf8 */;
CREATE TABLE `categories_infractions` (
  `id` int(11) unsigned NOT NULL AUTO_INCREMENT,
  `categories_id` int(11) unsigned DEFAULT NULL,
  `infractions_id` int(11) unsigned DEFAULT NULL,
  PRIMARY KEY (`id`),
  UNIQUE KEY `UQ_29015e5a1ca1950b073818f5f331c59091dd665d` (`categories_id`,`infractions_id`),
  KEY `index_for_categories_infractions_categories_id` (`categories_id`),
  KEY `index_for_categories_infractions_infractions_id` (`infractions_id`),
  CONSTRAINT `categories_infractions_ibfk_1` FOREIGN KEY (`categories_id`) REFERENCES `categories` (`id`) ON DELETE CASCADE,
  CONSTRAINT `categories_infractions_ibfk_2` FOREIGN KEY (`infractions_id`) REFERENCES `infractions` (`id`) ON DELETE CASCADE
) ENGINE=InnoDB AUTO_INCREMENT=516 DEFAULT CHARSET=utf8 COLLATE=utf8_unicode_ci;
/*!40101 SET character_set_client = @saved_cs_client */;

--
-- Dumping data for table `categories_infractions`
--

LOCK TABLES `categories_infractions` WRITE;
/*!40000 ALTER TABLE `categories_infractions` DISABLE KEYS */;
INSERT INTO `categories_infractions` VALUES (1,1,1),(2,1,2),(3,1,3),(4,1,4),(5,1,5),(6,1,6),(7,1,7),(8,1,8),(9,1,9),(10,1,10),(11,1,11),(12,1,12),(13,1,13),(14,1,14),(15,1,15),(16,1,16),(17,1,17),(18,1,18),(19,1,19),(20,1,20),(21,1,21),(22,1,22),(23,1,23),(24,1,24),(25,1,25),(26,1,26),(27,1,27),(28,1,28),(29,1,29),(30,1,30),(31,1,31),(32,1,32),(33,1,33),(34,1,34),(35,1,35),(36,1,36),(37,1,37),(38,1,38),(39,1,39),(40,1,40),(41,1,41),(42,1,42),(43,1,43),(44,1,44),(45,1,45),(46,1,46),(47,1,47),(48,1,48),(49,1,49),(50,1,50),(51,1,51),(52,1,52),(53,1,53),(54,1,54),(55,1,55),(56,1,56),(57,1,57),(58,1,58),(59,1,59),(60,1,60),(61,1,61),(62,1,62),(63,1,63),(64,1,64),(65,1,65),(66,1,66),(67,1,67),(68,1,68),(69,1,69),(70,1,70),(71,1,71),(72,1,72),(73,1,73),(74,1,74),(75,1,75),(76,1,76),(77,1,77),(78,1,78),(79,1,79),(80,1,80),(81,1,81),(82,1,82),(83,1,83),(84,1,84),(85,1,85),(86,1,86),(87,1,87),(88,1,88),(89,1,89),(90,1,90),(91,1,91),(92,1,92),(93,1,93),(94,1,94),(95,1,95),(96,1,96),(97,1,97),(98,1,98),(99,1,99),(100,1,100),(101,1,101),(102,1,102),(103,1,103),(104,1,104),(105,1,105),(106,1,106),(107,1,107),(108,1,108),(109,1,109),(110,1,110),(111,1,111),(112,1,112),(113,1,113),(114,1,114),(115,1,115),(116,1,116),(117,1,117),(118,1,118),(119,1,119),(120,1,120),(121,1,121),(122,1,122),(123,1,123),(124,1,124),(125,1,125),(126,1,126),(127,1,127),(128,1,128),(129,1,129),(130,1,130),(131,1,131),(132,1,132),(133,1,133),(134,1,134),(135,1,135),(136,1,136),(137,1,137),(138,1,138),(139,1,139),(140,1,140),(141,1,141),(142,1,142),(143,1,143),(144,1,144),(145,1,145),(146,1,146),(147,1,147),(148,1,148),(149,1,149),(150,1,150),(151,1,151),(152,1,152),(153,1,153),(154,1,154),(155,1,155),(156,1,156),(157,1,157),(158,1,158),(159,1,159),(160,1,160),(161,1,161),(162,1,162),(163,1,163),(164,1,164),(165,1,165),(166,1,166),(167,1,167),(168,1,168),(169,1,169),(170,1,170),(171,1,171),(172,1,172),(173,1,173),(174,1,174),(175,1,175),(176,1,176),(177,1,177),(178,1,178),(179,1,179),(180,1,180),(181,1,181),(182,1,182),(183,1,183),(184,1,184),(185,1,185),(186,1,186),(187,1,187),(188,1,188),(189,1,189),(190,1,190),(191,1,191),(192,1,192),(193,1,193),(194,1,194),(195,1,195),(196,1,196),(197,1,197),(198,1,198),(199,1,199),(200,1,200),(201,1,201),(202,1,202),(203,1,203),(204,1,204),(205,1,205),(206,1,206),(207,1,207),(208,1,208),(209,1,209),(210,1,210),(211,1,211),(212,1,212),(213,1,213),(214,1,214),(215,1,215),(216,1,216),(217,1,217),(218,1,218),(219,1,219),(220,1,220),(221,1,221),(222,1,222),(223,1,223),(224,1,224),(225,1,225),(226,1,226),(227,1,227),(228,1,228),(229,1,229),(230,1,230),(231,1,231),(232,1,232),(233,1,233),(234,1,234),(235,1,235),(236,1,236),(237,1,237),(238,1,238),(239,1,239),(240,1,240),(241,1,241),(242,1,242),(243,1,243),(244,1,244),(245,1,245),(246,1,246),(247,1,247),(248,1,248),(249,1,249),(250,1,250),(251,1,251),(252,1,252),(253,1,253),(254,1,254),(255,1,255),(256,1,256),(257,1,257),(258,1,258),(259,1,259),(260,1,260),(261,1,261),(262,1,262),(263,1,263),(264,1,264),(265,1,265),(266,1,266),(267,1,267),(268,1,268),(269,1,269),(270,1,270),(271,1,271),(272,1,272),(273,1,273),(274,1,274),(275,1,275),(276,1,276),(277,1,277),(278,1,278),(279,1,279),(280,1,280),(281,1,281),(282,1,282),(283,1,283),(284,1,284),(285,1,285),(286,1,286),(287,1,287),(288,1,288),(289,1,289),(290,1,290),(291,1,291),(292,1,292),(293,1,293),(294,1,294),(295,1,295),(296,1,296),(297,1,297),(298,1,298),(299,1,299),(300,1,300),(301,1,301),(302,1,302),(303,1,303),(304,1,304),(305,1,305),(306,1,306),(307,1,307),(308,1,308),(309,1,309),(310,1,310),(311,1,311),(312,1,312),(313,1,313),(314,1,314),(315,1,315),(316,1,316),(317,1,317),(318,1,318),(319,1,319),(320,1,320),(321,1,321),(322,1,322),(323,1,323),(324,1,324),(325,1,325),(326,1,326),(327,1,327),(328,1,328),(329,1,329),(330,1,330),(331,1,331),(332,1,332),(333,1,333),(334,1,334),(335,1,335),(336,1,336),(337,1,337),(338,1,338),(339,1,339),(340,1,340),(341,1,341),(342,1,342),(343,1,343),(344,1,344),(345,1,345),(346,1,346),(347,1,347),(348,1,348),(349,1,349),(350,1,350),(351,1,351),(352,1,352),(353,1,353),(354,1,354),(355,1,355),(356,1,356),(357,1,357),(358,1,358),(359,1,359),(360,1,360),(361,1,361),(362,1,362),(363,1,363),(364,1,364),(365,1,365),(366,1,366),(367,1,367),(368,1,368),(369,1,369),(370,1,370),(371,1,371),(372,1,372),(373,1,373),(374,1,374),(375,1,375),(376,1,376),(377,1,377),(378,1,378),(379,1,379),(380,1,380),(381,1,381),(382,1,382),(383,1,383),(384,1,384),(385,1,385),(386,1,386),(387,1,387),(388,1,388),(389,1,389),(390,1,390),(391,1,391),(392,1,392),(393,1,393),(394,1,394),(395,1,395),(396,1,396),(397,1,397),(398,1,398),(399,1,399),(400,1,400),(401,1,401),(402,1,402),(403,1,403),(404,1,404),(405,1,405),(406,1,406),(407,1,407),(408,1,408),(409,1,409),(410,1,410),(411,1,411),(412,1,412),(413,1,413),(414,1,414),(415,1,415),(416,1,416),(417,1,417),(418,1,418),(419,1,419),(420,1,420),(421,1,421),(422,1,422),(423,1,423),(424,1,424),(425,1,425),(426,1,426),(427,1,427),(428,1,428),(429,1,429),(430,1,430),(431,1,431),(432,1,432),(433,1,433),(434,1,434),(435,1,435),(436,1,436),(437,1,437),(438,1,438),(439,1,439),(440,1,440),(441,1,441),(442,1,442),(443,1,443),(444,1,444),(445,1,445),(446,1,446),(447,1,447),(448,1,448),(449,1,449),(450,1,450),(451,1,451),(452,1,452),(453,1,453),(454,1,454),(455,1,455),(456,1,456),(457,1,457),(458,1,458),(459,1,459),(460,1,460),(461,1,461),(462,1,462),(463,1,463),(464,1,464),(465,1,465),(466,1,466),(467,1,467),(468,1,468),(469,1,469),(470,1,470),(471,1,471),(472,1,472),(473,1,473),(474,1,474),(475,1,475),(476,1,476),(477,1,477),(478,1,478),(479,1,479),(480,1,480),(481,1,481),(482,1,482),(483,1,483),(484,1,484),(485,1,485),(486,1,486),(487,1,487),(488,1,488),(489,1,489),(490,1,490),(491,1,491),(492,1,492),(493,1,493),(494,1,494),(495,1,495),(496,1,496),(497,1,497),(498,1,498),(499,1,499),(500,1,500),(501,1,501),(502,1,502),(503,1,503),(504,1,504),(505,1,505),(506,1,506),(507,1,507),(508,1,508),(509,1,509),(510,1,510),(511,1,511),(512,1,512),(513,1,513),(514,1,514),(515,1,515);
/*!40000 ALTER TABLE `categories_infractions` ENABLE KEYS */;
UNLOCK TABLES;

--
-- Table structure for table `imageurls`
--

DROP TABLE IF EXISTS `imageurls`;
/*!40101 SET @saved_cs_client     = @@character_set_client */;
/*!40101 SET character_set_client = utf8 */;
CREATE TABLE `imageurls` (
  `id` int(11) unsigned NOT NULL AUTO_INCREMENT,
  `imageurl` varchar(255) COLLATE utf8_unicode_ci DEFAULT NULL,
  PRIMARY KEY (`id`)
) ENGINE=InnoDB AUTO_INCREMENT=4 DEFAULT CHARSET=utf8 COLLATE=utf8_unicode_ci;
/*!40101 SET character_set_client = @saved_cs_client */;

--
-- Dumping data for table `imageurls`
--

LOCK TABLES `imageurls` WRITE;
/*!40000 ALTER TABLE `imageurls` DISABLE KEYS */;
INSERT INTO `imageurls` VALUES (1,'imageurl1'),(2,'imageurl2'),(3,'imageurl3');
/*!40000 ALTER TABLE `imageurls` ENABLE KEYS */;
UNLOCK TABLES;

--
-- Table structure for table `imageurls_infractions`
--

DROP TABLE IF EXISTS `imageurls_infractions`;
/*!40101 SET @saved_cs_client     = @@character_set_client */;
/*!40101 SET character_set_client = utf8 */;
CREATE TABLE `imageurls_infractions` (
  `id` int(11) unsigned NOT NULL AUTO_INCREMENT,
  `infractions_id` int(11) unsigned DEFAULT NULL,
  `imageurls_id` int(11) unsigned DEFAULT NULL,
  PRIMARY KEY (`id`),
  UNIQUE KEY `UQ_31c7d97ace0180c75140746b79e9a6751df87463` (`imageurls_id`,`infractions_id`),
  KEY `index_for_imageurls_infractions_infractions_id` (`infractions_id`),
  KEY `index_for_imageurls_infractions_imageurls_id` (`imageurls_id`),
  CONSTRAINT `imageurls_infractions_ibfk_1` FOREIGN KEY (`infractions_id`) REFERENCES `infractions` (`id`) ON DELETE CASCADE,
  CONSTRAINT `imageurls_infractions_ibfk_2` FOREIGN KEY (`imageurls_id`) REFERENCES `imageurls` (`id`) ON DELETE CASCADE
) ENGINE=InnoDB AUTO_INCREMENT=1546 DEFAULT CHARSET=utf8 COLLATE=utf8_unicode_ci;
/*!40101 SET character_set_client = @saved_cs_client */;

--
-- Dumping data for table `imageurls_infractions`
--

LOCK TABLES `imageurls_infractions` WRITE;
/*!40000 ALTER TABLE `imageurls_infractions` DISABLE KEYS */;
INSERT INTO `imageurls_infractions` VALUES (1,1,1),(4,2,1),(7,3,1),(10,4,1),(13,5,1),(16,6,1),(19,7,1),(22,8,1),(25,9,1),(28,10,1),(31,11,1),(34,12,1),(37,13,1),(40,14,1),(43,15,1),(46,16,1),(49,17,1),(52,18,1),(55,19,1),(58,20,1),(61,21,1),(64,22,1),(67,23,1),(70,24,1),(73,25,1),(76,26,1),(79,27,1),(82,28,1),(85,29,1),(88,30,1),(91,31,1),(94,32,1),(97,33,1),(100,34,1),(103,35,1),(106,36,1),(109,37,1),(112,38,1),(115,39,1),(118,40,1),(121,41,1),(124,42,1),(127,43,1),(130,44,1),(133,45,1),(136,46,1),(139,47,1),(142,48,1),(145,49,1),(148,50,1),(151,51,1),(154,52,1),(157,53,1),(160,54,1),(163,55,1),(166,56,1),(169,57,1),(172,58,1),(175,59,1),(178,60,1),(181,61,1),(184,62,1),(187,63,1),(190,64,1),(193,65,1),(196,66,1),(199,67,1),(202,68,1),(205,69,1),(208,70,1),(211,71,1),(214,72,1),(217,73,1),(220,74,1),(223,75,1),(226,76,1),(229,77,1),(232,78,1),(235,79,1),(238,80,1),(241,81,1),(244,82,1),(247,83,1),(250,84,1),(253,85,1),(256,86,1),(259,87,1),(262,88,1),(265,89,1),(268,90,1),(271,91,1),(274,92,1),(277,93,1),(280,94,1),(283,95,1),(286,96,1),(289,97,1),(292,98,1),(295,99,1),(298,100,1),(301,101,1),(304,102,1),(307,103,1),(310,104,1),(313,105,1),(316,106,1),(319,107,1),(322,108,1),(325,109,1),(328,110,1),(331,111,1),(334,112,1),(337,113,1),(340,114,1),(343,115,1),(346,116,1),(349,117,1),(352,118,1),(355,119,1),(358,120,1),(361,121,1),(364,122,1),(367,123,1),(370,124,1),(373,125,1),(376,126,1),(379,127,1),(382,128,1),(385,129,1),(388,130,1),(391,131,1),(394,132,1),(397,133,1),(400,134,1),(403,135,1),(406,136,1),(409,137,1),(412,138,1),(415,139,1),(418,140,1),(421,141,1),(424,142,1),(427,143,1),(430,144,1),(433,145,1),(436,146,1),(439,147,1),(442,148,1),(445,149,1),(448,150,1),(451,151,1),(454,152,1),(457,153,1),(460,154,1),(463,155,1),(466,156,1),(469,157,1),(472,158,1),(475,159,1),(478,160,1),(481,161,1),(484,162,1),(487,163,1),(490,164,1),(493,165,1),(496,166,1),(499,167,1),(502,168,1),(505,169,1),(508,170,1),(511,171,1),(514,172,1),(517,173,1),(520,174,1),(523,175,1),(526,176,1),(529,177,1),(532,178,1),(535,179,1),(538,180,1),(541,181,1),(544,182,1),(547,183,1),(550,184,1),(553,185,1),(556,186,1),(559,187,1),(562,188,1),(565,189,1),(568,190,1),(571,191,1),(574,192,1),(577,193,1),(580,194,1),(583,195,1),(586,196,1),(589,197,1),(592,198,1),(595,199,1),(598,200,1),(601,201,1),(604,202,1),(607,203,1),(610,204,1),(613,205,1),(616,206,1),(619,207,1),(622,208,1),(625,209,1),(628,210,1),(631,211,1),(634,212,1),(637,213,1),(640,214,1),(643,215,1),(646,216,1),(649,217,1),(652,218,1),(655,219,1),(658,220,1),(661,221,1),(664,222,1),(667,223,1),(670,224,1),(673,225,1),(676,226,1),(679,227,1),(682,228,1),(685,229,1),(688,230,1),(691,231,1),(694,232,1),(697,233,1),(700,234,1),(703,235,1),(706,236,1),(709,237,1),(712,238,1),(715,239,1),(718,240,1),(721,241,1),(724,242,1),(727,243,1),(730,244,1),(733,245,1),(736,246,1),(739,247,1),(742,248,1),(745,249,1),(748,250,1),(751,251,1),(754,252,1),(757,253,1),(760,254,1),(763,255,1),(766,256,1),(769,257,1),(772,258,1),(775,259,1),(778,260,1),(781,261,1),(784,262,1),(787,263,1),(790,264,1),(793,265,1),(796,266,1),(799,267,1),(802,268,1),(805,269,1),(808,270,1),(811,271,1),(814,272,1),(817,273,1),(820,274,1),(823,275,1),(826,276,1),(829,277,1),(832,278,1),(835,279,1),(838,280,1),(841,281,1),(844,282,1),(847,283,1),(850,284,1),(853,285,1),(856,286,1),(859,287,1),(862,288,1),(865,289,1),(868,290,1),(871,291,1),(874,292,1),(877,293,1),(880,294,1),(883,295,1),(886,296,1),(889,297,1),(892,298,1),(895,299,1),(898,300,1),(901,301,1),(904,302,1),(907,303,1),(910,304,1),(913,305,1),(916,306,1),(919,307,1),(922,308,1),(925,309,1),(928,310,1),(931,311,1),(934,312,1),(937,313,1),(940,314,1),(943,315,1),(946,316,1),(949,317,1),(952,318,1),(955,319,1),(958,320,1),(961,321,1),(964,322,1),(967,323,1),(970,324,1),(973,325,1),(976,326,1),(979,327,1),(982,328,1),(985,329,1),(988,330,1),(991,331,1),(994,332,1),(997,333,1),(1000,334,1),(1003,335,1),(1006,336,1),(1009,337,1),(1012,338,1),(1015,339,1),(1018,340,1),(1021,341,1),(1024,342,1),(1027,343,1),(1030,344,1),(1033,345,1),(1036,346,1),(1039,347,1),(1042,348,1),(1045,349,1),(1048,350,1),(1051,351,1),(1054,352,1),(1057,353,1),(1060,354,1),(1063,355,1),(1066,356,1),(1069,357,1),(1072,358,1),(1075,359,1),(1078,360,1),(1081,361,1),(1084,362,1),(1087,363,1),(1090,364,1),(1093,365,1),(1096,366,1),(1099,367,1),(1102,368,1),(1105,369,1),(1108,370,1),(1111,371,1),(1114,372,1),(1117,373,1),(1120,374,1),(1123,375,1),(1126,376,1),(1129,377,1),(1132,378,1),(1135,379,1),(1138,380,1),(1141,381,1),(1144,382,1),(1147,383,1),(1150,384,1),(1153,385,1),(1156,386,1),(1159,387,1),(1162,388,1),(1165,389,1),(1168,390,1),(1171,391,1),(1174,392,1),(1177,393,1),(1180,394,1),(1183,395,1),(1186,396,1),(1189,397,1),(1192,398,1),(1195,399,1),(1198,400,1),(1201,401,1),(1204,402,1),(1207,403,1),(1210,404,1),(1213,405,1),(1216,406,1),(1219,407,1),(1222,408,1),(1225,409,1),(1228,410,1),(1231,411,1),(1234,412,1),(1237,413,1),(1240,414,1),(1243,415,1),(1246,416,1),(1249,417,1),(1252,418,1),(1255,419,1),(1258,420,1),(1261,421,1),(1264,422,1),(1267,423,1),(1270,424,1),(1273,425,1),(1276,426,1),(1279,427,1),(1282,428,1),(1285,429,1),(1288,430,1),(1291,431,1),(1294,432,1),(1297,433,1),(1300,434,1),(1303,435,1),(1306,436,1),(1309,437,1),(1312,438,1),(1315,439,1),(1318,440,1),(1321,441,1),(1324,442,1),(1327,443,1),(1330,444,1),(1333,445,1),(1336,446,1),(1339,447,1),(1342,448,1),(1345,449,1),(1348,450,1),(1351,451,1),(1354,452,1),(1357,453,1),(1360,454,1),(1363,455,1),(1366,456,1),(1369,457,1),(1372,458,1),(1375,459,1),(1378,460,1),(1381,461,1),(1384,462,1),(1387,463,1),(1390,464,1),(1393,465,1),(1396,466,1),(1399,467,1),(1402,468,1),(1405,469,1),(1408,470,1),(1411,471,1),(1414,472,1),(1417,473,1),(1420,474,1),(1423,475,1),(1426,476,1),(1429,477,1),(1432,478,1),(1435,479,1),(1438,480,1),(1441,481,1),(1444,482,1),(1447,483,1),(1450,484,1),(1453,485,1),(1456,486,1),(1459,487,1),(1462,488,1),(1465,489,1),(1468,490,1),(1471,491,1),(1474,492,1),(1477,493,1),(1480,494,1),(1483,495,1),(1486,496,1),(1489,497,1),(1492,498,1),(1495,499,1),(1498,500,1),(1501,501,1),(1504,502,1),(1507,503,1),(1510,504,1),(1513,505,1),(1516,506,1),(1519,507,1),(1522,508,1),(1525,509,1),(1528,510,1),(1531,511,1),(1534,512,1),(1537,513,1),(1540,514,1),(1543,515,1),(2,1,2),(5,2,2),(8,3,2),(11,4,2),(14,5,2),(17,6,2),(20,7,2),(23,8,2),(26,9,2),(29,10,2),(32,11,2),(35,12,2),(38,13,2),(41,14,2),(44,15,2),(47,16,2),(50,17,2),(53,18,2),(56,19,2),(59,20,2),(62,21,2),(65,22,2),(68,23,2),(71,24,2),(74,25,2),(77,26,2),(80,27,2),(83,28,2),(86,29,2),(89,30,2),(92,31,2),(95,32,2),(98,33,2),(101,34,2),(104,35,2),(107,36,2),(110,37,2),(113,38,2),(116,39,2),(119,40,2),(122,41,2),(125,42,2),(128,43,2),(131,44,2),(134,45,2),(137,46,2),(140,47,2),(143,48,2),(146,49,2),(149,50,2),(152,51,2),(155,52,2),(158,53,2),(161,54,2),(164,55,2),(167,56,2),(170,57,2),(173,58,2),(176,59,2),(179,60,2),(182,61,2),(185,62,2),(188,63,2),(191,64,2),(194,65,2),(197,66,2),(200,67,2),(203,68,2),(206,69,2),(209,70,2),(212,71,2),(215,72,2),(218,73,2),(221,74,2),(224,75,2),(227,76,2),(230,77,2),(233,78,2),(236,79,2),(239,80,2),(242,81,2),(245,82,2),(248,83,2),(251,84,2),(254,85,2),(257,86,2),(260,87,2),(263,88,2),(266,89,2),(269,90,2),(272,91,2),(275,92,2),(278,93,2),(281,94,2),(284,95,2),(287,96,2),(290,97,2),(293,98,2),(296,99,2),(299,100,2),(302,101,2),(305,102,2),(308,103,2),(311,104,2),(314,105,2),(317,106,2),(320,107,2),(323,108,2),(326,109,2),(329,110,2),(332,111,2),(335,112,2),(338,113,2),(341,114,2),(344,115,2),(347,116,2),(350,117,2),(353,118,2),(356,119,2),(359,120,2),(362,121,2),(365,122,2),(368,123,2),(371,124,2),(374,125,2),(377,126,2),(380,127,2),(383,128,2),(386,129,2),(389,130,2),(392,131,2),(395,132,2),(398,133,2),(401,134,2),(404,135,2),(407,136,2),(410,137,2),(413,138,2),(416,139,2),(419,140,2),(422,141,2),(425,142,2),(428,143,2),(431,144,2),(434,145,2),(437,146,2),(440,147,2),(443,148,2),(446,149,2),(449,150,2),(452,151,2),(455,152,2),(458,153,2),(461,154,2),(464,155,2),(467,156,2),(470,157,2),(473,158,2),(476,159,2),(479,160,2),(482,161,2),(485,162,2),(488,163,2),(491,164,2),(494,165,2),(497,166,2),(500,167,2),(503,168,2),(506,169,2),(509,170,2),(512,171,2),(515,172,2),(518,173,2),(521,174,2),(524,175,2),(527,176,2),(530,177,2),(533,178,2),(536,179,2),(539,180,2),(542,181,2),(545,182,2),(548,183,2),(551,184,2),(554,185,2),(557,186,2),(560,187,2),(563,188,2),(566,189,2),(569,190,2),(572,191,2),(575,192,2),(578,193,2),(581,194,2),(584,195,2),(587,196,2),(590,197,2),(593,198,2),(596,199,2),(599,200,2),(602,201,2),(605,202,2),(608,203,2),(611,204,2),(614,205,2),(617,206,2),(620,207,2),(623,208,2),(626,209,2),(629,210,2),(632,211,2),(635,212,2),(638,213,2),(641,214,2),(644,215,2),(647,216,2),(650,217,2),(653,218,2),(656,219,2),(659,220,2),(662,221,2),(665,222,2),(668,223,2),(671,224,2),(674,225,2),(677,226,2),(680,227,2),(683,228,2),(686,229,2),(689,230,2),(692,231,2),(695,232,2),(698,233,2),(701,234,2),(704,235,2),(707,236,2),(710,237,2),(713,238,2),(716,239,2),(719,240,2),(722,241,2),(725,242,2),(728,243,2),(731,244,2),(734,245,2),(737,246,2),(740,247,2),(743,248,2),(746,249,2),(749,250,2),(752,251,2),(755,252,2),(758,253,2),(761,254,2),(764,255,2),(767,256,2),(770,257,2),(773,258,2),(776,259,2),(779,260,2),(782,261,2),(785,262,2),(788,263,2),(791,264,2),(794,265,2),(797,266,2),(800,267,2),(803,268,2),(806,269,2),(809,270,2),(812,271,2),(815,272,2),(818,273,2),(821,274,2),(824,275,2),(827,276,2),(830,277,2),(833,278,2),(836,279,2),(839,280,2),(842,281,2),(845,282,2),(848,283,2),(851,284,2),(854,285,2),(857,286,2),(860,287,2),(863,288,2),(866,289,2),(869,290,2),(872,291,2),(875,292,2),(878,293,2),(881,294,2),(884,295,2),(887,296,2),(890,297,2),(893,298,2),(896,299,2),(899,300,2),(902,301,2),(905,302,2),(908,303,2),(911,304,2),(914,305,2),(917,306,2),(920,307,2),(923,308,2),(926,309,2),(929,310,2),(932,311,2),(935,312,2),(938,313,2),(941,314,2),(944,315,2),(947,316,2),(950,317,2),(953,318,2),(956,319,2),(959,320,2),(962,321,2),(965,322,2),(968,323,2),(971,324,2),(974,325,2),(977,326,2),(980,327,2),(983,328,2),(986,329,2),(989,330,2),(992,331,2),(995,332,2),(998,333,2),(1001,334,2),(1004,335,2),(1007,336,2),(1010,337,2),(1013,338,2),(1016,339,2),(1019,340,2),(1022,341,2),(1025,342,2),(1028,343,2),(1031,344,2),(1034,345,2),(1037,346,2),(1040,347,2),(1043,348,2),(1046,349,2),(1049,350,2),(1052,351,2),(1055,352,2),(1058,353,2),(1061,354,2),(1064,355,2),(1067,356,2),(1070,357,2),(1073,358,2),(1076,359,2),(1079,360,2),(1082,361,2),(1085,362,2),(1088,363,2),(1091,364,2),(1094,365,2),(1097,366,2),(1100,367,2),(1103,368,2),(1106,369,2),(1109,370,2),(1112,371,2),(1115,372,2),(1118,373,2),(1121,374,2),(1124,375,2),(1127,376,2),(1130,377,2),(1133,378,2),(1136,379,2),(1139,380,2),(1142,381,2),(1145,382,2),(1148,383,2),(1151,384,2),(1154,385,2),(1157,386,2),(1160,387,2),(1163,388,2),(1166,389,2),(1169,390,2),(1172,391,2),(1175,392,2),(1178,393,2),(1181,394,2),(1184,395,2),(1187,396,2),(1190,397,2),(1193,398,2),(1196,399,2),(1199,400,2),(1202,401,2),(1205,402,2),(1208,403,2),(1211,404,2),(1214,405,2),(1217,406,2),(1220,407,2),(1223,408,2),(1226,409,2),(1229,410,2),(1232,411,2),(1235,412,2),(1238,413,2),(1241,414,2),(1244,415,2),(1247,416,2),(1250,417,2),(1253,418,2),(1256,419,2),(1259,420,2),(1262,421,2),(1265,422,2),(1268,423,2),(1271,424,2),(1274,425,2),(1277,426,2),(1280,427,2),(1283,428,2),(1286,429,2),(1289,430,2),(1292,431,2),(1295,432,2),(1298,433,2),(1301,434,2),(1304,435,2),(1307,436,2),(1310,437,2),(1313,438,2),(1316,439,2),(1319,440,2),(1322,441,2),(1325,442,2),(1328,443,2),(1331,444,2),(1334,445,2),(1337,446,2),(1340,447,2),(1343,448,2),(1346,449,2),(1349,450,2),(1352,451,2),(1355,452,2),(1358,453,2),(1361,454,2),(1364,455,2),(1367,456,2),(1370,457,2),(1373,458,2),(1376,459,2),(1379,460,2),(1382,461,2),(1385,462,2),(1388,463,2),(1391,464,2),(1394,465,2),(1397,466,2),(1400,467,2),(1403,468,2),(1406,469,2),(1409,470,2),(1412,471,2),(1415,472,2),(1418,473,2),(1421,474,2),(1424,475,2),(1427,476,2),(1430,477,2),(1433,478,2),(1436,479,2),(1439,480,2),(1442,481,2),(1445,482,2),(1448,483,2),(1451,484,2),(1454,485,2),(1457,486,2),(1460,487,2),(1463,488,2),(1466,489,2),(1469,490,2),(1472,491,2),(1475,492,2),(1478,493,2),(1481,494,2),(1484,495,2),(1487,496,2),(1490,497,2),(1493,498,2),(1496,499,2),(1499,500,2),(1502,501,2),(1505,502,2),(1508,503,2),(1511,504,2),(1514,505,2),(1517,506,2),(1520,507,2),(1523,508,2),(1526,509,2),(1529,510,2),(1532,511,2),(1535,512,2),(1538,513,2),(1541,514,2),(1544,515,2),(3,1,3),(6,2,3),(9,3,3),(12,4,3),(15,5,3),(18,6,3),(21,7,3),(24,8,3),(27,9,3),(30,10,3),(33,11,3),(36,12,3),(39,13,3),(42,14,3),(45,15,3),(48,16,3),(51,17,3),(54,18,3),(57,19,3),(60,20,3),(63,21,3),(66,22,3),(69,23,3),(72,24,3),(75,25,3),(78,26,3),(81,27,3),(84,28,3),(87,29,3),(90,30,3),(93,31,3),(96,32,3),(99,33,3),(102,34,3),(105,35,3),(108,36,3),(111,37,3),(114,38,3),(117,39,3),(120,40,3),(123,41,3),(126,42,3),(129,43,3),(132,44,3),(135,45,3),(138,46,3),(141,47,3),(144,48,3),(147,49,3),(150,50,3),(153,51,3),(156,52,3),(159,53,3),(162,54,3),(165,55,3),(168,56,3),(171,57,3),(174,58,3),(177,59,3),(180,60,3),(183,61,3),(186,62,3),(189,63,3),(192,64,3),(195,65,3),(198,66,3),(201,67,3),(204,68,3),(207,69,3),(210,70,3),(213,71,3),(216,72,3),(219,73,3),(222,74,3),(225,75,3),(228,76,3),(231,77,3),(234,78,3),(237,79,3),(240,80,3),(243,81,3),(246,82,3),(249,83,3),(252,84,3),(255,85,3),(258,86,3),(261,87,3),(264,88,3),(267,89,3),(270,90,3),(273,91,3),(276,92,3),(279,93,3),(282,94,3),(285,95,3),(288,96,3),(291,97,3),(294,98,3),(297,99,3),(300,100,3),(303,101,3),(306,102,3),(309,103,3),(312,104,3),(315,105,3),(318,106,3),(321,107,3),(324,108,3),(327,109,3),(330,110,3),(333,111,3),(336,112,3),(339,113,3),(342,114,3),(345,115,3),(348,116,3),(351,117,3),(354,118,3),(357,119,3),(360,120,3),(363,121,3),(366,122,3),(369,123,3),(372,124,3),(375,125,3),(378,126,3),(381,127,3),(384,128,3),(387,129,3),(390,130,3),(393,131,3),(396,132,3),(399,133,3),(402,134,3),(405,135,3),(408,136,3),(411,137,3),(414,138,3),(417,139,3),(420,140,3),(423,141,3),(426,142,3),(429,143,3),(432,144,3),(435,145,3),(438,146,3),(441,147,3),(444,148,3),(447,149,3),(450,150,3),(453,151,3),(456,152,3),(459,153,3),(462,154,3),(465,155,3),(468,156,3),(471,157,3),(474,158,3),(477,159,3),(480,160,3),(483,161,3),(486,162,3),(489,163,3),(492,164,3),(495,165,3),(498,166,3),(501,167,3),(504,168,3),(507,169,3),(510,170,3),(513,171,3),(516,172,3),(519,173,3),(522,174,3),(525,175,3),(528,176,3),(531,177,3),(534,178,3),(537,179,3),(540,180,3),(543,181,3),(546,182,3),(549,183,3),(552,184,3),(555,185,3),(558,186,3),(561,187,3),(564,188,3),(567,189,3),(570,190,3),(573,191,3),(576,192,3),(579,193,3),(582,194,3),(585,195,3),(588,196,3),(591,197,3),(594,198,3),(597,199,3),(600,200,3),(603,201,3),(606,202,3),(609,203,3),(612,204,3),(615,205,3),(618,206,3),(621,207,3),(624,208,3),(627,209,3),(630,210,3),(633,211,3),(636,212,3),(639,213,3),(642,214,3),(645,215,3),(648,216,3),(651,217,3),(654,218,3),(657,219,3),(660,220,3),(663,221,3),(666,222,3),(669,223,3),(672,224,3),(675,225,3),(678,226,3),(681,227,3),(684,228,3),(687,229,3),(690,230,3),(693,231,3),(696,232,3),(699,233,3),(702,234,3),(705,235,3),(708,236,3),(711,237,3),(714,238,3),(717,239,3),(720,240,3),(723,241,3),(726,242,3),(729,243,3),(732,244,3),(735,245,3),(738,246,3),(741,247,3),(744,248,3),(747,249,3),(750,250,3),(753,251,3),(756,252,3),(759,253,3),(762,254,3),(765,255,3),(768,256,3),(771,257,3),(774,258,3),(777,259,3),(780,260,3),(783,261,3),(786,262,3),(789,263,3),(792,264,3),(795,265,3),(798,266,3),(801,267,3),(804,268,3),(807,269,3),(810,270,3),(813,271,3),(816,272,3),(819,273,3),(822,274,3),(825,275,3),(828,276,3),(831,277,3),(834,278,3),(837,279,3),(840,280,3),(843,281,3),(846,282,3),(849,283,3),(852,284,3),(855,285,3),(858,286,3),(861,287,3),(864,288,3),(867,289,3),(870,290,3),(873,291,3),(876,292,3),(879,293,3),(882,294,3),(885,295,3),(888,296,3),(891,297,3),(894,298,3),(897,299,3),(900,300,3),(903,301,3),(906,302,3),(909,303,3),(912,304,3),(915,305,3),(918,306,3),(921,307,3),(924,308,3),(927,309,3),(930,310,3),(933,311,3),(936,312,3),(939,313,3),(942,314,3),(945,315,3),(948,316,3),(951,317,3),(954,318,3),(957,319,3),(960,320,3),(963,321,3),(966,322,3),(969,323,3),(972,324,3),(975,325,3),(978,326,3),(981,327,3),(984,328,3),(987,329,3),(990,330,3),(993,331,3),(996,332,3),(999,333,3),(1002,334,3),(1005,335,3),(1008,336,3),(1011,337,3),(1014,338,3),(1017,339,3),(1020,340,3),(1023,341,3),(1026,342,3),(1029,343,3),(1032,344,3),(1035,345,3),(1038,346,3),(1041,347,3),(1044,348,3),(1047,349,3),(1050,350,3),(1053,351,3),(1056,352,3),(1059,353,3),(1062,354,3),(1065,355,3),(1068,356,3),(1071,357,3),(1074,358,3),(1077,359,3),(1080,360,3),(1083,361,3),(1086,362,3),(1089,363,3),(1092,364,3),(1095,365,3),(1098,366,3),(1101,367,3),(1104,368,3),(1107,369,3),(1110,370,3),(1113,371,3),(1116,372,3),(1119,373,3),(1122,374,3),(1125,375,3),(1128,376,3),(1131,377,3),(1134,378,3),(1137,379,3),(1140,380,3),(1143,381,3),(1146,382,3),(1149,383,3),(1152,384,3),(1155,385,3),(1158,386,3),(1161,387,3),(1164,388,3),(1167,389,3),(1170,390,3),(1173,391,3),(1176,392,3),(1179,393,3),(1182,394,3),(1185,395,3),(1188,396,3),(1191,397,3),(1194,398,3),(1197,399,3),(1200,400,3),(1203,401,3),(1206,402,3),(1209,403,3),(1212,404,3),(1215,405,3),(1218,406,3),(1221,407,3),(1224,408,3),(1227,409,3),(1230,410,3),(1233,411,3),(1236,412,3),(1239,413,3),(1242,414,3),(1245,415,3),(1248,416,3),(1251,417,3),(1254,418,3),(1257,419,3),(1260,420,3),(1263,421,3),(1266,422,3),(1269,423,3),(1272,424,3),(1275,425,3),(1278,426,3),(1281,427,3),(1284,428,3),(1287,429,3),(1290,430,3),(1293,431,3),(1296,432,3),(1299,433,3),(1302,434,3),(1305,435,3),(1308,436,3),(1311,437,3),(1314,438,3),(1317,439,3),(1320,440,3),(1323,441,3),(1326,442,3),(1329,443,3),(1332,444,3),(1335,445,3),(1338,446,3),(1341,447,3),(1344,448,3),(1347,449,3),(1350,450,3),(1353,451,3),(1356,452,3),(1359,453,3),(1362,454,3),(1365,455,3),(1368,456,3),(1371,457,3),(1374,458,3),(1377,459,3),(1380,460,3),(1383,461,3),(1386,462,3),(1389,463,3),(1392,464,3),(1395,465,3),(1398,466,3),(1401,467,3),(1404,468,3),(1407,469,3),(1410,470,3),(1413,471,3),(1416,472,3),(1419,473,3),(1422,474,3),(1425,475,3),(1428,476,3),(1431,477,3),(1434,478,3),(1437,479,3),(1440,480,3),(1443,481,3),(1446,482,3),(1449,483,3),(1452,484,3),(1455,485,3),(1458,486,3),(1461,487,3),(1464,488,3),(1467,489,3),(1470,490,3),(1473,491,3),(1476,492,3),(1479,493,3),(1482,494,3),(1485,495,3),(1488,496,3),(1491,497,3),(1494,498,3),(1497,499,3),(1500,500,3),(1503,501,3),(1506,502,3),(1509,503,3),(1512,504,3),(1515,505,3),(1518,506,3),(1521,507,3),(1524,508,3),(1527,509,3),(1530,510,3),(1533,511,3),(1536,512,3),(1539,513,3),(1542,514,3),(1545,515,3);
/*!40000 ALTER TABLE `imageurls_infractions` ENABLE KEYS */;
UNLOCK TABLES;

--
-- Table structure for table `infractions`
--

DROP TABLE IF EXISTS `infractions`;
/*!40101 SET @saved_cs_client     = @@character_set_client */;
/*!40101 SET character_set_client = utf8 */;
CREATE TABLE `infractions` (
  `id` int(11) unsigned NOT NULL AUTO_INCREMENT,
  `price` varchar(255) COLLATE utf8_unicode_ci DEFAULT NULL,
  `datefound` varchar(255) COLLATE utf8_unicode_ci DEFAULT NULL,
  `title` varchar(255) COLLATE utf8_unicode_ci DEFAULT NULL,
  `url` varchar(255) COLLATE utf8_unicode_ci DEFAULT NULL,
  `deleted` int(11) DEFAULT NULL,
  PRIMARY KEY (`id`)
) ENGINE=InnoDB AUTO_INCREMENT=516 DEFAULT CHARSET=utf8 COLLATE=utf8_unicode_ci;
/*!40101 SET character_set_client = @saved_cs_client */;

--
-- Dumping data for table `infractions`
--

LOCK TABLES `infractions` WRITE;
/*!40000 ALTER TABLE `infractions` DISABLE KEYS */;
INSERT INTO `infractions` VALUES (1,'price','2012.7.10','500 Murraya koenigii Indian Curry-Leaf Plant. Seeds kari Leaf Seeds','http://www.ebay.com/itm/500-Murraya-koenigii-Indian-Curry-Leaf-Plant-Seeds-kari-Leaf-Seeds-/280905812045',NULL),(2,'price','2012.7.10','200 Murraya Koenigii Curry leaf tree Seeds Indian Curry Leaf Seeds','http://www.ebay.com/itm/200-Murraya-Koenigii-Curry-leaf-tree-Seeds-Indian-Curry-Leaf-Seeds-/280905810882',NULL),(3,'price','2012.7.10','50 Murraya Koenigii (Curry Leaves) Curry leaf tree Seeds Indian Curry Leaf Seeds','http://www.ebay.com/itm/50-Murraya-Koenigii-Curry-Leaves-Curry-leaf-tree-Seeds-Indian-Curry-Leaf-Seeds-/271003174823',NULL),(4,'price','2012.7.10','Murraya koenigii / Curry Tree --- Supper Rare Live Plant ! I combo ship','http://www.ebay.com/itm/Murraya-koenigii-Curry-Tree-Supper-Rare-Live-Plant-I-combo-ship-/160836421902',NULL),(5,'price','2012.7.10','5 Seeds Murraya koenigii - Curry leaf Tree Seeds','http://www.ebay.com/itm/5-Seeds-Murraya-koenigii-Curry-leaf-Tree-Seeds-/170871418079',NULL),(6,'price','2012.7.10','1 Lb - Open Pollinated Corn Seeds - \'Reid\'s Yellow Dent\' Bulk Vegetable Seeds','http://www.ebay.com/itm/1-Lb-Open-Pollinated-Corn-Seeds-Reids-Yellow-Dent-Bulk-Vegetable-Seeds-/290728967469',NULL),(7,'price','2012.7.10','Heirloom Greenfield Yellow Dent Corn OP Seed Open Pollinated Seed AzureDandelion','http://www.ebay.com/itm/Heirloom-Greenfield-Yellow-Dent-Corn-OP-Seed-Open-Pollinated-Seed-AzureDandelion-/330757621194',NULL),(8,'price','2012.7.10','Heirloom Reid\'s Yellow Dent Corn OP Seed Open Pollinated Seeds by AzureDandelion','http://www.ebay.com/itm/Heirloom-Reids-Yellow-Dent-Corn-OP-Seed-Open-Pollinated-Seeds-by-AzureDandelion-/230819552956',NULL),(9,'price','2012.7.10','1 Oz - Open Pollinated Corn Seeds - \'Reid\'s Yellow Dent\' Bulk Vegetable Seeds','http://www.ebay.com/itm/1-Oz-Open-Pollinated-Corn-Seeds-Reids-Yellow-Dent-Bulk-Vegetable-Seeds-/290728963476',NULL),(10,'price','2012.7.10','Reid\'s Yellow Dent - Jumbo Open Pollinated Corn Seed Packet (100)','http://www.ebay.com/itm/Reids-Yellow-Dent-Jumbo-Open-Pollinated-Corn-Seed-Packet-100-/310407899136',NULL),(11,'price','2012.7.10','1/4 Lb - Open Pollinated Corn Seeds - \'Reid\'s Yellow Dent\' Bulk Vegetable Seeds','http://www.ebay.com/itm/1-4-Lb-Open-Pollinated-Corn-Seeds-Reids-Yellow-Dent-Bulk-Vegetable-Seeds-/290728971029',NULL),(12,'price','2012.7.10','Cornucopia II: A Source Book of Edible Plants','http://www.amazon.com/Cornucopia-II-Source-Edible-Plants/dp/0962808725',NULL),(13,'price','2012.7.10','Que hago si mi media naranja es toronja? / What Should I do if My Half Orange is Grapefruit?: Guia para comprender  tolerar y amar a nuestra pareja ... our partner using the brain (Spanish Edition)','http://www.amazon.com/naranja-toronja-Should-Orange-Grapefruit/dp/9682472474',NULL),(14,'price','2012.7.10','Satsuma Plum Tree -- 12 by 12 Inch Container','http://www.amazon.com/Satsuma-Plum-Tree-Inch-Container/dp/B00076S6CG',NULL),(15,'price','2012.7.10','Golden Nectar Plum Tree -- 12 by 12 Inch Container','http://www.amazon.com/Golden-Nectar-Plum-Tree-Container/dp/B0007KT130',NULL),(16,'price','2012.7.10','Nippon Orangequat Tree -- 12 by 12 Inch Container','http://www.amazon.com/Nippon-Orangequat-Tree-Inch-Container/dp/B0058WBL58',NULL),(17,'price','2012.7.10','Satsuma Mandarin Orange Tree Topiary -- 12 by 12 Inch Container by Monrovia','http://www.amazon.com/Satsuma-Mandarin-Topiary-Container-Monrovia/dp/B003H82CJE',NULL),(18,'price','2012.7.10','Our Best Dancy Tangerine Premium Tree -- 12 by 12 Inch Container','http://www.amazon.com/Best-Dancy-Tangerine-Premium-Container/dp/B000A6U554',NULL),(19,'price','2012.7.10','Yosemite Gold Late Ripening Mandarin Orange Tree -- 12 by 12 Inch Container','http://www.amazon.com/Yosemite-Ripening-Mandarin-Orange-Container/dp/B000CS2PHG',NULL),(20,'price','2012.7.10','Shaddock-Pomel o Citrus (5 seeds) Pear-Shaped Fruit','http://www.ebay.com/itm/Shaddock-Pomelo-Citrus-5-seeds-Pear-Shaped-Fruit-/200784448444',NULL),(21,'price','2012.7.10','Shaddock-Pomel o Citrus (10 seeds) Pear-Shaped Fruit','http://www.ebay.com/itm/Shaddock-Pomelo-Citrus-10-seeds-Pear-Shaped-Fruit-/190693885816',NULL),(22,'price','2012.7.10','50 Seeds Purple Majesty Ornamental Grass Hybrid Black Leaf Millet Pearl Millet','http://www.ebay.com/itm/50-Seeds-Purple-Majesty-Ornamental-Grass-Hybrid-Black-Leaf-Millet-Pearl-Millet-/330754966687',NULL),(23,'price','2012.7.10','PURPLE MAJESTY MILLET~Seeds!~ ~~~~~~~Lovely Dried Too!','http://www.ebay.com/itm/PURPLE-MAJESTY-MILLET-Seeds-Lovely-Dried-Too-/271007213013',NULL),(24,'price','2012.7.10','German Millet 1000 seed pk.','http://www.ebay.com/itm/German-Millet-1000-seed-pk-/290728578030',NULL),(25,'price','2012.7.10','Qty 3 Purple Majesty Ornamental Grass Hybrid Black Millet LIVE PLANT 12\"+ Inches','http://www.ebay.com/itm/Qty-3-Purple-Majesty-Ornamental-Grass-Hybrid-Black-Millet-LIVE-PLANT-12-Inches-/330754969016',NULL),(26,'price','2012.7.10','Millet Seeds ~ Excellent Source of Manganese  Phosphorus  Magnesium ~ 100+ Seeds','http://www.ebay.com/itm/Millet-Seeds-Excellent-Source-of-Manganese-Phosphorus-Magnesium-100-Seeds-/180909562606',NULL),(27,'price','2012.7.10','German Millet 5000 seed pk.','http://www.ebay.com/itm/German-Millet-5000-seed-pk-/290728578031',NULL),(28,'price','2012.7.10','Qty 3 Purple Majesty Ornamental Grass Hybrid Black Millet LIVE PLANT 6\"+ Inches','http://www.ebay.com/itm/Qty-3-Purple-Majesty-Ornamental-Grass-Hybrid-Black-Millet-LIVE-PLANT-6-Inches-/330754970283',NULL),(29,'price','2012.7.10','Great Ornamental Grasses \"Jade Princess Millet\" Seeds','http://www.ebay.com/itm/Great-Ornamental-Grasses-Jade-Princess-Millet-Seeds-/160827064491',NULL),(30,'price','2012.7.10','Organic Whole (Hull Intact) Millet Seeds - 35 Lbs - Cereal Grain - Sprouting Seed - Animal Feed & Bird Seed','http://www.amazon.com/Organic-Whole-Intact-Millet-Seeds/dp/B004F86746',NULL),(31,'price','2012.7.10','Jester Ornamental Millet Seeds','http://www.amazon.com/Park-Seed-Jester-Ornamental-Millet/dp/B007P3UZUK',NULL),(32,'price','2012.7.10','Purple Majesty Hybrid Ornamental Millet Seeds','http://www.amazon.com/Purple-Majesty-Hybrid-Ornamental-Millet/dp/B007P3V1EY',NULL),(33,'price','2012.7.10','Purple Majesty Millet - Pkt. 12 Seeds','http://www.amazon.com/Purple-Majesty-Millet-Pkt-Seeds/dp/B008AHF1N6',NULL),(34,'price','2012.7.10','3 Fresh Organic Mango Seed Delicious Stringless Juicy - Mangifera indica','http://www.ebay.com/itm/3-Fresh-Organic-Mango-Seed-Delicious-Stringless-Juicy-Mangifera-indica-/200786136613',NULL),(35,'price','2012.7.10','Mangifera Giant fruit Mango \'Namdokmai Man\' 1 Plant','http://www.ebay.com/itm/Mangifera-Giant-fruit-Mango-Namdokmai-Man-1-Plant-/271002659179',NULL),(36,'price','2012.7.10','~ MANGO TREE { Mangifera indica } LIVE FRUIT TREE ! L@OK! ~','http://www.ebay.com/itm/MANGO-TREE-Mangifera-indica-LIVE-FRUIT-TREE-L-OK-/221062073878',NULL),(37,'price','2012.7.10','YUMMY ~HADEN~ MANGO Mangifera indica LIVE Plant Seedling','http://www.ebay.com/itm/YUMMY-HADEN-MANGO-Mangifera-indica-LIVE-Plant-Seedling-/140788585314',NULL),(38,'price','2012.7.10','Mangifera indica Augrong Mango 3 Flesh Seeds','http://www.ebay.com/itm/Mangifera-indica-Augrong-Mango-3-Flesh-Seeds-/271002659161',NULL),(39,'price','2012.7.10','CRABTREE& EVELYN ** WEST INDIAN LIME ** BODY WASH - 10.1 FL OZ','http://www.ebay.com/itm/CRABTREE-EVELYN-WEST-INDIAN-LIME-BODY-WASH-10-1-FL-OZ-/120916611551',NULL),(40,'price','2012.7.10','CRABTREE & EVELYN WEST INDIAN LIME AFTER SHAVE BALM=1.7oz X 2 SPRAY BOTTLES=NEW','http://www.ebay.com/itm/CRABTREE-EVELYN-WEST-INDIAN-LIME-AFTER-SHAVE-BALM-1-7oz-X-2-SPRAY-BOTTLES-NEW-/310410678657',NULL),(41,'price','2012.7.10','Crabtree & Evelyn West Indian Lime Body Wash 10.1 fl oz','http://www.ebay.com/itm/Crabtree-Evelyn-West-Indian-Lime-Body-Wash-10-1-fl-oz-/170466728807',NULL),(42,'price','2012.7.10','IMPERIAL SALEM CHINA SLM 175 DINNER PLATE INDIAN TREE LIME GREEN RIM GILDED','http://www.ebay.com/itm/IMPERIAL-SALEM-CHINA-SLM-175-DINNER-PLATE-INDIAN-TREE-LIME-GREEN-RIM-GILDED-/290736642658',NULL),(43,'price','2012.7.10','Crabtree & Evelyn West Indian Lime Body Wash - 10.1 Oz','http://www.ebay.com/itm/Crabtree-Evelyn-West-Indian-Lime-Body-Wash-10-1-Oz-/300625073298',NULL),(44,'price','2012.7.10','Crabtree & Evelyn Lily / Lavender / Indian Lime / Sandalwood Gel / Lotion U PICK','http://www.ebay.com/itm/Crabtree-Evelyn-Lily-Lavender-Indian-Lime-Sandalwood-Gel-Lotion-U-PICK-/380444160938',NULL),(45,'price','2012.7.10','CRABTREE & EVELYN --WEST INDIAN LIME BODY WASH-- 10.1OZ.','http://www.ebay.com/itm/CRABTREE-EVELYN-WEST-INDIAN-LIME-BODY-WASH-10-1OZ-/170757409539',NULL),(46,'price','2012.7.10','Crabtree & Evelyn West Indian Lime Body Wash 300ml','http://www.ebay.com/itm/Crabtree-Evelyn-West-Indian-Lime-Body-Wash-300ml-/350576270507',NULL),(47,'price','2012.7.10','CRABTREE & EVELYN **WEST INDIAN LIME BODY WASH 10.1OZ**','http://www.ebay.com/itm/CRABTREE-EVELYN-WEST-INDIAN-LIME-BODY-WASH-10-1OZ-/290648932000',NULL),(48,'price','2012.7.10','Crabtree & Evelyn West Indian Lime Cologne 100mL (71600)','http://www.ebay.com/itm/Crabtree-Evelyn-West-Indian-Lime-Cologne-100mL-71600-/190626073314',NULL),(49,'price','2012.7.10','Crabtree and Evelyn West Indian Lime Cologne 3.4 oz. (100 ml)','http://www.ebay.com/itm/Crabtree-and-Evelyn-West-Indian-Lime-Cologne-3-4-oz-100-ml-/330749173514',NULL),(50,'price','2012.7.10','In door kumquat tree seedling','http://www.ebay.com/itm/In-door-kumquat-tree-seedling-/330758356011',NULL),(51,'price','2012.7.10','KUMQUAT NAGAMI Grafted Citrus Patio Live Tree','http://www.ebay.com/itm/KUMQUAT-NAGAMI-Grafted-Citrus-Patio-Live-Tree-/150846955536',NULL),(52,'price','2012.7.10','4 fresh seeds NAGAMI KUMQUAT Fortunella Margarita Citrus Japonica evergreen TA1','http://www.ebay.com/itm/4-fresh-seeds-NAGAMI-KUMQUAT-Fortunella-Margarita-Citrus-Japonica-evergreen-TA1-/190697527760',NULL),(53,'price','2012.7.10','In door kumquat tree seedling','http://www.ebay.com/itm/In-door-kumquat-tree-seedling-/330756072667',NULL),(54,'price','2012.7.10','In door kumquat tree seedling','http://www.ebay.com/itm/In-door-kumquat-tree-seedling-/130723212279',NULL),(55,'price','2012.7.10','NAGAMI KUMQUAT SEEDLING CITRUS TREE LIVE TROPICAL FRUIT PLANT','http://www.ebay.com/itm/NAGAMI-KUMQUAT-SEEDLING-CITRUS-TREE-LIVE-TROPICAL-FRUIT-PLANT-/271006877240',NULL),(56,'price','2012.7.10','Fukushu Kumquat Tree -- 12 by 12 Inch Container','http://www.amazon.com/Fukushu-Kumquat-Tree-Inch-Container/dp/B000UCWAB0',NULL),(57,'price','2012.7.10','Dwarf Fukushu Kumquat Tree -- 12 by 12 Inch Container','http://www.amazon.com/Dwarf-Fukushu-Kumquat-Tree-Container/dp/B005URKI9G',NULL),(58,'price','2012.7.10','Centennial Kumquat Tree  Semi Dwarf -- 12 by 12 Inch Container','http://www.amazon.com/Centennial-Kumquat-Tree-Dwarf-Container/dp/B0058VZUGK',NULL),(59,'price','2012.7.10','Egyptian Walking onion sets 10 Live Organic Plants Picked Fresh Day of order','http://www.ebay.com/itm/Egyptian-Walking-onion-sets-10-Live-Organic-Plants-Picked-Fresh-Day-of-order-/320895545143',NULL),(60,'price','2012.7.10','Mentha niliaca / Egyptian Mint Plant--- Live sp Plant. I combo ship','http://www.ebay.com/itm/Mentha-niliaca-Egyptian-Mint-Plant-Live-sp-Plant-I-combo-ship-/110908523228',NULL),(61,'price','2012.7.10','El Limonero (Etz Limon) aka Lemon Tree [*NTSC/Region 1 & 4 Dvd. Import - Latin America] Eran Riklis (No English Options)','http://www.amazon.com/Limonero-Limon-Lemon-Region-Import/dp/B0049ELBTC',NULL),(62,'price','2012.7.10','The Lemon Tree Caper/Le Intricga del Limonero (Mickey Rangel Mysteries)-Ren e  Jr','http://www.ebay.com/itm/The-Lemon-Tree-Caper-Le-Intricga-del-Limonero-Mickey-Rangel-Mysteries-Rene-Jr-/110855560804',NULL),(63,'price','2012.7.10','La Intriga Del Limonero/ the Lemon Tree Caper: A Mickey Rangel Mystery /...','http://www.ebay.com/itm/La-Intriga-Del-Limonero-the-Lemon-Tree-Caper-A-Mickey-Rangel-Mystery-/251097052612',NULL),(64,'price','2012.7.10','The Lemon Tree Caper/Le Intricga del Limonero','http://www.ebay.com/itm/The-Lemon-Tree-Caper-Le-Intricga-del-Limonero-/180917503504',NULL),(65,'price','2012.7.10','NEW La Intriga Del Limonero/ the Lemon Tree Caper - Sal','http://www.ebay.com/itm/NEW-La-Intriga-Del-Limonero-the-Lemon-Tree-Caper-Sal-/380382295025',NULL),(66,'price','2012.7.10','The Lemon Tree Caper: A Mickey Rangel Mystery / La intriga del limonero: Colecci','http://www.ebay.com/itm/The-Lemon-Tree-Caper-A-Mickey-Rangel-Mystery-La-intriga-del-limonero-Colecci-/400306955958',NULL),(67,'price','2012.7.10','La Intriga Del Limonero / The Lemon Tree Caper: Coleccion Mickey Rangel  Detecti','http://www.ebay.com/itm/La-Intriga-Del-Limonero-The-Lemon-Tree-Caper-Coleccion-Mickey-Rangel-Detecti-/110893125189',NULL),(68,'price','2012.7.10','PROCOL HARUM \"Lime Street Blues\" PHILIPPINES 45 rpm','http://www.ebay.com/itm/PROCOL-HARUM-Lime-Street-Blues-PHILIPPINES-45-rpm-/200430400290',NULL),(69,'price','2012.7.10','100 SEEDS BERGAMOT  KAFFIR LIME  CITRUS HYSTRIX FREE SP','http://www.ebay.com/itm/100-SEEDS-BERGAMOT-KAFFIR-LIME-CITRUS-HYSTRIX-FREE-SP-/230815272709',NULL),(70,'price','2012.7.10','DWARF Kaffir Lime (Citrus hystrix) indoor outdoor tree seeds.','http://www.ebay.com/itm/DWARF-Kaffir-Lime-Citrus-hystrix-indoor-outdoor-tree-seeds-/110906133083',NULL),(71,'price','2012.7.10','Kaffir Lime- Citrus Hystrix 15 Seeds from USA','http://www.ebay.com/itm/Kaffir-Lime-Citrus-Hystrix-15-Seeds-from-USA-/120943479184',NULL),(72,'price','2012.7.10','50 SEEDS BERGAMOT  KAFFIR LIME  CITRUS HYSTRIX FREE SP','http://www.ebay.com/itm/50-SEEDS-BERGAMOT-KAFFIR-LIME-CITRUS-HYSTRIX-FREE-SP-/230819674457',NULL),(73,'price','2012.7.10','50 SEEDS BERGAMOT  KAFFIR LIME  CITRUS HYSTRIX FREE SP','http://www.ebay.com/itm/50-SEEDS-BERGAMOT-KAFFIR-LIME-CITRUS-HYSTRIX-FREE-SP-/230819673556',NULL),(74,'price','2012.7.10','Kaffir Lime - (Citrus Hystrix) ','http://www.ebay.com/itm/Kaffir-Lime-Citrus-Hystrix-15-Seeds-New-/140788070063',NULL),(75,'price','2012.7.10','4 fresh seeds COMBAVA  Makrut  Kaffir lime  Citrus ?','http://www.ebay.com/itm/4-fresh-seeds-COMBAVA-Makrut-Kaffir-lime-Citrus-hystrix-hybrids-rutaceae-/190698388537',NULL),(76,'price','2012.7.10','15 GRAM KAFFIR LIME / CITRUS HYSTRIX SEEDS (250 SEEDS)','http://www.ebay.com/itm/15-GRAM-KAFFIR-LIME-CITRUS-HYSTRIX-SEEDS-250-SEEDS-/261054583653',NULL),(77,'price','2012.7.10','5 FT TALL LIVE CITRUS HYSTRIX KAFFIR LIME PLANT GRAFTED FRUITS BEARING SIZE Sell one like this 5 FT TALL LIVE CITRUS HYSTRIX KAFFIR LIME PLANT FRUITS BEARING SIZE','http://www.amazon.com/CITRUS-HYSTRIX-KAFFIR-GRAFTED-BEARING/dp/B008GKW8LA',NULL),(78,'price','2012.7.10','GRAFTED Bearss or Persian Lime Grafted Citrus Tree [GC006]','http://www.amazon.com/GRAFTED-Bearss-Persian-Grafted-GC006/dp/B0088HAG5G',NULL),(79,'price','2012.7.10','AMERINDIAN FLINT CORN GROW YOUR OWN POPCORN HIGH YIELDING VARIETY 40 SEEDS !!','http://www.ebay.com/itm/AMERINDIAN-FLINT-CORN-GROW-YOUR-OWN-POPCORN-HIGH-YIELDING-VARIETY-40-SEEDS-/251100047266',NULL),(80,'price','2012.7.10','Live BLACK BAMBOO Potted Plant - P. Nigra - Cold Hardy - Div. from mature grove','http://www.amazon.com/Live-BLACK-BAMBOO-Potted-Plant/dp/B008CM32WQ',NULL),(81,'price','2012.7.10','101+ MOSO BAMBOO SEEDS Phyllostachys pubescens hardy W','http://www.ebay.com/itm/101-MOSO-BAMBOO-SEEDS-Phyllostachys-pubescens-hardy-W-/320929125096',NULL),(82,'price','2012.7.10','Phyllostachys pubescens 100+seeds Huge Moso Bamboo','http://www.ebay.com/itm/Phyllostachys-pubescens-100-seeds-Huge-Moso-Bamboo-/110907520271',NULL),(83,'price','2012.7.10','Moso Bamboo+Phyllos tachys pubescens 100+ seed Huge *RARE*','http://www.ebay.com/itm/Moso-Bamboo-Phyllostachys-pubescens-100-seed-Huge-RARE-/221063617489',NULL),(84,'price','2012.7.10','Moso Bamboo+Phyllos tachys pubescens 5000+seeds Huge W','http://www.ebay.com/itm/Moso-Bamboo-Phyllostachys-pubescens-5000-seeds-Huge-W-/320929125094',NULL),(85,'price','2012.7.10','Giant timber bamboo plant Phyllostachys atrovaginata hardy to -15f.','http://www.ebay.com/itm/Giant-timber-bamboo-plant-Phyllostachys-atrovaginata-hardy-to-15f-/160835930312',NULL),(86,'price','2012.7.10','Box of 10 Giant timber bamboo plant Phyllostachys atrovaginata hardy to -15f.','http://www.ebay.com/itm/Box-of-10-Giant-timber-bamboo-plant-Phyllostachys-atrovaginata-hardy-to-15f-/150838206789',NULL),(87,'price','2012.7.10','MOSO BAMBOO (Phyllostachys pubescens) 50 seeds','http://www.ebay.com/itm/MOSO-BAMBOO-Phyllostachys-pubescens-50-seeds-/221063208308',NULL),(88,'price','2012.7.10','BLACK BAMBOO PHYLLOSTACHYS NIGRA LIVE PLANT','http://www.ebay.com/itm/BLACK-BAMBOO-PHYLLOSTACHYS-NIGRA-LIVE-PLANT-/160835003334',NULL),(89,'price','2012.7.10','Moso Bamboo+Phyllos tachys pubescens 500+seeds Huge W','http://www.ebay.com/itm/Moso-Bamboo-Phyllostachys-pubescens-500-seeds-Huge-W-/221051381017',NULL),(90,'price','2012.7.10','Moso Bamboo+Phyllos tachys pubescens 200+seeds Huge','http://www.ebay.com/itm/Moso-Bamboo-Phyllostachys-pubescens-200-seeds-Huge-/221043584500',NULL),(91,'price','2012.7.10','Moso Bamboo+Phyllos tachys pubescens 1000+seeds Huge','http://www.ebay.com/itm/Moso-Bamboo-Phyllostachys-pubescens-1000-seeds-Huge-/221053737602',NULL),(92,'price','2012.7.10','Moso Bamboo+Phyllos tachys pubescens 1000+seeds Huge W','http://www.ebay.com/itm/Moso-Bamboo-Phyllostachys-pubescens-1000-seeds-Huge-W-/320929125030',NULL),(93,'price','2012.7.10','Black Bamboo Phyllostachys Nigra Live Plant LARGE','http://www.ebay.com/itm/Black-Bamboo-Phyllostachys-Nigra-Live-Plant-LARGE-/390434938215',NULL),(94,'price','2012.7.10','Moso Bamboo+Phyllos tachys pubescens 100+seeds Huge Fresh *RARE*','http://www.ebay.com/itm/Moso-Bamboo-Phyllostachys-pubescens-100-seeds-Huge-Fresh-RARE-/320938124403',NULL),(95,'price','2012.7.10','Phyllostachys pubescens - Moso bamboo seeds - 20 fresh seeds','http://www.ebay.com/itm/Phyllostachys-pubescens-Moso-bamboo-seeds-20-fresh-seeds-/330758478724',NULL),(96,'price','2012.7.10','#3 Phyllostachys Mannii Decora \'Beautiful\' live large screening Bamboo Plant','http://www.ebay.com/itm/3-Phyllostachys-Mannii-Decora-Beautiful-live-large-screening-Bamboo-Plant-/140781499716',NULL),(97,'price','2012.7.10','Moso Bamboo+Phyllos tachys pubescens 1000+seeds Huge','http://www.ebay.com/itm/Moso-Bamboo-Phyllostachys-pubescens-1000-seeds-Huge-/120934399505',NULL),(98,'price','2012.7.10','Moso Bamboo+Phyllos tachys pubescens 1000+seeds Huge','http://www.ebay.com/itm/Moso-Bamboo-Phyllostachys-pubescens-1000-seeds-Huge-/320921500312',NULL),(99,'price','2012.7.10','Moso Bamboo+Phyllos tachys pubescens 200+seeds Huge','http://www.ebay.com/itm/Moso-Bamboo-Phyllostachys-pubescens-200-seeds-Huge-/221053737643',NULL),(100,'price','2012.7.10','MOSO BAMBOO (Phyllostachys pubescens) 10 seeds','http://www.ebay.com/itm/MOSO-BAMBOO-Phyllostachys-pubescens-10-seeds-/221063202960',NULL),(101,'price','2012.7.10','Moso Bamboo+Phyllos tachys pubescens 200+seeds Huge W','http://www.ebay.com/itm/Moso-Bamboo-Phyllostachys-pubescens-200-seeds-Huge-W-/221051381018',NULL),(102,'price','2012.7.10','Moso Bamboo+Phyllos tachys pubescens 1000+seeds Huge Fresh *RARE*','http://www.ebay.com/itm/Moso-Bamboo-Phyllostachys-pubescens-1000-seeds-Huge-Fresh-RARE-/221063598854',NULL),(103,'price','2012.7.10','Moso Bamboo+Phyllos tachys pubescens 200+ seed Huge Fresh *RARE*','http://www.ebay.com/itm/Moso-Bamboo-Phyllostachys-pubescens-200-seed-Huge-Fresh-RARE-/221063649935',NULL),(104,'price','2012.7.10','Moso Bamboo+Phyllos tachys pubescens 1000+seeds Huge *RARE*','http://www.ebay.com/itm/Moso-Bamboo-Phyllostachys-pubescens-1000-seeds-Huge-RARE-/320938156120',NULL),(105,'price','2012.7.10','BOX OF 4 BLACK BAMBOO RUNNER PLANTS 18\"H - PHYLLOSTACHYS NIGRA','http://www.ebay.com/itm/BOX-OF-4-BLACK-BAMBOO-RUNNER-PLANTS-18-H-PHYLLOSTACHYS-NIGRA-/251086508284',NULL),(106,'price','2012.7.10','* MOSO BAMBOO - PHYLLOSTACHYS PUBESCENS * 10 SEEDS','http://www.ebay.com/itm/MOSO-BAMBOO-PHYLLOSTACHYS-PUBESCENS-10-SEEDS-/190697853329',NULL),(107,'price','2012.7.10','Moso Bamboo - PHYLLOSTACHYS PUBESCENS - 6 Exotic Seeds','http://www.ebay.com/itm/Moso-Bamboo-PHYLLOSTACHYS-PUBESCENS-6-Exotic-Seeds-/271003656913',NULL),(108,'price','2012.7.10','Moso Bamboo+Phyllos tachys pubescens 100+seeds Huge W','http://www.ebay.com/itm/Moso-Bamboo-Phyllostachys-pubescens-100-seeds-Huge-W-/221051381023',NULL),(109,'price','2012.7.10','SD0513 Citron Seeds  Citrus Medica Seeds  Lemon Limon Fruit Seeds (10 Seeds)','http://www.amazon.com/SD0513-Citron-Seeds-Citrus-Medica/dp/B0087CHRZO',NULL),(110,'price','2012.7.10','1914 Print Canarese Woman Grinding Millet Seed Grains Ragi Eleusine Coracana - Original Color Print','http://www.amazon.com/Canarese-Grinding-Millet-Eleusine-Coracana/dp/B006ERZLL6',NULL),(111,'price','2012.7.10','2 sour orange Plant tree~Biter orange~Naranja Agria plants','http://www.ebay.com/itm/2-sour-orange-Plant-tree-Biter-orange-Naranja-Agria-plants-/320938354240',NULL),(112,'price','2012.7.10','Certified Organic Sugar Baby Watermelon Seeds - Citrullus Lanatus - Approx 25 Gardening Seeds- 90 percent germination','http://www.amazon.com/Certified-Organic-Sugar-Watermelon-Seeds/dp/B004J7AICK',NULL),(113,'price','2012.7.10','Sugar Baby Watermelon - Heirloom Seeds','http://www.amazon.com/Sugar-Baby-Watermelon-Heirloom-Seeds/dp/B004G6Z4DM',NULL),(114,'price','2012.7.10','Bok Choy Pak Choi Chinese Cabbage 299 + Seeds','http://www.amazon.com/Choy-Choi-Chinese-Cabbage-Seeds/dp/B004IAB232',NULL),(115,'price','2012.7.10','48\" (Murraya Koenegii) Curry Leaf Plant LIVE Tree Medicinal Health Food Herb','http://www.ebay.com/itm/48-Murraya-Koenegii-Curry-Leaf-Plant-LIVE-Tree-Medicinal-Health-Food-Herb-/320938245781',NULL),(116,'price','2012.7.10','(Murraya Koenegii) Curry Leaf Plant LIVE Tree Medicinal Health Food Herb','http://www.ebay.com/itm/Murraya-Koenegii-Curry-Leaf-Plant-LIVE-Tree-Medicinal-Health-Food-Herb-/320928437340',NULL),(117,'price','2012.7.10','Curry Leaf plant','http://www.ebay.com/itm/Curry-Leaf-plant-/150847950157',NULL),(118,'price','2012.7.10','Curry Leaf Plant','http://www.ebay.com/itm/Curry-Leaf-Plant-/110904526695',NULL),(119,'price','2012.7.10','Super Freshly Dried Curry LEAVES Benefits Medicinal Health Food Herb Ayurveda','http://www.ebay.com/itm/Super-Freshly-Dried-Curry-LEAVES-Benefits-Medicinal-Health-Food-Herb-Ayurveda-/320923215827',NULL),(120,'price','2012.7.10','Murraya Koenegii Plant ( Curry Leaf Plant)','http://www.ebay.com/itm/Murraya-Koenegii-Plant-Curry-Leaf-Plant-/110905065543',NULL),(121,'price','2012.7.10','La Pequena Ciudad En La Pradera (Little House-the Laura Years) (Spanish Edition)','http://www.amazon.com/Pequena-Ciudad-Pradera-Spanish-Edition/dp/8427932359',NULL),(122,'price','2012.7.10','Evolution of Crop Plants','http://www.amazon.com/Evolution-Crop-Plants-Joseph-Smartt/dp/0582086434',NULL),(123,'price','2012.7.10','Dulce','http://www.amazon.com/Dulce-trade-Dianthus-chinesis-Flower/dp/B007XNX26G',NULL),(124,'price','2012.7.10','Job\'s Tears Coix Lacryma ~~ Talk about RARE (sp) I combo ship','http://www.ebay.com/itm/Jobs-Tears-Coix-Lacryma-Talk-about-RARE-sp-I-combo-ship-/160835739065',NULL),(125,'price','2012.7.10','20 JOBS TEARS Jobi Coix Lacryma Yi Ren FlowerVeggieSe ed','http://www.ebay.com/itm/20-JOBS-TEARS-Jobi-Coix-Lacryma-Yi-Ren-FlowerVeggieSeed-/271005630906',NULL),(126,'price','2012.7.10','Live Lemon balm plant','http://www.etsy.com/listing/103281582/live-lemon-balm-plant',NULL),(127,'price','2012.7.10','Bee Balm or Lemon Mint Seeds','http://www.etsy.com/listing/67140356/bee-balm-or-lemon-mint-seeds',NULL),(128,'price','2012.7.10','Hens and Chicks plant in Lemon Yellow gourd planter','http://www.etsy.com/listing/96084894/hens-and-chicks-plant-in-lemon-yellow',NULL),(129,'price','2012.7.10','SALE Organic Tomato Seeds - Lemon Boy - Home Grown SALE','http://www.etsy.com/listing/98467394/sale-organic-tomato-seeds-lemon-boy-home',NULL),(130,'price','2012.7.10','Limara Lemon Cosmos Seeds : Old Fashioned Favorite in New Bold Vibrant...','http://www.etsy.com/listing/103058051/limara-lemon-cosmos-seeds-old-fashioned',NULL),(131,'price','2012.7.10','Lemongrass Lot of 4 Live Rooted Plants - Aromatic Edible Ornamental','http://www.etsy.com/listing/27544363/lemongrass-lot-of-4-live-rooted-plants',NULL),(132,'price','2012.7.10','Coccothrinax alta Palm tree 50 seeds','http://www.ebay.com/itm/Coccothrinax-alta-Palm-tree-50-seeds-/221063137362',NULL),(133,'price','2012.7.10','Radish Seeds: Alta Globe Radish Seeds FRESH SEED','http://www.ebay.com/itm/Radish-Seeds-Alta-Globe-Radish-Seeds-FRESH-SEED-/110909471036',NULL),(134,'price','2012.7.10','Lemon Queen Sunflower Seeds (40 Seeds/Pack) - FREE SHIPPING','http://www.etsy.com/listing/92700196/lemon-queen-sunflower-seeds-40-seedspack',NULL),(135,'price','2012.7.10','African Violet, live plant, LEMON WHIP,rare yellow blossoms, now shipp...','http://www.etsy.com/listing/102910111/african-violet-live-plant-lemon-whiprare',NULL),(136,'price','2012.7.10','Creeping Thyme, Walk on Me, Perennial Flower Seeds, Lemon Scent','http://www.etsy.com/listing/99549458/creeping-thyme-walk-on-me-perennial',NULL),(137,'price','2012.7.10','La Reina Baja Coriander 100 seeds','http://www.ebay.com/itm/La-Reina-Baja-Coriander-100-seeds-/250768186577',NULL),(138,'price','2012.7.10','Daylily seeds 2012 harvest Orange Blossom Trail X Baja California 10 seeds','http://www.ebay.com/itm/Daylily-seeds-2012-harvest-Orange-Blossom-Trail-X-Baja-California-10-seeds-/150849564512',NULL),(139,'price','2012.7.10','Baja Pink Daylily Plant','http://www.ebay.com/itm/Baja-Pink-Daylily-Plant-/261055657974',NULL),(140,'price','2012.7.10','Baja Fairy Duster Seeds Shrub Desert Plant Hummingbird Red Flower Garden 10','http://www.ebay.com/itm/Baja-Fairy-Duster-Seeds-Shrub-Desert-Plant-Hummingbird-Red-Flower-Garden-10-/261038310297',NULL),(141,'price','2012.7.10','Hunter Boot Adlay Shearling Short Boot','http://www.ebay.com/itm/Hunter-Boot-Adlay-Shearling-Short-Boot-/251099108015',NULL),(142,'price','2012.7.10','NARUKO Job\'s Tears Whitening & Cooling Night Gelly (adlay) SALE!!','http://www.ebay.com/itm/NARUKO-Jobs-Tears-Whitening-Cooling-Night-Gelly-adlay-SALE-/180787483514',NULL),(143,'price','2012.7.10','David\'s Hybrid Asparagus Jersey Giant (Asparagus officinalis) 25 Seeds per Packet','http://www.amazon.com/Davids-Hybrid-Asparagus-officinalis-Seeds/dp/B007FIYLO6',NULL),(144,'price','2012.7.10','50 Seeds  Italian Rosemary (Rosmarinus officinalis) Seeds By Seed Needs','http://www.amazon.com/Rosemary-Rosmarinus-officinalis-Seed-Needs/dp/B004HMPTVM',NULL),(145,'price','2012.7.10','85 Seeds  Asparagus \"Mary Washington\" (Asparagus officinalis) Seeds By Seed Needs','http://www.amazon.com/Asparagus-Washington-officinalis-Seed-Needs/dp/B004ECJTKM',NULL),(146,'price','2012.7.10','David\'s Organic Herb Calendula Alpha (Calendula officinalis) 100 Seeds per Packet','http://www.amazon.com/Davids-Organic-Calendula-officinalis-Seeds/dp/B0042D1Y3I',NULL),(147,'price','2012.7.10','David\'s Non-Hybrid Organic Medicinal Herb Rosemary (Rosmarinus officinalis) 80 Seeds per Packet','http://www.amazon.com/Davids-Non-Hybrid-Rosmarinus-officinalis-Seeds/dp/B004GQUOFK',NULL),(148,'price','2012.7.10','200 Seeds  Calendula \"Ball\'s Improved Orange\" (Calendula officinalis) Seeds by Seed Needs','http://www.amazon.com/Calendula-Improved-officinalis-Seed-Needs/dp/B0072JWOOW',NULL),(149,'price','2012.7.10','Live BUDDHA BELLY Bambusa T. Ventricosa Bamboo Potted Plant *Great For Bonsai','http://www.amazon.com/BUDDHA-Bambusa-Ventricosa-Bamboo-Potted/dp/B008CUHWLU',NULL),(150,'price','2012.7.10','Golden Bamboo with Green Stripe Bambusa Multiplex Goldstripe Plant 1 Gallon','http://www.amazon.com/Golden-Bamboo-Bambusa-Multiplex-Goldstripe/dp/B008CI73IE',NULL),(151,'price','2012.7.10','Live Alphonse Karr Bambusa Multiplex Bamboo Potted Plant *Clumping *Noninvasive','http://www.amazon.com/Alphonse-Multiplex-Bamboo-Clumping-Noninvasive/dp/B008CLU7DY',NULL),(152,'price','2012.7.10','Live BUDDHA BELLY Bambusa Ventricosa \'Kimmei\" Bamboo Potted Plant *Great Bonsai','http://www.amazon.com/BUDDHA-Bambusa-Ventricosa-Kimmei-Bamboo/dp/B008CUGZKO',NULL),(153,'price','2012.7.10','* HYSSOP HYSSOPUS OFFICINALIS * PERENNIAL!! HEIRLOOM 50 SEEDS','http://www.ebay.com/itm/HYSSOP-HYSSOPUS-OFFICINALIS-PERENNIAL-HEIRLOOM-50-SEEDS-/110909561047',NULL),(154,'price','2012.7.10','Salvia Officinalis- Common Sage- 25 Seed Pack!!','http://www.ebay.com/itm/Salvia-Officinalis-Common-Sage-25-Seed-Pack-/110909118505',NULL),(155,'price','2012.7.10','Hyssopus Officinalis HYSSOP Aromatic Herb 250 Seed Pack','http://www.ebay.com/itm/Hyssopus-Officinalis-HYSSOP-Aromatic-Herb-250-Seed-Pack-/200785930722',NULL),(156,'price','2012.7.10','Gourgeous Perennials \"ALTHAEA OFFICINALIS MARSH MALLOW SEEDS\"','http://www.ebay.com/itm/Gourgeous-Perennials-ALTHAEA-OFFICINALIS-MARSH-MALLOW-SEEDS-/170868647167',NULL),(157,'price','2012.7.10','Valerian Root Sedative VALERIANA OFFICINALIS 300+ Seeds','http://www.ebay.com/itm/Valerian-Root-Sedative-VALERIANA-OFFICINALIS-300-Seeds-/150846618635',NULL),(158,'price','2012.7.10','Rosemary Plants ~ Rosmarinus Officinalis ~ Zone 8-10','http://www.ebay.com/itm/Rosemary-Plants-Rosmarinus-Officinalis-Zone-8-10-/170870789060',NULL),(159,'price','2012.7.10','* HYSSOP HYSSOPUS OFFICINALIS * PERENNIAL!! HEIRLOOM 50 SEEDS','http://www.ebay.com/itm/HYSSOP-HYSSOPUS-OFFICINALIS-PERENNIAL-HEIRLOOM-50-SEEDS-/110909611974',NULL),(160,'price','2012.7.10','Purple Sage  Salvia officinalis... Culinary Herb!!!! ...Live plant!','http://www.ebay.com/itm/Purple-Sage-Salvia-officinalis-Culinary-Herb-Live-plant-/140787261641',NULL),(161,'price','2012.7.10','Verbena Officinalis - Vervain- 20 Seed Pack!!','http://www.ebay.com/itm/Verbena-Officinalis-Vervain-20-Seed-Pack-/200784182774',NULL),(162,'price','2012.7.10','VALERIANA OFFICINALIS - COMMON VALERIAN - HARDY PERENNIAL HERB - 100+ SEEDS','http://www.ebay.com/itm/VALERIANA-OFFICINALIS-COMMON-VALERIAN-HARDY-PERENNIAL-HERB-100-SEEDS-/230817066282',NULL),(163,'price','2012.7.10','Salvia Officinalis 10+ seeds (organic)','http://www.ebay.com/itm/Salvia-Officinalis-10-seeds-organic-/271004955891',NULL),(164,'price','2012.7.10','40 seed Officinalis Isatis Indigotica fort Radix E001','http://www.ebay.com/itm/40-seed-Officinalis-Isatis-Indigotica-fort-Radix-E001-/230818846928',NULL),(165,'price','2012.7.10','15 mandrake seeds  Mandragora officinalis','http://www.ebay.com/itm/15-mandrake-seeds-Mandragora-officinalis-/300731561280',NULL),(166,'price','2012.7.10','Golden variegated Sage  Salvia officinalis... Culinary Herb!!!! ...Live plant!','http://www.ebay.com/itm/Golden-variegated-Sage-Salvia-officinalis-Culinary-Herb-Live-plant-/130722001955',NULL),(167,'price','2012.7.10','HYSSOP BLUE (Hyssopus officinalis) HERB X 100 Seeds','http://www.ebay.com/itm/HYSSOP-BLUE-Hyssopus-officinalis-HERB-X-100-Seeds-/261052586668',NULL),(168,'price','2012.7.10','Heirloom ROSEMARY Rosmarinus officinalis (100 Seeds) Culinary  Medicinal','http://www.ebay.com/itm/Heirloom-ROSEMARY-Rosmarinus-officinalis-100-Seeds-Culinary-Medicinal-/180912930246',NULL),(169,'price','2012.7.10','~150 valerian seeds VALERIANA OFFICINALIS natural remedy against stress','http://www.ebay.com/itm/150-valerian-seeds-VALERIANA-OFFICINALIS-natural-remedy-against-stress-/261053036336',NULL),(170,'price','2012.7.10','Valeriana officinalis alba  White Valerian seeds','http://www.ebay.com/itm/Valeriana-officinalis-alba-White-Valerian-seeds-/110908252496',NULL),(171,'price','2012.7.10','Sage Culinary/ Medicinal Herb Seeds Salvia Officinalis','http://www.ebay.com/itm/Sage-Culinary-Medicinal-Herb-Seeds-Salvia-Officinalis-/220787744252',NULL),(172,'price','2012.7.10','Marshmallow Althaea Officinalis 1 live plant','http://www.ebay.com/itm/Marshmallow-Althaea-Officinalis-1-live-plant-/110909260005',NULL),(173,'price','2012.7.10','1 Plant - Rosemary Tuscan Blue - Rosmarinus Officinalis Herb Cook','http://www.ebay.com/itm/1-Plant-Rosemary-Tuscan-Blue-Rosmarinus-Officinalis-Herb-Cook-/170871375961',NULL),(174,'price','2012.7.10','organic rosemary seeds (rosmarinus officinalis) 80 seeds per pkt  medicinal herb','http://www.ebay.com/itm/organic-rosemary-seeds-rosmarinus-officinalis-80-seeds-per-pkt-medicinal-herb-/330756378492',NULL),(175,'price','2012.7.10','Styrax officinalis - storax tree - 10 seeds','http://www.ebay.com/itm/Styrax-officinalis-storax-tree-10-seeds-/251099227087',NULL),(176,'price','2012.7.10','100+ Common Sage Herb Seed Salvia officinalis','http://www.ebay.com/itm/100-Common-Sage-Herb-Seed-Salvia-officinalis-/380447562113',NULL),(177,'price','2012.7.10','Heirloom Herbs BROADLEAF SAGE 50 Seeds Salvia officinalis CULINARY  MEDICINAL','http://www.ebay.com/itm/Heirloom-Herbs-BROADLEAF-SAGE-50-Seeds-Salvia-officinalis-CULINARY-MEDICINAL-/180912928749',NULL),(178,'price','2012.7.10','SAPONARIA OFFICINALIS ROSEA PLENA 50 Seeds-Fragrant','http://www.ebay.com/itm/SAPONARIA-OFFICINALIS-ROSEA-PLENA-50-Seeds-Fragrant-/120938083562',NULL),(179,'price','2012.7.10','Heirloom Herb HYSSOP Hyssopus officinalis (100 Seeds) CULINARY  MEDICINAL  TEAS','http://www.ebay.com/itm/Heirloom-Herb-HYSSOP-Hyssopus-officinalis-100-Seeds-CULINARY-MEDICINAL-TEAS-/170865737001',NULL),(180,'price','2012.7.10','Valeriana officinalis X200 Seeds - Valerian Medicinal','http://www.ebay.com/itm/Valeriana-officinalis-X200-Seeds-Valerian-Medicinal-/150842459886',NULL),(181,'price','2012.7.10','Verbena officinalis 10+ seeds','http://www.ebay.com/itm/Verbena-officinalis-10-seeds-/271004949735',NULL),(182,'price','2012.7.10','* ROSEMARY OFFICINALIS * HEIRLOOM HERB!! 50 SEEDS','http://www.ebay.com/itm/ROSEMARY-OFFICINALIS-HEIRLOOM-HERB-50-SEEDS-/190696602757',NULL),(183,'price','2012.7.10','Lemon Balm Melissa Officinalis 200 seed+FREE SEED! Free ship on additional items','http://www.ebay.com/itm/Lemon-Balm-Melissa-Officinalis-200-seed-FREE-SEED-Free-ship-on-additional-items-/360469242436',NULL),(184,'price','2012.7.10','Valeriana officinalis alba  White Valerian seeds','http://www.ebay.com/itm/Valeriana-officinalis-alba-White-Valerian-seeds-/110908233550',NULL),(185,'price','2012.7.10','40 seed Officinalis Isatis Indigotica fort Radix E001','http://www.ebay.com/itm/40-seed-Officinalis-Isatis-Indigotica-fort-Radix-E001-/271006803089',NULL),(186,'price','2012.7.10','Gourgeous Perennials \"ALTHAEA OFFICINALIS MARSH MALLOW SEEDS\"','http://www.ebay.com/itm/Gourgeous-Perennials-ALTHAEA-OFFICINALIS-MARSH-MALLOW-SEEDS-/170867547222',NULL),(187,'price','2012.7.10','1 Bag 15 seed Rosemary Rosmarinus officinalis seed D006','http://www.ebay.com/itm/1-Bag-15-seed-Rosemary-Rosmarinus-officinalis-seed-D006-/330758844062',NULL),(188,'price','2012.7.10','LEMON BALM SEEDS - Melissa Officinalis 50 Seed Pack!!','http://www.ebay.com/itm/LEMON-BALM-SEEDS-Melissa-Officinalis-50-Seed-Pack-/200784069409',NULL),(189,'price','2012.7.10','YUZU Japanese Fruit Concentrated Pure Perfume Roll On','http://www.ebay.com/itm/YUZU-Japanese-Fruit-Concentrated-Pure-Perfume-Roll-On-/150550787329',NULL),(190,'price','2012.7.10','Live BUDDHA BELLY Bambusa T. Ventricosa Bamboo Potted Plant *Great For Bonsai','http://www.ebay.com/itm/Live-BUDDHA-BELLY-Bambusa-T-Ventricosa-Bamboo-Potted-Plant-Great-For-Bonsai-/180920698497',NULL),(191,'price','2012.7.10','Live Alphonse Karr Bambusa Multiplex Bamboo Potted Plant *Clumping *Noninvasive','http://www.ebay.com/itm/Live-Alphonse-Karr-Bambusa-Multiplex-Bamboo-Potted-Plant-Clumping-Noninvasive-/180920701383',NULL),(192,'price','2012.7.10','Live BUDDHA BELLY Bambusa Ventricosa \'Kimmei\" Bamboo Potted Plant *Great Bonsai','http://www.ebay.com/itm/Live-BUDDHA-BELLY-Bambusa-Ventricosa-Kimmei-Bamboo-Potted-Plant-Great-Bonsai-/170871980681',NULL),(193,'price','2012.7.10','Live BUDDHA BELLY Bambusa T. Ventricosa Bamboo Potted Plant *Great For Bonsai','http://www.ebay.com/itm/Live-BUDDHA-BELLY-Bambusa-T-Ventricosa-Bamboo-Potted-Plant-Great-For-Bonsai-/170869294313',NULL),(194,'price','2012.7.10','BAMBOO - Bambusa Chinese Green Goddess Live Plant (SP)','http://www.ebay.com/itm/BAMBOO-Bambusa-Chinese-Green-Goddess-Live-Plant-SP-/120936196452',NULL),(195,'price','2012.7.10','Live BUDDHA BELLY Bambusa T. Ventricosa Bamboo Potted Plant *Great For Bonsai','http://www.ebay.com/itm/Live-BUDDHA-BELLY-Bambusa-T-Ventricosa-Bamboo-Potted-Plant-Great-For-Bonsai-/170871980628',NULL),(196,'price','2012.7.10','Live Alphonse Karr Bambusa Multiplex Bamboo Potted Plant *Clumping *Noninvasive','http://www.ebay.com/itm/Live-Alphonse-Karr-Bambusa-Multiplex-Bamboo-Potted-Plant-Clumping-Noninvasive-/170871983155',NULL),(197,'price','2012.7.10','Live Alphonse Karr Bambusa Multiplex Bamboo Potted Plant *Clumping *Noninvasive','http://www.ebay.com/itm/Live-Alphonse-Karr-Bambusa-Multiplex-Bamboo-Potted-Plant-Clumping-Noninvasive-/180920701321',NULL),(198,'price','2012.7.10','BAMBUSA VULGARIS VITTATA \"Picasso\" Bamboo Vittata plant+roots','http://www.ebay.com/itm/BAMBUSA-VULGARIS-VITTATA-Picasso-Bamboo-Vittata-plant-roots-/180916082882',NULL),(199,'price','2012.7.10','Live Alphonse Karr Bambusa Multiplex Bamboo Potted Plant *Clumping *Noninvasive','http://www.ebay.com/itm/Live-Alphonse-Karr-Bambusa-Multiplex-Bamboo-Potted-Plant-Clumping-Noninvasive-/180920698691',NULL),(200,'price','2012.7.10','Live BUDDHA BELLY Bambusa Ventricosa \'Kimmei\" Bamboo Potted Plant *Great Bonsai','http://www.ebay.com/itm/Live-BUDDHA-BELLY-Bambusa-Ventricosa-Kimmei-Bamboo-Potted-Plant-Great-Bonsai-/180920698662',NULL),(201,'price','2012.7.10','SPINY BAMBOO (Bambusa arundinacea) 50 seeds','http://www.ebay.com/itm/SPINY-BAMBOO-Bambusa-arundinacea-50-seeds-/221063195186',NULL),(202,'price','2012.7.10','Live BUDDHA BELLY Bambusa Ventricosa \'Kimmei\" Bamboo Potted Plant *Great Bonsai','http://www.ebay.com/itm/Live-BUDDHA-BELLY-Bambusa-Ventricosa-Kimmei-Bamboo-Potted-Plant-Great-Bonsai-/170869294472',NULL),(203,'price','2012.7.10','Live BUDDHA BELLY Bambusa Ventricosa \'Kimmei\" Bamboo Potted Plant *Great Bonsai','http://www.ebay.com/itm/Live-BUDDHA-BELLY-Bambusa-Ventricosa-Kimmei-Bamboo-Potted-Plant-Great-Bonsai-/170871980753',NULL),(204,'price','2012.7.10','Live BUDDHA BELLY Bambusa T. Ventricosa Bamboo Potted Plant *Great For Bonsai','http://www.ebay.com/itm/Live-BUDDHA-BELLY-Bambusa-T-Ventricosa-Bamboo-Potted-Plant-Great-For-Bonsai-/180920698535',NULL),(205,'price','2012.7.10','Live BUDDHA BELLY Bambusa Ventricosa \'Kimmei\" Bamboo Potted Plant *Great Bonsai','http://www.ebay.com/itm/Live-BUDDHA-BELLY-Bambusa-Ventricosa-Kimmei-Bamboo-Potted-Plant-Great-Bonsai-/180920698684',NULL),(206,'price','2012.7.10','Bambusa lako - timor black bamboo - 15 seeds','http://www.ebay.com/itm/Bambusa-lako-timor-black-bamboo-15-seeds-/221053512745',NULL),(207,'price','2012.7.10','SPINY BAMBOO (Bambusa arundinacea) 10 seeds','http://www.ebay.com/itm/SPINY-BAMBOO-Bambusa-arundinacea-10-seeds-/221063202358',NULL),(208,'price','2012.7.10','Live BUDDHA BELLY Bambusa T. Ventricosa Bamboo Potted Plant *Great For Bonsai','http://www.ebay.com/itm/Live-BUDDHA-BELLY-Bambusa-T-Ventricosa-Bamboo-Potted-Plant-Great-For-Bonsai-/180920698603',NULL),(209,'price','2012.7.10','SHIKAI SHOWER GEL YUZU FRUIT 12 OZ','http://www.ebay.com/itm/SHIKAI-SHOWER-GEL-YUZU-FRUIT-12-OZ-/250829532941',NULL),(210,'price','2012.7.10','Shikai: Hand and Body Lotion  Yuzu Fruit Japanese Citrus 8 oz','http://www.ebay.com/itm/Shikai-Hand-and-Body-Lotion-Yuzu-Fruit-Japanese-Citrus-8-oz-/180920045630',NULL),(211,'price','2012.7.10','Shikai Products Moisturizing Shower Bath Gel Yuzu Fruit','http://www.ebay.com/itm/Shikai-Products-Moisturizing-Shower-Bath-Gel-Yuzu-Fruit-/280574912172',NULL),(212,'price','2012.7.10','100 Seeds  Cumin \"Black\" (Nigella sativa) Seeds By Seed Needs','http://www.amazon.com/Seeds-Nigella-sativa-Seed-Needs/dp/B0048NXD5E',NULL),(213,'price','2012.7.10','David\'s Non-Hybrid Greens Goldberg Golden Purslan (Portulaca oleracea sativa) 300 Seeds per Packet','http://www.amazon.com/Davids-Non-Hybrid-Goldberg-Portulaca-Seeds/dp/B004GNI62Q',NULL),(214,'price','2012.7.10','David\'s Non-Hybrid Arugula Greens Surrey (Eruca sativa) 500+ Seeds per Packet','http://www.amazon.com/Davids-Non-Hybrid-Arugula-Greens-Seeds/dp/B003XMJT3Q',NULL),(215,'price','2012.7.10','David\'s Non-Hybrid Greens Gruner Red Purslane (Portulaca oleracea sativa) 300 Seeds per Packet','http://www.amazon.com/Davids-Non-Hybrid-Purslane-Portulaca-Seeds/dp/B003XGPAYE',NULL),(216,'price','2012.7.10','1000+ Black Cumin Seeds Nigella Sativa~Roman Corriander','http://www.ebay.com/itm/1000-Black-Cumin-Seeds-Nigella-Sativa-Roman-Corriander-/160826494503',NULL),(217,'price','2012.7.10','LONG GRAIN RICE - 300+ SEEDS - Oryza sativa var. indica - Aquatic Food Plant','http://www.ebay.com/itm/LONG-GRAIN-RICE-300-SEEDS-Oryza-sativa-var-indica-Aquatic-Food-Plant-/150844720004',NULL),(218,'price','2012.7.10','ERUCA SATiVA 500+ seeds   vegetable (organic)','http://www.ebay.com/itm/ERUCA-SATiVA-500-seeds-vegetable-organic-/271004949615',NULL),(219,'price','2012.7.10','150 Heirloom Black Cumin  Nigella Sativa  Hubbatul Barakah  Kalonji Seeds','http://www.ebay.com/itm/150-Heirloom-Black-Cumin-Nigella-Sativa-Hubbatul-Barakah-Kalonji-Seeds-/221013824787',NULL),(220,'price','2012.7.10','Arugula Rucola Sativa Herb ROCKET SALAD 100 Seeds','http://www.ebay.com/itm/Arugula-Rucola-Sativa-Herb-ROCKET-SALAD-100-Seeds-/220930287735',NULL),(221,'price','2012.7.10','100+ Black Cumin Seeds Nigella Sativa~Roman Corriander','http://www.ebay.com/itm/100-Black-Cumin-Seeds-Nigella-Sativa-Roman-Corriander-/160826494488',NULL),(222,'price','2012.7.10','200+ Black Cumin Seeds Nigella Sativa~Roman Corriander','http://www.ebay.com/itm/200-Black-Cumin-Seeds-Nigella-Sativa-Roman-Corriander-/200778160396',NULL),(223,'price','2012.7.10','1 Bag 100 seed Eruca sativa vegetables Delicious D021','http://www.ebay.com/itm/1-Bag-100-seed-Eruca-sativa-vegetables-Delicious-D021-/270994947494',NULL),(224,'price','2012.7.10','200 ORGANIC OAT Oats Avena Sativa Grain Seeds *Comb S/H','http://www.ebay.com/itm/200-ORGANIC-OAT-Oats-Avena-Sativa-Grain-Seeds-Comb-S-H-/271003287591',NULL),(225,'price','2012.7.10','1 Bag 100 seed Eruca sativa vegetables Delicious D021','http://www.ebay.com/itm/1-Bag-100-seed-Eruca-sativa-vegetables-Delicious-D021-/230818846935',NULL),(226,'price','2012.7.10','PURSLANE (Portulaca oleracea sativa) HERB X 100 Seeds','http://www.ebay.com/itm/PURSLANE-Portulaca-oleracea-sativa-HERB-X-100-Seeds-/250942464123',NULL),(227,'price','2012.7.10','Oryza Sativa \'Black Madras\' - 25 Seeds - Ornamental Rice','http://www.ebay.com/itm/Oryza-Sativa-Black-Madras-25-Seeds-Ornamental-Rice-/170865183148',NULL),(228,'price','2012.7.10','GARDEN ROCKET (Eruca Sativa) Herb/Vegetable X 150 Seeds','http://www.ebay.com/itm/GARDEN-ROCKET-Eruca-Sativa-Herb-Vegetable-X-150-Seeds-/251097970149',NULL),(229,'price','2012.7.10','Arugula  Roquette  Eruca Sativa seeds (HE0040)','http://www.ebay.com/itm/Arugula-Roquette-Eruca-Sativa-seeds-HE0040-/310369439956',NULL),(230,'price','2012.7.10','CAT GRASS (Avena Sativa) - 100 seeds','http://www.ebay.com/itm/CAT-GRASS-Avena-Sativa-100-seeds-/380096160325',NULL),(231,'price','2012.7.10','Purslane (PortulacaOler acea Sativa) 50 seeds','http://www.ebay.com/itm/Purslane-PortulacaOleracea-Sativa-50-seeds-/251098347300',NULL),(232,'price','2012.7.10','ROCKET OLIVETTA ( eruca sativa) SEEDS V 230','http://www.ebay.com/itm/ROCKET-OLIVETTA-eruca-sativa-SEEDS-V-230-/350400056462',NULL),(233,'price','2012.7.10','1 oz Heirloom Black Cumin  Nigella Sativa  Hubbatul Barakah  Kalonji Seeds','http://www.ebay.com/itm/1-oz-Heirloom-Black-Cumin-Nigella-Sativa-Hubbatul-Barakah-Kalonji-Seeds-/221013823453',NULL),(234,'price','2012.7.10','Thai Amulet LP Kambu Wat Krut Chunpu Version Jareon Porn Long Life 89 years','http://www.ebay.com/itm/Thai-Amulet-LP-Kambu-Wat-Krut-Chunpu-Version-Jareon-Porn-Long-Life-89-years-/270993233779',NULL),(235,'price','2012.7.10','San Pellegrino Pompelmo (Grapefruit) 11.15 Oz (Case of 24)','http://www.amazon.com/San-Pellegrino-Pompelmo-Grapefruit-11-15/dp/B0075LFKRK',NULL),(236,'price','2012.7.10','Vietna Mai Vang Hoa-mai 8 Petals Yellow Flower Live Grafted Plant 1 Foot Tall','http://www.amazon.com/Vietna-Hoa-mai-Petals-Yellow-Grafted/dp/B008CIZI6I',NULL),(237,'price','2012.7.10','1 oz USDA Organic Strubbes ORANGE ~100 Corn seeds dry field ornamental Zea mays','http://www.ebay.com/itm/1-oz-USDA-Organic-Strubbes-ORANGE-100-Corn-seeds-dry-field-ornamental-Zea-mays-/261050787497',NULL),(238,'price','2012.7.10','100 ORNAMENTAL INDIAN CORN WAMPUM Zea Mays Seeds CombSH','http://www.ebay.com/itm/100-ORNAMENTAL-INDIAN-CORN-WAMPUM-Zea-Mays-Seeds-CombSH-/300732422605',NULL),(239,'price','2012.7.10','Corn Golden Bantam 12 (Zea mays) 100 Commercial Quality Seeds','http://www.ebay.com/itm/Corn-Golden-Bantam-12-Zea-mays-100-Commercial-Quality-Seeds-/280906648109',NULL),(240,'price','2012.7.10','NEW ORNAMENTAL CORN *STRAWBERRY POPCORN* 15 seeds *ZEA MAYS* + GIFT!','http://www.ebay.com/itm/NEW-ORNAMENTAL-CORN-STRAWBERRY-POPCORN-15-seeds-ZEA-MAYS-GIFT-/120940116113',NULL),(241,'price','2012.7.10','Smoke Signal Popcorn Seeds ','http://www.ebay.com/itm/Smoke-Signal-Popcorn-Seeds-Heirloom-Zea-Mays-Colorful-Kernels-50-Seeds-/180900645213',NULL),(242,'price','2012.7.10','CORYPHANTHA (Coryphantha maiz-tablasens is) 20 seeds','http://www.ebay.com/itm/CORYPHANTHA-Coryphantha-maiz-tablasensis-20-seeds-/220858576692',NULL),(243,'price','2012.7.10','Crabtree & Evelyn West Indian Lime - Body Wash','http://www.amazon.com/Crabtree-Evelyn-West-Indian-Lime/dp/B0028OE8DQ',NULL),(244,'price','2012.7.10','Recipes From The Florida Keys: A Lime Tree Bay Cookbook','http://www.amazon.com/Recipes-From-The-Florida-Keys/dp/1449964575',NULL),(245,'price','2012.7.10','David\'s Hybrid Corn Golden Cross Bantam (Zea mays) 50 Seeds per Packet','http://www.amazon.com/Davids-Hybrid-Golden-Bantam-Seeds/dp/B008DRUA34',NULL),(246,'price','2012.7.10','David\'s Sugar Enhanced Bi-Color Corn Trinity (se+) (Zea mays) 100 Seeds per Packet','http://www.amazon.com/Davids-Enhanced-Bi-Color-Trinity-Seeds/dp/B0031QYXYE',NULL),(247,'price','2012.7.10','SD0062 Yellow Corn Seeds  Yellow Corn Zea Mays Seeds (15 Seeds)','http://www.amazon.com/SD0062-Yellow-Corn-Seeds-Mays/dp/B0086W3ZD8',NULL),(248,'price','2012.7.10','GRAFTED Buddha\'s Hand or Fingered citron Grafted Citrus Tree [GC031]','http://www.amazon.com/GRAFTED-Buddhas-Fingered-citron-Grafted/dp/B008ELOZDK',NULL),(249,'price','2012.7.10','Susan Feniger\'s Street Food: Irresistibly Crispy  Creamy  Crunchy  Spicy  Sticky  Sweet Recipes','http://www.amazon.com/Susan-Fenigers-Street-Food-Irresistibly/dp/0307952584',NULL),(250,'price','2012.7.10','50 seeds HUACATAY Peruvian Black Mint  Southern Cone Marigold  Tagetes minuta','http://www.ebay.com/itm/50-seeds-HUACATAY-Peruvian-Black-Mint-Southern-Cone-Marigold-Tagetes-minuta-/251096654450',NULL),(251,'price','2012.7.10','1 Bag 10 Seed Red Corn Seeds Maize Vegetable Green Food Hot B044','http://www.ebay.com/itm/1-Bag-10-Seed-Red-Corn-Seeds-Maize-Vegetable-Green-Food-Hot-B044-/110904719941',NULL),(252,'price','2012.7.10','1 Bag 10 Seed Red Corn Seeds Maize Vegetable Green Food Hot B044','http://www.ebay.com/itm/1-Bag-10-Seed-Red-Corn-Seeds-Maize-Vegetable-Green-Food-Hot-B044-/110909884713',NULL),(253,'price','2012.7.10','1 Pack 10 Seeds White Waxy Corn Seed White maize vegetable Seed Healthy B024','http://www.ebay.com/itm/1-Pack-10-Seeds-White-Waxy-Corn-Seed-White-maize-vegetable-Seed-Healthy-B024-/290735137157',NULL),(254,'price','2012.7.10','1 Pack 10 Seeds White Waxy Corn Seed White maize vegetable Seed Healthy B024','http://www.ebay.com/itm/1-Pack-10-Seeds-White-Waxy-Corn-Seed-White-maize-vegetable-Seed-Healthy-B024-/290735137250',NULL),(255,'price','2012.7.10','1 Bag 10 Seeds Oriental Garden Vegetable Black Sweet Corn Maize Seeds B025','http://www.ebay.com/itm/1-Bag-10-Seeds-Oriental-Garden-Vegetable-Black-Sweet-Corn-Maize-Seeds-B025-/170869258117',NULL),(256,'price','2012.7.10','100 Snow Puff Popcorn Seeds Corn Maize Plant Gardening','http://www.ebay.com/itm/100-Snow-Puff-Popcorn-Seeds-Corn-Maize-Plant-Gardening-/200778368308',NULL),(257,'price','2012.7.10','1 Bag 10 Seeds Oriental Garden Vegetable Black Sweet Corn Maize Seeds B025','http://www.ebay.com/itm/1-Bag-10-Seeds-Oriental-Garden-Vegetable-Black-Sweet-Corn-Maize-Seeds-B025-/110904719263',NULL),(258,'price','2012.7.10','Three Sisters ~ Vegetable Garden ~ Seed Packs (Corn/Maize  Squash  Beans)','http://www.ebay.com/itm/Three-Sisters-Vegetable-Garden-Seed-Packs-Corn-Maize-Squash-Beans-/290733873110',NULL),(259,'price','2012.7.10','1 Bag 10 Seed Red Corn Seeds Maize Vegetable Green Food Hot B044','http://www.ebay.com/itm/1-Bag-10-Seed-Red-Corn-Seeds-Maize-Vegetable-Green-Food-Hot-B044-/110905467018',NULL),(260,'price','2012.7.10','1 Pack 10 Seeds Yellow Waxy Corn Seed Maize Seed Healthy Food Vegetable B023','http://www.ebay.com/itm/1-Pack-10-Seeds-Yellow-Waxy-Corn-Seed-Maize-Seed-Healthy-Food-Vegetable-B023-/290734145871',NULL),(261,'price','2012.7.10','1 Bag 10 Seed Red Corn Seeds Maize Vegetable Green Food Hot B044','http://www.ebay.com/itm/1-Bag-10-Seed-Red-Corn-Seeds-Maize-Vegetable-Green-Food-Hot-B044-/110909371796',NULL),(262,'price','2012.7.10','1 Bag 10 Seeds Oriental Garden Vegetable Black Sweet Corn Maize Seeds B025','http://www.ebay.com/itm/1-Bag-10-Seeds-Oriental-Garden-Vegetable-Black-Sweet-Corn-Maize-Seeds-B025-/110905466240',NULL),(263,'price','2012.7.10','1 Bag 10 Seed Red Corn Seeds Maize Vegetable Green Food Hot B044','http://www.ebay.com/itm/1-Bag-10-Seed-Red-Corn-Seeds-Maize-Vegetable-Green-Food-Hot-B044-/120942688005',NULL),(264,'price','2012.7.10','1 Pack 10 Seeds White Waxy Corn Seed White maize vegetable Seed Healthy B024','http://www.ebay.com/itm/1-Pack-10-Seeds-White-Waxy-Corn-Seed-White-maize-vegetable-Seed-Healthy-B024-/261053562902',NULL),(265,'price','2012.7.10','1 Bag 10 Seed Red Corn Seeds Maize Vegetable Green Food Hot B044','http://www.ebay.com/itm/1-Bag-10-Seed-Red-Corn-Seeds-Maize-Vegetable-Green-Food-Hot-B044-/170869257309',NULL),(266,'price','2012.7.10','1 Bag 10 Seeds Oriental Garden Vegetable Black Sweet Corn Maize Seeds B025','http://www.ebay.com/itm/1-Bag-10-Seeds-Oriental-Garden-Vegetable-Black-Sweet-Corn-Maize-Seeds-B025-/120943767358',NULL),(267,'price','2012.7.10','1 Bag 10 Seeds Oriental Garden Vegetable Black Sweet Corn Maize Seeds B025','http://www.ebay.com/itm/1-Bag-10-Seeds-Oriental-Garden-Vegetable-Black-Sweet-Corn-Maize-Seeds-B025-/110909372191',NULL),(268,'price','2012.7.10','1 Bag 10 rare heirloom vegetable seeds white maize B024','http://www.ebay.com/itm/1-Bag-10-rare-heirloom-vegetable-seeds-white-maize-B024-/271000466377',NULL),(269,'price','2012.7.10','balck corn Maize 10 Vegatable Seeds DIY HAPPY Garden','http://www.ebay.com/itm/balck-corn-Maize-10-Vegatable-Seeds-DIY-HAPPY-Garden-/320934857799',NULL),(270,'price','2012.7.10','1 Bag 10 Seeds Oriental Garden Vegetable Black Sweet Corn Maize Seeds B025','http://www.ebay.com/itm/1-Bag-10-Seeds-Oriental-Garden-Vegetable-Black-Sweet-Corn-Maize-Seeds-B025-/120942688170',NULL),(271,'price','2012.7.10','Sang Ju Gan Mao Pian-N001-luckymart (Mulberry Leaf & Chrysanthemum)','http://www.amazon.com/Sang-Pian-N001-luckymart-Mulberry-Leaf-Chrysanthemum/dp/B002PCZAMO',NULL),(272,'price','2012.7.10','Plant species effects on methane emissions from freshwater marshes [An article from: Atmospheric Environment]','http://www.amazon.com/species-effects-methane-emissions-freshwater/dp/B000RR4IFO',NULL),(273,'price','2012.7.10','RATTLE BOX FLOWERING TREE (CHINESE)','http://www.ebay.com/itm/RATTLE-BOX-FLOWERING-TREE-CHINESE-/271008283425',NULL),(274,'price','2012.7.10','buddleia SANTANA variegated shrub mini butterfly bush ***1 QT Potted Plant***','http://www.ebay.com/itm/buddleia-SANTANA-variegated-shrub-mini-butterfly-bush-1-QT-Potted-Plant-/120920491475',NULL),(275,'price','2012.7.10','Dictionary / Index of Interior Plants','http://www.amazon.com/Dictionary-Interior-Plants-Kenneth-Sanderson/dp/1419694561',NULL),(276,'price','2012.7.10','Edible Medicinal And Non-Medicinal Plants: Volume 4  Fruits','http://www.amazon.com/Edible-Medicinal-And-Non-Medicinal-Plants/dp/9400740522',NULL),(277,'price','2012.7.10','* BROOM CORN MIX * HEIRLOOM!! 25 SEEDS','http://www.ebay.com/itm/BROOM-CORN-MIX-HEIRLOOM-25-SEEDS-/110906658075',NULL),(278,'price','2012.7.10','1/4 Lb - Ornamental Corn Seeds - \'Multi-colored Broom Corn\' Bulk Vegetable Seed','http://www.ebay.com/itm/1-4-Lb-Ornamental-Corn-Seeds-Multi-colored-Broom-Corn-Bulk-Vegetable-Seed-/290728969740',NULL),(279,'price','2012.7.10','Multi-colored Broom Corn - Jumbo Ornamental Corn Seed Packet (100)','http://www.ebay.com/itm/Multi-colored-Broom-Corn-Jumbo-Ornamental-Corn-Seed-Packet-100-/290728956091',NULL),(280,'price','2012.7.10','100 Broomcorn Seeds Rainbow Mix Color~ Beautiful Ornamental Plant~Broom Corn','http://www.ebay.com/itm/100-Broomcorn-Seeds-Rainbow-Mix-Color-Beautiful-Ornamental-Plant-Broom-Corn-/160826496250',NULL),(281,'price','2012.7.10','Mixed Broom Corn Seeds Grow to make brooms & feed birds','http://www.ebay.com/itm/Mixed-Broom-Corn-Seeds-Grow-to-make-brooms-feed-birds-/170869770214',NULL),(282,'price','2012.7.10','Black Broom Corn Seeds Grow to make brooms & feed birds','http://www.ebay.com/itm/Black-Broom-Corn-Seeds-Grow-to-make-brooms-feed-birds-/160835273323',NULL),(283,'price','2012.7.10','1 Oz - Ornamental Corn Seeds - \'Multi-colored Broom Corn\' Bulk Vegetable Seeds','http://www.ebay.com/itm/1-Oz-Ornamental-Corn-Seeds-Multi-colored-Broom-Corn-Bulk-Vegetable-Seeds-/310407903350',NULL),(284,'price','2012.7.10','Panama Orange Tree - Calamondin - Citrus mitis - 10\" Pot - Citrus','http://www.ebay.com/itm/Panama-Orange-Tree-Calamondin-Citrus-mitis-10-Pot-Citrus-/290737245659',NULL),(285,'price','2012.7.10','Panama Orange Tree - Calamondin - Citrus mitis - 10\" Pot - Citrus','http://www.amazon.com/Panama-Orange-Tree-Calamondin-Citrus/dp/B005J0FVNC',NULL),(286,'price','2012.7.10','Pennisetum ','http://www.ebay.com/itm/Pennisetum-Cream-Falls-Fountain-Grass-30-seeds-/180917311238',NULL),(287,'price','2012.7.10','Fountain Grass *NEW* pennisetum \"Fireworks\" Live plant','http://www.ebay.com/itm/Fountain-Grass-NEW-pennisetum-Fireworks-Live-plant-/271007213047',NULL),(288,'price','2012.7.10','SEEDS MR FOTHERGILLS FLOWER GRASS FOUNTAIN GRASS PENNISETUM SETACEUM SEED','http://www.ebay.com/itm/SEEDS-MR-FOTHERGILLS-FLOWER-GRASS-FOUNTAIN-GRASS-PENNISETUM-SETACEUM-SEED-/150839320571',NULL),(289,'price','2012.7.10','Hardy PENNISETUM Purple FOUNTAIN GRASS third year GALLON PLANT','http://www.ebay.com/itm/Hardy-PENNISETUM-Purple-FOUNTAIN-GRASS-third-year-GALLON-PLANT-/380451003052',NULL),(290,'price','2012.7.10','Alyssum Wonderland Citron Fragrant 200 seeds+FREE! Free Ship on Additional Items','http://www.ebay.com/itm/Alyssum-Wonderland-Citron-Fragrant-200-seeds-FREE-Free-Ship-on-Additional-Items-/310409904849',NULL),(291,'price','2012.7.10','CITRON MELON Watermelon PICKLES pickle seeds PRESERVES','http://www.ebay.com/itm/CITRON-MELON-Watermelon-PICKLES-pickle-seeds-PRESERVES-/360312101174',NULL),(292,'price','2012.7.10','MOONWALKER SUNFLOWER 20 SEED CITRON YELLOW BROWN CENTER','http://www.ebay.com/itm/MOONWALKER-SUNFLOWER-20-SEED-CITRON-YELLOW-BROWN-CENTER-/190465366660',NULL),(293,'price','2012.7.10','Burgundy Bunny Pennisetum alopecuroides Dwarf Fountain Grass Plant','http://www.amazon.com/Burgundy-Bunny-Pennisetum-alopecuroides-Fountain/dp/B007R8T9OQ',NULL),(294,'price','2012.7.10','Flora Australiensis: A Description of the Plants of the Australian Territory: Vo','http://www.ebay.com/itm/Flora-Australiensis-A-Description-of-the-Plants-of-the-Australian-Territory-Vo-/120939280402',NULL),(295,'price','2012.7.10','Flora Australiensis: A Description of the Plants of the Australian Territory: Vo','http://www.ebay.com/itm/Flora-Australiensis-A-Description-of-the-Plants-of-the-Australian-Territory-Vo-/110904705475',NULL),(296,'price','2012.7.10','Flora Australiensis: A Description of the Plants of the Australian Territory: Vo','http://www.ebay.com/itm/Flora-Australiensis-A-Description-of-the-Plants-of-the-Australian-Territory-Vo-/120939280404',NULL),(297,'price','2012.7.10','Flora Australiensis: A Description of the Plants of the Australian Territory: Vo','http://www.ebay.com/itm/Flora-Australiensis-A-Description-of-the-Plants-of-the-Australian-Territory-Vo-/110904705471',NULL),(298,'price','2012.7.10','NEW Flora Australiensis: A Description of the Plants of','http://www.ebay.com/itm/NEW-Flora-Australiensis-A-Description-of-the-Plants-of-/380349372211',NULL),(299,'price','2012.7.10','Flora Australiensis 7 Volume Set: A Description of the Plants of the Australian','http://www.ebay.com/itm/Flora-Australiensis-7-Volume-Set-A-Description-of-the-Plants-of-the-Australian-/110892793082',NULL),(300,'price','2012.7.10','NEW Flora Australiensis a Description of the Plants of','http://www.ebay.com/itm/NEW-Flora-Australiensis-a-Description-of-the-Plants-of-/150517410469',NULL),(301,'price','2012.7.10','NEW Flora Australiensis a Description of the Plants of','http://www.ebay.com/itm/NEW-Flora-Australiensis-a-Description-of-the-Plants-of-/150517410467',NULL),(302,'price','2012.7.10','Flora Australiensis: A Description of the Plants of the Australian Territory: Vo','http://www.ebay.com/itm/Flora-Australiensis-A-Description-of-the-Plants-of-the-Australian-Territory-Vo-/120926522539',NULL),(303,'price','2012.7.10','Flora Australiensis: A Description of the Plants of the Australian Territory: Vo','http://www.ebay.com/itm/Flora-Australiensis-A-Description-of-the-Plants-of-the-Australian-Territory-Vo-/140784951956',NULL),(304,'price','2012.7.10','Flora Australiensis: A Description of the Plants of the Australian Territory: Vo','http://www.ebay.com/itm/Flora-Australiensis-A-Description-of-the-Plants-of-the-Australian-Territory-Vo-/110904705480',NULL),(305,'price','2012.7.10','Flora Australiensis A Description of the Plants of the Australian Territory Geor','http://www.ebay.com/itm/Flora-Australiensis-A-Description-of-the-Plants-of-the-Australian-Territory-Geor-/140787866639',NULL),(306,'price','2012.7.10','NEW Flora Australiensis: A Description of the Plants of','http://www.ebay.com/itm/NEW-Flora-Australiensis-A-Description-of-the-Plants-of-/380286530648',NULL),(307,'price','2012.7.10','NEW Flora Australiensis: A Description of the Plants of','http://www.ebay.com/itm/NEW-Flora-Australiensis-A-Description-of-the-Plants-of-/380286865099',NULL),(308,'price','2012.7.10','4 seeds CALAMONDIN TREE (?','http://www.ebay.com/itm/4-seeds-CALAMONDIN-TREE-Citrofortunella-microcarpa-Citrus-mitis-evergreen-/190697475618',NULL),(309,'price','2012.7.10','Flora australiensis Volume 6','http://www.amazon.com/australiensis-Volume-description-Australian-territory/dp/1130478734',NULL),(310,'price','2012.7.10','SD0514 Lemon Seeds  Limon Citrus Seeds  Tangy Sour Lemon Lime Seeds (10 Seeds)','http://www.amazon.com/SD0514-Lemon-Seeds-Limon-Citrus/dp/B0087CHV1Y',NULL),(311,'price','2012.7.10','Sour Life Graphic T-Shirt Weed Shirt Pot Leaves Marijuana Tee Shirt','http://www.ebay.com/itm/Sour-Life-Graphic-T-Shirt-Weed-Shirt-Pot-Leaves-Marijuana-Tee-Shirt-/220932392387',NULL),(312,'price','2012.7.10','Large Deer and Tree Damask Vinyl Wall Decals (20 Pack)','http://www.ebay.com/itm/Large-Deer-and-Tree-Damask-Vinyl-Wall-Decals-20-Pack-/260889040686',NULL),(313,'price','2012.7.10','Citrus Fruit: Biology  Technology and Evaluation','http://www.amazon.com/Citrus-Fruit-Biology-Technology-Evaluation/dp/0123741300',NULL),(314,'price','2012.7.10','THE MONEY-TREE 1973 - Li Meng James Yi Kenneth Tsang all region 0 HK DVD Eng sub','http://www.ebay.com/itm/THE-MONEY-TREE-1973-Li-Meng-James-Yi-Kenneth-Tsang-all-region-0-HK-DVD-Eng-sub-/150835866237',NULL),(315,'price','2012.7.10','9 Tillandsia meridionalis bromeliad air plants','http://www.ebay.com/itm/9-Tillandsia-meridionalis-bromeliad-air-plants-/230820045954',NULL),(316,'price','2012.7.10','Tillandsia Aeranthos x Meridionalis Hybrid Air Plants','http://www.ebay.com/itm/Tillandsia-Aeranthos-x-Meridionalis-Hybrid-Air-Plants-/170865119067',NULL),(317,'price','2012.7.10','GRAFTED Eustis Limequat Citrus Tree for containers or pots [GC025]','http://www.amazon.com/GRAFTED-Eustis-Limequat-containers-GC025/dp/B0088HAT2Q',NULL),(318,'price','2012.7.10','Royal Empress Tree Seeds-Paulownia Tomentosa-100+Seeds','http://www.amazon.com/Royal-Empress-Seeds-Paulownia-Tomentosa-100-Seeds/dp/B0046NYPYO',NULL),(319,'price','2012.7.10','Citrus Fruits. Grapefruit  Tangerine  Ugli  Orange  Lemon  Lime  Tangelo and Clementine Photographic Poster Print by Wally Eberhart  32x24','http://www.amazon.com/Grapefruit-Tangerine-Clementine-Photographic-Eberhart/dp/B008EQG36W',NULL),(320,'price','2012.7.10','Vintage Radfords Cup and Saucer Bone China England Orange & Green Leaves Autum','http://www.ebay.com/itm/Vintage-Radfords-Cup-and-Saucer-Bone-China-England-Orange-Green-Leaves-Autum-/261055881993',NULL),(321,'price','2012.7.10','China Glaze Nail Polish SUMMER DAYS: Choose any from the Fruity Colors available','http://www.ebay.com/itm/China-Glaze-Nail-Polish-SUMMER-DAYS-Choose-any-from-the-Fruity-Colors-available-/170808791900',NULL),(322,'price','2012.7.10','QUEENS CHINA SET OF 4 PLATES~FRUITS DE SOLEIL~FINE BONE CHINA W/ORANGES VGC','http://www.ebay.com/itm/QUEENS-CHINA-SET-OF-4-PLATES-FRUITS-DE-SOLEIL-FINE-BONE-CHINA-W-ORANGES-VGC-/320934860665',NULL),(323,'price','2012.7.10','Crown Staffordshire bone china England leaves motif orange cup saucer gold trim','http://www.ebay.com/itm/Crown-Staffordshire-bone-china-England-leaves-motif-orange-cup-saucer-gold-trim-/160835227038',NULL),(324,'price','2012.7.10','Ornamental Colors Perennial \"Miscanthus Grass\" Seeds','http://www.ebay.com/itm/Ornamental-Colors-Perennial-Miscanthus-Grass-Seeds-/120942519166',NULL),(325,'price','2012.7.10','Ornamental Colors Perennial \"Miscanthus Grass\" Seeds','http://www.ebay.com/itm/Ornamental-Colors-Perennial-Miscanthus-Grass-Seeds-/160835276639',NULL),(326,'price','2012.7.10','Ornamental Perennial \"Miscanthus Graziella Grass\" Seeds','http://www.ebay.com/itm/Ornamental-Perennial-Miscanthus-Graziella-Grass-Seeds-/120934960615',NULL),(327,'price','2012.7.10','Ornamental Colors Perennial \"Miscanthus Grass\" Seeds','http://www.ebay.com/itm/Ornamental-Colors-Perennial-Miscanthus-Grass-Seeds-/160834625859',NULL),(328,'price','2012.7.10','Miscanthus sinensis \'Sarabande\' - Maiden Grass - 25 seed','http://www.ebay.com/itm/Miscanthus-sinensis-Sarabande-Maiden-Grass-25-seed-/170862430866',NULL),(329,'price','2012.7.10','Ruby Ribbons','http://www.amazon.com/Ribbons-trade-Panicum-virgatum-Switchgrass/dp/B007R8U7T2',NULL),(330,'price','2012.7.10','Good Hope Clivia Plant - RARE - 4\" pot - NEW','http://www.amazon.com/Good-Hope-Clivia-Plant-RARE/dp/B000MXIY1W',NULL),(331,'price','2012.7.10','Orange Jasmine 3 Seeds','http://www.amazon.com/hg-Orange-Jasmine-3-Seeds/dp/B007QY9R7A',NULL),(332,'price','2012.7.10','Botany Plants C1902 Loose Panic Grass Echinochloa','http://www.amazon.com/Botany-Plants-C1902-Loose-Echinochloa/dp/B001H2A73K',NULL),(333,'price','2012.7.10','2K DACOTAH SWITCH GRASS seeds Panicum Virgatum Sunburst','http://www.ebay.com/itm/2K-DACOTAH-SWITCH-GRASS-seeds-Panicum-Virgatum-Sunburst-/150846618610',NULL),(334,'price','2012.7.10','FRAGRANT! ~ORANGE JASMINE~ MURRAYA SHRUB HOUSE PLANT','http://www.ebay.com/itm/FRAGRANT-ORANGE-JASMINE-MURRAYA-SHRUB-HOUSE-PLANT-/370627074769',NULL),(335,'price','2012.7.10','Orange Jasmine Fragrant Bonsai or Houseplant- 5 Seeds','http://www.ebay.com/itm/Orange-Jasmine-Fragrant-Bonsai-or-Houseplant-5-Seeds-/120943531858',NULL),(336,'price','2012.7.10','DWARF Patio Citrus Tree Meyer Lemon perfect for containers [DC003]','http://www.ebay.com/itm/DWARF-Patio-Citrus-Tree-Meyer-Lemon-perfect-for-containers-DC003-/320927797147',NULL),(337,'price','2012.7.10','DWARF Lemon ','http://www.ebay.com/itm/DWARF-Lemon-Meyer-Citrus-limon-indoor-outdoor-tree-seeds-/110899960023',NULL),(338,'price','2012.7.10','FRUIT COCKTAIL CITRUS* Meyer Lemon  Key Lime  Calamondin 3 Live Plants*Healthy *','http://www.ebay.com/itm/FRUIT-COCKTAIL-CITRUS-Meyer-Lemon-Key-Lime-Calamondin-3-Live-Plants-Healthy-/200785364951',NULL),(339,'price','2012.7.10','MEYER LEMON Grafted Citrus*Healthy *Tree 1 Gallon','http://www.ebay.com/itm/MEYER-LEMON-Grafted-Citrus-Healthy-Tree-1-Gallon-/200785028603',NULL),(340,'price','2012.7.10','Meyer Lemon Citrus Tree flowering fruiting sweet gift house plant container','http://www.ebay.com/itm/Meyer-Lemon-Citrus-Tree-flowering-fruiting-sweet-gift-house-plant-container-/120942342889',NULL),(341,'price','2012.7.10','DWARF Citrus Tree Collection: Calamondin Orange  Meyer Lemon & Key Lime [COL01]','http://www.ebay.com/itm/DWARF-Citrus-Tree-Collection-Calamondin-Orange-Meyer-Lemon-Key-Lime-COL01-/221063931722',NULL),(342,'price','2012.7.10','Meyer Lemon Citrus Tree flowering fruiting sweet gift house plant container','http://www.ebay.com/itm/Meyer-Lemon-Citrus-Tree-flowering-fruiting-sweet-gift-house-plant-container-/120942342888',NULL),(343,'price','2012.7.10','Meyer Lemon Citrus Tree flowering fruiting sweet gift house plant container','http://www.ebay.com/itm/Meyer-Lemon-Citrus-Tree-flowering-fruiting-sweet-gift-house-plant-container-/120942342885',NULL),(344,'price','2012.7.10','Meyer Lemon Tree Citrus Live Plant Grafted 3-4\'','http://www.ebay.com/itm/Meyer-Lemon-Tree-Citrus-Live-Plant-Grafted-3-4-/350578404743',NULL),(345,'price','2012.7.10','COMBO CITRUS*KEY LIME TREE & MEYER LEMON TREE*Live Plants*Healthy *','http://www.ebay.com/itm/COMBO-CITRUS-KEY-LIME-TREE-MEYER-LEMON-TREE-Live-Plants-Healthy-/200784516028',NULL),(346,'price','2012.7.10','Meyer Lemon Citrus Tree flowering fruiting sweet gift house plant container','http://www.ebay.com/itm/Meyer-Lemon-Citrus-Tree-flowering-fruiting-sweet-gift-house-plant-container-/120942342881',NULL),(347,'price','2012.7.10','Clear  Glass Bottles   10    Tiny  Bottles  with     10     Corks','http://www.amazon.com/Clear-Glass-Bottles-Tiny-Corks/dp/B004H6J3BA',NULL),(348,'price','2012.7.10','DWARF Blood Orange ','http://www.ebay.com/itm/DWARF-Blood-Orange-Vaniglia-Sanguigno-indoor-outdoor-tree-seeds-/110899963506',NULL),(349,'price','2012.7.10','Moro Blood Orange Tree - Potted','http://www.ebay.com/itm/Moro-Blood-Orange-Tree-Potted-/290729496499',NULL),(350,'price','2012.7.10','GRAFTED Moro Blood Orange Grafted Citrus Tree for containers [GC018]','http://www.amazon.com/GRAFTED-Orange-Grafted-containers-GC018/dp/B0088HAG10',NULL),(351,'price','2012.7.10','Moro Blood Orange Tree - Potted - Citrus','http://www.amazon.com/Moro-Blood-Orange-Tree-Potted/dp/B008C1YCNK',NULL),(352,'price','2012.7.10','100 Seeds Sedum \"Dragon\'s Blood\" (Sedum spurium coccineum) Seeds by Seed Needs','http://www.amazon.com/Dragons-spurium-coccineum-Seed-Needs/dp/B002V591V6',NULL),(353,'price','2012.7.10','Butterfly Scarlet milkweed Bloodflower Seeds 50','http://www.amazon.com/Butterfly-Scarlet-milkweed-Bloodflower-Seeds/dp/B0046JY8NG',NULL),(354,'price','2012.7.10','Semi Dwarf Tarocco Blood Orange Tree -- 12 by 12 Inch Container','http://www.amazon.com/Dwarf-Tarocco-Blood-Orange-Container/dp/B0046I075U',NULL),(355,'price','2012.7.10','Autumn Gold Navel Orange Tree Semi Dwarf -- 12 by 12 Inch Container','http://www.amazon.com/Autumn-Navel-Orange-Dwarf-Container/dp/B006USOHMS',NULL),(356,'price','2012.7.10','1 Lb - Bear Grass Bulk Wildflower Seeds','http://www.ebay.com/itm/1-Lb-Bear-Grass-Bulk-Wildflower-Seeds-/310407888377',NULL),(357,'price','2012.7.10','BABY BEAR GRASS HEAD GROW YOUR OWN EDUCATIONAL NOVELTY GIFT','http://www.ebay.com/itm/BABY-BEAR-GRASS-HEAD-GROW-YOUR-OWN-EDUCATIONAL-NOVELTY-GIFT-/120907446598',NULL),(358,'price','2012.7.10','1/4 Lb - Bear Grass Bulk Wildflower Seeds','http://www.ebay.com/itm/1-4-Lb-Bear-Grass-Bulk-Wildflower-Seeds-/290728973199',NULL),(359,'price','2012.7.10','BLUE BEAR GRASS (Nolina nelsonii) 10 seeds','http://www.ebay.com/itm/BLUE-BEAR-GRASS-Nolina-nelsonii-10-seeds-/270820913786',NULL),(360,'price','2012.7.10','1 Oz - Bear Grass Bulk Wildflower Seeds','http://www.ebay.com/itm/1-Oz-Bear-Grass-Bulk-Wildflower-Seeds-/290728930324',NULL),(361,'price','2012.7.10','BILLY BEAR GRASS HEAD GROW YOUR OWN NOVELTY GIFT','http://www.ebay.com/itm/BILLY-BEAR-GRASS-HEAD-GROW-YOUR-OWN-NOVELTY-GIFT-/110889590309',NULL),(362,'price','2012.7.10','Photo Jigsaw Puzzle of PPG-1653 Bamboo - dry flowers and seeds from Ardea Wildlife Pets','http://www.amazon.com/Photo-Jigsaw-Puzzle-PPG-1653-Bamboo/dp/B00816UPFA',NULL),(363,'price','2012.7.10','25 FRESHLY DUG Arundinaria Gigantea \"RIVER CANE\"BAMBOO ROOTS. READY TO PLANT.','http://www.ebay.com/itm/25-FRESHLY-DUG-Arundinaria-Gigantea-RIVER-CANE-BAMBOO-ROOTS-READY-TO-PLANT-/230820121969',NULL),(364,'price','2012.7.10','5 FRESHLY DUG Arundinaria ','http://www.ebay.com/itm/5-FRESHLY-DUG-Arundinaria-Gigantea-BAMBOO-ROOTS-READY-TO-PLANT-GREAT-FENCING-/230818920264',NULL),(365,'price','2012.7.10','5 FRESHLY DUG Arundinaria ','http://www.ebay.com/itm/5-FRESHLY-DUG-Arundinaria-Gigantea-BAMBOO-ROOTS-READY-TO-PLANT-GREAT-FENCING-/230818829961',NULL),(366,'price','2012.7.10','10 FRESHLY DUG Arundinaria ','http://www.ebay.com/itm/10-FRESHLY-DUG-Arundinaria-Gigantea-BAMBOO-ROOTS-READY-TO-PLANT-GREAT-FENCING-/230818920502',NULL),(367,'price','2012.7.10','5 FRESHLY DUG Arundinaria ','http://www.ebay.com/itm/5-FRESHLY-DUG-Arundinaria-Gigantea-BAMBOO-ROOTS-READY-TO-PLANT-GREAT-FENCING-/230818920361',NULL),(368,'price','2012.7.10','500+ BULK ANNUAL WILDFLOWER SEEDS - FIELD POPPIES - \"RED CORN\" TOLERATES DROUGHT','http://www.ebay.com/itm/500-BULK-ANNUAL-WILDFLOWER-SEEDS-FIELD-POPPIES-RED-CORN-TOLERATES-DROUGHT-/300732917974',NULL),(369,'price','2012.7.10','Meyer lemon tree seeds Great indoor plant 50+ seeds','http://www.ebay.com/itm/Meyer-lemon-tree-seeds-Great-indoor-plant-50-seeds-/271004955870',NULL),(370,'price','2012.7.10','4) Meyer Lemon (10+ Seeds)','http://www.ebay.com/itm/4-Meyer-Lemon-10-Seeds-/251095558366',NULL),(371,'price','2012.7.10','Improved Meyer Lemon Tree','http://www.ebay.com/itm/Improved-Meyer-Lemon-Tree-/251092803074',NULL),(372,'price','2012.7.10','Meyer lemon tree seeds Great indoor plant 5 seeds','http://www.ebay.com/itm/Meyer-lemon-tree-seeds-Great-indoor-plant-5-seeds-/271004952215',NULL),(373,'price','2012.7.10','Meyer lemon tree','http://www.ebay.com/itm/Meyer-lemon-tree-/261058395863',NULL),(374,'price','2012.7.10','Meyer lemon tree seeds Great indoor plant 10 seeds','http://www.ebay.com/itm/Meyer-lemon-tree-seeds-Great-indoor-plant-10-seeds-/271004955840',NULL),(375,'price','2012.7.10','Cocktail Tree - Two Trees in One Pot - Meyer Lemon & Key Lime - Fruiting Size','http://www.ebay.com/itm/Cocktail-Tree-Two-Trees-in-One-Pot-Meyer-Lemon-Key-Lime-Fruiting-Size-/290733476226',NULL),(376,'price','2012.7.10','Hirt\'s Meyer Lemon Tree - Potted - Fruiting Size - 8\" Pot - Father\'s Day Gift','http://www.ebay.com/itm/Hirts-Meyer-Lemon-Tree-Potted-Fruiting-Size-8-Pot-Fathers-Day-Gift-/110897995644',NULL),(377,'price','2012.7.10','Meyer lemon tree seeds Great indoor plant 100+ seeds','http://www.ebay.com/itm/Meyer-lemon-tree-seeds-Great-indoor-plant-100-seeds-/271000216823',NULL),(378,'price','2012.7.10','Dendrocalamus tsiangii - clumping bamboo - 10 seeds','http://www.ebay.com/itm/Dendrocalamus-tsiangii-clumping-bamboo-10-seeds-/221051249691',NULL),(379,'price','2012.7.10','IRON BAMBOO ( Dendrocalamus strictus) 10 seeds','http://www.ebay.com/itm/IRON-BAMBOO-Dendrocalamus-strictus-10-seeds-/221063193763',NULL),(380,'price','2012.7.10','VELVET LEAF BAMBOO (Dendrocalamus brandisii) 10 seeds','http://www.ebay.com/itm/VELVET-LEAF-BAMBOO-Dendrocalamus-brandisii-10-seeds-/271010193818',NULL),(381,'price','2012.7.10','IRON BAMBOO ( Dendrocalamus strictus) 50 seeds','http://www.ebay.com/itm/IRON-BAMBOO-Dendrocalamus-strictus-50-seeds-/221063209822',NULL),(382,'price','2012.7.10','WHITE BAMBOO (Dendrocalamus membranaceus) 10 seeds','http://www.ebay.com/itm/WHITE-BAMBOO-Dendrocalamus-membranaceus-10-seeds-/271010198640',NULL),(383,'price','2012.7.10','GIANT BAMBOO DENDROCALAMUS STRICTUS 20 SEEDS','http://www.ebay.com/itm/GIANT-BAMBOO-DENDROCALAMUS-STRICTUS-20-SEEDS-/300732929918',NULL),(384,'price','2012.7.10','Dendrocalamus xishuangbannae nsis - giant bamboo - 10 seeds','http://www.ebay.com/itm/Dendrocalamus-xishuangbannaensis-giant-bamboo-10-seeds-/221051249714',NULL),(385,'price','2012.7.10','TAIWANESE GIANT BAMBOO (Dendrocalamus latiflorus) 10 seeds','http://www.ebay.com/itm/TAIWANESE-GIANT-BAMBOO-Dendrocalamus-latiflorus-10-seeds-/221063199688',NULL),(386,'price','2012.7.10','BLACK ASPER BAMBOO (Dendrocalamus asper) 10 seeds','http://www.ebay.com/itm/BLACK-ASPER-BAMBOO-Dendrocalamus-asper-10-seeds-/271010203068',NULL),(387,'price','2012.7.10','100x fresh Giant Bamboo Seeds w/ instructions ( Dendrocalamus Giganteus )','http://www.ebay.com/itm/100x-fresh-Giant-Bamboo-Seeds-w-instructions-Dendrocalamus-Giganteus-/180913843216',NULL),(388,'price','2012.7.10','TAIWANESE GIANT BAMBOO (Dendrocalamus latiflorus) 50 seeds','http://www.ebay.com/itm/TAIWANESE-GIANT-BAMBOO-Dendrocalamus-latiflorus-50-seeds-/271010194125',NULL),(389,'price','2012.7.10','GIANT BAMBOO (Dendrocalamus barbatus) 10 seeds','http://www.ebay.com/itm/GIANT-BAMBOO-Dendrocalamus-barbatus-10-seeds-/221063206666',NULL),(390,'price','2012.7.10','Dendrocalamus strictus - 20 seeds - Iron bamboo','http://www.ebay.com/itm/Dendrocalamus-strictus-20-seeds-Iron-bamboo-/230820259483',NULL),(391,'price','2012.7.10','BLACK ASPER BAMBOO (Dendrocalamus asper) 50 seeds','http://www.ebay.com/itm/BLACK-ASPER-BAMBOO-Dendrocalamus-asper-50-seeds-/221063213965',NULL),(392,'price','2012.7.10','Bird of Paradise Grapefruit / Citrus Spoons -- set of 8','http://www.ebay.com/itm/Bird-of-Paradise-Grapefruit-Citrus-Spoons-set-of-8-/370274803026',NULL),(393,'price','2012.7.10','Cocktail Tree - Two Trees in 1 Pot - Meyer Lemon/Key Lime - Fruiting Size-Citrus','http://www.amazon.com/Cocktail-Tree-Trees-Fruiting-Size-Citrus/dp/B007VT14R6',NULL),(394,'price','2012.7.10','Meyer Improved Citrus Lemon Tree','http://www.amazon.com/Meyer-Improved-Citrus-Lemon-Tree/dp/B007Q72L7A',NULL),(395,'price','2012.7.10','Semi Dwarf Lisbon Lemon Tree -- 12 by 12 Inch Container','http://www.amazon.com/Semi-Dwarf-Lisbon-Lemon-Container/dp/B003BR08JC',NULL),(396,'price','2012.7.10','Unknown RARE mystery Maranthaceae Gabon Extremely hairy leaves and stems MUST SE','http://www.ebay.com/itm/Unknown-RARE-mystery-Maranthaceae-Gabon-Extremely-hairy-leaves-and-stems-MUST-SE-/230819108298',NULL),(397,'price','2012.7.10','TEMPLE BAMBOO RUNNER PLANT 3\'H - SEMIARUNDINARI A FASTUOSA','http://www.ebay.com/itm/TEMPLE-BAMBOO-RUNNER-PLANT-3H-SEMIARUNDINARIA-FASTUOSA-/251086487543',NULL),(398,'price','2012.7.10','Cypress Leyland Murray tree ~Great for privacy~ FAST GROWING 3\" pot Great Starter Plant','http://www.amazon.com/Cypress-Leyland-privacy%7E-GROWING-Starter/dp/B003JPP9L8',NULL),(399,'price','2012.7.10','Grafted Cogshall MANGO tree 3 gal LIVE PLANT','http://www.ebay.com/itm/Grafted-Cogshall-MANGO-tree-3-gal-LIVE-PLANT-/221063969131',NULL),(400,'price','2012.7.10','Glenn Tree Mango Seeds ~ Fresh From South Florida ~ 2-Seeds....... ..','http://www.ebay.com/itm/Glenn-Tree-Mango-Seeds-Fresh-From-South-Florida-2-Seeds-/251094879834',NULL),(401,'price','2012.7.10','hosta MANGO TANGO medium colorful reverse Stitch In Time ***Live Potted Plant***','http://www.ebay.com/itm/hosta-MANGO-TANGO-medium-colorful-reverse-Stitch-In-Time-Live-Potted-Plant-/120869515094',NULL),(402,'price','2012.7.10','Plumeria Frangipani \" \"mango\"Flowers 50 seed','http://www.ebay.com/itm/Plumeria-Frangipani-mango-Flowers-50-seed-/180676189357',NULL),(403,'price','2012.7.10','African Violet Plant \' Rob\'s Mango Mongo \' multi plants in pot. Semimini 0Y02','http://www.ebay.com/itm/African-Violet-Plant-Robs-Mango-Mongo-multi-plants-in-pot-Semimini-0Y02-/370628018942',NULL),(404,'price','2012.7.10','Syngonium plant \"Mango Allusion\" house plant','http://www.ebay.com/itm/Syngonium-plant-Mango-Allusion-house-plant-/280910442236',NULL),(405,'price','2012.7.10','***RARE*** Mango Seeds From A Glenn Tree -- 6-Seeds.. (Juicy)','http://www.ebay.com/itm/RARE-Mango-Seeds-From-A-Glenn-Tree-6-Seeds-Juicy-/140785011683',NULL),(406,'price','2012.7.10','mangoPLUMERI A 50 SEED FRESH FLOWER','http://www.ebay.com/itm/mango-PLUMERIA-50-SEED-FRESH-FLOWER-/280634015573',NULL),(407,'price','2012.7.10','LIVE PLANTS: HIBISCUS \"MANGO MOON\"','http://www.ebay.com/itm/LIVE-PLANTS-HIBISCUS-MANGO-MOON-/261056315185',NULL),(408,'price','2012.7.10','MANGO TANGO Tropical Hibiscus -- Plant in 4.5\" pot','http://www.ebay.com/itm/MANGO-TANGO-Tropical-Hibiscus-Plant-in-4-5-pot-/320938367900',NULL),(409,'price','2012.7.10','Mango tree seedling','http://www.ebay.com/itm/Mango-tree-seedling-/330757531972',NULL),(410,'price','2012.7.10','Grafted Nam Doc Mai MANGO tree 3 gal LIVE PLANT','http://www.ebay.com/itm/Grafted-Nam-Doc-Mai-MANGO-tree-3-gal-LIVE-PLANT-/221060681777',NULL),(411,'price','2012.7.10','Mango x hybrid R2E2 Mango Fruit Grafted Free Phyto Large Size 1 Plant','http://www.ebay.com/itm/Mango-x-hybrid-R2E2-Mango-Fruit-Grafted-Free-Phyto-Large-Size-1-Plant-/280909909688',NULL),(412,'price','2012.7.10','??','http://www.ebay.com/itm/PORTULACA-MANGO-25-SEEDS-AL1985SC-/230804812404',NULL),(413,'price','2012.7.10','Nicefield\'s Mango Mansion Fresh Mangos and Rootstock Seeds/Thailand Mango Seeds','http://www.ebay.com/itm/Nicefields-Mango-Mansion-Fresh-Mangos-and-Rootstock-Seeds-Thailand-Mango-Seeds-/270999458485',NULL),(414,'price','2012.7.10','Portulaca Sundial Mango Seeds','http://www.ebay.com/itm/Portulaca-Sundial-Mango-Seeds-/250435251921',NULL),(415,'price','2012.7.10','Mango Variety 3 Season Fruit Set Round Year Very Sweet Taste 1 Plant','http://www.ebay.com/itm/Mango-Variety-3-Season-Fruit-Set-Round-Year-Very-Sweet-Taste-1-Plant-/271002659129',NULL),(416,'price','2012.7.10','One LIVE MANGO FRUIT TREE SEEDLING Kent Alphonso  Pim Seng Mum Keitt ','http://www.ebay.com/itm/One-LIVE-MANGO-FRUIT-TREE-SEEDLING-Kent-Alphonso-Pim-Seng-Mum-Keitt-/320927406769',NULL),(417,'price','2012.7.10','Mango tree plant seedling 8\"-15\" mystery different varieties champagne hade n ','http://www.ebay.com/itm/Mango-tree-plant-seedling-8-15-mystery-different-varieties-champagne-haden-/251092006325',NULL),(418,'price','2012.7.10','Mango Seeds From A Glenn Tree ~ Fresh From South Florida ~ 2-Seeds....... ..','http://www.ebay.com/itm/Mango-Seeds-From-A-Glenn-Tree-Fresh-From-South-Florida-2-Seeds-/261049402256',NULL),(419,'price','2012.7.10','Adenium Obesum \"mango\" Fresh 50 Seeds','http://www.ebay.com/itm/Adenium-Obesum-mango-Fresh-50-Seeds-/180575330667',NULL),(420,'price','2012.7.10','Plumeria Seeds/ mango /Fresh50 seeds','http://www.ebay.com/itm/Plumeria-Seeds-mango-Fresh50-seeds-/170631956053',NULL),(421,'price','2012.7.10','ROSE MOSS * SUNDIAL MANGO * Portulaca grandiflora SEEDS NEW!!','http://www.ebay.com/itm/ROSE-MOSS-SUNDIAL-MANGO-Portulaca-grandiflora-SEEDS-NEW-/270923892004',NULL),(422,'price','2012.7.10','Portulaca Tequila Series Mango Seeds Moss Rose','http://www.ebay.com/itm/Portulaca-Tequila-Series-Mango-Seeds-Moss-Rose-/310206090234',NULL),(423,'price','2012.7.10','Brugmansia Seeds~ ANGEL\'S ORANGE DROP X MANGO CRUSH ~ FRESH ! Beautiful !','http://www.ebay.com/itm/Brugmansia-Seeds-ANGELS-ORANGE-DROP-X-MANGO-CRUSH-FRESH-Beautiful-/200784161024',NULL),(424,'price','2012.7.10','Celosia Rare Ice Cream Mango 30 Fresh Seeds','http://www.ebay.com/itm/Celosia-Rare-Ice-Cream-Mango-30-Fresh-Seeds-/270997020047',NULL),(425,'price','2012.7.10','Portulaca Sundial Series Mango Seeds Moss Rose','http://www.ebay.com/itm/Portulaca-Sundial-Series-Mango-Seeds-Moss-Rose-/250594768623',NULL),(426,'price','2012.7.10','One year old Mango tree seedling','http://www.ebay.com/itm/One-year-old-Mango-tree-seedling-/330757986975',NULL),(427,'price','2012.7.10','Mango x hybrid Yuwen Red Fruit Grafted Free Phyto Large Size 1 Plant','http://www.ebay.com/itm/Mango-x-hybrid-Yuwen-Red-Fruit-Grafted-Free-Phyto-Large-Size-1-Plant-/280909909690',NULL),(428,'price','2012.7.10','Live HADEN Grafted Mango Fruit 3\'-5\' Foot TREE Nice Rooted Plant Heavy Producer','http://www.ebay.com/itm/Live-HADEN-Grafted-Mango-Fruit-3-5-Foot-TREE-Nice-Rooted-Plant-Heavy-Producer-/320935752409',NULL),(429,'price','2012.7.10','Mango Fruit \'Kaew Sa Woi\' (M. indica) Grafted Large Size Great Cultivar 1 Plant','http://www.ebay.com/itm/Mango-Fruit-Kaew-Sa-Woi-M-indica-Grafted-Large-Size-Great-Cultivar-1-Plant-/280905195401',NULL),(430,'price','2012.7.10','Mango x hybrid Jin Huoung Mango Fruit Grafted Free Phyto Large Size 1 Plant','http://www.ebay.com/itm/Mango-x-hybrid-Jin-Huoung-Mango-Fruit-Grafted-Free-Phyto-Large-Size-1-Plant-/280905195403',NULL),(431,'price','2012.7.10','??','http://www.ebay.com/itm/PORTULACA-MANGO-25-SEEDS-AL1985SC-/230817980576',NULL),(432,'price','2012.7.10','Mango Seeds From A Glenn Tree ~ Fresh From South Florida ~ 2-Seeds....... ..','http://www.ebay.com/itm/Mango-Seeds-From-A-Glenn-Tree-Fresh-From-South-Florida-2-Seeds-/261057720666',NULL),(433,'price','2012.7.10','Zinnia Profusion Mango Flower Seeds*Compact for Baskets','http://www.ebay.com/itm/Zinnia-Profusion-Mango-Flower-Seeds-Compact-for-Baskets-/110740927641',NULL),(434,'price','2012.7.10','Grafted Pickering MANGO tree 3 gal LIVE PLANT','http://www.ebay.com/itm/Grafted-Pickering-MANGO-tree-3-gal-LIVE-PLANT-/221063967815',NULL),(435,'price','2012.7.10','One Grafted LIVE MANGO FRUIT TREE 4\'-5 FT Kent Alphonso  Pim Seng Mum Keitt Hade n','http://www.ebay.com/itm/One-Grafted-LIVE-MANGO-FRUIT-TREE-4-5-FT-Kent-Alphonso-Pim-Seng-Mum-Keitt-Haden-/390436775655',NULL),(436,'price','2012.7.10','VINING PEACH SEEDS !!!  DELICIOUS TASTE LIKE MANGO KIDS LOVE','http://www.ebay.com/itm/VINING-PEACH-SEEDS-DELICIOUS-TASTE-LIKE-MANGO-KIDS-LOVE-/310409848318',NULL),(437,'price','2012.7.10','KEY LIME TREE Mexican Patio Citrus Live Plant *Healthy*','http://www.ebay.com/itm/KEY-LIME-TREE-Mexican-Patio-Citrus-Live-Plant-Healthy-/150847294491',NULL),(438,'price','2012.7.10','DWARF Mexican Key Lime Tree Perfect as Potted Citrus Patio Tree [DC001]','http://www.ebay.com/itm/DWARF-Mexican-Key-Lime-Tree-Perfect-as-Potted-Citrus-Patio-Tree-DC001-/320927846865',NULL),(439,'price','2012.7.10','Live Mystery Mango Fruit Tree Plant Kent,Alphonso,Pim Seng Mun,Dot,Had...','http://www.etsy.com/listing/103017249/live-mystery-mango-fruit-tree-plant',NULL),(440,'price','2012.7.10','Hass and Fuerte Avocado--Year Round Fruit with our Two Tree Combo -- 12 by 12 Inch Container','http://www.amazon.com/Fuerte-Avocado--Year-Round-Fruit-Container/dp/B00374BR1C',NULL),(441,'price','2012.7.10','Mango Live Cutting Plants 1 Gallon? 1 Ft','http://www.amazon.com/Mango-Live-Cutting-Plants-Gallon/dp/B008BWIS8U',NULL),(442,'price','2012.7.10','Dwarf Bearss Lime Tree by Monrovia Growers -- 12 by 12 Inch Container Bush Form','http://www.amazon.com/Dwarf-Bearss-Monrovia-Growers-Container/dp/B0033HLUFQ',NULL),(443,'price','2012.7.10','Bearss Lime Tree Topiary -- 12 by 12 Inch Container by Monrovia Growers','http://www.amazon.com/Bearss-Topiary-Container-Monrovia-Growers/dp/B002TSNXXM',NULL),(444,'price','2012.7.10','Valencia Orange Tree (Seedless)','http://www.ebay.com/itm/Valencia-Orange-Tree-Seedless-/261006099991',NULL),(445,'price','2012.7.10','Valencia Orange Tomato 15 seeds \"Free shipping after 1st pkg\"','http://www.ebay.com/itm/Valencia-Orange-Tomato-15-seeds-Free-shipping-after-1st-pkg-/261048294180',NULL),(446,'price','2012.7.10','Early Ripening Dwarf Navel Orange Tree -- 12 by 12 Inch Container','http://www.amazon.com/Early-Ripening-Dwarf-Orange-Container/dp/B000B9XUIY',NULL),(447,'price','2012.7.10','Dwarf Campbell Valencia Orange Tree -- 12 by 12 Inch Container Bush Form by Monrovia Growers','http://www.amazon.com/Campbell-Valencia-Container-Monrovia-Growers/dp/B004F13GW4',NULL),(448,'price','2012.7.10','Cara Cara Pink Navel Orange Premium Tree -- 12 by 12 Inch Container by Monrovia Growers','http://www.amazon.com/Orange-Premium-Container-Monrovia-Growers/dp/B003V6GDW4',NULL),(449,'price','2012.7.10','GRAFTED Midnight Valencia Orange Citrus Tree for patio or container [GC023]','http://www.amazon.com/GRAFTED-Midnight-Valencia-container-GC023/dp/B008ELOZIA',NULL),(450,'price','2012.7.10','Wash. Navel Orange Tree Semi Dwarf -- 6 by 6 Inch Container','http://www.amazon.com/Wash-Navel-Orange-Dwarf-Container/dp/B000KEJI3Q',NULL),(451,'price','2012.7.10','Midknight Seedless Valencia Orange Tree -- 12 by 12 Inch Container Dwarf','http://www.amazon.com/Midknight-Seedless-Valencia-Orange-Container/dp/B000X4TZW2',NULL),(452,'price','2012.7.10','10 GRAM KEY LIME CITRUS AURANTIFOLIA (100 SEEDS)','http://www.ebay.com/itm/10-GRAM-KEY-LIME-CITRUS-AURANTIFOLIA-100-SEEDS-/251095540473',NULL),(453,'price','2012.7.10','DWARF Key Lime (Citrus aurantifolia) indoor outdoor tree seeds.','http://www.ebay.com/itm/DWARF-Key-Lime-Citrus-aurantifolia-indoor-outdoor-tree-seeds-/110899966337',NULL),(454,'price','2012.7.10','20 SEEDS Key lime Thai lime Citrus aurantifolia','http://www.ebay.com/itm/20-SEEDS-Key-lime-Thai-lime-Citrus-aurantifolia-/330757878202',NULL),(455,'price','2012.7.10','50 SEEDS Key lime Thai lime Citrus aurantifolia free ship','http://www.ebay.com/itm/50-SEEDS-Key-lime-Thai-lime-Citrus-aurantifolia-free-ship-/330756075976',NULL),(456,'price','2012.7.10','KOI POND PLANT ARROWHEAD Sagittaria latifolia GOLDFISH POND PLANT HARDY','http://www.ebay.com/itm/KOI-POND-PLANT-ARROWHEAD-Sagittaria-latifolia-GOLDFISH-POND-PLANT-HARDY-/170870397147',NULL),(457,'price','2012.7.10','Exotic BLACK CALABASH GOURD FRUIT Tree 5 SEEDS Amphitecna latifolia Crafts','http://www.ebay.com/itm/Exotic-BLACK-CALABASH-GOURD-FRUIT-Tree-5-SEEDS-Amphitecna-latifolia-Crafts-/140788585303',NULL),(458,'price','2012.7.10','CAT TAIL (Typha latifolia) common BUY 1 GET 1 FREE!! Hearty Bog Pond Plant!!','http://www.ebay.com/itm/CAT-TAIL-Typha-latifolia-common-BUY-1-GET-1-FREE-Hearty-Bog-Pond-Plant-/261055293291',NULL),(459,'price','2012.7.10','CAMPANULA LATIFOLIA ALBA - HARDY PERENNIAL - 50+ SEEDS','http://www.ebay.com/itm/CAMPANULA-LATIFOLIA-ALBA-HARDY-PERENNIAL-50-SEEDS-/330758722172',NULL),(460,'price','2012.7.10','HOYA LATIFOLIA IML 0088 BLOOMING SIZE PLANT','http://www.ebay.com/itm/HOYA-LATIFOLIA-IML-0088-BLOOMING-SIZE-PLANT-/160833119754',NULL),(461,'price','2012.7.10','Tillandsia * LATIFOLIA * 8\" - 12\" air plants','http://www.ebay.com/itm/Tillandsia-LATIFOLIA-8-12-air-plants-/380452116425',NULL),(462,'price','2012.7.10','3 Arrowhead (Sagittaria latifolia) BUY 3 GET 1 FREE!! koi pond aquatic bog plant','http://www.ebay.com/itm/3-Arrowhead-Sagittaria-latifolia-BUY-3-GET-1-FREE-koi-pond-aquatic-bog-plant-/251096260279',NULL),(463,'price','2012.7.10','GREEN OLIVE TREE PHILLYREA (Phillyrea latifolia)100+ FRESH SEEDS','http://www.ebay.com/itm/GREEN-OLIVE-TREE-PHILLYREA-Phillyrea-latifolia-100-FRESH-SEEDS-/251094034274',NULL),(464,'price','2012.7.10','6 LOT Arrowhead (Sagittaria latifolia) BUY 6 GET 2 FREE pond aquatic bog plant','http://www.ebay.com/itm/6-LOT-Arrowhead-Sagittaria-latifolia-BUY-6-GET-2-FREE-pond-aquatic-bog-plant-/251096260648',NULL),(465,'price','2012.7.10','Broad-leaved bitter pea (Daviesia latifolia) 30 Seeds','http://www.ebay.com/itm/Broad-leaved-bitter-pea-Daviesia-latifolia-30-Seeds-/190698105571',NULL),(466,'price','2012.7.10','Tillandsia * LATIFOLIA * 14\" - 18\" air plants','http://www.ebay.com/itm/Tillandsia-LATIFOLIA-14-18-air-plants-/380452115838',NULL),(467,'price','2012.7.10','Reprint Historic Japanese Print Drawing shows the unshu mikan  a type of orange  with stem  part of branch  and leaves','http://www.amazon.com/Reprint-Historic-Japanese-Drawing-orange/dp/B004MKVO9A',NULL),(468,'price','2012.7.10','Allelopathic potential of Citrus junos fruit waste from food processing industry [An article from: Bioresource Technology]','http://www.amazon.com/Allelopathic-potential-Citrus-processing-industry/dp/B000RQZTJO',NULL),(469,'price','2012.7.10','50 SEEDS KAFFIR LIME LEECH LIME FLOWER FRESH AND VIABLE FROM MY GARDEN','http://www.ebay.com/itm/50-SEEDS-KAFFIR-LIME-LEECH-LIME-FLOWER-FRESH-AND-VIABLE-FROM-MY-GARDEN-/170869657048',NULL),(470,'price','2012.7.10','Kaffir Lime Tree- Grafted Dwarf Thai Kaffir Lime (Ma-Grood)','http://www.ebay.com/itm/Kaffir-Lime-Tree-Grafted-Dwarf-Thai-Kaffir-Lime-Ma-Grood-/120943629846',NULL),(471,'price','2012.7.10','GRAFTED Kaffir Lime Grafted Citrus Tree Perfect for container [GC007]','http://www.ebay.com/itm/GRAFTED-Kaffir-Lime-Grafted-Citrus-Tree-Perfect-for-container-GC007-/320938374393',NULL),(472,'price','2012.7.10','Kaffir Lime Citrus Tree Live Asian Fruit Plant 5 gallon 3-4\' Older Grafted','http://www.ebay.com/itm/Kaffir-Lime-Citrus-Tree-Live-Asian-Fruit-Plant-5-gallon-3-4-Older-Grafted-/350576041252',NULL),(473,'price','2012.7.10','Grapefruit  Citrus X Paradisi 8ml at Everything Herbs','http://www.ebay.com/itm/Grapefruit-Citrus-X-Paradisi-8ml-at-Everything-Herbs-/380044177614',NULL),(474,'price','2012.7.10','Das Wunder Im Kern Der Grapefruit: Die Geheimnisse Des Citrus Paradisi. Das Prak','http://www.ebay.com/itm/Das-Wunder-Im-Kern-Der-Grapefruit-Die-Geheimnisse-Des-Citrus-Paradisi-Das-Prak-/140772122029',NULL),(475,'price','2012.7.10','TROPICAL CITRUS LIME CALAMANSI CALAMONDIN FRUIT TREE 20 SEEDS','http://www.ebay.com/itm/TROPICAL-CITRUS-LIME-CALAMANSI-CALAMONDIN-FRUIT-TREE-20-SEEDS-/350577209016',NULL),(476,'price','2012.7.10','DWARF Patio Calamondin Orange Citrus Tree Perfect potted tree [DC002]','http://www.ebay.com/itm/DWARF-Patio-Calamondin-Orange-Citrus-Tree-Perfect-potted-tree-DC002-/320936961395',NULL),(477,'price','2012.7.10','DWARF Patio Calamondin Orange Citrus Tree Perfect potted tree [DC002]','http://www.amazon.com/Calamondin-Orange-Citrus-Perfect-DC002/dp/B0088HAH1E',NULL),(478,'price','2012.7.10','MANDARINQUAT SEEDLING CITRUS TREE LIVE TROPICAL FRUIT PLANT','http://www.ebay.com/itm/MANDARINQUAT-SEEDLING-CITRUS-TREE-LIVE-TROPICAL-FRUIT-PLANT-/271006876798',NULL),(479,'price','2012.7.10','THREE \'Lemon Twist\' Cypress Trees. Mini Dwarf Conifer','http://www.ebay.com/itm/THREE-Lemon-Twist-Cypress-Trees-Mini-Dwarf-Conifer-/370627498483',NULL),(480,'price','2012.7.10','1/4 Lb - Cosmos \'Dwarf Lemon\' Bulk Wildflower Seeds','http://www.ebay.com/itm/1-4-Lb-Cosmos-Dwarf-Lemon-Bulk-Wildflower-Seeds-/310407908361',NULL),(481,'price','2012.7.10','Cosmos \'Dwarf Lemon\' - Jumbo Wildflower Seed Packet (500)','http://www.ebay.com/itm/Cosmos-Dwarf-Lemon-Jumbo-Wildflower-Seed-Packet-500-/310407884710',NULL),(482,'price','2012.7.10','cosmos  LADYBIRD DWARF LEMON  135 seeds! GroCo','http://www.ebay.com/itm/cosmos-LADYBIRD-DWARF-LEMON-135-seeds-GroCo-/110826546550',NULL),(483,'price','2012.7.10','1 Lb - Cosmos \'Dwarf Lemon\' Bulk Wildflower Seeds','http://www.ebay.com/itm/1-Lb-Cosmos-Dwarf-Lemon-Bulk-Wildflower-Seeds-/310407888080',NULL),(484,'price','2012.7.10','1 Oz - Cosmos \'Dwarf Lemon\' Bulk Wildflower Seeds','http://www.ebay.com/itm/1-Oz-Cosmos-Dwarf-Lemon-Bulk-Wildflower-Seeds-/290728929826',NULL),(485,'price','2012.7.10','Dwarf Guava \'Lemon Guava\' (Psidium littora (Psidium littorale) tree fruit seeds.','http://www.ebay.com/itm/Dwarf-Guava-Lemon-Guava-Psidium-littora-Psidium-littorale-tree-fruit-seeds-/110894803962',NULL),(486,'price','2012.7.10','1 Lb - Cosmos \'Dwarf Lemon\' Bulk Wildflower Seeds','http://www.amazon.com/Lb-Cosmos-Dwarf-Lemon-Wildflower/dp/B006ZG1HJG',NULL),(487,'price','2012.7.10','Hirt\'s Pink Lemonade Blueberry Plant - Be the 1st on the Block - 3\" Pot','http://www.amazon.com/Hirts-Pink-Lemonade-Blueberry-Plant/dp/B003ZA1KNS',NULL),(488,'price','2012.7.10','1/4 Lb - Cosmos \'Dwarf Lemon\' Bulk Wildflower Seeds','http://www.amazon.com/Lb-Cosmos-Dwarf-Lemon-Wildflower/dp/B006ZG45X6',NULL),(489,'price','2012.7.10','1 Oz - Cosmos \'Dwarf Lemon\' Bulk Wildflower Seeds','http://www.amazon.com/Oz-Cosmos-Dwarf-Lemon-Wildflower/dp/B006ZG2PNI',NULL),(490,'price','2012.7.10','Dwarf Lisbon Lemon Tree -- 12 by 12 Inch Container','http://www.amazon.com/Dwarf-Lisbon-Lemon-Tree-Container/dp/B0002ZWSUI',NULL),(491,'price','2012.7.10','Sulphur Cosmos Seeds Dwarf Lemon','http://www.amazon.com/Sulphur-Cosmos-Seeds-Dwarf-Lemon/dp/B007QVFWWW',NULL),(492,'price','2012.7.10','World Spice Plants: Economic Usage  Botany  Taxonomy','http://www.amazon.com/World-Spice-Plants-Economic-Taxonomy/dp/3540222790',NULL),(493,'price','2012.7.10','Frederic Malle BIGARADE CONCENTREE Travel Body Milk Lotion New Sample Size','http://www.ebay.com/itm/Frederic-Malle-BIGARADE-CONCENTREE-Travel-Body-Milk-Lotion-New-Sample-Size-/300712899553',NULL),(494,'price','2012.7.10','FREDERIC MALLE BIGARADE CONCENTREE Jean-Claude Ellena 2ml/0.06Fl.Oz. Vial NEW','http://www.ebay.com/itm/FREDERIC-MALLE-BIGARADE-CONCENTREE-Jean-Claude-Ellena-2ml-0-06Fl-Oz-Vial-NEW-/180897687274',NULL),(495,'price','2012.7.10','Frederic Malle BIGARADE CONCENTREE Travel Shower Gel New Sample Size','http://www.ebay.com/itm/Frederic-Malle-BIGARADE-CONCENTREE-Travel-Shower-Gel-New-Sample-Size-/380442022894',NULL),(496,'price','2012.7.10','FREDERIC MALLE Perfume BIGARADE CONCENTREE BODY MILK','http://www.ebay.com/itm/FREDERIC-MALLE-Perfume-BIGARADE-CONCENTREE-BODY-MILK-/330753587965',NULL),(497,'price','2012.7.10','Chinotto Seville Orange Tree - Potted - Fruit Bearing Size','http://www.ebay.com/itm/Chinotto-Seville-Orange-Tree-Potted-Fruit-Bearing-Size-/370622843753',NULL),(498,'price','2012.7.10','Wild Bergamot - Jumbo Wildflower Seed Packet (2000)','http://www.ebay.com/itm/Wild-Bergamot-Jumbo-Wildflower-Seed-Packet-2000-/290728925840',NULL),(499,'price','2012.7.10','Rare 5 FRESH BERGAMOT ORANGE TREE SEED Citrus bergamia','http://www.ebay.com/itm/Rare-5-FRESH-BERGAMOT-ORANGE-TREE-SEED-Citrus-bergamia-/300730144381',NULL),(500,'price','2012.7.10','Purple Bergamot - Jumbo Wildflower Seed Packet (1750)','http://www.ebay.com/itm/Purple-Bergamot-Jumbo-Wildflower-Seed-Packet-1750-/290728922187',NULL),(501,'price','2012.7.10','WILD BERGAMOT seeds - beautiful medicinal Indian herb','http://www.ebay.com/itm/WILD-BERGAMOT-seeds-beautiful-medicinal-Indian-herb-/180916932939',NULL),(502,'price','2012.7.10','1 Oz Wild Bergamot Bulk Wildflower Seeds','http://www.ebay.com/itm/1-Oz-Wild-Bergamot-Bulk-Wildflower-Seeds-/310407886225',NULL),(503,'price','2012.7.10','200 Early American ~Heirloom~ BLACK AMBER Sorghum Cane Seeds! Premium USA Seeds','http://www.ebay.com/itm/200-Early-American-Heirloom-BLACK-AMBER-Sorghum-Cane-Seeds-Premium-USA-Seeds-/150838162516',NULL),(504,'price','2012.7.10','600 SUGAR DRIP SORGHUM CANE SEEDS***Buy 3 Get 1 Free','http://www.ebay.com/itm/600-SUGAR-DRIP-SORGHUM-CANE-SEEDS-Buy-3-Get-1-Free-/170867206359',NULL),(505,'price','2012.7.10','Best Price for Orange Blossum Sugar Cane/ Sorghum Seed','http://www.ebay.com/itm/Best-Price-for-Orange-Blossum-Sugar-Cane-Sorghum-Seed-/170870320645',NULL),(506,'price','2012.7.10','1 Ounce Super Sweet Sugar Drip Sorghum Cane Seeds. 1 500 Plus Seeds.','http://www.ebay.com/itm/1-Ounce-Super-Sweet-Sugar-Drip-Sorghum-Cane-Seeds-1-500-Plus-Seeds-/150849357260',NULL),(507,'price','2012.7.10','100 SWEET SUGAR DRIP SORGHUM CANE SEEDS','http://www.ebay.com/itm/100-SWEET-SUGAR-DRIP-SORGHUM-CANE-SEEDS-/170864269923',NULL),(508,'price','2012.7.10','Best Price for Black Amber Sugar Cane/ Sorghum Seed','http://www.ebay.com/itm/Best-Price-for-Black-Amber-Sugar-Cane-Sorghum-Seed-/160827055216',NULL),(509,'price','2012.7.10','Mennonite Sorghum Cane - 100 Seeds - Sweet & Light','http://www.ebay.com/itm/Mennonite-Sorghum-Cane-100-Seeds-Sweet-Light-/280909402486',NULL),(510,'price','2012.7.10','Best Price for Orange Blossum Sugar Cane/ Sorghum Seed','http://www.ebay.com/itm/Best-Price-for-Orange-Blossum-Sugar-Cane-Sorghum-Seed-/120942595674',NULL),(511,'price','2012.7.10','Best Price for Orange Blossum Sugar Cane/ Sorghum Seed','http://www.ebay.com/itm/Best-Price-for-Orange-Blossum-Sugar-Cane-Sorghum-Seed-/170869249289',NULL),(512,'price','2012.7.10','200 SUGAR DRIP SORGHUM CANE SEEDS***Buy 3 Get 1 Free','http://www.ebay.com/itm/200-SUGAR-DRIP-SORGHUM-CANE-SEEDS-Buy-3-Get-1-Free-/170865997376',NULL),(513,'price','2012.7.10','BULK HEIRLOOM SUGAR DRIP SORGHUM SEEDS.ONE POUND! OVER 25 000 SEEDS.','http://www.ebay.com/itm/BULK-HEIRLOOM-SUGAR-DRIP-SORGHUM-SEEDS-ONE-POUND-OVER-25-000-SEEDS-/150839562868',NULL),(514,'price','2012.7.10','Best Price for Orange Blossum Sugar Cane/ Sorghum Seed','http://www.ebay.com/itm/Best-Price-for-Orange-Blossum-Sugar-Cane-Sorghum-Seed-/170871379987',NULL),(515,'price','2012.7.10','David\'s Ornamental Grass Colored Uprights (Sorghum bicolor) 100 Seeds per Packet','http://www.amazon.com/Davids-Ornamental-Colored-Uprights-Seeds/dp/B0043DWLDO',NULL);
/*!40000 ALTER TABLE `infractions` ENABLE KEYS */;
UNLOCK TABLES;

--
-- Table structure for table `infractions_searchterms`
--

DROP TABLE IF EXISTS `infractions_searchterms`;
/*!40101 SET @saved_cs_client     = @@character_set_client */;
/*!40101 SET character_set_client = utf8 */;
CREATE TABLE `infractions_searchterms` (
  `id` int(11) unsigned NOT NULL AUTO_INCREMENT,
  `searchterms_id` int(11) unsigned DEFAULT NULL,
  `infractions_id` int(11) unsigned DEFAULT NULL,
  PRIMARY KEY (`id`),
  UNIQUE KEY `UQ_0f28642e8b663dd3fd8adfc9b2a128df6af5ab13` (`infractions_id`,`searchterms_id`),
  KEY `index_for_infractions_searchterms_searchterms_id` (`searchterms_id`),
  KEY `index_for_infractions_searchterms_infractions_id` (`infractions_id`),
  CONSTRAINT `infractions_searchterms_ibfk_1` FOREIGN KEY (`searchterms_id`) REFERENCES `searchterms` (`id`) ON DELETE CASCADE,
  CONSTRAINT `infractions_searchterms_ibfk_2` FOREIGN KEY (`infractions_id`) REFERENCES `infractions` (`id`) ON DELETE CASCADE
) ENGINE=InnoDB AUTO_INCREMENT=516 DEFAULT CHARSET=utf8 COLLATE=utf8_unicode_ci;
/*!40101 SET character_set_client = @saved_cs_client */;

--
-- Dumping data for table `infractions_searchterms`
--

LOCK TABLES `infractions_searchterms` WRITE;
/*!40000 ALTER TABLE `infractions_searchterms` DISABLE KEYS */;
INSERT INTO `infractions_searchterms` VALUES (1,1,1),(2,1,2),(3,1,3),(4,1,4),(5,1,5),(6,2,6),(7,2,7),(8,2,8),(9,2,9),(10,2,10),(11,2,11),(12,3,12),(13,4,13),(14,5,14),(15,5,15),(16,5,16),(17,5,17),(18,5,18),(19,5,19),(20,6,20),(21,6,21),(22,7,22),(23,7,23),(24,7,24),(25,7,25),(26,7,26),(27,7,27),(28,7,28),(29,7,29),(30,7,30),(31,7,31),(32,7,32),(33,7,33),(34,8,34),(35,8,35),(36,8,36),(37,8,37),(38,8,38),(39,9,39),(40,9,40),(41,9,41),(42,9,42),(43,9,43),(44,9,44),(45,9,45),(46,9,46),(47,9,47),(48,9,48),(49,9,49),(50,10,50),(51,10,51),(52,10,52),(53,10,53),(54,10,54),(55,10,55),(56,10,56),(57,10,57),(58,10,58),(59,11,59),(60,11,60),(61,12,61),(62,12,62),(63,12,63),(64,12,64),(65,12,65),(66,12,66),(67,12,67),(68,13,68),(69,14,69),(70,14,70),(71,14,71),(72,14,72),(73,14,73),(74,14,74),(75,14,75),(76,14,76),(77,14,77),(78,15,78),(79,16,79),(80,17,80),(81,17,81),(82,17,82),(83,17,83),(84,17,84),(85,17,85),(86,17,86),(87,17,87),(88,17,88),(89,17,89),(90,17,90),(91,17,91),(92,17,92),(93,17,93),(94,17,94),(95,17,95),(96,17,96),(97,17,97),(98,17,98),(99,17,99),(100,17,100),(101,17,101),(102,17,102),(103,17,103),(104,17,104),(105,17,105),(106,17,106),(107,17,107),(108,17,108),(109,18,109),(110,19,110),(111,20,111),(112,21,112),(113,21,113),(114,21,114),(115,22,115),(116,22,116),(117,22,117),(118,22,118),(119,22,119),(120,22,120),(121,23,121),(122,24,122),(123,25,123),(124,26,124),(125,26,125),(126,27,126),(127,27,127),(128,27,128),(129,27,129),(130,27,130),(131,27,131),(132,28,132),(133,28,133),(134,27,134),(135,27,135),(136,27,136),(137,29,137),(138,29,138),(139,29,139),(140,29,140),(141,30,141),(142,30,142),(143,31,143),(144,31,144),(145,31,145),(146,31,146),(147,31,147),(148,31,148),(149,32,149),(150,32,150),(151,32,151),(152,32,152),(153,31,153),(154,31,154),(155,31,155),(156,31,156),(157,31,157),(158,31,158),(159,31,159),(160,31,160),(161,31,161),(162,31,162),(163,31,163),(164,31,164),(165,31,165),(166,31,166),(167,31,167),(168,31,168),(169,31,169),(170,31,170),(171,31,171),(172,31,172),(173,31,173),(174,31,174),(175,31,175),(176,31,176),(177,31,177),(178,31,178),(179,31,179),(180,31,180),(181,31,181),(182,31,182),(183,31,183),(184,31,184),(185,31,185),(186,31,186),(187,31,187),(188,31,188),(189,33,189),(190,32,190),(191,32,191),(192,32,192),(193,32,193),(194,32,194),(195,32,195),(196,32,196),(197,32,197),(198,32,198),(199,32,199),(200,32,200),(201,32,201),(202,32,202),(203,32,203),(204,32,204),(205,32,205),(206,32,206),(207,32,207),(208,32,208),(209,33,209),(210,33,210),(211,33,211),(212,34,212),(213,34,213),(214,34,214),(215,34,215),(216,34,216),(217,34,217),(218,34,218),(219,34,219),(220,34,220),(221,34,221),(222,34,222),(223,34,223),(224,34,224),(225,34,225),(226,34,226),(227,34,227),(228,34,228),(229,34,229),(230,34,230),(231,34,231),(232,34,232),(233,34,233),(234,35,234),(235,36,235),(236,37,236),(237,38,237),(238,38,238),(239,38,239),(240,38,240),(241,38,241),(242,39,242),(243,40,243),(244,40,244),(245,38,245),(246,38,246),(247,38,247),(248,41,248),(249,42,249),(250,43,250),(251,44,251),(252,44,252),(253,44,253),(254,44,254),(255,44,255),(256,44,256),(257,44,257),(258,44,258),(259,44,259),(260,44,260),(261,44,261),(262,44,262),(263,44,263),(264,44,264),(265,44,265),(266,44,266),(267,44,267),(268,44,268),(269,44,269),(270,44,270),(271,45,271),(272,46,272),(273,47,273),(274,48,274),(275,49,275),(276,49,276),(277,50,277),(278,50,278),(279,50,279),(280,50,280),(281,50,281),(282,50,282),(283,50,283),(284,51,284),(285,51,285),(286,52,286),(287,52,287),(288,52,288),(289,52,289),(290,53,290),(291,53,291),(292,53,292),(293,52,293),(294,54,294),(295,54,295),(296,54,296),(297,54,297),(298,54,298),(299,54,299),(300,54,300),(301,54,301),(302,54,302),(303,54,303),(304,54,304),(305,54,305),(306,54,306),(307,54,307),(308,55,308),(309,54,309),(310,56,310),(311,56,311),(312,56,312),(313,57,313),(314,58,314),(315,59,315),(316,59,316),(317,60,317),(318,61,318),(319,62,319),(320,61,320),(321,61,321),(322,61,322),(323,61,323),(324,63,324),(325,63,325),(326,63,326),(327,63,327),(328,63,328),(329,64,329),(330,65,330),(331,65,331),(332,66,332),(333,64,333),(334,65,334),(335,65,335),(336,67,336),(337,67,337),(338,67,338),(339,67,339),(340,67,340),(341,67,341),(342,67,342),(343,67,343),(344,67,344),(345,67,345),(346,67,346),(347,68,347),(348,69,348),(349,69,349),(350,69,350),(351,69,351),(352,69,352),(353,69,353),(354,69,354),(355,69,355),(356,68,356),(357,68,357),(358,68,358),(359,68,359),(360,68,360),(361,68,361),(362,70,362),(363,70,363),(364,70,364),(365,70,365),(366,70,366),(367,70,367),(368,71,368),(369,72,369),(370,72,370),(371,72,371),(372,72,372),(373,72,373),(374,72,374),(375,72,375),(376,72,376),(377,72,377),(378,73,378),(379,73,379),(380,73,380),(381,73,381),(382,73,382),(383,73,383),(384,73,384),(385,73,385),(386,73,386),(387,73,387),(388,73,388),(389,73,389),(390,73,390),(391,73,391),(392,74,392),(393,72,393),(394,72,394),(395,72,395),(396,75,396),(397,76,397),(398,77,398),(399,78,399),(400,78,400),(401,78,401),(402,78,402),(403,78,403),(404,78,404),(405,78,405),(406,78,406),(407,78,407),(408,78,408),(409,78,409),(410,78,410),(411,78,411),(412,78,412),(413,78,413),(414,78,414),(415,78,415),(416,78,416),(417,78,417),(418,78,418),(419,78,419),(420,78,420),(421,78,421),(422,78,422),(423,78,423),(424,78,424),(425,78,425),(426,78,426),(427,78,427),(428,78,428),(429,78,429),(430,78,430),(431,78,431),(432,78,432),(433,78,433),(434,78,434),(435,78,435),(436,78,436),(437,79,437),(438,79,438),(439,78,439),(440,78,440),(441,78,441),(442,79,442),(443,79,443),(444,80,444),(445,80,445),(446,80,446),(447,80,447),(448,80,448),(449,80,449),(450,80,450),(451,80,451),(452,81,452),(453,81,453),(454,81,454),(455,81,455),(456,82,456),(457,82,457),(458,82,458),(459,82,459),(460,82,460),(461,82,461),(462,82,462),(463,82,463),(464,82,464),(465,82,465),(466,82,466),(467,83,467),(468,84,468),(469,85,469),(470,85,470),(471,85,471),(472,85,472),(473,86,473),(474,86,474),(475,87,475),(476,87,476),(477,87,477),(478,88,478),(479,89,479),(480,89,480),(481,89,481),(482,89,482),(483,89,483),(484,89,484),(485,89,485),(486,89,486),(487,89,487),(488,89,488),(489,89,489),(490,89,490),(491,89,491),(492,90,492),(493,91,493),(494,91,494),(495,91,495),(496,91,496),(497,92,497),(498,93,498),(499,93,499),(500,93,500),(501,93,501),(502,93,502),(503,94,503),(504,94,504),(505,94,505),(506,94,506),(507,94,507),(508,94,508),(509,94,509),(510,94,510),(511,94,511),(512,94,512),(513,94,513),(514,94,514),(515,94,515);
/*!40000 ALTER TABLE `infractions_searchterms` ENABLE KEYS */;
UNLOCK TABLES;

--
-- Table structure for table `infractions_sellers`
--

DROP TABLE IF EXISTS `infractions_sellers`;
/*!40101 SET @saved_cs_client     = @@character_set_client */;
/*!40101 SET character_set_client = utf8 */;
CREATE TABLE `infractions_sellers` (
  `id` int(11) unsigned NOT NULL AUTO_INCREMENT,
  `sellers_id` int(11) unsigned DEFAULT NULL,
  `infractions_id` int(11) unsigned DEFAULT NULL,
  PRIMARY KEY (`id`),
  UNIQUE KEY `UQ_d6b15f700b80313067c288edf9e80a4d6dc75a68` (`infractions_id`,`sellers_id`),
  KEY `index_for_infractions_sellers_sellers_id` (`sellers_id`),
  KEY `index_for_infractions_sellers_infractions_id` (`infractions_id`),
  CONSTRAINT `infractions_sellers_ibfk_1` FOREIGN KEY (`sellers_id`) REFERENCES `sellers` (`id`) ON DELETE CASCADE,
  CONSTRAINT `infractions_sellers_ibfk_2` FOREIGN KEY (`infractions_id`) REFERENCES `infractions` (`id`) ON DELETE CASCADE
) ENGINE=InnoDB AUTO_INCREMENT=516 DEFAULT CHARSET=utf8 COLLATE=utf8_unicode_ci;
/*!40101 SET character_set_client = @saved_cs_client */;

--
-- Dumping data for table `infractions_sellers`
--

LOCK TABLES `infractions_sellers` WRITE;
/*!40000 ALTER TABLE `infractions_sellers` DISABLE KEYS */;
INSERT INTO `infractions_sellers` VALUES (1,1,1),(2,1,2),(3,1,3),(4,1,4),(5,1,5),(6,1,6),(7,1,7),(8,1,8),(9,1,9),(10,1,10),(11,1,11),(12,1,12),(13,1,13),(14,1,14),(15,1,15),(16,1,16),(17,1,17),(18,1,18),(19,1,19),(20,1,20),(21,1,21),(22,1,22),(23,1,23),(24,1,24),(25,1,25),(26,1,26),(27,1,27),(28,1,28),(29,1,29),(30,1,30),(31,1,31),(32,1,32),(33,1,33),(34,1,34),(35,1,35),(36,1,36),(37,1,37),(38,1,38),(39,1,39),(40,1,40),(41,1,41),(42,1,42),(43,1,43),(44,1,44),(45,1,45),(46,1,46),(47,1,47),(48,1,48),(49,1,49),(50,1,50),(51,1,51),(52,1,52),(53,1,53),(54,1,54),(55,1,55),(56,1,56),(57,1,57),(58,1,58),(59,1,59),(60,1,60),(61,1,61),(62,1,62),(63,1,63),(64,1,64),(65,1,65),(66,1,66),(67,1,67),(68,1,68),(69,1,69),(70,1,70),(71,1,71),(72,1,72),(73,1,73),(74,1,74),(75,1,75),(76,1,76),(77,1,77),(78,1,78),(79,1,79),(80,1,80),(81,1,81),(82,1,82),(83,1,83),(84,1,84),(85,1,85),(86,1,86),(87,1,87),(88,1,88),(89,1,89),(90,1,90),(91,1,91),(92,1,92),(93,1,93),(94,1,94),(95,1,95),(96,1,96),(97,1,97),(98,1,98),(99,1,99),(100,1,100),(101,1,101),(102,1,102),(103,1,103),(104,1,104),(105,1,105),(106,1,106),(107,1,107),(108,1,108),(109,1,109),(110,1,110),(111,1,111),(112,1,112),(113,1,113),(114,1,114),(115,1,115),(116,1,116),(117,1,117),(118,1,118),(119,1,119),(120,1,120),(121,1,121),(122,1,122),(123,1,123),(124,1,124),(125,1,125),(126,1,126),(127,1,127),(128,1,128),(129,1,129),(130,1,130),(131,1,131),(132,1,132),(133,1,133),(134,1,134),(135,1,135),(136,1,136),(137,1,137),(138,1,138),(139,1,139),(140,1,140),(141,1,141),(142,1,142),(143,1,143),(144,1,144),(145,1,145),(146,1,146),(147,1,147),(148,1,148),(149,1,149),(150,1,150),(151,1,151),(152,1,152),(153,1,153),(154,1,154),(155,1,155),(156,1,156),(157,1,157),(158,1,158),(159,1,159),(160,1,160),(161,1,161),(162,1,162),(163,1,163),(164,1,164),(165,1,165),(166,1,166),(167,1,167),(168,1,168),(169,1,169),(170,1,170),(171,1,171),(172,1,172),(173,1,173),(174,1,174),(175,1,175),(176,1,176),(177,1,177),(178,1,178),(179,1,179),(180,1,180),(181,1,181),(182,1,182),(183,1,183),(184,1,184),(185,1,185),(186,1,186),(187,1,187),(188,1,188),(189,1,189),(190,1,190),(191,1,191),(192,1,192),(193,1,193),(194,1,194),(195,1,195),(196,1,196),(197,1,197),(198,1,198),(199,1,199),(200,1,200),(201,1,201),(202,1,202),(203,1,203),(204,1,204),(205,1,205),(206,1,206),(207,1,207),(208,1,208),(209,1,209),(210,1,210),(211,1,211),(212,1,212),(213,1,213),(214,1,214),(215,1,215),(216,1,216),(217,1,217),(218,1,218),(219,1,219),(220,1,220),(221,1,221),(222,1,222),(223,1,223),(224,1,224),(225,1,225),(226,1,226),(227,1,227),(228,1,228),(229,1,229),(230,1,230),(231,1,231),(232,1,232),(233,1,233),(234,1,234),(235,1,235),(236,1,236),(237,1,237),(238,1,238),(239,1,239),(240,1,240),(241,1,241),(242,1,242),(243,1,243),(244,1,244),(245,1,245),(246,1,246),(247,1,247),(248,1,248),(249,1,249),(250,1,250),(251,1,251),(252,1,252),(253,1,253),(254,1,254),(255,1,255),(256,1,256),(257,1,257),(258,1,258),(259,1,259),(260,1,260),(261,1,261),(262,1,262),(263,1,263),(264,1,264),(265,1,265),(266,1,266),(267,1,267),(268,1,268),(269,1,269),(270,1,270),(271,1,271),(272,1,272),(273,1,273),(274,1,274),(275,1,275),(276,1,276),(277,1,277),(278,1,278),(279,1,279),(280,1,280),(281,1,281),(282,1,282),(283,1,283),(284,1,284),(285,1,285),(286,1,286),(287,1,287),(288,1,288),(289,1,289),(290,1,290),(291,1,291),(292,1,292),(293,1,293),(294,1,294),(295,1,295),(296,1,296),(297,1,297),(298,1,298),(299,1,299),(300,1,300),(301,1,301),(302,1,302),(303,1,303),(304,1,304),(305,1,305),(306,1,306),(307,1,307),(308,1,308),(309,1,309),(310,1,310),(311,1,311),(312,1,312),(313,1,313),(314,1,314),(315,1,315),(316,1,316),(317,1,317),(318,1,318),(319,1,319),(320,1,320),(321,1,321),(322,1,322),(323,1,323),(324,1,324),(325,1,325),(326,1,326),(327,1,327),(328,1,328),(329,1,329),(330,1,330),(331,1,331),(332,1,332),(333,1,333),(334,1,334),(335,1,335),(336,1,336),(337,1,337),(338,1,338),(339,1,339),(340,1,340),(341,1,341),(342,1,342),(343,1,343),(344,1,344),(345,1,345),(346,1,346),(347,1,347),(348,1,348),(349,1,349),(350,1,350),(351,1,351),(352,1,352),(353,1,353),(354,1,354),(355,1,355),(356,1,356),(357,1,357),(358,1,358),(359,1,359),(360,1,360),(361,1,361),(362,1,362),(363,1,363),(364,1,364),(365,1,365),(366,1,366),(367,1,367),(368,1,368),(369,1,369),(370,1,370),(371,1,371),(372,1,372),(373,1,373),(374,1,374),(375,1,375),(376,1,376),(377,1,377),(378,1,378),(379,1,379),(380,1,380),(381,1,381),(382,1,382),(383,1,383),(384,1,384),(385,1,385),(386,1,386),(387,1,387),(388,1,388),(389,1,389),(390,1,390),(391,1,391),(392,1,392),(393,1,393),(394,1,394),(395,1,395),(396,1,396),(397,1,397),(398,1,398),(399,1,399),(400,1,400),(401,1,401),(402,1,402),(403,1,403),(404,1,404),(405,1,405),(406,1,406),(407,1,407),(408,1,408),(409,1,409),(410,1,410),(411,1,411),(412,1,412),(413,1,413),(414,1,414),(415,1,415),(416,1,416),(417,1,417),(418,1,418),(419,1,419),(420,1,420),(421,1,421),(422,1,422),(423,1,423),(424,1,424),(425,1,425),(426,1,426),(427,1,427),(428,1,428),(429,1,429),(430,1,430),(431,1,431),(432,1,432),(433,1,433),(434,1,434),(435,1,435),(436,1,436),(437,1,437),(438,1,438),(439,1,439),(440,1,440),(441,1,441),(442,1,442),(443,1,443),(444,1,444),(445,1,445),(446,1,446),(447,1,447),(448,1,448),(449,1,449),(450,1,450),(451,1,451),(452,1,452),(453,1,453),(454,1,454),(455,1,455),(456,1,456),(457,1,457),(458,1,458),(459,1,459),(460,1,460),(461,1,461),(462,1,462),(463,1,463),(464,1,464),(465,1,465),(466,1,466),(467,1,467),(468,1,468),(469,1,469),(470,1,470),(471,1,471),(472,1,472),(473,1,473),(474,1,474),(475,1,475),(476,1,476),(477,1,477),(478,1,478),(479,1,479),(480,1,480),(481,1,481),(482,1,482),(483,1,483),(484,1,484),(485,1,485),(486,1,486),(487,1,487),(488,1,488),(489,1,489),(490,1,490),(491,1,491),(492,1,492),(493,1,493),(494,1,494),(495,1,495),(496,1,496),(497,1,497),(498,1,498),(499,1,499),(500,1,500),(501,1,501),(502,1,502),(503,1,503),(504,1,504),(505,1,505),(506,1,506),(507,1,507),(508,1,508),(509,1,509),(510,1,510),(511,1,511),(512,1,512),(513,1,513),(514,1,514),(515,1,515);
/*!40000 ALTER TABLE `infractions_sellers` ENABLE KEYS */;
UNLOCK TABLES;

--
-- Table structure for table `searchterms`
--

DROP TABLE IF EXISTS `searchterms`;
/*!40101 SET @saved_cs_client     = @@character_set_client */;
/*!40101 SET character_set_client = utf8 */;
CREATE TABLE `searchterms` (
  `id` int(11) unsigned NOT NULL AUTO_INCREMENT,
  `searchterm` varchar(255) COLLATE utf8_unicode_ci DEFAULT NULL,
  PRIMARY KEY (`id`)
) ENGINE=InnoDB AUTO_INCREMENT=95 DEFAULT CHARSET=utf8 COLLATE=utf8_unicode_ci;
/*!40101 SET character_set_client = @saved_cs_client */;

--
-- Dumping data for table `searchterms`
--

LOCK TABLES `searchterms` WRITE;
/*!40000 ALTER TABLE `searchterms` DISABLE KEYS */;
INSERT INTO `searchterms` VALUES (1,'murraya koenigii'),(2,'dent corn'),(3,'citrus amblycarpa'),(4,'toronja'),(5,'satsuma'),(6,'shaddock'),(7,'millet'),(8,'mangifera'),(9,'indian lime'),(10,'kumquat'),(11,'egyptian lime'),(12,'limonero'),(13,'philippine lime'),(14,'citrus hystrix'),(15,'persian lime'),(16,'flint corn'),(17,'phyllostachys'),(18,'citrus medica'),(19,'eleusine'),(20,'naranja agria'),(21,'baby corn'),(22,'curry leaves'),(23,'little millet'),(24,'palestine sweet lemon'),(25,'china dulce'),(26,'jobs tears'),(27,'limone'),(28,'alta'),(29,'bajra'),(30,'adlay'),(31,'officinalis'),(32,'bambusa'),(33,'yuzu'),(34,'sativa'),(35,'kambu'),(36,'pompelmo'),(37,'mais'),(38,'zea mays'),(39,'maiz'),(40,'west indian lime'),(41,'fingered citron'),(42,'makrut lime'),(43,'minuta'),(44,'maize'),(45,'gan ju'),(46,'meyeriana'),(47,'chinese box'),(48,'santara'),(49,'chinese dwarf lemon'),(50,'broom corn'),(51,'panama orange'),(52,'pennisetum'),(53,'citron'),(54,'australiensis'),(55,'citrofortunella microcarpa'),(56,'sour lime'),(57,'kagzi nimbu'),(58,'li meng'),(59,'meridionalis'),(60,'limequat'),(61,'china orange'),(62,'citrus x tangelo'),(63,'miscanthus'),(64,'panicum'),(65,'orange jasmine'),(66,'echinochloa'),(67,'citrus meyeri'),(68,'tear grass'),(69,'blood orange'),(70,'arundinaria'),(71,'field corn'),(72,'meyer lemon'),(73,'dendrocalamus'),(74,'citrus paradise'),(75,'zabon'),(76,'semiarundinaria'),(77,'murray paniculata'),(78,'mango'),(79,'mexican lime'),(80,'valencia orange'),(81,'citrus aurantifolia'),(82,'latifolia'),(83,'unshu orange'),(84,'citrus junos'),(85,'kaffir lime'),(86,'citrus paradisi'),(87,'calamondin'),(88,'mandarinquat'),(89,'dwarf lemon'),(90,'persische limette'),(91,'bigarade'),(92,'seville orange'),(93,'bergamota'),(94,'sorghum');
/*!40000 ALTER TABLE `searchterms` ENABLE KEYS */;
UNLOCK TABLES;

--
-- Table structure for table `sellers`
--

DROP TABLE IF EXISTS `sellers`;
/*!40101 SET @saved_cs_client     = @@character_set_client */;
/*!40101 SET character_set_client = utf8 */;
CREATE TABLE `sellers` (
  `id` int(11) unsigned NOT NULL AUTO_INCREMENT,
  `seller` varchar(255) COLLATE utf8_unicode_ci DEFAULT NULL,
  PRIMARY KEY (`id`)
) ENGINE=InnoDB AUTO_INCREMENT=2 DEFAULT CHARSET=utf8 COLLATE=utf8_unicode_ci;
/*!40101 SET character_set_client = @saved_cs_client */;

--
-- Dumping data for table `sellers`
--

LOCK TABLES `sellers` WRITE;
/*!40000 ALTER TABLE `sellers` DISABLE KEYS */;
INSERT INTO `sellers` VALUES (1,'seller');
/*!40000 ALTER TABLE `sellers` ENABLE KEYS */;
UNLOCK TABLES;
/*!40103 SET TIME_ZONE=@OLD_TIME_ZONE */;

/*!40101 SET SQL_MODE=@OLD_SQL_MODE */;
/*!40014 SET FOREIGN_KEY_CHECKS=@OLD_FOREIGN_KEY_CHECKS */;
/*!40014 SET UNIQUE_CHECKS=@OLD_UNIQUE_CHECKS */;
/*!40101 SET CHARACTER_SET_CLIENT=@OLD_CHARACTER_SET_CLIENT */;
/*!40101 SET CHARACTER_SET_RESULTS=@OLD_CHARACTER_SET_RESULTS */;
/*!40101 SET COLLATION_CONNECTION=@OLD_COLLATION_CONNECTION */;
/*!40111 SET SQL_NOTES=@OLD_SQL_NOTES */;

-- Dump completed on 2018-12-07 23:06:47
