-- Table structure for table `nba_trade_list`
--

CREATE TABLE `nba_trade_list` (
  `tradelist_id` int(11) NOT NULL AUTO_INCREMENT,
  `trade_id` int(11) NOT NULL DEFAULT '0',
  `rotiss_team_id` int(11) NOT NULL DEFAULT '0',
  `nba_player_id` int(11) NOT NULL DEFAULT '0',
  PRIMARY KEY (`tradelist_id`)
) ENGINE=MyISAM AUTO_INCREMENT=534 DEFAULT CHARSET=latin1 COMMENT='Trade Listing of Players';

--
-- Dumping data for table `nba_trade_list`
--

INSERT INTO `nba_trade_list` VALUES (8,3,3,317),(7,3,3,144),(6,2,5,123),(5,2,3,144),(9,3,1,328),(10,3,1,245),(11,4,3,144),(12,4,7,70),(13,5,3,109),(14,5,8,209),(15,6,3,144),(16,6,3,109),(17,6,6,228),(18,7,3,144),(19,7,3,109),(20,7,8,420),(21,7,8,49),(22,8,3,144),(23,8,1,245),(24,9,8,49),(25,9,8,203),(26,9,3,478),(27,10,3,144),(28,10,1,443),(29,11,10,280),(30,11,2,497),(31,12,7,70),(32,12,7,188),(33,12,3,144),(34,12,3,187),(35,13,10,256),(36,13,10,280),(37,13,7,341),(38,14,2,497),(39,14,10,373),(40,15,2,497),(41,15,2,303),(42,15,10,373),(43,16,7,345),(44,16,8,336),(45,17,7,345),(46,17,3,36),(47,18,10,242),(48,18,2,497),(49,18,2,303),(50,19,3,144),(51,19,7,25),(52,20,7,345),(53,20,3,144),(54,21,3,144),(55,21,3,317),(56,21,3,4),(57,21,9,143),(58,21,9,452),(59,22,3,144),(60,22,3,438),(61,22,7,70),(62,23,3,144),(63,23,3,4),(64,23,1,443),(65,24,3,144),(66,24,3,438),(67,24,1,443),(68,25,4,204),(69,25,10,242),(70,26,3,209),(71,26,8,109),(72,27,10,256),(73,27,2,497),(74,27,2,303),(75,28,8,345),(76,28,8,378),(77,28,4,164),(78,29,2,497),(79,29,2,303),(80,29,10,256),(81,29,10,242),(82,30,3,438),(83,30,7,301),(84,31,10,256),(85,31,10,242),(86,31,2,326),(87,32,10,256),(88,32,4,287),(89,33,10,256),(90,33,10,280),(91,33,9,178),(92,33,9,430),(93,34,10,256),(94,34,10,280),(95,34,3,227),(96,34,3,36),(97,35,3,438),(98,35,1,96),(99,36,10,242),(100,36,9,178),(104,38,9,265),(103,38,7,301),(105,39,10,303),(106,39,10,280),(107,39,1,146),(108,40,9,265),(109,40,7,301),(110,41,7,301),(111,41,8,345),(112,42,7,144),(113,42,3,25),(114,43,8,345),(115,43,8,378),(116,43,1,146),(117,44,10,166),(118,44,7,341),(119,45,7,341),(120,45,10,373),(121,45,10,497),(122,46,3,107),(123,46,8,345),(124,47,3,356),(125,47,8,345),(126,48,10,166),(127,48,10,303),(128,48,7,341),(129,49,3,475),(130,49,8,345),(131,50,3,209),(132,50,3,438),(133,50,1,245),(134,51,10,166),(135,51,10,352),(136,51,6,228),(137,52,10,166),(138,52,10,400),(139,52,6,228),(140,53,3,36),(141,53,9,430),(142,54,3,209),(143,54,3,438),(144,54,7,341),(145,54,7,265),(146,55,3,209),(147,55,3,107),(148,55,4,164),(149,56,2,41),(150,56,2,140),(151,56,8,170),(152,56,8,49),(153,57,3,209),(154,57,3,107),(155,57,1,245),(156,58,3,209),(157,58,3,107),(158,58,7,144),(159,59,7,144),(160,59,3,478),(161,60,10,242),(162,60,10,280),(163,60,7,341),(164,61,3,25),(165,61,3,36),(166,61,8,398),(167,62,3,36),(168,62,3,209),(169,62,3,4),(170,62,8,398),(171,63,7,341),(172,63,10,228),(173,64,7,340),(174,64,6,38),(175,65,10,228),(176,65,10,303),(177,65,10,280),(178,65,7,341),(179,65,7,312),(180,66,10,373),(181,66,10,280),(182,66,7,341),(183,67,7,341),(184,67,7,265),(185,67,10,373),(186,67,10,497),(187,68,9,22),(188,68,8,49),(189,69,10,373),(190,69,4,287),(191,70,10,373),(192,70,10,280),(193,70,5,487),(194,71,10,228),(195,71,10,303),(196,71,7,341),(197,71,7,312),(198,72,3,227),(199,72,3,25),(200,72,3,36),(201,72,7,341),(202,72,7,144),(203,73,3,25),(204,73,3,36),(205,73,9,143),(206,73,9,301),(207,74,3,25),(208,74,3,36),(209,74,1,146),(210,75,4,156),(211,75,10,303),(212,76,7,312),(213,76,7,144),(214,76,7,95),(215,76,2,13),(216,76,2,326),(217,76,2,256),(218,77,10,228),(219,77,10,280),(220,77,10,266),(221,77,8,398),(222,77,8,109),(223,78,3,227),(224,78,3,25),(225,78,3,36),(226,78,8,398),(227,78,8,49),(228,78,8,109),(229,79,3,227),(230,79,3,36),(231,79,3,22),(232,79,8,398),(233,79,8,109),(234,80,3,227),(235,80,3,25),(236,80,3,36),(237,80,10,228),(238,80,10,373),(239,81,3,36),(240,81,3,22),(241,81,5,123),(242,82,10,373),(243,82,10,303),(244,82,4,287),(245,82,4,164),(246,83,10,228),(247,83,10,303),(248,83,3,478),(249,83,3,227),(250,84,10,228),(251,84,5,487),(252,85,4,287),(253,85,4,460),(254,85,4,204),(255,85,10,228),(256,85,10,373),(257,85,10,497),(258,86,3,478),(259,86,3,227),(260,86,3,22),(261,86,10,228),(262,86,10,373),(263,87,10,228),(264,87,10,242),(265,87,10,280),(266,87,3,478),(267,87,3,227),(268,88,10,228),(269,88,8,398),(270,89,10,228),(271,89,10,303),(272,89,10,242),(273,89,7,341),(274,89,7,13),(275,90,10,228),(276,90,10,280),(277,90,7,341),(278,90,7,188),(279,90,7,265),(280,91,10,373),(281,91,10,497),(282,91,10,242),(283,91,8,398),(284,91,8,249),(285,92,10,373),(286,92,10,303),(287,92,10,242),(288,92,9,143),(289,92,9,430),(290,93,3,227),(291,93,3,187),(292,93,3,107),(293,93,8,398),(294,93,8,378),(295,94,4,344),(296,94,4,156),(297,94,3,478),(298,95,8,398),(299,95,8,49),(300,95,10,228),(301,95,10,497),(302,96,8,398),(303,96,8,249),(304,96,10,228),(305,96,10,497),(306,96,10,242),(307,97,10,303),(308,97,10,242),(309,97,10,246),(310,97,7,326),(311,98,10,303),(312,98,10,242),(313,98,10,246),(314,98,7,326),(315,98,7,265),(316,99,10,303),(317,99,10,246),(318,99,7,326),(326,101,9,143),(325,101,9,250),(324,101,2,489),(323,101,2,121),(327,102,10,228),(328,102,10,280),(329,102,5,487),(330,103,10,228),(331,103,7,341),(332,104,10,228),(333,104,10,242),(334,104,8,398),(335,105,10,228),(336,105,10,303),(337,105,10,242),(338,105,10,438),(339,105,3,227),(340,105,3,187),(341,106,10,228),(342,106,10,303),(343,106,10,242),(344,106,7,13),(345,106,7,326),(346,106,7,265),(347,107,3,227),(348,107,3,187),(349,107,3,107),(350,107,10,228),(351,107,10,373),(352,108,10,228),(353,108,10,242),(354,108,10,280),(355,108,10,438),(356,108,3,227),(357,108,3,209),(358,108,3,107),(359,109,10,228),(360,109,10,303),(361,109,7,13),(362,109,7,326),(363,110,10,228),(364,110,10,303),(365,110,7,13),(366,110,7,326),(367,111,10,228),(368,111,10,242),(369,111,10,280),(370,111,7,13),(371,111,7,326),(372,111,7,256),(373,112,10,228),(374,112,10,242),(375,112,10,280),(376,112,7,13),(377,112,7,326),(378,113,10,227),(379,113,10,303),(380,113,7,13),(381,113,7,326),(382,114,4,14),(383,114,4,344),(384,114,10,303),(385,115,10,497),(386,115,10,303),(387,115,4,287),(388,115,4,14),(389,116,4,14),(390,116,4,344),(391,116,4,468),(392,116,10,497),(393,116,10,303),(394,117,4,14),(395,117,4,344),(396,117,4,468),(397,117,10,303),(398,118,4,287),(399,118,4,344),(400,118,10,497),(401,118,10,303),(402,119,10,497),(403,119,10,209),(404,119,10,107),(405,119,4,287),(406,119,4,14),(407,120,10,497),(408,120,10,209),(409,120,10,107),(410,120,8,420),(411,120,8,170),(412,120,8,200),(413,121,10,497),(414,121,10,303),(415,121,10,209),(416,121,10,107),(417,121,7,13),(418,121,7,326),(419,121,7,256),(420,122,4,287),(421,122,4,344),(422,122,7,341),(423,123,10,497),(424,123,10,209),(425,123,10,107),(426,123,5,381),(427,123,5,353),(435,125,10,497),(434,125,4,344),(433,125,4,164),(432,125,4,287),(436,125,10,303),(437,125,10,192),(438,126,4,287),(439,126,4,344),(440,126,4,69),(441,126,10,497),(442,126,10,303),(443,127,10,497),(444,127,10,303),(445,127,10,107),(446,127,4,287),(447,127,4,460),(448,128,10,497),(449,128,10,303),(450,128,10,209),(451,128,1,114),(452,128,1,293),(453,129,10,497),(454,129,10,209),(455,129,10,107),(456,129,4,287),(457,129,4,164),(458,130,10,497),(459,130,10,107),(460,130,4,287),(461,131,4,287),(462,131,4,164),(463,131,4,442),(464,131,10,227),(465,131,10,497),(466,131,10,303),(467,132,10,497),(468,132,10,303),(469,132,10,192),(470,132,10,107),(471,132,4,287),(472,132,4,460),(473,133,8,420),(474,133,8,200),(475,133,9,178),(476,134,8,420),(477,134,8,200),(478,134,7,341),(479,135,10,497),(480,135,10,107),(481,135,7,326),(482,135,7,265),(483,136,10,497),(484,136,10,303),(485,136,10,22),(486,136,4,287),(487,136,4,14),(488,137,10,497),(489,137,10,303),(490,137,8,345),(491,137,8,200),(492,137,8,378),(493,138,10,497),(494,138,10,303),(495,138,10,192),(496,138,3,478),(497,138,3,335),(498,139,4,287),(499,139,4,164),(500,139,4,344),(501,139,10,497),(502,139,10,303),(503,139,10,209),(504,140,10,497),(505,140,10,209),(506,140,4,287),(507,140,4,164),(508,141,10,497),(509,141,10,107),(510,141,3,187),(511,141,3,280),(512,142,10,497),(513,142,10,209),(514,142,10,24),(515,142,4,287),(516,142,4,164),(517,142,4,215),(518,143,4,287),(519,143,4,164),(520,143,4,215),(521,143,10,497),(522,143,10,303),(523,143,10,209),(524,144,10,497),(525,144,10,209),(526,144,10,24),(527,144,4,287),(528,144,4,164),(529,145,4,287),(530,145,4,164),(531,145,10,497),(532,145,10,303),(533,145,10,24);

--
-- Table structure for table `nba_transactions`
--

CREATE TABLE `nba_transactions` (
  `transaction_id` int(10) unsigned NOT NULL AUTO_INCREMENT,
  `rotiss_team_id` int(10) unsigned NOT NULL DEFAULT '0',
  `date` date NOT NULL DEFAULT '0000-00-00',
  `time` time NOT NULL DEFAULT '00:00:00',
  `player_id_drop` int(10) unsigned NOT NULL DEFAULT '0',
  `player_id_add` int(10) unsigned NOT NULL DEFAULT '0',
  `aff_week` int(11) NOT NULL DEFAULT '0',
  `trade_id` int(11) NOT NULL DEFAULT '0',
  PRIMARY KEY (`transaction_id`)
) ENGINE=MyISAM AUTO_INCREMENT=260 DEFAULT CHARSET=latin1 COMMENT='Rotiss Transactions';

--
-- Dumping data for table `nba_transactions`
--

INSERT INTO `nba_transactions` VALUES (1,7,'2004-10-24','23:44:40',378,95,1,0),(2,8,'2004-10-25','17:36:35',167,69,1,0),(3,8,'2004-10-25','17:38:22',225,378,1,0),(4,3,'2004-10-25','18:02:36',17,4,1,0),(5,2,'2004-10-27','21:42:30',121,124,1,0),(6,10,'2004-10-28','22:40:05',367,42,1,0),(7,3,'2004-10-28','23:25:32',209,438,1,0),(8,6,'2004-10-31','20:33:11',497,367,1,0),(9,2,'2004-10-31','21:27:22',124,497,1,0),(10,9,'2004-11-01','18:48:02',22,0,1,0),(11,9,'2004-11-01','18:48:24',0,124,1,0),(12,9,'2004-11-03','01:30:57',266,0,2,0),(13,9,'2004-11-03','01:31:14',0,231,2,0),(14,10,'2004-11-03','11:25:47',294,364,2,0),(15,6,'2004-11-03','12:09:42',367,266,2,0),(16,3,'2004-11-03','19:59:31',63,109,2,0),(17,8,'2004-11-03','20:08:18',69,361,2,0),(18,4,'2004-11-03','20:34:14',156,225,2,0),(19,8,'2004-11-03','20:35:00',107,209,2,0),(20,9,'2004-11-04','00:37:19',489,0,2,0),(21,9,'2004-11-04','00:37:43',0,22,2,0),(22,8,'2004-11-04','01:33:43',361,500,2,0),(23,4,'2004-11-04','06:53:22',331,501,2,0),(24,1,'2004-11-04','13:30:18',110,294,2,0),(25,4,'2004-11-04','13:47:05',225,419,2,0),(26,4,'2004-11-04','19:58:48',419,331,2,0),(27,4,'2004-11-04','22:57:40',369,351,2,0),(28,10,'2004-11-05','00:51:27',200,107,2,0),(29,3,'2004-11-05','16:28:28',186,475,2,0),(30,6,'2004-11-05','18:43:24',347,342,2,0),(31,3,'2004-11-05','23:19:17',475,59,2,0),(32,4,'2004-11-06','08:42:48',331,489,2,0),(33,3,'2004-11-06','20:43:26',59,331,2,0),(34,7,'2004-11-07','04:00:33',132,186,2,0),(35,4,'2004-11-07','07:44:48',489,132,2,0),(36,4,'2004-11-09','21:33:48',132,156,2,0),(37,1,'2004-11-09','22:07:43',129,476,2,0),(38,1,'2004-11-09','22:11:51',473,96,2,0),(39,4,'2004-11-10','08:23:36',351,344,2,0),(40,2,'2004-11-10','22:12:29',436,475,2,0),(41,3,'2004-11-11','23:28:42',0,0,2,19),(42,7,'2004-11-11','23:28:42',0,0,2,19),(43,3,'2004-11-12','21:28:44',0,0,3,5),(44,8,'2004-11-12','21:28:44',0,0,3,5),(45,7,'2004-11-12','21:28:48',0,0,3,16),(46,8,'2004-11-12','21:28:48',0,0,3,16),(47,4,'2004-11-12','21:37:19',344,225,3,0),(48,7,'2004-11-13','10:11:36',406,344,3,0),(49,4,'2004-11-13','17:47:41',204,94,3,0),(50,7,'2004-11-13','18:53:53',186,356,3,0),(51,4,'2004-11-13','22:32:22',94,406,3,0),(52,2,'2004-11-14','00:01:26',475,186,3,0),(53,10,'2004-11-15','01:43:46',364,246,3,0),(54,9,'2004-11-15','15:24:45',444,64,3,0),(55,9,'2004-11-15','16:05:11',231,367,3,0),(56,7,'2004-11-15','22:43:08',356,81,3,0),(57,3,'2004-11-15','23:16:47',331,356,3,0),(58,2,'2004-11-17','22:35:36',186,412,3,0),(59,10,'2004-11-17','22:35:55',0,0,3,27),(60,2,'2004-11-17','22:35:55',0,0,3,27),(61,2,'2004-11-17','22:48:23',0,462,3,0),(62,10,'2004-11-17','23:55:09',246,0,3,0),(63,10,'2004-11-18','00:15:50',107,63,3,0),(64,3,'2004-11-18','13:10:22',317,107,3,0),(65,5,'2004-11-18','16:26:35',60,246,3,0),(66,1,'2004-11-18','22:29:24',294,208,3,0),(67,1,'2004-11-19','00:38:34',208,317,4,0),(68,4,'2004-11-20','12:54:03',225,208,4,0),(69,5,'2004-11-21','15:04:10',246,338,4,0),(70,4,'2004-11-21','17:01:16',208,246,4,0),(71,4,'2004-11-21','19:57:08',406,225,4,0),(72,4,'2004-11-21','20:01:54',225,208,4,0),(73,7,'2004-11-22','00:40:37',344,502,4,0),(74,8,'2004-11-22','00:49:55',500,173,4,0),(75,10,'2004-11-22','01:20:34',63,489,4,0),(76,4,'2004-11-22','08:02:10',208,344,4,0),(77,10,'2004-11-22','23:18:11',489,67,4,0),(78,2,'2004-11-23','11:51:01',462,489,4,0),(79,9,'2004-11-23','23:37:34',64,0,4,0),(80,9,'2004-11-23','23:38:05',0,63,4,0),(81,9,'2004-11-24','01:25:40',0,0,4,40),(82,7,'2004-11-24','01:25:40',0,0,4,40),(83,9,'2004-11-24','16:11:41',367,447,4,0),(84,8,'2004-11-24','20:07:21',203,200,4,0),(85,10,'2004-11-25','18:43:40',67,475,4,0),(86,7,'2004-11-25','22:26:30',502,442,4,0),(87,7,'2004-11-27','03:43:47',341,24,5,0),(88,7,'2004-11-27','03:44:07',24,341,5,0),(89,4,'2004-11-27','09:22:58',246,500,5,0),(90,4,'2004-11-29','03:42:30',500,246,5,0),(91,10,'2004-11-29','17:04:47',42,352,5,0),(92,7,'2004-11-29','23:59:50',81,339,5,0),(93,7,'2004-11-30','00:01:23',339,151,5,0),(94,7,'2004-11-30','00:26:47',442,42,5,0),(95,10,'2004-11-30','00:29:40',475,339,5,0),(96,3,'2004-11-30','16:54:04',356,475,5,0),(97,10,'2004-11-30','22:36:57',339,333,5,0),(98,7,'2004-12-01','00:24:38',151,426,5,0),(99,10,'2004-12-01','21:49:40',352,500,5,0),(100,10,'2004-12-02','23:19:33',333,352,5,0),(101,10,'2004-12-02','23:26:29',0,0,5,52),(102,6,'2004-12-02','23:26:29',0,0,5,52),(103,6,'2004-12-02','23:29:19',266,0,5,0),(104,10,'2004-12-02','23:32:46',0,208,5,0),(105,8,'2004-12-03','01:32:15',173,333,6,0),(106,7,'2004-12-05','00:13:19',426,81,6,0),(107,10,'2004-12-05','23:18:54',352,473,6,0),(108,7,'2004-12-07','21:24:49',81,340,6,0),(109,1,'2004-12-09','23:35:06',476,368,6,0),(110,1,'2004-12-09','23:59:51',309,352,6,0),(111,8,'2004-12-10','02:43:37',333,433,7,0),(112,1,'2004-12-10','22:20:30',328,283,7,0),(113,5,'2004-12-11','01:42:18',407,266,7,0),(114,7,'2004-12-11','03:33:11',42,442,7,0),(115,10,'2004-12-11','21:38:23',473,407,7,0),(116,3,'2004-12-12','00:20:54',438,335,7,0),(117,5,'2004-12-12','13:22:33',221,473,7,0),(118,8,'2004-12-12','16:49:03',433,221,7,0),(119,8,'2004-12-16','20:35:43',221,419,7,0),(120,3,'2004-12-17','20:47:14',4,221,8,0),(121,3,'2004-12-17','21:01:15',475,4,8,0),(122,7,'2004-12-18','03:46:30',340,64,8,0),(123,5,'2004-12-18','11:47:19',266,475,8,0),(124,9,'2004-12-20','18:01:26',63,225,8,0),(125,10,'2004-12-21','00:53:23',407,266,8,0),(126,10,'2004-12-21','00:53:59',500,441,8,0),(127,10,'2004-12-22','00:08:28',441,491,8,0),(128,2,'2004-12-22','00:45:45',412,500,8,0),(129,8,'2004-12-23','23:22:49',419,244,8,0),(130,4,'2004-12-24','23:40:17',501,89,9,0),(131,7,'2004-12-28','02:03:52',442,501,9,0),(132,9,'2004-12-28','14:49:39',22,407,9,0),(133,3,'2004-12-29','16:51:54',221,22,9,0),(134,10,'2005-01-03','23:36:21',208,221,10,0),(135,4,'2005-01-04','16:02:38',89,503,10,0),(136,4,'2005-01-04','21:46:54',503,89,10,0),(137,4,'2005-01-05','23:00:59',89,204,10,0),(138,7,'2005-01-07','23:34:38',0,0,11,76),(139,2,'2005-01-07','23:34:38',0,0,11,76),(140,10,'2005-01-09','01:25:28',221,294,11,0),(141,4,'2005-01-09','19:25:40',204,389,11,0),(142,10,'2005-01-10','01:26:12',491,89,11,0),(143,10,'2005-01-10','23:23:20',294,231,11,0),(144,3,'2005-01-11','20:48:52',36,201,11,0),(145,8,'2005-01-14','02:08:48',244,419,12,0),(146,10,'2005-01-16','01:35:02',89,369,12,0),(147,5,'2005-01-16','22:39:08',338,221,12,0),(148,5,'2005-01-16','22:42:14',221,165,12,0),(149,10,'2005-01-18','21:34:22',266,349,12,0),(150,10,'2005-01-18','21:37:51',369,409,12,0),(151,5,'2005-01-18','22:57:49',165,306,12,0),(152,10,'2005-01-19','02:04:12',409,165,12,0),(153,8,'2005-01-19','03:06:55',419,364,12,0),(154,3,'2005-01-19','21:53:35',4,503,12,0),(155,4,'2005-01-19','22:40:44',246,468,12,0),(156,2,'2005-01-19','22:57:35',217,192,12,0),(157,4,'2005-01-20','07:20:22',156,132,12,0),(158,10,'2005-01-22','01:10:12',165,246,13,0),(159,2,'2005-01-22','21:17:05',500,221,13,0),(160,4,'2005-01-22','21:36:15',132,204,13,0),(161,2,'2005-01-24','09:41:23',192,121,13,0),(162,10,'2005-01-26','01:25:53',231,266,13,0),(163,10,'2005-01-26','01:26:47',349,438,13,0),(164,3,'2005-01-26','21:26:52',335,433,13,0),(165,10,'2005-01-26','23:45:33',266,192,13,0),(166,2,'2005-01-27','13:19:13',121,152,13,0),(167,2,'2005-01-27','13:19:24',152,121,13,0),(168,10,'2005-01-28','23:06:29',246,266,14,0),(169,4,'2005-01-29','00:38:54',389,165,14,0),(170,3,'2005-01-29','03:10:56',433,389,14,0),(171,3,'2005-01-30','01:39:02',389,433,14,0),(172,3,'2005-01-30','22:26:20',433,389,14,0),(173,1,'2005-01-31','00:36:04',96,156,14,0),(174,10,'2005-01-31','00:46:27',438,273,14,0),(175,10,'2005-01-31','00:47:16',273,438,14,0),(176,2,'2005-01-31','13:12:05',489,491,14,0),(177,10,'2005-02-01','01:27:58',0,0,14,108),(178,3,'2005-02-01','01:27:58',0,0,14,108),(179,3,'2005-02-01','01:32:24',22,0,14,0),(180,10,'2005-02-01','08:58:45',0,500,14,0),(181,10,'2005-02-01','11:48:45',266,273,14,0),(182,10,'2005-02-02','18:52:21',273,442,14,0),(183,3,'2005-02-02','22:50:00',389,246,14,0),(184,4,'2005-02-03','13:37:08',204,356,14,0),(185,9,'2005-02-03','15:06:33',447,441,14,0),(186,9,'2005-02-03','15:12:42',301,63,14,0),(187,9,'2005-02-05','16:32:48',63,301,15,0),(188,4,'2005-02-06','16:41:44',356,489,15,0),(189,4,'2005-02-07','14:14:37',489,273,15,0),(190,9,'2005-02-07','20:59:21',441,356,15,0),(191,10,'2005-02-08','23:54:08',500,441,15,0),(192,4,'2005-02-09','21:38:59',468,4,15,0),(193,10,'2005-02-09','23:12:18',441,331,15,0),(194,10,'2005-02-09','23:14:31',331,463,15,0),(195,9,'2005-02-10','01:08:34',356,456,15,0),(196,4,'2005-02-10','21:25:25',273,389,15,0),(197,4,'2005-02-10','23:57:18',344,69,15,0),(198,4,'2005-02-11','00:07:24',389,344,16,0),(199,10,'2005-02-11','22:03:17',463,389,16,0),(200,10,'2005-02-11','22:04:44',442,162,16,0),(201,4,'2005-02-11','23:56:19',4,442,16,0),(202,4,'2005-02-12','02:25:54',69,356,16,0),(203,10,'2005-02-12','19:07:40',162,22,16,0),(204,3,'2005-02-13','20:34:13',503,335,16,0),(205,4,'2005-02-13','22:21:41',356,286,16,0),(206,10,'2005-02-13','23:22:05',389,266,16,0),(207,8,'2005-02-14','00:57:39',364,208,16,0),(208,10,'2005-02-14','21:11:07',266,24,16,0),(209,7,'2005-02-16','00:35:00',188,389,16,0),(210,4,'2005-02-17','22:56:44',344,4,16,0),(211,4,'2005-02-22','20:41:47',442,344,17,0),(212,4,'2005-02-22','21:33:18',4,442,17,0),(213,8,'2005-02-23','20:54:54',200,433,17,0),(214,4,'2005-02-23','23:56:18',344,292,17,0),(215,10,'2005-02-24','01:09:23',192,505,17,0),(216,4,'2005-02-24','16:48:53',286,506,17,0),(217,4,'2005-02-24','18:12:18',0,0,17,145),(218,10,'2005-02-24','18:12:18',0,0,17,145),(219,10,'2005-02-24','18:16:44',0,331,17,0),(220,4,'2005-02-24','22:51:54',292,0,17,0),(221,4,'2005-02-25','22:23:52',442,503,18,0),(222,8,'2005-02-26','19:19:44',433,309,18,0),(223,4,'2005-02-26','23:14:59',24,442,18,0),(224,4,'2005-02-27','23:58:05',506,284,18,0),(225,10,'2005-02-28','01:17:55',505,192,18,0),(226,4,'2005-03-01','23:16:15',503,8,18,0),(227,8,'2005-03-02','17:49:54',309,34,18,0),(228,10,'2005-03-02','19:13:33',192,141,18,0),(229,8,'2005-03-02','21:23:12',49,500,18,0),(230,10,'2005-03-04','20:36:38',141,427,19,0),(231,4,'2005-03-05','00:19:27',284,188,19,0),(232,10,'2005-03-08','13:22:40',107,507,19,0),(233,8,'2005-03-08','22:23:48',500,107,19,0),(234,10,'2005-03-09','02:39:12',427,241,19,0),(235,8,'2005-03-10','01:49:27',208,500,19,0),(236,10,'2005-03-10','22:51:44',241,244,19,0),(237,4,'2005-03-12','07:45:43',8,506,20,0),(238,9,'2005-03-12','22:46:39',456,288,20,0),(239,9,'2005-03-12','23:02:49',178,27,20,0),(240,4,'2005-03-12','23:31:40',506,178,20,0),(241,4,'2005-03-12','23:32:52',178,506,20,0),(242,9,'2005-03-16','16:38:18',288,132,20,0),(243,4,'2005-03-18','07:43:23',215,24,21,0),(244,4,'2005-03-19','08:06:01',506,215,21,0),(245,4,'2005-03-20','11:57:57',24,506,21,0),(246,8,'2005-03-20','20:36:10',500,200,21,0),(247,8,'2005-03-22','04:06:26',200,406,21,0),(248,9,'2005-03-23','21:47:10',124,383,21,0),(249,9,'2005-03-24','22:01:48',383,153,21,0),(250,8,'2005-03-25','11:14:43',420,500,22,0),(251,8,'2005-03-26','03:05:48',34,208,22,0),(252,9,'2005-03-26','23:07:52',430,186,22,0),(253,9,'2005-03-26','23:12:21',301,505,22,0),(254,9,'2005-03-28','13:24:56',186,141,22,0),(255,9,'2005-03-28','13:25:29',153,24,22,0),(256,9,'2005-03-29','11:53:02',24,153,22,0),(257,9,'2005-03-30','21:36:30',452,186,22,0),(258,9,'2005-03-30','21:36:53',225,452,22,0),(259,9,'2005-03-30','23:04:33',186,430,22,0);

--
-- Table structure for table `nfl_constants`
--

CREATE TABLE `nfl_constants` (
  `name` varchar(40) NOT NULL DEFAULT '',
  `value` int(11) NOT NULL DEFAULT '0',
  PRIMARY KEY (`name`)
) ENGINE=MyISAM DEFAULT CHARSET=latin1 COMMENT='Constant values for football';

--
-- Dumping data for table `nfl_constants`
--

INSERT INTO `nfl_constants` VALUES ('players_per_team',14),('starters_per_team',10),('def_starters',2),('off_starters',6),('total_weeks',16),('passing_yards_per_point',25),('rushing_yards_per_point',10),('receiving_yards_per_point',10),('points_per_touchdown',6),('points_per_passing_touchdown',4),('points_per_two_point',2),('points_per_reception',1),('points_per_fumble_lost',-3),('points_per_interception_thrown',-3),('points_per_completion',2),('points_per_attempt',-1),('points_per_interception',6),('points_per_sack',5),('points_per_solo_tackle',2),('points_per_assisted_tackle',1),('return_yards_per_point',10),('points_per_fumble_forced',4),('points_per_fumble_recovered',4),('points_per_pass_defensed',2),('points_per_team_sack',1),('points_per_team_interception',3),('points_per_team_fumble_forced',1),('points_per_team_fumble_recovered',3),('points_per_safety',5),('num_positions',9),('admin_id',6),('total_teams',16),('admin_password',150529),('bball_admin_id',2),('mlb_admin_id',1),('nfl_playoff_week',14),('nba_admin_id',1),('mlb_done',1);

--
-- Table structure for table `nfl_current_week`
--

CREATE TABLE `nfl_current_week` (
  `week_num` int(11) NOT NULL DEFAULT '0',
  `date_begin` date NOT NULL DEFAULT '0000-00-00',
  `date_end` date NOT NULL DEFAULT '0000-00-00',
  PRIMARY KEY (`week_num`)
) ENGINE=MyISAM DEFAULT CHARSET=latin1;

--
-- Dumping data for table `nfl_current_week`
--

INSERT INTO `nfl_current_week` VALUES (0,'2005-08-18','2005-09-07'),(1,'2005-09-08','2005-09-17'),(2,'2005-09-18','2005-09-24'),(3,'2005-09-25','2005-10-01'),(4,'2005-10-02','2005-10-08'),(5,'2005-10-09','2005-10-15'),(6,'2005-10-16','2005-10-22'),(7,'2005-10-23','2005-10-29'),(8,'2005-10-30','2005-11-05'),(9,'2005-11-06','2005-11-12'),(10,'2005-11-13','2005-11-19'),(11,'2005-11-20','2005-11-23'),(12,'2005-11-24','2005-12-03'),(13,'2005-12-04','2005-12-10'),(14,'2005-12-11','2005-12-16'),(15,'2005-12-17','2005-12-23'),(16,'2005-12-24','2005-12-30'),(17,'2005-12-31','2006-01-05'),(18,'2006-01-06','2006-12-31');

--
-- Table structure for table `nfl_divisions`
--

CREATE TABLE `nfl_divisions` (
  `division_id` int(11) NOT NULL DEFAULT '0',
  `name` varchar(35) NOT NULL DEFAULT ''
) ENGINE=MyISAM DEFAULT CHARSET=latin1 COMMENT='NFL Division names';

--
-- Dumping data for table `nfl_divisions`
--

INSERT INTO `nfl_divisions` VALUES (1,'Long'),(2,'Tribeca Rhythm'),(3,'Addition Subtraction Multiplication'),(4,'Patrick');

--
-- Table structure for table `nfl_draft`
--

CREATE TABLE `nfl_draft` (
  `draft_id` int(11) NOT NULL AUTO_INCREMENT,
  `round` int(11) NOT NULL DEFAULT '0',
  `pick` int(11) NOT NULL DEFAULT '0',
  `nfl_rotiss_team_id` int(11) NOT NULL DEFAULT '0',
  `nfl_player_id` int(11) NOT NULL DEFAULT '0',
  PRIMARY KEY (`draft_id`)
) ENGINE=MyISAM AUTO_INCREMENT=225 DEFAULT CHARSET=latin1 COMMENT='NBA Draft';

--
-- Dumping data for table `nfl_draft`
--

INSERT INTO `nfl_draft` VALUES (1,13,1,12,356),(2,13,2,8,542),(3,13,3,7,1715),(4,13,4,6,124),(5,13,5,3,449),(6,13,6,13,1079),(7,13,7,1,1000),(8,13,8,5,1704),(9,13,9,10,1096),(10,13,10,11,203),(11,13,11,9,167),(12,13,12,16,1666),(13,13,13,14,811),(14,13,14,2,1662),(15,13,15,15,1701),(16,13,16,4,618),(17,14,16,12,1717),(18,14,15,8,60),(19,14,14,7,687),(20,14,13,6,1458),(21,14,12,3,799),(22,14,11,13,309),(23,14,10,1,1100),(24,14,9,5,1652),(25,14,8,10,42),(26,14,7,11,1616),(27,14,6,9,465),(28,14,5,16,358),(29,14,4,14,193),(30,14,3,2,399),(31,14,2,15,325),(32,14,1,4,506),(33,11,1,3,52),(34,11,2,16,48),(35,11,3,4,420),(36,11,4,5,652),(37,11,5,6,1689),(38,11,6,12,661),(39,11,7,15,637),(40,11,8,2,145),(41,11,9,11,97),(42,11,10,9,1687),(43,11,11,14,475),(44,11,12,8,562),(45,11,13,7,1341),(46,11,14,10,1693),(47,11,15,1,1582),(48,11,16,13,79),(49,12,16,3,767),(50,12,15,16,371),(51,12,14,4,513),(52,12,13,5,381),(53,12,12,6,367),(54,12,11,12,1703),(55,12,10,15,1288),(56,12,9,2,1711),(57,12,8,11,444),(58,12,7,9,164),(59,12,6,14,966),(60,12,5,8,684),(61,12,4,7,165),(62,12,3,10,1108),(63,12,2,1,1672),(64,12,1,13,633),(65,9,1,4,1676),(66,9,2,11,158),(67,9,3,8,1649),(68,9,4,16,152),(69,9,5,13,920),(70,9,6,10,99),(71,9,7,7,1059),(72,9,8,14,1700),(73,9,9,9,1441),(74,9,10,2,108),(75,9,11,5,519),(76,9,12,6,1665),(77,9,13,15,162),(78,9,14,12,321),(79,9,15,1,95),(80,9,16,3,1669),(81,10,16,4,870),(82,10,15,11,678),(83,10,14,8,1708),(84,10,13,16,1011),(85,10,12,13,1683),(86,10,11,10,517),(87,10,10,7,41),(88,10,9,14,292),(89,10,8,9,476),(90,10,7,2,856),(91,10,6,5,243),(92,10,5,6,662),(93,10,4,15,75),(94,10,3,12,239),(95,10,2,1,226),(96,10,1,3,726),(97,7,1,14,771),(98,7,2,12,361),(99,7,3,6,1361),(100,7,4,7,1074),(101,7,5,15,649),(102,7,6,16,492),(103,7,7,8,943),(104,7,8,13,630),(105,7,9,5,1006),(106,7,10,2,153),(107,7,11,1,568),(108,7,12,10,436),(109,7,13,4,612),(110,7,14,9,1682),(111,7,15,11,914),(112,7,16,3,337),(113,8,16,14,1679),(114,8,15,12,713),(115,8,14,6,318),(116,8,13,7,1660),(117,8,12,15,1657),(118,8,11,16,896),(119,8,10,8,396),(120,8,9,13,1709),(121,8,8,5,47),(122,8,7,2,491),(123,8,6,1,207),(124,8,5,10,1646),(125,8,4,4,727),(126,8,3,9,128),(127,8,2,11,1681),(128,8,1,3,531),(129,5,1,7,692),(130,5,2,14,526),(131,5,3,13,510),(132,5,4,2,838),(133,5,5,3,1688),(134,5,6,5,392),(135,5,7,12,369),(136,5,8,8,462),(137,5,9,10,1411),(138,5,10,16,120),(139,5,11,11,1684),(140,5,12,1,1691),(141,5,13,6,323),(142,5,14,9,764),(143,5,15,4,1686),(144,5,16,15,1064),(145,6,16,7,1716),(146,6,15,14,590),(147,6,14,13,115),(148,6,13,2,366),(149,6,12,3,57),(150,6,11,5,725),(151,6,10,12,942),(152,6,9,8,929),(153,6,8,10,400),(154,6,7,16,1702),(155,6,6,11,869),(156,6,5,1,163),(157,6,4,6,493),(158,6,3,9,376),(159,6,2,4,458),(160,6,1,15,1707),(161,3,1,11,551),(162,3,2,3,547),(163,3,3,12,247),(164,3,4,14,435),(165,3,5,5,45),(166,3,6,15,332),(167,3,7,16,617),(168,3,8,6,350),(169,3,9,7,249),(170,3,10,2,556),(171,3,11,10,237),(172,3,12,4,195),(173,3,13,1,615),(174,3,14,9,439),(175,3,15,8,81),(176,3,16,13,379),(177,4,16,11,172),(178,4,15,3,622),(179,4,14,12,354),(180,4,13,14,169),(181,4,12,5,529),(182,4,11,15,382),(183,4,10,16,471),(184,4,9,6,732),(185,4,8,7,528),(186,4,7,2,697),(187,4,6,10,676),(188,4,5,4,189),(189,4,4,1,405),(190,4,3,9,595),(191,4,2,8,335),(192,4,1,13,565),(193,1,1,4,100),(194,1,2,3,326),(195,1,3,11,56),(196,1,4,8,148),(197,1,5,16,232),(198,1,6,9,107),(199,1,7,12,266),(200,1,8,7,141),(201,1,9,5,240),(202,1,10,10,73),(203,1,11,14,50),(204,1,12,1,256),(205,1,13,6,188),(206,1,14,2,294),(207,1,15,13,263),(208,1,16,15,63),(209,2,16,4,433),(210,2,15,3,428),(211,2,14,11,445),(212,2,13,8,447),(213,2,12,16,216),(214,2,11,9,160),(215,2,10,12,54),(216,2,9,7,368),(217,2,8,5,259),(218,2,7,10,157),(219,2,6,14,192),(220,2,5,1,501),(221,2,4,6,118),(222,2,3,2,246),(223,2,2,13,244),(224,2,1,15,490);

--
-- Table structure for table `nfl_message`
--

CREATE TABLE `nfl_message` (
  `msgid` int(11) NOT NULL AUTO_INCREMENT,
  `send_team_id` int(11) NOT NULL DEFAULT '0',
  `rcvr_team_id` int(11) NOT NULL DEFAULT '0',
  `msgdate` date NOT NULL DEFAULT '0000-00-00',
  `msgtime` time NOT NULL DEFAULT '00:00:00',
  `subject` text NOT NULL,
  `msg` longtext NOT NULL,
  PRIMARY KEY (`msgid`)
) ENGINE=MyISAM AUTO_INCREMENT=149 DEFAULT CHARSET=latin1 COMMENT='Message Board';

--
-- Dumping data for table `nfl_message`
--

INSERT INTO `nfl_message` VALUES (1,11,0,'2005-09-02','00:15:45','trade offer','anyone want the 3ed draft spot?'),(2,6,0,'2005-09-03','15:00:23','for those who are out of town','my IM name is jerkyMcjerkston.  i\'ll be online from now (3pm) up until (& including) the draft'),(3,6,0,'2005-09-03','23:34:14','lineups','let me know if anyone\'s team is wrong.  i think they are all right.  feel free to set your lineups (needed before thursday).  also feel free to add & drop players.  good job everyone with the drafting'),(4,12,0,'2005-09-04','13:57:26','Mr. Irrelevant','With the last pick of the draft Alex Gordon takes Tynes'),(5,11,0,'2005-09-04','14:39:55','how is it possible','i know jonathan vilma is good, but is he good enough to be on two different teams?\r\nHe is on both Glen and Vaugn\'s teams.\r\nsteve'),(6,11,13,'2005-09-04','14:42:22','a thought','i am thinking of possibly making culpepper available to you.\r\nwould u consider something like, palmer, rudy and eric for culpepper,smith and faulk?\r\nlet me know'),(7,13,11,'2005-09-04','15:48:59','trade rumors','give me a little time to see if i can work some things out dont wait for me but ill do my best to make a decision fast'),(8,6,0,'2005-09-04','16:15:26','thanks for the catch...','... steve.  yes, vilma is actually on glenn\'s team & randy mcmichael should be on vaughn\'s team.  its fixed now, tho.  please let me know if anyone else\'s roster is messed up.\r\n\r\nhere\'s a reminder for everyone to set their lineup before midnight thursday.'),(9,6,0,'2005-09-04','16:17:50','also...','if anyone has suggestions for division names, i\'m all ears...'),(10,16,0,'2005-09-04','16:54:38','nfl schedule','is there anyway we can put the weekly NFL schedule up on the website??'),(11,13,7,'2005-09-04','19:32:01','whats up','whats up man\r\nim interested in lamont jordan let me know if you see anyway to accomplish this'),(12,6,16,'2005-09-05','13:30:40','sched','i was thinking about it.  i\'ll probly put it into the database eventually, but for now, just use the following link:\r\n\r\n<a href=\'http://www.nfl.com/schedules\'>http://www.nfl.com/schedules</a>'),(13,6,16,'2005-09-05','20:54:33','by the way...','the qualters walters thing has nothing to do with you.  there was a misunderstanding during the draft having to do with the name walters & it escalated into a very large & funny joke.  just didn\'t want u to think we\'re making fun of you... ;)'),(14,10,0,'2005-09-05','21:15:16','Suckas','The Sweetwater All Stars will be officlailly run by an tandom of the best coaches in rotiss history: Michael A Board and Gregory X Wagner. Wagner coached last year and pulled a hammy with Travis Henry and lost momentum early. This year Board will allow for more freedom for the offense to run like a well oiled machine....Watch out!! '),(15,13,0,'2005-09-05','21:19:57','ALTERNATIVE','WHAT ABOUT SOMETHING LIKE:\r\nCULPEPPER,WARD,FAULK - PALMER,MCALLISTER,JOHNSON\r\nYOU LIKEY?'),(16,13,0,'2005-09-05','21:20:39','MISTAKE','THAT WAS FOR STEVE\r\nSORRY'),(17,2,0,'2005-09-06','10:20:26','mets tix','i\'m not a smart man, but i do know what a scheduling conflict is.  \r\nearlier in the year i bought red sox tickets for sept 18, later to realize that i had already bought mets tickets for that same day.  the mets seats are upper deck box section 9.  it is a 1:10 game on sunday against the braves.  two tix at $25 each.  c\'mon--we\'ll still be in it.  i swears.\r\nanyone?\r\n\r\n-matt'),(18,12,4,'2005-09-07','13:30:28','First match...','Curious to see how my team stacks up...'),(19,12,0,'2005-09-07','13:32:33','Thursday night match','While I have no power as commish in this league, thoughtful reminder that there is a game tommorow night, the home page indicated line-ups need to be in by midnight Thursday, this clearly does not apply'),(20,3,0,'2005-09-07','15:38:41','Stats','A shiny new nickel to the first person to enter Erik\'s stats Week 1.\r\n\r\nNote: Erik not eligible.'),(21,4,0,'2005-09-07','16:23:32','(No Subject)','i\'ll double that to a evenly weathered 1994 dime, featuring . . . FDR and an olive branch or two.  \r\n\r\nnote: torch not included'),(22,12,6,'2005-09-07','18:48:58','Division D-name','Division D should be known as the \"Patrick Division\"'),(23,13,11,'2005-09-10','14:46:54','still interested','i think the title says it all\r\ni wouldnt mind talking'),(24,6,0,'2005-09-11','16:43:12','team D scoring','for team defense scoring & the Points allowed category, simply use the total points scored by the other team, no matter if they were given up by the offense, defense or special teams.  it will make it much simpler.'),(25,6,0,'2005-09-11','16:47:48','stat submission','if people need help with entering in their scores, let me know.  it should be fairly self-explanatory.  simply click on the box next to the player you are submitting stats for.  you can submit multiple players at a time & can edit stats at any point, if you mess up.  other than that, just fill in the appropriate stats for the appropriate player.'),(26,16,0,'2005-09-13','09:45:57','scoring details','1) anyone know a good place to get good game stats (specifically touchbacks for Kickers).  I use cbs.sportsline right now. \r\n\r\n2) are forced fumbles the same as fumbles?  Atlanta fumbled 3 times last night.  So does my eagles D get 3 forced fumbles? Or does the D need to actually \'force\'/cause the fumble.'),(27,6,0,'2005-09-13','10:14:56','re: scoring details','good questions, jim. \r\n\r\n1) i recommend using nfl.com for stats.  they appear to be the most official & always have all the stats we are looking for.  for offensive players, i have found that the Game Stats page always has all of the info.  for defensive players & team D, i recommend using the GameBook page.  it has all of the stats you could ever want.  it may take awhile to find them initially, but once you do, it\'ll be easy every time after that.\r\n\r\n2) forced fumbles & recovered fumbles are completely different.  if you go to the <a href=\'http://www.nfl.com/gamecenter/gamebook/NFL_20050912_PHI@ATL\'>Game Book</a> page for the iggles-falcons game & look under the Final Defensive Statistics section, you will see that the eagles totaled 3 forced fumbles & 2 recovered fumbles.  so enter those values in the appropriate boxes.\r\n\r\nlet me know if there are other questions.'),(28,6,0,'2005-09-13','18:42:06','i forget if i mentioned this','everyone has 13 regular season games.  top 4 division winners make the playoffs, as well as the 2 teams with the next best records in each conference.  so that\'s 6 teams total making the playoffs, 3 from each conference.  the 1 seed in each conference will get a bye in week 14, while the other division winner & the wild card will play each other.  the conference championships occur in week 15 & the championship occurs in week 16.  since we\'re not having any games on week 17 (because we\'re afraid of all of the good players getting benched), there will be no 1-game tiebreaker weeks.  all tiebreakers will be determined by head-to-head record.  i\'ll write a separate msg about how tiebreakers are broken.'),(29,3,16,'2005-09-14','10:46:47','no offense','No one means any harm by the whole Walters Qualters thing. The name Qualters Walters was a joke in the draft room that was very funny. Therefore its funny to the people who were in the draft room. Its not making fun of your name or any ill intentioned mocking or whatever. There is no reason to be upset by it and knowing my history of growing tired of names and continuously changing them it wont be long lived.\r\n\r\n'),(30,4,12,'2005-09-14','16:08:47','it was dunn for me?','did you submit dunn\'s stats?'),(31,7,0,'2005-09-16','12:06:53','Entering Stats','Fellow rotiss\'ers.  I don\'t know if you have come across this, but i have noticed inconsistencies in stats between different websites.  For example i was double checking my score, since it was a close one, and i noticed that on www.foxsports.com my qb had 3 fumbles, 2 of which were forced, while at www.nfl.com, my qb had 3 fumbles, 0 of which were forced.  Also one of my players had 1.5 sacks according to foxsports, and 2 according to nfl.com.  Maybe i am misreading my stats or maybe we should consider standardizing a site to get the stats if we haven\'t already done so.  I apologize if this creates some problems. thanks.'),(32,7,0,'2005-09-16','12:13:53','re: Entering stats','sorry, last message should read that my qb had 3 fumbles, 2 of which where LOST (NOT forced) on foxsports.com, on nfl.com qb had 3 fumbles, 0 of which were recoverd by other team. . . '),(33,6,0,'2005-09-16','12:51:42','re: Entering stats','use nfl.com\r\n\r\nit\'s the official website of the NFL & thus our official site for stats'),(34,10,0,'2005-09-18','15:06:01','so....','if anyone would like to toss around ideas for eli manning let me know.  receivers are what i am looking for.  '),(35,8,0,'2005-09-19','12:41:16','let\'s make a deal','looking to move one or more of the following for help at any position:\r\n\r\ncadillac williams\r\nz. thomas\r\na. lelie\r\nj. vilma\r\nw. witherspoon\r\nb. edwards\r\natlanta d\r\n\r\n'),(36,16,6,'2005-09-19','15:36:39','mike peterson','hey, I would like to pick up Mike Peterson, Jackson LB.   But can\'t find him on the list.  If I can do it, will drop Orton for him.  Thanks!'),(37,11,13,'2005-09-19','19:27:11','???????','what do you think of palmer for culpepper straight up?\r\nlet me know'),(38,13,11,'2005-09-19','23:51:58','Really?','YOU MUST BE ON CRACK\r\nDONT BE PISSED BECAUSED I GOT PALMER IN THE 5TH OR 6TH\r\n\r\n\r\nWHAT ABOUT JOHNSON AND CLAYTON FOR WARD'),(39,13,5,'2005-09-19','23:53:10','BULL SHIT','ARE YOU AS PISSED AS I AM'),(40,16,0,'2005-09-20','09:38:21','a little thought','Come on, at least Qualters Tiny Q-Balls.  Or something more inventive than that Kaufy!!  I\'m disappointed.  And while Roy Williams may have beaten me last night in Fantasy world....too bad they don\'t count against him blown downfield coverage on two Redskins hailmary bombs to win the game!!  Suck it Cowboys!'),(41,5,13,'2005-09-20','21:15:35','sorry','i looked over my stats and made some corrections, tom brady had a fumble but lance briggs had 3 more tackles and dwight freeney had 1 more tackle, sorry man, with a tie i just figured i should check the stats, u might wanna do the same.'),(42,5,6,'2005-09-21','11:49:06','Website Messed up?','Kurt--\r\nMy team links to wrong roster when I try to enter stats or make transactions...for the record, I am picking up T. Polamalu (DB) Pit and dropping N. Barnett'),(43,13,5,'2005-09-21','19:24:22','fingers are crossed','i didnt change anything but New England scored a def touchdown so that would lower my def points allowed giving me 136 points then curtis martin lost a fumble but on 4th down so i dont know what happens there    tell me what you think  but you are a bastard for beating me unless i win then your nice'),(44,9,0,'2005-09-21','21:50:47','Quarterback troubles?','Do you have some serious QB concerns after week 2?  Are you sitting there thinking you need to make a move before things get worse?  Well, Ben Roethlisberger is on the block, he has put up 30\'s the last 2 weeks, but will almost always sit behind Donovan... I am looking for a RB.  If anyone is interested in doing something, let me know, and we\'ll talk about some players.\r\n\r\n~Henno\r\n\r\nps Qualters Walters, WR'),(45,1,0,'2005-09-22','00:11:53','No Subject','I\'m sorry, I wasn\'t referring to you, qualters.\r\n\r\nI have this other friend named qualters, and his dick is wicked small.\r\n'),(46,9,0,'2005-09-22','14:02:56','Stat entry deadline','Ok, \r\nI gave everyone some slack last week, but here we go again.  There is no reason whatsoever that a team should not have entered it\'s stats by noon on Thursday.  The standings should be up to date by then, and it is not fair for the people you play against, to just not enter your stats.  If people start slacking now, then in week 8 there are still going to be unresolved games from week 2.  I did this last year, and I\'ll do it again this year... if your teams stats are not entered by noon on Thursday, I will be entereing the stats for you.  If you are opposed to someone else putting in your stats, that\'s totally cool... but that means you must actually put in your own fucking stats.  So there is it- it\'s out there for everyone... if your stats are not in by noon Thursday, I will enter them for you.\r\n\r\n~Henno'),(47,2,6,'2005-09-25','00:11:36','?','can you make my division name \"Long Division\"'),(48,12,6,'2005-09-26','11:28:24','Scoring System','I think we might want to reconsider defensive stats, and how they are calculated in future seasons..Alexander had 4 Tds, 140 yards and scored 38 points, Z. Thomas 9 tackles, 8 assists, a pass def, a ff and got 37 points..maybe not account assists or something'),(49,7,6,'2005-09-26','16:47:14','mike vick','Would you be interested in mike vick?  Remember the glory of last season!?  Lemme know . ..'),(50,9,6,'2005-09-28','00:30:12','C Division','Since no one else in my division cares to step up for a new name- I\'d like to cast my vote for Addition Subtraction Multiplication Division\r\n\r\nHenno'),(51,10,0,'2005-09-30','10:11:49','ok now...','so trent green, my number one draft pick is up for grabs.  im not asking for much and i know someone needs a good quarterback'),(52,7,6,'2005-09-30','18:14:08','previous trade offer','sorry i havent\' gotten back to you on that mike vick offer. (been busy as heck).  I am gonna hold off shopping him for a bit.'),(53,10,6,'2005-09-30','19:42:22','ok','so im looking for a rb or wr or some kind of good combination'),(54,3,10,'2005-10-01','10:05:59','trent','look at my pitiful squad and see what you might want for green.'),(55,3,0,'2005-10-03','10:20:34','WR','Keyshawn sucks and Stokley is against catching passes apparently. Anyone have a WR?'),(56,10,1,'2005-10-03','10:54:24','hey man...','so how about trent green for larry fitzgerald? let me know what you think'),(57,6,10,'2005-10-05','11:46:04','mr. green','you like drew bennett or fred taylor for t.green?'),(58,6,5,'2005-10-05','13:14:35','qbs','are you lookin to deal one of your QBs?'),(59,6,9,'2005-10-05','13:15:13','benny','what would u like for roethlisberger?'),(60,16,6,'2005-10-09','10:15:33','website funky','kurt, \r\n\r\nthink something is up with the website.  trying to pick up and start chris perry in place of Ahman green (dropping morrison).  website seems to think it is week 18 or something.   -JQ'),(61,3,0,'2005-10-09','18:24:41','pick-up','Have been trying to pick-up Antonio Bryant for the past ten minutes and can\'t. The site literally won\'t let me drop anyone, just says my roster is illegal. So can I claim him now and once the site sorts itself out i\'ll make it official?'),(62,13,0,'2005-10-09','18:33:00','PROBLEMS','TRYING TO PICK UP SD DEF  SAYS EFFECTIVE WEEK 19      LIKE LOU DID ID LIKE TO CALL DIBS'),(63,6,0,'2005-10-09','18:43:47','fixed','sorry, there was something i neglected to update that is now fixed.  luckily, people still made the transactions, so we can still see who has rights to which player.\r\n\r\njim - perry, hakim\r\njosh - m.brown\r\nlou - bryant\r\nevan - SD def\r\n\r\nsorry about the inconvenience...'),(64,12,7,'2005-10-10','10:24:14','Recount-Missed a Touchback','Todd--\r\n\r\nNoticed that you did not give Lindell credit for a touchback, please do I need you to beat the Tastykakes..I will be doing a recount of the entire game with hopes that you eeek out a victory'),(65,12,6,'2005-10-10','10:28:51','Calculating Forced Fumbles?','Kurt--\r\n\r\nFor team defense, how are forced fumbles calculated..often times, i.e. the Buffalo vs Miami game fumbles will occur without a specific player getting credit for the FF..does this matter? does it still count as an FF? '),(66,7,12,'2005-10-10','14:06:22','touchback','You know, I lookeed for the TB stat, and at nfl.com it said there were no TBs, but when you go thru the play by play, you are right, there was a TB in the second quarter.  What is up with that?  Can you not ever trust the stats?  Where do you get your stats? I have seen some discrepencies before between like nfl.com and foxsports.com. . .anyways thanks for the catch'),(67,10,2,'2005-10-11','12:31:32','ok','so green for moss'),(68,6,12,'2005-10-12','11:01:38','still need a TE?','i have two decent ones.  also, i fixed your score from this past week.  brunell had 30 completions, not 20.  so you got an extra 20 points.  also, i picked up brunell.  i\'m awesome...'),(69,8,0,'2005-10-12','13:44:06','Stat Entry','I\'ve noticed the new guys tend to be tardy with their stat submission.  3 of the 4 teams that haven\'t finished putting in their stats this week are league rookies.  yes, qualters, this includes you.  just because everyone already thinks you\'re an asshole, doesn\'t mean you can shirk your responsibilities.\r\n\r\ni know that its easy to forget or become complacent when your team is qualters... i mean shitty (i\'ve been guilty of this in previous years), but its important not to take advantage of Henno.  he will put in your stats, but don\'t just rely on someone to do it for you.  its lame and it prevents the league from ever being completely up to date.  \r\n\r\nif you have questions about how to enter your stats or if you need tips for doing it quickly, feel free to email me.  otherwise, please make sure you stay up to date on your stats. \r\n\r\nglenn '),(70,16,8,'2005-10-12','18:20:20','be a man','1) Be a man, you got a beef, direct it to me.  Pretty sad.\r\n\r\n2) how old are you?  Are you some young, immature, loser?  If so, conversation over....I am not gonna waste my time.  \r\n\r\n-JQ  \r\n\r\nDon\'t like it much when the tables are turned do ya?'),(71,16,0,'2005-10-12','18:21:26','Priest Holmes.. going, going.....','my team sucks.  Anyone interested in priest holmes?  make me an offer.\r\n\r\nI need: QB and WR\'s especially.  \r\n\r\n-JQ'),(72,5,6,'2005-10-12','20:28:47','Stat entry','Hey kurt, i think you should make it so you can enter stats in for the guys on your bench.  This way you can see if your bench players are playing well so you can put them in, or if you are trading with someone and bench players are involved, you can see how they have been playing. '),(73,13,10,'2005-10-12','21:00:12','TGreen','I might be interested  i know you need something'),(74,5,16,'2005-10-13','13:06:07','Trade?','what you think about drew brees for priest?'),(75,10,13,'2005-10-13','13:15:21','tgreen','so i need a solid wide reciever'),(76,13,10,'2005-10-13','13:56:33','How about...','tgreen and steven jackson\r\nfor roy williams, j porter and mike clayton        and poker tonight?'),(77,10,13,'2005-10-13','18:53:53','ok','so thats not really going to work.  i need a really good reciever bot a bunch of no ones.  an dyes poker tonight i believe'),(78,13,10,'2005-10-14','22:21:14','alright board','if you dont like this then tell me what you do want:    galloway and roy williams for steve jackson and tgreen'),(79,10,13,'2005-10-15','00:57:43','alright','so i really only want to move green.  im looking for a one for one type of thing and galloway is definitly something i would do straight up'),(80,12,0,'2005-10-16','00:07:02','Week 6 Lineup','League---\r\nI got in a lineup change at 12:01, and am asking if is ok if it counts towards this week....the substitution for week 6 was to be benching Barnett (LB)(who is on bye), and activating Lofu Tatupu (LB)....if this cool, that is great, if not, that is fine...thanks'),(81,13,11,'2005-10-16','12:27:23','what if','i might aquire trent green  would you be interested in trading ward and jax def for tgreen roy williams and clayton'),(82,13,0,'2005-10-16','15:23:57','?','do return yards for a fumble recovery count in the return yards stat'),(83,2,0,'2005-10-16','16:35:15','score not right','i think it counted ray lewis three times.  i\'m not blaming anyone in particular.\r\nkurt! '),(84,6,0,'2005-10-16','21:02:11','return yards','yeah, return yards count for both fumbles recovered & interceptions'),(85,10,6,'2005-10-17','09:40:23','todd france','so i picked up todd france, kicker for the eagles.  the site says he is on the bucs, but he isnt.  if its a big deal can you change it, an dif its ok than dont worry abou tit'),(86,6,12,'2005-10-17','22:54:13','what happened','with the tatupu situation?'),(87,6,0,'2005-10-17','23:15:04','where the hell...','...are the frigin trades?  its week 7, people, and i\'ve made the only two trades.  weak...\r\n\r\nin case anyone was curious, EVERYone on my team is available'),(88,9,16,'2005-10-19','12:15:42','Holmes','Jim,\r\nI sent you an offer for Holmes- the feeling I am getting from all of the e-mails I\'ve seen about the whole changing team names thing away from Qualters- is that not too many other people were interested.  I did think it was a little strange to request that other teams change their team name, but that\'s only becuase it\'s never happened.  Others took offense, but I didn\'t think it was a big deal...  so let that help your consideration for this trade.  I don\'t necessarily mean \"this\" trade, but I hope you atleast keep an open negoation table, back and forth- I\'d love to come to some agreement in time for this coming week.  Let me know- thanks!\r\n\r\nHenno'),(89,6,0,'2005-10-19','13:36:44','trade deadline','not sure if i mentioned this, but our trade deadline is the last day of week 10, which ends saturday, november 19.  thus, all trades must be made before the beginning of week 11, which starts on nov.20.  let me know if you have questions'),(90,6,0,'2005-10-21','19:10:39','stupid friday game','so stupid wilma forced the kc-miami game to start about 7 minutes ago.  so, to be fair, if you pick up someone in this game, after this message, you are not allowed to start him for week 7.  that would simply be unfair.  you also cannot start or bench any players in this game, after this game is over.  i know, its annoying, but what can i do?  i didnt realize this game had been moved until about an hour ago...we will just have to deal'),(91,9,0,'2005-10-23','18:22:18','Gabriel','So something is wrong with the site- it is stuck on last week.  I want to pick up Doug Gabriel WR, OAK, and drop Robert Ferguson WR, GB.  Since the site is stuck on week 6, it wouldn\'t be fair for me to be able to start Gabriel for this week 7- so I am claiming Gabriel now, and will complete the transaction once the site is corrected.'),(92,6,0,'2005-10-23','19:37:41','bug fix','fixed the bug.  please don\'t submit stats until i give everyone the go-ahead.  should be ready by 8pm, tonight'),(93,6,0,'2005-10-23','20:21:29','apparently no one listened to me','you bunch o\' jerks started submitting stats already.  jerks... anyway, it\'s READY now.  enjoy (or whatever)'),(94,6,0,'2005-10-24','20:22:06','double D','domanick davis is available.  any takers?'),(95,13,0,'2005-10-24','20:38:44','Make some moves','Im not happy with my teams performance so if anyone wants to make some legitimate offers i wouldn\'t mind shaking things up   Peace Nuckas'),(96,11,13,'2005-10-24','22:58:05','lets talk','any ideas what u want for rudy and maybe carson?\r\nsteve'),(97,13,11,'2005-10-26','19:58:06','im thinking','im in the middle of a possible trade where palmer might be available    im thinking jax d and ward let me know soon cause things might change'),(98,2,6,'2005-10-30','16:44:09','it\'s doing it again','i put in mcnair\'s stats and it is counting it right in my total but its not showing him individually.\r\nalso, i think we should just add a 3rd roster spot in bball.  too many fights otherwise.'),(99,11,13,'2005-10-31','22:29:28','lets talk','is there anyway you would trade palmer or roethlisberger for someone other then ward. or could you package a qb and a wr for ward etal?\r\nlet me know\r\nsteve'),(100,13,1,'2005-11-02','19:31:53','maybe','are either owens or gates available for roethlisberger plus?'),(101,12,0,'2005-11-06','18:44:18','Need RB','My top three running backs are injured, two mid-game today, I need some help...'),(102,3,12,'2005-11-06','19:49:10','RB\'s','We have a bunch of runing backs, see anything you like?'),(103,3,0,'2005-11-06','19:52:04','claimy-claimtown','We would like to claim Gado RB on the Packers and release Tony Fisher'),(104,5,3,'2005-11-06','23:11:50','well that didnt work out','i dropped larry johnson drunk last night to put a te in, and i didnt even get it in time, and larry johnson is awesome.  i hope he dies before he helps ur team.'),(105,3,5,'2005-11-07','15:37:05','bitter much?','yeah,that sucks i hope you\'ll understand if\'n we don\'t share your hope for an untimely death '),(106,6,3,'2005-11-08','19:47:00','gado','gado is available'),(107,13,2,'2005-11-10','17:14:32','Al\'s creepy finger','J Jones avail?'),(108,8,0,'2005-11-10','20:28:51','This is exciting','5 teams in the western conference with 5-4 records jockeying for playoff position?  I love this fake game!'),(109,13,11,'2005-11-12','07:37:21','sorry','i got another offer for palmer   would you be interested in mcnair and someone for ward  or jeriv'),(110,2,0,'2005-11-13','01:22:52','boring to all but brad (and kurt)','i had a trade go through that affects week ten but it is too late to make changes.  i would rather start ten players than eight so please include finneran and mccoy (wr, ari).\r\nthank you.\r\n-matt'),(111,6,0,'2005-11-13','19:04:41','what a m\'jerk','stop trying to trick me into trading my good players for people with funny names.  it\'s un-american...  i\'ll fix your lineup issue soon.  either tonight or tomorrow.'),(112,6,0,'2005-11-13','19:05:11','apologies','last msg was only s\'posed to go to greenberg.  sorry \'bout it'),(113,5,13,'2005-11-14','20:27:58','trade','any interest in tradin galloway?  i got drew brees, eric moulds, and curtis martin. all three could help ur team. think about it.'),(114,5,1,'2005-11-14','20:33:47','gates?','whats up man? hows it going? any interest in trading gates? i was thinking you might want curtis martin on ur team. i got some other good players too. lemme know whats up.'),(115,6,2,'2005-11-15','12:59:22','fixed, i think','i think i got your lineup for week 10 correct.  not positive, tho.  lemme know if there is still a problem.  u going to epstein\'s on friday?'),(116,7,3,'2005-11-15','14:17:21','Brian Dawkins scoring','I wish he had 2 TDs !!. . . i changed that stat so he has just 2 pass deflections.  Did not affect the outcome, though.'),(117,6,0,'2005-11-15','15:23:45','trade deadline','just a reminder that the trade deadline is this saturday, november 19th.  Any trades made after saturday will not count.  thank you'),(118,12,0,'2005-11-15','15:58:39','Trade Deadline...','Question...can\'t the trade deadline be like the baseball trade deadline, where trades can be made after the deadline if no one objects to them...this would ensure that no unfair trades are made by some team just looking to be a jerk'),(119,5,2,'2005-11-16','21:02:21','yes','yes u can put ur players in'),(120,13,0,'2005-11-18','09:27:07','anyone?anyone?','id still like to make a move or too so if anyone has an idea let me know   id like to move dom davis and muhammed'),(121,5,0,'2005-11-22','17:58:13','playoffs','what is the playoff format.  how many teams, which two divisions are the afc and which two are the nfc.\r\n\r\nps. i\'ll try to be a graceful winner'),(122,13,5,'2005-11-22','21:36:28','B.Miller','Thats a good start Brad'),(123,6,0,'2005-11-24','22:13:01','thanksgiving week','if anyone wants to make a move for week 12 with players who are ONLY playing in sunday\'s game, then that\'s allowed.  just send me an email before sunday...'),(124,10,6,'2005-11-26','13:28:18','this weekend','so i emailed you before but i would love it if you could switch reggie brown for travis taylor on my roster.  they are both recievers that havent played yet.  thanks buddy.\r\nboard'),(125,6,10,'2005-11-28','12:29:42','brown','hey, brown is starting now.  sorry it took so long'),(126,6,0,'2005-11-28','13:26:03','playoffs','so i hear that people are interested in the playoffs.  i GUESS that\'s important.  i wouldn\'t know.  my team blows.  nevertheless, here\'s how it will work:\r\n\r\nsince we won\'t schedule any games in week 17 (as teams often bench all of their good players in the last game), we cannot use an extra week for a tiebreaker.  thus, all tiebreakers will be decided by what happened in the regular season.  first off, 6 teams make the playoffs.  the 4 division winners will make it & two wildcard teams.  the wildcard teams are the teams with the best record (who didn\'t win a division) in each conference.  if you didn\'t realize, the Long Division & Tribeca Rhythm Division are in one conference & the ASM Division & Patrick Division are in the other conference.  also, the team with the best record in the conference will get the 1 seed (& a first-round bye), and the other division winner & wildcard winner will play in week 14.  so, if the season ended after week 11, the playoffs would look like this:\r\n\r\n1) glenn\r\n2) brad\r\n3) josh\r\n\r\n1) erik\r\n2) steve\r\n3) henno-todd tie  --- more on this later\r\n\r\nsince tiebreakers are going to be complicated, i\'m going to send this in another message.  more to come...'),(127,6,0,'2005-11-28','13:45:50','tiebreakers','since there will most likely be ties, we\'ll need some tiebreakers.  if two teams tie for the division-lead, the tiebreakers will be thus:\r\n\r\n1) head-to-head record\r\n2) division record\r\n3) conference record\r\n4) Points For (highest wins)\r\n5) Points Against (highest wins)\r\n6) Coin Flip\r\n\r\nif two teams tie for the wildcard spot, the tiebreakers will be thus:\r\n\r\n1) head-to-head record\r\n2) conference record\r\n3) Points For (highest wins)\r\n4) Points Against (highest wins)\r\n5) Coin Flip\r\n\r\nif more than 2 teams tie for either a division lead or the wildcard spot, we\'ll use the above tiebreakers.  however, it\'s possible that a round-robin effect could take place with the head-to-head tiebreaker (i.e. 3 teams tie & team A beat team B, team B beat team C, and team C beat team A).  If this occurs, we\'ll just move on to the next tiebreaker.  this can only happen in head-to-head record, so it should be easy to resolve.  if 3 teams tie and team A beat both team B & team C in head-to-head record, then obviously team A will get the playoff spot.\r\n\r\nalso, since every team plays everyone in their division twice and everyone in the other division in their conference once, it\'s possible that you could be tied in head-to-head record with a team in your division and lose in head-to-head record to a team outside your division.  so, these scenarios could occur:\r\n\r\nA, B, C are all tied.  A and B are in same division, C in other division.  A and B have 1-1 head-to-head record with each other.  \r\nIf C beat both A and B, then C gets the wildcard.  If C beat A, but lost to B, then wildcard is determined by next tiebreaker for ALL 3 teams(conf. record).  If C lost to both A & B, then wildcard is determined by next tiebreaker (conf. record) for ONLY teams A & B (as both A & B have the head-to-head advantage over C).\r\n\r\nIf 4 teams tie each other for the wildcard, i\'m going to cry, and then also deal with it if & when it happens.\r\n\r\ni know this is complicated, but hopefully it won\'t be too bad.  after all the scores are in for this week, i\'ll send out another email w/ playoff scenarios.  let me know if any of this is unclear.  '),(128,6,0,'2005-11-28','13:48:51','if season ended today...','by the way, if the season ended after week 11, todd would win the tiebreaker over henno, as todd won in their head-to-head matchup.  thus, the playoffs would look like this:\r\n\r\nweek 14\r\n-------\r\nbrad v. josh\r\nsteve v. todd\r\nglenn, erik - BYES\r\n\r\nweek 15\r\n-------\r\nglenn v. brad/josh winner\r\nerik v. steve/todd winner\r\n\r\nhope this helps.'),(129,8,0,'2005-11-29','13:48:52','GOTW','The only playoff spot still left to be decided is the AFC Wildcard.  Josh plays Kuby next week, the winner of this game goes to the postseason to play Brad next week.  So if you like exciting rotis matchups, watch this one.  '),(130,7,6,'2005-11-29','14:45:52','playoff roster','so what happens with the players from teams that do not make the playoffs??  Do they become frozen and unavaialbable?'),(131,13,1,'2005-11-29','20:32:17','this too','our battle for the playoffs is all part of my plan for replacing you in your circle of friends\r\np.s.\r\ni had help\r\nfrom qualters'),(132,6,0,'2005-11-30','17:24:07','playoff scenario','glenn is right.  5 out of 6 playoff spots are set.  only the one wildcard spot is left & only evan & josh are eligible.  since evan would win the tiebreaker if they end up tied (from better conference record), the winner of their matchup will win the wildcard spot.  so, here\'s the week 14 matchups:\r\n\r\nsteve v. todd\r\nbrad v. josh/evan\r\n\r\nBYE - glenn, erik\r\n\r\ncongrats to them...'),(133,6,0,'2005-12-04','04:33:06','a note','if you\'re out of running for the playoffs, please do not make any add/drops.  your players should not be eligible for the teams who did make the playoffs.  thank you'),(134,5,3,'2005-12-04','16:38:02','Karma','You took larry johnson from me and you still didnt make the playoffs.  hahahahahhahahahhahahhahah'),(135,7,6,'2005-12-04','21:05:56','scorign question','hey kurt,\r\n I should probably know this by now, but when the special teams causes a forced fumble anda fumble recovery, does that count for team defense stats?\r\nthanks'),(136,6,0,'2005-12-08','13:21:30','playoffs are set','kuby crushed josh this week, so the last playoff spot is filled up.  thanks for playing, everyone else.\r\n\r\nweek 14\r\n-------\r\nevan vs. brad\r\ntodd vs. steve\r\n\r\nweek 15\r\n-------\r\nglenn vs. evan/brad winner\r\nerik vs. todd/steve winner\r\n\r\ngood luck to all playoff teams'),(137,6,2,'2005-12-08','13:22:15','envelope','matt, there was an envelope at the football draft that had people\'s money in it, right?  do you still have that?  and if so, does it say who paid so far?'),(138,6,12,'2005-12-08','13:40:31','ouch','wow, did your team take a dive at the end or what?  pretty sad showing from a supposed \"fantasy expert\"?  eh, what am i talking about?  my team sucked, too...'),(139,6,4,'2005-12-11','19:49:22','a note','just wanted to let u know that you can submit your stats for your bye week, if you want.  just in case you\'d like to know how many points you would\'ve put up this week.  good luck next week'),(140,6,8,'2005-12-11','19:49:34','a note','just wanted to let u know that you can submit your stats for your bye week, if you want.  just in case you\'d like to know how many points you would\'ve put up this week.  good luck next week'),(141,5,8,'2005-12-11','21:03:37','i\'m sorry','i\'m sorry but seahawk nation is gonna revert back to a third world country after i drop the bomb on them next week. i can already smell it, the triple crown is well within my reach.'),(142,5,13,'2005-12-13','13:18:42','wow','well that was a lot closer than i would have liked it to be.  i didnt see that d angelo hall play, i really wish i did, i would have gone from the saddest to the happiest football fan in a matter of seconds. i guess the opposite happened to u. sorry,  great game. well, i\'ll just win it all now so u can say u lost to the champion at least.\r\n-brad'),(143,6,0,'2005-12-13','14:09:19','semifinals are set','well, unlike the mlb playoffs, the wildcard teams were knocked out immediately.  congrats to todd & evan on a good season, but alas, only division winners remain.  here are the matchups:\r\n\r\nbrad v. glenn\r\nsteve v. erik\r\n\r\nwinners meet in the championship next week.\r\n\r\na note to the playoff teams: there are 3 saturday games this week, so you will not be able to make any changes to your lineup after friday night at midnight.  so, if you want to make any changes between the saturday & sunday games, it\'s allowed, as long as they ONLY involve players that are playing in sunday\'s games.  if you don\'t understand, let me know.  otherwise, if you want to make changes, just send a message via the message board, or send me an email.  \r\n\r\ngood luck to all remaining teams...'),(144,8,11,'2005-12-20','19:35:11','May the best man win','Good luck to you this weekend, should be a fine matchup.  I\'ll be in Huntington this weekend- I usually end up going to a bar to watch the games.  If you are around Sat. afternoon and want to meet up to watch and talk trash, let me know.  \r\n\r\nglenn'),(145,6,0,'2005-12-22','15:09:11','finals are set','congrats to steve & glenn on making the championship game.  most of the games are on saturday, so you\'ll have to set your lineup by friday night at midnight.  good luck fellas...'),(146,6,0,'2005-12-26','14:31:47','all hail weinberg','congrats to glenn for coming out victorious in this week\'s championship match vs. steve.  he rode the seahawks to wins all season & the playoffs were no different.\r\n\r\nlet\'s all take a second, while we\'re here, to laugh at glenn\'s pathetic excuse for a fantasy basketball team.  0-8... hahahahahaha\r\n\r\nok, that\'s enough.  congrats glenn.  several people paid at the draft, so we have $140 collected already.  that is: steve s, matt h, me,\r\nevan, board, glenn, lou.\r\n\r\nso that\'s 9 more people that owe glenn $20: todd, alex, brad, jim, matt v, matt g, josh, erik, vaughn.  \r\n\r\nglenn, can you send out an email with the address you\'d like people to send their money to?  thanks.\r\n\r\nok, thanks everyone for playing. hope u had fun. i\'m already convinced that there are going to be major changes for next year, so if you have an opinion on how the league can be better, i\'d love to hear it...later'),(147,8,12,'2006-02-13','14:24:41','League Payment','Alex,\r\nYou still owe me 20 bucks for the football league, you can send a check to:\r\n\r\nGlenn Weinberg\r\n57 E 97 St Apt 9\r\nNew York, NY 10029'),(148,8,16,'2006-02-13','14:25:04','League Payment','Jim,\r\n\r\nYou still owe me 20 bucks for the football league, you can send a check to:\r\n\r\nGlenn Weinberg\r\n57 E 97 St Apt 9\r\nNew York, NY 10029');

--
-- Table structure for table `nfl_owner`
--

CREATE TABLE `nfl_owner` (
  `owner_id` int(10) unsigned NOT NULL AUTO_INCREMENT,
  `first_name` varchar(15) NOT NULL DEFAULT '',
  `last_name` varchar(15) NOT NULL DEFAULT '',
  `email_addr` varchar(26) NOT NULL DEFAULT '',
  `rotiss_team_id` int(10) unsigned NOT NULL DEFAULT '0',
  PRIMARY KEY (`owner_id`)
) ENGINE=MyISAM AUTO_INCREMENT=17 DEFAULT CHARSET=latin1 COMMENT='Rotiss Team Owners';

--
-- Dumping data for table `nfl_owner`
--

INSERT INTO `nfl_owner` VALUES (1,'Josh','Kaufman','jkaufman23@hotmail.com',1),(2,'Matt','Greenberg','mgberg02@yahoo.com',2),(3,'Lou','Genova','fonzie3b@hotmail.com',3),(4,'Erik','Morrison','emorriso@gmail.com',4),(5,'Brad','Miller','acemiller211@hotmail.com',5),(6,'Kurt','Ebrahim','kebrahim5@yahoo.com',6),(7,'Todd','Fettig','toddlf8@yahoo.com',7),(8,'Glenn','Weinberg','palentinemorove@yahoo.com',8),(9,'Matt','Hennings','superstarmdh@yahoo.com',9),(10,'Mike','Board','boardyboard@yahoo.com',10),(11,'Steve','Siporin','steves@lastlicks.net',11),(12,'Alex','Gordon','agordon@alumni.tufts.edu',12),(13,'Evan','Kuby','ekuby@hotmail.com',13),(14,'Matt','Vittorioso','mattvittorioso@yahoo.com',14),(0,'','','',0),(15,'Vaughn','Wisneski','vwisneski@hotmail.com',15),(16,'Jim','Qualters','sretlauq@yahoo.com',16);

--
-- Table structure for table `nfl_player`
--

CREATE TABLE `nfl_player` (
  `player_id` int(10) unsigned NOT NULL AUTO_INCREMENT,
  `first_name` varchar(15) NOT NULL DEFAULT '',
  `last_name` varchar(15) NOT NULL DEFAULT '',
  `pos_id` int(11) NOT NULL DEFAULT '0',
  `nfl_team_id` int(10) unsigned NOT NULL DEFAULT '0',
  `available` int(11) NOT NULL DEFAULT '1',
  PRIMARY KEY (`player_id`)
) ENGINE=MyISAM AUTO_INCREMENT=1722 DEFAULT CHARSET=latin1 PACK_KEYS=0 COMMENT='NFL Players';

--
-- Dumping data for table `nfl_player`
--

INSERT INTO `nfl_player` VALUES (0,'','',0,0,0),(67,'Doug','Flutie',1,3,1),(66,'Ryan','Fitzpatrick',1,30,0),(65,'Jay','Fiedler',1,4,1),(64,'A.J.','Feeley',1,2,1),(63,'Brett','Favre',1,23,0),(62,'Ken','Dorsey',1,31,0),(61,'Brandon','Doman',1,31,1),(60,'Trent','Dilfer',1,7,1),(59,'Ty','Detmer',1,25,1),(58,'Koy','Detmer',1,19,1),(1716,'Peerless','Price',3,17,1),(57,'Jake','Delhomme',1,26,0),(56,'Daunte','Culpepper',1,24,1),(55,'Todd','Collins',1,14,1),(54,'Kerry','Collins',1,15,0),(53,'Matt','Cassel',1,3,1),(52,'David','Carr',1,9,0),(51,'Jason','Campbell',1,20,1),(50,'Marc','Bulger',1,30,0),(49,'Mark','Brunell',1,20,0),(48,'Aaron','Brooks',1,27,0),(47,'Drew','Brees',1,16,0),(46,'Casey','Bramlet',1,6,1),(45,'Tom','Brady',1,3,0),(44,'Todd','Bouman',1,27,1),(43,'Brooks','Bollinger',1,4,1),(42,'Kyle','Boller',1,5,1),(41,'Drew','Bledsoe',1,17,0),(40,'Jeff','Blake',1,21,1),(39,'Charlie','Batch',1,8,1),(38,'Tony','Banks',1,9,1),(37,'Derek','Anderson',1,5,1),(68,'Gus','Frerotte',1,2,1),(69,'Charlie','Frye',1,7,1),(70,'Jeff','Garcia',1,22,1),(71,'David','Garrard',1,11,0),(72,'Quinn','Gray',1,11,1),(73,'Trent','Green',1,14,0),(74,'David','Greene',1,32,1),(75,'Brian','Griese',1,28,0),(76,'Rex','Grossman',1,21,1),(77,'Andy','Hall',1,19,1),(78,'Gibran','Hamdan',1,32,1),(79,'Joey','Harrington',1,22,1),(80,'Josh','Harris',1,7,1),(81,'Matt','Hasselbeck',1,32,0),(82,'Tim','Hasselbeck',1,18,1),(83,'Drew','Henson',1,17,1),(84,'Shaun','Hill',1,24,1),(85,'Kelly','Holcomb',1,1,1),(86,'Damon','Huard',1,14,1),(87,'Brad','Johnson',1,24,0),(88,'Doug','Johnson',1,7,1),(89,'James','Kilian',1,14,1),(90,'Kliff','Kingsbury',1,27,1),(91,'Jon','Kitna',1,6,1),(92,'Kurt','Kittner',1,21,1),(93,'Craig','Krenzel',1,6,1),(94,'Stefan','LeFors',1,26,1),(95,'Byron','Leftwich',1,11,0),(96,'Cleo','Lemon',1,16,1),(97,'J.P.','Losman',1,1,1),(98,'Tommy','Maddox',1,8,1),(99,'Eli','Manning',1,18,0),(100,'Peyton','Manning',1,10,0),(101,'Jamie','Martin',1,30,1),(102,'Shane','Matthews',1,1,1),(103,'Matt','Mauck',1,13,1),(104,'Josh','McCown',1,29,1),(105,'Luke','McCown',1,28,1),(106,'Mike','McMahon',1,19,1),(107,'Donovan','McNabb',1,19,1),(108,'Steve','McNair',1,12,0),(109,'Adrian','McPherson',1,27,1),(110,'Craig','Nall',1,23,1),(111,'John','Navarre',1,29,1),(112,'J.T.','O\'Sullivan',1,23,1),(113,'Dan','Orlovsky',1,22,1),(114,'Kyle','Orton',1,21,1),(115,'Carson','Palmer',1,6,0),(116,'Jesse','Palmer',1,18,1),(117,'Preston','Parsons',1,9,1),(118,'Chad','Pennington',1,4,1),(119,'Cody','Pickett',1,31,1),(120,'Jake','Plummer',1,13,0),(121,'Jonathan','Quinn',1,14,1),(122,'Dave','Ragone',1,9,1),(123,'Patrick','Ramsey',1,20,1),(124,'Tim','Rattay',1,31,1),(125,'Chris','Redman',1,12,1),(126,'Philip','Rivers',1,16,1),(127,'Aaron','Rodgers',1,23,1),(128,'Ben','Roethlisberger',1,8,0),(129,'Tony','Romo',1,17,1),(130,'Sage','Rosenfels',1,2,1),(131,'Matt','Schaub',1,25,1),(132,'Chris','Simms',1,28,1),(133,'Alex','Smith',1,31,1),(134,'Jeff','Smoker',1,30,1),(135,'Jim','Sorgi',1,10,1),(136,'Brian','St. Pierre',1,8,1),(137,'B.J.','Symons',1,9,1),(138,'Kevin','Thompson',1,1,1),(139,'Marques','Tuiasosopo',1,15,1),(140,'Bradlee','Van Pelt',1,13,1),(141,'Michael','Vick',1,25,0),(142,'Billy','Volek',1,12,1),(143,'Seneca','Wallace',1,32,1),(144,'Andrew','Walter',1,15,1),(145,'Kurt','Warner',1,29,0),(146,'Chris','Weinke',1,26,1),(147,'Anthony','Wright',1,5,1),(148,'Shaun','Alexander',2,32,0),(149,'David','Allen',2,11,1),(150,'Mike','Alstott',2,28,1),(151,'Damien','Anderson',2,29,1),(152,'Mike','Anderson',2,13,0),(153,'J.J.','Arrington',2,29,0),(154,'B.J.','Askew',2,4,1),(155,'Obafemi','Ayanbadejo',2,29,1),(156,'Marion','Barber',2,17,1),(157,'Tiki','Barber',2,18,0),(158,'Kevan','Barlow',2,31,1),(159,'Fred','Beasley',2,31,1),(160,'Tatum','Bell',2,13,0),(161,'Keith','Belton',2,21,1),(162,'Michael','Bennett',2,24,0),(163,'Cedric','Benson',2,21,1),(164,'Jerome','Bettis',2,8,0),(165,'Ladell','Betts',2,20,1),(166,'Erik','Bickerstaff',2,17,1),(167,'Derrick','Blaylock',2,4,1),(168,'Nehemiah','Broughton',2,20,1),(169,'Chris','Brown',2,12,0),(170,'Dante','Brown',2,32,1),(171,'Dee','Brown',2,14,1),(172,'Ronnie','Brown',2,2,0),(173,'Shawn','Bryson',2,22,1),(174,'Correll','Buckhalter',2,19,1),(175,'Joe','Burns',2,1,1),(176,'Kerry','Carter',2,32,1),(177,'Ran','Carthon',2,10,1),(178,'Rock','Cartwright',2,20,1),(179,'Aveion','Cason',2,30,1),(180,'Michael','Cloud',2,18,1),(181,'DeAndra','Cobb',2,25,1),(182,'Jameel','Cook',2,28,1),(183,'Casey','Cramer',2,26,1),(184,'Zack','Crockett',2,15,1),(185,'Larry','Croom',2,12,1),(186,'Najeh','Davenport',2,23,1),(187,'Chris','Davis',2,32,1),(188,'Domanick','Davis',2,9,0),(189,'Stephen','Davis',2,26,0),(190,'Ron','Dayne',2,13,1),(191,'Dahrran','Diedrick',2,20,1),(192,'Corey','Dillon',2,3,0),(193,'Reuben','Droughns',2,7,0),(194,'T.J.','Duckett',2,25,0),(195,'Warrick','Dunn',2,25,0),(196,'Omar','Easy',2,15,1),(197,'Adimchinobe','Echemandu',2,24,1),(198,'Marc','Edwards',2,21,1),(199,'Heath','Evans',2,2,1),(200,'Justin','Fargas',2,15,1),(201,'Ciatrick','Fason',2,24,1),(202,'Kevin','Faulk',2,3,0),(203,'Marshall','Faulk',2,30,1),(204,'Jim','Finn',2,18,1),(205,'Tony','Fisher',2,23,1),(206,'Troy','Fleming',2,12,1),(207,'DeShaun','Foster',2,26,0),(208,'Chris','Fuamatu-Ma\'afal',2,11,1),(209,'Ahmaad','Galloway',2,16,1),(210,'Lionel','Gates',2,1,1),(211,'Nick','Goings',2,26,1),(212,'Joey','Goodspeed',2,30,1),(213,'Lamar','Gordon',2,2,1),(214,'Frank','Gore',2,31,0),(215,'Earnest','Graham',2,28,1),(216,'Ahman','Green',2,23,1),(217,'Justin','Green',2,5,1),(218,'William','Green',2,7,1),(219,'Quentin','Griffin',2,13,1),(220,'Justin','Griffith',2,25,1),(221,'Arlen','Harris',2,30,1),(222,'Joey','Harris',2,23,1),(223,'Verron','Haynes',2,8,1),(224,'Madison','Hedgecock',2,30,1),(225,'William','Henderson',2,23,1),(226,'Travis','Henry',2,12,1),(227,'Noah','Herron',2,8,1),(228,'Chris','Hetherington',2,15,1),(229,'Maurice','Hicks',2,31,1),(230,'James','Hodgins',2,29,1),(231,'Tony','Hollings',2,9,1),(232,'Priest','Holmes',2,14,1),(233,'Brad','Hoover',2,26,1),(234,'Cedric','Houston',2,4,1),(235,'James','Jackson',2,29,1),(236,'Marlion','Jackson',2,25,1),(237,'Steven','Jackson',2,30,0),(238,'Terry','Jackson',2,31,1),(239,'Brandon','Jacobs',2,18,1),(240,'Edgerrin','James',2,10,0),(241,'Jeremi','Johnson',2,6,1),(242,'Kyle','Johnson',2,13,1),(243,'Larry','Johnson',2,14,0),(244,'Rudi','Johnson',2,6,0),(245,'Greg','Jones',2,11,0),(246,'Julius','Jones',2,17,0),(247,'Kevin','Jones',2,22,0),(248,'Thomas','Jones',2,21,0),(249,'LaMont','Jordan',2,15,0),(250,'Mike','Karney',2,27,1),(251,'Rob','Konrad',2,15,1),(252,'Brian','Kozlowski',2,20,1),(253,'Dan','Kreider',2,8,1),(254,'Vonta','Leach',2,23,1),(255,'ReShard','Lee',2,24,1),(256,'Jamal','Lewis',2,5,0),(257,'Nick','Luchey',2,23,1),(258,'Reno','Mahe',2,19,1),(259,'Curtis','Martin',2,4,1),(260,'Jamar','Martin',2,2,1),(261,'Chris','Massey',2,30,1),(262,'Fred','McAfee',2,27,1),(263,'Deuce','McAllister',2,27,1),(264,'Fred','McCrary',2,25,1),(265,'Sultan','McCullough',2,7,1),(266,'Willis','McGahee',2,1,0),(267,'Dusty','McGrorty',2,30,1),(268,'Jason','McKie',2,21,1),(269,'Travis','Minor',2,2,1),(270,'Brandon','Miree',2,13,1),(271,'Ryan','Moats',2,19,0),(272,'Mewelde','Moore',2,24,0),(273,'Vernand','Morency',2,9,0),(274,'Maurice','Morris',2,32,1),(275,'Harold','Morrow',2,29,1),(276,'Ovie','Mughelli',2,5,1),(277,'James','Mungro',2,10,1),(278,'Damien','Nash',2,12,1),(279,'Lorenzo','Neal',2,16,1),(280,'Larry','Ned',2,29,1),(281,'J.R.','Niklos',2,15,1),(282,'Moran','Norris',2,9,1),(283,'Willie','Parker',2,8,0),(284,'Josh','Parry',2,19,1),(285,'Patrick','Pass',2,3,0),(286,'Alvin','Pearman',2,11,1),(287,'Bruce','Perry',2,19,1),(288,'Chris','Perry',2,6,1),(289,'Adrian','Peterson',2,21,0),(290,'Artose','Pinner',2,22,1),(291,'Andrew','Pinnock',2,16,1),(292,'Michael','Pittman',2,28,0),(293,'Lousaka','Polite',2,17,1),(294,'Clinton','Portis',2,20,0),(295,'Rick','Razzano',2,28,1),(296,'Tellis','Redmon',2,5,1),(297,'Dominic','Rhodes',2,10,0),(298,'Alan','Ricard',2,5,1),(299,'Tony','Richardson',2,14,1),(300,'Jon','Ritchie',2,19,1),(301,'Jamal','Robertson',2,26,1),(302,'B.J.','Sams',2,5,1),(303,'Cecil','Sapp',2,13,1),(304,'Cory','Schlesinger',2,22,1),(305,'Josh','Scobey',2,32,1),(306,'Mike','Sellers',2,20,1),(307,'Daimon','Shelton',2,1,1),(308,'Eric','Shelton',2,26,1),(309,'Marcel','Shipp',2,29,1),(310,'Rod','Smart',2,26,1),(311,'Antowain','Smith',2,27,1),(312,'Joe','Smith',2,12,1),(313,'Onterrio','Smith',2,24,1),(314,'Paul','Smith',2,22,1),(315,'Terrelle','Smith',2,7,1),(316,'Jerald','Sowell',2,4,1),(317,'Darren','Sproles',2,16,1),(318,'Duce','Staley',2,8,0),(319,'Aaron','Stecker',2,27,1),(320,'Mack','Strong',2,32,1),(321,'Lee','Suggs',2,7,1),(322,'Chester','Taylor',2,5,0),(323,'Fred','Taylor',2,11,0),(324,'Anthony','Thomas',2,17,1),(325,'LaBrandon','Toefield',2,11,1),(326,'LaDainian','Tomlinson',2,16,0),(327,'Michael','Turner',2,16,1),(328,'J.T.','Wall',2,10,1),(329,'Derrick','Ward',2,18,1),(330,'Kenny','Watson',2,6,1),(331,'Jonathan','Wells',2,9,1),(332,'Brian','Westbrook',2,19,0),(333,'Jamel','White',2,22,1),(334,'Manuel','White',2,20,1),(335,'Carnell','Williams',2,28,0),(336,'Moe','Williams',2,24,1),(337,'Ricky','Williams',2,2,0),(338,'Shaud','Williams',2,1,1),(339,'Walt','Williams',2,23,1),(340,'Quincy','Wilson',2,6,1),(341,'Jason','Wright',2,25,1),(342,'Derek','Abney',3,21,1),(343,'Charlie','Adams',3,13,1),(344,'Sam','Aiken',3,1,1),(345,'Richard','Alston',3,7,1),(346,'Derick','Armstrong',3,9,1),(347,'Eugene','Baker',3,3,1),(348,'Alex','Bannister',3,32,1),(349,'Arnaz','Battle',3,31,1),(350,'Drew','Bennett',3,12,0),(351,'Eddie','Berlin',3,21,1),(352,'Bernard','Berrian',3,21,1),(353,'Marc','Boerigter',3,14,1),(354,'Anquan','Boldin',3,29,0),(355,'Marty','Booker',3,2,1),(356,'David','Boston',3,2,1),(357,'Larry','Brackins',3,28,1),(358,'Corey','Bradford',3,9,1),(359,'Mark','Bradley',3,21,1),(360,'Craig','Bragg',3,23,1),(361,'Deion','Branch',3,3,0),(362,'Jamall','Broussard',3,6,1),(363,'Antonio','Brown',3,20,1),(364,'Reggie','Brown',3,19,0),(365,'Troy','Brown',3,3,0),(366,'Isaac','Bruce',3,30,0),(367,'Antonio','Bryant',3,7,0),(368,'Nate','Burleson',3,24,0),(369,'Plaxico','Burress',3,18,0),(370,'Reche','Caldwell',3,16,1),(371,'Tyrone','Calico',3,12,1),(372,'Kelly','Campbell',3,24,1),(373,'Drew','Carter',3,26,1),(374,'Tim','Carter',3,18,1),(375,'Ataveus','Cash',3,18,1),(376,'Chris','Chambers',3,2,0),(377,'Antonio','Chatman',3,23,0),(378,'Wayne','Chrebet',3,4,1),(379,'Mark','Clayton',3,5,1),(380,'Michael','Clayton',3,28,1),(381,'Keary','Colbert',3,26,1),(382,'Laveranues','Coles',3,4,0),(383,'Terrance','Copper',3,17,1),(384,'Jerricho','Cotchery',3,4,1),(385,'Patrick','Crayton',3,17,1),(386,'Tom','Crowder',3,17,1),(387,'Airese','Currie',3,21,1),(388,'Ronald','Curry',3,15,1),(389,'Kevin','Curtis',3,30,0),(390,'Devard','Darling',3,5,1),(391,'Andre\'','Davis',3,3,1),(392,'Donald','Driver',3,23,0),(393,'Eddie','Drummond',3,22,1),(394,'Tim','Dwight',3,3,1),(395,'Kevin','Dyson',3,20,1),(396,'Braylon','Edwards',3,7,0),(397,'Troy','Edwards',3,12,1),(398,'Jamin','Elliott',3,20,1),(399,'Bobby','Engram',3,32,0),(400,'Lee','Evans',3,1,1),(401,'Danny','Farmer',3,2,1),(402,'Jimmy','Farris',3,20,1),(403,'Robert','Ferguson',3,23,1),(404,'Brian','Finneran',3,25,0),(405,'Larry','Fitzgerald',3,29,0),(406,'P.J.','Fleck',3,31,1),(407,'Malcom','Floyd',3,16,1),(408,'Carl','Ford',3,21,1),(409,'Carlos','Francis',3,15,1),(410,'Mike','Furrey',3,30,1),(411,'Doug','Gabriel',3,15,1),(412,'Jabar','Gaffney',3,9,1),(413,'Justin','Gage',3,21,1),(414,'Joey','Galloway',3,28,0),(415,'Rod','Gardner',3,26,1),(416,'Talman','Gardner',3,27,1),(417,'Chas','Gessner',3,4,1),(418,'Fred','Gibson',3,8,1),(419,'Bryan','Gilmore',3,2,1),(420,'David','Givens',3,3,1),(421,'Terry','Glenn',3,17,0),(422,'D.J.','Hackett',3,32,1),(423,'Drew','Haddad',3,1,1),(424,'Az-Zahir','Hakim',3,27,1),(425,'Dante','Hall',3,14,1),(426,'Cortez','Hankton',3,11,1),(427,'Karl','Hankton',3,26,1),(428,'Marvin','Harrison',3,10,0),(429,'Devery','Henderson',3,27,1),(430,'Chris','Henry',3,6,1),(431,'Ike','Hilliard',3,28,1),(432,'Ryan','Hoag',3,24,1),(433,'Torry','Holt',3,30,0),(434,'Chris','Horn',3,14,1),(435,'Joe','Horn',3,27,0),(436,'T.J.','Houshmandzadeh',3,6,0),(437,'Keenan','Howry',3,24,1),(438,'Randy','Hymes',3,5,1),(439,'Darrell','Jackson',3,32,0),(440,'Frisman','Jackson',3,7,1),(441,'Vincent','Jackson',3,16,1),(442,'Taylor','Jacobs',3,20,1),(443,'Cedric','James',3,3,1),(444,'Michael','Jenkins',3,25,1),(445,'Andre','Johnson',3,9,0),(446,'Bryant','Johnson',3,29,1),(447,'Chad','Johnson',3,6,0),(448,'Kevin','Johnson',3,22,1),(449,'Keyshawn','Johnson',3,17,0),(450,'Patrick','Johnson',3,5,1),(451,'Ron','Johnson',3,21,1),(452,'Brandon','Jones',3,12,1),(453,'C.J.','Jones',3,7,1),(454,'Mark','Jones',3,18,1),(455,'Matt','Jones',3,11,0),(456,'Joe','Jurevicius',3,32,0),(457,'Kareem','Kelly',3,21,1),(458,'Eddie','Kennison',3,14,0),(459,'Kelvin','Kight',3,11,1),(460,'David','Kircus',3,22,1),(461,'Charles','Lee',3,29,1),(462,'Ashley','Lelie',3,13,0),(463,'Greg','Lewis',3,19,1),(464,'Michael','Lewis',3,27,1),(465,'Brandon','Lloyd',3,31,0),(466,'Dane','Looker',3,30,1),(467,'Triandos','Luke',3,13,1),(468,'Chase','Lyman',3,27,1),(469,'Maurice','Mann',3,2,1),(470,'Rasheed','Marshall',3,31,1),(471,'Derrick','Mason',3,5,0),(472,'Jerome','Mathis',3,9,1),(473,'Marcus','Maxwell',3,31,1),(474,'Lee','Mays',3,8,1),(475,'Keenan','McCardell',3,16,0),(476,'Justin','McCareins',3,4,0),(477,'LeRon','McCoy',3,29,0),(478,'Shaun','McDonald',3,30,1),(479,'Jeris','McIntyre',3,14,1),(480,'Billy','McMullen',3,19,1),(481,'Freddie','Mitchell',3,14,1),(482,'Clarence','Moore',3,5,1),(483,'Aaron','Moorehead',3,10,1),(484,'Johnnie','Morant',3,15,1),(485,'Sean','Morey',3,8,1),(486,'Quincy','Morgan',3,17,1),(487,'Sylvester','Morris',3,28,1),(488,'Johnnie','Morton',3,31,1),(489,'J.J.','Moses',3,29,1),(490,'Randy','Moss',3,15,0),(491,'Santana','Moss',3,20,0),(492,'Eric','Moulds',3,1,1),(493,'Muhsin','Muhammad',3,21,0),(494,'Frank','Murphy',3,28,1),(495,'Terrence','Murphy',3,23,1),(496,'Reggie','Newhouse',3,29,1),(497,'Kendall','Newson',3,2,1),(498,'Dennis','Northcutt',3,7,1),(499,'Kassim','Osgood',3,16,1),(500,'Chad','Owens',3,11,1),(501,'Terrell','Owens',3,19,0),(502,'Eric','Parker',3,16,1),(503,'Samie','Parker',3,14,1),(504,'Roscoe','Parrish',3,1,1),(505,'Jerome','Pathon',3,32,1),(506,'David','Patten',3,20,1),(507,'Tab','Perry',3,6,1),(508,'Willie','Ponder',3,18,1),(509,'Nate','Poole',3,27,1),(510,'Jerry','Porter',3,15,0),(511,'Ricky','Proehl',3,26,1),(512,'Brad','Pyatt',3,10,1),(513,'Antwaan','Randle El',3,8,1),(514,'Josh','Reed',3,1,1),(515,'Jerry','Rice',3,13,1),(516,'Dante','Ridgeway',3,6,1),(517,'Marcus','Robinson',3,24,1),(518,'Courtney','Roby',3,12,1),(519,'Charles','Rogers',3,22,1),(520,'DeAndrew','Rubin',3,28,1),(521,'Cliff','Russell',3,6,1),(522,'J.R.','Russell',3,28,1),(523,'P.K.','Sam',3,3,1),(524,'Bobby','Shaw',3,32,1),(525,'Edell','Shepherd',3,28,1),(526,'Jimmy','Smith',3,11,0),(527,'Jonathan','Smith',3,1,1),(528,'Rod','Smith',3,13,0),(529,'Steve','Smith',3,26,0),(530,'Donte\'','Stallworth',3,27,0),(531,'Brandon','Stokley',3,10,0),(532,'Reggie','Swinton',3,9,1),(533,'Jamaar','Taylor',3,18,1),(534,'Travis','Taylor',3,24,0),(535,'David','Terrell',3,3,1),(536,'Sloan','Thomas',3,9,1),(537,'Derrius','Thompson',3,2,1),(538,'Craphonso','Thorpe',3,14,1),(539,'James','Thrash',3,20,1),(540,'Andrae','Thurman',3,23,1),(541,'J.R.','Tolver',3,26,1),(542,'Amani','Toomer',3,18,0),(543,'David','Tyree',3,18,1),(544,'Jerheme','Urban',3,32,1),(545,'Scottie','Vines',3,22,1),(546,'Bobby','Wade',3,21,1),(547,'Javon','Walker',3,23,1),(548,'Taco','Wallace',3,32,1),(549,'Kevin','Walter',3,6,1),(550,'Troy','Walters',3,10,1),(551,'Hines','Ward',3,8,0),(552,'Paris','Warren',3,28,1),(553,'Peter','Warrick',3,32,1),(554,'Kelley','Washington',3,6,1),(555,'Darius','Watts',3,13,1),(556,'Reggie','Wayne',3,10,0),(557,'Wesley','Welker',3,2,1),(558,'Dez','White',3,25,1),(559,'Roddy','White',3,25,1),(560,'Alvis','Whitted',3,15,1),(561,'Ernest','Wilford',3,11,0),(562,'Mike','Williams',3,22,1),(563,'Randal','Williams',3,15,1),(564,'Reggie','Williams',3,11,1),(565,'Roy','Williams',3,22,0),(566,'Roydell','Williams',3,12,1),(567,'Harry','Williams Jr.',3,4,1),(568,'Troy','Williamson',3,24,1),(569,'Jason','Willis',3,32,1),(570,'Cedrick','Wilson',3,8,1),(571,'Rashaun','Woods',3,31,1),(572,'Stephen','Alexander',4,13,1),(573,'Courtney','Anderson',4,15,1),(574,'Mark','Anelli',4,25,1),(575,'Richard','Angulo',4,24,1),(576,'Billy','Bajema',4,31,1),(577,'Chris','Baker',4,4,1),(578,'Mike','Banks',4,27,1),(579,'Mike','Bartrum',4,19,1),(580,'Anthony','Becht',4,28,1),(581,'Sean','Berton',4,24,1),(582,'Eric','Beverly',4,25,1),(583,'Dwayne','Blakley',4,25,1),(584,'Kyle','Brady',4,11,1),(585,'Mike','Brake',4,30,1),(586,'Mark','Bruener',4,9,1),(587,'Steve','Bush',4,31,1),(588,'Dan','Campbell',4,17,1),(589,'Mark','Campbell',4,1,1),(590,'Dallas','Clark',4,10,0),(591,'Desmond','Clark',4,21,1),(592,'Jerome','Collins',4,30,1),(593,'Ernie','Conwell',4,27,1),(594,'Chris','Cooley',4,20,0),(595,'Alge','Crumpler',4,25,0),(596,'Dan','Curley',4,26,1),(597,'James','Dearth',4,4,1),(598,'Lorenzo','Diamond',4,2,1),(599,'Darnell','Dinkins',4,5,1),(600,'Joel','Dreessen',4,4,1),(601,'Rickey','Dudley',4,15,1),(602,'Jeff','Dugan',4,24,1),(603,'Jason','Dunn',4,14,1),(604,'Eric','Edwards',4,29,1),(605,'Patrick','Estes',4,31,1),(606,'Tim','Euhus',4,1,1),(607,'Kevin','Everett',4,1,1),(608,'Christian','Fauria',4,3,1),(609,'Casey','FitzSimmons',4,22,1),(610,'Zeron','Flemister',4,15,1),(611,'Bryan','Fletcher',4,10,1),(612,'Bubba','Franks',4,23,1),(613,'Michael','Gaines',4,26,1),(614,'Kendall','Gammon',4,14,1),(615,'Antonio','Gates',4,16,0),(616,'John','Gilmore',4,21,1),(617,'Tony','Gonzalez',4,14,0),(618,'Daniel','Graham',4,3,1),(619,'Lamont','Hall',4,27,1),(620,'Ryan','Hannam',4,32,1),(621,'Ben','Hartsock',4,10,1),(622,'Todd','Heap',4,5,0),(623,'Steve','Heiden',4,7,0),(624,'Will','Heller',4,28,1),(625,'Zachary','Hilton',4,27,1),(626,'Nathan','Hodel',4,29,1),(627,'Nate','Jackson',4,13,1),(628,'Tony','Jackson',4,32,1),(629,'Brian','Jennings',4,31,1),(630,'Eric','Johnson',4,31,1),(631,'Robert','Johnson',4,20,1),(632,'Teyo','Johnson',4,15,1),(633,'Doug','Jolley',4,4,1),(634,'Brian','Jones',4,11,1),(635,'Terry','Jones',4,5,1),(636,'Reggie','Kelly',4,6,1),(637,'Erron','Kinney',4,12,0),(638,'Jim','Kleinsasser',4,24,1),(639,'Matt','Kranchick',4,8,1),(640,'Ryan','Krause',4,16,1),(641,'Nate','Lawrie',4,28,1),(642,'Mike','Leach',4,13,1),(643,'Donald','Lee',4,2,1),(644,'Chris','Luzar',4,18,1),(645,'Kris','Mangum',4,26,1),(646,'Brandon','Manumaleuna',4,30,1),(647,'David','Martin',4,23,1),(648,'Sean','McHugh',4,23,1),(649,'Randy','McMichael',4,2,0),(650,'Shad','Meier',4,27,1),(651,'Itula','Mili',4,32,1),(652,'Heath','Miller',4,8,0),(653,'Dave','Moore',4,28,1),(654,'Matt','Murphy',4,9,1),(655,'Chad','Mustard',4,26,1),(656,'Ryan','Neufeld',4,1,1),(657,'John','Owens',4,2,1),(658,'Richard','Owens',4,24,1),(659,'Justin','Peelle',4,16,1),(660,'Brett','Pierce',4,17,1),(661,'Marcus','Pollard',4,22,1),(662,'Jeb','Putzier',4,13,1),(663,'Derek','Rackley',4,25,1),(664,'Walter','Rasby',4,8,1),(665,'Gabe','Reid',4,21,1),(666,'Marcellus','Rivers',4,9,1),(667,'Jeff','Robinson',4,17,1),(668,'Robert','Royal',4,20,1),(669,'Sean','Ryan',4,17,1),(670,'Darnell','Sanders',4,21,1),(671,'Bo','Scaife',4,12,1),(672,'Matt','Schobel',4,6,1),(673,'Mike','Seidman',4,26,1),(674,'Aaron','Shea',4,7,1),(675,'Visanthe','Shiancoe',4,18,1),(676,'Jeremy','Shockey',4,18,0),(677,'Alex','Smith',4,28,1),(678,'L.J.','Smith',4,19,0),(679,'Trent','Smith',4,5,1),(680,'Justin','Snow',4,10,1),(681,'Brad','St. Louis',4,6,1),(682,'Ben','Steele',4,23,1),(683,'Leonard','Stephens',4,22,1),(684,'Jerramy','Stevens',4,32,0),(685,'Tony','Stewart',4,6,1),(686,'Rod','Trafford',4,1,1),(687,'Ben','Troupe',4,12,0),(688,'Jerame','Tuman',4,8,1),(689,'Aaron','Walker',4,31,1),(690,'Ben','Watson',4,3,0),(691,'Jed','Weaver',4,3,1),(692,'Jermaine','Wiggins',4,24,0),(693,'Daniel','Wilcox',4,5,1),(694,'Boo','Williams',4,27,1),(695,'Roland','Williams',4,30,1),(696,'Kris','Wilson',4,14,1),(697,'Jason','Witten',4,17,0),(698,'George','Wrighster',4,11,1),(699,'Todd','Yoder',4,11,1),(700,'Joe','Zelenka',4,11,1),(701,'Keith','Adams',6,19,1),(702,'Eric','Alexander',6,3,1),(703,'James','Allen',6,27,1),(704,'Ken','Amato',6,12,1),(705,'Charlie','Anderson',6,9,1),(706,'LaVar','Arrington',6,20,1),(707,'Brendon','Ayanbadejo',6,21,1),(708,'Akin','Ayodele',6,11,1),(709,'Jason','Babin',6,9,1),(710,'Boss','Bailey',6,22,1),(711,'Tully','Banta-Cain',6,3,1),(712,'Brandon','Barnes',6,20,1),(713,'Nick','Barnett',6,23,0),(714,'Eric','Barton',6,4,1),(715,'Jordan','Beck',6,25,1),(716,'Monty','Beisel',6,3,1),(717,'Kendrell','Bell',6,14,1),(718,'Kevin','Bentley',6,32,1),(719,'Darryl','Blackstock',6,29,1),(720,'Colby','Bockwoldt',6,27,1),(721,'Rocky','Boiman',6,12,1),(722,'Michael','Boley',6,25,1),(723,'Peter','Boulware',6,5,1),(724,'Gary','Brackett',6,10,0),(725,'Lance','Briggs',6,21,0),(726,'Keith','Brooking',6,25,0),(727,'Derrick','Brooks',6,28,0),(728,'Jamal','Brooks',6,7,1),(729,'Chad','Brown',6,3,1),(730,'Mark','Brown',6,4,1),(731,'Michael','Brown',6,25,1),(732,'Keith','Bulluck',6,12,0),(733,'Kevin','Burnett',6,17,1),(734,'Keith','Burns',6,13,1),(735,'Jeremy','Cain',6,21,1),(736,'Rocky','Calmus',6,12,1),(737,'Khary','Campbell',6,20,1),(738,'Marq','Cerqua',6,17,1),(739,'Frank','Chamberlin',6,9,1),(740,'Matt','Chatham',6,3,1),(741,'Brandon','Chillar',6,30,1),(742,'Patrick','Chukwurah',6,13,1),(743,'Vinny','Ciurciu',6,26,1),(744,'Chris','Claiborne',6,30,1),(745,'Danny','Clark',6,15,1),(746,'Chris','Clemons',6,20,1),(747,'Dexter','Coakley',6,30,1),(748,'Trent','Cole',6,19,1),(749,'Rosevelt','Colvin',6,3,1),(750,'Marquis','Cooper',6,28,1),(751,'Stephen','Cooper',6,16,1),(752,'Sam','Cowart',6,24,1),(753,'Channing','Crowder',6,2,1),(754,'Angelo','Crowell',6,1,1),(755,'Donte\'','Curry',6,22,1),(756,'Karlos','Dansby',6,29,1),(757,'James','Darling',6,29,1),(758,'Andra','Davis',6,7,0),(759,'Don','Davis',6,3,1),(760,'James','Davis',6,22,1),(761,'Rod','Davis',6,24,1),(762,'Na\'il','Diggs',6,23,1),(763,'Chris','Draft',6,26,1),(764,'Donnie','Edwards',6,16,0),(765,'Carlos','Emmons',6,18,1),(766,'Troy','Evans',6,9,1),(767,'James','Farrior',6,8,1),(768,'Trev','Faulk',6,30,1),(769,'Alfred','Fincher',6,27,1),(770,'Levar','Fisher',6,27,1),(771,'London','Fletcher',6,1,0),(772,'Steve','Foley',6,16,1),(773,'Larry','Foote',6,8,0),(774,'Jay','Foreman',6,15,1),(775,'Ryan','Fowler',6,17,1),(776,'Keyaron','Fox',6,14,1),(777,'Scott','Fujita',6,14,1),(778,'Barry','Gardner',6,4,1),(779,'Gilbert','Gardner',6,10,1),(780,'Akbar','Gbaja-Biamila',6,15,1),(781,'Tony','Gilbert',6,11,1),(782,'Jason','Glenn',6,2,1),(783,'Johnathan','Goddard',6,22,1),(784,'Randall','Godfrey',6,16,1),(785,'Ian','Gold',6,13,1),(786,'Jeff','Gooch',6,28,1),(787,'Cie','Grant',6,27,1),(788,'DeLawrence','Grant',6,15,1),(789,'Barrett','Green',6,18,1),(790,'Louis','Green',6,13,1),(791,'Roderick','Green',6,5,1),(792,'Morlon','Greenwood',6,9,0),(793,'Nick','Greisen',6,18,1),(794,'Boomer','Grigsby',6,14,1),(795,'Mario','Haggan',6,1,1),(796,'Clark','Haggans',6,8,1),(797,'Napoleon','Harris',6,24,1),(798,'James','Harrison',6,8,1),(799,'Edgerton','Hartwell',6,25,1),(800,'Gerald','Hayes',6,29,1),(801,'E.J.','Henderson',6,24,1),(802,'LeRoy','Hill',6,32,1),(803,'Hunter','Hillenmeyer',6,21,1),(804,'Victor','Hobson',6,4,0),(805,'Sedrick','Hodge',6,27,1),(806,'Warrick','Holdman',6,20,1),(807,'T.J.','Hollowell',6,18,1),(808,'Earl','Holmes',6,22,1),(809,'Jeb','Huckeba',6,32,1),(810,'Orlando','Huff',6,29,1),(811,'Larry','Izzo',6,3,1),(812,'Alonzo','Jackson',6,8,1),(813,'Bradie','James',6,17,1),(814,'Corey','Jenkins',6,23,1),(815,'Leon','Joe',6,21,1),(816,'Derrick','Johnson',6,14,0),(817,'Eric','Johnson',6,29,1),(818,'Landon','Johnson',6,6,1),(819,'Tim','Johnson',6,15,1),(820,'Dhani','Jones',6,19,1),(821,'Cato','June',6,10,0),(822,'Isaiah','Kacyvenski',6,32,1),(823,'Brad','Kassell',6,12,1),(824,'Isaac','Keys',6,29,1),(825,'Bryan','Knight',6,26,1),(826,'Roger','Knight',6,27,1),(827,'Niko','Koutouvides',6,32,1),(828,'Jordan','Kramer',6,25,1),(829,'Clint','Kriewaldt',6,8,1),(830,'Jason','Kyle',6,26,1),(831,'Mike','Labinjo',6,19,1),(832,'Ben','Leber',6,16,1),(833,'Teddy','Lehman',6,22,1),(834,'Paris','Lenon',6,23,1),(835,'Alex','Lewis',6,22,1),(836,'D.D.','Lewis',6,32,1),(837,'Kevin','Lewis',6,18,1),(838,'Ray','Lewis',6,5,1),(839,'Wesly','Mallard',6,3,1),(840,'Lemar','Marshall',6,20,1),(841,'James','Maxwell',6,18,1),(842,'Jimmy','McClain',6,11,1),(843,'Darrell','McClover',6,4,1),(844,'Matt','McCoy',6,19,1),(845,'Robert','McCune',6,20,1),(846,'Willie','McGinest',6,3,1),(847,'Ronald','McKinnon',6,27,1),(848,'Terrence','Melton',6,27,1),(849,'Shawne','Merriman',6,16,1),(850,'Caleb','Miller',6,6,1),(851,'Kawika','Mitchell',6,14,1),(852,'Lance','Mitchell',6,29,1),(853,'Brandon','Moore',6,31,1),(854,'Eddie','Moore',6,2,1),(855,'Zeke','Moreno',6,9,1),(856,'Dan','Morgan',6,26,0),(857,'Rob','Morris',6,10,1),(858,'Kirk','Morrison',6,15,0),(859,'Hannibal','Navies',6,6,1),(860,'Ryan','Nece',6,28,1),(861,'Jim','Nelson',6,5,1),(862,'Keith','Newman',6,24,1),(863,'Tony','Newson',6,30,1),(864,'Dat','Nguyen',6,17,1),(865,'Keith','O\'Neil',6,17,1),(866,'Joe','Odom',6,21,1),(867,'Shantee','Orr',6,9,1),(868,'Antwan','Peek',6,9,1),(869,'Julian','Peterson',6,31,1),(870,'Mike','Peterson',6,11,0),(871,'Kenneth','Pettway',6,9,1),(872,'Shaun','Phillips',6,16,1),(873,'Antonio','Pierce',6,18,0),(874,'Terry','Pierce',6,13,1),(875,'DaShon','Polk',6,9,1),(876,'Tommy','Polley',6,5,1),(877,'Derrick','Pope',6,2,1),(878,'Brady','Poppinga',6,23,1),(879,'Joey','Porter',6,8,1),(880,'Jeff','Posey',6,1,1),(881,'Shelton','Quarles',6,28,1),(882,'Wali','Rainer',6,22,1),(883,'Curtis','Randall',6,32,1),(884,'Saleem','Rasheed',6,31,1),(885,'Ike','Reese',6,25,1),(886,'Robert','Reynolds',6,12,1),(887,'Terrence','Robinson',6,32,1),(888,'Orlando','Ruff',6,7,1),(889,'Barrett','Ruud',6,28,1),(890,'Rich','Scanlon',6,14,1),(891,'Bart','Scott',6,5,1),(892,'Junior','Seau',6,2,1),(893,'Richard','Seigler',6,31,1),(894,'Adam','Seward',6,26,1),(895,'Scott','Shanle',6,17,1),(896,'Jamie','Sharper',6,32,1),(897,'Brandon','Short',6,26,1),(898,'Jason','Short',6,19,1),(899,'Brian','Simmons',6,6,1),(900,'Mark','Simoneau',6,19,1),(901,'Al','Singleton',6,17,1),(902,'Peter','Sirmon',6,12,1),(903,'T.J.','Slaughter',6,27,1),(904,'Daryl','Smith',6,11,1),(905,'Derek','Smith',6,31,1),(906,'Justin','Smith',6,26,1),(907,'Marquis','Smith',6,15,1),(908,'Mike','Smith',6,5,1),(909,'Raonall','Smith',6,24,1),(910,'Travian','Smith',6,15,1),(911,'Andre','Sommersell',6,10,1),(912,'Nick','Speegle',6,7,1),(913,'Cody','Spencer',6,12,1),(914,'Takeo','Spikes',6,1,1),(915,'Donnie','Spragan',6,2,1),(916,'Josh','Stamer',6,1,1),(917,'Larry','Stevens',6,6,1),(918,'Matt','Stewart',6,7,1),(919,'Frank','Strong',6,16,1),(920,'Terrell','Suggs',6,5,1),(921,'Jashon','Sykes',6,13,1),(922,'Lofa','Tatupu',6,32,0),(923,'Ben','Taylor',6,7,1),(924,'Adalius','Thomas',6,5,1),(925,'Dontarrious','Thomas',6,24,1),(926,'Edward','Thomas',6,15,1),(927,'Pat','Thomas',6,11,1),(928,'Robert','Thomas',6,30,1),(929,'Zach','Thomas',6,2,0),(930,'Chaun','Thompson',6,7,1),(931,'Ray','Thompson',6,23,1),(932,'David','Thornton',6,10,1),(933,'Kalen','Thornton',6,17,1),(934,'Odell','Thurman',6,6,0),(935,'Pisa','Tinoisamoa',6,30,1),(936,'Reggie','Torbor',6,18,1),(937,'Lester','Towns',6,29,1),(938,'Jeremiah','Trotter',6,19,0),(939,'Sean','Tufts',6,26,1),(940,'Jeff','Ulbrich',6,31,1),(941,'Mason','Unck',6,7,1),(942,'Brian','Urlacher',6,21,0),(943,'Jonathan','Vilma',6,4,0),(944,'Mike','Vrabel',6,3,0),(945,'Drew','Wahlroos',6,30,1),(946,'Rian','Wallace',6,8,1),(947,'Marcus','Washington',6,20,1),(948,'Courtney','Watson',6,27,1),(949,'Nate','Wayne',6,11,1),(950,'Ray','Wells',6,31,1),(951,'Tracy','White',6,32,1),(952,'Keyon','Whiteside',6,10,1),(953,'Matt','Wilhelm',6,16,1),(954,'Marcus','Wilkins',6,6,1),(955,'D.J.','Williams',6,13,1),(956,'Demorrio','Williams',6,25,0),(957,'Renauld','Williams',6,7,1),(958,'Al','Wilson',6,13,1),(959,'Jamie','Winborn',6,31,1),(960,'Will','Witherspoon',6,26,1),(961,'Kailee','Wong',6,9,1),(962,'LeVar','Woods',6,21,1),(963,'Cornelius','Wortham',6,32,1),(964,'Kenyatta','Wright',6,4,1),(965,'Max','Yates',6,31,1),(966,'John','Abraham',5,4,0),(967,'Rodney','Bailey',5,3,1),(968,'Dave','Ball',5,16,1),(969,'Lionel','Barnes',5,11,1),(970,'Bertrand','Berry',5,29,1),(971,'David','Bowens',5,2,1),(972,'Tyler','Brayton',5,15,1),(973,'Raheem','Brock',5,10,1),(974,'Alex','Brown',5,21,0),(975,'Courtney','Brown',5,13,1),(976,'Tony','Brown',5,31,1),(977,'Tony','Bryant',5,27,1),(978,'Derrick','Burgess',5,15,1),(979,'Chris','Canty',5,17,1),(980,'Andre','Carter',5,31,1),(981,'Kevin','Carter',5,2,1),(982,'Jacques','Cesaire',5,16,1),(983,'Duane','Clemons',5,6,1),(984,'Kenyon','Coleman',5,17,1),(985,'Marco','Coleman',5,13,1),(986,'Jorge','Cordova',5,11,1),(987,'Phillip','Daniels',5,20,1),(988,'Chauncey','Davis',5,25,1),(989,'Jason','Davis',5,9,1),(990,'Jerry','DeLoach',5,9,1),(991,'Ryan','Denney',5,1,1),(992,'Jared','DeVries',5,22,1),(993,'Adrian','Dingle',5,16,1),(994,'Hugh','Douglas',5,19,1),(995,'Marques','Douglas',5,31,1),(996,'Anthony','Dunn',5,9,1),(997,'Kalimba','Edwards',5,22,1),(998,'Ebenezer','Ekuban',5,13,1),(999,'Greg','Ellis',5,17,1),(1000,'Shaun','Ellis',5,4,1),(1001,'John','Engelberger',5,13,1),(1002,'Demetric','Evans',5,20,1),(1003,'Joey','Evans',5,4,1),(1004,'Jonathan','Fanene',5,6,1),(1005,'Bryce','Fisher',5,32,1),(1006,'Dwight','Freeney',5,10,1),(1007,'Kabeer','Gbaja-Biamila',5,23,1),(1008,'Robert','Geathers',5,6,1),(1009,'Junior','Glymph',5,25,1),(1010,'Amon','Gordon',5,7,1),(1011,'Charles','Grant',5,27,1),(1012,'Brandon','Green',5,30,1),(1013,'Jamaal','Green',5,19,1),(1014,'Jarvis','Green',5,3,1),(1015,'Carlos','Hall',5,14,1),(1016,'James','Hall',5,22,1),(1017,'Bobby','Hamilton',5,15,1),(1018,'Omari','Hand',5,11,1),(1019,'Anthony','Hargrove',5,30,1),(1020,'Jovan','Haye',5,26,1),(1021,'Michael','Haynes',5,21,1),(1022,'Reggie','Hayward',5,11,1),(1023,'Anthony','Herron',5,25,1),(1024,'Eric','Hicks',5,14,1),(1025,'Marquise','Hill',5,3,1),(1026,'Isaac','Hilton',5,26,1),(1027,'Vonnie','Holliday',5,2,1),(1028,'Darren','Howard',5,27,1),(1029,'Aaron','Hunt',5,13,1),(1030,'Grant','Irons',5,15,1),(1031,'Jabari','Issa',5,14,1),(1032,'Erasmus','James',5,24,1),(1033,'Cullen','Jenkins',5,23,1),(1034,'Jarret','Johnson',5,5,1),(1035,'Trevor','Johnson',5,4,1),(1036,'Lance','Johnstone',5,24,1),(1037,'N.D.','Kalu',5,19,1),(1038,'Aaron','Kampman',5,23,1),(1039,'Alain','Kashama',5,32,1),(1040,'Jevon','Kearse',5,19,1),(1041,'Brett','Keisel',5,8,1),(1042,'Chris','Kelsay',5,1,1),(1043,'Patrick','Kerney',5,25,1),(1044,'Lamar','King',5,28,1),(1045,'Travis','LaBoy',5,12,1),(1046,'Kenard','Lang',5,7,1),(1047,'Leonard','Little',5,30,1),(1048,'Khari','Long',5,14,1),(1049,'Robert','Mathis',5,10,0),(1050,'Bobby','McCray',5,11,1),(1051,'David','McMillan',5,7,1),(1052,'Clint','Mitchell',5,14,1),(1053,'Mike','Montgomery',5,23,1),(1054,'Eric','Moore',5,18,1),(1055,'Shaun','Nua',5,8,1),(1056,'Antwan','Odom',5,12,1),(1057,'Eric','Ogbogu',5,17,1),(1058,'Adewale','Ogunleye',5,21,1),(1059,'Chike','Okeafor',5,29,1),(1060,'Igor','Olshansky',5,16,1),(1061,'Raheem','Orr',5,18,1),(1062,'Calvin','Pace',5,29,1),(1063,'Anton','Palepoi',5,13,1),(1064,'Julius','Peppers',5,26,0),(1065,'Kenny','Peterson',5,23,1),(1066,'Shurron','Pierson',5,21,1),(1067,'David','Pollack',5,6,1),(1068,'Robert','Pollard',5,16,1),(1069,'Carl','Powell',5,6,1),(1070,'Trevor','Pryce',5,13,1),(1071,'Kemp','Rasmussen',5,26,1),(1072,'Jeremiah','Ratliff',5,17,1),(1073,'Cory','Redding',5,22,1),(1074,'Simeon','Rice',5,28,1),(1075,'Ryan','Riddle',5,15,1),(1076,'Constantin','Ritzmann',5,1,1),(1077,'Bryan','Robinson',5,6,1),(1078,'Matt','Roth',5,2,1),(1079,'Mike','Rucker',5,26,1),(1080,'Josh','Savage',5,28,1),(1081,'Aaron','Schobel',5,1,1),(1082,'Bo','Schobel',5,12,1),(1083,'Darrion','Scott',5,24,1),(1084,'DeQuincy','Scott',5,16,1),(1085,'Aaron','Smith',5,8,1),(1086,'Antonio','Smith',5,29,1),(1087,'Brady','Smith',5,25,1),(1088,'Corey','Smith',5,31,1),(1089,'Justin','Smith',5,6,1),(1090,'Robaire','Smith',5,9,1),(1091,'Will','Smith',5,27,1),(1092,'Marcus','Spears',5,17,1),(1093,'Paul','Spicer',5,11,1),(1094,'Greg','Spires',5,28,1),(1095,'Gary','Stills',5,14,1),(1096,'Michael','Strahan',5,18,0),(1097,'Bill','Swancutt',5,22,1),(1098,'Joe','Tafoya',5,32,1),(1099,'Eric','Taylor',5,8,1),(1100,'Jason','Taylor',5,2,1),(1101,'Jonathan','Taylor',5,25,1),(1102,'Bryan','Thomas',5,4,1),(1103,'Josh','Thomas',5,10,1),(1104,'Juqua','Thomas',5,19,1),(1105,'R-Kal','Truluck',5,23,1),(1106,'Justin','Tuck',5,18,1),(1107,'Kenechi','Udeze',5,24,1),(1108,'Osi','Umenyiora',5,18,1),(1109,'Kyle','Vanden Bosch',5,12,1),(1110,'Khaleed','Vaughn',5,25,1),(1111,'Jimmy','Verdon',5,27,1),(1112,'Gary','Walker',5,9,1),(1113,'Al','Wallace',5,26,1),(1114,'Matt','Walters',5,2,1),(1115,'Demarcus','Ware',5,17,1),(1116,'Ron','Warner',5,20,1),(1117,'Anthony','Weaver',5,5,1),(1118,'Jonathan','Welsh',5,10,1),(1119,'Dewayne','White',5,28,1),(1120,'Greg','White',5,21,1),(1121,'Willie','Whitehead',5,27,1),(1122,'Marcellus','Wiley',5,11,1),(1123,'Jimmy','Wilkerson',5,14,1),(1124,'Andrew','Williams',5,28,1),(1125,'Grant','Wistrom',5,32,1),(1126,'Ellis','Wyms',5,28,1),(1127,'Renaldo','Wynn',5,20,1),(1128,'Peppi','Zellner',5,29,1),(1129,'Anthony','Adams',5,31,1),(1130,'Sam','Adams',5,1,1),(1131,'Kenderick','Allen',5,18,1),(1132,'Tim','Anderson',5,1,1),(1133,'Matthias','Askew',5,6,1),(1134,'Jonathan','Babineaux',5,25,1),(1135,'Justin','Bannan',5,1,1),(1136,'Marcus','Bell',5,22,0),(1137,'Rocky','Bernard',5,32,1),(1138,'Ryon','Bingham',5,16,1),(1139,'Willie','Blade',5,17,1),(1140,'Alfonso','Boone',5,21,1),(1141,'Ryan','Boschetti',5,20,1),(1142,'Jon','Bradley',5,28,1),(1143,'John','Browning',5,14,1),(1144,'Anthony','Bryant',5,28,1),(1145,'Brentson','Buckner',5,26,1),(1146,'Vincent','Burns',5,10,1),(1147,'Shane','Burton',5,26,1),(1148,'Leonardo','Carson',5,17,1),(1149,'Jordan','Carstens',5,26,1),(1150,'Luis','Castillo',5,16,1),(1151,'Martin','Chase',5,11,1),(1152,'Larry','Chester',5,2,1),(1153,'Kendrick','Clancy',5,18,1),(1154,'Jared','Clauss',5,12,1),(1155,'DeVone','Claybrooks',5,29,1),(1156,'Shaun','Cody',5,22,1),(1157,'Colin','Cole',5,23,1),(1158,'Rod','Coleman',5,25,1),(1159,'Chris','Cooper',5,31,1),(1160,'Delbert','Cowsette',5,28,1),(1161,'Lional','Dalton',5,14,1),(1162,'Chartric','Darby',5,32,1),(1163,'Dorsett','Davis',5,13,1),(1164,'Russell','Davis',5,29,1),(1165,'Darnell','Dockett',5,29,1),(1166,'Damane','Duckett',5,18,1),(1167,'Nick','Eason',5,7,1),(1168,'Dwan','Edwards',5,5,1),(1169,'Ron','Edwards',5,1,1),(1170,'Atiyyah','Ellison',5,26,1),(1171,'Mario','Fatafehi',5,13,1),(1172,'Jason','Ferguson',5,17,1),(1173,'Ronald','Fields',5,31,1),(1174,'Jason','Fisk',5,7,1),(1175,'Aubrayo','Franklin',5,5,1),(1176,'Eddie','Freeman',5,26,1),(1177,'La\'Roi','Glover',5,17,1),(1178,'Paul','Grasmanis',5,19,1),(1179,'Howard','Green',5,27,1),(1180,'Kelly','Gregg',5,5,1),(1181,'Cornelius','Griffin',5,20,1),(1182,'Casey','Hampton',5,8,1),(1183,'Tommie','Harris',5,21,1),(1184,'Anttaj','Hawthorne',5,15,1),(1185,'Albert','Haynesworth',5,12,1),(1186,'John','Henderson',5,11,1),(1187,'Charles','Hill',5,26,1),(1188,'Andrew','Hoffman',5,7,1),(1189,'Chris','Hoke',5,8,1),(1190,'Chris','Hovan',5,28,1),(1191,'Brian','Howard',5,30,1),(1192,'Cletidus','Hunt',5,23,1),(1193,'Israel','Idonije',5,21,1),(1194,'Junior','Ioane',5,9,1),(1195,'Grady','Jackson',5,23,1),(1196,'Tyoka','Jackson',5,30,1),(1197,'Ed','Jasper',5,15,1),(1198,'Jason','Jefferson',5,27,1),(1199,'Kris','Jenkins',5,26,1),(1200,'Spencer','Johnson',5,24,1),(1201,'Tank','Johnson',5,21,1),(1202,'Travis','Johnson',5,9,1),(1203,'Omari','Jordan',5,26,1),(1204,'William','Joseph',5,18,1),(1205,'Ethan','Kelley',5,7,1),(1206,'Tommy','Kelly',5,15,1),(1207,'Maake','Kemoeatu',5,5,1),(1208,'Jimmy','Kennedy',5,30,1),(1209,'Cedric','Killings',5,20,1),(1210,'Travis','Kirschke',5,8,1),(1211,'Dan','Klecko',5,3,1),(1212,'Ross','Kolodziej',5,29,1),(1213,'Ryan','Kuehl',5,18,1),(1214,'Antwan','Lake',5,25,1),(1215,'Chad','Lavalais',5,25,1),(1216,'James','Lee',5,23,1),(1217,'Lance','Legree',5,4,1),(1218,'Rodney','Leisle',5,27,1),(1219,'Damione','Lewis',5,30,1),(1220,'Rien','Long',5,12,1),(1221,'Anthony','Maddox',5,11,1),(1222,'Keyonta','Marshall',5,19,1),(1223,'Steve','Martin',5,24,1),(1224,'Anthony','McFarland',5,28,1),(1225,'Alvin','McKinley',5,7,1),(1226,'Rob','Meier',5,11,1),(1227,'Brandon','Mitchell',5,25,1),(1228,'Matt','Mitrione',5,24,1),(1229,'Langston','Moore',5,6,1),(1230,'Rashad','Moore',5,32,1),(1231,'Kindal','Moorehead',5,26,1),(1232,'C.J.','Mosley',5,24,1),(1233,'Michael','Myers',5,13,1),(1234,'Brandon','Noble',5,20,1),(1235,'John','Parrella',5,30,1),(1236,'Mike','Patterson',5,19,1),(1237,'Seth','Payne',5,9,1),(1238,'Ryan','Pickett',5,30,1),(1239,'Cleveland','Pinkney',5,32,1),(1240,'Monsanto','Pope',5,13,1),(1241,'Sione','Pouha',5,4,1),(1242,'Sam','Rayburn',5,19,1),(1243,'Montae','Reagor',5,10,1),(1244,'James','Reed',5,4,1),(1245,'Fred','Robbins',5,18,1),(1246,'Dewayne','Robertson',5,4,1),(1247,'Shaun','Rogers',5,22,1),(1248,'Dario','Romero',5,2,1),(1249,'Orpheus','Roye',5,7,1),(1250,'Joe','Salave\'a',5,20,1),(1251,'Terdell','Sands',5,15,1),(1252,'Lauvale','Sape',5,1,1),(1253,'Warren','Sapp',5,15,1),(1254,'Ian','Scott',5,21,1),(1255,'Richard','Seymour',5,3,1),(1256,'Montique','Sharpe',5,14,1),(1257,'Josh','Shaw',5,2,1),(1258,'Darrell','Shropshire',5,25,1),(1259,'Junior','Siavii',5,14,1),(1260,'Corey','Simon',5,10,1),(1261,'Ryan','Sims',5,14,1),(1262,'Kenny','Smith',5,15,1),(1263,'Shaun','Smith',5,6,1),(1264,'Isaac','Sopoaga',5,31,1),(1265,'Randy','Starks',5,12,1),(1266,'Daleroy','Stewart',5,9,1),(1267,'Jason','Stewart',5,10,1),(1268,'Marcus','Stroud',5,11,1),(1269,'Johnathan','Sullivan',5,27,1),(1270,'Craig','Terrill',5,32,1),(1271,'Hollis','Thomas',5,19,1),(1272,'John','Thornton',5,6,1),(1273,'Keith','Traylor',5,2,1),(1274,'Larry','Tripplett',5,10,1),(1275,'Marcus','Tubbs',5,32,1),(1276,'Demetrin','Veal',5,13,1),(1277,'Kevin','Vickerson',5,2,1),(1278,'Kimo','von Oelhoffen',5,8,1),(1279,'Darwin','Walker',5,19,1),(1280,'Gerard','Warren',5,13,1),(1281,'Ty','Warren',5,3,1),(1282,'Donnell','Washington',5,23,1),(1283,'Ted','Washington',5,15,1),(1284,'Vince','Wilfork',5,3,1),(1285,'Dan','Wilkinson',5,22,1),(1286,'Corey','Williams',5,23,1),(1287,'Jamal','Williams',5,16,1),(1288,'Kevin','Williams',5,24,0),(1289,'Pat','Williams',5,24,1),(1290,'Tony','Williams',5,11,1),(1291,'Keith','Wright',5,29,1),(1292,'Brian','Young',5,27,1),(1293,'Bryant','Young',5,31,1),(1294,'Jeff','Zgonina',5,2,1),(1295,'Hamza','Abdullah',7,28,1),(1296,'Chris','Akins',7,2,1),(1297,'Brent','Alexander',7,18,1),(1298,'Will','Allen',7,28,1),(1299,'Marques','Anderson',7,13,1),(1300,'Adam','Archuleta',7,30,1),(1301,'Oshiomogho','Atogwe',7,30,1),(1302,'Jordan','Babineaux',7,32,1),(1303,'Waine','Bacon',7,10,1),(1304,'Rashad','Baker',7,1,1),(1305,'Idrees','Bashir',7,26,1),(1306,'Yeremiah','Bell',7,2,1),(1307,'Jay','Bellamy',7,27,1),(1308,'Justin','Beriault',7,17,1),(1309,'Terreal','Bierria',7,32,1),(1310,'Michael','Boulware',7,32,1),(1311,'Matt','Bowen',7,20,1),(1312,'Calvin','Branch',7,15,1),(1313,'Sam','Brandon',7,13,1),(1314,'C.C.','Brown',7,9,1),(1315,'Eric','Brown',7,9,1),(1316,'Mike','Brown',7,21,1),(1317,'Tony','Bua',7,2,1),(1318,'Josh','Bullocks',7,27,1),(1319,'Curry','Burns',7,18,1),(1320,'Robb','Butler',7,16,1),(1321,'Dwaine','Carpenter',7,31,1),(1322,'Keion','Carpenter',7,25,1),(1323,'Jerome','Carter',7,30,1),(1324,'Tyrone','Carter',7,8,1),(1325,'Oliver','Celestin',7,4,1),(1326,'Corey','Chavous',7,24,1),(1327,'Ryan','Clark',7,20,1),(1328,'Rich','Coady',7,25,1),(1329,'Erik','Coleman',7,4,1),(1330,'Marcus','Coleman',7,9,1),(1331,'Nick','Collins',7,23,1),(1332,'Scott','Connot',7,14,1),(1333,'Sean','Considine',7,19,1),(1334,'Deke','Cooper',7,11,1),(1335,'Jarrod','Cooper',7,15,1),(1336,'Chris','Crocker',7,7,1),(1337,'Woodrow','Dantzler',7,17,1),(1338,'Donovin','Darius',7,11,1),(1339,'Keith','Davis',7,17,1),(1340,'Thomas','Davis',7,26,1),(1341,'Brian','Dawkins',7,19,0),(1342,'Will','Demps',7,5,1),(1343,'Mike','Doss',7,10,1),(1344,'Glenn','Earl',7,9,1),(1345,'Deandre\'','Eiland',7,2,1),(1346,'Nick','Ferguson',7,13,1),(1347,'Vernon','Fox',7,22,1),(1348,'Todd','Franz',7,23,1),(1349,'Arturo','Freeman',7,12,1),(1350,'Vincent','Fuller',7,12,1),(1351,'Derrick','Gibson',7,15,1),(1352,'Matt','Giordano',7,10,1),(1353,'Steve','Gleason',7,27,1),(1354,'Deon','Grant',7,11,1),(1355,'Mike','Green',7,21,1),(1356,'Robert','Griffith',7,29,1),(1357,'Ken','Hamlin',7,32,1),(1358,'Antwan','Harris',7,7,1),(1359,'Chris','Harris',7,21,1),(1360,'Quentin','Harris',7,29,1),(1361,'Rodney','Harrison',7,3,1),(1362,'Clinton','Hart',7,16,1),(1363,'Ronnie','Heard',7,25,1),(1364,'Terrence','Holt',7,22,1),(1365,'Chris','Hope',7,8,1),(1366,'John','Howell',7,32,1),(1367,'Dexter','Jackson',7,28,1),(1368,'Todd','Johnson',7,21,1),(1369,'Sean','Jones',7,7,1),(1370,'Tebucky','Jones',7,2,1),(1371,'Bhawoh','Jue',7,16,1),(1372,'Kevin','Kaesviharn',7,6,1),(1373,'Kenoy','Kennedy',7,22,1),(1374,'Terrence','Kiel',7,16,1),(1375,'Sammy','Knight',7,14,1),(1376,'Norman','LeJeune',7,12,1),(1377,'Jeremy','LeSueur',7,13,1),(1378,'Keith','Lewis',7,31,1),(1379,'Michael','Lewis',7,19,1),(1380,'Earl','Little',7,23,1),(1381,'Mike','Logan',7,8,1),(1382,'Jammal','Lord',7,9,1),(1383,'Omare','Lowe',7,32,1),(1384,'John','Lynch',7,13,1),(1385,'Andre','Maddox',7,4,1),(1386,'Marquand','Manuel',7,32,1),(1387,'Shawn','Mayer',7,25,1),(1388,'Adrian','Mayes',7,29,1),(1389,'Kevin','McCadam',7,25,1),(1390,'Marlon','McCree',7,26,1),(1391,'Jon','McGraw',7,22,1),(1392,'Quintin','Mikell',7,19,1),(1393,'Hanik','Milligan',7,16,1),(1394,'Lawyer','Milloy',7,1,1),(1395,'Mike','Minter',7,26,1),(1396,'Anthony','Mitchell',7,6,1),(1397,'Mel','Mitchell',7,27,1),(1398,'Keyon','Nash',7,15,1),(1399,'Donte','Nicholson',7,28,1),(1400,'Donnie','Nickey',7,12,1),(1401,'Willie','Offord',7,24,1),(1402,'Ifeanyi','Ohalete',7,6,1),(1403,'Derek','Pagel',7,17,1),(1404,'Tony','Parrish',7,31,1),(1405,'Jermaine','Phillips',7,28,1),(1406,'Jerrell','Pippens',7,21,1),(1407,'Troy','Polamalu',7,8,1),(1408,'Brodney','Pool',7,7,1),(1409,'Pierson','Prioleau',7,20,1),(1410,'Etric','Pruitt',7,25,1),(1411,'Ed','Reed',7,5,1),(1412,'Dexter','Reid',7,10,1),(1413,'Kerry','Rhodes',7,4,0),(1414,'Mark','Roman',7,23,1),(1415,'Brian','Russell',7,7,1),(1416,'Bob','Sanders',7,10,1),(1417,'James','Sanders',7,3,1),(1418,'Justin','Sandy',7,12,1),(1419,'Gerome','Sapp',7,10,1),(1420,'Lance','Schulters',7,2,1),(1421,'Stuart','Schweigert',7,15,1),(1422,'Bryan','Scott',7,25,1),(1423,'Guss','Scott',7,3,1),(1424,'Lynn','Scott',7,17,1),(1425,'Gerald','Sensabaugh',7,11,1),(1426,'Siddeeq','Shabazz',7,20,1),(1427,'Darren','Sharper',7,24,1),(1428,'Dwight','Smith',7,27,1),(1429,'Nick','Sorensen',7,11,1),(1430,'Omar','Stoutmire',7,20,1),(1431,'Russell','Stuvaints',7,8,1),(1432,'Sean','Taylor',7,20,1),(1433,'Lamont','Thompson',7,12,1),(1434,'Travares','Tillman',7,2,1),(1435,'Marviel','Underwood',7,23,1),(1436,'Bracy','Walker',7,22,1),(1437,'Ramon','Walker',7,9,1),(1438,'Rashad','Washington',7,4,1),(1439,'Greg','Wesley',7,14,1),(1440,'Chad','Williams',7,5,1),(1441,'Roy','Williams',7,17,0),(1442,'Shaun','Williams',7,18,1),(1443,'Tank','Williams',7,12,1),(1444,'Adrian','Wilson',7,29,1),(1445,'Gibril','Wilson',7,18,1),(1446,'Jerry','Wilson',7,16,1),(1447,'Rodriques','Wilson',7,21,1),(1448,'Coy','Wire',7,1,1),(1449,'Jerome','Woods',7,14,1),(1450,'Blue','Adams',7,28,1),(1451,'Mike','Adams',7,31,1),(1452,'Roc','Alexander',7,13,1),(1453,'Will','Allen',7,18,1),(1454,'Ashley','Ambrose',7,14,1),(1455,'Nnamdi','Asomugha',7,15,1),(1456,'Jerry','Azumah',7,21,1),(1457,'Champ','Bailey',7,13,1),(1458,'Ronde','Barber',7,28,0),(1459,'David','Barrett',7,4,1),(1460,'William','Bartee',7,14,1),(1461,'Ronald','Bartell',7,30,1),(1462,'Julian','Battle',7,14,1),(1463,'Rashad','Bauman',7,6,1),(1464,'Gary','Baxter',7,7,1),(1465,'Tony','Beckham',7,12,1),(1466,'Jason','Bell',7,9,1),(1467,'Dre\'','Bly',7,22,1),(1468,'Leigh','Bodden',7,7,1),(1469,'Juran','Bolden',7,28,1),(1470,'Greg','Brooks',7,6,1),(1471,'Fakhir','Brown',7,27,1),(1472,'Ralph','Brown',7,24,1),(1473,'Rufus','Brown',7,20,1),(1474,'Sheldon','Brown',7,19,1),(1475,'Fernando','Bryant',7,22,1),(1476,'Phillip','Buchanon',7,9,1),(1477,'Calvin','Carlyle',7,5,1),(1478,'Ahmad','Carroll',7,23,1),(1479,'Dale','Carter',7,5,1),(1480,'Dyshod','Carter',7,7,1),(1481,'Chris','Cash',7,22,1),(1482,'Nate','Clements',7,1,1),(1483,'Ricardo','Colclough',7,8,1),(1484,'Terry','Cousin',7,11,1),(1485,'Torrie','Cox',7,28,1),(1486,'Jason','Craft',7,27,1),(1487,'Clarence','Curry',7,29,1),(1488,'Travis','Daniels',7,2,1),(1489,'Jason','David',7,10,1),(1490,'Sammy','Davis',7,16,1),(1491,'Curtis','DeLoatch',7,18,1),(1492,'Andre','Dyson',7,32,1),(1493,'Mario','Edwards',7,2,1),(1494,'DeMarcus','Faggins',7,9,1),(1495,'Terry','Fair',7,30,1),(1496,'Travis','Fisher',7,30,1),(1497,'Jamar','Fletcher',7,16,1),(1498,'Drayton','Florence',7,16,1),(1499,'Marcus','Floyd',7,26,1),(1500,'Domonique','Foxworth',7,13,1),(1501,'Chris','Gamble',7,26,1),(1502,'Rich','Gardner',7,12,1),(1503,'Kevin','Garrett',7,30,1),(1504,'Randall','Gay',7,3,1),(1505,'Aaron','Glenn',7,17,1),(1506,'Andre\'','Goodman',7,22,1),(1507,'Eric','Green',7,29,1),(1508,'Jabari','Greer',7,1,1),(1509,'DeJuan','Groce',7,30,1),(1510,'DeAngelo','Hall',7,25,0),(1511,'William','Hampton',7,26,1),(1512,'Michael','Harden',7,32,1),(1513,'Nick','Harper',7,10,1),(1514,'Al','Harris',7,23,1),(1515,'Walt','Harris',7,20,1),(1516,'Mike','Hawkins',7,23,1),(1517,'Michael','Hawthorne',7,30,1),(1518,'Kelvin','Hayden',7,10,1),(1519,'Anthony','Henry',7,17,1),(1520,'Kelly','Herndon',7,32,1),(1521,'Renaldo','Hill',7,15,1),(1522,'Reynaldo','Hill',7,12,1),(1523,'Ellis','Hobbs III',7,3,1),(1524,'Alphonso','Hodge',7,14,1),(1525,'Daven','Holly',7,31,1),(1526,'Roderick','Hood',7,19,1),(1527,'Jason','Horton',7,23,1),(1528,'Kevin','House',7,32,1),(1529,'Reggie','Howard',7,2,1),(1530,'Von','Hutchins',7,10,1),(1531,'Ken','Irvin',7,24,1),(1532,'Corey','Ivy',7,30,1),(1533,'Chidi','Iwuoma',7,8,1),(1534,'Eddie','Jackson',7,26,1),(1535,'Marlin','Jackson',7,10,1),(1536,'Tory','James',7,6,1),(1537,'Michael','Jameson',7,7,1),(1538,'Quentin','Jammer',7,16,1),(1539,'Joseph','Jefferson',7,10,1),(1540,'Ade','Jimoh',7,20,1),(1541,'Chris','Johnson',7,23,1),(1542,'Derrick','Johnson',7,31,1),(1543,'Nathan','Jones',7,17,1),(1544,'Pacman','Jones',7,12,1),(1545,'Eric','Joyce',7,20,1),(1546,'Brian','Kelly',7,28,1),(1547,'Eric','King',7,1,1),(1548,'Ty','Law',7,4,1),(1549,'Michael','Lehan',7,7,1),(1550,'Ken','Lucas',7,26,1),(1551,'David','Macklin',7,29,1),(1552,'Sam','Madison',7,2,1),(1553,'Ricky','Manning Jr.',7,26,1),(1554,'Kevin','Mathis',7,25,1),(1555,'Rashean','Mathis',7,11,1),(1556,'Chris','McAlister',7,5,1),(1557,'Dexter','McCleon',7,14,1),(1558,'Daylon','McCutcheon',7,7,1),(1559,'Bryant','McFadden',7,8,1),(1560,'Terrence','McGee',7,1,0),(1561,'Mike','McKenzie',7,27,1),(1562,'Todd','McMillon',7,21,1),(1563,'R.W.','McQuarters',7,22,1),(1564,'Ray','Mickens',7,7,1),(1565,'Willie','Middlebrooks',7,31,1),(1566,'Justin','Miller',7,4,1),(1567,'Reggie','Myles',7,6,1),(1568,'Rhett','Nelson',7,29,1),(1569,'Terence','Newman',7,17,1),(1570,'Deltha','O\'Neal',7,6,1),(1571,'Karl','Paymah',7,13,1),(1572,'Kalvin','Pearson',7,28,1),(1573,'Antonio','Perkins',7,7,1),(1574,'Will','Peterson',7,18,1),(1575,'Ahmed','Plummer',7,31,1),(1576,'Tyrone','Poole',7,3,1),(1577,'Keiwan','Ratliff',7,6,1),(1578,'Rayshun','Reed',7,31,1),(1579,'Jacques','Reeves',7,17,1),(1580,'Kris','Richard',7,2,1),(1581,'David','Richardson',7,11,1),(1582,'Dunta','Robinson',7,9,1),(1583,'Carlos','Rogers',7,20,1),(1584,'Antrel','Rolle',7,29,1),(1585,'Samari','Rolle',7,5,1),(1586,'Allen','Rossum',7,25,1),(1587,'Stanford','Routt',7,15,1),(1588,'Mike','Rumph',7,31,1),(1589,'Asante','Samuel',7,3,1),(1590,'Jeff','Sanchez',7,22,1),(1591,'Deion','Sanders',7,5,1),(1592,'Lewis','Sanders',7,9,1),(1593,'Benny','Sapp',7,14,1),(1594,'Chad','Scott',7,3,1),(1595,'Lito','Sheppard',7,19,1),(1596,'Jason','Simmons',7,9,1),(1597,'Keith','Smith',7,22,1),(1598,'Fred','Smoot',7,24,1),(1599,'Shawntae','Spencer',7,31,1),(1600,'Shawn','Springs',7,20,1),(1601,'Duane','Starks',7,3,1),(1602,'Scott','Starks',7,11,1),(1603,'Michael','Stone',7,30,1),(1604,'Derrick','Strait',7,4,1),(1605,'Donald','Strickland',7,10,1),(1606,'Patrick','Surtain',7,14,1),(1607,'Robert','Tate',7,29,1),(1608,'Ike','Taylor',7,8,1),(1609,'Fred','Thomas',7,27,1),(1610,'Joey','Thomas',7,23,1),(1611,'Kiwaukee','Thomas',7,11,1),(1612,'Chris','Thompson',7,11,1),(1613,'Bruce','Thornton',7,17,1),(1614,'Charles','Tillman',7,21,1),(1615,'Deshea','Townsend',7,8,1),(1616,'Marcus','Trufant',7,32,1),(1617,'B.J.','Tucker',7,32,1),(1618,'Nathan','Vasher',7,21,1),(1619,'Troy','Vincent',7,1,1),(1620,'Michael','Waddell',7,12,1),(1621,'Denard','Walker',7,15,1),(1622,'Frank','Walker',7,18,1),(1623,'Lenny','Walls',7,13,1),(1624,'Raymond','Walls',7,29,1),(1625,'Adrian','Ward',7,24,1),(1626,'Matt','Ware',7,19,1),(1627,'Dewayne','Washington',7,14,1),(1628,'Fabian','Washington',7,15,1),(1629,'Corey','Webster',7,18,1),(1630,'Jason','Webster',7,25,1),(1631,'Dante','Wesley',7,26,1),(1632,'Garnell','Wilds',7,20,1),(1633,'Brandon','Williams',7,6,1),(1634,'Brian','Williams',7,24,1),(1635,'Darrent','Williams',7,13,1),(1636,'Jimmy','Williams',7,27,1),(1637,'Madieu','Williams',7,6,1),(1638,'Willie','Williams',7,8,1),(1639,'Eugene','Wilson',7,3,1),(1640,'Stanley','Wilson',7,22,1),(1641,'Antoine','Winfield',7,24,1),(1642,'Charles','Woodson',7,15,1),(1643,'Andre','Woolfolk',7,12,1),(1644,'Kenny','Wright',7,11,1),(1645,'Dexter','Wynn',7,19,1),(1646,'David','Akers',8,19,1),(1647,'Rob','Bironas',8,12,1),(1648,'Doug','Brien',8,21,1),(1649,'Josh','Brown',8,32,0),(1650,'Kris','Brown',8,9,1),(1651,'Matt','Bryant',8,28,1),(1652,'John','Carney',8,27,1),(1653,'Jose','Cortez',8,17,1),(1654,'Phil','Dawson',8,7,1),(1655,'Travis','Dorsch',8,24,1),(1656,'Paul','Edinger',8,24,1),(1657,'Jason','Elam',8,13,0),(1658,'Aaron','Elling',8,24,1),(1659,'Paul','Ernster',8,13,1),(1660,'Jay','Feely',8,18,0),(1661,'Todd','France',8,19,1),(1662,'Shayne','Graham',8,6,0),(1663,'John','Hall',8,20,1),(1664,'Jason','Hanson',8,22,1),(1665,'Sebastian','Janikowski',8,15,0),(1666,'Nate','Kaeding',8,16,0),(1667,'John','Kasay',8,26,0),(1668,'Rian','Lindell',8,1,1),(1669,'Ryan','Longwell',8,23,1),(1670,'Olindo','Mare',8,2,0),(1671,'Joe','Nedney',8,31,0),(1672,'Mike','Nugent',8,4,0),(1673,'Todd','Peterson',8,25,1),(1674,'Neil','Rackers',8,29,0),(1675,'Dave','Rayner',8,10,1),(1676,'Jeff','Reed',8,8,0),(1677,'Wade','Richey',8,5,1),(1678,'Josh','Scobee',8,11,0),(1679,'Matt','Stover',8,5,0),(1680,'Lawrence','Tynes',8,14,0),(1681,'Mike','Vanderjagt',8,10,0),(1682,'Adam','Vinatieri',8,3,0),(1683,'Jeff','Wilkins',8,30,0),(1684,'Buffalo','Bills',9,1,0),(1685,'Miami','Dolphins',9,2,0),(1686,'New England','Patriots',9,3,0),(1687,'New York','Jets',9,4,1),(1688,'Baltimore','Ravens',9,5,0),(1689,'Cincinnati','Bengals',9,6,0),(1690,'Cleveland','Browns',9,7,1),(1691,'Pittsburgh','Steelers',9,8,0),(1692,'Houston','Texans',9,9,1),(1693,'Indianapolis','Colts',9,10,0),(1694,'Jacksonville','Jaguars',9,11,0),(1695,'Tennessee','Titans',9,12,1),(1696,'Denver','Broncos',9,13,0),(1697,'Kansas City','Chiefs',9,14,1),(1698,'Oakland','Raiders',9,15,1),(1699,'San Diego','Chargers',9,16,1),(1700,'Dallas','Cowboys',9,17,0),(1701,'New York','Giants',9,18,0),(1702,'Philadelphia','Eagles',9,19,0),(1703,'Washington','Redskins',9,20,0),(1704,'Chicago','Bears',9,21,0),(1705,'Detroit','Lions',9,22,1),(1706,'Green Bay','Packers',9,23,0),(1707,'Minnesota','Vikings',9,24,0),(1708,'Atlanta','Falcons',9,25,0),(1709,'Carolina','Panthers',9,26,0),(1710,'New Orleans','Saints',9,27,1),(1711,'Tampa Bay','Buccaneers',9,28,0),(1712,'Arizona','Cardinals',9,29,1),(1713,'St. Louis','Rams',9,30,1),(1714,'San Francisco','49ers',9,31,1),(1715,'Seattle','Seahawks',9,32,0),(1717,'Qualters','Walters',3,7,0),(1718,'Vinny','Testaverde',1,4,1),(1719,'Tedy','Bruschi',6,3,0),(1720,'Sam','Gado',2,23,0),(1721,'Adrian','Wilson',6,29,0);

--
-- Table structure for table `nfl_position`
--

CREATE TABLE `nfl_position` (
  `pos_id` int(11) NOT NULL AUTO_INCREMENT,
  `position` char(2) NOT NULL DEFAULT '',
  `name` varchar(20) NOT NULL DEFAULT '',
  PRIMARY KEY (`pos_id`)
) ENGINE=MyISAM AUTO_INCREMENT=11 DEFAULT CHARSET=latin1 COMMENT='NFL Positions';

--
-- Dumping data for table `nfl_position`
--

INSERT INTO `nfl_position` VALUES (1,'QB','Quarterbacks'),(2,'RB','Running Backs'),(3,'WR','Wide Receivers'),(4,'TE','Tight Ends'),(5,'DL','Defensive Linemen'),(6,'LB','Linebackers'),(7,'DB','Defensive Backs'),(8,'K','Kickers'),(9,'TD','Team Defense'),(0,'','');

--
-- Table structure for table `nfl_position_min_max`
--

CREATE TABLE `nfl_position_min_max` (
  `pos_id` int(11) NOT NULL DEFAULT '0',
  `min` int(11) NOT NULL DEFAULT '0',
  `max` int(11) NOT NULL DEFAULT '0',
  PRIMARY KEY (`pos_id`)
) ENGINE=MyISAM DEFAULT CHARSET=latin1 COMMENT='Min & Max of NFL positions';

--
-- Dumping data for table `nfl_position_min_max`
--

INSERT INTO `nfl_position_min_max` VALUES (1,1,1),(2,1,2),(3,2,3),(4,1,2),(5,0,2),(6,0,2),(7,0,2),(8,1,1),(9,1,1);

--
-- Table structure for table `nfl_schedule`
--

CREATE TABLE `nfl_schedule` (
  `game_id` int(10) unsigned NOT NULL AUTO_INCREMENT,
  `week_num` int(10) unsigned NOT NULL DEFAULT '0',
  `home_team_id` int(10) unsigned NOT NULL DEFAULT '0',
  `away_team_id` int(10) unsigned NOT NULL DEFAULT '0',
  `home_score` double NOT NULL DEFAULT '0',
  `away_score` double NOT NULL DEFAULT '0',
  `game_complete` enum('F','T') NOT NULL DEFAULT 'F',
  `home_complete` enum('F','T') NOT NULL DEFAULT 'F',
  `away_complete` enum('F','T') NOT NULL DEFAULT 'F',
  `div_game` int(11) NOT NULL DEFAULT '0',
  PRIMARY KEY (`game_id`)
) ENGINE=MyISAM AUTO_INCREMENT=112 DEFAULT CHARSET=latin1 COMMENT='League Schedule';

--
-- Dumping data for table `nfl_schedule`
--

INSERT INTO `nfl_schedule` VALUES (1,1,6,14,94,142,'T','T','T',1),(2,1,15,5,98,149,'T','T','T',1),(3,1,8,1,126,137,'T','T','T',1),(4,1,2,13,132,136,'T','T','T',1),(5,1,3,10,111,110.5,'T','T','T',1),(6,1,9,11,96.5,122.5,'T','T','T',1),(7,1,4,12,136,170,'T','T','T',1),(8,1,16,7,110,103.5,'T','T','T',1),(9,2,6,8,128,163,'T','T','T',0),(10,2,14,1,113,122,'T','T','T',0),(11,2,15,2,147,137,'T','T','T',0),(12,2,5,13,137,132,'T','T','T',0),(13,2,3,4,88,125,'T','T','T',0),(14,2,10,12,129,116,'T','T','T',0),(15,2,9,16,146,130,'T','T','T',0),(16,2,11,7,115,110,'T','T','T',0),(17,3,6,15,121,105,'T','T','T',1),(18,3,14,5,160,158,'T','T','T',1),(19,3,8,2,200,123,'T','T','T',1),(20,3,1,13,142,119,'T','T','T',1),(21,3,3,9,164,184,'T','T','T',1),(22,3,10,11,78,128,'T','T','T',1),(23,3,4,16,129,116,'T','T','T',1),(24,3,12,7,138,141,'T','T','T',1),(25,4,11,1,109,119,'T','T','T',0),(26,4,10,8,136,145,'T','T','T',0),(27,4,4,15,155,102,'T','T','T',0),(28,4,16,14,126,124,'T','T','T',0),(29,4,9,5,152,133,'T','T','T',0),(30,4,7,6,102,97,'T','T','T',0),(31,4,13,3,141.5,145,'T','T','T',0),(32,4,2,12,149,163,'T','T','T',0),(33,5,6,5,160,172,'T','T','T',1),(34,5,14,15,92,64,'T','T','T',1),(35,5,8,13,174,139,'T','T','T',1),(36,5,1,2,135,155,'T','T','T',1),(37,5,3,11,200,116,'T','T','T',1),(38,5,10,9,94,126,'T','T','T',1),(39,5,4,7,117,102,'T','T','T',1),(40,5,12,16,171,68,'T','T','T',1),(41,6,6,1,116,71,'T','T','T',0),(42,6,14,2,75,181,'T','T','T',0),(43,6,15,13,53.5,176,'T','T','T',0),(44,6,5,8,167,179,'T','T','T',0),(45,6,3,12,172,129,'T','T','T',0),(46,6,10,16,105,109,'T','T','T',0),(47,6,9,7,137,154,'T','T','T',0),(48,6,11,4,127.5,117,'T','T','T',0),(49,7,11,13,147,106,'T','T','T',0),(50,7,4,1,102,90,'T','T','T',0),(51,7,15,10,120,166,'T','T','T',0),(52,7,5,16,147,161,'T','T','T',0),(53,7,14,7,82.5,98,'T','T','T',0),(54,7,2,3,128,122,'T','T','T',0),(55,7,8,9,146,138,'T','T','T',0),(56,7,12,6,120,97,'T','T','T',0),(57,8,6,2,108,119,'T','T','T',0),(58,8,14,13,97,148.5,'T','T','T',0),(59,8,15,8,93,87,'T','T','T',0),(60,8,5,1,192,146,'T','T','T',0),(61,8,3,16,152,86,'T','T','T',0),(62,8,10,7,156,138,'T','T','T',0),(63,8,9,4,124,143,'T','T','T',0),(64,8,11,12,130,145,'T','T','T',0),(65,9,4,13,152,111,'T','T','T',0),(66,9,11,5,117,122,'T','T','T',0),(67,9,3,6,132,145,'T','T','T',0),(68,9,10,1,122,128,'T','T','T',0),(69,9,9,14,98,42,'T','T','T',0),(70,9,7,2,111,102,'T','T','T',0),(71,9,16,15,103,107,'T','T','T',0),(72,9,12,8,115,144,'T','T','T',0),(73,10,6,13,116,149,'T','T','T',0),(74,10,14,8,115,158,'T','T','T',0),(75,10,15,1,118,56,'T','T','T',0),(76,10,5,2,116,113,'T','T','T',0),(77,10,3,7,103,136,'T','T','T',0),(78,10,10,4,146,190,'T','T','T',0),(79,10,9,12,121,114,'T','T','T',0),(80,10,11,16,139,117,'T','T','T',0),(81,11,6,5,109,205,'T','T','T',1),(82,11,14,15,146,84,'T','T','T',1),(83,11,8,13,139,121,'T','T','T',1),(84,11,1,2,149,136,'T','T','T',1),(85,11,3,11,125,144,'T','T','T',1),(86,11,10,9,133,127,'T','T','T',1),(87,11,4,7,140,126,'T','T','T',1),(88,11,12,16,133,143,'T','T','T',1),(89,12,6,14,130,84,'T','T','T',1),(90,12,15,5,66,108,'T','T','T',1),(91,12,8,1,139,75,'T','T','T',1),(92,12,2,13,147,163,'T','T','T',1),(93,12,3,10,216.5,142,'T','T','T',1),(94,12,9,11,120,137,'T','T','T',1),(95,12,4,12,114,109,'T','T','T',1),(96,12,16,7,111,151,'T','T','T',1),(97,13,6,15,135,105,'T','T','T',1),(98,13,14,5,108,197,'T','T','T',1),(99,13,8,2,129,156,'T','T','T',1),(100,13,1,13,92,171,'T','T','T',1),(101,13,3,9,168,172,'T','T','T',1),(102,13,10,11,68,131,'T','T','T',1),(103,13,4,16,133,169,'T','T','T',1),(104,13,12,7,82,40,'T','T','T',1),(105,14,11,7,142.5,126,'T','T','T',0),(106,14,4,0,0,0,'F','F','F',0),(107,14,8,0,106,0,'F','F','F',0),(108,14,5,13,151,137,'T','T','T',0),(109,15,8,5,178,127,'T','T','T',0),(110,15,4,11,124,136,'T','T','T',0),(111,16,8,11,175,123,'T','T','T',0);

--
-- Table structure for table `nfl_standings`
--

CREATE TABLE `nfl_standings` (
  `rotiss_team_id` int(10) unsigned NOT NULL DEFAULT '0',
  `wins` int(10) unsigned NOT NULL DEFAULT '0',
  `losses` int(10) unsigned NOT NULL DEFAULT '0',
  `ties` int(11) NOT NULL DEFAULT '0',
  `percentage` decimal(4,3) NOT NULL DEFAULT '0.000',
  `points_for_tot` double unsigned NOT NULL DEFAULT '0',
  `points_ag_tot` double unsigned NOT NULL DEFAULT '0',
  `division_wins` int(10) unsigned NOT NULL DEFAULT '0',
  `division_losses` int(10) unsigned NOT NULL DEFAULT '0',
  `division_ties` int(11) NOT NULL DEFAULT '0',
  PRIMARY KEY (`rotiss_team_id`)
) ENGINE=MyISAM DEFAULT CHARSET=latin1 COMMENT='Rotiss Standings';

--
-- Dumping data for table `nfl_standings`
--

INSERT INTO `nfl_standings` VALUES (1,6,7,0,0.462,1462,1718,3,3,0),(2,5,8,0,0.385,1778,1754,2,4,0),(3,6,7,0,0.462,1898.5,1759,3,3,0),(4,10,4,0,0.714,1877,1716.5,4,2,0),(5,10,5,0,0.667,2281,2016,5,1,0),(6,5,8,0,0.385,1556,1669,3,3,0),(7,7,7,0,0.500,1638.5,1633,2,4,0),(8,12,3,0,0.800,2282,1893,4,2,0),(9,7,6,0,0.538,1741.5,1680.5,3,3,0),(10,4,9,0,0.308,1585.5,1785.5,1,5,0),(11,11,5,0,0.688,2064.5,1948.5,5,1,0),(12,6,7,0,0.462,1705,1584,3,3,0),(13,6,8,0,0.429,1950,1824.5,3,3,0),(14,4,9,0,0.308,1380.5,1658.5,4,2,0),(15,4,9,0,0.308,1262.5,1631,0,6,0),(16,6,7,0,0.462,1549,1740.5,3,3,0);

--
-- Table structure for table `nfl_taken_player`
--

CREATE TABLE `nfl_taken_player` (
  `takenid` int(11) NOT NULL AUTO_INCREMENT,
  `nfl_player_id` int(11) NOT NULL DEFAULT '0',
  `rotiss_team_id` int(11) NOT NULL DEFAULT '0',
  `starter` int(11) NOT NULL DEFAULT '0',
  `week_num` int(11) NOT NULL DEFAULT '1',
  PRIMARY KEY (`takenid`)
) ENGINE=MyISAM AUTO_INCREMENT=7389 DEFAULT CHARSET=latin1 COMMENT='Taken Players';

--
-- Dumping data for table `nfl_taken_player`
--

INSERT INTO `nfl_taken_player` VALUES (1,100,4,1,1),(2,100,4,1,2),(3,100,4,1,3),(4,100,4,1,4),(5,100,4,1,5),(6,100,4,1,6),(7,100,4,1,7),(8,100,4,0,8),(9,100,4,1,9),(10,100,4,1,10),(11,100,4,1,11),(12,100,4,1,12),(13,100,4,1,13),(14,100,4,1,14),(15,100,4,1,15),(16,100,4,1,16),(17,100,4,1,17),(18,326,3,1,1),(19,326,3,1,2),(20,326,3,1,3),(21,326,3,1,4),(22,326,3,1,5),(23,326,3,1,6),(24,326,3,1,7),(25,326,3,1,8),(26,326,3,1,9),(27,326,3,0,10),(28,326,3,1,11),(29,326,3,1,12),(30,326,3,1,13),(31,326,3,1,14),(32,326,3,1,15),(33,326,3,1,16),(34,326,3,1,17),(35,56,11,1,1),(36,56,11,1,2),(37,56,11,1,3),(38,56,11,1,4),(39,56,11,0,5),(40,56,11,1,6),(41,56,11,1,7),(42,56,11,1,8),(7387,725,11,1,16),(6869,531,11,0,15),(6868,531,11,0,14),(6867,531,11,0,13),(6866,531,11,0,12),(6865,531,11,0,11),(6864,531,11,0,10),(6863,531,11,1,9),(52,148,8,1,1),(53,148,8,1,2),(54,148,8,1,3),(55,148,8,1,4),(56,148,8,1,5),(57,148,8,1,6),(58,148,8,1,7),(59,148,8,0,8),(60,148,8,1,9),(61,148,8,1,10),(62,148,8,1,11),(63,148,8,1,12),(64,148,8,1,13),(65,148,8,1,14),(66,148,8,1,15),(67,148,8,1,16),(68,148,8,1,17),(69,232,16,1,1),(70,232,16,1,2),(71,232,16,1,3),(72,232,16,1,4),(73,232,16,0,5),(74,232,16,1,6),(75,232,16,1,7),(76,232,12,1,8),(77,232,12,0,9),(7213,816,12,0,16),(7212,816,12,0,15),(7211,816,12,0,14),(7210,816,12,0,13),(7209,816,12,0,12),(7208,816,12,0,11),(6997,1712,6,1,10),(86,107,9,1,1),(87,107,9,1,2),(88,107,9,1,3),(89,107,9,1,4),(90,107,9,1,5),(91,107,9,0,6),(92,107,9,1,7),(93,107,9,1,8),(94,107,9,1,9),(95,107,9,1,10),(96,107,9,0,11),(7268,87,13,1,16),(7267,87,13,1,15),(7266,87,13,1,14),(7265,87,13,1,13),(7264,87,13,1,12),(103,266,12,1,1),(104,266,12,1,2),(105,266,12,1,3),(106,266,12,1,4),(107,266,12,1,5),(108,266,12,1,6),(109,266,12,1,7),(110,266,16,1,8),(111,266,16,0,9),(112,266,16,1,10),(113,266,16,1,11),(114,266,16,1,12),(115,266,16,1,13),(116,266,16,1,14),(117,266,16,1,15),(118,266,16,1,16),(119,266,16,1,17),(120,141,7,1,1),(121,141,7,1,2),(122,141,7,0,3),(123,141,7,1,4),(124,141,7,0,5),(125,141,7,0,6),(126,141,7,0,7),(127,141,7,0,8),(128,141,7,1,9),(129,141,7,1,10),(130,141,7,1,11),(131,141,7,0,12),(132,141,7,0,13),(133,141,7,1,14),(134,141,7,1,15),(135,141,7,1,16),(136,141,7,1,17),(137,240,5,1,1),(138,240,5,1,2),(139,240,5,1,3),(140,240,5,1,4),(141,240,5,1,5),(142,240,5,1,6),(143,240,5,1,7),(144,240,5,0,8),(145,240,5,0,9),(146,240,5,1,10),(147,240,5,1,11),(148,240,5,1,12),(149,240,5,1,13),(150,240,5,1,14),(151,240,5,1,15),(152,240,5,1,16),(153,240,5,1,17),(154,73,10,1,1),(155,73,10,1,2),(156,73,10,1,3),(157,73,10,0,4),(158,73,10,0,5),(159,73,10,0,6),(160,73,10,0,7),(161,73,10,0,8),(162,73,10,0,9),(163,73,10,0,10),(164,73,10,0,11),(165,73,10,0,12),(166,73,10,0,13),(167,73,10,0,14),(168,73,10,0,15),(169,73,10,0,16),(170,73,10,0,17),(171,50,14,1,1),(172,50,14,1,2),(173,50,14,1,3),(174,50,14,1,4),(175,50,14,1,5),(176,50,14,1,6),(177,50,14,1,7),(178,50,14,1,8),(179,50,14,1,9),(180,50,14,1,10),(181,50,14,1,11),(182,50,14,1,12),(183,50,14,1,13),(184,50,14,1,14),(185,50,14,1,15),(186,50,14,1,16),(187,50,14,1,17),(188,256,1,1,1),(189,256,1,1,2),(190,256,1,0,3),(191,256,1,0,4),(192,256,1,1,5),(193,256,1,1,6),(194,256,8,1,7),(195,256,8,1,8),(196,256,8,1,9),(197,256,8,1,10),(198,256,8,1,11),(199,256,8,1,12),(200,256,8,1,13),(201,256,8,1,14),(202,256,8,0,15),(203,256,8,1,16),(204,256,8,1,17),(205,188,6,1,1),(206,188,6,1,2),(207,188,6,0,3),(208,188,6,1,4),(209,188,6,1,5),(210,188,6,1,6),(211,188,6,1,7),(212,188,13,1,8),(213,188,13,1,9),(214,188,13,0,10),(215,188,9,1,11),(216,188,9,1,12),(217,188,9,1,13),(218,188,9,1,14),(219,188,9,1,15),(220,188,9,1,16),(221,188,9,1,17),(222,294,2,1,1),(223,294,2,1,2),(224,294,2,0,3),(225,294,2,1,4),(226,294,2,1,5),(227,294,2,1,6),(228,294,2,1,7),(229,294,2,1,8),(230,294,2,1,9),(231,294,2,1,10),(232,294,2,1,11),(233,294,2,1,12),(234,294,2,1,13),(235,294,2,1,14),(236,294,2,1,15),(237,294,2,1,16),(238,294,2,1,17),(239,263,13,1,1),(240,263,13,1,2),(241,263,13,1,3),(242,263,13,1,4),(243,263,13,1,5),(7207,1715,9,1,16),(7206,1715,9,1,15),(7205,1715,9,1,14),(7204,1715,9,1,13),(7203,1715,9,1,12),(7202,1715,9,1,11),(6816,239,9,1,10),(6815,239,9,1,9),(5769,311,13,1,8),(5768,311,13,1,7),(5767,311,13,0,6),(256,63,15,1,1),(257,63,15,1,2),(258,63,15,1,3),(259,63,15,1,4),(260,63,15,1,5),(261,63,15,1,6),(262,63,15,1,7),(263,63,15,1,8),(264,63,15,1,9),(265,63,15,1,10),(266,63,15,1,11),(267,63,15,1,12),(268,63,15,1,13),(269,63,15,1,14),(270,63,15,1,15),(271,63,15,1,16),(272,63,15,1,17),(273,490,15,1,1),(274,490,15,1,2),(275,490,15,1,3),(276,490,15,1,4),(277,490,15,1,5),(278,490,15,1,6),(279,490,15,1,7),(280,490,15,1,8),(281,490,15,1,9),(282,490,15,1,10),(283,490,15,1,11),(284,490,15,1,12),(285,490,15,1,13),(286,490,15,1,14),(287,490,15,1,15),(288,490,15,1,16),(289,490,15,1,17),(290,244,13,1,1),(291,244,13,1,2),(292,244,13,1,3),(293,244,13,1,4),(294,244,13,0,5),(295,244,13,1,6),(296,244,13,1,7),(297,244,6,1,8),(298,244,6,1,9),(299,244,6,0,10),(300,244,6,1,11),(301,244,6,1,12),(302,244,6,1,13),(303,244,6,1,14),(304,244,6,1,15),(305,244,6,1,16),(306,244,6,1,17),(307,246,2,1,1),(308,246,2,1,2),(309,246,2,1,3),(310,246,2,1,4),(311,246,2,1,5),(312,246,2,0,6),(313,246,2,0,7),(314,246,2,0,8),(315,246,2,0,9),(316,246,13,1,10),(317,246,13,1,11),(318,246,13,1,12),(319,246,13,1,13),(320,246,13,1,14),(321,246,13,1,15),(322,246,13,1,16),(323,246,13,1,17),(324,118,6,1,1),(325,118,6,1,2),(326,118,6,1,3),(6798,367,4,1,16),(6797,367,4,1,15),(6796,367,4,1,14),(6795,367,4,0,13),(6794,367,4,0,12),(6793,367,4,1,11),(6792,367,4,1,10),(6791,367,4,1,9),(6523,1109,16,1,8),(6104,368,16,0,7),(5311,1109,16,1,6),(5310,1109,16,1,5),(5062,1713,7,1,4),(341,501,1,1,1),(342,501,1,1,2),(343,501,1,1,3),(344,501,1,1,4),(345,501,1,1,5),(346,501,1,1,6),(347,501,1,1,7),(348,501,1,1,8),(349,501,1,1,9),(350,501,1,1,10),(351,501,1,0,11),(352,501,1,0,12),(7300,456,1,1,16),(7299,456,1,1,15),(7298,456,1,1,14),(7297,456,1,1,13),(358,192,14,1,1),(359,192,14,1,2),(360,192,14,1,3),(361,192,14,1,4),(362,192,14,1,5),(363,192,14,1,6),(364,192,14,1,7),(365,192,14,1,8),(366,192,14,1,9),(367,192,14,1,10),(368,192,14,1,11),(369,192,14,1,12),(370,192,14,1,13),(371,192,14,1,14),(372,192,14,1,15),(373,192,14,1,16),(374,192,14,1,17),(375,157,10,1,1),(376,157,10,1,2),(377,157,10,1,3),(378,157,10,1,4),(379,157,10,0,5),(380,157,10,1,6),(381,157,10,1,7),(382,157,10,1,8),(383,157,10,1,9),(384,157,10,1,10),(385,157,11,1,11),(386,157,11,1,12),(387,157,11,1,13),(388,157,11,1,14),(389,157,11,1,15),(390,157,11,1,16),(391,157,11,1,17),(392,259,5,1,1),(393,259,5,1,2),(394,259,5,0,3),(395,259,5,1,4),(396,259,5,1,5),(397,259,5,1,6),(398,259,5,1,7),(399,259,5,0,8),(400,259,5,0,9),(401,259,5,1,10),(402,259,5,0,11),(403,259,5,0,12),(404,259,5,0,13),(405,259,5,0,14),(7381,271,5,0,16),(7380,271,5,0,15),(409,368,7,1,1),(410,368,7,1,2),(7352,1706,6,1,16),(7351,1706,6,1,15),(7350,1706,6,1,14),(7349,1706,6,1,13),(6029,412,8,0,12),(6028,412,8,0,11),(6027,412,8,0,10),(6026,412,8,0,9),(6025,412,8,1,8),(6024,412,8,0,7),(5657,367,3,1,6),(4738,661,12,1,5),(4737,661,12,1,4),(426,54,12,1,1),(427,54,12,1,2),(428,54,12,1,3),(429,54,12,1,4),(430,54,12,0,5),(431,54,12,1,6),(432,54,12,1,7),(433,54,12,1,8),(434,54,12,1,9),(435,54,12,1,10),(436,54,12,1,11),(437,54,12,1,12),(438,54,12,1,13),(439,54,12,1,14),(440,54,12,1,15),(441,54,12,1,16),(442,54,12,1,17),(443,160,9,1,1),(444,160,9,1,2),(445,160,9,0,3),(446,160,9,0,4),(447,160,9,0,5),(448,160,9,1,6),(449,160,9,1,7),(450,160,9,1,8),(451,160,9,0,9),(452,160,9,1,10),(453,160,9,1,11),(454,160,9,0,12),(455,160,9,0,13),(456,160,9,0,14),(457,160,9,0,15),(458,160,9,0,16),(459,160,9,0,17),(460,216,16,1,1),(461,216,16,1,2),(462,216,16,1,3),(463,216,16,0,4),(464,216,16,1,5),(465,216,16,0,6),(466,216,16,0,7),(7045,1696,7,1,16),(7044,1696,7,1,15),(7043,1696,7,1,14),(7042,1696,7,1,13),(7041,1696,7,1,12),(7040,1696,7,1,11),(7039,1696,7,1,10),(6443,476,10,0,9),(6442,476,10,0,8),(477,447,8,1,1),(478,447,8,1,2),(479,447,8,1,3),(480,447,8,1,4),(481,447,8,1,5),(482,447,8,1,6),(483,447,8,1,7),(484,447,8,1,8),(485,447,8,1,9),(486,447,8,0,10),(487,447,8,1,11),(488,447,8,1,12),(489,447,8,1,13),(490,447,8,1,14),(491,447,8,1,15),(492,447,8,1,16),(493,447,8,1,17),(494,445,11,1,1),(495,445,11,1,2),(496,445,11,0,3),(497,445,11,1,4),(498,445,11,0,5),(499,445,11,0,6),(500,445,11,0,7),(501,445,11,0,8),(502,445,11,0,9),(503,445,11,1,10),(504,445,11,1,11),(505,445,11,1,12),(506,445,11,1,13),(507,445,11,1,14),(508,445,11,1,15),(509,445,11,0,16),(510,445,11,0,17),(511,428,3,1,1),(512,428,3,1,2),(513,428,3,1,3),(514,428,3,1,4),(515,428,3,1,5),(516,428,3,1,6),(517,428,3,1,7),(518,428,3,0,8),(519,428,3,1,9),(520,428,3,1,10),(521,428,3,1,11),(522,428,3,1,12),(523,428,3,1,13),(524,428,3,1,14),(525,428,3,1,15),(526,428,3,1,16),(527,428,3,1,17),(528,433,4,1,1),(529,433,4,1,2),(530,433,4,1,3),(531,433,4,1,4),(532,433,4,1,5),(533,433,4,1,6),(534,433,4,1,7),(535,433,4,1,8),(536,433,4,0,9),(537,433,4,0,10),(538,433,4,1,11),(539,433,4,1,12),(540,433,4,1,13),(541,433,4,1,14),(542,433,4,1,15),(543,433,4,1,16),(544,433,4,1,17),(545,551,11,1,1),(546,551,11,1,2),(547,551,11,1,3),(548,551,11,0,4),(549,551,11,1,5),(550,551,11,1,6),(551,551,11,1,7),(552,551,11,1,8),(553,551,11,1,9),(554,551,11,1,10),(555,551,5,1,11),(556,551,5,1,12),(557,551,5,1,13),(558,551,5,1,14),(559,551,5,1,15),(560,551,5,1,16),(561,551,5,1,17),(562,547,3,1,1),(4196,1693,3,1,16),(4195,1693,3,1,15),(4194,1693,3,1,14),(4193,1693,3,1,13),(4192,1693,3,1,12),(4191,1693,3,1,11),(4190,1693,3,1,10),(4189,1693,3,1,9),(4188,1693,3,0,8),(4187,1693,3,1,7),(4186,1693,3,0,6),(4185,1693,3,1,5),(4184,1693,3,1,4),(4183,1693,3,1,3),(4182,1693,3,0,2),(579,247,12,1,1),(580,247,12,1,2),(581,247,12,0,3),(582,247,12,1,4),(583,247,12,0,5),(584,247,12,1,6),(585,247,12,0,7),(586,247,12,0,8),(587,247,12,1,9),(588,247,12,1,10),(589,247,12,1,11),(590,247,12,1,12),(591,247,12,1,13),(592,247,12,1,14),(593,247,12,1,15),(594,247,12,1,16),(595,247,12,1,17),(596,435,14,1,1),(597,435,14,1,2),(598,435,14,1,3),(599,435,14,1,4),(600,435,14,1,5),(601,435,14,1,6),(602,435,14,1,7),(603,435,14,1,8),(604,435,14,1,9),(605,435,14,1,10),(606,435,14,1,11),(607,435,14,1,12),(608,435,14,1,13),(609,435,14,1,14),(610,435,14,1,15),(611,435,14,1,16),(612,435,14,1,17),(613,45,5,1,1),(614,45,5,1,2),(615,45,5,1,3),(616,45,5,1,4),(617,45,5,1,5),(618,45,5,1,6),(619,45,5,0,7),(620,45,5,0,8),(621,45,5,0,9),(622,45,5,1,10),(623,45,5,1,11),(624,45,5,1,12),(625,45,5,1,13),(626,45,5,1,14),(627,45,5,1,15),(628,45,5,1,16),(629,45,5,1,17),(630,332,15,1,1),(631,332,15,1,2),(632,332,15,1,3),(633,332,15,1,4),(634,332,15,1,5),(635,332,15,1,6),(636,332,15,1,7),(637,332,15,1,8),(638,332,15,1,9),(639,332,15,1,10),(640,332,15,1,11),(641,332,15,1,12),(642,332,15,1,13),(643,332,15,1,14),(644,332,15,1,15),(645,332,15,1,16),(646,332,15,1,17),(647,617,16,1,1),(648,617,16,1,2),(649,617,16,1,3),(650,617,16,1,4),(651,617,16,0,5),(652,617,16,1,6),(653,617,16,1,7),(654,617,12,1,8),(655,617,12,1,9),(656,617,12,1,10),(657,617,12,1,11),(658,617,12,1,12),(659,617,12,1,13),(660,617,12,1,14),(661,617,12,1,15),(662,617,12,1,16),(663,617,12,1,17),(664,350,6,1,1),(665,350,6,1,2),(666,350,6,1,3),(667,350,6,1,4),(668,350,6,1,5),(669,350,6,1,6),(670,350,6,1,7),(671,350,6,0,8),(672,350,6,0,9),(673,350,6,0,10),(674,350,6,0,11),(675,350,6,1,12),(676,350,6,1,13),(677,350,6,1,14),(678,350,6,1,15),(679,350,6,1,16),(680,350,6,1,17),(681,249,7,1,1),(682,249,7,1,2),(683,249,7,1,3),(684,249,7,1,4),(685,249,7,0,5),(686,249,7,1,6),(687,249,7,1,7),(688,249,7,1,8),(689,249,7,1,9),(690,249,7,1,10),(691,249,7,1,11),(692,249,7,1,12),(693,249,7,1,13),(694,249,7,1,14),(695,249,7,1,15),(696,249,7,1,16),(697,249,7,1,17),(698,556,2,1,1),(699,556,2,1,2),(700,556,2,1,3),(701,556,2,1,4),(702,556,2,1,5),(703,556,2,1,6),(704,556,2,1,7),(705,556,2,0,8),(706,556,2,1,9),(707,556,2,1,10),(708,556,2,1,11),(709,556,2,1,12),(710,556,2,1,13),(711,556,2,1,14),(712,556,2,1,15),(713,556,2,1,16),(714,556,2,1,17),(715,237,10,1,1),(716,237,10,1,2),(717,237,10,1,3),(718,237,10,1,4),(719,237,10,1,5),(720,237,10,1,6),(721,237,10,1,7),(722,237,10,1,8),(723,237,10,0,9),(724,237,10,1,10),(725,237,10,1,11),(726,237,10,1,12),(727,237,10,1,13),(728,237,10,1,14),(729,237,10,1,15),(730,237,10,1,16),(731,237,10,1,17),(732,195,4,1,1),(733,195,4,1,2),(734,195,4,1,3),(735,195,4,1,4),(736,195,4,1,5),(737,195,4,1,6),(738,195,4,1,7),(739,195,4,0,8),(740,195,4,1,9),(741,195,4,1,10),(742,195,4,1,11),(743,195,4,1,12),(744,195,4,1,13),(745,195,4,1,14),(746,195,4,1,15),(747,195,4,1,16),(748,195,4,1,17),(749,615,1,0,1),(750,615,1,1,2),(751,615,1,1,3),(752,615,1,1,4),(753,615,1,1,5),(754,615,1,1,6),(755,615,1,1,7),(756,615,1,1,8),(757,615,1,1,9),(758,615,1,1,10),(759,615,1,1,11),(760,615,1,1,12),(761,615,1,1,13),(762,615,1,1,14),(763,615,1,1,15),(764,615,1,1,16),(765,615,1,1,17),(766,439,9,1,1),(767,439,9,1,2),(768,439,9,1,3),(769,439,9,1,4),(770,439,9,0,5),(771,439,9,0,6),(772,439,9,0,7),(773,439,9,0,8),(774,439,9,0,9),(775,439,9,0,10),(776,439,9,0,11),(777,439,9,0,12),(778,439,9,0,13),(779,439,9,0,14),(780,439,9,0,15),(781,439,9,0,16),(782,439,9,0,17),(783,81,8,1,1),(784,81,8,1,2),(785,81,8,1,3),(786,81,8,1,4),(787,81,8,1,5),(788,81,8,1,6),(789,81,8,1,7),(790,81,8,0,8),(791,81,8,1,9),(792,81,8,1,10),(793,81,8,1,11),(794,81,8,1,12),(795,81,8,1,13),(796,81,8,1,14),(797,81,8,1,15),(798,81,8,1,16),(799,81,8,1,17),(6996,773,12,1,16),(6995,773,12,1,15),(6994,773,12,1,14),(6993,773,12,1,13),(6992,773,12,1,12),(6991,773,12,1,11),(6990,773,6,1,10),(6663,1669,13,1,9),(6604,623,9,1,8),(6264,858,4,1,7),(4036,690,4,1,6),(4035,690,4,1,5),(4034,690,4,1,4),(4033,690,4,0,3),(4032,690,4,0,2),(3826,577,1,1,1),(817,565,13,1,1),(818,565,13,1,2),(819,565,13,0,3),(820,565,13,0,4),(821,565,13,0,5),(822,565,13,0,6),(823,565,13,0,7),(824,565,6,0,8),(825,565,6,1,9),(7032,1697,10,1,10),(7201,283,5,0,16),(7200,283,5,0,15),(7199,283,5,0,14),(7198,283,5,0,13),(7197,283,5,0,12),(7196,283,5,0,11),(7011,368,5,0,10),(834,335,8,1,1),(835,335,8,1,2),(836,335,8,1,3),(837,335,8,1,4),(838,335,8,1,5),(839,335,8,1,6),(840,335,1,0,7),(841,335,1,1,8),(842,335,1,1,9),(843,335,1,1,10),(844,335,1,1,11),(845,335,1,1,12),(846,335,1,1,13),(847,335,1,1,14),(848,335,1,1,15),(849,335,1,1,16),(850,335,1,1,17),(851,595,9,1,1),(852,595,9,1,2),(853,595,9,1,3),(854,595,9,1,4),(855,595,9,1,5),(856,595,9,1,6),(857,595,9,1,7),(858,595,9,0,8),(859,595,9,1,9),(860,595,9,1,10),(861,595,13,1,11),(862,595,13,1,12),(863,595,13,1,13),(864,595,13,1,14),(865,595,13,1,15),(866,595,13,1,16),(867,595,13,1,17),(868,405,1,1,1),(869,405,1,1,2),(870,405,1,1,3),(871,405,1,1,4),(872,405,1,1,5),(873,405,1,1,6),(874,405,8,1,7),(875,405,8,1,8),(876,405,8,1,9),(877,405,8,1,10),(878,405,8,1,11),(879,405,8,1,12),(880,405,8,1,13),(881,405,8,1,14),(882,405,8,1,15),(883,405,8,1,16),(884,405,8,1,17),(885,189,4,1,1),(886,189,4,1,2),(887,189,4,1,3),(888,189,4,1,4),(889,189,4,1,5),(890,189,4,1,6),(891,189,4,0,7),(892,189,4,1,8),(893,189,4,1,9),(894,189,4,1,10),(895,189,4,1,11),(896,189,4,1,12),(897,189,4,1,13),(898,189,4,0,14),(899,189,4,0,15),(900,189,4,0,16),(901,189,4,0,17),(902,676,10,1,1),(903,676,10,1,2),(904,676,10,1,3),(905,676,10,1,4),(906,676,10,0,5),(907,676,10,1,6),(908,676,10,1,7),(909,676,10,1,8),(910,676,10,1,9),(911,676,10,1,10),(912,676,10,1,11),(913,676,10,1,12),(914,676,10,1,13),(915,676,10,1,14),(916,676,10,1,15),(917,676,10,1,16),(918,676,10,1,17),(919,697,2,1,1),(920,697,2,1,2),(921,697,2,1,3),(922,697,2,1,4),(923,697,2,1,5),(924,697,2,1,6),(925,697,2,1,7),(926,697,2,1,8),(927,697,2,0,9),(928,697,2,1,10),(929,697,2,1,11),(930,697,2,1,12),(931,697,2,1,13),(932,697,2,1,14),(933,697,2,1,15),(934,697,2,1,16),(935,697,2,1,17),(936,528,7,1,1),(937,528,7,1,2),(938,528,7,1,3),(939,528,7,1,4),(940,528,7,1,5),(941,528,7,1,6),(942,528,7,1,7),(943,528,7,1,8),(944,528,7,0,9),(945,528,7,1,10),(946,528,7,1,11),(947,528,7,1,12),(948,528,7,1,13),(949,528,7,1,14),(950,528,7,1,15),(951,528,7,1,16),(952,528,7,1,17),(953,732,6,1,1),(954,732,6,1,2),(955,732,6,1,3),(956,732,6,1,4),(957,732,6,1,5),(958,732,6,1,6),(959,732,6,1,7),(960,732,6,1,8),(961,732,6,1,9),(962,732,6,0,10),(963,732,6,1,11),(964,732,6,1,12),(965,732,6,1,13),(966,732,6,1,14),(967,732,6,1,15),(968,732,6,1,16),(969,732,6,1,17),(970,471,16,1,1),(971,471,16,1,2),(972,471,16,0,3),(973,471,16,1,4),(974,471,16,1,5),(975,471,16,1,6),(976,471,16,1,7),(977,471,16,0,8),(978,471,16,1,9),(979,471,16,1,10),(980,471,16,1,11),(981,471,16,0,12),(982,471,16,0,13),(983,471,16,0,14),(984,471,16,0,15),(985,471,16,0,16),(986,471,16,0,17),(987,382,15,1,1),(988,382,15,1,2),(989,382,15,1,3),(990,382,15,1,4),(991,382,15,1,5),(992,382,15,1,6),(993,382,15,1,7),(994,382,15,1,8),(995,382,15,1,9),(996,382,15,1,10),(997,382,15,1,11),(998,382,15,1,12),(999,382,15,1,13),(1000,382,15,1,14),(1001,382,15,1,15),(1002,382,15,1,16),(1003,382,15,1,17),(1004,529,5,1,1),(1005,529,5,1,2),(1006,529,5,1,3),(1007,529,5,1,4),(1008,529,5,1,5),(1009,529,5,1,6),(1010,529,5,0,7),(1011,529,5,1,8),(1012,529,5,1,9),(1013,529,5,1,10),(1014,529,5,1,11),(1015,529,5,1,12),(1016,529,5,1,13),(1017,529,5,1,14),(1018,529,5,1,15),(1019,529,5,1,16),(1020,529,5,1,17),(1021,169,14,1,1),(1022,169,14,0,2),(1023,169,14,0,3),(1024,169,14,0,4),(1025,169,14,0,5),(1026,169,14,0,6),(1027,169,14,0,7),(1028,169,14,0,8),(1029,169,14,0,9),(1030,169,14,0,10),(1031,169,14,0,11),(1032,169,14,0,12),(1033,169,14,0,13),(1034,169,14,0,14),(1035,169,14,0,15),(1036,169,14,0,16),(1037,169,14,0,17),(1038,354,12,0,1),(1039,354,12,0,2),(1040,354,12,1,3),(1041,354,12,1,4),(1042,354,12,1,5),(1043,354,12,0,6),(1044,354,12,1,7),(1045,354,16,1,8),(1046,354,16,0,9),(1047,354,16,0,10),(1048,354,16,1,11),(1049,354,16,1,12),(1050,354,16,1,13),(1051,354,16,1,14),(1052,354,16,1,15),(1053,354,16,1,16),(1054,354,16,1,17),(1055,622,3,1,1),(1056,622,3,1,2),(1057,622,3,0,3),(1058,622,3,1,4),(1059,622,3,1,5),(1060,622,3,1,6),(1061,622,3,1,7),(1062,622,3,1,8),(1063,622,3,1,9),(1064,622,3,1,10),(1065,622,3,1,11),(1066,622,3,1,12),(1067,622,3,1,13),(1068,622,3,1,14),(1069,622,3,1,15),(1070,622,3,1,16),(1071,622,3,1,17),(1072,172,11,1,1),(1073,172,11,1,2),(1074,172,11,1,3),(1075,172,11,0,4),(1076,172,11,1,5),(1077,172,11,1,6),(1078,172,11,1,7),(1079,172,11,1,8),(1080,172,11,1,9),(1081,172,11,1,10),(1082,172,11,1,11),(1083,172,11,1,12),(1084,172,11,1,13),(1085,172,11,1,14),(1086,172,11,1,15),(1087,172,11,0,16),(1088,172,11,0,17),(1089,692,7,1,1),(1090,692,7,1,2),(1091,692,7,1,3),(1092,692,7,1,4),(1093,692,7,0,5),(1094,692,7,1,6),(1095,692,7,1,7),(1096,692,7,1,8),(1097,692,7,1,9),(1098,692,7,1,10),(1099,692,7,1,11),(1100,692,7,1,12),(1101,692,7,1,13),(1102,692,7,1,14),(1103,692,7,1,15),(1104,692,7,1,16),(1105,692,7,1,17),(1106,526,14,1,1),(1107,526,14,1,2),(1108,526,14,1,3),(1109,526,14,1,4),(1110,526,14,1,5),(1111,526,14,1,6),(1112,526,14,1,7),(1113,526,14,1,8),(1114,526,14,1,9),(1115,526,14,1,10),(1116,526,14,1,11),(1117,526,14,1,12),(1118,526,14,1,13),(1119,526,14,1,14),(1120,526,14,1,15),(1121,526,14,1,16),(1122,526,14,1,17),(1123,510,13,0,1),(1124,510,13,1,2),(1125,510,13,1,3),(1126,510,13,0,4),(1127,510,13,0,5),(1128,510,13,1,6),(1129,510,13,1,7),(1130,510,6,1,8),(1131,510,6,1,9),(1132,510,6,1,10),(1133,510,6,1,11),(1134,510,6,1,12),(1135,510,6,1,13),(1136,510,6,1,14),(1137,510,6,1,15),(1138,510,6,1,16),(1139,510,6,1,17),(1140,838,2,1,1),(1141,838,2,1,2),(1142,838,2,0,3),(1143,838,2,1,4),(1144,838,2,1,5),(1145,838,2,1,6),(1146,838,2,1,7),(1147,838,2,0,8),(1148,838,2,0,9),(1149,838,2,0,10),(7140,690,5,1,16),(7139,690,5,1,15),(7138,690,5,1,14),(7137,690,5,1,13),(7136,690,5,1,12),(7135,690,5,1,11),(1157,1688,3,1,1),(1158,1688,3,1,2),(1159,1688,3,0,3),(1160,1688,3,0,4),(1161,1688,3,0,5),(1162,1688,3,1,6),(1163,1688,3,0,7),(1164,1688,3,1,8),(1165,1688,3,0,9),(1166,1688,3,0,10),(1167,1688,3,0,11),(1168,1688,3,0,12),(1169,1688,3,0,13),(1170,1688,3,0,14),(1171,1688,3,0,15),(1172,1688,3,0,16),(1173,1688,3,0,17),(1174,392,5,1,1),(1175,392,5,1,2),(1176,392,5,1,3),(1177,392,5,1,4),(1178,392,5,1,5),(1179,392,5,0,6),(1180,392,5,1,7),(1181,392,5,1,8),(1182,392,5,1,9),(1183,392,5,1,10),(1184,392,5,1,11),(1185,392,5,1,12),(1186,392,5,1,13),(1187,392,5,1,14),(1188,392,5,1,15),(1189,392,5,1,16),(1190,392,5,1,17),(1191,369,12,1,1),(1192,369,12,1,2),(1193,369,12,1,3),(1194,369,12,1,4),(1195,369,12,0,5),(1196,369,12,1,6),(1197,369,12,1,7),(1198,369,12,1,8),(1199,369,12,1,9),(1200,369,12,1,10),(1201,369,12,1,11),(1202,369,12,1,12),(1203,369,12,1,13),(1204,369,12,1,14),(1205,369,12,1,15),(1206,369,12,1,16),(1207,369,12,1,17),(1208,462,8,1,1),(1209,462,8,1,2),(1210,462,8,1,3),(1211,462,8,1,4),(1212,462,8,1,5),(1213,462,8,1,6),(1214,462,1,1,7),(6559,1284,1,1,8),(7116,399,2,1,16),(7115,399,2,1,15),(7114,399,2,1,14),(7113,399,2,1,13),(7112,399,2,1,12),(6570,891,1,0,10),(6569,891,1,0,9),(6568,891,1,1,8),(1225,1411,10,1,1),(1226,1411,10,1,2),(1227,1411,10,0,3),(1228,1411,10,1,4),(1229,1411,10,1,5),(1230,1411,10,1,6),(1231,1411,10,0,7),(6758,561,12,0,16),(6757,561,12,0,15),(6756,561,12,0,14),(6755,561,12,0,13),(6754,561,12,0,12),(6753,561,12,0,11),(6752,561,12,1,10),(6751,561,12,0,9),(6586,562,12,0,8),(1242,120,16,1,1),(1243,120,16,1,2),(1244,120,16,1,3),(1245,120,16,1,4),(1246,120,16,1,5),(1247,120,16,1,6),(1248,120,16,1,7),(1249,120,16,1,8),(1250,120,16,0,9),(1251,120,16,1,10),(1252,120,16,1,11),(1253,120,16,1,12),(1254,120,16,1,13),(1255,120,16,1,14),(1256,120,16,1,15),(1257,120,16,1,16),(1258,120,16,1,17),(1259,1684,11,1,1),(1260,1684,11,1,2),(1261,1684,11,1,3),(1262,1684,11,1,4),(1263,1684,11,1,5),(1264,1684,11,1,6),(1265,1684,11,1,7),(1266,1684,11,0,8),(1267,1684,11,0,9),(1268,1684,11,0,10),(1269,1684,10,1,11),(1270,1684,10,1,12),(1271,1684,10,1,13),(1272,1684,10,1,14),(1273,1684,10,1,15),(1274,1684,10,1,16),(1275,1684,10,1,17),(1276,1691,1,1,1),(1277,1691,1,1,2),(1278,1691,1,1,3),(1279,1691,1,1,4),(1280,1691,1,1,5),(1281,1691,1,1,6),(1282,1691,1,1,7),(1283,1691,1,1,8),(1284,1691,1,1,9),(1285,1691,1,1,10),(1286,1691,1,1,11),(1287,1691,1,1,12),(1288,1691,1,1,13),(1289,1691,1,1,14),(1290,1691,1,1,15),(1291,1691,1,1,16),(1292,1691,1,1,17),(1293,323,6,1,1),(1294,323,6,1,2),(1295,323,6,1,3),(1296,323,6,1,4),(1297,323,9,1,5),(1298,323,9,1,6),(1299,323,9,0,7),(1300,323,9,1,8),(1301,323,9,1,9),(1302,323,9,0,10),(1303,323,9,0,11),(1304,323,9,1,12),(1305,323,9,1,13),(1306,323,9,1,14),(1307,323,9,1,15),(1308,323,9,1,16),(1309,323,9,1,17),(1310,764,9,1,1),(1311,764,9,1,2),(1312,764,9,1,3),(1313,764,9,1,4),(1314,764,9,1,5),(1315,764,9,1,6),(1316,764,9,1,7),(1317,764,9,1,8),(1318,764,9,1,9),(1319,764,9,0,10),(1320,764,9,1,11),(1321,764,9,1,12),(1322,764,9,1,13),(1323,764,9,1,14),(1324,764,9,1,15),(1325,764,9,1,16),(1326,764,9,1,17),(1327,1686,4,1,1),(1328,1686,4,1,2),(1329,1686,4,1,3),(1330,1686,4,1,4),(1331,1686,4,1,5),(1332,1686,4,1,6),(1333,1686,4,0,7),(1334,1686,4,0,8),(1335,1686,4,1,9),(1336,1686,4,1,10),(1337,1686,4,1,11),(1338,1686,4,1,12),(1339,1686,4,1,13),(1340,1686,4,1,14),(1341,1686,4,1,15),(1342,1686,4,1,16),(1343,1686,4,1,17),(1344,1064,15,1,1),(1345,1064,15,1,2),(1346,1064,15,1,3),(1347,1064,15,1,4),(1348,1064,15,1,5),(1349,1064,15,1,6),(1350,1064,15,0,7),(1351,1064,15,0,8),(1352,1064,15,0,9),(1353,1064,15,0,10),(1354,1064,15,0,11),(1355,1064,15,0,12),(1356,1064,15,1,13),(1357,1064,15,1,14),(1358,1064,15,1,15),(1359,1064,15,1,16),(1360,1064,15,1,17),(1361,1707,15,0,1),(1362,1707,15,0,2),(1363,1707,15,0,3),(1364,1707,15,0,4),(1365,1707,15,0,5),(1366,1707,15,0,6),(1367,1707,15,0,7),(1368,1707,15,0,8),(1369,1707,15,0,9),(1370,1707,15,0,10),(1371,1707,15,0,11),(1372,1707,15,0,12),(1373,1707,15,0,13),(1374,1707,15,0,14),(1375,1707,15,0,15),(1376,1707,15,0,16),(1377,1707,15,0,17),(1378,458,4,1,1),(1379,458,4,1,2),(1380,458,4,1,3),(1381,458,4,1,4),(1382,458,4,0,5),(1383,458,4,1,6),(1384,458,4,1,7),(1385,458,4,1,8),(1386,458,4,1,9),(1387,458,4,1,10),(1388,458,4,0,11),(1389,458,4,1,12),(1390,458,4,1,13),(1391,458,4,1,14),(1392,458,4,1,15),(1393,458,4,1,16),(1394,458,4,1,17),(1395,376,9,1,1),(1396,376,9,1,2),(1397,376,9,1,3),(1398,376,9,0,4),(1399,376,9,1,5),(1400,376,9,1,6),(1401,376,9,1,7),(1402,376,9,1,8),(1403,376,9,1,9),(1404,376,9,1,10),(1405,376,9,1,11),(1406,376,9,1,12),(1407,376,9,1,13),(1408,376,9,1,14),(1409,376,9,1,15),(1410,376,9,1,16),(1411,376,9,1,17),(1412,493,6,1,1),(1413,493,6,1,2),(1414,493,6,1,3),(1415,493,6,0,4),(1416,493,6,1,5),(1417,493,6,1,6),(1418,493,6,1,7),(1419,493,13,1,8),(1420,493,13,1,9),(1421,493,13,1,10),(1422,493,13,0,11),(1423,493,13,1,12),(1424,493,13,0,13),(1425,493,13,0,14),(1426,493,13,0,15),(1427,493,13,0,16),(1428,493,13,0,17),(1429,163,1,1,1),(1430,163,1,0,2),(1431,163,1,0,3),(1432,163,1,0,4),(1433,163,1,0,5),(1434,163,1,0,6),(1435,163,1,1,7),(1436,163,1,0,8),(1437,163,1,0,9),(1438,163,1,0,10),(1439,163,1,0,11),(1440,163,1,0,12),(7312,1717,1,0,16),(7311,1717,1,0,15),(7310,1717,1,0,14),(7309,1717,1,0,13),(1446,869,11,1,1),(1447,869,11,1,2),(1448,869,11,1,3),(7377,285,7,1,16),(7376,285,7,1,15),(7375,285,7,1,14),(6200,355,7,0,13),(6199,355,7,0,12),(6198,355,7,0,11),(6197,355,7,0,10),(6196,355,7,1,9),(6195,355,7,1,8),(6194,355,7,1,7),(5191,478,2,1,6),(5190,478,2,0,5),(5075,1374,2,1,4),(1463,1702,16,1,1),(1464,1702,16,1,2),(1465,1702,16,1,3),(1466,1702,16,1,4),(1467,1702,16,1,5),(1468,1702,16,0,6),(1469,1702,16,1,7),(1470,1702,16,1,8),(1471,1702,16,1,9),(1472,1702,16,1,10),(1473,1702,16,1,11),(1474,1702,16,1,12),(1475,1702,16,1,13),(1476,1702,16,1,14),(1477,1702,16,1,15),(1478,1702,16,1,16),(1479,1702,16,1,17),(1480,400,10,1,1),(1481,400,10,1,2),(1482,400,10,0,3),(4944,48,9,1,16),(4943,48,9,1,15),(4942,48,9,1,14),(4941,48,9,1,13),(4940,48,9,1,12),(4939,48,9,1,11),(4938,48,9,0,10),(4937,48,9,0,9),(4936,48,9,0,8),(4935,48,9,0,7),(4934,48,9,1,6),(4933,48,9,0,5),(4932,48,6,0,4),(1497,929,8,1,1),(1498,929,8,1,2),(1499,929,8,1,3),(1500,929,8,0,4),(1501,929,8,1,5),(1502,929,8,1,6),(1503,929,8,1,7),(1504,929,8,1,8),(1505,929,8,1,9),(1506,929,8,1,10),(1507,929,8,1,11),(1508,929,8,1,12),(1509,929,8,0,13),(1510,929,8,0,14),(1511,929,8,1,15),(1512,929,8,1,16),(1513,929,8,1,17),(1514,942,12,1,1),(1515,942,12,1,2),(1516,942,12,1,3),(1517,942,12,0,4),(1518,942,12,1,5),(1519,942,12,1,6),(1520,942,12,1,7),(1521,942,12,1,8),(1522,942,12,1,9),(1523,942,12,1,10),(1524,942,6,1,11),(1525,942,6,1,12),(1526,942,6,1,13),(1527,942,6,1,14),(1528,942,6,1,15),(1529,942,6,1,16),(1530,942,6,1,17),(1531,725,5,1,1),(1532,725,5,1,2),(4498,758,2,1,16),(4497,758,2,1,15),(4496,758,2,1,14),(4495,758,2,1,13),(4494,758,2,1,12),(4493,758,2,1,11),(4492,758,2,1,10),(4491,758,2,1,9),(4490,758,2,1,8),(4489,758,2,1,7),(4488,758,2,1,6),(4487,758,2,1,5),(4486,758,2,0,4),(4485,758,2,1,3),(1548,57,3,1,1),(1549,57,3,1,2),(1550,57,3,1,3),(1551,57,3,1,4),(1552,57,3,1,5),(1553,57,3,1,6),(1554,57,3,0,7),(1555,57,3,1,8),(1556,57,3,1,9),(1557,57,3,1,10),(1558,57,3,1,11),(1559,57,3,1,12),(1560,57,3,1,13),(1561,57,3,1,14),(1562,57,3,1,15),(1563,57,3,1,16),(1564,57,3,1,17),(1565,366,2,1,1),(1566,366,2,1,2),(1567,366,2,1,3),(1568,366,2,0,4),(1569,366,2,0,5),(1570,366,2,0,6),(1571,366,2,0,7),(6854,792,7,0,16),(6853,792,7,0,15),(6852,792,7,0,14),(1582,115,13,1,1),(1583,115,13,1,2),(1584,115,13,1,3),(1585,115,13,1,4),(1586,115,13,1,5),(1587,115,13,1,6),(1588,115,13,1,7),(1589,115,13,1,8),(1590,115,13,1,9),(1591,115,2,0,10),(1592,115,2,1,11),(1593,115,2,1,12),(1594,115,2,1,13),(1595,115,2,1,14),(1596,115,2,1,15),(1597,115,2,1,16),(1598,115,2,1,17),(1599,590,14,1,1),(1600,590,14,1,2),(1601,590,14,1,3),(1602,590,14,1,4),(1603,590,14,1,5),(1604,590,14,1,6),(1605,590,14,1,7),(1606,590,14,1,8),(1607,590,14,1,9),(1608,590,14,1,10),(1609,590,14,1,11),(1610,590,14,1,12),(1611,590,14,1,13),(1612,590,14,1,14),(1613,590,14,1,15),(1614,590,14,1,16),(1615,590,14,1,17),(1616,1716,7,1,1),(1617,1716,7,0,2),(1618,1716,7,1,3),(1619,1716,7,0,4),(7134,455,2,0,16),(5395,365,4,0,6),(5394,365,4,1,5),(7253,297,16,0,16),(7252,297,16,0,15),(7251,297,16,0,14),(7250,297,16,0,13),(7249,297,16,0,12),(7075,1668,16,1,11),(7074,1668,16,1,10),(6416,420,6,1,9),(6415,420,6,1,8),(5468,553,6,0,7),(1633,771,14,1,1),(1634,771,14,1,2),(1635,771,14,1,3),(1636,771,14,1,4),(1637,771,14,1,5),(1638,771,14,1,6),(1639,771,14,1,7),(1640,771,14,1,8),(1641,771,14,1,9),(1642,771,14,1,10),(1643,771,14,1,11),(1644,771,14,1,12),(1645,771,14,1,13),(1646,771,14,1,14),(1647,771,14,1,15),(1648,771,14,1,16),(1649,771,14,1,17),(1650,361,12,1,1),(1651,361,12,1,2),(1652,361,12,0,3),(1653,361,12,0,4),(1654,361,12,0,5),(1655,361,12,1,6),(1656,361,12,0,7),(1657,361,12,1,8),(1658,361,12,1,9),(1659,361,12,1,10),(1660,361,12,1,11),(1661,361,12,1,12),(1662,361,12,1,13),(1663,361,12,1,14),(1664,361,12,1,15),(1665,361,12,1,16),(1666,361,12,1,17),(1667,1361,6,1,1),(1668,1361,6,1,2),(1669,1361,6,1,3),(5799,938,10,1,16),(5798,938,10,1,15),(5797,938,10,1,14),(5796,938,10,1,13),(5795,938,10,1,12),(5794,938,10,1,11),(5793,938,10,1,10),(5792,938,10,1,9),(5791,938,10,1,8),(5790,938,10,1,7),(4945,745,3,1,4),(1684,1074,7,0,1),(1685,1074,7,1,2),(6838,214,7,0,16),(6837,214,7,0,15),(6836,214,7,0,14),(6835,214,7,1,13),(6834,214,7,1,12),(6833,214,7,1,11),(6832,214,7,1,10),(6831,214,7,1,9),(5385,448,7,0,8),(5384,448,7,1,7),(5383,448,7,1,6),(5382,448,7,1,5),(4710,186,7,0,4),(4709,186,7,1,3),(1701,649,15,0,1),(1702,649,15,0,2),(1703,649,6,1,3),(1704,649,6,0,4),(1705,649,6,1,5),(1706,649,6,0,6),(1707,649,6,1,7),(1708,649,6,1,8),(1709,649,6,1,9),(1710,649,6,1,10),(1711,649,6,1,11),(1712,649,6,1,12),(1713,649,6,1,13),(1714,649,6,1,14),(1715,649,6,1,15),(1716,649,6,1,16),(1717,649,6,1,17),(1718,492,16,1,1),(1719,492,16,1,2),(1720,492,16,1,3),(1721,492,16,0,4),(6766,1719,6,0,16),(6765,1719,6,0,15),(6764,1719,6,0,14),(6763,1719,6,0,13),(6762,1719,6,0,12),(6761,1719,6,0,11),(6760,1719,6,1,10),(6759,1719,6,1,9),(6505,881,16,1,8),(5866,60,3,0,6),(5490,85,11,1,5),(1735,943,8,1,1),(1736,943,8,1,2),(1737,943,8,1,3),(1738,943,8,1,4),(1739,943,8,1,5),(1740,943,8,1,6),(1741,943,1,1,7),(1742,943,1,0,8),(1743,943,1,1,9),(1744,943,1,1,10),(1745,943,1,1,11),(1746,943,1,1,12),(1747,943,1,1,13),(1748,943,1,1,14),(1749,943,1,1,15),(1750,943,1,1,16),(1751,943,1,1,17),(1752,630,13,0,1),(1753,630,13,0,2),(7348,922,8,0,16),(7347,922,8,1,15),(7346,922,8,1,14),(7345,922,8,1,13),(7094,480,1,1,12),(6344,542,2,0,9),(6343,542,2,1,8),(4657,534,6,0,7),(4656,534,6,0,6),(4655,534,6,0,5),(4654,534,6,1,4),(1769,1006,5,1,1),(1770,1006,5,1,2),(1771,1006,5,1,3),(1772,1006,5,1,4),(1773,1006,5,1,5),(1774,1006,5,1,6),(6702,1671,10,1,16),(6701,1671,10,1,15),(6700,1671,10,1,14),(6699,1671,10,1,13),(6698,1671,10,1,12),(6697,1671,10,1,11),(6696,1671,10,1,10),(6695,1671,10,1,9),(6135,132,8,1,8),(6134,132,8,0,7),(1786,153,2,0,1),(1787,153,2,0,2),(4788,856,11,0,16),(4787,856,11,1,15),(4786,856,11,0,14),(4785,856,11,0,13),(4784,856,11,0,12),(4783,856,11,1,11),(4782,856,11,1,10),(4781,856,11,1,9),(4780,856,11,1,8),(4779,856,11,0,7),(4778,856,11,1,6),(4777,856,11,1,5),(4776,856,11,1,4),(4667,623,12,1,3),(1803,568,1,0,1),(1804,568,1,0,2),(1805,568,1,1,3),(1806,568,1,1,4),(1807,568,1,0,5),(1808,568,1,0,6),(1809,568,1,1,7),(1810,568,1,1,8),(1811,568,1,1,9),(1812,568,1,1,10),(1813,568,1,1,11),(1814,568,1,1,12),(7304,476,1,1,16),(7303,476,1,1,15),(7302,476,1,1,14),(7301,476,1,1,13),(1820,436,10,1,1),(1821,436,10,1,2),(1822,436,10,1,3),(1823,436,10,1,4),(1824,436,10,1,5),(1825,436,10,0,6),(1826,436,10,1,7),(1827,436,10,1,8),(1828,436,10,1,9),(1829,436,10,0,10),(1830,436,11,1,11),(1831,436,11,1,12),(1832,436,11,1,13),(1833,436,11,1,14),(1834,436,11,1,15),(1835,436,11,1,16),(1836,436,11,1,17),(1837,612,4,1,1),(1838,612,4,1,2),(1839,612,4,1,3),(1840,612,4,0,4),(1841,612,4,0,5),(1842,612,4,0,6),(1843,612,4,1,7),(1844,612,4,1,8),(1845,612,4,1,9),(1846,612,4,1,10),(1847,612,4,1,11),(1848,612,4,1,12),(1849,612,4,0,13),(7382,234,11,0,15),(1854,1682,9,1,1),(1855,1682,9,1,2),(1856,1682,9,1,3),(1857,1682,9,1,4),(1858,1682,9,1,5),(1859,1682,9,1,6),(1860,1682,9,0,7),(1861,1682,9,1,8),(1862,1682,9,1,9),(1863,1682,9,1,10),(1864,1682,9,1,11),(1865,1682,9,1,12),(1866,1682,9,1,13),(1867,1682,9,1,14),(1868,1682,9,1,15),(1869,1682,9,1,16),(1870,1682,9,1,17),(1871,914,11,1,1),(1872,914,11,1,2),(1873,914,11,1,3),(4801,1674,6,1,16),(4800,1674,6,1,15),(4799,1674,6,1,14),(4798,1674,6,1,13),(4797,1674,6,1,12),(4796,1674,6,1,11),(4795,1674,12,1,10),(4794,1674,12,1,9),(4793,1674,12,1,8),(4792,1674,12,1,7),(4791,1674,12,0,6),(4790,1674,12,1,5),(4789,1674,12,1,4),(1888,337,3,0,1),(1889,337,3,0,2),(1890,337,3,0,3),(1891,337,3,0,4),(1892,337,3,0,5),(1893,337,3,0,6),(1894,337,3,0,7),(1895,337,3,1,8),(1896,337,3,0,9),(1897,337,3,1,10),(1898,337,3,0,11),(1899,337,3,0,12),(1900,337,3,0,13),(1901,337,3,0,14),(1902,337,3,0,15),(1903,337,3,0,16),(1904,337,3,0,17),(1905,531,3,0,1),(1906,531,3,1,2),(1907,531,3,1,3),(1908,531,3,1,4),(1909,531,3,1,5),(6954,1703,8,0,16),(6953,1703,8,0,15),(6952,1703,8,0,14),(6951,1703,8,0,13),(6950,1703,8,0,12),(6949,1703,8,0,11),(6948,1703,8,0,10),(6452,1699,7,1,9),(6451,1699,7,1,8),(6234,511,10,0,7),(5888,52,2,1,6),(1922,1681,11,1,1),(1923,1681,11,1,2),(1924,1681,11,1,3),(1925,1681,11,1,4),(1926,1681,11,1,5),(1927,1681,11,1,6),(1928,1681,11,1,7),(1929,1681,11,0,8),(1930,1681,11,1,9),(1931,1681,11,1,10),(1932,1681,11,1,11),(1933,1681,11,1,12),(1934,1681,11,1,13),(1935,1681,11,1,14),(1936,1681,11,1,15),(1937,1681,11,1,16),(1938,1681,11,1,17),(1939,128,9,0,1),(1940,128,9,0,2),(1941,128,9,0,3),(1942,128,9,0,4),(1943,128,6,1,5),(1944,128,6,0,6),(1945,128,6,0,7),(1946,128,13,0,8),(1947,128,13,0,9),(1948,128,13,0,10),(1949,128,13,0,11),(1950,128,13,0,12),(1951,128,13,0,13),(1952,128,13,0,14),(1953,128,13,0,15),(1954,128,13,0,16),(1955,128,13,0,17),(1956,727,4,1,1),(1957,727,4,1,2),(1958,727,4,1,3),(1959,727,4,1,4),(1960,727,4,1,5),(1961,727,4,1,6),(1962,727,4,0,7),(1963,727,4,1,8),(1964,727,4,1,9),(1965,727,4,1,10),(1966,727,4,1,11),(1967,727,4,1,12),(1968,727,4,1,13),(1969,727,4,1,14),(1970,727,4,1,15),(1971,727,4,1,16),(1972,727,4,1,17),(1973,1646,10,1,1),(1974,1646,10,1,2),(1975,1646,10,1,3),(1976,1646,10,0,4),(5274,623,10,1,5),(7122,289,2,0,16),(7121,289,2,0,15),(7120,289,2,0,14),(7119,289,2,0,13),(7118,289,2,0,12),(7117,289,2,0,11),(6962,477,2,1,10),(6407,958,6,0,9),(6406,958,6,1,8),(5954,940,12,0,7),(5932,1652,12,1,6),(5250,322,10,1,5),(1990,207,1,0,1),(1991,207,1,0,2),(1992,207,1,1,3),(1993,207,1,1,4),(1994,207,1,1,5),(1995,207,1,1,6),(1996,207,1,0,7),(1997,207,1,1,8),(1998,207,1,1,9),(1999,207,1,1,10),(2000,207,1,1,11),(2001,207,1,1,12),(2002,207,1,1,13),(2003,207,1,1,14),(2004,207,1,1,15),(2005,207,1,1,16),(2006,207,1,1,17),(2007,491,2,0,1),(2008,491,2,0,2),(2009,491,2,0,3),(2010,491,2,1,4),(2011,491,2,1,5),(2012,491,2,1,6),(2013,491,2,1,7),(2014,491,2,1,8),(2015,491,2,1,9),(2016,491,13,1,10),(2017,491,13,1,11),(2018,491,13,1,12),(2019,491,13,1,13),(2020,491,13,1,14),(2021,491,13,1,15),(2022,491,13,1,16),(2023,491,13,1,17),(2024,47,5,0,1),(2025,47,5,0,2),(2026,47,5,0,3),(2027,47,5,0,4),(2028,47,5,0,5),(2029,47,5,0,6),(2030,47,5,1,7),(2031,47,5,1,8),(2032,47,5,1,9),(2033,47,5,0,10),(2034,47,11,1,11),(2035,47,11,1,12),(2036,47,11,1,13),(2037,47,11,1,14),(2038,47,11,1,15),(2039,47,11,1,16),(2040,47,11,1,17),(2041,1709,13,1,1),(2042,1709,13,1,2),(2043,1709,13,1,3),(2044,1709,13,1,4),(2045,1709,13,1,5),(6103,956,16,1,16),(6102,956,16,1,15),(6101,956,16,1,14),(6100,956,16,1,13),(6099,956,16,1,12),(6098,956,16,1,11),(6097,956,16,1,10),(6096,956,16,1,9),(6095,956,16,0,8),(6094,956,16,1,7),(5701,404,16,1,6),(2058,396,8,0,1),(2059,396,8,0,2),(2060,396,8,0,3),(2061,396,8,0,4),(2062,396,8,0,5),(2063,396,8,0,6),(6646,1649,8,1,16),(6645,1649,8,1,15),(6644,1649,8,1,14),(6643,1649,8,1,13),(6642,1649,8,1,12),(6641,1649,8,1,11),(6640,1649,8,1,10),(6639,1649,8,1,9),(6496,662,8,1,8),(6304,623,8,0,7),(2075,896,16,1,1),(2076,896,16,1,2),(2077,896,16,1,3),(7288,1678,3,1,16),(7287,1678,3,1,15),(7286,1678,3,1,14),(7285,1678,3,1,13),(7284,1678,3,1,12),(7190,98,5,0,11),(6720,87,11,1,10),(6719,87,11,1,9),(6361,1667,11,1,8),(5724,531,5,0,7),(5723,531,5,1,6),(4920,858,16,0,5),(4919,858,16,1,4),(2092,1657,15,1,1),(2093,1657,15,1,2),(2094,1657,15,1,3),(2095,1657,15,1,4),(2096,1657,15,1,5),(2097,1657,15,1,6),(2098,1657,15,1,7),(2099,1657,15,1,8),(2100,1657,15,1,9),(2101,1657,15,1,10),(2102,1657,15,1,11),(2103,1657,15,1,12),(2104,1657,15,1,13),(2105,1657,15,1,14),(2106,1657,15,1,15),(2107,1657,15,1,16),(2108,1657,15,1,17),(2109,1660,7,1,1),(2110,1660,7,1,2),(2111,1660,7,1,3),(2112,1660,7,1,4),(2113,1660,7,0,5),(2114,1660,7,1,6),(2115,1660,7,1,7),(2116,1660,7,1,8),(2117,1660,7,1,9),(2118,1660,7,1,10),(2119,1660,7,1,11),(2120,1660,7,1,12),(2121,1660,7,1,13),(2122,1660,7,1,14),(2123,1660,7,1,15),(2124,1660,7,1,16),(2125,1660,7,1,17),(2126,318,6,0,1),(2127,318,6,0,2),(2128,318,15,0,3),(2129,318,15,0,4),(2130,318,15,0,5),(2131,318,15,0,6),(2132,318,15,0,7),(2133,318,15,0,8),(2134,318,15,0,9),(2135,318,15,0,10),(2136,318,15,0,11),(2137,318,15,0,12),(2138,318,15,0,13),(2139,318,15,0,14),(2140,318,15,0,15),(2141,318,15,0,16),(2142,318,15,0,17),(2143,713,12,1,1),(2144,713,12,1,2),(4568,713,12,1,16),(4567,713,12,1,15),(4566,713,12,1,14),(4565,713,12,1,13),(4564,713,12,1,12),(4563,713,12,1,11),(4562,713,12,1,10),(4561,713,12,1,9),(4560,713,12,1,8),(4559,713,12,1,7),(4558,713,12,1,6),(4557,713,12,1,5),(4556,713,12,1,4),(4555,713,12,0,3),(2160,1679,14,1,1),(2161,1679,14,1,2),(2162,1679,14,0,3),(2163,1679,14,0,4),(2164,1679,14,0,5),(2165,1679,14,0,6),(2166,1679,14,0,7),(2167,1679,14,0,8),(2168,1679,14,0,9),(2169,1679,14,0,10),(2170,1679,14,0,11),(2171,1679,14,0,12),(2172,1679,14,0,13),(2173,1679,14,0,14),(2174,1679,14,0,15),(2175,1679,14,0,16),(2176,1679,14,0,17),(2177,1676,4,1,1),(2178,1676,4,1,2),(2179,1676,4,1,3),(2180,1676,4,0,4),(5417,1676,4,1,16),(5416,1676,4,1,15),(5415,1676,4,1,14),(5414,1676,4,1,13),(5413,1676,4,1,12),(5412,1676,4,1,11),(5411,1676,4,1,10),(5410,1676,4,1,9),(5409,1676,4,1,8),(5408,1676,4,1,7),(5407,1676,4,1,6),(5406,1676,4,1,5),(2194,158,11,0,1),(2195,158,11,0,2),(2196,158,11,1,3),(2197,158,11,1,4),(2198,158,11,1,5),(2199,158,11,0,6),(2200,158,11,1,7),(2201,158,11,1,8),(2202,158,11,1,9),(2203,158,11,1,10),(2204,158,11,0,11),(2205,158,11,0,12),(2206,158,11,0,13),(2207,158,11,0,14),(2208,158,11,0,15),(7386,974,11,1,16),(2211,1649,8,1,1),(2212,1649,8,1,2),(2213,1649,8,1,3),(2214,1649,8,1,4),(2215,1649,8,1,5),(2216,1649,8,1,6),(2217,1649,8,1,7),(6850,792,7,0,12),(6654,1049,9,0,16),(6653,1049,9,0,15),(6652,1049,9,0,14),(6651,1049,9,0,13),(6650,1049,9,0,12),(6649,1049,9,0,11),(6648,1049,9,1,10),(6647,1049,9,1,9),(6622,1692,8,1,8),(2228,152,16,0,1),(2229,152,16,0,2),(2230,152,16,0,3),(2231,152,16,1,4),(2232,152,16,1,5),(2233,152,16,0,6),(2234,152,16,0,7),(2235,152,16,0,8),(2236,152,16,0,9),(2237,152,16,1,10),(2238,152,16,1,11),(2239,152,16,1,12),(2240,152,16,1,13),(2241,152,16,1,14),(2242,152,16,1,15),(2243,152,16,1,16),(2244,152,16,1,17),(2245,920,13,1,1),(2246,920,13,1,2),(2247,920,13,0,3),(2248,920,13,1,4),(2249,920,13,1,5),(2250,920,13,0,6),(2251,920,13,1,7),(2252,920,13,1,8),(6847,792,7,1,9),(6982,1667,3,0,16),(6981,1667,3,0,15),(6980,1667,3,0,14),(6979,1667,3,0,13),(6978,1667,3,0,12),(6977,1667,3,1,11),(6976,1667,3,1,10),(6671,205,3,1,9),(2262,99,10,0,1),(2263,99,10,0,2),(2264,99,10,0,3),(2265,99,10,1,4),(2266,99,10,0,5),(2267,99,10,1,6),(2268,99,10,1,7),(2269,99,10,1,8),(2270,99,10,1,9),(2271,99,10,1,10),(2272,99,10,1,11),(2273,99,10,1,12),(2274,99,10,1,13),(2275,99,10,1,14),(2276,99,10,1,15),(2277,99,10,1,16),(2278,99,10,1,17),(2279,1059,7,1,1),(2280,1059,7,0,2),(2281,1059,7,0,3),(6947,245,12,0,16),(6946,245,12,0,15),(6945,245,12,0,14),(6944,245,12,0,13),(6943,245,12,0,12),(6942,245,12,0,11),(6941,245,12,0,10),(6703,517,10,1,9),(6424,1698,10,1,8),(5039,1316,6,1,7),(5038,1316,6,1,6),(5037,1316,6,1,5),(5036,1316,6,0,4),(2296,1700,14,1,1),(2297,1700,14,1,2),(2298,1700,14,1,3),(2299,1700,14,1,4),(2300,1700,14,1,5),(2301,1700,14,1,6),(2302,1700,14,1,7),(2303,1700,14,1,8),(2304,1700,14,1,9),(2305,1700,14,1,10),(2306,1700,14,1,11),(2307,1700,14,1,12),(2308,1700,14,1,13),(2309,1700,14,1,14),(2310,1700,14,1,15),(2311,1700,14,1,16),(2312,1700,14,1,17),(2313,1441,9,1,1),(2314,1441,9,1,2),(2315,1441,9,1,3),(2316,1441,9,1,4),(2317,1441,9,1,5),(2318,1441,9,1,6),(2319,1441,9,1,7),(2320,1441,9,1,8),(2321,1441,9,0,9),(2322,1441,9,1,10),(2323,1441,9,1,11),(2324,1441,9,1,12),(2325,1441,9,1,13),(2326,1441,9,1,14),(2327,1441,9,1,15),(2328,1441,9,1,16),(2329,1441,9,1,17),(2330,108,2,0,1),(2331,108,2,0,2),(2332,108,2,0,3),(2333,108,2,1,4),(2334,108,2,1,5),(2335,108,2,0,6),(2336,108,2,0,7),(2337,108,2,1,8),(2338,108,2,1,9),(2339,108,13,0,10),(7228,194,13,0,16),(7227,194,13,0,15),(7226,194,13,0,14),(2347,519,5,0,1),(2348,519,5,0,2),(2349,519,5,0,3),(2350,519,5,0,4),(5467,553,6,0,6),(7365,368,7,1,16),(7364,368,7,1,15),(7363,368,7,1,14),(7280,358,7,1,13),(7279,358,7,1,12),(6825,545,7,1,11),(6824,545,7,1,10),(6823,545,7,1,9),(5361,1668,7,0,8),(5360,1668,7,0,7),(5359,1668,7,0,6),(5358,1668,7,1,5),(2364,1665,6,1,1),(2365,1665,6,1,2),(2366,1665,6,1,3),(2367,1665,6,1,4),(2368,1665,6,0,5),(2369,1665,6,1,6),(2370,1665,6,1,7),(2371,1665,6,1,8),(2372,1665,6,1,9),(2373,1665,6,1,10),(2374,1665,12,1,11),(2375,1665,12,1,12),(2376,1665,12,1,13),(2377,1665,12,1,14),(2378,1665,12,1,15),(2379,1665,12,1,16),(2380,1665,12,1,17),(2381,162,15,1,1),(2382,162,15,1,2),(2383,162,15,1,3),(2384,162,15,1,4),(2385,162,15,1,5),(2386,162,15,1,6),(2387,162,15,1,7),(2388,162,15,1,8),(2389,162,15,1,9),(2390,162,15,1,10),(2391,162,15,1,11),(2392,162,15,1,12),(2393,162,15,1,13),(2394,162,15,1,14),(2395,162,15,1,15),(2396,162,15,1,16),(2397,162,15,1,17),(2398,321,12,0,1),(7177,1721,5,1,16),(7176,1721,5,1,15),(7175,1721,5,1,14),(7174,1721,5,1,13),(7173,1721,5,1,12),(7172,1721,5,1,11),(6127,1519,5,1,10),(6126,1519,5,1,9),(6125,1519,5,1,8),(6124,1519,5,1,7),(5634,492,12,1,5),(4019,577,1,0,4),(4018,577,1,0,3),(4017,577,1,1,2),(2415,95,1,1,1),(2416,95,1,1,2),(2417,95,1,1,3),(2418,95,1,1,4),(2419,95,1,1,5),(2420,95,1,1,6),(2421,95,1,0,7),(2422,95,1,1,8),(2423,95,1,1,9),(2424,95,1,1,10),(2425,95,1,1,11),(2426,95,1,1,12),(7336,95,1,0,16),(7335,95,1,0,15),(7334,95,1,0,14),(7333,95,1,0,13),(2432,1669,3,1,1),(2433,1669,3,1,2),(2434,1669,3,1,3),(2435,1669,3,1,4),(5466,553,6,1,5),(7183,145,13,0,16),(7182,145,13,0,15),(7181,145,13,0,14),(7180,145,13,0,13),(7179,145,13,0,12),(7178,145,13,1,11),(5339,816,5,1,10),(5338,816,5,1,9),(5337,816,5,1,8),(5336,816,5,1,7),(5335,816,5,1,6),(5334,816,5,0,5),(2449,726,3,1,1),(2450,726,3,1,2),(2451,726,3,1,3),(2452,726,3,1,4),(2453,726,3,1,5),(2454,726,3,1,6),(2455,726,3,1,7),(2456,726,3,0,8),(2457,726,3,1,9),(2458,726,3,1,10),(2459,726,3,1,11),(2460,726,3,1,12),(2461,726,3,1,13),(2462,726,3,1,14),(2463,726,3,1,15),(2464,726,3,1,16),(2465,726,3,1,17),(2466,226,1,0,1),(2467,226,1,0,2),(2468,226,1,0,3),(2469,226,1,0,4),(7359,202,4,0,16),(7358,202,4,0,15),(7357,202,4,0,14),(7239,1507,11,1,12),(6921,331,6,0,11),(6920,331,12,0,10),(6578,934,3,0,9),(6577,934,3,1,8),(5576,133,1,1,7),(5575,133,1,0,6),(5574,133,1,0,5),(2483,239,12,0,1),(2484,239,12,0,2),(4762,414,13,1,16),(4761,414,13,1,15),(4760,414,13,1,14),(4759,414,13,1,13),(4758,414,13,0,12),(4757,414,13,1,11),(4756,414,13,1,10),(4755,414,13,1,9),(4754,414,13,1,8),(4753,414,13,0,7),(4752,414,13,1,6),(4751,414,13,1,5),(4750,414,13,1,4),(4681,1714,12,1,3),(2500,75,15,0,1),(2501,75,15,0,2),(2502,75,15,0,3),(2503,75,15,0,4),(2504,75,15,0,5),(2505,75,15,0,6),(2506,75,15,0,7),(2507,75,15,0,8),(2508,75,15,0,9),(2509,75,15,0,10),(2510,75,15,0,11),(2511,75,15,0,12),(2512,75,15,0,13),(2513,75,15,0,14),(2514,75,15,0,15),(2515,75,15,0,16),(2516,75,15,0,17),(2517,662,6,1,1),(2518,662,6,1,2),(2519,662,6,0,3),(6782,534,10,0,16),(6781,534,10,0,15),(6780,534,10,0,14),(6779,534,10,0,13),(6778,534,10,0,12),(6777,534,10,1,11),(6776,534,10,0,10),(6775,534,10,1,9),(6055,1661,10,1,8),(6054,1661,10,1,7),(5239,1374,10,1,6),(5238,1374,10,1,5),(4971,322,10,0,4),(2534,243,5,0,1),(2535,243,5,0,2),(2536,243,5,1,3),(2537,243,5,0,4),(2538,243,5,0,5),(2539,243,5,0,6),(2540,243,5,0,7),(2541,243,5,1,8),(2542,243,5,1,9),(6940,364,10,1,16),(6939,364,10,1,15),(6938,364,10,1,14),(6937,364,10,1,13),(6936,364,10,1,12),(6935,364,10,0,11),(6934,364,10,1,10),(2551,856,2,1,1),(2552,856,2,1,2),(7332,62,1,1,16),(7331,62,1,1,15),(7330,62,1,1,14),(7329,62,1,1,13),(6599,104,4,0,12),(6598,104,4,0,11),(6597,104,4,0,10),(6596,104,4,0,9),(6595,104,4,1,8),(6284,142,3,1,7),(5103,309,4,0,6),(5102,309,4,0,5),(5101,309,4,0,4),(4499,873,2,1,3),(2568,476,9,1,1),(2569,476,9,0,2),(2570,476,9,0,3),(5513,804,1,1,16),(5512,804,1,1,15),(5511,804,1,1,14),(5510,804,1,1,13),(5509,804,1,1,12),(5508,804,1,1,11),(5507,804,1,1,10),(5506,804,1,1,9),(5505,804,1,0,8),(5504,804,1,1,7),(5503,804,1,1,6),(5502,804,1,1,5),(5010,79,11,0,4),(2585,292,14,0,1),(2586,292,14,0,2),(2587,292,14,0,3),(2588,292,14,0,4),(2589,292,14,0,5),(2590,292,14,0,6),(2591,292,14,0,7),(2592,292,14,0,8),(2593,292,14,0,9),(2594,292,14,0,10),(2595,292,14,0,11),(2596,292,14,0,12),(2597,292,14,0,13),(2598,292,14,0,14),(2599,292,14,0,15),(2600,292,14,0,16),(2601,292,14,0,17),(2602,41,7,0,1),(2603,41,7,0,2),(2604,41,7,1,3),(2605,41,7,0,4),(2606,41,7,1,5),(2607,41,7,1,6),(2608,41,7,1,7),(2609,41,7,1,8),(2610,41,7,0,9),(2611,41,7,0,10),(2612,41,7,0,11),(2613,41,7,1,12),(2614,41,7,1,13),(2615,41,7,0,14),(2616,41,7,0,15),(2617,41,7,0,16),(2618,41,7,0,17),(2619,517,10,0,1),(2620,517,10,0,2),(4373,1458,13,1,3),(7066,1720,6,1,16),(7065,1720,6,1,15),(7064,1720,6,1,14),(7063,1720,6,1,13),(7062,1720,6,1,12),(7061,1720,6,1,11),(7060,1720,6,1,10),(5145,687,5,1,9),(5144,687,5,1,8),(5143,687,5,1,7),(5142,687,5,1,6),(5141,687,5,1,5),(5140,687,5,1,4),(4611,114,8,0,3),(2636,1011,16,1,1),(2637,1011,16,1,2),(2638,1011,16,1,3),(7320,52,9,0,16),(7319,52,9,0,15),(7046,85,2,1,10),(7111,399,2,0,11),(5326,1678,3,1,9),(5325,1678,3,1,8),(5324,1678,3,0,7),(5323,1678,3,1,6),(5322,1678,3,1,5),(4893,60,16,0,4),(2653,1683,13,1,1),(2654,1683,13,1,2),(2655,1683,13,1,3),(2656,1683,13,1,4),(2657,1683,13,1,5),(2658,1683,13,1,6),(2659,1683,13,1,7),(2660,1683,13,1,8),(2661,1683,13,0,9),(2662,1683,13,1,10),(2663,1683,13,1,11),(2664,1683,13,1,12),(2665,1683,13,1,13),(2666,1683,13,1,14),(2667,1683,13,1,15),(2668,1683,13,1,16),(2669,1683,13,1,17),(2670,1708,8,1,1),(2671,1708,8,1,2),(2672,1708,8,1,3),(2673,1708,8,1,4),(2674,1708,8,1,5),(2675,1708,8,1,6),(2676,1708,8,1,7),(6849,792,7,0,11),(6848,792,7,0,10),(6638,1708,8,0,16),(6637,1708,8,0,15),(6636,1708,8,1,14),(6635,1708,8,1,13),(6634,1708,8,1,12),(6633,1708,8,1,11),(6632,1708,8,1,10),(6631,1708,8,1,9),(2687,678,11,1,1),(2688,678,11,1,2),(2689,678,11,1,3),(2690,678,11,1,4),(2691,678,11,1,5),(2692,678,11,0,6),(2693,678,11,1,7),(2694,678,11,1,8),(2695,678,11,1,9),(2696,678,11,1,10),(2697,678,11,1,11),(2698,678,11,1,12),(2699,678,11,1,13),(2700,678,11,1,14),(2701,678,11,1,15),(2702,678,11,1,16),(2703,678,11,1,17),(2704,870,4,1,1),(2705,870,4,1,2),(2706,870,4,1,3),(2707,870,4,1,4),(2708,870,4,1,5),(2709,870,4,1,6),(2710,870,4,0,7),(2711,870,4,1,8),(2712,870,4,1,9),(2713,870,4,1,10),(2714,870,4,1,11),(2715,870,4,1,12),(2716,870,4,1,13),(2717,870,4,1,14),(2718,870,4,1,15),(2719,870,4,1,16),(2720,870,4,1,17),(2721,52,3,0,1),(2722,52,3,0,2),(2723,52,3,0,3),(2724,52,3,0,4),(2725,52,3,0,5),(5922,564,7,0,7),(5887,1709,13,1,16),(5886,1709,13,1,15),(5885,1709,13,1,14),(5884,1709,13,1,13),(5883,1709,13,1,12),(5882,1709,13,1,11),(5881,1709,13,1,10),(5880,1709,13,1,9),(5879,1709,13,1,8),(5878,1709,13,0,7),(5877,1709,13,1,6),(2738,48,16,0,1),(2739,48,16,0,2),(2740,48,16,0,3),(4918,724,16,1,16),(4917,724,16,1,15),(4916,724,16,1,14),(4915,724,16,1,13),(4914,724,16,1,12),(4913,724,16,1,11),(4912,724,16,1,10),(4911,724,16,1,9),(4910,724,16,0,8),(4909,724,16,1,7),(4908,724,16,1,6),(4907,724,16,1,5),(4906,724,16,1,4),(2755,420,4,0,1),(4386,1458,13,1,16),(4385,1458,13,1,15),(4384,1458,13,1,14),(4383,1458,13,1,13),(4382,1458,13,1,12),(4381,1458,13,1,11),(4380,1458,13,1,10),(4379,1458,13,1,9),(4378,1458,13,1,8),(2772,652,5,1,1),(2773,652,5,1,2),(2774,652,5,1,3),(7110,565,13,1,16),(7109,565,13,1,15),(7108,565,13,1,14),(7107,565,13,1,13),(7106,565,13,1,12),(7105,565,13,1,11),(6808,145,13,1,10),(6807,145,13,0,9),(6469,52,2,0,8),(6014,1653,3,1,7),(5155,1696,5,0,6),(5154,1696,5,1,5),(5153,1696,5,1,4),(2789,1689,6,1,1),(2790,1689,6,0,2),(2791,1689,6,1,3),(2792,1689,6,1,4),(2793,1689,6,1,5),(2794,1689,6,1,6),(2795,1689,6,1,7),(2796,1689,6,1,8),(2797,1689,6,1,9),(2798,1689,6,0,10),(2799,1689,12,1,11),(2800,1689,12,1,12),(2801,1689,12,1,13),(2802,1689,12,1,14),(2803,1689,12,1,15),(2804,1689,12,1,16),(2805,1689,12,1,17),(2806,661,12,1,1),(2807,661,12,1,2),(4708,1413,7,1,16),(4707,1413,7,1,15),(4706,1413,7,1,14),(4705,1413,7,1,13),(4704,1413,7,1,12),(4703,1413,7,1,11),(4702,1413,7,1,10),(4701,1413,7,0,9),(4700,1413,7,0,8),(4699,1413,7,0,7),(4698,1413,7,1,6),(4697,1413,7,1,5),(4696,1413,7,1,4),(4695,1413,7,1,3),(2823,637,15,1,1),(2824,637,15,1,2),(2825,637,15,1,3),(2826,637,15,1,4),(2827,637,15,1,5),(2828,637,15,1,6),(2829,637,15,1,7),(2830,637,15,1,8),(2831,637,15,1,9),(2832,637,15,1,10),(2833,637,15,1,11),(2834,637,15,1,12),(2835,637,15,1,13),(2836,637,15,1,14),(2837,637,15,1,15),(2838,637,15,1,16),(2839,637,15,1,17),(2840,145,2,1,1),(2841,145,2,1,2),(2842,145,2,1,3),(2843,145,2,0,4),(5789,938,10,0,6),(5237,389,10,1,16),(5236,389,10,1,15),(5235,389,10,1,14),(5234,389,10,1,13),(5233,389,10,1,12),(5232,389,10,1,11),(5231,389,10,1,10),(5230,389,10,0,9),(5229,389,10,1,8),(5228,389,10,1,7),(5227,389,10,1,6),(5226,389,10,1,5),(2857,97,11,0,1),(2858,97,11,0,2),(6919,404,2,0,16),(6918,404,2,0,15),(6917,404,2,0,14),(6916,404,2,0,13),(6915,404,2,1,12),(6914,404,2,1,11),(6913,404,2,1,10),(6799,519,13,1,9),(6245,1710,4,1,8),(6244,1710,4,1,7),(4869,1667,10,1,6),(4868,1667,10,1,5),(4867,1667,10,1,4),(4457,153,16,0,3),(2874,1687,9,1,1),(2875,1687,9,1,2),(2876,1687,9,1,3),(2877,1687,9,1,4),(2878,1687,9,1,5),(2879,1687,9,1,6),(2880,1687,9,1,7),(2881,1687,9,0,8),(2882,1687,9,1,9),(2883,1687,9,1,10),(7225,194,13,0,13),(7224,194,13,0,12),(7328,66,4,0,16),(7327,66,4,0,15),(7326,66,4,0,14),(7325,66,4,0,13),(7234,101,6,1,12),(2891,475,14,0,1),(2892,475,14,1,2),(2893,475,14,1,3),(2894,475,14,1,4),(2895,475,14,1,5),(2896,475,14,1,6),(2897,475,14,1,7),(2898,475,14,1,8),(2899,475,14,1,9),(2900,475,14,1,10),(2901,475,14,1,11),(2902,475,14,1,12),(2903,475,14,1,13),(2904,475,14,1,14),(2905,475,14,1,15),(2906,475,14,1,16),(2907,475,14,1,17),(2908,562,8,0,1),(2909,562,8,0,2),(4638,421,6,0,16),(4637,421,6,0,15),(4636,421,6,0,14),(4635,421,6,0,13),(4634,421,6,0,12),(4633,421,6,1,11),(4632,421,6,1,10),(4631,421,6,0,9),(4630,421,6,1,8),(4629,421,13,1,7),(4628,421,13,1,6),(4627,421,13,1,5),(4626,421,13,1,4),(4625,421,13,0,3),(2925,1341,7,1,1),(2926,1341,7,1,2),(2927,1341,7,1,3),(2928,1341,7,1,4),(2929,1341,7,1,5),(2930,1341,7,0,6),(2931,1341,7,1,7),(2932,1341,7,1,8),(2933,1341,7,1,9),(2934,1341,7,1,10),(2935,1341,7,1,11),(2936,1341,7,1,12),(2937,1341,7,1,13),(2938,1341,7,1,14),(2939,1341,7,1,15),(2940,1341,7,1,16),(2941,1341,7,1,17),(7171,858,5,1,16),(7170,858,5,1,15),(7169,858,5,1,14),(7168,858,5,1,13),(7167,858,5,1,12),(7166,858,5,1,11),(4990,1715,10,0,10),(4989,1715,10,1,9),(4988,1715,10,0,8),(4987,1715,10,1,7),(4986,1715,10,1,6),(4985,1715,10,1,5),(4984,1715,10,1,4),(4513,1453,10,1,3),(4302,675,13,1,2),(3890,502,6,0,1),(2959,1582,1,1,1),(2960,1582,1,1,2),(4866,272,16,0,16),(4865,272,16,0,15),(4864,272,16,0,14),(4863,272,16,0,13),(4862,272,16,0,12),(4861,272,16,0,11),(4860,272,16,0,10),(4859,272,16,1,9),(4858,272,16,1,8),(4857,272,16,1,7),(4856,272,16,1,6),(4855,272,16,0,5),(4854,272,16,0,4),(4597,517,16,1,3),(2976,79,13,0,1),(2977,79,13,0,2),(6486,873,2,1,16),(6485,873,2,1,15),(6484,873,2,1,14),(6483,873,2,1,13),(6482,873,2,1,12),(6481,873,2,1,11),(6480,873,2,1,10),(6479,873,2,1,9),(6478,873,2,1,8),(6324,60,2,1,7),(4390,593,13,1,6),(4389,593,13,1,5),(4388,593,13,1,4),(4387,593,13,1,3),(2993,633,13,1,1),(7165,1646,2,1,10),(6768,456,11,0,10),(6767,456,11,0,9),(4962,573,6,0,8),(4961,573,6,0,7),(4960,573,6,1,6),(4959,573,6,0,5),(4958,573,6,1,4),(4078,677,3,1,3),(4077,677,3,0,2),(3010,1672,1,1,1),(3011,1672,1,1,2),(3012,1672,1,1,3),(3013,1672,1,1,4),(3014,1672,1,1,5),(3015,1672,1,1,6),(3016,1672,1,1,7),(3017,1672,1,0,8),(3018,1672,1,1,9),(3019,1672,1,1,10),(3020,1672,1,1,11),(3021,1672,1,1,12),(3022,1672,1,1,13),(3023,1672,1,1,14),(3024,1672,1,1,15),(3025,1672,1,1,16),(3026,1672,1,1,17),(3027,1108,10,0,1),(7258,322,16,0,16),(7257,322,16,0,15),(7256,322,16,0,14),(7255,322,16,0,13),(7254,322,16,0,12),(6841,446,16,0,11),(6840,446,16,1,10),(6839,446,16,1,9),(6388,1690,9,1,8),(5000,403,9,1,7),(4999,403,9,0,6),(4998,403,9,1,5),(4997,403,9,1,4),(4228,1697,10,1,3),(4227,1697,10,1,2),(3044,165,7,0,1),(3045,165,7,0,2),(3046,165,7,0,3),(3047,165,7,1,4),(3048,165,7,1,5),(5923,564,7,1,8),(5821,1560,7,0,16),(5820,1560,7,0,15),(5819,1560,7,0,14),(5818,1560,7,0,13),(5817,1560,7,0,12),(5816,1560,7,0,11),(5815,1560,7,0,10),(5814,1560,7,0,9),(5813,1560,7,1,8),(5812,1560,7,1,7),(5811,1560,7,1,6),(3061,684,8,1,1),(3062,684,8,1,2),(3063,684,8,1,3),(3064,684,8,1,4),(3065,684,8,1,5),(3066,684,8,1,6),(3067,684,8,1,7),(3068,684,8,0,8),(3069,684,8,1,9),(3070,684,8,1,10),(3071,684,8,1,11),(3072,684,8,1,12),(3073,684,8,1,13),(3074,684,8,1,14),(3075,684,8,1,15),(3076,684,8,1,16),(3077,684,8,1,17),(3078,966,14,1,1),(3079,966,14,1,2),(3080,966,14,1,3),(3081,966,14,1,4),(3082,966,14,1,5),(3083,966,14,1,6),(3084,966,14,1,7),(3085,966,14,1,8),(3086,966,14,1,9),(3087,966,14,1,10),(3088,966,14,1,11),(3089,966,14,1,12),(3090,966,14,1,13),(3091,966,14,1,14),(3092,966,14,1,15),(3093,966,14,1,16),(3094,966,14,1,17),(3095,164,9,0,1),(3096,164,9,0,2),(3097,164,9,0,3),(3098,164,9,0,4),(3099,164,6,0,5),(3100,164,6,1,6),(3101,164,6,1,7),(3102,164,6,0,8),(3103,164,6,0,9),(7073,365,6,0,16),(7072,365,6,0,15),(7071,365,6,0,14),(7070,365,6,0,13),(7069,365,6,0,12),(7068,365,6,0,11),(7067,365,6,1,10),(3112,444,11,1,1),(3113,444,11,1,2),(3114,444,11,0,3),(3115,444,11,1,4),(3116,444,11,0,5),(3117,444,11,1,6),(3118,444,11,0,7),(7233,108,5,0,16),(7232,108,5,0,15),(7231,108,5,0,14),(7230,108,5,0,13),(7229,108,5,0,12),(6956,324,13,0,11),(6955,324,13,0,10),(6614,1651,8,0,9),(6613,1651,8,1,8),(3129,1711,2,0,1),(3130,1711,2,1,2),(3131,1711,2,1,3),(3132,1711,2,1,4),(3133,1711,2,1,5),(3134,1711,2,1,6),(3135,1711,2,0,7),(3136,1711,2,1,8),(3137,1711,2,1,9),(3138,1711,2,1,10),(3139,1711,2,1,11),(3140,1711,2,1,12),(3141,1711,2,1,13),(3142,1711,2,1,14),(3143,1711,2,1,15),(3144,1711,2,1,16),(3145,1711,2,1,17),(3146,1288,15,1,1),(3147,1288,15,1,2),(3148,1288,15,1,3),(3149,1288,15,1,4),(3150,1288,15,1,5),(3151,1288,15,1,6),(3152,1288,15,1,7),(3153,1288,15,1,8),(3154,1288,15,1,9),(3155,1288,15,1,10),(3156,1288,15,1,11),(3157,1288,15,1,12),(3158,1288,15,1,13),(3159,1288,15,1,14),(3160,1288,15,1,15),(3161,1288,15,1,16),(3162,1288,15,1,17),(3163,1703,12,1,1),(3164,1703,12,1,2),(3165,1703,12,0,3),(3166,1703,12,1,4),(3167,1703,12,1,5),(3168,1703,12,1,6),(3169,1703,12,0,7),(3170,1703,12,0,8),(3171,1703,12,0,9),(7318,52,9,0,14),(7317,52,9,0,13),(7124,199,4,0,12),(7123,199,4,0,11),(7388,531,11,1,16),(7355,1108,11,1,15),(7354,1108,11,1,14),(7353,1108,11,1,13),(6069,1705,6,1,12),(6068,1705,6,1,11),(6067,1705,12,1,10),(6066,1705,12,1,9),(6065,1705,12,1,8),(6064,1705,12,1,7),(5943,922,12,0,6),(5202,49,12,1,5),(5088,1637,12,1,4),(4541,1407,12,1,3),(4107,349,13,0,2),(3938,1694,2,1,1),(3197,381,5,0,1),(3198,381,5,0,2),(3199,381,5,0,3),(6891,243,3,1,16),(6890,243,3,1,15),(6889,243,3,1,14),(6888,243,3,1,13),(6887,243,3,1,12),(6886,243,3,1,11),(6885,243,3,1,10),(6727,623,2,1,9),(5457,456,3,0,8),(5456,456,3,1,7),(5455,456,3,1,6),(5454,456,3,1,5),(3214,513,4,0,1),(3215,513,4,0,2),(3216,513,4,0,3),(5139,821,8,1,16),(5138,821,8,0,15),(5137,821,8,1,14),(5136,821,8,1,13),(5135,821,8,1,12),(5134,821,8,1,11),(5133,821,8,1,10),(5132,821,8,1,9),(5131,821,8,0,8),(5130,821,8,1,7),(5129,821,8,0,6),(5128,821,8,0,5),(5127,821,8,1,4),(3231,371,16,0,1),(3232,371,16,0,2),(5832,49,6,0,16),(5831,49,6,0,15),(5830,49,6,0,14),(5829,49,6,0,13),(5828,49,6,0,12),(5827,49,6,1,11),(5826,49,6,1,10),(5825,49,6,1,9),(5824,49,6,1,8),(5823,49,6,1,7),(5822,49,6,1,6),(5346,1379,5,1,5),(4472,1570,5,1,4),(4471,1570,5,1,3),(3248,767,3,1,1),(3249,767,3,1,2),(3250,767,3,1,3),(3251,767,3,0,4),(3252,767,3,1,5),(3253,767,3,1,6),(3254,767,3,1,7),(3255,767,3,1,8),(3256,767,3,1,9),(3257,767,3,1,10),(3258,767,3,0,11),(7292,377,1,0,16),(7291,377,1,0,15),(7290,377,1,0,14),(7289,377,1,0,13),(3874,1696,10,1,1),(4375,1458,13,1,5),(7385,273,11,1,16),(6359,156,5,0,15),(6358,156,5,0,14),(6357,156,5,0,13),(6356,156,5,0,12),(6355,156,5,0,11),(6354,156,5,0,10),(6353,156,5,0,9),(6352,156,5,0,8),(6184,1698,2,1,7),(5899,1651,5,1,6),(5214,104,2,0,5),(4763,203,12,0,4),(4317,309,13,0,3),(3986,218,3,0,1),(3282,542,8,0,1),(3283,542,8,0,2),(3284,542,8,0,3),(3285,542,8,0,4),(3286,542,8,0,5),(3287,542,8,0,6),(6153,1680,5,1,16),(6152,1680,5,1,15),(6151,1680,5,1,14),(6150,1680,5,1,13),(6149,1680,5,1,12),(6148,1680,5,1,11),(6147,1680,5,1,10),(6146,1680,5,1,9),(6145,1680,5,1,8),(6144,1680,5,1,7),(3299,1715,7,1,1),(4272,1685,7,1,2),(7133,455,2,0,15),(7132,455,2,0,14),(7131,455,2,0,13),(7130,455,2,0,12),(7129,455,2,0,11),(6257,322,4,0,10),(6256,322,4,0,9),(6255,322,4,1,8),(6254,322,4,1,7),(5049,864,6,1,4),(4288,1519,6,0,3),(4287,1519,6,0,2),(3316,124,6,0,1),(3317,124,6,0,2),(3318,124,6,0,3),(3319,124,6,1,4),(6694,462,8,0,16),(6693,462,8,1,15),(6692,462,8,0,14),(6691,462,8,0,13),(6690,462,8,0,12),(6689,462,8,0,11),(6688,462,8,1,10),(6687,462,8,0,9),(5995,1420,11,0,8),(5994,1420,11,1,7),(5844,618,11,1,6),(5478,652,16,1,5),(3333,449,3,1,1),(3334,449,3,1,2),(3335,449,3,1,3),(3336,449,3,1,4),(3337,449,3,0,5),(3338,449,3,0,6),(3339,449,3,1,7),(3340,449,3,1,8),(3341,449,3,0,9),(3342,449,3,1,10),(3343,449,3,0,11),(3344,449,3,0,12),(3345,449,3,0,13),(3346,449,3,0,14),(3347,449,3,0,15),(3348,449,3,0,16),(3349,449,3,0,17),(3350,1079,13,1,1),(3351,1079,13,1,2),(3352,1079,13,1,3),(3353,1079,13,0,4),(7316,153,4,0,16),(7315,153,4,0,15),(7314,153,4,0,14),(7313,153,4,0,13),(6545,1652,1,0,12),(6544,1652,1,0,11),(6543,1652,1,0,10),(6542,1652,1,0,9),(6541,1652,1,1,8),(5623,186,7,0,6),(5622,186,7,1,5),(3367,1000,1,1,1),(3368,1000,1,1,2),(3369,1000,1,1,3),(3370,1000,1,1,4),(6323,652,9,1,16),(6322,652,9,1,15),(6321,652,9,1,14),(6320,652,9,1,13),(6319,652,9,1,12),(6318,652,9,1,11),(6317,652,13,1,10),(6316,652,13,1,9),(6315,652,13,1,8),(6314,593,13,1,7),(5527,881,1,1,6),(5526,881,1,1,5),(3384,1704,5,1,1),(3385,1704,5,1,2),(3386,1704,5,1,3),(3387,1704,5,0,4),(3388,1704,5,0,5),(3389,1704,5,1,6),(3390,1704,5,1,7),(3391,1704,5,1,8),(3392,1704,5,1,9),(3393,1704,5,1,10),(3394,1704,5,1,11),(3395,1704,5,1,12),(3396,1704,5,1,13),(3397,1704,5,1,14),(3398,1704,5,1,15),(3399,1704,5,1,16),(3400,1704,5,1,17),(3401,1096,10,1,1),(3402,1096,10,1,2),(3403,1096,10,1,3),(3404,1096,10,1,4),(7324,71,6,1,16),(7323,71,6,1,15),(7322,71,6,1,14),(7321,71,6,1,13),(7259,90,9,0,12),(5717,424,16,0,11),(5716,424,16,0,10),(5715,424,16,1,9),(5714,424,16,1,8),(5713,424,16,1,7),(5712,424,16,0,6),(5286,420,16,1,5),(3418,203,11,0,1),(3419,203,11,0,2),(7093,480,1,1,11),(7086,477,2,1,16),(7085,477,2,1,15),(7084,477,2,1,14),(7083,477,2,1,13),(7082,477,2,0,12),(7081,477,2,0,11),(6783,60,16,1,9),(6225,285,10,0,8),(6224,285,10,0,7),(5563,167,1,0,6),(5562,167,1,0,5),(4584,714,1,1,4),(4583,714,1,1,3),(3435,167,9,0,1),(3436,167,9,0,2),(3437,167,9,1,3),(3438,167,9,1,4),(6851,792,7,0,13),(7308,501,1,0,16),(7307,501,1,0,15),(7306,501,1,0,14),(7305,501,1,0,13),(7100,577,1,0,12),(7099,577,1,0,11),(6561,1284,1,0,10),(6560,1284,1,0,9),(6084,430,16,0,7),(5778,358,9,1,6),(5586,693,7,1,5),(3452,1666,16,1,1),(3453,1666,16,1,2),(3454,1666,16,1,3),(3455,1666,16,1,4),(3456,1666,16,1,5),(3457,1666,16,1,6),(3458,1666,16,1,7),(3459,1666,16,1,8),(3460,1666,16,1,9),(3461,1666,16,0,10),(3462,1666,16,0,11),(3463,1666,16,1,12),(3464,1666,16,1,13),(3465,1666,16,1,14),(3466,1666,16,1,15),(3467,1666,16,1,16),(3468,1666,16,1,17),(3469,811,14,0,1),(3470,811,14,0,2),(4653,534,6,1,3),(4652,1670,14,1,16),(4651,1670,14,1,15),(4650,1670,14,1,14),(4649,1670,14,1,13),(4648,1670,14,1,12),(4647,1670,14,1,11),(4646,1670,14,1,10),(4645,1670,14,1,9),(4644,1670,14,1,8),(4643,1670,14,1,7),(4642,1670,14,1,6),(4641,1670,14,1,5),(4640,1670,14,1,4),(4639,1670,14,1,3),(3486,1662,2,1,1),(3487,1662,2,1,2),(3488,1662,2,1,3),(3489,1662,2,1,4),(3490,1662,2,1,5),(3491,1662,2,1,6),(3492,1662,2,1,7),(3493,1662,2,1,8),(3494,1662,2,1,9),(3495,1662,2,0,10),(3496,1662,2,1,11),(3497,1662,2,1,12),(3498,1662,2,1,13),(3499,1662,2,1,14),(3500,1662,2,1,15),(3501,1662,2,1,16),(3502,1662,2,1,17),(3503,1701,15,1,1),(3504,1701,15,1,2),(3505,1701,15,1,3),(3506,1701,15,1,4),(3507,1701,15,1,5),(3508,1701,15,1,6),(3509,1701,15,1,7),(3510,1701,15,1,8),(3511,1701,15,1,9),(3512,1701,15,1,10),(3513,1701,15,1,11),(3514,1701,15,1,12),(3515,1701,15,1,13),(3516,1701,15,1,14),(3517,1701,15,1,15),(3518,1701,15,1,16),(3519,1701,15,1,17),(3520,618,4,0,1),(7158,934,3,1,16),(7157,934,3,1,15),(7156,934,3,1,14),(7155,934,3,1,13),(7154,934,3,1,12),(7153,934,3,1,11),(4100,283,2,0,10),(4099,283,2,1,9),(4098,283,2,1,8),(4097,283,2,1,7),(4096,283,2,0,6),(4095,283,2,0,5),(4094,283,2,0,4),(4093,283,2,1,3),(4092,283,2,0,2),(3537,506,4,0,1),(7248,396,16,1,16),(7247,396,16,1,15),(7246,396,16,1,14),(7245,396,16,1,13),(7244,396,16,1,12),(6008,492,11,0,11),(6007,492,5,0,10),(6006,492,5,1,9),(6005,492,5,1,8),(6004,492,5,1,7),(5855,944,11,1,6),(4803,1255,11,1,5),(4802,1255,11,1,4),(4138,1680,12,1,3),(4137,1680,12,1,2),(3554,325,15,0,1),(3555,325,15,0,2),(3556,325,15,0,3),(3557,325,15,0,4),(3558,325,15,0,5),(3559,325,15,0,6),(6214,400,1,0,7),(6213,1136,15,0,16),(6212,1136,15,0,15),(6211,1136,15,0,14),(6210,1136,15,0,13),(6209,1136,15,1,12),(6208,1136,15,1,11),(6207,1136,15,1,10),(6206,1136,15,1,9),(6205,1136,15,1,8),(6204,1136,15,1,7),(7374,1685,8,1,16),(7373,1685,8,1,15),(7372,1685,8,0,14),(3966,960,8,0,13),(3965,960,8,0,12),(3964,960,8,0,11),(3963,960,8,0,10),(3962,960,8,0,9),(3961,960,8,1,8),(3960,960,8,0,7),(3959,960,8,0,6),(3958,960,8,0,5),(3957,960,8,0,4),(3956,960,8,0,3),(3955,960,8,0,2),(3954,960,8,0,1),(3588,193,14,0,1),(3589,193,14,0,2),(3590,193,14,0,3),(3591,193,14,0,4),(3592,193,14,0,5),(3593,193,14,0,6),(3594,193,14,0,7),(3595,193,14,0,8),(3596,193,14,0,9),(3597,193,14,0,10),(3598,193,14,0,11),(3599,193,14,0,12),(3600,193,14,0,13),(3601,193,14,0,14),(3602,193,14,0,15),(3603,193,14,0,16),(3604,193,14,0,17),(3605,380,13,1,1),(3606,380,13,0,2),(3607,380,13,1,3),(3608,380,13,0,4),(3609,380,13,1,5),(3610,380,13,0,6),(5983,1096,10,1,16),(5982,1096,10,1,15),(5981,1096,10,1,14),(5980,1096,10,1,13),(5979,1096,10,1,12),(5978,1096,10,1,11),(5977,1096,10,1,10),(5976,1096,10,1,9),(5975,1096,10,1,8),(5974,1096,10,1,7),(3622,358,16,0,1),(4377,1458,13,0,7),(4376,1458,13,1,6),(7152,164,2,0,16),(7151,164,2,0,15),(7150,164,2,0,14),(7149,164,2,0,13),(7148,164,2,0,12),(7147,164,2,1,11),(6462,377,3,0,10),(6461,377,3,1,9),(6460,377,3,1,8),(4277,1685,7,1,7),(4276,1685,7,1,6),(4275,1685,7,1,5),(4274,1685,7,0,4),(4273,1685,7,1,3),(3639,465,9,0,1),(3640,465,9,1,2),(3641,465,9,1,3),(3642,465,9,1,4),(3643,465,9,1,5),(3644,465,9,0,6),(3645,465,9,1,7),(3646,465,9,1,8),(3647,465,9,1,9),(3648,465,9,1,10),(3649,465,9,1,11),(3650,465,9,1,12),(3651,465,9,1,13),(3652,465,9,1,14),(3653,465,9,1,15),(3654,465,9,1,16),(3655,465,9,1,17),(3656,1616,11,0,1),(3657,1616,11,0,2),(4456,530,10,1,16),(4455,530,10,1,15),(4454,530,10,1,14),(4453,530,10,1,13),(4452,530,10,1,12),(4451,530,10,1,11),(4450,530,11,0,10),(4449,530,11,0,9),(4448,530,11,1,8),(4447,530,11,1,7),(4446,530,11,1,6),(4445,530,11,1,5),(4444,530,11,1,4),(4443,530,11,1,3),(3673,42,10,0,1),(3674,42,10,0,2),(4374,1458,13,1,4),(5656,594,16,1,16),(5655,594,16,1,15),(5654,594,16,1,14),(5653,594,16,1,13),(5652,594,16,1,12),(5651,594,16,1,11),(5650,594,16,1,10),(5649,594,16,1,9),(5648,594,16,1,8),(5647,594,12,1,7),(5646,594,12,1,6),(4528,349,10,1,4),(4527,349,10,1,3),(3690,1652,5,1,1),(3691,1652,5,1,2),(3692,1652,5,1,3),(3693,1652,5,1,4),(3694,1652,5,1,5),(5921,564,7,1,6),(6378,944,11,0,16),(6377,944,11,0,15),(6376,944,11,1,14),(6375,944,11,1,13),(6374,944,11,1,12),(6373,944,11,1,11),(6372,944,11,1,10),(6371,944,11,1,9),(6370,944,11,1,8),(5984,793,11,1,7),(5910,378,10,1,6),(7344,623,4,1,16),(7343,623,4,1,15),(7342,623,4,1,14),(7341,623,4,1,13),(6279,1329,4,0,12),(6278,1329,4,0,11),(6277,1329,4,0,10),(6276,1329,4,0,9),(6275,1329,4,0,8),(6274,1329,4,1,7),(4246,194,4,0,6),(4245,194,4,0,5),(4244,194,4,0,4),(4243,194,4,0,3),(3724,309,13,0,1),(7384,687,5,0,16),(7162,132,11,0,14),(7161,132,11,0,13),(7160,132,11,0,12),(7159,132,11,0,11),(6871,573,5,1,10),(5418,1096,9,0,5),(5114,1680,4,1,4),(4123,440,4,0,3),(4122,440,4,0,2),(4442,1694,11,1,16),(4441,1694,11,1,15),(4440,1694,11,1,14),(4439,1694,11,1,13),(4438,1694,11,1,12),(4437,1694,11,1,11),(4436,1694,11,1,10),(4435,1694,11,1,9),(4434,1694,11,1,8),(4433,1694,11,0,7),(4432,1694,11,0,6),(4431,1694,11,0,5),(4430,1694,11,0,4),(4429,1694,11,0,3),(4197,1705,6,1,2),(3758,1458,6,0,1),(7059,366,3,1,16),(7058,366,3,1,15),(7057,366,3,1,14),(7056,366,3,1,13),(7055,366,3,1,12),(7054,366,3,1,11),(7053,366,3,0,10),(6743,518,12,0,9),(6397,706,12,0,8),(6074,1673,9,1,7),(4216,147,10,0,6),(4215,147,10,1,5),(4214,147,10,0,4),(4213,147,10,0,3),(4212,147,10,0,2),(3775,687,7,0,1),(3776,687,7,1,2),(5689,1510,13,1,16),(5688,1510,13,1,15),(5687,1510,13,1,14),(5686,1510,13,1,13),(5685,1510,13,1,12),(5684,1510,13,1,11),(5683,1510,13,1,10),(5682,1510,13,1,9),(5681,1510,13,0,8),(5680,1510,13,1,7),(5679,1510,13,1,6),(5610,476,13,0,5),(4724,379,7,1,4),(4723,379,7,0,3),(7031,542,12,1,16),(7030,542,12,1,15),(7029,542,12,1,14),(7028,542,12,1,13),(7027,542,12,1,12),(7026,542,12,0,11),(7025,542,12,0,10),(6116,1696,13,0,9),(6115,1696,13,0,8),(6114,1696,13,1,7),(5833,1695,16,1,6),(5298,1661,6,1,5),(4841,517,16,1,4),(4569,60,11,0,3),(4152,385,12,0,2),(3970,1648,12,1,1),(4242,194,4,0,2),(3937,248,12,0,16),(3936,248,12,0,15),(3935,248,12,0,14),(3934,248,12,0,13),(3933,248,12,0,12),(3932,248,12,1,11),(3931,248,12,0,10),(3930,248,12,1,9),(3929,248,12,1,8),(3928,248,12,1,7),(3927,248,12,0,6),(3926,248,12,1,5),(3925,248,12,0,4),(3924,248,12,1,3),(3923,248,12,0,2),(3922,248,12,0,1);

--
-- Table structure for table `nfl_team`
--

CREATE TABLE `nfl_team` (
  `team_id` int(11) NOT NULL AUTO_INCREMENT,
  `city` varchar(20) NOT NULL DEFAULT '',
  `team_name` varchar(20) NOT NULL DEFAULT '',
  `abbrev` char(3) NOT NULL DEFAULT '',
  `bye_week` int(11) NOT NULL DEFAULT '0',
  PRIMARY KEY (`team_id`)
) ENGINE=MyISAM AUTO_INCREMENT=35 DEFAULT CHARSET=latin1 COMMENT='NFL Teams';

--
-- Dumping data for table `nfl_team`
--

INSERT INTO `nfl_team` VALUES (2,'Miami','Dolphins','MIA',4),(1,'Buffalo','Bills','BUF',9),(3,'New England','Patriots','NE',7),(4,'New York','Jets','NYJ',8),(5,'Baltimore','Ravens','BAL',3),(6,'Cincinnati','Bengals','CIN',10),(7,'Cleveland','Browns','CLE',4),(8,'Pittsburgh','Steelers','PIT',4),(9,'Houston','Texans','HOU',3),(10,'Indianapolis','Colts','IND',8),(11,'Jacksonville','Jaguars','JAX',7),(12,'Tennessee','Titans','TEN',10),(13,'Denver','Broncos','DEN',9),(14,'Kansas City','Chiefs','KC',5),(15,'Oakland','Raiders','OAK',5),(16,'San Diego','Chargers','SD',10),(17,'Dallas','Cowboys','DAL',9),(18,'New York','Giants','NYG',5),(19,'Philadelphia','Eagles','PHI',6),(20,'Washington','Redskins','WAS',3),(21,'Chicago','Bears','CHI',4),(22,'Detroit','Lions','DET',3),(23,'Green Bay','Packers','GB',6),(24,'Minnesota','Vikings','MIN',5),(25,'Atlanta','Falcons','ATL',8),(26,'Carolina','Panthers','CAR',7),(27,'New Orleans','Saints','NO',10),(28,'Tampa Bay','Buccaneers','TB',7),(29,'Arizona','Cardinals','ARI',6),(30,'St. Louis','Rams','STL',9),(31,'San Francisco','49ers','SF',6),(32,'Seattle','Seahawks','SEA',8),(0,'','','',0);

--
-- Table structure for table `nfl_trade`
--

CREATE TABLE `nfl_trade` (
  `trade_id` int(11) NOT NULL AUTO_INCREMENT,
  `offertype_id` int(11) NOT NULL DEFAULT '0',
  `offer_rotiss_team_id` int(11) NOT NULL DEFAULT '0',
  `offee_rotiss_team_id` int(11) NOT NULL DEFAULT '0',
  `date_offered` date NOT NULL DEFAULT '0000-00-00',
  `time_offered` time NOT NULL DEFAULT '00:00:00',
  PRIMARY KEY (`trade_id`)
) ENGINE=MyISAM AUTO_INCREMENT=65 DEFAULT CHARSET=latin1 COMMENT='NBA Trade';

--
-- Dumping data for table `nfl_trade`
--

INSERT INTO `nfl_trade` VALUES (1,3,6,15,'2005-09-22','11:05:59'),(2,2,13,5,'2005-09-25','14:44:15'),(3,4,16,10,'2005-09-30','17:21:08'),(4,4,2,10,'2005-10-01','07:46:14'),(5,2,9,6,'2005-10-05','14:56:59'),(6,2,9,6,'2005-10-05','15:05:26'),(7,2,9,6,'2005-10-05','15:11:07'),(8,3,6,9,'2005-10-05','20:08:27'),(9,2,13,11,'2005-10-07','19:03:03'),(10,4,6,12,'2005-10-12','12:31:33'),(11,4,6,12,'2005-10-12','12:31:50'),(12,4,11,12,'2005-10-12','17:10:59'),(13,4,5,16,'2005-10-12','20:26:16'),(14,2,11,12,'2005-10-13','21:27:51'),(15,4,10,12,'2005-10-14','12:05:10'),(16,4,16,13,'2005-10-14','13:48:18'),(17,4,10,2,'2005-10-14','18:34:50'),(18,2,10,13,'2005-10-17','18:33:22'),(19,3,8,1,'2005-10-18','00:58:41'),(20,3,1,8,'2005-10-18','01:06:13'),(21,4,9,16,'2005-10-19','12:09:26'),(22,4,6,13,'2005-10-24','20:59:14'),(23,3,13,6,'2005-10-26','20:06:55'),(25,3,16,12,'2005-10-28','13:30:43'),(26,2,13,10,'2005-10-28','19:24:42'),(27,2,13,1,'2005-10-28','19:43:21'),(29,4,9,16,'2005-10-30','18:02:44'),(30,2,11,9,'2005-11-02','22:06:13'),(31,4,9,2,'2005-11-07','02:02:55'),(32,4,2,9,'2005-11-08','23:08:51'),(33,2,11,9,'2005-11-09','12:36:29'),(34,4,9,2,'2005-11-09','13:56:36'),(35,4,9,2,'2005-11-09','13:57:04'),(36,4,2,9,'2005-11-09','19:05:48'),(37,4,11,13,'2005-11-10','22:08:23'),(38,2,13,2,'2005-11-11','19:36:51'),(39,3,2,13,'2005-11-12','00:16:24'),(41,4,2,8,'2005-11-13','01:27:53'),(42,4,2,13,'2005-11-13','01:28:17'),(43,4,2,1,'2005-11-13','01:28:41'),(44,4,2,6,'2005-11-13','01:29:20'),(45,4,2,3,'2005-11-13','01:29:48'),(46,4,2,9,'2005-11-13','01:30:31'),(47,4,2,4,'2005-11-13','01:30:53'),(48,4,2,10,'2005-11-13','01:31:16'),(49,4,5,3,'2005-11-13','19:26:25'),(50,4,13,10,'2005-11-14','17:18:55'),(51,2,11,10,'2005-11-15','09:40:09'),(52,2,12,14,'2005-11-15','16:49:28'),(53,3,11,10,'2005-11-15','21:52:50'),(54,2,11,5,'2005-11-16','14:13:19'),(55,3,11,5,'2005-11-16','14:33:48'),(56,4,5,1,'2005-11-16','18:03:30'),(57,2,13,1,'2005-11-16','23:53:01'),(58,2,9,13,'2005-11-18','11:13:35'),(59,3,13,9,'2005-11-18','18:57:14'),(60,4,5,1,'2005-11-19','19:44:43'),(61,2,12,6,'2005-11-19','21:13:31'),(62,3,12,6,'2005-11-19','22:21:43'),(63,3,12,6,'2005-11-19','22:28:47'),(64,4,1,5,'2005-11-20','05:02:11');

--
-- Table structure for table `nfl_trade_list`
--

CREATE TABLE `nfl_trade_list` (
  `tradelist_id` int(11) NOT NULL AUTO_INCREMENT,
  `trade_id` int(11) NOT NULL DEFAULT '0',
  `rotiss_team_id` int(11) NOT NULL DEFAULT '0',
  `nfl_player_id` int(11) NOT NULL DEFAULT '0',
  PRIMARY KEY (`tradelist_id`)
) ENGINE=MyISAM AUTO_INCREMENT=223 DEFAULT CHARSET=latin1 COMMENT='Trade Listing of Players';

--
-- Dumping data for table `nfl_trade_list`
--

INSERT INTO `nfl_trade_list` VALUES (1,1,6,318),(2,1,15,649),(3,2,13,244),(4,2,13,510),(5,2,13,380),(6,2,5,259),(7,2,5,529),(8,3,16,120),(9,3,16,272),(10,3,10,73),(11,4,2,283),(12,4,10,73),(13,5,9,128),(14,5,9,164),(15,5,6,188),(16,6,9,128),(17,6,9,403),(18,6,9,164),(19,6,6,323),(20,6,6,493),(21,7,9,128),(22,7,6,323),(23,7,6,48),(24,8,6,323),(25,8,6,48),(26,8,9,128),(27,8,9,164),(28,9,13,244),(29,9,13,510),(30,9,13,380),(31,9,11,551),(32,10,6,493),(33,10,6,573),(34,10,12,354),(35,11,6,493),(36,11,6,649),(37,11,12,354),(38,12,11,445),(39,12,11,1694),(40,12,12,369),(41,12,12,942),(42,13,5,47),(43,13,16,232),(44,14,11,1694),(45,14,12,369),(46,15,10,73),(47,15,12,354),(48,16,16,216),(49,16,16,120),(50,16,13,115),(51,17,10,73),(52,17,2,491),(53,18,10,73),(54,18,13,414),(55,19,8,335),(56,19,8,943),(57,19,1,256),(58,19,1,405),(59,20,1,881),(60,20,8,462),(61,21,9,376),(62,21,9,48),(63,21,9,465),(64,21,16,232),(65,22,6,188),(66,22,6,493),(67,22,13,244),(68,22,13,510),(69,22,13,421),(70,23,13,244),(71,23,13,565),(72,23,13,510),(73,23,13,421),(74,23,6,188),(75,23,6,493),(76,23,6,128),(77,24,9,439),(78,24,9,48),(79,24,14,526),(80,25,16,232),(81,25,16,617),(82,25,12,266),(83,25,12,354),(84,25,12,594),(85,26,13,311),(86,26,13,493),(87,26,10,157),(88,27,13,115),(89,27,13,1709),(90,27,1,501),(91,27,1,1691),(99,29,16,424),(98,29,16,152),(97,29,9,48),(96,29,9,439),(100,30,11,56),(101,30,11,445),(102,30,11,551),(103,30,11,1684),(104,30,11,158),(105,30,9,107),(106,30,9,323),(107,30,9,376),(108,30,9,1006),(109,31,9,239),(110,31,9,439),(111,31,9,48),(112,31,2,491),(113,31,2,873),(114,32,2,838),(115,32,9,439),(116,33,11,531),(117,33,11,551),(118,33,11,87),(119,33,11,158),(120,33,9,107),(121,33,9,239),(122,33,9,465),(123,34,9,439),(124,34,9,465),(125,34,2,491),(126,35,9,239),(127,35,9,439),(128,35,2,294),(129,36,2,294),(130,36,2,283),(131,36,9,160),(132,36,9,439),(133,37,11,551),(134,37,11,456),(135,37,13,115),(136,38,13,493),(137,38,13,404),(138,38,2,246),(139,39,2,246),(140,39,2,491),(141,39,2,108),(142,39,13,115),(143,39,13,404),(151,42,13,414),(150,42,2,212),(149,41,8,447),(148,41,2,212),(152,43,2,212),(153,43,1,943),(154,44,2,212),(155,44,6,510),(156,45,2,212),(157,45,3,428),(158,46,2,212),(159,46,9,107),(160,47,2,212),(161,47,4,100),(162,48,2,212),(163,48,10,676),(164,49,5,259),(165,49,3,243),(166,50,13,188),(167,50,13,493),(168,50,10,237),(169,51,11,531),(170,51,11,1684),(171,51,11,158),(172,51,10,157),(173,51,10,436),(174,52,12,54),(175,52,12,542),(176,52,12,248),(177,52,14,50),(178,52,14,1700),(179,53,11,1684),(180,53,11,530),(181,53,10,157),(182,53,10,436),(183,54,11,531),(184,54,11,551),(185,54,5,392),(186,54,5,47),(187,55,11,551),(188,55,5,47),(189,55,5,492),(190,56,5,259),(191,56,1,615),(192,57,13,188),(193,57,13,493),(194,57,13,652),(195,57,1,615),(196,58,9,1049),(197,58,13,188),(198,59,13,188),(199,59,13,652),(200,59,9,595),(201,60,5,259),(202,60,5,283),(203,60,5,690),(204,60,5,156),(205,60,1,615),(206,61,12,942),(207,61,12,1674),(208,61,12,1705),(209,61,6,732),(210,61,6,1665),(211,61,6,1689),(212,62,12,942),(213,62,12,1674),(214,62,12,1705),(215,62,6,1665),(216,62,6,1689),(217,63,12,331),(218,63,6,773),(219,64,1,615),(220,64,5,283),(221,64,5,529),(222,64,5,690);

--
-- Table structure for table `nfl_transactions`
--

CREATE TABLE `nfl_transactions` (
  `transaction_id` int(10) unsigned NOT NULL AUTO_INCREMENT,
  `rotiss_team_id` int(10) unsigned NOT NULL DEFAULT '0',
  `date` date NOT NULL DEFAULT '0000-00-00',
  `time` time NOT NULL DEFAULT '00:00:00',
  `player_id_drop` int(10) unsigned NOT NULL DEFAULT '0',
  `player_id_add` int(10) unsigned NOT NULL DEFAULT '0',
  `aff_week` int(11) NOT NULL DEFAULT '0',
  `trade_id` int(11) NOT NULL DEFAULT '0',
  PRIMARY KEY (`transaction_id`)
) ENGINE=MyISAM AUTO_INCREMENT=437 DEFAULT CHARSET=latin1 COMMENT='Rotiss Transactions';

--
-- Dumping data for table `nfl_transactions`
--

INSERT INTO `nfl_transactions` VALUES (1,1,'2005-09-03','23:37:55',1100,142,1,0),(2,12,'2005-09-04','14:51:41',1717,0,1,0),(3,12,'2005-09-04','14:53:50',0,456,1,0),(4,12,'2005-09-04','14:58:16',356,0,1,0),(5,12,'2005-09-04','14:58:40',0,1680,1,0),(6,10,'2005-09-04','16:12:07',1693,1696,1,0),(7,6,'2005-09-04','19:11:24',367,502,1,0),(8,12,'2005-09-05','10:27:01',456,1693,1,0),(9,12,'2005-09-05','11:56:24',1693,248,1,0),(10,2,'2005-09-05','16:43:04',399,1694,1,0),(11,8,'2005-09-05','21:40:44',60,960,1,0),(12,12,'2005-09-06','00:08:21',1680,1648,1,0),(13,3,'2005-09-07','21:13:57',799,218,1,0),(14,12,'2005-09-08','13:48:40',321,114,2,0),(15,1,'2005-09-08','20:22:10',142,577,2,0),(16,4,'2005-09-08','21:20:19',618,690,2,0),(17,3,'2005-09-11','15:00:15',218,283,2,0),(18,13,'2005-09-11','15:04:23',633,593,2,0),(19,3,'2005-09-11','15:11:56',283,677,2,0),(20,2,'2005-09-11','15:42:11',1694,283,2,0),(21,13,'2005-09-11','20:24:49',309,349,2,0),(22,4,'2005-09-11','21:35:20',506,440,2,0),(23,12,'2005-09-11','23:59:07',1648,1680,2,0),(24,12,'2005-09-12','00:26:00',114,385,2,0),(25,3,'2005-09-12','15:41:02',547,399,2,0),(26,3,'2005-09-12','17:24:09',399,1693,2,0),(27,6,'2005-09-12','18:25:11',1458,1705,2,0),(28,10,'2005-09-12','18:29:19',1108,147,2,0),(29,10,'2005-09-12','18:29:40',1696,1697,2,0),(30,4,'2005-09-12','23:47:24',420,194,2,0),(31,16,'2005-09-13','09:58:44',358,0,2,0),(32,7,'2005-09-15','14:48:39',1715,0,2,0),(33,7,'2005-09-15','14:50:14',0,1699,2,0),(34,7,'2005-09-15','14:51:49',1699,1685,2,0),(35,6,'2005-09-15','23:06:19',502,1519,2,0),(36,13,'2005-09-17','14:57:12',593,675,2,0),(37,13,'2005-09-18','14:08:52',349,309,3,0),(38,10,'2005-09-18','14:58:55',42,1667,3,0),(39,10,'2005-09-18','15:03:26',517,1346,3,0),(40,16,'2005-09-18','16:06:32',0,114,3,0),(41,13,'2005-09-18','16:47:06',79,1458,3,0),(42,13,'2005-09-18','16:47:32',675,593,3,0),(43,2,'2005-09-18','17:41:16',153,399,3,0),(44,6,'2005-09-18','19:05:25',1705,404,3,0),(45,11,'2005-09-18','19:52:40',1616,1694,3,0),(46,11,'2005-09-18','19:56:16',97,530,3,0),(47,16,'2005-09-19','15:23:19',371,153,3,0),(48,5,'2005-09-19','22:58:30',725,1570,3,0),(49,2,'2005-09-20','15:50:56',856,758,3,0),(50,2,'2005-09-20','20:59:39',399,873,3,0),(51,10,'2005-09-21','10:55:11',1346,1453,3,0),(52,10,'2005-09-21','10:56:08',1667,349,3,0),(53,12,'2005-09-21','13:44:52',713,1407,3,0),(54,12,'2005-09-21','14:09:42',385,713,3,0),(55,11,'2005-09-21','20:44:00',203,60,3,0),(56,1,'2005-09-22','00:13:22',1582,714,3,0),(57,16,'2005-09-22','17:41:49',114,517,3,0),(58,6,'2005-09-22','19:27:38',0,0,3,1),(59,15,'2005-09-22','19:27:38',0,0,3,1),(60,8,'2005-09-23','01:04:20',562,114,3,0),(61,13,'2005-09-23','15:54:57',630,421,3,0),(62,14,'2005-09-24','12:13:05',811,0,3,0),(63,14,'2005-09-24','12:14:48',0,1670,3,0),(64,6,'2005-09-24','12:40:27',404,534,3,0),(65,12,'2005-09-24','21:33:37',239,623,3,0),(66,12,'2005-09-24','21:39:47',661,1714,3,0),(67,7,'2005-09-24','23:11:16',1074,1413,3,0),(68,7,'2005-09-24','23:16:17',687,186,3,0),(69,7,'2005-09-24','23:28:23',368,379,3,0),(70,12,'2005-09-25','02:22:18',1714,661,4,0),(71,13,'2005-09-25','13:54:17',309,414,4,0),(72,12,'2005-09-25','16:58:09',623,203,4,0),(73,11,'2005-09-25','17:49:50',914,856,4,0),(74,12,'2005-09-25','18:30:03',1680,1674,4,0),(75,11,'2005-09-25','19:10:48',60,1255,4,0),(76,16,'2005-09-25','19:43:28',517,272,4,0),(77,16,'2005-09-25','19:43:53',153,272,4,0),(78,16,'2005-09-25','19:46:32',272,0,4,0),(79,16,'2005-09-25','19:47:29',0,517,4,0),(80,16,'2005-09-25','19:47:58',0,272,4,0),(81,10,'2005-09-25','22:23:23',400,1667,4,0),(82,16,'2005-09-26','14:27:09',1011,1584,4,0),(83,16,'2005-09-26','14:29:25',48,60,4,0),(84,16,'2005-09-26','14:49:16',896,724,4,0),(85,16,'2005-09-26','14:49:47',1584,858,4,0),(86,6,'2005-09-26','18:46:13',1361,48,4,0),(87,3,'2005-09-26','19:10:19',677,745,4,0),(88,6,'2005-09-26','23:26:45',662,573,4,0),(89,10,'2005-09-27','00:27:35',1453,322,4,0),(90,10,'2005-09-27','00:36:38',1697,1715,4,0),(91,9,'2005-09-27','03:16:23',476,403,4,0),(92,11,'2005-09-27','12:07:36',869,79,4,0),(93,7,'2005-09-27','15:56:22',1059,1710,4,0),(94,6,'2005-09-27','16:54:27',1519,1316,4,0),(95,6,'2005-09-27','17:38:27',118,864,4,0),(96,7,'2005-09-27','22:29:41',1710,1713,4,0),(97,2,'2005-09-27','23:26:34',873,1374,4,0),(98,12,'2005-09-28','15:34:27',1407,0,4,0),(99,12,'2005-09-28','15:35:05',0,1637,4,0),(100,4,'2005-09-29','16:16:35',440,309,4,0),(101,4,'2005-09-29','16:30:06',513,1680,4,0),(102,8,'2005-09-30','17:37:48',114,821,4,0),(103,5,'2005-09-30','21:48:29',652,687,4,0),(104,5,'2005-09-30','21:49:32',381,1696,4,0),(105,3,'2005-10-02','14:53:56',745,399,5,0),(106,2,'2005-10-02','15:26:36',1374,389,5,0),(107,2,'2005-10-02','16:17:25',389,478,5,0),(108,12,'2005-10-02','17:31:57',203,0,5,0),(109,12,'2005-10-02','17:32:14',1637,0,5,0),(110,12,'2005-10-02','17:36:02',0,49,5,0),(111,2,'2005-10-02','23:08:32',145,104,5,0),(112,10,'2005-10-03','10:21:54',322,389,5,0),(113,10,'2005-10-03','10:34:07',1646,1374,5,0),(114,10,'2005-10-03','10:40:26',349,322,5,0),(115,12,'2005-10-03','10:41:28',0,940,5,0),(116,10,'2005-10-03','10:51:39',1096,623,5,0),(117,16,'2005-10-03','11:09:37',517,420,5,0),(118,6,'2005-10-03','13:00:55',864,1661,5,0),(119,7,'2005-10-03','16:02:05',1716,0,5,0),(120,7,'2005-10-03','16:02:13',1713,0,5,0),(121,16,'2005-10-03','16:18:21',60,1109,5,0),(122,3,'2005-10-04','04:59:09',1669,1678,5,0),(123,5,'2005-10-04','19:44:10',1570,816,5,0),(124,5,'2005-10-04','19:46:32',519,1379,5,0),(125,7,'2005-10-05','12:19:25',0,1668,5,0),(126,7,'2005-10-05','12:29:58',186,693,5,0),(127,7,'2005-10-05','12:31:36',0,448,5,0),(128,4,'2005-10-05','13:02:06',1676,365,5,0),(129,4,'2005-10-05','13:03:05',1680,1676,5,0),(130,9,'2005-10-05','14:51:54',167,1096,5,0),(131,6,'2005-10-06','00:28:25',0,0,5,8),(132,9,'2005-10-06','00:28:25',0,0,5,8),(133,7,'2005-10-06','14:04:46',693,562,5,0),(134,3,'2005-10-06','17:15:43',399,381,5,0),(135,3,'2005-10-06','17:24:10',381,456,5,0),(136,6,'2005-10-06','20:55:22',124,553,5,0),(137,16,'2005-10-07','09:26:46',492,652,5,0),(138,11,'2005-10-07','10:45:45',79,85,5,0),(139,1,'2005-10-07','15:13:02',714,804,5,0),(140,1,'2005-10-07','15:14:45',1000,723,5,0),(141,1,'2005-10-07','15:33:07',723,881,5,0),(142,1,'2005-10-07','15:35:12',226,167,5,0),(143,1,'2005-10-07','15:35:23',226,167,5,0),(144,1,'2005-10-07','15:35:45',167,0,5,0),(145,1,'2005-10-07','15:36:08',0,167,5,0),(146,1,'2005-10-07','15:36:57',577,133,5,0),(147,7,'2005-10-07','17:19:03',562,0,5,0),(148,7,'2005-10-07','17:23:00',0,693,5,0),(149,7,'2005-10-07','17:28:14',379,562,5,0),(150,13,'2005-10-07','19:40:47',1079,476,5,0),(151,7,'2005-10-08','15:03:46',562,186,5,0),(152,12,'2005-10-08','23:04:50',940,492,5,0),(153,16,'2005-10-09','10:09:55',0,288,19,0),(154,1,'2005-10-09','13:45:14',0,730,19,0),(155,16,'2005-10-09','14:25:17',0,424,19,0),(156,3,'2005-10-09','18:21:16',0,367,19,0),(157,13,'2005-10-09','18:31:00',0,1699,19,0),(158,12,'2005-10-09','18:47:27',661,594,6,0),(159,3,'2005-10-09','19:18:09',531,367,6,0),(160,13,'2005-10-09','19:28:49',476,1699,6,0),(161,13,'2005-10-09','19:38:59',1709,1510,6,0),(162,12,'2005-10-09','23:27:47',49,0,6,0),(163,12,'2005-10-09','23:28:17',0,940,6,0),(164,16,'2005-10-10','09:32:37',420,404,6,0),(165,16,'2005-10-10','09:35:15',858,424,6,0),(166,5,'2005-10-10','19:14:40',1379,531,6,0),(167,7,'2005-10-10','22:00:47',693,662,6,0),(168,7,'2005-10-10','22:01:17',662,0,6,0),(169,7,'2005-10-10','22:03:52',0,1074,6,0),(170,13,'2005-10-11','09:37:21',263,319,6,0),(171,13,'2005-10-11','09:39:21',319,311,6,0),(172,9,'2005-10-11','11:43:18',1096,358,6,0),(173,10,'2005-10-11','12:21:55',322,0,6,0),(174,10,'2005-10-11','12:22:00',623,0,6,0),(175,10,'2005-10-11','12:25:16',0,938,6,0),(176,7,'2005-10-11','13:30:07',165,399,6,0),(177,7,'2005-10-11','13:43:40',1074,1560,6,0),(178,6,'2005-10-12','10:59:10',1661,49,6,0),(179,16,'2005-10-12','15:45:58',652,1695,6,0),(180,11,'2005-10-12','16:53:47',1255,618,6,0),(181,11,'2005-10-12','16:56:32',85,944,6,0),(182,3,'2005-10-14','13:20:23',52,60,6,0),(183,13,'2005-10-14','19:45:36',1699,1709,6,0),(184,2,'2005-10-14','22:58:52',104,52,6,0),(185,5,'2005-10-14','22:59:00',1652,1651,6,0),(186,10,'2005-10-15','21:46:38',0,378,6,0),(187,7,'2005-10-15','23:22:05',399,564,6,0),(188,12,'2005-10-15','23:58:50',940,1652,6,0),(189,12,'2005-10-15','23:59:56',492,922,6,0),(190,12,'2005-10-16','00:08:25',1652,0,7,0),(191,12,'2005-10-16','00:08:47',0,940,7,0),(192,13,'2005-10-16','16:45:19',380,1699,7,0),(193,10,'2005-10-16','16:56:50',378,1096,7,0),(194,11,'2005-10-16','17:05:32',618,793,7,0),(195,11,'2005-10-16','17:10:37',944,1420,7,0),(196,5,'2005-10-16','21:08:34',1696,492,7,0),(197,3,'2005-10-16','22:33:41',367,1653,7,0),(198,8,'2005-10-16','23:08:14',396,412,7,0),(199,2,'2005-10-16','23:49:41',52,145,7,0),(200,10,'2005-10-17','09:36:58',1374,476,7,0),(201,10,'2005-10-17','09:39:18',147,1661,7,0),(202,12,'2005-10-17','10:27:56',922,0,7,0),(203,12,'2005-10-17','10:45:25',0,1705,7,0),(204,9,'2005-10-17','11:16:27',358,1673,7,0),(205,16,'2005-10-17','14:44:46',404,430,7,0),(206,16,'2005-10-17','15:06:40',1109,956,7,0),(207,16,'2005-10-17','15:11:00',1695,368,7,0),(208,13,'2005-10-17','21:26:25',1699,1696,7,0),(209,5,'2005-10-17','23:44:41',1006,1519,7,0),(210,8,'2005-10-18','00:44:49',542,132,7,0),(211,5,'2005-10-18','00:47:05',1651,1680,7,0),(212,8,'2005-10-18','01:00:29',0,0,7,19),(213,1,'2005-10-18','01:00:29',0,0,7,19),(214,1,'2005-10-18','01:06:36',0,0,7,20),(215,8,'2005-10-18','01:06:36',0,0,7,20),(216,8,'2005-10-18','01:13:05',881,623,7,0),(217,8,'2005-10-18','01:13:47',881,623,7,0),(218,8,'2005-10-18','01:13:58',623,0,7,0),(219,8,'2005-10-18','01:14:17',0,623,7,0),(220,2,'2005-10-18','20:51:37',478,1698,7,0),(221,7,'2005-10-20','18:04:49',186,355,7,0),(222,15,'2005-10-21','17:14:46',325,0,7,0),(223,15,'2005-10-21','17:16:47',0,1136,7,0),(224,1,'2005-10-21','18:20:31',167,400,7,0),(225,10,'2005-10-22','12:00:33',476,285,7,0),(226,10,'2005-10-22','12:03:16',1667,511,7,0),(227,4,'2005-10-22','13:23:20',365,1710,7,0),(228,4,'2005-10-22','13:29:47',690,322,7,0),(229,4,'2005-10-22','13:38:50',194,858,7,0),(230,4,'2005-10-22','13:44:03',309,1329,7,0),(231,3,'2005-10-22','20:13:51',60,142,7,0),(232,2,'2005-10-23','00:00:23',145,60,8,0),(233,8,'2005-10-23','02:07:33',623,101,8,0),(234,13,'2005-10-23','15:16:30',593,652,8,0),(235,2,'2005-10-23','17:27:04',60,104,8,0),(236,6,'2005-10-23','19:40:43',534,1538,8,0),(237,2,'2005-10-23','19:50:56',1698,542,8,0),(238,5,'2005-10-23','20:53:14',531,156,8,0),(239,11,'2005-10-23','21:43:36',793,1667,8,0),(240,11,'2005-10-23','21:45:06',444,944,8,0),(241,9,'2005-10-24','01:51:15',403,411,8,0),(242,9,'2005-10-24','02:00:40',1673,1690,8,0),(243,12,'2005-10-24','17:16:22',940,706,8,0),(244,6,'2005-10-24','19:44:54',553,958,8,0),(245,6,'2005-10-24','19:48:57',1316,420,8,0),(246,10,'2005-10-24','20:45:00',1411,1698,8,0),(247,16,'2005-10-24','21:17:19',216,205,8,0),(248,10,'2005-10-24','22:17:20',511,476,8,0),(249,7,'2005-10-26','15:53:02',1685,1699,8,0),(250,3,'2005-10-26','15:59:41',1653,377,8,0),(251,2,'2005-10-26','22:24:30',104,52,8,0),(252,2,'2005-10-26','22:31:28',366,873,8,0),(253,13,'2005-10-27','13:01:18',0,0,8,23),(254,6,'2005-10-27','13:01:18',0,0,8,23),(255,6,'2005-10-27','13:01:38',1538,0,8,0),(256,8,'2005-10-27','22:16:48',101,1692,8,0),(257,8,'2005-10-27','22:17:43',1692,662,8,0),(258,16,'2005-10-27','23:02:18',430,881,8,0),(259,16,'2005-10-27','23:06:04',368,1049,8,0),(260,16,'2005-10-27','23:06:29',0,0,8,0),(261,16,'2005-10-27','23:07:10',1049,1109,8,0),(262,1,'2005-10-27','23:52:39',462,0,8,0),(263,1,'2005-10-27','23:52:44',400,0,8,0),(264,1,'2005-10-27','23:52:48',133,0,8,0),(265,1,'2005-10-27','23:53:56',0,791,8,0),(266,1,'2005-10-27','23:54:35',0,1652,8,0),(267,1,'2005-10-27','23:56:03',0,1122,8,0),(268,1,'2005-10-28','00:00:12',1122,1284,8,0),(269,1,'2005-10-28','00:03:52',791,891,8,0),(270,3,'2005-10-28','09:27:20',142,934,8,0),(271,16,'2005-10-28','13:30:04',205,0,8,0),(272,16,'2005-10-28','14:24:04',0,0,8,25),(273,12,'2005-10-28','14:24:04',0,0,8,25),(274,12,'2005-10-28','15:01:11',0,562,8,0),(275,4,'2005-10-29','00:01:54',858,104,8,0),(276,9,'2005-10-29','10:42:47',411,623,8,0),(277,8,'2005-10-29','23:53:01',1649,1651,8,0),(278,8,'2005-10-29','23:53:29',1708,1692,8,0),(279,8,'2005-10-30','00:06:28',1692,1708,9,0),(280,8,'2005-10-30','00:06:39',662,0,9,0),(281,8,'2005-10-30','00:07:01',0,1649,9,0),(282,9,'2005-10-30','00:36:08',1690,1049,9,0),(283,9,'2005-10-30','00:36:48',623,1006,9,0),(284,13,'2005-10-30','11:16:30',920,1669,9,0),(285,3,'2005-10-30','14:55:03',456,205,9,0),(286,11,'2005-10-30','17:20:09',1420,456,9,0),(287,8,'2005-10-30','17:47:18',132,462,9,0),(288,10,'2005-10-30','19:13:39',1661,1671,9,0),(289,10,'2005-10-30','19:16:23',1698,0,9,0),(290,10,'2005-10-30','19:18:33',0,517,9,0),(291,11,'2005-10-30','23:07:53',1667,85,9,0),(292,11,'2005-10-30','23:09:21',456,87,9,0),(293,2,'2005-10-31','10:33:36',52,623,9,0),(294,12,'2005-10-31','10:45:57',706,288,9,0),(295,12,'2005-10-31','10:51:11',562,518,9,0),(296,12,'2005-10-31','10:58:32',288,561,9,0),(297,16,'2005-10-31','11:04:30',1109,0,9,0),(298,16,'2005-10-31','11:04:36',881,0,9,0),(299,6,'2005-10-31','19:28:29',573,1719,9,0),(300,11,'2005-10-31','23:28:19',85,456,9,0),(301,10,'2005-10-31','23:38:38',285,534,9,0),(302,16,'2005-11-01','18:27:54',0,60,9,0),(303,4,'2005-11-03','09:41:42',1710,367,9,0),(304,13,'2005-11-03','11:39:17',0,519,9,0),(305,13,'2005-11-03','11:45:09',311,145,9,0),(306,9,'2005-11-03','13:39:24',1006,239,9,0),(307,7,'2005-11-03','17:01:39',1668,0,9,0),(308,7,'2005-11-03','17:07:26',0,545,9,0),(309,7,'2005-11-03','17:07:37',448,0,9,0),(310,7,'2005-11-03','17:14:57',0,214,9,0),(311,16,'2005-11-03','23:02:23',0,446,9,0),(312,7,'2005-11-05','22:13:04',564,792,9,0),(313,11,'2005-11-05','22:49:21',56,85,9,0),(314,11,'2005-11-05','22:52:22',85,531,9,0),(315,5,'2005-11-06','00:37:05',243,573,10,0),(316,2,'2005-11-06','02:38:17',623,85,10,0),(317,3,'2005-11-06','11:48:28',934,243,10,0),(318,13,'2005-11-06','14:15:07',1669,331,10,0),(319,6,'2005-11-06','14:24:02',958,368,10,0),(320,13,'2005-11-06','16:18:18',519,311,10,0),(321,13,'2005-11-06','16:21:59',331,404,10,0),(322,12,'2005-11-06','16:57:05',518,331,10,0),(323,2,'2005-11-06','17:02:14',85,52,10,0),(324,10,'2005-11-06','21:01:15',517,364,10,0),(325,12,'2005-11-08','14:16:03',1703,245,10,0),(326,7,'2005-11-08','15:35:27',1699,0,10,0),(327,8,'2005-11-08','15:47:54',1651,1703,10,0),(328,13,'2005-11-08','16:38:12',311,324,10,0),(329,2,'2005-11-08','23:15:53',542,1646,10,0),(330,3,'2005-11-09','15:28:03',205,1720,10,0),(331,3,'2005-11-09','18:02:36',1678,1667,10,0),(332,12,'2005-11-09','18:21:45',232,0,10,0),(333,6,'2005-11-09','19:13:25',368,1538,10,0),(334,6,'2005-11-09','19:21:59',1538,773,10,0),(335,6,'2005-11-09','19:31:01',164,1712,10,0),(336,6,'2005-11-09','19:46:30',565,309,10,0),(337,5,'2005-11-10','13:31:12',687,368,10,0),(338,13,'2005-11-10','20:47:38',1696,517,10,0),(339,12,'2005-11-10','22:45:23',0,542,10,0),(340,10,'2005-11-11','12:03:07',476,1697,10,0),(341,7,'2005-11-11','13:49:59',0,1696,10,0),(342,2,'2005-11-12','00:14:44',52,85,10,0),(343,3,'2005-11-12','10:54:28',1720,366,10,0),(344,2,'2005-11-12','16:55:17',0,0,10,39),(345,13,'2005-11-12','16:55:17',0,0,10,39),(346,13,'2005-11-12','16:55:35',517,0,10,0),(347,6,'2005-11-12','21:06:58',309,1720,10,0),(348,6,'2005-11-12','21:12:48',420,365,10,0),(349,16,'2005-11-12','23:05:46',60,1668,10,0),(350,2,'2005-11-13','01:20:11',1646,477,11,0),(351,2,'2005-11-13','01:27:06',0,212,11,0),(352,1,'2005-11-13','10:33:25',1284,480,11,0),(353,1,'2005-11-13','10:33:45',891,577,11,0),(354,13,'2005-11-13','13:18:55',145,0,11,0),(355,13,'2005-11-13','13:19:30',1011,565,11,0),(356,2,'2005-11-13','15:08:58',212,399,11,0),(357,2,'2005-11-13','15:19:55',85,289,11,0),(358,4,'2005-11-13','15:46:48',322,199,11,0),(359,2,'2005-11-13','15:51:07',838,455,11,0),(360,5,'2005-11-13','16:44:32',573,690,11,0),(361,3,'2005-11-13','18:55:15',377,400,11,0),(362,2,'2005-11-13','22:12:40',283,164,11,0),(363,3,'2005-11-14','12:56:39',400,934,11,0),(364,11,'2005-11-15','00:09:16',456,132,11,0),(365,11,'2005-11-15','21:53:39',0,0,11,53),(366,10,'2005-11-15','21:53:39',0,0,11,53),(367,10,'2005-11-15','21:54:06',1697,0,11,0),(368,10,'2005-11-15','21:54:14',1715,0,11,0),(369,5,'2005-11-16','18:09:55',1519,858,11,0),(370,5,'2005-11-16','18:10:32',816,1721,11,0),(371,13,'2005-11-16','19:42:56',108,145,11,0),(372,11,'2005-11-16','20:54:01',0,0,11,55),(373,5,'2005-11-16','20:54:01',0,0,11,55),(374,5,'2005-11-16','20:55:44',0,311,11,0),(375,11,'2005-11-16','23:07:07',87,0,11,0),(376,5,'2005-11-17','19:36:07',368,98,11,0),(377,5,'2005-11-18','17:35:45',311,283,11,0),(378,13,'2005-11-19','01:52:28',0,0,11,59),(379,9,'2005-11-19','01:52:28',0,0,11,59),(380,9,'2005-11-19','01:52:45',239,0,11,0),(381,9,'2005-11-19','01:56:06',1687,1715,11,0),(382,12,'2005-11-19','22:22:05',0,0,11,62),(383,6,'2005-11-19','22:22:05',0,0,11,62),(384,6,'2005-11-19','22:22:29',1712,0,11,0),(385,12,'2005-11-19','22:23:55',0,816,11,0),(386,12,'2005-11-19','22:28:57',0,0,11,63),(387,6,'2005-11-19','22:28:57',0,0,11,63),(388,5,'2005-11-20','16:23:28',98,106,12,0),(389,13,'2005-11-20','16:32:25',0,153,12,0),(390,13,'2005-11-20','16:34:01',324,194,12,0),(391,5,'2005-11-20','18:54:15',106,108,12,0),(392,6,'2005-11-21','16:59:34',331,101,12,0),(393,11,'2005-11-21','22:17:21',492,1507,12,0),(394,16,'2005-11-21','22:18:06',1668,396,12,0),(395,16,'2005-11-21','22:19:17',446,297,12,0),(396,16,'2005-11-21','22:19:55',424,322,12,0),(397,9,'2005-11-22','00:44:16',107,90,12,0),(398,13,'2005-11-22','17:59:12',153,87,12,0),(399,7,'2005-11-23','22:03:09',545,358,12,0),(400,7,'2005-11-23','22:03:28',545,358,12,0),(401,7,'2005-11-23','22:04:42',358,0,12,0),(402,7,'2005-11-23','22:05:13',0,358,12,0),(403,3,'2005-11-23','23:06:50',767,1678,12,0),(404,1,'2005-11-27','00:44:53',1652,377,13,0),(405,1,'2005-11-27','00:45:55',501,388,13,0),(406,1,'2005-11-27','00:46:37',568,456,13,0),(407,1,'2005-11-27','00:47:11',577,476,13,0),(408,1,'2005-11-27','00:47:35',163,501,13,0),(409,1,'2005-11-27','00:58:16',388,1717,13,0),(410,4,'2005-11-27','15:35:09',199,153,13,0),(411,9,'2005-11-27','22:00:37',90,52,13,0),(412,6,'2005-11-27','22:55:58',101,71,13,0),(413,4,'2005-11-27','23:20:47',104,66,13,0),(414,1,'2005-11-28','00:55:18',95,62,13,0),(415,1,'2005-11-28','00:55:57',480,95,13,0),(416,4,'2005-11-28','15:35:58',1329,618,13,0),(417,4,'2005-11-28','15:43:10',618,623,13,0),(418,8,'2005-11-28','18:15:27',412,922,13,0),(419,6,'2005-11-30','09:18:15',1705,1706,13,0),(420,11,'2005-12-01','18:21:13',1507,1108,13,0),(421,4,'2005-12-04','18:06:27',612,202,14,0),(422,7,'2005-12-05','14:45:31',358,229,14,0),(423,7,'2005-12-05','14:48:40',355,368,14,0),(424,8,'2005-12-09','18:26:31',960,1685,14,0),(425,8,'2005-12-09','18:27:13',960,1685,14,0),(426,8,'2005-12-09','18:27:26',1685,0,14,0),(427,8,'2005-12-09','18:27:43',0,1685,14,0),(428,7,'2005-12-10','13:15:18',229,285,14,0),(429,5,'2005-12-11','19:13:13',259,234,15,0),(430,5,'2005-12-11','19:25:14',234,271,15,0),(431,11,'2005-12-14','09:20:24',132,234,15,0),(432,5,'2005-12-18','14:41:44',156,687,16,0),(433,11,'2005-12-19','15:26:14',158,273,16,0),(434,11,'2005-12-19','15:29:33',531,974,16,0),(435,11,'2005-12-19','15:30:14',1108,725,16,0),(436,11,'2005-12-23','16:11:42',234,531,16,0);

--
-- Table structure for table `offensive_results`
--

CREATE TABLE `offensive_results` (
  `oresid` int(11) NOT NULL AUTO_INCREMENT,
  `week_num` int(11) NOT NULL DEFAULT '0',
  `player_id` int(11) NOT NULL DEFAULT '0',
  `rotiss_team_id` int(11) NOT NULL DEFAULT '0',
  `passing_yds` int(11) NOT NULL DEFAULT '0',
  `rushing_yds` int(11) NOT NULL DEFAULT '0',
  `receiving_yds` int(11) NOT NULL DEFAULT '0',
  `touchdowns` int(11) NOT NULL DEFAULT '0',
  `passing_tds` int(11) NOT NULL DEFAULT '0',
  `two_point_conv` int(11) NOT NULL DEFAULT '0',
  `receptions` int(11) NOT NULL DEFAULT '0',
  `fumbles_lost` int(11) NOT NULL DEFAULT '0',
  `interceptions` int(11) NOT NULL DEFAULT '0',
  `passes_complete` int(11) NOT NULL DEFAULT '0',
  `passes_attempted` int(11) NOT NULL DEFAULT '0',
  `total_rotiss` int(11) NOT NULL DEFAULT '0',
  PRIMARY KEY (`oresid`)
) ENGINE=MyISAM AUTO_INCREMENT=1325 DEFAULT CHARSET=latin1 COMMENT='Offensive Scoring Results';

--
-- Dumping data for table `offensive_results`
--

INSERT INTO `offensive_results` VALUES (1,1,56,11,233,19,0,0,0,0,0,2,3,22,33,6),(2,1,490,15,0,0,130,1,0,0,5,0,0,0,0,24),(3,1,118,6,264,0,0,0,0,0,0,2,1,21,34,9),(4,1,188,6,0,48,9,0,0,0,2,1,0,0,0,3),(5,1,350,6,0,0,79,0,0,0,3,0,0,0,0,10),(6,1,323,6,0,76,14,0,0,0,2,0,0,0,0,10),(7,1,493,6,0,0,59,0,0,0,6,0,0,0,0,11),(8,1,662,6,0,0,67,0,0,0,7,0,0,0,0,13),(9,1,259,5,0,57,20,0,0,0,3,0,0,0,0,10),(10,1,45,5,306,-1,0,0,2,0,0,0,0,24,38,30),(11,1,529,5,0,0,138,1,0,0,8,0,0,0,0,27),(12,1,652,5,0,0,3,1,0,0,1,0,0,0,0,7),(13,1,263,13,0,64,5,2,0,0,2,0,0,0,0,20),(14,1,244,13,0,126,12,1,0,0,2,0,0,0,0,21),(15,1,565,13,0,0,13,0,0,0,2,0,0,0,0,3),(16,1,115,13,280,0,0,0,2,0,0,1,1,26,34,31),(17,1,633,13,0,0,18,0,0,0,2,0,0,0,0,3),(18,1,380,13,0,0,57,0,0,0,4,0,0,0,0,9),(19,1,294,2,0,121,0,0,0,0,0,0,0,0,0,12),(20,1,246,2,0,93,18,1,0,0,3,0,0,0,0,19),(21,1,697,2,0,0,12,0,0,0,1,0,0,0,0,2),(22,1,366,2,0,0,61,1,0,0,3,0,0,0,0,15),(23,1,145,2,264,11,0,0,1,0,0,0,1,27,46,20),(24,1,148,8,0,73,0,0,0,0,0,0,0,0,0,7),(25,1,447,8,0,11,91,0,0,0,9,0,0,0,0,19),(26,1,81,8,246,16,0,0,2,0,0,1,3,21,36,12),(27,1,335,8,0,148,0,1,0,0,0,0,0,0,0,20),(28,1,462,8,0,0,17,0,0,0,2,0,0,0,0,3),(29,1,684,8,0,0,41,0,0,0,3,0,0,0,0,7),(30,1,445,11,0,7,18,0,0,0,3,0,0,0,0,4),(31,1,551,11,0,-1,25,0,0,0,2,0,0,0,0,4),(32,1,172,11,0,57,4,0,0,0,1,0,0,0,0,6),(33,1,326,3,0,72,0,1,0,0,0,0,0,0,0,13),(34,1,547,3,0,0,27,0,0,0,4,0,0,0,0,6),(35,1,57,3,212,17,0,0,1,0,0,1,2,19,31,11),(36,1,449,3,0,0,65,2,0,0,5,0,0,0,0,23),(37,1,73,10,200,-1,0,0,0,0,0,0,1,15,26,9),(38,1,157,10,0,62,60,1,0,0,2,0,0,0,0,20),(39,1,237,10,0,60,13,0,0,0,3,0,0,0,0,10),(40,1,676,10,0,0,29,1,0,0,2,0,0,0,0,10),(41,1,400,10,0,-10,68,0,0,0,3,0,0,0,0,8),(42,1,436,10,0,0,75,0,0,0,5,0,0,0,0,12),(43,1,556,2,0,0,50,0,0,0,4,0,0,0,0,9),(44,1,160,9,0,47,13,0,0,0,1,0,0,0,0,6),(45,1,439,9,0,0,65,1,0,0,6,0,0,0,0,18),(46,1,376,9,0,61,40,0,0,0,5,1,0,0,0,12),(47,1,476,9,0,0,39,0,0,0,3,0,0,0,0,6),(48,1,428,3,0,0,69,1,0,0,6,0,0,0,0,18),(49,1,622,3,0,0,38,0,0,0,4,0,0,0,0,7),(50,1,216,16,0,58,34,0,0,0,5,0,0,0,0,13),(51,1,232,16,0,85,5,1,0,0,1,0,0,0,0,15),(52,1,617,16,0,0,51,0,0,0,4,0,0,0,0,9),(53,1,120,16,251,18,0,0,1,0,0,1,2,22,48,2),(54,1,471,16,0,0,99,0,0,0,8,0,0,0,0,17),(55,1,492,16,0,0,40,0,0,0,4,0,0,0,0,8),(56,1,100,4,254,0,0,0,2,0,0,0,0,21,36,24),(57,1,433,4,0,0,125,0,0,0,10,0,0,0,0,22),(58,1,189,4,0,81,0,1,0,0,0,0,0,0,0,14),(59,1,458,4,0,0,76,0,0,0,4,0,0,0,0,11),(60,1,612,4,0,0,27,0,0,0,4,0,0,0,0,6),(61,1,266,12,0,117,15,0,0,0,3,0,0,0,0,15),(62,1,54,12,265,2,0,0,3,0,0,0,1,18,40,15),(63,1,369,12,0,0,76,1,0,0,5,0,0,0,0,18),(64,1,361,12,0,0,99,1,0,0,7,0,0,0,0,22),(65,1,661,12,0,0,58,1,0,0,5,0,0,0,0,16),(66,1,247,12,0,87,9,0,0,0,2,0,0,0,0,10),(67,1,240,5,0,88,26,0,0,0,3,0,0,0,0,13),(68,1,392,5,0,0,48,0,0,0,4,0,0,0,0,8),(69,1,107,9,257,0,0,0,1,0,0,2,1,24,45,8),(70,1,595,9,0,0,54,0,0,0,4,0,0,0,0,9),(71,1,678,11,0,0,29,0,0,0,3,0,0,0,0,5),(72,1,444,11,0,0,80,0,0,0,3,0,0,0,0,11),(73,1,256,1,0,48,4,0,0,0,1,0,0,0,0,5),(74,1,501,1,0,0,112,0,0,0,7,0,0,0,0,18),(75,1,577,1,0,0,124,1,0,0,7,0,0,0,0,25),(76,1,405,1,0,0,155,1,0,0,13,0,0,0,0,34),(77,1,163,1,0,10,0,0,0,0,0,0,0,0,0,1),(78,1,95,1,252,9,0,0,2,0,0,0,0,17,31,21),(79,1,63,15,201,-1,0,0,0,0,0,3,2,27,44,3),(80,1,332,15,47,0,64,1,0,0,7,0,0,0,12,8),(81,1,195,4,0,117,0,0,0,0,1,0,0,0,0,12),(82,1,382,15,0,0,66,0,0,0,6,0,0,0,0,12),(83,1,637,15,0,0,58,0,0,0,5,0,0,0,0,10),(84,1,141,7,156,68,0,1,0,0,0,2,1,12,23,10),(85,1,368,7,0,0,45,0,0,0,3,0,0,0,0,7),(86,1,249,7,0,70,40,0,0,0,5,0,0,0,0,16),(87,1,528,7,0,0,90,0,0,0,7,0,0,0,0,16),(88,1,692,7,0,0,33,0,0,0,4,0,0,0,0,7),(89,1,1716,7,0,0,0,0,0,0,0,0,0,0,0,0),(90,1,50,14,362,8,0,0,2,0,0,0,1,34,56,31),(91,1,192,14,0,63,30,2,0,0,2,0,0,0,0,23),(92,1,435,14,0,0,66,0,0,0,5,0,0,0,0,11),(93,1,169,14,0,63,0,0,0,0,0,0,0,0,0,6),(94,1,526,14,0,0,130,2,0,0,7,0,0,0,0,32),(95,1,590,14,0,0,0,0,0,0,0,0,0,0,0,0),(96,1,162,15,0,-1,21,0,0,0,3,0,0,0,0,5),(97,2,492,16,0,0,10,0,0,0,1,0,0,0,0,2),(98,2,244,13,0,90,3,0,0,0,1,0,0,0,0,10),(99,2,565,13,0,0,96,1,0,0,5,0,0,0,0,20),(100,2,115,13,337,4,0,0,3,0,0,0,1,27,40,36),(101,2,556,2,0,0,19,0,0,0,3,0,0,0,0,4),(102,2,240,5,0,128,39,0,0,0,4,0,0,0,0,19),(103,2,45,5,270,0,0,0,1,0,0,1,1,23,44,10),(104,2,529,5,0,0,34,0,0,0,4,0,0,0,0,7),(105,2,652,5,0,0,0,0,0,0,0,0,0,0,0,0),(106,2,107,9,342,0,0,0,5,0,0,1,0,23,29,47),(107,2,160,9,0,0,0,0,0,0,0,0,0,0,0,0),(108,2,465,9,0,0,17,0,0,0,3,0,0,0,0,4),(109,2,188,6,0,59,33,1,0,0,4,0,0,0,0,18),(110,2,350,6,0,0,52,0,0,0,3,0,0,0,1,7),(111,2,493,6,0,0,81,1,0,0,6,0,0,0,0,20),(112,2,323,6,0,81,18,0,0,0,3,0,0,0,0,12),(113,2,439,9,0,0,131,0,0,0,8,0,0,0,0,21),(114,2,595,9,0,0,53,0,0,1,3,0,0,0,0,10),(115,2,392,5,0,0,105,1,0,0,6,0,0,0,0,22),(116,2,56,11,236,10,0,1,0,1,0,0,5,21,37,8),(117,2,445,11,0,0,20,0,0,0,4,0,0,0,0,6),(118,2,551,11,0,0,84,2,0,0,6,0,0,0,0,26),(119,2,172,11,0,35,5,0,0,0,1,0,0,0,0,4),(120,2,678,11,0,0,119,1,0,0,9,0,0,0,0,26),(121,2,444,11,0,0,22,0,0,0,1,0,0,0,0,3),(122,2,118,6,190,19,0,0,2,0,0,0,0,19,30,24),(123,2,662,6,0,0,16,0,0,0,1,0,0,0,0,2),(124,2,148,8,0,144,11,1,0,0,2,0,0,0,0,23),(125,2,447,8,0,0,139,1,0,0,7,0,0,0,0,26),(126,2,81,8,281,9,0,0,2,0,0,0,0,20,31,28),(127,2,335,8,0,128,0,1,0,0,0,0,0,0,0,18),(128,2,462,8,0,0,62,0,0,0,6,0,0,0,0,12),(129,2,684,8,0,0,49,1,0,0,3,0,0,0,0,13),(130,2,326,3,0,52,0,2,0,0,0,0,0,0,0,17),(131,2,428,3,0,0,36,0,0,0,3,0,0,0,0,6),(132,2,622,3,0,0,56,0,0,0,5,0,0,0,0,10),(133,2,57,3,154,-2,0,0,0,0,0,0,1,11,26,-1),(134,2,531,3,0,0,24,0,0,0,2,0,0,0,0,4),(135,2,376,9,0,8,21,0,0,0,3,0,0,0,0,5),(136,2,510,13,0,0,68,0,0,0,5,0,0,0,0,11),(137,2,366,2,0,0,64,0,0,0,5,0,0,0,0,11),(138,2,145,2,327,0,0,0,0,0,0,1,1,29,42,23),(139,2,100,4,122,0,0,0,0,0,0,0,1,13,28,-1),(140,2,433,4,0,0,70,1,0,0,4,0,0,0,0,17),(141,2,195,4,0,54,0,0,0,0,0,0,0,0,0,5),(142,2,189,4,0,77,0,3,0,0,0,0,0,0,0,25),(143,2,458,4,0,8,52,0,0,0,4,0,0,0,0,9),(144,2,612,4,0,0,15,0,0,0,3,0,0,0,0,4),(145,2,259,5,0,72,6,0,0,0,2,0,0,0,0,9),(146,2,471,16,0,0,60,1,0,0,8,0,0,0,0,20),(147,2,120,16,248,2,0,0,0,0,0,0,1,23,37,15),(148,2,216,16,0,54,45,0,0,0,5,0,0,0,0,14),(149,2,232,16,0,75,15,1,0,0,3,0,0,0,0,17),(150,2,617,16,0,0,44,0,0,0,5,0,0,0,0,9),(151,2,368,7,0,0,48,0,0,0,3,0,0,0,0,7),(152,2,249,7,0,15,32,1,0,0,6,0,0,0,0,16),(153,2,692,7,0,0,17,0,0,0,3,0,0,0,0,4),(154,2,687,7,0,0,5,0,0,0,1,0,0,0,0,1),(155,2,73,10,237,2,0,0,0,0,0,0,0,18,28,17),(156,2,237,10,0,93,16,1,0,0,2,0,0,0,0,18),(157,2,400,10,0,0,12,0,0,0,2,0,0,0,0,3),(158,2,436,10,0,24,55,2,0,0,5,0,0,0,0,24),(159,2,263,13,0,47,44,0,0,0,6,0,0,0,0,14),(160,2,675,13,0,0,0,0,0,0,0,0,0,0,0,0),(161,2,54,12,263,10,0,0,1,0,0,1,0,21,35,19),(162,2,294,2,0,52,25,0,0,0,4,0,0,0,0,11),(163,2,246,2,0,81,24,0,0,0,4,0,0,0,0,14),(164,2,697,2,0,0,35,0,0,0,4,0,0,0,0,7),(165,2,449,3,0,0,26,0,0,0,2,0,0,0,0,4),(166,2,63,15,342,19,0,0,3,0,0,0,2,32,44,40),(167,2,490,15,0,0,127,1,0,0,5,0,0,0,0,23),(168,2,332,15,0,89,31,1,0,0,3,0,0,0,0,20),(169,2,162,15,0,36,0,0,0,0,1,2,0,0,0,-2),(170,2,382,15,0,0,68,1,0,0,5,0,0,0,0,17),(171,2,637,15,0,0,13,0,0,0,2,0,0,0,0,3),(172,2,157,10,0,83,6,2,0,0,1,0,0,0,0,21),(173,2,676,10,0,0,64,0,0,0,5,0,0,0,0,11),(174,2,369,12,0,0,64,0,0,0,5,0,0,0,0,11),(175,2,361,12,0,0,60,0,0,0,8,0,0,0,0,14),(176,2,266,12,0,34,0,0,0,0,1,0,0,0,0,4),(177,2,247,12,0,22,5,0,0,0,1,0,0,0,0,3),(178,2,661,12,0,0,31,0,0,0,2,0,0,0,0,5),(179,2,141,7,123,43,0,0,1,0,0,0,0,11,19,15),(180,2,528,7,0,0,83,0,0,0,8,0,0,0,0,16),(181,2,256,1,0,9,32,0,0,0,4,1,0,0,0,4),(182,2,501,1,0,0,143,2,0,0,5,0,0,0,0,31),(183,2,615,1,0,0,80,0,0,0,6,0,0,0,0,14),(184,2,405,1,0,25,70,0,0,0,4,0,0,0,0,13),(185,2,577,1,0,0,3,0,0,0,1,0,0,0,0,1),(186,2,95,1,198,11,0,0,0,0,0,0,0,16,29,11),(187,2,50,14,216,0,0,0,1,0,0,0,1,18,29,16),(188,2,192,14,0,36,0,0,0,0,0,0,0,0,0,3),(189,2,435,14,0,0,143,1,0,0,9,0,0,0,0,29),(190,2,526,14,0,0,49,0,0,0,3,0,0,0,0,7),(191,2,590,14,0,0,4,0,0,0,1,0,0,0,0,1),(192,2,475,14,0,0,54,0,0,0,4,0,0,0,0,9),(193,3,240,5,0,108,29,0,0,0,2,0,0,0,0,14),(194,3,529,5,0,0,170,3,0,0,11,1,0,0,0,43),(195,3,392,5,0,0,49,0,0,0,2,0,0,0,0,6),(196,3,56,11,300,36,0,0,3,0,0,0,0,21,29,40),(197,3,172,11,0,132,15,1,0,0,3,0,0,0,0,23),(198,3,678,11,0,0,50,0,0,0,5,1,0,0,0,7),(199,3,530,11,0,0,0,0,0,0,0,0,0,0,0,0),(200,3,263,13,0,63,19,1,0,0,4,0,0,0,0,17),(201,3,244,13,0,84,-2,0,0,0,2,0,0,0,0,10),(202,3,510,13,0,-8,40,0,0,0,5,0,0,0,0,9),(203,3,115,13,169,-3,0,0,3,0,0,0,0,16,23,27),(204,3,593,13,0,0,65,1,0,0,3,0,0,0,0,15),(205,3,380,13,0,0,44,0,0,0,5,0,0,0,0,9),(206,3,107,9,365,8,0,0,2,0,0,0,1,30,52,27),(207,3,595,9,0,0,35,0,0,0,3,0,0,0,0,6),(208,3,376,9,0,0,93,1,0,0,6,0,0,0,0,21),(209,3,167,9,0,6,0,0,0,0,0,0,0,0,0,0),(210,3,439,9,0,0,125,0,0,0,8,0,0,0,0,20),(211,3,54,12,345,0,0,0,2,0,0,0,0,24,42,27),(212,3,266,12,0,140,0,1,0,0,0,0,0,0,0,20),(213,3,354,12,0,18,88,0,0,0,6,0,0,0,0,15),(214,3,623,12,0,0,12,0,0,0,2,0,0,0,0,3),(215,3,248,12,0,106,8,1,0,0,5,0,0,0,0,21),(216,3,216,16,0,58,27,0,0,0,3,0,0,0,0,10),(217,3,517,16,0,0,80,0,0,0,2,0,0,0,0,10),(218,3,492,16,0,0,18,0,0,0,3,0,0,0,0,4),(219,3,551,11,0,0,110,2,0,0,4,0,0,0,0,27),(220,3,158,11,0,65,28,0,0,0,4,0,0,0,0,12),(221,3,148,8,0,140,0,4,0,0,0,0,0,0,0,38),(222,3,447,8,0,0,77,2,0,0,3,0,0,0,0,22),(223,3,81,8,242,0,0,0,0,0,0,0,0,20,31,18),(224,3,335,8,0,158,0,0,0,0,1,0,0,0,0,16),(225,3,684,8,0,0,34,0,0,0,3,0,0,0,0,6),(226,3,237,10,0,48,6,0,0,0,1,0,0,0,0,5),(227,3,436,10,0,0,13,0,0,0,2,1,0,0,0,0),(228,3,349,10,0,-4,68,1,0,0,6,1,0,0,0,15),(229,3,428,3,0,0,53,0,0,0,6,0,0,0,0,11),(230,3,57,3,285,0,0,0,3,0,0,1,1,19,35,20),(231,3,531,3,0,0,9,0,0,0,1,0,0,0,0,1),(232,3,677,3,0,0,4,0,0,0,1,0,0,0,0,1),(233,3,449,3,0,0,74,1,0,1,5,0,0,0,0,20),(234,3,249,7,0,19,53,1,0,0,5,0,0,0,0,17),(235,3,692,7,0,0,60,0,0,0,6,0,0,0,0,12),(236,3,186,7,0,5,0,0,0,0,0,0,0,0,0,0),(237,3,41,7,363,5,0,1,2,0,0,0,2,24,38,32),(238,3,100,4,228,0,0,0,0,0,0,0,1,19,23,21),(239,3,433,4,0,0,163,1,0,0,9,0,0,0,0,31),(240,3,195,4,0,97,5,0,0,0,1,0,0,0,0,10),(241,3,189,4,0,36,16,0,0,0,2,0,0,0,0,6),(242,3,612,4,0,0,0,0,0,0,0,0,0,0,0,0),(243,3,246,2,0,85,28,2,0,0,4,1,0,0,0,23),(244,3,556,2,0,0,97,0,0,0,6,0,0,0,0,15),(245,3,697,2,0,0,85,1,0,0,6,0,0,0,0,20),(246,3,366,2,0,0,11,0,0,0,1,0,0,0,0,2),(247,3,145,2,105,13,0,0,0,0,0,0,0,8,13,8),(248,3,283,2,0,55,0,0,0,0,1,0,0,0,0,6),(249,3,465,9,0,0,142,2,0,0,4,0,0,0,0,30),(250,3,369,12,0,0,52,1,0,0,5,0,0,0,0,16),(251,3,326,3,26,192,28,3,1,0,6,1,0,1,1,48),(252,3,45,5,372,0,0,0,0,0,0,0,1,31,41,32),(253,3,652,5,0,0,13,0,0,0,1,0,0,0,0,2),(254,3,157,10,0,60,5,0,0,0,1,0,0,0,0,7),(255,3,676,10,0,0,101,0,0,0,6,0,0,0,0,16),(256,3,63,15,195,7,0,0,2,0,0,0,3,14,24,10),(257,3,490,15,0,0,86,0,0,0,5,0,0,0,0,13),(258,3,332,15,0,68,140,1,0,0,6,0,0,0,0,32),(259,3,382,15,0,0,17,0,0,0,4,0,0,0,0,5),(260,3,162,15,0,4,0,0,0,0,0,0,0,0,0,0),(261,3,637,15,0,0,64,0,0,0,7,0,0,0,0,13),(262,3,458,4,0,0,112,0,0,0,8,0,0,0,0,19),(263,3,232,16,0,61,32,0,0,0,3,0,0,0,0,12),(264,3,617,16,0,0,29,0,0,0,5,0,0,0,0,7),(265,3,120,16,152,9,0,1,1,0,0,0,0,13,18,24),(266,3,528,7,0,0,80,1,0,0,7,0,0,0,0,21),(267,3,73,10,221,0,0,0,1,0,0,0,0,23,44,14),(268,3,118,6,76,15,0,0,0,0,0,0,2,9,19,-3),(269,3,323,6,0,98,0,1,0,0,0,0,0,0,0,15),(270,3,649,6,0,0,18,1,0,0,1,0,0,0,0,8),(271,3,534,6,0,0,40,2,0,0,3,0,0,0,0,19),(272,3,350,6,0,0,96,0,0,0,6,0,0,0,0,15),(273,3,493,6,0,0,58,0,0,0,4,0,0,0,0,9),(274,3,462,8,0,56,16,0,0,0,1,0,0,0,0,7),(275,3,243,5,0,13,0,0,0,0,0,1,0,0,0,-2),(276,3,50,14,292,3,0,0,3,0,0,2,1,21,28,28),(277,3,192,14,0,61,23,2,0,0,2,0,0,0,0,22),(278,3,435,14,0,0,11,0,0,0,1,0,0,0,0,2),(279,3,526,14,0,0,41,1,0,0,2,0,0,0,0,12),(280,3,590,14,0,0,14,0,0,0,2,0,0,0,0,3),(281,3,475,14,0,0,80,2,0,0,4,0,0,0,0,24),(282,3,1716,7,0,0,0,0,0,0,0,0,0,0,0,0),(283,3,501,1,0,0,80,1,0,0,9,0,0,0,0,23),(284,3,615,1,0,0,92,1,0,0,6,0,0,0,0,21),(285,3,405,1,0,-1,41,0,0,0,3,0,0,0,0,7),(286,3,568,1,0,0,83,1,0,0,3,0,0,0,0,17),(287,3,207,1,0,27,48,0,0,0,3,0,0,0,0,9),(288,3,95,1,177,12,0,0,2,0,0,1,1,16,23,19),(289,4,240,5,0,90,12,1,0,0,2,0,0,0,0,18),(290,4,45,5,224,0,0,0,1,0,0,0,1,19,22,25),(291,4,687,5,0,0,34,0,0,0,4,0,0,0,0,7),(292,4,439,9,0,0,55,1,0,0,7,0,0,0,0,18),(293,4,326,3,0,134,34,2,0,0,3,0,0,0,0,31),(294,4,428,3,0,0,109,2,0,0,9,0,0,0,0,31),(295,4,531,3,0,0,0,0,0,0,0,0,0,0,0,0),(296,4,263,13,0,130,16,0,0,0,2,0,0,0,0,16),(297,4,244,13,0,88,0,0,0,0,0,0,0,0,0,8),(298,4,115,13,276,-1,0,0,1,0,0,0,0,25,34,31),(299,4,414,13,0,4,166,1,0,0,7,0,0,0,0,29),(300,4,593,13,0,0,5,0,0,0,1,0,0,0,0,1),(301,4,148,8,0,98,4,1,0,0,1,0,0,0,0,16),(302,4,447,8,0,0,67,0,0,0,7,0,0,0,0,13),(303,4,81,8,242,0,0,0,1,0,0,0,0,26,38,27),(304,4,335,8,0,13,6,0,0,0,2,0,0,0,0,3),(305,4,462,8,0,0,13,0,0,0,1,0,0,0,0,2),(306,4,684,8,0,0,31,0,0,0,3,0,0,0,0,6),(307,4,445,11,0,0,38,0,0,0,3,0,0,0,0,6),(308,4,530,11,0,0,129,0,0,0,8,0,0,0,0,20),(309,4,167,9,0,-2,10,0,0,0,1,0,0,0,0,2),(310,4,421,13,0,0,64,0,0,0,2,0,0,0,0,8),(311,4,56,11,250,10,0,0,1,0,0,1,2,23,34,18),(312,4,444,11,0,0,12,0,0,0,1,0,0,0,0,2),(313,4,595,9,0,0,16,1,0,0,3,0,0,0,0,10),(314,4,678,11,0,0,67,1,0,0,9,0,0,0,0,21),(315,4,107,9,369,-1,0,0,3,1,0,0,1,33,48,43),(316,4,120,16,136,-3,0,0,2,0,0,0,0,19,26,25),(317,4,152,16,0,115,27,0,0,0,3,0,0,0,0,16),(318,4,232,16,0,84,24,1,0,0,5,0,0,0,0,21),(319,4,617,16,0,0,5,0,0,0,2,0,0,0,0,2),(320,4,517,16,0,0,17,0,0,0,1,0,0,0,0,2),(321,4,471,16,0,0,54,0,0,0,5,0,0,0,0,10),(322,4,622,3,0,0,39,0,0,0,4,0,0,0,0,7),(323,4,449,3,0,0,16,0,0,0,1,0,0,0,1,1),(324,4,294,2,0,90,18,0,0,0,2,0,0,0,0,12),(325,4,246,2,0,76,12,0,0,0,1,0,0,0,0,9),(326,4,556,2,0,0,48,1,0,0,2,0,0,0,0,12),(327,4,697,2,0,0,49,0,0,0,5,0,0,0,0,9),(328,4,491,2,0,0,87,0,0,0,6,0,0,0,0,14),(329,4,108,2,220,40,0,0,1,0,0,0,1,28,37,32),(330,4,100,4,264,0,3,0,4,0,0,0,0,20,27,39),(331,4,433,4,0,0,84,1,0,0,7,0,0,0,0,21),(332,4,195,4,0,126,7,1,0,0,1,0,0,0,0,19),(333,4,690,4,0,0,23,0,0,0,1,0,0,0,0,3),(334,4,458,4,0,23,109,1,0,0,7,0,0,0,0,25),(335,4,266,12,0,84,17,1,0,0,2,0,0,0,0,17),(336,4,661,12,0,0,5,0,0,0,2,1,0,0,0,-1),(337,4,54,12,218,-1,0,0,0,0,0,0,0,13,23,11),(338,4,247,12,0,38,0,1,0,0,0,0,0,0,0,9),(339,4,369,12,0,0,204,2,0,0,10,0,0,0,0,42),(340,4,354,12,0,0,116,1,0,0,8,0,0,0,0,25),(341,4,465,9,0,0,102,0,0,0,7,1,0,0,0,14),(342,4,158,11,0,45,10,0,0,0,3,0,0,0,0,8),(343,4,237,10,0,17,42,2,0,0,5,1,0,0,0,19),(344,4,676,10,0,0,57,1,0,0,4,0,0,0,0,15),(345,4,436,10,0,5,105,0,0,0,8,0,0,0,0,18),(346,4,99,10,296,-2,0,0,4,0,0,0,0,19,35,30),(347,4,349,10,0,0,0,0,0,0,0,0,0,0,0,0),(348,4,157,10,0,128,15,1,0,0,2,0,0,0,0,21),(349,4,259,5,0,30,15,0,0,0,3,0,0,0,0,7),(350,4,188,6,0,81,31,0,0,0,4,0,0,0,0,15),(351,4,350,6,0,0,20,0,0,0,2,0,0,0,0,4),(352,4,323,6,0,14,13,0,0,0,1,0,0,0,0,3),(353,4,534,6,0,0,62,0,0,0,5,0,0,0,0,11),(354,4,573,6,0,0,32,0,0,0,2,0,0,0,0,5),(355,4,124,6,126,-1,0,0,0,0,0,1,1,11,21,0),(356,4,141,7,49,58,0,0,1,0,0,0,0,6,8,14),(357,4,249,7,0,126,22,1,0,0,4,0,0,0,0,24),(358,4,528,7,0,0,33,0,0,0,4,0,0,0,0,7),(359,4,692,7,0,0,25,0,0,0,3,0,0,0,0,5),(360,4,165,7,0,35,0,0,0,0,0,0,0,0,0,3),(361,4,379,7,0,0,4,0,0,0,1,0,0,0,0,1),(362,4,403,9,0,0,24,0,0,1,3,0,0,0,0,7),(363,4,57,3,206,-3,0,0,2,0,0,1,0,17,24,23),(364,4,189,4,0,51,21,2,0,0,1,0,0,0,0,20),(365,4,529,5,0,0,12,0,0,0,2,0,0,0,0,3),(366,4,392,5,0,0,92,1,0,0,6,0,0,0,0,21),(367,4,63,15,303,12,0,0,4,0,0,1,1,28,47,32),(368,4,490,15,0,0,123,0,0,0,4,0,0,0,0,16),(369,4,332,15,0,15,33,0,0,0,6,0,0,0,0,10),(370,4,382,15,0,0,16,0,0,0,1,0,0,0,0,2),(371,4,162,15,0,-4,0,0,0,0,0,0,0,0,0,0),(372,4,637,15,0,0,42,0,0,0,7,0,0,0,0,11),(373,4,501,1,0,0,171,1,0,0,11,0,0,0,0,34),(374,4,615,1,0,0,108,0,0,0,6,0,0,0,0,16),(375,4,405,1,0,0,102,1,0,0,7,0,0,0,0,23),(376,4,568,1,0,0,39,1,0,0,4,0,0,0,0,13),(377,4,207,1,0,38,55,0,0,0,3,0,0,0,0,11),(378,4,95,1,240,0,0,0,1,0,0,0,2,20,34,13),(379,4,50,14,442,9,0,0,2,0,0,0,3,40,62,34),(380,4,192,14,0,63,23,1,0,0,1,0,0,0,0,15),(381,4,435,14,0,0,0,0,0,0,0,0,0,0,0,0),(382,4,526,14,0,0,109,1,0,0,5,0,0,0,0,21),(383,4,590,14,0,0,47,0,0,0,4,0,0,0,0,8),(384,4,475,14,0,0,11,1,0,0,1,0,0,0,0,8),(385,5,108,2,220,1,0,1,2,0,0,0,0,22,31,35),(386,5,622,3,0,0,54,1,0,0,2,0,0,0,0,13),(387,5,456,3,0,0,137,1,0,0,9,0,0,0,0,28),(388,5,595,9,0,0,99,1,0,0,6,0,0,0,0,21),(389,5,376,9,0,0,60,0,0,0,4,0,0,0,0,10),(390,5,403,9,0,0,84,1,0,0,3,0,0,0,0,17),(391,5,237,10,0,72,62,1,0,0,6,0,0,0,0,25),(392,5,623,10,0,0,11,0,0,0,2,0,0,0,0,3),(393,5,322,10,0,46,24,0,0,0,4,0,0,0,0,10),(394,5,389,10,0,0,63,1,0,0,5,0,0,0,0,17),(395,5,147,10,230,18,0,0,2,0,0,0,2,20,37,15),(396,5,266,12,0,86,5,1,0,0,2,0,0,0,0,16),(397,5,492,12,0,0,59,1,0,0,7,0,0,0,0,18),(398,5,248,12,0,137,0,0,0,0,0,0,0,0,0,13),(399,5,428,3,0,0,17,0,0,0,2,0,0,0,0,3),(400,5,531,3,0,0,59,0,0,0,6,0,0,0,0,11),(401,5,263,13,0,31,33,0,0,0,3,0,0,0,0,9),(402,5,414,13,0,0,87,0,0,0,5,0,0,0,0,13),(403,5,593,13,0,0,24,0,0,0,3,1,0,0,0,2),(404,5,380,13,0,0,0,0,0,0,0,0,0,0,0,0),(405,5,57,3,243,-1,0,0,2,0,0,0,1,18,29,21),(406,5,354,12,0,7,158,1,0,0,10,1,0,0,0,28),(407,5,421,13,0,0,118,2,0,0,7,0,0,0,0,30),(408,5,49,12,322,17,0,0,2,0,0,0,0,30,53,28),(409,5,148,8,0,119,16,2,0,0,3,0,0,0,0,27),(410,5,81,8,316,4,0,0,2,0,0,0,0,27,38,36),(411,5,335,8,0,0,0,0,0,0,0,0,0,0,0,0),(412,5,462,8,0,0,5,1,0,0,1,0,0,0,0,7),(413,5,684,8,0,0,65,1,0,0,3,0,0,0,0,15),(414,5,188,6,0,130,43,0,0,0,8,0,0,0,0,25),(415,5,350,6,0,0,99,1,0,0,5,0,0,0,0,20),(416,5,493,6,0,0,52,0,0,0,6,0,0,0,0,11),(417,5,649,6,0,0,30,1,0,0,1,0,0,0,0,10),(418,5,553,6,0,0,7,0,0,0,1,0,0,0,0,1),(419,5,294,2,0,103,27,0,0,0,2,0,0,0,0,14),(420,5,246,2,0,72,0,0,0,0,0,0,0,0,0,7),(421,5,556,2,0,0,75,0,0,0,6,0,0,0,0,13),(422,5,697,2,0,0,80,0,0,0,7,0,0,0,0,15),(423,5,491,2,0,0,116,0,0,0,8,0,0,0,0,19),(424,5,100,4,255,0,0,0,1,0,0,0,2,23,31,23),(425,5,433,4,0,0,126,1,0,0,8,0,0,0,0,26),(426,5,195,4,0,83,23,0,0,0,2,0,0,0,0,12),(427,5,690,4,0,0,33,1,0,0,1,0,0,0,0,10),(428,5,189,4,0,46,0,1,0,0,0,0,0,0,0,10),(429,5,365,4,0,0,2,0,0,0,1,0,0,0,0,1),(430,5,256,1,0,95,17,1,0,0,2,0,0,0,0,18),(431,5,501,1,0,0,50,0,0,0,5,0,0,0,0,10),(432,5,405,1,0,0,136,1,0,0,9,0,0,0,0,28),(433,5,207,1,0,42,47,0,0,0,2,1,0,0,0,7),(434,5,95,1,161,0,0,0,2,0,0,0,0,10,24,10),(435,5,240,5,0,105,42,1,0,0,4,0,0,0,0,24),(436,5,259,5,0,59,0,2,0,0,0,0,0,0,0,17),(437,5,45,5,350,0,0,0,3,0,0,0,1,22,27,40),(438,5,529,5,0,0,119,2,0,0,8,0,0,0,0,31),(439,5,392,5,0,0,48,0,0,0,5,0,0,0,0,9),(440,5,687,5,0,0,67,1,0,0,8,0,0,0,0,20),(441,5,107,9,131,0,0,0,0,0,0,0,0,13,26,5),(442,5,323,9,0,0,132,0,0,0,0,0,0,0,0,13),(443,5,465,9,0,0,0,0,0,0,0,0,0,0,0,0),(444,5,471,16,0,0,65,0,0,0,6,1,0,0,0,9),(445,5,120,16,92,4,0,0,1,0,0,0,0,10,25,2),(446,5,152,16,0,34,16,0,0,0,2,0,0,0,0,6),(447,5,420,16,0,0,14,0,0,0,2,0,0,0,0,3),(448,5,528,7,0,0,23,0,0,0,2,0,0,0,0,4),(449,5,448,7,0,0,25,0,0,0,3,0,0,0,0,5),(450,5,41,7,289,14,0,0,3,0,0,0,0,24,35,37),(451,5,165,7,0,5,0,0,0,0,0,0,0,0,0,0),(452,5,186,7,0,54,2,2,0,0,1,0,0,0,0,18),(453,5,693,7,0,0,0,0,0,0,0,0,0,0,0,0),(454,5,436,10,0,0,0,0,0,0,0,0,0,0,0,0),(455,5,661,12,0,0,0,0,0,0,0,0,0,0,0,0),(456,5,63,15,215,9,0,0,3,0,0,0,0,19,27,31),(457,5,332,15,0,12,0,0,0,0,0,0,0,0,0,1),(458,5,382,15,0,0,89,0,0,0,6,0,0,0,0,14),(459,5,637,15,0,0,27,0,0,0,4,0,0,0,0,6),(460,5,115,13,239,1,0,0,2,0,0,1,0,22,33,25),(461,5,447,8,0,0,52,1,0,0,5,0,0,0,0,16),(462,5,326,3,0,62,68,1,0,0,7,0,0,0,0,25),(463,5,615,1,0,0,61,1,0,0,5,0,0,0,0,17),(464,5,128,6,225,15,0,1,1,0,0,1,0,17,26,25),(465,5,652,16,0,0,0,1,0,0,0,0,0,0,0,6),(466,5,551,11,0,0,83,0,0,0,6,0,0,0,0,14),(467,5,85,11,169,11,0,0,1,0,0,1,0,20,26,22),(468,5,158,11,0,99,29,0,0,0,3,0,0,0,0,14),(469,5,678,11,0,0,22,0,0,0,2,0,0,0,0,4),(470,5,530,11,0,0,6,0,0,0,1,0,0,0,0,1),(471,5,172,11,0,97,19,0,0,0,6,1,0,0,0,13),(472,5,216,16,0,0,0,0,0,0,0,0,0,0,0,0),(473,5,50,14,336,0,0,0,2,0,0,0,1,26,40,30),(474,5,192,14,0,106,13,0,0,0,2,0,0,0,0,13),(475,5,435,14,0,0,0,0,0,0,0,0,0,0,0,0),(476,5,526,14,0,0,43,0,0,0,3,0,0,0,0,7),(477,5,590,14,0,0,36,0,0,0,3,0,0,0,0,6),(478,5,475,14,0,0,5,0,0,0,1,0,0,0,0,1),(479,5,490,15,0,0,0,0,0,0,0,0,0,0,0,0),(480,5,162,15,0,0,0,0,0,0,0,0,0,0,0,0),(481,6,294,2,0,77,51,0,0,0,4,0,0,0,0,16),(482,6,697,2,0,0,56,1,0,0,5,0,0,0,0,16),(483,6,491,2,0,0,173,2,0,0,10,0,0,0,0,39),(484,6,447,8,0,0,135,1,0,0,8,0,0,0,0,27),(485,6,335,8,0,0,0,0,0,0,0,0,0,0,0,0),(486,6,244,13,0,80,3,1,0,0,1,0,0,0,0,15),(487,6,115,13,272,4,0,0,2,0,0,0,0,27,33,39),(488,6,414,13,0,0,96,1,0,0,9,0,0,0,0,24),(489,6,421,13,0,0,64,0,0,0,6,0,0,0,0,12),(490,6,593,13,0,0,0,0,0,0,0,0,0,0,0,0),(491,6,595,9,0,0,52,0,0,0,4,0,0,0,0,9),(492,6,323,9,0,0,0,0,0,0,0,0,0,0,0,0),(493,6,376,9,0,25,50,0,0,0,3,0,0,0,0,10),(494,6,48,9,259,28,0,0,2,0,0,0,1,22,33,28),(495,6,622,3,0,0,79,1,0,0,6,0,0,0,0,19),(496,6,57,3,236,5,0,0,2,0,0,0,3,15,25,13),(497,6,367,3,0,0,34,0,0,0,4,0,0,0,0,7),(498,6,157,10,0,64,5,0,0,0,1,0,0,0,0,7),(499,6,676,10,0,0,129,1,0,0,5,0,0,0,0,23),(500,6,99,10,215,10,0,0,1,0,0,1,1,14,30,5),(501,6,56,11,237,14,0,0,0,0,0,0,2,26,48,8),(502,6,551,11,0,0,0,0,0,0,0,0,0,0,0,0),(503,6,172,11,0,22,44,1,0,0,2,0,0,0,0,14),(504,6,444,11,0,0,24,0,0,0,2,0,0,0,0,4),(505,6,530,11,0,0,83,1,0,0,7,0,0,0,0,21),(506,6,326,3,4,140,39,2,1,0,2,0,0,1,1,36),(507,6,259,5,0,148,3,1,0,0,2,0,0,0,0,22),(508,6,45,5,299,0,0,0,1,0,0,0,0,24,46,17),(509,6,529,5,0,0,123,1,0,0,6,0,0,0,0,24),(510,6,687,5,0,0,22,0,0,0,4,0,0,0,0,6),(511,6,618,11,0,0,5,0,0,0,1,0,0,0,0,1),(512,6,462,8,0,0,81,0,0,0,3,0,0,0,0,11),(513,6,195,4,0,100,15,1,0,0,2,0,0,0,0,19),(514,6,690,4,0,0,6,0,0,0,1,0,0,0,0,1),(515,6,189,4,0,27,0,0,0,0,0,0,0,0,0,2),(516,6,458,4,0,0,0,0,0,0,0,0,0,0,0,0),(517,6,471,16,0,0,85,0,0,0,8,0,0,0,0,16),(518,6,232,16,0,18,100,2,0,0,5,0,0,0,0,28),(519,6,617,16,0,0,13,0,0,0,2,0,0,0,0,3),(520,6,120,16,262,6,0,0,2,0,0,0,0,17,24,28),(521,6,404,16,0,0,0,0,0,0,0,0,0,0,0,0),(522,6,272,16,0,57,52,0,0,0,5,0,0,0,0,15),(523,6,52,2,179,12,0,0,1,0,0,0,0,19,33,17),(524,6,249,7,0,36,63,2,0,0,5,0,0,0,0,26),(525,6,528,7,0,0,123,1,0,0,6,0,0,0,0,24),(526,6,692,7,0,0,68,0,0,0,10,0,0,0,0,16),(527,6,448,7,0,0,23,0,0,0,4,0,0,0,0,6),(528,6,41,7,312,2,0,0,1,0,0,2,1,26,37,22),(529,6,564,7,0,0,50,0,0,0,3,0,0,0,0,8),(530,6,456,3,0,0,29,1,0,0,3,0,0,0,0,11),(531,6,148,8,0,141,1,4,0,0,1,0,0,0,0,39),(532,6,81,8,168,40,0,0,1,0,0,0,1,14,20,19),(533,6,684,8,0,0,28,0,0,0,2,0,0,0,0,4),(534,6,160,9,0,114,20,1,0,0,3,0,0,0,0,22),(535,6,358,9,0,0,38,0,0,0,4,0,0,0,0,7),(536,6,188,6,0,40,28,1,0,0,2,0,0,0,0,14),(537,6,350,6,0,0,61,0,0,0,7,0,0,0,0,13),(538,6,493,6,0,0,48,0,0,0,4,0,0,0,0,8),(539,6,573,6,0,0,14,0,0,0,2,0,0,0,0,3),(540,6,164,6,0,4,0,0,0,0,0,0,0,0,0,0),(541,6,49,6,333,2,0,0,3,0,0,2,0,25,41,28),(542,6,378,10,0,0,9,0,0,0,1,0,0,0,0,1),(543,6,266,12,0,143,24,1,0,0,3,0,0,0,0,25),(544,6,54,12,292,0,0,0,0,0,0,0,1,25,48,10),(545,6,247,12,0,21,0,0,0,0,0,0,0,0,0,2),(546,6,369,12,0,0,55,0,0,0,5,0,0,0,0,10),(547,6,361,12,0,0,87,0,0,0,7,0,0,0,0,15),(548,6,594,12,0,0,54,1,0,0,6,0,0,0,0,17),(549,6,256,1,0,59,11,0,0,0,2,0,0,0,0,8),(550,6,501,1,0,0,0,0,0,0,0,0,0,0,0,0),(551,6,615,1,0,0,17,0,0,0,2,0,0,0,0,3),(552,6,405,1,0,0,0,0,0,0,0,0,0,0,0,0),(553,6,207,1,0,0,0,0,0,0,0,0,0,0,0,0),(554,6,95,1,177,1,0,0,1,0,0,0,1,19,35,11),(555,6,63,15,0,0,0,0,0,0,0,0,0,0,0,0),(556,6,490,15,0,0,0,0,0,0,0,0,0,0,0,0),(557,6,332,15,0,0,0,0,0,0,0,0,0,0,0,0),(558,6,382,15,0,0,33,0,0,0,4,0,0,0,0,7),(559,6,162,15,0,8,0,0,0,0,0,0,0,0,3,-3),(560,6,637,15,0,0,52,0,0,0,4,0,0,0,0,9),(561,6,510,13,0,0,63,0,0,0,5,0,0,0,0,11),(562,6,240,5,0,143,16,3,0,0,3,0,0,0,0,36),(563,6,531,5,0,0,38,0,0,0,4,0,0,0,0,7),(564,6,556,2,0,0,59,1,0,0,7,0,0,0,0,18),(565,6,100,4,191,6,0,0,2,0,0,0,0,22,32,27),(566,6,433,4,0,0,70,0,0,0,6,0,0,0,0,13),(567,6,428,3,0,0,39,1,0,0,4,0,0,0,0,13),(568,6,478,2,0,0,0,0,0,0,0,0,0,0,0,0),(569,6,237,10,0,88,39,1,0,0,5,1,0,0,0,19),(570,6,389,10,0,0,73,1,0,0,3,0,0,0,0,16),(571,6,50,14,121,0,0,0,1,0,0,0,1,6,8,9),(572,6,192,14,0,0,0,0,0,0,0,0,0,0,0,0),(573,6,435,14,0,0,0,0,0,0,0,0,0,0,0,0),(574,6,526,14,0,0,32,0,0,0,3,0,0,0,0,6),(575,6,590,14,0,0,31,0,0,0,3,0,0,0,0,6),(576,6,475,14,0,0,20,0,0,0,2,0,0,0,0,4),(577,7,266,12,0,50,7,0,0,0,1,0,0,0,0,6),(578,7,54,12,261,7,0,0,1,0,0,0,0,19,27,25),(579,7,354,12,0,15,0,0,0,0,0,0,0,0,0,1),(580,7,369,12,0,0,84,1,0,0,6,0,0,0,0,20),(581,7,594,12,0,0,48,0,0,0,2,0,0,0,0,6),(582,7,248,12,0,139,-5,0,0,0,1,0,0,0,0,14),(583,7,294,2,0,101,12,3,0,0,1,0,0,0,0,30),(584,7,556,2,0,0,89,0,0,0,9,0,0,0,0,17),(585,7,697,2,0,0,47,0,0,0,2,0,0,0,0,6),(586,7,491,2,0,0,112,1,0,0,5,0,0,0,0,22),(587,7,283,2,0,131,0,1,0,0,0,0,0,0,0,19),(588,7,157,10,0,86,24,1,0,0,6,1,0,0,0,19),(589,7,237,10,0,97,19,2,0,0,2,0,0,0,0,24),(590,7,676,10,0,0,44,0,0,0,3,0,0,0,0,7),(591,7,436,10,0,17,75,0,0,0,7,0,0,0,0,15),(592,7,99,10,214,0,0,0,2,0,0,0,1,23,42,17),(593,7,389,10,0,0,90,0,0,0,4,0,0,0,0,13),(594,7,240,5,0,139,8,2,0,0,1,0,0,0,0,26),(595,7,392,5,0,0,114,1,0,0,8,0,0,0,0,25),(596,7,47,5,299,9,0,0,2,0,0,0,2,23,40,19),(597,7,687,5,0,0,15,0,0,0,3,0,0,0,0,4),(598,7,492,5,0,0,36,0,0,0,4,0,0,0,0,7),(599,7,56,11,280,41,0,0,2,0,0,0,0,23,31,38),(600,7,551,11,0,4,35,1,0,0,3,0,0,0,0,12),(601,7,172,11,0,95,15,1,0,0,2,0,0,0,0,18),(602,7,158,11,0,54,0,0,0,0,1,0,0,0,0,6),(603,7,678,11,0,0,63,0,0,0,6,0,0,0,0,12),(604,7,530,11,0,0,53,1,0,0,4,1,0,0,0,12),(605,7,326,3,0,7,26,0,0,0,4,0,0,0,0,6),(606,7,428,3,0,0,65,1,0,0,7,0,0,0,0,19),(607,7,622,3,0,0,71,0,0,0,7,0,0,0,0,14),(608,7,142,3,198,3,0,0,1,0,0,1,1,18,32,9),(609,7,456,3,0,0,54,0,0,0,6,0,0,0,0,11),(610,7,449,3,0,0,28,1,0,0,4,0,0,0,0,12),(611,7,148,8,0,61,0,0,0,0,0,0,0,0,0,6),(612,7,256,8,0,34,6,0,0,0,2,0,0,0,0,5),(613,7,447,8,0,0,94,0,0,0,4,0,0,0,0,13),(614,7,81,8,224,11,0,0,1,0,0,0,2,23,42,11),(615,7,405,8,0,0,71,1,0,0,4,0,0,0,0,17),(616,7,684,8,0,0,60,0,0,0,5,0,0,0,0,11),(617,7,107,9,287,-1,0,0,1,0,0,0,2,35,54,25),(618,7,160,9,0,60,1,0,0,0,2,0,0,0,0,8),(619,7,376,9,0,0,88,1,0,0,2,0,0,0,0,16),(620,7,403,9,0,0,52,0,0,0,2,0,0,0,0,7),(621,7,465,9,0,0,43,0,0,0,2,0,0,0,0,6),(622,7,60,2,73,12,0,0,0,0,0,0,3,10,19,-5),(623,7,249,7,0,122,40,3,0,0,4,0,0,0,0,38),(624,7,528,7,0,0,51,0,0,0,3,0,0,0,0,8),(625,7,355,7,0,0,26,0,0,0,2,0,0,0,0,4),(626,7,448,7,0,0,0,0,0,0,0,0,0,0,0,0),(627,7,41,7,136,1,0,0,1,0,0,0,2,13,24,5),(628,7,692,7,0,0,56,0,0,0,6,0,0,0,0,11),(629,7,311,13,0,56,14,0,0,0,2,0,0,0,0,8),(630,7,244,13,0,65,1,0,0,0,2,0,0,0,0,8),(631,7,510,13,0,0,43,0,0,0,4,0,0,0,0,8),(632,7,421,13,0,0,35,0,0,0,4,0,0,0,0,7),(633,7,593,13,0,0,0,0,0,0,0,0,0,0,0,0),(634,7,49,6,252,0,0,0,3,0,0,0,0,13,20,28),(635,7,232,16,0,90,6,2,0,0,1,0,0,0,0,22),(636,7,617,16,0,0,67,0,0,0,7,0,0,0,0,13),(637,7,471,16,0,0,38,0,0,0,2,0,0,0,0,5),(638,7,120,16,194,11,0,0,1,0,0,0,0,18,29,19),(639,7,272,16,0,45,60,1,0,0,4,1,0,0,0,17),(640,7,424,16,0,0,100,1,0,0,6,0,0,0,0,22),(641,7,188,6,0,98,7,1,0,0,1,0,0,0,0,16),(642,7,164,6,0,56,0,0,0,0,0,0,0,0,0,5),(643,7,350,6,0,0,0,0,0,0,0,0,0,0,0,0),(644,7,493,6,0,0,39,0,0,0,3,0,0,0,0,6),(645,7,649,6,0,0,29,0,0,0,3,0,0,0,0,5),(646,7,595,9,0,0,66,0,0,0,4,0,0,0,0,10),(647,7,100,4,237,12,0,0,2,0,0,1,1,21,27,27),(648,7,433,4,0,0,0,0,0,0,0,0,0,0,0,0),(649,7,195,4,0,155,6,0,0,0,2,0,0,0,0,17),(650,7,458,4,0,4,24,0,0,0,2,0,0,0,0,4),(651,7,612,4,0,0,38,0,0,0,3,0,0,0,0,6),(652,7,322,4,0,21,1,0,0,0,1,0,0,0,0,3),(653,7,259,5,0,28,26,1,0,0,3,0,0,0,0,13),(654,7,115,13,227,8,0,1,0,0,0,0,2,21,35,16),(655,7,63,15,315,0,0,0,2,0,0,0,0,28,36,40),(656,7,490,15,0,0,43,1,0,0,3,0,0,0,0,13),(657,7,332,15,0,25,75,0,0,0,10,0,0,0,0,19),(658,7,382,15,0,0,96,0,0,0,9,0,0,0,0,18),(659,7,162,15,0,22,0,0,0,0,0,0,0,0,0,2),(660,7,637,15,0,0,60,0,0,0,5,0,0,0,0,11),(661,7,50,14,0,0,0,0,0,0,0,0,0,0,0,0),(662,7,192,14,0,0,0,0,0,0,0,0,0,0,0,0),(663,7,435,14,0,0,0,0,0,0,0,0,0,0,0,0),(664,7,526,14,0,0,0,0,0,0,0,0,0,0,0,0),(665,7,590,14,0,0,51,1,0,0,3,0,0,0,0,14),(666,7,475,14,0,0,78,1,0,0,5,0,0,0,0,18),(667,7,501,1,0,0,53,1,0,0,7,0,0,0,0,18),(668,7,615,1,0,0,72,1,0,0,8,0,0,0,0,21),(669,7,462,1,0,0,64,0,0,0,5,0,0,0,0,11),(670,7,163,1,0,6,0,0,0,0,0,0,0,0,0,0),(671,7,568,1,0,0,13,0,0,0,1,0,0,0,0,2),(672,7,133,1,92,4,0,0,0,0,0,1,1,8,16,-3),(673,8,623,9,0,0,43,0,0,0,4,0,0,0,0,8),(674,8,323,9,0,165,-1,1,0,0,2,0,0,0,0,24),(675,8,57,3,341,2,0,0,3,0,0,0,0,21,30,37),(676,8,449,3,0,0,54,1,0,0,6,0,0,0,0,17),(677,8,377,3,0,0,97,0,0,0,8,0,0,0,0,17),(678,8,412,8,0,10,64,0,0,0,5,0,0,0,0,12),(679,8,447,8,0,8,62,0,0,0,5,0,0,0,0,11),(680,8,405,8,0,5,36,0,0,0,4,0,0,0,0,7),(681,8,157,10,0,206,5,1,0,0,1,0,0,0,0,27),(682,8,237,10,0,179,21,1,0,0,2,0,0,0,0,27),(683,8,676,10,0,0,29,1,0,0,3,0,0,0,0,11),(684,8,436,10,0,-3,77,1,0,0,5,0,0,0,0,18),(685,8,99,10,146,0,0,0,1,0,0,0,1,12,31,-1),(686,8,389,10,0,0,105,1,0,0,3,0,0,0,0,19),(687,8,294,2,0,9,13,0,0,0,3,0,0,0,0,4),(688,8,542,2,0,0,43,0,0,0,2,0,0,0,0,6),(689,8,491,2,0,0,34,0,0,0,4,1,0,0,0,4),(690,8,697,2,0,0,71,0,0,0,5,0,0,0,0,12),(691,8,188,13,0,91,25,0,0,0,2,0,0,0,0,13),(692,8,493,13,0,0,49,1,0,0,4,0,0,0,0,14),(693,8,115,13,237,0,0,0,3,0,0,0,1,22,34,28),(694,8,108,2,229,41,0,0,1,0,0,2,0,26,40,23),(695,8,311,13,0,33,0,0,0,0,0,0,0,0,0,3),(696,8,414,13,0,0,149,1,0,0,8,0,0,0,0,28),(697,8,132,8,264,18,0,0,1,0,0,1,2,21,34,14),(698,8,662,8,0,0,39,0,0,0,2,0,0,0,0,5),(699,8,326,3,17,69,23,0,1,0,3,0,0,1,1,16),(700,8,337,3,0,82,0,0,0,0,0,0,0,0,0,8),(701,8,107,9,283,13,0,0,3,0,0,0,2,12,34,8),(702,8,160,9,0,107,0,2,0,0,0,0,0,0,0,22),(703,8,376,9,0,1,25,1,0,0,4,0,0,0,0,12),(704,8,465,9,0,0,18,0,0,0,2,0,0,0,0,3),(705,8,433,4,0,0,0,0,0,0,0,0,0,0,0,0),(706,8,189,4,0,40,7,2,0,0,1,0,0,0,0,17),(707,8,458,4,0,0,115,1,0,0,7,0,0,0,0,24),(708,8,612,4,0,0,62,1,0,0,7,0,0,0,0,19),(709,8,104,4,161,16,0,0,1,0,0,0,2,16,33,4),(710,8,232,12,0,38,15,0,0,0,3,0,0,0,0,7),(711,8,54,12,238,-1,0,0,3,0,0,0,1,17,29,23),(712,8,617,12,0,0,97,1,0,0,7,0,0,0,0,22),(713,8,369,12,0,0,42,0,0,0,4,0,0,0,0,8),(714,8,361,12,0,0,92,1,0,0,3,0,0,0,0,18),(715,8,248,12,0,72,25,0,0,0,3,1,0,0,0,9),(716,8,529,5,0,0,201,1,0,0,11,0,0,0,0,37),(717,8,392,5,0,0,76,0,0,0,5,0,0,0,0,12),(718,8,47,5,324,0,0,0,3,0,0,0,1,25,43,28),(719,8,243,5,0,55,28,0,0,0,3,0,0,0,0,10),(720,8,687,5,0,0,9,0,0,0,2,0,0,0,0,2),(721,8,492,5,0,0,125,1,0,0,9,0,0,0,0,27),(722,8,249,7,0,67,69,1,0,0,5,0,0,0,0,23),(723,8,528,7,0,0,76,1,0,0,5,0,0,0,0,18),(724,8,692,7,0,0,36,0,0,0,3,0,0,0,0,6),(725,8,355,7,0,0,40,0,0,0,3,0,0,0,0,7),(726,8,41,7,220,0,0,0,1,0,0,1,0,19,24,23),(727,8,120,16,309,22,0,0,4,0,0,0,0,22,35,39),(728,8,266,16,0,136,21,0,0,0,2,0,0,0,0,17),(729,8,354,16,0,0,69,1,0,0,3,0,0,0,1,14),(730,8,272,16,0,30,1,1,0,0,1,0,0,0,0,10),(731,8,424,16,0,0,0,0,0,0,0,0,0,0,0,0),(732,8,594,16,0,0,19,0,0,0,3,1,0,0,0,1),(733,8,244,6,0,72,0,0,0,0,1,0,0,0,0,8),(734,8,510,6,0,0,123,2,0,0,6,0,0,0,0,30),(735,8,420,6,0,0,58,0,0,0,7,0,0,0,0,12),(736,8,649,6,0,0,20,0,0,0,3,0,0,0,0,5),(737,8,421,6,0,0,65,0,0,0,3,0,0,0,0,9),(738,8,49,6,65,1,0,0,0,0,0,0,1,11,28,-7),(739,8,63,15,279,0,0,0,1,0,0,0,5,26,39,13),(740,8,490,15,0,0,26,0,0,0,3,0,0,0,0,5),(741,8,332,15,0,48,56,1,0,0,4,0,0,0,0,19),(742,8,382,15,0,0,0,0,0,0,0,0,0,0,0,0),(743,8,162,15,0,6,0,0,0,0,0,0,0,0,0,0),(744,8,637,15,0,0,69,0,0,0,5,0,0,0,0,11),(745,8,56,11,28,18,0,0,0,0,0,0,0,3,4,4),(746,8,172,11,0,106,12,0,0,0,2,0,0,0,0,13),(747,8,158,11,0,101,21,0,0,0,2,0,0,0,0,14),(748,8,678,11,0,0,1,1,0,0,1,0,0,0,0,7),(749,8,530,11,0,0,52,0,0,0,3,0,0,0,0,8),(750,8,322,4,0,9,55,1,0,0,5,0,0,0,0,16),(751,8,622,3,0,0,38,0,0,0,5,0,0,0,0,8),(752,8,283,2,0,63,18,0,0,0,2,0,0,0,0,9),(753,8,551,11,0,0,75,0,0,0,8,0,0,0,0,15),(754,8,256,8,0,61,0,0,0,0,1,1,0,0,0,4),(755,8,501,1,0,2,154,1,0,0,3,0,0,0,0,24),(756,8,615,1,0,0,145,3,0,0,10,0,0,0,0,42),(757,8,335,1,0,20,5,0,0,0,1,0,0,0,0,3),(758,8,568,1,0,0,36,0,0,0,1,0,0,0,0,4),(759,8,207,1,0,51,8,0,0,0,1,0,0,0,0,6),(760,8,95,1,213,9,0,0,2,0,0,0,1,18,31,18),(761,8,564,7,0,0,0,0,0,0,0,0,0,0,0,0),(762,8,652,13,0,0,18,2,0,0,3,0,0,0,0,16),(763,8,50,14,0,0,0,0,0,0,0,0,0,0,0,0),(764,8,192,14,0,72,0,2,0,0,0,0,0,0,0,19),(765,8,435,14,0,0,99,0,0,0,7,0,0,0,0,16),(766,8,526,14,0,0,27,0,0,0,2,0,0,0,0,4),(767,8,590,14,0,0,0,0,0,0,0,0,0,0,0,0),(768,8,475,14,0,0,73,0,0,0,5,0,0,0,0,12),(769,9,367,4,0,0,79,0,0,0,3,0,0,0,0,10),(770,9,195,4,0,88,23,1,0,0,4,0,0,0,0,20),(771,9,189,4,0,48,1,2,0,0,1,0,0,0,0,17),(772,9,458,4,0,0,60,0,0,0,5,0,0,0,0,11),(773,9,595,9,0,0,65,0,0,0,6,0,0,0,0,12),(774,9,376,9,0,-13,40,0,0,0,3,0,0,0,0,6),(775,9,323,9,0,48,15,0,0,0,2,0,0,0,0,7),(776,9,50,14,0,0,0,0,0,0,0,0,0,0,0,0),(777,9,526,14,0,0,52,0,0,0,4,0,0,0,0,9),(778,9,475,14,0,0,25,0,0,0,2,0,0,0,0,4),(779,9,172,11,0,67,11,0,0,0,2,0,0,0,0,9),(780,9,87,11,136,0,0,0,2,0,0,1,0,15,22,18),(781,9,436,10,0,0,61,0,0,0,5,0,0,0,0,11),(782,9,517,10,0,0,12,0,0,0,1,0,0,0,0,2),(783,9,534,10,0,0,47,0,0,0,4,0,0,0,0,8),(784,9,239,9,0,3,0,2,0,0,0,0,0,0,0,12),(785,9,465,9,0,0,13,0,0,0,1,0,0,0,0,2),(786,9,551,11,0,0,12,0,0,0,1,0,0,0,0,2),(787,9,158,11,0,40,41,0,0,0,6,0,0,0,0,14),(788,9,435,14,0,0,27,0,0,0,2,0,0,0,0,4),(789,9,326,3,0,107,46,4,0,0,3,0,0,0,0,41),(790,9,622,3,0,0,28,0,0,0,4,0,0,0,0,6),(791,9,57,3,216,0,0,0,1,0,0,0,0,11,18,16),(792,9,205,3,0,0,0,0,0,0,0,0,0,0,0,0),(793,9,377,3,0,0,43,0,0,0,4,0,0,0,0,8),(794,9,157,10,0,71,32,0,0,0,2,0,0,0,0,12),(795,9,676,10,0,0,77,1,0,0,4,0,0,0,0,17),(796,9,99,10,251,-3,0,0,1,0,0,0,0,18,33,17),(797,9,148,8,0,173,0,2,0,0,0,0,0,0,0,29),(798,9,256,8,0,49,0,0,0,0,0,0,0,0,0,4),(799,9,447,8,0,0,91,0,0,0,5,0,0,0,0,14),(800,9,81,8,158,2,0,1,1,0,0,0,0,13,20,22),(801,9,405,8,0,9,102,0,0,0,8,0,0,0,0,18),(802,9,684,8,0,0,28,0,0,0,2,0,0,0,0,4),(803,9,529,5,0,0,106,1,0,0,5,0,0,0,0,21),(804,9,392,5,0,0,64,0,0,0,5,0,0,0,0,11),(805,9,47,5,270,0,0,0,1,0,0,0,1,20,27,24),(806,9,243,5,0,107,48,2,0,0,3,0,0,0,0,29),(807,9,687,5,0,0,0,0,0,0,0,0,0,0,0,0),(808,9,492,5,0,0,0,0,0,0,0,0,0,0,0,0),(809,9,54,12,175,0,0,0,2,0,0,0,1,21,40,14),(810,9,247,12,0,15,8,0,0,0,1,0,0,0,0,2),(811,9,617,12,0,0,70,0,0,0,5,0,0,0,0,12),(812,9,369,12,0,0,79,0,0,0,5,0,0,0,0,12),(813,9,248,12,0,40,-6,0,0,0,1,0,0,0,0,5),(814,9,294,2,0,67,8,1,0,0,3,0,0,0,0,15),(815,9,491,2,0,2,79,0,0,0,7,0,0,0,0,14),(816,9,108,2,235,2,0,0,1,0,0,0,1,18,41,5),(817,9,623,2,0,0,15,0,0,0,2,0,0,0,0,3),(818,9,283,2,0,0,1,10,0,0,13,0,0,0,0,73),(819,9,107,9,304,12,0,0,1,0,0,0,1,22,35,23),(820,9,678,11,0,0,10,0,0,0,1,0,0,0,0,2),(821,9,501,1,0,0,0,0,0,0,0,0,0,0,0,0),(822,9,615,1,0,0,132,0,0,0,8,0,0,0,0,21),(823,9,335,1,0,29,25,0,0,0,3,1,0,0,0,4),(824,9,568,1,0,0,26,0,0,0,3,0,0,0,0,5),(825,9,207,1,0,23,16,0,0,0,2,0,0,0,0,5),(826,9,95,1,218,10,0,1,1,0,0,0,0,19,25,32),(827,9,612,4,0,0,22,0,0,0,3,0,0,0,0,5),(828,9,141,7,228,38,0,0,1,0,0,0,0,22,31,29),(829,9,249,7,0,93,25,0,0,0,5,0,0,0,0,16),(830,9,692,7,0,0,11,0,0,0,1,0,0,0,0,2),(831,9,355,7,0,0,15,0,0,0,2,0,0,0,0,3),(832,9,214,7,0,33,3,0,0,0,1,0,0,0,0,4),(833,9,545,7,0,0,109,0,0,0,9,0,0,0,0,19),(834,9,471,16,0,0,60,0,0,0,5,0,0,0,0,11),(835,9,272,16,0,49,26,0,0,0,1,0,0,0,0,7),(836,9,446,16,0,0,66,1,0,0,6,0,0,0,0,18),(837,9,424,16,0,0,10,0,0,0,1,0,0,0,0,2),(838,9,60,16,272,3,0,0,1,0,0,1,1,18,34,10),(839,9,594,16,0,0,85,0,0,0,7,0,0,0,0,15),(840,9,361,12,0,0,58,1,0,0,5,0,0,0,0,16),(841,9,192,14,0,40,29,0,0,0,3,1,0,0,0,6),(842,9,590,14,0,0,4,0,0,0,1,0,0,0,0,1),(843,9,428,3,0,0,128,2,0,0,9,0,0,0,0,33),(844,9,531,11,0,0,34,0,0,0,4,0,0,0,0,7),(845,9,100,4,321,24,0,0,3,0,0,0,1,28,37,42),(846,9,188,13,0,0,0,0,0,0,0,0,0,0,0,0),(847,9,493,13,0,0,85,0,0,0,3,0,0,0,0,11),(848,9,115,13,248,0,0,0,2,0,0,0,0,19,26,29),(849,9,414,13,0,0,83,1,0,0,5,0,0,0,0,19),(850,9,519,13,0,0,0,0,0,0,0,0,0,0,0,0),(851,9,652,13,0,0,11,0,0,0,2,0,0,0,0,3),(852,9,244,6,0,97,15,1,0,0,1,0,0,0,0,17),(853,9,565,6,0,0,0,0,0,0,0,0,0,0,0,0),(854,9,510,6,0,0,68,1,0,0,7,0,0,0,0,19),(855,9,420,6,0,0,64,0,0,0,4,0,0,0,0,10),(856,9,49,6,224,4,0,0,0,0,0,1,0,21,29,18),(857,9,649,6,0,0,21,0,0,0,3,0,0,0,0,5),(858,9,556,2,0,0,124,1,0,0,9,0,0,0,0,27),(859,9,63,15,214,0,0,0,0,0,0,1,1,20,35,7),(860,9,490,15,0,0,7,1,0,0,1,0,0,0,0,7),(861,9,332,15,0,24,55,0,0,0,4,0,0,0,0,11),(862,9,382,15,0,0,64,1,0,0,6,0,0,0,0,18),(863,9,162,15,0,106,5,1,0,0,1,0,0,0,0,17),(864,9,637,15,0,0,74,1,0,0,5,0,0,0,0,18),(865,10,428,3,0,0,108,1,0,0,7,0,0,0,0,23),(866,10,622,3,0,0,58,0,0,0,5,0,0,0,0,10),(867,10,337,3,0,13,19,0,0,0,1,0,0,0,0,3),(868,10,243,3,0,132,46,0,0,0,5,0,0,0,0,22),(869,10,240,5,0,122,26,1,0,0,3,0,0,0,0,23),(870,10,45,5,275,0,0,0,2,0,0,0,2,21,36,19),(871,10,157,10,0,95,111,1,0,1,8,0,0,0,0,36),(872,10,676,10,0,0,55,0,0,0,5,0,0,0,0,10),(873,10,99,10,291,24,0,0,1,0,0,0,4,23,48,3),(874,10,445,11,0,0,42,0,0,0,4,0,0,0,0,8),(875,10,172,11,0,64,28,0,0,0,4,0,0,0,0,12),(876,10,87,11,144,0,0,0,0,0,0,0,0,17,30,9),(877,10,158,11,0,58,0,0,0,0,0,0,0,0,0,5),(878,10,239,9,0,2,0,0,0,0,0,0,0,0,0,0),(879,10,376,9,0,0,69,2,0,0,6,0,0,0,0,24),(880,10,465,9,0,0,28,0,0,0,1,0,0,0,0,3),(881,10,100,4,297,4,0,0,3,0,0,0,0,26,35,40),(882,10,458,4,0,0,41,0,0,0,4,0,0,0,0,8),(883,10,493,13,0,0,0,0,0,0,1,0,0,0,0,1),(884,10,145,13,359,0,0,0,1,0,1,0,0,29,45,32),(885,10,259,5,0,75,6,0,0,0,1,1,0,0,0,5),(886,10,529,5,0,0,34,0,0,0,3,0,0,0,0,6),(887,10,392,5,0,0,114,0,0,0,10,0,0,0,0,21),(888,10,573,5,0,0,18,0,0,0,1,0,0,0,0,2),(889,10,491,13,0,0,79,0,0,0,4,0,0,0,0,11),(890,10,414,13,0,0,131,1,0,0,7,0,0,0,0,26),(891,10,237,10,0,70,45,0,0,0,5,0,0,0,0,16),(892,10,389,10,0,0,51,0,0,0,6,0,0,0,0,11),(893,10,57,3,119,-2,0,0,1,0,0,0,2,10,20,2),(894,10,148,8,0,165,9,3,0,0,1,0,0,0,0,35),(895,10,256,8,0,44,13,0,0,0,5,0,0,0,0,10),(896,10,81,8,243,0,0,0,1,0,0,0,2,17,29,12),(897,10,405,8,0,0,141,1,0,0,9,0,0,0,0,29),(898,10,684,8,0,0,49,0,0,0,4,0,0,0,0,8),(899,10,462,8,0,0,76,0,0,0,3,0,0,0,0,10),(900,10,195,4,0,76,52,1,0,0,6,1,0,0,0,21),(901,10,189,4,0,81,0,1,0,0,0,0,0,0,0,14),(902,10,612,4,0,0,34,0,0,0,4,0,0,0,0,7),(903,10,160,9,0,44,15,0,0,0,3,0,0,0,0,8),(904,10,595,9,0,0,40,0,0,0,5,0,0,0,0,9),(905,10,294,2,0,144,9,1,0,0,2,0,0,0,0,22),(906,10,556,2,0,0,72,0,0,0,8,0,0,0,0,15),(907,10,85,2,25,0,0,0,0,0,0,1,0,4,6,0),(908,10,54,12,310,0,0,0,2,0,0,0,3,26,50,13),(909,10,247,12,0,81,12,0,0,0,2,0,0,0,0,11),(910,10,617,12,0,0,81,0,0,0,8,0,0,0,0,16),(911,10,369,12,0,0,50,0,0,0,3,0,0,0,0,8),(912,10,561,12,0,0,10,0,0,0,1,0,0,0,0,2),(913,10,361,12,0,0,82,0,0,0,5,0,0,0,0,13),(914,10,551,11,0,0,124,1,0,0,8,0,0,0,0,26),(915,10,141,7,209,24,0,1,2,0,0,1,0,20,30,31),(916,10,249,7,0,48,60,0,0,0,7,0,0,0,0,17),(917,10,528,7,0,0,50,1,0,0,5,1,0,0,0,13),(918,10,692,7,0,0,42,0,0,0,5,0,0,0,0,9),(919,10,214,7,0,55,0,0,0,0,0,0,0,0,0,5),(920,10,545,7,0,0,17,0,0,0,2,0,0,0,0,3),(921,10,50,14,304,9,0,0,1,0,0,0,1,28,40,29),(922,10,192,14,0,0,0,0,0,0,0,0,0,0,0,0),(923,10,435,14,0,0,0,0,0,0,0,0,0,0,0,0),(924,10,526,14,0,0,43,0,0,0,3,0,0,0,0,7),(925,10,590,14,0,0,18,1,0,0,2,0,0,0,0,9),(926,10,475,14,0,0,0,0,0,0,0,0,0,0,0,0),(927,10,501,1,0,0,0,0,0,0,0,0,0,0,0,0),(928,10,615,1,0,0,0,0,0,0,0,0,0,0,0,0),(929,10,335,1,0,20,0,0,0,0,0,1,0,0,0,-1),(930,10,568,1,0,0,11,0,0,0,1,0,0,0,0,2),(931,10,207,1,0,20,43,0,0,0,3,0,0,0,0,9),(932,10,95,1,211,3,0,0,1,0,0,0,0,16,30,14),(933,10,367,4,0,0,82,1,0,0,5,1,0,0,0,16),(934,10,266,16,0,66,0,0,0,0,0,0,0,0,0,6),(935,10,471,16,0,0,63,0,0,0,4,0,0,0,0,10),(936,10,120,16,205,0,0,0,1,0,0,0,0,16,25,19),(937,10,152,16,0,65,0,1,0,0,0,0,0,0,0,12),(938,10,446,16,0,0,0,0,0,0,0,0,0,0,0,0),(939,10,594,16,0,0,66,0,0,0,6,0,0,0,0,12),(940,10,107,9,169,22,0,1,0,0,0,0,1,19,34,15),(941,10,678,11,0,0,56,0,0,0,6,0,0,0,0,11),(942,10,364,10,0,0,15,0,0,0,3,0,0,0,0,4),(943,10,449,3,0,0,56,0,0,0,5,0,0,0,0,10),(944,10,510,6,0,0,27,0,0,0,3,0,0,0,0,5),(945,10,649,6,0,0,81,0,0,0,7,1,0,0,0,12),(946,10,1720,6,0,103,5,3,0,0,4,0,0,0,0,32),(947,10,421,6,0,-10,31,1,0,0,2,0,0,0,0,10),(948,10,365,6,0,0,36,0,0,0,3,0,0,0,0,6),(949,10,49,6,226,15,0,0,2,0,0,1,2,23,35,20),(950,10,63,15,252,2,0,0,1,0,0,0,1,26,39,24),(951,10,490,15,0,0,87,1,0,0,6,0,0,0,0,20),(952,10,332,15,0,86,32,1,0,0,5,0,0,0,0,22),(953,10,382,15,0,0,30,0,0,0,3,0,0,0,0,6),(954,10,162,15,0,16,11,0,0,0,6,1,0,0,0,5),(955,10,637,15,0,0,0,0,0,0,0,0,0,0,0,0),(956,10,652,13,0,0,0,0,0,0,0,0,0,0,0,0),(957,10,246,13,0,16,8,0,0,0,1,0,0,0,0,2),(958,10,697,2,0,0,27,0,0,0,3,0,0,0,0,5),(959,10,477,2,0,0,70,0,0,0,6,0,0,0,0,13),(960,10,404,2,0,0,50,0,0,0,4,0,0,0,0,9),(961,11,237,10,0,6,16,0,0,0,3,1,0,0,0,1),(962,11,676,10,0,0,1,1,0,0,1,0,0,0,0,7),(963,11,99,10,218,7,0,0,3,0,0,0,0,17,26,28),(964,11,389,10,0,0,98,1,0,0,9,0,0,0,0,24),(965,11,530,10,0,0,76,1,0,0,6,0,0,0,0,19),(966,11,157,11,0,112,22,0,0,0,2,0,0,0,0,15),(967,11,172,11,0,56,2,0,0,0,1,0,0,0,0,6),(968,11,678,11,0,0,84,0,0,0,7,0,0,0,0,15),(969,11,551,5,0,0,81,0,0,0,6,0,0,0,0,14),(970,11,45,5,222,0,0,0,3,0,0,1,0,15,29,18),(971,11,529,5,0,0,169,0,0,0,14,0,0,0,0,30),(972,11,690,5,0,0,66,0,0,0,4,0,0,0,0,10),(973,11,240,5,0,89,18,2,0,0,3,0,0,0,0,24),(974,11,326,3,0,67,22,1,0,0,3,0,0,0,0,17),(975,11,428,3,0,0,42,0,0,0,5,0,0,0,0,9),(976,11,622,3,0,0,29,0,0,0,4,0,0,0,0,6),(977,11,57,3,235,0,0,0,0,0,0,0,2,22,38,9),(978,11,366,3,0,0,83,1,0,0,4,0,0,0,0,18),(979,11,294,2,0,92,0,0,0,0,1,2,0,0,0,4),(980,11,556,2,0,0,117,1,0,0,5,0,0,0,0,22),(981,11,697,2,0,0,15,0,0,0,2,0,0,0,0,3),(982,11,115,2,335,0,0,0,2,0,0,0,1,25,38,30),(983,11,404,2,0,0,40,0,0,0,3,0,0,0,0,7),(984,11,164,2,0,0,0,0,0,0,0,0,0,0,0,0),(985,11,615,1,0,0,77,1,0,0,5,0,0,0,0,18),(986,11,335,1,0,116,13,1,0,0,3,0,0,0,0,21),(987,11,207,1,0,41,20,0,0,0,3,0,0,0,1,8),(988,11,95,1,258,9,0,1,3,0,0,1,0,22,38,31),(989,11,480,1,0,0,5,0,0,0,1,0,0,0,0,1),(990,11,354,16,0,0,105,1,0,0,8,0,0,0,0,24),(991,11,120,16,225,0,0,0,0,0,0,1,0,18,26,16),(992,11,152,16,0,113,16,3,0,0,3,0,0,0,0,33),(993,11,266,16,0,39,2,0,0,0,1,0,0,0,0,4),(994,11,471,16,0,0,42,0,0,0,4,0,0,0,0,8),(995,11,594,16,0,0,74,0,0,0,5,0,0,0,0,12),(996,11,160,9,0,34,6,0,0,0,1,0,0,0,0,4),(997,11,376,9,0,0,12,0,0,0,3,0,0,0,0,4),(998,11,48,9,343,30,0,0,2,0,0,0,1,27,50,25),(999,11,652,9,0,0,37,0,0,0,5,0,0,0,0,8),(1000,11,465,9,0,0,119,1,0,0,7,0,0,0,0,24),(1001,11,148,8,0,115,7,2,0,0,1,0,0,0,0,24),(1002,11,256,8,0,28,0,0,0,0,0,1,0,0,0,-1),(1003,11,447,8,0,0,189,1,0,0,8,0,0,0,0,32),(1004,11,81,8,233,7,0,0,1,0,0,0,0,19,31,20),(1005,11,405,8,0,9,104,1,0,0,9,0,0,0,0,25),(1006,11,684,8,0,0,27,0,0,0,1,0,0,0,0,3),(1007,11,141,7,306,17,0,0,2,0,0,1,0,21,38,22),(1008,11,528,7,0,0,57,0,0,0,5,0,0,0,0,10),(1009,11,54,12,289,0,0,0,1,0,0,0,1,19,36,14),(1010,11,247,12,0,29,38,1,0,0,3,0,0,0,0,14),(1011,11,617,12,0,0,98,0,0,0,9,0,0,0,0,18),(1012,11,369,12,0,0,113,1,0,0,6,0,0,0,0,23),(1013,11,361,12,0,0,38,1,0,0,5,0,0,0,0,14),(1014,11,248,12,0,87,0,0,0,0,0,0,0,0,0,8),(1015,11,445,11,0,5,50,0,0,0,6,0,0,0,0,11),(1016,11,436,11,0,5,47,0,0,0,5,0,0,0,0,9),(1017,11,47,11,339,-1,0,0,4,0,0,0,0,28,33,52),(1018,11,100,4,365,0,0,0,3,0,0,0,1,24,40,31),(1019,11,367,4,0,0,60,0,0,0,4,0,0,0,0,10),(1020,11,433,4,0,0,129,1,0,0,11,0,0,0,0,29),(1021,11,195,4,0,82,20,0,0,0,2,0,0,0,0,12),(1022,11,189,4,0,6,0,0,0,0,0,0,0,0,0,0),(1023,11,246,13,0,92,13,0,0,0,1,1,0,0,0,8),(1024,11,491,13,0,0,53,0,0,0,4,0,0,0,0,9),(1025,11,145,13,285,0,0,0,3,1,0,0,0,27,39,40),(1026,11,414,13,0,0,0,0,0,0,0,0,0,0,0,0),(1027,11,565,13,0,0,7,0,0,0,5,0,0,0,0,5),(1028,11,595,13,0,0,49,1,0,0,5,0,0,0,0,15),(1029,11,243,3,0,211,6,2,0,0,1,0,0,0,0,34),(1030,11,188,9,0,57,53,1,0,0,3,0,0,0,0,19),(1031,11,249,7,0,52,37,0,0,0,5,0,0,0,0,13),(1032,11,214,7,0,0,0,0,0,0,0,0,0,0,0,0),(1033,11,545,7,0,0,0,0,0,0,0,0,0,0,0,0),(1034,11,50,14,224,0,0,0,2,0,0,0,0,19,24,30),(1035,11,192,14,0,0,0,0,0,0,0,0,0,0,0,0),(1036,11,435,14,0,0,80,0,0,0,6,0,0,0,0,14),(1037,11,526,14,0,0,89,0,0,0,5,0,0,0,0,13),(1038,11,590,14,0,0,125,1,0,0,6,0,0,0,0,24),(1039,11,475,14,0,6,88,1,0,0,6,0,0,0,0,20),(1040,11,392,5,0,0,84,2,0,0,5,0,0,0,0,25),(1041,11,63,15,227,0,0,0,2,0,0,0,2,20,33,18),(1042,11,490,15,0,0,40,0,0,0,3,0,0,0,0,7),(1043,11,332,15,0,66,57,0,0,0,4,0,0,0,0,15),(1044,11,382,15,0,0,62,0,0,0,6,0,0,0,0,12),(1045,11,162,15,0,10,13,0,0,0,2,0,0,0,0,4),(1046,11,637,15,0,0,37,0,0,0,5,0,0,0,0,8),(1047,11,612,4,0,0,9,0,0,0,1,0,0,0,0,1),(1048,11,534,10,0,0,33,0,0,0,2,0,0,0,0,5),(1049,11,568,1,0,8,5,0,0,0,1,0,0,0,0,1),(1050,11,692,7,0,0,67,0,0,0,7,0,0,0,0,13),(1051,11,244,6,0,76,9,2,0,0,2,0,0,0,0,21),(1052,11,510,6,0,0,142,1,0,0,6,0,0,0,0,26),(1053,11,649,6,0,0,0,0,0,0,0,0,0,0,0,0),(1054,11,1720,6,0,7,30,0,0,0,1,0,0,0,0,4),(1055,11,421,6,0,0,35,0,0,0,3,0,0,0,0,6),(1056,11,49,6,155,10,0,0,0,0,0,1,0,14,32,0),(1057,12,246,13,0,55,9,0,0,0,5,0,0,0,0,10),(1058,12,595,13,0,0,104,2,0,0,7,0,0,0,0,29),(1059,12,565,13,0,0,55,1,0,0,3,0,0,0,0,14),(1060,12,697,2,0,0,82,1,0,0,9,0,0,0,0,23),(1061,12,404,2,0,0,0,0,0,0,0,0,0,0,0,0),(1062,12,326,3,0,184,29,3,0,0,6,0,0,0,1,43),(1063,12,622,3,0,0,87,2,0,0,6,0,0,0,0,26),(1064,12,57,3,191,-1,0,0,1,0,0,1,0,20,27,21),(1065,12,243,3,0,119,53,1,0,0,5,1,0,0,0,24),(1066,12,366,3,0,0,94,1,0,0,4,0,0,0,0,19),(1067,12,45,5,248,15,0,0,1,0,0,0,4,22,40,6),(1068,12,529,5,0,0,55,0,0,0,3,0,0,0,0,8),(1069,12,690,5,0,0,14,0,0,0,3,0,0,0,0,4),(1070,12,433,4,0,0,130,1,0,0,10,0,0,0,0,29),(1071,12,195,4,0,116,0,0,0,0,1,0,0,0,0,12),(1072,12,189,4,0,22,0,0,0,0,0,0,0,0,0,2),(1073,12,458,4,0,0,65,0,0,0,3,0,0,0,0,9),(1074,12,612,4,0,0,0,0,0,0,0,0,0,0,0,0),(1075,12,157,11,0,151,27,0,0,0,5,0,0,0,0,22),(1076,12,445,11,0,0,159,1,0,0,12,0,0,0,0,33),(1077,12,172,11,0,58,23,1,0,0,2,2,0,0,0,9),(1078,12,436,11,0,7,147,1,0,0,9,1,0,0,0,26),(1079,12,47,11,215,2,0,0,0,0,0,0,3,22,44,-1),(1080,12,678,11,0,0,28,0,0,0,2,0,0,0,0,4),(1081,12,237,10,0,110,2,1,0,0,2,0,0,0,0,19),(1082,12,676,10,0,0,127,1,0,0,10,0,0,0,0,28),(1083,12,99,10,344,15,0,0,2,0,0,0,1,29,53,24),(1084,12,389,10,0,0,56,1,0,0,1,0,0,0,0,12),(1085,12,534,10,0,5,70,0,0,0,5,0,0,0,0,12),(1086,12,188,9,0,78,42,1,0,0,3,0,0,0,1,19),(1087,12,323,9,0,0,0,0,0,0,0,0,0,0,0,0),(1088,12,376,9,0,0,101,0,0,0,6,0,0,0,0,16),(1089,12,465,9,0,0,30,0,0,0,3,0,0,0,0,6),(1090,12,87,13,207,0,0,0,3,0,0,0,1,19,28,27),(1091,12,493,13,0,0,38,0,0,0,4,0,0,0,0,7),(1092,12,491,13,0,0,65,1,0,0,6,0,0,0,0,18),(1093,12,392,5,0,0,50,0,0,0,3,0,0,0,0,8),(1094,12,54,12,226,23,0,1,0,0,0,1,1,21,37,16),(1095,12,247,12,0,32,12,0,0,0,1,0,0,0,0,5),(1096,12,617,12,0,0,63,0,0,0,4,0,0,0,0,10),(1097,12,369,12,0,0,109,0,0,0,6,0,0,0,0,16),(1098,12,361,12,0,0,49,0,0,0,5,0,0,0,0,9),(1099,12,542,12,0,0,62,1,0,0,6,0,0,0,0,18),(1100,12,48,9,181,-2,0,0,3,0,0,0,0,17,23,30),(1101,12,148,8,0,110,4,1,0,0,1,0,0,0,0,18),(1102,12,256,8,0,113,36,1,0,0,5,0,0,0,0,25),(1103,12,447,8,0,0,88,1,0,0,5,0,0,0,0,19),(1104,12,81,8,249,7,0,0,2,0,0,0,1,21,37,19),(1105,12,405,8,0,0,41,1,0,0,4,0,0,0,0,14),(1106,12,684,8,0,0,0,0,0,0,0,0,0,0,0,0),(1107,12,615,1,0,0,39,0,0,0,3,0,0,0,0,6),(1108,12,335,1,0,84,7,0,0,0,2,0,0,0,0,10),(1109,12,480,1,0,0,10,0,0,0,2,0,0,0,0,3),(1110,12,568,1,0,0,0,0,0,0,0,0,0,0,0,0),(1111,12,207,1,0,77,24,0,0,0,4,0,0,0,0,13),(1112,12,95,1,18,0,0,0,0,0,0,0,0,2,2,2),(1113,12,530,10,0,0,48,1,0,0,5,0,0,0,0,15),(1114,12,244,6,0,114,5,2,0,0,1,0,0,0,0,24),(1115,12,350,6,0,0,52,0,0,0,5,0,0,0,0,10),(1116,12,510,6,0,0,57,0,0,0,3,0,0,0,0,8),(1117,12,649,6,0,0,59,1,0,0,4,0,0,0,0,15),(1118,12,1720,6,0,111,11,1,0,0,1,1,0,0,0,16),(1119,12,101,6,14,0,0,0,0,0,0,0,0,2,3,1),(1120,12,50,14,0,0,0,0,0,0,0,0,0,0,0,0),(1121,12,192,14,0,0,0,0,0,0,0,0,0,0,0,0),(1122,12,435,14,0,0,47,0,0,0,4,0,0,0,0,8),(1123,12,526,14,0,0,70,0,0,0,7,0,0,0,0,14),(1124,12,475,14,0,0,45,0,0,0,5,0,0,0,0,9),(1125,12,294,2,0,87,23,0,0,0,1,0,0,0,0,11),(1126,12,399,2,0,0,34,0,0,0,6,1,0,0,0,6),(1127,12,115,2,302,14,0,0,3,0,0,0,1,22,30,36),(1128,12,240,5,0,124,0,0,0,0,0,0,0,0,0,12),(1129,12,551,5,0,0,28,1,0,0,3,0,0,0,0,11),(1130,12,590,14,0,0,19,0,0,0,2,0,0,0,0,3),(1131,12,100,4,245,0,0,0,2,0,0,0,1,15,25,19),(1132,12,652,9,0,0,26,0,0,0,4,0,0,0,0,6),(1133,12,266,16,0,53,0,0,0,0,0,0,0,0,0,5),(1134,12,354,16,0,4,115,0,0,0,10,0,0,0,0,21),(1135,12,120,16,162,15,0,0,1,0,0,0,1,15,24,14),(1136,12,152,16,0,31,6,0,0,0,2,1,0,0,0,2),(1137,12,396,16,0,0,42,0,0,0,4,0,0,0,0,8),(1138,12,594,16,0,0,28,0,0,0,3,0,0,0,0,5),(1139,12,249,7,0,97,47,2,0,0,7,0,0,0,0,32),(1140,12,528,7,0,0,57,1,0,0,5,0,0,0,0,16),(1141,12,692,7,0,0,67,0,0,0,5,0,0,0,0,11),(1142,12,214,7,0,0,0,0,0,0,0,0,0,0,0,0),(1143,12,358,7,0,0,19,1,0,0,2,0,0,0,0,9),(1144,12,41,7,232,2,0,1,2,0,0,0,2,29,44,31),(1145,12,428,3,0,0,128,1,0,0,4,0,0,0,0,22),(1146,12,63,15,171,4,0,0,1,0,0,0,2,15,33,1),(1147,12,490,15,0,0,28,0,0,0,3,0,0,0,0,5),(1148,12,332,15,0,117,11,1,0,0,4,0,0,0,0,22),(1149,12,382,15,0,0,36,0,0,0,3,0,0,0,0,6),(1150,12,162,15,0,-3,0,0,0,0,0,0,0,0,0,0),(1151,12,637,15,0,0,37,1,0,0,4,0,0,0,0,13),(1152,12,556,2,0,0,62,0,0,0,5,0,0,0,0,11),(1153,13,428,3,0,0,61,1,0,0,4,0,0,0,0,16),(1154,13,622,3,0,0,51,0,0,0,3,0,0,0,0,8),(1155,13,57,3,164,1,0,0,1,0,0,0,2,17,27,11),(1156,13,157,11,0,115,9,0,0,0,1,0,0,0,0,12),(1157,13,445,11,0,0,70,0,0,0,4,0,0,0,0,11),(1158,13,172,11,0,22,30,1,0,0,2,0,0,0,0,13),(1159,13,436,11,0,7,88,2,0,0,5,0,0,0,0,25),(1160,13,240,5,0,107,17,1,0,0,2,0,0,0,0,19),(1161,13,551,5,0,0,135,2,0,0,9,1,0,0,0,31),(1162,13,529,5,0,0,65,1,0,0,7,0,0,0,0,19),(1163,13,392,5,0,0,64,0,0,0,8,0,0,0,0,14),(1164,13,87,13,256,8,0,0,2,0,0,0,0,17,23,29),(1165,13,246,13,0,74,88,0,0,0,9,0,0,0,0,24),(1166,13,595,13,0,0,52,0,0,0,3,0,0,0,0,8),(1167,13,414,13,0,0,75,1,0,0,5,0,0,0,0,18),(1168,13,565,13,0,0,34,0,0,0,4,0,0,0,0,7),(1169,13,256,8,0,17,23,0,0,0,3,1,0,0,0,3),(1170,13,447,8,0,0,54,0,0,0,5,0,0,0,0,10),(1171,13,100,4,187,0,0,0,3,0,0,1,0,13,17,25),(1172,13,195,4,0,80,6,0,0,0,1,0,0,0,0,9),(1173,13,189,4,0,8,0,0,0,0,0,0,0,0,0,0),(1174,13,623,4,0,0,4,0,0,0,1,0,0,0,0,1),(1175,13,491,13,0,0,58,0,0,0,3,0,0,0,0,8),(1176,13,45,5,271,19,0,0,0,0,0,0,0,27,37,28),(1177,13,690,5,0,0,43,0,0,0,2,0,0,0,0,6),(1178,13,433,4,0,0,75,0,0,0,6,0,0,0,0,13),(1179,13,458,4,0,0,108,0,0,0,4,0,0,0,0,14),(1180,13,237,10,0,24,18,0,0,0,4,0,0,0,0,7),(1181,13,676,10,0,0,20,0,0,0,2,0,0,0,0,4),(1182,13,99,10,152,0,0,0,0,0,0,0,2,12,31,-7),(1183,13,389,10,0,0,6,0,0,0,2,0,0,0,0,2),(1184,13,530,10,0,0,20,0,0,0,3,0,0,0,0,5),(1185,13,405,8,0,0,129,0,0,0,8,0,0,0,0,20),(1186,13,294,2,0,136,1,2,0,0,1,0,0,0,0,26),(1187,13,556,2,0,0,50,1,0,0,3,0,0,0,0,14),(1188,13,697,2,0,0,5,0,0,0,1,0,0,0,0,1),(1189,13,115,2,227,0,0,0,3,0,0,0,0,22,38,27),(1190,13,477,2,0,0,10,0,0,0,1,0,0,0,0,2),(1191,13,188,9,0,155,16,0,0,0,3,0,0,0,0,19),(1192,13,323,9,0,0,0,0,0,0,0,0,0,0,0,0),(1193,13,376,9,0,0,238,1,0,0,15,1,0,0,0,41),(1194,13,48,9,215,9,0,0,0,0,0,0,4,18,34,-2),(1195,13,652,9,0,0,44,0,0,0,3,0,0,0,0,7),(1196,13,465,9,0,0,47,0,0,0,5,0,0,0,0,9),(1197,13,326,3,0,86,24,0,0,0,5,0,0,0,0,15),(1198,13,243,3,0,140,9,2,0,0,2,0,0,0,0,28),(1199,13,366,3,0,0,33,0,0,0,4,0,0,0,0,7),(1200,13,47,11,160,0,0,0,2,0,0,0,0,17,22,26),(1201,13,63,15,277,0,0,0,0,0,0,2,2,31,58,3),(1202,13,490,15,0,0,74,0,0,0,7,0,0,0,0,14),(1203,13,382,15,0,0,35,0,0,0,4,0,0,0,0,7),(1204,13,162,15,0,79,10,2,0,0,3,0,0,0,0,23),(1205,13,637,15,0,0,4,0,0,0,1,0,0,0,0,1),(1206,13,399,2,0,0,34,1,0,0,3,0,0,0,0,12),(1207,13,364,10,0,0,27,0,0,0,3,0,0,0,0,5),(1208,13,148,8,0,49,0,2,0,0,0,0,0,0,0,16),(1209,13,81,8,98,0,0,0,1,0,0,0,0,9,15,10),(1210,13,684,8,0,0,22,0,0,0,4,0,0,0,0,6),(1211,13,678,11,0,0,46,0,0,0,2,0,0,0,0,6),(1212,13,332,15,0,17,38,0,0,0,5,0,0,0,0,9),(1213,13,244,6,0,98,5,2,0,0,1,0,0,0,0,22),(1214,13,350,6,0,0,37,0,0,0,6,0,0,0,0,9),(1215,13,510,6,0,0,50,0,0,0,6,0,0,0,0,11),(1216,13,649,6,0,0,41,0,0,0,6,0,0,0,0,10),(1217,13,1720,6,0,75,12,1,0,0,1,0,0,0,0,15),(1218,13,71,6,116,26,0,0,2,0,0,0,1,11,20,13),(1219,13,50,14,0,0,0,0,0,0,0,0,0,0,0,0),(1220,13,192,14,0,65,19,1,0,0,4,0,0,0,0,17),(1221,13,435,14,0,0,40,0,0,0,2,0,0,0,0,6),(1222,13,526,14,0,0,49,1,0,0,3,0,0,0,0,13),(1223,13,590,14,0,0,37,0,0,0,2,0,0,0,0,5),(1224,13,475,14,0,-4,60,0,0,0,4,0,0,0,0,10),(1225,13,456,1,0,0,0,0,0,0,0,0,0,0,0,0),(1226,13,615,1,0,0,51,1,0,0,4,0,0,0,0,15),(1227,13,335,1,0,96,7,0,0,0,2,0,0,0,0,11),(1228,13,476,1,0,0,4,0,0,0,1,0,0,0,0,1),(1229,13,207,1,0,131,49,2,0,0,3,0,0,0,0,32),(1230,13,62,1,0,0,0,0,0,0,0,0,0,0,0,0),(1231,13,266,16,0,81,18,0,0,0,2,0,0,0,0,11),(1232,13,354,16,0,0,156,1,0,0,11,0,0,0,0,32),(1233,13,120,16,276,8,0,0,1,0,0,0,2,18,29,16),(1234,13,152,16,0,37,66,2,0,0,1,0,0,0,0,22),(1235,13,396,16,0,0,86,2,0,0,5,0,0,0,0,25),(1236,13,594,16,0,0,58,1,0,0,5,0,0,0,0,16),(1237,13,54,12,236,0,0,0,1,0,0,0,1,22,40,14),(1238,13,247,12,0,0,0,0,0,0,0,0,0,0,0,0),(1239,13,617,12,0,0,25,1,0,0,1,0,0,0,0,9),(1240,13,369,12,0,0,47,0,0,0,4,0,0,0,0,8),(1241,13,361,12,0,0,44,0,0,0,5,0,0,0,0,9),(1242,13,542,12,0,0,8,0,0,0,1,0,0,0,0,1),(1243,13,249,7,0,55,10,0,0,0,2,1,0,0,0,5),(1244,13,528,7,0,0,79,0,0,0,6,0,0,0,0,13),(1245,13,692,7,0,0,0,0,0,0,0,0,0,0,0,0),(1246,13,214,7,0,22,31,0,0,0,1,1,0,0,0,3),(1247,13,358,7,0,0,0,0,0,0,0,0,0,0,0,0),(1248,13,41,7,146,-1,0,0,1,0,0,2,2,15,39,-12),(1249,14,87,13,146,0,0,0,0,0,0,0,0,16,25,12),(1250,14,414,13,0,0,39,0,0,0,4,0,0,0,0,7),(1251,14,240,5,0,93,61,0,0,0,9,0,0,0,0,24),(1252,14,551,5,0,0,27,1,0,0,3,0,0,0,0,11),(1253,14,45,5,329,17,0,1,2,0,0,0,2,29,38,42),(1254,14,529,5,0,0,103,0,0,0,5,0,0,0,0,15),(1255,14,690,5,0,0,35,0,0,0,3,0,0,0,0,6),(1256,14,246,13,0,41,0,0,0,0,0,0,0,0,0,4),(1257,14,491,13,0,0,56,0,0,0,7,0,0,0,0,12),(1258,14,157,11,0,124,71,1,0,0,5,0,0,0,0,30),(1259,14,445,11,0,0,27,0,0,0,3,0,0,0,0,5),(1260,14,172,11,0,30,0,0,0,0,0,1,0,0,0,0),(1261,14,436,11,0,0,53,1,0,0,6,0,0,0,0,17),(1262,14,47,11,279,11,0,1,2,0,0,1,1,35,52,38),(1263,14,678,11,0,0,25,0,0,0,2,0,0,0,0,4),(1264,14,528,7,0,0,64,0,0,0,5,0,0,0,0,11),(1265,14,249,7,0,49,30,0,0,0,4,0,0,0,0,11),(1266,14,692,7,0,0,18,0,0,0,3,0,0,0,0,4),(1267,14,285,7,0,0,0,0,0,0,0,0,0,0,0,0),(1268,14,368,7,0,0,20,0,0,0,2,0,0,0,0,4),(1269,14,392,5,0,0,32,0,0,0,4,0,0,0,0,7),(1270,14,326,3,0,75,0,0,0,0,1,0,0,0,0,8),(1271,14,428,3,0,0,137,2,0,0,6,0,0,0,0,31),(1272,14,622,3,0,0,65,0,0,0,5,0,0,0,0,11),(1273,14,57,3,220,6,0,0,1,0,0,0,1,21,33,18),(1274,14,243,3,0,143,28,3,0,0,3,0,0,0,0,37),(1275,14,366,3,0,0,66,0,0,0,5,0,0,0,0,11),(1276,14,565,13,0,0,53,1,0,0,4,0,0,0,0,15),(1277,14,595,13,0,0,94,0,0,0,3,0,0,0,0,12),(1278,14,141,7,231,38,0,2,1,0,0,0,1,12,23,26),(1279,14,63,15,170,7,0,0,0,0,0,0,1,21,31,14),(1280,14,490,15,0,0,18,0,0,0,2,0,0,0,0,3),(1281,14,332,15,0,0,0,0,0,0,0,0,0,0,0,0),(1282,14,382,15,0,0,30,0,0,0,3,0,0,0,0,6),(1283,14,162,15,0,70,6,1,0,0,4,1,0,0,0,14),(1284,14,637,15,0,0,0,0,0,0,0,0,0,0,0,0),(1285,15,45,5,258,0,0,0,3,0,0,0,0,20,31,31),(1286,15,690,5,0,0,0,0,0,0,0,0,0,0,0,0),(1287,15,157,11,0,220,29,2,0,0,5,0,0,0,0,41),(1288,15,458,4,0,0,21,0,0,0,3,1,0,0,0,2),(1289,15,240,5,0,25,20,1,0,0,2,0,0,0,0,12),(1290,15,551,5,0,0,11,0,0,0,2,0,0,0,0,3),(1291,15,529,5,0,20,85,2,0,0,6,0,0,0,0,28),(1292,15,100,4,336,0,0,0,1,0,0,0,2,26,45,18),(1293,15,433,4,0,0,16,1,0,0,3,0,0,0,0,10),(1294,15,445,11,0,-2,51,0,0,0,7,0,0,0,0,12),(1295,15,172,11,0,45,11,0,0,0,2,0,0,0,0,7),(1296,15,47,11,255,0,0,0,1,0,0,1,2,22,33,16),(1297,15,678,11,0,0,0,0,0,0,2,0,0,0,0,2),(1298,15,367,4,0,0,86,0,0,0,5,0,0,0,0,13),(1299,15,623,4,0,0,8,0,0,0,2,0,0,0,0,2),(1300,15,436,11,0,0,61,1,0,0,6,0,0,0,0,18),(1301,15,148,8,0,172,0,1,0,0,0,0,0,0,0,23),(1302,15,447,8,0,9,99,1,0,0,11,0,0,0,0,26),(1303,15,81,8,285,1,0,0,3,0,0,0,0,21,27,38),(1304,15,405,8,0,0,85,1,0,0,6,0,0,0,0,20),(1305,15,684,8,0,0,53,1,0,0,4,0,0,0,0,15),(1306,15,462,8,0,13,40,0,0,0,1,0,0,0,0,6),(1307,15,195,4,0,81,9,0,0,0,1,0,0,0,0,9),(1308,15,392,5,0,0,56,0,0,0,3,0,0,0,0,8),(1309,16,447,8,0,0,117,1,0,0,9,0,0,0,0,26),(1310,16,148,8,0,139,6,3,0,0,1,0,0,0,0,32),(1311,16,81,8,168,0,0,0,2,0,0,0,0,17,21,27),(1312,16,405,8,0,0,93,1,0,0,5,0,0,0,0,20),(1313,16,684,8,0,0,39,1,0,0,5,0,0,0,0,14),(1314,16,157,11,0,80,49,0,0,0,6,0,0,0,0,18),(1315,16,436,11,0,0,70,0,0,0,7,0,0,0,0,14),(1316,16,47,11,161,31,0,0,1,0,0,0,1,18,33,13),(1317,16,678,11,0,0,9,0,0,0,1,0,0,0,0,1),(1318,16,531,11,0,0,122,0,0,0,5,0,0,0,0,17),(1319,16,273,11,0,12,14,0,0,0,1,0,0,0,0,3),(1320,16,256,8,0,74,11,0,0,0,2,0,0,0,0,10),(1321,14,81,8,219,27,0,0,2,0,0,0,0,20,28,30),(1322,14,148,8,0,132,0,2,0,0,1,0,0,0,0,26),(1323,14,405,8,0,0,33,1,0,0,5,1,0,0,0,11),(1324,14,256,8,0,80,30,0,0,0,3,0,0,0,0,14);

--
-- Table structure for table `offer_type`
--

CREATE TABLE `offer_type` (
  `offer_id` int(11) NOT NULL DEFAULT '0',
  `name` varchar(10) NOT NULL DEFAULT '',
  `name_past` varchar(10) NOT NULL DEFAULT '',
  PRIMARY KEY (`offer_id`)
) ENGINE=MyISAM DEFAULT CHARSET=latin1 COMMENT='Offer Type';

--
-- Dumping data for table `offer_type`
--

INSERT INTO `offer_type` VALUES (1,'Offer','Offered'),(2,'Rescind','Rescinded'),(3,'Accept','Accepted'),(4,'Reject','Rejected');

--
-- Table structure for table `player_results`
--

CREATE TABLE `player_results` (
  `result_id` int(10) unsigned NOT NULL AUTO_INCREMENT,
  `rotiss_team_id` int(10) unsigned NOT NULL DEFAULT '0',
  `week_num` int(10) unsigned NOT NULL DEFAULT '0',
  `game_num` int(11) NOT NULL DEFAULT '0',
  `player_id` int(10) unsigned NOT NULL DEFAULT '0',
  `genpos_id` int(11) NOT NULL DEFAULT '0',
  `fg_att` int(10) unsigned NOT NULL DEFAULT '0',
  `fg_made` int(10) unsigned NOT NULL DEFAULT '0',
  `points` int(10) unsigned NOT NULL DEFAULT '0',
  `rebounds` int(10) unsigned NOT NULL DEFAULT '0',
  `assists` int(10) unsigned NOT NULL DEFAULT '0',
  `steals` int(10) unsigned NOT NULL DEFAULT '0',
  `blocks` int(10) unsigned NOT NULL DEFAULT '0',
  `turnovers` int(10) unsigned NOT NULL DEFAULT '0',
  `total_rotiss` int(10) NOT NULL DEFAULT '0',
  PRIMARY KEY (`result_id`)
) ENGINE=MyISAM AUTO_INCREMENT=485 DEFAULT CHARSET=latin1 COMMENT='Game Results';

--
-- Dumping data for table `player_results`
--

INSERT INTO `player_results` VALUES (38,10,1,1,146,0,26,13,33,7,0,2,2,6,42),(37,10,1,1,228,0,19,12,32,6,4,1,2,1,52),(36,9,1,1,245,0,24,10,23,19,2,0,0,3,37),(101,6,1,3,378,0,14,6,15,5,5,1,1,4,23),(100,9,1,3,500,0,15,8,19,12,0,1,0,6,28),(99,6,1,2,371,0,9,2,4,4,6,0,0,1,8),(98,9,1,2,430,0,11,6,18,10,3,0,1,2,32),(97,6,1,2,478,0,27,18,49,4,10,1,1,2,74),(96,10,1,2,256,0,20,8,23,5,1,0,0,3,22),(95,6,1,2,260,0,6,2,6,17,2,1,4,2,31),(94,9,1,2,166,0,10,6,16,7,1,2,3,1,35),(93,9,1,2,284,0,13,7,16,4,3,1,0,2,24),(92,3,1,2,274,0,6,3,9,4,6,0,1,1,20),(91,10,1,2,280,0,16,9,20,7,7,0,1,4,34),(90,3,1,2,12,0,5,2,8,9,0,0,0,3,13),(89,6,1,2,13,0,10,5,14,4,2,2,0,2,22),(88,9,1,2,509,0,11,6,12,6,8,4,0,1,34),(87,3,1,2,52,0,18,6,19,10,3,2,2,1,33),(86,3,1,2,443,0,13,6,15,2,4,1,0,0,22),(85,9,1,2,400,0,17,9,29,3,3,1,1,4,36),(84,3,1,2,407,0,25,13,32,3,7,3,0,3,46),(83,9,1,2,398,0,20,8,18,17,4,1,3,2,41),(82,6,1,2,487,0,13,6,19,14,0,1,4,1,41),(81,10,1,2,249,0,15,10,23,1,10,0,0,4,35),(80,10,1,2,146,0,25,13,33,7,1,1,3,3,47),(79,9,1,2,500,0,17,12,29,20,1,1,3,3,62),(78,6,1,2,378,0,19,9,29,10,6,2,1,4,46),(77,3,1,2,208,0,7,4,10,11,0,0,3,0,28),(76,10,1,2,508,0,16,10,32,5,17,3,0,3,61),(75,6,1,2,82,0,17,11,27,4,5,1,0,1,42),(74,3,1,2,250,0,11,7,27,5,5,0,1,4,38),(73,6,1,2,510,0,15,8,22,1,5,0,2,3,30),(72,10,1,2,283,0,14,6,16,16,3,1,1,2,35),(71,10,1,2,223,0,12,6,13,7,2,0,0,2,20),(70,3,1,2,114,0,22,9,23,13,9,3,2,5,46),(39,10,1,1,249,0,20,9,25,4,13,0,0,2,38),(40,6,1,1,487,0,8,5,11,5,1,2,4,4,27),(41,3,1,1,407,0,20,11,26,2,5,1,0,2,35),(42,9,1,1,398,0,24,16,40,15,5,1,3,4,72),(43,9,1,1,400,0,24,10,24,4,5,3,0,4,31),(44,3,1,1,250,0,21,9,31,10,0,0,2,1,41),(45,6,1,1,82,0,18,8,23,8,3,0,4,0,40),(46,3,1,1,208,0,9,5,10,15,0,1,1,2,28),(47,10,1,1,508,0,23,15,35,3,10,4,1,1,64),(48,10,1,1,223,0,20,10,20,16,3,0,0,3,36),(49,10,1,1,283,0,8,2,4,8,3,0,0,2,9),(50,6,1,1,510,0,12,7,20,2,10,0,1,5,31),(51,3,1,1,114,0,21,7,20,6,7,2,0,3,27),(52,6,1,1,378,0,11,4,21,6,2,3,0,3,29),(53,9,1,1,500,0,13,8,25,22,2,1,5,2,62),(54,10,1,1,256,0,26,11,30,12,3,2,1,3,44),(55,6,1,1,260,0,9,2,4,7,3,1,2,4,11),(56,9,1,1,430,0,20,14,36,16,8,0,3,3,71),(57,6,1,1,371,0,14,8,17,14,6,2,0,1,42),(58,6,1,1,478,0,26,9,32,3,1,1,2,1,33),(59,9,1,1,166,0,21,9,24,9,1,1,7,2,45),(60,9,1,1,284,0,13,5,12,6,2,0,0,0,17),(61,10,1,1,280,0,17,5,13,5,4,1,0,4,13),(62,3,1,1,274,0,9,3,14,2,4,1,0,0,19),(63,9,1,1,509,0,9,6,15,6,9,2,0,0,37),(64,6,1,1,13,0,10,4,16,3,3,1,1,3,21),(65,3,1,1,12,0,3,1,3,6,1,0,2,0,13),(66,3,1,1,52,0,19,8,16,10,4,0,0,2,25),(67,3,1,1,443,0,14,6,18,3,2,1,0,1,22),(68,9,1,2,245,0,13,4,9,9,1,2,1,2,18),(69,10,1,2,228,0,19,9,30,9,12,1,2,1,55),(102,10,1,3,228,0,19,10,22,7,3,1,1,4,33),(103,9,1,3,245,0,10,5,15,7,1,2,2,0,31),(104,3,1,3,114,0,26,11,27,5,7,1,1,2,37),(105,6,1,3,510,0,17,9,28,3,12,0,0,3,41),(106,10,1,3,283,0,13,3,12,11,3,0,2,1,22),(107,10,1,3,223,0,11,6,15,13,2,1,1,3,32),(108,9,1,3,284,0,9,8,18,3,4,1,0,5,29),(109,9,1,3,166,0,6,1,2,5,1,1,4,4,10),(110,3,1,3,274,0,11,2,11,4,4,0,0,3,9),(111,10,1,3,280,0,18,9,23,6,2,0,0,4,27),(112,10,1,3,508,0,18,4,16,2,10,0,1,1,19),(113,6,1,3,82,0,20,6,14,9,3,1,0,1,19),(114,3,1,3,208,0,5,2,4,11,0,0,0,1,13),(115,3,1,3,250,0,20,11,32,19,6,0,2,2,61),(116,3,1,3,407,0,26,17,41,5,12,2,0,3,67),(117,9,1,3,398,0,15,9,23,10,2,1,1,2,40),(118,9,1,3,400,0,11,7,20,5,1,1,0,3,28),(119,10,1,3,146,0,23,13,28,11,0,1,1,2,44),(120,10,1,3,249,0,8,3,7,2,9,0,1,1,17),(121,6,1,3,487,0,11,5,19,6,2,0,0,1,25),(122,3,1,3,52,0,19,11,32,10,3,2,1,2,52),(123,3,1,3,443,0,14,5,13,5,4,1,0,1,19),(124,6,1,3,13,0,13,5,17,2,8,2,0,3,25),(125,9,1,3,509,0,10,5,10,2,4,2,0,1,19),(126,3,1,3,12,0,4,2,10,2,0,0,1,1,13),(127,6,1,3,371,0,9,3,12,7,2,2,1,3,21),(128,9,1,3,430,0,9,5,14,3,5,0,3,1,28),(129,6,1,3,478,0,19,9,22,7,8,1,1,2,38),(130,10,1,3,256,0,22,5,16,10,1,0,0,3,12),(131,6,1,3,260,0,2,0,0,12,4,1,2,2,18),(132,9,1,4,500,0,12,9,19,16,3,1,8,3,59),(133,6,1,4,378,0,26,16,39,15,2,1,0,2,62),(134,3,1,4,114,0,25,9,23,10,8,1,1,2,36),(135,6,1,4,510,0,11,6,17,1,9,1,0,4,26),(136,10,1,4,283,0,11,6,14,18,0,1,1,3,34),(137,10,1,4,223,0,13,3,14,14,2,0,1,2,23),(138,10,1,4,228,0,25,11,34,12,7,2,0,5,49),(139,9,1,4,245,0,17,8,23,11,0,3,0,2,37),(140,9,1,4,398,0,18,6,14,10,2,0,2,1,23),(141,3,1,4,407,0,17,7,18,4,3,0,0,5,17),(142,9,1,4,400,0,8,4,10,4,1,0,1,4,13),(143,10,1,4,146,0,11,3,7,9,1,1,3,1,19),(144,10,1,4,249,0,11,6,15,5,4,1,0,0,27),(145,6,1,4,487,0,10,4,14,12,1,2,2,1,32),(146,9,1,4,284,0,12,11,23,6,2,4,0,2,47),(147,10,1,4,280,0,22,7,18,5,7,1,0,2,22),(148,9,1,4,166,0,12,5,20,10,3,1,0,5,28),(149,3,1,4,274,0,16,4,18,6,7,2,0,3,24),(150,6,1,4,82,0,21,10,24,9,2,1,1,1,37),(151,10,1,4,508,0,14,6,16,7,8,1,0,1,30),(152,3,1,4,208,0,3,1,2,5,0,0,0,1,5),(153,3,1,4,250,0,18,8,22,13,3,1,0,2,36),(154,3,1,4,443,0,14,8,21,2,4,1,1,0,33),(155,3,1,4,52,0,21,9,20,9,1,6,0,3,36),(156,6,1,4,13,0,14,5,18,7,5,2,0,2,28),(157,9,1,4,509,0,16,6,14,3,12,2,0,2,27),(158,3,1,4,12,0,4,3,6,9,1,0,1,1,19),(159,6,1,5,378,0,19,7,16,9,3,1,0,0,25),(160,9,1,5,500,0,12,7,21,21,2,0,3,4,48),(161,6,1,4,478,0,24,12,31,7,6,3,2,6,48),(162,9,1,4,430,0,15,7,21,7,4,0,4,0,39),(163,6,1,4,371,0,11,5,14,12,4,2,1,1,34),(164,10,1,4,256,0,20,8,21,11,3,0,0,3,28),(165,6,1,4,260,0,4,1,3,17,3,1,4,2,29),(166,9,1,5,284,0,14,8,17,4,2,1,0,2,25),(167,3,1,5,274,0,14,7,21,2,12,0,0,3,32),(168,10,1,5,280,0,17,10,20,5,2,1,0,2,30),(169,9,1,5,166,0,12,8,19,6,3,1,6,4,42),(170,3,1,5,250,0,21,8,22,13,6,0,2,1,39),(171,6,1,5,82,0,17,10,25,7,4,0,3,0,45),(172,10,1,5,508,0,19,10,24,11,15,2,0,0,62),(173,3,1,5,208,0,9,5,10,14,1,0,3,2,30),(174,10,1,5,283,0,11,4,14,10,0,0,0,3,18),(175,6,1,5,510,0,11,5,13,4,6,1,0,3,21),(176,10,1,5,223,0,18,8,19,10,1,2,0,5,27),(177,3,1,5,114,0,25,13,29,5,4,2,0,5,38),(178,10,1,5,146,0,12,6,15,12,1,2,3,2,36),(179,10,1,5,249,0,16,4,11,2,4,1,0,5,6),(180,6,1,5,487,0,8,2,13,9,1,0,3,3,22),(181,3,1,5,407,0,21,9,31,3,8,1,0,3,38),(182,9,1,5,398,0,29,13,29,18,0,1,3,4,48),(183,9,1,5,400,0,11,2,8,3,0,1,0,1,5),(184,3,1,5,443,0,14,6,19,3,4,0,0,4,20),(185,3,1,5,52,0,15,8,20,5,7,1,3,1,40),(186,6,1,5,13,0,17,10,22,7,6,0,0,1,37),(187,9,1,5,509,0,14,5,12,4,7,1,1,0,23),(188,3,1,5,12,0,1,1,2,4,0,3,1,0,15),(189,9,1,5,245,0,10,3,8,11,1,0,2,2,18),(190,10,1,5,228,0,21,8,34,10,7,1,2,5,47),(191,10,1,6,280,0,14,9,24,2,5,1,0,5,32),(192,9,1,6,284,0,6,5,12,7,4,0,0,1,26),(193,3,1,6,274,0,11,8,20,3,7,2,0,1,38),(194,9,1,6,166,0,8,2,6,2,1,0,0,0,5),(195,3,1,6,52,0,17,8,22,7,6,2,3,2,42),(196,3,1,6,443,0,19,8,20,6,3,0,1,0,28),(197,6,1,6,13,0,12,7,17,1,6,0,0,2,24),(198,3,1,6,12,0,5,5,14,5,0,1,2,0,30),(199,9,1,6,509,0,14,4,8,5,5,0,0,3,9),(200,10,1,6,228,0,17,8,27,13,13,2,1,1,64),(201,9,1,6,245,0,22,9,23,15,1,1,0,1,36),(202,3,1,6,114,0,26,13,40,10,5,0,1,1,56),(203,6,1,6,510,0,17,9,25,6,9,0,0,1,40),(204,10,1,6,283,0,13,7,19,13,1,1,0,0,36),(205,10,1,6,223,0,17,6,15,10,5,0,0,1,24),(206,9,2,1,500,0,11,5,12,8,0,1,3,1,26),(207,10,2,1,280,0,14,7,17,6,3,1,1,1,29),(208,9,2,1,284,0,16,6,12,8,5,0,1,0,23),(209,3,2,1,274,0,14,5,19,2,7,0,0,1,23),(210,9,2,1,166,0,9,3,8,5,3,1,0,1,14),(211,3,2,1,407,0,17,9,23,5,5,1,0,5,31),(212,9,2,1,398,0,9,1,5,3,2,3,1,1,10),(213,9,2,1,400,0,14,7,19,6,7,1,0,3,31),(214,10,2,1,508,0,16,7,17,4,13,4,0,2,38),(215,6,2,1,82,0,23,13,30,9,2,2,1,4,46),(216,3,2,1,208,0,7,4,10,15,0,0,3,1,31),(217,6,1,7,13,0,20,7,22,8,3,2,0,2,29),(218,3,1,7,443,0,12,3,7,3,1,0,1,0,7),(219,9,1,7,509,0,5,4,10,3,6,1,0,0,24),(220,3,1,7,52,0,13,9,18,11,3,1,1,3,38),(221,3,1,7,12,0,8,4,10,10,0,0,5,0,30),(222,6,2,1,510,0,18,5,14,9,9,1,0,2,24),(223,10,2,1,283,0,19,7,21,19,3,1,0,0,40),(224,10,2,1,223,0,14,6,15,14,4,0,0,7,24),(225,6,2,1,478,0,16,8,38,6,7,1,0,3,50),(226,6,2,1,371,0,12,5,16,9,3,1,2,1,31),(227,9,2,1,430,0,13,8,18,10,5,0,2,1,39),(228,9,2,2,500,0,11,8,22,18,0,0,2,5,44),(229,9,2,2,284,0,13,8,17,10,5,2,1,3,38),(230,3,2,2,274,0,19,8,28,5,4,1,0,1,35),(231,10,2,2,280,0,18,4,14,3,2,2,0,0,13),(232,9,2,2,166,0,10,7,17,3,3,0,0,1,26),(233,3,2,2,407,0,14,5,11,4,3,0,0,3,11),(234,9,2,2,398,0,11,6,18,8,0,0,1,2,27),(235,9,2,2,400,0,10,4,13,4,7,0,0,5,17),(236,10,2,1,228,0,18,2,12,9,9,1,1,10,10),(237,3,2,1,52,0,22,13,28,8,3,2,0,1,46),(238,3,2,1,443,0,4,0,0,4,1,0,0,4,-3),(239,3,2,1,12,0,4,3,7,12,2,1,2,3,26),(240,6,2,1,13,0,14,2,4,5,4,0,0,6,-3),(241,9,2,1,509,0,8,5,15,5,6,1,0,4,26),(242,10,2,3,280,0,20,10,24,6,3,2,0,6,31),(243,9,2,3,284,0,14,8,22,7,3,0,0,1,33),(244,9,2,3,166,0,15,4,11,4,0,1,0,0,10),(245,3,2,3,274,0,1,1,2,0,0,0,0,0,3),(246,9,2,3,500,0,13,8,20,12,0,3,6,3,50),(247,6,2,2,510,0,17,9,25,3,10,1,0,3,38),(248,10,2,2,283,0,13,7,16,5,1,1,0,1,24),(249,10,2,2,223,0,10,3,10,5,4,1,0,1,16),(250,9,2,2,430,0,11,6,20,5,5,0,5,2,39),(251,6,2,2,371,0,10,7,19,16,2,1,2,3,44),(252,6,2,2,478,0,18,11,34,8,6,1,0,5,49),(253,10,2,2,228,0,24,6,21,5,6,2,1,7,19),(254,3,2,2,443,0,10,4,16,1,3,2,0,2,20),(255,6,2,2,13,0,13,7,19,6,2,2,1,0,34),(256,3,2,2,52,0,9,5,13,12,4,1,1,1,33),(257,9,2,2,509,0,6,0,7,5,6,2,0,4,12),(258,3,2,2,12,0,2,0,0,4,0,0,0,3,-1),(259,6,2,3,82,0,19,10,23,12,2,2,3,2,46),(260,10,2,3,508,0,25,15,35,2,9,1,0,1,52),(261,3,2,3,208,0,5,5,12,8,0,0,1,1,26),(262,9,2,3,398,0,13,6,16,13,3,1,4,2,39),(263,3,2,3,407,0,24,12,31,4,11,0,0,3,43),(264,9,2,3,400,0,22,11,31,4,6,0,0,3,38),(265,6,2,3,371,0,3,3,13,12,1,1,2,3,32),(266,6,2,3,478,0,20,10,34,6,7,0,1,4,45),(267,9,2,3,430,0,10,6,12,6,1,2,2,5,24),(268,6,2,3,510,0,12,6,18,3,12,0,0,2,31),(269,10,2,3,283,0,14,8,22,7,2,2,1,5,34),(270,10,2,3,223,0,21,12,27,20,3,0,0,3,50),(271,3,2,3,443,0,12,4,10,3,4,3,0,1,18),(272,6,2,3,13,0,8,3,14,3,5,2,0,4,20),(273,3,2,3,52,0,13,8,17,9,2,0,0,2,29),(274,3,2,3,12,0,8,4,12,7,1,0,2,2,22),(275,9,2,3,509,0,10,3,7,1,0,0,0,1,3),(276,10,2,3,228,0,16,5,21,5,8,4,3,2,40),(277,9,2,4,284,0,14,7,17,5,5,0,1,4,25),(278,10,2,4,280,0,24,12,32,6,3,2,0,3,42),(279,9,2,4,166,0,15,7,16,8,1,3,0,1,29),(280,3,2,4,274,0,0,0,0,0,0,0,0,0,0),(281,9,2,4,500,0,12,3,8,12,1,0,1,1,16),(282,6,2,4,371,0,18,10,26,13,2,1,3,0,51),(283,9,2,4,430,0,16,11,23,10,4,1,1,2,45),(284,6,2,4,478,0,33,13,33,8,10,1,0,3,43),(285,10,2,4,283,0,13,6,18,11,5,0,1,0,35),(286,6,2,4,510,0,13,9,29,3,14,2,1,4,53),(287,10,2,4,223,0,15,5,14,12,3,0,0,3,21),(288,6,2,4,82,0,15,4,10,5,1,2,3,3,16),(289,10,2,4,508,0,16,10,23,6,5,3,0,4,40),(290,3,2,4,208,0,0,0,2,4,1,1,1,0,11),(291,9,2,4,398,0,13,10,22,15,3,0,4,2,53),(292,9,2,4,400,0,13,5,15,4,8,1,1,4,24),(293,3,2,4,407,0,12,8,21,6,8,1,0,2,39),(294,6,2,4,13,0,17,6,13,5,3,0,0,1,15),(295,3,2,4,52,0,13,6,15,10,4,0,1,1,29),(296,3,2,4,443,0,10,4,15,6,3,0,1,0,24),(297,9,2,4,509,0,14,7,15,3,4,2,0,3,23),(298,3,2,4,12,0,2,0,2,3,0,1,0,1,4),(299,10,2,4,228,0,20,7,21,6,13,3,2,4,40),(300,9,2,5,500,0,8,4,14,17,0,0,3,4,33),(301,9,2,5,284,0,13,4,10,8,2,1,1,1,18),(302,10,2,5,280,0,20,7,31,2,3,4,0,0,38),(303,9,2,5,166,0,20,7,14,7,1,3,1,2,22),(304,3,2,5,274,0,0,0,0,0,0,0,0,0,0),(305,9,2,5,398,0,18,5,10,23,2,0,1,3,26),(306,9,2,5,400,0,15,5,20,2,7,0,0,1,23),(307,3,2,5,407,0,14,7,18,1,4,0,0,3,20),(308,6,2,5,82,0,25,16,38,14,5,2,5,2,76),(309,10,2,5,508,0,18,6,22,3,14,1,0,1,34),(310,3,2,5,208,0,5,2,4,8,0,1,3,2,17),(311,10,2,5,228,0,25,12,35,3,5,1,1,4,42),(312,6,2,5,13,0,19,8,29,7,3,0,0,3,33),(313,9,2,5,509,0,15,9,20,2,13,2,2,1,45),(314,3,2,5,52,0,19,12,26,16,4,2,3,0,61),(315,3,2,5,443,0,11,4,11,3,2,0,1,3,12),(316,3,2,5,12,0,2,0,1,5,1,1,1,2,7),(317,6,2,5,510,0,19,8,27,5,10,0,0,4,35),(318,10,2,5,283,0,9,4,13,13,1,1,1,1,29),(319,10,2,5,223,0,16,6,18,12,2,0,0,3,25),(320,9,2,5,430,0,17,9,21,6,8,0,4,4,40),(321,6,2,5,478,0,10,6,26,6,7,2,0,4,41),(322,6,2,5,371,0,12,8,22,11,1,0,2,2,40),(323,3,2,6,208,0,8,7,14,6,1,1,2,0,33),(324,10,2,6,508,0,18,9,21,6,8,3,0,3,38),(325,6,2,6,82,0,14,4,10,6,1,1,2,2,15),(326,9,2,6,398,0,14,7,20,15,6,0,2,1,44),(327,9,2,6,400,0,15,9,25,4,2,0,0,0,34),(328,3,2,6,407,0,13,6,15,4,4,2,0,4,22),(329,3,2,6,443,0,8,3,9,6,2,1,0,0,17),(330,3,2,6,52,0,21,11,25,8,2,0,2,3,37),(331,6,2,6,13,0,15,5,16,5,3,2,0,6,17),(332,9,2,6,509,0,4,1,2,5,5,2,0,3,11),(333,3,2,6,12,0,4,2,5,3,2,0,2,2,12),(334,10,2,6,228,0,23,9,32,12,6,2,1,8,43),(335,9,2,6,430,0,17,7,17,13,2,0,4,3,34),(336,6,2,6,371,0,8,4,13,9,3,1,1,2,27),(337,6,2,6,478,0,19,9,34,8,6,0,0,5,42),(338,6,2,6,510,0,21,9,21,4,14,1,0,2,36),(339,10,2,6,283,0,18,6,16,10,1,0,1,1,22),(340,10,2,6,223,0,16,5,12,14,2,1,0,3,21),(341,10,2,7,228,0,29,14,45,5,6,2,0,2,57),(342,6,2,7,13,0,23,13,41,4,5,2,0,4,53),(343,3,2,7,52,0,13,5,13,13,3,1,0,0,28),(344,9,2,7,509,0,11,4,8,8,8,1,1,2,23),(345,3,2,7,443,0,6,1,4,0,1,0,0,1,0),(346,3,2,7,12,0,4,3,8,1,0,0,1,2,11),(347,3,2,7,407,0,17,7,17,2,5,1,1,2,23),(348,9,2,7,400,0,19,6,26,5,5,0,0,3,26),(349,9,2,7,398,0,17,5,16,14,3,1,0,4,24),(350,10,2,7,508,0,18,8,18,8,14,5,0,4,44),(351,6,2,7,82,0,19,8,20,9,1,1,1,1,30),(352,3,2,7,208,0,8,6,13,15,1,0,1,0,35),(353,9,3,1,284,0,16,7,16,4,2,0,0,3,17),(354,9,3,1,166,0,12,3,11,5,4,2,0,1,17),(355,10,3,1,280,0,13,5,15,6,3,1,0,3,20),(356,3,3,1,274,0,6,3,9,2,2,2,0,2,15),(357,6,3,1,13,0,18,9,22,6,6,0,0,5,29),(358,9,3,1,509,0,9,5,11,2,7,5,0,1,30),(359,3,3,1,443,0,10,3,9,2,4,2,0,2,13),(360,3,3,1,52,0,17,11,26,9,4,1,2,3,47),(361,3,3,1,12,0,4,2,5,10,1,0,0,0,16),(362,9,3,1,398,0,25,12,30,18,2,2,4,4,57),(363,3,3,1,407,0,17,7,18,10,6,1,0,2,31),(364,9,3,1,400,0,13,3,10,4,3,1,0,4,8),(365,6,3,1,478,0,21,11,27,5,9,1,0,1,43),(366,9,3,1,430,0,16,9,19,7,3,1,2,2,35),(367,6,3,1,371,0,12,3,8,8,2,0,2,3,13),(368,9,3,2,284,0,15,5,14,8,3,0,1,1,21),(369,10,3,2,280,0,16,7,25,3,4,2,2,2,36),(370,9,3,2,166,0,7,4,13,10,2,0,0,2,24),(371,3,3,2,274,0,10,5,19,0,7,1,0,0,28),(372,6,3,2,13,0,16,9,26,4,5,0,1,4,35),(373,3,3,2,52,0,19,11,24,13,1,0,2,2,43),(374,9,3,2,509,0,9,2,10,9,8,3,0,2,26),(375,3,3,2,443,0,16,9,25,2,2,2,0,1,34),(376,3,3,2,12,0,1,1,4,6,1,0,2,1,15),(377,9,3,2,398,0,14,6,12,16,4,1,1,1,33),(378,3,3,2,407,0,15,6,13,0,4,1,0,4,12),(379,9,3,2,400,0,8,2,7,2,2,0,0,2,5),(380,6,3,2,478,0,17,10,22,5,5,1,0,3,34),(381,6,3,2,371,0,10,7,20,12,2,0,4,3,43),(382,9,3,2,430,0,9,4,10,7,3,2,0,0,23),(383,9,3,3,509,0,10,5,12,3,4,0,0,5,14),(384,3,3,3,443,0,16,5,14,6,6,0,0,1,19),(385,6,3,3,13,0,6,4,11,4,2,2,1,5,20),(386,3,3,3,52,0,16,7,22,13,6,2,0,3,40),(387,3,3,3,12,0,7,6,12,10,0,1,1,0,31),(388,10,3,3,280,0,18,8,26,2,2,2,2,1,35),(389,9,3,3,284,0,11,2,4,4,2,2,1,1,8),(390,9,3,3,166,0,13,6,12,8,1,1,3,1,27),(391,3,3,3,274,0,6,1,6,3,4,0,0,2,7),(392,6,3,3,478,0,23,13,30,5,1,3,0,4,41),(393,9,3,3,430,0,18,7,15,5,1,0,0,1,16),(394,6,3,3,371,0,11,2,7,11,6,1,0,5,14),(395,9,3,3,398,0,17,8,22,21,5,0,1,3,46),(396,3,3,3,407,0,15,9,20,3,5,1,0,3,30),(397,9,3,3,400,0,15,9,30,2,1,0,0,1,35),(398,6,3,4,13,0,14,3,16,8,1,0,1,4,15),(399,3,3,4,52,0,16,6,16,10,3,1,2,3,28),(400,3,3,4,443,0,8,2,11,2,2,0,0,2,9),(401,9,3,4,509,0,8,2,4,2,4,1,0,2,6),(402,3,3,4,12,0,6,4,10,6,1,0,0,1,18),(403,9,3,4,284,0,12,3,7,2,3,2,0,1,9),(404,10,3,4,280,0,10,8,20,2,7,1,1,2,37),(405,3,3,4,274,0,12,3,10,0,7,2,0,0,15),(406,9,3,4,166,0,9,6,14,5,1,1,5,1,34),(407,6,3,4,478,0,29,14,28,10,1,1,0,2,38),(408,9,3,4,430,0,7,4,10,10,6,1,2,2,31),(409,6,3,4,371,0,9,4,16,9,3,0,0,1,26),(410,9,3,4,398,0,26,10,29,17,3,3,3,2,53),(411,3,3,4,407,0,17,8,23,4,9,0,0,1,34),(412,9,3,4,400,0,8,2,7,1,6,0,0,2,8),(413,10,3,5,280,0,14,8,25,4,6,2,0,6,35),(414,9,3,5,166,0,9,6,18,4,0,1,3,0,33),(415,3,3,5,274,0,17,7,26,5,6,1,0,3,33),(416,9,3,5,284,0,7,3,8,4,5,0,1,2,16),(417,9,3,5,509,0,14,3,7,6,13,4,1,1,27),(418,6,3,5,13,0,11,5,16,5,6,1,0,1,27),(419,3,3,5,52,0,17,11,33,7,2,1,0,5,44),(420,3,3,5,443,0,15,9,29,3,2,0,0,3,34),(421,3,3,5,12,0,11,8,18,16,0,2,2,3,44),(422,9,3,5,398,0,19,7,19,15,10,0,1,2,46),(423,3,3,5,407,0,22,11,23,3,4,1,0,2,30),(424,9,3,5,400,0,9,3,9,7,3,0,2,3,17),(425,6,3,5,478,0,30,16,39,3,3,2,0,2,49),(426,9,3,5,430,0,15,5,12,19,5,0,4,3,36),(427,6,3,5,371,0,10,5,13,8,1,0,1,2,22),(428,6,3,6,13,0,12,8,27,8,3,2,1,1,47),(429,3,3,6,12,0,7,3,7,7,0,2,2,0,21),(430,9,3,6,509,0,13,5,11,4,3,1,0,2,15),(431,3,3,6,443,0,12,6,17,6,2,1,0,1,26),(432,3,3,6,52,0,16,7,16,6,4,0,0,1,23),(433,3,3,6,274,0,20,9,29,6,6,0,0,0,39),(434,10,3,6,280,0,14,9,21,2,4,0,2,3,32),(435,9,3,6,284,0,10,3,10,4,3,0,1,3,12),(436,9,3,6,166,0,12,2,4,10,2,0,1,3,7),(437,6,4,1,478,0,26,9,24,3,6,1,1,4,25),(438,9,4,1,430,0,11,6,15,8,4,1,1,1,31),(439,6,4,1,371,0,11,6,14,6,1,1,0,0,24),(440,3,4,1,443,0,13,5,19,8,5,1,1,4,29),(441,3,4,1,52,0,22,9,24,13,3,1,0,1,37),(442,9,4,1,509,0,10,4,15,5,7,0,0,2,23),(443,6,4,1,13,0,10,7,22,4,2,1,0,3,31),(444,3,4,1,12,0,1,0,1,4,0,0,1,1,5),(445,6,4,2,478,0,23,11,30,4,8,3,0,4,43),(446,9,4,2,430,0,12,8,17,10,4,1,0,1,36),(447,6,4,2,371,0,11,5,10,8,2,0,0,2,17),(448,3,4,2,443,0,11,6,17,2,2,0,0,2,20),(449,3,4,2,52,0,19,7,17,14,3,1,1,4,29),(450,9,4,2,509,0,4,1,4,6,16,2,1,2,28),(451,6,4,2,13,0,16,9,28,4,8,1,1,5,41),(452,3,4,2,12,0,2,2,7,3,1,0,0,2,11),(453,6,4,3,478,0,20,12,36,7,1,2,0,3,49),(454,9,4,3,430,0,9,3,9,12,2,0,0,3,17),(455,6,4,3,371,0,9,2,4,9,4,1,1,5,11),(456,3,4,3,443,0,13,8,25,5,2,1,1,1,38),(457,9,4,3,509,0,8,4,8,2,4,0,1,2,14),(458,6,4,3,13,0,14,2,6,6,3,1,0,3,4),(459,3,4,3,52,0,21,6,13,12,5,1,3,3,26),(460,3,4,3,12,0,5,4,8,6,1,3,2,1,27),(461,6,4,4,478,0,19,6,17,4,10,4,0,2,30),(462,9,4,4,430,0,13,6,17,10,2,0,0,3,25),(463,6,4,4,371,0,11,8,19,10,4,0,1,2,38),(464,3,4,4,443,0,11,6,19,9,2,3,1,1,38),(465,9,4,4,509,0,4,2,5,1,2,0,0,0,8),(466,3,4,4,12,0,3,1,2,1,0,0,1,0,4),(467,3,4,4,52,0,14,7,16,11,3,2,1,4,32),(468,6,4,4,13,0,13,6,20,4,7,1,1,4,30),(469,6,4,5,478,0,21,8,25,7,4,5,0,6,35),(470,9,4,5,430,0,10,6,19,13,6,1,2,0,46),(471,6,4,5,371,0,10,8,20,11,2,0,4,4,43),(472,3,4,5,443,0,13,4,16,2,2,0,1,2,15),(473,9,4,5,509,0,7,1,3,2,3,1,1,2,5),(474,3,4,5,52,0,11,6,13,14,0,2,0,4,28),(475,6,4,5,13,0,22,10,38,6,8,1,0,5,47),(476,3,4,5,12,0,0,0,0,0,0,0,0,0,0),(477,6,4,6,478,0,22,7,22,3,1,1,0,4,16),(478,9,4,6,430,0,7,4,11,8,2,0,0,5,17),(479,6,4,6,371,0,8,2,14,10,5,0,0,3,22),(480,3,4,6,443,0,12,8,26,4,2,3,0,1,41),(481,9,4,6,509,0,20,8,21,7,8,6,0,1,43),(482,3,4,6,52,0,18,10,26,14,4,3,1,0,54),(483,6,4,6,13,0,13,4,17,3,10,2,0,2,27),(484,3,4,6,12,0,3,1,2,4,0,0,1,2,5);

--
-- Table structure for table `restaurants`
--

CREATE TABLE `restaurants` (
  `restaurant_id` int(11) NOT NULL AUTO_INCREMENT,
  `name` varchar(30) NOT NULL DEFAULT '',
  `address` varchar(40) NOT NULL DEFAULT '',
  `cuisine` varchar(20) NOT NULL DEFAULT '',
  `distance` int(11) NOT NULL DEFAULT '0',
  `phone` varchar(10) DEFAULT NULL,
  `website` varchar(30) DEFAULT NULL,
  PRIMARY KEY (`restaurant_id`)
) ENGINE=MyISAM AUTO_INCREMENT=4 DEFAULT CHARSET=latin1 COMMENT='restaurants';

--
-- Dumping data for table `restaurants`
--

INSERT INTO `restaurants` VALUES (1,'Blue Moon Mexican Cafe','150 8th Ave','Mexican',1,'2124630560',NULL),(2,'Dallas BBQ','261 8th Ave','Barbecue',7,'2124620001','www.dallasbbq.com'),(3,'Corner Bistro','331 West 4th St','American',4,'2122429502',NULL);

--
-- Table structure for table `square_nums`
--

CREATE TABLE `square_nums` (
  `num_id` int(11) NOT NULL AUTO_INCREMENT,
  `type` int(11) NOT NULL DEFAULT '0',
  `header` int(11) NOT NULL DEFAULT '0',
  `value` int(11) NOT NULL DEFAULT '0',
  PRIMARY KEY (`num_id`)
) ENGINE=MyISAM AUTO_INCREMENT=21 DEFAULT CHARSET=latin1;

--
-- Dumping data for table `square_nums`
--

INSERT INTO `square_nums` VALUES (1,0,1,9),(2,0,2,3),(3,0,3,0),(4,0,4,6),(5,0,5,7),(6,0,6,1),(7,0,7,2),(8,0,8,8),(9,0,9,5),(10,0,10,4),(11,1,1,2),(12,1,2,9),(13,1,3,0),(14,1,4,4),(15,1,5,8),(16,1,6,7),(17,1,7,5),(18,1,8,1),(19,1,9,6),(20,1,10,3);

--
-- Table structure for table `squares`
--

CREATE TABLE `squares` (
  `square_id` int(11) NOT NULL AUTO_INCREMENT,
  `row` int(11) NOT NULL DEFAULT '0',
  `col` int(11) NOT NULL DEFAULT '0',
  `name` varchar(20) DEFAULT NULL,
  PRIMARY KEY (`square_id`)
) ENGINE=MyISAM AUTO_INCREMENT=101 DEFAULT CHARSET=latin1;

--
-- Dumping data for table `squares`
--

INSERT INTO `squares` VALUES (1,1,1,'Mulva'),(2,1,2,'Vitti'),(3,1,3,'bkalk'),(4,1,4,'vitti'),(5,1,5,'Rios'),(6,1,6,'vitti'),(7,1,7,'vitti'),(8,1,8,'vitti'),(9,1,9,'mgberg'),(10,1,10,'Vitti'),(11,2,1,'mgberg'),(12,2,2,'Vitti'),(13,2,3,'Brigga'),(14,2,4,'bkalk'),(15,2,5,'Brigga'),(16,2,6,'B UNIT'),(17,2,7,'keith'),(18,2,8,'Kurt'),(19,2,9,'Brigga'),(20,2,10,'vitti'),(21,3,1,'irenie'),(22,3,2,'mgberg'),(23,3,3,'Brigga'),(24,3,4,'Rios'),(25,3,5,'Kurt'),(26,3,6,'solove'),(27,3,7,'bkalk'),(28,3,8,'todd'),(29,3,9,'Mulva'),(30,3,10,'Brigga'),(31,4,1,'alia'),(32,4,2,'Vaughn'),(33,4,3,'mgberg'),(34,4,4,'todd'),(35,4,5,'B UNIT'),(36,4,6,'bkalk'),(37,4,7,'todd'),(38,4,8,'Brigga'),(39,4,9,'todd'),(40,4,10,'Rios'),(41,5,1,'Brigga'),(42,5,2,'Mulva'),(43,5,3,'Vaughn'),(44,5,4,'Mulva'),(45,5,5,'mgberg'),(46,5,6,'Vitti'),(47,5,7,'irenie'),(48,5,8,'alia'),(49,5,9,'keith'),(50,5,10,'bkalk'),(51,6,1,'vitti'),(52,6,2,'solove'),(53,6,3,'todd'),(54,6,4,'Vaughn'),(55,6,5,'vitti'),(56,6,6,'mgberg'),(57,6,7,'Brigga'),(58,6,8,'bkalk'),(59,6,9,'alia'),(60,6,10,'Kurt'),(61,7,1,'B UNIT'),(62,7,2,'bkalk'),(63,7,3,'Mulva'),(64,7,4,'B UNIT'),(65,7,5,'bkalk'),(66,7,6,'Danzig'),(67,7,7,'mgberg'),(68,7,8,'alia'),(69,7,9,'brigga'),(70,7,10,'keith'),(71,8,1,'Rios'),(72,8,2,'keith'),(73,8,3,'alia'),(74,8,4,'Brigga'),(75,8,5,'Mulva'),(76,8,6,'Vaughn'),(77,8,7,'Kurt'),(78,8,8,'mgberg'),(79,8,9,'bkalk'),(80,8,10,'B UNIT'),(81,9,1,'irenie'),(82,9,2,'Brigga'),(83,9,3,'Mulva'),(84,9,4,'Kurt'),(85,9,5,'bkalk'),(86,9,6,'Brigga'),(87,9,7,'Vaughn'),(88,9,8,'Mulva'),(89,9,9,'Mulva'),(90,9,10,'mgberg'),(91,10,1,'Vitti'),(92,10,2,'vitti'),(93,10,3,'Brigga'),(94,10,4,'mgberg'),(95,10,5,'vitti'),(96,10,6,'Mulva'),(97,10,7,'keith'),(98,10,8,'Rios'),(99,10,9,'Danzig'),(100,10,10,'Vitti');

--
-- Table structure for table `teamD_results`
--

CREATE TABLE `teamD_results` (
  `tresid` int(11) NOT NULL AUTO_INCREMENT,
  `week_num` int(11) NOT NULL DEFAULT '0',
  `player_id` int(11) NOT NULL DEFAULT '0',
  `rotiss_team_id` int(11) NOT NULL DEFAULT '0',
  `yds_allowed` int(11) NOT NULL DEFAULT '0',
  `pts_allowed` int(11) NOT NULL DEFAULT '0',
  `touchdowns` int(11) NOT NULL DEFAULT '0',
  `sacks` int(11) NOT NULL DEFAULT '0',
  `interceptions` int(11) NOT NULL DEFAULT '0',
  `forced_fumbles` int(11) NOT NULL DEFAULT '0',
  `fumble_recoveries` int(11) NOT NULL DEFAULT '0',
  `safeties` int(11) NOT NULL DEFAULT '0',
  `total_rotiss` int(11) NOT NULL DEFAULT '0',
  PRIMARY KEY (`tresid`)
) ENGINE=MyISAM AUTO_INCREMENT=223 DEFAULT CHARSET=latin1 COMMENT='Team Defense Results';

--
-- Dumping data for table `teamD_results`
--

INSERT INTO `teamD_results` VALUES (1,1,1689,6,373,13,0,0,2,1,1,0,14),(2,1,1704,5,323,9,0,3,1,2,2,0,21),(3,1,1709,13,291,23,0,1,0,3,2,0,13),(4,1,1694,2,325,14,0,2,3,1,1,0,20),(5,1,1684,11,120,7,0,5,3,2,2,0,36),(6,1,1696,10,426,34,0,0,1,1,1,0,5),(7,1,1687,9,398,27,0,1,1,0,0,0,4),(8,1,1688,3,340,24,0,0,0,0,0,0,2),(9,1,1703,12,181,7,0,2,1,3,2,0,26),(10,1,1686,4,351,20,0,1,1,0,0,0,6),(11,1,1702,16,319,14,0,4,1,3,2,0,21),(12,1,1715,7,362,26,0,3,0,1,0,0,4),(13,1,1708,8,308,10,0,2,1,1,2,0,19),(14,1,1691,1,316,7,0,3,2,3,2,0,25),(15,1,1700,14,291,24,0,2,2,0,0,0,11),(16,1,1701,15,29,19,0,3,0,0,0,0,15),(17,2,1709,13,288,17,0,2,1,2,2,0,17),(18,2,1711,2,147,3,0,2,0,0,0,1,23),(19,2,1704,5,234,6,1,2,5,0,0,0,33),(20,2,1705,6,336,38,0,2,0,0,0,0,1),(21,2,1684,11,318,17,0,1,0,0,0,0,4),(22,2,1708,8,444,21,0,2,0,1,1,0,6),(23,2,1688,3,290,25,0,1,0,1,1,0,8),(24,2,1687,9,243,7,0,2,1,2,1,0,20),(25,2,1686,4,250,27,1,1,1,0,0,0,14),(26,2,1702,16,142,3,0,3,3,0,0,0,28),(27,2,1697,10,334,17,0,1,0,1,1,0,8),(28,2,1701,15,422,10,0,4,3,0,1,0,21),(29,2,1685,7,271,17,0,2,0,2,3,0,17),(30,2,1703,12,351,13,0,0,0,3,0,0,7),(31,2,1691,1,280,7,0,8,0,1,1,0,20),(32,2,1700,14,395,14,0,5,1,1,1,0,16),(33,3,1704,5,244,24,0,1,0,2,1,0,11),(34,3,1684,11,403,24,0,0,1,0,0,0,3),(35,3,1709,13,315,27,0,0,1,0,0,0,4),(36,3,1687,9,316,26,1,2,1,2,2,0,20),(37,3,1714,12,458,34,1,2,2,2,1,0,16),(38,3,1702,16,365,20,0,1,0,0,0,0,3),(39,3,1708,8,247,16,0,4,1,1,1,0,17),(40,3,1693,3,236,6,0,4,0,1,0,0,15),(41,3,1685,7,299,24,0,4,1,2,1,0,15),(42,3,1686,4,269,20,0,4,0,0,1,0,11),(43,3,1711,2,260,16,0,2,3,1,1,0,19),(44,3,1701,15,485,45,0,0,0,1,1,0,-1),(45,3,1697,10,373,30,0,1,0,1,0,0,2),(46,3,1689,6,255,7,0,0,5,1,2,0,30),(47,3,1700,14,393,31,0,2,2,1,1,0,11),(48,3,1691,1,452,23,0,3,1,2,2,0,13),(49,4,1693,3,313,10,0,2,1,0,0,0,12),(50,4,1696,5,241,7,0,2,2,3,2,0,27),(51,4,1684,11,333,19,0,1,0,0,0,0,4),(52,4,1687,9,259,13,0,0,1,1,1,0,13),(53,4,1708,8,261,10,0,9,2,2,1,0,28),(54,4,1702,16,353,31,1,3,2,1,0,0,15),(55,4,1711,2,226,13,0,2,0,1,1,0,14),(56,4,1686,4,431,41,0,0,0,0,0,0,-4),(57,4,1703,12,351,17,0,1,0,1,0,0,4),(58,4,1715,10,367,20,0,2,1,0,0,0,7),(59,4,1713,7,456,44,0,1,0,0,0,0,-4),(60,4,1689,6,254,10,0,7,0,1,1,0,19),(61,4,1709,13,352,29,0,1,1,1,1,0,8),(62,4,1701,15,476,24,0,1,3,1,2,0,16),(63,4,1691,1,300,37,0,0,0,0,0,0,0),(64,4,1700,14,19,318,0,3,0,0,0,0,10),(65,5,1711,2,212,14,0,2,1,0,0,0,13),(66,5,1687,9,310,12,0,3,1,1,0,0,12),(67,5,1715,10,413,31,0,4,1,0,0,0,5),(68,5,1693,3,177,3,1,5,4,2,1,0,42),(69,5,1709,13,464,20,0,1,3,1,1,0,14),(70,5,1708,8,483,31,0,1,1,0,0,0,1),(71,5,1703,12,267,21,0,0,0,0,0,0,3),(72,5,1686,4,400,28,0,3,0,0,0,0,3),(73,5,1696,5,447,19,0,0,0,0,1,0,4),(74,5,1702,16,456,33,0,0,0,0,0,0,-3),(75,5,1685,7,236,20,0,3,0,1,1,0,13),(76,5,1689,6,342,23,0,0,0,0,0,0,2),(77,5,1691,1,279,22,0,1,1,0,1,0,10),(78,5,1684,11,323,14,0,2,3,2,2,0,24),(79,5,1700,14,164,10,0,4,0,0,1,0,19),(80,5,1701,15,351,26,0,0,0,0,0,0,0),(81,6,1708,8,456,31,2,2,1,1,1,0,18),(82,6,1709,13,209,20,0,6,1,4,3,0,28),(83,6,1711,2,307,13,1,4,0,2,2,0,23),(84,6,1688,3,186,3,0,4,1,1,2,0,28),(85,6,1687,9,341,27,0,1,2,0,0,0,8),(86,6,1704,5,283,3,0,4,2,0,0,0,20),(87,6,1684,11,17,275,0,5,2,0,1,0,21),(88,6,1686,4,432,28,0,1,0,1,0,0,1),(89,6,1695,16,387,31,0,1,0,0,0,0,0),(90,6,1685,7,342,27,0,3,0,1,1,0,8),(91,6,1689,6,377,23,1,0,2,2,1,0,18),(92,6,1715,10,246,10,0,3,0,0,0,0,13),(93,6,1703,12,177,0,0,1,0,0,0,0,17),(94,6,1691,1,246,23,0,3,1,1,0,0,12),(95,6,1701,15,385,16,0,3,1,2,3,0,19),(96,6,1700,14,270,13,0,4,1,3,3,0,25),(97,7,1705,12,191,10,0,4,3,0,0,0,25),(98,7,1715,10,300,10,0,5,2,0,0,0,19),(99,7,1704,5,199,6,0,4,0,0,0,0,16),(100,7,1684,11,38,416,0,2,0,1,1,0,13),(101,7,1693,3,139,20,1,5,1,3,1,0,30),(102,7,1698,2,210,17,0,3,0,0,1,0,12),(103,7,1685,7,462,30,0,2,0,0,0,0,0),(104,7,1696,13,24,311,0,0,1,1,1,0,14),(105,7,1689,6,304,27,0,1,1,1,1,0,9),(106,7,1702,16,291,17,1,3,2,2,1,0,24),(107,7,1687,9,310,27,0,3,3,0,0,0,13),(108,7,1710,4,298,28,0,1,0,1,1,0,7),(109,7,1708,8,231,14,1,4,1,1,3,0,31),(110,7,1701,15,385,23,0,0,0,0,0,0,1),(111,7,1700,14,289,13,0,1,2,1,0,0,14),(112,7,1691,1,302,13,0,2,2,0,0,0,13),(113,8,1690,9,237,19,0,2,1,1,0,0,12),(114,8,1692,8,325,16,0,2,0,2,2,0,13),(115,8,1698,10,367,25,1,6,0,2,2,0,21),(116,8,1709,13,253,13,0,4,0,0,0,0,10),(117,8,1710,4,342,21,0,2,1,1,1,0,11),(118,8,1711,2,208,15,0,0,0,0,0,0,8),(119,8,1705,12,354,19,0,2,0,0,0,0,4),(120,8,1704,5,278,13,1,2,1,0,1,0,20),(121,8,1699,7,418,20,0,4,0,1,1,0,9),(122,8,1702,16,564,49,0,1,0,0,0,0,-5),(123,8,1689,6,364,14,0,1,5,0,0,0,20),(124,8,1701,15,125,0,0,5,1,2,2,0,34),(125,8,1694,11,24,427,0,2,3,0,0,0,18),(126,8,1688,3,261,20,0,2,1,0,0,0,9),(127,8,1691,1,318,19,0,2,2,1,1,0,15),(128,8,1700,14,213,13,1,3,2,0,0,0,23),(129,9,1709,13,270,14,1,5,2,2,2,0,31),(130,9,1705,12,300,24,0,3,0,1,1,0,10),(131,9,1687,9,395,31,0,1,1,1,1,0,7),(132,9,1700,14,351,26,0,0,0,0,0,0,0),(133,9,1694,11,279,14,0,6,0,3,1,0,18),(134,9,1715,10,405,19,0,4,3,1,1,0,18),(135,9,1708,8,208,10,0,0,1,0,0,0,13),(136,9,1704,5,283,17,0,3,2,2,2,0,21),(137,9,1711,2,287,34,0,1,0,1,0,0,3),(138,9,1691,1,268,10,1,1,1,1,2,0,25),(139,9,1699,7,269,26,0,3,0,0,0,0,5),(140,9,1702,16,293,17,0,2,0,1,1,0,10),(141,9,1693,3,288,21,0,2,0,1,1,0,9),(142,9,1686,4,453,40,0,0,1,0,0,0,-1),(143,9,1689,6,240,9,0,4,0,2,1,0,19),(144,9,1701,15,138,6,0,3,1,0,0,0,20),(145,10,1693,3,209,17,0,3,0,0,0,0,9),(146,10,1704,5,161,9,1,0,1,1,1,0,25),(147,10,1697,10,223,14,0,2,0,2,2,0,18),(148,10,1694,11,195,3,1,4,3,0,0,0,33),(149,10,1686,4,437,16,0,0,1,1,2,0,11),(150,10,1709,13,214,3,1,3,4,2,1,0,38),(151,10,1708,8,351,33,0,1,1,2,0,0,5),(152,10,1687,9,220,30,0,0,2,0,0,0,10),(153,10,1711,2,389,35,0,2,2,2,1,0,12),(154,10,1705,12,397,21,0,0,0,0,0,1,6),(155,10,1696,7,335,17,1,4,3,1,0,0,23),(156,10,1691,1,303,21,0,1,1,0,0,0,6),(157,10,1700,14,359,20,1,2,1,2,0,0,15),(158,10,1702,16,241,21,0,0,1,1,0,0,9),(159,10,1712,6,397,29,0,1,0,0,0,0,1),(160,10,1701,15,137,24,0,4,0,1,1,0,17),(161,11,1694,11,254,28,0,3,1,0,0,0,8),(162,11,1704,5,238,3,0,8,2,3,0,0,29),(163,11,1693,3,492,37,0,1,1,0,0,0,0),(164,11,1711,2,443,27,1,3,0,2,2,0,16),(165,11,1691,1,241,16,0,5,1,1,1,0,18),(166,11,1715,9,336,25,0,4,0,1,0,0,7),(167,11,1702,16,315,27,0,5,0,0,0,0,6),(168,11,1708,8,258,30,0,0,1,0,0,0,5),(169,11,1696,7,195,0,0,4,2,1,2,0,33),(170,11,1689,12,467,45,0,1,1,0,0,0,-1),(171,11,1686,4,425,17,0,1,1,0,0,0,5),(172,11,1709,13,258,13,0,0,1,0,0,0,9),(173,11,1684,10,480,48,0,1,0,1,0,0,-3),(174,11,1700,14,226,7,0,1,0,1,1,0,15),(175,11,1701,15,404,17,0,1,0,1,0,0,3),(176,11,1705,6,253,20,0,1,0,2,1,0,10),(177,12,1708,8,304,7,0,5,2,3,2,0,27),(178,12,1704,5,275,10,0,4,0,1,1,0,16),(179,12,1686,4,420,26,0,2,0,1,1,0,5),(180,12,1694,11,368,17,0,3,1,1,1,0,12),(181,12,1684,10,295,13,0,1,0,1,1,0,11),(182,12,1715,9,490,21,0,2,1,0,0,0,4),(183,12,1709,13,216,9,0,4,1,0,0,0,17),(184,12,1689,12,344,29,0,0,2,1,0,0,8),(185,12,1705,6,402,27,0,0,1,1,1,0,6),(186,12,1700,14,293,24,0,2,1,1,1,0,12),(187,12,1711,2,239,13,0,2,1,1,0,0,14),(188,12,1702,16,292,14,0,1,2,2,1,0,18),(189,12,1696,7,314,21,1,1,2,0,0,0,15),(190,12,1693,3,197,7,0,3,2,0,0,0,21),(191,12,1691,1,366,26,0,2,1,1,0,0,6),(192,12,1701,15,355,24,0,3,1,3,1,0,13),(193,13,1693,3,260,3,1,4,0,1,1,0,24),(194,13,1694,11,303,14,0,5,0,1,0,0,11),(195,13,1704,5,358,7,1,2,2,3,2,0,29),(196,13,1709,13,259,6,0,5,2,0,0,0,19),(197,13,1708,8,306,24,0,0,1,0,0,0,5),(198,13,1686,4,164,3,0,2,1,0,0,0,19),(199,13,1684,10,460,24,0,3,1,1,1,1,14),(200,13,1711,2,279,3,0,2,4,0,0,0,24),(201,13,1715,9,190,0,3,4,4,2,2,0,58),(202,13,1701,15,206,10,0,4,2,2,2,0,28),(203,13,1706,6,190,19,0,3,1,0,1,0,17),(204,13,1700,14,277,17,0,1,2,0,0,0,11),(205,13,1691,1,324,38,0,1,0,0,0,0,0),(206,13,1702,16,194,42,0,0,0,0,0,0,3),(207,13,1689,12,474,31,0,2,3,2,1,0,13),(208,13,1696,7,421,31,0,0,0,0,0,0,-2),(209,14,1709,13,20,247,0,1,0,0,0,0,8),(210,14,1704,5,363,21,0,0,0,3,0,0,4),(211,14,1694,11,399,26,0,3,0,0,0,0,3),(212,14,1696,7,323,10,0,2,2,2,2,0,23),(213,14,1693,3,324,18,0,0,0,4,3,0,16),(214,14,1701,15,337,23,0,6,0,1,1,0,12),(215,15,1686,4,138,0,0,7,0,2,1,0,30),(216,15,1694,11,217,9,0,2,1,0,0,0,15),(217,15,1685,8,388,20,0,6,0,3,3,0,20),(218,15,1704,5,231,3,0,2,2,1,0,0,21),(219,16,1685,8,234,10,0,4,2,2,1,0,25),(220,16,1694,11,370,20,0,4,1,1,0,0,10),(221,16,1711,2,289,10,0,2,0,1,1,0,14),(222,14,1708,8,339,21,0,1,2,0,0,0,9);


