-- Table structure for table `draft_trade`
--

CREATE TABLE `draft_trade` (
  `draft_trade_id` int(11) NOT NULL AUTO_INCREMENT,
  `trade_date` datetime NOT NULL,
  `year` int(11) NOT NULL,
  `from_team_id` int(11) NOT NULL,
  `to_team_id` int(11) NOT NULL,
  `round` int(11) NOT NULL,
  `ordinal` int(11) NOT NULL,
  PRIMARY KEY (`draft_trade_id`)
) ENGINE=InnoDB AUTO_INCREMENT=6 DEFAULT CHARSET=latin1;

--
-- Dumping data for table `draft_trade`
--

INSERT INTO `draft_trade` VALUES (1,'2012-12-28 00:00:00',2013,5,11,3,1),(2,'2012-12-28 10:58:58',2013,5,9,3,1),(3,'2012-12-28 11:04:07',2013,11,4,4,1),(4,'2012-12-28 11:06:28',2013,11,3,5,1),(5,'2012-12-28 11:12:18',2013,4,7,6,1);

--
-- Table structure for table `event`
--

CREATE TABLE `event` (
  `event_id` int(11) NOT NULL AUTO_INCREMENT,
  `year` int(11) NOT NULL,
  `event_type_id` int(11) NOT NULL,
  `date` date NOT NULL,
  PRIMARY KEY (`event_id`),
  UNIQUE KEY `uq_year_type` (`year`,`event_type_id`)
) ENGINE=InnoDB AUTO_INCREMENT=66 DEFAULT CHARSET=latin1;

--
-- Dumping data for table `event`
--

INSERT INTO `event` VALUES (9,2012,1,'2011-09-30'),(10,2013,1,'2012-10-03'),(11,2012,2,'2012-01-01'),(12,2013,2,'2013-01-03'),(13,2012,3,'2012-01-16'),(14,2013,3,'2013-01-18'),(15,2012,4,'2012-01-17'),(16,2013,4,'2013-01-19'),(17,2012,5,'2012-03-15'),(18,2013,5,'2013-03-17'),(19,2012,6,'2012-03-31'),(20,2013,6,'2013-03-30'),(21,2012,7,'2012-04-02'),(22,2013,7,'2013-03-31'),(23,2014,1,'2013-09-27'),(24,2014,2,'2013-10-09'),(25,2014,3,'2014-01-17'),(26,2014,4,'2014-01-18'),(27,2014,5,'2014-03-08'),(28,2014,6,'2014-03-22'),(29,2014,7,'2014-03-30'),(30,2014,8,'2014-07-28'),(31,2013,8,'2013-07-29'),(32,2012,8,'2012-07-09'),(34,2015,1,'2014-09-28'),(35,2015,2,'2014-12-25'),(36,2015,3,'2015-01-13'),(37,2015,4,'2015-01-17'),(38,2015,5,'2015-03-14'),(39,2015,6,'2015-04-04'),(40,2015,7,'2015-04-05'),(41,2015,8,'2015-07-09'),(42,2016,1,'2015-09-30'),(43,2016,2,'2016-01-01'),(44,2016,3,'2016-01-10'),(45,2016,4,'2016-01-16'),(46,2016,5,'2016-03-13'),(47,2016,6,'2016-04-04'),(48,2016,7,'2016-04-04'),(49,2016,8,'2016-07-09'),(50,2017,1,'2016-09-30'),(51,2017,2,'2017-01-01'),(52,2017,3,'2017-01-07'),(53,2017,4,'2017-01-15'),(54,2017,5,'2017-03-15'),(55,2017,6,'2017-03-29'),(56,2017,7,'2017-04-01'),(57,2017,8,'2017-07-07'),(58,2018,1,'2017-09-30'),(59,2018,2,'2018-01-01'),(60,2018,3,'2018-01-07'),(61,2018,4,'2018-01-13'),(62,2018,5,'2018-03-15'),(63,2018,6,'2018-03-29'),(64,2018,7,'2018-04-01'),(65,2018,8,'2018-07-01');

--
-- Table structure for table `mlb_team`
--

CREATE TABLE `mlb_team` (
  `mlb_team_id` int(11) NOT NULL AUTO_INCREMENT,
  `city` varchar(20) NOT NULL DEFAULT '',
  `team_name` varchar(20) NOT NULL DEFAULT '',
  `abbreviation` char(3) NOT NULL DEFAULT '',
  `league` enum('American','National') NOT NULL DEFAULT 'American',
  `division` enum('East','Central','West') NOT NULL DEFAULT 'East',
  PRIMARY KEY (`mlb_team_id`)
) ENGINE=MyISAM AUTO_INCREMENT=32 DEFAULT CHARSET=latin1;

--
-- Dumping data for table `mlb_team`
--

INSERT INTO `mlb_team` VALUES (5,'Toronto','Blue Jays','TOR','American','East'),(4,'Tampa Bay','Rays','TB','American','East'),(3,'New York','Yankees','NYY','American','East'),(2,'Boston','Red Sox','BOS','American','East'),(1,'Baltimore','Orioles','BAL','American','East'),(6,'Chicago','White Sox','CHW','American','Central'),(7,'Cleveland','Indians','CLE','American','Central'),(8,'Detroit','Tigers','DET','American','Central'),(9,'Kansas City','Royals','KC','American','Central'),(10,'Minnesota','Twins','MIN','American','Central'),(11,'Los Angeles','Angels','LAA','American','West'),(12,'Oakland','Athletics','OAK','American','West'),(13,'Seattle','Mariners','SEA','American','West'),(14,'Texas','Rangers','TEX','American','West'),(15,'Atlanta','Braves','ATL','National','East'),(16,'Miami','Marlins','MIA','National','East'),(17,'New York','Mets','NYM','National','East'),(18,'Philadelphia','Phillies','PHI','National','East'),(19,'Washington','Nationals','WAS','National','East'),(20,'Chicago','Cubs','CHC','National','Central'),(21,'Cincinnati','Reds','CIN','National','Central'),(22,'Houston','Astros','HOU','National','Central'),(23,'Milwaukee','Brewers','MIL','National','Central'),(24,'Pittsburgh','Pirates','PIT','National','Central'),(25,'St. Louis','Cardinals','STL','National','Central'),(26,'Arizona','Diamondbacks','ARI','National','West'),(27,'Colorado','Rockies','COL','National','West'),(28,'Los Angeles','Dodgers','LAD','National','West'),(29,'San Diego','Padres','SD','National','West'),(30,'San Francisco','Giants','SF','National','West'),(31,'Unaffiliated','','---','American','East');

--
-- Table structure for table `ping_pong`
--

CREATE TABLE `ping_pong` (
  `ping_pong_id` int(11) NOT NULL AUTO_INCREMENT,
  `year` int(11) NOT NULL,
  `cost` int(11) NOT NULL,
  `team_id` int(11) NOT NULL,
  `player_id` int(11) DEFAULT NULL,
  `ordinal` int(11) NOT NULL,
  PRIMARY KEY (`ping_pong_id`)
) ENGINE=InnoDB AUTO_INCREMENT=45 DEFAULT CHARSET=latin1;

--
-- Dumping data for table `ping_pong`
--

INSERT INTO `ping_pong` VALUES (4,2013,102,13,539,11),(5,2013,103,14,479,10),(6,2013,170,13,237,1),(7,2013,101,6,228,14),(8,2013,101,6,493,13),(9,2013,101,6,452,12),(10,2013,116,2,327,5),(11,2013,118,7,416,3),(12,2013,114,4,253,7),(13,2013,137,8,380,2),(14,2013,117,8,254,4),(15,2013,112,10,326,8),(16,2013,115,13,315,6),(17,2013,103,3,347,9),(18,2014,125,1,531,6),(19,2014,130,4,342,4),(20,2014,129,4,294,5),(21,2014,134,9,254,3),(22,2014,146,2,280,1),(23,2014,139,7,501,2),(24,2015,132,4,393,0),(25,2015,134,13,711,0),(26,2015,147,15,466,0),(27,2015,129,15,294,0),(28,2015,142,16,501,0),(29,2015,135,14,222,0),(30,2015,128,12,556,0),(31,2015,127,12,314,0),(32,2016,127,10,494,2),(33,2016,127,14,501,1),(34,2017,125,11,278,4),(35,2017,141,16,494,2),(36,2017,125,13,294,5),(37,2017,137,10,247,3),(38,2017,144,12,312,1),(39,2018,140,13,764,2),(40,2018,140,13,687,3),(41,2018,135,11,620,5),(42,2018,131,10,765,6),(43,2018,137,8,705,4),(44,2018,148,4,494,1);

--
-- Table structure for table `player`
--

CREATE TABLE `player` (
  `player_id` int(11) NOT NULL AUTO_INCREMENT,
  `first_name` varchar(25) NOT NULL DEFAULT '',
  `last_name` varchar(25) NOT NULL DEFAULT '',
  `mlb_team_id` int(11) NOT NULL DEFAULT '0',
  `birth_date` date NOT NULL DEFAULT '0000-00-00',
  `sportsline_id` int(11) DEFAULT '0',
  PRIMARY KEY (`player_id`),
  UNIQUE KEY `uniq_name_age` (`first_name`,`last_name`,`birth_date`)
) ENGINE=MyISAM AUTO_INCREMENT=1102 DEFAULT CHARSET=latin1;

--
-- Dumping data for table `player`
--

INSERT INTO `player` VALUES (221,'Trevor','Bauer',7,'1991-01-17',1852623),(218,'Erick','Aybar',11,'1984-01-14',479165),(217,'John','Axford',23,'1983-04-01',1707287),(216,'Mike','Aviles',2,'1981-03-13',490430),(213,'Joaquin','Arias',30,'1984-09-21',538911),(212,'Nolan','Arenado',27,'1991-04-16',1755142),(210,'Norichika','Aoki',13,'1982-01-05',1937143),(209,'Elvis','Andrus',14,'1988-08-26',1099374),(220,'Darwin','Barney',20,'1985-11-08',1599166),(219,'Homer','Bailey',21,'1986-05-03',583492),(211,'Chris','Archer',4,'1988-09-26',1758899),(208,'Brett','Anderson',12,'1988-02-01',1611137),(215,'Alex','Avila',8,'1987-01-29',1660422),(214,'Bronson','Arroyo',21,'1977-02-24',22106),(207,'Pedro','Alvarez',24,'1987-02-06',1630071),(206,'Jose','Altuve',22,'1990-05-06',1839905),(205,'Yonder','Alonso',12,'1987-04-18',1629156),(203,'Alfredo','Aceves',2,'1979-12-31',1638980),(204,'Dustin','Ackley',13,'1988-02-26',1699742),(222,'Jose','Bautista',5,'1980-10-19',392528),(223,'Blake','Beavan',13,'1989-01-17',1755140),(224,'Josh','Beckett',28,'1980-05-15',174887),(225,'Heath','Bell',16,'1977-09-29',383399),(226,'Brandon','Belt',30,'1988-04-20',1757973),(227,'Carlos','Beltran',3,'1977-04-24',18817),(228,'Adrian','Beltre',14,'1979-04-07',11491),(229,'Lance','Berkman',25,'1976-02-10',22419),(230,'Chad','Billingsley',28,'1984-07-29',584799),(231,'Joe','Blanton',28,'1980-12-11',477983),(232,'Brennan','Boesch',8,'1985-04-12',1208693),(233,'Emilio','Bonifacio',15,'1985-04-23',1174267),(234,'Michael','Bourn',15,'1982-12-27',548112),(235,'Michael','Brantley',7,'1987-05-15',1103277),(236,'Rob','Brantly',16,'1989-07-14',1794304),(237,'Ryan','Braun',23,'1983-11-17',1103045),(238,'Zach','Britton',1,'1987-12-22',1733482),(239,'Domonic','Brown',18,'1987-09-03',1597678),(240,'Jay','Bruce',17,'1987-04-03',1133731),(241,'Clay','Buchholz',2,'1984-08-14',1184594),(242,'Mark','Buehrle',5,'1979-03-23',174775),(243,'Madison','Bumgarner',30,'1989-08-01',1619074),(244,'Dylan','Bundy',1,'1992-11-15',1894623),(245,'A.J.','Burnett',24,'1977-01-03',21508),(246,'Billy','Butler',9,'1986-04-08',584800),(247,'Miguel','Cabrera',8,'1983-04-18',288897),(248,'Melky','Cabrera',5,'1984-08-11',547679),(249,'Asdrubal','Cabrera',17,'1985-11-13',548513),(250,'Everth','Cabrera',29,'1986-11-17',1655635),(251,'Trevor','Cahill',26,'1988-03-01',1619075),(252,'Lorenzo','Cain',9,'1986-04-13',1103279),(253,'Matt','Cain',30,'1984-10-01',479027),(254,'Robinson','Cano',13,'1982-10-22',532997),(255,'Chris','Capuano',28,'1978-08-19',223612),(256,'Chris','Carpenter',25,'1975-04-27',7495),(257,'Chris','Carter',22,'1986-12-18',1102958),(258,'Nick','Castellanos',8,'1992-03-04',1765816),(259,'Starlin','Castro',16,'1990-03-24',1671044),(260,'Yoenis','Cespedes',2,'1985-10-18',1953406),(261,'Jhoulys','Chacin',27,'1988-01-07',1618705),(262,'Aroldis','Chapman',21,'1988-02-28',1717646),(263,'Wei-Yin','Chen',16,'1985-07-21',1935581),(264,'Shin-Soo','Choo',14,'1982-07-13',292740),(265,'Pedro','Ciriaco',2,'1985-09-27',1654332),(266,'Steve','Cishek',16,'1986-06-18',1770784),(267,'Tyler','Clippard',19,'1985-02-14',1179740),(268,'Alex','Cobb',4,'1987-10-07',1784973),(269,'Gerrit','Cole',24,'1990-09-08',1893753),(270,'Bartolo','Colon',15,'1973-05-24',7525),(271,'Zack','Cozart',21,'1985-08-12',1669641),(272,'Allen','Craig',25,'1984-07-18',1661498),(273,'Carl','Crawford',28,'1981-08-05',182199),(274,'Coco','Crisp',12,'1979-11-01',292449),(275,'Nelson','Cruz',13,'1980-07-01',530355),(276,'Luis','Cruz',28,'1984-02-10',292367),(277,'Michael','Cuddyer',17,'1979-03-27',23606),(278,'Johnny','Cueto',21,'1986-02-15',288900),(279,'Travis','d\'Arnaud',17,'1989-02-10',1730742),(280,'Yu','Darvish',14,'1986-08-16',1937347),(281,'Ike','Davis',17,'1987-03-22',1666191),(282,'Chris','Davis',1,'1986-03-17',1514565),(283,'Rajai','Davis',8,'1980-10-19',533048),(284,'Alejandro','De Aza',6,'1984-04-11',1104254),(285,'David','DeJesus',20,'1979-12-20',392080),(286,'Ian','Desmond',27,'1985-09-20',546867),(287,'Ross','Detwiler',19,'1986-03-06',1232126),(288,'Scott','Diamond',10,'1986-07-30',1787649),(289,'R.A.','Dickey',5,'1974-10-29',174972),(290,'Ryan','Doumit',10,'1981-04-03',225347),(291,'Stephen','Drew',12,'1983-03-16',580789),(292,'A.J.','Ellis',28,'1981-04-09',1104367),(293,'Jacoby','Ellsbury',3,'1983-09-11',1184595),(294,'Edwin','Encarnacion',5,'1983-01-07',392294),(295,'Alcides','Escobar',9,'1986-12-06',547241),(296,'Yunel','Escobar',11,'1982-11-02',1098922),(297,'Danny','Espinosa',11,'1987-04-25',1667721),(298,'Marco','Estrada',5,'1983-07-05',1630042),(299,'Andre','Ethier',28,'1982-04-10',490390),(300,'Prince','Fielder',14,'1984-05-09',390862),(301,'Mike','Fiers',23,'1985-06-15',1740929),(302,'Doug','Fister',22,'1984-02-04',1699360),(303,'Dexter','Fowler',20,'1986-03-22',1208709),(304,'Frank','Francisco',17,'1979-09-11',484950),(305,'Todd','Frazier',21,'1986-02-12',1630078),(306,'Freddie','Freeman',15,'1989-09-12',1630079),(307,'David','Freese',25,'1983-04-28',1225732),(308,'Ernesto','Frieri',11,'1985-07-19',1390885),(309,'Yovani','Gallardo',23,'1986-02-27',1179742),(310,'Jaime','Garcia',3,'1986-07-08',1537183),(311,'Brett','Gardner',3,'1983-08-24',1200052),(312,'Paul','Goldschmidt',26,'1987-09-10',1765052),(313,'Carlos','Gomez',23,'1985-12-04',1098932),(314,'Adrian','Gonzalez',28,'1982-05-08',288903),(315,'Carlos','Gonzalez',27,'1985-10-17',1103728),(316,'Gio','Gonzalez',19,'1985-09-19',585618),(317,'Alex','Gordon',9,'1984-02-10',593271),(318,'Dee','Gordon',28,'1988-04-22',1667054),(319,'Yasmani','Grandal',29,'1988-11-08',1765807),(320,'Curtis','Granderson',17,'1981-03-16',393076),(321,'Zack','Greinke',28,'1983-10-21',390851),(322,'A.J.','Griffin',12,'1988-01-28',1974327),(323,'Jeremy','Guthrie',9,'1979-04-08',390771),(324,'Jedd','Gyorko',29,'1988-09-23',1811464),(325,'Roy','Halladay',18,'1977-05-14',18820),(326,'Cole','Hamels',18,'1983-12-27',479065),(327,'Josh','Hamilton',11,'1981-05-21',174916),(328,'Billy','Hamilton',21,'1990-09-09',1799465),(329,'Jason','Hammel',12,'1982-09-02',533001),(330,'Joel','Hanrahan',24,'1981-10-06',448935),(331,'Tommy','Hanson',15,'1986-08-28',1616925),(332,'J.A.','Happ',5,'1982-10-19',1184317),(333,'Aaron','Harang',28,'1978-05-09',306411),(334,'J.J.','Hardy',1,'1982-08-19',292125),(335,'Dan','Haren',11,'1980-09-17',400617),(336,'Bryce','Harper',19,'1992-10-16',1765813),(337,'Matt','Harrison',14,'1985-09-16',1208715),(338,'Corey','Hart',23,'1982-03-24',448407),(339,'Matt','Harvey',17,'1989-03-27',1765811),(340,'Chase','Headley',3,'1984-05-09',1103791),(341,'Jeremy','Hellickson',18,'1987-04-08',1619226),(342,'Felix','Hernandez',13,'1986-04-08',541516),(343,'Jason','Heyward',25,'1989-08-09',1611138),(344,'Aaron','Hill',26,'1982-03-21',484952),(345,'Derek','Holland',14,'1986-10-09',1630081),(346,'Greg','Holland',9,'1985-11-20',1758975),(347,'Matt','Holliday',25,'1980-01-15',181555),(348,'Eric','Hosmer',9,'1989-10-24',1669561),(349,'Ryan','Howard',18,'1979-11-19',448940),(350,'Tim','Hudson',30,'1975-07-14',132684),(351,'Daniel','Hudson',26,'1987-03-09',1697836),(352,'Phil','Hughes',10,'1986-06-24',584965),(353,'Danny','Hultzen',13,'1989-11-28',1888603),(354,'Torii','Hunter',8,'1975-07-18',10813),(355,'Omar','Infante',8,'1981-12-26',225374),(356,'Hisashi','Iwakuma',13,'1981-04-12',1933858),(357,'Austin','Jackson',13,'1987-02-01',1103265),(358,'Brett','Jackson',20,'1988-08-02',1732409),(359,'Edwin','Jackson',20,'1983-12-09',433026),(360,'Kenley','Jansen',28,'1987-09-30',1208718),(361,'Casey','Janssen',5,'1981-09-17',585620),(362,'John','Jaso',24,'1983-09-19',1392901),(363,'Jon','Jay',25,'1985-03-15',1661504),(364,'Desmond','Jennings',4,'1986-10-30',1623772),(365,'Derek','Jeter',3,'1974-06-26',7758),(366,'Ubaldo','Jimenez',7,'1984-01-22',533004),(367,'Chris','Johnson',15,'1984-10-01',1599171),(368,'Josh','Johnson',5,'1984-01-31',546234),(369,'Jim','Johnson',1,'1983-06-27',580522),(370,'Adam','Jones',1,'1985-08-01',479388),(371,'Garrett','Jones',24,'1981-06-21',532869),(372,'Chipper','Jones',15,'1972-04-24',7767),(373,'Matt','Joyce',4,'1984-08-03',1208719),(374,'Joe','Kelly',25,'1988-06-09',1794767),(375,'Matt','Kemp',28,'1984-09-23',549974),(376,'Howie','Kendrick',19,'1983-07-12',489785),(377,'Kyle','Kendrick',18,'1984-08-26',1225738),(378,'Ian','Kennedy',29,'1984-12-19',1262690),(379,'Jeff','Keppinger',4,'1980-04-21',393033),(380,'Clayton','Kershaw',28,'1988-03-19',1221725),(381,'Craig','Kimbrel',15,'1988-05-28',1718083),(382,'Ian','Kinsler',8,'1982-06-22',489854),(383,'Jason','Kipnis',7,'1987-04-03',1754188),(384,'Paul','Konerko',6,'1976-03-05',7791),(385,'Hiroki','Kuroda',3,'1975-02-10',1442917),(386,'Bryan','LaHair',20,'1982-11-05',1104375),(387,'Adam','LaRoche',19,'1979-11-06',390776),(388,'Mat','Latos',21,'1987-12-09',1630084),(389,'Ryan','Lavarnway',2,'1987-08-07',1799267),(390,'Brett','Lawrie',6,'1990-01-18',1665386),(391,'Carlos','Lee',16,'1976-06-20',21607),(392,'Cliff','Lee',18,'1978-08-30',370395),(393,'Jon','Lester',12,'1984-01-07',580589),(394,'Ted','Lilly',28,'1976-01-04',21612),(395,'Tim','Lincecum',30,'1984-06-15',1182822),(396,'Kyle','Lohse',23,'1978-10-04',223481),(397,'Stephen','Lombardozzi',19,'1988-09-20',1740960),(398,'Evan','Longoria',4,'1985-10-07',1114751),(399,'Jonathan','Lucroy',23,'1986-06-13',1657581),(400,'Ryan','Ludwick',21,'1978-07-13',223483),(401,'Lance','Lynn',25,'1987-05-12',1733864),(402,'Manny','Machado',1,'1992-07-06',1765812),(403,'Paul','Maholm',15,'1982-06-25',482825),(404,'Shaun','Marcum',23,'1981-12-14',564466),(405,'Nick','Markakis',15,'1983-11-17',547591),(406,'Starling','Marte',24,'1988-10-09',1741213),(407,'Andy','Marte',24,'1983-10-21',490091),(408,'Russell','Martin',5,'1983-02-15',483767),(409,'Leonys','Martin',13,'1988-03-06',1827526),(410,'J.D.','Martinez',8,'1987-08-21',1795780),(411,'Justin','Masterson',7,'1985-03-22',1262692),(412,'Joe','Mauer',10,'1983-04-19',288970),(413,'John','Mayberry',18,'1983-12-21',1537187),(414,'Brian','McCann',3,'1984-02-20',541104),(415,'Brandon','McCarthy',28,'1983-07-07',541105),(416,'Andrew','McCutchen',24,'1986-10-10',1103290),(417,'James','McDonald',24,'1984-10-19',1402913),(418,'Kris','Medlen',15,'1985-10-07',1647778),(419,'Will','Middlebrooks',2,'1988-09-09',1805190),(420,'Wade','Miley',13,'1986-11-13',1716842),(421,'Shelby','Miller',15,'1990-10-10',1739603),(422,'Tommy','Milone',12,'1987-02-16',1846229),(423,'Mike','Minor',15,'1987-12-26',1735792),(424,'Yadier','Molina',25,'1982-07-13',390815),(425,'Miguel','Montero',26,'1983-07-09',580594),(426,'Jesus','Montero',13,'1984-09-28',564270),(427,'Matt','Moore',4,'1989-06-18',1739600),(428,'Kendrys','Morales',5,'1983-06-20',534114),(429,'Justin','Morneau',27,'1981-05-15',288974),(430,'Erik','Morrison',6,'1985-10-23',1740976),(431,'Brandon','Morrow',5,'1984-07-26',1200838),(432,'Michael','Morse',30,'1982-03-22',489791),(433,'Jason','Motte',25,'1982-06-22',546238),(434,'Mike','Moustakas',9,'1988-09-11',1232128),(435,'Daniel','Murphy',17,'1985-04-01',1208667),(436,'David','Murphy',14,'1981-10-18',486548),(437,'Wil','Myers',4,'1990-12-10',1744704),(438,'Mike','Napoli',7,'1981-10-31',293103),(439,'Joe','Nathan',14,'1974-11-22',21655),(440,'Jeff','Niemann',4,'1983-02-28',541523),(441,'Jonathon','Niese',17,'1986-10-27',1537190),(442,'Bud','Norris',11,'1985-03-02',1657583),(443,'Ivan','Nova',24,'1987-01-12',1655641),(444,'Alexi','Ogando',14,'1983-10-05',1174266),(445,'Mike','Olt',14,'1988-08-27',1757980),(446,'David','Ortiz',2,'1975-11-18',8236),(447,'Angel','Pagan',30,'1981-07-02',490155),(448,'Jonathan','Papelbon',18,'1980-11-23',549684),(449,'Jarrod','Parker',12,'1988-11-24',1531180),(450,'Gerardo','Parra',23,'1987-05-06',1208924),(451,'Jake','Peavy',30,'1981-05-31',288915),(452,'Dustin','Pedroia',2,'1983-08-17',547429),(453,'Hunter','Pence',30,'1983-04-13',584806),(454,'Jhonny','Peralta',25,'1982-05-28',224393),(455,'Salvador','Perez',9,'1990-05-10',1793168),(456,'Chris','Perez',7,'1985-07-01',1209053),(457,'Andy','Pettitte',3,'1972-06-15',7976),(458,'Brandon','Phillips',21,'1981-06-28',225418),(459,'Juan','Pierre',18,'1977-08-14',132725),(460,'A.J.','Pierzynski',6,'1976-12-30',18720),(461,'Michael','Pineda',3,'1989-01-18',1741763),(462,'Trevor','Plouffe',10,'1986-06-15',1103761),(463,'Rick','Porcello',8,'1988-12-27',1232129),(464,'Buster','Posey',30,'1987-03-27',1660162),(465,'Martin','Prado',16,'1983-10-27',548120),(466,'David','Price',8,'1985-08-26',1232130),(467,'Jurickson','Profar',14,'1993-02-20',1796123),(468,'Yasiel','Puig',28,'1990-12-07',1992864),(469,'Albert','Pujols',11,'1980-01-16',223571),(470,'J.J.','Putz',26,'1977-02-22',225422),(471,'Carlos','Quentin',29,'1985-10-17',1103728),(472,'Jose','Quintana',6,'1989-01-24',1913316),(473,'Aramis','Ramirez',23,'1978-06-25',11073),(474,'Hanley','Ramirez',2,'1983-12-23',393458),(475,'Alexei','Ramirez',6,'1981-09-22',1507970),(476,'Colby','Rasmus',5,'1986-08-11',1184596),(477,'Josh','Reddick',12,'1987-02-19',1662780),(478,'Ben','Revere',18,'1988-05-03',1630089),(479,'Jose','Reyes',17,'1983-06-11',288917),(480,'Mark','Reynolds',27,'1983-08-03',1098995),(481,'Clayton','Richard',29,'1983-09-12',1103052),(482,'Alex','Rios',14,'1985-08-01',479388),(483,'Anthony','Rizzo',20,'1989-08-08',1670417),(484,'Fernando','Rodney',26,'1977-03-18',284634),(485,'Alex','Rodriguez',3,'1975-07-27',8023),(486,'Wandy','Rodriguez',24,'1979-01-18',533047),(487,'Jimmy','Rollins',18,'1978-11-27',132668),(488,'Ricky','Romero',5,'1984-11-06',585626),(489,'Wilin','Rosario',27,'1989-02-23',1663024),(490,'Cody','Ross',2,'1980-12-23',181896),(491,'Robbie','Ross',14,'1989-06-24',1935245),(492,'Josh','Rutledge',27,'1989-04-21',1947835),(493,'CC','Sabathia',3,'1980-07-21',174974),(494,'Chris','Sale',2,'1989-03-30',1762602),(495,'Jeff','Samardzija',12,'1985-01-23',1114753),(496,'Anibal','Sanchez',8,'1984-02-27',533212),(497,'Pablo','Sandoval',30,'1986-08-11',585912),(498,'Carlos','Santana',18,'1986-04-08',1208743),(499,'Johan','Santana',17,'1979-03-13',174948),(500,'Michael','Saunders',18,'1986-11-19',1208675),(501,'Max','Scherzer',8,'1984-07-27',1225651),(502,'Marco','Scutaro',30,'1975-10-30',132691),(503,'Kyle','Seager',13,'1987-11-03',1741002),(504,'Ben','Sheets',15,'1978-07-18',174800),(505,'James','Shields',9,'1981-12-20',580602),(506,'Tyler','Skaggs',26,'1991-07-13',1758900),(507,'Alfonso','Soriano',20,'1976-01-07',127572),(508,'Rafael','Soriano',19,'1979-12-19',210750),(509,'Denard','Span',19,'1984-02-27',549986),(510,'Giancarlo','Stanton',16,'1989-11-08',1630093),(511,'Bubba','Starling',9,'1992-08-03',1894624),(512,'Dan','Straily',16,'1988-12-01',1988996),(513,'Stephen','Strasburg',19,'1988-07-20',1675980),(514,'Drew','Stubbs',21,'1984-12-04',1114754),(515,'Ichiro','Suzuki',3,'1973-10-22',211807),(516,'Nick','Swisher',7,'1980-11-25',392256),(517,'Jameson','Taillon',24,'1991-11-18',1765806),(518,'Julio','Teheran',15,'1991-01-27',1718082),(519,'Mark','Teixeira',3,'1980-04-11',284645),(520,'Ruben','Tejada',17,'1989-10-27',1595127),(521,'Mike','Trout',11,'1991-08-07',1739608),(522,'Mark','Trumbo',26,'1986-01-16',1104384),(523,'Troy','Tulowitzki',27,'1984-10-10',589256),(524,'Jacob','Turner',20,'1991-05-21',1699971),(525,'Dan','Uggla',15,'1980-03-11',292238),(526,'Justin','Upton',15,'1987-08-25',593198),(527,'B.J.','Upton',4,'1984-08-21',390784),(528,'Chase','Utley',28,'1978-12-17',288923),(529,'Jose','Valverde',8,'1978-03-24',284649),(530,'Jason','Vargas',9,'1983-02-02',556425),(531,'Justin','Verlander',8,'1983-02-20',530362),(532,'Dayan','Viciedo',6,'1989-03-10',1655262),(533,'Shane','Victorino',11,'1980-11-30',292349),(534,'Carlos','Villanueva',5,'1983-11-28',580606),(535,'Ryan','Vogelsong',10,'1977-07-22',174758),(536,'Joey','Votto',21,'1983-09-10',547434),(537,'Adam','Wainwright',25,'1981-08-30',389743),(538,'Neil','Walker',24,'1985-09-10',545787),(539,'Jered','Weaver',11,'1982-10-04',584809),(540,'Rickie','Weeks',23,'1982-09-13',433808),(541,'Jayson','Werth',19,'1979-05-20',44638),(542,'Jake','Westbrook',25,'1977-09-29',44649),(543,'Zack','Wheeler',17,'1990-05-30',1744777),(544,'Matt','Wieters',1,'1986-05-21',1232135),(545,'Tom','Wilhelmsen',13,'1983-12-16',1784885),(546,'Josh','Willingham',10,'1979-02-17',383458),(547,'C.J.','Wilson',11,'1980-11-18',548808),(548,'Travis','Wood',20,'1987-02-06',1717422),(549,'Vance','Worley',18,'1987-09-25',1758068),(550,'David','Wright',17,'1982-12-20',483349),(551,'Kevin','Youkilis',3,'1979-03-15',390828),(552,'Michael','Young',18,'1976-10-19',132692),(553,'Chris','Young',26,'1983-09-05',489811),(554,'Carlos','Zambrano',16,'1981-06-01',223692),(555,'Ryan','Zimmerman',19,'1984-09-28',564270),(556,'Jordan','Zimmermann',8,'1986-05-23',1619230),(557,'Barry','Zito',30,'1978-05-13',174962),(558,'Ben','Zobrist',4,'1981-05-26',1099014),(559,'Victor','Martinez',8,'1978-12-23',367942),(560,'Gaby','Sanchez',24,'1983-09-02',1102812),(561,'Kyle','Drabek',5,'1987-12-08',1184316),(562,'Daniel','Bard',2,'1985-06-25',1662777),(563,'Jose','Tabata',24,'1988-08-12',1099004),(564,'Devin','Mesoraco',21,'1988-06-19',1660451),(565,'Grady','Sizemore',7,'1982-08-02',392088),(566,'Adam','Lind',13,'1983-07-17',547682),(567,'Gavin','Floyd',6,'1983-01-27',390847),(568,'Drew','Pomeranz',27,'1988-11-22',1765810),(569,'Brandon','Beachy',15,'1986-09-03',1770803),(570,'Henderson','Alvarez',16,'1990-04-18',1756627),(571,'Darin','Ruf',18,'1986-07-28',1812895),(572,'Andrelton','Simmons',15,'1989-09-04',1918584),(573,'Matt','Carpenter',25,'1985-11-26',1794765),(574,'Mariano','Rivera',3,'1969-11-29',8019),(575,'Hyun-Jin','Ryu',28,'1987-03-25',2029433),(576,'Justin','Smoak',13,'1986-12-05',1630092),(577,'Adam','Dunn',12,'1979-11-09',174678),(578,'Oscar','Taveras',25,'1992-06-19',1804467),(579,'Edinson','Volquez',24,'1983-07-03',564090),(580,'Alberto','Callaspo',11,'1983-04-19',479166),(581,'Cameron','Maybin',11,'1987-04-04',1098967),(582,'Miguel','Sano',10,'1993-05-11',1739669),(583,'Aaron','Hicks',3,'1989-10-02',1669559),(584,'Carlos','Ruiz',18,'1979-01-22',532870),(585,'Sergio','Romo',30,'1983-03-04',1587078),(586,'Jackie','Bradley',2,'1990-04-19',1960252),(587,'Glen','Perkins',10,'1983-03-02',549693),(588,'Jason','Kubel',26,'1982-05-25',393034),(589,'Jorge','De La Rosa',27,'1981-04-05',284591),(590,'Grant','Balfour',12,'1977-12-30',223474),(591,'Jean','Segura',23,'1990-03-17',1798566),(592,'Jason','Grilli',24,'1976-11-11',25049),(593,'Huston','Street',11,'1983-08-02',546345),(594,'Eduardo','Nunez',30,'1987-06-15',1098979),(595,'James','Loney',4,'1984-05-07',390777),(596,'Ryan','Dempster',2,'1977-05-03',11032),(597,'J.P.','Arencibia',14,'1986-01-05',1522585),(598,'Vernon','Wells',3,'1978-12-08',44628),(599,'Ricky','Nolasco',16,'1982-12-13',580595),(600,'Kurt','Suzuki',10,'1983-10-04',546504),(601,'Felix','Doubront',2,'1987-10-23',1654333),(602,'Chris','Tillman',1,'1988-04-15',1499976),(603,'Peter','Bourjos',11,'1987-03-31',1099038),(604,'Addison','Reed',26,'1988-12-27',1813264),(605,'Lucas','Harrell',22,'1985-06-03',1392899),(606,'Logan','Morrison',16,'1987-08-25',1630087),(607,'Wily','Peralta',23,'1989-05-08',1784971),(608,'Adam','Eaton',6,'1988-12-06',1808563),(609,'Brian','Roberts',1,'1977-10-09',223690),(610,'Jed','Lowrie',12,'1984-04-17',1098963),(611,'Bobby','Parnell',17,'1984-09-08',1537192),(612,'Brandon','Moss',9,'1983-09-16',490865),(613,'Ervin','Santana',10,'1982-12-12',479168),(614,'Dillon','Gee',17,'1986-04-28',1661428),(615,'Chris','Nelson',27,'1985-09-03',548998),(616,'Mike','Leake',21,'1987-11-12',1733668),(617,'Lonnie','Chisenhall',7,'1988-10-04',1697835),(618,'Rafael','Betancourt',27,'1975-04-29',223412),(619,'Al','Alburquerque',8,'1986-06-10',1725468),(620,'Christian','Yelich',16,'1991-12-05',1765815),(621,'Xander','Bogaerts',2,'1992-10-01',1945481),(622,'Jose','Fernandez',16,'1992-07-31',1894631),(623,'Oswaldo','Arcia',10,'1991-05-09',1803783),(624,'Tony','Cingrani',21,'1989-07-05',1947829),(625,'Kevin','Gregg',20,'1978-06-20',174914),(626,'Kevin','Gausman',1,'1991-01-06',2000033),(627,'Mike','Zunino',13,'1991-03-25',2000025),(628,'Anthony','Rendon',19,'1990-06-06',1894625),(629,'Nick','Franklin',13,'1991-03-02',1740931),(630,'Byron','Buxton',10,'1993-12-08',2000026),(631,'George','Springer',22,'1989-09-19',1894629),(632,'Junior','Lake',20,'1990-03-27',1740956),(633,'Nate','McLouth',1,'1981-10-28',392541),(634,'Mark','Appel',22,'1991-07-15',2066290),(635,'Wilson','Ramos',19,'1987-08-10',1654347),(636,'Kole','Calhoun',11,'1987-10-14',1811964),(637,'Matt','Dominguez',22,'1989-08-28',1623767),(638,'Masahiro','Tanaka',3,'1988-11-01',2114443),(639,'Avisail','Garcia',6,'1991-06-12',1740934),(640,'Daniel','Nava',2,'1983-02-22',1601139),(641,'Sonny','Gray',12,'1989-11-07',1894635),(642,'Michael','Wacha',25,'1991-07-01',2001081),(643,'Mark','Melancon',24,'1985-03-28',1493886),(644,'Trevor','Rosenthal',25,'1990-05-29',1937341),(645,'Rafael','Montero',17,'1990-10-17',2038824),(646,'Matt','Adams',25,'1988-08-31',1810388),(647,'Kolten','Wong',25,'1990-10-10',1894637),(648,'Jarrod','Saltalamacchia',2,'1985-08-02',584807),(649,'Carlos','Correa',22,'1994-09-22',2000028),(650,'Danny','Farquhar',13,'1987-02-17',1733856),(651,'Archie','Bradley',26,'1992-08-10',1894626),(652,'Hunter','Dozier',9,'1991-08-22',2066295),(653,'Matt','Garza',23,'1983-11-26',1098892),(654,'Jose','Iglesias',8,'1990-01-05',1707364),(655,'J.B.','Shuck',11,'1987-06-18',1741006),(656,'Eric','Young',17,'1985-05-25',548875),(657,'Ryan','Goins',5,'1988-02-13',1740939),(658,'Noah','Syndergaard',17,'1992-08-29',1757988),(659,'Evan','Gattis',22,'1986-08-18',1941510),(660,'Jose','Abreu',6,'1987-01-29',2106364),(661,'Khris','Davis',23,'1987-12-21',1813268),(662,'Wilmer','Flores',17,'1991-08-06',1665897),(663,'John','Lackey',25,'1978-10-23',223559),(664,'Alex','Wood',15,'1991-01-12',2036154),(665,'Koji','Uehara',2,'1975-04-03',1657590),(666,'Danny','Duffy',9,'1988-12-21',1708185),(667,'Miguel Alfredo','Gonzalez',18,'1986-09-23',2074923),(668,'Taijuan','Walker',13,'1992-08-13',1757981),(669,'Scooter','Gennett',23,'1990-05-01',1803884),(670,'Brad','Miller',5,'1989-10-18',1953818),(671,'Patrick','Corbin',26,'1989-07-19',1758836),(672,'Danny','Salazar',7,'1990-01-11',1915129),(673,'Scott','Feldman',1,'1983-02-07',549996),(674,'Jarred','Cosart',16,'1990-05-25',1754186),(675,'Yordano','Ventura',9,'1991-06-03',1971219),(676,'Josh','Donaldson',12,'1985-12-08',1493883),(677,'Mark','Ellis',28,'1977-06-06',182068),(678,'Francisco','Liriano',5,'1983-10-26',530359),(679,'Max','Stassi',22,'1991-03-15',1727686),(680,'Javier','Baez',20,'1992-12-01',1894628),(681,'Jim','Henderson',23,'1982-10-21',1803887),(682,'Andrew','Heaney',16,'1991-06-05',2036439),(683,'L.J.','Hoes',22,'1990-03-05',1910547),(684,'Jake','Marisnick',16,'1991-03-30',1804287),(685,'Joaquin','Benoit',8,'1977-07-26',174659),(686,'Jeff','Locke',24,'1987-11-20',1630085),(687,'Carlos','Martinez',25,'1991-09-21',1803785),(688,'Allen','Webster',2,'1990-02-10',1799467),(689,'Will','Venable',29,'1982-10-29',1205586),(690,'Welington','Castillo',1,'1987-04-24',1495871),(691,'Garin','Cecchini',23,'1991-04-20',1947822),(692,'Mitch','Moreland',14,'1985-09-06',1666536),(693,'Gordon','Beckham',11,'1986-09-16',1660445),(694,'Francisco','Lindor',7,'1993-11-14',1894627),(695,'Martin','Perez',14,'1991-04-04',1674411),(696,'Kyle','Gibson',10,'1987-10-23',1739665),(697,'Brett','Oberholtzer',22,'1989-07-01',1795903),(698,'Jonathan','Villar',23,'1991-05-02',292100),(699,'Matt','Davidson',6,'1991-02-26',1803183),(700,'Eric','Stults',29,'1979-12-09',593276),(701,'Yuniesky','Betancourt',23,'1982-01-31',541865),(702,'Luis','Valbuena',20,'1985-11-30',1225749),(703,'Andy','Dirks',8,'1986-01-24',1669882),(704,'Jeremy','Hefner',17,'1986-03-11',1741379),(705,'Brian','Dozier',10,'1987-05-15',1794323),(706,'Jason','Castro',10,'1987-06-18',1657577),(707,'Edward','Mujica',25,'1984-05-10',580528),(708,'Kris','Bryant',20,'1992-01-04',2071263),(709,'Andrew','Cashner',29,'1986-09-11',1661425),(710,'Yan','Gomes',7,'1987-07-19',1945612),(711,'Corey','Kluber',7,'1986-04-10',1759018),(712,'Tyson','Ross',29,'1987-04-22',1655631),(713,'Drew','Smyly',4,'1989-06-13',1840445),(714,'Scott','Kazmir',28,'1984-01-24',483346),(715,'David','Robertson',3,'1985-04-09',1622557),(716,'Addison','Russell',20,'1994-01-23',2000032),(717,'Marlon','Byrd',18,'1977-08-30',284578),(718,'Kelly','Johnson',3,'1982-02-22',292279),(719,'Joakim','Soria',14,'1984-05-18',1182834),(720,'Jon','Gray',27,'1991-11-05',2066291),(721,'Eddie','Butler',27,'1991-01-13',2044496),(722,'Gregory','Polanco',24,'1991-09-14',1954592),(723,'Maikel','Franco',18,'1992-08-26',1947851),(724,'Raul','Ibanez',28,'1972-06-02',7744),(725,'Jon','Singleton',22,'1991-09-18',1754162),(726,'Hector','Santiago',11,'1987-12-16',1740998),(727,'Erik','Johnson',6,'1989-12-30',1947826),(728,'Jake','Odorizzi',4,'1990-03-27',1757975),(729,'Nathan','Eovaldi',16,'1990-02-13',1803864),(730,'Miguel','Gonzalez',1,'1984-05-27',1208713),(731,'Corey','Dickerson',27,'1989-05-22',2041486),(732,'Lucas','Giolito',19,'1994-07-14',2000027),(733,'Jenrry','Mejia',17,'1989-10-11',1697838),(734,'Garrett','Richards',11,'1988-05-27',1741652),(735,'Robert','Stephenson',21,'1993-02-24',1894642),(736,'Rougned','Odor',14,'1994-02-03',1947857),(737,'Charlie','Morton',24,'1983-11-12',1390876),(738,'Chris','Owings',26,'1991-08-12',1741384),(739,'Erasmo','Ramirez',13,'1990-05-02',1939521),(740,'Jorge','Soler',20,'1992-02-25',1988873),(741,'Aaron','Sanchez',5,'1992-07-01',1757987),(742,'Tanner','Scheppers',14,'1987-01-17',1731943),(743,'Nate','Jones',6,'1986-01-28',1784687),(744,'James','Paxton',13,'1988-11-06',1805124),(745,'Michael','Choice',12,'1989-11-10',1758971),(746,'Jonathan ','Schoop',1,'1991-10-06',1840090),(747,'Roenis','Elias',13,'1988-08-01',2117135),(748,'Abraham','Almonte',13,'1989-06-27',1813191),(749,'Eugenio','Suarez',21,'1991-07-18',1960254),(750,'Robinson','Chirinos',14,'1984-06-05',392181),(751,'Lucas','Duda',17,'1986-02-03',1601528),(752,'Seth','Smith',29,'1982-09-30',549985),(753,'Alex','Meyer',10,'1990-01-03',1894638),(754,'Sean','Doolittle',12,'1986-09-26',1601130),(755,'Tommy','La Stella',20,'1989-01-31',1954553),(756,'Hector','Noesi',6,'1987-01-26',1725348),(757,'Cody','Allen',7,'1988-11-20',1953416),(758,'Marcell','Ozuna',16,'1990-11-12',1953522),(759,'Josh','Harrison',24,'1987-07-08',1670494),(760,'Jordy','Mercer',24,'1986-08-27',1667441),(761,'Juan','Lagares',17,'1989-03-17',1811887),(762,'Andrew','Susac',30,'1990-03-22',1937573),(763,'Stephen','Vogt',23,'1984-11-01',1667927),(764,'Charlie','Blackmon',27,'1986-07-01',1800284),(765,'Jacob','deGrom',17,'1988-06-19',2044508),(766,'Dellin','Betances',3,'1988-03-23',1623765),(767,'Kennys','Vargas',10,'1990-08-01',2052567),(768,'Corey','Seager',28,'1994-04-27',2041873),(769,'Danny','Santana',10,'1990-11-07',1810926),(770,'David','Peralta',26,'1987-08-14',2119697),(771,'Rymer','Liriano',29,'1991-06-20',1806911),(772,'Jimmy','Nelson',23,'1989-06-05',2044107),(773,'Odrisamer','Despaigne',29,'1987-04-04',2132830),(774,'Yasmany','Tomas',26,'1990-11-14',2160873),(775,'Dioner','Navarro',5,'1984-02-09',387245),(776,'Tanner','Roark',19,'1986-10-05',1670955),(777,'Shane','Greene',8,'1988-11-17',2040765),(778,'Tom','Koehler',16,'1986-06-29',1795805),(779,'Kevin','Kiermaier',4,'1990-04-22',1812666),(780,'Chris','Coghlan',20,'1985-06-18',1473575),(781,'John','Danks',6,'1985-04-14',538912),(782,'Julio','Urias',28,'1996-08-12',2073700),(783,'Joe','Smith',11,'1984-03-22',1205585),(784,'Wade','Davis',9,'1985-09-07',1231630),(785,'Ben','Lively',21,'1992-03-05',2117048),(786,'Neftali','Feliz',14,'1988-05-02',1623768),(787,'Blake','Swihart',2,'1992-04-03',1894641),(788,'Mookie','Betts',2,'1992-10-07',2106654),(789,'Marcus','Semien',6,'1990-09-17',1947827),(790,'Daniel','Norris',5,'1993-04-25',1956960),(791,'Tyler','Glasnow',24,'1993-08-23',2068548),(792,'Kyle','Hendricks',20,'1989-12-07',2108023),(793,'Kyle','Zimmer',9,'1991-09-13',2000030),(794,'Carlos','Rodon',6,'1900-01-01',2138665),(795,'Casey','McGehee',16,'1982-10-12',489788),(796,'Jung Ho','Kang',24,'1987-04-05',2166699),(797,'Rusney','Castillo',2,'1987-07-09',2145913),(798,'Alfredo','Simon',8,'1981-05-08',448968),(799,'Matt','Shoemaker',11,'1986-09-27',1937337),(800,'Dallas','Keuchel',22,'1988-01-01',1979965),(801,'Yusmeiro','Petit',19,'1984-11-22',1979965),(802,'Francisco','Rodriguez',23,'1900-01-01',288981),(803,'Joe','Panik',30,'1990-10-30',1894644),(804,'Joc','Pederson',28,'1992-04-21',1811026),(805,'T.J.','House',7,'1989-09-29',2027431),(806,'Jake','Arrieta',20,'1986-03-06',1619229),(807,'Henry','Owens',2,'1992-07-21',2049944),(808,'Alex','Guerrero',28,'1986-11-20',2106651),(809,'A.J.','Pollock',26,'1987-12-05',1740992),(810,'Carlos','Carrasco',7,'1987-03-21',1231629),(811,'Joey','Gallo',14,'1993-11-19',2007960),(820,'Drew','Hutchison',5,'1990-08-22',1812898),(813,'Marcus','Stroman',5,'1991-05-01',2001082),(814,'Collin','McHugh',22,'1987-06-19',2008572),(815,'Jake','McGee',4,'1986-08-06',1262693),(816,'Kyle','Crick',30,'1992-11-30',1947854),(817,'Josh','Collmenter',26,'1986-02-07',1784689),(818,'Trevor','May',10,'1989-09-23',1733562),(819,'Braden','Shipley',26,'1992-02-22',2066299),(821,'Drew','Storen',19,'1987-08-11',1724102),(822,'Yoan','Moncada',6,'1995-05-27',2170320),(823,'Steve','Pearce',5,'1983-04-13',1221813),(824,'Kendall','Graveman',12,'1990-12-21',2146204),(825,'Marco','Gonzales',25,'1992-02-16',2066303),(826,'Eduardo','Rodriguez',2,'1993-04-07',2042426),(827,'Steven','Matz',17,'1991-05-29',2107839),(828,'Robert','Refsnyder',3,'1991-03-26',2120353),(829,'Kyle','Schwarber',20,'1993-03-05',2135243),(830,'Michael','Conforto',17,'1993-03-01',2135247),(831,'DJ','LeMahieu',27,'1988-07-13',1740958),(832,'Jerad','Eickhoff',18,'1990-07-02',2159843),(833,'Josh','Tomlin',7,'1984-10-19',1758835),(834,'Ken','Giles',22,'1990-09-20',2044511),(835,'Jose','Peraza',21,'1994-04-30',1962826),(836,'Randal','Grichuk',25,'1991-08-13',1745354),(837,'Steven','Souza',4,'1989-04-24',1741011),(838,'Trea','Turner',19,'1993-06-30',2135249),(839,'Lance','McCullers',22,'1993-10-02',2001084),(840,'Hector','Rondon',20,'1988-02-26',1630091),(841,'Chris','Colabello',5,'2013-10-22',2042867),(842,'Matt','Duffy',30,'1991-01-15',2120665),(843,'Cody','Asche',18,'1990-06-30',2039891),(844,'Cesar','Hernandez',18,'1990-05-23',1784924),(845,'Orlando','Arcia',23,'1994-08-04',2041500),(846,'Brandon','Nimmo',17,'1993-03-27',1894663),(847,'Jeurys','Familia',17,'1989-10-10',1756628),(848,'J.T.','Realmuto',16,'1991-03-18',1947839),(849,'Odubel','Herrera',18,'1991-12-29',2046496),(850,'Brandon','Crawford',30,'1987-01-21',1666686),(851,'Stephen','Piscotty',12,'1991-01-14',2044751),(852,'Trayce','Thompson',11,'1991-03-15',1741020),(853,'Aaron','Altherr',18,'1991-01-14',2107840),(854,'Anthony','DeSclafani',21,'1990-04-18',2117049),(855,'Cody','Anderson',7,'1990-09-14',2116982),(856,'Justin','Nicolino',16,'1991-11-22',1935824),(857,'Manny','Banuelos',15,'1991-03-13',1799265),(858,'Jose','Berrios',10,'1994-05-27',2044503),(859,'Jesse','Winker',21,'1993-08-17',2044492),(860,'Shawn','Tolleson',14,'1988-01-19',1957303),(861,'Blake','Snell',4,'1992-12-04',2006996),(862,'Alex','Reyes',25,'1994-08-29',2117043),(863,'Jose','De Leon',28,'1995-04-19',2167459),(864,'J.P.','Crawford',18,'1995-01-11',2066300),(865,'Nomar','Mazara',14,'1995-04-26',2044518),(866,'Jorge','Alfaro',18,'1993-06-11',1846227),(867,'Luke','Gregerson',22,'1984-05-14',1604111),(868,'Roberto','Osuna',5,'1995-02-07',2042942),(869,'Joe','Ross',19,'1993-05-21',1894640),(870,'Brad','Boxberger',4,'1988-05-27',1813265),(871,'Luis','Severino',3,'1994-02-20',2117131),(872,'Tyler','Kolek',16,'1995-12-15',2135242),(873,'Derek','Norris',29,'1989-02-14',1669888),(874,'Billy','Burns',12,'1989-08-30',2046042),(875,'Francisco','Cervelli',24,'1986-03-06',1200051),(876,'Logan','Forsythe',4,'1987-01-14',1735788),(877,'Adeiny','Hechavarria',16,'1989-04-15',1744722),(878,'Ender','Inciarte',15,'1990-10-29',1808403),(879,'Brock','Holt',2,'1988-06-11',1741211),(880,'Hector','Olivera',15,'1985-04-05',2171333),(881,'Devon','Travis',5,'1991-02-21',2049815),(882,'Raisel','Iglesias',21,'1990-01-04',2135575),(883,'Taylor','Jungmann',23,'1989-12-18',1894630),(884,'Greg','Bird',3,'1992-11-09',2040761),(885,'Justin','Turner',28,'1984-11-23',1600680),(886,'Balbino','Fuenmayor',9,'1989-11-26',1),(887,'Santiago','Casilla',30,'1980-07-25',515663),(888,'Nick','Hundley',27,'1983-09-08',1200053),(889,'Gregor','Blanco',30,'1983-12-24',1205708),(890,'Jace','Peterson',15,'1990-05-09',1959186),(891,'Aaron','Nola',18,'1993-06-04',2133925),(892,'Nathan','Karns',13,'1987-11-25',2027437),(893,'Colby','Lewis',14,'1979-08-02',284621),(894,'Derek','Dietrich',16,'1989-07-18',2042435),(895,'Colin','Rea',29,'1990-07-01',2170141),(896,'Michael','Fulmer',8,'1993-03-15',2007003),(897,'Kevin','Pillar',5,'1989-01-04',2046044),(898,'Aaron','Judge',3,'1992-04-26',2071264),(899,'Andrew','Miller',3,'1985-05-21',1116708),(900,'Chris','Heston',30,'1988-04-10',1982197),(901,'Kenta','Maeda',28,'1988-04-11',2215993),(902,'Ketel','Marte',13,'1993-10-12',1963334),(903,'Byung-Ho','Park',10,'1986-07-10',2210864),(904,'Trevor','Story',27,'1992-11-15',1945488),(905,'Eddie','Rosario',10,'1991-09-28',1910546),(906,'Dansby','Swanson',15,'1994-02-11',2184343),(907,'CJ','Cron',11,'1990-01-05',1894603),(908,'Bradley','Zimmer',7,'1992-11-27',2135252),(909,'AJ','Reed',22,'1993-05-10',2165914),(910,'Vince','Velasquez',18,'1992-06-07',2117039),(911,'Travis','Shaw',2,'1990-04-16',2048656),(912,'Tyler','White',22,'1990-10-29',2215849),(913,'Domingo','Santana',23,'1992-08-05',1958810),(914,'Socrates','Brito',26,'1992-09-06',1962877),(915,'Andrew','Benintendi',2,'1994-07-06',2184354),(916,'Jorge','Mateo',3,'1995-06-23',2167484),(917,'Delino','DeShields',14,'1992-08-16',1762815),(918,'Danny','Valencia',13,'1984-09-19',1660696),(919,'Adam','Conley',16,'1990-05-24',2042428),(920,'Lewis','Brinson',23,'1994-05-08',2044517),(921,'Robbie','Ray',26,'1991-10-01',1947846),(922,'Yangervis','Solarte',5,'1987-07-07',1741691),(923,'Didi','Gregorius',3,'1990-02-18',1810724),(924,'Brady','Aiken',7,'1996-08-16',2135241),(925,'Sean','Newcomb',15,'1993-06-12',2165525),(926,'Juan','Nicasio',24,'1986-08-31',1725393),(927,'Max','Kepler',10,'1993-02-12',2044504),(928,'Tyler','Lyons',25,'1988-02-21',2040403),(929,'Brad','Ziegler',26,'1979-10-10',1208774),(930,'Justin','Bour',16,'1988-05-28',1741754),(931,'Jake','Lamb',26,'1990-10-09',2044246),(932,'Clint','Frazier',3,'1994-09-06',2066293),(933,'Raul','Mondesi',9,'1995-07-27',2044531),(934,'Josh','Bell',24,'1993-01-01',1940495),(935,'Willson','Contreras',20,'1992-05-13',2171084),(936,'Rich','Hill',12,'1980-03-11',555244),(937,'Tyler','Chatwood',27,'1989-12-16',1725478),(938,'Alex','Bregman',22,'1994-03-30',2184351),(939,'David','Dahl',27,'1994-04-01',2001079),(940,'Gary','Sanchez',3,'1992-12-02',1799263),(941,'Sean','Manaea',12,'1992-02-01',2066704),(942,'Dan','Vogelbach',13,'1992-12-17',2028783),(943,'Francisco','Mejia',7,'1995-10-27',2117123),(944,'Rafael','Devers',2,'1996-10-24',2165929),(945,'Austin','Meadows',24,'1995-05-03',2068549),(946,'T.J.','Rivera',17,'1988-10-27',2120732),(947,'Matt','Boyd',8,'1991-02-02',2173411),(948,'Alex','Colome',4,'1988-12-31',1739607),(949,'Hernan','Perez',23,'1991-03-26',1741611),(950,'Nick','Williams',18,'1993-09-08',2053584),(951,'Jharel','Cotton',28,'1992-01-19',2171047),(952,'Luke','Weaver',25,'1993-08-21',2135258),(953,'Robert','Gsellman',17,'1993-07-18',2210220),(954,'Tyler','Thornburg',2,'1988-09-29',1840443),(955,'Tyler','Anderson',27,'1989-12-30',1894636),(956,'Adam','Duvall',21,'1988-09-04',2042091),(957,'Cheslor','Cuthbert',9,'1992-11-16',1995622),(958,'Kelvin','Herrera',9,'1989-12-31',1897843),(959,'Seung-hwan','Oh',25,'1982-07-15',221),(960,'Manuel','Margot',29,'1994-09-28',2167053),(961,'Brendan','Rodgers',27,'1996-08-09',2184348),(962,'Victor','Robles',19,'1997-05-19',2211801),(963,'Zach','Davies',23,'1993-02-07',2167465),(964,'Edwin','Diaz',13,'1994-03-22',2117203),(965,'Ozzie','Albies',15,'1997-01-07',2167464),(966,'Paulo','Orlando',9,'1985-11-01',1208670),(967,'Sandy','Leon',2,'1989-03-13',1928685),(968,'Tim','Anderson',6,'1993-06-23',2066301),(969,'Keon','Broxton',23,'1990-05-07',1740911),(970,'Tyler','Naquin',7,'1991-04-24',2044528),(971,'Junior','Guerra',23,'1985-01-16',2171701),(972,'Jeff','Hoffman',27,'1993-01-08',2135606),(973,'Tyler','Austin',3,'1991-09-06',1947847),(974,'Reynaldo','Lopez',6,'1994-01-04',2165932),(975,'Seth','Lugo',17,'1989-11-17',2210221),(976,'Aledmys','Diaz',25,'1990-08-01',2119877),(977,'Luis','Cessa',3,'1992-04-25',2208984),(978,'Sam','Dyson',14,'1988-05-07',1993841),(979,'Anderson','Espinoza',29,'1998-03-09',2211779),(980,'Hunter','Renfroe',29,'1992-01-28',2069467),(981,'Jose','Ramirez',7,'1992-09-17',2044495),(982,'A.J.','Ramos',16,'1986-09-20',1945284),(983,'Brandon','Finnegan',21,'1993-04-14',2136391),(984,'Amed','Rosario',17,'1995-11-20',2117042),(985,'Teoscar','Hernandez',22,'1992-10-15',2119659),(986,'Jesse','Winkler',21,'1994-01-01',2044492),(987,'Amir','Garrett',21,'1993-03-08',2053474),(988,'Eric','Thames',23,'1986-12-19',1741019),(989,'Ian','Happ',20,'1996-12-05',2184356),(990,'Cody','Bellinger',28,'1995-07-13',2165919),(991,'Gleyber','Torres',3,'1996-12-13',2167471),(992,'Eloy','Jimenez',20,'1996-11-27',2167765),(993,'Mitch','Haniger',13,'1990-12-23',2044502),(994,'Ryon','Healy',12,'1992-01-10',2170386),(995,'Brandon','Drury',26,'1992-08-21',1957192),(996,'Nick','Senzel',21,'1995-06-29',2250589),(997,'Mike','Foltynewicz',15,'1991-10-07',1757989),(998,'Jorge','Polanco',10,'1993-07-05',2106657),(999,'Yuli','Gurriel',22,'1994-06-09',2250236),(1000,'Joe','Musgrove',22,'1992-12-04',2002312),(1001,'Lourdes','Gurriel',5,'1993-10-19',2431991),(1002,'Erick','Fedde',19,'1993-02-25',2167502),(1003,'Josh','Hader',23,'1994-04-07',2044482),(1004,'Michael ','Kopech',6,'1996-04-30',2135265),(1005,'Tommy','Joseph',18,'1991-07-16',1794784),(1006,'Blake','Treinen',12,'1988-06-30',1953420),(1007,'Dalton','Pompey',5,'1992-12-11',1953811),(1008,'Yadier','Alverez',28,'1996-03-07',2227140),(1009,'Jacob','Faria',4,'1993-08-08',2210236),(1010,'Rhys','Hoskins',18,'1993-03-17',2211176),(1011,'Paul','DeJong',25,'1993-08-02',2211775),(1012,'Cory','Spangenberg',29,'1991-03-16',1846231),(1013,'Parker','Bridwell',11,'1991-08-02',2118843),(1014,'Jose','Urena',16,'1991-09-12',2053483),(1015,'Matt','Olson',12,'1994-03-29',2044509),(1016,'Miguel','Andujar',3,'1995-03-02',2167340),(1017,'Ryan','McMahon',27,'1994-12-14',2066810),(1018,'Bo','Bichette',5,'1998-03-05',2447495),(1019,'Mitch','Keller',24,'1996-04-04',2167302),(1020,'Willy','Adames',4,'1995-09-02',2165933),(1021,'Zack','Godley',26,'1990-04-21',2179204),(1022,'Brent','Honeywell',4,'1995-03-31',2167511),(1023,'German','Marquez',27,'1995-02-22',2210237),(1024,'Ariel','Miranda',13,'1989-01-10',2226885),(1025,'Jack','Flaherty',25,'1995-10-15',2135266),(1026,'Walker','Buehler',11,'1994-07-28',2184468),(1027,'Marwin','gonzalez',22,'1989-03-14',1599169),(1028,'Trey','Mancini',1,'1992-03-18',2119352),(1029,'Luis','Basabe',6,'1996-08-26',2211774),(1030,'Ben','Gamel',13,'1992-05-17',1961737),(1031,'Derek','Fisher',22,'1993-08-21',2136393),(1032,'Kyle','Tucker',22,'1997-01-17',2184352),(1033,'Brad','Peacock',22,'1988-02-02',1833104),(1034,'Forrest','Whitley',22,'1997-09-15',2250602),(1035,'Brandon','Kintzler',19,'1984-08-31',1769564),(1036,'Chris','Devenski',22,'1990-11-13',1963330),(1037,'Ryan','Madson',19,'1980-08-28',383447),(1038,'Nick','Delmonico',6,'1992-07-12',1947819),(1039,'Dominic','Smith',17,'1995-06-15',2066296),(1040,'Jeimer','Candelario',8,'1993-11-24',2051255),(1041,'Ronald','Acuna',15,'1997-12-18',2211777),(1042,'Brett','Phillips',23,'1994-05-30',2167477),(1043,'Michael','Taylor',19,'1991-03-26',1954849),(1044,'Freddy','Galvis',29,'1989-11-14',1603347),(1045,'Chris','Taylor',28,'1990-08-29',2048496),(1046,'Alex','Verdugo',28,'1996-05-15',2167479),(1047,'Chase','Anderson',23,'1987-11-30',2027498),(1048,'Luis','Castillo',21,'1992-12-12',2223751),(1049,'Chad','Kuhl',24,'1992-09-10',2215966),(1050,'Mike','Clevinger',7,'1990-12-21',2044484),(1051,'Tyler','Flowers',15,'1986-01-24',1539223),(1052,'Vladimir','Guerrero',5,'1900-01-01',2221784),(1053,'Franklin','Barreto',12,'1996-02-27',2117139),(1054,'Chad','Bettis',27,'1989-04-26',1941511),(1055,'Dinelson','Lamet',29,'1992-07-18',2507517),(1056,'Austin','Pruitt',4,'1989-08-31',2444516),(1057,'Jason','Groome',2,'1998-08-23',2250597),(1058,'Brad','Hand',29,'1990-03-20',1795804),(1059,'Whit','Merrifield',9,'1989-01-24',1961293),(1060,'Willie','Calhoun',14,'1994-11-04',2211781),(1061,'Kyle','Freeland',27,'1993-05-14',2135246),(1062,'Chance','Adams',3,'1994-08-10',2449975),(1063,'Felipe','Rivero',24,'1991-07-05',2027506),(1064,'Manny','Pina',23,'1987-08-03',1662811),(1065,'Danny','Jansen',5,'1995-04-15',2216808),(1066,'Tommy','Pham',25,'1988-03-08',1804466),(1067,'Jordon','Adell',11,'1999-04-08',2835062),(1068,'Alec','Hansen',6,'1994-10-10',2453261),(1069,'Corey','Knebel',23,'1991-11-26',2066314),(1077,'Christian','Vazquez',2,'1990-08-21',1810924),(1076,'Luiz','Gohara',15,'1996-07-31',2117137),(1073,'Tyler','O\'Neill',25,'1995-06-22',2171342),(1075,'Shohei','Ohtani',11,'1994-07-05',2901324),(1078,'Jordan','Montgomery',3,'1992-12-27',2453275),(1079,'Austin','Hays',1,'1995-07-05',2507192),(1080,'MacKenzie','Gore',29,'1999-02-24',2835055),(1081,'Hunter','Greene',21,'1999-08-06',2835054),(1082,'Austin','Barnes',28,'1989-12-28',2046041),(1083,'Chad','Green',3,'1991-05-24',2118874),(1084,'Luis','Robert',6,'1999-01-01',2826875),(1085,'Miles','Mikolas',25,'1988-08-23',1946522),(1086,'Sixto','Sanchez',18,'1998-07-29',2507515),(1087,'Arodys','Vizcaino',15,'1990-11-13',1730743),(1088,'Boog','Powell',12,'1993-01-14',2167512),(1089,'Brad','Brach',1,'1986-04-12',1793607),(1090,'AJ','Minter',15,'1993-09-02',2449982),(1091,'Ty','Blach',30,'1990-10-20',2114068),(1092,'AJ','Puk',12,'1995-04-25',2250620),(1093,'Chris','Iannetta',27,'1983-04-08',584802),(1094,'Tyler','Mahle',21,'1994-09-29',2211216),(1095,'Austin','Riley',15,'1997-04-02',2211186),(1096,'Scott','Kingery',18,'1995-01-01',2447481),(1097,'Colin','Moran',24,'1992-10-01',2070065),(1098,'Joey','Lucchesi',29,'1993-06-06',2507336),(1099,'Fernando','Romero',10,'1994-12-24',2443745),(1100,'Juan','Soto',19,'1998-10-25',2507367),(1101,'Jake','Bauers',4,'1995-07-30',2165918);

--
-- Table structure for table `player_position`
--

CREATE TABLE `player_position` (
  `player_id` int(11) NOT NULL DEFAULT '0',
  `position_id` int(11) NOT NULL DEFAULT '0',
  PRIMARY KEY (`player_id`,`position_id`)
) ENGINE=MyISAM DEFAULT CHARSET=latin1;

--
-- Dumping data for table `player_position`
--

INSERT INTO `player_position` VALUES (203,9),(204,3),(204,6),(205,2),(206,3),(207,4),(208,8),(209,5),(210,6),(211,8),(212,4),(213,4),(213,5),(214,8),(215,1),(216,4),(217,9),(218,5),(219,8),(220,3),(221,8),(222,6),(223,8),(224,8),(225,9),(226,6),(227,6),(228,4),(229,6),(230,8),(231,8),(232,6),(233,3),(233,6),(234,6),(235,6),(236,1),(237,6),(238,9),(239,6),(240,6),(241,8),(242,8),(243,8),(244,8),(244,9),(245,8),(246,2),(247,2),(247,4),(248,6),(249,5),(250,5),(251,8),(252,6),(253,8),(254,3),(255,8),(256,8),(257,2),(258,4),(259,3),(260,6),(261,8),(262,9),(263,8),(264,6),(265,5),(266,9),(267,9),(268,8),(269,8),(270,8),(271,5),(272,2),(272,6),(273,6),(274,6),(275,6),(276,4),(276,5),(277,2),(277,6),(278,8),(279,1),(280,8),(281,2),(282,2),(282,4),(283,6),(284,6),(285,6),(286,5),(287,8),(288,8),(289,8),(290,1),(290,6),(291,5),(292,1),(293,6),(294,2),(295,5),(296,4),(297,5),(298,8),(299,6),(300,2),(301,8),(302,8),(303,6),(304,9),(305,2),(305,4),(306,2),(307,4),(308,9),(309,8),(310,8),(311,6),(312,2),(313,6),(314,2),(315,6),(316,8),(317,6),(318,3),(319,1),(320,6),(321,8),(322,8),(323,8),(324,3),(325,8),(326,8),(327,6),(328,6),(329,8),(330,9),(331,8),(332,8),(333,8),(334,5),(335,8),(336,6),(337,8),(338,2),(338,6),(339,8),(340,4),(341,8),(342,8),(343,6),(344,3),(345,8),(346,9),(347,6),(348,2),(349,2),(350,8),(351,8),(352,8),(353,8),(354,6),(355,3),(356,8),(357,6),(358,6),(359,8),(360,9),(361,9),(362,2),(363,6),(364,6),(365,5),(366,8),(367,4),(368,8),(369,9),(370,6),(371,2),(371,6),(372,4),(373,6),(374,8),(375,6),(376,6),(377,8),(377,9),(378,8),(379,2),(379,3),(379,4),(380,8),(381,9),(382,3),(383,3),(384,2),(385,8),(386,2),(386,6),(387,2),(388,8),(389,1),(390,3),(390,4),(391,2),(392,8),(393,8),(394,8),(395,8),(396,8),(397,3),(397,6),(398,4),(399,1),(400,6),(401,8),(402,4),(403,8),(404,8),(405,6),(406,6),(407,4),(408,1),(409,6),(410,6),(411,8),(412,1),(412,2),(413,2),(413,6),(414,1),(415,8),(416,6),(417,8),(418,8),(418,9),(419,4),(420,8),(421,8),(422,8),(423,8),(424,1),(425,1),(426,1),(427,8),(428,7),(429,2),(430,2),(431,8),(432,2),(432,6),(433,9),(434,4),(435,3),(435,4),(436,6),(437,6),(438,2),(439,9),(440,8),(441,8),(442,8),(443,8),(444,9),(445,4),(446,7),(447,6),(448,9),(449,8),(450,6),(451,8),(452,3),(453,6),(454,5),(455,1),(456,9),(457,8),(458,3),(459,6),(460,1),(461,8),(462,4),(463,8),(464,1),(464,2),(465,4),(466,8),(467,4),(468,6),(469,2),(470,9),(471,6),(472,8),(473,4),(474,7),(475,5),(476,6),(477,6),(478,6),(479,4),(480,2),(481,8),(482,6),(483,2),(484,9),(485,4),(486,8),(487,5),(488,8),(489,1),(490,6),(491,9),(492,5),(493,8),(494,8),(495,8),(496,8),(497,4),(498,2),(499,8),(500,6),(501,8),(502,5),(503,4),(504,8),(505,8),(506,8),(507,6),(508,9),(509,6),(510,6),(511,6),(512,8),(513,8),(514,6),(515,6),(516,2),(516,6),(517,8),(518,8),(519,2),(520,3),(521,6),(522,2),(522,6),(523,5),(524,8),(524,9),(525,3),(526,6),(527,6),(528,3),(529,9),(530,8),(531,8),(532,6),(533,6),(534,8),(534,9),(535,8),(536,2),(537,8),(538,3),(539,8),(540,3),(541,6),(542,8),(543,8),(544,1),(545,9),(546,6),(547,8),(548,8),(549,8),(550,4),(551,2),(551,4),(552,2),(552,4),(553,6),(554,8),(554,9),(555,4),(555,6),(556,8),(557,8),(558,3),(558,5),(558,6),(559,2),(560,2),(561,8),(562,8),(563,6),(564,1),(565,6),(566,2),(567,8),(568,8),(568,9),(569,8),(570,8),(571,6),(572,5),(573,4),(574,9),(575,8),(576,2),(577,2),(578,6),(579,8),(580,4),(581,6),(582,4),(583,6),(584,1),(585,9),(586,6),(587,9),(588,6),(589,8),(590,9),(591,5),(592,9),(593,9),(594,4),(594,5),(595,2),(596,8),(597,1),(597,2),(598,6),(599,8),(600,1),(601,8),(602,8),(603,6),(604,9),(605,8),(606,2),(606,6),(607,8),(608,6),(609,3),(610,5),(611,9),(612,2),(612,6),(613,8),(614,8),(615,3),(615,4),(616,8),(617,6),(618,9),(619,9),(620,6),(621,4),(621,5),(622,8),(623,6),(624,8),(625,9),(626,8),(627,1),(628,3),(628,4),(629,3),(629,5),(630,6),(631,6),(632,5),(632,6),(633,6),(634,8),(635,1),(636,6),(637,4),(638,8),(639,6),(640,6),(641,8),(642,8),(643,9),(644,9),(645,9),(646,2),(647,3),(648,1),(649,5),(650,9),(651,8),(652,5),(653,8),(654,4),(654,5),(655,6),(656,6),(657,3),(657,5),(658,8),(659,1),(660,2),(661,6),(662,3),(662,5),(663,8),(664,8),(664,9),(665,9),(666,8),(667,8),(668,8),(669,3),(670,3),(671,8),(672,8),(673,8),(674,8),(675,8),(676,4),(677,3),(678,8),(679,1),(680,3),(680,5),(681,9),(682,8),(683,6),(684,6),(685,9),(686,8),(687,8),(687,9),(688,8),(689,6),(690,1),(691,4),(692,2),(693,3),(694,5),(695,8),(696,8),(697,8),(698,4),(698,5),(699,4),(700,8),(701,2),(701,3),(701,4),(702,3),(702,4),(703,6),(704,8),(704,9),(705,3),(706,1),(707,9),(708,4),(709,8),(710,1),(711,8),(712,8),(712,9),(713,8),(714,8),(715,9),(716,5),(717,6),(718,3),(718,6),(719,9),(720,8),(721,8),(722,6),(723,4),(724,6),(725,2),(726,8),(727,8),(728,8),(729,8),(730,8),(731,6),(732,9),(733,8),(734,8),(735,8),(736,3),(737,8),(738,5),(739,8),(740,6),(741,9),(742,8),(743,9),(744,8),(745,6),(746,3),(747,8),(748,6),(749,4),(750,1),(751,2),(752,6),(753,8),(754,9),(755,3),(756,8),(757,9),(758,6),(759,3),(759,4),(760,5),(761,6),(762,1),(763,1),(764,6),(765,8),(766,9),(767,2),(768,5),(769,5),(769,6),(770,6),(771,6),(772,8),(773,8),(774,4),(774,6),(775,1),(776,8),(777,8),(778,8),(779,6),(780,6),(781,8),(782,8),(783,9),(784,8),(784,9),(785,8),(786,9),(787,1),(788,6),(789,3),(789,4),(790,8),(790,9),(791,8),(792,8),(793,8),(794,9),(795,4),(796,5),(797,6),(798,8),(799,8),(800,8),(801,8),(801,9),(802,9),(803,3),(803,5),(804,6),(805,8),(806,8),(807,8),(808,3),(808,6),(809,6),(810,8),(810,9),(811,4),(812,6),(813,8),(814,8),(815,9),(816,9),(817,8),(818,8),(819,8),(820,8),(821,9),(822,4),(823,2),(823,6),(824,8),(825,8),(826,8),(827,8),(828,3),(829,1),(830,6),(831,3),(831,7),(832,8),(833,8),(834,9),(835,3),(836,6),(837,6),(838,3),(839,8),(840,9),(841,2),(841,6),(842,4),(843,4),(843,6),(844,3),(845,5),(846,6),(847,9),(848,1),(849,6),(850,5),(851,6),(852,6),(853,6),(854,8),(855,8),(856,8),(857,8),(858,8),(859,6),(860,9),(861,8),(862,8),(863,8),(863,9),(864,5),(865,6),(866,1),(867,9),(868,9),(869,8),(870,9),(871,8),(872,8),(873,1),(874,6),(875,1),(876,2),(876,3),(877,5),(878,6),(879,3),(879,4),(879,6),(880,4),(881,3),(882,8),(883,8),(884,2),(885,4),(886,2),(887,9),(888,1),(889,6),(890,3),(891,8),(892,8),(893,8),(894,3),(894,4),(895,8),(896,8),(897,6),(898,6),(899,9),(900,8),(901,8),(902,5),(903,2),(904,5),(905,6),(906,5),(907,2),(908,6),(909,2),(910,8),(911,2),(911,4),(912,2),(912,4),(913,6),(914,6),(915,6),(916,5),(917,6),(918,4),(918,6),(919,8),(920,6),(921,8),(922,3),(923,5),(924,8),(925,8),(926,8),(926,9),(927,6),(928,8),(928,9),(929,9),(930,2),(931,4),(932,6),(933,5),(934,2),(935,1),(936,8),(937,8),(938,5),(939,6),(940,1),(941,8),(942,2),(943,1),(944,4),(945,6),(946,3),(947,8),(948,8),(949,4),(949,6),(950,6),(951,8),(952,8),(953,8),(954,9),(955,8),(956,6),(957,4),(958,9),(959,9),(960,6),(961,5),(962,6),(963,8),(964,9),(965,3),(966,6),(967,1),(968,5),(969,6),(970,6),(971,8),(972,8),(973,2),(973,6),(974,8),(975,8),(976,5),(977,8),(978,9),(979,8),(980,6),(981,4),(981,5),(981,6),(982,8),(983,8),(984,5),(985,6),(986,6),(987,8),(988,2),(988,6),(989,3),(990,2),(990,6),(991,5),(992,6),(993,6),(994,2),(994,4),(995,3),(996,4),(997,8),(998,5),(999,2),(999,4),(1000,8),(1001,5),(1002,8),(1003,8),(1004,8),(1005,2),(1006,9),(1007,6),(1008,8),(1009,8),(1010,2),(1010,6),(1011,3),(1011,5),(1012,4),(1012,6),(1013,8),(1014,8),(1015,2),(1016,4),(1017,2),(1018,5),(1019,8),(1020,5),(1021,8),(1022,8),(1023,8),(1024,8),(1025,8),(1026,9),(1027,2),(1027,3),(1027,5),(1027,6),(1027,7),(1028,2),(1028,6),(1029,6),(1030,6),(1031,6),(1032,6),(1033,8),(1033,9),(1034,8),(1035,9),(1036,9),(1037,9),(1038,6),(1039,2),(1040,4),(1041,6),(1042,6),(1043,6),(1044,5),(1045,3),(1045,6),(1046,6),(1047,8),(1048,8),(1049,8),(1050,8),(1051,1),(1052,4),(1053,5),(1054,8),(1055,8),(1056,8),(1056,9),(1057,8),(1058,9),(1059,3),(1060,6),(1061,8),(1062,8),(1063,9),(1064,1),(1065,1),(1066,6),(1067,6),(1068,8),(1069,9),(1070,6),(1071,4),(1072,6),(1073,6),(1074,9),(1075,7),(1075,8),(1076,8),(1077,1),(1078,8),(1079,6),(1080,8),(1081,8),(1082,1),(1082,3),(1083,9),(1084,6),(1085,8),(1086,8),(1087,9),(1088,6),(1089,9),(1090,9),(1091,8),(1092,8),(1093,1),(1094,8),(1095,4),(1096,3),(1097,2),(1098,8),(1099,8),(1100,6),(1101,2),(1101,6);

--
-- Table structure for table `position`
--

CREATE TABLE `position` (
  `position_id` int(11) NOT NULL AUTO_INCREMENT,
  `position_name` varchar(25) NOT NULL DEFAULT '',
  `abbreviation` varchar(8) NOT NULL DEFAULT '',
  PRIMARY KEY (`position_id`)
) ENGINE=MyISAM AUTO_INCREMENT=10 DEFAULT CHARSET=latin1;

--
-- Dumping data for table `position`
--

INSERT INTO `position` VALUES (8,'Starting Pitcher','SP'),(7,'Designated Hitter','DH'),(6,'Outfield','OF'),(5,'Shortstop','SS'),(4,'Third Base','3B'),(3,'Second Base','2B'),(2,'First Base','1B'),(1,'Catcher','C'),(9,'Relief Pitcher','RP');

--
-- Table structure for table `rank`
--

CREATE TABLE `rank` (
  `rank_id` int(11) NOT NULL AUTO_INCREMENT,
  `year` int(11) NOT NULL,
  `team_id` int(11) NOT NULL,
  `player_id` int(11) NOT NULL,
  `rank` int(11) NOT NULL,
  `is_placeholder` tinyint(1) NOT NULL DEFAULT '0',
  PRIMARY KEY (`rank_id`),
  KEY `uq_year_team_player` (`year`,`team_id`,`player_id`)
) ENGINE=InnoDB AUTO_INCREMENT=11015 DEFAULT CHARSET=latin1;

--
-- Dumping data for table `rank`
--

INSERT INTO `rank` VALUES (1,2013,3,531,10,1),(2,2013,13,531,10,1),(3,2013,4,531,10,1),(4,2013,16,531,10,1),(5,2013,2,531,10,1),(6,2013,12,531,10,1),(7,2013,8,531,10,1),(8,2013,7,531,10,1),(9,2013,10,531,10,1),(10,2013,1,531,10,1),(11,2013,9,531,10,1),(12,2013,15,531,10,1),(13,2013,11,531,10,1),(14,2013,5,531,10,1),(15,2013,6,531,10,1),(16,2013,14,289,10,1),(17,2013,3,289,10,1),(18,2013,13,289,10,1),(19,2013,4,289,10,1),(20,2013,16,289,10,1),(21,2013,2,289,10,1),(22,2013,12,289,10,1),(23,2013,8,289,10,1),(24,2013,7,289,10,1),(25,2013,10,289,10,1),(26,2013,1,289,10,1),(27,2013,9,289,10,1),(28,2013,15,289,10,1),(29,2013,5,289,10,1),(30,2013,6,289,10,1),(31,2013,14,247,10,1),(32,2013,3,247,10,1),(33,2013,13,247,10,1),(34,2013,4,247,10,1),(35,2013,16,247,10,1),(36,2013,2,247,10,1),(37,2013,12,247,10,1),(38,2013,8,247,10,1),(39,2013,7,247,10,1),(40,2013,10,247,10,1),(41,2013,1,247,10,1),(42,2013,9,247,10,1),(43,2013,11,247,10,1),(44,2013,5,247,10,1),(45,2013,6,247,10,1),(46,2013,14,521,10,1),(47,2013,3,521,10,1),(48,2013,13,521,10,1),(49,2013,4,521,10,1),(50,2013,16,521,10,1),(51,2013,2,521,10,1),(52,2013,12,521,10,1),(53,2013,7,521,10,1),(54,2013,10,521,10,1),(55,2013,1,521,10,1),(56,2013,9,521,10,1),(57,2013,15,521,10,1),(58,2013,11,521,10,1),(59,2013,5,521,10,1),(60,2013,6,521,10,1),(61,2013,14,342,10,1),(62,2013,3,342,10,1),(63,2013,13,342,10,1),(64,2013,4,342,10,1),(65,2013,16,342,10,1),(66,2013,2,342,10,1),(67,2013,12,342,10,1),(68,2013,8,342,10,1),(69,2013,7,342,10,1),(70,2013,10,342,10,1),(71,2013,1,342,10,1),(72,2013,9,342,10,1),(73,2013,15,342,10,1),(74,2013,5,342,10,1),(75,2013,6,342,10,1),(76,2013,14,505,10,1),(77,2013,3,505,10,1),(78,2013,13,505,10,1),(79,2013,4,505,10,1),(80,2013,16,505,10,1),(81,2013,2,505,10,1),(82,2013,12,505,10,1),(83,2013,8,505,10,1),(84,2013,7,505,10,1),(85,2013,10,505,10,1),(86,2013,1,505,10,1),(87,2013,9,505,10,1),(88,2013,15,505,10,1),(89,2013,5,505,10,1),(90,2013,6,505,10,1),(91,2013,14,464,10,1),(92,2013,3,464,10,1),(93,2013,13,464,10,1),(94,2013,4,464,10,1),(95,2013,16,464,10,1),(96,2013,2,464,10,1),(97,2013,12,464,10,1),(98,2013,8,464,10,1),(99,2013,7,464,10,1),(100,2013,10,464,10,1),(101,2013,1,464,10,1),(102,2013,9,464,10,1),(103,2013,15,464,10,1),(104,2013,5,464,10,1),(105,2013,6,464,10,1),(106,2013,14,300,10,1),(107,2013,3,300,10,1),(108,2013,13,300,10,1),(109,2013,4,300,10,1),(110,2013,16,300,10,1),(111,2013,2,300,10,1),(112,2013,12,300,10,1),(113,2013,8,300,10,1),(114,2013,10,300,10,1),(115,2013,1,300,10,1),(116,2013,9,300,10,1),(117,2013,15,300,10,1),(118,2013,11,300,10,1),(119,2013,5,300,10,1),(120,2013,6,300,10,1),(121,2013,14,278,9,1),(122,2013,3,278,9,1),(123,2013,13,278,9,1),(124,2013,4,278,9,1),(125,2013,16,278,9,1),(126,2013,2,278,9,1),(127,2013,12,278,9,1),(128,2013,8,278,9,1),(129,2013,7,278,9,1),(130,2013,10,278,9,1),(131,2013,1,278,9,1),(132,2013,15,278,9,1),(133,2013,11,278,9,1),(134,2013,5,278,9,1),(135,2013,6,278,9,1),(136,2013,14,494,9,1),(137,2013,3,494,9,1),(138,2013,13,494,9,1),(139,2013,4,494,9,1),(140,2013,16,494,9,1),(141,2013,2,494,9,1),(142,2013,12,494,9,1),(143,2013,8,494,9,1),(144,2013,10,494,9,1),(145,2013,1,494,9,1),(146,2013,9,494,9,1),(147,2013,15,494,9,1),(148,2013,11,494,9,1),(149,2013,5,494,9,1),(150,2013,6,494,9,1),(151,2013,14,243,9,1),(152,2013,3,243,9,1),(153,2013,13,243,9,1),(154,2013,4,243,9,1),(155,2013,16,243,9,1),(156,2013,2,243,9,1),(157,2013,12,243,9,1),(158,2013,8,243,9,1),(159,2013,10,243,9,1),(160,2013,1,243,9,1),(161,2013,9,243,9,1),(162,2013,15,243,9,1),(163,2013,11,243,9,1),(164,2013,5,243,9,1),(165,2013,6,243,9,1),(166,2013,14,469,9,1),(167,2013,3,469,9,1),(168,2013,13,469,9,1),(169,2013,4,469,9,1),(170,2013,16,469,9,1),(171,2013,2,469,9,1),(172,2013,8,469,9,1),(173,2013,7,469,9,1),(174,2013,10,469,9,1),(175,2013,1,469,9,1),(176,2013,9,469,9,1),(177,2013,15,469,9,1),(178,2013,11,469,9,1),(179,2013,5,469,9,1),(180,2013,6,469,9,1),(181,2013,14,465,7,1),(182,2013,3,465,7,1),(183,2013,13,465,7,1),(184,2013,4,465,7,1),(185,2013,16,465,7,1),(186,2013,2,465,7,1),(187,2013,12,465,7,1),(188,2013,8,465,7,1),(189,2013,7,465,7,1),(190,2013,10,465,7,1),(191,2013,1,465,7,1),(192,2013,15,465,7,1),(193,2013,11,465,7,1),(194,2013,5,465,7,1),(195,2013,6,465,7,1),(196,2013,14,388,7,1),(197,2013,3,388,7,1),(198,2013,13,388,7,1),(199,2013,4,388,7,1),(200,2013,16,388,7,1),(201,2013,2,388,7,1),(202,2013,12,388,7,1),(203,2013,8,388,7,1),(204,2013,7,388,7,1),(205,2013,10,388,7,1),(206,2013,1,388,7,1),(207,2013,9,388,7,1),(208,2013,15,388,7,1),(209,2013,11,388,7,1),(210,2013,6,388,7,1),(211,2013,14,262,7,1),(212,2013,3,262,7,1),(213,2013,13,262,7,1),(214,2013,4,262,7,1),(215,2013,16,262,7,1),(216,2013,2,262,7,1),(217,2013,12,262,7,1),(218,2013,8,262,7,1),(219,2013,10,262,7,1),(220,2013,1,262,7,1),(221,2013,9,262,7,1),(222,2013,15,262,7,1),(223,2013,11,262,7,1),(224,2013,5,262,7,1),(225,2013,6,262,7,1),(226,2013,14,537,7,1),(227,2013,3,537,7,1),(228,2013,13,537,7,1),(229,2013,4,537,7,1),(230,2013,16,537,7,1),(231,2013,2,537,7,1),(232,2013,12,537,7,1),(233,2013,8,537,7,1),(234,2013,7,537,7,1),(235,2013,10,537,7,1),(236,2013,1,537,7,1),(237,2013,9,537,7,1),(238,2013,11,537,7,1),(239,2013,5,537,7,1),(240,2013,6,537,7,1),(241,2013,14,317,7,1),(242,2013,3,317,7,1),(243,2013,13,317,7,1),(244,2013,4,317,7,1),(245,2013,16,317,7,1),(246,2013,2,317,7,1),(247,2013,12,317,7,1),(248,2013,8,317,7,1),(249,2013,7,317,7,1),(250,2013,10,317,7,1),(251,2013,1,317,7,1),(252,2013,9,317,7,1),(253,2013,15,317,7,1),(254,2013,5,317,7,1),(255,2013,6,317,7,1),(256,2013,14,368,6,1),(257,2013,3,368,6,1),(258,2013,13,368,6,1),(259,2013,4,368,6,1),(260,2013,16,368,6,1),(261,2013,2,368,6,1),(262,2013,12,368,6,1),(263,2013,8,368,6,1),(264,2013,7,368,6,1),(265,2013,10,368,6,1),(266,2013,9,368,6,1),(267,2013,15,368,6,1),(268,2013,11,368,6,1),(269,2013,5,368,6,1),(270,2013,6,368,6,1),(271,2013,14,259,6,1),(272,2013,3,259,6,1),(273,2013,13,259,6,1),(274,2013,4,259,6,1),(275,2013,16,259,6,1),(276,2013,2,259,6,1),(277,2013,12,259,6,1),(278,2013,7,259,6,1),(279,2013,10,259,6,1),(280,2013,1,259,6,1),(281,2013,9,259,6,1),(282,2013,15,259,6,1),(283,2013,11,259,6,1),(284,2013,5,259,6,1),(285,2013,6,259,6,1),(286,2013,14,251,6,1),(287,2013,3,251,6,1),(288,2013,13,251,6,1),(289,2013,4,251,6,1),(290,2013,16,251,6,1),(291,2013,2,251,6,1),(292,2013,12,251,6,1),(293,2013,8,251,6,1),(294,2013,7,251,6,1),(295,2013,10,251,6,1),(296,2013,1,251,6,1),(297,2013,15,251,6,1),(298,2013,11,251,6,1),(299,2013,5,251,6,1),(300,2013,6,251,6,1),(301,2013,14,555,6,1),(302,2013,3,555,6,1),(303,2013,13,555,6,1),(304,2013,4,555,6,1),(305,2013,2,555,6,1),(306,2013,12,555,6,1),(307,2013,8,555,6,1),(308,2013,7,555,6,1),(309,2013,10,555,6,1),(310,2013,1,555,6,1),(311,2013,9,555,6,1),(312,2013,15,555,6,1),(313,2013,11,555,6,1),(314,2013,5,555,6,1),(315,2013,6,555,6,1),(316,2013,14,474,4,1),(317,2013,3,474,4,1),(318,2013,13,474,4,1),(319,2013,4,474,4,1),(320,2013,16,474,4,1),(321,2013,2,474,4,1),(322,2013,8,474,4,1),(323,2013,7,474,4,1),(324,2013,10,474,4,1),(325,2013,1,474,4,1),(326,2013,9,474,4,1),(327,2013,15,474,4,1),(328,2013,11,474,4,1),(329,2013,5,474,4,1),(330,2013,6,474,4,1),(331,2013,14,357,4,1),(332,2013,3,357,4,1),(333,2013,13,357,4,1),(334,2013,4,357,4,1),(335,2013,16,357,4,1),(336,2013,2,357,4,1),(337,2013,12,357,4,1),(338,2013,8,357,4,1),(339,2013,7,357,4,1),(340,2013,10,357,4,1),(341,2013,1,357,4,1),(342,2013,9,357,4,1),(343,2013,15,357,4,1),(344,2013,5,357,4,1),(345,2013,6,357,4,1),(346,2013,14,240,4,1),(347,2013,3,240,4,1),(348,2013,13,240,4,1),(349,2013,4,240,4,1),(350,2013,16,240,4,1),(351,2013,2,240,4,1),(352,2013,12,240,4,1),(353,2013,8,240,4,1),(354,2013,7,240,4,1),(355,2013,10,240,4,1),(356,2013,1,240,4,1),(357,2013,15,240,4,1),(358,2013,11,240,4,1),(359,2013,5,240,4,1),(360,2013,6,240,4,1),(361,2013,14,556,4,1),(362,2013,3,556,4,1),(363,2013,13,556,4,1),(364,2013,16,556,4,1),(365,2013,2,556,4,1),(366,2013,12,556,4,1),(367,2013,8,556,4,1),(368,2013,7,556,4,1),(369,2013,10,556,4,1),(370,2013,1,556,4,1),(371,2013,9,556,4,1),(372,2013,15,556,4,1),(373,2013,11,556,4,1),(374,2013,5,556,4,1),(375,2013,6,556,4,1),(376,2013,14,320,4,1),(377,2013,3,320,4,1),(378,2013,13,320,4,1),(379,2013,4,320,4,1),(380,2013,16,320,4,1),(381,2013,2,320,4,1),(382,2013,12,320,4,1),(383,2013,8,320,4,1),(384,2013,10,320,4,1),(385,2013,1,320,4,1),(386,2013,9,320,4,1),(387,2013,15,320,4,1),(388,2013,11,320,4,1),(389,2013,5,320,4,1),(390,2013,6,320,4,1),(391,2013,14,513,4,1),(392,2013,3,513,4,1),(393,2013,13,513,4,1),(394,2013,4,513,4,1),(395,2013,16,513,4,1),(396,2013,2,513,4,1),(397,2013,12,513,4,1),(398,2013,8,513,4,1),(399,2013,7,513,4,1),(400,2013,10,513,4,1),(401,2013,1,513,4,1),(402,2013,9,513,4,1),(403,2013,11,513,4,1),(404,2013,5,513,4,1),(405,2013,6,513,4,1),(406,2013,14,306,3,1),(407,2013,3,306,3,1),(408,2013,13,306,3,1),(409,2013,4,306,3,1),(410,2013,16,306,3,1),(411,2013,2,306,3,1),(412,2013,12,306,3,1),(413,2013,8,306,3,1),(414,2013,7,306,3,1),(415,2013,10,306,3,1),(416,2013,1,306,3,1),(417,2013,15,306,3,1),(418,2013,11,306,3,1),(419,2013,5,306,3,1),(420,2013,6,306,3,1),(421,2013,14,299,3,1),(422,2013,3,299,3,1),(423,2013,13,299,3,1),(424,2013,4,299,3,1),(425,2013,16,299,3,1),(426,2013,12,299,3,1),(427,2013,8,299,3,1),(428,2013,7,299,3,1),(429,2013,10,299,3,1),(430,2013,1,299,3,1),(431,2013,9,299,3,1),(432,2013,15,299,3,1),(433,2013,11,299,3,1),(434,2013,5,299,3,1),(435,2013,6,299,3,1),(436,2013,14,401,2,1),(437,2013,3,401,2,1),(438,2013,13,401,2,1),(439,2013,4,401,2,1),(440,2013,16,401,2,1),(441,2013,2,401,2,1),(442,2013,12,401,2,1),(443,2013,8,401,2,1),(444,2013,7,401,2,1),(445,2013,10,401,2,1),(446,2013,9,401,2,1),(447,2013,15,401,2,1),(448,2013,11,401,2,1),(449,2013,5,401,2,1),(450,2013,6,401,2,1),(451,2013,14,498,2,1),(452,2013,3,498,2,1),(453,2013,13,498,2,1),(454,2013,4,498,2,1),(455,2013,16,498,2,1),(456,2013,2,498,2,1),(457,2013,12,498,2,1),(458,2013,7,498,2,1),(459,2013,10,498,2,1),(460,2013,1,498,2,1),(461,2013,9,498,2,1),(462,2013,15,498,2,1),(463,2013,11,498,2,1),(464,2013,5,498,2,1),(465,2013,6,498,2,1),(466,2013,14,336,1,1),(467,2013,3,336,1,1),(468,2013,13,336,1,1),(469,2013,4,336,1,1),(470,2013,16,336,1,1),(471,2013,2,336,1,1),(472,2013,12,336,1,1),(473,2013,8,336,1,1),(474,2013,7,336,1,1),(475,2013,10,336,1,1),(476,2013,1,336,1,1),(477,2013,9,336,1,1),(478,2013,15,336,1,1),(479,2013,11,336,1,1),(480,2013,6,336,1,1),(481,2013,14,427,1,1),(482,2013,3,427,1,1),(483,2013,13,427,1,1),(484,2013,4,427,1,1),(485,2013,16,427,1,1),(486,2013,12,427,1,1),(487,2013,8,427,1,1),(488,2013,7,427,1,1),(489,2013,10,427,1,1),(490,2013,1,427,1,1),(491,2013,9,427,1,1),(492,2013,15,427,1,1),(493,2013,11,427,1,1),(494,2013,5,427,1,1),(495,2013,6,427,1,1),(496,2013,14,393,1,1),(497,2013,3,393,1,1),(498,2013,13,393,1,1),(499,2013,4,393,1,1),(500,2013,16,393,1,1),(501,2013,2,393,1,1),(502,2013,12,393,1,1),(503,2013,8,393,1,1),(504,2013,7,393,1,1),(505,2013,10,393,1,1),(506,2013,1,393,1,1),(507,2013,9,393,1,1),(508,2013,15,393,1,1),(509,2013,5,393,1,1),(510,2013,6,393,1,1),(511,2013,14,341,1,1),(512,2013,3,341,1,1),(513,2013,13,341,1,1),(514,2013,4,341,1,1),(515,2013,16,341,1,1),(516,2013,2,341,1,1),(517,2013,12,341,1,1),(518,2013,7,341,1,1),(519,2013,10,341,1,1),(520,2013,1,341,1,1),(521,2013,9,341,1,1),(522,2013,15,341,1,1),(523,2013,11,341,1,1),(524,2013,5,341,1,1),(525,2013,6,341,1,1),(526,2013,14,527,0,1),(527,2013,3,527,0,1),(528,2013,13,527,0,1),(529,2013,4,527,0,1),(530,2013,2,527,0,1),(531,2013,12,527,0,1),(532,2013,8,527,0,1),(533,2013,7,527,0,1),(534,2013,10,527,0,1),(535,2013,1,527,0,1),(536,2013,9,527,0,1),(537,2013,15,527,0,1),(538,2013,11,527,0,1),(539,2013,5,527,0,1),(540,2013,6,527,0,1),(541,2013,14,510,0,1),(542,2013,3,510,0,1),(543,2013,13,510,0,1),(544,2013,4,510,0,1),(545,2013,16,510,0,1),(546,2013,2,510,0,1),(547,2013,12,510,0,1),(548,2013,8,510,0,1),(549,2013,7,510,0,1),(550,2013,10,510,0,1),(551,2013,1,510,0,1),(552,2013,9,510,0,1),(553,2013,15,510,0,1),(554,2013,11,510,0,1),(555,2013,6,510,0,1),(556,2013,14,540,0,1),(557,2013,3,540,0,1),(558,2013,13,540,0,1),(559,2013,4,540,0,1),(560,2013,16,540,0,1),(561,2013,2,540,0,1),(562,2013,8,540,0,1),(563,2013,7,540,0,1),(564,2013,10,540,0,1),(565,2013,1,540,0,1),(566,2013,9,540,0,1),(567,2013,15,540,0,1),(568,2013,11,540,0,1),(569,2013,5,540,0,1),(570,2013,6,540,0,1),(571,2013,14,519,0,1),(572,2013,3,519,0,1),(573,2013,4,519,0,1),(574,2013,16,519,0,1),(575,2013,2,519,0,1),(576,2013,12,519,0,1),(577,2013,8,519,0,1),(578,2013,7,519,0,1),(579,2013,10,519,0,1),(580,2013,1,519,0,1),(581,2013,9,519,0,1),(582,2013,15,519,0,1),(583,2013,11,519,0,1),(584,2013,5,519,0,1),(585,2013,6,519,0,1),(586,2013,14,205,0,1),(587,2013,3,205,0,1),(588,2013,13,205,0,1),(589,2013,4,205,0,1),(590,2013,16,205,0,1),(591,2013,2,205,0,1),(592,2013,12,205,0,1),(593,2013,8,205,0,1),(594,2013,7,205,0,1),(595,2013,10,205,0,1),(596,2013,1,205,0,1),(597,2013,9,205,0,1),(598,2013,15,205,0,1),(599,2013,11,205,0,1),(600,2013,6,205,0,1),(601,2013,14,364,0,1),(602,2013,3,364,0,1),(603,2013,13,364,0,1),(604,2013,4,364,0,1),(605,2013,16,364,0,1),(606,2013,2,364,0,1),(607,2013,12,364,0,1),(608,2013,8,364,0,1),(609,2013,7,364,0,1),(610,2013,1,364,0,1),(611,2013,9,364,0,1),(612,2013,15,364,0,1),(613,2013,11,364,0,1),(614,2013,5,364,0,1),(615,2013,6,364,0,1),(616,2013,14,204,0,1),(617,2013,3,204,0,1),(618,2013,13,204,0,1),(619,2013,4,204,0,1),(620,2013,16,204,0,1),(621,2013,2,204,0,1),(622,2013,12,204,0,1),(623,2013,8,204,0,1),(624,2013,7,204,0,1),(625,2013,10,204,0,1),(626,2013,1,204,0,1),(627,2013,15,204,0,1),(628,2013,11,204,0,1),(629,2013,5,204,0,1),(630,2013,6,204,0,1),(631,2013,14,348,0,1),(632,2013,3,348,0,1),(633,2013,13,348,0,1),(634,2013,4,348,0,1),(635,2013,16,348,0,1),(636,2013,2,348,0,1),(637,2013,12,348,0,1),(638,2013,8,348,0,1),(639,2013,10,348,0,1),(640,2013,1,348,0,1),(641,2013,9,348,0,1),(642,2013,15,348,0,1),(643,2013,11,348,0,1),(644,2013,5,348,0,1),(645,2013,6,348,0,1),(646,2013,14,375,0,1),(647,2013,3,375,0,1),(648,2013,13,375,0,1),(649,2013,4,375,0,1),(650,2013,16,375,0,1),(651,2013,2,375,0,1),(652,2013,8,375,0,1),(653,2013,7,375,0,1),(654,2013,10,375,0,1),(655,2013,1,375,0,1),(656,2013,9,375,0,1),(657,2013,15,375,0,1),(658,2013,11,375,0,1),(659,2013,5,375,0,1),(660,2013,6,375,0,1),(661,2013,14,281,0,1),(662,2013,3,281,0,1),(663,2013,13,281,0,1),(664,2013,4,281,0,1),(665,2013,16,281,0,1),(666,2013,2,281,0,1),(667,2013,8,281,0,1),(668,2013,7,281,0,1),(669,2013,10,281,0,1),(670,2013,1,281,0,1),(671,2013,9,281,0,1),(672,2013,15,281,0,1),(673,2013,11,281,0,1),(674,2013,5,281,0,1),(675,2013,6,281,0,1),(676,2013,14,538,0,1),(677,2013,13,538,0,1),(678,2013,4,538,0,1),(679,2013,16,538,0,1),(680,2013,2,538,0,1),(681,2013,12,538,0,1),(682,2013,8,538,0,1),(683,2013,7,538,0,1),(684,2013,10,538,0,1),(685,2013,1,538,0,1),(686,2013,9,538,0,1),(687,2013,15,538,0,1),(688,2013,11,538,0,1),(689,2013,5,538,0,1),(690,2013,6,538,0,1),(691,2013,14,224,0,1),(692,2013,3,224,0,1),(693,2013,13,224,0,1),(694,2013,4,224,0,1),(695,2013,16,224,0,1),(696,2013,2,224,0,1),(697,2013,12,224,0,1),(698,2013,8,224,0,1),(699,2013,7,224,0,1),(700,2013,10,224,0,1),(701,2013,1,224,0,1),(702,2013,9,224,0,1),(703,2013,15,224,0,1),(704,2013,5,224,0,1),(705,2013,6,224,0,1),(706,2013,14,390,0,1),(707,2013,3,390,0,1),(708,2013,13,390,0,1),(709,2013,16,390,0,1),(710,2013,2,390,0,1),(711,2013,12,390,0,1),(712,2013,8,390,0,1),(713,2013,7,390,0,1),(714,2013,10,390,0,1),(715,2013,1,390,0,1),(716,2013,9,390,0,1),(717,2013,15,390,0,1),(718,2013,11,390,0,1),(719,2013,5,390,0,1),(720,2013,6,390,0,1),(721,2013,14,325,0,1),(722,2013,3,325,0,1),(723,2013,13,325,0,1),(724,2013,4,325,0,1),(725,2013,16,325,0,1),(726,2013,12,325,0,1),(727,2013,8,325,0,1),(728,2013,7,325,0,1),(729,2013,10,325,0,1),(730,2013,1,325,0,1),(731,2013,9,325,0,1),(732,2013,15,325,0,1),(733,2013,11,325,0,1),(734,2013,5,325,0,1),(735,2013,6,325,0,1),(736,2013,14,476,0,1),(737,2013,13,476,0,1),(738,2013,4,476,0,1),(739,2013,16,476,0,1),(740,2013,2,476,0,1),(741,2013,12,476,0,1),(742,2013,8,476,0,1),(743,2013,7,476,0,1),(744,2013,10,476,0,1),(745,2013,1,476,0,1),(746,2013,9,476,0,1),(747,2013,15,476,0,1),(748,2013,11,476,0,1),(749,2013,5,476,0,1),(750,2013,6,476,0,1),(751,2013,14,283,0,1),(752,2013,3,283,0,1),(753,2013,13,283,0,1),(754,2013,4,283,0,1),(755,2013,16,283,0,1),(756,2013,2,283,0,1),(757,2013,8,283,0,1),(758,2013,7,283,0,1),(759,2013,10,283,0,1),(760,2013,1,283,0,1),(761,2013,9,283,0,1),(762,2013,15,283,0,1),(763,2013,11,283,0,1),(764,2013,5,283,0,1),(765,2013,6,283,0,1),(766,2013,14,497,0,1),(767,2013,3,497,0,1),(768,2013,13,497,0,1),(769,2013,4,497,0,1),(770,2013,16,497,0,1),(771,2013,2,497,0,1),(772,2013,12,497,0,1),(773,2013,8,497,0,1),(774,2013,10,497,0,1),(775,2013,1,497,0,1),(776,2013,9,497,0,1),(777,2013,15,497,0,1),(778,2013,11,497,0,1),(779,2013,5,497,0,1),(780,2013,6,497,0,1),(781,2013,14,570,0,1),(782,2013,3,570,0,1),(783,2013,13,570,0,1),(784,2013,4,570,0,1),(785,2013,16,570,0,1),(786,2013,2,570,0,1),(787,2013,12,570,0,1),(788,2013,8,570,0,1),(789,2013,10,570,0,1),(790,2013,1,570,0,1),(791,2013,9,570,0,1),(792,2013,15,570,0,1),(793,2013,11,570,0,1),(794,2013,5,570,0,1),(795,2013,6,570,0,1),(796,2013,14,426,0,1),(797,2013,3,426,0,1),(798,2013,4,426,0,1),(799,2013,16,426,0,1),(800,2013,2,426,0,1),(801,2013,12,426,0,1),(802,2013,8,426,0,1),(803,2013,7,426,0,1),(804,2013,10,426,0,1),(805,2013,1,426,0,1),(806,2013,9,426,0,1),(807,2013,15,426,0,1),(808,2013,11,426,0,1),(809,2013,5,426,0,1),(810,2013,6,426,0,1),(811,2013,14,226,0,1),(812,2013,3,226,0,1),(813,2013,13,226,0,1),(814,2013,4,226,0,1),(815,2013,16,226,0,1),(816,2013,2,226,0,1),(817,2013,12,226,0,1),(818,2013,8,226,0,1),(819,2013,7,226,0,1),(820,2013,1,226,0,1),(821,2013,9,226,0,1),(822,2013,15,226,0,1),(823,2013,11,226,0,1),(824,2013,5,226,0,1),(825,2013,6,226,0,1),(826,2013,14,215,0,1),(827,2013,3,215,0,1),(828,2013,13,215,0,1),(829,2013,4,215,0,1),(830,2013,16,215,0,1),(831,2013,2,215,0,1),(832,2013,8,215,0,1),(833,2013,7,215,0,1),(834,2013,10,215,0,1),(835,2013,1,215,0,1),(836,2013,9,215,0,1),(837,2013,15,215,0,1),(838,2013,11,215,0,1),(839,2013,5,215,0,1),(840,2013,6,215,0,1),(841,2013,14,277,0,1),(842,2013,3,277,0,1),(843,2013,13,277,0,1),(844,2013,4,277,0,1),(845,2013,16,277,0,1),(846,2013,2,277,0,1),(847,2013,12,277,0,1),(848,2013,8,277,0,1),(849,2013,7,277,0,1),(850,2013,1,277,0,1),(851,2013,9,277,0,1),(852,2013,15,277,0,1),(853,2013,11,277,0,1),(854,2013,5,277,0,1),(855,2013,6,277,0,1),(856,2013,14,528,0,1),(857,2013,3,528,0,1),(858,2013,13,528,0,1),(859,2013,16,528,0,1),(860,2013,2,528,0,1),(861,2013,12,528,0,1),(862,2013,8,528,0,1),(863,2013,7,528,0,1),(864,2013,10,528,0,1),(865,2013,1,528,0,1),(866,2013,9,528,0,1),(867,2013,15,528,0,1),(868,2013,11,528,0,1),(869,2013,5,528,0,1),(870,2013,6,528,0,1),(871,2013,14,514,0,1),(872,2013,3,514,0,1),(873,2013,13,514,0,1),(874,2013,4,514,0,1),(875,2013,16,514,0,1),(876,2013,2,514,0,1),(877,2013,12,514,0,1),(878,2013,8,514,0,1),(879,2013,7,514,0,1),(880,2013,10,514,0,1),(881,2013,1,514,0,1),(882,2013,9,514,0,1),(883,2013,15,514,0,1),(884,2013,11,514,0,1),(885,2013,6,514,0,1),(886,2013,14,499,0,1),(887,2013,3,499,0,1),(888,2013,13,499,0,1),(889,2013,4,499,0,1),(890,2013,16,499,0,1),(891,2013,2,499,0,1),(892,2013,12,499,0,1),(893,2013,8,499,0,1),(894,2013,7,499,0,1),(895,2013,1,499,0,1),(896,2013,9,499,0,1),(897,2013,15,499,0,1),(898,2013,11,499,0,1),(899,2013,5,499,0,1),(900,2013,6,499,0,1),(901,2013,14,483,0,1),(902,2013,3,483,0,1),(903,2013,13,483,0,1),(904,2013,4,483,0,1),(905,2013,16,483,0,1),(906,2013,2,483,0,1),(907,2013,12,483,0,1),(908,2013,8,483,0,1),(909,2013,7,483,0,1),(910,2013,10,483,0,1),(911,2013,1,483,0,1),(912,2013,9,483,0,1),(913,2013,15,483,0,1),(914,2013,11,483,0,1),(915,2013,6,483,0,1),(916,2013,14,488,0,1),(917,2013,3,488,0,1),(918,2013,13,488,0,1),(919,2013,4,488,0,1),(920,2013,16,488,0,1),(921,2013,2,488,0,1),(922,2013,12,488,0,1),(923,2013,8,488,0,1),(924,2013,7,488,0,1),(925,2013,10,488,0,1),(926,2013,9,488,0,1),(927,2013,15,488,0,1),(928,2013,11,488,0,1),(929,2013,5,488,0,1),(930,2013,6,488,0,1),(931,2013,14,318,0,1),(932,2013,3,318,0,1),(933,2013,13,318,0,1),(934,2013,4,318,0,1),(935,2013,16,318,0,1),(936,2013,2,318,0,1),(937,2013,12,318,0,1),(938,2013,8,318,0,1),(939,2013,7,318,0,1),(940,2013,1,318,0,1),(941,2013,9,318,0,1),(942,2013,15,318,0,1),(943,2013,11,318,0,1),(944,2013,5,318,0,1),(945,2013,6,318,0,1),(946,2013,14,523,0,1),(947,2013,3,523,0,1),(948,2013,13,523,0,1),(949,2013,4,523,0,1),(950,2013,16,523,0,1),(951,2013,2,523,0,1),(952,2013,12,523,0,1),(953,2013,8,523,0,1),(954,2013,7,523,0,1),(955,2013,10,523,0,1),(956,2013,1,523,0,1),(957,2013,9,523,0,1),(958,2013,11,523,0,1),(959,2013,5,523,0,1),(960,2013,6,523,0,1),(961,2013,14,349,0,1),(962,2013,3,349,0,1),(963,2013,13,349,0,1),(964,2013,4,349,0,1),(965,2013,16,349,0,1),(966,2013,2,349,0,1),(967,2013,12,349,0,1),(968,2013,8,349,0,1),(969,2013,7,349,0,1),(970,2013,10,349,0,1),(971,2013,1,349,0,1),(972,2013,9,349,0,1),(973,2013,11,349,0,1),(974,2013,5,349,0,1),(975,2013,6,349,0,1),(976,2013,14,402,0,1),(977,2013,3,402,0,1),(978,2013,13,402,0,1),(979,2013,4,402,0,1),(980,2013,16,402,0,1),(981,2013,2,402,0,1),(982,2013,12,402,0,1),(983,2013,8,402,0,1),(984,2013,7,402,0,1),(985,2013,1,402,0,1),(986,2013,9,402,0,1),(987,2013,15,402,0,1),(988,2013,11,402,0,1),(989,2013,5,402,0,1),(990,2013,6,402,0,1),(991,2013,14,238,0,1),(992,2013,13,238,0,1),(993,2013,4,238,0,1),(994,2013,16,238,0,1),(995,2013,2,238,0,1),(996,2013,12,238,0,1),(997,2013,8,238,0,1),(998,2013,7,238,0,1),(999,2013,10,238,0,1),(1000,2013,1,238,0,1),(1001,2013,9,238,0,1),(1002,2013,15,238,0,1),(1003,2013,11,238,0,1),(1004,2013,5,238,0,1),(1005,2013,6,238,0,1),(1006,2013,14,406,0,1),(1007,2013,13,406,0,1),(1008,2013,4,406,0,1),(1009,2013,16,406,0,1),(1010,2013,2,406,0,1),(1011,2013,12,406,0,1),(1012,2013,8,406,0,1),(1013,2013,7,406,0,1),(1014,2013,10,406,0,1),(1015,2013,1,406,0,1),(1016,2013,9,406,0,1),(1017,2013,15,406,0,1),(1018,2013,11,406,0,1),(1019,2013,5,406,0,1),(1020,2013,6,406,0,1),(1021,2013,14,512,0,1),(1022,2013,3,512,0,1),(1023,2013,13,512,0,1),(1024,2013,4,512,0,1),(1025,2013,16,512,0,1),(1026,2013,2,512,0,1),(1027,2013,12,512,0,1),(1028,2013,8,512,0,1),(1029,2013,7,512,0,1),(1030,2013,10,512,0,1),(1031,2013,1,512,0,1),(1032,2013,9,512,0,1),(1033,2013,11,512,0,1),(1034,2013,5,512,0,1),(1035,2013,6,512,0,1),(1036,2013,14,351,0,1),(1037,2013,3,351,0,1),(1038,2013,13,351,0,1),(1039,2013,4,351,0,1),(1040,2013,16,351,0,1),(1041,2013,2,351,0,1),(1042,2013,12,351,0,1),(1043,2013,7,351,0,1),(1044,2013,10,351,0,1),(1045,2013,1,351,0,1),(1046,2013,9,351,0,1),(1047,2013,15,351,0,1),(1048,2013,11,351,0,1),(1049,2013,5,351,0,1),(1050,2013,6,351,0,1),(1051,2013,14,229,0,1),(1052,2013,3,229,0,1),(1053,2013,13,229,0,1),(1054,2013,4,229,0,1),(1055,2013,16,229,0,1),(1056,2013,2,229,0,1),(1057,2013,12,229,0,1),(1058,2013,8,229,0,1),(1059,2013,7,229,0,1),(1060,2013,10,229,0,1),(1061,2013,1,229,0,1),(1062,2013,9,229,0,1),(1063,2013,11,229,0,1),(1064,2013,5,229,0,1),(1065,2013,6,229,0,1),(1066,2013,14,221,0,1),(1067,2013,3,221,0,1),(1068,2013,13,221,0,1),(1069,2013,4,221,0,1),(1070,2013,16,221,0,1),(1071,2013,2,221,0,1),(1072,2013,12,221,0,1),(1073,2013,7,221,0,1),(1074,2013,10,221,0,1),(1075,2013,1,221,0,1),(1076,2013,9,221,0,1),(1077,2013,15,221,0,1),(1078,2013,11,221,0,1),(1079,2013,5,221,0,1),(1080,2013,6,221,0,1),(1081,2013,14,244,0,1),(1082,2013,13,244,0,1),(1083,2013,4,244,0,1),(1084,2013,16,244,0,1),(1085,2013,2,244,0,1),(1086,2013,12,244,0,1),(1087,2013,8,244,0,1),(1088,2013,7,244,0,1),(1089,2013,10,244,0,1),(1090,2013,1,244,0,1),(1091,2013,9,244,0,1),(1092,2013,15,244,0,1),(1093,2013,11,244,0,1),(1094,2013,5,244,0,1),(1095,2013,6,244,0,1),(1096,2013,14,461,0,1),(1097,2013,13,461,0,1),(1098,2013,4,461,0,1),(1099,2013,16,461,0,1),(1100,2013,2,461,0,1),(1101,2013,12,461,0,1),(1102,2013,8,461,0,1),(1103,2013,7,461,0,1),(1104,2013,10,461,0,1),(1105,2013,1,461,0,1),(1106,2013,9,461,0,1),(1107,2013,15,461,0,1),(1108,2013,11,461,0,1),(1109,2013,5,461,0,1),(1110,2013,6,461,0,1),(1125,2013,6,466,10,0),(1126,2013,6,237,10,0),(1127,2013,6,380,10,0),(1128,2013,6,253,10,0),(1129,2013,6,254,10,0),(1130,2013,6,416,10,0),(1131,2013,6,321,10,0),(1132,2013,2,466,10,0),(1133,2013,2,237,10,0),(1134,2013,2,326,10,0),(1135,2013,2,380,10,0),(1136,2013,2,254,10,0),(1137,2013,2,316,9,0),(1138,2013,2,479,9,0),(1139,2013,2,327,10,0),(1140,2013,2,493,9,0),(1141,2013,2,471,3,0),(1142,2013,2,415,5,0),(1143,2013,2,541,6,0),(1144,2013,2,398,9,0),(1145,2013,2,293,9,0),(1146,2013,2,457,5,0),(1147,2013,2,239,5,0),(1148,2013,2,504,1,0),(1149,2013,2,208,3,0),(1150,2013,2,273,5,0),(1151,2013,2,256,3,0),(1152,2013,2,311,6,0),(1153,2013,2,381,2,0),(1154,2013,2,347,9,0),(1155,2013,2,382,9,0),(1156,2013,2,314,9,0),(1157,2013,2,365,4,0),(1158,2013,2,412,9,0),(1159,2013,2,424,6,0),(1160,2013,2,370,8,0),(1161,2013,2,487,5,0),(1162,2013,2,501,6,0),(1163,2013,2,209,7,0),(1164,2013,2,452,9,0),(1165,2013,2,315,9,0),(1166,2013,2,496,6,0),(1167,2013,2,234,7,0),(1168,2013,2,515,5,0),(1169,2013,2,547,8,0),(1170,2013,2,458,8,0),(1171,2013,2,227,7,0),(1172,2013,2,533,5,0),(1173,2013,2,378,6,0),(1174,2013,2,453,7,0),(1175,2013,2,486,2,0),(1176,2013,2,352,1,0),(1177,2013,2,275,6,0),(1178,2013,2,206,2,0),(1179,2013,2,516,1,0),(1180,2013,2,423,5,0),(1181,2013,2,260,8,0),(1182,2013,2,552,7,0),(1183,2013,2,307,5,0),(1184,2013,2,335,8,0),(1185,2013,2,345,5,0),(1186,2013,2,522,5,0),(1187,2013,2,411,4,0),(1188,2013,2,331,8,0),(1189,2013,2,429,4,0),(1190,2013,2,525,5,0),(1191,2013,2,446,6,0),(1192,2013,2,428,2,0),(1193,2013,2,414,8,0),(1194,2013,2,431,7,0),(1195,2013,2,366,1,0),(1196,2013,2,551,7,0),(1197,2013,2,228,8,0),(1198,2013,2,451,8,0),(1199,2013,2,473,4,0),(1200,2013,2,392,8,0),(1201,2013,2,518,4,0),(1202,2013,2,467,1,0),(1203,2013,2,294,3,0),(1204,2013,2,340,1,0),(1205,2013,2,344,1,0),(1206,2013,2,396,3,0),(1207,2013,2,550,8,0),(1208,2013,2,484,1,0),(1209,2013,2,441,5,0),(1210,2013,2,482,4,0),(1211,2013,2,280,8,0),(1212,2013,2,502,2,0),(1213,2013,2,246,8,0),(1214,2013,2,309,8,0),(1215,2013,2,447,2,0),(1217,2013,2,558,6,0),(1218,2013,2,242,5,0),(1219,2013,2,359,1,0),(1220,2013,2,449,2,0),(1221,2013,2,383,3,0),(1222,2013,2,219,4,0),(1223,2013,2,264,7,0),(1224,2013,2,535,6,0),(1225,2013,2,448,2,0),(1226,2013,2,343,7,0),(1227,2013,2,248,4,0),(1228,2013,2,354,3,0),(1229,2013,2,350,1,0),(1230,2013,2,544,8,0),(1231,2013,2,338,3,0),(1232,2013,2,263,3,0),(1234,2013,2,557,3,0),(1235,2013,2,286,2,0),(1236,2013,2,475,4,0),(1237,2013,2,218,3,0),(1238,2013,2,536,10,0),(1239,2013,2,434,3,0),(1240,2013,2,395,7,0),(1241,2013,2,405,6,0),(1242,2013,2,443,2,0),(1243,2013,2,302,5,0),(1244,2013,2,207,1,0),(1245,2013,2,454,2,0),(1247,2013,2,271,2,0),(1248,2013,2,310,2,0),(1249,2013,2,232,1,0),(1250,2013,2,444,3,0),(1251,2013,3,466,10,0),(1252,2013,3,237,10,0),(1253,2013,3,326,9,0),(1254,2013,3,380,10,0),(1255,2013,3,253,10,0),(1256,2013,3,254,10,0),(1257,2013,3,484,9,0),(1258,2013,3,416,8,0),(1259,2013,3,228,6,0),(1260,2013,3,451,6,0),(1261,2013,3,294,9,0),(1262,2013,3,473,6,0),(1263,2013,3,479,5,0),(1264,2013,3,316,9,0),(1265,2013,3,340,7,0),(1266,2013,3,392,9,0),(1267,2013,3,344,7,0),(1268,2013,3,321,9,0),(1269,2013,3,337,6,0),(1270,2013,3,396,6,0),(1271,2013,3,441,6,0),(1272,2013,3,550,8,0),(1273,2013,3,482,6,0),(1274,2013,3,280,8,0),(1275,2013,3,327,9,0),(1276,2013,3,385,5,0),(1277,2013,3,502,5,0),(1278,2013,3,381,8,0),(1279,2013,3,347,9,0),(1280,2013,3,493,10,0),(1281,2013,3,382,7,0),(1282,2013,3,314,9,0),(1283,2013,3,246,8,0),(1284,2013,3,365,8,0),(1285,2013,3,424,8,0),(1286,2013,3,412,5,0),(1287,2013,3,370,8,0),(1288,2013,3,245,6,0),(1289,2013,3,309,9,0),(1290,2013,3,487,4,0),(1291,2013,3,418,8,0),(1292,2013,3,530,5,0),(1293,2013,3,501,9,0),(1294,2013,3,539,10,0),(1295,2013,3,447,5,0),(1296,2013,3,209,5,0),(1297,2013,3,452,8,0),(1298,2013,3,315,8,0),(1299,2013,3,515,5,0),(1300,2013,3,234,8,0),(1301,2013,3,227,8,0),(1302,2013,3,343,8,0),(1303,2013,3,508,8,0),(1304,2013,3,558,7,0),(1305,2013,3,547,7,0),(1306,2013,3,458,7,0),(1307,2013,3,275,7,0),(1308,2013,3,248,7,0),(1309,2013,3,263,6,0),(1310,2013,3,206,7,0),(1311,2013,3,544,7,0),(1312,2013,3,516,6,0),(1313,2013,3,242,5,0),(1314,2013,3,359,6,0),(1315,2013,3,449,5,0),(1316,2013,3,496,5,0),(1317,2013,3,433,5,0),(1318,2013,3,383,5,0),(1319,2013,3,219,5,0),(1320,2013,3,264,4,0),(1321,2013,3,535,3,0),(1322,2013,3,533,3,0),(1323,2013,3,378,5,0),(1324,2013,3,338,4,0),(1325,2013,3,260,4,0),(1326,2013,3,477,4,0),(1327,2013,3,557,4,0),(1328,2013,3,507,4,0),(1329,2013,3,552,4,0),(1330,2013,3,439,4,0),(1331,2013,3,384,3,0),(1332,2013,3,391,2,0),(1333,2013,3,334,2,0),(1334,2013,3,286,2,0),(1335,2013,3,436,2,0),(1336,2013,3,307,3,0),(1337,2013,3,267,1,0),(1338,2013,3,536,3,0),(1339,2013,3,335,3,0),(1340,2013,3,308,3,0),(1341,2013,3,360,3,0),(1342,2013,3,522,3,0),(1343,2013,3,456,3,0),(1344,2013,3,429,3,0),(1345,2013,3,546,3,0),(1346,2013,3,214,3,0),(1347,2013,3,453,2,0),(1348,2013,3,526,2,0),(1349,2013,3,312,2,0),(1350,2013,3,352,2,0),(1351,2013,3,425,2,0),(1352,2013,3,272,2,0),(1353,2013,3,288,2,0),(1354,2013,3,509,2,0),(1355,2013,3,371,2,0),(1356,2013,3,434,1,0),(1357,2013,3,395,1,0),(1358,2013,3,376,1,0),(1359,2013,3,525,1,0),(1360,2013,3,489,1,0),(1361,2013,3,297,1,0),(1362,2013,3,446,1,0),(1363,2013,3,485,1,0),(1364,2013,3,443,1,0),(1365,2013,3,417,1,0),(1366,2013,9,466,10,0),(1367,2013,9,237,10,0),(1368,2013,9,254,10,0),(1369,2013,9,473,10,0),(1370,2013,9,479,10,0),(1371,2013,9,321,10,0),(1372,2013,9,326,10,0),(1373,2013,5,466,9,0),(1374,2013,5,237,10,0),(1375,2013,5,326,9,0),(1376,2013,5,380,10,0),(1377,2013,5,253,10,0),(1378,2013,5,254,10,0),(1379,2013,5,484,4,0),(1380,2013,5,416,9,0),(1381,2013,5,228,8,0),(1382,2013,5,451,8,0),(1383,2013,5,294,8,0),(1384,2013,5,473,8,0),(1385,2013,5,479,9,0),(1386,2013,5,316,8,0),(1387,2013,5,340,6,0),(1388,2013,5,392,8,0),(1389,2013,5,344,6,0),(1390,2013,5,321,9,0),(1391,2013,5,337,6,0),(1392,2013,5,396,7,0),(1393,2013,5,441,6,0),(1394,2013,5,550,8,0),(1395,2013,5,482,4,0),(1396,2013,5,280,8,0),(1397,2013,5,327,10,0),(1398,2013,5,502,4,0),(1399,2013,5,385,5,0),(1400,2013,5,381,4,0),(1401,2013,5,347,8,0),(1402,2013,5,493,9,0),(1403,2013,5,382,8,0),(1404,2013,5,314,10,0),(1405,2013,5,246,8,0),(1406,2013,5,420,7,0),(1407,2013,5,365,6,0),(1408,2013,5,412,7,0),(1409,2013,5,424,5,0),(1410,2013,5,370,9,0),(1411,2013,5,245,3,0),(1412,2013,5,309,8,0),(1413,2013,5,487,6,0),(1414,2013,5,255,3,0),(1415,2013,5,418,5,0),(1416,2013,5,530,5,0),(1417,2013,5,501,7,0),(1418,2013,5,447,3,0),(1419,2013,5,539,10,0),(1420,2013,5,369,3,0),(1421,2013,5,209,6,0),(1422,2013,5,452,9,0),(1423,2013,5,558,3,0),(1424,2013,5,242,3,0),(1425,2013,5,359,5,0),(1426,2013,5,315,9,0),(1427,2013,5,449,5,0),(1428,2013,5,496,3,0),(1429,2013,5,433,3,0),(1430,2013,5,234,6,0),(1431,2013,5,383,3,0),(1432,2013,5,515,3,0),(1433,2013,5,547,8,0),(1434,2013,5,219,3,0),(1435,2013,5,458,7,0),(1436,2013,5,264,6,0),(1437,2013,5,227,3,0),(1438,2013,5,210,2,0),(1439,2013,5,535,3,0),(1440,2013,5,533,4,0),(1441,2013,5,378,5,0),(1442,2013,5,448,2,0),(1443,2013,5,546,5,0),(1445,2013,5,343,6,0),(1446,2013,5,526,8,0),(1447,2013,5,275,6,0),(1448,2013,5,425,2,0),(1449,2013,5,248,7,0),(1450,2013,5,260,7,0),(1451,2013,5,477,7,0),(1452,2013,5,536,9,0),(1453,2013,5,335,7,0),(1454,2013,5,522,7,0),(1455,2013,5,429,5,0),(1457,2013,5,453,5,0),(1459,2013,5,486,2,0),(1460,2013,5,312,1,0),(1461,2013,5,422,1,0),(1462,2013,5,508,1,0),(1463,2013,5,352,2,0),(1464,2013,5,354,1,0),(1465,2013,5,263,2,0),(1466,2013,5,481,1,0),(1467,2013,5,350,1,0),(1468,2013,5,377,1,0),(1469,2013,5,231,1,0),(1470,2013,5,495,1,0),(1472,2013,5,544,2,0),(1475,2013,5,423,5,0),(1477,2013,5,384,2,0),(1478,2013,5,338,2,0),(1486,2013,5,307,2,0),(1487,2013,5,411,2,0),(1488,2013,5,331,5,0),(1489,2013,5,434,2,0),(1490,2013,5,405,4,0),(1491,2013,5,446,4,0),(1492,2013,5,485,4,0),(1493,2013,5,428,4,0),(1494,2013,5,414,5,0),(1495,2013,5,431,5,0),(1496,2013,5,222,9,0),(1497,2013,5,310,5,0),(1498,2013,5,438,7,0),(1499,2013,5,398,8,0),(1500,2013,5,516,2,0),(1501,2013,5,552,1,0),(1502,2013,5,391,1,0),(1503,2013,5,334,1,0),(1504,2013,9,253,9,0),(1505,2013,9,484,6,0),(1506,2013,9,416,9,0),(1507,2013,9,228,9,0),(1508,2013,9,294,8,0),(1509,2013,9,316,8,0),(1510,2013,9,340,9,0),(1511,2013,9,392,9,0),(1512,2013,9,337,8,0),(1513,2013,9,550,9,0),(1514,2013,9,551,4,0),(1515,2013,9,432,2,0),(1516,2013,9,232,2,0),(1517,2013,9,471,3,0),(1518,2013,9,397,2,0),(1519,2013,9,541,2,0),(1520,2013,9,398,7,0),(1521,2013,9,457,2,0),(1522,2013,9,273,2,0),(1523,2013,9,311,2,0),(1524,2013,9,385,8,0),(1525,2013,9,381,6,0),(1526,2013,9,347,9,0),(1527,2013,9,493,9,0),(1528,2013,9,382,8,0),(1529,2013,9,314,9,0),(1530,2013,9,246,7,0),(1531,2013,9,420,6,0),(1532,2013,9,365,7,0),(1533,2013,9,412,6,0),(1534,2013,9,370,7,0),(1535,2013,9,309,7,0),(1536,2013,9,396,8,0),(1537,2013,9,441,8,0),(1538,2013,9,482,8,0),(1539,2013,9,280,7,0),(1540,2013,9,327,9,0),(1541,2013,9,502,6,0),(1542,2013,9,424,6,0),(1543,2013,9,245,5,0),(1544,2013,9,255,5,0),(1545,2013,9,418,5,0),(1546,2013,9,530,5,0),(1547,2013,9,501,5,0),(1548,2013,9,447,8,0),(1549,2013,9,539,9,0),(1550,2013,9,369,5,0),(1551,2013,9,209,7,0),(1552,2013,9,452,8,0),(1553,2013,9,558,6,0),(1554,2013,9,242,5,0),(1555,2013,9,315,7,0),(1556,2013,9,449,5,0),(1557,2013,9,359,6,0),(1558,2013,9,496,3,0),(1559,2013,9,433,6,0),(1560,2013,9,234,8,0),(1561,2013,9,383,5,0),(1562,2013,9,515,8,0),(1563,2013,9,547,8,0),(1564,2013,9,264,5,0),(1565,2013,9,458,5,0),(1566,2013,9,378,5,0),(1567,2013,9,343,5,0),(1568,2013,9,453,5,0),(1569,2013,9,295,8,0),(1570,2013,9,206,6,0),(1571,2013,9,544,4,0),(1572,2013,9,260,7,0),(1573,2013,9,477,7,0),(1574,2013,9,507,3,0),(1575,2013,9,552,4,0),(1576,2013,9,391,4,0),(1577,2013,9,334,2,0),(1578,2013,9,475,3,0),(1579,2013,9,478,4,0),(1580,2013,9,241,4,0),(1581,2013,9,536,9,0),(1582,2013,9,335,4,0),(1583,2013,9,345,4,0),(1584,2013,9,522,4,0),(1585,2013,9,429,2,0),(1586,2013,9,395,7,0),(1587,2013,9,446,4,0),(1588,2013,9,485,6,0),(1589,2013,9,302,5,0),(1590,2013,9,526,8,0),(1591,2013,9,219,3,0),(1592,2013,9,210,3,0),(1593,2013,9,535,3,0),(1594,2013,9,533,3,0),(1595,2013,9,546,3,0),(1596,2013,9,214,3,0),(1597,2013,9,312,3,0),(1598,2013,9,422,3,0),(1599,2013,9,275,3,0),(1600,2013,9,248,6,0),(1601,2013,9,481,3,0),(1602,2013,9,350,2,0),(1603,2013,9,231,2,0),(1604,2013,9,386,1,0),(1605,2013,9,440,1,0),(1606,2013,9,467,1,0),(1607,2013,9,503,2,0),(1608,2013,9,516,2,0),(1609,2013,9,384,1,0),(1610,2013,9,338,1,0),(1611,2013,9,287,1,0),(1612,2013,9,286,1,0),(1613,2013,9,387,1,0),(1614,2013,9,425,1,0),(1615,2013,9,263,1,0),(1616,2013,9,354,1,0),(1617,2013,11,466,10,0),(1618,2013,11,380,10,0),(1619,2013,11,253,10,0),(1620,2013,11,254,10,0),(1621,2013,11,416,10,0),(1622,2013,11,316,8,0),(1623,2013,11,479,9,0),(1624,2013,11,321,9,0),(1625,2013,11,550,8,0),(1626,2013,11,327,9,0),(1627,2013,11,347,10,0),(1628,2013,11,382,9,0),(1629,2013,11,314,10,0),(1630,2013,11,412,8,0),(1631,2013,11,539,10,0),(1632,2013,11,452,9,0),(1633,2013,11,315,9,0),(1634,2013,11,264,8,0),(1635,2013,11,526,7,0),(1636,2013,11,260,8,0),(1637,2013,11,536,10,0),(1638,2013,11,395,7,0),(1639,2013,11,414,8,0),(1640,2013,11,222,9,0),(1641,2013,11,398,10,0),(1642,2013,11,293,10,0),(1643,2013,11,273,7,0),(1644,2013,11,326,9,0),(1645,2013,11,451,8,0),(1646,2013,11,294,8,0),(1647,2013,11,392,9,0),(1648,2013,11,280,8,0),(1649,2013,11,493,9,0),(1650,2013,11,424,8,0),(1651,2013,11,370,8,0),(1652,2013,11,418,8,0),(1653,2013,11,501,9,0),(1654,2013,11,340,7,0),(1655,2013,11,344,8,0),(1656,2013,11,365,7,0),(1657,2013,11,309,7,0),(1658,2013,11,383,7,0),(1659,2013,11,535,7,0),(1660,2013,11,378,6,0),(1661,2013,11,343,8,0),(1662,2013,11,453,8,0),(1663,2013,11,544,7,0),(1664,2013,4,466,10,0),(1665,2013,4,237,10,0),(1666,2013,4,326,10,0),(1667,2013,4,380,10,0),(1668,2013,4,253,10,0),(1669,2013,4,254,10,0),(1670,2013,4,416,10,0),(1671,2013,7,237,10,0),(1672,2013,7,380,10,0),(1673,2013,7,550,9,0),(1674,2013,7,327,9,0),(1675,2013,7,347,9,0),(1676,2013,7,493,9,0),(1677,2013,7,382,9,0),(1678,2013,7,246,9,0),(1679,2013,7,264,8,0),(1680,2013,7,260,8,0),(1681,2013,7,536,10,0),(1682,2013,7,335,8,0),(1683,2013,7,405,6,0),(1684,2013,7,446,5,0),(1685,2013,7,431,6,0),(1686,2013,7,398,10,0),(1687,2013,7,539,9,0),(1688,2013,7,452,9,0),(1689,2013,7,526,8,0),(1690,2013,7,455,3,0),(1691,2013,7,293,8,0),(1692,2013,6,228,9,0),(1693,2013,6,316,9,0),(1694,2013,6,327,9,0),(1695,2013,6,493,9,0),(1696,2013,6,314,9,0),(1697,2013,6,484,5,0),(1698,2013,6,451,8,0),(1699,2013,6,473,8,0),(1700,2013,6,340,7,0),(1701,2013,6,344,7,0),(1702,2013,6,337,6,0),(1703,2013,6,441,5,0),(1704,2013,6,482,7,0),(1705,2013,6,280,7,0),(1706,2013,6,396,8,0),(1707,2013,6,502,7,0),(1708,2013,6,385,7,0),(1709,2013,6,381,7,0),(1710,2013,6,347,9,0),(1711,2013,6,246,8,0),(1712,2013,6,420,6,0),(1713,2013,6,365,7,0),(1714,2013,6,424,5,0),(1715,2013,6,412,8,0),(1716,2013,6,309,8,0),(1717,2013,6,370,6,0),(1718,2013,6,245,6,0),(1719,2013,6,487,8,0),(1720,2013,6,255,5,0),(1721,2013,6,418,8,0),(1722,2013,6,530,4,0),(1723,2013,6,501,6,0),(1724,2013,6,539,9,0),(1725,2013,6,447,5,0),(1727,2013,6,209,8,0),(1728,2013,6,558,6,0),(1729,2013,6,242,4,0),(1730,2013,6,359,5,0),(1731,2013,6,315,9,0),(1732,2013,6,496,5,0),(1734,2013,6,383,5,0),(1735,2013,6,234,5,0),(1736,2013,6,515,5,0),(1737,2013,6,219,4,0),(1738,2013,6,395,6,0),(1739,2013,6,446,6,0),(1740,2013,6,428,5,0),(1741,2013,6,404,5,0),(1742,2013,6,431,4,0),(1743,2013,6,222,9,0),(1744,2013,6,398,9,0),(1745,2013,6,293,9,0),(1746,2013,6,256,5,0),(1747,2013,6,458,8,0),(1748,2013,6,264,7,0),(1749,2013,6,227,8,0),(1750,2013,6,378,8,0),(1751,2013,6,343,8,0),(1752,2013,6,526,8,0),(1753,2013,6,210,4,0),(1755,2013,6,546,4,0),(1756,2013,6,214,3,0),(1757,2013,6,453,6,0),(1758,2013,6,486,3,0),(1759,2013,6,312,6,0),(1760,2013,6,422,3,0),(1761,2013,6,352,3,0),(1763,2013,6,275,4,0),(1764,2013,6,425,3,0),(1765,2013,6,248,7,0),(1766,2013,6,263,3,0),(1767,2013,6,354,3,0),(1768,2013,6,481,3,0),(1769,2013,6,206,2,0),(1770,2013,6,295,1,0),(1771,2013,6,350,2,0),(1772,2013,6,231,3,0),(1773,2013,6,235,3,0),(1774,2013,6,544,3,0),(1775,2013,6,516,3,0),(1776,2013,6,495,1,0),(1777,2013,6,503,2,0),(1778,2013,6,423,2,0),(1779,2013,6,384,2,0),(1780,2013,6,338,2,0),(1781,2013,6,403,1,0),(1782,2013,6,260,2,0),(1783,2013,6,477,2,0),(1784,2013,6,552,2,0),(1786,2013,6,435,2,0),(1787,2013,6,391,2,0),(1789,2013,6,460,1,0),(1790,2013,6,287,1,0),(1791,2013,6,475,1,0),(1792,2013,6,284,1,0),(1793,2013,6,249,1,0),(1794,2013,6,509,1,0),(1795,2013,6,241,1,0),(1796,2013,6,536,8,0),(1797,2013,6,335,6,0),(1798,2013,6,417,4,0),(1799,2013,6,411,5,0),(1800,2013,6,522,5,0),(1801,2013,6,331,4,0),(1802,2013,6,434,3,0),(1803,2013,6,429,1,0),(1804,2013,6,525,2,0),(1805,2013,6,405,2,0),(1806,2013,7,326,9,0),(1807,2013,7,253,9,0),(1808,2013,7,228,8,0),(1809,2013,7,451,7,0),(1810,2013,7,294,4,0),(1811,2013,7,479,10,0),(1812,2013,7,340,5,0),(1813,2013,7,344,3,0),(1814,2013,7,321,9,0),(1815,2013,7,337,6,0),(1816,2013,7,396,3,0),(1817,2013,7,424,7,0),(1818,2013,7,370,8,0),(1819,2013,7,209,8,0),(1820,2013,7,315,10,0),(1821,2013,4,473,7,0),(1822,2013,4,316,9,0),(1823,2013,4,392,9,0),(1824,2013,4,321,9,0),(1825,2013,4,550,8,0),(1826,2013,4,484,9,0),(1827,2013,4,228,9,0),(1828,2013,4,451,9,0),(1829,2013,4,294,8,0),(1830,2013,4,479,8,0),(1831,2013,4,344,7,0),(1832,2013,4,327,9,0),(1833,2013,4,382,9,0),(1834,2013,4,493,9,0),(1835,2013,4,340,6,0),(1836,2013,4,337,6,0),(1837,2013,4,396,6,0),(1838,2013,4,482,8,0),(1839,2013,4,385,8,0),(1840,2013,4,381,8,0),(1841,2013,4,347,8,0),(1842,2013,4,314,8,0),(1843,2013,4,246,8,0),(1844,2013,4,420,6,0),(1845,2013,4,412,7,0),(1846,2013,4,424,8,0),(1847,2013,4,539,9,0),(1848,2013,4,365,7,0),(1849,2013,4,245,5,0),(1850,2013,4,309,5,0),(1851,2013,4,487,4,0),(1852,2013,4,255,4,0),(1853,2013,4,418,5,0),(1854,2013,4,530,6,0),(1855,2013,4,447,5,0),(1856,2013,4,369,4,0),(1857,2013,4,209,7,0),(1858,2013,4,452,8,0),(1859,2013,4,558,5,0),(1860,2013,4,242,7,0),(1861,2013,4,359,6,0),(1862,2013,4,315,8,0),(1863,2013,4,501,8,0),(1864,2013,4,458,8,0),(1865,2013,4,535,7,0),(1866,2013,4,378,8,0),(1867,2013,4,312,6,0),(1868,2013,4,496,7,0),(1869,2013,4,234,7,0),(1870,2013,4,515,5,0),(1871,2013,4,533,5,0),(1872,2013,4,546,6,0),(1873,2013,4,343,7,0),(1874,2013,4,383,6,0),(1875,2013,4,219,6,0),(1876,2013,4,227,6,0),(1877,2013,4,453,5,0),(1878,2013,4,486,5,0),(1879,2013,4,248,5,0),(1880,2013,4,354,4,0),(1881,2013,4,206,4,0),(1882,2013,4,481,3,0),(1883,2013,8,541,2,0),(1884,2013,8,398,9,0),(1885,2013,8,410,2,0),(1886,2013,8,293,8,0),(1887,2013,8,457,1,0),(1888,2013,8,553,3,0),(1889,2013,8,273,6,0),(1890,2013,8,437,1,0),(1891,2013,8,279,1,0),(1892,2013,8,328,1,0),(1893,2013,8,466,10,0),(1894,2013,8,237,10,0),(1895,2013,8,254,10,0),(1896,2013,8,327,10,0),(1897,2013,11,473,6,0),(1898,2013,11,396,5,0),(1899,2013,11,441,6,0),(1900,2013,11,482,5,0),(1901,2013,11,385,4,0),(1902,2013,11,420,5,0),(1903,2013,11,242,5,0),(1904,2013,11,449,4,0),(1905,2013,11,234,5,0),(1906,2013,11,515,6,0),(1907,2013,11,275,3,0),(1908,2013,11,516,5,0),(1909,2013,11,552,5,0),(1910,2013,11,286,5,0),(1911,2013,11,307,4,0),(1912,2013,11,241,2,0),(1913,2013,11,522,6,0),(1914,2013,11,331,5,0),(1915,2013,11,434,3,0),(1916,2013,11,220,5,0),(1917,2013,11,446,7,0),(1918,2013,11,485,2,0),(1919,2013,11,431,6,0),(1920,2013,11,366,2,0),(1921,2013,11,471,6,0),(1922,2013,11,438,1,0),(1923,2013,11,415,2,0),(1924,2013,11,339,2,0),(1925,2013,11,208,5,0),(1926,2013,11,256,4,0),(1927,2013,11,311,6,0),(1928,2013,11,437,5,0),(1929,2013,11,279,4,0),(1930,2013,11,337,7,0),(1931,2013,11,245,6,0),(1932,2013,11,487,5,0),(1933,2013,11,558,5,0),(1934,2013,11,359,4,0),(1935,2013,11,496,5,0),(1936,2013,11,547,6,0),(1937,2013,11,227,6,0),(1938,2013,8,326,10,0),(1939,2013,8,380,10,0),(1940,2013,8,253,9,0),(1941,2013,8,416,10,0),(1942,2013,8,228,9,0),(1943,2013,8,479,9,0),(1944,2013,8,321,9,0),(1945,2013,8,493,9,0),(1946,2013,8,412,9,0),(1947,2013,8,222,10,0),(1948,2013,7,416,10,0),(1949,2013,7,482,7,0),(1950,2013,7,280,8,0),(1951,2013,7,385,4,0),(1952,2013,7,365,6,0),(1953,2013,7,309,8,0),(1954,2013,7,487,7,0),(1955,2013,7,392,10,0),(1956,2013,7,381,6,0),(1957,2013,7,501,9,0),(1958,2013,7,447,2,0),(1959,2013,7,558,8,0),(1960,2013,7,234,8,0),(1961,2013,7,515,4,0),(1962,2013,7,248,7,0),(1963,2013,7,544,6,0),(1964,2013,7,338,6,0),(1965,2013,7,249,8,0),(1966,2013,7,241,5,0),(1967,2013,7,417,5,0),(1968,2013,7,331,6,0),(1969,2013,7,395,7,0),(1970,2013,7,376,5,0),(1971,2013,7,525,3,0),(1972,2013,7,428,7,0),(1973,2013,7,207,5,0),(1974,2013,7,532,3,0),(1975,2013,7,444,6,0),(1976,2013,7,366,5,0),(1977,2013,7,222,9,0),(1978,2013,7,551,8,0),(1979,2013,7,432,2,0),(1980,2013,7,471,3,0),(1981,2013,7,438,3,0),(1982,2013,7,233,5,0),(1983,2013,7,339,5,0),(1984,2013,7,273,5,0),(1985,2013,7,506,3,0),(1986,2013,7,543,3,0),(1987,2013,7,343,7,0),(1988,2013,7,275,7,0),(1989,2013,7,425,8,0),(1990,2013,4,449,2,0),(1991,2013,4,433,5,0),(1992,2013,4,547,5,0),(1993,2013,4,210,4,0),(1994,2013,4,214,5,0),(1995,2013,4,526,5,0),(1996,2013,4,387,4,0),(1997,2013,4,422,4,0),(1998,2013,4,275,5,0),(1999,2013,4,350,4,0),(2000,2013,4,231,4,0),(2001,2013,4,352,3,0),(2002,2013,4,425,3,0),(2003,2013,4,263,3,0),(2004,2013,4,295,3,0),(2005,2013,4,495,3,0),(2006,2013,4,503,3,0),(2007,2013,4,516,3,0),(2008,2013,4,384,3,0),(2009,2013,4,338,3,0),(2010,2013,4,552,3,0),(2011,2013,4,391,3,0),(2012,2013,4,475,3,0),(2013,2013,4,508,2,0),(2014,2013,4,377,2,0),(2015,2013,4,235,2,0),(2016,2013,4,460,2,0),(2017,2013,4,260,2,0),(2018,2013,4,439,2,0),(2019,2013,4,435,2,0),(2020,2013,4,284,2,0),(2021,2013,4,509,2,0),(2022,2013,4,335,2,0),(2023,2013,4,522,2,0),(2024,2013,4,331,2,0),(2025,2013,4,395,9,0),(2026,2013,4,249,1,0),(2027,2013,4,542,1,0),(2028,2013,4,411,1,0),(2029,2013,4,285,1,0),(2030,2013,4,434,1,0),(2031,2013,4,429,1,0),(2032,2013,4,405,1,0),(2033,2013,4,485,1,0),(2034,2013,4,272,1,0),(2035,2013,4,334,1,0),(2036,2013,4,286,1,0),(2037,2013,11,447,4,0),(2038,2013,11,533,3,0),(2039,2013,11,448,3,0),(2040,2013,11,486,4,0),(2041,2013,11,312,3,0),(2042,2013,11,206,4,0),(2043,2013,11,384,3,0),(2044,2013,11,249,3,0),(2045,2013,11,376,3,0),(2046,2013,11,230,3,0),(2047,2013,11,444,2,0),(2048,2013,11,551,2,0),(2049,2013,11,553,2,0),(2050,2013,11,484,4,0),(2051,2013,11,433,2,0),(2052,2013,11,210,1,0),(2053,2013,11,546,3,0),(2054,2013,11,422,2,0),(2055,2013,11,508,2,0),(2056,2013,11,425,1,0),(2057,2013,11,354,2,0),(2058,2013,11,350,3,0),(2059,2013,11,377,1,0),(2060,2013,11,439,1,0),(2061,2013,11,334,2,0),(2062,2013,15,466,10,0),(2063,2013,15,237,10,0),(2064,2013,15,326,10,0),(2065,2013,15,380,10,0),(2066,2013,15,253,10,0),(2067,2013,15,254,10,0),(2068,2013,15,484,9,0),(2069,2013,15,416,10,0),(2070,2013,15,228,9,0),(2071,2013,15,451,9,0),(2072,2013,15,294,9,0),(2073,2013,15,473,9,0),(2074,2013,15,479,9,0),(2075,2013,15,316,9,0),(2076,2013,15,340,8,0),(2077,2013,15,392,9,0),(2078,2013,15,321,9,0),(2079,2013,15,344,8,0),(2080,2013,15,550,8,0),(2081,2013,15,381,9,0),(2082,2013,15,493,8,0),(2083,2013,15,337,8,0),(2084,2013,15,396,8,0),(2085,2013,15,441,8,0),(2086,2013,15,482,8,0),(2087,2013,15,280,8,0),(2088,2013,15,502,7,0),(2089,2013,15,385,8,0),(2090,2013,15,382,8,0),(2091,2013,15,412,8,0),(2092,2013,15,347,8,0),(2093,2013,15,370,7,0),(2094,2013,15,452,8,0),(2095,2013,15,315,8,0),(2096,2013,15,314,6,0),(2097,2013,15,246,6,0),(2098,2013,15,420,6,0),(2099,2013,15,365,6,0),(2100,2013,15,245,6,0),(2101,2013,15,209,6,0),(2102,2013,15,558,7,0),(2103,2013,15,515,5,0),(2104,2013,15,309,7,0),(2105,2013,15,487,6,0),(2106,2013,15,418,7,0),(2107,2013,15,539,7,0),(2108,2013,15,255,6,0),(2109,2013,15,530,6,0),(2110,2013,15,447,5,0),(2111,2013,15,369,5,0),(2112,2013,15,242,5,0),(2113,2013,15,359,5,0),(2114,2013,15,449,6,0),(2115,2013,15,433,5,0),(2116,2013,15,383,5,0),(2117,2013,15,343,7,0),(2118,2013,15,526,7,0),(2119,2013,15,248,5,0),(2120,2013,15,544,7,0),(2121,2013,15,496,5,0),(2122,2013,15,547,5,0),(2123,2013,15,219,5,0),(2124,2013,15,458,6,0),(2125,2013,15,264,5,0),(2126,2013,15,227,4,0),(2127,2013,15,535,4,0),(2128,2013,15,210,4,0),(2129,2013,15,533,4,0),(2130,2013,15,378,4,0),(2131,2013,15,448,3,0),(2132,2013,15,546,4,0),(2133,2013,15,312,3,0),(2134,2013,15,508,2,0),(2135,2013,15,206,3,0),(2136,2013,15,214,4,0),(2137,2013,15,387,3,0),(2138,2013,15,486,3,0),(2139,2013,15,422,2,0),(2140,2013,15,352,3,0),(2141,2013,15,275,3,0),(2142,2013,15,425,2,0),(2144,2013,15,263,2,0),(2145,2013,15,295,3,0),(2146,2013,15,350,3,0),(2147,2013,15,272,1,0),(2150,2013,15,384,3,0),(2151,2013,15,338,2,0),(2152,2013,15,260,3,0),(2154,2013,15,334,2,0),(2155,2013,15,249,3,0),(2158,2013,15,503,1,0),(2160,2013,15,423,2,0),(2163,2013,15,477,1,0),(2165,2013,15,557,2,0),(2168,2013,15,307,3,0),(2169,2013,15,241,1,0),(2171,2013,15,536,10,0),(2172,2013,15,335,2,0),(2175,2013,15,522,2,0),(2176,2013,15,411,1,0),(2177,2013,15,331,2,0),(2178,2013,15,434,5,0),(2179,2013,15,395,4,0),(2180,2013,15,230,4,0),(2184,2013,15,405,2,0),(2185,2013,15,446,4,0),(2186,2013,15,485,2,0),(2191,2013,15,414,5,0),(2194,2013,15,366,1,0),(2195,2013,15,271,1,0),(2196,2013,15,222,7,0),(2197,2013,15,551,1,0),(2202,2013,15,438,5,0),(2203,2013,15,415,1,0),(2204,2013,15,398,9,0),(2205,2013,15,293,7,0),(2208,2013,15,339,1,0),(2209,2013,15,208,1,0),(2210,2013,7,420,6,0),(2211,2013,7,453,7,0),(2212,2013,7,206,4,0),(2213,2013,7,441,7,0),(2214,2013,7,350,4,0),(2215,2013,7,516,2,0),(2216,2013,7,423,3,0),(2217,2013,7,384,4,0),(2218,2013,7,477,5,0),(2219,2013,7,552,4,0),(2220,2013,7,522,5,0),(2221,2013,7,434,3,0),(2222,2013,7,429,3,0),(2223,2013,7,302,2,0),(2224,2013,7,410,2,0),(2225,2013,7,518,3,0),(2228,2013,10,254,10,0),(2229,2013,10,314,10,0),(2230,2013,10,466,10,0),(2231,2013,10,316,10,0),(2232,2013,11,502,1,0),(2233,2013,11,214,1,0),(2234,2013,11,352,1,0),(2235,2013,11,503,3,0),(2236,2013,11,423,1,0),(2237,2013,11,391,1,0),(2238,2013,11,345,3,0),(2239,2013,11,507,1,0),(2240,2013,11,308,1,0),(2241,2013,10,237,10,0),(2242,2013,10,326,10,0),(2243,2013,10,380,10,0),(2244,2013,10,253,9,0),(2245,2013,10,416,9,0),(2246,2013,10,473,9,0),(2247,2013,10,479,9,0),(2248,2013,10,392,9,0),(2249,2013,10,321,9,0),(2250,2013,10,550,9,0),(2251,2013,10,228,9,0),(2252,2013,10,382,9,0),(2253,2013,10,412,9,0),(2254,2013,10,370,9,0),(2255,2013,10,536,8,0),(2256,2013,10,522,7,0),(2257,2013,10,222,8,0),(2258,2013,10,551,4,0),(2259,2013,10,398,8,0),(2260,2013,10,293,7,0),(2261,2013,10,273,7,0),(2262,2013,8,550,9,0),(2263,2013,8,347,9,0),(2264,2013,8,314,9,0),(2265,2013,8,536,9,0),(2266,2013,8,316,8,0),(2267,2013,8,392,8,0),(2268,2013,8,382,8,0),(2269,2013,8,209,8,0),(2270,2013,8,315,8,0),(2271,2013,8,234,8,0),(2272,2013,8,458,8,0),(2273,2013,8,526,8,0),(2274,2013,8,451,8,0),(2275,2013,8,452,8,0),(2276,2013,8,241,6,0),(2277,2013,8,335,5,0),(2278,2013,8,370,8,0),(2279,2013,8,539,8,0),(2280,2013,8,260,6,0),(2281,2013,8,405,4,0),(2283,2013,8,428,4,0),(2284,2013,8,532,3,0),(2285,2013,8,271,4,0),(2286,2013,8,551,1,0),(2287,2013,8,408,3,0),(2288,2013,8,438,3,0),(2289,2013,8,294,8,0),(2290,2013,8,484,6,0),(2291,2013,8,473,7,0),(2292,2013,8,344,7,0),(2293,2013,8,441,7,0),(2294,2013,8,280,7,0),(2295,2013,8,424,7,0),(2296,2013,8,309,7,0),(2297,2013,8,482,8,0),(2298,2013,8,337,7,0),(2299,2013,8,486,6,0),(2300,2013,8,485,4,0),(2301,2013,8,396,6,0),(2302,2013,8,385,6,0),(2303,2013,8,502,6,0),(2304,2013,8,381,6,0),(2305,2013,8,246,6,0),(2306,2013,8,420,5,0),(2307,2013,8,365,5,0),(2308,2013,8,245,5,0),(2309,2013,8,487,5,0),(2310,2013,8,255,5,0),(2311,2013,8,418,5,0),(2312,2013,8,530,5,0),(2313,2013,8,501,5,0),(2314,2013,8,447,5,0),(2315,2013,8,369,4,0),(2316,2013,8,558,5,0),(2317,2013,8,547,5,0),(2318,2013,8,378,5,0),(2319,2013,8,264,7,0),(2320,2013,8,227,4,0),(2321,2013,8,275,7,0),(2322,2013,8,516,4,0),(2323,2013,8,384,7,0),(2324,2013,8,387,4,0),(2325,2013,8,359,3,0),(2326,2013,8,496,3,0),(2327,2013,8,515,3,0),(2328,2013,8,544,3,0),(2329,2013,8,477,3,0),(2330,2013,8,286,3,0),(2331,2013,8,522,6,0),(2332,2013,8,249,6,0),(2333,2013,8,533,3,0),(2334,2013,8,546,3,0),(2335,2013,8,312,3,0),(2336,2013,8,352,2,0),(2337,2013,8,248,2,0),(2338,2013,8,235,2,0),(2339,2013,8,376,2,0),(2340,2013,8,395,2,0),(2341,2013,8,463,2,0),(2342,2013,8,453,5,0),(2343,2013,8,425,2,0),(2344,2013,8,216,2,0),(2345,2013,8,207,2,0),(2346,2013,8,415,1,0),(2347,2013,8,272,2,0),(2348,2013,8,509,2,0),(2349,2013,8,307,2,0),(2350,2013,8,417,1,0),(2351,2013,8,432,4,0),(2352,2013,8,252,1,0),(2353,2013,8,449,5,0),(2354,2013,8,345,1,0),(2355,2013,8,331,1,0),(2356,2013,8,366,1,0),(2357,2013,8,310,1,0),(2358,2013,12,466,10,0),(2359,2013,12,237,10,0),(2360,2013,12,326,9,0),(2361,2013,12,380,10,0),(2362,2013,12,253,10,0),(2363,2013,12,254,10,0),(2364,2013,12,316,9,0),(2365,2013,12,392,9,0),(2366,2013,12,321,10,0),(2367,2013,12,550,9,0),(2368,2013,12,280,10,0),(2369,2013,12,416,9,0),(2370,2013,12,228,9,0),(2371,2013,12,473,9,0),(2372,2013,12,479,9,0),(2373,2013,12,381,9,0),(2374,2013,12,382,9,0),(2375,2013,12,493,9,0),(2376,2013,12,327,9,0),(2377,2013,12,451,8,0),(2378,2013,12,294,8,0),(2379,2013,12,340,8,0),(2380,2013,12,344,8,0),(2381,2013,12,347,8,0),(2382,2013,12,246,8,0),(2383,2013,12,412,8,0),(2384,2013,12,309,8,0),(2385,2013,12,487,8,0),(2386,2013,12,315,8,0),(2387,2013,12,337,8,0),(2388,2013,12,396,8,0),(2389,2013,12,441,8,0),(2390,2013,12,482,8,0),(2391,2013,12,385,8,0),(2392,2013,12,502,7,0),(2393,2013,12,314,7,0),(2394,2013,12,420,7,0),(2395,2013,12,365,7,0),(2396,2013,12,424,6,0),(2397,2013,12,370,7,0),(2398,2013,12,245,6,0),(2399,2013,12,255,6,0),(2400,2013,12,501,6,0),(2401,2013,12,452,7,0),(2402,2013,12,418,6,0),(2403,2013,12,539,7,0),(2404,2013,12,447,6,0),(2405,2013,12,547,7,0),(2406,2013,12,227,6,0),(2407,2013,12,533,7,0),(2408,2013,12,378,6,0),(2409,2013,12,546,6,0),(2410,2013,12,343,7,0),(2411,2013,12,453,6,0),(2412,2013,12,369,6,0),(2413,2013,12,209,5,0),(2414,2013,12,558,5,0),(2415,2013,12,242,5,0),(2416,2013,12,359,5,0),(2417,2013,12,449,5,0),(2418,2013,12,496,5,0),(2419,2013,12,433,5,0),(2420,2013,12,234,5,0),(2421,2013,12,383,5,0),(2422,2013,12,515,5,0),(2423,2013,12,219,5,0),(2424,2013,12,458,5,0),(2425,2013,12,264,5,0),(2426,2013,12,535,5,0),(2427,2013,12,210,5,0),(2428,2013,12,448,4,0),(2429,2013,12,214,4,0),(2430,2013,12,526,4,0),(2431,2013,12,387,4,0),(2432,2013,12,486,4,0),(2433,2013,12,312,4,0),(2434,2013,12,422,4,0),(2435,2013,12,352,4,0),(2436,2013,12,508,4,0),(2437,2013,12,425,4,0),(2438,2013,12,248,3,0),(2439,2013,12,354,3,0),(2440,2013,12,295,3,0),(2441,2013,12,206,3,0),(2442,2013,12,481,3,0),(2443,2013,12,350,3,0),(2444,2013,12,377,3,0),(2445,2013,12,495,3,0),(2446,2013,12,544,3,0),(2447,2013,12,235,3,0),(2448,2013,12,503,3,0),(2449,2013,12,423,3,0),(2450,2013,12,384,3,0),(2451,2013,12,272,2,0),(2452,2013,12,338,2,0),(2453,2013,12,403,2,0),(2454,2013,12,460,2,0),(2455,2013,12,260,2,0),(2456,2013,12,477,2,0),(2457,2013,12,557,2,0),(2458,2013,12,507,2,0),(2459,2013,12,439,2,0),(2460,2013,12,435,2,0),(2461,2013,12,391,2,0),(2462,2013,12,545,2,0),(2463,2013,12,334,2,0),(2464,2013,12,286,1,0),(2465,2013,12,475,1,0),(2466,2013,12,284,1,0),(2467,2013,12,355,1,0),(2468,2013,12,249,1,0),(2469,2013,12,333,1,0),(2470,2013,12,298,1,0),(2471,2013,12,542,1,0),(2472,2013,12,288,1,0),(2473,2013,12,478,1,0),(2474,2013,12,509,1,0),(2475,2013,14,466,10,0),(2476,2013,14,237,10,0),(2477,2013,14,326,10,0),(2478,2013,14,380,10,0),(2479,2013,14,254,10,0),(2480,2013,14,416,10,0),(2481,2013,14,314,9,0),(2482,2013,14,412,9,0),(2483,2013,14,370,9,0),(2484,2013,14,539,9,0),(2485,2013,14,315,9,0),(2486,2013,14,234,8,0),(2487,2013,14,547,8,0),(2488,2013,14,458,9,0),(2489,2013,14,378,8,0),(2490,2013,14,453,8,0),(2491,2013,14,544,8,0),(2492,2013,14,260,9,0),(2493,2013,14,536,10,0),(2494,2013,14,335,8,0),(2495,2013,14,434,7,0),(2496,2013,14,395,6,0),(2497,2013,14,405,5,0),(2498,2013,14,398,10,0),(2499,2013,14,253,9,0),(2500,2013,14,228,9,0),(2501,2013,14,479,9,0),(2502,2013,14,451,8,0),(2503,2013,14,294,8,0),(2504,2013,14,473,8,0),(2505,2013,14,316,8,0),(2506,2013,14,340,8,0),(2507,2013,14,392,8,0),(2508,2013,14,321,8,0),(2509,2013,14,550,8,0),(2510,2013,14,280,8,0),(2511,2013,14,344,7,0),(2512,2013,14,337,7,0),(2513,2013,14,396,7,0),(2514,2013,14,441,7,0),(2515,2013,14,482,7,0),(2516,2013,14,327,7,0),(2517,2013,14,502,7,0),(2518,2013,14,385,7,0),(2519,2013,14,382,7,0),(2520,2013,14,246,6,0),(2521,2013,14,420,6,0),(2522,2013,14,424,6,0),(2523,2013,14,245,6,0),(2524,2013,14,309,6,0),(2525,2013,14,487,6,0),(2526,2013,14,255,6,0),(2527,2013,14,418,6,0),(2528,2013,14,530,6,0),(2529,2013,14,501,6,0),(2530,2013,14,447,5,0),(2531,2013,14,209,5,0),(2532,2013,14,452,5,0),(2533,2013,14,449,4,0),(2534,2013,14,496,5,0),(2535,2013,14,383,5,0),(2536,2013,14,219,4,0),(2537,2013,14,264,5,0),(2538,2013,14,210,5,0),(2539,2013,14,535,5,0),(2540,2013,14,227,5,0),(2541,2013,14,533,5,0),(2542,2013,14,214,5,0),(2543,2013,14,343,5,0),(2544,2013,14,526,9,0),(2545,2013,14,387,5,0),(2546,2013,14,486,5,0),(2547,2013,14,422,4,0),(2548,2013,14,312,4,0),(2549,2013,14,352,3,0),(2550,2013,14,275,4,0),(2551,2013,14,425,4,0),(2552,2013,14,248,4,0),(2553,2013,14,354,4,0),(2554,2013,14,263,4,0),(2555,2013,14,295,3,0),(2556,2013,14,206,3,0),(2557,2013,14,481,3,0),(2558,2013,14,350,3,0),(2559,2013,14,377,3,0),(2560,2013,14,231,3,0),(2561,2013,14,235,3,0),(2562,2013,14,503,3,0),(2563,2013,14,516,3,0),(2564,2013,14,423,3,0),(2565,2013,14,272,3,0),(2566,2013,14,384,3,0),(2567,2013,14,338,2,0),(2568,2013,14,403,2,0),(2569,2013,14,460,2,0),(2570,2013,14,477,2,0),(2571,2013,14,287,2,0),(2572,2013,14,557,2,0),(2573,2013,14,507,2,0),(2574,2013,14,552,2,0),(2575,2013,14,435,2,0),(2576,2013,14,391,2,0),(2577,2013,14,334,2,0),(2578,2013,14,286,2,0),(2579,2013,14,475,2,0),(2580,2013,14,284,1,0),(2581,2013,14,484,1,0),(2582,2013,14,381,1,0),(2583,2013,14,369,1,0),(2584,2013,14,433,1,0),(2585,2013,14,448,1,0),(2586,2013,14,508,1,0),(2587,2013,14,439,1,0),(2588,2013,14,545,1,0),(2589,2013,14,355,1,0),(2590,2013,14,249,1,0),(2591,2013,16,466,10,0),(2592,2013,16,237,10,0),(2593,2013,16,380,10,0),(2594,2013,16,253,10,0),(2595,2013,16,254,10,0),(2596,2013,16,416,10,0),(2597,2013,16,550,9,0),(2598,2013,16,347,9,0),(2599,2013,16,382,9,0),(2600,2013,16,493,10,0),(2601,2013,16,316,9,0),(2602,2013,16,479,9,0),(2603,2013,16,327,9,0),(2604,2013,16,314,9,0),(2605,2013,16,246,9,0),(2606,2013,16,280,9,0),(2607,2013,16,412,8,0),(2608,2013,16,370,8,0),(2609,2013,16,326,8,0),(2610,2013,16,228,8,0),(2611,2013,16,473,8,0),(2612,2013,16,392,8,0),(2613,2013,16,321,8,0),(2614,2013,16,539,9,0),(2615,2013,16,452,8,0),(2616,2013,16,234,8,0),(2617,2013,16,227,6,0),(2618,2013,16,535,3,0),(2619,2013,16,533,7,0),(2620,2013,16,378,7,0),(2621,2013,16,343,7,0),(2622,2013,16,453,7,0),(2623,2013,16,526,8,0),(2624,2013,16,248,8,0),(2625,2013,16,536,9,0),(2626,2013,16,335,7,0),(2627,2013,16,417,5,0),(2628,2013,16,522,6,0),(2629,2013,16,331,5,0),(2630,2013,10,432,8,0),(2631,2013,10,327,8,0),(2632,2013,10,347,8,0),(2633,2013,10,493,6,0),(2666,2013,10,484,5,0),(2667,2013,10,451,8,0),(2668,2013,10,294,8,0),(2669,2013,10,340,7,0),(2670,2013,10,344,7,0),(2671,2013,10,337,8,0),(2672,2013,10,396,7,0),(2673,2013,10,441,6,0),(2674,2013,10,482,6,0),(2675,2013,10,280,7,0),(2676,2013,10,385,8,0),(2677,2013,10,502,6,0),(2678,2013,10,381,8,0),(2679,2013,10,246,6,0),(2680,2013,10,420,7,0),(2681,2013,10,365,6,0),(2682,2013,10,539,8,0),(2683,2013,10,558,6,0),(2684,2013,10,424,5,0),(2695,2013,10,487,8,0),(2696,2013,10,255,6,0),(2697,2013,10,418,5,0),(2698,2013,10,530,6,0),(2699,2013,10,309,8,0),(2700,2013,10,452,8,0),(2701,2013,10,501,7,0),(2702,2013,10,369,5,0),(2721,2013,10,443,3,0),(2722,2013,10,400,3,0),(2723,2013,10,296,3,0),(2724,2013,10,428,3,0),(2725,2013,10,414,3,0),(2726,2013,10,404,3,0),(2727,2013,10,366,3,0),(2728,2013,10,554,3,0),(2729,2013,10,408,3,0),(2730,2013,10,373,3,0),(2731,2013,10,471,3,0),(2732,2013,10,438,3,0),(2733,2013,10,541,2,0),(2734,2013,10,291,2,0),(2735,2013,10,256,3,0),(2736,2013,10,209,6,0),(2737,2013,10,242,5,0),(2738,2013,10,359,5,0),(2739,2013,10,315,7,0),(2740,2013,10,449,4,0),(2741,2013,10,496,4,0),(2742,2013,10,433,5,0),(2743,2013,10,383,5,0),(2744,2013,10,234,5,0),(2745,2013,10,515,5,0),(2746,2013,10,547,5,0),(2747,2013,10,219,5,0),(2748,2013,10,458,4,0),(2749,2013,10,264,5,0),(2750,2013,10,210,4,0),(2751,2013,10,227,4,0),(2752,2013,10,535,4,0),(2753,2013,10,533,4,0),(2754,2013,10,378,5,0),(2755,2013,10,448,4,0),(2756,2013,10,343,5,0),(2757,2013,10,526,6,0),(2758,2013,10,546,2,0),(2759,2013,10,453,2,0),(2760,2013,10,387,2,0),(2761,2013,10,312,2,0),(2762,2013,10,508,1,0),(2763,2013,10,275,2,0),(2764,2013,10,425,2,0),(2765,2013,10,352,2,0),(2766,2013,10,248,2,0),(2767,2013,10,486,1,0),(2768,2013,10,354,1,0),(2769,2013,10,377,2,0),(2770,2013,10,544,2,0),(2771,2013,10,384,1,0),(2772,2013,10,338,1,0),(2773,2013,10,460,1,0),(2774,2013,10,260,2,0),(2775,2013,10,411,1,0),(2776,2013,10,331,1,0),(2777,2013,10,434,1,0),(2778,2013,10,307,1,0),(2779,2013,10,335,1,0),(2780,2013,13,237,10,0),(2781,2013,13,327,10,0),(2782,2013,13,536,10,0),(2783,2013,13,222,9,0),(2784,2013,13,398,9,0),(2785,2013,13,293,8,0),(2786,2013,13,273,6,0),(2787,2013,13,256,5,0),(2788,2013,13,311,4,0),(2789,2013,13,466,10,0),(2790,2013,13,380,10,0),(2791,2013,13,416,10,0),(2792,2013,13,479,8,0),(2793,2013,13,392,8,0),(2794,2013,13,321,9,0),(2795,2013,13,550,8,0),(2796,2013,13,326,9,0),(2797,2013,13,253,9,0),(2798,2013,13,254,10,0),(2799,2013,13,228,9,0),(2800,2013,13,294,8,0),(2801,2013,13,337,9,0),(2802,2013,13,493,9,0),(2803,2013,13,424,7,0),(2804,2013,13,452,7,0),(2805,2013,13,473,8,0),(2806,2013,13,316,8,0),(2807,2013,13,340,8,0),(2808,2013,13,280,8,0),(2809,2013,13,385,7,0),(2810,2013,13,502,7,0),(2811,2013,13,381,8,0),(2812,2013,13,347,7,0),(2813,2013,13,382,8,0),(2814,2013,13,451,8,0),(2815,2013,13,246,8,0),(2816,2013,13,365,7,0),(2817,2013,13,539,9,0),(2818,2013,13,484,8,0),(2819,2013,13,344,7,0),(2820,2013,13,396,7,0),(2821,2013,13,441,7,0),(2822,2013,13,314,9,0),(2823,2013,13,245,6,0),(2824,2013,13,530,6,0),(2825,2013,13,501,7,0),(2826,2013,13,420,6,0),(2827,2013,13,412,6,0),(2828,2013,13,370,6,0),(2829,2013,13,487,6,0),(2830,2013,13,315,9,0),(2831,2013,13,255,6,0),(2832,2013,13,418,5,0),(2833,2013,13,447,6,0),(2834,2013,13,369,5,0),(2835,2013,13,209,5,0),(2836,2013,13,446,6,0),(2837,2013,13,485,5,0),(2838,2013,13,414,6,0),(2839,2013,13,558,5,0),(2840,2013,13,242,5,0),(2841,2013,13,359,5,0),(2842,2013,13,449,5,0),(2843,2013,13,234,5,0),(2844,2013,13,515,5,0),(2845,2013,13,547,5,0),(2846,2013,13,219,4,0),(2847,2013,13,264,5,0),(2848,2013,13,458,5,0),(2849,2013,13,227,5,0),(2850,2013,13,433,4,0),(2851,2013,13,535,4,0),(2852,2013,13,533,4,0),(2853,2013,13,378,4,0),(2854,2013,13,448,3,0),(2855,2013,13,546,4,0),(2856,2013,13,343,4,0),(2857,2013,13,214,3,0),(2858,2013,13,526,4,0),(2859,2013,13,453,3,0),(2860,2013,13,387,3,0),(2861,2013,13,486,3,0),(2862,2013,13,275,3,0),(2863,2013,13,425,2,0),(2864,2013,13,248,3,0),(2865,2013,13,544,3,0),(2866,2013,13,552,3,0),(2867,2013,13,307,3,0),(2868,2013,13,241,3,0),(2869,2013,13,335,3,0),(2870,2013,13,522,3,0),(2871,2013,13,429,2,0),(2872,2013,13,395,8,0),(2873,2013,13,443,2,0),(2874,2013,13,312,2,0),(2875,2013,13,422,1,0),(2876,2013,13,263,2,0),(2877,2013,13,354,1,0),(2878,2013,13,206,2,0),(2879,2013,13,231,2,0),(2880,2013,13,516,2,0),(2881,2013,13,338,1,0),(2882,2013,13,295,2,0),(2883,2013,13,481,2,0),(2884,2013,13,350,2,0),(2885,2013,13,345,1,0),(2886,2013,13,377,2,0),(2887,2013,13,272,1,0),(2888,2013,13,384,1,0),(2889,2013,13,460,1,0),(2890,2013,13,557,1,0),(2891,2013,13,334,2,0),(2892,2013,13,411,1,0),(2893,2013,13,525,1,0),(2894,2013,13,373,1,0),(2895,2013,7,242,6,0),(2896,2013,7,359,4,0),(2897,2013,7,547,5,0),(2898,2013,7,458,5,0),(2899,2013,7,535,4,0),(2900,2013,7,312,4,0),(2901,2013,2,418,3,0),(2902,2013,7,484,2,0),(2903,2013,7,502,2,0),(2904,2013,7,245,2,0),(2905,2013,7,496,2,0),(2906,2013,7,219,2,0),(2907,2013,7,533,5,0),(2908,2013,7,485,2,0),(2909,2013,7,322,2,0),(2911,2013,7,437,1,0),(2913,2013,7,227,2,0),(2914,2013,7,449,1,0),(2915,2013,7,546,1,0),(2916,2013,7,284,1,0),(2917,2013,7,218,1,0),(2918,2013,7,352,1,0),(2919,2013,7,509,1,0),(2920,2013,7,360,1,0),(2921,2013,7,411,1,0),(2922,2013,7,486,1,0),(2923,2013,7,334,1,0),(2924,2013,16,547,8,0),(2925,2013,16,425,8,0),(2926,2013,16,544,8,0),(2927,2013,16,260,8,0),(2928,2013,16,552,6,0),(2929,2013,16,294,7,0),(2930,2013,16,441,7,0),(2931,2013,16,365,6,0),(2932,2013,16,424,6,0),(2933,2013,16,245,6,0),(2934,2013,16,309,6,0),(2935,2013,16,487,6,0),(2936,2013,16,451,6,0),(2937,2013,16,344,6,0),(2938,2013,16,482,6,0),(2939,2013,16,420,6,0),(2940,2013,16,340,5,0),(2941,2013,16,337,5,0),(2942,2013,16,385,5,0),(2943,2013,16,502,5,0),(2944,2013,16,418,5,0),(2945,2013,16,530,5,0),(2946,2013,16,501,5,0),(2947,2013,16,209,5,0),(2948,2013,16,558,5,0),(2949,2013,16,359,5,0),(2950,2013,16,449,5,0),(2951,2013,16,515,4,0),(2952,2013,16,458,5,0),(2953,2013,16,264,5,0),(2954,2013,16,210,3,0),(2955,2013,16,395,7,0),(2956,2013,16,438,4,0),(2957,2013,16,381,4,0),(2958,2013,16,429,4,0),(2959,2013,16,463,2,0),(2960,2013,16,414,4,0),(2961,2013,16,431,4,0),(2962,2013,16,222,7,0),(2964,2013,16,293,7,0),(2965,2013,16,273,4,0),(2966,2013,16,256,4,0),(2967,2013,16,311,4,0),(2968,2013,16,484,3,0),(2969,2013,16,447,3,0),(2970,2013,16,496,3,0),(2971,2013,16,219,3,0),(2972,2013,16,546,3,0),(2973,2013,16,387,3,0),(2974,2013,16,486,3,0),(2975,2013,16,275,3,0),(2976,2013,16,206,3,0),(2977,2013,16,384,3,0),(2978,2013,16,208,3,0),(2979,2013,16,354,2,0),(2980,2013,16,263,2,0),(2981,2013,16,350,2,0),(2982,2013,16,503,2,0),(2983,2013,16,516,2,0),(2984,2013,16,478,2,0),(2985,2013,16,307,2,0),(2986,2013,16,255,2,0),(2987,2013,16,242,2,0),(2988,2013,16,369,2,0),(2989,2013,16,433,2,0),(2993,2013,16,405,1,0),(2994,2013,16,446,2,0),(2995,2013,16,383,1,0),(2996,2013,16,422,1,0),(3000,2013,16,235,1,0),(3001,2013,16,477,1,0),(3002,2013,16,249,1,0),(3005,2013,16,302,1,0),(3007,2013,16,292,1,0),(3008,2013,16,428,1,0),(3009,2013,16,432,1,0),(3012,2013,16,339,1,0),(3016,2013,1,466,10,0),(3017,2013,1,237,10,0),(3018,2013,1,326,10,0),(3019,2013,1,380,10,0),(3020,2013,1,253,10,0),(3021,2013,1,254,10,0),(3022,2013,1,484,5,0),(3023,2013,1,416,10,0),(3024,2013,1,228,9,0),(3025,2013,1,451,6,0),(3026,2013,1,294,8,0),(3027,2013,1,473,8,0),(3028,2013,1,316,9,0),(3029,2013,1,479,8,0),(3030,2013,1,340,6,0),(3031,2013,1,392,9,0),(3032,2013,1,344,6,0),(3033,2013,1,321,9,0),(3034,2013,1,337,7,0),(3035,2013,1,396,7,0),(3036,2013,1,441,5,0),(3037,2013,1,482,3,0),(3038,2013,1,550,9,0),(3039,2013,1,280,8,0),(3040,2013,1,327,8,0),(3041,2013,1,502,4,0),(3042,2013,1,385,5,0),(3043,2013,1,381,8,0),(3044,2013,1,347,8,0),(3045,2013,1,493,8,0),(3046,2013,1,382,6,0),(3047,2013,1,314,6,0),(3048,2013,1,246,9,0),(3049,2013,1,420,7,0),(3050,2013,1,365,1,0),(3051,2013,1,424,8,0),(3052,2013,1,412,9,0),(3053,2013,1,370,8,0),(3054,2013,1,245,1,0),(3055,2013,1,309,8,0),(3056,2013,1,418,7,0),(3057,2013,1,530,1,0),(3058,2013,1,501,6,0),(3059,2013,1,447,3,0),(3060,2013,1,539,9,0),(3061,2013,1,369,2,0),(3062,2013,1,209,5,0),(3063,2013,1,452,7,0),(3064,2013,1,558,6,0),(3065,2013,1,242,1,0),(3066,2013,1,315,8,0),(3067,2013,1,449,7,0),(3068,2013,1,496,5,0),(3069,2013,1,433,5,0),(3070,2013,1,383,2,0),(3071,2013,1,234,1,0),(3072,2013,1,515,1,0),(3073,2013,1,547,8,0),(3074,2013,1,219,5,0),(3075,2013,1,264,6,0),(3076,2013,1,458,3,0),(3077,2013,1,210,1,0),(3078,2013,1,535,4,0),(3079,2013,1,227,3,0),(3080,2013,1,533,4,0),(3081,2013,1,378,5,0),(3082,2013,1,448,4,0),(3083,2013,1,546,5,0),(3084,2013,1,214,2,0),(3085,2013,1,343,7,0),(3086,2013,1,453,5,0),(3087,2013,1,526,9,0),(3088,2013,1,387,4,0),(3089,2013,1,422,2,0),(3090,2013,1,312,5,0),(3091,2013,1,508,6,0),(3092,2013,1,275,4,0),(3093,2013,1,425,7,0),(3094,2013,1,248,1,0),(3095,2013,1,263,2,0),(3096,2013,1,206,3,0),(3097,2013,1,295,3,0),(3098,2013,1,235,2,0),(3099,2013,1,544,8,0),(3100,2013,1,503,4,0),(3101,2013,1,516,3,0),(3102,2013,1,272,6,0),(3103,2013,1,423,5,0),(3104,2013,1,384,2,0),(3105,2013,1,477,4,0),(3106,2013,1,552,2,0),(3107,2013,1,334,1,0),(3108,2013,1,286,7,0),(3109,2013,1,307,2,0),(3110,2013,1,241,5,0),(3111,2013,1,536,9,0),(3112,2013,1,371,2,0),(3113,2013,1,335,5,0),(3114,2013,1,345,2,0),(3115,2013,1,522,3,0),(3116,2013,1,434,2,0),(3117,2013,1,395,6,0),(3118,2013,1,230,1,0),(3119,2013,1,489,3,0),(3120,2013,1,405,6,0),(3121,2013,1,446,2,0),(3122,2013,1,302,4,0),(3123,2013,1,414,3,0),(3124,2013,1,222,9,0),(3125,2013,1,551,3,0),(3126,2013,1,471,2,0),(3127,2013,1,438,3,0),(3128,2013,1,541,1,0),(3129,2013,1,398,8,0),(3130,2013,1,293,7,0),(3131,2013,1,339,5,0),(3132,2013,1,249,3,0),(4408,2014,15,521,10,1),(4409,2014,6,521,10,1),(4410,2014,4,521,10,1),(4411,2014,10,521,10,1),(4412,2014,7,521,10,1),(4413,2014,9,521,10,1),(4414,2014,1,521,10,1),(4415,2014,5,521,10,1),(4416,2014,16,521,10,1),(4417,2014,2,521,10,1),(4418,2014,13,521,10,1),(4419,2014,3,521,10,1),(4420,2014,11,521,10,1),(4421,2014,14,521,10,1),(4422,2014,12,521,10,1),(4423,2014,6,537,10,1),(4424,2014,4,537,10,1),(4425,2014,10,537,10,1),(4426,2014,7,537,10,1),(4427,2014,9,537,10,1),(4428,2014,1,537,10,1),(4429,2014,5,537,10,1),(4430,2014,16,537,10,1),(4431,2014,2,537,10,1),(4432,2014,8,537,10,1),(4433,2014,13,537,10,1),(4434,2014,3,537,10,1),(4435,2014,11,537,10,1),(4436,2014,14,537,10,1),(4437,2014,12,537,10,1),(4438,2014,15,282,10,1),(4439,2014,6,282,10,1),(4440,2014,4,282,10,1),(4441,2014,10,282,10,1),(4442,2014,7,282,10,1),(4443,2014,9,282,10,1),(4444,2014,1,282,10,1),(4445,2014,5,282,10,1),(4446,2014,16,282,10,1),(4447,2014,2,282,10,1),(4448,2014,13,282,10,1),(4449,2014,3,282,10,1),(4450,2014,11,282,10,1),(4451,2014,14,282,10,1),(4452,2014,12,282,10,1),(4453,2014,15,494,9,1),(4454,2014,6,494,9,1),(4455,2014,4,494,9,1),(4456,2014,10,494,9,1),(4457,2014,9,494,9,1),(4458,2014,1,494,9,1),(4459,2014,5,494,9,1),(4460,2014,16,494,9,1),(4461,2014,2,494,9,1),(4462,2014,8,494,9,1),(4463,2014,13,494,9,1),(4464,2014,3,494,9,1),(4465,2014,11,494,9,1),(4466,2014,14,494,9,1),(4467,2014,12,494,9,1),(4468,2014,15,556,9,1),(4469,2014,6,556,9,1),(4470,2014,4,556,9,1),(4471,2014,10,556,9,1),(4472,2014,7,556,9,1),(4473,2014,9,556,9,1),(4474,2014,1,556,9,1),(4475,2014,5,556,9,1),(4476,2014,16,556,9,1),(4477,2014,2,556,9,1),(4478,2014,13,556,9,1),(4479,2014,3,556,9,1),(4480,2014,11,556,9,1),(4481,2014,14,556,9,1),(4482,2014,12,556,9,1),(4483,2014,15,536,9,1),(4484,2014,6,536,9,1),(4485,2014,4,536,9,1),(4486,2014,10,536,9,1),(4487,2014,7,536,9,1),(4488,2014,9,536,9,1),(4489,2014,1,536,9,1),(4490,2014,5,536,9,1),(4491,2014,2,536,9,1),(4492,2014,8,536,9,1),(4493,2014,13,536,9,1),(4494,2014,3,536,9,1),(4495,2014,11,536,9,1),(4496,2014,14,536,9,1),(4497,2014,12,536,9,1),(4498,2014,15,622,9,1),(4499,2014,6,622,9,1),(4500,2014,4,622,9,1),(4501,2014,10,622,9,1),(4502,2014,7,622,9,1),(4503,2014,9,622,9,1),(4504,2014,1,622,9,1),(4505,2014,16,622,9,1),(4506,2014,2,622,9,1),(4507,2014,8,622,9,1),(4508,2014,13,622,9,1),(4509,2014,3,622,9,1),(4510,2014,11,622,9,1),(4511,2014,14,622,9,1),(4512,2014,12,622,9,1),(4513,2014,15,306,9,1),(4514,2014,6,306,9,1),(4515,2014,4,306,9,1),(4516,2014,10,306,9,1),(4517,2014,7,306,9,1),(4518,2014,1,306,9,1),(4519,2014,5,306,9,1),(4520,2014,16,306,9,1),(4521,2014,2,306,9,1),(4522,2014,8,306,9,1),(4523,2014,13,306,9,1),(4524,2014,3,306,9,1),(4525,2014,11,306,9,1),(4526,2014,14,306,9,1),(4527,2014,12,306,9,1),(4528,2014,15,293,8,1),(4529,2014,6,293,8,1),(4530,2014,4,293,8,1),(4531,2014,10,293,8,1),(4532,2014,7,293,8,1),(4533,2014,9,293,8,1),(4534,2014,1,293,8,1),(4535,2014,5,293,8,1),(4536,2014,16,293,8,1),(4537,2014,2,293,8,1),(4538,2014,8,293,8,1),(4539,2014,13,293,8,1),(4540,2014,3,293,8,1),(4541,2014,14,293,8,1),(4542,2014,12,293,8,1),(4543,2014,15,348,8,1),(4544,2014,6,348,8,1),(4545,2014,4,348,8,1),(4546,2014,10,348,8,1),(4547,2014,7,348,8,1),(4548,2014,9,348,8,1),(4549,2014,5,348,8,1),(4550,2014,16,348,8,1),(4551,2014,2,348,8,1),(4552,2014,8,348,8,1),(4553,2014,13,348,8,1),(4554,2014,3,348,8,1),(4555,2014,11,348,8,1),(4556,2014,14,348,8,1),(4557,2014,12,348,8,1),(4558,2014,15,339,8,1),(4559,2014,6,339,8,1),(4560,2014,4,339,8,1),(4561,2014,10,339,8,1),(4562,2014,7,339,8,1),(4563,2014,9,339,8,1),(4564,2014,1,339,8,1),(4565,2014,5,339,8,1),(4566,2014,16,339,8,1),(4567,2014,2,339,8,1),(4568,2014,8,339,8,1),(4569,2014,3,339,8,1),(4570,2014,11,339,8,1),(4571,2014,14,339,8,1),(4572,2014,12,339,8,1),(4573,2014,15,418,8,1),(4574,2014,6,418,8,1),(4575,2014,4,418,8,1),(4576,2014,10,418,8,1),(4577,2014,7,418,8,1),(4578,2014,9,418,8,1),(4579,2014,1,418,8,1),(4580,2014,5,418,8,1),(4581,2014,16,418,8,1),(4582,2014,2,418,8,1),(4583,2014,8,418,8,1),(4584,2014,13,418,8,1),(4585,2014,3,418,8,1),(4586,2014,14,418,8,1),(4587,2014,12,418,8,1),(4588,2014,15,209,8,1),(4589,2014,6,209,8,1),(4590,2014,4,209,8,1),(4591,2014,10,209,8,1),(4592,2014,7,209,8,1),(4593,2014,1,209,8,1),(4594,2014,5,209,8,1),(4595,2014,16,209,8,1),(4596,2014,2,209,8,1),(4597,2014,8,209,8,1),(4598,2014,13,209,8,1),(4599,2014,3,209,8,1),(4600,2014,11,209,8,1),(4601,2014,14,209,8,1),(4602,2014,12,209,8,1),(4603,2014,15,383,8,1),(4604,2014,6,383,8,1),(4605,2014,4,383,8,1),(4606,2014,10,383,8,1),(4607,2014,7,383,8,1),(4608,2014,9,383,8,1),(4609,2014,1,383,8,1),(4610,2014,5,383,8,1),(4611,2014,16,383,8,1),(4612,2014,2,383,8,1),(4613,2014,8,383,8,1),(4614,2014,3,383,8,1),(4615,2014,11,383,8,1),(4616,2014,14,383,8,1),(4617,2014,12,383,8,1),(4618,2014,15,402,7,1),(4619,2014,6,402,7,1),(4620,2014,4,402,7,1),(4621,2014,10,402,7,1),(4622,2014,9,402,7,1),(4623,2014,1,402,7,1),(4624,2014,5,402,7,1),(4625,2014,16,402,7,1),(4626,2014,2,402,7,1),(4627,2014,8,402,7,1),(4628,2014,13,402,7,1),(4629,2014,3,402,7,1),(4630,2014,11,402,7,1),(4631,2014,14,402,7,1),(4632,2014,12,402,7,1),(4633,2014,15,240,7,1),(4634,2014,6,240,7,1),(4635,2014,4,240,7,1),(4636,2014,10,240,7,1),(4637,2014,7,240,7,1),(4638,2014,1,240,7,1),(4639,2014,5,240,7,1),(4640,2014,16,240,7,1),(4641,2014,2,240,7,1),(4642,2014,8,240,7,1),(4643,2014,13,240,7,1),(4644,2014,3,240,7,1),(4645,2014,11,240,7,1),(4646,2014,14,240,7,1),(4647,2014,12,240,7,1),(4648,2014,15,548,6,1),(4649,2014,6,548,6,1),(4650,2014,4,548,6,1),(4651,2014,10,548,6,1),(4652,2014,7,548,6,1),(4653,2014,9,548,6,1),(4654,2014,1,548,6,1),(4655,2014,5,548,6,1),(4656,2014,16,548,6,1),(4657,2014,2,548,6,1),(4658,2014,8,548,6,1),(4659,2014,13,548,6,1),(4660,2014,3,548,6,1),(4661,2014,14,548,6,1),(4662,2014,12,548,6,1),(4663,2014,15,317,6,1),(4664,2014,6,317,6,1),(4665,2014,4,317,6,1),(4666,2014,10,317,6,1),(4667,2014,7,317,6,1),(4668,2014,9,317,6,1),(4669,2014,1,317,6,1),(4670,2014,5,317,6,1),(4671,2014,16,317,6,1),(4672,2014,2,317,6,1),(4673,2014,8,317,6,1),(4674,2014,13,317,6,1),(4675,2014,3,317,6,1),(4676,2014,14,317,6,1),(4677,2014,12,317,6,1),(4678,2014,15,411,6,1),(4679,2014,6,411,6,1),(4680,2014,4,411,6,1),(4681,2014,10,411,6,1),(4682,2014,7,411,6,1),(4683,2014,9,411,6,1),(4684,2014,1,411,6,1),(4685,2014,5,411,6,1),(4686,2014,16,411,6,1),(4687,2014,2,411,6,1),(4688,2014,8,411,6,1),(4689,2014,13,411,6,1),(4690,2014,3,411,6,1),(4691,2014,11,411,6,1),(4692,2014,12,411,6,1),(4693,2014,15,421,5,1),(4694,2014,6,421,5,1),(4695,2014,4,421,5,1),(4696,2014,10,421,5,1),(4697,2014,7,421,5,1),(4698,2014,9,421,5,1),(4699,2014,1,421,5,1),(4700,2014,5,421,5,1),(4701,2014,2,421,5,1),(4702,2014,8,421,5,1),(4703,2014,13,421,5,1),(4704,2014,3,421,5,1),(4705,2014,11,421,5,1),(4706,2014,14,421,5,1),(4707,2014,12,421,5,1),(4708,2014,15,399,5,1),(4709,2014,6,399,5,1),(4710,2014,4,399,5,1),(4711,2014,10,399,5,1),(4712,2014,7,399,5,1),(4713,2014,9,399,5,1),(4714,2014,1,399,5,1),(4715,2014,5,399,5,1),(4716,2014,16,399,5,1),(4717,2014,2,399,5,1),(4718,2014,8,399,5,1),(4719,2014,13,399,5,1),(4720,2014,11,399,5,1),(4721,2014,14,399,5,1),(4722,2014,12,399,5,1),(4723,2014,15,398,5,1),(4724,2014,6,398,5,1),(4725,2014,4,398,5,1),(4726,2014,10,398,5,1),(4727,2014,7,398,5,1),(4728,2014,9,398,5,1),(4729,2014,1,398,5,1),(4730,2014,5,398,5,1),(4731,2014,2,398,5,1),(4732,2014,8,398,5,1),(4733,2014,13,398,5,1),(4734,2014,3,398,5,1),(4735,2014,11,398,5,1),(4736,2014,14,398,5,1),(4737,2014,12,398,5,1),(4738,2014,15,272,5,1),(4739,2014,4,272,5,1),(4740,2014,10,272,5,1),(4741,2014,7,272,5,1),(4742,2014,9,272,5,1),(4743,2014,1,272,5,1),(4744,2014,5,272,5,1),(4745,2014,16,272,5,1),(4746,2014,2,272,5,1),(4747,2014,8,272,5,1),(4748,2014,13,272,5,1),(4749,2014,3,272,5,1),(4750,2014,11,272,5,1),(4751,2014,14,272,5,1),(4752,2014,12,272,5,1),(4753,2014,15,591,5,1),(4754,2014,6,591,5,1),(4755,2014,4,591,5,1),(4756,2014,10,591,5,1),(4757,2014,7,591,5,1),(4758,2014,9,591,5,1),(4759,2014,1,591,5,1),(4760,2014,5,591,5,1),(4761,2014,2,591,5,1),(4762,2014,8,591,5,1),(4763,2014,13,591,5,1),(4764,2014,3,591,5,1),(4765,2014,11,591,5,1),(4766,2014,14,591,5,1),(4767,2014,12,591,5,1),(4768,2014,15,405,4,1),(4769,2014,6,405,4,1),(4770,2014,4,405,4,1),(4771,2014,10,405,4,1),(4772,2014,7,405,4,1),(4773,2014,9,405,4,1),(4774,2014,1,405,4,1),(4775,2014,5,405,4,1),(4776,2014,16,405,4,1),(4777,2014,2,405,4,1),(4778,2014,8,405,4,1),(4779,2014,13,405,4,1),(4780,2014,3,405,4,1),(4781,2014,14,405,4,1),(4782,2014,12,405,4,1),(4783,2014,15,286,4,1),(4784,2014,6,286,4,1),(4785,2014,4,286,4,1),(4786,2014,10,286,4,1),(4787,2014,9,286,4,1),(4788,2014,1,286,4,1),(4789,2014,5,286,4,1),(4790,2014,16,286,4,1),(4791,2014,2,286,4,1),(4792,2014,8,286,4,1),(4793,2014,13,286,4,1),(4794,2014,3,286,4,1),(4795,2014,11,286,4,1),(4796,2014,14,286,4,1),(4797,2014,12,286,4,1),(4798,2014,15,313,4,1),(4799,2014,6,313,4,1),(4800,2014,4,313,4,1),(4801,2014,10,313,4,1),(4802,2014,7,313,4,1),(4803,2014,9,313,4,1),(4804,2014,1,313,4,1),(4805,2014,5,313,4,1),(4806,2014,16,313,4,1),(4807,2014,2,313,4,1),(4808,2014,8,313,4,1),(4809,2014,13,313,4,1),(4810,2014,11,313,4,1),(4811,2014,14,313,4,1),(4812,2014,12,313,4,1),(4813,2014,15,503,4,1),(4814,2014,6,503,4,1),(4815,2014,4,503,4,1),(4816,2014,10,503,4,1),(4817,2014,7,503,4,1),(4818,2014,9,503,4,1),(4819,2014,1,503,4,1),(4820,2014,5,503,4,1),(4821,2014,16,503,4,1),(4822,2014,2,503,4,1),(4823,2014,8,503,4,1),(4824,2014,13,503,4,1),(4825,2014,3,503,4,1),(4826,2014,14,503,4,1),(4827,2014,12,503,4,1),(4828,2014,6,513,4,1),(4829,2014,4,513,4,1),(4830,2014,10,513,4,1),(4831,2014,7,513,4,1),(4832,2014,9,513,4,1),(4833,2014,1,513,4,1),(4834,2014,5,513,4,1),(4835,2014,16,513,4,1),(4836,2014,2,513,4,1),(4837,2014,8,513,4,1),(4838,2014,13,513,4,1),(4839,2014,3,513,4,1),(4840,2014,11,513,4,1),(4841,2014,14,513,4,1),(4842,2014,12,513,4,1),(4843,2014,15,401,4,1),(4844,2014,6,401,4,1),(4845,2014,4,401,4,1),(4846,2014,10,401,4,1),(4847,2014,7,401,4,1),(4848,2014,9,401,4,1),(4849,2014,5,401,4,1),(4850,2014,16,401,4,1),(4851,2014,2,401,4,1),(4852,2014,8,401,4,1),(4853,2014,13,401,4,1),(4854,2014,3,401,4,1),(4855,2014,11,401,4,1),(4856,2014,14,401,4,1),(4857,2014,12,401,4,1),(4858,2014,15,555,3,1),(4859,2014,6,555,3,1),(4860,2014,4,555,3,1),(4861,2014,10,555,3,1),(4862,2014,7,555,3,1),(4863,2014,9,555,3,1),(4864,2014,1,555,3,1),(4865,2014,5,555,3,1),(4866,2014,2,555,3,1),(4867,2014,8,555,3,1),(4868,2014,13,555,3,1),(4869,2014,3,555,3,1),(4870,2014,11,555,3,1),(4871,2014,14,555,3,1),(4872,2014,12,555,3,1),(4873,2014,15,206,3,1),(4874,2014,6,206,3,1),(4875,2014,4,206,3,1),(4876,2014,10,206,3,1),(4877,2014,7,206,3,1),(4878,2014,9,206,3,1),(4879,2014,1,206,3,1),(4880,2014,16,206,3,1),(4881,2014,2,206,3,1),(4882,2014,8,206,3,1),(4883,2014,13,206,3,1),(4884,2014,3,206,3,1),(4885,2014,11,206,3,1),(4886,2014,14,206,3,1),(4887,2014,12,206,3,1),(4888,2014,6,523,3,1),(4889,2014,4,523,3,1),(4890,2014,10,523,3,1),(4891,2014,7,523,3,1),(4892,2014,9,523,3,1),(4893,2014,1,523,3,1),(4894,2014,5,523,3,1),(4895,2014,16,523,3,1),(4896,2014,2,523,3,1),(4897,2014,8,523,3,1),(4898,2014,13,523,3,1),(4899,2014,3,523,3,1),(4900,2014,11,523,3,1),(4901,2014,14,523,3,1),(4902,2014,12,523,3,1),(4903,2014,15,483,2,1),(4904,2014,6,483,2,1),(4905,2014,4,483,2,1),(4906,2014,10,483,2,1),(4907,2014,7,483,2,1),(4908,2014,9,483,2,1),(4909,2014,1,483,2,1),(4910,2014,16,483,2,1),(4911,2014,2,483,2,1),(4912,2014,8,483,2,1),(4913,2014,13,483,2,1),(4914,2014,3,483,2,1),(4915,2014,11,483,2,1),(4916,2014,14,483,2,1),(4917,2014,12,483,2,1),(4918,2014,15,311,1,1),(4919,2014,6,311,1,1),(4920,2014,4,311,1,1),(4921,2014,10,311,1,1),(4922,2014,7,311,1,1),(4923,2014,9,311,1,1),(4924,2014,1,311,1,1),(4925,2014,5,311,1,1),(4926,2014,16,311,1,1),(4927,2014,2,311,1,1),(4928,2014,8,311,1,1),(4929,2014,13,311,1,1),(4930,2014,3,311,1,1),(4931,2014,11,311,1,1),(4932,2014,12,311,1,1),(4933,2014,15,226,1,1),(4934,2014,6,226,1,1),(4935,2014,10,226,1,1),(4936,2014,7,226,1,1),(4937,2014,9,226,1,1),(4938,2014,1,226,1,1),(4939,2014,5,226,1,1),(4940,2014,16,226,1,1),(4941,2014,2,226,1,1),(4942,2014,8,226,1,1),(4943,2014,13,226,1,1),(4944,2014,3,226,1,1),(4945,2014,11,226,1,1),(4946,2014,14,226,1,1),(4947,2014,12,226,1,1),(4948,2014,15,528,1,1),(4949,2014,6,528,1,1),(4950,2014,10,528,1,1),(4951,2014,7,528,1,1),(4952,2014,9,528,1,1),(4953,2014,1,528,1,1),(4954,2014,5,528,1,1),(4955,2014,16,528,1,1),(4956,2014,2,528,1,1),(4957,2014,8,528,1,1),(4958,2014,13,528,1,1),(4959,2014,3,528,1,1),(4960,2014,11,528,1,1),(4961,2014,14,528,1,1),(4962,2014,12,528,1,1),(4963,2014,15,364,0,1),(4964,2014,6,364,0,1),(4965,2014,4,364,0,1),(4966,2014,7,364,0,1),(4967,2014,9,364,0,1),(4968,2014,1,364,0,1),(4969,2014,5,364,0,1),(4970,2014,16,364,0,1),(4971,2014,2,364,0,1),(4972,2014,8,364,0,1),(4973,2014,13,364,0,1),(4974,2014,3,364,0,1),(4975,2014,11,364,0,1),(4976,2014,14,364,0,1),(4977,2014,12,364,0,1),(4978,2014,15,218,0,1),(4979,2014,6,218,0,1),(4980,2014,4,218,0,1),(4981,2014,10,218,0,1),(4982,2014,7,218,0,1),(4983,2014,9,218,0,1),(4984,2014,1,218,0,1),(4985,2014,5,218,0,1),(4986,2014,16,218,0,1),(4987,2014,2,218,0,1),(4988,2014,8,218,0,1),(4989,2014,13,218,0,1),(4990,2014,11,218,0,1),(4991,2014,14,218,0,1),(4992,2014,12,218,0,1),(4993,2014,15,544,0,1),(4994,2014,6,544,0,1),(4995,2014,10,544,0,1),(4996,2014,7,544,0,1),(4997,2014,9,544,0,1),(4998,2014,1,544,0,1),(4999,2014,5,544,0,1),(5000,2014,16,544,0,1),(5001,2014,2,544,0,1),(5002,2014,8,544,0,1),(5003,2014,13,544,0,1),(5004,2014,3,544,0,1),(5005,2014,11,544,0,1),(5006,2014,14,544,0,1),(5007,2014,12,544,0,1),(5008,2014,15,495,0,1),(5009,2014,6,495,0,1),(5010,2014,4,495,0,1),(5011,2014,10,495,0,1),(5012,2014,7,495,0,1),(5013,2014,9,495,0,1),(5014,2014,1,495,0,1),(5015,2014,5,495,0,1),(5016,2014,16,495,0,1),(5017,2014,2,495,0,1),(5018,2014,8,495,0,1),(5019,2014,13,495,0,1),(5020,2014,3,495,0,1),(5021,2014,11,495,0,1),(5022,2014,12,495,0,1),(5023,2014,15,497,0,1),(5024,2014,6,497,0,1),(5025,2014,4,497,0,1),(5026,2014,10,497,0,1),(5027,2014,9,497,0,1),(5028,2014,1,497,0,1),(5029,2014,5,497,0,1),(5030,2014,16,497,0,1),(5031,2014,2,497,0,1),(5032,2014,8,497,0,1),(5033,2014,13,497,0,1),(5034,2014,3,497,0,1),(5035,2014,11,497,0,1),(5036,2014,14,497,0,1),(5037,2014,12,497,0,1),(5038,2014,15,406,0,1),(5039,2014,6,406,0,1),(5040,2014,4,406,0,1),(5041,2014,10,406,0,1),(5042,2014,7,406,0,1),(5043,2014,9,406,0,1),(5044,2014,1,406,0,1),(5045,2014,5,406,0,1),(5046,2014,16,406,0,1),(5047,2014,2,406,0,1),(5048,2014,8,406,0,1),(5049,2014,13,406,0,1),(5050,2014,11,406,0,1),(5051,2014,14,406,0,1),(5052,2014,12,406,0,1),(5053,2014,15,466,0,1),(5054,2014,6,466,0,1),(5055,2014,4,466,0,1),(5056,2014,10,466,0,1),(5057,2014,7,466,0,1),(5058,2014,9,466,0,1),(5059,2014,1,466,0,1),(5060,2014,5,466,0,1),(5061,2014,2,466,0,1),(5062,2014,8,466,0,1),(5063,2014,13,466,0,1),(5064,2014,3,466,0,1),(5065,2014,11,466,0,1),(5066,2014,14,466,0,1),(5067,2014,12,466,0,1),(5068,2014,15,489,0,1),(5069,2014,6,489,0,1),(5070,2014,4,489,0,1),(5071,2014,10,489,0,1),(5072,2014,7,489,0,1),(5073,2014,9,489,0,1),(5074,2014,1,489,0,1),(5075,2014,16,489,0,1),(5076,2014,2,489,0,1),(5077,2014,8,489,0,1),(5078,2014,13,489,0,1),(5079,2014,3,489,0,1),(5080,2014,11,489,0,1),(5081,2014,14,489,0,1),(5082,2014,12,489,0,1),(5083,2014,15,336,0,1),(5084,2014,6,336,0,1),(5085,2014,4,336,0,1),(5086,2014,10,336,0,1),(5087,2014,7,336,0,1),(5088,2014,9,336,0,1),(5089,2014,1,336,0,1),(5090,2014,16,336,0,1),(5091,2014,2,336,0,1),(5092,2014,8,336,0,1),(5093,2014,13,336,0,1),(5094,2014,3,336,0,1),(5095,2014,11,336,0,1),(5096,2014,14,336,0,1),(5097,2014,12,336,0,1),(5098,2014,15,305,0,1),(5099,2014,6,305,0,1),(5100,2014,4,305,0,1),(5101,2014,10,305,0,1),(5102,2014,7,305,0,1),(5103,2014,9,305,0,1),(5104,2014,1,305,0,1),(5105,2014,5,305,0,1),(5106,2014,16,305,0,1),(5107,2014,2,305,0,1),(5108,2014,8,305,0,1),(5109,2014,3,305,0,1),(5110,2014,11,305,0,1),(5111,2014,14,305,0,1),(5112,2014,12,305,0,1),(5113,2014,6,409,0,1),(5114,2014,4,409,0,1),(5115,2014,10,409,0,1),(5116,2014,7,409,0,1),(5117,2014,9,409,0,1),(5118,2014,1,409,0,1),(5119,2014,5,409,0,1),(5120,2014,16,409,0,1),(5121,2014,2,409,0,1),(5122,2014,8,409,0,1),(5123,2014,13,409,0,1),(5124,2014,3,409,0,1),(5125,2014,11,409,0,1),(5126,2014,14,409,0,1),(5127,2014,12,409,0,1),(5128,2014,6,512,0,1),(5129,2014,4,512,0,1),(5130,2014,10,512,0,1),(5131,2014,7,512,0,1),(5132,2014,9,512,0,1),(5133,2014,1,512,0,1),(5134,2014,5,512,0,1),(5135,2014,16,512,0,1),(5136,2014,2,512,0,1),(5137,2014,8,512,0,1),(5138,2014,13,512,0,1),(5139,2014,3,512,0,1),(5140,2014,11,512,0,1),(5141,2014,14,512,0,1),(5142,2014,12,512,0,1),(5143,2014,15,299,0,1),(5144,2014,6,299,0,1),(5145,2014,4,299,0,1),(5146,2014,10,299,0,1),(5147,2014,7,299,0,1),(5148,2014,9,299,0,1),(5149,2014,5,299,0,1),(5150,2014,16,299,0,1),(5151,2014,2,299,0,1),(5152,2014,8,299,0,1),(5153,2014,13,299,0,1),(5154,2014,3,299,0,1),(5155,2014,11,299,0,1),(5156,2014,14,299,0,1),(5157,2014,12,299,0,1),(5158,2014,15,427,0,1),(5159,2014,6,427,0,1),(5160,2014,4,427,0,1),(5161,2014,10,427,0,1),(5162,2014,9,427,0,1),(5163,2014,1,427,0,1),(5164,2014,5,427,0,1),(5165,2014,16,427,0,1),(5166,2014,2,427,0,1),(5167,2014,8,427,0,1),(5168,2014,13,427,0,1),(5169,2014,3,427,0,1),(5170,2014,11,427,0,1),(5171,2014,14,427,0,1),(5172,2014,12,427,0,1),(5173,2014,15,538,0,1),(5174,2014,6,538,0,1),(5175,2014,4,538,0,1),(5176,2014,10,538,0,1),(5177,2014,7,538,0,1),(5178,2014,9,538,0,1),(5179,2014,1,538,0,1),(5180,2014,5,538,0,1),(5181,2014,16,538,0,1),(5182,2014,2,538,0,1),(5183,2014,8,538,0,1),(5184,2014,13,538,0,1),(5185,2014,11,538,0,1),(5186,2014,14,538,0,1),(5187,2014,12,538,0,1),(5188,2014,15,303,0,1),(5189,2014,6,303,0,1),(5190,2014,4,303,0,1),(5191,2014,10,303,0,1),(5192,2014,7,303,0,1),(5193,2014,9,303,0,1),(5194,2014,1,303,0,1),(5195,2014,5,303,0,1),(5196,2014,16,303,0,1),(5197,2014,8,303,0,1),(5198,2014,13,303,0,1),(5199,2014,3,303,0,1),(5200,2014,11,303,0,1),(5201,2014,14,303,0,1),(5202,2014,12,303,0,1),(5203,2014,15,468,0,1),(5204,2014,6,468,0,1),(5205,2014,4,468,0,1),(5206,2014,10,468,0,1),(5207,2014,7,468,0,1),(5208,2014,9,468,0,1),(5209,2014,1,468,0,1),(5210,2014,5,468,0,1),(5211,2014,2,468,0,1),(5212,2014,8,468,0,1),(5213,2014,13,468,0,1),(5214,2014,3,468,0,1),(5215,2014,11,468,0,1),(5216,2014,14,468,0,1),(5217,2014,12,468,0,1),(5218,2014,15,212,0,1),(5219,2014,4,212,0,1),(5220,2014,10,212,0,1),(5221,2014,7,212,0,1),(5222,2014,9,212,0,1),(5223,2014,1,212,0,1),(5224,2014,5,212,0,1),(5225,2014,16,212,0,1),(5226,2014,2,212,0,1),(5227,2014,8,212,0,1),(5228,2014,13,212,0,1),(5229,2014,3,212,0,1),(5230,2014,11,212,0,1),(5231,2014,14,212,0,1),(5232,2014,12,212,0,1),(5233,2014,15,324,0,1),(5234,2014,6,324,0,1),(5235,2014,4,324,0,1),(5236,2014,10,324,0,1),(5237,2014,7,324,0,1),(5238,2014,1,324,0,1),(5239,2014,5,324,0,1),(5240,2014,16,324,0,1),(5241,2014,2,324,0,1),(5242,2014,8,324,0,1),(5243,2014,13,324,0,1),(5244,2014,3,324,0,1),(5245,2014,11,324,0,1),(5246,2014,14,324,0,1),(5247,2014,12,324,0,1),(5248,2014,15,414,0,1),(5249,2014,6,414,0,1),(5250,2014,4,414,0,1),(5251,2014,10,414,0,1),(5252,2014,7,414,0,1),(5253,2014,9,414,0,1),(5254,2014,1,414,0,1),(5255,2014,5,414,0,1),(5256,2014,16,414,0,1),(5257,2014,2,414,0,1),(5258,2014,8,414,0,1),(5259,2014,13,414,0,1),(5260,2014,3,414,0,1),(5261,2014,14,414,0,1),(5262,2014,12,414,0,1),(5263,2014,15,269,0,1),(5264,2014,6,269,0,1),(5265,2014,4,269,0,1),(5266,2014,10,269,0,1),(5267,2014,7,269,0,1),(5268,2014,9,269,0,1),(5269,2014,1,269,0,1),(5270,2014,16,269,0,1),(5271,2014,2,269,0,1),(5272,2014,8,269,0,1),(5273,2014,13,269,0,1),(5274,2014,3,269,0,1),(5275,2014,11,269,0,1),(5276,2014,14,269,0,1),(5277,2014,12,269,0,1),(5278,2014,15,263,0,1),(5279,2014,6,263,0,1),(5280,2014,4,263,0,1),(5281,2014,10,263,0,1),(5282,2014,7,263,0,1),(5283,2014,9,263,0,1),(5284,2014,1,263,0,1),(5285,2014,5,263,0,1),(5286,2014,16,263,0,1),(5287,2014,2,263,0,1),(5288,2014,8,263,0,1),(5289,2014,13,263,0,1),(5290,2014,3,263,0,1),(5291,2014,11,263,0,1),(5292,2014,14,263,0,1),(5293,2014,15,624,0,1),(5294,2014,6,624,0,1),(5295,2014,4,624,0,1),(5296,2014,10,624,0,1),(5297,2014,7,624,0,1),(5298,2014,9,624,0,1),(5299,2014,1,624,0,1),(5300,2014,16,624,0,1),(5301,2014,2,624,0,1),(5302,2014,8,624,0,1),(5303,2014,13,624,0,1),(5304,2014,3,624,0,1),(5305,2014,11,624,0,1),(5306,2014,14,624,0,1),(5307,2014,12,624,0,1),(5308,2014,15,390,0,1),(5309,2014,6,390,0,1),(5310,2014,4,390,0,1),(5311,2014,10,390,0,1),(5312,2014,7,390,0,1),(5313,2014,9,390,0,1),(5314,2014,1,390,0,1),(5315,2014,5,390,0,1),(5316,2014,16,390,0,1),(5317,2014,8,390,0,1),(5318,2014,13,390,0,1),(5319,2014,3,390,0,1),(5320,2014,11,390,0,1),(5321,2014,14,390,0,1),(5322,2014,12,390,0,1),(5323,2014,15,437,0,1),(5324,2014,4,437,0,1),(5325,2014,10,437,0,1),(5326,2014,7,437,0,1),(5327,2014,9,437,0,1),(5328,2014,1,437,0,1),(5329,2014,5,437,0,1),(5330,2014,16,437,0,1),(5331,2014,2,437,0,1),(5332,2014,8,437,0,1),(5333,2014,13,437,0,1),(5334,2014,3,437,0,1),(5335,2014,11,437,0,1),(5336,2014,14,437,0,1),(5337,2014,12,437,0,1),(5338,2014,15,205,0,1),(5339,2014,6,205,0,1),(5340,2014,10,205,0,1),(5341,2014,7,205,0,1),(5342,2014,9,205,0,1),(5343,2014,1,205,0,1),(5344,2014,5,205,0,1),(5345,2014,16,205,0,1),(5346,2014,2,205,0,1),(5347,2014,8,205,0,1),(5348,2014,13,205,0,1),(5349,2014,3,205,0,1),(5350,2014,11,205,0,1),(5351,2014,14,205,0,1),(5352,2014,12,205,0,1),(5353,2014,15,543,0,1),(5354,2014,6,543,0,1),(5355,2014,10,543,0,1),(5356,2014,7,543,0,1),(5357,2014,9,543,0,1),(5358,2014,1,543,0,1),(5359,2014,5,543,0,1),(5360,2014,16,543,0,1),(5361,2014,2,543,0,1),(5362,2014,8,543,0,1),(5363,2014,13,543,0,1),(5364,2014,3,543,0,1),(5365,2014,11,543,0,1),(5366,2014,14,543,0,1),(5367,2014,12,543,0,1),(5368,2014,15,204,0,1),(5369,2014,6,204,0,1),(5370,2014,10,204,0,1),(5371,2014,7,204,0,1),(5372,2014,9,204,0,1),(5373,2014,1,204,0,1),(5374,2014,5,204,0,1),(5375,2014,16,204,0,1),(5376,2014,2,204,0,1),(5377,2014,8,204,0,1),(5378,2014,13,204,0,1),(5379,2014,3,204,0,1),(5380,2014,11,204,0,1),(5381,2014,14,204,0,1),(5382,2014,12,204,0,1),(5383,2014,15,419,0,1),(5384,2014,6,419,0,1),(5385,2014,4,419,0,1),(5386,2014,10,419,0,1),(5387,2014,7,419,0,1),(5388,2014,9,419,0,1),(5389,2014,5,419,0,1),(5390,2014,16,419,0,1),(5391,2014,2,419,0,1),(5392,2014,8,419,0,1),(5393,2014,13,419,0,1),(5394,2014,3,419,0,1),(5395,2014,11,419,0,1),(5396,2014,14,419,0,1),(5397,2014,12,419,0,1),(5398,2014,15,608,0,1),(5399,2014,6,608,0,1),(5400,2014,4,608,0,1),(5401,2014,10,608,0,1),(5402,2014,7,608,0,1),(5403,2014,9,608,0,1),(5404,2014,1,608,0,1),(5405,2014,5,608,0,1),(5406,2014,16,608,0,1),(5407,2014,2,608,0,1),(5408,2014,8,608,0,1),(5409,2014,13,608,0,1),(5410,2014,3,608,0,1),(5411,2014,14,608,0,1),(5412,2014,12,608,0,1),(5413,2014,15,620,0,1),(5414,2014,6,620,0,1),(5415,2014,4,620,0,1),(5416,2014,10,620,0,1),(5417,2014,7,620,0,1),(5418,2014,9,620,0,1),(5419,2014,1,620,0,1),(5420,2014,5,620,0,1),(5421,2014,16,620,0,1),(5422,2014,2,620,0,1),(5423,2014,8,620,0,1),(5424,2014,13,620,0,1),(5425,2014,3,620,0,1),(5426,2014,11,620,0,1),(5427,2014,12,620,0,1),(5428,2014,15,467,0,1),(5429,2014,6,467,0,1),(5430,2014,4,467,0,1),(5431,2014,10,467,0,1),(5432,2014,7,467,0,1),(5433,2014,9,467,0,1),(5434,2014,1,467,0,1),(5435,2014,5,467,0,1),(5436,2014,16,467,0,1),(5437,2014,2,467,0,1),(5438,2014,8,467,0,1),(5439,2014,13,467,0,1),(5440,2014,3,467,0,1),(5441,2014,11,467,0,1),(5442,2014,12,467,0,1),(5443,2014,15,626,0,1),(5444,2014,6,626,0,1),(5445,2014,10,626,0,1),(5446,2014,7,626,0,1),(5447,2014,9,626,0,1),(5448,2014,1,626,0,1),(5449,2014,5,626,0,1),(5450,2014,16,626,0,1),(5451,2014,2,626,0,1),(5452,2014,8,626,0,1),(5453,2014,13,626,0,1),(5454,2014,3,626,0,1),(5455,2014,11,626,0,1),(5456,2014,14,626,0,1),(5457,2014,12,626,0,1),(5458,2014,15,627,0,1),(5459,2014,6,627,0,1),(5460,2014,4,627,0,1),(5461,2014,10,627,0,1),(5462,2014,7,627,0,1),(5463,2014,9,627,0,1),(5464,2014,1,627,0,1),(5465,2014,5,627,0,1),(5466,2014,16,627,0,1),(5467,2014,2,627,0,1),(5468,2014,8,627,0,1),(5469,2014,13,627,0,1),(5470,2014,3,627,0,1),(5471,2014,11,627,0,1),(5472,2014,12,627,0,1),(5473,2014,15,506,0,1),(5474,2014,6,506,0,1),(5475,2014,4,506,0,1),(5476,2014,10,506,0,1),(5477,2014,7,506,0,1),(5478,2014,9,506,0,1),(5479,2014,1,506,0,1),(5480,2014,5,506,0,1),(5481,2014,16,506,0,1),(5482,2014,8,506,0,1),(5483,2014,13,506,0,1),(5484,2014,3,506,0,1),(5485,2014,11,506,0,1),(5486,2014,14,506,0,1),(5487,2014,12,506,0,1),(5488,2014,6,569,0,1),(5489,2014,4,569,0,1),(5490,2014,10,569,0,1),(5491,2014,7,569,0,1),(5492,2014,9,569,0,1),(5493,2014,1,569,0,1),(5494,2014,5,569,0,1),(5495,2014,16,569,0,1),(5496,2014,2,569,0,1),(5497,2014,8,569,0,1),(5498,2014,13,569,0,1),(5499,2014,3,569,0,1),(5500,2014,11,569,0,1),(5501,2014,14,569,0,1),(5502,2014,12,569,0,1),(5503,2014,15,586,0,1),(5504,2014,6,586,0,1),(5505,2014,4,586,0,1),(5506,2014,10,586,0,1),(5507,2014,7,586,0,1),(5508,2014,9,586,0,1),(5509,2014,5,586,0,1),(5510,2014,16,586,0,1),(5511,2014,2,586,0,1),(5512,2014,8,586,0,1),(5513,2014,13,586,0,1),(5514,2014,3,586,0,1),(5515,2014,11,586,0,1),(5516,2014,14,586,0,1),(5517,2014,12,586,0,1),(5518,2014,15,426,0,1),(5519,2014,6,426,0,1),(5520,2014,4,426,0,1),(5521,2014,10,426,0,1),(5522,2014,7,426,0,1),(5523,2014,9,426,0,1),(5524,2014,1,426,0,1),(5525,2014,5,426,0,1),(5526,2014,16,426,0,1),(5527,2014,2,426,0,1),(5528,2014,8,426,0,1),(5529,2014,3,426,0,1),(5530,2014,11,426,0,1),(5531,2014,14,426,0,1),(5532,2014,12,426,0,1),(5533,2014,15,279,0,1),(5534,2014,6,279,0,1),(5535,2014,4,279,0,1),(5536,2014,10,279,0,1),(5537,2014,7,279,0,1),(5538,2014,9,279,0,1),(5539,2014,1,279,0,1),(5540,2014,5,279,0,1),(5541,2014,16,279,0,1),(5542,2014,8,279,0,1),(5543,2014,13,279,0,1),(5544,2014,3,279,0,1),(5545,2014,11,279,0,1),(5546,2014,14,279,0,1),(5547,2014,12,279,0,1),(5548,2014,15,328,0,1),(5549,2014,6,328,0,1),(5550,2014,4,328,0,1),(5551,2014,10,328,0,1),(5552,2014,9,328,0,1),(5553,2014,1,328,0,1),(5554,2014,5,328,0,1),(5555,2014,16,328,0,1),(5556,2014,2,328,0,1),(5557,2014,8,328,0,1),(5558,2014,13,328,0,1),(5559,2014,3,328,0,1),(5560,2014,11,328,0,1),(5561,2014,14,328,0,1),(5562,2014,12,328,0,1),(5563,2014,15,621,0,1),(5564,2014,6,621,0,1),(5565,2014,4,621,0,1),(5566,2014,10,621,0,1),(5567,2014,7,621,0,1),(5568,2014,9,621,0,1),(5569,2014,1,621,0,1),(5570,2014,5,621,0,1),(5571,2014,16,621,0,1),(5572,2014,2,621,0,1),(5573,2014,8,621,0,1),(5574,2014,13,621,0,1),(5575,2014,3,621,0,1),(5576,2014,14,621,0,1),(5577,2014,12,621,0,1),(5578,2014,15,258,0,1),(5579,2014,6,258,0,1),(5580,2014,4,258,0,1),(5581,2014,7,258,0,1),(5582,2014,9,258,0,1),(5583,2014,1,258,0,1),(5584,2014,5,258,0,1),(5585,2014,16,258,0,1),(5586,2014,2,258,0,1),(5587,2014,8,258,0,1),(5588,2014,13,258,0,1),(5589,2014,3,258,0,1),(5590,2014,11,258,0,1),(5591,2014,14,258,0,1),(5592,2014,12,258,0,1),(5593,2014,15,244,0,1),(5594,2014,6,244,0,1),(5595,2014,4,244,0,1),(5596,2014,10,244,0,1),(5597,2014,7,244,0,1),(5598,2014,9,244,0,1),(5599,2014,1,244,0,1),(5600,2014,5,244,0,1),(5601,2014,16,244,0,1),(5602,2014,2,244,0,1),(5603,2014,8,244,0,1),(5604,2014,13,244,0,1),(5605,2014,11,244,0,1),(5606,2014,14,244,0,1),(5607,2014,12,244,0,1),(5608,2014,15,631,0,1),(5609,2014,6,631,0,1),(5610,2014,4,631,0,1),(5611,2014,10,631,0,1),(5612,2014,9,631,0,1),(5613,2014,1,631,0,1),(5614,2014,5,631,0,1),(5615,2014,16,631,0,1),(5616,2014,2,631,0,1),(5617,2014,8,631,0,1),(5618,2014,13,631,0,1),(5619,2014,3,631,0,1),(5620,2014,11,631,0,1),(5621,2014,14,631,0,1),(5622,2014,12,631,0,1),(5623,2014,15,517,0,1),(5624,2014,6,517,0,1),(5625,2014,4,517,0,1),(5626,2014,10,517,0,1),(5627,2014,7,517,0,1),(5628,2014,9,517,0,1),(5629,2014,1,517,0,1),(5630,2014,5,517,0,1),(5631,2014,16,517,0,1),(5632,2014,8,517,0,1),(5633,2014,13,517,0,1),(5634,2014,3,517,0,1),(5635,2014,11,517,0,1),(5636,2014,14,517,0,1),(5637,2014,12,517,0,1),(5638,2014,15,461,0,1),(5639,2014,6,461,0,1),(5640,2014,4,461,0,1),(5641,2014,10,461,0,1),(5642,2014,7,461,0,1),(5643,2014,9,461,0,1),(5644,2014,1,461,0,1),(5645,2014,5,461,0,1),(5646,2014,16,461,0,1),(5647,2014,2,461,0,1),(5648,2014,8,461,0,1),(5649,2014,13,461,0,1),(5650,2014,11,461,0,1),(5651,2014,14,461,0,1),(5652,2014,12,461,0,1),(5653,2014,15,578,0,1),(5654,2014,6,578,0,1),(5655,2014,4,578,0,1),(5656,2014,10,578,0,1),(5657,2014,7,578,0,1),(5658,2014,9,578,0,1),(5659,2014,1,578,0,1),(5660,2014,5,578,0,1),(5661,2014,16,578,0,1),(5662,2014,2,578,0,1),(5663,2014,8,578,0,1),(5664,2014,13,578,0,1),(5665,2014,3,578,0,1),(5666,2014,14,578,0,1),(5667,2014,12,578,0,1),(5668,2014,15,353,0,1),(5669,2014,4,353,0,1),(5670,2014,10,353,0,1),(5671,2014,7,353,0,1),(5672,2014,9,353,0,1),(5673,2014,1,353,0,1),(5674,2014,5,353,0,1),(5675,2014,16,353,0,1),(5676,2014,2,353,0,1),(5677,2014,8,353,0,1),(5678,2014,13,353,0,1),(5679,2014,3,353,0,1),(5680,2014,11,353,0,1),(5681,2014,14,353,0,1),(5682,2014,12,353,0,1),(5690,2014,2,380,10,0),(5691,2014,2,247,10,0),(5692,2014,2,501,10,0),(5693,2014,2,312,10,0),(5694,2014,2,416,10,0),(5695,2014,2,254,10,0),(5696,2014,2,243,10,0),(5697,2014,2,452,10,0),(5698,2014,2,526,8,0),(5699,2014,2,455,6,0),(5700,2014,2,357,4,0),(5702,2014,2,443,4,0),(5704,2014,2,550,9,0),(5705,2014,2,309,3,0),(5707,2014,2,412,10,0),(5709,2014,2,438,7,0),(5710,2014,2,327,7,0),(5711,2014,2,315,10,0),(5714,2014,2,260,7,0),(5715,2014,2,207,7,0),(5719,2014,2,259,8,0),(5720,2014,2,241,3,0),(5722,2014,2,539,8,0),(5723,2014,2,250,4,0),(5724,2014,2,479,10,0),(5725,2014,2,275,4,0),(5726,2014,2,510,10,0),(5728,2014,2,469,5,0),(5729,2014,2,307,2,0),(5730,2014,2,343,2,0),(5731,2014,2,211,6,0),(5732,2014,2,659,2,0),(5734,2014,2,473,6,0),(5735,2014,2,237,8,0),(5736,2014,2,375,7,0),(5737,2014,2,278,5,0),(5738,2014,2,320,6,0),(5739,2014,2,325,3,0),(5741,2014,4,380,10,0),(5742,2014,4,247,10,0),(5743,2014,4,392,10,0),(5744,2014,4,312,10,0),(5745,2014,4,416,10,0),(5746,2014,10,380,10,0),(5747,2014,10,247,10,0),(5748,2014,10,501,10,0),(5749,2014,10,254,10,0),(5750,2014,3,380,10,0),(5751,2014,3,247,10,0),(5752,2014,3,392,10,0),(5753,2014,3,573,9,0),(5754,2014,3,501,10,0),(5755,2014,3,312,10,0),(5756,2014,3,356,7,0),(5757,2014,3,416,9,0),(5758,2014,3,254,9,0),(5759,2014,3,280,9,0),(5760,2014,3,243,7,0),(5761,2014,3,452,8,0),(5762,2014,3,228,10,0),(5763,2014,3,453,7,0),(5764,2014,3,370,8,0),(5765,2014,3,510,10,0),(5766,2014,3,469,4,0),(5767,2014,3,307,4,0),(5768,2014,3,298,3,0),(5769,2014,3,476,4,0),(5770,2014,3,211,7,0),(5771,2014,3,659,6,0),(5772,2014,3,473,5,0),(5773,2014,3,635,4,0),(5774,2014,3,524,5,0),(5775,2014,3,646,6,0),(5776,2014,3,237,9,0),(5777,2014,3,375,8,0),(5778,2014,3,278,6,0),(5779,2014,3,320,8,0),(5780,2014,3,496,7,0),(5781,2014,3,676,7,0),(5782,2014,3,446,7,0),(5783,2014,3,381,8,0),(5784,2014,3,505,8,0),(5785,2014,3,264,8,0),(5786,2014,3,346,7,0),(5787,2014,3,342,10,0),(5788,2014,3,345,9,0),(5789,2014,3,423,7,0),(5790,2014,3,388,9,0),(5791,2014,3,219,7,0),(5792,2014,3,531,10,0),(5793,2014,3,316,9,0),(5794,2014,3,424,10,0),(5795,2014,3,314,10,0),(5796,2014,3,558,9,0),(5797,2014,3,663,6,0),(5798,2014,3,458,9,0),(5799,2014,3,439,8,0),(5800,2014,3,464,10,0),(5801,2014,3,518,8,0),(5802,2014,3,210,7,0),(5803,2014,3,227,7,0),(5804,2014,3,300,7,0),(5805,2014,3,435,6,0),(5806,2014,3,547,6,0),(5807,2014,3,559,6,0),(5808,2014,3,382,6,0),(5809,2014,3,393,6,0),(5810,2014,3,289,6,0),(5811,2014,3,302,6,0),(5812,2014,3,613,6,0),(5813,2014,3,671,5,0),(5814,2014,3,354,5,0),(5815,2014,3,326,5,0),(5816,2014,3,616,5,0),(5817,2014,3,475,5,0),(5818,2014,3,507,5,0),(5819,2014,3,396,5,0),(5820,2014,3,385,5,0),(5821,2014,3,235,5,0),(5822,2014,3,482,3,0),(5823,2014,3,465,4,0),(5824,2014,3,498,4,0),(5825,2014,3,541,4,0),(5826,2014,3,599,4,0),(5827,2014,3,321,4,0),(5828,2014,3,509,4,0),(5829,2014,3,602,3,0),(5830,2014,3,420,3,0),(5831,2014,3,262,3,0),(5832,2014,3,572,3,0),(5833,2014,3,665,3,0),(5834,2014,3,253,3,0),(5835,2014,3,284,3,0),(5836,2014,3,678,3,0),(5837,2014,3,522,3,0),(5838,2014,3,463,3,0),(5839,2014,3,266,2,0),(5840,2014,3,455,2,0),(5841,2014,3,323,2,0),(5842,2014,3,239,2,0),(5843,2014,3,443,2,0),(5844,2014,3,508,2,0),(5845,2014,3,429,2,0),(5846,2014,3,550,2,0),(5847,2014,3,309,2,0),(5848,2014,3,487,2,0),(5849,2014,3,412,2,0),(5850,2014,3,705,2,0),(5851,2014,3,438,2,0),(5852,2014,3,656,1,0),(5853,2014,3,327,2,0),(5854,2014,3,484,1,0),(5855,2014,3,707,1,0),(5856,2014,3,612,1,0),(5857,2014,3,260,1,0),(5858,2014,3,207,1,0),(5859,2014,3,234,1,0),(5860,2014,3,442,1,0),(5861,2014,3,291,1,0),(5862,2014,3,479,1,0),(5863,2014,3,275,1,0),(5864,2014,3,343,1,0),(5865,2014,6,380,10,0),(5866,2014,6,247,10,0),(5867,2014,6,392,10,0),(5868,2014,6,573,10,0),(5869,2014,6,501,10,0),(5870,2014,6,312,10,0),(5871,2014,6,356,10,0),(5872,2014,6,416,10,0),(5873,2014,6,254,10,0),(5874,2014,6,280,10,0),(5875,2014,6,243,10,0),(5876,2014,6,453,10,0),(5877,2014,6,370,9,0),(5878,2014,6,496,9,0),(5879,2014,6,676,9,0),(5880,2014,6,435,9,0),(5881,2014,6,446,9,0),(5882,2014,6,381,9,0),(5883,2014,6,505,9,0),(5884,2014,6,264,9,0),(5885,2014,6,347,9,0),(5886,2014,6,300,9,0),(5887,2014,6,346,8,0),(5888,2014,6,342,8,0),(5889,2014,6,423,8,0),(5890,2014,6,345,8,0),(5891,2014,6,482,8,0),(5892,2014,6,388,8,0),(5893,2014,6,575,8,0),(5894,2014,6,671,8,0),(5895,2014,6,547,8,0),(5896,2014,6,354,7,0),(5897,2014,6,531,7,0),(5898,2014,6,326,7,0),(5899,2014,6,316,7,0),(5900,2014,6,424,7,0),(5901,2014,6,270,7,0),(5902,2014,6,314,7,0),(5903,2014,6,382,7,0),(5904,2014,6,558,7,0),(5905,2014,6,610,7,0),(5906,2014,6,663,7,0),(5907,2014,6,393,7,0),(5908,2014,6,465,7,0),(5909,2014,6,458,6,0),(5910,2014,6,439,6,0),(5911,2014,6,289,6,0),(5912,2014,6,464,6,0),(5913,2014,6,518,6,0),(5914,2014,6,274,6,0),(5915,2014,6,302,6,0),(5916,2014,6,210,6,0),(5917,2014,6,616,6,0),(5918,2014,6,613,6,0),(5919,2014,6,498,6,0),(5920,2014,6,227,6,0),(5921,2014,6,599,5,0),(5922,2014,6,277,5,0),(5923,2014,6,475,5,0),(5924,2014,6,321,5,0),(5925,2014,6,507,5,0),(5926,2014,6,396,5,0),(5927,2014,6,385,5,0),(5928,2014,6,235,5,0),(5929,2014,6,360,5,0),(5930,2014,6,245,5,0),(5931,2014,6,509,5,0),(5932,2014,6,246,4,0),(5933,2014,6,449,4,0),(5934,2014,6,395,4,0),(5935,2014,6,334,4,0),(5936,2014,6,602,4,0),(5937,2014,6,369,4,0),(5938,2014,6,420,4,0),(5939,2014,6,262,4,0),(5940,2014,6,572,4,0),(5941,2014,6,665,3,0),(5942,2014,6,253,3,0),(5943,2014,6,526,3,0),(5944,2014,6,574,3,0),(5945,2014,6,284,3,0),(5946,2014,6,700,3,0),(5947,2014,6,428,3,0),(5948,2014,6,678,3,0),(5949,2014,6,363,3,0),(5950,2014,6,450,3,0),(5951,2014,6,595,3,0),(5952,2014,6,366,3,0),(5953,2014,6,266,2,0),(5954,2014,6,522,2,0),(5955,2014,6,214,2,0),(5956,2014,6,455,2,0),(5957,2014,6,463,2,0),(5958,2014,6,673,2,0),(5959,2014,6,222,2,0),(5960,2014,6,357,2,0),(5961,2014,6,323,2,0),(5962,2014,6,640,2,0),(5963,2014,6,239,2,0),(5964,2014,6,587,2,0),(5965,2014,6,604,2,0),(5966,2014,6,633,2,0),(5967,2014,6,443,1,0),(5968,2014,6,242,1,0),(5969,2014,6,429,1,0),(5970,2014,6,508,1,0),(5971,2014,6,550,1,0),(5972,2014,6,590,1,0),(5973,2014,6,309,1,0),(5974,2014,6,487,1,0),(5975,2014,6,705,1,0),(5976,2014,6,412,1,0),(5977,2014,6,268,1,0),(5978,2014,6,438,1,0),(5985,2014,2,321,9,0),(5986,2014,2,614,2,0),(5987,2014,2,385,4,0),(5988,2014,2,235,6,0),(5991,2014,2,246,3,0),(5992,2014,2,493,2,0),(5993,2014,2,533,2,0),(5994,2014,2,449,1,0),(5997,2014,2,261,2,0),(5998,2014,2,262,1,0),(5999,2014,2,572,7,0),(6000,2014,2,253,8,0),(6001,2014,2,428,3,0),(6002,2014,2,678,6,0),(6006,2014,2,522,7,0),(6008,2014,2,239,6,0),(6009,2014,2,604,3,0),(6011,2014,2,656,2,0),(6014,2014,2,637,2,0),(6016,2014,2,474,6,0),(6017,2014,2,451,2,0),(6022,2014,2,601,3,0),(6026,2014,2,635,5,0),(6027,2014,2,584,2,0),(6029,2014,2,646,3,0),(6031,2014,2,641,5,0),(6033,2014,2,642,7,0),(6034,2014,2,674,3,0),(6035,2014,2,672,5,0),(6037,2014,2,228,5,0),(6039,2014,2,370,9,0),(6040,2014,2,496,4,0),(6041,2014,2,446,1,0),(6043,2014,2,505,9,0),(6044,2014,2,264,6,0),(6045,2014,2,347,7,0),(6046,2014,2,342,9,0),(6047,2014,2,423,6,0),(6048,2014,2,392,5,0),(6050,2014,2,356,4,0),(6051,2014,2,280,9,0),(6052,2014,2,676,1,0),(6053,2014,2,435,1,0),(6054,2014,2,300,8,0),(6056,2014,2,345,1,0),(6057,2014,2,482,3,0),(6058,2014,2,388,1,0),(6059,2014,2,575,3,0),(6060,2014,2,671,5,0),(6061,2014,2,219,7,0),(6062,2014,2,547,1,0),(6063,2014,2,531,9,0),(6064,2014,2,326,9,0),(6065,2014,2,559,2,0),(6066,2014,2,316,7,0),(6067,2014,2,393,7,0),(6069,2014,2,458,4,0),(6070,2014,2,289,6,0),(6071,2014,2,464,9,0),(6073,2014,2,518,8,0),(6074,2014,2,302,2,0),(6075,2014,2,210,6,0),(6076,2014,2,616,1,0),(6077,2014,2,613,1,0),(6078,2014,2,498,8,0),(6080,2014,2,541,2,0),(6081,2014,2,424,8,0),(6083,2014,2,382,9,0),(6084,2014,2,314,7,0),(6085,2014,2,558,1,0),(6086,2014,2,322,1,0),(6088,2014,2,610,3,0),(6090,2014,2,472,5,0),(6091,2014,15,380,10,0),(6092,2014,15,392,10,0),(6093,2014,15,501,10,0),(6094,2014,15,312,10,0),(6095,2014,15,416,10,0),(6096,2014,15,254,10,0),(6097,2014,15,573,10,0),(6098,2014,15,280,10,0),(6099,2014,15,452,10,0),(6100,2014,15,243,10,0),(6101,2014,15,342,10,0),(6102,2014,15,531,10,0),(6103,2014,15,676,10,0),(6104,2014,15,356,9,0),(6105,2014,15,228,9,0),(6106,2014,15,370,9,0),(6107,2014,15,446,9,0),(6108,2014,15,381,9,0),(6109,2014,15,505,9,0),(6110,2014,15,300,9,0),(6111,2014,15,388,9,0),(6112,2014,15,671,8,0),(6113,2014,15,315,9,0),(6114,2014,15,453,8,0),(6115,2014,15,347,8,0),(6116,2014,15,474,6,0),(6117,2014,15,451,4,0),(6118,2014,15,259,3,0),(6119,2014,15,378,2,0),(6120,2014,15,539,7,0),(6121,2014,15,479,7,0),(6122,2014,15,275,7,0),(6123,2014,15,510,8,0),(6124,2014,15,469,7,0),(6125,2014,15,343,8,0),(6126,2014,15,211,7,0),(6127,2014,15,659,7,0),(6128,2014,15,434,3,0),(6129,2014,15,641,7,0),(6130,2014,15,642,6,0),(6131,2014,15,237,8,0),(6132,2014,15,278,3,0),(6133,2014,15,464,9,0),(6134,2014,15,550,8,0),(6135,2014,15,309,7,0),(6136,2014,15,412,8,0),(6137,2014,15,268,7,0),(6138,2014,15,327,7,0),(6139,2014,15,515,4,0),(6140,2014,15,241,7,0),(6141,2014,15,435,6,0),(6142,2014,15,346,6,0),(6143,2014,15,345,6,0),(6144,2014,15,482,6,0),(6145,2014,15,575,6,0),(6146,2014,15,219,6,0),(6147,2014,15,547,6,0),(6148,2014,15,322,6,0),(6149,2014,15,316,6,0),(6150,2014,15,354,5,0),(6151,2014,15,326,5,0),(6152,2014,15,559,5,0),(6153,2014,15,270,5,0),(6154,2014,15,382,5,0),(6155,2014,15,558,5,0),(6156,2014,15,458,5,0),(6157,2014,15,610,3,0),(6158,2014,15,472,3,0),(6159,2014,15,663,4,0),(6160,2014,15,393,4,0),(6161,2014,15,518,4,0),(6162,2014,15,498,3,0),(6163,2014,15,246,3,0),(6164,2014,15,465,3,0),(6165,2014,15,321,7,0),(6166,2014,15,449,4,0),(6167,2014,15,493,5,0),(6168,2014,15,262,6,0),(6169,2014,15,366,4,0),(6170,2014,15,522,3,0),(6171,2014,15,222,8,0),(6172,2014,15,239,7,0),(6173,2014,15,590,3,0),(6174,2014,15,612,1,0),(6175,2014,15,260,4,0),(6176,2014,15,207,4,0),(6177,2014,15,234,3,0),(6178,2014,15,249,1,0),(6179,2014,15,616,3,0),(6180,2014,15,507,2,0),(6181,2014,15,334,1,0),(6182,2014,15,420,2,0),(6183,2014,15,526,5,0),(6184,2014,15,357,4,0),(6185,2014,15,340,3,0),(6186,2014,15,289,2,0),(6187,2014,15,274,2,0),(6188,2014,15,302,2,0),(6189,2014,15,210,2,0),(6190,2014,15,599,2,0),(6191,2014,15,475,2,0),(6192,2014,15,385,5,0),(6193,2014,15,533,2,0),(6194,2014,15,261,2,0),(6195,2014,15,277,2,0),(6196,2014,15,235,1,0),(6197,2014,15,572,1,0),(6198,2014,15,428,1,0),(6199,2014,15,595,1,0),(6200,2014,15,640,1,0),(6201,2014,15,344,1,0),(6202,2014,15,670,1,0),(6203,2014,15,320,2,0),(6204,2014,15,485,1,0),(6205,2014,15,368,1,0),(6206,2014,15,365,2,0),(6207,2014,4,573,9,0),(6208,2014,4,501,10,0),(6209,2014,4,254,10,0),(6210,2014,4,280,10,0),(6211,2014,4,243,9,0),(6212,2014,4,452,10,0),(6213,2014,4,228,9,0),(6214,2014,4,370,9,0),(6215,2014,4,342,10,0),(6216,2014,4,531,10,0),(6217,2014,4,464,9,0),(6218,2014,4,227,7,0),(6219,2014,4,321,8,0),(6220,2014,4,420,7,0),(6221,2014,4,678,6,0),(6222,2014,4,550,8,0),(6223,2014,4,356,9,0),(6224,2014,4,453,9,0),(6225,2014,4,496,7,0),(6226,2014,4,676,5,0),(6227,2014,4,435,6,0),(6228,2014,4,446,6,0),(6229,2014,4,381,9,0),(6230,2014,4,505,9,0),(6231,2014,4,300,10,0),(6232,2014,4,322,7,0),(6233,2014,4,326,8,0),(6234,2014,4,424,8,0),(6235,2014,4,264,8,0),(6236,2014,4,347,7,0),(6237,2014,4,388,7,0),(6238,2014,4,671,8,0),(6239,2014,4,559,4,0),(6240,2014,4,316,6,0),(6241,2014,4,610,7,0),(6242,2014,4,210,6,0),(6243,2014,4,498,8,0),(6244,2014,4,277,5,0),(6245,2014,4,346,7,0),(6246,2014,4,423,9,0),(6247,2014,4,345,7,0),(6248,2014,4,482,3,0),(6249,2014,4,575,5,0),(6250,2014,4,219,6,0),(6251,2014,4,547,4,0),(6252,2014,4,354,4,0),(6253,2014,4,270,5,0),(6254,2014,4,382,4,0),(6255,2014,4,614,3,0),(6256,2014,4,245,3,0),(6257,2014,4,246,5,0),(6258,2014,4,395,6,0),(6259,2014,4,262,8,0),(6260,2014,4,253,7,0),(6261,2014,4,522,6,0),(6262,2014,4,412,7,0),(6263,2014,4,314,8,0),(6264,2014,4,558,7,0),(6265,2014,4,472,3,0),(6266,2014,4,663,4,0),(6267,2014,4,393,6,0),(6268,2014,10,392,10,0),(6269,2014,10,312,10,0),(6270,2014,10,356,10,0),(6271,2014,10,452,10,0),(6272,2014,10,573,10,0),(6273,2014,10,280,10,0),(6274,2014,10,671,7,0),(6275,2014,10,547,9,0),(6276,2014,10,322,8,0),(6277,2014,10,354,7,0),(6278,2014,10,531,10,0),(6279,2014,10,559,7,0),(6280,2014,10,316,8,0),(6281,2014,10,243,10,0),(6282,2014,10,228,9,0),(6283,2014,10,453,9,0),(6284,2014,10,370,9,0),(6285,2014,10,496,8,0),(6286,2014,10,676,8,0),(6287,2014,10,446,4,0),(6288,2014,10,505,9,0),(6289,2014,10,264,9,0),(6290,2014,10,347,9,0),(6291,2014,10,346,9,0),(6292,2014,10,342,9,0),(6293,2014,10,423,8,0),(6294,2014,10,388,8,0),(6295,2014,10,219,8,0),(6296,2014,10,314,7,0),(6297,2014,10,558,7,0),(6298,2014,10,610,6,0),(6299,2014,10,663,7,0),(6300,2014,10,458,7,0),(6301,2014,10,464,7,0),(6302,2014,10,253,6,0),(6303,2014,10,678,6,0),(6304,2014,10,463,6,0),(6305,2014,10,673,6,0),(6306,2014,10,222,7,0),(6307,2014,10,239,7,0),(6308,2014,10,550,7,0),(6309,2014,10,268,6,0),(6310,2014,10,327,7,0),(6311,2014,10,315,8,0),(6312,2014,10,234,6,0),(6313,2014,10,335,6,0),(6314,2014,10,474,9,0),(6315,2014,10,539,4,0),(6316,2014,10,273,4,0),(6317,2014,10,291,1,0),(6318,2014,10,250,4,0),(6319,2014,10,479,6,0),(6320,2014,10,275,4,0),(6321,2014,10,510,6,0),(6322,2014,10,469,7,0),(6323,2014,10,664,6,0),(6324,2014,10,642,6,0),(6325,2014,10,237,8,0),(6326,2014,10,375,5,0),(6327,2014,10,320,5,0),(6328,2014,10,325,5,0),(6329,2014,10,482,5,0),(6330,2014,10,424,5,0),(6331,2014,10,270,5,0),(6332,2014,10,472,5,0),(6333,2014,10,289,5,0),(6334,2014,10,302,5,0),(6335,2014,10,274,4,0),(6336,2014,10,210,4,0),(6337,2014,10,616,4,0),(6338,2014,10,613,4,0),(6339,2014,10,498,3,0),(6340,2014,10,227,3,0),(6341,2014,10,541,3,0),(6342,2014,10,599,3,0),(6343,2014,10,277,2,0),(6344,2014,10,507,3,0),(6345,2014,10,614,3,0),(6346,2014,10,385,3,0),(6347,2014,10,321,3,0),(6348,2014,10,396,3,0),(6349,2014,10,235,3,0),(6350,2014,10,509,3,0),(6351,2014,10,246,3,0),(6352,2014,10,493,5,0),(6353,2014,10,533,2,0),(6354,2014,10,449,2,0),(6355,2014,10,395,2,0),(6356,2014,10,602,2,0),(6357,2014,10,420,2,0),(6358,2014,10,261,2,0),(6359,2014,10,262,2,0),(6360,2014,10,665,2,0),(6361,2014,10,572,2,0),(6362,2014,10,284,2,0),(6363,2014,10,700,2,0),(6364,2014,10,428,2,0),(6365,2014,10,363,2,0),(6366,2014,10,450,1,0),(6367,2014,10,595,1,0),(6368,2014,10,366,1,0),(6369,2014,10,266,1,0),(6370,2014,10,522,1,0),(6371,2014,10,357,1,0),(6372,2014,10,323,1,0),(6373,2014,10,640,1,0),(6374,2014,10,633,1,0),(6375,2014,10,443,1,0),(6376,2014,10,214,1,0),(6377,2014,11,380,10,0),(6378,2014,11,247,10,0),(6379,2014,11,501,10,0),(6380,2014,11,416,10,0),(6381,2014,11,254,10,0),(6382,2014,11,347,10,0),(6383,2014,11,342,10,0),(6384,2014,11,531,10,0),(6385,2014,11,464,10,0),(6386,2014,5,380,10,0),(6387,2014,5,247,10,0),(6388,2014,5,392,9,0),(6389,2014,5,573,7,0),(6390,2014,5,501,10,0),(6391,2014,5,312,10,0),(6392,2014,5,356,8,0),(6393,2014,5,416,10,0),(6394,2014,5,254,10,0),(6395,2014,5,280,10,0),(6396,2014,5,243,10,0),(6397,2014,5,452,10,0),(6398,2014,5,228,8,0),(6399,2014,5,453,7,0),(6400,2014,5,370,10,0),(6401,2014,5,496,7,0),(6402,2014,5,676,7,0),(6403,2014,5,435,6,0),(6404,2014,5,446,8,0),(6405,2014,5,381,4,0),(6406,2014,5,505,9,0),(6407,2014,5,264,7,0),(6408,2014,5,347,8,0),(6409,2014,5,300,9,0),(6410,2014,5,346,2,0),(6411,2014,5,342,10,0),(6412,2014,5,423,7,0),(6413,2014,5,345,7,0),(6414,2014,5,482,6,0),(6415,2014,5,388,9,0),(6416,2014,5,575,6,0),(6417,2014,5,671,6,0),(6418,2014,5,547,8,0),(6419,2014,5,219,7,0),(6420,2014,5,322,5,0),(6421,2014,5,354,5,0),(6422,2014,5,531,10,0),(6423,2014,5,326,9,0),(6424,2014,5,559,6,0),(6425,2014,5,316,7,0),(6426,2014,5,314,9,0),(6427,2014,5,550,9,0),(6428,2014,5,315,9,0),(6429,2014,5,653,8,0),(6430,2014,5,474,9,0),(6431,2014,5,539,9,0),(6432,2014,5,479,7,0),(6433,2014,5,469,8,0),(6434,2014,5,375,9,0),(6435,2014,5,365,3,0),(6436,2014,5,424,6,0),(6437,2014,5,270,5,0),(6438,2014,5,382,7,0),(6439,2014,5,558,6,0),(6440,2014,5,610,4,0),(6441,2014,5,663,5,0),(6442,2014,5,393,6,0),(6443,2014,5,465,6,0),(6444,2014,5,458,6,0),(6445,2014,5,464,8,0),(6446,2014,5,302,5,0),(6447,2014,5,518,5,0),(6448,2014,5,210,5,0),(6449,2014,5,227,5,0),(6450,2014,5,541,5,0),(6451,2014,5,599,5,0),(6452,2014,5,321,8,0),(6453,2014,5,253,6,0),(6454,2014,5,385,4,0),(6455,2014,5,245,4,0),(6456,2014,5,246,4,0),(6457,2014,5,493,4,0),(6458,2014,5,533,4,0),(6459,2014,5,449,4,0),(6460,2014,5,526,7,0),(6461,2014,5,522,4,0),(6462,2014,5,472,2,0),(6463,2014,5,572,3,0),(6464,2014,5,222,7,0),(6465,2014,5,357,3,0),(6466,2014,5,678,3,0),(6467,2014,5,366,2,0),(6468,2014,5,455,3,0),(6469,2014,5,239,3,0),(6470,2014,5,443,2,0),(6471,2014,5,412,3,0),(6472,2014,5,487,2,0),(6474,2014,5,438,3,0),(6475,2014,5,260,3,0),(6476,2014,5,442,2,0),(6477,2014,5,249,3,0),(6478,2014,5,451,3,0),(6479,2014,5,259,3,0),(6480,2014,5,241,3,0),(6481,2014,5,439,2,0),(6482,2014,5,289,2,0),(6483,2014,5,614,2,0),(6484,2014,5,395,2,0),(6485,2014,5,369,2,0),(6486,2014,5,309,2,0),(6487,2014,5,592,2,0),(6488,2014,5,273,2,0),(6489,2014,5,601,2,0),(6490,2014,5,616,1,0),(6491,2014,5,261,1,0),(6492,2014,5,262,1,0),(6493,2014,5,665,1,0),(6494,2014,5,268,1,0),(6495,2014,5,327,6,0),(6496,2014,5,250,1,0),(6497,2014,5,275,1,0),(6498,2014,5,307,1,0),(6500,2014,5,434,1,0),(6502,2014,5,646,1,0),(6503,2014,5,641,1,0),(6504,2014,5,642,1,0),(6506,2014,4,465,6,0),(6507,2014,4,458,6,0),(6508,2014,4,289,4,0),(6509,2014,4,518,4,0),(6510,2014,4,599,5,0),(6512,2014,4,302,5,0),(6513,2014,4,385,5,0),(6514,2014,4,493,5,0),(6515,2014,4,439,3,0),(6516,2014,4,616,3,0),(6517,2014,4,613,3,0),(6518,2014,4,541,3,0),(6519,2014,4,475,1,0),(6520,2014,4,396,2,0),(6521,2014,4,235,4,0),(6522,2014,4,360,2,0),(6523,2014,4,509,3,0),(6524,2014,4,533,2,0),(6525,2014,4,334,1,0),(6526,2014,4,455,2,0),(6527,2014,4,640,2,0),(6528,2014,4,604,1,0),(6529,2014,4,633,1,0),(6530,2014,4,268,3,0),(6531,2014,11,312,10,0),(6532,2014,11,314,10,0),(6533,2014,11,237,9,0),(6534,2014,11,392,9,0),(6535,2014,11,280,9,0),(6536,2014,11,243,9,0),(6537,2014,11,452,10,0),(6538,2014,11,228,8,0),(6539,2014,11,370,8,0),(6540,2014,11,264,8,0),(6541,2014,11,300,9,0),(6542,2014,11,326,8,0),(6543,2014,11,559,8,0),(6544,2014,11,316,6,0),(6545,2014,11,424,8,0),(6546,2014,11,382,9,0),(6547,2014,11,321,8,0),(6548,2014,11,493,7,0),(6549,2014,11,253,9,0),(6550,2014,11,550,8,0),(6551,2014,11,412,8,0),(6552,2014,11,438,7,0),(6553,2014,11,327,7,0),(6554,2014,11,315,9,0),(6555,2014,11,539,9,0),(6556,2014,11,510,8,0),(6557,2014,11,469,7,0),(6558,2014,11,641,7,0),(6559,2014,11,278,6,0),(6560,2014,11,356,8,0),(6561,2014,11,381,7,0),(6562,2014,11,505,9,0),(6563,2014,11,496,7,0),(6564,2014,11,446,7,0),(6565,2014,11,575,6,0),(6566,2014,11,393,6,0),(6567,2014,11,458,5,0),(6568,2014,11,455,6,0),(6569,2014,11,222,6,0),(6570,2014,11,357,6,0),(6571,2014,11,479,6,0),(6572,2014,11,642,3,0),(6573,2014,11,375,4,0),(6574,2014,11,320,5,0),(6575,2014,11,325,3,0),(6576,2014,11,485,2,0),(6577,2014,11,368,2,0),(6578,2014,11,668,3,0),(6579,2014,11,453,7,0),(6580,2014,11,345,5,0),(6581,2014,11,423,6,0),(6582,2014,11,671,3,0),(6583,2014,11,219,4,0),(6584,2014,11,518,5,0),(6585,2014,11,227,6,0),(6586,2014,11,541,4,0),(6587,2014,11,449,4,0),(6588,2014,11,526,6,0),(6589,2014,11,428,4,0),(6590,2014,11,678,4,0),(6591,2014,11,266,3,0),(6592,2014,11,239,5,0),(6593,2014,11,234,7,0),(6594,2014,11,515,4,0),(6595,2014,11,451,4,0),(6596,2014,11,241,7,0),(6597,2014,11,273,4,0),(6598,2014,11,343,7,0),(6599,2014,11,582,1,0),(6600,2014,11,256,3,0),(6601,2014,11,660,2,0),(6602,2014,11,676,7,0),(6603,2014,11,435,6,0),(6604,2014,11,346,5,0),(6605,2014,11,547,6,0),(6606,2014,11,482,4,0),(6607,2014,11,558,3,0),(6608,2014,11,610,2,0),(6609,2014,11,465,3,0),(6610,2014,11,439,3,0),(6611,2014,11,498,5,0),(6612,2014,11,507,2,0),(6613,2014,11,260,5,0),(6614,2014,11,566,3,0),(6615,2014,11,207,5,0),(6616,2014,11,376,4,0),(6617,2014,11,259,6,0),(6618,2014,11,275,2,0),(6619,2014,11,441,2,0),(6620,2014,11,434,1,0),(6621,2014,11,302,2,0),(6622,2014,11,274,2,0),(6623,2014,11,210,2,0),(6624,2014,11,277,1,0),(6625,2014,11,385,1,0),(6626,2014,11,245,1,0),(6627,2014,11,533,1,0),(6628,2014,11,309,1,0),(6629,2014,11,686,2,0),(6630,2014,11,322,3,0),(6631,2014,11,354,2,0),(6632,2014,11,270,1,0),(6633,2014,11,663,1,0),(6634,2014,11,472,5,0),(6635,2014,11,613,3,0),(6636,2014,11,396,2,0),(6637,2014,11,395,2,0),(6638,2014,11,420,1,0),(6639,2014,11,429,1,0),(6640,2014,11,487,1,0),(6641,2014,7,380,10,0),(6642,2014,7,247,10,0),(6643,2014,7,573,9,0),(6644,2014,7,416,10,0),(6645,2014,7,254,10,0),(6646,2014,7,243,9,0),(6647,2014,7,452,10,0),(6648,2014,7,446,6,0),(6649,2014,7,264,8,0),(6650,2014,7,300,9,0),(6651,2014,7,342,10,0),(6652,2014,7,392,10,0),(6653,2014,7,501,9,0),(6654,2014,7,312,10,0),(6655,2014,7,356,6,0),(6656,2014,7,453,7,0),(6657,2014,7,370,10,0),(6658,2014,7,496,6,0),(6659,2014,7,505,8,0),(6660,2014,7,347,9,0),(6661,2014,7,423,6,0),(6662,2014,7,531,10,0),(6663,2014,7,326,8,0),(6664,2014,7,424,9,0),(6665,2014,7,314,8,0),(6666,2014,7,280,8,0),(6667,2014,7,228,8,0),(6668,2014,7,558,7,0),(6669,2014,7,458,6,0),(6670,2014,7,518,7,0),(6671,2014,7,498,8,0),(6672,2014,7,227,5,0),(6673,2014,7,246,7,0),(6674,2014,7,493,6,0),(6675,2014,7,533,5,0),(6676,2014,7,253,8,0),(6677,2014,7,526,7,0),(6678,2014,7,678,6,0),(6679,2014,7,222,7,0),(6680,2014,7,550,9,0),(6681,2014,7,327,7,0),(6682,2014,7,315,10,0),(6683,2014,7,260,7,0),(6684,2014,7,207,3,0),(6685,2014,7,474,8,0),(6686,2014,7,273,7,0),(6687,2014,7,479,9,0),(6688,2014,7,510,9,0),(6689,2014,7,469,7,0),(6690,2014,7,343,5,0),(6691,2014,7,646,2,0),(6692,2014,7,641,4,0),(6693,2014,7,642,4,0),(6694,2014,7,375,7,0),(6695,2014,7,320,4,0),(6696,2014,7,575,6,0),(6697,2014,7,316,6,0),(6698,2014,14,380,10,0),(6699,2014,14,247,10,0),(6700,2014,14,392,10,0),(6701,2014,14,573,10,0),(6702,2014,14,501,10,0),(6703,2014,14,312,10,0),(6704,2014,14,356,10,0),(6705,2014,14,416,10,0),(6706,2014,14,254,10,0),(6707,2014,14,268,8,0),(6708,2014,14,327,8,0),(6709,2014,14,315,9,0),(6710,2014,14,260,8,0),(6711,2014,14,207,7,0),(6712,2014,14,474,8,0),(6713,2014,14,451,8,0),(6714,2014,14,241,8,0),(6715,2014,14,539,8,0),(6716,2014,14,250,8,0),(6717,2014,14,275,7,0),(6718,2014,14,510,9,0),(6719,2014,14,343,7,0),(6720,2014,14,659,5,0),(6721,2014,14,641,6,0),(6722,2014,14,642,6,0),(6723,2014,14,237,9,0),(6724,2014,14,375,7,0),(6725,2014,14,320,5,0),(6726,2014,14,325,6,0),(6727,2014,14,368,7,0),(6728,2014,14,280,10,0),(6729,2014,14,243,10,0),(6730,2014,14,452,10,0),(6731,2014,14,228,9,0),(6732,2014,14,370,9,0),(6733,2014,14,676,9,0),(6734,2014,14,435,9,0),(6735,2014,14,446,9,0),(6736,2014,14,505,9,0),(6737,2014,14,264,9,0),(6738,2014,14,347,8,0),(6739,2014,14,300,7,0),(6740,2014,14,453,7,0),(6741,2014,14,496,7,0),(6742,2014,14,342,7,0),(6743,2014,14,345,7,0),(6744,2014,14,575,7,0),(6745,2014,14,671,7,0),(6746,2014,14,531,7,0),(6747,2014,14,423,6,0),(6748,2014,14,482,6,0),(6749,2014,14,388,6,0),(6750,2014,14,547,6,0),(6751,2014,14,219,6,0),(6752,2014,14,326,6,0),(6753,2014,14,559,6,0),(6754,2014,14,316,6,0),(6755,2014,14,424,6,0),(6756,2014,14,314,6,0),(6757,2014,14,322,5,0),(6758,2014,14,382,5,0),(6759,2014,14,270,5,0),(6760,2014,14,558,5,0),(6761,2014,14,610,5,0),(6762,2014,14,472,5,0),(6763,2014,14,393,5,0),(6764,2014,14,464,5,0),(6765,2014,14,465,4,0),(6766,2014,14,289,4,0),(6767,2014,14,302,4,0),(6768,2014,14,518,4,0),(6769,2014,14,274,4,0),(6770,2014,14,616,4,0),(6771,2014,14,498,4,0),(6772,2014,14,613,4,0),(6773,2014,14,227,4,0),(6774,2014,14,507,3,0),(6775,2014,14,385,3,0),(6776,2014,14,235,3,0),(6777,2014,14,246,3,0),(6778,2014,14,493,3,0),(6779,2014,14,533,3,0),(6780,2014,14,449,3,0),(6781,2014,14,395,3,0),(6782,2014,14,321,3,0),(6783,2014,14,420,3,0),(6784,2014,14,253,3,0),(6785,2014,14,526,3,0),(6786,2014,14,678,2,0),(6787,2014,14,595,2,0),(6788,2014,14,522,2,0),(6789,2014,14,214,2,0),(6790,2014,14,455,2,0),(6791,2014,14,463,2,0),(6792,2014,14,222,2,0),(6793,2014,14,357,2,0),(6794,2014,14,239,2,0),(6795,2014,14,633,2,0),(6796,2014,14,550,2,0),(6797,2014,14,412,2,0),(6798,2014,14,663,2,0),(6799,2014,14,541,2,0),(6800,2014,14,599,1,0),(6801,2014,14,277,1,0),(6802,2014,14,475,1,0),(6803,2014,14,614,1,0),(6804,2014,14,334,1,0),(6805,2014,14,428,1,0),(6806,2014,14,234,1,0),(6807,2014,14,602,1,0),(6808,2014,14,572,1,0),(6809,2014,14,284,1,0),(6810,2014,14,363,1,0),(6812,2014,14,366,1,0),(6814,2014,14,640,1,0),(6816,2014,7,435,4,0),(6817,2014,7,559,4,0),(6818,2014,7,382,9,0),(6819,2014,7,464,10,0),(6820,2014,7,210,5,0),(6821,2014,7,614,2,0),(6822,2014,7,455,5,0),(6823,2014,7,239,7,0),(6824,2014,7,309,3,0),(6825,2014,7,237,9,0),(6826,2014,7,325,3,0),(6827,2014,7,368,5,0),(6828,2014,7,365,3,0),(6829,2014,7,388,6,0),(6830,2014,7,547,5,0),(6831,2014,7,393,5,0),(6832,2014,7,289,5,0),(6833,2014,7,381,4,0),(6834,2014,7,465,6,0),(6835,2014,7,262,4,0),(6836,2014,7,357,4,0),(6837,2014,7,412,7,0),(6838,2014,7,259,2,0),(6839,2014,7,250,3,0),(6840,2014,7,275,4,0),(6841,2014,7,441,3,0),(6843,2014,7,539,7,0),(6844,2014,7,345,3,0),(6845,2014,7,671,3,0),(6846,2014,7,268,4,0),(6847,2014,7,695,3,0),(6848,2014,7,672,2,0),(6849,2014,7,472,1,0),(6850,2014,7,302,2,0),(6851,2014,7,321,6,0),(6852,2014,7,602,2,0),(6853,2014,7,234,2,0),(6854,2014,7,451,2,0),(6855,2014,7,376,2,0),(6856,2014,7,473,2,0),(6857,2014,7,278,2,0),(6858,2014,7,676,5,0),(6859,2014,7,482,2,0),(6860,2014,7,219,2,0),(6861,2014,7,277,3,0),(6862,2014,7,360,2,0),(6863,2014,7,354,3,0),(6864,2014,7,610,1,0),(6865,2014,7,385,1,0),(6866,2014,7,395,1,0),(6867,2014,7,428,1,0),(6868,2014,7,522,1,0),(6869,2014,7,633,1,0),(6870,2014,7,322,1,0),(6871,2014,7,613,1,0),(6872,2014,7,541,1,0),(6873,2014,7,245,1,0),(6874,2014,7,509,1,0),(6875,2014,4,242,2,0),(6876,2014,4,429,2,0),(6878,2014,4,309,1,0),(6879,2014,4,487,2,0),(6880,2014,4,261,2,0),(6881,2014,4,526,2,0),(6882,2014,4,284,2,0),(6883,2014,4,428,3,0),(6884,2014,4,366,2,0),(6885,2014,4,214,3,0),(6886,2014,4,357,1,0),(6887,2014,4,315,4,0),(6888,2014,4,222,2,0),(6889,2014,4,323,2,0),(6890,2014,4,239,1,0),(6891,2014,4,438,1,0),(6893,2014,4,443,1,0),(6894,2014,4,327,1,0),(6895,2014,4,508,1,0),(6896,2014,4,260,1,0),(6897,2014,4,234,1,0),(6898,2014,4,510,1,0),(6899,2014,16,380,10,0),(6900,2014,16,247,10,0),(6901,2014,16,573,10,0),(6902,2014,16,501,10,0),(6903,2014,16,312,10,0),(6904,2014,16,356,9,0),(6905,2014,16,416,10,0),(6906,2014,16,280,10,0),(6907,2014,16,452,10,0),(6908,2014,16,342,10,0),(6909,2014,16,239,6,0),(6910,2014,16,550,9,0),(6911,2014,16,412,5,0),(6912,2014,16,474,6,0),(6914,2014,16,539,8,0),(6915,2014,16,273,5,0),(6916,2014,16,343,3,0),(6917,2014,16,473,3,0),(6918,2014,16,641,6,0),(6919,2014,16,642,7,0),(6920,2014,16,237,10,0),(6921,2014,16,375,7,0),(6922,2014,16,669,1,0),(6923,2014,16,639,2,0),(6924,2014,16,320,5,0),(6929,2014,16,254,10,0),(6930,2014,16,300,10,0),(6931,2014,16,559,5,0),(6932,2014,16,424,8,0),(6933,2014,16,314,9,0),(6934,2014,16,382,9,0),(6935,2014,16,243,9,0),(6936,2014,16,228,9,0),(6937,2014,16,370,9,0),(6938,2014,16,505,9,0),(6939,2014,16,676,8,0),(6940,2014,16,264,7,0),(6941,2014,16,496,7,0),(6942,2014,16,446,6,0),(6943,2014,16,435,5,0),(6944,2014,16,347,6,0),(6945,2014,16,423,8,0),(6946,2014,16,388,7,0),(6947,2014,16,671,7,0),(6948,2014,16,393,8,0),(6949,2014,4,474,5,0),(6950,2014,16,381,6,0),(6951,2014,16,346,5,0),(6952,2014,16,345,7,0),(6953,2014,16,482,5,0),(6954,2014,16,575,7,0),(6955,2014,16,326,7,0),(6956,2014,16,316,7,0),(6957,2014,9,380,10,0),(6958,2014,9,247,10,0),(6959,2014,9,416,10,0),(6960,2014,9,254,10,0),(6961,2014,9,342,10,0),(6962,2014,9,531,9,0),(6963,2014,9,314,8,0),(6964,2014,9,392,10,0),(6965,2014,9,501,10,0),(6966,2014,9,312,10,0),(6967,2014,9,356,9,0),(6968,2014,9,280,10,0),(6969,2014,9,452,10,0),(6970,2014,9,228,9,0),(6971,2014,12,380,10,0),(6972,2014,12,247,10,0),(6973,2014,12,392,9,0),(6974,2014,12,573,9,0),(6975,2014,12,501,10,0),(6976,2014,12,312,9,0),(6977,2014,12,356,8,0),(6978,2014,12,416,10,0),(6979,2014,12,254,10,0),(6980,2014,12,280,9,0),(6981,2014,12,243,8,0),(6982,2014,12,452,9,0),(6983,2014,12,228,9,0),(6984,2014,12,453,8,0),(6985,2014,12,370,10,0),(6986,2014,12,496,8,0),(6987,2014,12,676,6,0),(6988,2014,12,446,8,0),(6989,2014,12,435,7,0),(6990,2014,12,381,4,0),(6991,2014,12,505,9,0),(6992,2014,12,264,8,0),(6993,2014,12,347,10,0),(6994,2014,12,300,10,0),(6995,2014,12,346,7,0),(6996,2014,12,342,10,0),(6997,2014,12,345,7,0),(6998,2014,12,423,6,0),(6999,2014,12,482,7,0),(7000,2014,12,388,6,0),(7001,2014,12,575,6,0),(7002,2014,12,671,1,0),(7003,2014,12,547,8,0),(7004,2014,12,219,5,0),(7005,2014,12,322,5,0),(7006,2014,12,354,7,0),(7007,2014,12,531,10,0),(7008,2014,12,326,9,0),(7009,2014,12,559,7,0),(7010,2014,12,316,6,0),(7011,2014,12,424,7,0),(7012,2014,12,314,8,0),(7013,2014,12,270,4,0),(7014,2014,12,382,7,0),(7015,2014,12,558,7,0),(7016,2014,12,610,5,0),(7017,2014,12,663,5,0),(7018,2014,12,472,3,0),(7019,2014,12,393,7,0),(7020,2014,12,465,6,0),(7021,2014,12,458,3,0),(7022,2014,12,289,7,0),(7023,2014,12,464,10,0),(7024,2014,12,518,5,0),(7025,2014,12,439,1,0),(7026,2014,12,274,4,0),(7027,2014,12,302,2,0),(7028,2014,12,210,4,0),(7029,2014,12,616,5,0),(7030,2014,12,498,6,0),(7031,2014,12,227,7,0),(7032,2014,12,541,7,0),(7033,2014,12,599,5,0),(7034,2014,12,277,4,0),(7035,2014,12,475,4,0),(7036,2014,12,321,6,0),(7037,2014,12,507,3,0),(7038,2014,12,614,2,0),(7039,2014,12,396,4,0),(7040,2014,12,385,4,0),(7041,2014,12,235,2,0),(7043,2014,12,245,3,0),(7044,2014,12,509,2,0),(7045,2014,12,246,3,0),(7046,2014,12,493,10,0),(7047,2014,12,533,6,0),(7048,2014,12,449,1,0),(7049,2014,12,395,3,0),(7050,2014,12,334,2,0),(7051,2014,12,602,2,0),(7052,2014,12,369,1,0),(7053,2014,12,261,1,0),(7054,2014,12,420,3,0),(7055,2014,12,262,3,0),(7057,2014,12,665,1,0),(7058,2014,12,253,3,0),(7059,2014,12,526,5,0),(7061,2014,12,428,2,0),(7062,2014,12,678,2,0),(7063,2014,12,363,2,0),(7064,2014,12,595,2,0),(7065,2014,12,450,2,0),(7066,2014,12,522,2,0),(7067,2014,12,214,2,0),(7069,2014,12,222,5,0),(7075,2014,12,550,8,0),(7077,2014,12,309,1,0),(7078,2014,12,412,1,0),(7079,2014,12,438,1,0),(7082,2014,12,474,9,0),(7083,2014,12,241,3,0),(7084,2014,12,539,2,0),(7085,2014,12,273,3,0),(7086,2014,12,479,6,0),(7087,2014,12,469,5,0),(7088,2014,12,375,6,0),(7089,2014,12,325,1,0),(7090,2014,12,365,3,0),(7091,2014,12,327,6,0),(7092,2014,12,237,9,0),(7093,2014,12,432,1,0),(7094,2014,12,320,4,0),(7095,2014,12,368,1,0),(7096,2014,4,469,6,0),(7097,2014,4,237,7,0),(7098,2014,9,573,10,0),(7099,2014,9,243,9,0),(7100,2014,9,453,7,0),(7101,2014,9,370,9,0),(7102,2014,9,496,6,0),(7103,2014,9,676,6,0),(7104,2014,9,435,5,0),(7105,2014,9,446,3,0),(7106,2014,9,381,8,0),(7107,2014,9,505,9,0),(7108,2014,9,264,7,0),(7109,2014,9,347,7,0),(7110,2014,9,300,9,0),(7111,2014,9,346,6,0),(7112,2014,9,345,6,0),(7113,2014,9,423,8,0),(7114,2014,9,388,7,0),(7115,2014,9,575,7,0),(7116,2014,9,326,7,0),(7117,2014,9,559,1,0),(7118,2014,9,321,9,0),(7119,2014,9,493,5,0),(7120,2014,9,526,8,0),(7121,2014,9,222,6,0),(7122,2014,9,550,7,0),(7123,2014,13,380,10,0),(7124,2014,13,247,10,0),(7125,2014,13,501,10,0),(7126,2014,13,416,10,0),(7127,2014,13,254,10,0),(7128,2014,13,280,10,0),(7129,2014,13,452,9,0),(7130,2014,13,342,10,0),(7131,2014,13,531,10,0),(7132,2014,13,326,8,0),(7133,2014,13,464,9,0),(7134,2014,13,493,7,0),(7135,2014,13,327,7,0),(7136,2014,13,474,10,0),(7137,2014,13,510,8,0),(7138,2014,13,469,8,0),(7139,2014,13,343,6,0),(7140,2014,13,642,6,0),(7141,2014,13,237,9,0),(7142,2014,13,375,10,0),(7143,2014,13,278,5,0),(7144,2014,13,485,6,0),(7145,2014,13,368,4,0),(7146,2014,13,256,3,0),(7147,2014,13,392,9,0),(7148,2014,13,228,10,0),(7149,2014,13,453,8,0),(7150,2014,13,370,9,0),(7151,2014,13,496,8,0),(7152,2014,9,327,7,0),(7153,2014,9,315,9,0),(7154,2014,9,260,8,0),(7155,2014,9,474,7,0),(7156,2014,9,539,7,0),(7157,2014,9,479,9,0),(7158,2014,9,510,8,0),(7159,2014,9,469,9,0),(7160,2014,9,343,5,0),(7161,2014,9,641,8,0),(7162,2014,9,642,8,0),(7163,2014,9,375,7,0),(7164,2014,9,320,5,0),(7165,2014,9,668,3,0),(7166,2014,2,663,4,0),(7167,2014,2,227,5,0),(7168,2014,13,573,9,0),(7169,2014,13,356,9,0),(7170,2014,13,243,10,0),(7171,2014,13,676,7,0),(7172,2014,13,435,7,0),(7173,2014,13,381,9,0),(7174,2014,13,505,8,0),(7175,2014,13,300,8,0),(7176,2014,13,264,8,0),(7177,2014,13,347,8,0),(7178,2014,13,346,7,0),(7179,2014,13,345,7,0),(7180,2014,13,424,8,0),(7181,2014,13,227,7,0),(7182,2014,13,423,7,0),(7183,2014,13,388,7,0),(7184,2014,13,575,7,0),(7185,2014,13,222,9,0),(7186,2014,13,550,9,0),(7187,2014,13,487,7,0),(7188,2014,13,412,8,0),(7189,2014,13,335,5,0),(7190,2014,13,241,5,0),(7191,2014,13,479,6,0),(7192,2014,13,325,1,0),(7193,2014,13,547,7,0),(7194,2014,13,314,6,0),(7195,2014,13,559,7,0),(7196,2014,13,671,6,0),(7197,2014,13,219,6,0),(7198,2014,13,322,6,0),(7199,2014,13,354,6,0),(7200,2014,13,382,6,0),(7201,2014,13,558,6,0),(7202,2014,13,458,6,0),(7203,2014,13,393,5,0),(7204,2014,13,289,5,0),(7205,2014,13,507,5,0),(7206,2014,13,246,5,0),(7207,2014,13,533,5,0),(7208,2014,13,610,4,0),(7209,2014,13,663,4,0),(7210,2014,13,472,4,0),(7211,2014,13,465,4,0),(7212,2014,13,439,4,0),(7213,2014,13,302,4,0),(7214,2014,13,613,3,0),(7215,2014,13,498,3,0),(7216,2014,13,541,3,0),(7217,2014,13,274,3,0),(7218,2014,13,518,4,0),(7219,2014,13,210,4,0),(7220,2014,13,599,3,0),(7221,2014,13,277,3,0),(7222,2014,13,475,3,0),(7223,2014,13,614,3,0),(7224,2014,13,385,3,0),(7225,2014,13,262,5,0),(7226,2014,13,253,3,0),(7227,2014,13,396,3,0),(7228,2014,13,678,2,0),(7229,2014,13,522,2,0),(7230,2014,13,640,2,0),(7231,2014,13,309,2,0),(7232,2014,13,643,2,0),(7233,2014,13,259,2,0),(7234,2014,13,275,2,0),(7235,2014,13,260,2,0),(7236,2014,13,235,2,0),(7237,2014,13,509,2,0),(7238,2014,13,449,2,0),(7239,2014,13,395,2,0),(7240,2014,13,334,2,0),(7241,2014,13,602,2,0),(7242,2014,13,369,1,0),(7243,2014,13,261,1,0),(7244,2014,13,420,1,0),(7245,2014,13,572,1,0),(7246,2014,13,463,1,0),(7247,2014,13,508,1,0),(7248,2014,13,207,5,0),(7249,2014,13,665,1,0),(7250,2014,13,526,1,0),(7251,2014,13,284,1,0),(7252,2014,13,700,1,0),(7253,2014,13,428,1,0),(7254,2014,8,247,10,0),(7255,2014,8,392,10,0),(7256,2014,8,573,10,0),(7257,2014,8,312,10,0),(7258,2014,8,416,10,0),(7259,2014,8,280,10,0),(7260,2014,8,243,8,0),(7261,2014,8,452,10,0),(7262,2014,8,228,9,0),(7263,2014,8,453,7,0),(7264,2014,8,370,8,0),(7265,2014,8,496,7,0),(7266,2014,8,676,7,0),(7267,2014,8,435,7,0),(7268,2014,8,446,10,0),(7269,2014,8,381,1,0),(7270,2014,8,264,7,0),(7271,2014,8,347,7,0),(7272,2014,8,300,8,0),(7273,2014,8,346,3,0),(7274,2014,8,342,10,0),(7275,2014,8,423,7,0),(7276,2014,8,345,7,0),(7278,2014,8,515,1,0),(7279,2014,8,408,2,0),(7280,2014,8,341,2,0),(7281,2014,8,479,9,0),(7282,2014,8,510,9,0),(7283,2014,8,343,4,0),(7285,2014,8,447,1,0),(7287,2014,8,642,9,0),(7288,2014,8,375,8,0),(7289,2014,8,278,5,0),(7290,2014,8,325,2,0),(7292,2014,8,365,1,0),(7294,2014,8,531,10,0),(7295,2014,8,326,10,0),(7296,2014,8,382,9,0),(7297,2014,8,314,8,0),(7298,2014,8,458,7,0),(7299,2014,8,289,5,0),(7300,2014,8,464,8,0),(7301,2014,8,559,6,0),(7302,2014,8,270,6,0),(7303,2014,8,393,6,0),(7304,2014,8,465,3,0),(7305,2014,8,518,5,0),(7306,2014,8,210,6,0),(7307,2014,8,321,9,0),(7308,2014,8,396,4,0),(7309,2014,8,671,10,0),(7310,2014,8,327,4,0),(7311,2014,8,315,10,0),(7312,2014,8,260,4,0),(7313,2014,8,207,5,0),(7314,2014,8,653,4,0),(7315,2014,8,249,3,0),(7316,2014,8,335,1,0),(7317,2014,8,474,6,0),(7318,2014,8,378,1,0),(7319,2014,8,539,9,0),(7321,2014,8,273,5,0),(7322,2014,8,275,2,0),(7323,2014,8,469,6,0),(7324,2014,8,211,3,0),(7326,2014,8,227,8,0),(7327,2014,8,665,2,0),(7328,2014,8,526,9,0),(7329,2014,8,678,9,0),(7330,2014,8,522,5,0),(7331,2014,8,222,10,0),(7332,2014,8,412,9,0),(7333,2014,8,268,6,0),(7334,2014,8,271,2,0),(7335,2014,8,376,3,0),(7336,2014,8,388,6,0),(7337,2014,8,547,4,0),(7338,2014,8,219,7,0),(7339,2014,8,316,7,0),(7340,2014,8,424,6,0),(7341,2014,8,575,8,0),(7342,2014,8,541,5,0),(7343,2014,8,493,5,0),(7344,2014,8,487,4,0),(7345,2014,8,516,4,0),(7346,2014,8,354,3,0),(7347,2014,8,245,3,0),(7348,2014,8,509,3,0),(7349,2014,8,246,3,0),(7350,2014,8,533,3,0),(7351,2014,8,385,3,0),(7352,2014,8,262,2,0),(7353,2014,8,428,3,0),(7354,2014,8,366,2,0),(7355,2014,8,395,2,0),(7356,2014,8,334,2,0),(7357,2014,8,572,5,0),(7358,2014,8,239,2,0),(7359,2014,8,438,2,0),(7360,2014,8,686,2,0),(7361,2014,8,234,1,0),(7362,2014,8,374,1,0),(7363,2014,8,441,1,0),(7364,2014,8,601,1,0),(7365,2014,8,237,9,0),(7366,2014,8,320,2,0),(7368,2014,8,482,6,0),(7369,2014,8,475,5,0),(7370,2014,8,277,6,0),(7371,2014,8,253,8,0),(7372,2014,8,613,6,0),(7373,2014,8,599,7,0),(7374,2014,8,614,4,0),(7375,2014,8,241,1,0),(7376,2014,16,458,7,0),(7377,2014,16,541,2,0),(7378,2014,16,599,5,0),(7379,2014,16,277,5,0),(7380,2014,16,321,8,0),(7382,2014,16,614,3,0),(7383,2014,16,385,2,0),(7384,2014,16,246,6,0),(7385,2014,16,493,6,0),(7386,2014,16,395,4,0),(7387,2014,16,455,5,0),(7388,2014,16,443,5,0),(7389,2014,16,309,3,0),(7390,2014,16,268,4,0),(7391,2014,16,315,9,0),(7392,2014,16,260,6,0),(7393,2014,16,207,4,0),(7394,2014,16,653,2,0),(7395,2014,16,234,3,0),(7396,2014,16,374,2,0),(7397,2014,16,250,5,0),(7398,2014,16,479,9,0),(7399,2014,16,510,8,0),(7400,2014,16,469,9,0),(7401,2014,16,659,1,0),(7403,2014,16,672,3,0),(7404,2014,16,325,2,0),(7405,2014,16,365,2,0),(7406,2014,16,464,8,0),(7407,2014,16,210,3,0),(7408,2014,16,498,6,0),(7409,2014,16,227,4,0),(7410,2014,16,219,4,0),(7411,2014,16,547,5,0),(7412,2014,16,322,2,0),(7413,2014,16,354,6,0),(7414,2014,16,663,4,0),(7415,2014,16,289,7,0),(7416,2014,16,270,2,0),(7417,2014,16,610,3,0),(7418,2014,16,472,2,0),(7419,2014,16,465,3,0),(7421,2014,16,222,8,0),(7422,2014,16,518,4,0),(7423,2014,16,302,3,0),(7425,2014,16,616,3,0),(7426,2014,16,613,1,0),(7427,2014,16,475,1,0),(7428,2014,16,396,1,0),(7429,2014,16,235,2,0),(7430,2014,16,360,1,0),(7432,2014,16,509,1,0),(7433,2014,16,533,3,0),(7434,2014,16,526,7,0),(7435,2014,16,262,2,0),(7436,2014,16,253,6,0),(7438,2014,16,259,1,0),(7439,2014,16,241,4,0),(7442,2014,16,654,1,0),(7443,2014,16,670,1,0),(7444,2014,16,664,1,0),(7446,2014,16,211,2,0),(7447,2014,16,278,1,0),(7448,2014,16,660,4,0),(7449,2014,16,357,2,0),(7450,2014,16,522,3,0),(7451,2014,9,518,6,0),(7452,2014,9,498,7,0),(7453,2014,9,482,7,0),(7454,2014,9,547,3,0),(7455,2014,9,219,6,0),(7456,2014,9,322,4,0),(7457,2014,9,354,5,0),(7458,2014,9,316,6,0),(7459,2014,9,424,7,0),(7460,2014,9,382,8,0),(7461,2014,9,270,1,0),(7462,2014,9,558,6,0),(7463,2014,9,610,3,0),(7464,2014,9,472,1,0),(7465,2014,9,663,1,0),(7466,2014,9,393,6,0),(7467,2014,9,465,2,0),(7468,2014,9,458,6,0),(7469,2014,9,289,3,0),(7470,2014,9,464,8,0),(7471,2014,9,274,3,0),(7472,2014,9,616,2,0),(7473,2014,9,613,2,0),(7474,2014,9,227,4,0),(7475,2014,9,541,3,0),(7476,2014,9,277,5,0),(7478,2014,9,507,1,0),(7484,2014,9,246,4,0),(7485,2014,9,533,3,0),(7486,2014,9,449,2,0),(7487,2014,9,395,2,0),(7488,2014,9,210,3,0),(7489,2014,9,360,4,0),(7490,2014,9,334,3,0),(7492,2014,9,369,2,0),(7493,2014,9,420,2,0),(7495,2014,9,262,6,0),(7496,2014,9,665,1,0),(7498,2014,9,253,5,0),(7501,2014,9,678,4,0),(7507,2014,9,522,3,0),(7509,2014,9,455,2,0),(7510,2014,9,357,1,0),(7515,2014,9,443,2,0),(7521,2014,9,487,1,0),(7522,2014,9,412,5,0),(7523,2014,9,268,4,0),(7528,2014,9,585,2,0),(7529,2014,9,259,5,0),(7530,2014,9,241,4,0),(7531,2014,9,275,4,0),(7532,2014,9,211,2,0),(7533,2014,9,635,1,0),(7535,2014,9,237,10,0),(7536,2014,9,639,3,0),(7537,2014,9,687,4,0),(7538,2014,9,273,2,0),(7539,2014,9,438,1,0),(7540,2014,9,592,2,0),(7541,2014,9,250,5,0),(7542,2014,9,451,1,0),(7543,2014,9,695,2,0),(7544,2014,9,207,1,0),(7545,2014,8,558,7,0),(7546,2014,7,241,3,0),(7547,2014,8,250,1,0),(7548,2014,1,380,10,0),(7549,2014,1,247,10,0),(7550,2014,1,573,9,0),(7551,2014,1,501,10,0),(7552,2014,1,356,9,0),(7553,2014,1,416,10,0),(7554,2014,1,452,10,0),(7555,2014,1,496,9,0),(7556,2014,1,505,9,0),(7557,2014,1,300,9,0),(7558,2014,1,423,9,0),(7559,2014,1,393,9,0),(7560,2014,1,518,9,0),(7561,2014,1,253,8,0),(7562,2014,1,526,8,0),(7563,2014,1,550,8,0),(7564,2014,1,412,8,0),(7565,2014,1,474,8,0),(7566,2014,1,446,7,0),(7567,2014,1,346,7,0),(7568,2014,1,575,7,0),(7569,2014,1,314,6,0),(7570,2014,1,289,6,0),(7571,2014,1,302,7,0),(7572,2014,1,498,7,0),(7573,2014,1,309,6,0),(7574,2014,1,345,6,0),(7575,2014,1,322,4,0),(7576,2014,1,558,4,0),(7577,2014,1,315,7,0),(7578,2014,1,469,7,0),(7579,2014,1,616,5,0),(7580,2014,1,227,5,0),(7581,2014,1,533,5,0),(7582,2014,1,327,5,0),(7583,2014,1,274,4,0),(7584,2014,1,277,3,0),(7585,2014,1,396,3,0),(7586,2014,1,509,3,0),(7587,2014,1,449,2,0),(7588,2014,1,602,2,0),(7589,2014,1,262,2,0),(7590,2014,1,354,3,0),(7591,2014,1,270,2,0),(7592,2014,1,210,3,0),(7593,2014,1,665,3,0),(7594,2014,1,599,3,0),(7595,2014,1,475,3,0),(7596,2014,1,245,1,0),(7597,2014,1,334,2,0),(7598,2014,1,428,2,0),(7599,2014,1,595,1,0),(7600,2014,1,284,1,0),(7602,2014,1,363,1,0),(7792,2014,1,392,10,0),(7793,2014,1,312,10,0),(7794,2014,1,254,10,0),(7795,2014,1,228,9,0),(7796,2014,1,453,8,0),(7797,2014,1,381,10,0),(7798,2014,1,347,8,0),(7799,2014,1,388,8,0),(7800,2014,1,531,10,0),(7801,2014,1,326,10,0),(7802,2014,1,316,10,0),(7803,2014,1,424,9,0),(7804,2014,1,321,8,0),(7805,2014,1,246,8,0),(7806,2014,1,493,7,0),(7808,2014,1,222,7,0),(7809,2014,1,241,7,0),(7810,2014,1,539,7,0),(7811,2014,1,642,7,0),(7812,2014,1,237,7,0),(7813,2014,1,239,6,0),(7814,2014,1,671,5,0),(7815,2014,1,613,1,0),(7816,2014,1,369,1,0),(7817,2014,1,214,1,0),(7818,2014,1,673,1,0),(7819,2014,1,653,1,0),(7820,2014,1,637,1,0),(7821,2014,1,320,1,0),(7822,2014,1,439,1,0),(7823,2014,1,507,2,0),(7824,2014,1,614,2,0),(7825,2014,1,385,2,0),(7826,2014,1,395,2,0),(7827,2014,1,261,2,0),(7828,2014,1,572,2,0),(7829,2014,1,450,2,0),(7830,2014,1,438,3,0),(7831,2014,1,259,2,0),(7832,2014,1,420,3,0),(7833,2014,1,482,4,0),(7834,2014,1,559,4,0),(7835,2014,1,382,4,0),(7836,2014,1,663,3,0),(7837,2014,1,472,3,0),(7838,2014,1,465,4,0),(7839,2014,1,458,4,0),(7840,2014,1,207,4,0),(7841,2014,1,435,4,0),(7842,2014,1,219,5,0),(7843,2014,1,541,5,0),(7844,2014,1,463,5,0),(7845,2014,1,510,5,0),(7846,2014,1,278,5,0),(7847,2014,1,360,6,0),(7848,2014,1,455,6,0),(7849,2014,1,268,6,0),(7850,2014,1,343,6,0),(7851,2014,1,264,6,0),(7852,2014,1,357,6,0),(7853,2014,1,375,6,0),(7855,2015,15,278,10,1),(7856,2015,6,278,10,1),(7857,2015,4,278,10,1),(7858,2015,1,278,10,1),(7859,2015,10,278,10,1),(7860,2015,7,278,10,1),(7861,2015,9,278,10,1),(7862,2015,5,278,10,1),(7863,2015,16,278,10,1),(7864,2015,2,278,10,1),(7865,2015,8,278,10,1),(7866,2015,3,278,10,1),(7867,2015,11,278,10,1),(7868,2015,14,278,10,1),(7869,2015,12,278,10,1),(7870,2015,15,235,10,1),(7871,2015,6,235,10,1),(7872,2015,4,235,10,1),(7873,2015,10,235,10,1),(7874,2015,7,235,10,1),(7875,2015,9,235,10,1),(7876,2015,5,235,10,1),(7877,2015,16,235,10,1),(7878,2015,2,235,10,1),(7879,2015,8,235,10,1),(7880,2015,13,235,10,1),(7881,2015,3,235,10,1),(7882,2015,11,235,10,1),(7883,2015,14,235,10,1),(7884,2015,12,235,10,1),(7885,2015,15,206,10,1),(7886,2015,6,206,10,1),(7887,2015,4,206,10,1),(7888,2015,1,206,10,1),(7889,2015,10,206,10,1),(7890,2015,9,206,10,1),(7891,2015,5,206,10,1),(7892,2015,16,206,10,1),(7893,2015,2,206,10,1),(7894,2015,8,206,10,1),(7895,2015,13,206,10,1),(7896,2015,3,206,10,1),(7897,2015,11,206,10,1),(7898,2015,14,206,10,1),(7899,2015,12,206,10,1),(7900,2015,15,380,10,1),(7901,2015,6,380,10,1),(7902,2015,4,380,10,1),(7903,2015,1,380,10,1),(7904,2015,10,380,10,1),(7905,2015,7,380,10,1),(7906,2015,9,380,10,1),(7907,2015,16,380,10,1),(7908,2015,2,380,10,1),(7909,2015,8,380,10,1),(7910,2015,13,380,10,1),(7911,2015,3,380,10,1),(7912,2015,11,380,10,1),(7913,2015,14,380,10,1),(7914,2015,12,380,10,1),(7915,2015,15,247,10,1),(7916,2015,6,247,10,1),(7917,2015,4,247,10,1),(7918,2015,1,247,10,1),(7919,2015,10,247,10,1),(7920,2015,7,247,10,1),(7921,2015,9,247,10,1),(7922,2015,5,247,10,1),(7923,2015,2,247,10,1),(7924,2015,8,247,10,1),(7925,2015,13,247,10,1),(7926,2015,3,247,10,1),(7927,2015,11,247,10,1),(7928,2015,14,247,10,1),(7929,2015,12,247,10,1),(7930,2015,15,243,10,1),(7931,2015,6,243,10,1),(7932,2015,4,243,10,1),(7933,2015,10,243,10,1),(7934,2015,7,243,10,1),(7935,2015,9,243,10,1),(7936,2015,5,243,10,1),(7937,2015,16,243,10,1),(7938,2015,2,243,10,1),(7939,2015,8,243,10,1),(7940,2015,13,243,10,1),(7941,2015,3,243,10,1),(7942,2015,11,243,10,1),(7943,2015,14,243,10,1),(7944,2015,12,243,10,1),(7945,2015,15,321,9,1),(7946,2015,6,321,9,1),(7947,2015,4,321,9,1),(7948,2015,1,321,9,1),(7949,2015,10,321,9,1),(7950,2015,7,321,9,1),(7951,2015,9,321,9,1),(7952,2015,5,321,9,1),(7953,2015,16,321,9,1),(7954,2015,2,321,9,1),(7955,2015,8,321,9,1),(7956,2015,3,321,9,1),(7957,2015,11,321,9,1),(7958,2015,14,321,9,1),(7959,2015,12,321,9,1),(7960,2015,15,628,9,1),(7961,2015,4,628,9,1),(7962,2015,1,628,9,1),(7963,2015,10,628,9,1),(7964,2015,7,628,9,1),(7965,2015,9,628,9,1),(7966,2015,5,628,9,1),(7967,2015,16,628,9,1),(7968,2015,2,628,9,1),(7969,2015,8,628,9,1),(7970,2015,13,628,9,1),(7971,2015,3,628,9,1),(7972,2015,11,628,9,1),(7973,2015,14,628,9,1),(7974,2015,12,628,9,1),(7975,2015,15,416,9,1),(7976,2015,6,416,9,1),(7977,2015,4,416,9,1),(7978,2015,1,416,9,1),(7979,2015,7,416,9,1),(7980,2015,9,416,9,1),(7981,2015,5,416,9,1),(7982,2015,16,416,9,1),(7983,2015,2,416,9,1),(7984,2015,8,416,9,1),(7985,2015,13,416,9,1),(7986,2015,3,416,9,1),(7987,2015,11,416,9,1),(7988,2015,14,416,9,1),(7989,2015,12,416,9,1),(7990,2015,15,494,9,1),(7991,2015,6,494,9,1),(7992,2015,4,494,9,1),(7993,2015,1,494,9,1),(7994,2015,10,494,9,1),(7995,2015,9,494,9,1),(7996,2015,5,494,9,1),(7997,2015,16,494,9,1),(7998,2015,2,494,9,1),(7999,2015,8,494,9,1),(8000,2015,13,494,9,1),(8001,2015,3,494,9,1),(8002,2015,11,494,9,1),(8003,2015,14,494,9,1),(8004,2015,12,494,9,1),(8005,2015,15,495,9,1),(8006,2015,6,495,9,1),(8007,2015,4,495,9,1),(8008,2015,1,495,9,1),(8009,2015,10,495,9,1),(8010,2015,7,495,9,1),(8011,2015,9,495,9,1),(8012,2015,5,495,9,1),(8013,2015,16,495,9,1),(8014,2015,2,495,9,1),(8015,2015,8,495,9,1),(8016,2015,13,495,9,1),(8017,2015,3,495,9,1),(8018,2015,11,495,9,1),(8019,2015,12,495,9,1),(8020,2015,15,660,8,1),(8021,2015,6,660,8,1),(8022,2015,4,660,8,1),(8023,2015,1,660,8,1),(8024,2015,10,660,8,1),(8025,2015,9,660,8,1),(8026,2015,5,660,8,1),(8027,2015,16,660,8,1),(8028,2015,2,660,8,1),(8029,2015,8,660,8,1),(8030,2015,13,660,8,1),(8031,2015,3,660,8,1),(8032,2015,11,660,8,1),(8033,2015,14,660,8,1),(8034,2015,12,660,8,1),(8035,2015,15,641,8,1),(8036,2015,6,641,8,1),(8037,2015,4,641,8,1),(8038,2015,1,641,8,1),(8039,2015,10,641,8,1),(8040,2015,7,641,8,1),(8041,2015,9,641,8,1),(8042,2015,5,641,8,1),(8043,2015,16,641,8,1),(8044,2015,2,641,8,1),(8045,2015,8,641,8,1),(8046,2015,13,641,8,1),(8047,2015,11,641,8,1),(8048,2015,14,641,8,1),(8049,2015,12,641,8,1),(8050,2015,15,347,7,1),(8051,2015,6,347,7,1),(8052,2015,4,347,7,1),(8053,2015,1,347,7,1),(8054,2015,10,347,7,1),(8055,2015,7,347,7,1),(8056,2015,9,347,7,1),(8057,2015,5,347,7,1),(8058,2015,16,347,7,1),(8059,2015,2,347,7,1),(8060,2015,8,347,7,1),(8061,2015,13,347,7,1),(8062,2015,11,347,7,1),(8063,2015,14,347,7,1),(8064,2015,12,347,7,1),(8065,2015,15,228,7,1),(8066,2015,4,228,7,1),(8067,2015,1,228,7,1),(8068,2015,10,228,7,1),(8069,2015,7,228,7,1),(8070,2015,9,228,7,1),(8071,2015,5,228,7,1),(8072,2015,16,228,7,1),(8073,2015,2,228,7,1),(8074,2015,8,228,7,1),(8075,2015,13,228,7,1),(8076,2015,3,228,7,1),(8077,2015,11,228,7,1),(8078,2015,14,228,7,1),(8079,2015,12,228,7,1),(8080,2015,15,468,6,1),(8081,2015,6,468,6,1),(8082,2015,4,468,6,1),(8083,2015,1,468,6,1),(8084,2015,10,468,6,1),(8085,2015,7,468,6,1),(8086,2015,9,468,6,1),(8087,2015,5,468,6,1),(8088,2015,2,468,6,1),(8089,2015,8,468,6,1),(8090,2015,13,468,6,1),(8091,2015,3,468,6,1),(8092,2015,11,468,6,1),(8093,2015,14,468,6,1),(8094,2015,12,468,6,1),(8095,2015,15,305,5,1),(8096,2015,6,305,5,1),(8097,2015,4,305,5,1),(8098,2015,1,305,5,1),(8099,2015,10,305,5,1),(8100,2015,7,305,5,1),(8101,2015,9,305,5,1),(8102,2015,5,305,5,1),(8103,2015,16,305,5,1),(8104,2015,2,305,5,1),(8105,2015,8,305,5,1),(8106,2015,3,305,5,1),(8107,2015,11,305,5,1),(8108,2015,14,305,5,1),(8109,2015,12,305,5,1),(8110,2015,15,263,5,1),(8111,2015,6,263,5,1),(8112,2015,4,263,5,1),(8113,2015,1,263,5,1),(8114,2015,10,263,5,1),(8115,2015,7,263,5,1),(8116,2015,9,263,5,1),(8117,2015,5,263,5,1),(8118,2015,16,263,5,1),(8119,2015,2,263,5,1),(8120,2015,8,263,5,1),(8121,2015,13,263,5,1),(8122,2015,3,263,5,1),(8123,2015,11,263,5,1),(8124,2015,14,263,5,1),(8125,2015,15,503,5,1),(8126,2015,6,503,5,1),(8127,2015,4,503,5,1),(8128,2015,1,503,5,1),(8129,2015,10,503,5,1),(8130,2015,7,503,5,1),(8131,2015,9,503,5,1),(8132,2015,5,503,5,1),(8133,2015,16,503,5,1),(8134,2015,2,503,5,1),(8135,2015,8,503,5,1),(8136,2015,13,503,5,1),(8137,2015,3,503,5,1),(8138,2015,14,503,5,1),(8139,2015,12,503,5,1),(8140,2015,6,398,5,1),(8141,2015,4,398,5,1),(8142,2015,1,398,5,1),(8143,2015,10,398,5,1),(8144,2015,7,398,5,1),(8145,2015,9,398,5,1),(8146,2015,5,398,5,1),(8147,2015,16,398,5,1),(8148,2015,2,398,5,1),(8149,2015,8,398,5,1),(8150,2015,13,398,5,1),(8151,2015,3,398,5,1),(8152,2015,11,398,5,1),(8153,2015,14,398,5,1),(8154,2015,12,398,5,1),(8155,2015,15,620,4,1),(8156,2015,6,620,4,1),(8157,2015,4,620,4,1),(8158,2015,1,620,4,1),(8159,2015,10,620,4,1),(8160,2015,7,620,4,1),(8161,2015,9,620,4,1),(8162,2015,5,620,4,1),(8163,2015,16,620,4,1),(8164,2015,2,620,4,1),(8165,2015,8,620,4,1),(8166,2015,13,620,4,1),(8167,2015,3,620,4,1),(8168,2015,11,620,4,1),(8169,2015,12,620,4,1),(8170,2015,15,675,4,1),(8171,2015,6,675,4,1),(8172,2015,4,675,4,1),(8173,2015,1,675,4,1),(8174,2015,10,675,4,1),(8175,2015,7,675,4,1),(8176,2015,5,675,4,1),(8177,2015,16,675,4,1),(8178,2015,2,675,4,1),(8179,2015,8,675,4,1),(8180,2015,13,675,4,1),(8181,2015,3,675,4,1),(8182,2015,11,675,4,1),(8183,2015,14,675,4,1),(8184,2015,12,675,4,1),(8185,2015,15,543,4,1),(8186,2015,6,543,4,1),(8187,2015,1,543,4,1),(8188,2015,10,543,4,1),(8189,2015,7,543,4,1),(8190,2015,9,543,4,1),(8191,2015,5,543,4,1),(8192,2015,16,543,4,1),(8193,2015,2,543,4,1),(8194,2015,8,543,4,1),(8195,2015,13,543,4,1),(8196,2015,3,543,4,1),(8197,2015,11,543,4,1),(8198,2015,14,543,4,1),(8199,2015,12,543,4,1),(8200,2015,15,268,3,1),(8201,2015,6,268,3,1),(8202,2015,4,268,3,1),(8203,2015,1,268,3,1),(8204,2015,10,268,3,1),(8205,2015,7,268,3,1),(8206,2015,9,268,3,1),(8207,2015,5,268,3,1),(8208,2015,16,268,3,1),(8209,2015,2,268,3,1),(8210,2015,8,268,3,1),(8211,2015,13,268,3,1),(8212,2015,11,268,3,1),(8213,2015,14,268,3,1),(8214,2015,12,268,3,1),(8215,2015,15,343,3,1),(8216,2015,6,343,3,1),(8217,2015,4,343,3,1),(8218,2015,1,343,3,1),(8219,2015,10,343,3,1),(8220,2015,7,343,3,1),(8221,2015,9,343,3,1),(8222,2015,16,343,3,1),(8223,2015,2,343,3,1),(8224,2015,8,343,3,1),(8225,2015,13,343,3,1),(8226,2015,3,343,3,1),(8227,2015,11,343,3,1),(8228,2015,14,343,3,1),(8229,2015,12,343,3,1),(8230,2015,15,441,3,1),(8231,2015,6,441,3,1),(8232,2015,1,441,3,1),(8233,2015,10,441,3,1),(8234,2015,7,441,3,1),(8235,2015,9,441,3,1),(8236,2015,5,441,3,1),(8237,2015,16,441,3,1),(8238,2015,2,441,3,1),(8239,2015,8,441,3,1),(8240,2015,13,441,3,1),(8241,2015,3,441,3,1),(8242,2015,11,441,3,1),(8243,2015,14,441,3,1),(8244,2015,12,441,3,1),(8245,2015,15,498,2,1),(8246,2015,6,498,2,1),(8247,2015,4,498,2,1),(8248,2015,1,498,2,1),(8249,2015,10,498,2,1),(8250,2015,7,498,2,1),(8251,2015,9,498,2,1),(8252,2015,5,498,2,1),(8253,2015,16,498,2,1),(8254,2015,2,498,2,1),(8255,2015,13,498,2,1),(8256,2015,3,498,2,1),(8257,2015,11,498,2,1),(8258,2015,14,498,2,1),(8259,2015,12,498,2,1),(8260,2015,15,311,2,1),(8261,2015,6,311,2,1),(8262,2015,4,311,2,1),(8263,2015,1,311,2,1),(8264,2015,10,311,2,1),(8265,2015,7,311,2,1),(8266,2015,9,311,2,1),(8267,2015,5,311,2,1),(8268,2015,16,311,2,1),(8269,2015,2,311,2,1),(8270,2015,8,311,2,1),(8271,2015,13,311,2,1),(8272,2015,3,311,2,1),(8273,2015,11,311,2,1),(8274,2015,12,311,2,1),(8275,2015,15,421,1,1),(8276,2015,6,421,1,1),(8277,2015,4,421,1,1),(8278,2015,1,421,1,1),(8279,2015,10,421,1,1),(8280,2015,7,421,1,1),(8281,2015,9,421,1,1),(8282,2015,5,421,1,1),(8283,2015,2,421,1,1),(8284,2015,8,421,1,1),(8285,2015,13,421,1,1),(8286,2015,3,421,1,1),(8287,2015,11,421,1,1),(8288,2015,14,421,1,1),(8289,2015,12,421,1,1),(8290,2015,15,638,1,1),(8291,2015,6,638,1,1),(8292,2015,4,638,1,1),(8293,2015,1,638,1,1),(8294,2015,10,638,1,1),(8295,2015,7,638,1,1),(8296,2015,9,638,1,1),(8297,2015,5,638,1,1),(8298,2015,16,638,1,1),(8299,2015,2,638,1,1),(8300,2015,13,638,1,1),(8301,2015,3,638,1,1),(8302,2015,11,638,1,1),(8303,2015,14,638,1,1),(8304,2015,12,638,1,1),(8305,2015,15,262,1,1),(8306,2015,6,262,1,1),(8307,2015,4,262,1,1),(8308,2015,1,262,1,1),(8309,2015,10,262,1,1),(8310,2015,7,262,1,1),(8311,2015,5,262,1,1),(8312,2015,16,262,1,1),(8313,2015,2,262,1,1),(8314,2015,8,262,1,1),(8315,2015,13,262,1,1),(8316,2015,3,262,1,1),(8317,2015,11,262,1,1),(8318,2015,14,262,1,1),(8319,2015,12,262,1,1),(8320,2015,15,286,1,1),(8321,2015,6,286,1,1),(8322,2015,4,286,1,1),(8323,2015,1,286,1,1),(8324,2015,10,286,1,1),(8325,2015,7,286,1,1),(8326,2015,9,286,1,1),(8327,2015,5,286,1,1),(8328,2015,16,286,1,1),(8329,2015,8,286,1,1),(8330,2015,13,286,1,1),(8331,2015,3,286,1,1),(8332,2015,11,286,1,1),(8333,2015,14,286,1,1),(8334,2015,12,286,1,1),(8335,2015,15,328,1,1),(8336,2015,6,328,1,1),(8337,2015,4,328,1,1),(8338,2015,1,328,1,1),(8339,2015,10,328,1,1),(8340,2015,9,328,1,1),(8341,2015,5,328,1,1),(8342,2015,16,328,1,1),(8343,2015,2,328,1,1),(8344,2015,8,328,1,1),(8345,2015,13,328,1,1),(8346,2015,3,328,1,1),(8347,2015,11,328,1,1),(8348,2015,14,328,1,1),(8349,2015,12,328,1,1),(8350,2015,15,455,0,1),(8351,2015,6,455,0,1),(8352,2015,4,455,0,1),(8353,2015,1,455,0,1),(8354,2015,10,455,0,1),(8355,2015,7,455,0,1),(8356,2015,9,455,0,1),(8357,2015,5,455,0,1),(8358,2015,16,455,0,1),(8359,2015,2,455,0,1),(8360,2015,8,455,0,1),(8361,2015,3,455,0,1),(8362,2015,11,455,0,1),(8363,2015,14,455,0,1),(8364,2015,12,455,0,1),(8365,2015,15,209,0,1),(8366,2015,6,209,0,1),(8367,2015,4,209,0,1),(8368,2015,1,209,0,1),(8369,2015,10,209,0,1),(8370,2015,7,209,0,1),(8371,2015,5,209,0,1),(8372,2015,16,209,0,1),(8373,2015,2,209,0,1),(8374,2015,8,209,0,1),(8375,2015,13,209,0,1),(8376,2015,3,209,0,1),(8377,2015,11,209,0,1),(8378,2015,14,209,0,1),(8379,2015,12,209,0,1),(8380,2015,15,237,0,1),(8381,2015,4,237,0,1),(8382,2015,1,237,0,1),(8383,2015,10,237,0,1),(8384,2015,7,237,0,1),(8385,2015,9,237,0,1),(8386,2015,5,237,0,1),(8387,2015,16,237,0,1),(8388,2015,2,237,0,1),(8389,2015,8,237,0,1),(8390,2015,13,237,0,1),(8391,2015,3,237,0,1),(8392,2015,11,237,0,1),(8393,2015,14,237,0,1),(8394,2015,12,237,0,1),(8395,2015,15,474,0,1),(8396,2015,4,474,0,1),(8397,2015,1,474,0,1),(8398,2015,10,474,0,1),(8399,2015,7,474,0,1),(8400,2015,9,474,0,1),(8401,2015,5,474,0,1),(8402,2015,16,474,0,1),(8403,2015,2,474,0,1),(8404,2015,8,474,0,1),(8405,2015,13,474,0,1),(8406,2015,3,474,0,1),(8407,2015,11,474,0,1),(8408,2015,14,474,0,1),(8409,2015,12,474,0,1),(8410,2015,15,406,0,1),(8411,2015,6,406,0,1),(8412,2015,4,406,0,1),(8413,2015,1,406,0,1),(8414,2015,10,406,0,1),(8415,2015,7,406,0,1),(8416,2015,9,406,0,1),(8417,2015,5,406,0,1),(8418,2015,16,406,0,1),(8419,2015,2,406,0,1),(8420,2015,8,406,0,1),(8421,2015,13,406,0,1),(8422,2015,11,406,0,1),(8423,2015,14,406,0,1),(8424,2015,12,406,0,1),(8425,2015,15,312,0,1),(8426,2015,6,312,0,1),(8427,2015,4,312,0,1),(8428,2015,1,312,0,1),(8429,2015,10,312,0,1),(8430,2015,7,312,0,1),(8431,2015,9,312,0,1),(8432,2015,5,312,0,1),(8433,2015,16,312,0,1),(8434,2015,2,312,0,1),(8435,2015,8,312,0,1),(8436,2015,3,312,0,1),(8437,2015,11,312,0,1),(8438,2015,14,312,0,1),(8439,2015,12,312,0,1),(8440,2015,15,608,0,1),(8441,2015,6,608,0,1),(8442,2015,4,608,0,1),(8443,2015,1,608,0,1),(8444,2015,10,608,0,1),(8445,2015,7,608,0,1),(8446,2015,9,608,0,1),(8447,2015,5,608,0,1),(8448,2015,16,608,0,1),(8449,2015,2,608,0,1),(8450,2015,8,608,0,1),(8451,2015,13,608,0,1),(8452,2015,3,608,0,1),(8453,2015,14,608,0,1),(8454,2015,12,608,0,1),(8455,2015,15,259,0,1),(8456,2015,6,259,0,1),(8457,2015,4,259,0,1),(8458,2015,1,259,0,1),(8459,2015,10,259,0,1),(8460,2015,7,259,0,1),(8461,2015,9,259,0,1),(8462,2015,5,259,0,1),(8463,2015,16,259,0,1),(8464,2015,2,259,0,1),(8465,2015,13,259,0,1),(8466,2015,3,259,0,1),(8467,2015,11,259,0,1),(8468,2015,14,259,0,1),(8469,2015,12,259,0,1),(8470,2015,6,646,0,1),(8471,2015,4,646,0,1),(8472,2015,1,646,0,1),(8473,2015,10,646,0,1),(8474,2015,7,646,0,1),(8475,2015,9,646,0,1),(8476,2015,5,646,0,1),(8477,2015,16,646,0,1),(8478,2015,2,646,0,1),(8479,2015,8,646,0,1),(8480,2015,13,646,0,1),(8481,2015,3,646,0,1),(8482,2015,11,646,0,1),(8483,2015,14,646,0,1),(8484,2015,12,646,0,1),(8485,2015,15,246,0,1),(8486,2015,6,246,0,1),(8487,2015,4,246,0,1),(8488,2015,1,246,0,1),(8489,2015,10,246,0,1),(8490,2015,7,246,0,1),(8491,2015,9,246,0,1),(8492,2015,5,246,0,1),(8493,2015,16,246,0,1),(8494,2015,2,246,0,1),(8495,2015,8,246,0,1),(8496,2015,13,246,0,1),(8497,2015,3,246,0,1),(8498,2015,14,246,0,1),(8499,2015,12,246,0,1),(8500,2015,15,212,0,1),(8501,2015,4,212,0,1),(8502,2015,1,212,0,1),(8503,2015,10,212,0,1),(8504,2015,7,212,0,1),(8505,2015,9,212,0,1),(8506,2015,5,212,0,1),(8507,2015,16,212,0,1),(8508,2015,2,212,0,1),(8509,2015,8,212,0,1),(8510,2015,13,212,0,1),(8511,2015,3,212,0,1),(8512,2015,11,212,0,1),(8513,2015,14,212,0,1),(8514,2015,12,212,0,1),(8515,2015,15,269,0,1),(8516,2015,6,269,0,1),(8517,2015,4,269,0,1),(8518,2015,1,269,0,1),(8519,2015,10,269,0,1),(8520,2015,7,269,0,1),(8521,2015,5,269,0,1),(8522,2015,16,269,0,1),(8523,2015,2,269,0,1),(8524,2015,8,269,0,1),(8525,2015,13,269,0,1),(8526,2015,3,269,0,1),(8527,2015,11,269,0,1),(8528,2015,14,269,0,1),(8529,2015,12,269,0,1),(8530,2015,15,747,0,1),(8531,2015,6,747,0,1),(8532,2015,4,747,0,1),(8533,2015,10,747,0,1),(8534,2015,7,747,0,1),(8535,2015,9,747,0,1),(8536,2015,5,747,0,1),(8537,2015,16,747,0,1),(8538,2015,2,747,0,1),(8539,2015,8,747,0,1),(8540,2015,13,747,0,1),(8541,2015,3,747,0,1),(8542,2015,11,747,0,1),(8543,2015,14,747,0,1),(8544,2015,12,747,0,1),(8545,2015,6,349,0,1),(8546,2015,4,349,0,1),(8547,2015,1,349,0,1),(8548,2015,10,349,0,1),(8549,2015,7,349,0,1),(8550,2015,9,349,0,1),(8551,2015,5,349,0,1),(8552,2015,16,349,0,1),(8553,2015,2,349,0,1),(8554,2015,8,349,0,1),(8555,2015,13,349,0,1),(8556,2015,3,349,0,1),(8557,2015,11,349,0,1),(8558,2015,14,349,0,1),(8559,2015,12,349,0,1),(8560,2015,15,412,0,1),(8561,2015,6,412,0,1),(8562,2015,4,412,0,1),(8563,2015,1,412,0,1),(8564,2015,10,412,0,1),(8565,2015,7,412,0,1),(8566,2015,9,412,0,1),(8567,2015,5,412,0,1),(8568,2015,16,412,0,1),(8569,2015,8,412,0,1),(8570,2015,13,412,0,1),(8571,2015,3,412,0,1),(8572,2015,11,412,0,1),(8573,2015,14,412,0,1),(8574,2015,12,412,0,1),(8575,2015,15,219,0,1),(8576,2015,4,219,0,1),(8577,2015,1,219,0,1),(8578,2015,10,219,0,1),(8579,2015,7,219,0,1),(8580,2015,9,219,0,1),(8581,2015,5,219,0,1),(8582,2015,16,219,0,1),(8583,2015,2,219,0,1),(8584,2015,8,219,0,1),(8585,2015,13,219,0,1),(8586,2015,3,219,0,1),(8587,2015,11,219,0,1),(8588,2015,14,219,0,1),(8589,2015,12,219,0,1),(8590,2015,15,626,0,1),(8591,2015,6,626,0,1),(8592,2015,1,626,0,1),(8593,2015,10,626,0,1),(8594,2015,7,626,0,1),(8595,2015,9,626,0,1),(8596,2015,5,626,0,1),(8597,2015,16,626,0,1),(8598,2015,2,626,0,1),(8599,2015,8,626,0,1),(8600,2015,13,626,0,1),(8601,2015,3,626,0,1),(8602,2015,11,626,0,1),(8603,2015,14,626,0,1),(8604,2015,12,626,0,1),(8605,2015,15,221,0,1),(8606,2015,6,221,0,1),(8607,2015,4,221,0,1),(8608,2015,1,221,0,1),(8609,2015,10,221,0,1),(8610,2015,7,221,0,1),(8611,2015,9,221,0,1),(8612,2015,5,221,0,1),(8613,2015,16,221,0,1),(8614,2015,2,221,0,1),(8615,2015,8,221,0,1),(8616,2015,13,221,0,1),(8617,2015,3,221,0,1),(8618,2015,14,221,0,1),(8619,2015,12,221,0,1),(8620,2015,15,621,0,1),(8621,2015,6,621,0,1),(8622,2015,4,621,0,1),(8623,2015,1,621,0,1),(8624,2015,10,621,0,1),(8625,2015,7,621,0,1),(8626,2015,9,621,0,1),(8627,2015,5,621,0,1),(8628,2015,16,621,0,1),(8629,2015,2,621,0,1),(8630,2015,8,621,0,1),(8631,2015,13,621,0,1),(8632,2015,3,621,0,1),(8633,2015,14,621,0,1),(8634,2015,12,621,0,1),(8635,2015,6,647,0,1),(8636,2015,4,647,0,1),(8637,2015,1,647,0,1),(8638,2015,10,647,0,1),(8639,2015,7,647,0,1),(8640,2015,9,647,0,1),(8641,2015,5,647,0,1),(8642,2015,16,647,0,1),(8643,2015,2,647,0,1),(8644,2015,8,647,0,1),(8645,2015,13,647,0,1),(8646,2015,3,647,0,1),(8647,2015,11,647,0,1),(8648,2015,14,647,0,1),(8649,2015,12,647,0,1),(8650,2015,15,489,0,1),(8651,2015,6,489,0,1),(8652,2015,4,489,0,1),(8653,2015,1,489,0,1),(8654,2015,10,489,0,1),(8655,2015,7,489,0,1),(8656,2015,9,489,0,1),(8657,2015,16,489,0,1),(8658,2015,2,489,0,1),(8659,2015,8,489,0,1),(8660,2015,13,489,0,1),(8661,2015,3,489,0,1),(8662,2015,11,489,0,1),(8663,2015,14,489,0,1),(8664,2015,12,489,0,1),(8665,2015,15,282,0,1),(8666,2015,6,282,0,1),(8667,2015,4,282,0,1),(8668,2015,1,282,0,1),(8669,2015,10,282,0,1),(8670,2015,7,282,0,1),(8671,2015,9,282,0,1),(8672,2015,5,282,0,1),(8673,2015,16,282,0,1),(8674,2015,2,282,0,1),(8675,2015,13,282,0,1),(8676,2015,3,282,0,1),(8677,2015,11,282,0,1),(8678,2015,14,282,0,1),(8679,2015,12,282,0,1),(8680,2015,15,279,0,1),(8681,2015,6,279,0,1),(8682,2015,4,279,0,1),(8683,2015,1,279,0,1),(8684,2015,10,279,0,1),(8685,2015,7,279,0,1),(8686,2015,9,279,0,1),(8687,2015,5,279,0,1),(8688,2015,16,279,0,1),(8689,2015,2,279,0,1),(8690,2015,8,279,0,1),(8691,2015,13,279,0,1),(8692,2015,3,279,0,1),(8693,2015,14,279,0,1),(8694,2015,12,279,0,1),(8695,2015,15,642,0,1),(8696,2015,6,642,0,1),(8697,2015,4,642,0,1),(8698,2015,1,642,0,1),(8699,2015,10,642,0,1),(8700,2015,7,642,0,1),(8701,2015,9,642,0,1),(8702,2015,5,642,0,1),(8703,2015,16,642,0,1),(8704,2015,2,642,0,1),(8705,2015,8,642,0,1),(8706,2015,13,642,0,1),(8707,2015,11,642,0,1),(8708,2015,14,642,0,1),(8709,2015,12,642,0,1),(8710,2015,15,234,0,1),(8711,2015,6,234,0,1),(8712,2015,4,234,0,1),(8713,2015,1,234,0,1),(8714,2015,10,234,0,1),(8715,2015,7,234,0,1),(8716,2015,9,234,0,1),(8717,2015,5,234,0,1),(8718,2015,16,234,0,1),(8719,2015,2,234,0,1),(8720,2015,8,234,0,1),(8721,2015,13,234,0,1),(8722,2015,3,234,0,1),(8723,2015,14,234,0,1),(8724,2015,12,234,0,1),(8725,2015,6,687,0,1),(8726,2015,4,687,0,1),(8727,2015,1,687,0,1),(8728,2015,10,687,0,1),(8729,2015,7,687,0,1),(8730,2015,9,687,0,1),(8731,2015,5,687,0,1),(8732,2015,16,687,0,1),(8733,2015,2,687,0,1),(8734,2015,8,687,0,1),(8735,2015,13,687,0,1),(8736,2015,3,687,0,1),(8737,2015,11,687,0,1),(8738,2015,14,687,0,1),(8739,2015,12,687,0,1),(8740,2015,15,324,0,1),(8741,2015,6,324,0,1),(8742,2015,4,324,0,1),(8743,2015,1,324,0,1),(8744,2015,10,324,0,1),(8745,2015,7,324,0,1),(8746,2015,9,324,0,1),(8747,2015,5,324,0,1),(8748,2015,16,324,0,1),(8749,2015,2,324,0,1),(8750,2015,8,324,0,1),(8751,2015,13,324,0,1),(8752,2015,3,324,0,1),(8753,2015,14,324,0,1),(8754,2015,12,324,0,1),(8755,2015,15,722,0,1),(8756,2015,4,722,0,1),(8757,2015,1,722,0,1),(8758,2015,10,722,0,1),(8759,2015,7,722,0,1),(8760,2015,9,722,0,1),(8761,2015,5,722,0,1),(8762,2015,16,722,0,1),(8763,2015,2,722,0,1),(8764,2015,8,722,0,1),(8765,2015,13,722,0,1),(8766,2015,3,722,0,1),(8767,2015,11,722,0,1),(8768,2015,14,722,0,1),(8769,2015,12,722,0,1),(8770,2015,15,336,0,1),(8771,2015,6,336,0,1),(8772,2015,4,336,0,1),(8773,2015,1,336,0,1),(8774,2015,10,336,0,1),(8775,2015,7,336,0,1),(8776,2015,9,336,0,1),(8777,2015,5,336,0,1),(8778,2015,16,336,0,1),(8779,2015,8,336,0,1),(8780,2015,13,336,0,1),(8781,2015,3,336,0,1),(8782,2015,11,336,0,1),(8783,2015,14,336,0,1),(8784,2015,12,336,0,1),(8785,2015,15,402,0,1),(8786,2015,6,402,0,1),(8787,2015,4,402,0,1),(8788,2015,10,402,0,1),(8789,2015,7,402,0,1),(8790,2015,9,402,0,1),(8791,2015,5,402,0,1),(8792,2015,16,402,0,1),(8793,2015,2,402,0,1),(8794,2015,8,402,0,1),(8795,2015,13,402,0,1),(8796,2015,3,402,0,1),(8797,2015,11,402,0,1),(8798,2015,14,402,0,1),(8799,2015,12,402,0,1),(8800,2015,15,631,0,1),(8801,2015,6,631,0,1),(8802,2015,4,631,0,1),(8803,2015,1,631,0,1),(8804,2015,10,631,0,1),(8805,2015,7,631,0,1),(8806,2015,5,631,0,1),(8807,2015,16,631,0,1),(8808,2015,2,631,0,1),(8809,2015,8,631,0,1),(8810,2015,13,631,0,1),(8811,2015,3,631,0,1),(8812,2015,11,631,0,1),(8813,2015,14,631,0,1),(8814,2015,12,631,0,1),(8815,2015,15,250,0,1),(8816,2015,6,250,0,1),(8817,2015,4,250,0,1),(8818,2015,1,250,0,1),(8819,2015,10,250,0,1),(8820,2015,7,250,0,1),(8821,2015,9,250,0,1),(8822,2015,5,250,0,1),(8823,2015,16,250,0,1),(8824,2015,2,250,0,1),(8825,2015,8,250,0,1),(8826,2015,3,250,0,1),(8827,2015,11,250,0,1),(8828,2015,14,250,0,1),(8829,2015,12,250,0,1),(8830,2015,15,437,0,1),(8831,2015,6,437,0,1),(8832,2015,4,437,0,1),(8833,2015,1,437,0,1),(8834,2015,10,437,0,1),(8835,2015,7,437,0,1),(8836,2015,9,437,0,1),(8837,2015,5,437,0,1),(8838,2015,2,437,0,1),(8839,2015,8,437,0,1),(8840,2015,13,437,0,1),(8841,2015,3,437,0,1),(8842,2015,11,437,0,1),(8843,2015,14,437,0,1),(8844,2015,12,437,0,1),(8845,2015,15,315,0,1),(8846,2015,6,315,0,1),(8847,2015,4,315,0,1),(8848,2015,1,315,0,1),(8849,2015,10,315,0,1),(8850,2015,7,315,0,1),(8851,2015,9,315,0,1),(8852,2015,5,315,0,1),(8853,2015,2,315,0,1),(8854,2015,8,315,0,1),(8855,2015,13,315,0,1),(8856,2015,3,315,0,1),(8857,2015,11,315,0,1),(8858,2015,14,315,0,1),(8859,2015,12,315,0,1),(8860,2015,15,725,0,1),(8861,2015,6,725,0,1),(8862,2015,4,725,0,1),(8863,2015,1,725,0,1),(8864,2015,10,725,0,1),(8865,2015,7,725,0,1),(8866,2015,9,725,0,1),(8867,2015,5,725,0,1),(8868,2015,16,725,0,1),(8869,2015,2,725,0,1),(8870,2015,8,725,0,1),(8871,2015,13,725,0,1),(8872,2015,3,725,0,1),(8873,2015,14,725,0,1),(8874,2015,12,725,0,1),(8875,2015,15,624,0,1),(8876,2015,6,624,0,1),(8877,2015,4,624,0,1),(8878,2015,1,624,0,1),(8879,2015,10,624,0,1),(8880,2015,7,624,0,1),(8881,2015,9,624,0,1),(8882,2015,16,624,0,1),(8883,2015,2,624,0,1),(8884,2015,8,624,0,1),(8885,2015,13,624,0,1),(8886,2015,3,624,0,1),(8887,2015,11,624,0,1),(8888,2015,14,624,0,1),(8889,2015,12,624,0,1),(8890,2015,15,622,0,1),(8891,2015,6,622,0,1),(8892,2015,4,622,0,1),(8893,2015,1,622,0,1),(8894,2015,10,622,0,1),(8895,2015,7,622,0,1),(8896,2015,9,622,0,1),(8897,2015,16,622,0,1),(8898,2015,2,622,0,1),(8899,2015,8,622,0,1),(8900,2015,13,622,0,1),(8901,2015,3,622,0,1),(8902,2015,11,622,0,1),(8903,2015,14,622,0,1),(8904,2015,12,622,0,1),(8905,2015,15,668,0,1),(8906,2015,6,668,0,1),(8907,2015,4,668,0,1),(8908,2015,1,668,0,1),(8909,2015,10,668,0,1),(8910,2015,7,668,0,1),(8911,2015,5,668,0,1),(8912,2015,16,668,0,1),(8913,2015,2,668,0,1),(8914,2015,8,668,0,1),(8915,2015,13,668,0,1),(8916,2015,3,668,0,1),(8917,2015,11,668,0,1),(8918,2015,14,668,0,1),(8919,2015,12,668,0,1),(8920,2015,15,544,0,1),(8921,2015,6,544,0,1),(8922,2015,1,544,0,1),(8923,2015,10,544,0,1),(8924,2015,7,544,0,1),(8925,2015,9,544,0,1),(8926,2015,5,544,0,1),(8927,2015,16,544,0,1),(8928,2015,2,544,0,1),(8929,2015,8,544,0,1),(8930,2015,13,544,0,1),(8931,2015,3,544,0,1),(8932,2015,11,544,0,1),(8933,2015,14,544,0,1),(8934,2015,12,544,0,1),(8935,2015,15,680,0,1),(8936,2015,6,680,0,1),(8937,2015,4,680,0,1),(8938,2015,1,680,0,1),(8939,2015,10,680,0,1),(8940,2015,7,680,0,1),(8941,2015,9,680,0,1),(8942,2015,16,680,0,1),(8943,2015,2,680,0,1),(8944,2015,8,680,0,1),(8945,2015,13,680,0,1),(8946,2015,3,680,0,1),(8947,2015,11,680,0,1),(8948,2015,14,680,0,1),(8949,2015,12,680,0,1),(8950,2015,15,682,0,1),(8951,2015,6,682,0,1),(8952,2015,4,682,0,1),(8953,2015,1,682,0,1),(8954,2015,10,682,0,1),(8955,2015,7,682,0,1),(8956,2015,5,682,0,1),(8957,2015,16,682,0,1),(8958,2015,2,682,0,1),(8959,2015,8,682,0,1),(8960,2015,13,682,0,1),(8961,2015,3,682,0,1),(8962,2015,11,682,0,1),(8963,2015,14,682,0,1),(8964,2015,12,682,0,1),(8965,2015,15,721,0,1),(8966,2015,6,721,0,1),(8967,2015,4,721,0,1),(8968,2015,1,721,0,1),(8969,2015,10,721,0,1),(8970,2015,7,721,0,1),(8971,2015,9,721,0,1),(8972,2015,5,721,0,1),(8973,2015,16,721,0,1),(8974,2015,2,721,0,1),(8975,2015,8,721,0,1),(8976,2015,13,721,0,1),(8977,2015,3,721,0,1),(8978,2015,14,721,0,1),(8979,2015,12,721,0,1),(8980,2015,15,244,0,1),(8981,2015,6,244,0,1),(8982,2015,4,244,0,1),(8983,2015,1,244,0,1),(8984,2015,10,244,0,1),(8985,2015,7,244,0,1),(8986,2015,9,244,0,1),(8987,2015,5,244,0,1),(8988,2015,16,244,0,1),(8989,2015,2,244,0,1),(8990,2015,8,244,0,1),(8991,2015,13,244,0,1),(8992,2015,11,244,0,1),(8993,2015,14,244,0,1),(8994,2015,12,244,0,1),(8995,2015,15,339,0,1),(8996,2015,6,339,0,1),(8997,2015,4,339,0,1),(8998,2015,1,339,0,1),(8999,2015,10,339,0,1),(9000,2015,7,339,0,1),(9001,2015,9,339,0,1),(9002,2015,16,339,0,1),(9003,2015,2,339,0,1),(9004,2015,8,339,0,1),(9005,2015,13,339,0,1),(9006,2015,3,339,0,1),(9007,2015,11,339,0,1),(9008,2015,14,339,0,1),(9009,2015,12,339,0,1),(9010,2015,6,694,0,1),(9011,2015,4,694,0,1),(9012,2015,1,694,0,1),(9013,2015,10,694,0,1),(9014,2015,7,694,0,1),(9015,2015,9,694,0,1),(9016,2015,5,694,0,1),(9017,2015,16,694,0,1),(9018,2015,2,694,0,1),(9019,2015,8,694,0,1),(9020,2015,13,694,0,1),(9021,2015,3,694,0,1),(9022,2015,11,694,0,1),(9023,2015,14,694,0,1),(9024,2015,12,694,0,1),(9025,2015,15,467,0,1),(9026,2015,6,467,0,1),(9027,2015,4,467,0,1),(9028,2015,1,467,0,1),(9029,2015,7,467,0,1),(9030,2015,9,467,0,1),(9031,2015,5,467,0,1),(9032,2015,16,467,0,1),(9033,2015,2,467,0,1),(9034,2015,8,467,0,1),(9035,2015,13,467,0,1),(9036,2015,3,467,0,1),(9037,2015,11,467,0,1),(9038,2015,14,467,0,1),(9039,2015,12,467,0,1),(9040,2015,15,651,0,1),(9041,2015,4,651,0,1),(9042,2015,1,651,0,1),(9043,2015,10,651,0,1),(9044,2015,7,651,0,1),(9045,2015,9,651,0,1),(9046,2015,5,651,0,1),(9047,2015,16,651,0,1),(9048,2015,2,651,0,1),(9049,2015,8,651,0,1),(9050,2015,13,651,0,1),(9051,2015,3,651,0,1),(9052,2015,11,651,0,1),(9053,2015,14,651,0,1),(9054,2015,12,651,0,1),(9057,2015,5,342,10,0),(9058,2015,5,711,10,0),(9059,2015,5,393,10,0),(9060,2015,5,537,9,0),(9061,2015,5,466,10,0),(9062,2015,5,501,10,0),(9063,2015,5,559,9,0),(9064,2015,5,521,10,0),(9065,2015,5,518,7,0),(9066,2015,5,222,10,0),(9067,2015,5,382,9,0),(9068,2015,5,513,9,0),(9069,2015,5,469,8,0),(9070,2015,5,399,7,0),(9071,2015,5,254,10,0),(9072,2015,5,352,6,0),(9073,2015,5,464,10,0),(9074,2015,5,798,6,0),(9075,2015,5,556,8,0),(9076,2015,5,776,6,0),(9077,2015,5,509,5,0),(9078,2015,5,712,5,0),(9079,2015,5,314,9,0),(9080,2015,5,479,8,0),(9081,2015,5,676,7,0),(9082,2015,5,453,7,0),(9083,2015,5,505,8,0),(9084,2015,5,510,10,0),(9085,2015,5,275,9,0),(9086,2015,5,326,9,0),(9087,2015,5,313,8,0),(9088,2015,5,306,9,0),(9089,2015,5,370,8,0),(9090,2015,5,539,8,0),(9091,2015,5,248,8,0),(9092,2015,5,806,6,0),(9093,2015,5,381,7,0),(9094,2015,5,293,7,0),(9095,2015,5,483,7,0),(9096,2015,5,260,9,0),(9097,2015,5,401,7,0),(9098,2015,5,800,6,0),(9099,2015,5,810,6,0),(9100,2015,5,705,5,0),(9101,2015,5,784,6,0),(9102,2015,5,764,5,0),(9103,2015,5,541,6,0),(9104,2015,5,573,6,0),(9105,2015,5,579,7,0),(9106,2015,5,472,8,0),(9107,2015,5,405,7,0),(9108,2015,5,317,8,0),(9109,2015,5,294,8,0),(9110,2015,5,526,9,0),(9111,2015,5,295,6,0),(9112,2015,5,531,7,0),(9113,2015,5,302,7,0),(9114,2015,5,497,7,0),(9115,2015,5,280,8,0),(9116,2015,5,452,8,0),(9117,2015,5,320,6,0),(9118,2015,5,765,6,0),(9119,2015,5,463,6,0),(9120,2015,5,318,6,0),(9121,2015,5,528,5,0),(9122,2015,5,396,5,0),(9123,2015,5,211,5,0),(9124,2015,5,817,5,0),(9125,2015,5,378,5,0),(9126,2015,5,270,5,0),(9127,2015,5,346,5,0),(9128,2015,5,475,4,0),(9129,2015,5,714,4,0),(9130,2015,5,616,4,0),(9131,2015,5,664,4,0),(9132,2015,5,663,4,0),(9133,2015,5,415,4,0),(9134,2015,5,218,4,0),(9135,2015,5,242,4,0),(9136,2015,5,607,4,0),(9137,2015,5,478,4,0),(9138,2015,5,451,4,0),(9139,2015,5,570,4,0),(9140,2015,5,778,3,0),(9141,2015,5,446,3,0),(9142,2015,5,435,3,0),(9143,2015,5,329,3,0),(9144,2015,5,613,3,0),(9145,2015,5,759,3,0),(9146,2015,5,356,3,0),(9147,2015,5,309,3,0),(9148,2015,5,593,3,0),(9149,2015,5,715,3,0),(9150,2015,5,538,3,0),(9151,2015,5,751,3,0),(9152,2015,5,429,3,0),(9153,2015,5,602,2,0),(9154,2015,5,558,2,0),(9155,2015,5,484,2,0),(9156,2015,5,802,2,0),(9157,2015,5,360,2,0),(9158,2015,5,814,2,0),(9159,2015,5,289,2,0),(9160,2015,5,644,2,0),(9161,2015,5,530,2,0),(9162,2015,5,801,2,0),(9163,2015,5,354,2,0),(9164,2015,5,448,2,0),(9165,2015,5,387,2,0),(9166,2015,5,643,1,0),(9167,2015,5,595,1,0),(9168,2015,5,795,1,0),(9169,2015,5,420,1,0),(9170,2015,5,487,1,0),(9171,2015,5,728,1,0),(9172,2015,5,266,1,0),(9173,2015,5,731,1,0),(9174,2015,5,674,1,0),(9175,2015,5,666,1,0),(9176,2015,11,342,10,0),(9177,2015,11,711,9,0),(9178,2015,11,393,8,0),(9179,2015,11,521,10,0),(9180,2015,11,254,10,0),(9181,2015,11,526,7,0),(9182,2015,11,446,7,0),(9183,2015,11,531,7,0),(9184,2015,11,375,6,0),(9185,2015,11,280,7,0),(9186,2015,11,316,6,0),(9187,2015,11,414,6,0),(9188,2015,11,765,6,0),(9189,2015,11,523,9,0),(9190,2015,11,550,6,0),(9191,2015,11,348,4,0),(9192,2015,11,424,8,0),(9193,2015,11,264,4,0),(9194,2015,11,388,6,0),(9195,2015,11,327,2,0),(9196,2015,11,253,5,0),(9197,2015,11,555,3,0),(9198,2015,11,392,3,0),(9199,2015,11,804,2,0),(9201,2015,12,342,10,0),(9202,2015,12,711,10,0),(9203,2015,12,393,10,0),(9204,2015,12,537,10,0),(9205,2015,12,466,10,0),(9206,2015,12,501,10,0),(9207,2015,12,521,10,0),(9208,2015,6,342,10,0),(9209,2015,6,711,10,0),(9210,2015,6,393,10,0),(9211,2015,6,537,10,0),(9212,2015,6,501,10,0),(9213,2015,6,559,10,0),(9214,2015,6,521,10,0),(9215,2015,6,222,10,0),(9216,2015,6,382,10,0),(9217,2015,6,513,9,0),(9218,2015,6,469,9,0),(9219,2015,6,399,9,0),(9220,2015,6,254,9,0),(9221,2015,6,464,9,0),(9222,2015,6,798,9,0),(9223,2015,6,556,9,0),(9224,2015,6,776,9,0),(9225,2015,6,509,9,0),(9226,2015,6,712,9,0),(9227,2015,6,401,9,0),(9228,2015,6,800,8,0),(9229,2015,6,810,8,0),(9230,2015,6,314,8,0),(9231,2015,6,705,8,0),(9232,2015,6,784,8,0),(9233,2015,6,479,8,0),(9234,2015,6,676,8,0),(9235,2015,6,453,8,0),(9236,2015,6,505,8,0),(9237,2015,6,510,8,0),(9238,2015,6,275,8,0),(9239,2015,6,326,8,0),(9240,2015,6,764,8,0),(9241,2015,6,313,7,0),(9242,2015,6,306,7,0),(9243,2015,6,370,7,0),(9244,2015,6,541,7,0),(9245,2015,6,573,7,0),(9246,2015,6,539,7,0),(9247,2015,6,579,7,0),(9248,2015,6,463,7,0),(9249,2015,6,376,7,0),(9250,2015,6,248,7,0),(9251,2015,6,346,7,0),(9252,2015,6,806,7,0),(9253,2015,6,381,7,0),(9254,2015,6,475,7,0),(9255,2015,6,528,6,0),(9256,2015,6,293,6,0),(9257,2015,6,318,6,0),(9258,2015,6,483,6,0),(9259,2015,6,714,6,0),(9260,2015,6,260,6,0),(9261,2015,6,396,6,0),(9262,2015,6,616,6,0),(9263,2015,6,211,6,0),(9264,2015,6,664,6,0),(9265,2015,6,817,6,0),(9266,2015,6,663,6,0),(9267,2015,6,378,6,0),(9268,2015,6,415,6,0),(9269,2015,6,218,5,0),(9270,2015,6,242,5,0),(9271,2015,6,385,5,0),(9272,2015,6,270,5,0),(9273,2015,6,607,5,0),(9274,2015,6,478,5,0),(9275,2015,6,451,5,0),(9276,2015,6,405,5,0),(9277,2015,6,317,5,0),(9278,2015,6,778,5,0),(9279,2015,6,294,5,0),(9280,2015,6,570,4,0),(9281,2015,6,429,4,0),(9282,2015,6,602,4,0),(9283,2015,6,558,4,0),(9284,2015,6,484,4,0),(9285,2015,6,446,4,0),(9286,2015,6,802,4,0),(9287,2015,6,295,4,0),(9288,2015,6,435,4,0),(9289,2015,6,329,4,0),(9290,2015,6,814,4,0),(9291,2015,6,289,4,0),(9292,2015,6,613,3,0),(9293,2015,6,759,3,0),(9294,2015,6,356,3,0),(9295,2015,6,531,3,0),(9296,2015,6,238,3,0),(9297,2015,6,309,3,0),(9298,2015,6,644,3,0),(9299,2015,6,375,3,0),(9300,2015,6,801,3,0),(9301,2015,6,302,3,0),(9302,2015,6,354,3,0),(9303,2015,6,448,3,0),(9304,2015,6,593,2,0),(9305,2015,6,497,2,0),(9306,2015,6,643,2,0),(9307,2015,6,280,2,0),(9308,2015,6,715,2,0),(9309,2015,6,595,2,0),(9310,2015,6,795,2,0),(9311,2015,6,538,2,0),(9312,2015,6,420,2,0),(9313,2015,6,751,2,0),(9314,2015,6,487,2,0),(9315,2015,6,728,2,0),(9316,2015,6,266,2,0),(9317,2015,6,731,1,0),(9318,2015,6,713,1,0),(9319,2015,6,454,1,0),(9320,2015,6,452,1,0),(9321,2015,6,674,1,0),(9322,2015,6,462,1,0),(9323,2015,6,666,1,0),(9324,2015,6,636,1,0),(9325,2015,6,316,1,0),(9326,2015,6,210,1,0),(9327,2015,14,672,3,0),(9328,2015,14,264,6,0),(9329,2015,14,388,6,0),(9330,2015,14,461,5,0),(9331,2015,14,809,5,0),(9332,2015,14,744,6,0),(9333,2015,14,522,6,0),(9334,2015,14,253,6,0),(9335,2015,14,755,5,0),(9336,2015,14,803,6,0),(9337,2015,14,555,5,0),(9338,2015,14,390,5,0),(9339,2015,14,392,7,0),(9340,2015,14,612,3,0),(9341,2015,14,252,3,0),(9342,2015,14,425,4,0),(9343,2015,14,661,3,0),(9344,2015,14,523,9,0),(9345,2015,14,473,4,0),(9346,2015,14,550,8,0),(9347,2015,14,348,7,0),(9348,2015,14,769,5,0),(9349,2015,14,813,4,0),(9350,2015,14,709,2,0),(9351,2015,14,496,6,0),(9352,2015,14,424,7,0),(9353,2015,14,548,4,0),(9354,2015,14,423,7,0),(9355,2015,14,340,5,0),(9356,2015,14,539,7,0),(9357,2015,14,294,9,0),(9358,2015,14,446,8,0),(9359,2015,14,356,9,0),(9360,2015,14,280,10,0),(9361,2015,14,766,7,0),(9362,2015,14,799,6,0),(9363,2015,14,765,8,0),(9364,2015,10,342,10,0),(9365,2015,10,537,10,0),(9366,2015,10,466,10,0),(9367,2015,10,501,10,0),(9368,2015,10,521,10,0),(9369,2015,10,222,10,0),(9370,2015,10,711,9,0),(9371,2015,10,393,9,0),(9372,2015,10,559,10,0),(9373,2015,10,382,10,0),(9374,2015,10,513,10,0),(9375,2015,10,469,9,0),(9376,2015,14,342,10,0),(9377,2015,14,711,10,0),(9378,2015,14,537,10,0),(9379,2015,11,537,9,0),(9380,2015,11,466,10,0),(9381,2015,11,501,10,0),(9382,2015,11,559,8,0),(9383,2015,11,518,7,0),(9384,2015,11,222,9,0),(9385,2015,11,382,9,0),(9386,2015,11,513,10,0),(9387,2015,11,469,9,0),(9388,2015,11,399,8,0),(9389,2015,11,352,4,0),(9390,2015,11,464,10,0),(9391,2015,11,798,5,0),(9392,2015,11,556,7,0),(9393,2015,11,776,3,0),(9394,2015,11,509,2,0),(9395,2015,11,712,5,0),(9396,2015,11,401,2,0),(9397,2015,11,800,3,0),(9398,2015,11,810,4,0),(9399,2015,11,314,8,0),(9400,2015,11,705,3,0),(9401,2015,11,784,2,0),(9402,2015,11,479,8,0),(9403,2015,11,676,7,0),(9404,2015,11,453,8,0),(9405,2015,11,505,8,0),(9406,2015,11,510,10,0),(9407,2015,11,275,8,0),(9408,2015,11,326,9,0),(9409,2015,11,764,7,0),(9410,2015,11,313,9,0),(9411,2015,11,306,10,0),(9412,2015,11,370,8,0),(9413,2015,11,541,6,0),(9414,2015,11,573,9,0),(9415,2015,11,539,8,0),(9416,2015,11,463,4,0),(9417,2015,11,376,6,0),(9418,2015,11,248,5,0),(9419,2015,11,346,2,0),(9420,2015,11,806,4,0),(9421,2015,11,381,7,0),(9422,2015,11,475,3,0),(9423,2015,11,293,7,0),(9424,2015,11,528,6,0),(9425,2015,11,483,8,0),(9426,2015,11,714,5,0),(9427,2015,11,260,6,0),(9428,2015,11,405,6,0),(9429,2015,11,317,6,0),(9430,2015,11,294,7,0),(9431,2015,11,570,5,0),(9432,2015,11,558,7,0),(9433,2015,11,309,3,0),(9434,2015,11,497,4,0),(9435,2015,11,452,9,0),(9436,2015,11,575,4,0),(9437,2015,11,357,3,0),(9438,2015,11,473,3,0),(9439,2015,11,383,6,0),(9440,2015,11,458,1,0),(9441,2015,11,522,3,0),(9442,2015,11,803,4,0),(9443,2015,11,536,8,0),(9444,2015,10,518,9,0),(9445,2015,10,254,9,0),(9446,2015,10,464,6,0),(9447,2015,10,556,9,0),(9448,2015,10,776,6,0),(9449,2015,10,401,8,0),(9450,2015,10,800,9,0),(9451,2015,10,399,7,0),(9452,2015,10,352,8,0),(9453,2015,10,798,8,0),(9454,2015,10,509,7,0),(9455,2015,10,712,9,0),(9456,2015,10,810,8,0),(9457,2015,10,314,9,0),(9458,2015,10,705,8,0),(9459,2015,10,784,8,0),(9460,2015,10,479,9,0),(9461,2015,10,676,9,0),(9462,2015,10,453,8,0),(9463,2015,10,505,8,0),(9464,2015,10,510,8,0),(9465,2015,10,275,8,0),(9466,2015,10,326,8,0),(9467,2015,10,764,7,0),(9468,2015,10,313,8,0),(9469,2015,10,306,8,0),(9470,2015,2,558,4,0),(9471,2015,2,526,6,0),(9472,2015,2,446,7,0),(9473,2015,2,435,7,0),(9474,2015,2,356,7,0),(9475,2015,2,531,8,0),(9476,2015,2,375,5,0),(9477,2015,2,302,7,0),(9478,2015,2,497,3,0),(9479,2015,2,751,5,0),(9480,2015,2,487,4,0),(9481,2015,2,452,9,0),(9482,2015,2,350,1,0),(9483,2015,2,316,8,0),(9484,2015,2,320,5,0),(9485,2015,2,414,4,0),(9486,2015,2,765,6,0),(9487,2015,2,357,3,0),(9488,2015,2,523,9,0),(9489,2015,2,473,4,0),(9490,2015,2,348,7,0),(9491,2015,2,482,5,0),(9492,2015,2,364,3,0),(9493,2015,2,240,6,0),(9494,2015,2,424,7,0),(9495,2015,2,458,4,0),(9496,2015,2,614,2,0),(9497,2015,2,519,5,0),(9498,2015,2,388,6,0),(9499,2015,2,461,5,0),(9500,2015,2,327,4,0),(9501,2015,2,522,7,0),(9502,2015,2,253,6,0),(9503,2015,2,555,4,0),(9504,2015,2,390,2,0),(9505,2015,2,536,9,0),(9506,2015,2,582,3,0),(9507,2015,2,630,5,0),(9508,2015,2,658,5,0),(9509,2015,4,711,9,0),(9510,2015,4,537,10,0),(9511,2015,4,466,10,0),(9512,2015,4,501,10,0),(9513,2015,4,521,10,0),(9514,2015,4,222,10,0),(9515,2015,2,342,10,0),(9516,2015,2,711,1,0),(9517,2015,2,393,9,0),(9518,2015,2,537,10,0),(9519,2015,2,466,10,0),(9520,2015,2,501,10,0),(9521,2015,2,559,3,0),(9522,2015,2,521,10,0),(9523,2015,2,518,8,0),(9524,2015,2,222,9,0),(9525,2015,2,469,7,0),(9526,2015,2,399,8,0),(9527,2015,2,254,10,0),(9528,2015,2,464,10,0),(9529,2015,2,370,10,0),(9530,2015,4,513,9,0),(9531,2015,4,254,10,0),(9532,2015,4,464,10,0),(9533,2015,4,559,10,0),(9534,2015,4,382,10,0),(9535,2015,4,469,9,0),(9536,2015,4,518,9,0),(9537,2015,4,556,9,0),(9538,2015,4,399,9,0),(9539,2015,4,401,9,0),(9540,2015,4,800,9,0),(9541,2015,4,314,9,0),(9542,2015,4,676,9,0),(9543,2015,4,352,7,0),(9544,2015,4,798,7,0),(9545,2015,4,776,7,0),(9546,2015,4,509,7,0),(9547,2015,4,712,6,0),(9548,2015,4,810,6,0),(9549,2015,4,705,8,0),(9550,2015,4,784,8,0),(9551,2015,4,479,7,0),(9552,2015,4,453,8,0),(9553,2015,4,505,8,0),(9554,2015,4,510,7,0),(9555,2015,4,326,7,0),(9556,2015,4,306,8,0),(9557,2015,4,370,8,0),(9558,2015,4,541,6,0),(9559,2015,4,313,8,0),(9560,2015,4,573,8,0),(9561,2015,4,539,8,0),(9562,2015,4,579,7,0),(9563,2015,4,472,6,0),(9564,2015,4,346,8,0),(9565,2015,2,505,9,0),(9566,2015,2,275,9,0),(9567,2015,2,313,10,0),(9568,2015,2,306,9,0),(9569,2015,2,293,9,0),(9570,2015,2,260,8,0),(9571,2015,2,317,6,0),(9572,2015,2,295,6,0),(9573,2015,4,356,8,0),(9574,2015,4,531,8,0),(9575,2015,4,280,8,0),(9576,2015,4,463,6,0),(9577,2015,4,376,5,0),(9578,2015,4,248,7,0),(9579,2015,4,806,5,0),(9580,2015,4,475,7,0),(9581,2015,4,381,7,0),(9582,2015,4,293,6,0),(9583,2015,4,528,6,0),(9584,2015,4,483,7,0),(9585,2015,2,352,1,0),(9586,2015,2,798,2,0),(9587,2015,2,556,8,0),(9588,2015,2,776,6,0),(9589,2015,2,314,6,0),(9590,2015,2,479,8,0),(9591,2015,2,676,7,0),(9592,2015,2,453,8,0),(9593,2015,2,248,8,0),(9594,2015,4,316,6,0),(9595,2015,4,523,6,0),(9596,2015,4,424,6,0),(9597,2015,4,672,5,0),(9598,2015,4,253,6,0),(9599,2015,4,536,7,0),(9600,2015,2,539,8,0),(9601,2015,10,370,7,0),(9602,2015,10,541,7,0),(9603,2015,10,573,7,0),(9604,2015,10,539,7,0),(9605,2015,10,579,7,0),(9606,2015,10,472,6,0),(9607,2015,10,463,6,0),(9608,2015,10,376,6,0),(9609,2015,10,248,6,0),(9610,2015,10,346,6,0),(9611,2015,10,806,6,0),(9612,2015,10,475,6,0),(9613,2015,10,381,4,0),(9614,2015,10,528,6,0),(9615,2015,10,293,6,0),(9616,2015,10,483,5,0),(9617,2015,10,318,6,0),(9618,2015,10,714,5,0),(9619,2015,10,260,5,0),(9620,2015,10,396,4,0),(9621,2015,10,616,4,0),(9622,2015,10,211,5,0),(9623,2015,10,664,4,0),(9624,2015,10,817,4,0),(9625,2015,10,663,4,0),(9626,2015,10,378,4,0),(9627,2015,10,415,4,0),(9628,2015,10,218,3,0),(9629,2015,10,242,3,0),(9630,2015,10,607,3,0),(9631,2015,10,478,3,0),(9632,2015,10,451,3,0),(9633,2015,10,317,3,0),(9634,2015,10,405,3,0),(9635,2015,10,778,2,0),(9636,2015,10,294,3,0),(9637,2015,10,570,3,0),(9638,2015,10,429,3,0),(9639,2015,10,602,2,0),(9640,2015,10,558,4,0),(9641,2015,10,526,4,0),(9642,2015,10,446,2,0),(9643,2015,10,295,2,0),(9644,2015,10,435,2,0),(9645,2015,10,814,1,0),(9646,2015,10,329,2,0),(9647,2015,10,613,2,0),(9648,2015,10,759,1,0),(9649,2015,10,356,7,0),(9650,2015,10,531,7,0),(9651,2015,10,238,2,0),(9652,2015,10,309,2,0),(9653,2015,10,375,7,0),(9654,2015,10,530,2,0),(9655,2015,10,801,1,0),(9656,2015,10,354,1,0),(9657,2015,10,302,1,0),(9658,2015,10,387,1,0),(9659,2015,10,497,2,0),(9660,2015,10,280,2,0),(9661,2015,10,595,1,0),(9663,2015,10,538,5,0),(9669,2015,10,452,7,0),(9670,2015,2,294,9,0),(9672,2015,10,316,6,0),(9675,2015,10,320,1,0),(9676,2015,10,414,1,0),(9677,2015,10,249,2,0),(9678,2015,10,653,5,0),(9679,2015,10,765,1,0),(9680,2015,10,575,5,0),(9682,2015,10,410,4,0),(9683,2015,10,612,3,0),(9684,2015,10,523,6,0),(9685,2015,10,473,5,0),(9686,2015,10,550,7,0),(9687,2015,10,383,3,0),(9688,2015,10,264,4,0),(9689,2015,10,327,5,0),(9690,2015,10,555,5,0),(9691,2015,10,536,5,0),(9692,2015,2,712,6,0),(9693,2015,2,800,3,0),(9694,2015,2,810,3,0),(9695,2015,2,705,7,0),(9696,2015,2,784,3,0),(9697,2015,2,211,6,0),(9698,2015,3,342,10,0),(9699,2015,3,711,10,0),(9700,2015,3,537,10,0),(9701,2015,3,466,9,0),(9702,2015,3,501,8,0),(9703,2015,3,559,9,0),(9704,2015,3,521,10,0),(9705,2015,3,518,9,0),(9706,2015,3,222,9,0),(9707,2015,3,382,8,0),(9708,2015,3,513,7,0),(9709,2015,3,469,5,0),(9710,2015,3,352,6,0),(9711,2015,3,464,8,0),(9712,2015,3,798,6,0),(9713,2015,3,556,4,0),(9714,2015,3,776,5,0),(9715,2015,3,393,10,0),(9716,2015,3,712,10,0),(9717,2015,3,705,9,0),(9718,2015,3,676,10,0),(9719,2015,3,505,10,0),(9720,2015,3,510,10,0),(9721,2015,3,275,9,0),(9722,2015,3,326,9,0),(9723,2015,3,370,9,0),(9724,2015,3,248,9,0),(9725,2015,3,483,9,0),(9726,2015,3,260,8,0),(9727,2015,3,607,6,0),(9728,2015,3,317,7,0),(9729,2015,3,570,7,0),(9730,2015,3,602,8,0),(9731,2015,3,446,8,0),(9732,2015,3,453,8,0),(9733,2015,3,211,7,0),(9734,2015,3,415,6,0),(9735,2015,3,218,7,0),(9736,2015,3,270,6,0),(9737,2015,3,531,8,0),(9738,2015,3,644,8,0),(9739,2015,3,497,8,0),(9740,2015,3,795,7,0),(9741,2015,3,751,6,0),(9742,2015,3,728,6,0),(9743,2015,3,454,5,0),(9744,2015,3,800,8,0),(9745,2015,3,314,8,0),(9746,2015,3,764,8,0),(9747,2015,3,306,8,0),(9748,2015,3,541,7,0),(9749,2015,3,539,6,0),(9750,2015,3,479,7,0),(9751,2015,3,579,7,0),(9752,2015,3,472,7,0),(9753,2015,3,550,7,0),(9754,2015,3,257,7,0),(9755,2015,3,508,7,0),(9756,2015,3,760,4,0),(9757,2015,3,813,7,0),(9758,2015,3,452,6,0),(9759,2015,3,666,6,0),(9760,2015,3,316,6,0),(9761,2015,3,210,6,0),(9762,2015,3,346,6,0),(9763,2015,3,381,6,0),(9764,2015,3,804,5,0),(9765,2015,3,630,5,0),(9766,2015,3,658,5,0),(9767,2015,3,708,5,0),(9768,2015,3,634,5,0),(9769,2015,3,517,5,0),(9770,2015,3,794,5,0),(9771,2015,3,582,5,0),(9772,2015,3,253,4,0),(9773,2015,3,755,4,0),(9774,2015,3,555,4,0),(9775,2015,3,536,4,0),(9776,2015,3,788,4,0),(9777,2015,3,740,4,0),(9778,2015,3,797,4,0),(9779,2015,3,811,4,0),(9780,2015,3,649,4,0),(9781,2015,3,787,4,0),(9782,2015,3,672,3,0),(9783,2015,3,233,3,0),(9784,2015,3,635,3,0),(9785,2015,3,388,3,0),(9786,2015,3,461,3,0),(9787,2015,3,392,3,0),(9788,2015,3,715,2,0),(9789,2015,3,420,1,0),(9790,2015,3,266,2,0),(9791,2015,3,710,1,0),(9792,2015,3,729,1,0),(9793,2015,3,414,1,0),(9794,2015,3,815,1,0),(9795,2015,3,653,1,0),(9796,2015,3,799,1,0),(9797,2015,3,765,1,0),(9798,2015,3,409,1,0),(9799,2015,3,564,1,0),(9800,2015,3,357,2,0),(9801,2015,3,661,3,0),(9802,2015,3,473,2,0),(9803,2015,3,754,2,0),(9804,2015,3,669,2,0),(9805,2015,3,383,2,0),(9806,2015,3,424,3,0),(9807,2015,3,432,2,0),(9808,2015,3,548,2,0),(9809,2015,3,780,2,0),(9810,2015,3,458,2,0),(9811,2015,3,614,3,0),(9812,2015,3,519,3,0),(9813,2015,3,509,3,0),(9814,2015,3,401,3,0),(9815,2015,3,810,2,0),(9816,2015,3,784,3,0),(9817,2015,3,573,2,0),(9818,2015,14,466,10,0),(9819,2015,14,501,10,0),(9820,2015,14,521,10,0),(9821,2015,14,559,8,0),(9822,2015,14,399,10,0),(9823,2015,4,714,4,0),(9824,2015,4,211,4,0),(9825,2015,4,663,5,0),(9826,2015,4,318,6,0),(9827,2015,4,616,4,0),(9828,2015,4,664,3,0),(9830,2015,4,378,2,0),(9831,2015,4,451,6,0),(9832,2015,4,317,5,0),(9833,2015,4,405,4,0),(9834,2015,4,778,6,0),(9835,2015,4,653,2,0),(9836,2015,4,600,1,0),(9838,2015,4,409,3,0),(9839,2015,4,396,3,0),(9840,2015,4,415,2,0),(9841,2015,4,218,1,0),(9842,2015,4,607,2,0),(9843,2015,4,478,2,0),(9844,2015,4,570,5,0),(9845,2015,4,558,5,0),(9846,2015,4,526,5,0),(9847,2015,4,435,4,0),(9848,2015,4,429,3,0),(9849,2015,4,289,4,0),(9850,2015,4,446,5,0),(9851,2015,4,613,4,0),(9852,2015,4,309,4,0),(9854,2015,4,795,3,0),(9855,2015,4,420,5,0),(9857,2015,4,295,3,0),(9858,2015,4,238,5,0),(9859,2015,4,644,2,0),(9860,2015,4,715,4,0),(9861,2015,4,751,4,0),(9862,2015,4,713,3,0),(9863,2015,4,375,1,0),(9864,2015,4,530,1,0),(9865,2015,4,801,1,0),(9866,2015,4,360,3,0),(9867,2015,4,302,2,0),(9868,2015,4,387,4,0),(9869,2015,4,350,3,0),(9870,2015,4,414,2,0),(9871,2015,4,354,2,0),(9872,2015,4,462,4,0),(9873,2015,4,710,3,0),(9874,2015,4,766,3,0),(9875,2015,4,814,3,0),(9876,2015,4,728,2,0),(9878,2015,4,731,1,0),(9879,2015,4,674,1,0),(9880,2015,4,210,1,0),(9881,2015,4,636,1,0),(9882,2015,4,252,1,0),(9883,2015,7,342,10,0),(9884,2015,7,466,10,0),(9885,2015,7,521,10,0),(9886,2015,7,464,10,0),(9887,2015,7,280,9,0),(9888,2015,7,424,7,0),(9889,2015,7,536,6,0),(9890,2015,7,392,6,0),(9891,2015,7,711,10,0),(9892,2015,7,537,10,0),(9893,2015,7,559,9,0),(9894,2015,7,518,9,0),(9895,2015,7,513,9,0),(9896,2015,7,399,9,0),(9897,2015,7,254,10,0),(9898,2015,7,510,10,0),(9899,2015,7,313,9,0),(9900,2015,7,306,10,0),(9901,2015,7,393,9,0),(9902,2015,7,798,2,0),(9903,2015,7,509,6,0),(9904,2015,7,810,8,0),(9905,2015,7,676,8,0),(9906,2015,7,326,9,0),(9907,2015,7,764,4,0),(9908,2015,7,370,9,0),(9909,2015,7,573,8,0),(9910,2015,7,248,6,0),(9911,2015,7,293,8,0),(9912,2015,7,570,7,0),(9913,2015,7,294,10,0),(9914,2015,7,558,7,0),(9915,2015,7,526,5,0),(9916,2015,7,446,1,0),(9917,2015,7,435,8,0),(9918,2015,7,531,7,0),(9919,2015,7,375,5,0),(9920,2015,7,497,7,0),(9921,2015,7,316,6,0),(9922,2015,7,320,5,0),(9923,2015,7,765,8,0),(9924,2015,7,575,6,0),(9925,2015,7,465,7,0),(9926,2015,7,410,6,0),(9927,2015,7,550,8,0),(9928,2015,7,257,4,0),(9929,2015,7,383,9,0),(9930,2015,7,240,4,0),(9931,2015,7,496,6,0),(9932,2015,7,264,5,0),(9933,2015,7,659,5,0),(9934,2015,7,227,4,0),(9935,2015,7,388,7,0),(9936,2015,7,382,8,0),(9937,2015,7,314,8,0),(9938,2015,7,479,8,0),(9939,2015,7,318,7,0),(9940,2015,7,483,9,0),(9941,2015,7,211,6,0),(9942,2015,7,664,7,0),(9943,2015,7,352,4,0),(9944,2015,7,556,5,0),(9945,2015,7,705,7,0),(9946,2015,7,275,5,0),(9947,2015,7,539,7,0),(9948,2015,7,463,6,0),(9949,2015,7,260,8,0),(9950,2015,7,713,6,0),(9951,2015,7,348,5,0),(9952,2015,7,813,7,0),(9953,2015,7,301,6,0),(9954,2015,7,327,7,0),(9955,2015,7,253,6,0),(9956,2015,7,452,8,0),(9957,2015,7,564,8,0),(9958,2015,7,712,5,0),(9959,2015,7,401,5,0),(9960,2015,7,800,4,0),(9961,2015,7,505,8,0),(9962,2015,7,714,4,0),(9963,2015,7,776,3,0),(9964,2015,7,541,5,0),(9965,2015,7,579,4,0),(9966,2015,7,472,3,0),(9967,2015,7,376,4,0),(9968,2015,7,381,3,0),(9969,2015,7,528,4,0),(9970,2015,7,378,4,0),(9971,2015,7,478,3,0),(9972,2015,7,405,3,0),(9973,2015,7,429,3,0),(9974,2015,7,360,3,0),(9975,2015,7,354,3,0),(9976,2015,7,396,3,0),(9977,2015,7,414,3,0),(9978,2015,7,409,2,0),(9979,2015,7,661,3,0),(9980,2015,7,709,2,0),(9981,2015,7,258,2,0),(9982,2015,7,423,2,0),(9983,2015,7,461,2,0),(9984,2015,7,277,2,0),(9985,2015,7,555,3,0),(9986,2015,7,788,4,0),(9987,2015,7,616,2,0),(9988,2015,7,817,2,0),(9989,2015,7,607,2,0),(9990,2015,7,602,2,0),(9991,2015,7,759,2,0),(9992,2015,7,644,1,0),(9993,2015,7,302,2,0),(9994,2015,7,289,1,0),(9995,2015,7,238,1,0),(9996,2015,7,387,1,0),(9997,2015,7,751,1,0),(9998,2015,7,731,1,0),(9999,2015,7,454,1,0),(10000,2015,7,210,1,0),(10001,2015,7,758,1,0),(10002,2015,7,799,6,0),(10003,2015,7,350,1,0),(10004,2015,14,393,9,0),(10005,2015,14,518,9,0),(10006,2015,14,222,9,0),(10007,2015,14,382,9,0),(10008,2015,14,513,9,0),(10009,2015,14,469,9,0),(10010,2015,14,254,9,0),(10011,2015,14,556,9,0),(10012,2015,14,352,8,0),(10013,2015,14,798,8,0),(10014,2015,14,509,8,0),(10015,2015,14,712,8,0),(10016,2015,14,401,8,0),(10017,2015,14,800,8,0),(10018,2015,14,314,8,0),(10019,2015,14,705,8,0),(10020,2015,14,479,7,0),(10021,2015,14,676,7,0),(10022,2015,14,453,7,0),(10023,2015,14,510,10,0),(10024,2015,14,275,7,0),(10025,2015,14,326,7,0),(10026,2015,14,313,7,0),(10027,2015,14,306,7,0),(10028,2015,14,810,6,0),(10029,2015,14,764,6,0),(10030,2015,14,541,6,0),(10031,2015,14,579,6,0),(10032,2015,14,472,6,0),(10033,2015,14,463,6,0),(10034,2015,14,376,5,0),(10035,2015,14,806,4,0),(10036,2015,14,475,5,0),(10037,2015,14,528,5,0),(10038,2015,14,293,5,0),(10039,2015,14,483,4,0),(10040,2015,14,714,4,0),(10041,2015,14,260,4,0),(10042,2015,14,396,4,0),(10043,2015,14,664,4,0),(10044,2015,14,378,4,0),(10045,2015,14,415,4,0),(10046,2015,14,270,4,0),(10047,2015,14,817,3,0),(10048,2015,14,663,3,0),(10049,2015,14,242,3,0),(10050,2015,14,607,3,0),(10051,2015,14,478,3,0),(10052,2015,14,451,3,0),(10053,2015,14,317,3,0),(10054,2015,14,405,3,0),(10055,2015,14,570,2,0),(10056,2015,14,429,2,0),(10057,2015,14,602,2,0),(10058,2015,14,526,2,0),(10059,2015,14,295,2,0),(10060,2015,14,435,2,0),(10061,2015,14,329,2,0),(10062,2015,14,814,2,0),(10063,2015,14,289,2,0),(10064,2015,14,613,2,0),(10065,2015,14,531,8,0),(10066,2015,14,759,2,0),(10067,2015,14,309,2,0),(10068,2015,14,375,2,0),(10069,2015,14,530,1,0),(10070,2015,14,801,1,0),(10071,2015,14,302,1,0),(10072,2015,14,354,1,0),(10073,2015,14,387,1,0),(10074,2015,14,497,1,0),(10075,2015,14,595,1,0),(10076,2015,14,795,1,0),(10077,2015,14,538,1,0),(10078,2015,14,420,1,0),(10079,2015,2,764,2,0),(10080,2015,2,541,6,0),(10081,2015,2,573,8,0),(10082,2015,2,579,6,0),(10083,2015,2,472,6,0),(10084,2015,2,463,8,0),(10085,2015,2,376,7,0),(10086,2015,2,806,8,0),(10087,2015,2,475,5,0),(10088,2015,2,528,2,0),(10089,2015,2,318,7,0),(10090,2015,2,817,2,0),(10091,2015,2,378,4,0),(10092,2015,2,415,1,0),(10093,2015,2,218,2,0),(10094,2015,2,242,3,0),(10095,2015,2,270,2,0),(10096,2015,2,478,4,0),(10097,2015,2,451,3,0),(10098,2015,2,405,4,0),(10099,2015,2,429,1,0),(10100,2015,2,289,3,0),(10101,2015,2,346,1,0),(10102,2015,2,381,1,0),(10103,2015,2,664,2,0),(10104,2015,2,663,2,0),(10105,2015,2,644,2,0),(10106,2015,2,538,3,0),(10107,2015,2,653,2,0),(10108,2015,2,425,2,0),(10109,2015,2,252,4,0),(10110,2015,2,383,7,0),(10111,2015,2,277,4,0),(10112,2015,2,392,5,0),(10113,2015,2,672,1,0),(10114,2015,2,659,1,0),(10115,2015,2,788,1,0),(10116,2015,2,740,1,0),(10117,2015,2,768,5,0),(10118,2015,11,318,3,0),(10119,2015,11,378,6,0),(10120,2015,11,613,5,0),(10121,2015,11,356,7,0),(10122,2015,11,302,4,0),(10123,2015,11,795,2,0),(10124,2015,11,666,4,0),(10125,2015,11,240,5,0),(10126,2015,11,340,2,0),(10127,2015,11,664,5,0),(10128,2015,11,663,5,0),(10129,2015,11,242,5,0),(10130,2015,11,429,5,0),(10131,2015,11,435,4,0),(10132,2015,11,472,1,0),(10133,2015,11,396,1,0),(10134,2015,11,616,1,0),(10135,2015,11,211,1,0),(10136,2015,11,218,1,0),(10138,2015,11,329,1,0),(10139,2015,11,644,2,0),(10140,2015,11,387,2,0),(10141,2015,11,538,1,0),(10142,2015,11,266,2,0),(10143,2015,11,636,2,0),(10144,2015,11,672,1,0),(10145,2015,11,461,1,0),(10147,2015,11,720,2,0),(10152,2015,13,252,3,0),(10154,2015,13,425,4,0),(10155,2015,13,661,2,0),(10156,2015,13,523,9,0),(10157,2015,13,473,4,0),(10158,2015,13,550,8,0),(10159,2015,13,348,4,0),(10160,2015,13,257,4,0),(10161,2015,13,482,6,0),(10162,2015,13,752,1,0),(10163,2015,13,813,2,0),(10164,2015,13,709,7,0),(10165,2015,13,334,1,0),(10166,2015,13,383,8,0),(10167,2015,13,364,3,0),(10168,2015,13,240,5,0),(10169,2015,13,496,4,0),(10170,2015,13,584,2,0),(10171,2015,13,424,7,0),(10172,2015,13,614,2,0),(10173,2015,13,519,2,0),(10174,2015,13,477,2,0),(10175,2015,13,340,2,0),(10176,2015,13,373,1,0),(10177,2015,13,264,5,0),(10178,2015,13,659,3,0),(10179,2015,13,227,4,0),(10180,2015,13,388,7,0),(10181,2015,13,461,2,0),(10182,2015,13,327,8,0),(10183,2015,13,359,1,0),(10184,2015,13,253,4,0),(10185,2015,13,277,3,0),(10186,2015,13,555,8,0),(10187,2015,13,536,9,0),(10188,2015,13,392,7,0),(10189,2015,13,448,5,0),(10190,2015,13,497,7,0),(10191,2015,13,280,10,0),(10192,2015,13,715,5,0),(10193,2015,13,751,3,0),(10194,2015,13,452,8,0),(10195,2015,13,462,1,0),(10196,2015,13,636,2,0),(10197,2015,13,350,4,0),(10198,2015,13,710,3,0),(10199,2015,13,766,4,0),(10200,2015,13,729,3,0),(10201,2015,13,320,3,0),(10202,2015,13,414,5,0),(10203,2015,13,765,8,0),(10204,2015,13,575,3,0),(10205,2015,13,465,4,0),(10206,2015,13,357,4,0),(10207,2015,13,342,10,0),(10208,2015,13,711,8,0),(10209,2015,13,393,10,0),(10210,2015,13,537,10,0),(10211,2015,13,466,10,0),(10212,2015,13,501,10,0),(10213,2015,13,559,9,0),(10214,2015,13,521,10,0),(10215,2015,13,518,9,0),(10216,2015,13,222,9,0),(10217,2015,13,382,8,0),(10218,2015,13,513,9,0),(10219,2015,13,469,9,0),(10220,2015,13,399,8,0),(10221,2015,13,254,10,0),(10222,2015,13,352,7,0),(10223,2015,13,464,10,0),(10224,2015,13,556,8,0),(10225,2015,13,314,9,0),(10226,2015,13,505,8,0),(10227,2015,13,510,10,0),(10228,2015,13,531,9,0),(10229,2015,13,676,8,0),(10230,2015,13,453,7,0),(10231,2015,13,275,8,0),(10232,2015,13,306,7,0),(10233,2015,13,370,9,0),(10234,2015,4,240,3,0),(10235,2015,4,432,2,0),(10236,2015,8,523,10,0),(10237,2015,8,550,6,0),(10238,2015,8,709,2,0),(10239,2015,8,227,1,0),(10240,2015,8,388,2,0),(10241,2015,8,461,1,0),(10242,2015,8,327,3,0),(10243,2015,8,522,4,0),(10244,2015,8,253,7,0),(10245,2015,8,536,7,0),(10246,2015,8,392,3,0),(10247,2015,8,345,3,0),(10248,2015,8,630,2,0),(10250,2015,8,708,1,0),(10252,2015,8,634,1,0),(10253,2015,8,342,10,0),(10254,2015,8,711,7,0),(10255,2015,8,501,10,0),(10256,2015,8,518,8,0),(10257,2015,8,222,8,0),(10258,2015,8,469,7,0),(10259,2015,8,254,10,0),(10260,2015,8,393,10,0),(10261,2015,8,464,10,0),(10262,2015,8,510,10,0),(10263,2015,8,280,10,0),(10264,2015,8,466,9,0),(10265,2015,8,712,9,0),(10266,2015,8,513,9,0),(10267,2015,8,479,8,0),(10268,2015,8,326,9,0),(10269,2015,8,370,10,0),(10270,2015,8,382,9,0),(10271,2015,8,314,9,0),(10272,2015,8,505,9,0),(10273,2015,8,573,9,0),(10274,2015,8,260,9,0),(10275,2015,8,211,9,0),(10276,2015,8,399,8,0),(10277,2015,8,401,8,0),(10278,2015,8,313,8,0),(10279,2015,8,463,8,0),(10281,2015,8,317,8,0),(10282,2015,8,294,8,0),(10283,2015,8,497,7,0),(10284,2015,8,538,3,0),(10285,2015,8,751,3,0),(10286,2015,8,452,8,0),(10287,2015,8,316,7,0),(10288,2015,8,414,7,0),(10289,2015,8,765,7,0),(10290,2015,8,575,4,0),(10291,2015,8,252,5,0),(10292,2015,8,383,5,0),(10293,2015,8,519,2,0),(10294,2015,8,264,5,0),(10295,2015,8,556,8,0),(10296,2015,8,526,7,0),(10297,2015,8,356,7,0),(10298,2015,8,531,8,0),(10299,2015,8,784,7,0),(10300,2015,8,528,7,0),(10301,2015,8,483,7,0),(10302,2015,8,352,6,0),(10303,2015,8,676,6,0),(10304,2015,8,275,6,0),(10305,2015,8,539,6,0),(10306,2015,8,509,5,0),(10307,2015,8,453,6,0),(10308,2015,8,541,5,0),(10309,2015,8,817,5,0),(10310,2015,8,378,5,0),(10311,2015,8,405,5,0),(10312,2015,8,570,4,0),(10313,2015,8,558,5,0),(10314,2015,8,435,6,0),(10315,2015,8,759,6,0),(10316,2015,8,309,6,0),(10317,2015,8,375,6,0),(10318,2015,8,320,3,0),(10319,2015,8,788,1,0),(10320,2015,8,293,6,0),(10321,2015,8,446,6,0),(10322,2015,8,295,5,0),(10323,2015,8,814,4,0),(10324,2015,8,238,5,0),(10325,2015,8,776,8,0),(10326,2015,8,810,6,0),(10327,2015,8,764,4,0),(10328,2015,8,579,4,0),(10329,2015,8,248,4,0),(10330,2015,8,664,4,0),(10331,2015,8,387,4,0),(10332,2015,8,717,3,0),(10333,2015,8,653,4,0),(10334,2015,8,409,3,0),(10335,2015,8,477,3,0),(10336,2015,8,779,3,0),(10337,2015,8,555,3,0),(10338,2015,8,740,3,0),(10339,2015,8,714,4,0),(10340,2015,8,472,2,0),(10341,2015,8,270,2,0),(10342,2015,8,602,2,0),(10343,2015,8,289,2,0),(10344,2015,8,582,1,0),(10345,2015,8,475,6,0),(10346,2015,8,415,2,0),(10347,2015,8,218,2,0),(10348,2015,8,458,2,0),(10349,2015,8,357,2,0),(10350,2015,8,473,2,0),(10351,2015,8,348,2,0),(10352,2015,8,376,1,0),(10353,2015,8,410,1,0),(10354,2015,8,752,1,0),(10355,2015,8,334,1,0),(10356,2015,12,559,9,0),(10357,2015,12,518,7,0),(10358,2015,12,222,10,0),(10359,2015,12,382,10,0),(10360,2015,12,513,9,0),(10361,2015,12,469,9,0),(10362,2015,12,399,8,0),(10363,2015,12,254,9,0),(10364,2015,12,352,8,0),(10365,2015,12,464,8,0),(10366,2015,12,479,8,0),(10367,2015,12,453,7,0),(10368,2015,12,510,9,0),(10369,2015,12,326,8,0),(10370,2015,12,306,7,0),(10371,2015,12,370,8,0),(10372,2015,12,293,6,0),(10373,2015,12,798,7,0),(10374,2015,12,776,7,0),(10375,2015,12,509,6,0),(10376,2015,12,712,7,0),(10377,2015,12,800,9,0),(10378,2015,12,676,9,0),(10379,2015,12,275,9,0),(10380,2015,12,475,6,0),(10381,2015,12,401,7,0),(10382,2015,12,810,8,0),(10383,2015,12,705,6,0),(10384,2015,12,784,6,0),(10385,2015,12,505,8,0),(10386,2015,12,764,8,0),(10387,2015,12,313,7,0),(10388,2015,12,541,7,0),(10389,2015,12,573,8,0),(10390,2015,12,248,8,0),(10391,2015,12,381,8,0),(10392,2015,12,260,7,0),(10393,2015,12,528,7,0),(10394,2015,12,294,7,0),(10395,2015,12,558,6,0),(10396,2015,12,526,5,0),(10397,2015,12,446,4,0),(10398,2015,12,435,6,0),(10399,2015,12,531,9,0),(10400,2015,12,375,6,0),(10401,2015,12,448,6,0),(10402,2015,12,497,6,0),(10403,2015,12,280,9,0),(10404,2015,12,595,6,0),(10405,2015,12,318,6,0),(10406,2015,12,751,5,0),(10407,2015,12,487,4,0),(10408,2015,12,452,6,0),(10409,2015,12,249,3,0),(10410,2015,12,653,1,0),(10411,2015,12,765,8,0),(10412,2015,12,327,5,0),(10415,2015,12,390,3,0),(10417,2015,12,662,3,0),(10418,2015,12,341,2,0),(10420,2015,12,716,2,0),(10421,2015,12,579,5,0),(10422,2015,12,472,5,0),(10423,2015,12,463,5,0),(10424,2015,12,376,5,0),(10425,2015,12,346,5,0),(10426,2015,12,806,4,0),(10427,2015,12,483,7,0),(10428,2015,12,759,5,0),(10429,2015,12,715,5,0),(10430,2015,12,454,2,0),(10431,2015,12,713,3,0),(10432,2015,12,210,4,0),(10433,2015,12,710,3,0),(10434,2015,12,714,4,0),(10435,2015,12,616,4,0),(10436,2015,12,218,4,0),(10437,2015,12,242,4,0),(10438,2015,12,607,1,0),(10439,2015,12,317,3,0),(10440,2015,12,429,4,0),(10441,2015,12,663,3,0),(10442,2015,12,378,4,0),(10443,2015,12,289,3,0),(10444,2015,12,613,3,0),(10445,2015,12,644,5,0),(10446,2015,12,354,3,0),(10447,2015,12,387,2,0),(10448,2015,12,538,2,0),(10449,2015,12,795,2,0),(10450,2015,12,420,2,0),(10451,2015,12,465,2,0),(10452,2015,12,661,2,0),(10453,2015,12,523,6,0),(10454,2015,12,473,2,0),(10455,2015,12,550,4,0),(10456,2015,12,432,2,0),(10457,2015,12,761,2,0),(10458,2015,12,614,1,0),(10462,2015,12,536,3,0),(10463,2015,12,211,2,0),(10464,2015,12,664,1,0),(10465,2015,12,238,1,0),(10466,2015,12,530,1,0),(10467,2015,12,817,5,0),(10468,2015,12,415,4,0),(10469,2015,12,478,3,0),(10470,2015,4,357,2,0),(10471,2015,4,550,4,0),(10472,2015,13,293,9,0),(10473,2015,15,342,10,0),(10474,2015,15,393,10,0),(10475,2015,15,537,10,0),(10476,2015,15,466,10,0),(10477,2015,15,501,10,0),(10478,2015,15,559,10,0),(10479,2015,15,521,10,0),(10480,2015,15,518,10,0),(10481,2015,15,222,10,0),(10482,2015,15,382,9,0),(10483,2015,15,513,9,0),(10484,2015,15,469,9,0),(10485,2015,15,399,9,0),(10486,2015,15,352,9,0),(10487,2015,15,254,9,0),(10488,2015,15,464,9,0),(10489,2015,15,798,9,0),(10490,2015,15,556,9,0),(10491,2015,15,776,9,0),(10492,2015,15,509,8,0),(10493,2015,15,712,8,0),(10494,2015,15,401,8,0),(10495,2015,15,800,8,0),(10496,2015,15,810,8,0),(10497,2015,15,314,8,0),(10498,2015,15,705,8,0),(10499,2015,15,784,8,0),(10500,2015,15,479,8,0),(10501,2015,15,676,8,0),(10502,2015,15,453,8,0),(10503,2015,15,505,8,0),(10504,2015,15,510,8,0),(10505,2015,15,275,7,0),(10506,2015,15,326,7,0),(10507,2015,15,764,7,0),(10508,2015,15,313,7,0),(10509,2015,15,306,7,0),(10510,2015,15,370,7,0),(10511,2015,15,541,7,0),(10512,2015,15,573,7,0),(10513,2015,15,539,7,0),(10514,2015,15,579,7,0),(10515,2015,15,472,7,0),(10516,2015,15,463,7,0),(10517,2015,15,376,7,0),(10518,2015,15,248,6,0),(10519,2015,15,346,6,0),(10520,2015,15,806,6,0),(10521,2015,15,381,6,0),(10522,2015,15,475,6,0),(10523,2015,15,293,6,0),(10524,2015,15,528,6,0),(10525,2015,15,483,6,0),(10526,2015,15,318,6,0),(10527,2015,15,714,6,0),(10528,2015,15,260,6,0),(10529,2015,15,396,6,0),(10530,2015,15,616,6,0),(10531,2015,15,211,6,0),(10532,2015,15,664,5,0),(10533,2015,15,817,5,0),(10534,2015,15,663,5,0),(10535,2015,15,378,5,0),(10536,2015,15,415,5,0),(10537,2015,15,218,5,0),(10538,2015,15,242,5,0),(10539,2015,15,270,5,0),(10540,2015,15,607,5,0),(10541,2015,15,478,5,0),(10542,2015,15,451,5,0),(10543,2015,15,405,5,0),(10544,2015,15,317,4,0),(10545,2015,15,778,4,0),(10546,2015,15,294,4,0),(10547,2015,15,570,4,0),(10548,2015,15,429,4,0),(10549,2015,15,602,4,0),(10550,2015,15,558,4,0),(10551,2015,15,526,4,0),(10552,2015,15,484,4,0),(10553,2015,15,446,4,0),(10554,2015,15,802,4,0),(10555,2015,15,295,4,0),(10556,2015,15,435,3,0),(10557,2015,15,360,3,0),(10558,2015,15,329,3,0),(10559,2015,15,289,3,0),(10560,2015,15,613,3,0),(10561,2015,15,759,3,0),(10562,2015,15,356,3,0),(10563,2015,15,531,3,0),(10564,2015,15,238,3,0),(10565,2015,15,309,3,0),(10566,2015,15,644,3,0),(10567,2015,15,375,3,0),(10568,2015,15,530,2,0),(10569,2015,15,801,2,0),(10570,2015,15,302,2,0),(10571,2015,15,354,2,0),(10572,2015,15,387,2,0),(10573,2015,15,448,2,0),(10574,2015,15,593,2,0),(10575,2015,15,497,2,0),(10576,2015,15,643,2,0),(10577,2015,15,280,2,0),(10578,2015,15,715,2,0),(10579,2015,15,595,2,0),(10580,2015,15,795,2,0),(10581,2015,15,538,1,0),(10582,2015,15,751,1,0),(10583,2015,15,420,1,0),(10584,2015,15,487,1,0),(10585,2015,15,728,1,0),(10586,2015,15,266,1,0),(10587,2015,15,731,1,0),(10588,2015,15,454,1,0),(10589,2015,15,713,1,0),(10590,2015,15,452,1,0),(10591,2015,4,257,2,0),(10592,2015,16,342,10,0),(10593,2015,16,537,10,0),(10594,2015,16,466,10,0),(10595,2015,16,501,10,0),(10596,2015,16,521,10,0),(10597,2015,16,513,10,0),(10598,2015,16,393,9,0),(10599,2015,16,254,10,0),(10600,2015,16,531,8,0),(10601,2015,16,302,6,0),(10602,2015,16,452,9,0),(10603,2015,16,316,5,0),(10604,2015,16,799,4,0),(10605,2015,16,564,2,0),(10606,2015,16,523,8,0),(10607,2015,16,550,7,0),(10608,2015,16,348,5,0),(10609,2015,16,813,6,0),(10610,2015,16,383,2,0),(10611,2015,16,240,3,0),(10612,2015,16,424,8,0),(10613,2015,16,458,2,0),(10616,2015,16,301,3,0),(10618,2015,16,253,3,0),(10619,2015,16,392,7,0),(10621,2015,16,740,1,0),(10622,2015,16,559,9,0),(10623,2015,16,518,8,0),(10624,2015,16,222,9,0),(10625,2015,16,382,9,0),(10626,2015,16,469,8,0),(10627,2015,16,399,8,0),(10628,2015,16,352,6,0),(10629,2015,16,464,9,0),(10630,2015,16,798,4,0),(10631,2015,16,556,8,0),(10632,2015,16,776,6,0),(10633,2015,16,509,4,0),(10634,2015,16,401,4,0),(10635,2015,16,800,7,0),(10636,2015,16,810,4,0),(10637,2015,16,314,8,0),(10638,2015,16,705,7,0),(10639,2015,16,784,2,0),(10640,2015,16,479,8,0),(10641,2015,16,676,7,0),(10642,2015,16,453,8,0),(10643,2015,16,505,7,0),(10644,2015,16,510,10,0),(10645,2015,16,275,7,0),(10646,2015,16,326,7,0),(10647,2015,16,764,4,0),(10648,2015,16,313,9,0),(10649,2015,16,306,9,0),(10650,2015,16,370,9,0),(10651,2015,16,541,6,0),(10652,2015,16,573,7,0),(10653,2015,16,539,6,0),(10654,2015,16,579,3,0),(10655,2015,16,472,4,0),(10656,2015,16,463,7,0),(10657,2015,16,376,3,0),(10658,2015,16,248,6,0),(10659,2015,16,346,6,0),(10660,2015,16,806,6,0),(10661,2015,16,475,5,0),(10662,2015,16,381,6,0),(10663,2015,16,293,7,0),(10664,2015,16,528,5,0),(10665,2015,16,483,7,0),(10666,2015,16,318,5,0),(10667,2015,16,714,3,0),(10668,2015,16,260,6,0),(10670,2015,16,616,3,0),(10671,2015,16,211,5,0),(10673,2015,16,664,8,0),(10674,2015,16,663,3,0),(10675,2015,16,378,3,0),(10676,2015,16,218,2,0),(10677,2015,16,242,1,0),(10678,2015,16,270,1,0),(10679,2015,16,478,1,0),(10680,2015,16,451,2,0),(10681,2015,16,405,2,0),(10682,2015,16,317,5,0),(10683,2015,16,294,10,0),(10684,2015,16,570,3,0),(10685,2015,16,429,3,0),(10687,2015,16,558,5,0),(10688,2015,16,526,6,0),(10689,2015,16,446,5,0),(10691,2015,16,435,4,0),(10693,2015,16,814,2,0),(10694,2015,16,289,4,0),(10696,2015,16,759,2,0),(10697,2015,16,356,8,0),(10700,2015,16,375,6,0),(10701,2015,16,280,10,0),(10702,2015,16,728,1,0),(10703,2015,16,731,6,0),(10704,2015,16,674,2,0),(10705,2015,16,766,2,0),(10706,2015,16,711,9,0),(10707,2015,9,342,10,0),(10708,2015,9,711,9,0),(10709,2015,9,393,9,0),(10710,2015,9,537,10,0),(10711,2015,9,466,10,0),(10712,2015,9,501,10,0),(10713,2015,9,559,8,0),(10714,2015,9,521,10,0),(10715,2015,9,518,9,0),(10716,2015,9,222,9,0),(10717,2015,9,254,10,0),(10718,2015,9,510,10,0),(10719,2015,9,313,9,0),(10720,2015,9,306,8,0),(10721,2015,9,348,5,0),(10722,2015,9,264,4,0),(10723,2015,9,388,5,0),(10724,2015,9,461,2,0),(10725,2015,9,536,5,0),(10726,2015,9,392,7,0),(10727,2015,9,712,8,0),(10728,2015,9,314,8,0),(10729,2015,16,765,8,0),(10730,2015,16,575,5,0),(10731,2015,16,769,6,0),(10732,2015,16,709,7,0),(10733,2015,16,264,2,0),(10737,2015,16,227,3,0),(10739,2015,16,388,4,0),(10740,2015,16,803,1,0),(10741,2015,16,555,1,0),(10742,2015,16,536,5,0),(10743,2015,9,531,7,0),(10744,2015,9,302,7,0),(10745,2015,9,280,10,0),(10746,2015,9,453,8,0),(10747,2015,9,370,9,0),(10748,2015,9,399,9,0),(10749,2015,9,382,8,0),(10750,2015,9,513,10,0),(10751,2015,9,469,8,0),(10752,2015,9,352,5,0),(10753,2015,9,464,9,0),(10754,2015,9,479,8,0),(10755,2015,9,705,7,0),(10756,2015,9,800,6,0),(10757,2015,9,573,7,0),(10758,2015,9,556,8,0),(10759,2015,9,293,8,0),(10760,2015,9,483,7,0),(10761,2015,9,260,6,0),(10762,2015,9,211,6,0),(10763,2015,9,317,6,0),(10764,2015,9,294,9,0),(10765,2015,9,558,3,0),(10766,2015,9,526,4,0),(10767,2015,9,435,6,0),(10768,2015,9,360,7,0),(10769,2015,9,356,8,0),(10770,2015,9,463,6,0),(10771,2015,9,326,7,0),(10772,2015,9,676,7,0),(10773,2015,9,381,7,0),(10774,2015,9,505,7,0),(10775,2015,16,778,4,0),(10776,2015,16,809,1,0),(10777,2015,16,327,4,0),(10778,2015,11,334,3,0),(10779,2015,1,342,10,0),(10780,2015,1,711,10,0),(10781,2015,1,393,10,0),(10782,2015,1,537,10,0),(10783,2015,1,466,10,0),(10784,2015,9,798,6,0),(10785,2015,9,776,6,0),(10786,2015,9,509,6,0),(10787,2015,9,401,5,0),(10788,2015,9,810,4,0),(10789,2015,9,275,7,0),(10790,2015,9,539,5,0),(10791,2015,9,765,8,0),(10792,2015,9,523,9,0),(10793,2015,9,550,5,0),(10794,2015,9,709,5,0),(10795,2015,9,375,6,0),(10796,2015,9,487,1,0),(10797,2015,9,731,7,0),(10798,2015,9,452,8,0),(10799,2015,9,316,6,0),(10800,2015,9,446,4,0),(10801,2015,9,420,3,0),(10802,2015,9,423,3,0),(10803,2015,9,227,2,0),(10804,2015,9,809,1,0),(10805,2015,9,522,3,0),(10806,2015,9,253,6,0),(10807,2015,9,788,6,0),(10808,2015,9,639,2,0),(10809,2015,9,740,2,0),(10811,2015,9,764,4,0),(10812,2015,9,378,4,0),(10813,2015,9,541,3,0),(10814,2015,9,806,6,0),(10815,2015,9,663,3,0),(10816,2015,9,607,3,0),(10817,2015,9,248,5,0),(10818,2015,9,579,3,0),(10819,2015,9,472,4,0),(10820,2015,9,376,4,0),(10821,2015,9,346,4,0),(10822,2015,9,475,4,0),(10823,2015,9,528,2,0),(10824,2015,9,784,2,0),(10825,2015,9,318,4,0),(10826,2015,9,714,3,0),(10827,2015,16,473,2,0),(10828,2015,9,616,4,0),(10829,2015,9,766,2,0),(10830,2015,9,218,2,0),(10831,2015,9,242,2,0),(10832,2015,9,429,2,0),(10833,2015,9,814,2,0),(10834,2015,9,270,1,0),(10835,2015,9,451,3,0),(10836,2015,9,405,1,0),(10837,2015,9,778,2,0),(10838,2015,9,570,3,0),(10839,2015,9,329,1,0),(10840,2015,9,497,1,0),(10841,2015,9,728,1,0),(10842,2015,9,636,1,0),(10843,2015,16,636,1,0),(10844,2015,16,320,1,0),(10845,2015,16,414,1,0),(10846,2015,9,575,5,0),(10847,2015,9,564,1,0),(10848,2015,9,240,4,0),(10849,2015,9,327,5,0),(10850,2015,9,744,3,0),(10851,2015,9,759,1,0),(10852,2015,9,289,2,0),(10853,2015,9,396,1,0),(10854,2015,8,508,1,0),(10855,2015,8,482,4,0),(10856,2015,1,501,10,0),(10857,2015,1,521,10,0),(10858,2015,1,513,10,0),(10859,2015,1,559,10,0),(10860,2015,1,518,10,0),(10861,2015,1,222,9,0),(10862,2015,1,382,9,0),(10863,2015,1,469,8,0),(10864,2015,1,399,8,0),(10865,2015,1,254,9,0),(10866,2015,1,464,10,0),(10867,2015,12,778,1,0),(10868,2015,12,570,1,0),(10869,2015,12,357,1,0),(10870,2015,12,424,1,0),(10871,2015,13,798,7,0),(10872,2015,13,776,6,0),(10873,2015,13,509,7,0),(10874,2015,13,712,6,0),(10875,2015,13,401,6,0),(10876,2015,13,800,5,0),(10877,2015,13,810,5,0),(10878,2015,13,705,3,0),(10879,2015,13,326,7,0),(10880,2015,13,764,6,0),(10881,2015,13,313,7,0),(10882,2015,13,573,6,0),(10883,2015,13,539,6,0),(10884,2015,13,579,6,0),(10885,2015,13,472,5,0),(10886,2015,13,463,6,0),(10887,2015,13,376,5,0),(10888,2015,13,248,5,0),(10889,2015,13,346,5,0),(10890,2015,13,806,2,0),(10891,2015,13,475,5,0),(10892,2015,13,381,6,0),(10893,2015,13,528,7,0),(10894,2015,13,483,6,0),(10895,2015,13,318,3,0),(10896,2015,13,415,2,0),(10897,2015,13,218,3,0),(10898,2015,13,294,6,0),(10899,2015,13,429,6,0),(10900,2015,13,435,4,0),(10901,2015,13,260,6,0),(10902,2015,13,616,2,0),(10903,2015,13,378,2,0),(10904,2015,13,396,1,0),(10905,2015,13,211,1,0),(10906,2015,13,360,1,0),(10907,2015,13,289,1,0),(10908,2015,13,817,1,0),(10909,2015,1,556,9,0),(10910,2015,1,314,9,0),(10911,2015,1,453,8,0),(10912,2015,1,505,9,0),(10913,2015,1,510,9,0),(10914,2015,1,326,9,0),(10915,2015,1,313,7,0),(10916,2015,1,306,9,0),(10917,2015,1,370,9,0),(10918,2015,1,541,7,0),(10919,2015,1,573,8,0),(10920,2015,1,539,8,0),(10921,2015,1,579,8,0),(10922,2015,1,509,7,0),(10923,2015,1,401,4,0),(10924,2015,1,479,6,0),(10925,2015,1,381,8,0),(10926,2015,1,293,8,0),(10927,2015,1,318,5,0),(10928,2015,1,483,7,0),(10929,2015,1,260,8,0),(10930,2015,1,817,6,0),(10931,2015,1,405,7,0),(10932,2015,1,317,6,0),(10933,2015,1,294,8,0),(10934,2015,1,526,8,0),(10935,2015,1,446,4,0),(10936,2015,1,238,6,0),(10937,2015,1,375,6,0),(10938,2015,1,497,6,0),(10939,2015,1,280,8,0),(10940,2015,1,452,8,0),(10941,2015,1,316,6,0),(10942,2015,1,357,4,0),(10943,2015,1,252,5,0),(10944,2015,1,523,6,0),(10945,2015,1,424,6,0),(10946,2015,1,352,7,0),(10947,2015,1,800,7,0),(10948,2015,1,275,6,0),(10949,2015,1,463,7,0),(10950,2015,1,376,5,0),(10951,2015,1,248,6,0),(10952,2015,1,798,7,0),(10953,2015,1,776,5,0),(10954,2015,1,712,5,0),(10955,2015,1,705,5,0),(10956,2015,1,784,5,0),(10957,2015,1,764,4,0),(10958,2015,1,472,6,0),(10959,2015,1,346,4,0),(10960,2015,1,806,7,0),(10961,2015,1,475,7,0),(10962,2015,1,644,5,0),(10963,2015,1,801,5,0),(10964,2015,1,302,6,0),(10965,2015,1,387,3,0),(10966,2015,1,487,4,0),(10967,2015,1,462,2,0),(10968,2015,1,350,2,0),(10969,2015,1,320,3,0),(10970,2015,1,414,4,0),(10971,2015,1,425,4,0),(10972,2015,1,473,2,0),(10973,2015,1,550,7,0),(10974,2015,1,508,4,0),(10975,2015,1,482,3,0),(10976,2015,1,334,2,0),(10977,2015,1,364,2,0),(10978,2015,1,458,2,0),(10979,2015,1,477,5,0),(10980,2015,1,340,6,0),(10981,2015,1,388,4,0),(10982,2015,1,461,4,0),(10983,2015,1,253,5,0),(10984,2015,1,803,3,0),(10985,2015,1,555,2,0),(10986,2015,1,536,7,0),(10987,2015,1,392,4,0),(10988,2015,1,714,1,0),(10989,2015,1,396,1,0),(10990,2015,1,616,2,0),(10991,2015,1,211,1,0),(10992,2015,1,664,1,0),(10994,2015,1,415,3,0),(10995,2015,1,218,3,0),(10996,2015,1,242,2,0),(10997,2015,1,607,2,0),(10999,2015,1,451,1,0),(11000,2015,1,778,1,0),(11001,2015,1,570,3,0),(11002,2015,1,602,3,0),(11003,2015,1,558,3,0),(11004,2015,1,484,3,0),(11006,2015,1,295,3,0),(11007,2015,1,435,2,0),(11008,2015,1,360,1,0),(11009,2015,1,289,3,0),(11010,2015,1,613,1,0),(11011,2015,1,309,1,0),(11012,2015,1,715,2,0),(11013,2015,1,795,2,0),(11014,2015,1,249,1,0);

--
-- Table structure for table `season`
--

CREATE TABLE `season` (
  `season_id` int(11) NOT NULL AUTO_INCREMENT,
  `sport` enum('Baseball','Football','Basketball','Cookoff') NOT NULL,
  `year` int(11) NOT NULL,
  `winning_owner` varchar(45) NOT NULL,
  `winning_team` varchar(45) DEFAULT NULL,
  `runner_up_owner` varchar(45) DEFAULT NULL,
  `runner_up_team` varchar(45) DEFAULT NULL,
  `result` varchar(15) DEFAULT NULL,
  PRIMARY KEY (`season_id`)
) ENGINE=InnoDB AUTO_INCREMENT=52 DEFAULT CHARSET=latin1;

--
-- Dumping data for table `season`
--

INSERT INTO `season` VALUES (1,'Football',2004,'Kurt Ebrahim','Pushy Penguins','Mike Board','Sweetwater All-Stars','196-145'),(2,'Baseball',2004,'Lou Genova','Gotta have his Dip-Tet','Steve Novick','Drinkin\' the Kool-Aid','2-1'),(3,'Basketball',2003,'Brad Miller','Will Jesse Beat Me?','Glenn Weinberg','Captain Fantasy','2-0'),(4,'Football',2003,'Erik Morrison','Tasty Kakes','Matt Hennings','Riders of Rohan','190-150'),(5,'Baseball',2003,'Glenn Weinberg','Marble Tulip Juicy Tree','Adam Moskowitz','Muslim Kids','2-0'),(6,'Basketball',2002,'Erik Morrison','Tasty Kakes','Matt Seltzer','Stupid Team','2-1'),(7,'Baseball',2002,'Alex Gordon','20 Grand Man','Matt Greenberg','GJ says grrrr','2-0'),(8,'Basketball',2001,'Josh Kaufman','Tastes Like Chinese Food','Matt Greenberg','Lettuce In Context','3-2'),(9,'Basketball',2000,'Erik Morrison','Tasty Kakes','Kurt Ebrahim','Stiffler\'s Mom','3-0'),(10,'Basketball',2004,'Brad Miller','kurt sucks','Kara Ebrahim','Jerk Store','2-0'),(11,'Baseball',2005,'Brad Miller','Miller\'s Playhouse','Matt & Glenn','The Tauntable King','2-0'),(12,'Football',2005,'Glenn Weinberg','Seahawk Nation','Steve Siporin','SHINEBOXES','175-123'),(13,'Basketball',2006,'Brad Miller','Loves to Spooge','Tanner Grover','F HUGH!','2-0'),(14,'Football',2006,'Steve Siporin','Purple Room of Requiermen','Matt Hennings','Dorothy Mantooth is a Sai','178.5-132.5'),(15,'Basketball',2005,'Tanner Grover','F HUGH!','Matt Greenberg','something about caveman h','2-1'),(16,'Baseball',2006,'Jesse Greenberg','Samiches','Steve Siporin','My Sweet Dick, It\'s Magic','2-0'),(17,'Baseball',2007,'Glenn & Matt','Moppom Tops','Lou Genova','Time Enough at Last','2-0'),(18,'Football',2007,'Charlie Greenholz','slap and pickle','Matt Greenberg','monkey butlers','219.5-200.7'),(19,'Baseball',2008,'Glenn & Matt','Moppom Tops','Charlie Greenholz','Jesus can walk on water','2-1'),(20,'Baseball',2009,'Lou Genova','The Generalissimo','Evan Kuby','Testicular Fortitude','2-0'),(21,'Football',2008,'Charlie Greenholz','He Whooped Joe Louis\' Ass','Mike Board','Sweetwater All-Stars','190.5-172.5'),(22,'Football',2009,'Charlie Greenholz','The Bear Jew','Steve Siporin','Weed Wonderland','178.7-163'),(23,'Basketball',2007,'Tanner Grover','','','',''),(24,'Basketball',2008,'Erik Morrison','Tasty Kakes','Jesse Greenberg','kiki vandeweghe','4-3'),(25,'Cookoff',2009,'Steve Novick','Reuben Sandwich Egg Rolls','Dave Kaufstein','Chicken Gyro Souvlaki',''),(26,'Cookoff',2010,'Jesse Greenberg','French Toast Two Ways','Steve Novick','Fried Chicken and Waffles',''),(27,'Football',2010,'Mike Board','sweetwater allstars','Tommy Gibson','The Ligers','224.1-175.8'),(28,'Baseball',2010,'Charlie Greenholz','Chocolate Giddy-up','Sean Leahy','Drunken Irish Leprechauns','2-0'),(29,'Baseball',2011,'Steve Novick','Operation Righteous Cowboy Lightning','Brad Miller','Choo on my Hameltoe','2-0'),(30,'Cookoff',2011,'Matthew Hennings','Baby Lamb Chops','','',''),(31,'Football',2011,'Steve Siporin','Wolf Monkey','Mike Board','Sweetwater All-Stars','176.9-165.2'),(32,'Cookoff',2005,'Glenn Weinberg','Chili','','',''),(33,'Cookoff',2006,'Matt Greenberg','Stew','','',''),(34,'Cookoff',2007,'Matt Seltzer','Chili','','',''),(35,'Cookoff',2008,'Matt Seltzer','Brisket','','',''),(36,'Cookoff',2012,'Dave Kaufstein','Mike Lamb','Mike Board','Meatball Barmey-giana Heroes',''),(37,'Baseball',2012,'Matt Seltzer','The Mookie','Brad Miller','Use Luebke on your Wandy for ease into a Hame','2-0'),(38,'Baseball',2013,'Pete Kalkau','Hotel Beeper Friendly?','Matt Seltzer','The Mookie','2-0'),(39,'Football',2012,'Sean Leahy','Orange Julius Peppers','Glenn Weinberg','Latino Voleibol Shantytown','194.3-163.2'),(40,'Football',2013,'Devin Gregorie','Team Gregorie','Steve Siporin','Twin Magic','197.2-183'),(41,'Cookoff',2013,'Matt Hennings','Lobster Bisque with Cheddar Biscuits',NULL,NULL,NULL),(42,'Cookoff',2014,'Dave Kaufstein','Pulled Pork Sandwiches',NULL,NULL,NULL),(43,'Baseball',2014,'Steve Siporin','Guava Chem','Jesse Greenberg','Samiches','2-1'),(44,'Football',2014,'Evan Kuby','Wealthy Big Penis','Jesse Greenberg','Aleppo Alawites','213.1-150.3'),(45,'Cookoff',2015,'Jesse Greenberg','Martin Short Ribs',NULL,NULL,NULL),(46,'Baseball',2015,'Jon Kaufstein','Freddie Freeman Really Likes Hugs','MGW','The Schroeder','2-1'),(47,'Baseball',2016,'Steve Novick','Operation Righteous Cowboy Lightning','Jesse Greenberg','Samiches','2-1'),(48,'Football',2015,'Evan Kuby','Wealthy Big Penis','Jesse Greenberg','Kurdistan Rebels','187.5-175.2'),(49,'Football',2016,'Matt Greenberg','often those blasted mutants','Kaufman Bros','Eskimo Brothers','191.4-129.8'),(50,'Cookoff',2016,'Dave Kaufstein','Pork Bellies',NULL,NULL,NULL),(51,'Cookoff',2017,'Matt Greenberg','BLTs & Potato soup',NULL,NULL,NULL);

--
-- Table structure for table `stat`
--

CREATE TABLE `stat` (
  `stat_id` int(11) NOT NULL AUTO_INCREMENT,
  `year` int(11) NOT NULL,
  `player_id` int(11) NOT NULL,
  `fantasy_pts` double NOT NULL,
  PRIMARY KEY (`stat_id`),
  UNIQUE KEY `uq_year_player` (`year`,`player_id`)
) ENGINE=InnoDB AUTO_INCREMENT=2648 DEFAULT CHARSET=latin1;

--
-- Dumping data for table `stat`
--

INSERT INTO `stat` VALUES (128,2012,203,420),(129,2012,204,492),(130,2012,205,499.5),(131,2012,206,596),(132,2012,207,448),(133,2012,208,164.5),(134,2012,209,654.5),(135,2012,210,626.5),(136,2012,211,124),(137,2012,212,0),(138,2012,213,281),(139,2012,214,620.5),(140,2012,215,390),(141,2012,216,469.5),(142,2012,217,482),(143,2012,218,532.5),(144,2012,219,629.5),(145,2012,220,493.5),(146,2012,221,23.5),(147,2012,222,424),(148,2012,223,404.5),(149,2012,224,479),(150,2012,225,311),(151,2012,226,419.5),(152,2012,227,626.5),(153,2012,228,758.5),(154,2012,229,82),(155,2012,230,492.5),(156,2012,231,589.5),(157,2012,232,373),(158,2012,233,233),(159,2012,234,634),(160,2012,235,584.5),(161,2012,236,111),(162,2012,237,835),(163,2012,238,170.5),(164,2012,239,172.5),(165,2012,240,608.5),(166,2012,241,528.5),(167,2012,242,647),(168,2012,243,747),(169,2012,244,12),(170,2012,245,691),(171,2012,246,701),(172,2012,247,885.5),(173,2012,248,597),(174,2012,249,549),(175,2012,250,363.5),(176,2012,251,652.5),(177,2012,252,216.5),(178,2012,253,776.5),(179,2012,254,773.5),(180,2012,255,677.5),(181,2012,256,43.5),(182,2012,257,219),(183,2012,258,0),(184,2012,259,656),(185,2012,260,573),(186,2012,261,177),(187,2012,262,694),(188,2012,263,596.5),(189,2012,264,627),(190,2012,265,251.5),(191,2012,266,387),(192,2012,267,524),(193,2012,268,454),(194,2012,269,0),(195,2012,270,416.5),(196,2012,271,426),(197,2012,272,580),(198,2012,273,146.5),(199,2012,274,525),(200,2012,275,600),(201,2012,276,287),(202,2012,277,384.5),(203,2012,278,769),(204,2012,279,0),(205,2012,280,716),(206,2012,281,482),(207,2012,282,481.5),(208,2012,283,452),(209,2012,284,549.5),(210,2012,285,505),(211,2012,286,553),(212,2012,287,571),(213,2012,288,537),(214,2012,289,903.5),(215,2012,290,490),(216,2012,291,221),(217,2012,292,458),(218,2012,293,298.5),(219,2012,294,747.5),(220,2012,295,596),(221,2012,296,467),(222,2012,297,481),(223,2012,298,546),(224,2012,299,593.5),(225,2012,300,769.5),(226,2012,301,439.6),(227,2012,302,464.5),(228,2012,303,488),(229,2012,304,284),(230,2012,305,428.5),(231,2012,306,598.5),(232,2012,307,529),(233,2012,308,519),(234,2012,309,684.5),(235,2012,310,375.5),(236,2012,311,39.5),(237,2012,312,603),(238,2012,313,466),(239,2012,314,701.5),(240,2012,315,642.5),(241,2012,316,742),(242,2012,317,668.5),(243,2012,318,253),(244,2012,319,255),(245,2012,320,604),(246,2012,321,728.5),(247,2012,322,267),(248,2012,323,464.5),(249,2012,324,0),(250,2012,325,477),(251,2012,326,815),(252,2012,327,710.5),(253,2012,328,0),(254,2012,329,407),(255,2012,330,519),(256,2012,331,505),(257,2012,332,452.5),(258,2012,333,548.5),(259,2012,334,554.5),(260,2012,335,522),(261,2012,336,573),(262,2012,337,728),(263,2012,338,578.5),(264,2012,339,215),(265,2012,340,736.5),(266,2012,341,555.5),(267,2012,342,796.5),(268,2012,343,620.5),(269,2012,344,732.5),(270,2012,345,514),(271,2012,346,428),(272,2012,347,705.5),(273,2012,348,487.5),(274,2012,349,215),(275,2012,350,595.5),(276,2012,351,83.5),(277,2012,352,601),(278,2012,353,0),(279,2012,354,596.5),(280,2012,355,549.5),(281,2012,356,500),(282,2012,357,610.5),(283,2012,358,51),(284,2012,359,643.5),(285,2012,360,517),(286,2012,361,464),(287,2012,362,383.5),(288,2012,363,494),(289,2012,364,498.5),(290,2012,365,699.5),(291,2012,366,427),(292,2012,367,441),(293,2012,368,659),(294,2012,369,660),(295,2012,370,695.5),(296,2012,371,523),(297,2012,372,464),(298,2012,373,385.5),(299,2012,374,381.5),(300,2012,375,484),(301,2012,376,498.5),(302,2012,377,593),(303,2012,378,622.5),(304,2012,379,410),(305,2012,380,814.5),(306,2012,381,707),(307,2012,382,703.5),(308,2012,383,634),(309,2012,384,579),(310,2012,385,708.5),(311,2012,386,265),(312,2012,387,613),(313,2012,388,694.5),(314,2012,389,70.5),(315,2012,390,478.5),(316,2012,391,563.5),(317,2012,392,736),(318,2012,393,564.5),(319,2012,394,173.5),(320,2012,395,498.5),(321,2012,396,722),(322,2012,397,337),(323,2012,398,319.5),(324,2012,399,436),(325,2012,400,467.5),(326,2012,401,591.5),(327,2012,402,176),(328,2012,403,577),(329,2012,404,441),(330,2012,405,475.5),(331,2012,406,138),(332,2012,407,0),(333,2012,408,404),(334,2012,409,41),(335,2012,410,304),(336,2012,411,513),(337,2012,412,696.5),(338,2012,413,335.5),(339,2012,414,444),(340,2012,415,335.5),(341,2012,416,768.5),(342,2012,417,520.5),(343,2012,418,674),(344,2012,419,287),(345,2012,420,700),(346,2012,421,100.5),(347,2012,422,603),(348,2012,423,580),(349,2012,424,696.5),(350,2012,425,597.5),(351,2012,426,433),(352,2012,427,570.9),(353,2012,428,457.5),(354,2012,429,501.5),(355,2012,430,0),(356,2012,431,433.5),(357,2012,432,383.5),(358,2012,433,637),(359,2012,434,502.5),(360,2012,435,565),(361,2012,436,536.5),(362,2012,437,0),(363,2012,438,339.5),(364,2012,439,566),(365,2012,440,125.5),(366,2012,441,721),(367,2012,442,495.5),(368,2012,443,468),(369,2012,444,447.5),(370,2012,445,16),(371,2012,446,470.5),(372,2012,447,661.5),(373,2012,448,622),(374,2012,449,639.5),(375,2012,450,382),(376,2012,451,755),(377,2012,452,653.5),(378,2012,453,617.5),(379,2012,454,442),(380,2012,455,344),(381,2012,456,504),(382,2012,457,296),(383,2012,458,627),(384,2012,459,477.5),(385,2012,460,576),(386,2012,461,0),(387,2012,462,375),(388,2012,463,496.5),(389,2012,464,776),(390,2012,465,697.5),(391,2012,466,840),(392,2012,467,11),(393,2012,468,0),(394,2012,469,740.5),(395,2012,470,467),(396,2012,471,348),(397,2012,472,377.9),(398,2012,473,746),(399,2012,474,615.5),(400,2012,475,550.5),(401,2012,476,468.5),(402,2012,477,572.5),(403,2012,478,535),(404,2012,479,742),(405,2012,480,386.5),(406,2012,481,596),(407,2012,482,719.5),(408,2012,483,349),(409,2012,484,772),(410,2012,485,470),(411,2012,486,607.5),(412,2012,487,680),(413,2012,488,341.5),(414,2012,489,483.5),(415,2012,490,485),(416,2012,491,468),(417,2012,492,279.5),(418,2012,493,703.5),(419,2012,494,752.5),(420,2012,495,586.6),(421,2012,496,639),(422,2012,497,445.5),(423,2012,498,586),(424,2012,499,361.5),(425,2012,500,468.5),(426,2012,501,666),(427,2012,502,708.5),(428,2012,503,584),(429,2012,504,171.5),(430,2012,505,788),(431,2012,506,87),(432,2012,507,569),(433,2012,508,601),(434,2012,509,533.5),(435,2012,510,525.5),(436,2012,511,0),(437,2012,512,135.5),(438,2012,513,603.5),(439,2012,514,366.5),(440,2012,515,631.5),(441,2012,516,583.5),(442,2012,517,0),(443,2012,518,30.5),(444,2012,519,515),(445,2012,520,381.5),(446,2012,521,808.5),(447,2012,522,513),(448,2012,523,222.5),(449,2012,524,168.5),(450,2012,525,496),(451,2012,526,617.5),(452,2012,527,540.5),(453,2012,528,373),(454,2012,529,493),(455,2012,530,666.5),(456,2012,531,930.5),(457,2012,532,448),(458,2012,533,624),(459,2012,534,508.5),(460,2012,535,626.5),(461,2012,536,523.5),(462,2012,537,679),(463,2012,538,480),(464,2012,539,661.5),(465,2012,540,515.5),(466,2012,541,331),(467,2012,542,541.5),(468,2012,543,0),(469,2012,544,584.5),(470,2012,545,560),(471,2012,546,621.5),(472,2012,547,630),(473,2012,548,470.5),(474,2012,549,362),(475,2012,550,719.5),(476,2012,551,420),(477,2012,552,568.5),(478,2012,553,292),(479,2012,554,422),(480,2012,555,648.5),(481,2012,556,607.5),(482,2012,557,570.5),(483,2012,558,653),(484,2012,559,0),(485,2012,570,443.5),(846,2013,660,0),(847,2013,204,325),(848,2013,646,326),(849,2013,205,353),(850,2013,206,610),(851,2013,207,514),(852,2013,209,702),(853,2013,210,660),(854,2013,634,0),(855,2013,211,417),(856,2013,623,269),(857,2013,212,447),(858,2013,597,330),(859,2013,214,585),(860,2013,216,390),(861,2013,218,564),(862,2013,680,0),(863,2013,219,695.5),(864,2013,590,551),(865,2013,222,578),(866,2013,569,112),(867,2013,693,342),(868,2013,226,578),(869,2013,227,652),(870,2013,228,781),(871,2013,685,512),(872,2013,701,292),(873,2013,621,45),(874,2013,234,506),(875,2013,651,0),(876,2013,586,84),(877,2013,235,632),(878,2013,237,261),(879,2013,239,569),(880,2013,240,680),(881,2013,241,473),(882,2013,242,564.5),(883,2013,243,794.5),(884,2013,244,0),(885,2013,245,626),(886,2013,246,620),(887,2013,630,0),(888,2013,249,497),(889,2013,250,455),(890,2013,247,925),(891,2013,251,462.5),(892,2013,253,601.5),(893,2013,636,226),(894,2013,254,805),(895,2013,256,0),(896,2013,573,864),(897,2013,257,431),(898,2013,258,11),(899,2013,690,379),(900,2013,706,491),(901,2013,259,475),(902,2013,691,0),(903,2013,260,517),(904,2013,261,609),(905,2013,262,608),(906,2013,263,400.5),(907,2013,264,737),(908,2013,624,394.8),(909,2013,266,587),(910,2013,268,542.5),(911,2013,269,413),(912,2013,270,674),(913,2013,671,696.5),(914,2013,649,0),(915,2013,674,234.5),(916,2013,271,526),(917,2013,272,642),(918,2013,273,458),(919,2013,274,661),(920,2013,275,441),(921,2013,277,646),(922,2013,278,232),(923,2013,279,60),(924,2013,280,795),(925,2013,699,70),(926,2013,282,798),(927,2013,661,189),(928,2013,284,599),(929,2013,589,479),(930,2013,286,636),(931,2013,289,662.5),(932,2013,703,413),(933,2013,637,499),(934,2013,676,742),(935,2013,601,437.5),(936,2013,705,550),(937,2013,652,0),(938,2013,291,456),(939,2013,666,106.5),(940,2013,577,460),(941,2013,608,253),(942,2013,292,421),(943,2013,677,413),(944,2013,293,731),(945,2013,295,511),(946,2013,296,508),(947,2013,298,429),(948,2013,299,490),(949,2013,650,349),(950,2013,673,579),(951,2013,622,742),(952,2013,300,731),(953,2013,302,661),(954,2013,662,69),(955,2013,303,471),(956,2013,305,505),(957,2013,306,741),(958,2013,307,429),(959,2013,309,550.5),(960,2013,639,225),(961,2013,311,583),(962,2013,653,506),(963,2013,659,382),(964,2013,626,156),(965,2013,614,633.5),(966,2013,669,234),(967,2013,696,80),(968,2013,657,78),(969,2013,312,850),(970,2013,313,635),(971,2013,314,674),(972,2013,315,531),(973,2013,316,682),(974,2013,667,0),(975,2013,317,666),(976,2013,320,186),(977,2013,641,301),(978,2013,625,463),(979,2013,321,634.5),(980,2013,322,692),(981,2013,592,484),(982,2013,323,572),(983,2013,324,442),(984,2013,325,166),(985,2013,326,687),(986,2013,328,60),(987,2013,327,535),(988,2013,334,613),(989,2013,335,493),(990,2013,336,526),(991,2013,339,715.5),(992,2013,340,467),(993,2013,682,0),(994,2013,704,392.5),(995,2013,341,469.5),(996,2013,681,487),(997,2013,342,725),(998,2013,343,418),(999,2013,344,373),(1000,2013,683,161),(1001,2013,345,723.5),(1002,2013,346,727),(1003,2013,347,732),(1004,2013,348,716),(1005,2013,352,380),(1006,2013,353,0),(1007,2013,354,691),(1008,2013,654,340),(1009,2013,355,508),(1010,2013,356,828.5),(1011,2013,357,575),(1012,2013,360,627),(1013,2013,361,495),(1014,2013,363,594),(1015,2013,364,565),(1016,2013,365,52),(1017,2013,366,588),(1018,2013,367,515),(1019,2013,369,610),(1020,2013,368,134.5),(1021,2013,370,764),(1022,2013,374,473.5),(1023,2013,375,254),(1024,2013,376,478),(1025,2013,378,467),(1026,2013,380,955.5),(1027,2013,381,739),(1028,2013,382,674),(1029,2013,383,701),(1030,2013,385,633),(1031,2013,663,670.5),(1032,2013,632,192),(1033,2013,388,709),(1034,2013,390,385),(1035,2013,616,656.5),(1036,2013,392,877),(1037,2013,393,669),(1038,2013,395,615.5),(1039,2013,566,517),(1040,2013,694,0),(1041,2013,678,597),(1042,2013,686,526.5),(1043,2013,396,633),(1044,2013,595,589),(1045,2013,398,643),(1046,2013,610,671),(1047,2013,399,650),(1048,2013,401,629),(1049,2013,402,681),(1050,2013,403,423),(1051,2013,684,51),(1052,2013,405,639),(1053,2013,406,548),(1054,2013,409,504),(1055,2013,408,477),(1056,2013,687,114),(1057,2013,559,684),(1058,2013,411,664.5),(1059,2013,412,550),(1060,2013,414,413),(1061,2013,416,813),(1062,2013,633,566),(1063,2013,418,703),(1064,2013,643,476),(1065,2013,419,290),(1066,2013,420,609),(1067,2013,670,321),(1068,2013,421,651),(1069,2013,423,723.5),(1070,2013,424,679),(1071,2013,426,63),(1072,2013,645,0),(1073,2013,427,486),(1074,2013,428,598),(1075,2013,692,421),(1076,2013,429,562),(1077,2013,432,207),(1078,2013,612,522),(1079,2013,434,368),(1080,2013,707,530),(1081,2013,435,740),(1082,2013,436,390),(1083,2013,437,376),(1084,2013,438,541),(1085,2013,439,663),(1086,2013,640,570),(1087,2013,441,437.5),(1088,2013,599,646.5),(1089,2013,442,501.5),(1090,2013,443,565),(1091,2013,697,262),(1092,2013,446,740),(1093,2013,447,330),(1094,2013,448,464),(1095,2013,449,616.5),(1096,2013,450,589),(1097,2013,451,479.5),(1098,2013,452,793),(1099,2013,453,767),(1100,2013,456,355),(1101,2013,695,396.5),(1102,2013,455,584),(1103,2013,587,568),(1104,2013,458,667),(1105,2013,460,532),(1106,2013,461,0),(1107,2013,463,579.5),(1108,2013,464,662),(1109,2013,465,668),(1110,2013,466,538.5),(1111,2013,467,236),(1112,2013,468,460),(1113,2013,469,437),(1114,2013,472,670.5),(1115,2013,475,640),(1116,2013,473,366),(1117,2013,474,486),(1118,2013,635,345),(1119,2013,476,425),(1120,2013,604,567),(1121,2013,478,323),(1122,2013,479,452),(1123,2013,482,715),(1124,2013,574,600),(1125,2013,483,599),(1126,2013,484,531),(1127,2013,485,153),(1128,2013,487,550),(1129,2013,585,540),(1130,2013,489,535),(1131,2013,644,386),(1132,2013,571,226),(1133,2013,584,344),(1134,2013,575,706.5),(1135,2013,493,617.5),(1136,2013,672,229),(1137,2013,494,781.5),(1138,2013,648,504),(1139,2013,495,557.5),(1140,2013,496,748),(1141,2013,497,552),(1142,2013,582,0),(1143,2013,498,653),(1144,2013,613,655.5),(1145,2013,501,853.5),(1146,2013,502,507),(1147,2013,503,632),(1148,2013,591,641),(1149,2013,505,737.5),(1150,2013,655,456),(1151,2013,572,604),(1152,2013,506,115),(1153,2013,507,634),(1154,2013,508,562),(1155,2013,509,622),(1156,2013,631,0),(1157,2013,510,440),(1158,2013,679,4),(1159,2013,512,500),(1160,2013,513,629.5),(1161,2013,593,479),(1162,2013,700,598.5),(1163,2013,515,481),(1164,2013,516,529),(1165,2013,658,0),(1166,2013,517,0),(1167,2013,638,0),(1168,2013,578,0),(1169,2013,518,661),(1170,2013,602,610.5),(1171,2013,521,901),(1172,2013,522,586),(1173,2013,523,605),(1174,2013,524,343.5),(1175,2013,665,604),(1176,2013,526,601),(1177,2013,528,575),(1178,2013,702,303),(1179,2013,530,440),(1180,2013,689,491),(1181,2013,675,44),(1182,2013,531,690.5),(1183,2013,533,617),(1184,2013,698,165),(1185,2013,536,754),(1186,2013,642,278.5),(1187,2013,537,876.5),(1188,2013,538,485),(1189,2013,668,67),(1190,2013,539,462),(1191,2013,688,50.5),(1192,2013,541,649),(1193,2013,543,339),(1194,2013,544,558),(1195,2013,547,695.5),(1196,2013,647,26),(1197,2013,664,282),(1198,2013,548,668),(1199,2013,550,554),(1200,2013,620,241),(1201,2013,656,541),(1202,2013,555,617),(1203,2013,556,776.5),(1204,2013,558,673),(1205,2013,627,135),(1206,2014,342,930),(1207,2014,278,928),(1208,2014,711,891.5),(1209,2014,235,882),(1210,2014,206,867),(1211,2014,393,865),(1212,2014,537,857.5),(1213,2014,380,855.5),(1214,2014,466,843.5),(1215,2014,501,843),(1216,2014,559,842),(1217,2014,521,815),(1218,2014,247,804),(1219,2014,243,796),(1220,2014,518,795),(1221,2014,222,794),(1222,2014,321,789.5),(1223,2014,628,787),(1224,2014,382,785),(1225,2014,513,780),(1226,2014,469,761),(1227,2014,416,760),(1228,2014,494,758),(1229,2014,399,750),(1230,2014,495,749.5),(1231,2014,254,742),(1232,2014,352,742),(1233,2014,464,726),(1234,2014,798,725.5),(1235,2014,556,725),(1236,2014,776,723),(1237,2014,660,721),(1238,2014,509,721),(1239,2014,712,717.5),(1240,2014,401,716),(1241,2014,800,715),(1242,2014,810,714),(1243,2014,314,713),(1244,2014,705,712),(1245,2014,784,711),(1246,2014,641,708.5),(1247,2014,479,708),(1248,2014,676,707),(1249,2014,453,706),(1250,2014,505,703.5),(1251,2014,510,703),(1252,2014,275,702),(1253,2014,326,697.5),(1254,2014,764,696),(1255,2014,313,695),(1256,2014,306,694),(1257,2014,228,693),(1258,2014,347,693),(1259,2014,370,691),(1260,2014,541,687),(1261,2014,573,686),(1262,2014,539,685),(1263,2014,579,683),(1264,2014,472,682),(1265,2014,463,681.5),(1266,2014,376,680),(1267,2014,248,676),(1268,2014,346,675),(1269,2014,806,672),(1270,2014,381,671),(1271,2014,475,671),(1272,2014,468,669),(1273,2014,293,667),(1274,2014,528,667),(1275,2014,318,665),(1276,2014,483,665),(1277,2014,714,663.5),(1278,2014,260,663),(1279,2014,396,662.5),(1280,2014,616,658.5),(1281,2014,211,657.5),(1282,2014,817,657),(1283,2014,664,657),(1284,2014,663,656),(1285,2014,305,655),(1286,2014,378,653),(1287,2014,415,651.5),(1288,2014,263,650.5),(1289,2014,218,650),(1290,2014,242,649),(1291,2014,385,649),(1292,2014,270,647),(1293,2014,607,643.5),(1294,2014,503,643),(1295,2014,398,642),(1296,2014,478,640),(1297,2014,451,636.5),(1298,2014,317,636),(1299,2014,405,636),(1300,2014,620,636),(1301,2014,778,635),(1302,2014,675,633.5),(1303,2014,294,633),(1304,2014,570,631.5),(1305,2014,429,630),(1306,2014,602,629.5),(1307,2014,558,628),(1308,2014,484,626),(1309,2014,526,626),(1310,2014,446,625),(1311,2014,543,625),(1312,2014,802,623),(1313,2014,295,622),(1314,2014,268,621.5),(1315,2014,343,621),(1316,2014,435,621),(1317,2014,360,619),(1318,2014,329,616),(1319,2014,814,616),(1320,2014,289,614.5),(1321,2014,441,614.5),(1322,2014,613,613.5),(1323,2014,759,612),(1324,2014,356,611),(1325,2014,531,609.5),(1326,2014,238,609),(1327,2014,309,606.5),(1328,2014,644,606),(1329,2014,375,605),(1330,2014,498,603),(1331,2014,530,603),(1332,2014,801,602.5),(1333,2014,302,602),(1334,2014,354,602),(1335,2014,387,600),(1336,2014,448,600),(1337,2014,311,599),(1338,2014,593,599),(1339,2014,643,597),(1340,2014,497,597),(1341,2014,280,595.5),(1342,2014,715,593),(1343,2014,595,592),(1344,2014,421,589.5),(1345,2014,795,589),(1346,2014,538,588),(1347,2014,751,587),(1348,2014,420,587),(1349,2014,638,584),(1350,2014,487,583),(1351,2014,262,578),(1352,2014,286,578),(1353,2014,328,576),(1354,2014,728,575.5),(1355,2014,266,573),(1356,2014,455,571),(1357,2014,209,570),(1358,2014,237,569),(1359,2014,731,569),(1360,2014,454,566),(1361,2014,713,566),(1362,2014,452,565),(1363,2014,674,562),(1364,2014,462,561),(1365,2014,666,560.5),(1366,2014,474,559),(1367,2014,636,555),(1368,2014,406,555),(1369,2014,350,554.5),(1370,2014,316,547.5),(1371,2014,210,546),(1372,2014,766,545),(1373,2014,710,545),(1374,2014,729,543),(1375,2014,758,543),(1376,2014,312,541),(1377,2014,320,540),(1378,2014,414,539),(1379,2014,608,538),(1380,2014,249,537),(1381,2014,283,536),(1382,2014,717,535),(1383,2014,781,532),(1384,2014,259,527),(1385,2014,757,525),(1386,2014,815,524),(1387,2014,653,521.5),(1388,2014,799,521),(1389,2014,600,521),(1390,2014,765,520),(1391,2014,575,518),(1392,2014,646,517),(1393,2014,465,517),(1394,2014,409,515),(1395,2014,246,513),(1396,2014,410,508),(1397,2014,564,508),(1398,2014,756,508),(1399,2014,357,507),(1400,2014,612,506),(1401,2014,252,503),(1402,2014,212,502),(1403,2014,204,499),(1404,2014,425,499),(1405,2014,269,497),(1406,2014,661,497),(1407,2014,775,497),(1408,2014,783,495),(1409,2014,523,495),(1410,2014,473,494),(1411,2014,754,491),(1412,2014,747,490),(1413,2014,349,490),(1414,2014,550,483),(1415,2014,365,482),(1416,2014,669,481),(1417,2014,348,481),(1418,2014,769,478),(1419,2014,257,476),(1420,2014,702,476),(1421,2014,412,474),(1422,2014,587,474),(1423,2014,508,472),(1424,2014,482,471),(1425,2014,760,469),(1426,2014,752,468),(1427,2014,813,463),(1428,2014,450,462),(1429,2014,709,461.5),(1430,2014,334,457),(1431,2014,383,455),(1432,2014,258,448),(1433,2014,364,444),(1434,2014,219,441),(1435,2014,240,439),(1436,2014,626,435),(1437,2014,344,432),(1438,2014,604,431),(1439,2014,532,429),(1440,2014,496,428.5),(1441,2014,584,422),(1442,2014,424,421),(1443,2014,221,413.5),(1444,2014,432,413),(1445,2014,621,412),(1446,2014,548,411.5),(1447,2014,780,411),(1448,2014,458,410),(1449,2014,761,408),(1450,2014,614,405.5),(1451,2014,477,405),(1452,2014,519,405),(1453,2014,423,404),(1454,2014,340,402),(1455,2014,367,402),(1456,2014,647,400),(1457,2014,805,396.5),(1458,2014,224,395),(1459,2014,373,395),(1460,2014,489,394),(1461,2014,282,390),(1462,2014,279,388),(1463,2014,642,383.5),(1464,2014,264,379),(1465,2014,672,379),(1466,2014,706,373),(1467,2014,568,373),(1468,2014,693,372),(1469,2014,659,370),(1470,2014,227,369),(1471,2014,577,369),(1472,2014,234,364),(1473,2014,233,361),(1474,2014,301,345),(1475,2014,635,342),(1476,2014,388,339),(1477,2014,750,338),(1478,2014,770,327),(1479,2014,461,321.5),(1480,2014,792,319),(1481,2014,809,317),(1482,2014,773,314.5),(1483,2014,327,313),(1484,2014,779,311),(1485,2014,687,311),(1486,2014,324,308),(1487,2014,359,307.5),(1488,2014,722,307),(1489,2014,744,303),(1490,2014,524,302.5),(1491,2014,522,299),(1492,2014,336,297),(1493,2014,402,296),(1494,2014,631,295),(1495,2014,253,294.5),(1496,2014,741,288),(1497,2014,755,279),(1498,2014,763,277),(1499,2014,777,271),(1500,2014,277,263),(1501,2014,250,262),(1502,2014,803,255),(1503,2014,437,253),(1504,2014,555,252),(1505,2014,390,251),(1506,2014,315,246),(1507,2014,786,244),(1508,2014,662,241),(1509,2014,536,241),(1510,2014,392,237.5),(1511,2014,788,234),(1512,2014,725,216),(1513,2014,767,213),(1514,2014,624,207.5),(1515,2014,622,201),(1516,2014,789,196),(1517,2014,341,183.5),(1518,2014,668,173.5),(1519,2014,772,170),(1520,2014,639,169),(1521,2014,578,168),(1522,2014,597,156),(1523,2014,345,146),(1524,2014,544,123),(1525,2014,762,115),(1526,2014,740,109),(1527,2014,680,102),(1528,2014,682,84.5),(1529,2014,818,68),(1530,2014,771,62),(1531,2014,797,55),(1532,2014,691,34),(1533,2014,723,29),(1534,2014,721,27),(1535,2014,790,25.5),(1536,2014,804,8),(1537,2014,634,0),(1538,2014,651,0),(1539,2014,708,0),(1540,2014,244,0),(1541,2014,630,0),(1542,2014,649,0),(1543,2014,816,0),(1544,2014,699,0),(1545,2014,652,0),(1546,2014,811,0),(1547,2014,732,0),(1548,2014,791,0),(1549,2014,720,0),(1550,2014,339,0),(1551,2014,694,0),(1552,2014,785,0),(1553,2014,753,0),(1554,2014,807,0),(1555,2014,467,0),(1556,2014,794,0),(1557,2014,716,0),(1558,2014,582,0),(1559,2014,768,0),(1560,2014,819,0),(1561,2014,735,0),(1562,2014,787,0),(1563,2014,658,0),(1564,2014,517,0),(1565,2014,782,0),(1566,2014,793,0),(1567,2014,808,-3),(1568,2015,321,925),(1569,2015,380,1005),(1570,2015,336,893),(1571,2015,521,806),(1572,2015,676,929),(1573,2015,501,884),(1574,2015,243,857.5),(1575,2015,312,888),(1576,2015,510,386),(1577,2015,416,777),(1578,2015,247,616),(1579,2015,342,702.5),(1580,2015,800,892.5),(1581,2015,339,783),(1582,2015,206,806),(1583,2015,806,927.5),(1584,2015,765,831.5),(1585,2015,464,796),(1586,2015,483,844),(1587,2015,494,808),(1588,2015,649,501),(1589,2015,294,789),(1590,2015,254,669),(1591,2015,222,835),(1592,2015,466,808.5),(1593,2015,269,763),(1594,2015,708,675),(1595,2015,536,808),(1596,2015,402,820),(1597,2015,660,732),(1598,2015,621,716),(1599,2015,370,605),(1600,2015,212,853),(1601,2015,641,705.5),(1602,2015,622,260.5),(1603,2015,711,734.5),(1604,2015,318,758),(1605,2015,306,513),(1606,2015,314,674),(1607,2015,326,653),(1608,2015,382,742),(1609,2015,687,829),(1610,2015,809,867),(1611,2015,788,783),(1612,2015,810,877),(1613,2015,237,680),(1614,2015,211,733),(1615,2015,523,542),(1616,2015,705,685),(1617,2015,513,479),(1618,2015,300,766),(1619,2015,526,624),(1620,2015,348,769),(1621,2015,573,724),(1622,2015,275,732),(1623,2015,228,697),(1624,2015,260,796),(1625,2015,469,732),(1626,2015,317,380),(1627,2015,537,114),(1628,2015,343,663),(1629,2015,278,670),(1630,2015,282,738),(1631,2015,658,564.5),(1632,2015,556,680.5),(1633,2015,410,712),(1634,2015,668,581.5),(1635,2015,315,685),(1636,2015,495,626),(1637,2015,678,716.5),(1638,2015,399,436),(1639,2015,764,758),(1640,2015,672,681.5),(1641,2015,642,651),(1642,2015,421,669),(1643,2015,398,618),(1644,2015,252,747),(1645,2015,393,725.5),(1646,2015,406,696),(1647,2015,827,183),(1648,2015,452,429),(1649,2015,813,144),(1650,2015,468,284),(1651,2015,383,667),(1652,2015,453,254),(1653,2015,723,384),(1654,2015,638,560.5),(1655,2015,518,626),(1656,2015,293,447),(1657,2015,712,655.5),(1658,2015,631,444),(1659,2015,375,661),(1660,2015,305,687),(1661,2015,839,450.5),(1662,2015,503,689),(1663,2015,734,663),(1664,2015,558,591),(1665,2015,313,471),(1666,2015,435,590),(1667,2015,347,262),(1668,2015,472,703),(1669,2015,829,312),(1670,2015,381,577),(1671,2015,455,559),(1672,2015,316,583),(1673,2015,320,685),(1674,2015,356,441.5),(1675,2015,814,665.5),(1676,2015,559,432),(1677,2015,264,685),(1678,2015,582,333),(1679,2015,538,582),(1680,2015,794,517),(1681,2015,763,543),(1682,2015,505,582),(1683,2015,248,646),(1684,2015,630,77),(1685,2015,478,685),(1686,2015,636,612),(1687,2015,311,654),(1688,2015,446,726),(1689,2015,694,482),(1690,2015,262,611),(1691,2015,620,510),(1692,2015,531,481),(1693,2015,550,172),(1694,2015,479,536),(1695,2015,424,504),(1696,2015,804,446),(1697,2015,893,604),(1698,2015,412,580),(1699,2015,671,290.5),(1700,2015,803,478),(1701,2015,616,626.5),(1702,2015,663,742.5),(1703,2015,713,293.5),(1704,2015,709,564),(1705,2015,450,621),(1706,2015,722,614),(1707,2015,628,288),(1708,2015,280,0),(1709,2015,647,582),(1710,2015,608,701),(1711,2015,461,537),(1712,2015,303,639),(1713,2015,716,409),(1714,2015,736,485),(1715,2015,729,473.5),(1716,2015,458,665),(1717,2015,696,615),(1718,2015,664,587.5),(1719,2015,613,321),(1720,2015,731,250),(1721,2015,296,605),(1722,2015,541,322),(1723,2015,221,570.5),(1724,2015,378,541),(1725,2015,779,496),(1726,2015,789,486),(1727,2015,758,381),(1728,2015,346,380),(1729,2015,836,357),(1730,2015,837,334),(1731,2015,528,330),(1732,2015,811,85),(1733,2015,714,632.5),(1734,2015,366,591),(1735,2015,659,582),(1736,2015,840,564),(1737,2015,739,553),(1738,2015,245,523.5),(1739,2015,310,505),(1740,2015,376,495),(1741,2015,474,428),(1742,2015,740,314),(1743,2015,807,172.5),(1744,2015,838,27),(1745,2015,847,687),(1746,2015,842,653),(1747,2015,263,637.5),(1748,2015,335,557),(1749,2015,441,537.5),(1750,2015,662,485),(1751,2015,824,423),(1752,2015,844,421),(1753,2015,759,415),(1754,2015,841,404),(1755,2015,690,364),(1756,2015,843,335),(1757,2015,797,243),(1758,2015,680,48),(1759,2015,846,0),(1760,2015,845,0),(1761,2015,831,645),(1762,2015,209,627),(1763,2015,401,533.5),(1764,2015,448,472),(1765,2015,834,465),(1766,2015,319,395),(1767,2015,451,365.5),(1768,2015,833,251.5),(1769,2015,832,238.5),(1770,2015,835,26),(1771,2015,485,626),(1772,2015,860,584),(1773,2015,591,499),(1774,2015,328,440),(1775,2015,830,212),(1776,2015,862,0),(1777,2015,861,0),(1778,2015,859,0),(1779,2015,863,0),(1780,2015,675,496.5),(1781,2015,774,342),(1782,2015,864,0),(1783,2015,865,0),(1784,2015,235,733),(1785,2015,854,562.5),(1786,2015,850,562),(1787,2015,757,560),(1788,2015,728,555),(1789,2015,692,527),(1790,2015,849,486),(1791,2015,848,460),(1792,2015,258,449),(1793,2015,855,302.5),(1794,2015,586,290),(1795,2015,851,276),(1796,2015,856,216),(1797,2015,853,177),(1798,2015,345,166),(1799,2015,852,148),(1800,2015,857,72),(1801,2015,858,0),(1802,2015,735,0),(1803,2015,770,594),(1804,2015,329,550.5),(1805,2015,870,534),(1806,2015,868,514.5),(1807,2015,867,501),(1808,2015,286,482),(1809,2015,780,479),(1810,2015,796,478),(1811,2015,299,470),(1812,2015,349,434),(1813,2015,447,433),(1814,2015,307,416),(1815,2015,600,404),(1816,2015,210,395),(1817,2015,826,386.5),(1818,2015,869,315),(1819,2015,871,230.5),(1820,2015,866,0),(1821,2015,434,672),(1822,2015,301,627.5),(1823,2015,475,549),(1824,2015,766,544),(1825,2015,572,513),(1826,2015,892,492.5),(1827,2015,639,478),(1828,2015,207,475),(1829,2015,890,466),(1830,2015,888,441),(1831,2015,889,396),(1832,2015,891,256),(1833,2015,720,90),(1834,2015,828,46),(1835,2015,268,0),(1836,2015,244,0),(1837,2015,825,-5),(1838,2015,208,581.5),(1839,2015,226,562),(1840,2015,360,546),(1841,2015,463,469),(1842,2015,710,323),(1843,2015,790,238),(1844,2015,791,0),(1845,2015,872,0),(1846,2015,462,593),(1847,2015,873,577),(1848,2015,874,567),(1849,2015,784,531),(1850,2015,465,530),(1851,2015,635,434),(1852,2015,682,343.5),(1853,2015,768,150),(1854,2015,822,0),(1855,2015,579,638),(1856,2015,498,627),(1857,2015,876,609),(1858,2015,878,601),(1859,2015,270,564.5),(1860,2015,593,537),(1861,2015,875,516),(1862,2015,522,483),(1863,2015,879,463),(1864,2015,799,452),(1865,2015,877,448),(1866,2015,882,402),(1867,2015,883,371.5),(1868,2015,787,317),(1869,2015,881,290),(1870,2015,437,262),(1871,2015,544,234),(1872,2015,880,73),(1873,2015,732,0),(1874,2015,726,574.5),(1875,2015,227,536),(1876,2015,887,514),(1877,2015,885,493),(1878,2015,717,474),(1879,2015,496,465),(1880,2015,555,407),(1881,2015,654,406),(1882,2015,612,381),(1883,2015,277,337),(1884,2015,443,222),(1885,2015,884,193),(1886,2015,428,732),(1887,2015,289,627),(1888,2015,240,593),(1889,2015,454,569),(1890,2015,242,562),(1891,2015,715,536),(1892,2015,246,518),(1893,2015,497,403),(1894,2015,279,311),(1895,2015,894,257),(1896,2015,253,146),(1897,2015,895,124),(1898,2015,634,0),(1899,2015,896,0),(1900,2015,897,638),(1901,2015,566,628),(1902,2015,414,624),(1903,2015,899,610),(1904,2015,778,595.5),(1905,2015,238,594),(1906,2015,218,571),(1907,2015,772,533),(1908,2015,519,533),(1909,2015,354,533),(1910,2015,340,529),(1911,2015,390,499),(1912,2015,798,477.5),(1913,2015,820,363.5),(1914,2015,898,0),(1915,2015,785,0),(1916,2015,298,818),(1917,2015,643,731),(1918,2015,900,700),(1919,2015,644,669),(1920,2015,477,643),(1921,2015,405,636),(1922,2015,408,591),(1923,2015,295,585),(1924,2015,482,335),(1925,2015,509,313),(1926,2015,782,0),(1927,2015,691,-3),(1928,2016,675,507),(1929,2016,680,429),(1930,2016,983,680),(1931,2016,405,655),(1932,2016,896,623),(1933,2016,670,579),(1934,2016,493,567),(1935,2016,982,539),(1936,2016,412,524),(1937,2016,528,519),(1938,2016,408,478),(1939,2016,347,433),(1940,2016,484,430),(1941,2016,612,430),(1942,2016,854,416.5),(1943,2016,744,367.5),(1944,2016,309,269.5),(1945,2016,827,462),(1946,2016,830,290),(1947,2016,939,269),(1948,2016,740,240),(1949,2016,981,760),(1950,2016,594,672),(1951,2016,512,654),(1952,2016,314,633),(1953,2016,356,593),(1954,2016,757,520),(1955,2016,763,518),(1956,2016,222,510),(1957,2016,904,481),(1958,2016,882,475.5),(1959,2016,766,450),(1960,2016,617,438),(1961,2016,450,331),(1962,2016,980,76),(1963,2016,979,0),(1964,2016,884,0),(1965,2016,859,0),(1966,2016,736,692),(1967,2016,813,613),(1968,2016,410,550),(1969,2016,720,533.5),(1970,2016,268,56),(1971,2016,898,45),(1972,2016,523,520),(1973,2016,668,390),(1974,2016,306,792),(1975,2016,463,765),(1976,2016,465,677),(1977,2016,262,568),(1978,2016,789,568),(1979,2016,329,567.5),(1980,2016,963,552.5),(1981,2016,659,504),(1982,2016,328,475),(1983,2016,581,456),(1984,2016,269,385.5),(1985,2016,823,308),(1986,2016,925,0),(1987,2016,961,0),(1988,2016,962,0),(1989,2016,708,864),(1990,2016,360,714),(1991,2016,716,577),(1992,2016,774,570),(1993,2016,865,498),(1994,2016,862,253),(1995,2016,302,483),(1996,2016,628,708),(1997,2016,375,703),(1998,2016,270,639.5),(1999,2016,428,609),(2000,2016,509,598),(2001,2016,341,592.5),(2002,2016,447,575),(2003,2016,427,569),(2004,2016,669,481),(2005,2016,297,474),(2006,2016,919,437.5),(2007,2016,887,419),(2008,2016,362,390),(2009,2016,714,385),(2010,2016,944,0),(2011,2016,945,0),(2012,2016,649,694),(2013,2016,910,560),(2014,2016,838,467),(2015,2016,935,302),(2016,2016,915,128),(2017,2016,383,708),(2018,2016,643,635),(2019,2016,295,564),(2020,2016,474,733),(2021,2016,608,713),(2022,2016,885,680),(2023,2016,438,627),(2024,2016,378,619.5),(2025,2016,320,595),(2026,2016,298,589.5),(2027,2016,876,523),(2028,2016,409,481),(2029,2016,289,464.5),(2030,2016,477,431),(2031,2016,894,370),(2032,2016,891,349),(2033,2016,930,338),(2034,2016,627,169),(2035,2016,985,89),(2036,2016,691,0),(2037,2016,984,0),(2038,2016,794,527.5),(2039,2016,826,303.5),(2040,2016,782,295),(2041,2016,446,854),(2042,2016,278,861.5),(2043,2016,312,845),(2044,2016,591,837),(2045,2016,522,715),(2046,2016,901,679),(2047,2016,227,668),(2048,2016,305,661),(2049,2016,518,627.5),(2050,2016,293,593),(2051,2016,541,560),(2052,2016,749,558),(2053,2016,537,557),(2054,2016,978,538),(2055,2016,319,476),(2056,2016,538,466),(2057,2016,454,277),(2058,2016,977,235),(2059,2016,932,0),(2060,2016,711,846),(2061,2016,464,747),(2062,2016,461,524.5),(2063,2016,831,787),(2064,2016,666,630.5),(2065,2016,868,580),(2066,2016,257,577),(2067,2016,971,561),(2068,2016,918,493),(2069,2016,941,478.5),(2070,2016,970,371),(2071,2016,968,364),(2072,2016,834,349),(2073,2016,967,320),(2074,2016,479,298),(2075,2016,467,232),(2076,2016,969,213),(2077,2016,934,155),(2078,2016,972,59.5),(2079,2016,920,0),(2080,2016,908,0),(2081,2016,864,0),(2082,2016,402,808),(2083,2016,517,342),(2084,2016,791,76),(2085,2016,521,930),(2086,2016,531,852),(2087,2016,638,763),(2088,2016,776,939),(2089,2016,228,812),(2090,2016,452,803),(2091,2016,469,739),(2092,2016,558,710),(2093,2016,238,698),(2094,2016,399,692),(2095,2016,559,643),(2096,2016,416,627),(2097,2016,282,586),(2098,2016,878,579),(2099,2016,976,566),(2100,2016,249,561),(2101,2016,259,554),(2102,2016,602,521.5),(2103,2016,936,495.5),(2104,2016,975,275.5),(2105,2016,974,176),(2106,2016,543,0),(2107,2016,732,50),(2108,2016,498,751),(2109,2016,642,389),(2110,2016,501,907.5),(2111,2016,676,884),(2112,2016,382,809),(2113,2016,393,808.5),(2114,2016,620,714),(2115,2016,248,710),(2116,2016,370,664),(2117,2016,209,662),(2118,2016,573,617),(2119,2016,923,614),(2120,2016,832,606),(2121,2016,899,533),(2122,2016,672,529.5),(2123,2016,948,528),(2124,2016,833,508),(2125,2016,414,466),(2126,2016,443,459.5),(2127,2016,947,345.5),(2128,2016,916,0),(2129,2016,406,610),(2130,2016,206,975),(2131,2016,806,787.5),(2132,2016,660,698),(2133,2016,435,848),(2134,2016,792,800),(2135,2016,631,746),(2136,2016,437,739),(2137,2016,380,629.5),(2138,2016,850,627),(2139,2016,424,612),(2140,2016,526,584),(2141,2016,959,549),(2142,2016,800,477),(2143,2016,453,449),(2144,2016,958,436),(2145,2016,839,312.5),(2146,2016,835,282),(2147,2016,909,56),(2148,2016,863,43),(2149,2016,960,35),(2150,2016,348,681),(2151,2016,280,396.5),(2152,2016,829,-1),(2153,2016,254,861),(2154,2016,494,839),(2155,2016,243,829),(2156,2016,247,822),(2157,2016,503,766),(2158,2016,275,756),(2159,2016,332,747.5),(2160,2016,698,739),(2161,2016,663,715),(2162,2016,240,634),(2163,2016,956,634),(2164,2016,635,620),(2165,2016,802,534),(2166,2016,778,528.5),(2167,2016,500,482),(2168,2016,954,445),(2169,2016,957,431),(2170,2016,955,381.5),(2171,2016,579,369),(2172,2016,893,352),(2173,2016,712,-1),(2174,2016,303,567),(2175,2016,722,638),(2176,2016,728,584),(2177,2016,235,42),(2178,2016,212,942),(2179,2016,621,819),(2180,2016,741,801),(2181,2016,326,717.5),(2182,2016,466,691.5),(2183,2016,849,643),(2184,2016,661,625),(2185,2016,746,622),(2186,2016,321,517),(2187,2016,381,476),(2188,2016,949,465),(2189,2016,953,149),(2190,2016,952,114),(2191,2016,951,98),(2192,2016,950,0),(2193,2016,658,733),(2194,2016,851,671),(2195,2016,911,482),(2196,2016,940,316),(2197,2016,858,50),(2198,2016,536,846),(2199,2016,694,776),(2200,2016,687,667),(2201,2016,758,597),(2202,2016,626,519),(2203,2016,211,653.5),(2204,2016,458,617),(2205,2016,759,530),(2206,2016,921,519),(2207,2016,814,482.5),(2208,2016,544,478),(2209,2016,927,435),(2210,2016,929,425),(2211,2016,796,402),(2212,2016,448,248),(2213,2016,735,72.5),(2214,2016,943,0),(2215,2016,942,-3),(2216,2016,836,452),(2217,2016,861,303.5),(2218,2016,938,237),(2219,2016,811,-2),(2220,2016,343,480),(2221,2016,751,157),(2222,2016,310,592.5),(2223,2016,311,574),(2224,2016,316,528),(2225,2016,296,523),(2226,2016,301,522.5),(2227,2016,205,470),(2228,2016,726,456.5),(2229,2016,690,453),(2230,2016,258,444),(2231,2016,510,442),(2232,2016,881,441),(2233,2016,840,349),(2234,2016,664,202),(2235,2016,906,151),(2236,2016,973,63),(2237,2016,822,6),(2238,2016,768,758),(2239,2016,336,677),(2240,2016,221,600),(2241,2016,630,277),(2242,2016,715,501),(2243,2016,342,450),(2244,2016,339,234.5),(2245,2016,788,1019),(2246,2016,483,831),(2247,2016,705,820),(2248,2016,315,728),(2249,2016,226,657),(2250,2016,260,614),(2251,2016,513,596.5),(2252,2016,848,574),(2253,2016,810,550),(2254,2016,271,486),(2255,2016,244,450),(2256,2016,966,439),(2257,2016,964,390),(2258,2016,468,351),(2259,2016,709,334),(2260,2016,318,330),(2261,2016,219,84),(2262,2016,965,0),(2263,2016,723,608),(2264,2016,764,843),(2265,2016,765,586),(2266,2016,294,822),(2267,2016,568,778),(2268,2016,286,735),(2269,2016,398,710),(2270,2016,237,702),(2271,2016,586,692),(2272,2016,495,668),(2273,2016,931,622),(2274,2016,613,572.5),(2275,2016,455,545),(2276,2016,803,541),(2277,2016,556,260),(2278,2016,535,242),(2279,2016,946,119),(2280,2016,809,54),(2281,2016,472,691),(2282,2016,847,670),(2283,2016,252,448),(2284,2016,582,397),(2285,2016,845,166),(2286,2017,660,809),(2287,2017,1041,0),(2288,2017,1020,0),(2289,2017,1062,0),(2290,2017,1067,0),(2291,2017,965,280),(2292,2017,1029,0),(2293,2017,757,522),(2294,2017,205,543),(2295,2017,206,912),(2296,2017,1047,700),(2297,2017,209,813),(2298,2017,1016,21),(2299,2017,211,689),(2300,2017,845,499),(2301,2017,212,909),(2302,2017,806,665),(2303,2017,215,354),(2304,2017,680,530),(2305,2017,219,248),(2306,2017,1053,44),(2307,2017,221,641),(2308,2017,222,540),(2309,2017,934,635),(2310,2017,990,667),(2311,2017,228,492),(2312,2017,915,710),(2313,2017,858,648),(2314,2017,766,367),(2315,2017,1054,157),(2316,2017,788,876),(2317,2017,1018,0),(2318,2017,764,1002),(2319,2017,621,646),(2320,2017,586,475),(2321,2017,235,436),(2322,2017,237,460),(2323,2017,938,701),(2324,2017,1013,502),(2325,2017,920,19),(2326,2017,238,251),(2327,2017,240,663),(2328,2017,708,779),(2329,2017,1026,24),(2330,2017,243,505),(2331,2017,244,669),(2332,2017,630,485),(2333,2017,248,695),(2334,2017,247,439),(2335,2017,252,676),(2336,2017,1060,30),(2337,2017,1040,137),(2338,2017,254,715),(2339,2017,573,634),(2340,2017,810,804),(2341,2017,709,616),(2342,2017,258,685),(2343,2017,1048,435),(2344,2017,690,400),(2345,2017,875,269),(2346,2017,260,360),(2347,2017,261,621),(2348,2017,262,386),(2349,2017,937,545),(2350,2017,264,654),(2351,2017,1050,597),(2352,2017,268,672),(2353,2017,269,668),(2354,2017,948,587),(2355,2017,830,517),(2356,2017,935,509),(2357,2017,671,627),(2358,2017,649,627),(2359,2017,271,620),(2360,2017,850,509),(2361,2017,864,59),(2362,2017,275,774),(2363,2017,278,561),(2364,2017,279,391),(2365,2017,939,0),(2366,2017,280,716),(2367,2017,963,594),(2368,2017,661,670),(2369,2017,784,526),(2370,2017,765,807),(2371,2017,1011,451),(2372,2017,1038,185),(2373,2017,286,343),(2374,2017,1036,430),(2375,2017,944,249),(2376,2017,964,540),(2377,2017,731,599),(2378,2017,289,602),(2379,2017,676,562),(2380,2017,705,795),(2381,2017,995,435),(2382,2017,666,622),(2383,2017,956,626),(2384,2017,832,459),(2385,2017,294,752),(2386,2017,979,0),(2387,2017,298,552),(2388,2017,847,138),(2389,2017,1009,397),(2390,2017,1031,122),(2391,2017,302,342),(2392,2017,1025,63),(2393,2017,1051,392),(2394,2017,997,532),(2395,2017,303,529),(2396,2017,723,554),(2397,2017,932,117),(2398,2017,305,544),(2399,2017,1061,539),(2400,2017,306,654),(2401,2017,896,687),(2402,2017,811,520),(2403,2017,1044,590),(2404,2017,1030,508),(2405,2017,639,649),(2406,2017,310,565),(2407,2017,311,708),(2408,2017,626,535),(2409,2017,669,617),(2410,2017,834,550),(2411,2017,732,227),(2412,2017,791,126),(2413,2017,1021,731),(2414,2017,312,890),(2415,2017,313,395),(2416,2017,315,502),(2417,2017,316,777),(2418,2017,1027,634),(2419,2017,318,779),(2420,2017,319,445),(2421,2017,720,492),(2422,2017,641,700),(2423,2017,923,659),(2424,2017,321,809),(2425,2017,836,392),(2426,2017,1057,0),(2427,2017,1052,0),(2428,2017,999,644),(2429,2017,324,476),(2430,2017,1003,259),(2431,2017,326,603),(2432,2017,328,597),(2433,2017,1058,552),(2434,2017,1068,0),(2435,2017,989,431),(2436,2017,332,638),(2437,2017,336,680),(2438,2017,759,530),(2439,2017,339,241),(2440,2017,994,547),(2441,2017,792,637),(2442,2017,342,352),(2443,2017,958,384),(2444,2017,849,525),(2445,2017,343,480),(2446,2017,583,415),(2447,2017,936,688),(2448,2017,972,323),(2449,2017,346,532),(2450,2017,347,379),(2451,2017,1022,0),(2452,2017,1010,297),(2453,2017,348,804),(2454,2017,882,580),(2455,2017,878,746),(2456,2017,1065,0),(2457,2017,360,719),(2458,2017,992,0),(2459,2017,370,639),(2460,2017,898,849),(2461,2017,1019,0),(2462,2017,375,428),(2463,2017,376,364),(2464,2017,927,540),(2465,2017,380,929),(2466,2017,800,703),(2467,2017,779,414),(2468,2017,381,679),(2469,2017,382,609),(2470,2017,1035,480),(2471,2017,383,332),(2472,2017,711,1048),(2473,2017,1069,677),(2474,2017,1004,0),(2475,2017,1049,506),(2476,2017,663,590),(2477,2017,931,687),(2478,2017,1055,503),(2479,2017,616,616),(2480,2017,831,709),(2481,2017,393,609),(2482,2017,694,842),(2483,2017,398,650),(2484,2017,974,172),(2485,2017,610,671),(2486,2017,399,462),(2487,2017,975,382),(2488,2017,401,643),(2489,2017,402,712),(2490,2017,1037,338),(2491,2017,901,605),(2492,2017,941,560),(2493,2017,1028,576),(2494,2017,960,451),(2495,2017,405,633),(2496,2017,1023,574),(2497,2017,406,351),(2498,2017,687,756),(2499,2017,410,672),(2500,2017,827,192),(2501,2017,865,606),(2502,2017,414,432),(2503,2017,839,509),(2504,2017,416,740),(2505,2017,814,281),(2506,2017,1017,12),(2507,2017,945,0),(2508,2017,943,6),(2509,2017,760,484),(2510,2017,1059,731),(2511,2017,1024,541),(2512,2017,424,630),(2513,2017,822,188),(2514,2017,606,601),(2515,2017,737,696),(2516,2017,434,647),(2517,2017,435,780),(2518,2017,437,593),(2519,2017,772,729),(2520,2017,925,389),(2521,2017,846,186),(2522,2017,891,752),(2523,2017,599,493),(2524,2017,442,371),(2525,2017,594,583),(2526,2017,1073,0),(2527,2017,1015,265),(2528,2017,868,554),(2529,2017,758,825),(2530,2017,803,575),(2531,2017,450,485),(2532,2017,744,689),(2533,2017,1033,673),(2534,2017,452,486),(2535,2017,770,611),(2536,2017,835,444),(2537,2017,949,430),(2538,2017,455,552),(2539,2017,1066,671),(2540,2017,458,621),(2541,2017,1042,88),(2542,2017,897,557),(2543,2017,1064,384),(2544,2017,461,398),(2545,2017,998,566),(2546,2017,809,539),(2547,2017,568,642),(2548,2017,463,602),(2549,2017,464,673),(2550,2017,466,350),(2551,2017,1056,270),(2552,2017,468,607),(2553,2017,469,583),(2554,2017,472,674),(2555,2017,474,475),(2556,2017,981,880),(2557,2017,982,419),(2558,2017,635,219),(2559,2017,921,796),(2560,2017,848,626),(2561,2017,477,660),(2562,2017,604,482),(2563,2017,628,775),(2564,2017,980,398),(2565,2017,862,0),(2566,2017,479,598),(2567,2017,480,606),(2568,2017,481,547),(2569,2017,734,142),(2570,2017,1063,567),(2571,2017,483,850),(2572,2017,715,499),(2573,2017,962,23),(2574,2017,961,0),(2575,2017,484,492),(2576,2017,794,288),(2577,2017,826,586),(2578,2017,984,118),(2579,2017,905,652),(2580,2017,716,349),(2581,2017,575,521),(2582,2017,493,617),(2583,2017,672,465),(2584,2017,494,959),(2585,2017,495,711),(2586,2017,940,656),(2587,2017,582,476),(2588,2017,498,721),(2589,2017,913,642),(2590,2017,613,757),(2591,2017,501,951),(2592,2017,746,743),(2593,2017,829,417),(2594,2017,768,651),(2595,2017,503,650),(2596,2017,591,599),(2597,2017,789,373),(2598,2017,996,0),(2599,2017,871,834),(2600,2017,911,689),(2601,2017,572,685),(2602,2017,1039,137),(2603,2017,576,688),(2604,2017,861,530),(2605,2017,837,580),(2606,2017,1012,418),(2607,2017,631,757),(2608,2017,510,914),(2609,2017,512,586),(2610,2017,513,869),(2611,2017,813,692),(2612,2017,749,630),(2613,2017,906,420),(2614,2017,658,148),(2615,2017,517,510),(2616,2017,1045,635),(2617,2017,1043,417),(2618,2017,518,584),(2619,2017,991,0),(2620,2017,521,714),(2621,2017,522,501),(2622,2017,1032,0),(2623,2017,885,678),(2624,2017,838,566),(2625,2017,526,747),(2626,2017,1014,646),(2627,2017,782,65),(2628,2017,530,588),(2629,2017,1046,10),(2630,2017,531,769),(2631,2017,698,348),(2632,2017,536,930),(2633,2017,642,593),(2634,2017,537,435),(2635,2017,538,446),(2636,2017,668,632),(2637,2017,952,283),(2638,2017,1034,0),(2639,2017,544,391),(2640,2017,950,347),(2641,2017,664,808),(2642,2017,620,744),(2643,2017,908,300),(2644,2017,555,726),(2645,2017,558,444),(2646,2017,627,416),(2647,2017,638,647);

--
-- Table structure for table `team`
--

CREATE TABLE `team` (
  `team_id` int(11) NOT NULL AUTO_INCREMENT,
  `team_name` varchar(50) NOT NULL DEFAULT '',
  `league` enum('AL','NL') NOT NULL DEFAULT 'AL',
  `division` enum('East','West') NOT NULL DEFAULT 'East',
  `abbreviation` varchar(10) NOT NULL DEFAULT '',
  `sportsline_image` varchar(100) DEFAULT NULL,
  PRIMARY KEY (`team_id`)
) ENGINE=MyISAM AUTO_INCREMENT=17 DEFAULT CHARSET=latin1;

--
-- Dumping data for table `team`
--

INSERT INTO `team` VALUES (13,'Excuse The Shit Out Of My Goddamn French','AL','East','Pete','team-logo?logo_type=logo%3Atext&captype=cap&capcolor=black&logo=bats.gif&minilogo=fire.gif&flipbg=&f'),(12,'Heisenberg\'s Hitmen','AL','East','Tommy','xtomicino-he-72x72.gif'),(11,'The Mookie','NL','East','Seltzer','alkka41585-220px-billbuckner-72x72.jpg'),(10,'We were trying something, and it didn\'t work','AL','West','HenKy','superstarmdh-dckgfcevaaamruw-36x36.jpg'),(9,'Freddie Freeman Really Likes Hugs','NL','West','Jon','http://stpetesorium.baseball.cbssports.com/team-logo?logo_type=cap%3Atext&captype=oldcap&capcolor=bl'),(8,'Operation Righteous Cowboy Lightning','NL','East','Novick','benchley2-cowboy_lightning_real-72x72.jpg'),(7,'Samiches','NL','East','Jesse','hesseoriley-sandwich-72x72.gif'),(6,'Fuck Scooter','AL','West','Brad','?logo_type=logo%3Atext&logo=desert.gif&size=72x72'),(5,'I am the God of Tits and Wine','AL','West','Kuby','evankuby-e9176c43-0324-4747-968d-581792eb18ff-72x72.png'),(4,'Bob Newby: Superhero','NL','East','Charlie','shmazz19-bobnewby-72x72.jpg'),(1,'the fightin\' sons of morri','AL','East','ELK','fonzie3b-cole-72x72.jpg'),(2,'The Frackers','NL','West','MGW','mgberg4vice-brockmire-frackers-ifc-1-72x72.jpg'),(3,'Drunken Irish Leprechauns','AL','East','Sean','sleahy21-ist2_5323969-drunk-leprechaun-72x72.jpg'),(14,'The Banginest','AL','West','Dan','sip22-image-72x72.jpeg'),(15,'The Malibu Deadbeats','NL','West','Adam','amoskow-post_image-0326_bar_lingerie00_1_-72x72.jpg'),(16,'Maufstein\'s Tangerine Dream Team','NL','West','Mauf','daveybaby31-images-72x72.jpg');

--
-- Table structure for table `team_player`
--

CREATE TABLE `team_player` (
  `team_player_id` int(11) NOT NULL AUTO_INCREMENT,
  `team_id` int(11) NOT NULL,
  `player_id` int(11) NOT NULL,
  PRIMARY KEY (`team_player_id`)
) ENGINE=InnoDB AUTO_INCREMENT=2568 DEFAULT CHARSET=latin1;

--
-- Dumping data for table `team_player`
--

INSERT INTO `team_player` VALUES (217,2,206),(254,3,243),(280,8,269),(317,2,306),(347,15,336),(494,11,483),(524,7,513),(532,8,521),(577,2,380),(815,1,212),(826,2,630),(834,14,631),(841,2,638),(853,7,649),(866,15,658),(869,8,660),(936,7,708),(959,7,510),(979,11,526),(1144,1,728),(1149,8,732),(1198,14,402),(1199,15,694),(1277,5,768),(1315,13,806),(1319,10,810),(1339,14,711),(1350,11,464),(1358,15,536),(1362,3,410),(1387,11,472),(1433,10,280),(1444,9,822),(1458,7,360),(1461,10,348),(1471,10,252),(1483,14,813),(1537,4,830),(1549,8,838),(1561,9,845),(1581,1,858),(1584,15,861),(1643,3,898),(1659,16,864),(1660,7,865),(1662,12,782),(1663,3,501),(1665,11,676),(1666,8,788),(1674,5,211),(1690,4,495),(1715,1,741),(1719,14,809),(1725,7,839),(1731,11,891),(1747,11,896),(1751,8,878),(1783,1,911),(1812,2,915),(1835,14,920),(1875,4,931),(1876,13,932),(1885,5,517),(1887,5,935),(1890,15,938),(1896,1,940),(1904,13,944),(1905,13,945),(1969,3,981),(1985,7,962),(1986,7,961),(1989,4,803),(1991,11,871),(1992,14,989),(1993,4,990),(1995,16,621),(1998,3,800),(2036,11,744),(2041,13,628),(2055,5,921),(2059,2,455),(2073,10,424),(2099,1,221),(2122,15,965),(2136,4,264),(2181,12,312),(2186,4,991),(2187,9,992),(2191,5,996),(2204,1,1009),(2205,1,939),(2207,5,1010),(2210,11,960),(2214,4,1011),(2226,16,1017),(2227,3,1018),(2228,9,1019),(2230,9,862),(2242,16,908),(2243,6,1020),(2244,6,1021),(2245,6,1022),(2249,13,1026),(2254,5,1029),(2258,5,952),(2271,16,1041),(2275,6,943),(2292,14,1052),(2308,1,1060),(2311,1,1062),(2326,5,1070),(2327,8,1071),(2328,16,1072),(2329,5,1074),(2330,10,1032),(2331,10,1034),(2332,8,494),(2333,13,764),(2334,13,687),(2335,8,705),(2336,11,620),(2337,10,765),(2338,14,531),(2339,8,1075),(2340,10,746),(2341,7,321),(2342,14,294),(2343,5,758),(2344,13,435),(2345,1,498),(2346,11,318),(2347,14,591),(2348,5,275),(2349,7,885),(2350,11,792),(2351,4,594),(2352,4,466),(2353,1,209),(2354,1,1059),(2355,4,316),(2356,5,1066),(2357,11,260),(2358,7,406),(2359,7,437),(2360,14,381),(2361,12,393),(2362,15,661),(2363,13,923),(2364,13,278),(2365,10,416),(2366,11,626),(2367,3,254),(2368,8,848),(2369,7,237),(2370,8,262),(2371,15,244),(2372,4,1027),(2373,5,868),(2374,6,247),(2375,3,1048),(2376,13,988),(2377,10,503),(2378,1,1045),(2379,4,332),(2380,2,720),(2381,14,664),(2382,7,936),(2383,2,258),(2384,16,328),(2385,5,582),(2386,11,434),(2387,5,831),(2388,11,326),(2389,11,568),(2390,14,913),(2391,11,899),(2392,4,1069),(2393,11,834),(2394,11,671),(2395,13,905),(2396,6,1047),(2397,4,837),(2398,12,382),(2399,10,468),(2400,8,882),(2401,15,518),(2402,13,370),(2403,6,666),(2404,12,398),(2405,1,311),(2406,5,956),(2407,5,749),(2408,5,757),(2409,8,305),(2410,14,659),(2411,2,737),(2412,7,982),(2413,3,1050),(2414,16,1063),(2415,10,463),(2416,4,1076),(2417,14,240),(2418,4,399),(2419,3,639),(2420,2,228),(2421,7,964),(2422,8,811),(2423,10,754),(2424,8,904),(2425,3,776),(2426,3,1055),(2427,12,573),(2428,1,1028),(2429,12,248),(2430,6,608),(2431,13,672),(2432,15,829),(2433,3,572),(2434,1,342),(2435,8,576),(2436,12,443),(2437,15,927),(2438,7,668),(2439,5,339),(2440,13,383),(2441,14,1058),(2442,10,937),(2443,9,722),(2444,14,669),(2445,6,736),(2446,3,1077),(2447,4,1078),(2448,14,1079),(2449,6,734),(2450,2,555),(2451,9,934),(2452,14,512),(2453,16,731),(2454,4,205),(2455,10,784),(2456,13,941),(2457,5,1043),(2458,7,682),(2459,15,993),(2460,12,1006),(2461,3,917),(2462,8,642),(2463,1,298),(2464,8,901),(2465,15,1003),(2466,2,1015),(2467,3,651),(2468,12,636),(2469,6,268),(2470,8,310),(2471,7,930),(2472,1,963),(2473,10,850),(2474,13,431),(2475,16,315),(2476,14,1080),(2477,9,1081),(2478,16,606),(2479,3,777),(2480,13,583),(2481,14,271),(2482,9,627),(2483,7,1033),(2484,8,477),(2485,6,998),(2486,12,789),(2487,10,844),(2488,2,948),(2489,15,414),(2490,7,985),(2491,2,847),(2492,8,690),(2493,12,613),(2494,3,999),(2495,15,836),(2496,6,226),(2497,9,286),(2498,16,723),(2499,13,1082),(2500,10,1083),(2501,16,779),(2502,1,958),(2503,9,849),(2504,6,643),(2505,15,854),(2506,8,680),(2507,2,974),(2508,7,995),(2509,16,543),(2510,10,906),(2511,3,1084),(2512,12,1085),(2513,6,249),(2514,13,222),(2515,12,859),(2516,15,303),(2517,2,522),(2518,16,235),(2519,8,1086),(2520,9,1087),(2521,10,1088),(2522,16,759),(2523,2,412),(2524,10,1016),(2525,9,922),(2526,8,469),(2527,6,259),(2528,15,1089),(2529,12,1090),(2530,9,925),(2531,15,851),(2532,2,772),(2533,16,530),(2534,12,804),(2535,6,1091),(2536,12,279),(2537,6,827),(2538,9,902),(2539,16,1092),(2540,16,1093),(2541,9,346),(2542,6,853),(2543,12,1012),(2544,6,319),(2545,9,774),(2546,16,826),(2547,9,1094),(2548,16,1023),(2549,16,835),(2550,9,1095),(2551,1,994),(2552,11,716),(2553,6,1096),(2554,1,1097),(2555,16,1098),(2556,2,408),(2557,16,976),(2558,12,610),(2559,4,975),(2560,12,987),(2561,1,1099),(2562,5,1100),(2563,1,1101),(2565,13,641),(2566,13,401),(2567,12,1004);

--
-- Table structure for table `team_points`
--

CREATE TABLE `team_points` (
  `team_id` int(11) NOT NULL DEFAULT '0',
  `year` int(11) NOT NULL DEFAULT '0',
  `total_points` int(11) NOT NULL DEFAULT '0',
  `banked_points` int(11) NOT NULL DEFAULT '0',
  `traded_in_points` int(11) NOT NULL DEFAULT '0',
  `traded_out_points` int(11) NOT NULL DEFAULT '0',
  `tradeable_points` int(11) NOT NULL DEFAULT '0',
  PRIMARY KEY (`team_id`,`year`)
) ENGINE=MyISAM DEFAULT CHARSET=latin1;

--
-- Dumping data for table `team_points`
--

INSERT INTO `team_points` VALUES (10,2013,409,1,70,0,121),(6,2013,107,10,0,50,10),(14,2013,374,15,0,65,0),(11,2013,409,0,15,56,9),(3,2013,209,9,0,0,59),(15,2013,470,55,0,35,70),(8,2013,311,20,95,0,165),(9,2013,430,0,0,20,30),(16,2013,458,0,26,0,76),(7,2013,272,1,11,56,6),(2,2013,276,0,0,40,10),(5,2013,440,0,0,10,40),(12,2013,453,3,0,0,53),(13,2013,113,28,30,20,88),(1,2013,525,10,80,5,135),(4,2013,366,0,30,0,80),(15,2014,439,19,0,30,39),(1,2014,343,52,0,0,102),(12,2014,502,18,34,0,102),(13,2014,388,0,15,50,15),(6,2014,526,77,1,2,126),(2,2014,385,140,44,88,146),(5,2014,508,27,66,35,108),(16,2014,380,0,0,50,0),(7,2014,325,0,36,22,64),(4,2014,306,0,115,0,165),(9,2014,318,17,0,15,52),(8,2014,400,30,0,80,0),(10,2014,373,0,0,50,0),(3,2014,464,0,45,15,80),(11,2014,376,0,71,61,60),(14,2014,539,18,71,0,139),(5,2015,500,14,51,15,100),(15,2015,234,60,0,0,110),(13,2015,277,16,0,36,30),(10,2015,486,3,47,4,96),(11,2015,468,1,139,102,88),(12,2015,236,45,21,25,91),(16,2015,341,15,35,0,100),(14,2015,346,44,0,13,81),(2,2015,437,15,80,45,100),(8,2015,456,33,0,27,56),(7,2015,424,7,0,33,24),(9,2015,500,20,30,0,100),(6,2015,412,0,12,50,12),(4,2015,230,32,15,50,47),(1,2015,418,0,0,25,25),(3,2015,445,0,4,9,45),(5,2016,485,0,50,15,85),(4,2016,484,0,50,0,100),(1,2016,460,5,18,0,73),(9,2016,426,2,0,10,42),(13,2016,409,0,0,26,24),(15,2016,450,10,0,10,50),(3,2016,470,0,25,5,70),(6,2016,457,14,0,7,57),(16,2016,428,0,10,25,35),(14,2016,318,0,5,10,45),(11,2016,364,0,20,60,10),(7,2016,475,1,42,18,75),(2,2016,465,41,15,41,65),(12,2016,435,0,0,0,50),(8,2016,471,24,7,10,71),(10,2016,323,5,10,15,50),(11,2017,368,1,50,8,93),(4,2017,429,1,18,25,44),(2,2017,376,39,0,22,67),(3,2017,486,6,47,7,96),(7,2017,407,3,2,18,37),(12,2017,326,5,15,0,70),(6,2017,493,43,0,0,93),(8,2017,453,62,0,59,53),(5,2017,414,6,0,42,14),(16,2017,331,0,22,0,72),(10,2017,291,0,0,7,43),(9,2017,445,0,36,5,81),(15,2017,471,26,20,0,96),(1,2017,457,7,0,0,57),(14,2017,396,0,0,17,33),(13,2017,327,2,0,0,52),(6,2018,428,21,10,35,46),(1,2018,446,1,0,5,46),(11,2018,365,0,60,10,100),(5,2018,473,44,6,12,88),(15,2018,457,7,0,0,57),(7,2018,466,4,27,0,81),(14,2018,476,1,30,5,76),(4,2018,307,0,5,0,55),(16,2018,383,5,0,53,2),(3,2018,416,20,13,30,53),(8,2018,303,36,0,0,86),(9,2018,402,0,0,48,2),(2,2018,464,30,5,21,64),(13,2018,210,0,40,0,90),(10,2018,354,0,35,0,85),(12,2018,423,0,0,12,38),(12,2019,500,6,44,0,100),(13,2019,450,0,0,0,50),(11,2019,400,0,10,60,0),(10,2019,459,9,0,0,59),(9,2019,457,2,5,0,57),(8,2019,413,18,10,65,13),(7,2019,473,52,0,29,73),(6,2019,502,25,27,0,102),(5,2019,481,1,30,0,81),(4,2019,485,10,25,0,85),(1,2019,444,1,0,7,44),(2,2019,470,0,20,0,70),(3,2019,425,5,0,30,25),(14,2019,469,44,0,25,69),(15,2019,485,35,0,0,85),(16,2019,500,5,50,5,101);

--
-- Table structure for table `trade`
--

CREATE TABLE `trade` (
  `trade_id` int(11) NOT NULL AUTO_INCREMENT,
  `team1_id` int(11) NOT NULL,
  `team2_id` int(11) NOT NULL,
  `timestamp` datetime NOT NULL,
  PRIMARY KEY (`trade_id`)
) ENGINE=InnoDB AUTO_INCREMENT=266 DEFAULT CHARSET=latin1;

--
-- Dumping data for table `trade`
--

INSERT INTO `trade` VALUES (1,11,6,'2013-01-19 13:27:20'),(2,16,4,'2013-01-19 18:26:14'),(3,7,11,'2013-01-21 19:05:20'),(4,8,5,'2013-01-23 09:27:54'),(5,10,15,'2013-03-12 13:45:14'),(6,10,14,'2013-03-16 12:26:25'),(7,7,16,'2013-03-16 18:07:06'),(8,14,3,'2013-03-21 13:35:16'),(9,4,9,'2013-03-22 12:30:06'),(10,13,14,'2013-03-30 14:15:03'),(11,11,5,'2013-04-19 16:02:45'),(12,11,5,'2013-04-19 16:04:04'),(13,2,14,'2013-04-22 18:20:08'),(14,2,13,'2013-05-05 18:30:54'),(15,2,11,'2013-05-05 21:21:06'),(16,2,16,'2013-05-05 22:15:25'),(17,8,5,'2013-05-06 00:00:54'),(18,12,10,'2013-05-13 12:58:51'),(19,7,11,'2013-05-19 08:56:30'),(20,5,3,'2013-05-20 14:57:44'),(21,5,11,'2013-05-20 15:36:38'),(22,5,11,'2013-05-20 17:04:53'),(23,5,8,'2013-05-20 20:52:15'),(24,8,4,'2013-05-25 20:21:02'),(25,2,13,'2013-06-06 14:03:04'),(26,10,7,'2013-06-11 13:08:12'),(27,5,16,'2013-06-23 22:12:52'),(28,11,14,'2013-06-23 22:16:52'),(29,4,15,'2013-06-29 13:03:05'),(30,11,4,'2013-06-29 14:21:11'),(31,15,4,'2013-07-08 11:43:33'),(32,14,13,'2013-07-10 15:55:37'),(33,11,15,'2013-07-10 15:57:20'),(34,8,11,'2013-07-10 17:21:24'),(35,14,9,'2013-07-12 21:31:16'),(36,16,3,'2013-07-14 21:59:46'),(37,10,3,'2013-07-19 17:58:03'),(38,13,3,'2013-07-19 18:42:36'),(39,10,14,'2013-07-20 18:35:55'),(40,11,12,'2013-07-24 11:51:17'),(41,1,7,'2013-07-24 17:03:39'),(42,2,13,'2013-07-26 08:33:07'),(43,10,3,'2013-07-27 14:23:11'),(44,1,2,'2013-07-29 07:50:32'),(45,10,2,'2013-11-13 18:18:46'),(46,8,5,'2013-11-14 13:51:07'),(47,2,11,'2013-11-14 21:31:15'),(48,6,11,'2013-11-16 16:33:54'),(49,11,7,'2013-11-18 21:05:43'),(50,15,16,'2013-11-22 17:19:34'),(51,13,5,'2013-11-25 10:09:27'),(52,11,9,'2013-11-27 18:07:36'),(53,4,5,'2014-01-19 14:58:32'),(54,2,7,'2014-01-31 14:28:57'),(55,13,14,'2014-02-12 22:59:14'),(56,2,11,'2014-02-23 15:22:08'),(57,7,11,'2014-03-07 14:03:21'),(58,6,7,'2014-03-08 20:23:13'),(59,16,9,'2014-03-08 20:43:55'),(60,11,7,'2014-03-08 21:38:21'),(61,2,11,'2014-03-18 15:31:18'),(62,15,5,'2014-03-22 14:27:44'),(63,11,4,'2014-05-12 17:14:54'),(64,15,8,'2014-05-12 21:59:48'),(65,1,11,'2014-05-13 08:04:07'),(66,5,8,'2014-05-14 12:26:48'),(67,13,11,'2014-05-16 23:19:52'),(68,10,2,'2014-05-17 14:35:27'),(69,7,9,'2014-05-19 18:45:47'),(70,8,11,'2014-05-20 12:48:35'),(71,10,12,'2014-05-21 13:39:43'),(72,1,11,'2014-05-21 20:21:43'),(73,4,16,'2014-06-02 20:17:01'),(74,9,11,'2014-06-11 11:39:35'),(75,7,5,'2014-06-14 17:37:40'),(76,5,2,'2014-06-15 07:59:48'),(77,11,2,'2014-06-15 08:00:33'),(78,6,16,'2014-06-18 09:50:30'),(79,7,11,'2014-06-22 16:39:20'),(80,6,2,'2014-06-23 16:55:45'),(81,10,14,'2014-06-23 17:02:16'),(82,16,13,'2014-07-04 12:37:02'),(83,16,3,'2014-07-06 09:35:00'),(84,3,9,'2014-07-07 18:20:49'),(85,9,11,'2014-07-07 18:25:35'),(86,10,14,'2014-07-07 18:26:59'),(87,10,2,'2014-07-07 18:27:51'),(88,8,5,'2014-07-13 19:41:37'),(89,8,9,'2014-07-18 17:17:22'),(90,14,5,'2014-07-20 18:42:59'),(91,4,5,'2014-07-23 20:23:18'),(92,3,12,'2014-07-24 11:51:27'),(93,13,12,'2014-07-25 12:54:10'),(94,7,12,'2014-07-26 22:06:41'),(95,11,15,'2015-01-14 14:50:36'),(96,11,3,'2015-01-15 12:33:34'),(97,11,8,'2015-01-17 01:00:47'),(98,5,4,'2015-01-17 17:26:35'),(99,8,9,'2015-01-17 18:25:39'),(100,4,11,'2015-01-20 15:20:28'),(101,5,4,'2015-01-23 12:54:45'),(102,5,4,'2015-01-28 14:39:45'),(103,16,7,'2015-01-28 20:16:00'),(104,11,6,'2015-02-08 11:57:00'),(105,10,3,'2015-02-22 20:11:36'),(106,2,11,'2015-03-11 01:03:56'),(107,11,6,'2015-03-11 01:05:21'),(108,6,11,'2015-03-14 16:53:40'),(109,9,2,'2015-03-14 16:55:30'),(110,10,11,'2015-03-24 12:26:27'),(111,4,2,'2015-04-19 21:07:12'),(112,11,3,'2015-04-30 20:36:02'),(113,10,11,'2015-04-30 22:34:39'),(114,13,11,'2015-05-18 12:59:16'),(115,16,3,'2015-05-24 21:54:36'),(116,8,2,'2015-05-31 23:26:58'),(117,1,10,'2015-06-01 13:45:56'),(118,1,9,'2015-06-01 18:37:23'),(119,4,12,'2015-06-08 14:46:00'),(120,15,4,'2015-06-10 18:07:22'),(121,13,14,'2015-06-11 16:45:40'),(122,4,11,'2015-06-11 18:03:46'),(123,8,11,'2015-06-11 18:28:19'),(124,11,3,'2015-06-11 18:35:21'),(125,1,11,'2015-06-11 20:09:06'),(126,5,2,'2015-06-13 06:41:29'),(127,5,11,'2015-06-13 22:12:06'),(128,8,11,'2015-06-14 20:38:42'),(129,4,13,'2015-06-16 22:35:28'),(130,5,2,'2015-07-04 11:47:00'),(131,1,16,'2015-07-08 11:28:47'),(132,6,11,'2015-07-12 21:46:58'),(133,10,5,'2015-07-12 21:52:25'),(134,8,16,'2015-07-14 11:38:44'),(135,5,16,'2015-07-14 14:32:43'),(136,3,11,'2015-07-17 09:58:06'),(137,4,7,'2015-07-17 10:10:47'),(138,9,5,'2015-07-17 13:39:42'),(139,11,5,'2015-12-20 18:49:28'),(140,5,2,'2015-12-27 08:50:01'),(141,15,11,'2016-01-11 08:54:18'),(142,6,7,'2016-01-24 15:45:53'),(143,7,8,'2016-01-28 17:46:50'),(144,10,14,'2016-02-06 18:09:35'),(145,7,11,'2016-02-09 14:05:35'),(146,11,7,'2016-02-09 14:07:00'),(147,7,11,'2016-02-09 14:10:07'),(148,7,11,'2016-02-09 15:09:39'),(149,7,3,'2016-02-16 11:43:56'),(150,7,11,'2016-03-12 19:58:10'),(151,9,16,'2016-03-12 20:00:14'),(152,7,16,'2016-03-12 20:01:21'),(153,8,11,'2016-03-12 23:05:07'),(154,7,11,'2016-03-14 18:37:22'),(155,4,1,'2016-04-02 14:48:23'),(156,8,11,'2016-04-03 12:13:45'),(157,4,2,'2016-04-03 13:32:04'),(158,7,11,'2016-05-01 23:21:22'),(159,9,16,'2016-05-03 19:47:35'),(160,11,8,'2016-05-07 13:23:39'),(161,11,5,'2016-05-08 21:38:32'),(162,2,11,'2016-05-09 21:31:00'),(163,10,16,'2016-05-23 15:11:06'),(164,10,16,'2016-06-04 22:35:18'),(165,6,4,'2016-06-13 08:01:30'),(166,10,12,'2016-06-13 16:49:30'),(167,6,1,'2016-06-16 10:48:51'),(168,6,13,'2016-06-16 10:50:52'),(169,9,5,'2016-06-16 11:18:19'),(170,10,5,'2016-06-16 11:21:34'),(171,2,14,'2016-06-20 11:14:39'),(172,14,12,'2016-06-20 11:30:25'),(173,4,11,'2016-06-26 18:11:25'),(174,4,3,'2016-06-26 18:34:00'),(175,8,3,'2016-06-27 11:11:54'),(176,5,12,'2016-06-27 12:45:37'),(177,15,8,'2016-06-27 15:22:14'),(178,7,9,'2016-07-03 21:53:00'),(179,11,15,'2016-07-06 21:17:30'),(180,13,6,'2016-07-11 23:41:25'),(181,5,6,'2016-07-11 23:42:15'),(182,14,3,'2016-07-13 22:24:55'),(183,16,8,'2016-07-15 13:03:05'),(184,7,2,'2017-01-15 10:21:50'),(185,11,7,'2017-01-16 16:02:44'),(186,16,5,'2017-01-16 20:54:13'),(187,4,11,'2017-01-19 12:54:00'),(188,6,4,'2017-01-22 20:52:21'),(189,11,2,'2017-02-07 18:29:00'),(190,6,2,'2017-02-13 08:44:37'),(191,6,11,'2017-02-15 21:16:36'),(192,4,3,'2017-02-21 08:22:59'),(193,6,5,'2017-03-04 20:35:54'),(194,5,3,'2017-03-10 17:22:58'),(195,2,12,'2017-03-10 17:24:06'),(196,3,9,'2017-03-11 20:29:22'),(197,6,5,'2017-03-27 15:45:32'),(198,13,3,'2017-04-01 11:36:33'),(199,3,13,'2017-04-01 11:40:30'),(200,16,14,'2017-04-22 21:40:43'),(201,4,2,'2017-04-23 21:54:27'),(202,8,11,'2017-05-04 15:05:14'),(203,11,4,'2017-05-04 15:07:24'),(204,5,11,'2017-05-04 15:12:02'),(205,2,8,'2017-05-08 11:29:54'),(206,9,5,'2017-05-09 15:06:49'),(207,13,6,'2017-05-09 15:08:27'),(208,15,1,'2017-05-09 15:09:20'),(209,16,7,'2017-05-14 22:33:19'),(210,12,4,'2017-05-16 07:05:31'),(211,16,3,'2017-05-16 07:06:18'),(212,16,11,'2017-05-16 07:07:49'),(213,14,10,'2017-05-16 08:48:55'),(214,14,16,'2017-05-17 19:17:25'),(215,11,12,'2017-05-17 19:20:03'),(216,2,11,'2017-05-17 19:22:30'),(217,16,11,'2017-05-17 19:37:38'),(218,10,11,'2017-05-18 13:32:19'),(219,11,1,'2017-05-18 18:20:04'),(220,9,11,'2017-05-31 01:00:44'),(221,15,11,'2017-05-31 01:01:47'),(222,3,11,'2017-05-31 01:02:43'),(223,9,11,'2017-06-15 17:50:56'),(224,5,3,'2017-06-26 19:16:26'),(225,7,11,'2017-07-03 04:04:43'),(226,7,2,'2017-07-03 14:25:38'),(227,11,2,'2017-07-03 14:26:51'),(228,6,10,'2017-07-07 03:23:10'),(229,14,16,'2017-07-14 13:41:07'),(230,9,7,'2017-07-16 22:36:03'),(231,10,3,'2017-07-16 22:36:42'),(232,9,13,'2017-07-18 04:28:07'),(233,6,11,'2018-01-07 16:01:00'),(234,11,10,'2018-01-07 20:30:08'),(235,3,5,'2018-01-10 09:38:21'),(236,7,5,'2018-01-13 15:07:10'),(237,5,12,'2018-01-16 14:07:43'),(238,3,11,'2018-01-19 09:09:17'),(239,2,14,'2018-03-03 13:25:53'),(240,2,13,'2018-03-03 14:38:47'),(241,9,16,'2018-04-16 19:54:52'),(242,11,2,'2018-05-02 09:21:27'),(243,15,2,'2018-05-03 05:42:30'),(244,11,8,'2018-05-05 10:25:07'),(245,6,14,'2018-05-14 11:23:13'),(246,6,8,'2018-05-14 11:24:31'),(247,3,16,'2018-05-14 11:45:25'),(248,11,12,'2018-05-14 12:10:53'),(249,6,11,'2018-05-16 13:54:56'),(250,12,7,'2018-05-19 13:28:32'),(251,3,12,'2018-05-20 18:36:45'),(252,11,5,'2018-05-21 12:00:05'),(253,5,8,'2018-05-21 12:45:50'),(254,6,1,'2018-05-21 13:09:52'),(255,8,4,'2018-05-21 19:05:32'),(256,16,14,'2018-05-22 01:02:49'),(257,10,11,'2018-05-31 13:14:06'),(258,11,6,'2018-06-02 12:52:43'),(259,2,9,'2018-06-04 21:00:50'),(260,2,5,'2018-06-08 14:18:14'),(261,1,5,'2018-06-09 06:27:44'),(262,8,11,'2018-06-19 11:19:39'),(263,11,5,'2018-06-27 15:12:24'),(264,7,2,'2018-07-19 18:31:11'),(265,16,8,'2018-07-19 18:44:17');

--
-- Table structure for table `traded_asset`
--

CREATE TABLE `traded_asset` (
  `traded_asset_id` int(11) NOT NULL AUTO_INCREMENT,
  `trade_id` int(11) NOT NULL,
  `trading_team_id` int(11) NOT NULL,
  `asset_type` enum('Contract','Brognas','Draft Pick','Ping Pong Ball','Player') NOT NULL DEFAULT 'Contract',
  `asset_id` int(11) NOT NULL,
  PRIMARY KEY (`traded_asset_id`)
) ENGINE=InnoDB AUTO_INCREMENT=735 DEFAULT CHARSET=latin1;

--
-- Dumping data for table `traded_asset`
--

INSERT INTO `traded_asset` VALUES (1,1,11,'Draft Pick',663),(2,2,16,'Draft Pick',33),(3,3,7,'Draft Pick',668),(4,3,11,'Brognas',11),(5,4,5,'Brognas',10),(6,1,6,'Player',414),(7,2,4,'Player',536),(8,4,8,'Player',489),(9,5,10,'Draft Pick',38),(10,5,10,'Draft Pick',676),(11,5,15,'Brognas',25),(12,6,10,'Player',311),(13,6,14,'Brognas',5),(14,7,7,'Player',466),(15,7,7,'Brognas',18),(16,7,16,'Contract',92),(17,7,16,'Draft Pick',21),(18,8,14,'Contract',139),(19,8,14,'Draft Pick',666),(20,8,3,'Draft Pick',624),(21,8,3,'Draft Pick',653),(22,8,3,'Draft Pick',685),(23,8,3,'Ping Pong Ball',16),(24,9,4,'Draft Pick',640),(25,9,4,'Draft Pick',655),(26,9,9,'Brognas',5),(27,9,9,'Draft Pick',40),(28,10,13,'Draft Pick',31),(29,10,13,'Draft Pick',634),(30,10,13,'Ping Pong Ball',5),(31,10,14,'Draft Pick',624),(32,10,14,'Ping Pong Ball',16),(33,11,11,'Draft Pick',972),(34,12,11,'Contract',154),(35,12,5,'Contract',86),(36,13,2,'Brognas',15),(37,14,13,'Brognas',10),(38,14,13,'Draft Pick',927),(39,15,2,'Contract',91),(40,15,11,'Brognas',20),(41,15,11,'Draft Pick',912),(42,16,16,'Draft Pick',916),(43,17,8,'Brognas',10),(44,17,8,'Draft Pick',915),(45,18,12,'Contract',146),(46,18,10,'Brognas',18),(47,18,10,'Draft Pick',938),(48,19,11,'Contract',91),(49,20,5,'Contract',154),(50,20,3,'Brognas',15),(51,20,3,'Draft Pick',910),(52,21,11,'Contract',168),(53,21,11,'Contract',223),(54,22,11,'Contract',215),(55,23,5,'Contract',156),(56,23,8,'Contract',217),(57,23,8,'Brognas',10),(58,24,8,'Contract',225),(59,24,8,'Brognas',35),(60,24,8,'Draft Pick',934),(61,25,13,'Contract',174),(62,25,13,'Brognas',14),(63,26,10,'Contract',80),(64,27,16,'Brognas',17),(65,28,14,'Contract',213),(66,29,15,'Brognas',10),(67,29,15,'Draft Pick',931),(68,30,11,'Brognas',25),(69,30,4,'Contract',141),(70,31,15,'Brognas',20),(71,31,15,'Draft Pick',918),(72,31,4,'Draft Pick',936),(73,31,4,'Draft Pick',1027),(74,32,13,'Brognas',22),(75,33,11,'Draft Pick',998),(76,33,15,'Draft Pick',936),(77,34,8,'Contract',156),(78,34,8,'Brognas',11),(79,35,9,'Brognas',10),(80,35,9,'Draft Pick',909),(81,36,16,'Brognas',33),(82,36,16,'Draft Pick',933),(83,36,16,'Draft Pick',1000),(84,36,3,'Contract',139),(85,37,10,'Brognas',8),(86,37,3,'Contract',154),(87,38,13,'Brognas',4),(88,38,13,'Draft Pick',922),(89,39,10,'Brognas',24),(90,39,10,'Draft Pick',911),(91,39,14,'Draft Pick',921),(92,40,11,'Brognas',16),(93,40,11,'Draft Pick',937),(94,40,12,'Contract',151),(95,41,1,'Draft Pick',919),(96,41,1,'Draft Pick',960),(97,41,7,'Contract',124),(98,42,13,'Draft Pick',962),(99,43,10,'Draft Pick',947),(100,44,1,'Draft Pick',991),(101,44,2,'Contract',90),(102,45,10,'Player',412),(103,45,2,'Draft Pick',952),(104,46,8,'Player',380),(105,46,8,'Brognas',14),(106,46,5,'Contract',215),(107,46,5,'Draft Pick',1257),(108,47,2,'Player',234),(109,47,11,'Draft Pick',979),(110,48,6,'Brognas',2),(111,48,6,'Draft Pick',969),(112,48,11,'Contract',151),(113,49,11,'Draft Pick',1018),(114,49,7,'Contract',188),(115,49,7,'Player',659),(116,49,7,'Brognas',7),(117,50,15,'Contract',140),(118,50,15,'Player',645),(119,50,16,'Contract',183),(120,50,16,'Player',687),(121,51,13,'Player',315),(122,51,5,'Brognas',15),(123,51,5,'Draft Pick',926),(124,52,11,'Draft Pick',1283),(125,52,9,'Contract',149),(126,53,4,'Draft Pick',946),(127,53,5,'Brognas',20),(128,54,2,'Brognas',36),(129,54,7,'Contract',187),(130,54,7,'Player',667),(131,55,13,'Player',365),(132,55,14,'Draft Pick',1031),(133,56,2,'Player',395),(134,56,2,'Player',517),(135,56,2,'Brognas',37),(136,56,11,'Player',630),(137,57,7,'Player',582),(138,57,7,'Brognas',10),(139,57,7,'Draft Pick',957),(140,57,11,'Draft Pick',936),(141,58,6,'Draft Pick',975),(142,58,6,'Draft Pick',1025),(143,58,7,'Brognas',1),(144,58,7,'Draft Pick',988),(145,58,7,'Draft Pick',1018),(146,59,16,'Draft Pick',1271),(147,59,9,'Contract',194),(148,59,9,'Draft Pick',945),(149,59,9,'Draft Pick',1276),(150,60,11,'Draft Pick',1311),(151,60,7,'Brognas',4),(152,61,2,'Contract',314),(153,61,11,'Contract',213),(154,62,15,'Draft Pick',995),(155,62,5,'Draft Pick',1258),(156,63,4,'Brognas',5),(157,63,4,'Draft Pick',1263),(158,64,15,'Contract',240),(159,64,15,'Draft Pick',1291),(160,64,8,'Contract',306),(161,64,8,'Draft Pick',1243),(162,64,8,'Draft Pick',1310),(163,65,1,'Brognas',10),(164,65,1,'Draft Pick',1246),(165,66,5,'Contract',261),(166,66,5,'Draft Pick',1277),(167,66,8,'Draft Pick',1257),(168,66,8,'Draft Pick',1265),(169,67,13,'Brognas',30),(170,67,13,'Draft Pick',1239),(171,67,11,'Contract',296),(172,67,11,'Draft Pick',1312),(173,68,2,'Brognas',9),(174,68,2,'Draft Pick',1268),(175,69,7,'Contract',235),(176,69,7,'Contract',311),(177,69,7,'Brognas',8),(178,70,8,'Brognas',10),(179,71,12,'Brognas',25),(180,71,12,'Draft Pick',1262),(181,72,1,'Brognas',15),(182,73,4,'Contract',275),(183,73,4,'Brognas',15),(184,73,4,'Draft Pick',1249),(185,73,16,'Contract',229),(186,74,11,'Brognas',20),(187,75,7,'Brognas',10),(188,75,7,'Draft Pick',1238),(189,75,5,'Contract',179),(190,76,5,'Contract',87),(191,76,5,'Draft Pick',1238),(192,76,5,'Draft Pick',1315),(193,76,2,'Brognas',26),(194,76,2,'Draft Pick',1248),(195,76,2,'Draft Pick',1297),(196,77,11,'Brognas',80),(197,77,2,'Contract',305),(198,78,6,'Contract',210),(199,78,6,'Brognas',20),(200,78,6,'Draft Pick',1229),(201,78,16,'Contract',238),(202,78,16,'Draft Pick',1276),(203,79,7,'Brognas',7),(204,80,2,'Brognas',10),(205,81,14,'Contract',222),(206,81,14,'Draft Pick',1269),(207,82,13,'Draft Pick',1279),(208,83,3,'Draft Pick',1287),(209,84,3,'Brognas',2),(210,84,3,'Draft Pick',1259),(211,85,9,'Contract',208),(212,85,9,'Contract',329),(213,85,9,'Draft Pick',1271),(214,85,11,'Draft Pick',1256),(215,86,10,'Contract',259),(216,86,14,'Brognas',13),(217,87,2,'Contract',213),(218,88,8,'Draft Pick',1277),(219,89,8,'Contract',215),(220,89,8,'Draft Pick',1244),(221,89,9,'Contract',244),(222,89,9,'Contract',245),(223,89,9,'Draft Pick',1327),(224,90,14,'Contract',228),(225,90,14,'Draft Pick',1241),(226,90,14,'Draft Pick',1591),(227,90,5,'Draft Pick',1609),(228,91,4,'Draft Pick',1250),(229,91,5,'Contract',254),(230,92,3,'Brognas',7),(231,92,3,'Draft Pick',1288),(232,92,12,'Contract',242),(233,93,13,'Contract',289),(234,93,13,'Brognas',6),(235,93,13,'Draft Pick',1293),(236,94,7,'Brognas',8),(237,95,11,'Draft Pick',1284),(238,95,15,'Player',575),(239,96,11,'Draft Pick',1341),(240,96,11,'Draft Pick',1342),(241,96,11,'Draft Pick',1379),(242,96,3,'Player',302),(243,97,11,'Player',630),(244,97,8,'Player',240),(245,97,8,'Brognas',17),(246,98,5,'Draft Pick',1277),(247,98,4,'Brognas',15),(248,99,8,'Player',306),(249,99,9,'Draft Pick',1275),(250,100,4,'Contract',209),(251,100,4,'Brognas',15),(252,100,11,'Player',582),(253,100,11,'Draft Pick',1255),(254,101,5,'Contract',223),(255,101,5,'Contract',228),(256,101,5,'Brognas',15),(257,101,5,'Draft Pick',1591),(258,102,5,'Contract',264),(259,102,5,'Draft Pick',1250),(260,102,5,'Draft Pick',1297),(261,102,4,'Player',342),(262,103,16,'Contract',344),(263,103,16,'Draft Pick',1279),(264,103,16,'Draft Pick',1287),(265,103,7,'Player',523),(266,103,7,'Draft Pick',1273),(267,104,11,'Draft Pick',1246),(268,104,6,'Player',758),(269,104,6,'Brognas',30),(270,105,10,'Brognas',4),(271,105,10,'Draft Pick',1289),(272,105,10,'Draft Pick',1268),(273,105,3,'Player',254),(274,106,2,'Player',715),(275,106,2,'Player',496),(276,106,11,'Contract',273),(277,106,11,'Contract',297),(278,106,11,'Contract',227),(279,106,11,'Draft Pick',1239),(280,107,11,'Draft Pick',1271),(281,107,6,'Player',253),(282,107,6,'Draft Pick',1282),(283,108,6,'Draft Pick',1281),(284,108,11,'Player',253),(285,108,11,'Brognas',2),(286,108,11,'Draft Pick',1282),(287,109,9,'Contract',331),(288,109,9,'Player',768),(289,109,9,'Draft Pick',1283),(290,109,9,'Draft Pick',1306),(291,109,2,'Player',513),(292,110,10,'Draft Pick',1290),(293,110,10,'Draft Pick',1295),(294,110,11,'Draft Pick',1263),(295,111,2,'Brognas',6),(296,111,2,'Draft Pick',1582),(297,112,11,'Contract',389),(298,112,3,'Draft Pick',1628),(299,113,10,'Contract',410),(300,113,10,'Brognas',15),(301,113,10,'Draft Pick',1577),(302,113,10,'Draft Pick',1578),(303,113,11,'Contract',220),(304,113,11,'Contract',232),(305,113,11,'Contract',386),(306,113,11,'Draft Pick',1621),(307,114,13,'Brognas',5),(308,114,13,'Draft Pick',1589),(309,114,11,'Contract',388),(310,114,11,'Draft Pick',1622),(311,115,16,'Brognas',10),(312,115,16,'Draft Pick',1576),(313,115,3,'Contract',370),(314,116,2,'Draft Pick',1581),(315,117,1,'Contract',348),(316,117,10,'Contract',411),(317,118,1,'Contract',272),(318,118,9,'Brognas',10),(319,118,9,'Draft Pick',1569),(320,118,9,'Draft Pick',1608),(321,119,12,'Draft Pick',1572),(322,120,15,'Brognas',10),(323,120,15,'Draft Pick',1585),(324,121,13,'Contract',366),(325,121,13,'Brognas',5),(326,121,13,'Draft Pick',1549),(327,122,11,'Brognas',10),(328,122,11,'Draft Pick',1598),(329,123,11,'Draft Pick',1552),(330,124,11,'Draft Pick',1597),(331,124,3,'Contract',389),(332,125,1,'Contract',357),(333,125,11,'Draft Pick',1578),(334,126,5,'Contract',263),(335,126,2,'Contract',398),(336,126,2,'Brognas',20),(337,126,2,'Draft Pick',1579),(338,127,5,'Contract',412),(339,127,11,'Contract',410),(340,127,11,'Brognas',15),(341,127,11,'Draft Pick',1551),(342,127,11,'Draft Pick',1577),(343,128,11,'Draft Pick',1589),(344,129,4,'Draft Pick',1591),(345,129,13,'Brognas',16),(346,129,13,'Draft Pick',1550),(347,129,13,'Draft Pick',1590),(348,130,5,'Contract',262),(349,130,2,'Brognas',15),(350,131,1,'Contract',352),(351,131,16,'Brognas',8),(352,132,11,'Contract',412),(353,133,10,'Draft Pick',1596),(354,134,8,'Contract',343),(355,134,8,'Draft Pick',1589),(356,134,16,'Brognas',7),(357,134,16,'Draft Pick',1575),(358,134,16,'Draft Pick',1616),(359,135,16,'Draft Pick',1615),(360,136,3,'Contract',369),(361,136,11,'Brognas',15),(362,137,4,'Draft Pick',1550),(363,137,7,'Brognas',8),(364,137,7,'Draft Pick',1606),(365,138,9,'Draft Pick',1631),(366,138,9,'Draft Pick',1632),(367,139,11,'Contract',314),(368,139,11,'Contract',419),(369,139,5,'Draft Pick',1870),(370,140,5,'Brognas',15),(371,140,5,'Draft Pick',1632),(372,140,5,'Draft Pick',1618),(373,140,2,'Contract',395),(374,140,2,'Draft Pick',1613),(375,141,11,'Contract',385),(376,142,6,'Brognas',7),(377,142,7,'Player',464),(378,143,7,'Player',861),(379,143,8,'Brognas',10),(380,144,10,'Player',406),(381,144,14,'Brognas',10),(382,145,7,'Draft Pick',1873),(383,146,11,'Contract',428),(384,147,7,'Contract',423),(385,147,7,'Contract',420),(386,148,7,'Contract',428),(387,148,11,'Contract',423),(388,148,11,'Contract',420),(389,148,11,'Draft Pick',1873),(390,149,7,'Player',859),(391,149,3,'Brognas',5),(392,150,7,'Contract',423),(393,150,11,'Brognas',20),(394,151,9,'Draft Pick',1674),(395,151,16,'Contract',413),(396,151,16,'Player',360),(397,152,7,'Brognas',10),(398,152,7,'Draft Pick',1648),(399,152,16,'Draft Pick',1588),(400,153,8,'Contract',407),(401,153,8,'Draft Pick',1875),(402,153,11,'Contract',431),(403,154,7,'Contract',420),(404,154,7,'Draft Pick',1636),(405,154,7,'Draft Pick',1873),(406,154,11,'Contract',428),(407,155,4,'Contract',442),(408,155,4,'Draft Pick',1606),(409,155,1,'Draft Pick',1578),(410,155,1,'Draft Pick',1612),(411,156,8,'Draft Pick',1638),(412,156,11,'Draft Pick',1636),(413,156,11,'Draft Pick',1628),(414,157,4,'Draft Pick',1640),(415,157,2,'Brognas',10),(416,158,7,'Brognas',16),(417,158,7,'Draft Pick',1902),(418,158,7,'Draft Pick',1961),(419,158,11,'Draft Pick',1903),(420,159,9,'Brognas',5),(421,159,9,'Draft Pick',1871),(422,159,16,'Contract',375),(423,159,16,'Contract',434),(424,159,16,'Contract',459),(425,160,8,'Brognas',9),(426,161,5,'Brognas',10),(427,161,5,'Draft Pick',1943),(428,162,2,'Brognas',10),(429,162,2,'Draft Pick',1932),(430,162,11,'Contract',407),(431,162,11,'Draft Pick',1938),(432,163,10,'Brognas',7),(433,164,10,'Draft Pick',1905),(434,165,4,'Draft Pick',1889),(435,166,10,'Draft Pick',1877),(436,166,12,'Contract',425),(437,167,6,'Contract',327),(438,167,6,'Draft Pick',1886),(439,167,6,'Draft Pick',1910),(440,167,1,'Draft Pick',1897),(441,167,1,'Draft Pick',1898),(442,167,1,'Draft Pick',1928),(443,168,6,'Contract',490),(444,168,13,'Draft Pick',1883),(445,169,9,'Contract',438),(446,169,9,'Contract',459),(447,169,5,'Contract',410),(448,169,5,'Brognas',27),(449,169,5,'Draft Pick',1869),(450,170,10,'Draft Pick',1878),(451,170,10,'Draft Pick',1906),(452,170,5,'Contract',495),(453,170,5,'Draft Pick',1930),(454,171,14,'Draft Pick',1891),(455,171,14,'Draft Pick',1942),(456,172,14,'Brognas',10),(457,172,14,'Draft Pick',1892),(458,173,4,'Contract',264),(459,173,4,'Brognas',5),(460,173,4,'Draft Pick',1922),(461,174,4,'Brognas',5),(462,174,4,'Draft Pick',1921),(463,175,8,'Brognas',20),(464,175,8,'Draft Pick',1917),(465,176,5,'Contract',398),(466,176,5,'Brognas',5),(467,176,12,'Contract',441),(468,177,15,'Contract',499),(469,177,8,'Contract',494),(470,177,8,'Brognas',20),(471,177,8,'Draft Pick',1876),(472,178,7,'Contract',482),(473,178,7,'Brognas',2),(474,178,7,'Draft Pick',1874),(475,178,9,'Contract',446),(476,179,11,'Draft Pick',1932),(477,179,11,'Draft Pick',1922),(478,179,11,'Draft Pick',1904),(479,179,11,'Draft Pick',1902),(480,179,11,'Draft Pick',1937),(481,179,11,'Draft Pick',1943),(482,179,11,'Draft Pick',1961),(483,179,15,'Draft Pick',1881),(484,180,13,'Draft Pick',1884),(485,180,13,'Draft Pick',1926),(486,180,6,'Draft Pick',1909),(487,181,5,'Draft Pick',1878),(488,181,6,'Contract',412),(489,182,14,'Contract',505),(490,182,14,'Brognas',7),(491,182,3,'Contract',472),(492,183,8,'Brognas',10),(493,184,7,'Player',206),(494,184,2,'Brognas',2),(495,185,11,'Draft Pick',1977),(496,185,7,'Player',526),(497,186,16,'Contract',517),(498,186,16,'Player',941),(499,186,5,'Player',810),(500,187,4,'Player',455),(501,187,11,'Brognas',8),(502,187,11,'Draft Pick',1978),(503,188,6,'Draft Pick',1926),(504,188,4,'Player',809),(505,189,11,'Contract',475),(506,189,11,'Contract',373),(507,189,11,'Draft Pick',1875),(508,189,2,'Draft Pick',1942),(509,190,6,'Draft Pick',1885),(510,190,6,'Draft Pick',1884),(511,190,6,'Draft Pick',1878),(512,190,2,'Draft Pick',1891),(513,190,2,'Draft Pick',1893),(514,191,6,'Draft Pick',1898),(515,191,6,'Draft Pick',1928),(516,191,6,'Draft Pick',2003),(517,191,11,'Draft Pick',1895),(518,191,11,'Draft Pick',1942),(519,192,4,'Brognas',15),(520,192,3,'Draft Pick',1917),(521,193,6,'Draft Pick',1956),(522,193,5,'Player',513),(523,194,5,'Player',244),(524,194,3,'Draft Pick',1945),(525,195,2,'Player',510),(526,195,12,'Draft Pick',1935),(527,196,3,'Player',882),(528,196,3,'Brognas',7),(529,196,9,'Draft Pick',1914),(530,197,6,'Contract',491),(531,197,6,'Contract',520),(532,197,6,'Contract',518),(533,197,6,'Draft Pick',2199),(534,197,5,'Contract',552),(535,197,5,'Contract',553),(536,198,13,'Draft Pick',2387),(537,198,13,'Draft Pick',2388),(538,198,3,'Draft Pick',2346),(539,199,3,'Draft Pick',2387),(540,199,3,'Draft Pick',2388),(541,199,13,'Draft Pick',2346),(542,200,16,'Contract',567),(543,200,16,'Draft Pick',2189),(544,200,14,'Contract',563),(545,201,4,'Contract',529),(546,201,2,'Draft Pick',2215),(547,202,11,'Draft Pick',2286),(548,203,11,'Contract',423),(549,203,11,'Draft Pick',2228),(550,203,4,'Contract',463),(551,204,5,'Contract',419),(552,204,5,'Draft Pick',2249),(553,204,11,'Draft Pick',2227),(554,204,11,'Draft Pick',2265),(555,205,2,'Draft Pick',2274),(556,205,8,'Contract',535),(557,206,9,'Brognas',6),(558,206,9,'Draft Pick',2277),(559,207,13,'Contract',490),(560,207,13,'Contract',489),(561,207,6,'Contract',542),(562,207,6,'Contract',543),(563,207,6,'Brognas',20),(564,207,6,'Draft Pick',2200),(565,208,15,'Draft Pick',2203),(566,208,1,'Contract',411),(567,209,16,'Draft Pick',2190),(568,209,7,'Contract',556),(569,210,12,'Brognas',5),(570,210,12,'Draft Pick',2225),(571,211,16,'Brognas',13),(572,212,16,'Draft Pick',2280),(573,212,11,'Contract',420),(574,213,14,'Contract',562),(575,213,14,'Draft Pick',2283),(576,213,14,'Draft Pick',2309),(577,213,14,'Draft Pick',2324),(578,213,14,'Draft Pick',2352),(579,213,14,'Draft Pick',2411),(580,213,14,'Draft Pick',2420),(581,213,14,'Draft Pick',2450),(582,213,14,'Draft Pick',2490),(583,213,10,'Draft Pick',2197),(584,213,10,'Draft Pick',2271),(585,213,10,'Draft Pick',2303),(586,213,10,'Draft Pick',2340),(587,213,10,'Draft Pick',2378),(588,213,10,'Draft Pick',2403),(589,213,10,'Draft Pick',2440),(590,213,10,'Draft Pick',2454),(591,213,10,'Draft Pick',2494),(592,214,16,'Brognas',30),(593,215,12,'Brognas',7),(594,215,12,'Draft Pick',2205),(595,216,2,'Contract',582),(596,216,2,'Brognas',15),(597,216,2,'Draft Pick',2242),(598,216,11,'Contract',525),(599,217,16,'Contract',486),(600,217,16,'Brognas',10),(601,217,16,'Draft Pick',2252),(602,218,10,'Draft Pick',2236),(603,218,11,'Contract',551),(604,219,11,'Contract',463),(605,219,1,'Brognas',5),(606,219,1,'Draft Pick',2238),(607,220,9,'Draft Pick',2196),(608,221,15,'Draft Pick',2224),(609,222,3,'Draft Pick',2232),(610,223,9,'Brognas',7),(611,223,9,'Draft Pick',2248),(612,224,3,'Draft Pick',2263),(613,224,3,'Draft Pick',2264),(614,225,7,'Draft Pick',2246),(615,225,11,'Draft Pick',2249),(616,226,7,'Contract',479),(617,226,2,'Draft Pick',2216),(618,227,2,'Brognas',6),(619,228,6,'Brognas',15),(620,228,10,'Contract',562),(621,229,16,'Draft Pick',2307),(622,230,9,'Contract',509),(623,230,9,'Brognas',15),(624,230,9,'Draft Pick',2195),(625,230,7,'Contract',557),(626,231,10,'Contract',585),(627,231,3,'Brognas',20),(628,231,3,'Draft Pick',2193),(629,232,9,'Brognas',20),(630,232,9,'Draft Pick',2247),(631,232,9,'Draft Pick',2278),(632,233,6,'Contract',490),(633,233,6,'Contract',489),(634,233,6,'Contract',374),(635,233,6,'Contract',562),(636,233,6,'Contract',545),(637,233,11,'Brognas',10),(638,234,11,'Draft Pick',2224),(639,235,5,'Draft Pick',2277),(640,235,5,'Draft Pick',2268),(641,236,7,'Draft Pick',2216),(642,236,7,'Draft Pick',2249),(643,236,5,'Brognas',12),(644,236,5,'Draft Pick',2210),(645,237,5,'Draft Pick',2264),(646,237,12,'Player',660),(647,238,3,'Brognas',10),(648,238,3,'Draft Pick',2345),(649,238,11,'Draft Pick',2280),(650,238,11,'Draft Pick',2266),(651,238,11,'Draft Pick',2285),(652,238,11,'Draft Pick',2321),(653,239,2,'Draft Pick',2313),(654,239,14,'Brognas',5),(655,239,14,'Draft Pick',2798),(656,240,2,'Player',806),(657,240,2,'Player',628),(658,240,13,'Draft Pick',2247),(659,240,13,'Draft Pick',2278),(660,241,16,'Brognas',5),(661,242,11,'Draft Pick',2513),(662,242,2,'Contract',594),(663,243,15,'Contract',665),(664,243,15,'Draft Pick',2509),(665,243,2,'Contract',607),(666,244,11,'Brognas',10),(667,244,11,'Draft Pick',2611),(668,245,6,'Contract',544),(669,245,14,'Draft Pick',2531),(670,246,6,'Contract',552),(671,246,8,'Contract',636),(672,246,8,'Brognas',15),(673,246,8,'Draft Pick',2519),(674,247,3,'Contract',661),(675,247,3,'Brognas',20),(676,247,3,'Draft Pick',2525),(677,247,16,'Contract',610),(678,248,11,'Brognas',25),(679,248,11,'Draft Pick',2514),(680,248,12,'Contract',586),(681,249,11,'Brognas',5),(682,250,12,'Contract',588),(683,250,7,'Brognas',9),(684,250,7,'Draft Pick',2535),(685,251,3,'Brognas',10),(686,251,3,'Draft Pick',2526),(687,251,12,'Contract',631),(688,251,12,'Draft Pick',2665),(689,252,11,'Contract',600),(690,252,11,'Brognas',10),(691,252,11,'Draft Pick',2562),(692,252,11,'Draft Pick',2583),(693,252,5,'Contract',643),(694,252,5,'Draft Pick',2599),(695,252,5,'Draft Pick',2615),(696,253,5,'Contract',491),(697,253,5,'Contract',645),(698,253,5,'Draft Pick',2557),(699,253,8,'Brognas',10),(700,253,8,'Draft Pick',2520),(701,253,8,'Draft Pick',2549),(702,254,1,'Brognas',7),(703,255,8,'Contract',637),(704,255,8,'Brognas',25),(705,255,8,'Draft Pick',2557),(706,256,16,'Contract',556),(707,256,14,'Brognas',25),(708,256,14,'Draft Pick',2532),(709,257,11,'Draft Pick',2599),(710,258,11,'Draft Pick',2561),(711,258,6,'Contract',553),(712,259,2,'Contract',665),(713,259,2,'Contract',581),(714,259,2,'Draft Pick',2513),(715,259,2,'Draft Pick',2553),(716,259,9,'Contract',557),(717,259,9,'Contract',605),(718,259,9,'Contract',608),(719,260,2,'Contract',469),(720,260,2,'Draft Pick',2537),(721,260,2,'Draft Pick',2538),(722,260,2,'Draft Pick',2554),(723,260,5,'Contract',520),(724,260,5,'Draft Pick',2520),(725,260,5,'Draft Pick',2600),(726,261,1,'Draft Pick',2529),(727,261,5,'Draft Pick',2522),(728,262,8,'Contract',645),(729,262,8,'Brognas',10),(730,262,11,'Contract',643),(731,263,11,'Brognas',10),(732,264,7,'Brognas',20),(733,264,2,'Contract',605),(734,265,8,'Brognas',5);

--
-- Table structure for table `week`
--

CREATE TABLE `week` (
  `week_id` int(11) NOT NULL AUTO_INCREMENT,
  `year` int(11) NOT NULL,
  `week_number` int(11) NOT NULL,
  `start_time` datetime NOT NULL,
  PRIMARY KEY (`week_id`),
  UNIQUE KEY `year_week_uq` (`year`,`week_number`)
) ENGINE=InnoDB AUTO_INCREMENT=82 DEFAULT CHARSET=latin1;

--
-- Dumping data for table `week`
--

INSERT INTO `week` VALUES (1,2013,1,'2013-03-31 20:00:00'),(2,2013,2,'2013-04-08 14:00:00'),(3,2013,3,'2013-04-15 11:00:00'),(4,2013,4,'2013-04-22 18:25:00'),(5,2013,5,'2013-04-29 19:00:00'),(6,2013,6,'2013-05-06 19:00:00'),(7,2013,7,'2013-05-13 19:00:00'),(8,2013,8,'2013-05-20 12:00:00'),(9,2013,9,'2013-05-27 13:00:00'),(10,2013,10,'2013-06-03 19:00:00'),(11,2013,11,'2013-06-10 19:00:00'),(12,2013,12,'2013-06-17 19:00:00'),(13,2013,13,'2013-06-24 19:00:00'),(14,2013,14,'2013-07-01 13:02:00'),(15,2013,15,'2013-07-08 19:00:00'),(16,2013,16,'2013-07-15 19:00:00'),(17,2013,17,'2013-07-29 19:00:00'),(18,2013,18,'2013-08-05 19:00:00'),(19,2013,19,'2013-08-12 12:32:00'),(20,2013,20,'2013-08-19 19:00:00'),(21,2014,1,'2014-03-30 20:00:00'),(22,2014,2,'2014-04-07 13:00:00'),(23,2014,3,'2014-04-14 19:00:00'),(24,2014,4,'2014-04-21 11:00:00'),(25,2014,5,'2014-04-28 19:05:00'),(26,2014,6,'2014-05-05 19:00:00'),(27,2014,7,'2014-05-12 19:00:00'),(28,2014,8,'2014-05-19 19:00:00'),(29,2014,9,'2014-05-26 13:05:00'),(30,2014,10,'2014-06-02 19:00:00'),(31,2014,11,'2014-06-09 13:05:00'),(32,2014,12,'2014-06-16 19:00:00'),(33,2014,13,'2014-06-23 19:00:00'),(34,2014,14,'2014-06-30 19:00:00'),(35,2014,15,'2014-07-07 19:00:00'),(36,2014,16,'2014-07-14 19:00:00'),(37,2014,17,'2014-07-28 12:05:00'),(38,2014,18,'2014-08-04 12:05:00'),(39,2014,19,'2014-08-11 13:00:00'),(40,2014,20,'2014-08-18 12:05:00'),(42,2015,1,'2015-04-05 20:00:00'),(43,2015,2,'2015-04-13 13:00:00'),(44,2015,3,'2015-04-20 11:00:00'),(45,2015,4,'2015-04-27 16:00:00'),(46,2015,5,'2015-05-04 19:00:00'),(47,2015,6,'2015-05-11 19:00:00'),(48,2015,7,'2015-05-18 13:00:00'),(49,2015,8,'2015-05-25 13:00:00'),(50,2015,9,'2015-06-01 19:00:00'),(51,2015,10,'2015-06-08 19:00:00'),(52,2015,11,'2015-06-15 19:00:00'),(53,2015,12,'2015-06-22 19:00:00'),(54,2015,13,'2015-06-29 19:00:00'),(55,2015,14,'2015-07-06 19:00:00'),(56,2015,15,'2015-07-13 19:00:00'),(57,2015,16,'2015-07-27 19:00:00'),(58,2015,17,'2015-08-03 13:00:00'),(59,2015,18,'2015-08-10 19:00:00'),(60,2015,19,'2015-08-17 19:00:00'),(61,2015,20,'2015-08-24 19:00:00'),(62,2017,1,'2017-01-08 15:18:00'),(63,2017,2,'2017-01-08 15:18:00'),(64,2017,3,'2017-01-08 15:18:00'),(65,2017,4,'2017-01-08 15:18:00'),(66,2017,5,'2017-01-08 15:18:00'),(67,2017,6,'2017-01-08 15:18:00'),(68,2017,7,'2017-01-08 15:18:00'),(69,2017,8,'2017-01-08 15:18:00'),(70,2017,9,'2017-01-08 15:18:00'),(71,2017,10,'2017-01-08 15:18:00'),(72,2017,11,'2017-01-08 15:18:00'),(73,2017,12,'2017-01-08 15:18:00'),(74,2017,13,'2017-01-08 15:18:00'),(75,2017,14,'2017-01-08 15:18:00'),(76,2017,15,'2017-01-08 15:18:00'),(77,2017,16,'2017-01-08 15:18:00'),(78,2017,17,'2017-01-08 15:18:00'),(79,2017,18,'2017-01-08 15:18:00'),(80,2017,19,'2017-01-08 15:18:00'),(81,2017,20,'2017-01-08 15:18:00');


