-- Table structure for table `jos_rokgallery_profiles`
--

CREATE TABLE `jos_rokgallery_profiles` (
  `id` int(10) unsigned NOT NULL AUTO_INCREMENT,
  `name` varchar(200) NOT NULL,
  `profile` text NOT NULL,
  `created_at` datetime NOT NULL,
  `updated_at` datetime NOT NULL,
  PRIMARY KEY (`id`),
  UNIQUE KEY `id` (`id`),
  KEY `jos_rokgallery_profiles_name_idx` (`name`)
) ENGINE=InnoDB DEFAULT CHARSET=utf8;

--
-- Dumping data for table `jos_rokgallery_profiles`
--


--
-- Table structure for table `jos_rokgallery_schema_version`
--

CREATE TABLE `jos_rokgallery_schema_version` (
  `version` int(11) DEFAULT NULL
) ENGINE=InnoDB DEFAULT CHARSET=latin1;

--
-- Dumping data for table `jos_rokgallery_schema_version`
--

INSERT INTO `jos_rokgallery_schema_version` VALUES (2);

--
-- Table structure for table `jos_rokgallery_slice_tags`
--

CREATE TABLE `jos_rokgallery_slice_tags` (
  `slice_id` int(10) unsigned NOT NULL DEFAULT '0',
  `tag` varchar(50) NOT NULL DEFAULT '',
  PRIMARY KEY (`slice_id`,`tag`),
  KEY `rokgallery_slice_tags_slice_id_idx` (`slice_id`),
  CONSTRAINT `jos_slice_tags_slice_id_slices_id` FOREIGN KEY (`slice_id`) REFERENCES `jos_rokgallery_slices` (`id`) ON DELETE CASCADE ON UPDATE CASCADE
) ENGINE=InnoDB DEFAULT CHARSET=utf8;

--
-- Dumping data for table `jos_rokgallery_slice_tags`
--


--
-- Table structure for table `jos_rokgallery_slices`
--

CREATE TABLE `jos_rokgallery_slices` (
  `id` int(10) unsigned NOT NULL AUTO_INCREMENT,
  `file_id` int(10) unsigned NOT NULL,
  `gallery_id` int(10) unsigned DEFAULT NULL,
  `guid` char(36) NOT NULL,
  `title` varchar(200) DEFAULT NULL,
  `caption` text,
  `link` text,
  `filesize` int(10) unsigned NOT NULL,
  `xsize` int(10) unsigned NOT NULL,
  `ysize` int(10) unsigned NOT NULL,
  `published` tinyint(1) NOT NULL DEFAULT '0',
  `admin_thumb` tinyint(1) NOT NULL DEFAULT '0',
  `manipulations` longtext,
  `palette` text,
  `created_at` datetime NOT NULL,
  `updated_at` datetime NOT NULL,
  `slug` varchar(255) DEFAULT NULL,
  `thumb_xsize` int(10) unsigned NOT NULL,
  `thumb_ysize` int(10) unsigned NOT NULL,
  `thumb_keep_aspect` tinyint(1) NOT NULL DEFAULT '1',
  `thumb_background` varchar(12) DEFAULT 'transparent',
  `ordering` int(10) unsigned NOT NULL,
  PRIMARY KEY (`id`),
  UNIQUE KEY `id` (`id`),
  UNIQUE KEY `guid` (`guid`),
  UNIQUE KEY `jos_rokgallery_slices_sluggable_idx` (`slug`,`gallery_id`),
  KEY `rokgallery_slices_published_idx` (`published`),
  KEY `rokgallery_slices_guid_idx` (`guid`),
  KEY `file_id_idx` (`file_id`),
  KEY `gallery_id_idx` (`gallery_id`),
  CONSTRAINT `jos_slices_file_id_files_id` FOREIGN KEY (`file_id`) REFERENCES `jos_rokgallery_files` (`id`) ON DELETE CASCADE ON UPDATE CASCADE,
  CONSTRAINT `jos_slices_gallery_id_galleries_id` FOREIGN KEY (`gallery_id`) REFERENCES `jos_rokgallery_galleries` (`id`) ON DELETE SET NULL ON UPDATE CASCADE
) ENGINE=InnoDB AUTO_INCREMENT=155 DEFAULT CHARSET=utf8;

--
-- Dumping data for table `jos_rokgallery_slices`
--

INSERT INTO `jos_rokgallery_slices` VALUES (82,23,NULL,'1f1fb13a-a54d-4f5e-ffae-2edddfd78782','Admin Thumbnail','Admin Thumbnail',NULL,12627,300,180,0,1,'a:2:{i:0;O:37:\"RokGallery_Manipulation_Action_Resize\":4:{s:7:\"\0*\0type\";s:6:\"resize\";s:5:\"width\";i:300;s:6:\"height\";i:246;s:8:\"\0*\0setup\";b:1;}i:1;O:35:\"RokGallery_Manipulation_Action_Crop\":6:{s:7:\"\0*\0type\";s:4:\"crop\";s:4:\"left\";i:0;s:3:\"top\";i:33;s:5:\"width\";i:300;s:6:\"height\";i:180;s:8:\"\0*\0setup\";b:1;}}',NULL,'2012-02-21 19:12:21','2012-02-21 19:12:21','admin-thumbnail-15',150,150,1,NULL,27),(85,26,NULL,'cb745b7d-7878-4b66-fd79-99410e3d05c3','Admin Thumbnail','Admin Thumbnail',NULL,11684,300,180,0,1,'a:2:{i:0;O:37:\"RokGallery_Manipulation_Action_Resize\":4:{s:7:\"\0*\0type\";s:6:\"resize\";s:5:\"width\";i:300;s:6:\"height\";i:246;s:8:\"\0*\0setup\";b:1;}i:1;O:35:\"RokGallery_Manipulation_Action_Crop\":6:{s:7:\"\0*\0type\";s:4:\"crop\";s:4:\"left\";i:0;s:3:\"top\";i:33;s:5:\"width\";i:300;s:6:\"height\";i:180;s:8:\"\0*\0setup\";b:1;}}',NULL,'2012-02-21 19:12:21','2012-02-21 19:12:21','admin-thumbnail-18',150,150,1,NULL,26),(86,27,NULL,'50757847-2ee3-4b7c-ff1e-e59a3c767abd','Admin Thumbnail','Admin Thumbnail',NULL,9350,300,180,0,1,'a:2:{i:0;O:37:\"RokGallery_Manipulation_Action_Resize\":4:{s:7:\"\0*\0type\";s:6:\"resize\";s:5:\"width\";i:300;s:6:\"height\";i:246;s:8:\"\0*\0setup\";b:1;}i:1;O:35:\"RokGallery_Manipulation_Action_Crop\":6:{s:7:\"\0*\0type\";s:4:\"crop\";s:4:\"left\";i:0;s:3:\"top\";i:33;s:5:\"width\";i:300;s:6:\"height\";i:180;s:8:\"\0*\0setup\";b:1;}}',NULL,'2012-02-21 19:12:21','2012-02-21 19:12:21','admin-thumbnail-19',150,150,1,NULL,25),(89,26,4,'730fa81b-6c02-4fcf-8c04-82ec26f3e2f4','David Lynch',NULL,'{\"type\":\"manual\",\"link\":\"\"}',12900,238,195,0,0,'a:2:{i:0;O:37:\"RokGallery_Manipulation_Action_Resize\":4:{s:7:\"\0*\0type\";s:6:\"resize\";s:5:\"width\";i:238;s:6:\"height\";i:195;s:8:\"\0*\0setup\";b:1;}i:1;O:35:\"RokGallery_Manipulation_Action_Crop\":6:{s:7:\"\0*\0type\";s:4:\"crop\";s:4:\"left\";i:0;s:3:\"top\";i:0;s:5:\"width\";i:238;s:6:\"height\";i:195;s:8:\"\0*\0setup\";b:1;}}',NULL,'2012-02-21 19:15:35','2012-03-06 00:28:04','david-lynch',238,195,0,'transparent',6),(90,27,4,'51040a7a-4235-480d-ae60-e05eb0af7a23','Pete Seeger',NULL,'{\"type\":\"manual\",\"link\":\"\"}',10342,238,195,1,0,'a:2:{i:0;O:37:\"RokGallery_Manipulation_Action_Resize\":4:{s:7:\"\0*\0type\";s:6:\"resize\";s:5:\"width\";i:238;s:6:\"height\";i:195;s:8:\"\0*\0setup\";b:1;}i:1;O:35:\"RokGallery_Manipulation_Action_Crop\":6:{s:7:\"\0*\0type\";s:4:\"crop\";s:4:\"left\";i:0;s:3:\"top\";i:0;s:5:\"width\";i:238;s:6:\"height\";i:195;s:8:\"\0*\0setup\";b:1;}}',NULL,'2012-02-21 19:16:02','2012-02-21 19:16:02','pete-seeger',238,195,0,'transparent',5),(91,23,4,'c2cc0bec-2ac0-41da-95dd-1fc3e2df7f14','Deepak Chopra',NULL,'{\"type\":\"manual\",\"link\":\"\"}',14703,238,195,1,0,'a:2:{i:0;O:37:\"RokGallery_Manipulation_Action_Resize\":4:{s:7:\"\0*\0type\";s:6:\"resize\";s:5:\"width\";i:238;s:6:\"height\";i:195;s:8:\"\0*\0setup\";b:1;}i:1;O:35:\"RokGallery_Manipulation_Action_Crop\":6:{s:7:\"\0*\0type\";s:4:\"crop\";s:4:\"left\";i:0;s:3:\"top\";i:0;s:5:\"width\";i:238;s:6:\"height\";i:195;s:8:\"\0*\0setup\";b:1;}}',NULL,'2012-02-21 19:16:27','2012-02-21 19:16:27','deepak-chopra',238,195,0,'transparent',4),(93,28,NULL,'8f188d31-932c-459e-c6fa-4850c7656614','Admin Thumbnail','Admin Thumbnail',NULL,13312,300,180,0,1,'a:2:{i:0;O:37:\"RokGallery_Manipulation_Action_Resize\":4:{s:7:\"\0*\0type\";s:6:\"resize\";s:5:\"width\";i:300;s:6:\"height\";i:246;s:8:\"\0*\0setup\";b:1;}i:1;O:35:\"RokGallery_Manipulation_Action_Crop\":6:{s:7:\"\0*\0type\";s:4:\"crop\";s:4:\"left\";i:0;s:3:\"top\";i:33;s:5:\"width\";i:300;s:6:\"height\";i:180;s:8:\"\0*\0setup\";b:1;}}',NULL,'2012-02-21 19:46:35','2012-02-21 19:46:35','admin-thumbnail-17',150,150,1,NULL,24),(94,28,4,'ad2996dd-d796-4b78-85c2-66e57abe8e90','Deborah Garcia',NULL,'{\"type\":\"manual\",\"link\":\"\"}',15441,238,195,1,0,'a:2:{i:0;O:37:\"RokGallery_Manipulation_Action_Resize\":4:{s:7:\"\0*\0type\";s:6:\"resize\";s:5:\"width\";i:238;s:6:\"height\";i:195;s:8:\"\0*\0setup\";b:1;}i:1;O:35:\"RokGallery_Manipulation_Action_Crop\":6:{s:7:\"\0*\0type\";s:4:\"crop\";s:4:\"left\";i:0;s:3:\"top\";i:0;s:5:\"width\";i:238;s:6:\"height\";i:195;s:8:\"\0*\0setup\";b:1;}}',NULL,'2012-02-21 19:47:10','2012-02-21 19:47:10','deborah-garcia',238,195,0,'transparent',3),(95,29,NULL,'446e9ec2-2af9-4c8b-a572-798fc8e0037a','Admin Thumbnail','Admin Thumbnail',NULL,13589,300,180,0,1,'a:2:{i:0;O:37:\"RokGallery_Manipulation_Action_Resize\":4:{s:7:\"\0*\0type\";s:6:\"resize\";s:5:\"width\";i:333;s:6:\"height\";i:180;s:8:\"\0*\0setup\";b:1;}i:1;O:35:\"RokGallery_Manipulation_Action_Crop\":6:{s:7:\"\0*\0type\";s:4:\"crop\";s:4:\"left\";i:17;s:3:\"top\";i:0;s:5:\"width\";i:300;s:6:\"height\";i:180;s:8:\"\0*\0setup\";b:1;}}',NULL,'2012-03-03 19:54:49','2012-03-03 19:54:49','admin-thumbnail',150,150,1,NULL,23),(96,30,NULL,'0213d317-3a27-4da7-f676-80258b82263a','Admin Thumbnail','Admin Thumbnail',NULL,20197,300,180,0,1,'a:2:{i:0;O:37:\"RokGallery_Manipulation_Action_Resize\":4:{s:7:\"\0*\0type\";s:6:\"resize\";s:5:\"width\";i:333;s:6:\"height\";i:180;s:8:\"\0*\0setup\";b:1;}i:1;O:35:\"RokGallery_Manipulation_Action_Crop\":6:{s:7:\"\0*\0type\";s:4:\"crop\";s:4:\"left\";i:17;s:3:\"top\";i:0;s:5:\"width\";i:300;s:6:\"height\";i:180;s:8:\"\0*\0setup\";b:1;}}',NULL,'2012-03-03 19:54:50','2012-03-03 19:54:50','admin-thumbnail-12',150,150,1,NULL,22),(97,31,NULL,'ee62978a-b1fb-485b-d28d-cb5f23e0e614','Admin Thumbnail','Admin Thumbnail',NULL,19910,300,180,0,1,'a:2:{i:0;O:37:\"RokGallery_Manipulation_Action_Resize\":4:{s:7:\"\0*\0type\";s:6:\"resize\";s:5:\"width\";i:333;s:6:\"height\";i:180;s:8:\"\0*\0setup\";b:1;}i:1;O:35:\"RokGallery_Manipulation_Action_Crop\":6:{s:7:\"\0*\0type\";s:4:\"crop\";s:4:\"left\";i:17;s:3:\"top\";i:0;s:5:\"width\";i:300;s:6:\"height\";i:180;s:8:\"\0*\0setup\";b:1;}}',NULL,'2012-03-03 19:54:50','2012-03-03 19:54:50','admin-thumbnail-13',150,150,1,NULL,21),(99,29,1,'ccad04a8-7c82-4949-8f5e-327305d1773a','slide3',NULL,'{\"type\":\"manual\",\"link\":\"\"}',42191,620,335,1,0,'a:2:{i:0;O:37:\"RokGallery_Manipulation_Action_Resize\":4:{s:7:\"\0*\0type\";s:6:\"resize\";s:5:\"width\";i:620;s:6:\"height\";i:335;s:8:\"\0*\0setup\";b:1;}i:1;O:35:\"RokGallery_Manipulation_Action_Crop\":6:{s:7:\"\0*\0type\";s:4:\"crop\";s:4:\"left\";i:0;s:3:\"top\";i:0;s:5:\"width\";i:620;s:6:\"height\";i:335;s:8:\"\0*\0setup\";b:1;}}',NULL,'2012-03-03 19:57:21','2012-03-03 19:57:21','slide3',130,65,0,'transparent',6),(100,30,1,'54316dbc-aebd-436b-da48-604c48065f9c','slide2',NULL,'{\"type\":\"manual\",\"link\":\"\"}',64053,620,335,1,0,'a:2:{i:0;O:37:\"RokGallery_Manipulation_Action_Resize\":4:{s:7:\"\0*\0type\";s:6:\"resize\";s:5:\"width\";i:620;s:6:\"height\";i:335;s:8:\"\0*\0setup\";b:1;}i:1;O:35:\"RokGallery_Manipulation_Action_Crop\":6:{s:7:\"\0*\0type\";s:4:\"crop\";s:4:\"left\";i:0;s:3:\"top\";i:0;s:5:\"width\";i:620;s:6:\"height\";i:335;s:8:\"\0*\0setup\";b:1;}}',NULL,'2012-03-03 19:57:51','2012-03-06 06:36:51','slide2',130,65,0,'transparent',0),(102,33,NULL,'04c89d7c-00bd-4a80-c6df-578354d82820','Admin Thumbnail','Admin Thumbnail',NULL,117376,234,125,0,1,'a:0:{}',NULL,'2012-03-04 21:31:18','2012-03-04 21:31:18','admin-thumbnail-2',150,150,1,NULL,20),(103,34,NULL,'ca4cdf3f-804b-4e84-da20-659e02324416','Admin Thumbnail','Admin Thumbnail',NULL,117376,234,125,0,1,'a:0:{}',NULL,'2012-03-04 21:31:18','2012-03-04 21:31:18','admin-thumbnail-3',150,150,1,NULL,19),(104,35,NULL,'4ea09f6c-71f0-45d8-c078-2a70fad719d3','Admin Thumbnail','Admin Thumbnail',NULL,117376,234,125,0,1,'a:0:{}',NULL,'2012-03-04 21:31:18','2012-03-04 21:31:18','admin-thumbnail-4',150,150,1,NULL,18),(105,36,NULL,'18a1963b-9d2a-4d33-f8c7-b330eb647ce4','Admin Thumbnail','Admin Thumbnail',NULL,117376,234,125,0,1,'a:0:{}',NULL,'2012-03-04 21:31:18','2012-03-04 21:31:18','admin-thumbnail-5',150,150,1,NULL,17),(107,33,5,'800c9b21-153a-4201-e2f5-79bafdc738f5','patagonia',NULL,'{\"type\":\"manual\",\"link\":\"\"}',117376,234,125,1,0,'a:2:{i:0;O:37:\"RokGallery_Manipulation_Action_Resize\":4:{s:7:\"\0*\0type\";s:6:\"resize\";s:5:\"width\";i:234;s:6:\"height\";i:125;s:8:\"\0*\0setup\";b:1;}i:1;O:35:\"RokGallery_Manipulation_Action_Crop\":6:{s:7:\"\0*\0type\";s:4:\"crop\";s:4:\"left\";i:0;s:3:\"top\";i:0;s:5:\"width\";i:234;s:6:\"height\";i:125;s:8:\"\0*\0setup\";b:1;}}',NULL,'2012-03-04 21:32:58','2012-03-04 21:32:58','patagonia',190,150,0,'transparent',5),(108,34,5,'d59d4d1d-6277-4193-9b26-060946c500c5','wholefoods',NULL,'{\"type\":\"manual\",\"link\":\"\"}',117376,234,125,1,0,'a:2:{i:0;O:37:\"RokGallery_Manipulation_Action_Resize\":4:{s:7:\"\0*\0type\";s:6:\"resize\";s:5:\"width\";i:234;s:6:\"height\";i:125;s:8:\"\0*\0setup\";b:1;}i:1;O:35:\"RokGallery_Manipulation_Action_Crop\":6:{s:7:\"\0*\0type\";s:4:\"crop\";s:4:\"left\";i:0;s:3:\"top\";i:0;s:5:\"width\";i:234;s:6:\"height\";i:125;s:8:\"\0*\0setup\";b:1;}}',NULL,'2012-03-04 21:33:13','2012-03-04 21:33:13','wholefoods',190,150,0,'transparent',4),(109,35,5,'8318e430-a69b-47b7-9c1a-890739f597dd','hardrock',NULL,'{\"type\":\"manual\",\"link\":\"\"}',117376,234,125,1,0,'a:2:{i:0;O:37:\"RokGallery_Manipulation_Action_Resize\":4:{s:7:\"\0*\0type\";s:6:\"resize\";s:5:\"width\";i:234;s:6:\"height\";i:125;s:8:\"\0*\0setup\";b:1;}i:1;O:35:\"RokGallery_Manipulation_Action_Crop\":6:{s:7:\"\0*\0type\";s:4:\"crop\";s:4:\"left\";i:0;s:3:\"top\";i:0;s:5:\"width\";i:234;s:6:\"height\";i:125;s:8:\"\0*\0setup\";b:1;}}',NULL,'2012-03-04 21:33:32','2012-03-04 21:33:32','hardrock',190,150,0,'transparent',3),(110,36,5,'4c142e45-5bc9-4f08-ee90-0437554e0a89','vitamix',NULL,'{\"type\":\"manual\",\"link\":\"\"}',117376,234,125,1,0,'a:2:{i:0;O:37:\"RokGallery_Manipulation_Action_Resize\":4:{s:7:\"\0*\0type\";s:6:\"resize\";s:5:\"width\";i:234;s:6:\"height\";i:125;s:8:\"\0*\0setup\";b:1;}i:1;O:35:\"RokGallery_Manipulation_Action_Crop\":6:{s:7:\"\0*\0type\";s:4:\"crop\";s:4:\"left\";i:0;s:3:\"top\";i:0;s:5:\"width\";i:234;s:6:\"height\";i:125;s:8:\"\0*\0setup\";b:1;}}',NULL,'2012-03-04 21:33:46','2012-03-04 21:33:46','vitamix',190,150,0,'transparent',2),(111,37,NULL,'57e7ae58-303e-455e-d41a-d346dedffc48','Admin Thumbnail','Admin Thumbnail',NULL,19943,300,180,0,1,'a:2:{i:0;O:37:\"RokGallery_Manipulation_Action_Resize\":4:{s:7:\"\0*\0type\";s:6:\"resize\";s:5:\"width\";i:333;s:6:\"height\";i:180;s:8:\"\0*\0setup\";b:1;}i:1;O:35:\"RokGallery_Manipulation_Action_Crop\":6:{s:7:\"\0*\0type\";s:4:\"crop\";s:4:\"left\";i:17;s:3:\"top\";i:0;s:5:\"width\";i:300;s:6:\"height\";i:180;s:8:\"\0*\0setup\";b:1;}}',NULL,'2012-03-04 22:50:31','2012-03-04 22:50:31','admin-thumbnail-6',150,150,1,NULL,16),(112,38,NULL,'bc9c48fc-bc16-4ce3-9196-66f7d257220e','Admin Thumbnail','Admin Thumbnail',NULL,21017,300,180,0,1,'a:2:{i:0;O:37:\"RokGallery_Manipulation_Action_Resize\":4:{s:7:\"\0*\0type\";s:6:\"resize\";s:5:\"width\";i:333;s:6:\"height\";i:180;s:8:\"\0*\0setup\";b:1;}i:1;O:35:\"RokGallery_Manipulation_Action_Crop\":6:{s:7:\"\0*\0type\";s:4:\"crop\";s:4:\"left\";i:17;s:3:\"top\";i:0;s:5:\"width\";i:300;s:6:\"height\";i:180;s:8:\"\0*\0setup\";b:1;}}',NULL,'2012-03-04 22:50:31','2012-03-04 22:50:31','admin-thumbnail-7',150,150,1,NULL,15),(113,39,NULL,'6888f01f-7d2e-41bd-93f3-58e7a48e24c5','Admin Thumbnail','Admin Thumbnail',NULL,11765,300,180,0,1,'a:2:{i:0;O:37:\"RokGallery_Manipulation_Action_Resize\":4:{s:7:\"\0*\0type\";s:6:\"resize\";s:5:\"width\";i:333;s:6:\"height\";i:180;s:8:\"\0*\0setup\";b:1;}i:1;O:35:\"RokGallery_Manipulation_Action_Crop\":6:{s:7:\"\0*\0type\";s:4:\"crop\";s:4:\"left\";i:17;s:3:\"top\";i:0;s:5:\"width\";i:300;s:6:\"height\";i:180;s:8:\"\0*\0setup\";b:1;}}',NULL,'2012-03-04 22:50:31','2012-03-04 22:50:31','admin-thumbnail-8',150,150,1,NULL,14),(114,37,1,'94ff7279-4c17-48a0-8d7f-4a527a8438fd','slide4',NULL,'{\"type\":\"manual\",\"link\":\"\"}',58348,620,335,1,0,'a:2:{i:0;O:37:\"RokGallery_Manipulation_Action_Resize\":4:{s:7:\"\0*\0type\";s:6:\"resize\";s:5:\"width\";i:620;s:6:\"height\";i:335;s:8:\"\0*\0setup\";b:1;}i:1;O:35:\"RokGallery_Manipulation_Action_Crop\":6:{s:7:\"\0*\0type\";s:4:\"crop\";s:4:\"left\";i:0;s:3:\"top\";i:0;s:5:\"width\";i:620;s:6:\"height\";i:335;s:8:\"\0*\0setup\";b:1;}}',NULL,'2012-03-04 22:50:50','2012-03-04 22:51:50','slide4',130,65,0,'transparent',5),(115,38,1,'0575467e-4d31-4ed7-b7a0-fb089ddfc5f7','slide5',NULL,'{\"type\":\"manual\",\"link\":\"\"}',64913,620,335,1,0,'a:2:{i:0;O:37:\"RokGallery_Manipulation_Action_Resize\":4:{s:7:\"\0*\0type\";s:6:\"resize\";s:5:\"width\";i:620;s:6:\"height\";i:335;s:8:\"\0*\0setup\";b:1;}i:1;O:35:\"RokGallery_Manipulation_Action_Crop\":6:{s:7:\"\0*\0type\";s:4:\"crop\";s:4:\"left\";i:0;s:3:\"top\";i:0;s:5:\"width\";i:620;s:6:\"height\";i:335;s:8:\"\0*\0setup\";b:1;}}',NULL,'2012-03-04 22:51:04','2012-03-04 22:58:20','slide5',130,65,0,'transparent',3),(116,39,1,'efabe1e6-af82-436c-d385-72ffedd543f2','slide6',NULL,'{\"type\":\"manual\",\"link\":\"\"}',28816,620,335,1,0,'a:2:{i:0;O:37:\"RokGallery_Manipulation_Action_Resize\":4:{s:7:\"\0*\0type\";s:6:\"resize\";s:5:\"width\";i:620;s:6:\"height\";i:335;s:8:\"\0*\0setup\";b:1;}i:1;O:35:\"RokGallery_Manipulation_Action_Crop\":6:{s:7:\"\0*\0type\";s:4:\"crop\";s:4:\"left\";i:0;s:3:\"top\";i:0;s:5:\"width\";i:620;s:6:\"height\";i:335;s:8:\"\0*\0setup\";b:1;}}',NULL,'2012-03-04 22:51:18','2012-03-04 22:58:20','slide6',130,65,0,'transparent',4),(119,41,NULL,'c87a5370-5660-48a6-b024-49a975c72cd5','Admin Thumbnail','Admin Thumbnail',NULL,15839,300,180,0,1,'a:2:{i:0;O:37:\"RokGallery_Manipulation_Action_Resize\":4:{s:7:\"\0*\0type\";s:6:\"resize\";s:5:\"width\";i:300;s:6:\"height\";i:246;s:8:\"\0*\0setup\";b:1;}i:1;O:35:\"RokGallery_Manipulation_Action_Crop\":6:{s:7:\"\0*\0type\";s:4:\"crop\";s:4:\"left\";i:0;s:3:\"top\";i:33;s:5:\"width\";i:300;s:6:\"height\";i:180;s:8:\"\0*\0setup\";b:1;}}',NULL,'2012-03-06 00:28:26','2012-03-06 00:28:26','admin-thumbnail-9',150,150,1,NULL,12),(120,42,NULL,'8f0a2adf-2f3a-4888-b522-6d1424cf041b','Admin Thumbnail','Admin Thumbnail',NULL,11694,300,180,0,1,'a:2:{i:0;O:37:\"RokGallery_Manipulation_Action_Resize\":4:{s:7:\"\0*\0type\";s:6:\"resize\";s:5:\"width\";i:300;s:6:\"height\";i:246;s:8:\"\0*\0setup\";b:1;}i:1;O:35:\"RokGallery_Manipulation_Action_Crop\":6:{s:7:\"\0*\0type\";s:4:\"crop\";s:4:\"left\";i:0;s:3:\"top\";i:33;s:5:\"width\";i:300;s:6:\"height\";i:180;s:8:\"\0*\0setup\";b:1;}}',NULL,'2012-03-06 00:28:26','2012-03-06 00:28:26','admin-thumbnail-10',150,150,1,NULL,11),(121,42,4,'fca6292b-c20c-431e-f76c-1becb3fc1a2a','hawken',NULL,'{\"type\":\"manual\",\"link\":\"\"}',12840,238,195,1,0,'a:2:{i:0;O:37:\"RokGallery_Manipulation_Action_Resize\":4:{s:7:\"\0*\0type\";s:6:\"resize\";s:5:\"width\";i:238;s:6:\"height\";i:195;s:8:\"\0*\0setup\";b:1;}i:1;O:35:\"RokGallery_Manipulation_Action_Crop\":6:{s:7:\"\0*\0type\";s:4:\"crop\";s:4:\"left\";i:0;s:3:\"top\";i:0;s:5:\"width\";i:238;s:6:\"height\";i:195;s:8:\"\0*\0setup\";b:1;}}',NULL,'2012-03-06 00:28:48','2012-03-06 00:28:48','hawken',238,195,0,'transparent',2),(122,41,4,'a1dae8c2-3142-4e11-b0f7-feabe195bc7a','Maguire',NULL,'{\"type\":\"manual\",\"link\":\"\"}',18179,238,195,1,0,'a:2:{i:0;O:37:\"RokGallery_Manipulation_Action_Resize\":4:{s:7:\"\0*\0type\";s:6:\"resize\";s:5:\"width\";i:238;s:6:\"height\";i:195;s:8:\"\0*\0setup\";b:1;}i:1;O:35:\"RokGallery_Manipulation_Action_Crop\":6:{s:7:\"\0*\0type\";s:4:\"crop\";s:4:\"left\";i:0;s:3:\"top\";i:0;s:5:\"width\";i:238;s:6:\"height\";i:195;s:8:\"\0*\0setup\";b:1;}}',NULL,'2012-03-06 00:29:07','2012-03-06 00:29:07','maguire',238,195,0,'transparent',1),(123,43,NULL,'6ecd3996-e0ee-4abd-a715-5a062befa01f','Admin Thumbnail','Admin Thumbnail',NULL,10718,300,180,0,1,'a:2:{i:0;O:37:\"RokGallery_Manipulation_Action_Resize\":4:{s:7:\"\0*\0type\";s:6:\"resize\";s:5:\"width\";i:300;s:6:\"height\";i:246;s:8:\"\0*\0setup\";b:1;}i:1;O:35:\"RokGallery_Manipulation_Action_Crop\":6:{s:7:\"\0*\0type\";s:4:\"crop\";s:4:\"left\";i:0;s:3:\"top\";i:33;s:5:\"width\";i:300;s:6:\"height\";i:180;s:8:\"\0*\0setup\";b:1;}}',NULL,'2012-03-06 06:28:12','2012-03-06 06:28:12','admin-thumbnail-11',150,150,1,NULL,10),(124,43,4,'2f452cb3-6e1b-4361-c5de-fc597046ff99','donovan2',NULL,'{\"type\":\"manual\",\"link\":\"\"}',12136,238,195,1,0,'a:2:{i:0;O:37:\"RokGallery_Manipulation_Action_Resize\":4:{s:7:\"\0*\0type\";s:6:\"resize\";s:5:\"width\";i:238;s:6:\"height\";i:195;s:8:\"\0*\0setup\";b:1;}i:1;O:35:\"RokGallery_Manipulation_Action_Crop\":6:{s:7:\"\0*\0type\";s:4:\"crop\";s:4:\"left\";i:0;s:3:\"top\";i:0;s:5:\"width\";i:238;s:6:\"height\";i:195;s:8:\"\0*\0setup\";b:1;}}',NULL,'2012-03-06 06:29:43','2012-03-06 06:29:43','donovan2',238,195,0,'transparent',0),(125,44,NULL,'5c918b55-2c19-481a-b0eb-2e4158e4af90','Admin Thumbnail','Admin Thumbnail',NULL,18613,300,180,0,1,'a:2:{i:0;O:37:\"RokGallery_Manipulation_Action_Resize\":4:{s:7:\"\0*\0type\";s:6:\"resize\";s:5:\"width\";i:333;s:6:\"height\";i:180;s:8:\"\0*\0setup\";b:1;}i:1;O:35:\"RokGallery_Manipulation_Action_Crop\":6:{s:7:\"\0*\0type\";s:4:\"crop\";s:4:\"left\";i:17;s:3:\"top\";i:0;s:5:\"width\";i:300;s:6:\"height\";i:180;s:8:\"\0*\0setup\";b:1;}}',NULL,'2012-03-06 06:35:49','2012-03-06 06:35:49','admin-thumbnail-14',150,150,1,NULL,9),(126,45,NULL,'fe03cb61-57d8-48b8-840e-2e69e6510141','Admin Thumbnail','Admin Thumbnail',NULL,20544,300,180,0,1,'a:2:{i:0;O:37:\"RokGallery_Manipulation_Action_Resize\":4:{s:7:\"\0*\0type\";s:6:\"resize\";s:5:\"width\";i:333;s:6:\"height\";i:180;s:8:\"\0*\0setup\";b:1;}i:1;O:35:\"RokGallery_Manipulation_Action_Crop\":6:{s:7:\"\0*\0type\";s:4:\"crop\";s:4:\"left\";i:17;s:3:\"top\";i:0;s:5:\"width\";i:300;s:6:\"height\";i:180;s:8:\"\0*\0setup\";b:1;}}',NULL,'2012-03-06 06:35:49','2012-03-06 06:35:49','admin-thumbnail-16',150,150,1,NULL,8),(127,45,1,'f6bf6563-d95f-4f6a-b89f-705d79a2ecc1','slide7',NULL,'{\"type\":\"manual\",\"link\":\"\"}',62782,620,335,1,0,'a:2:{i:0;O:37:\"RokGallery_Manipulation_Action_Resize\":4:{s:7:\"\0*\0type\";s:6:\"resize\";s:5:\"width\";i:620;s:6:\"height\";i:335;s:8:\"\0*\0setup\";b:1;}i:1;O:35:\"RokGallery_Manipulation_Action_Crop\":6:{s:7:\"\0*\0type\";s:4:\"crop\";s:4:\"left\";i:0;s:3:\"top\";i:0;s:5:\"width\";i:620;s:6:\"height\";i:335;s:8:\"\0*\0setup\";b:1;}}',NULL,'2012-03-06 06:36:07','2012-03-06 06:38:42','slide7',130,65,0,'transparent',1),(128,44,1,'eee43b0f-9ae6-47cf-d4c9-20c74904e26a','slide8',NULL,'{\"type\":\"manual\",\"link\":\"\"}',58337,620,335,1,0,'a:2:{i:0;O:37:\"RokGallery_Manipulation_Action_Resize\":4:{s:7:\"\0*\0type\";s:6:\"resize\";s:5:\"width\";i:620;s:6:\"height\";i:335;s:8:\"\0*\0setup\";b:1;}i:1;O:35:\"RokGallery_Manipulation_Action_Crop\":6:{s:7:\"\0*\0type\";s:4:\"crop\";s:4:\"left\";i:0;s:3:\"top\";i:0;s:5:\"width\";i:620;s:6:\"height\";i:335;s:8:\"\0*\0setup\";b:1;}}',NULL,'2012-03-06 06:36:26','2012-03-06 06:38:42','slide8',130,65,0,'transparent',2),(129,45,6,'c182673c-1394-4fa7-c998-b5d45f32569d','slide7',NULL,'{\"type\":\"manual\",\"link\":\"\"}',25726,360,200,1,0,'a:2:{i:0;O:37:\"RokGallery_Manipulation_Action_Resize\":4:{s:7:\"\0*\0type\";s:6:\"resize\";s:5:\"width\";i:370;s:6:\"height\";i:200;s:8:\"\0*\0setup\";b:1;}i:1;O:35:\"RokGallery_Manipulation_Action_Crop\":6:{s:7:\"\0*\0type\";s:4:\"crop\";s:4:\"left\";i:5;s:3:\"top\";i:0;s:5:\"width\";i:360;s:6:\"height\";i:200;s:8:\"\0*\0setup\";b:1;}}',NULL,'2012-03-06 18:45:46','2012-03-06 18:45:46','slide7',190,150,0,'transparent',1),(130,44,6,'3cdfc91a-4b39-476e-cacf-43065bf4748e','slide8',NULL,'{\"type\":\"manual\",\"link\":\"\"}',23333,360,200,1,0,'a:2:{i:0;O:37:\"RokGallery_Manipulation_Action_Resize\":4:{s:7:\"\0*\0type\";s:6:\"resize\";s:5:\"width\";i:370;s:6:\"height\";i:200;s:8:\"\0*\0setup\";b:1;}i:1;O:35:\"RokGallery_Manipulation_Action_Crop\":6:{s:7:\"\0*\0type\";s:4:\"crop\";s:4:\"left\";i:6;s:3:\"top\";i:0;s:5:\"width\";i:360;s:6:\"height\";i:200;s:8:\"\0*\0setup\";b:1;}}',NULL,'2012-03-06 18:46:32','2012-03-06 18:46:32','slide8',190,150,0,'transparent',0),(131,44,7,'ede0d1d0-223d-4f15-d07b-15cc5c76a580','slide8',NULL,'{\"type\":\"manual\",\"link\":\"\"}',39420,500,270,1,0,'a:2:{i:0;O:37:\"RokGallery_Manipulation_Action_Resize\":4:{s:7:\"\0*\0type\";s:6:\"resize\";s:5:\"width\";i:500;s:6:\"height\";i:270;s:8:\"\0*\0setup\";b:1;}i:1;O:35:\"RokGallery_Manipulation_Action_Crop\":6:{s:7:\"\0*\0type\";s:4:\"crop\";s:4:\"left\";i:0;s:3:\"top\";i:0;s:5:\"width\";i:500;s:6:\"height\";i:270;s:8:\"\0*\0setup\";b:1;}}',NULL,'2012-03-07 03:30:49','2012-03-07 03:30:49','slide8',190,150,0,'transparent',0),(136,48,NULL,'f3785436-d666-4099-9fa5-30cf6ed4a73e','Admin Thumbnail','Admin Thumbnail',NULL,216590,300,180,0,1,'a:2:{i:0;O:37:\"RokGallery_Manipulation_Action_Resize\":4:{s:7:\"\0*\0type\";s:6:\"resize\";s:5:\"width\";i:300;s:6:\"height\";i:280;s:8:\"\0*\0setup\";b:1;}i:1;O:35:\"RokGallery_Manipulation_Action_Crop\":6:{s:7:\"\0*\0type\";s:4:\"crop\";s:4:\"left\";i:0;s:3:\"top\";i:50;s:5:\"width\";i:300;s:6:\"height\";i:180;s:8:\"\0*\0setup\";b:1;}}',NULL,'2012-03-09 05:05:25','2012-03-09 05:05:25','admin-thumbnail-22',150,150,1,NULL,7),(137,48,8,'7b568c0f-e29c-473d-ea1b-63d84cc254a8','seethrough',NULL,'{\"type\":\"manual\",\"link\":\"\"}',272916,270,252,0,0,'a:2:{i:0;O:37:\"RokGallery_Manipulation_Action_Resize\":4:{s:7:\"\0*\0type\";s:6:\"resize\";s:5:\"width\";i:270;s:6:\"height\";i:252;s:8:\"\0*\0setup\";b:1;}i:1;O:35:\"RokGallery_Manipulation_Action_Crop\":6:{s:7:\"\0*\0type\";s:4:\"crop\";s:4:\"left\";i:0;s:3:\"top\";i:0;s:5:\"width\";i:270;s:6:\"height\";i:252;s:8:\"\0*\0setup\";b:1;}}',NULL,'2012-03-09 05:05:46','2012-03-10 02:39:14','seethrough',190,150,0,'transparent',6),(138,49,NULL,'4a2d2917-aa09-4bf2-c71d-ec1343a088d2','Admin Thumbnail','Admin Thumbnail',NULL,216590,300,180,0,1,'a:2:{i:0;O:37:\"RokGallery_Manipulation_Action_Resize\":4:{s:7:\"\0*\0type\";s:6:\"resize\";s:5:\"width\";i:300;s:6:\"height\";i:280;s:8:\"\0*\0setup\";b:1;}i:1;O:35:\"RokGallery_Manipulation_Action_Crop\":6:{s:7:\"\0*\0type\";s:4:\"crop\";s:4:\"left\";i:0;s:3:\"top\";i:50;s:5:\"width\";i:300;s:6:\"height\";i:180;s:8:\"\0*\0setup\";b:1;}}',NULL,'2012-03-09 05:37:17','2012-03-09 05:37:17','admin-thumbnail-23',150,150,1,NULL,6),(141,49,8,'e6c71918-e4fe-4bd4-c589-cbb3f79d604b','paul1',NULL,'{\"type\":\"manual\",\"link\":\"\"}',272916,270,252,1,0,'a:2:{i:0;O:37:\"RokGallery_Manipulation_Action_Resize\":4:{s:7:\"\0*\0type\";s:6:\"resize\";s:5:\"width\";i:270;s:6:\"height\";i:252;s:8:\"\0*\0setup\";b:1;}i:1;O:35:\"RokGallery_Manipulation_Action_Crop\":6:{s:7:\"\0*\0type\";s:4:\"crop\";s:4:\"left\";i:0;s:3:\"top\";i:0;s:5:\"width\";i:270;s:6:\"height\";i:252;s:8:\"\0*\0setup\";b:1;}}',NULL,'2012-03-09 05:37:56','2012-03-10 02:39:14','paul1',190,150,0,'transparent',0),(142,51,NULL,'7de2a716-0d0e-4f44-8032-79875dee00db','Admin Thumbnail','Admin Thumbnail',NULL,7919,300,180,0,1,'a:2:{i:0;O:37:\"RokGallery_Manipulation_Action_Resize\":4:{s:7:\"\0*\0type\";s:6:\"resize\";s:5:\"width\";i:300;s:6:\"height\";i:280;s:8:\"\0*\0setup\";b:1;}i:1;O:35:\"RokGallery_Manipulation_Action_Crop\":6:{s:7:\"\0*\0type\";s:4:\"crop\";s:4:\"left\";i:0;s:3:\"top\";i:50;s:5:\"width\";i:300;s:6:\"height\";i:180;s:8:\"\0*\0setup\";b:1;}}',NULL,'2012-03-10 00:46:16','2012-03-10 00:46:16','admin-thumbnail-25',150,150,1,NULL,5),(143,52,NULL,'189f74a2-5b12-42bf-804f-f4740468ed44','Admin Thumbnail','Admin Thumbnail',NULL,7127,300,180,0,1,'a:2:{i:0;O:37:\"RokGallery_Manipulation_Action_Resize\":4:{s:7:\"\0*\0type\";s:6:\"resize\";s:5:\"width\";i:300;s:6:\"height\";i:280;s:8:\"\0*\0setup\";b:1;}i:1;O:35:\"RokGallery_Manipulation_Action_Crop\":6:{s:7:\"\0*\0type\";s:4:\"crop\";s:4:\"left\";i:0;s:3:\"top\";i:50;s:5:\"width\";i:300;s:6:\"height\";i:180;s:8:\"\0*\0setup\";b:1;}}',NULL,'2012-03-10 00:46:16','2012-03-10 00:46:16','admin-thumbnail-26',150,150,1,NULL,4),(144,51,8,'e7a9ea4e-a5f4-41fe-e31c-44697fcb57d2','garcia2',NULL,'{\"type\":\"manual\",\"link\":\"\"}',10791,270,252,1,0,'a:2:{i:0;O:37:\"RokGallery_Manipulation_Action_Resize\":4:{s:7:\"\0*\0type\";s:6:\"resize\";s:5:\"width\";i:270;s:6:\"height\";i:252;s:8:\"\0*\0setup\";b:1;}i:1;O:35:\"RokGallery_Manipulation_Action_Crop\":6:{s:7:\"\0*\0type\";s:4:\"crop\";s:4:\"left\";i:0;s:3:\"top\";i:0;s:5:\"width\";i:270;s:6:\"height\";i:252;s:8:\"\0*\0setup\";b:1;}}',NULL,'2012-03-10 00:46:35','2012-03-10 02:39:14','garcia2',190,150,0,'transparent',5),(145,52,8,'2268ec7a-d73f-42e9-f1b9-3ac4eb70f48d','deepak2',NULL,'{\"type\":\"manual\",\"link\":\"\"}',10153,270,252,1,0,'a:2:{i:0;O:37:\"RokGallery_Manipulation_Action_Resize\":4:{s:7:\"\0*\0type\";s:6:\"resize\";s:5:\"width\";i:270;s:6:\"height\";i:252;s:8:\"\0*\0setup\";b:1;}i:1;O:35:\"RokGallery_Manipulation_Action_Crop\":6:{s:7:\"\0*\0type\";s:4:\"crop\";s:4:\"left\";i:0;s:3:\"top\";i:0;s:5:\"width\";i:270;s:6:\"height\";i:252;s:8:\"\0*\0setup\";b:1;}}',NULL,'2012-03-10 00:46:54','2012-03-10 02:39:14','deepak2',190,150,0,'transparent',4),(146,53,NULL,'67ec23d3-648b-489f-915b-1501c73046b1','Admin Thumbnail','Admin Thumbnail','{\"type\":\"manual\",\"link\":\"\"}',9046,300,180,0,1,'a:2:{i:0;O:37:\"RokGallery_Manipulation_Action_Resize\":4:{s:7:\"\0*\0type\";s:6:\"resize\";s:5:\"width\";i:300;s:6:\"height\";i:280;s:8:\"\0*\0setup\";b:1;}i:1;O:35:\"RokGallery_Manipulation_Action_Crop\":6:{s:7:\"\0*\0type\";s:4:\"crop\";s:4:\"left\";i:0;s:3:\"top\";i:5;s:5:\"width\";i:300;s:6:\"height\";i:180;s:8:\"\0*\0setup\";b:1;}}',NULL,'2012-03-10 02:01:43','2012-03-10 02:02:15','admin-thumbnail-27',150,150,1,'transparent',3),(147,53,8,'437a641f-b0eb-409e-ad62-877ba5160b4e','Maguire2',NULL,'{\"type\":\"manual\",\"link\":\"\"}',10697,270,252,1,0,'a:2:{i:0;O:37:\"RokGallery_Manipulation_Action_Resize\":4:{s:7:\"\0*\0type\";s:6:\"resize\";s:5:\"width\";i:270;s:6:\"height\";i:252;s:8:\"\0*\0setup\";b:1;}i:1;O:35:\"RokGallery_Manipulation_Action_Crop\":6:{s:7:\"\0*\0type\";s:4:\"crop\";s:4:\"left\";i:0;s:3:\"top\";i:0;s:5:\"width\";i:270;s:6:\"height\";i:252;s:8:\"\0*\0setup\";b:1;}}',NULL,'2012-03-10 02:02:05','2012-03-10 02:39:14','maguire2',190,150,0,'transparent',1),(148,54,NULL,'651e898e-b72f-4295-aa1b-738ceb3fbc25','Admin Thumbnail','Admin Thumbnail','{\"type\":\"manual\",\"link\":\"\"}',8146,300,180,0,1,'a:2:{i:0;O:37:\"RokGallery_Manipulation_Action_Resize\":4:{s:7:\"\0*\0type\";s:6:\"resize\";s:5:\"width\";i:300;s:6:\"height\";i:280;s:8:\"\0*\0setup\";b:1;}i:1;O:35:\"RokGallery_Manipulation_Action_Crop\":6:{s:7:\"\0*\0type\";s:4:\"crop\";s:4:\"left\";i:0;s:3:\"top\";i:0;s:5:\"width\";i:300;s:6:\"height\";i:180;s:8:\"\0*\0setup\";b:1;}}',NULL,'2012-03-10 02:33:32','2012-03-10 02:33:54','admin-thumbnail-28',150,150,1,'transparent',2),(149,54,8,'b4dd2bd5-3f1c-4ca9-a6d2-73924f18d270','pete2',NULL,'{\"type\":\"manual\",\"link\":\"\"}',10967,270,252,1,0,'a:2:{i:0;O:37:\"RokGallery_Manipulation_Action_Resize\":4:{s:7:\"\0*\0type\";s:6:\"resize\";s:5:\"width\";i:270;s:6:\"height\";i:252;s:8:\"\0*\0setup\";b:1;}i:1;O:35:\"RokGallery_Manipulation_Action_Crop\":6:{s:7:\"\0*\0type\";s:4:\"crop\";s:4:\"left\";i:0;s:3:\"top\";i:0;s:5:\"width\";i:270;s:6:\"height\";i:252;s:8:\"\0*\0setup\";b:1;}}',NULL,'2012-03-10 02:34:08','2012-03-10 02:39:14','pete2',190,150,0,'transparent',3),(150,55,NULL,'f792833e-d5a7-44e2-f8a1-6ef6cce1666e','Admin Thumbnail','Admin Thumbnail','{\"type\":\"manual\",\"link\":\"\"}',10246,300,180,0,1,'a:2:{i:0;O:37:\"RokGallery_Manipulation_Action_Resize\":4:{s:7:\"\0*\0type\";s:6:\"resize\";s:5:\"width\";i:300;s:6:\"height\";i:280;s:8:\"\0*\0setup\";b:1;}i:1;O:35:\"RokGallery_Manipulation_Action_Crop\":6:{s:7:\"\0*\0type\";s:4:\"crop\";s:4:\"left\";i:0;s:3:\"top\";i:13;s:5:\"width\";i:300;s:6:\"height\";i:180;s:8:\"\0*\0setup\";b:1;}}',NULL,'2012-03-10 02:38:18','2012-03-10 02:38:32','admin-thumbnail-20',150,150,1,'transparent',1),(151,55,8,'44502b7a-2b5e-4003-8c21-97e6afd9109f','Donovan Leitch',NULL,'{\"type\":\"manual\",\"link\":\"donovan\"}',14169,270,252,1,0,'a:2:{i:0;O:37:\"RokGallery_Manipulation_Action_Resize\":4:{s:7:\"\0*\0type\";s:6:\"resize\";s:5:\"width\";i:270;s:6:\"height\";i:252;s:8:\"\0*\0setup\";b:1;}i:1;O:35:\"RokGallery_Manipulation_Action_Crop\":6:{s:7:\"\0*\0type\";s:4:\"crop\";s:4:\"left\";i:0;s:3:\"top\";i:0;s:5:\"width\";i:270;s:6:\"height\";i:252;s:8:\"\0*\0setup\";b:1;}}',NULL,'2012-03-10 02:38:44','2012-03-10 02:46:53','donovan5',190,150,0,'transparent',2),(153,57,NULL,'b857d7b0-9758-40a3-b378-1ee1e1a4f316','Admin Thumbnail','Admin Thumbnail',NULL,117376,234,125,0,1,'a:0:{}',NULL,'2012-03-12 18:49:47','2012-03-12 18:49:47','admin-thumbnail-21',150,150,1,NULL,0),(154,57,5,'2ef94fb8-02d5-4323-ec36-5f2a1c0ac25a','navitas3',NULL,'{\"type\":\"manual\",\"link\":\"\"}',117376,234,125,1,0,'a:2:{i:0;O:37:\"RokGallery_Manipulation_Action_Resize\":4:{s:7:\"\0*\0type\";s:6:\"resize\";s:5:\"width\";i:234;s:6:\"height\";i:125;s:8:\"\0*\0setup\";b:1;}i:1;O:35:\"RokGallery_Manipulation_Action_Crop\":6:{s:7:\"\0*\0type\";s:4:\"crop\";s:4:\"left\";i:0;s:3:\"top\";i:0;s:5:\"width\";i:234;s:6:\"height\";i:125;s:8:\"\0*\0setup\";b:1;}}',NULL,'2012-03-12 18:50:10','2012-03-12 18:50:10','navitas3',190,150,0,'transparent',0);

--
-- Table structure for table `jos_rokgallery_slices_index`
--

CREATE TABLE `jos_rokgallery_slices_index` (
  `keyword` varchar(200) NOT NULL DEFAULT '',
  `field` varchar(50) NOT NULL DEFAULT '',
  `position` bigint(20) NOT NULL DEFAULT '0',
  `id` int(10) unsigned NOT NULL DEFAULT '0',
  PRIMARY KEY (`keyword`,`field`,`position`,`id`),
  KEY `rokgallery_slices_index_id_idx` (`id`),
  CONSTRAINT `jos_rokgallery_slices_index_id_idx` FOREIGN KEY (`id`) REFERENCES `jos_rokgallery_slices` (`id`) ON DELETE CASCADE ON UPDATE CASCADE
) ENGINE=InnoDB DEFAULT CHARSET=utf8;

--
-- Dumping data for table `jos_rokgallery_slices_index`
--

INSERT INTO `jos_rokgallery_slices_index` VALUES ('admin','caption',0,82),('admin','title',0,82),('thumbnail','caption',1,82),('thumbnail','title',1,82),('admin','caption',0,85),('admin','title',0,85),('thumbnail','caption',1,85),('thumbnail','title',1,85),('admin','caption',0,86),('admin','title',0,86),('thumbnail','caption',1,86),('thumbnail','title',1,86),('david','title',0,89),('lynch','title',1,89),('pete','title',0,90),('seeger','title',1,90),('chopra','title',1,91),('deepak','title',0,91),('admin','caption',0,93),('admin','title',0,93),('thumbnail','caption',1,93),('thumbnail','title',1,93),('deborah','title',0,94),('garcia','title',1,94),('admin','caption',0,95),('admin','title',0,95),('thumbnail','caption',1,95),('thumbnail','title',1,95),('admin','caption',0,96),('admin','title',0,96),('thumbnail','caption',1,96),('thumbnail','title',1,96),('admin','caption',0,97),('admin','title',0,97),('thumbnail','caption',1,97),('thumbnail','title',1,97),('slide3','title',0,99),('slide2','title',0,100),('admin','caption',0,102),('admin','title',0,102),('thumbnail','caption',1,102),('thumbnail','title',1,102),('admin','caption',0,103),('admin','title',0,103),('thumbnail','caption',1,103),('thumbnail','title',1,103),('admin','caption',0,104),('admin','title',0,104),('thumbnail','caption',1,104),('thumbnail','title',1,104),('admin','caption',0,105),('admin','title',0,105),('thumbnail','caption',1,105),('thumbnail','title',1,105),('patagonia','title',0,107),('wholefoods','title',0,108),('hardrock','title',0,109),('vitamix','title',0,110),('admin','caption',0,111),('admin','title',0,111),('thumbnail','caption',1,111),('thumbnail','title',1,111),('admin','caption',0,112),('admin','title',0,112),('thumbnail','caption',1,112),('thumbnail','title',1,112),('admin','caption',0,113),('admin','title',0,113),('thumbnail','caption',1,113),('thumbnail','title',1,113),('slide4','title',0,114),('slide5','title',0,115),('slide6','title',0,116),('admin','caption',0,119),('admin','title',0,119),('thumbnail','caption',1,119),('thumbnail','title',1,119),('admin','caption',0,120),('admin','title',0,120),('thumbnail','caption',1,120),('thumbnail','title',1,120),('hawken','title',0,121),('maguire','title',0,122),('admin','caption',0,123),('admin','title',0,123),('thumbnail','caption',1,123),('thumbnail','title',1,123),('donovan2','title',0,124),('admin','caption',0,125),('admin','title',0,125),('thumbnail','caption',1,125),('thumbnail','title',1,125),('admin','caption',0,126),('admin','title',0,126),('thumbnail','caption',1,126),('thumbnail','title',1,126),('slide7','title',0,127),('slide8','title',0,128),('slide7','title',0,129),('slide8','title',0,130),('slide8','title',0,131),('admin','caption',0,136),('admin','title',0,136),('thumbnail','caption',1,136),('thumbnail','title',1,136),('seethrough','title',0,137),('admin','caption',0,138),('admin','title',0,138),('thumbnail','caption',1,138),('thumbnail','title',1,138),('paul1','title',0,141),('admin','caption',0,142),('admin','title',0,142),('thumbnail','caption',1,142),('thumbnail','title',1,142),('admin','caption',0,143),('admin','title',0,143),('thumbnail','caption',1,143),('thumbnail','title',1,143),('garcia2','title',0,144),('deepak2','title',0,145),('admin','caption',0,146),('admin','title',0,146),('thumbnail','caption',1,146),('thumbnail','title',1,146),('maguire2','title',0,147),('admin','caption',0,148),('admin','title',0,148),('thumbnail','caption',1,148),('thumbnail','title',1,148),('pete2','title',0,149),('admin','caption',0,150),('admin','title',0,150),('thumbnail','caption',1,150),('thumbnail','title',1,150),('donovan','title',0,151),('leitch','title',1,151),('admin','caption',0,153),('admin','title',0,153),('thumbnail','caption',1,153),('thumbnail','title',1,153),('navitas3','title',0,154);

--
-- Table structure for table `jos_role_members`
--

CREATE TABLE `jos_role_members` (
  `rolid` int(10) unsigned NOT NULL,
  `uid` int(10) unsigned NOT NULL,
  PRIMARY KEY (`uid`,`rolid`)
) ENGINE=MyISAM DEFAULT CHARSET=utf8;

--
-- Dumping data for table `jos_role_members`
--

INSERT INTO `jos_role_members` VALUES (12,1),(16,1),(20,1),(21,1),(12,2),(16,2),(20,2),(21,2);

--
-- Table structure for table `jos_role_node`
--

CREATE TABLE `jos_role_node` (
  `rolid` smallint(5) unsigned NOT NULL AUTO_INCREMENT,
  `parent` smallint(5) unsigned NOT NULL DEFAULT '0',
  `lft` smallint(5) unsigned NOT NULL DEFAULT '0',
  `rgt` smallint(5) unsigned NOT NULL DEFAULT '0',
  `core` tinyint(3) unsigned NOT NULL DEFAULT '0',
  `joomla` smallint(5) unsigned NOT NULL DEFAULT '0',
  `j16` int(10) unsigned NOT NULL DEFAULT '1',
  `namekey` varchar(50) NOT NULL DEFAULT '',
  `color` varchar(20) NOT NULL DEFAULT 'black',
  `type` tinyint(3) unsigned NOT NULL DEFAULT '1',
  `depth` smallint(5) unsigned NOT NULL DEFAULT '0',
  PRIMARY KEY (`rolid`),
  UNIQUE KEY `UK_role_node_namekey` (`namekey`)
) ENGINE=MyISAM AUTO_INCREMENT=31 DEFAULT CHARSET=utf8;

--
-- Dumping data for table `jos_role_node`
--

INSERT INTO `jos_role_node` VALUES (1,0,1,60,1,28,1,'allusers','blue',1,0),(2,7,4,21,1,19,3,'author','teal',1,3),(3,8,6,13,1,21,5,'publisher','maroon',1,5),(4,3,7,12,1,23,6,'manager','orange',1,6),(5,4,8,11,1,24,7,'admin','fuchsia',1,7),(6,5,9,10,1,25,8,'sadmin','red',1,8),(7,9,3,58,1,18,2,'registered','navy',1,2),(8,2,5,14,1,20,4,'editor','silver',1,4),(9,1,2,59,1,29,1,'visitor','aqua',1,1),(10,7,22,23,1,18,12,'customer','green',1,3),(11,2,15,20,1,18,10,'supplier','olive',1,4),(12,11,16,19,1,18,10,'vendor','purple',1,5),(13,7,24,27,1,18,2,'affiliate','teal',1,3),(14,13,25,26,1,18,2,'reseller','black',1,4),(15,7,28,33,1,18,2,'agent','teal',1,3),(16,21,30,31,1,18,2,'support','orange',1,4),(17,7,34,41,1,19,3,'mailauthor','teal',1,3),(18,17,35,40,1,20,4,'maileditor','silver',1,4),(19,18,36,39,1,21,5,'mailpublisher','maroon',1,5),(20,12,17,18,1,24,7,'storemanager','red',1,6),(21,15,29,32,1,18,2,'moderator','black',1,4),(22,7,42,49,1,18,2,'groupmoderator','teal',1,3),(23,22,43,48,1,18,2,'groupmanager','maroon',1,4),(24,23,44,47,1,23,6,'communitymoderator','orange',1,5),(25,24,45,46,1,23,6,'communitymanager','red',1,6),(26,7,50,55,1,19,3,'articleauthor','teal',1,3),(27,26,51,54,1,20,4,'articleeditor','silver',1,4),(28,27,52,53,1,21,5,'articlepublisher','maroon',1,5),(29,19,37,38,1,26,6,'mailmanager','orange',1,6),(30,7,56,57,1,0,1,'listmanager','black',1,3);

--
-- Table structure for table `jos_role_trans`
--

CREATE TABLE `jos_role_trans` (
  `rolid` smallint(5) unsigned NOT NULL,
  `lgid` smallint(5) unsigned NOT NULL,
  `name` varchar(255) NOT NULL,
  `description` text NOT NULL,
  `auto` tinyint(4) NOT NULL DEFAULT '2',
  `fromlgid` tinyint(3) unsigned NOT NULL DEFAULT '0',
  PRIMARY KEY (`rolid`,`lgid`)
) ENGINE=MyISAM DEFAULT CHARSET=utf8;

--
-- Dumping data for table `jos_role_trans`
--

INSERT INTO `jos_role_trans` VALUES (1,1,'All Users','This is the default role any visitor has.',1,1),(2,1,'Author','This role allows the user to create and modify articles.',1,1),(3,1,'Publisher','This role allows the user to publish articles.',1,1),(4,1,'Manager','This role allows the user to log in on the back-end of the website. Managers can edit any menu or article.',1,1),(5,1,'Administrator','This role allows the administration of menus, articles and applications.',1,1),(6,1,'Super Administrator','This role allows access to all functions on the website, including configuration and maintenance.',1,1),(7,1,'Registered','Any user allowed to log in on the front-end of the website.',1,1),(8,1,'Editor','This role allows the user to edit articles.',1,1),(9,1,'Visitor','This is the default role any visitor has.',1,1),(10,1,'Customer','Any one who purchase a product in the store.',1,1),(11,1,'Supplier','Manufacturer or any organization that provides goods and services.',1,1),(12,1,'Vendor','This role allows the user to be a vendor.',1,1),(13,1,'Affiliate','Any person who register to be an affiliate.',1,1),(14,1,'Reseller','Any person who has signed up to be a reseller.',1,1),(15,1,'Support Agent','Agent responsible to communicate with the customers.',1,1),(16,1,'Support Manager','Agents\' manager. This role enables to create agent, and define their project and access rights.',1,1),(17,1,'Mail Author','This role allows the user to create mails.',1,1),(18,1,'Mail Editor','This role allows the user to edit mails.',1,1),(19,1,'Mail Publisher','This role allows the user to publish mails.',1,1),(20,1,'Store Manager','This role allows to manage the store.',1,1),(21,1,'Moderator','Any person allowed to moderate the forum.',1,1),(22,1,'Group Moderator','Group moderator is allowed to moderate any group she is assigned to.',1,1),(23,1,'Group Manager','Creator of a group, can administrate the group.',1,1),(24,1,'Community Moderator','Can moderate any group part of the community.',1,1),(25,1,'Community Manager','Administrate the community. This role is required to install and setup the community.',1,1),(26,1,'Article Author','This role allows to create article, blog, or wiki pages.',1,1),(27,1,'Article Editor','This role allows to edit article, blog, or wiki pages.',1,1),(28,1,'Article Publisher','This role allows to publish article, blog, or wiki pages.',1,1),(29,1,'Mail Manager','With this role user can manager the mail application and preferences',1,1),(30,1,'List Manager','Allow to manage the list of members.',1,1);

--
-- Table structure for table `jos_rule_condition`
--

CREATE TABLE `jos_rule_condition` (
  `cdtid` int(10) unsigned NOT NULL AUTO_INCREMENT,
  `subject` varchar(254) NOT NULL,
  `fromemail` varchar(150) DEFAULT NULL,
  `toemail` varchar(150) DEFAULT NULL,
  `wordswithin` varchar(254) DEFAULT NULL,
  `wordsnotin` varchar(254) DEFAULT NULL,
  `condition` tinyint(3) unsigned NOT NULL DEFAULT '0',
  `datefrom` int(10) unsigned NOT NULL DEFAULT '0',
  `dateto` int(10) unsigned NOT NULL DEFAULT '0',
  `attachment` tinyint(3) unsigned NOT NULL DEFAULT '0',
  PRIMARY KEY (`cdtid`)
) ENGINE=MyISAM DEFAULT CHARSET=utf8;

--
-- Dumping data for table `jos_rule_condition`
--


--
-- Table structure for table `jos_rule_dictionary`
--

CREATE TABLE `jos_rule_dictionary` (
  `dctid` smallint(5) unsigned NOT NULL AUTO_INCREMENT,
  `words` varchar(254) NOT NULL,
  `type` tinyint(3) unsigned NOT NULL DEFAULT '0',
  `core` tinyint(4) NOT NULL DEFAULT '0',
  `searchin` tinyint(3) unsigned NOT NULL DEFAULT '0',
  `created` int(10) unsigned NOT NULL DEFAULT '0',
  `modified` int(10) unsigned NOT NULL DEFAULT '0',
  `publish` tinyint(4) NOT NULL DEFAULT '1',
  `ordering` smallint(5) unsigned NOT NULL DEFAULT '0',
  PRIMARY KEY (`dctid`)
) ENGINE=MyISAM AUTO_INCREMENT=74 DEFAULT CHARSET=utf8;

--
-- Dumping data for table `jos_rule_dictionary`
--

INSERT INTO `jos_rule_dictionary` VALUES (1,'You have been added to',35,1,2,1251519002,1254220570,1,2),(2,'Out of Office',30,1,2,1251523536,1251523536,1,4),(3,'Out of the Office',30,1,2,1251523660,1251523660,1,5),(4,'Vacation Reply',30,1,2,1251523688,1251523688,1,6),(5,'Out of Office Autoreply',30,1,2,1251523719,1251523719,1,7),(6,'Yahoo! Auto Response ',30,1,2,1251523762,1251523762,1,8),(7,'Yahoo! -Message d\'absence',30,1,2,1251523826,1251523826,1,9),(8,'Αυτόματη απόκριση του Yahoo!',30,1,2,1251523992,1251524039,1,10),(9,'Respuesta automática de Yahoo!',30,1,2,1251524133,1251524133,1,11),(10,'AutoReply',30,1,2,1251524159,1251524159,1,12),(11,'Automatski odgovor',30,1,2,1251524178,1251524178,1,13),(12,'Automaska potrvda',30,1,2,1251524410,1251524410,1,14),(13,'Respuesta automática',30,1,2,1251524441,1251524441,1,15),(14,'Automatisch antwoord bij afwezigheid:',30,1,2,1251524478,1251524478,1,16),(15,'Absence du bureau :',30,1,2,1251524503,1251524503,1,17),(16,'Abwesend:',30,1,2,1251524551,1251524551,1,18),(17,'AUTO:',30,1,2,1251524589,1251524589,1,19),(18,'Réponse automatique d\'absence du bureau',30,1,2,1251524616,1251524616,1,20),(19,'Notification d\'absence',30,1,2,1251524642,1251524642,1,21),(20,'Réponse en cas d\'absence',30,1,2,1251524682,1251524682,1,22),(21,'Out of Office Notification',30,1,2,1251524701,1251524701,1,23),(22,'Automatic Autoresponder',30,1,2,1251524738,1251524738,1,24),(23,'Autoresponse from',30,1,2,1251524765,1251524765,1,25),(24,'Urlaub / Vacaciones',30,1,2,1251524787,1251524787,1,26),(25,'Risposta di assenza',30,1,2,1251524804,1251524804,1,27),(26,'what that means?  Niet aanwezig: walt',30,1,2,1251524824,1251524824,1,28),(27,'Auto Answer',30,1,2,1251524848,1251524848,1,29),(28,'Email Address Changed',40,1,2,1251524872,1254219617,1,30),(29,'Email address has changed',40,1,2,1251524998,1254219652,1,31),(30,'Changement d\'adresse email',40,1,2,1251525031,1254220139,1,32),(31,'Change of Address',40,1,2,1251525079,1254220171,1,33),(32,'Mail adres niet meer in gebruik',40,1,2,1251525146,1254220807,1,34),(33,'Message Receive Do Not Reply',20,1,2,1251525175,1251525175,1,35),(34,'NON RECAPITATO',5,1,2,1251525213,1251525213,1,36),(35,'Your Message has been received',20,1,2,1251525246,1254220919,1,37),(36,'Thank you for contacting us',20,1,2,1251525287,1254220955,1,38),(37,'AntiSpam:',15,1,2,1251525345,1251867504,1,39),(38,'AntiSpam requires you to confirm that you are a legitimate sender',15,1,2,1251525428,1251867517,1,40),(39,'Message Not Delivered',5,1,2,1254220983,1254294006,1,41),(40,'Verification of Account',10,1,2,1255167262,1255167262,1,45),(41,'Your email requires verification verify',10,1,2,1255168251,1255168251,1,46),(42,'Reply to this message and leave the subject line intact',10,1,1,1255168319,1255331169,1,47),(43,'failure notice',5,1,2,1255168369,1255168369,1,48),(44,'require',15,1,1,1256782116,1256782116,1,49),(45,'verify your account',10,1,1,1256796720,1256796720,1,43),(46,'Autoresponder',30,1,1,1256796817,1256796817,1,3),(47,'Re:',25,1,2,1257413277,1257413384,1,1),(48,'Undeliverable:',5,1,2,1259670257,1259670257,1,51),(49,'Non remis:',5,1,2,1259670202,1259670202,1,50),(50,'Nondeliverable mail',5,1,2,1259670394,1259670394,1,52),(51,'Returned mail: see transcript for details',5,1,2,1259670429,1259670429,1,53),(52,'DELIVERY FAILURE: Recipient\'s Domino Directory entry does not specify a valid Notes mail file',5,1,2,1259670591,1259670591,1,54),(53,'Mail delivery failed: returning message to sender',5,1,2,1259670618,1259670618,1,42),(54,'Delivery Notification',5,1,2,1259670657,1259670657,1,44),(55,'Neisporučivo メールの配達に失敗しました (Mail delivery failed)',5,1,2,1259670948,1259670948,1,55),(56,'Your Message Could Not Be Delivered',5,1,2,1259670981,1259670981,1,56),(57,'Mail System Error - Returned Mail',5,1,2,1259671009,1259671009,1,57),(58,'[Auto-Reply]',30,1,2,1259671078,1259671078,1,58),(59,'failure delivery ',5,1,2,1259671292,1259671292,1,59),(60,'Mail Delivery Failure',5,1,2,1259671432,1259671432,1,60),(61,'Undelivered Mail Returned to Sender',5,1,2,1259671489,1259671489,1,61),(62,'Warning: message delayed 25 hours',5,1,2,1259671529,1259671529,1,62),(63,'Delivery Notification: Delivery has timed out and failed',5,1,2,1259671602,1259671602,1,63),(64,'Delivery Notification: Delivery has been delayed',5,1,2,1259671654,1259671654,1,64),(65,'Warning: message 1NDcJD-000331-PO delayed 48 hours',5,1,2,1259671703,1259671703,1,65),(66,'Notification d\'+AOk-tat de remise (+AOk-chec)',30,1,2,1259672007,1259672007,1,66),(67,'Email security change',40,1,2,1259934413,1259934413,1,67),(68,'Your E-Mail',40,1,2,1259934452,1259934452,1,68),(69,'Het e-mailbericht is vertraagd:',5,1,2,1259934523,1259934523,1,69),(70,'Zprava o nedoruceni:',5,1,2,1259934568,1259934568,1,70),(71,'Nondeliverable',5,1,2,1259934636,1259934636,1,71),(72,'There has been a problem delivering your email',5,1,2,1259934654,1259934654,1,72),(73,'Delivery to the following recipient failed permanently:',5,1,2,1260159101,1260159101,1,73);

--
-- Table structure for table `jos_rule_node`
--

CREATE TABLE `jos_rule_node` (
  `ruleid` smallint(5) unsigned NOT NULL AUTO_INCREMENT,
  `cdtid` int(10) unsigned NOT NULL DEFAULT '0',
  `name` varchar(250) NOT NULL,
  `description` text,
  `type` tinyint(3) unsigned NOT NULL DEFAULT '0',
  `action` tinyint(3) unsigned NOT NULL DEFAULT '0',
  `core` tinyint(3) unsigned NOT NULL DEFAULT '0',
  `uid` int(10) unsigned NOT NULL DEFAULT '0',
  `created` int(10) unsigned NOT NULL DEFAULT '0',
  `modified` int(10) unsigned NOT NULL DEFAULT '0',
  `publish` tinyint(4) NOT NULL DEFAULT '1',
  `private` tinyint(3) unsigned NOT NULL DEFAULT '0',
  PRIMARY KEY (`ruleid`)
) ENGINE=MyISAM DEFAULT CHARSET=utf8;

--
-- Dumping data for table `jos_rule_node`
--


--
-- Table structure for table `jos_scheduler_node`
--

CREATE TABLE `jos_scheduler_node` (
  `schid` int(10) unsigned NOT NULL AUTO_INCREMENT,
  `nextdate` int(10) unsigned NOT NULL DEFAULT '0',
  `frequency` int(10) unsigned NOT NULL DEFAULT '0',
  `priority` tinyint(3) unsigned NOT NULL DEFAULT '0',
  `lastdate` int(10) unsigned NOT NULL DEFAULT '0',
  `publish` tinyint(4) NOT NULL DEFAULT '1',
  `created` int(10) unsigned NOT NULL DEFAULT '0',
  `params` text NOT NULL,
  `cron` varchar(50) NOT NULL,
  `ptype` tinyint(3) unsigned NOT NULL DEFAULT '0',
  `wid` mediumint(8) unsigned NOT NULL DEFAULT '0',
  `namekey` varchar(50) NOT NULL,
  `core` tinyint(4) NOT NULL DEFAULT '0',
  `report` text,
  `maxtime` int(10) unsigned NOT NULL DEFAULT '5',
  `maxprocess` smallint(5) unsigned NOT NULL DEFAULT '1',
  `viewname` varchar(100) NOT NULL,
  PRIMARY KEY (`schid`),
  UNIQUE KEY `UK_namekey_jos_scheduler_node` (`namekey`),
  KEY `IX_scheduler_node_wid` (`wid`),
  KEY `IX_scheduler_node_publish_priority_nextdate` (`publish`,`nextdate`,`priority`)
) ENGINE=MyISAM AUTO_INCREMENT=4 DEFAULT CHARSET=utf8;

--
-- Dumping data for table `jos_scheduler_node`
--

INSERT INTO `jos_scheduler_node` VALUES (1,1320035227,3600,5,1320031684,1,1305538657,'','',1,16,'scheduler.cleanupschedulertask.scheduler',1,NULL,60,2,'scheduler.cleanupschedulertask.scheduler'),(2,1320033910,1800,50,1320032162,1,1241988579,'','',1,97,'mailbox.mailbox.scheduler',1,NULL,120,3,'mailbox.mailbox.scheduler'),(3,1329170885,21600,60,1329149285,1,1253683716,'','',1,101,'mailbox.emptytrashbox.scheduler',1,NULL,60,2,'mailbox.emptytrashbox.scheduler');

--
-- Table structure for table `jos_scheduler_processes`
--

CREATE TABLE `jos_scheduler_processes` (
  `pcsid` int(10) unsigned NOT NULL AUTO_INCREMENT,
  `schid` smallint(5) unsigned NOT NULL DEFAULT '0',
  `created` int(10) unsigned NOT NULL DEFAULT '0',
  PRIMARY KEY (`pcsid`)
) ENGINE=MEMORY DEFAULT CHARSET=utf8;

--
-- Dumping data for table `jos_scheduler_processes`
--


--
-- Table structure for table `jos_scheduler_trans`
--

CREATE TABLE `jos_scheduler_trans` (
  `schid` smallint(5) unsigned NOT NULL AUTO_INCREMENT,
  `lgid` tinyint(3) unsigned NOT NULL,
  `name` varchar(255) NOT NULL,
  `description` text NOT NULL,
  `auto` tinyint(4) NOT NULL DEFAULT '2',
  `fromlgid` tinyint(3) unsigned NOT NULL DEFAULT '0',
  PRIMARY KEY (`schid`,`lgid`)
) ENGINE=MyISAM AUTO_INCREMENT=4 DEFAULT CHARSET=utf8;

--
-- Dumping data for table `jos_scheduler_trans`
--

INSERT INTO `jos_scheduler_trans` VALUES (1,1,'Cleanup Scheduler Task','This scheduler extension is to automatically remove the stucked processes.',1,1),(2,1,'Handle Messages','scheduler to launch automatically the process task for the mailboxes to handle the messages automatically.',1,1),(3,1,'Empty Trash Box','This scheduler extension is to automatically remove the messages stored in the Trash Box depending on the specified date.',1,1);

--
-- Table structure for table `jos_scheduler_url`
--

CREATE TABLE `jos_scheduler_url` (
  `schurlid` int(10) unsigned NOT NULL AUTO_INCREMENT,
  `name` varchar(50) NOT NULL,
  `uid` int(10) unsigned NOT NULL DEFAULT '0',
  `description` text NOT NULL,
  `url` varchar(255) NOT NULL,
  `nextdate` int(10) unsigned NOT NULL DEFAULT '0',
  `frequency` mediumint(8) unsigned NOT NULL DEFAULT '0',
  `priority` tinyint(4) NOT NULL DEFAULT '50',
  `attempt` tinyint(2) unsigned NOT NULL DEFAULT '0',
  `lastdate` int(10) unsigned NOT NULL DEFAULT '0',
  `sendreport` tinyint(4) NOT NULL DEFAULT '0',
  `lastreport` text NOT NULL,
  `email` varchar(100) NOT NULL,
  `publish` tinyint(4) NOT NULL DEFAULT '1',
  `created` int(10) unsigned NOT NULL DEFAULT '0',
  `timeout` tinyint(3) unsigned NOT NULL DEFAULT '50',
  `type` tinyint(3) unsigned NOT NULL DEFAULT '1',
  `lock` tinyint(3) unsigned NOT NULL DEFAULT '0',
  PRIMARY KEY (`schurlid`),
  KEY `uid` (`uid`,`nextdate`,`priority`)
) ENGINE=MyISAM DEFAULT CHARSET=utf8;

--
-- Dumping data for table `jos_scheduler_url`
--


--
-- Table structure for table `jos_sections`
--

CREATE TABLE `jos_sections` (
  `id` int(11) NOT NULL AUTO_INCREMENT,
  `title` varchar(255) NOT NULL DEFAULT '',
  `name` varchar(255) NOT NULL DEFAULT '',
  `alias` varchar(255) NOT NULL DEFAULT '',
  `image` text NOT NULL,
  `scope` varchar(50) NOT NULL DEFAULT '',
  `image_position` varchar(30) NOT NULL DEFAULT '',
  `description` text NOT NULL,
  `published` tinyint(1) NOT NULL DEFAULT '0',
  `checked_out` int(11) unsigned NOT NULL DEFAULT '0',
  `checked_out_time` datetime NOT NULL DEFAULT '0000-00-00 00:00:00',
  `ordering` int(11) NOT NULL DEFAULT '0',
  `access` tinyint(3) unsigned NOT NULL DEFAULT '0',
  `count` int(11) NOT NULL DEFAULT '0',
  `params` text NOT NULL,
  PRIMARY KEY (`id`),
  KEY `idx_scope` (`scope`)
) ENGINE=MyISAM AUTO_INCREMENT=5 DEFAULT CHARSET=utf8;

--
-- Dumping data for table `jos_sections`
--

INSERT INTO `jos_sections` VALUES (1,'Demo Content','','demo-content','','content','left','',1,0,'0000-00-00 00:00:00',1,0,4,''),(2,'One Tree','','1tree','','content','left','',1,0,'0000-00-00 00:00:00',2,0,4,''),(3,'Get Involved','','get-involved','','content','left','Get Involved',1,0,'0000-00-00 00:00:00',3,0,0,''),(4,'About Us','','about-us','','content','left','description for section',1,0,'0000-00-00 00:00:00',4,0,17,'');

--
-- Table structure for table `jos_sesion_node`
--

CREATE TABLE `jos_sesion_node` (
  `sessid` varchar(250) NOT NULL,
  `uid` int(10) unsigned NOT NULL DEFAULT '0',
  `created` int(10) unsigned NOT NULL DEFAULT '0',
  `modified` int(10) unsigned NOT NULL DEFAULT '0',
  `ip` int(10) unsigned DEFAULT '0',
  `data` longtext,
  PRIMARY KEY (`sessid`(64)),
  KEY `IX_sesion_node_uid` (`uid`),
  KEY `IX_sesion_node_modified` (`modified`)
) ENGINE=MyISAM DEFAULT CHARSET=utf8;

--
-- Dumping data for table `jos_sesion_node`
--

INSERT INTO `jos_sesion_node` VALUES ('c463e55c00f4b6383ecbe7a035211aaf',0,1474492749,1474492749,872366412,NULL);

--
-- Table structure for table `jos_session`
--

CREATE TABLE `jos_session` (
  `username` varchar(150) DEFAULT '',
  `time` varchar(14) DEFAULT '',
  `session_id` varchar(200) NOT NULL DEFAULT '0',
  `guest` tinyint(4) DEFAULT '1',
  `userid` int(11) DEFAULT '0',
  `usertype` varchar(50) DEFAULT '',
  `gid` tinyint(3) unsigned NOT NULL DEFAULT '0',
  `client_id` tinyint(3) unsigned NOT NULL DEFAULT '0',
  `data` longtext,
  PRIMARY KEY (`session_id`(64)),
  KEY `whosonline` (`guest`,`usertype`),
  KEY `userid` (`userid`),
  KEY `time` (`time`)
) ENGINE=MyISAM DEFAULT CHARSET=utf8;

--
-- Dumping data for table `jos_session`
--

INSERT INTO `jos_session` VALUES ('','1474492749','c463e55c00f4b6383ecbe7a035211aaf',1,0,'',0,0,'__default|a:8:{s:15:\"session.counter\";i:1;s:19:\"session.timer.start\";i:1474492749;s:18:\"session.timer.last\";i:1474492749;s:17:\"session.timer.now\";i:1474492749;s:22:\"session.client.browser\";s:66:\"Mozilla/5.0 (compatible; AhrefsBot/5.1; +http://ahrefs.com/robot/)\";s:8:\"registry\";O:9:\"JRegistry\":3:{s:17:\"_defaultNameSpace\";s:7:\"session\";s:9:\"_registry\";a:2:{s:7:\"session\";a:1:{s:4:\"data\";O:8:\"stdClass\":0:{}}s:10:\"com_search\";a:1:{s:4:\"data\";O:8:\"stdClass\":1:{s:5:\"limit\";i:9;}}}s:7:\"_errors\";a:0:{}}s:4:\"user\";O:5:\"JUser\":19:{s:2:\"id\";i:0;s:4:\"name\";N;s:8:\"username\";N;s:5:\"email\";N;s:8:\"password\";N;s:14:\"password_clear\";s:0:\"\";s:8:\"usertype\";N;s:5:\"block\";N;s:9:\"sendEmail\";i:0;s:3:\"gid\";i:0;s:12:\"registerDate\";N;s:13:\"lastvisitDate\";N;s:10:\"activation\";N;s:6:\"params\";N;s:3:\"aid\";i:0;s:5:\"guest\";i:1;s:7:\"_params\";O:10:\"JParameter\":7:{s:4:\"_raw\";s:0:\"\";s:4:\"_xml\";N;s:9:\"_elements\";a:0:{}s:12:\"_elementPath\";a:1:{i:0;s:76:\"/home/reitman/public_html/1-tree.org/libraries/joomla/html/parameter/element\";}s:17:\"_defaultNameSpace\";s:8:\"_default\";s:9:\"_registry\";a:1:{s:8:\"_default\";a:1:{s:4:\"data\";O:8:\"stdClass\":0:{}}}s:7:\"_errors\";a:0:{}}s:9:\"_errorMsg\";N;s:7:\"_errors\";a:0:{}}s:23:\"gantry-current-template\";s:14:\"rt_nebulae_j15\";}JoobiUser|O:8:\"stdClass\":12:{s:2:\"id\";i:0;s:3:\"uid\";i:0;s:4:\"name\";s:5:\"Guest\";s:8:\"username\";s:5:\"guest\";s:10:\"registered\";i:-1;s:10:\"visibility\";i:231;s:8:\"timezone\";i:-480;s:5:\"curid\";i:0;s:3:\"_ip\";s:12:\"51.255.65.76\";s:8:\"_tzExact\";b:0;s:4:\"lgid\";s:1:\"1\";s:6:\"rolids\";a:1:{i:0;s:1:\"1\";}}jPreference|a:1:{s:3:\"uid\";i:0;}com_rokgallery|a:1:{s:4:\"data\";O:8:\"stdClass\":0:{}}');

--
-- Table structure for table `jos_stats_agents`
--

CREATE TABLE `jos_stats_agents` (
  `agent` varchar(255) NOT NULL DEFAULT '',
  `type` tinyint(1) unsigned NOT NULL DEFAULT '0',
  `hits` int(11) unsigned NOT NULL DEFAULT '1'
) ENGINE=MyISAM DEFAULT CHARSET=utf8;

--
-- Dumping data for table `jos_stats_agents`
--


--
-- Table structure for table `jos_templates_menu`
--

CREATE TABLE `jos_templates_menu` (
  `template` varchar(255) NOT NULL DEFAULT '',
  `menuid` int(11) NOT NULL DEFAULT '0',
  `client_id` tinyint(4) NOT NULL DEFAULT '0',
  PRIMARY KEY (`menuid`,`client_id`,`template`)
) ENGINE=MyISAM DEFAULT CHARSET=utf8;

--
-- Dumping data for table `jos_templates_menu`
--

INSERT INTO `jos_templates_menu` VALUES ('rt_nebulae_j15',0,0),('khepri',0,1);

--
-- Table structure for table `jos_theme_node`
--

CREATE TABLE `jos_theme_node` (
  `tmid` smallint(5) unsigned NOT NULL AUTO_INCREMENT,
  `type` tinyint(3) unsigned NOT NULL DEFAULT '1',
  `namekey` varchar(255) NOT NULL,
  `publish` tinyint(4) NOT NULL DEFAULT '1',
  `premium` tinyint(3) unsigned NOT NULL DEFAULT '0',
  `core` tinyint(3) NOT NULL DEFAULT '0',
  `wid` mediumint(8) unsigned NOT NULL DEFAULT '0',
  `alias` varchar(255) NOT NULL,
  `filid` int(10) unsigned NOT NULL DEFAULT '0',
  `created` int(10) unsigned NOT NULL DEFAULT '0',
  `modified` int(10) unsigned NOT NULL DEFAULT '0',
  `availability` tinyint(3) unsigned NOT NULL DEFAULT '1',
  `folder` varchar(100) NOT NULL,
  `params` text NOT NULL,
  PRIMARY KEY (`tmid`),
  UNIQUE KEY `namekey` (`namekey`)
) ENGINE=MyISAM AUTO_INCREMENT=15 DEFAULT CHARSET=utf8;

--
-- Dumping data for table `jos_theme_node`
--

INSERT INTO `jos_theme_node` VALUES (1,49,'images.node.theme',1,1,1,11,'Images original theme',0,1292465006,1292465006,1,'images',''),(2,49,'files.node.theme',1,1,1,14,'Files original theme',0,1314242125,1314242125,1,'files',''),(3,49,'scheduler.node.theme',1,1,1,18,'Scheduler original theme',0,1302146193,1302146193,1,'scheduler',''),(4,49,'apps.node.theme',1,1,1,21,'Apps original theme',0,1292465006,1292465006,1,'apps',''),(5,49,'output.node.theme',1,1,1,51,'Output original theme',0,1299139290,1299139290,1,'output',''),(6,105,'Jomsocial Tag Theme',1,1,1,62,'Jomsocial Tag Theme',0,1297261331,0,1,'jomsocial',''),(7,49,'users.node.theme',1,1,1,67,'Users original theme',0,1293435545,1293435545,1,'users',''),(8,1,'joomla.site.theme',1,1,1,73,'Joomla Site Theme ',0,1314590112,1327956117,1,'joomla','color_available=blue,green,orange,purple,red,violet,yellow\r\ncolor_default=blue\r\ncolor_used='),(9,2,'joomla.admin.theme',1,1,1,73,'Joomla Admin Theme ',0,1314590112,1314590112,1,'joomla','color_available=blue,green,orange,purple,red,violet,yellow\r\ncolor_default=blue\r\ncolor_used='),(10,49,'theme.node.theme',1,1,1,80,'Theme Node Theme',0,0,1311758226,1,'theme',''),(11,49,'events.node.theme',1,1,1,82,'Events original theme',0,1292465006,1292465006,1,'events',''),(12,49,'jcenter.node.theme',1,1,1,84,'Jcenter original theme',0,1292465006,1292465006,1,'jcenter',''),(13,49,'reports.node.theme',1,1,1,112,'Reports original theme',0,1310105182,1310105182,1,'reports',''),(14,49,'jbounceback.node.theme',1,1,1,94,'Jbounceback original theme',0,1292465006,1292465006,1,'jbounceback','');

--
-- Table structure for table `jos_theme_trans`
--

CREATE TABLE `jos_theme_trans` (
  `tmid` smallint(6) NOT NULL,
  `lgid` tinyint(4) unsigned NOT NULL,
  `name` varchar(255) NOT NULL,
  `description` text NOT NULL,
  `auto` tinyint(4) NOT NULL DEFAULT '2',
  `fromlgid` tinyint(3) unsigned NOT NULL DEFAULT '0',
  PRIMARY KEY (`tmid`,`lgid`)
) ENGINE=MyISAM DEFAULT CHARSET=utf8;

--
-- Dumping data for table `jos_theme_trans`
--

INSERT INTO `jos_theme_trans` VALUES (1,1,'Images','Theme for the Images application.',1,1),(2,1,'Files','Theme for the Files application.',1,1),(3,1,'Scheduler','Theme for the Scheduler application.',1,1),(4,1,'Apps','Theme for the Apps application.',1,1),(5,1,'Output','Theme for the Output application.',1,1),(6,1,'Jomsocial','',1,1),(7,1,'Users','Theme for the Users application.',1,1),(8,1,'Joomla Site Theme ','The main theme to integrate Joobi Apps to Joomla.\r\nThe style defined in that theme might be used in any application.',1,1),(9,1,'Joomla Admin Theme ','The main theme to integrate Joobi Apps to Joomla.\r\nThe style defined in that theme might be used in any application.',1,1),(10,1,'Theme Form Layout','',1,1),(11,1,'Events','Theme for the Events application.',1,1),(12,1,'Jcenter','Theme for the Jcenter application.',1,1),(13,1,'Reports','Theme for the Reports application.',1,1),(14,1,'Jbounceback','Theme for the Jbounceback application.',1,1);

--
-- Table structure for table `jos_translation_en`
--

CREATE TABLE `jos_translation_en` (
  `text` text NOT NULL,
  `auto` tinyint(3) unsigned NOT NULL DEFAULT '1',
  `imac` varchar(255) NOT NULL,
  PRIMARY KEY (`imac`),
  FULLTEXT KEY `FTXT_translation_en_text` (`text`)
) ENGINE=MyISAM DEFAULT CHARSET=utf8;

--
-- Dumping data for table `jos_translation_en`
--

INSERT INTO `jos_translation_en` VALUES ('Use Password',1,'1299642847MBBJ'),('This is the default role any visitor has.',1,'1212510541LVCO'),('Any user allowed to log in on the front-end of the website.',1,'1212510541LVCP'),('This role allows the user to create and modify articles.',1,'1212510541LVCQ'),('This role allows the administration of menus, articles and applications.',1,'1212510541LVCU'),('This role allows access to all functions on the website, including configuration and maintenance.',1,'1212510541LVCV'),('Name of the Role',1,'1213093111HQEY'),('Specify a unique ID for this role.<br>',1,'1298294100SWQR'),('The captcha value entered is NOT correct!',1,'1213020864CZUU'),('Affiliate',1,'1240888717QTMV'),('Flash is required to be able to upload multiple files!',1,'1213107604GVZW'),('Has Role',1,'1298294095NUCM'),('The email provided is not valid!',1,'1298350399EIUD'),('The list of the user\'s roles.<br><br>',1,'1298294093RWKN'),('Roles or ACL',1,'1248956147DPFH'),('Nested Role: This role is higher than the parent role which means that the parent role can\'t access the said role. However, higher level roles can access it.<br><br>Parallel Role: This role is equal to the parent role. It can access to lower level roles of the parent role but it can\'t access the parent role, same as the parent role can\'t access to the created role since they are equal. Higher level roles can\'t access the said role also.<br>',1,'1254807071CUTF'),('The theme could not be updated!',1,'1298350310EWVI'),('The theme already exist, it has simply been updated!',1,'1298350310EWVH'),('Could not write the file ',1,'1298294193EGSU'),('The theme could not be uploaded because the type was not recognized in the XML file.',1,'1298350310EWVG'),('Select No if you want to send only the Text version of this Email.<br>Select Yes if you want to send the Html version of this Email.<br>Select User Preference if you want to send depending on the user preference<br>',1,'1231383375IBJY'),('No language file found on the servers for the applications installed',1,'1260151166CSBV'),('Click \"Yes\" (recommended) to also update those applications.',1,'1259204893LDGK'),('Widget installation completed !',1,'1249043394NGMS'),('package $PACKAGE_NAME retrieved',1,'1236536984DVGB'),('Could not retrieve the list of packages.',1,'1236536983NQDJ'),('All translations retrieved for the application $APPLICATION',1,'1227579828FTWU'),('$LANGUAGE translations not available for the application $APPLICATION',1,'1227579828FTWT'),('Login or Register',1,'1298350401HIBX'),('Tasks',1,'1209674941LKQO'),('Supplier',1,'1298350313CJWO'),('Users for',1,'1298350340NHYH'),('This view allows you to add menu in your CMS. It works like the <span style=\"color: rgb(204, 0, 0);\">Menu Item Manager</span> of Joomla.',1,'1253938983RSNC'),('Specify a password in launching the task as protection to the site.<br>',1,'1299642742KTUN'),('This role allows the user to be a vendor.',1,'1298520787FNQP'),('This role allows to manage the store.',1,'1298520787FNQQ'),('This role allows the user to publish mails.',1,'1298958645SVBO'),('This role allows the user to edit mails.',1,'1298958645SVBP'),('Any person who register to be an affiliate.',1,'1298958645SVBQ'),('Any person who has signed up to be a reseller.',1,'1298958645SVBR'),('Agent responsible to communicate with the customers.',1,'1298958645SVBS'),('This email address already exist, please login before proceeding forward.',1,'1298350399EIUE'),('No User',1,'1242282450QJCU'),('User Roles',1,'1298350400ESTE'),('Joomla ID',1,'1298350400ESTF'),('Unique ID',1,'1225317243NFWW'),('New User',1,'1298350401HIBL'),('Position',1,'1213695731KPWL'),('Vendor',1,'1221228435BYUA'),('The position of the role in the roles tree compare to the parent/child element.<br>If <span style=\"font-weight: bold;\">parallel</span> the new role will be put <span style=\"font-weight: bold;\">in parallel to the children</span> roles of the chosen parent.<br>If <span style=\"font-weight: bold;\">nested</span> the <span style=\"font-weight: bold;\">current children</span> of the chosen parent will be put <span style=\"font-weight: bold;\">as children of the new role</span>.<br>',1,'1213695731KPWK'),('This role allows the user to log in on the back-end of the website. Managers can edit any menu or article.',1,'1213093169PGHQ'),('Description of the role',1,'1213093111HQEZ'),('Mail Publisher',1,'1298958645SVCD'),('Installation stopped.',1,'1211280055AYDS'),('Reseller',1,'1298958645SVCF'),('Country',1,'1206961922ESPA'),('Support Agent',1,'1298958645SVCG'),('Support Manager',1,'1298958645SVCH'),('ACL Users Groups J16',1,'1298350408NRRZ'),('Joomla 1.6 Menu',1,'1298350306NYBR'),('Joomla Modules',1,'1298350305KUTV'),('ACL User Groups Map',1,'1298618260QLYK'),('Tag: \"$TAGNAME\" not found in $FILENAME',1,'1220799328DASZ'),('The text key must be unique into a dropdown.',1,'1220798164NSJA'),('Matching code file not found',1,'1220263310JRFR'),('The code file has not been loaded.',1,'1220263310JRFP'),('An error occurred, the code file has not been recorded.',1,'1220263310JRFM'),('Code file recorded.',1,'1220263310JRFL'),('Value',1,'1206961878BMAO'),('Picklist Values',1,'1219769913SSOJ'),('The protocol requested is not available on the server.',1,'1298350265OFHY'),('The server is down for maintenance. Please try again later.',1,'1298350265OFHX'),('The image $NAME ( $X px * $Y px ) is over the maximum resolution ( $MAX_X px * $MAX_Y px ).',1,'1213020879QDTQ'),('Insert',1,'1209481286DVMJ'),('Navigate',1,'1209123607OCSQ'),('Images',1,'1208951159ARRC'),('Content',1,'1206961882TDHH'),('Test email',1,'1230529131MQQP'),('Define the level of caching for the website.<br>The highest the caching the better the performance but also the more memory used. <br>',1,'1299215254OXTM'),('Specify the directory of the files that you want to upload.<br><br>',1,'1315400579EWRP'),('Enter the URL link of the file that you want to upload.<br>',1,'1315400579EWRO'),('Enter the name of your file.<br>For identification purposes.<br>',1,'1315400579EWRN'),('Select a directory where you want your files to be saved.<br>',1,'1315400579EWRM'),('Update File',1,'1315400578NDYZ'),('Browse your file.<br>',1,'1315400579EWRL'),('Replace with URL',1,'1315400578NDYX'),('Enter URL',1,'1315400578NDYY'),('Edit Theme',1,'1238171026KDKW'),('Click here to login!',1,'1259307951CONT'),('Keep original files?',1,'1314962330KFZR'),('There\'s a problem on uploading the File.',1,'1314849832QOQC'),('Theme for the Files application.',1,'1314355328BDKO'),('Filies Listing',1,'1314355327FEHU'),('Add files from directory',1,'1314355326PUMP'),('File URL',1,'1314355326PUMO'),('Choose Target Directory',1,'1314355326PUMN'),('Choose a File',1,'1314355326PUMM'),('Add file by URL',1,'1314355325PYRO'),('Upload Local Files',1,'1314355325PYRN'),('Click here for Preview',1,'1305603045PMTM'),('File Secured in Safe',1,'1298350386KTQO'),('The file $FILENAME is too big! The maximum size allowed is: $MAX_SIZE Bytes.',1,'1298294171AWEJ'),('The file $FILENAME is too big! The maximum size allowed is: $MAX_SIZE KBytes.',1,'1298294171AWEI'),('Store Manager',1,'1298350804GFLD'),('Directory',1,'1242282432ARKW'),('Upload Files',1,'1242282433QLYX'),('The file type \"$TYPE\" is not allowed. Only the following files are accepted: $FORMAT',1,'1298294171AWEH'),('The image folder is not writeable: $FOLDER',1,'1212843259ITHW'),('The file could not be created: $LOCATION',1,'1212843257NVLI'),('You need to enable file upload in your PHP configuration.',1,'1212843257NVLH'),('Files',1,'1212761192MUSM'),('Path',1,'1209034856HUVS'),('In more of the standard tags, you can use the following tags in your email which will be replaced by the correct information when you send a real email (the tag won\'t be replaced when you send a test from the preview screen).<br>',1,'1230529131MQQO'),('Administrator Notification',1,'1299215253RNKY'),('Application Languages',1,'1299065683HDEE'),('Size',1,'1206961877KAKC'),('Extra',1,'1206961870KLBA'),('Height',1,'1206961870KLAF'),('Width',1,'1206961870KLAD'),('An error occurred while uploading your file.',1,'1206732415ABES'),('Current File',1,'1206732375LZCF'),('Cleanup Scheduler Task',1,'1305794856OLHV'),('This scheduler extension is to automatically remove the stucked processes.',1,'1305794856OLHW'),('Names',2,'1206732389NXTC'),('Show View',1,'1238171026KDKX'),('Community Moderator',1,'1298958645SVCM'),('Super Administrator',1,'1211280059QYRQ'),('Action information',1,'1262788755ESJP'),('Is the content of your website multilingual or monolingual? Yes for multilingual.<br>Multilingual will enable to save data with different language if the application allow it.  Please refer to each application to define if it allow multilingual content.<br>',1,'1298468902NDDZ'),('Trigger After the Delete of the User',1,'1298350401HIBR'),('Translations successfully installed',1,'1239875557LNEW'),('The website providing applications.<br>',1,'1298350453HVAO'),('The Tasks are background task that applications need to work properly.  The server execute those task in the background. This view enables you to monitor those tasks and modify or unpublish them.<br><br><ul><li>If you select a task and then click on \'<span style=\"font-weight: bold;\">Process</span>\', you will force the scheduler to execute the selected task, even it\'s not time to do it or if the task is not published.</li><li>A <span style=\"font-weight: bold;\">Core</span> task is a task required by one of the applications. A core task can not be deleted but you can be unpublished.</li></ul><ul><li>The <span style=\"font-weight: bold;\">Processes</span> column tells you the number of processes currently running and the maximum number of processes set (Currently Running Processes /  Maximum Process). <br></li></ul><div style=\"margin-left: 80px;\">If the value is <span style=\"font-weight: bold;\">green</span>, everything is good.<br>If the value is <span style=\"font-weight: bold;\">orange</span>, maximum number of processes is reached.<br>If the value is <span style=\"font-weight: bold;\">red</span>, the number of currently running process exceeds the maximum number of processes set. You might simply delete the running task. It will reset the scheduler.<br></div><br>Only user with at least <span style=\"font-weight: bold;\">Administrator</span> access level can create, modify or delete a Task.<br><br><div style=\"text-align: center;\"><span style=\"font-weight: bold;\">This is the URL to use to trigger the cron task:<br>{jtag:site}index.php?option=com_jcenter&controller=scheduler&task=process&tmpl=component&password=</span><br><span style=\"font-style: italic;\"></span></div><div style=\"text-align: center;\"><span style=\"font-style: italic;\">(enter the password if you have set one. Copy/paste this url on your browser to see if the scheduler application get launched properly)</span><br></div><br>',1,'1317904901PBLS'),('Attempt',1,'1311850163FKKV'),('Every',1,'1301380691ICEI'),('An error occured in the processing...',1,'1300773865DUMM'),('Select which application should be use to manage users in the back-end ( registration, login, etc... )<br>',1,'1298350451QKHN'),('Scheduler launched!',1,'1299163902NDIX'),('The Scheduler system at {jtag:site} has been triggered at {jtag:time format=2}.<br><br>{jtag:param name=report}<br><br><br><br><div style=\"text-align: center;\"><a target=\"\" title=\"Joobi\" href=\"http://www.joobi.co\">Powered by Joobi</a><br></div>',1,'1298389288OZYW'),('Change Role',1,'1298350401HIBU'),('Theme for the Scheduler application.',1,'1298350275LTMP'),('Launch a Parallel Process',1,'1298350275LTMO'),('Specify an Itemid to add to the standard registration URL.<br><span style=\"color: rgb(255, 102, 0);\">Only if you did not specify a custom URL.</span><br>',1,'1298350451QKHM'),('Error',1,'1206732345BHSJ'),('<ul><li>Only those running processes are showed in this view.</li><li>Every killed or finished process is automatically removed. </li></ul>',1,'1298350275LTMN'),('Server Tasks Preferences',1,'1298350274FGVH'),('Server Background Tasks',1,'1298350274FGVG'),('Specify the maximum limit in MB you want the memory can handle.<br>',1,'1298350274FGVF'),('Memory Limit',1,'1298350274FGVE'),('The date the process has been created',1,'1298350273IXBF'),('The task that is currently running either in parallel or not',1,'1298350273IXBE'),('In',1,'1298350272MURD'),('Scheduler Processes',1,'1298350272MURC'),('Scheduler can not proceed',1,'1298350272MURB'),('Ptype',1,'1298294170PECS'),('Maxtime',1,'1298294170PECT'),('Maxprocess',1,'1298294170PECU'),('Specify a registration URL if different than the standard one.<br>',1,'1298350449IJXE'),('Specify an Itemid to add to the standard login URL.<br><span style=\"color: rgb(255, 102, 0);\">Only if you did not specify a custom URL.</span><br>',1,'1298350449IJXF'),('Specify a login URL if different than the standard one.<br>',1,'1298350449IJXD'),('Since',1,'1298294170PECN'),('Widgets',1,'1206732392OZUO'),('Nextdate',1,'1298294170PECP'),('Lastdate',1,'1298294170PECQ'),('Enter here the priority of this task.<br>0 is the highest priority, 254 is the lowest priority',1,'1298294168JDHH'),('Mail Column 1',1,'1298350446IEXT'),('Advance Column 1',1,'1298350446IEXU'),('Advance Column 2',1,'1298350446IEXV'),('Home Site',1,'1298350446IEXY'),('This is different than the previous option.  It enables you to turn On/Off the wizard for everyone in the Front-end.<br>',1,'1298350449IJXC'),('General Column 1',1,'1298350446IEXW'),('General Column 2',1,'1298350446IEXX'),('Max Time',1,'1298294168JDHE'),('Max Process',1,'1298294168JDHF'),('Enter here the allowable number of processes run on parallel for this task.<br><br>',1,'1298294168JDHG'),('Processes',1,'1298294166ECLV'),('Launched Tasks : $nbResults',1,'1298294163YKW'),('No Task was Launched...',1,'1298294164ESOK'),('This view enables you to specify <span style=\"font-weight: bold;\">periodic tasks</span>.<br><ul><li>You can specify a basic frequency if you select the Periodic type \"<span style=\"font-weight: bold;\">Frequency</span>\".</li><li>If you need more advanced frequency, you can select the Periodic type \"<span style=\"font-weight: bold;\">Cron Frequency</span>\" and enter <a target=\"_blank\" title=\"\" href=\"http://www.joobi.co/index.php?option=com_jlinks&controller=redirect&link=cron_jscheduler\">a cron frequency</a> in the field \"<span style=\"font-weight: bold;\">Cron</span>\".<br></li><li>If you select the Periodic type<span style=\"font-weight: bold;\"> </span>\"<span style=\"font-weight: bold;\">Date</span>\", your task will only be executed one time at the selected <span style=\"font-weight: bold;\">next date</span>.</li></ul>Some of tasks require more parameters to work properly.<br>You will be able to modify those parameters <span style=\"font-weight: bold;\">after saving your task</span>.<br>',1,'1290669833IHWS'),('Mail Column 2',1,'1298350446IEXS'),('Defines if the visitor will automatically launch the scheduler system.<br><br>If you configured a Cron Task, please turn Off this option.',1,'1240906945NFCL'),('User Management Back-End',1,'1298350446IEXR'),('Cron System',1,'1298350446IEXG'),('Language Source Order',1,'1298350446IEXK'),('Graph',1,'1242282414LZOZ'),('External Communication',1,'1298350446IEXL'),('User Management Front-End',1,'1298350446IEXM'),('Login URL',1,'1298350446IEXN'),('Registration URL',1,'1298350446IEXO'),('Login Itemid',1,'1298350446IEXP'),('Registration Itemid',1,'1298350446IEXQ'),('Theme for the Apps application.',1,'1298350287DDJD'),('Fixed date',1,'1237395235EOTF'),('If you selected the periodic type \"Cron Frequency\", the next send date will be calculated based on this parameter.<br>',1,'1237202239LEET'),('Enter the destination folder.<br><br><br>',1,'1301400667SKBF'),('Wizard for query',1,'1298350286CSUG'),('Apps Level Trans',1,'1298350283NKJG'),('dashboard_nested_launcher',1,'1227579936RDAV'),('Scheduler Report from {jtag:sitename} at {jtag:time format=2}',1,'1227580614PMBQ'),('Excecute an SQL query',1,'1298350286CSUE'),('Cancel query',1,'1298350286CSUF'),('Enter an SQL query',1,'1298350286CSUD'),('Can not load the scheduler $ADDON',1,'1232547382ELZS'),('Next date : $DATE (actual time : $JOOBIDATE)',1,'1235462002GHCA'),('Session',1,'1251084258CTIW'),('In Progress',1,'1235462003CNHD'),('The next date this task should be launched<br>',1,'1235462003CNHI'),('Enter a Query',1,'1298350285IISM'),('Name of the task<br>',1,'1236536858ATSV'),('Enter here the maximum allowable time this task is run.<br><br>',1,'1236536858ATSX'),('An unpublished task won\'t be launched by the system<br>',1,'1236536858ATSY'),('Periodicity',1,'1236536858ATTC'),('Last Run',1,'1236536858ATTD'),('Last report',1,'1236536858ATTE'),('Last Run Time',1,'1236536858ATTF'),('User Cron system',1,'1236536858ATTG'),('You can now edit the preferences of this task',1,'1236656718FWVX'),('body',1,'1241989377TGER'),('Description of your task to help you organize it<br>',1,'1236791960OSDP'),('Type of your task<br><br>',1,'1236791960OSDQ'),('Frequency of your task.<br>This parameter is only used if you selected the periodic type <span style=\"font-weight: bold;\">\"frequency</span>\"<br>',1,'1237202239LEER'),('<span style=\"font-weight: bold; font-style: italic;\"><span style=\"text-decoration: underline;\">Frequency</span> :</span> The system will launch the task every X minutes.<br><br><span style=\"font-style: italic; font-weight: bold;\"><span style=\"text-decoration: underline;\">Cron Frequency</span> :</span> The system will launch the task every X minutes depending on the field \"<span style=\"font-style: italic;\">Cron</span>\".<br><span style=\"font-weight: bold; font-style: italic;\"><br><span style=\"text-decoration: underline;\">Date</span> :</span><span style=\"font-style: italic;\"> </span>The system will launch the task only one time at the specified \"<span style=\"font-style: italic;\">next date</span>\".<span style=\"font-weight: bold; font-style: italic;\"></span><br>',1,'1237202239LEES'),('Cron',1,'1217326499HUVI'),('Invalid format. The cron format is 5 elements separated by spaces',1,'1217586755TDUY'),('Invalid format. Both day and weekday are specified. If one is specified, the other should be \'*\'',1,'1217586755TDUZ'),('There is an error on cron element $number :',1,'1217587982LBWO'),('\'$element\' is not correct. Accepted entries: \'*\' ,  \'*/x\' ,  \'x\' ,  \'x,y,z\' ,  \'x-y\' where x,y and z are positive numbers.',1,'1217587982LBWP'),('The valid format for a step is \'*/x\' where x is a positive number',1,'1217587982LBWQ'),('$number is not a valid number',1,'1217587982LBWR'),('There is an error on cron element  $number :',1,'1217587982LBWS'),('$comma_element is not a valid range',1,'1217587982LBWT'),('$range_element is not a valid number. Please select a number between $start and $end.',1,'1217587983MLGY'),('$comma_element is not a valid number. Please select a number between $start and $end.',1,'1217587983MLGZ'),('Please remove the duplicate values in $element.',1,'1217587983MLHA'),('$element is not a valid range. Please try $start-$end.',1,'1217587983MLHB'),('$element is not a valid number. Please select a number between $start and $end.',1,'1217587983MLHC'),('Total',1,'1206961912MJPF'),('User Show',1,'1298350401HIBM'),('Application Versions',1,'1298350284IYPA'),('Apps Translation',1,'1298350283NKJF'),('Apps Information',1,'1298350283NKJE'),('Periodic type',1,'1217326499HUVH'),('Trigger After the Save of the User',1,'1298350401HIBQ'),('Apps Level',1,'1298350283NKJC'),('Apps Dependency',1,'1298350283NKJD'),('Apps Extra info',1,'1298350283NKJB'),('An unknown error happened while featching licenses.',1,'1298350280PMMA'),('Total No. of New Updated Apps',1,'1298294174MWUZ'),('Total Apps',1,'1298294174MWUX'),('Installed Apps',1,'1298294174MWUY'),('Yes to force the use of a password into the Cron Task URL (only if external or Joobi).<br><span style=\"color: rgb(204, 0, 0); text-decoration: underline;\">Note:</span> even though you dont use password in the Cron Task URL, it is still required because it is used internally to secure the cron task.<br><br>',1,'1298294169DGJA'),('Max Processes',1,'1298294169DGIZ'),('Max Tasks',1,'1298294169DGIX'),('Specify the maximum number of tasks the scheduler can process.<br>',1,'1298294169DGIY'),('Advance',1,'1298294169DGIW'),('Specify the maximum frequency the scheduler can run ( in seconds ).<br>This parameter is a simple security to don\'t launch too often the scheduler so a delay of minimum X seconds will separate the last run date and the next run date.<br>',1,'1298294169DGIV'),('Package successfully installed',1,'1298294132BJZM'),('The Cron Task on $HOMESITE could not be activated, check with support team...',1,'1298294128HPXK'),('Translation successfully sent',1,'1227580123BQIB'),('Your Cron Task on $HOMESITE is active and working!',1,'1298294128HPXJ'),('Script Type',1,'1290670039OOGW'),('Use CMS default',1,'1291008731HPNW'),('SMTP Port',1,'1291008730NUNX'),('Click YES if you want to create automatically a downloadable item that will be listed in the catalog.<br>',1,'1315400579EWRS'),('email',1,'1206961899DDKP'),('You can <span style=\"font-weight: bold;\">disable </span>here the update of the languages ( When you are translating a language, you don\'t always want automatic translations to be added automatically to your language )',1,'1271819434SRVJ'),('Last launched',1,'1206961898PIOG'),('Frequency',1,'1206961898PIOF'),('Next date',1,'1206961898PIOE'),('Specify a specific file type or file name that you want to upload from the given directory.<br><span style=\"font-weight: bold;\">Example</span>: jpg, gif, pdf  or example.jpg<br>If blank, means all files will be uploaded.<br>',1,'1315400579EWRR'),('Hi {jtag:name},<br /><br />Next time you log into {jtag:param name=site} at {jtag:site} , please go to jSetup->Applications.<br /><br />New updates are available:<br /><br /> \r\n<ul>\r\n<li>{jtag:param name=applicationupdates}</li>\r\n</ul>\r\n<br />New applications are available:<br /><br /> \r\n<ul>\r\n<li>{jtag:param name=newapplications}</li>\r\n</ul>\r\n<br /><br />Enjoy!<br /><br /><br /><span style=\"text-decoration: underline;\">Information:</span> To turn off this reminder you have an option in jSetup->Preferences->Updates<br /><br />\r\n<div style=\"text-align: center;\"><a href=\"http://www.joobi.co\" title=\"Joobi\">Powered by Joobi</a></div>',1,'1298350460SPWG'),('The user\'s browser has a list ofÂ preferredÂ languages. When not logged in, this data can be use to check if those languages are available for the Joobi application and use the preferred available one. By default the Browser order is 1 which means that it\'s the first source used to decide the language to be displayed.<br>',1,'1271819434SRVI'),('<span style=\"font-weight: bold;\">It is recommanded to use the highest level of security.</span><br>Should you want to trade some security for some performance you could lower the security level.Â  <br>Basic security, like filter for SQL injection are always covered. <br>',1,'1271819434SRVG'),('Use this view to install packages. It can be widgets or even applications. There are three different ways to install a package.<br><ol><li><span style=\"text-decoration: underline;\">Install from package</span>: <span style=\"color: rgb(0, 102, 0); font-weight: bold;\">(Recommended)</span> Simply use the browse button to find your file on your computer and click install.</li><li><span style=\"text-decoration: underline;\">Install from an URL</span>: This can be an external URL. Enter the URL and then click install.</li><li><span style=\"text-decoration: underline;\">Install from a folder</span>: You might have the package extracted in a folder on your server , use this option to specify the folder and then click install. This option can be useful when the package is big and that your PHP upload limit is not enough or that your server times out.<br></li></ol>',1,'1271818792LETO'),('<span style=\"font-weight: bold; color: rgb(204, 0, 0);\">Please be very carefull with this feature!</span><br>As specified in the license agreement a license can only be moved every 3 months.Â  The move of the license will be automatic and irreversible within the next 3 months.<br>',1,'1271818792LETN'),('Number of Apps installed',1,'1267764045MNMI'),('Out of Date Apps',1,'1267764045MNMJ'),('Apps Report Dashboard',1,'1267764046CYTO'),('Select which application should be use to manage users in the front-end ( registration, login, etc... )<br>',1,'1269573870RCTQ'),('Total No. Of Apps',1,'1267764045MNMH'),('Total No. of New Apps',1,'1267764045MNMG'),('Language update',1,'1260524068AOIY'),('Log file cannot be previewed because it is too big (1MB max)',1,'1260443578NNAV'),('Log file $FILE successfully deleted',1,'1260434893HJHR'),('There are no logs available at this time. Please check again later.',1,'1260434893HJHQ'),('The system can also try to use the Framework ( Joomla, Wordpress, etc ) detected language if it is available for joobi applications. By default, this is done after the other detection systems, thus, its ordering value is 3. If you set its ordering lower than the others, the system will use the framework language if available.',1,'1257940976WWP'),('Force SSL Back-End',1,'1254100130KOZP'),('Force SSL Front-End',1,'1254100130KOZO'),('Click No to turn off any communication with external website through XML-RPC.<br>Note: turning this option Off will disable application updates and limit some of the functionality of the site. <br>',1,'1254100130KOZN'),('Click Yes to force \"https\" secure internet on the Front-End.',1,'1254100130KOZM'),('User Log Delete',1,'1252894206NMXV'),('Log Download',1,'1252894206NMXU'),('This Month',1,'1256627135RQMP'),('File Size',1,'1252569179LCYI'),('File Name',1,'1252569179LCYJ'),('User Logs',1,'1252569179LCYK'),('User Log Details',1,'1252569179LCYL'),('User Logs Details',1,'1252569180FERI'),('Sender',1,'1211811588SCXI'),('Priority',1,'1206961898PIOD'),('Click Yes to force \"https\" secure internet on the Back-End.',1,'1251988094BIBR'),('Group Manager',1,'1298958645SVCL'),('An error occur while installing the licenses!',1,'1251959063BNBJ'),('No licenses were found for this website.',1,'1251912852OWAG'),('The license could not be installed for application: $APPLICATION',1,'1251905719IQCA'),('The license could not be installed for $APPLICATION because the application is not yet installed.',1,'1251905719IQBZ'),('There is a problem with the Localhost license.',1,'1251905718PEOQ'),('The licenses have been updated!',1,'1251905717NHWW'),('Your website was not found. Please contract support.',1,'1251905717NHWU'),('This website could not be added.',1,'1251770410PAST'),('The token is not valid!',1,'1251770410PASU'),('Refresh all licenses',1,'1251857784QRWO'),('Could not identify your website URL.',1,'1251905717NHWT'),('This website has been added to your site manager.',1,'1251770410PASS'),('Saving of General Preferences',1,'1251534480QHPE'),('Choose which color of the stars you want to use in the comment.<br>',1,'1251285854FOAO'),('Star Color ',1,'1251285854FOAP'),('Powerful Access Level tune up',1,'1251517317JKUT'),('jScheduler',1,'1206961894CQIK'),('Cron Task',1,'1206961898PINS'),('URL Launcher',1,'1206961893RSRR'),('Monthly',1,'1256627134RCAV'),('When the ip tracker is installed, it can detect the country where the user is by looking at his IP address. Then, the system can use the language associated with the detected country to display the joobi applications, if the language is available for joobi applications. If the ip tracker application is not installed, this option will be skipped. By default, the IP based language detection is done after the browser based detection if the browser detection was unsuccessful. Thus, its ordering value is 2 by default.<br>',1,'1250777204RIAE'),('The file type ($FILE_EXTENSION) is not in the list of valid types : $EXTENSIONS',1,'1249567958KVAQ'),('If you are using Upgrade Mootools Plugin, switch ON the preference to avoid problems<br>',1,'1249442261CERT'),('It seems that the installer was unable to remove the temporary folder for install files on last install due to an access rights issue. Before trying to update/install again, please remove the folder $FOLDER via FTP.',1,'1249562683MMMY'),('Install Manager',1,'1249442157SIBQ'),('Recommended',1,'1249442156QUCO'),('Alternative options',1,'1249442156QUCP'),('Enter package',1,'1249442156QUCN'),('Select the package with the browse button and click install.<br>',1,'1249442155KSPX'),('Enter the URL of your package and click install.<br>',1,'1249442155KSPY'),('Enter the path to the folder and click install.<br>',1,'1249442155KSPZ'),('The folder $FOLDER is not a valid extension folder',1,'1248948187IFCW'),('The application has been successfully updated!',1,'1245769651NPXC'),('Widget file Uploaded',1,'1247466190MROL'),('Please fill one of the fields',1,'1248835367AECZ'),('Install from folder',1,'1248835373QZQO'),('Framework',1,'1243392688MXHE'),('Debug Queries Guest',1,'1242617238FPTU'),('Debug Errors Guest',1,'1242617238FPTT'),('Show all the query executed for guest. Tobe used when you want to display all the queries executed on a page only accessible to unregistered users like the registration page.',1,'1242617238FPTS'),('Advance feature to show the code errors when they occur. Only you will see them.',1,'1242617238FPTR'),('Show all the query executed. Only you will see them.',1,'1242617238FPTQ'),('The provided file is not an ini file and cannot be imported.',1,'1206732404ORZN'),('Browser',1,'1242282449PIOD'),('Install from URL',1,'1242282443EZXY'),('SMTP Host',1,'1242282446GIJE'),('Last Updated',1,'1242282416HAOE'),('Show Page Title',1,'1242282435FMDW'),('Preference',1,'1241490506ODOB'),('description',1,'1206961869IGNF'),('type',1,'1206961890JIOJ'),('URL',1,'1206961850KLRQ'),('Group Moderator',1,'1298958645SVCJ'),('Enter the time limit ( in seconds ) for the scheduler.<br>The process won\'t launch any task after this time limit.<br>Depending on your configuration, the process may stop before this time limit and adopt the value of the maximum execution time from your server.',1,'1240906945NFCK'),('Specify the overall maximum number of processes the scheduler can handle.<br>',1,'1240906945NFCJ'),('download',1,'1240388999GQSW'),('Multiple Part',1,'1238386599SWCB'),('When you send an HTML e-mail, the system is able to also include an hidden text version of the e-mail which can be only read by mail clients that do not have HTML email capability.<br>',1,'1238386599SWCA'),('Default WYSIWYG editor on the website for all users.<br>',1,'1238171067TJFA'),('Select Yes if you want images to be embedded in your email.<br>We don\'t recommend to turn ON this option as it slow down the send process',1,'1238171067TJEZ'),('Save as Default',1,'1237967600IVIP'),('Reset to Default',1,'1237967600IVIO'),('Your license expired!',1,'1235976558LLLD'),('This application is not installed!',1,'1235976558LLLC'),('The application has been successfully set to Core.',1,'1235976558LLLB'),('Maximum frequency',1,'1235462003CNHJ'),('Default Editor',1,'1232547807PFFL'),('To get the latest version you need to update your Joobi Care contract.',1,'1235461988ERWK'),('$GRADE Demo expire',1,'1231158811CQTW'),('Install now !',1,'1231158811CQTX'),('Application in Beta',1,'1232547361JEQR'),('Is this application in beta ?<br>',1,'1232547362CGOU'),('Beta',1,'1231158811CQTU'),('Expire',1,'1231158811CQTV'),('Refresh License',1,'1230874957AEHA'),('Move License',1,'1230874957AEHB'),('<ul><li>Please enter the token you received by email or any other mean.</li><li>Please note that by entering the token here, the license will be assigned to this website.</li><li>The license cannot be reassigned to another website within 3 months.</li></ul>',1,'1230874957AEHC'),('Try $GRADE',1,'1231158810GTOL'),('Downgrade to $GRADE',1,'1231158810GTOM'),('Alpha',1,'1231158811CQTT'),('<span style=\"font-weight: bold; color: rgb(204, 0, 0);\">Be very careful with this feature!</span><br>The move of the license is automatic and cannot be reversed within the next 3 months.<br>Please enter the new website URL to which you want to move the license to.<br><br>',1,'1230874957AEGZ'),('IP',1,'1230531895KYXK'),('Add names of the sender and receivers in the email header.',1,'1230529409HCEV'),('This Charset will be used to encode your email.<br>We recommend to use \'utf-8\'.',1,'1230529409HCET'),('This name will appear if the receiver reply to your email',1,'1230529409HCES'),('Any bounce back emails (emails not delivered by your mail server) will be sent to this Email Address<br><b>Important: </b>For most of mail servers, this email must have the same domain name than the mail server itself.<br><br>You may want to leave this field empty if you use the \"PHP Mail Function\" otherwise in most of cases it\'s the same as your Sender Address.<br>',1,'1230529409HCER'),('Sender\'s Email',1,'1211811588SCXS'),('Your email will be encoded using the selected encoding format.<br>We recommend \'Base 64\'',1,'1230529409HCEP'),('The name that will appear to the receiver as the author of the email',1,'1230529409HCEQ'),('Report email',1,'1230528896CZTU'),('Run Query',1,'1229651878KNMZ'),('List of Users',1,'1298350401HIBK'),('The report will be sent to the specified email address<br><br>',1,'1230528895BZXE'),('<ul><li>Enter the query you want to run on your server.</li><li>If you have several queries, use a semi-column ( ; ) to sepate the queries.</li><li><span style=\"color: rgb(204, 0, 0);\">Use the option to show the results only if you have few queries.</span></li></ul>',1,'1229651878KNMY'),('<ul><li>Before installing/updating any application on your website, werecommend that you do a backup of your website files and your database. This way, you will always be able to revert the changes made during theinstall/update in case of an error.</li><li>Setting your website in maintenance is also recommended for updates.</li></ul>',1,'1229651878KNMX'),('Execute',1,'1229651877RBLY'),('Application information',1,'1229651878KNMW'),('The author of the application<br>',1,'1229651877RBLV'),('jCenter DashBoard',1,'1298350455LEXR'),('See result',1,'1229651877RBLX'),('list of version information',1,'1228709213SHFM'),('The server which is contacted for install and updates.<br>',1,'1228820067NJRS'),('Distribution server',1,'1228820067NJRT'),('Joobi Care',1,'1228820286IIZC'),('Query successfully executed!',1,'1229651871ADBG'),('One of the query failed!',1,'1229651871ADBH'),('List of applications updated.',1,'1229651871ADBI'),('The version currently installed on your website<br>',1,'1229651877RBLQ'),('The current grade of your application<br>',1,'1229651877RBLR'),('The latest version available<br>',1,'1229651877RBLS'),('Enter your query here.<br>',1,'1229651877RBLT'),('Click Yes if you want to see the result of the query.<br><span style=\"text-decoration: underline; color: rgb(204, 0, 0); font-weight: bold;\">Warning:</span> Don\'t click Yes if you run many queries all at once.<br>',1,'1229651877RBLU'),('Update',1,'1227580898LIDX'),('Purchase $GRADE',1,'1228709210DPHZ'),('Purchase $GRADE upgrade',1,'1228709210DPIA'),('Current version',1,'1228709213SHFK'),('Each time the scheduler is triggered, you can receive a report of the process.<br>',1,'1227579936RDAS'),('Defines the cron used to launch the scheduler system.<br><br>If set to \'No Cron\' no cron is running at all.<br>',1,'1227580613HBMH'),('Please use this form to contact us.  <br><ul><li>Based on your subject you will be redirected to the right section of our website: either the ticket system or the forum.</li><li>It is also important that you select the right application.</li><li>We look forward to hearing from you.</li></ul>',1,'1227579895DREU'),('No Change',1,'1250145257BXGB'),('License valid',1,'1227579890QLYN'),('$GRADE installed',1,'1227579890QLYQ'),('License not valid',1,'1227579890QLYM'),('Community Manager',1,'1298958645SVCN'),('A demo license could not be retrieved because you already evaluated this application on this website.',1,'1227579883OZMZ'),('Install/Update instructions',1,'1225277133LPWG'),('Add Names',1,'1221500643MXPC'),('Specify and email address for administration and maintenance notification.<br>If left empty all administrator will be notified.<br>',1,'1217930839LUIS'),('Caching',1,'1217930839LUIT'),('Installation',1,'1219770756BFUL'),('Security Level',1,'1217930839LUIP'),('<ul><li>Lean: just the page numbers</li><li>No total: standard without the total number of pages</li><li>Standard: optimal pagination</li><li>Complete: all possible buttons<br />  </li></ul>',1,'1217251829KWMY'),('<ul><li>Lean: just the page numbers</li><li>No total: standard without the total number of pages</li><li>Standard: optimal pagination</li><li>Complete: all possible buttons<br /></li></ul>',1,'1216230542PQQZ'),('Administration',1,'1216230542PQQY'),('Pagination style',1,'1216230542PQQX'),('Legend',1,'1216230542PQQV'),('Click No to remove the icons\' legend on the front-end of the website.',1,'1216230542PQQU'),('The Widget was published with success.',1,'1215710386RMJD'),('The Widget was unpublished with success.',1,'1215710386RMJC'),('Information',1,'1215507792MTRU'),('Navigation Button',1,'1215001728NQIM'),('Define the number of navigation button for the site. Default: 6.',1,'1215001728NQIL'),('Debug Queries',1,'1213369263SAAI'),('Debug Errors',1,'1213369263SAAG'),('Email Notification',1,'1213353034DMQG'),('Advance feature to show the code errors when they occur. With this option, only guests will see the errors (you can use it when you need to see an error occurring somewhere accessible only by unregistered users like the registration page)',1,'1213369263SAAF'),('Hostname',1,'1213269308ATGG'),('Updates',1,'1213353034DMQE'),('Send an email when new updates are available.',1,'1213353034DMQF'),('Sorry, this file is no longer available on our servers.',1,'1213107637HXCS'),('Tag',1,'1213180343CQIB'),('Menu',1,'1206961870KLBH'),('<span style=\"color: rgb(204, 51, 51);\">We recommend to leave this field empty.</span><br />Sets the Hostname to use in Message-Id, Received headers and as default HELO string.<br />If empty, the value returned by SERVER_NAME is used or \'localhost.localdomain\'.<br />',1,'1213269308ATGF'),('Select the subject of your request.',1,'1213107632HHOT'),('Please select the application for which you want support.',1,'1213107632HHOS'),('Impossible to publish Widget without the application \"$APLLICATION\" installed on the site.',1,'1213107626GCYX'),('Please select an application.',1,'1213020853MLHQ'),('Current version:$CURRENT_VERSION',1,'1213020854DQLH'),('Click Yes if you want to see the wizards for each view.',1,'1213107622JALA'),('The license received is not valid.',1,'1213020848LZMD'),('The application information could not be updated with the license received.',1,'1213020848LZME'),('The license has been successfully installed!',1,'1213020848LZMF'),('Please contact the Support Team.',1,'1213020848LZMC'),('The license could not be retrieved.',1,'1213020848LZMB'),('Emails Management',1,'1230529132JKPE'),('If you think this is a mistake please contact the Support Team.',1,'1213020848LZMA'),('Try $GRADE Now!',1,'1212843245NODP'),('Latest version:$NEW_VERSION',1,'1212843245NODO'),('Embed images',1,'1211811528BLZC'),('This view list all widgets available for your Applications.  You can publish or unpublish them here.',1,'1212843236ISNS'),('Mail Author',1,'1298958645SVCI'),('Scheduler',1,'1206961893RSRQ'),('Report',1,'1206961899DDKO'),('Send Report',1,'1206961899DDKW'),('Time limit',1,'1206961899DDLD'),('Download',1,'1206961905BHAV'),('Image',1,'1206961936HCWM'),('General Use',1,'1207045653IMAV'),('Certified',1,'1208193651IFKI'),('Install / Upgrade Applications',1,'1208362898QACD'),('Element ID',1,'1209736072FJBD'),('Checkout Date',1,'1209736072FJBE'),('Successfully checked-in all elements',1,'1209746216SXQF'),('Contact Support',1,'1210244238DTYK'),('Widgets List',1,'1210244238DTYM'),('Maintenance',1,'1206961850KLRD'),('Use the following token number to install the new license : $token',1,'1206961836KSBK'),('The license could not be moved because it does not comply to the requirements.',1,'1206961836KSBL'),('Move a License',1,'1206961841DNYR'),('Token',1,'1206961841DNZF'),('New Website URL',1,'1206961841DNZP'),('License successfully moved to : $url',1,'1206961836KSBJ'),('divider',1,'1206732411EGRN'),('Published',1,'1207306697RNMA'),('Location',1,'1206732421RJQC'),('Member',1,'1206732411EGRG'),('Enter Your Token',1,'1206732400OXCN'),('Choose an Application',1,'1206732400OXCI'),('User Preference',1,'1231383373PREE'),('Latest version',1,'1206732400OXCC'),('Current Grade',1,'1206732400OXBZ'),('Reply Email Address',1,'1206732400OXAF'),('Bounce back Email Address',1,'1206732400OXAH'),('Mail Configuration',1,'1206732400OXAI'),('Choose which Mailer method you wish to use.<br>We recommend \'PHP Mail Function\'.',1,'1206732400OXAJ'),('Mailer method',1,'1206732400OXAK'),('Encoding format',1,'1206732400OXAM'),('Charset',1,'1206732400OXAO'),('Sets word wrapping on the body of the message to a given number of characters.<br>Enter the value \'0\' to don\'t wrap your message.',1,'1206732400OXAP'),('Word wrapping',1,'1206732400OXAQ'),('Path of the SendMail function if you use SendMail as Mailer method.',1,'1206732400OXAR'),('SendMail Path',1,'1206732400OXAS'),('SMTP Configuration',1,'1206732400OXAV'),('If you use the SMTP Server as Mailer method, you have to specify your SMTP host.<br />e.g. : smtp.mysite.com',1,'1206732400OXAW'),('If you use a SMTP Server, you can add a secure process before connecting to the SMTP Server',1,'1206732400OXAY'),('SMTP Secure',1,'1206732400OXAZ'),('If you use a SMTP Server, you have to specify if this connection requires an authentication or not.',1,'1206732400OXBA'),('SMTP Authentication required',1,'1206732400OXBB'),('If your SMTP Server requires an authentication, you have to enter the SMTP Username ',1,'1206732400OXBC'),('SMTP Username',1,'1206732400OXBD'),('If your SMTP server requires an authentication, you have to enter the SMTP Password',1,'1206732400OXBE'),('SMTP Password',1,'1206732400OXBF'),('Security',1,'1206732400OXBG'),('The reply of the receiver will be sent to this Email Address',1,'1206732400OXAE'),('Show Wizard',1,'1206732400OWZT'),('Site Footer',1,'1206732400OWZV'),('#',1,'1206732392OZVA'),('The address that will appear to the receiver as sender.',1,'1206732400OXAA'),('Sender\'s Email Address',1,'1206732400OXAB'),('This application is not yet available for demo.',1,'1206732394IZGY'),('You website need to be validated by the Licensing Team to be a non-profit website.',1,'1206732394IZHB'),('The token can not be empty!',1,'1206732397TAXO'),('Installed',1,'1206732397TAXY'),('Could not refresh the list of extensions. Try again later.',1,'1206732397TAYG'),('Please select a subject for contacting us.  Thank you.',1,'1206732398LZJD'),('Enter Token',1,'1206732399EIMW'),('General Preferences',1,'1206732399EIMX'),('Unique identifier of the email.<br />You can send the email using the namekey',1,'1234467593JERF'),('Check',1,'1206732399EINH'),('Send',1,'1206732400OWXC'),('Try It!',1,'1206732400OWXF'),('Grades',1,'1206732400OWXK'),('Licence',1,'1206732400OWXL'),('Article Editor',1,'1298958645SVCP'),('Please enter your token number. ',1,'1206732400OWZP'),('Token Number',1,'1206732400OWZQ'),('List of events for action show',1,'1262788755ESJQ'),('Use this form to import a language file.  The file should be in the same format as it has been exported with the Export menu.<br><ul><li>After importing your language file, you may want to share your translation with the community... To do so, please click on the button \"Share\".<br></li></ul>',1,'1227580115NTZD'),('Weekly',1,'1256627134RCAU'),('Enter the destination folder of the files of the theme that you want to copy.<br>The folder name should not have whitespaces and special characters like (, ),  !, @, #, $, % ,^, &, and *. Click Ok to submit.<br><br><span style=\"color: rgb(0, 0, 0);\">Kindly do not leave the input box empty.</span><br style=\"color: rgb(0, 0, 0);\"><span style=\"color: rgb(0, 0, 0);\">Make sure also that the folder name is unique.</span><br>',1,'1301400669BLYC'),('This form enables you to create a language file, so that you can translate the file and then import it.<br><ol><li>Select the original language.  <br></li><li>Define the language in which you want to translate.</li></ol><span style=\"text-decoration: underline; color: rgb(0, 0, 255);\">NOTE:</span> The best <span style=\"font-weight: bold;\">original language</span> to choose is <span style=\"font-weight: bold;\">English</span> since all application have originally been developed in English.  If you take any other language you might translate something which has already been translated and therefore <span style=\"font-style: italic;\">loose accuracy</span>.',1,'1222791260AEAI'),('Specify the language in which you want to translate the application.<br />It is important that you specify this language so that we can optimize the exported file so that you do not have to translate something which is already translated.',1,'1213107638BOKF'),('There was an error sending the file.  Please send the file by email to: $EMAIL .',1,'1213285236EJWF'),('This language is already available in the general release for this application. The translation was not sent.  If you feel like the translation need to be corrected and you want to submit your file please send it to the Joobi Team by email at: $EMAIL .',1,'1213285236EJWG'),('Specify the format you want to export your data:<br><ul><li>ini file</li><li>html file<br></li></ul>',1,'1222791260AEAH'),('Specify the language you want to take as the origin language from which you want to translate.',1,'1213107638BOKE'),('The list of available languages has been synchronized with the site.',1,'1213107637HXCR'),('Thank you very much for your contribution!',1,'1213020853MLHS'),('A Demo license could not be granted because this application has already been demo on this website.',1,'1206732393CXVY'),('Destination Language',1,'1208950213FHRR'),('Synchronize',1,'1209481169RSAA'),('Language Import',1,'1210244259NSAY'),('Import a language file',1,'1210244259NSBA'),('Language Export',1,'1210244259NSBB'),('Export a language file',1,'1210244259NSBD'),('Languages list',1,'1210244259NSBF'),('English',1,'1210244259NSBG'),('Native',1,'1210244259NSBH'),('Language File to Import',1,'1210244259NSBI'),('This view shows a list of languages.  If the language is marked as \"Available\" then this language is available on your site.<br>Please note that a language available does not necessarily means that it is available for all applications.<br><br>The columns \"Site\" and \"Admin\" indicate if the language is available on for the CMS respectively in the front-end (Site) or back-end (Admin) of the website.<br><br><span style=\"text-decoration: underline; color: rgb(0, 0, 153);\">MENU:</span> <br><ul><li>The \"<span style=\"font-weight: bold;\">Synchronize</span>\" button enables you to synchronize the languages available with the CMS.</li><li><span style=\"font-weight: bold;\">Export</span>: use to export the language file for an application so that you can edit the translation.</li><li><span style=\"font-weight: bold;\">Import</span>: use to import the modified language file.<br></li></ul>',1,'1212843247FGZJ'),('Load the file containing the translation of the application',1,'1206732405TIXI'),('Site',1,'1206961849MVDJ'),(' Name',1,'1300366591QTAJ'),('Available',1,'1206961996STAF'),('Origin Language',1,'1208950213FHRP'),('Vocabulary',1,'1206732405TIXD'),('Import',1,'1206732405TIXA'),('List of Translation',1,'1206732404ORZX'),('Your translation file has been successfully sent to Joobi Team.  The file will be included in the next release.',1,'1206732404ORZG'),('To update this application we need to also update the applications $apps',1,'1229651844RUMK'),('Hide/show status',1,'1206732398LZKD'),('Install / Update',1,'1206732393CXVW'),('status',1,'1206732392OZVI'),('Translation',1,'1206732392OZUR'),('Alias of the email that will be displayed on the client website',1,'1234467593JERG'),('Max file size',1,'1241675239ROHF'),('This week',1,'1256627134RCAW'),('This $NAME is not empty... All sub-elements were added to the parent $NAME.',1,'1235560364LCKV'),('Couldn\'t write the captcha in the folder $FOLDER',1,'1213107666IZKC'),('Captcha',1,'1212761242DPBP'),('The parent can not be one of the child of this category',1,'1220361707FSCI'),('It is not permitted to put a category as its own parent.',1,'1213020899EZVY'),('This email will be only displayed if the level of the email is lower than the level of the application linked to it.<br>',1,'1234467595QYUZ'),('Could not create a temporary folder in $FOLDER',1,'1212843292GOJA'),('After 20 attempts of choosing a randomly named folder in the temporary folder $FOLDER it seems that there is a problem on the server.',1,'1212843292GOIZ'),('The folder $FOLDER could not be listed.',1,'1212843292GOIY'),('The folder $FOLDER already exists.',1,'1212843292GOIX'),('The folder $FOLDER could not be overwritten',1,'1212843292GOIW'),('Could not access the folder $FOLDER',1,'1212843292GOIV'),('Check the permissions of the folder $FOLDER',1,'1212843292GOIU'),('Could not access the file $PATH',1,'1212843291IDWN'),('Could not locate the file when deleting $PATH',1,'1212843292GOIT'),('The file $PATH is not readable.',1,'1212843291IDWM'),('There is already a file located at $PATH',1,'1212843291IDWL'),('Wrong type of write for $PATH',1,'1212843291IDWK'),('Could not overwrite the file $PATH.',1,'1212843291IDWJ'),('Check the permissions of the file.',1,'1212843291IDWH'),('Could not write the file $PATH.',1,'1212843291IDWG'),('Could not create the folder $FOLDER',1,'1212843291IDWF'),('Enter one of the following values : $VALUES',1,'1213369322GXOX'),('The value \"$VALUE\" can not be loaded',1,'1213369322GXOW'),('Tag error: $TAG',1,'1212843293BKVE'),('Last 2 Weeks',1,'1256627134RCAY'),('Please specify a token which is not empty.',1,'1206732393CXVX'),('Add File',1,'1306927257COUB'),('Write here the email address you want to send the test Mailing',1,'1230529131MQQN'),('The reply of the receiver will be sent to this Email address',1,'1230529131MQQM'),('Subject of the email',1,'1230529131MQQK'),('Email address of the sender',1,'1230529131MQQL'),('HTML Version of the email',1,'1230529131MQQI'),('Select No if you want to send only the Text version of this Email',1,'1230529131MQQH'),('Please enter a valid email address',1,'1230529130KYBD'),('The Reply-to email is not accepted.',1,'1230529129CVIK'),('The Sender email is not accepted.',1,'1230529129CVIJ'),('The Bounce back email is not accepted.',1,'1230529129CVII'),('Theme for the Jcenter application.',1,'1298350459RDWD'),('There is no Subject or Body in this email',1,'1230529128EPES'),('Error sending email',1,'1230529129CVIG'),('Mailing not published: $MAILING',1,'1213107686CYMG'),('The reply of the receiver will be sent to this Name',1,'1213107440FIBG'),('Name of the sender',1,'1213107440FIBE'),('Reply Email',1,'1211811588SCXV'),('Test',1,'1211811588SCXW'),('Send HTML version',1,'1211811588SCXX'),('This list enables you to manage and customize any e-mail sent by the system for any application.',1,'1212843299DWEZ'),('Text only',1,'1211811588SCXP'),('HTML version',1,'1211811588SCXM'),('Notification sent to administrators',1,'1211280107OPVR'),('Send Test',1,'1211811588SCXH'),('Process',1,'1206961898PIOC'),('Tags',1,'1206961902CIFJ'),('Remove file from queue',1,'1206732376KOVL'),('Unique Name',1,'1206732421RJQG'),('Moderator',1,'1298958645SVCK'),('Lists',1,'1206732413BNNK'),('CMS Menu',1,'1253938983RSND'),('Divider',1,'1206732399EINF'),('Article Author',1,'1298958645SVCO'),('Html',1,'1206732411EGSC'),('Application',1,'1206732400OXBR'),('Sender\'s Name',1,'1206732400OWZZ'),('Reply Name',1,'1206732400OXAD'),('Mail',1,'1206732400OWZW'),('Article Publisher',1,'1298958645SVCQ'),('With this role user can manager the mail application and preferences',1,'1300366052PZRW'),('Allow to manage the list of members.',1,'1300773988BYXD'),('Mail Manager',1,'1300366053JXYR'),('You need to specify an element (eid) to show this page.',1,'1250777180DFSL'),('Define what is the equivalent role in the CMS.<br>',1,'1326997214IWYA'),('CMS Equivalent',1,'1326997214IWXZ'),('Incomplete date selection',1,'1256627078COLC'),('You need to specify an element (eid) to edit this page.',1,'1250777180DFSK'),('You can add extra parameters to the url if it is necessary.<br>',1,'1239870994APHY'),('Choose a parent for this role. The parent define was role will be inherited.',1,'1298294100SWQQ'),('The $LANGUAGE translations were retrieved for the application $APPLICATION',1,'1227579828FTWS'),('Click here to go back to the application listing',1,'1227579827CIXW'),('All translations retrieved',1,'1227579827CIXV'),('Licenses checked',1,'1227579827CIXU'),('The license of the extension $EXTENSION was validated.',1,'1221227936IUXD'),('The package $PACKAGE was extracted.',1,'1215002067FIWP'),('Please contact support $EMAIL if you need a license for your application.',1,'1213794916KBVY'),('The license server is not available.',1,'1213794916KBVX'),('Application Installation Complete!',1,'1213107630MBVS'),('An error occurred during the package transfer.',1,'1213183605TJKW'),('Packages download completed!',1,'1213107630MBVR'),('Select at least one application.',1,'1213107629LYER'),('If you click \"Cancel\", nothing will be installed/updated.',1,'1213107629LYEQ'),('Agents\' manager. This role enables to create agent, and define their project and access rights.',1,'1298958645SVBT'),('This role allows the user to create mails.',1,'1298958645SVBU'),('List of packages retrieved successfully!',1,'1213020853MLHV'),('Installation failed!',1,'1213020853MLHP'),('Group moderator is allowed to moderate any group she is assigned to.',1,'1298958645SVBV'),('Any person allowed to moderate the forum.',1,'1298958645SVBW'),('Creator of a group, can administrate the group.',1,'1298958645SVBX'),('Can moderate any group part of the community.',1,'1298958645SVBY'),('Administrate the community. This role is required to install and setup the community.',1,'1298958645SVBZ'),('This role allows to create article, blog, or wiki pages.',1,'1298958645SVCA'),('This role allows to edit article, blog, or wiki pages.',1,'1298958645SVCB'),('This role allows to publish article, blog, or wiki pages.',1,'1298958645SVCC'),('Last Week',1,'1256627134RCAX'),('Export',1,'1206732405TIXB'),('Approved',1,'1246518570RHDZ'),('Select files',1,'1213285203FZWI'),('Output',1,'1217608863EAVB'),('Disabled',1,'1219769904NDIM'),('Data',1,'1219769904NDKA'),('Daily',1,'1256627134RCAT'),('User cancel',1,'1298350401HIBN'),('Language already translated',1,'1227580123BQHZ'),('This Year',1,'1256627135RQMR'),('You are trying to access the superglobal $$src[$name] but the value was previously unsetted. Rather than unsetting it, you should have used WGlobals::setVar(\'$name\',null,\'$src\');',1,'1243438017RRAL'),('country-language',1,'1242112344IOLQ'),('Last Year',1,'1256627135RQMS'),('Yearly',1,'1256627135RQMT'),('only',1,'1242048721QUXH'),('Successfully Checked $ELEMENT',1,'1242010181DZGW'),('Successfully Checked $NUMBER $ELEMENT',1,'1242010181DZGV'),('Error Copying $ELEMENT',1,'1242010181DZGU'),('Current Files',1,'1210099915BXUC'),('Error Copying $NUMBER $ELEMENT',1,'1242010181DZGT'),('This field needs to be superior to $MIN_VALUE',1,'1256875124DIGY'),('Offline',1,'1208950226RHTP'),('Online',1,'1208950226RHTO'),('Delete this picture',1,'1207303791JSSH'),('Home',1,'1206732431CQBG'),('Clear completed',1,'1206732376KOVO'),('Completed',1,'1206732376KOVN'),('Uploading',1,'1206732376KOVM'),('Browse your disk',1,'1206732376KOVK'),('Upload Queue',1,'1206732376KOVI'),('Successfully Copied $ELEMENT',1,'1242010181DZGS'),('Successfully Copied $NUMBER $ELEMENT',1,'1242010181DZGR'),('Terms and conditions',1,'1206732375LZCG'),('Click to translate this!',1,'1206732374FDLR'),('Are you sure you want to $ACTION?',1,'1233626551NWXV'),('Success',1,'1235462003CNHC'),('An Error Occurred! You can display the real error message only for your user account by going in the back end of your website and turning on the debug mode in the preferences of jsetup.',1,'1235542250GNSP'),('Unpublish',1,'1206732372QTKO'),('Pending',1,'1206732372QTKP'),('Item',1,'1206732372QTKR'),('This field is required!',1,'1206732374FDLI'),('This field cannot contain whitespace!',1,'1206732374FDLJ'),('This field needs to be a VALID email!',1,'1206732374FDLK'),('This field needs to be Numeric!',1,'1206732374FDLM'),('Accessing this page is not possible!',1,'1206732370TAOI'),('Error Checking $ELEMENT',1,'1242010181DZGQ'),('Error Checking $NUMBER $ELEMENT',1,'1242010181DZGP'),('Successfully Checked-in $ELEMENT',1,'1242010181DZGO'),('Successfully Checked-in $NUMBER $ELEMENT',1,'1242010181DZGN'),('Error Saving Default $ELEMENT',1,'1242010181DZGM'),('Error Saving Default $NUMBER $ELEMENT',1,'1242010181DZGL'),('Successfully Saved Default $ELEMENT',1,'1242010181DZGK'),('Successfully Saved Default $NUMBER $ELEMENT',1,'1242010181DZGJ'),('Error Creating $ELEMENT',1,'1242010181DZGI'),('Error Creating $NUMBER $ELEMENT',1,'1242010181DZGH'),('Text Only',1,'1237260381RHQN'),('You do not have access to this page.',1,'1303288359IAQH'),('View Discussion',1,'1302252683IIWC'),('View Group',1,'1302252683IIWB'),('View Profile',1,'1302252683IIWA'),('Jomsocial',1,'1300434054FKHV'),('Jomsocial Fields Values',1,'1300121932OKDA'),('Jomsocial Videos',1,'1300121932OKCZ'),('Jomsocial Photos',1,'1300121932OKCY'),('Jomsocial Events',1,'1300121932OKCX'),('Jomsocial Groups Discuss',1,'1300121932OKCW'),('Jomsocial Groups',1,'1300121932OKCV'),('Jomsocial Fields',1,'1300121932OKCU'),('Successfully Created $ELEMENT',1,'1242010181DZGG'),('Created by',1,'1271825680CEHH'),('The field \"$FIELD\" has not been found.',1,'1299148902FYMY'),('You can not include the field \"$FIELD\" for security reasons.',1,'1212843293BKVD'),('Publisher',1,'1211280059QYRL'),('User\'s Roles',1,'1298350401HIBI'),('This role allows the user to edit articles.',1,'1298350313CJWK'),('This role allows the user to publish articles.',1,'1298350313CJWL'),('Any one who purchase a product in the store.',1,'1298350313CJWM'),('Manufacturer or any organization that provides goods and services.',1,'1298350313CJWN'),('Last Login',1,'1298294092CJJG'),('Roles & ACL Management',1,'1248858840SJVU'),('Joomla User',1,'1298350334ECWR'),('This view list all roles or ACL used in the site. Here the admin can add new roles and edit existing once.<br><br><span style=\"font-style: italic; color: rgb(204, 0, 0);\">Note: </span><span style=\"color: rgb(204, 0, 0);\"><span style=\"font-style: italic;\">You cannot delete roles that are core.</span></span><br>',1,'1248858840SJVT'),('Edit User',1,'1242282449PIPL'),('Default Role',1,'1241675187IFAK'),('jCenter Dashboard',1,'1298350455LEXQ'),('User',1,'1208359284QWNS'),(' Thumbnail',1,'1300366591QTAK'),('Select Theme',1,'1300366596LVYZ'),('User is locked?',1,'1206732412DAEB'),('Time Zone',1,'1206732412DACJ'),('Profile',1,'1206732392OZVE'),('Not selected',1,'1206732410ICCI'),('Email',1,'1206732411EGRU'),('Order',1,'1206961869IGNP'),('Registered',1,'1206732411EGSE'),('Full Name',1,'1206732412DABZ'),('Successfully Created $NUMBER $ELEMENT',1,'1242010181DZGF'),('Error Ordering $ELEMENT',1,'1242010181DZGE'),('Error Ordering $NUMBER $ELEMENT',1,'1242010181DZGD'),('Library List of table constraints',1,'1298350410GSFH'),('Library Foreign Key table',1,'1298350410GSFG'),('Library Table\'s Columns',1,'1298350410GSFF'),('Library tables',1,'1298350410GSFE'),('Joomla Site Theme ',1,'1327959044COWH'),('The main theme to integrate Joobi Apps to Joomla.\r\nThe style defined in that theme might be used in any application.',1,'1327959044COWG'),('The name of the application is too long:$NAME',1,'1298294123FNDM'),('Component',1,'1235461972DIWB'),('Category',1,'1206732411EGQO'),('Successfully Ordered $ELEMENT',1,'1242010181DZGC'),('Use the little trash icon to remove a file from the queue.',1,'1211280029BWWE'),('No file available',1,'1211280029BWWD'),('Attach Files',1,'1211280028JBKB'),('The files will be uploaded in a queue.',1,'1211280028JBKD'),('Enter your tags here, separe them with commas (,).',1,'1209634664PQZV'),('Successfully Ordered $NUMBER $ELEMENT',1,'1242010181DZGB'),('Copy Theme',1,'1301400668NOSW'),('Manager',1,'1211280059QYRN'),('Error Updating $ELEMENT',1,'1242010181DZGA'),('Version',1,'1206732392OZVF'),('Error Updating $NUMBER $ELEMENT',1,'1242010181DZFZ'),('Successfully Updated $ELEMENT',1,'1242010181DZFY'),('Successfully Updated $NUMBER $ELEMENT',1,'1242010181DZFX'),('Error Saving $ELEMENT',1,'1242010181DZFW'),('Successfully Saved $ELEMENT',1,'1242010181DZFU'),('Error Saving $NUMBER $ELEMENT',1,'1242010181DZFV'),('Successfully Saved $NUMBER $ELEMENT',1,'1242010181DZFT'),('Error Deleting $NUMBER $ELEMENT',1,'1242010181DZFR'),('Error Deleting $ELEMENT',1,'1242010181DZFS'),('Successfully Deleted $ELEMENT',1,'1242010181DZFQ'),('Successfully Deleted $NUMBER $ELEMENT',1,'1242010181DZFP'),('currencycountry',1,'1241787055GQCB'),('You cannot Delete an element which is core. If you wish you may unpublish it.',1,'1230528973JWCV'),('You need to specify an element to view this page.',1,'1227580554HXPS'),('You cannot Delete a $NAME which is core.',1,'1221069808HPBY'),('All Levels',1,'1215098992JNKQ'),('All Roles',1,'1250777198MSMZ'),('The theme $TEMPLATE is not available',1,'1220215360ESON'),('Notice',1,'1213285196AFGY'),('Field cannot be less than $MIN_LENGTH characters!',1,'1213285201QMJN'),('Please make a selection from the list to proceed with \"$ACTION\"!',1,'1213107586DVLP'),('XML error: $ERROR at line $LINE',1,'1213020890DAKY'),('The communication protocol $PROTOCOL is not available on this website. Please install it first.',1,'1213020795GTDE'),('Queue',1,'1212761286RZAR'),('Listing',1,'1212761197FHZN'),('The $FILE was not saved.',1,'1212761158OSOU'),('Run your site in debug mode for more information or contact the support for the application.',1,'1212761155FLTM'),('There is not more $ITEM',1,'1212761148BBPH'),('Archived',1,'1209746189NUCP'),('Values',1,'1209675038APRU'),('Only',1,'1209056511OBNE'),('Currency',1,'1206961948HYTE'),('Checkout',1,'1206961936HCWQ'),('Core',1,'1206961869IGNE'),('Form',1,'1206961869IGNH'),('Action Wizard',1,'1251084268RVUN'),('If you wish you may unpublish it.',1,'1206961856OFMQ'),('Top',1,'1206732429GMSU'),('Last Element',1,'1206732428GQYF'),('Language',1,'1206732405TIXE'),('Level',1,'1206732389NXTA'),('Picklist',1,'1206732388KEHY'),('Model',1,'1206732388KEHV'),('Scheduled',1,'1206732375LZCJ'),('Header',1,'1206961869IGNC'),('Body',1,'1206732412DAGD'),('Ask Questions',1,'1213200727TEHT'),('This field cannot contain illegal characters: $ILLEGAL_CHAR',1,'1206732374FDLQ'),('This field needs to be Alphanumeric!',1,'1206732374FDLO'),('Fields need to be of the same value!',1,'1206732374FDLP'),('This field needs to be Alphabetical!',1,'1206732374FDLN'),('List Manager',1,'1300773989BZML'),('File already exists.',1,'1307005978SBLO'),('File Type',1,'1306927259HYXV'),('Upload FIle',1,'1307005985RRVD'),('Icon Legend',1,'1206732369EREW'),('Required Field!',1,'1206732369EREV'),('Appears on Profile!',1,'1206732369EREU'),('Javascript Required!',1,'1206732368LJDG'),('End',1,'1206732366OVMF'),('Next',1,'1206732366OVME'),('Prev',1,'1206732366OVMD'),('Refresh',1,'1206732400OWXE'),('elements',1,'1206732366OVMB'),('of',1,'1206732366OVMA'),('Page',1,'1206732366OVLZ'),('Display',1,'1206732366OVLY'),('Reset',1,'1206732365OQJK'),('Go',1,'1206732365OQJJ'),('Search',1,'1206732365OQJI'),('Save Order',1,'1206732363AOLD'),('Themes (HTML)',1,'1307005986MLQD'),('Successful',1,'1206732357ILFQ'),('An error occurred',1,'1206732357ILFP'),('Seconds',1,'1206732357ILFN'),('Minutes',1,'1206732357ILFM'),('Hours',1,'1206732357ILFL'),('Days',1,'1206732357ILFK'),('Weeks',1,'1206732357ILFJ'),('Months',1,'1206732357ILFI'),('Years',1,'1206732357ILFH'),('A Database Query Failed.',1,'1206732351CUAZ'),('The access to this page is restricted.',1,'1206732348RCNT'),('You need to login to access this page.',1,'1206732348RCNQ'),('Translation file Uploaded',1,'1227580123BQIA'),('For more information about HTML, css, etc., kindly refer to this <a target=\"_blank\" title=\"HTML, CSS Documentation\" href=\"http://www.w3schools.com/html/html_examples.asp\">documentation</a>.<br>',1,'1300169727QALO'),('Enter a name of URL for identification purposes.<br>',1,'1315400579EWRQ'),('Theme main files',1,'1298350437HNTO'),('Theme custom view  files',1,'1298350437HNTP'),('Theme stylesheet files',1,'1298350437HNTQ'),('Theme js files',1,'1298350437HNTR'),('Theme Edit File',1,'1298350437HNTS'),('Upload a theme',1,'1298350438DLWR'),('Theme Form Layout',1,'1298350439ZNI'),('<span style=\"text-decoration: underline;\">Themes Tab</span>: for the list of main files of the theme.<br><span style=\"text-decoration: underline;\">Custom Views Tab</span>: list thef files for the custom views of the theme.<br><span style=\"text-decoration: underline;\">Stylesheets Tab</span>: for the list of css files of the theme.<br><span style=\"text-decoration: underline;\">Javascripts Tab</span>: for the list of js files of the theme.<br><br><span style=\"text-decoration: underline; font-weight: bold; color: rgb(255, 102, 0);\">Hint:</span><br><span style=\"font-weight: bold;\">What is the difference between the .css file and the .uncompressed.css file?</span><br style=\"font-weight: bold;\"><br>The uncompressed file is the original file with readable return to the line and spacing. The compress file is optimized for loading speed.<br>If you want to edit a lot of css it is probably more convenient to first copy the uncompressed.css file to the .css file in order to easily find the proper CSS.<br><br><br><span style=\"color: rgb(0, 0, 204);\"><span style=\"text-decoration: underline;\">Note</span>: If the theme is \"Core\" you cannot edit the files. If you wish to edit the theme simply make a clone and edit the files of the clone. The cloned theme will be automatically marked as default.  Click Clone button to create a clone of this theme</span><span style=\"color: rgb(255, 0, 0);\"><span style=\"color: rgb(0, 0, 204);\">.</span><br></span><span style=\"color: rgb(255, 0, 0);\">This procedure enables to keep the original untouched and avoid your customization to be overwritten at update.</span><br><br>Click the filename to edit a file.<span style=\"color: rgb(255, 0, 0);\"></span>',1,'1300111184CKDD'),('Clone Theme',1,'1298350437HNTN'),('Folder name',1,'1298350437HNTL'),('do we need to customize only one item that can be set as default?',1,'1298350436LSKP'),('The folder \"$folder\" already exists. Kindly enter another folder name.',1,'1298350435GKOC'),('Kindly enter a folder name',1,'1298350435GKOB'),('Successfully saved the file $file',1,'1298294183ETWL'),('Main Files',1,'1298294079SVND'),('Clone',1,'1298294078HATF'),('Origin',1,'1273655191NLYX'),('Folder',1,'1217603897AYYA'),('Filename',1,'1217603899SJDE'),('Ok',1,'1219770756BFUK'),('Password',1,'1206732412DADP'),('Thumbnail',1,'1253939321KJPL'),('This is the list of all themes used by the installed applications.  You can customize those themes as you wish. The modification will affect how the data are rendered.  In some case you might not see certain information.  Please check the documentation before making any changes.<span style=\"text-decoration: underline;\"></span><br><br><span style=\"color: rgb(255, 0, 0);\">Note: You can\'t customize a theme which is core. If you want to customize a core theme you need to clone the theme first. Make sure to set this as premium and publish.  With this you can now have a copy of the core theme and customize and use the customized theme in your view. </span><br style=\"color: rgb(255, 0, 0);\"><span style=\"color: rgb(255, 0, 0);\">Click show to go to the listing of theme files, custom files, stylesheets and javascript of a theme.<br><br>Furthermore, you can\'t delete a theme which core. You can only delete uncore themes.<br><br>You can\'t unpublish a theme which is set as default. Kindly choose another one as default and then unpublish. Moreover, you can\'t set as default a theme that is not published. Kindly publish and then set as default.</span><span style=\"color: rgb(204, 0, 0); text-decoration: underline;\"></span>',1,'1271819049DNZB'),('Use this view to customize the theme. The tag {jtag:area  name=\"areaname\" } define an area and \"areaname\" is the name of that area.  You cannot change the name of the area but you can place it somewhere else in the theme.',1,'1212843296FJPV'),('If you publish an element, take care that the tag is exiting in your theme content.<br /><br />If you unpublish an element, the tag does not need to be removed to undisplay the element.',1,'1212843296FJPT'),('fid',1,'1209034855GGPY'),('Id',1,'1209559181OZLK'),('Alias',1,'1211811583DBTA'),('Preview',1,'1211811587EZNL'),('Themes List',1,'1211907792LCMK'),('The tags {jtag:area name=<span style=\"font-style: italic; font-weight: bold;\">AreaName</span>} will be replaced by the fields defined in this area.',1,'1211907793ETQC'),('Add files from server',1,'1315400578NDYV'),('{tag content}',1,'1208951159ARQZ'),('Publish state',1,'1208951159ARQY'),('Theme elements',1,'1208951159ARQX'),('Theme',1,'1207306697RNME'),('Upload',1,'1207155379JNIN'),('Event Information',1,'1251084267IPHF'),('Username',1,'1206732411EGRV'),('Action Back',1,'1251084268RVUM'),('0',1,'1219856743ELFT'),('Modified',1,'1206961850KLRL'),('tmid',1,'1206732439BHWY'),('File',1,'1206732421RJQA'),('<br><br><br>',1,'1234467594BCKE'),('Here are all the details about this events.<br>At the bottom you will see a list of associated actions.<br>',1,'1262788755ESJR'),('Created',1,'1206732411EGRY'),('General Information',1,'1206732412DABR'),('Action Information',1,'1262788755ESJS'),('This list shows all the events available on your website. Event are also called \"controller\" or \"action\" for the more tech savvy.<br><ul><li>Using the column <span style=\"font-weight: bold;\">New Access</span> you can change the access to this event with a custom role. This enables you to fine tune each access to your website with the extremely fine granularity. </li><li><span style=\"font-weight: bold;\">Override</span> define how the access of each view element should be overwritten. It is recommended to use <span style=\"font-style: italic;\">\"Automatic</span>\". \"<span style=\"font-style: italic;\">Only Same Role</span>\" overwrite only the same role defined by the event ( default role ). Whereas \"<span style=\"font-style: italic;\">All Roles</span>\" provide access to all elements of the view regardless of the default access. This last option is <span style=\"text-decoration: underline;\">not</span> recommended as it can give access to information to undesirable users.</li><li><span style=\"font-weight: bold;\">Admin</span> column tells you if the event is for the front-end or back-end of your website.<br></li></ul>',1,'1271819398CUCF'),('Show',1,'1206732372QTKM'),('files',1,'1206732388KEHS'),('Element',1,'1206732389NXTS'),('Thank you!',1,'1227580123BQIC'),('Here are all the details about this action.<br>At the bottom you will see a list of associated events.<br>',1,'1251084267IPHE'),('Events Wizard',1,'1250777201NOVL'),('Events Back',1,'1250777201NOVK'),('Events Override',1,'1250777201NOVJ'),('Override',1,'1250777199FEMQ'),('Only Same Role',1,'1250777198MSMY'),('Change custom Event Access',1,'1250145258KISY'),('List of Events',1,'1250070242QRDO'),('Event information',1,'1250070242QRDL'),('New Access',1,'1250070242QRDJ'),('Default Access',1,'1250070242QRDI'),('Event',1,'1250070127LYIO'),('Sender Informations',1,'1206732400OWZX'),('Front-End Menus',1,'1243437901LSSX'),('Extra params',1,'1239870995FKWO'),('The page does not exists.',1,'1206732348RCNP'),('Create Menu',1,'1239111911FQGJ'),('Editor',1,'1211280059QYRJ'),('Menu Name',1,'1239111911FQGH'),('Choose a menu.',1,'1239111910ARQC'),('This will be the name seen by the user in the frontend of your website.<br>',1,'1239111910ARQB'),('Automatic',1,'1231731000EGWA'),('Close',1,'1228820287MBVC'),('Grade',1,'1227579895DRET'),('Action code',1,'1220272211DTNO'),('Extends',1,'1220446694TBPU'),('Ordering',1,'1206732421RJQW'),('Trigger',1,'1219769905FKRL'),('Params',1,'1217251965LDUE'),('The status value which will trigger this action',1,'1217251965LDUD'),('The name of the folder / file for this action',1,'1217251965LDUB'),('Choose the node to connection this action to',1,'1217251965LDUC'),('NameKey',1,'1217251965LDUA'),('Help',1,'1206732392OZUP'),('Node',1,'1211811528BLZA'),('Code',1,'1206961912MJQB'),('Before',1,'1206961945HIVW'),('Documentation',1,'1213200727TEHQ'),('Name',1,'1206732392OZVB'),('Type',1,'1206732392OZVD'),('Description',1,'1206732392OZVG'),('Copy',1,'1206732372QTKK'),('Save',1,'1206732399EINB'),('Message',1,'1206961882TDGU'),('Cancel',1,'1206732393CXVV'),('Back',1,'1206961882TDHA'),('Messages',1,'1211811609TEZV'),('Assign',1,'1207242081BUBK'),('Edit Preferences',1,'1236791959FTZU'),('Status',1,'1206732392OZVH'),('The next message which will be handled by the system is :<br/><br/>Subject : $SUBJECT<br/>From : $SENDER<br/><br/>$CONTENT',1,'1241989376CCKB'),('General',1,'1206732400OWZR'),('None',1,'1206732410ICCJ'),('Access',1,'1206732412DAEO'),('Namekey',1,'1206732420EIUV'),('Filter',1,'1206732423RNTL'),('Task',1,'1206732425HINS'),('Default',1,'1206732425HINT'),('Controller',1,'1206732425HINW'),('Admin',1,'1206732425HINY'),('Add',1,'1206732439BHWX'),('Action',1,'1206961869IGNA'),('ID',1,'1206732400OWXG'),('Support',1,'1213183509OYOB'),('Order by',1,'1206732366OVLX'),('Latest Messages',1,'1241989377TGET'),('Latest date',1,'1241989381TANX'),('Jcenter',1,'1298350459RDWE'),('This e-mail has been sent at <span style=\"font-weight: bold\">{jtag:time} </span>from the website <span style=\"font-weight: bold\">{jtag:sitename} </span>( {jtag:site} ) to test your mail configuration.<br /><br />\r\n<div style=\"text-align: center\"><span style=\"color: #cc0000; font-weight: bold\">If you receive this e-mail, it means that you will be able to send any other e-mail from the website.</span></div>\r\n<br /><br /><br /><br /><br />\r\n<div style=\"text-align: center\"><a href=\"http://www.joobi.co/\" title=\"Joobi\">Powered by Joobi</a></div>',1,'1298350460SPWF'),('TEXT Version of the email.<br />If you leave this area empty, a text version of your email will be automatically generated from your HTML Version.',1,'1230529131MQQJ'),('Today',1,'1242282415NZVT'),('The email must be linked to an extension to be packaged',1,'1234467593JERH'),('Live Chat',1,'1249442262PZQK'),('Events',1,'1250070242QRDK'),('Logs',1,'1253200893CXZC'),('Apps',1,'1267607212GWJP'),('New updates are available on {jtag:param name=site} !',1,'1269341175PTYL'),('jCenter\'s Horizontal menu',1,'1298350455LEXP'),('Joobi Care expires in {jtag:param name=timing} at {jtag:sitename}',1,'1235462229ITLP'),('CMS menu',1,'1239111911FQGI'),('Last Month',1,'1256627135RQMQ'),('Dictionnary successfully loaded',1,'1240842525LJTR'),('Hello {jtag:name}\r\n\r\nYou are receiving this email because you are an administrator on the website {jtag:sitename}\r\n\r\nJoobi Care expires in {jtag:param name=timing} for the following applications\r\n\r\n{jtag:param name=application}\r\n\r\nPlease check the Application list for details:\r\n{jtag:param name=link}\r\n',1,'1235462229ITLO'),('Users',1,'1229653442FEQZ'),('nestedlanguage',1,'1227580613HBMK'),('nestedcheckin',1,'1227580613HBML'),('Hello Admins,<br /><br />This is an important security adversary regarding your website.  Member {jtag:param name=username} had a IP unconsistency that mean the IP from which he is browsing the website has changed during his session.<br /><br /><br />',1,'1228709631BCYE'),('SECURITY: IP unconsistency for a members',1,'1228709631BCYF'),('Emails',1,'1228709730AUQK'),('Query',1,'1229651877RBLW'),('Publish',1,'1206732372QTKN'),('Languages',1,'1206732392OZUS'),('Contact Us',1,'1206732392OZUV'),('Roles',1,'1206961854HENX'),('Views',1,'1206961854HENY'),('Install',1,'1211280056BEZM'),('Tools',1,'1211811516QTED'),('Themes',1,'1211811516QTEF'),('Test e-mail sent from {jtag:sitename}',1,'1219770757PKIY'),('hidden',1,'1206961869IGND'),('Translations',1,'1220793710GXYB'),('Check-in',1,'1227580613HBMI'),('nestedapplication',1,'1227580613HBMJ'),('Mail Editor',1,'1298958645SVCE'),('Visitor',1,'1211280059QYRF'),('Role',1,'1209142268NMKA'),('All Users',1,'1211280059QYRD'),('Administrator',1,'1206961998KTYJ'),('Customer',1,'1206961912MJPB'),('User Wizard',1,'1298350401HIBO'),('Trigger Before the Save of the User',1,'1298350401HIBP'),('Parent',1,'1206732412DAEM'),('Trigger Before the Delete of the User',1,'1298350401HIBS'),('Popup User\'s Role',1,'1298350401HIBT'),('Author',1,'1206732400OWZO'),('General Login',1,'1298350401HIBV'),('General Registration',1,'1298350401HIBW'),('Theme for the Users application.',1,'1298350401HIBY'),('You account information for {jtag:sitename}',1,'1298350401HIBZ'),('Retrieving List of Packages!',1,'1303104133RCSA'),('Replace with Local File',1,'1315400578NDYW'),('Continuing with install/update',1,'1307005747JWMB'),('Install Applications',1,'1307940274ANGO'),('Install Applications Level',1,'1307940274ANGP'),('Install Applications Info',1,'1307940274ANGQ'),('Install Applications Dependency',1,'1307940274ANGR'),('Widget installation completed!',1,'1308836335LUUQ'),('You already have jCenter installed on your website. In order to install any new application, please use jCenter Apps menu.',1,'1325800432KFAM'),('Joomla Plugins',1,'1298350305KUTU'),('Joomla 1.6 Extensions',1,'1298350306NYBQ'),('Please set the type as EXTERNAL FUNCTION and put a file name on the FILE field so that the your code will be saved',1,'1248774829SKPO'),('XML-RPC communication error $oneError',1,'1298350265OFHZ'),('Theme for the Images application.',1,'1298977644JZPD'),('Select a directory where you want your files to be saved.',1,'1315400579EWRT'),('Update Files',1,'1315400580NRPU'),('Delete Files',1,'1315400581JHWH'),('Please enter directory',1,'1315887069HOQD'),('Successfully Uploaded $count Files!',1,'1315887070LGQT'),('The file attached has been removed! Please Select another file.',1,'1315887071NUXM'),('<b>Current File</b>',1,'1315887071NUXN'),('No Current File!',1,'1315887071NUXP'),('There\'s a problem on saving the url.',1,'1315887072IZOO'),('Specific File',1,'1315887077SKLY'),('Replace with Server File',1,'1315887077SKLZ'),('Replace with',1,'1315887078RHZZ'),('Name: $NAME',1,'1315912757HDOB'),('Type: $TYPE',1,'1315912757HDOC'),('You cannot change the file path. Please select a replacement from Local or Server File',1,'1316669857KIWF'),('Successfully Uploaded File!',1,'1318337621NXST'),('URL already exist.',1,'1318337622EDNF'),('Successfully Saved URL!',1,'1318337622EDNG'),('File Successfully Updated ! ',1,'1318337622EDNH'),('Are you sure you want to delete this file',1,'1318342621FRSO'),('Create Downloadable Item',1,'1320746791HENI'),('Download not allowed',1,'1326149408DUCB'),('Uploaded',1,'1326149410NVBC'),('Do you want to keep the original file or transfer it completely to a new directory.<br>',1,'1327527998IGPC'),('<span style=\"font-weight: bold;\"></span>The tasks can be executed with a specific frequency ( for example every Day ) or at a specific date in the future.<br><br><span style=\"font-weight: bold;\">How does it work?</span><br>To launch those tasks, the scheduler needs to be triggered by something...<br><ul><li>Any visit on your website can trigger the system (so no visit means no task run!)<br>In that case you have to turn ON the option \"User Cron System\".<br><br></li><li><span style=\"font-weight: bold;\">OR</span> an <a target=\"_NEW\" title=\"\" href=\"http://www.joobi.co/index.php?option=com_jlinks&controller=redirect&link=trigger_jscheduler\">external system can trigger the scheduler</a> application by accessing the url :<br><br><br><div style=\"text-align: center;\">     <span style=\"font-weight: bold;\"></span><span style=\"font-weight: bold;\">{jtag:site}index.php?option=com_jcenter&controller=scheduler&task=process&tmpl=component</span><span style=\"font-style: italic;\"></span><br><span style=\"font-style: italic;\"></span></div><div style=\"text-align: center;\"><span style=\"font-style: italic;\">(you can copy/paste this url on your browser to see if the scheduler application get launched properly)</span><br></div><br>    <span style=\"font-weight: bold;\"></span><br>This second solution is recommended as the system will be launched at fixed dates and won\'t depend on your website traffic.<br>In that case you can turn OFF the option \"User Cron System\".<br></li></ul><br>',1,'1317904901PBLT'),('Define which page update technology you want to use.<br><span style=\"font-weight: bold;\">AJAX </span>- default and recommended.<span style=\"font-weight: bold;\"><span style=\"font-weight: bold;\"><br></span></span>',1,'1300434114HUML'),('This is <span style=\"font-weight: bold;\">Auto Save</span> time interval.<br>The time you want your form to be saved.<br>User per second. Default is <span style=\"color: rgb(102, 0, 0);\">30</span> sec.<span style=\"font-weight: bold;\"><br><span style=\"font-weight: bold;\"></span></span>',1,'1300434114HUMM'),('Auto Save  Time Interval',1,'1300844255DUTL'),('The plugin \'Cron Task\' has been automatically $ENABLED',1,'1303354916DPMU'),('New Version Available',1,'1303799214TGXX'),('Msg #',1,'1304258958RSVK'),('Tips',1,'1206732346KLSC'),('Upgrade Mootools',1,'1304526019ANXZ'),('This is to load mootools first before you load jquery.<br>',1,'1304526022JRUH'),('Render an Tag',1,'1304916603TJKB'),('Multilingual Content Site',1,'1306429442RXVJ'),('Developer Test Case',1,'1306926884BHVV'),('Load Mootools first',1,'1309406593PBSN'),('Click Yes not show the page title in the website front-end. No to remove it.<br>',1,'1309406599MYMN'),('<br><span style=\"font-style: italic; text-decoration: underline; font-weight: bold;\">About Update and Install:</span><br><ul><li>First click on <span style=\"font-weight: bold;\">Check</span> to get an updated list of all Applications available.</li><li>To install or update an application click on the <span style=\"font-weight: bold;\">Name</span> of the application you want to install.  You will be redirected to the main page of the application.</li><li>To change the grade of an application, click on the link in the <span style=\"font-weight: bold;\">Grades</span> column.</li></ul><span style=\"text-decoration: underline; font-style: italic; font-weight: bold;\">About License:</span><br><ul><li>If you have a token you can simply click on <span style=\"font-weight: bold;\">Enter token</span> and follow instruction.</li><li>You can use the button <span style=\"font-weight: bold;\">Refresh</span> to refresh all your licenses. It will re-actualize all your licenses.<br></li></ul>',1,'1309938462DIYV'),('Reinstall',1,'1310984711PXOI'),('Apps Reinstall',1,'1310984741ESTO'),('User State Memory',1,'1312946243NCTM'),('Specify what system should be use to remember the state of views when user navigate.<br><span style=\"color: rgb(0, 0, 204); text-decoration: underline;\">cookie:</span> enable the user to come back to they previous navigation even after session expire.<br><span style=\"color: rgb(0, 0, 204); text-decoration: underline;\">session</span>: potentially more secure, remember the views state only in the same session.<br>',1,'1312946249DMIW'),('Default Itemid',1,'1313469714PHCP'),('If the Itemid is not defined in the page, the specified value will be used.<br>Can be useful to avoid a link to render the front-end page modules.<span style=\"font-weight: bold;\"><br></span>',1,'1313469717FLPK'),('Show Wizard in Frontend',1,'1314355378KUGY'),('Yes will show the footer on the front-end of your website.  No will remove it.',1,'1314355381EEUK'),('Next Cron',1,'1315887118PXIR'),('Show the next valid cron task.<br>',1,'1315887122AMOM'),('jCenter',1,'1316671583HDND'),('Joomla - Joobi quickicons',1,'1316671593INDP'),('Documentation Site',1,'1317387080ATEF'),('The website providing documentation of the applications.<br>',1,'1317387083CYMJ'),('<span style=\"color: rgb(0, 102, 204);\">Test e-mail:</span> this button enables you to test the email settings.<br>An email will be sent to your email address based on the default server configuration.<br><br>Note: <span style=\"color: rgb(255, 0, 0);\">\"Site Footer\"</span> preference will only work in Plus and Pro Version.<br><br><br><span style=\"font-weight: bold; text-decoration: underline;\">Scheduler </span><br><br>The tasks can be executed with a specific frequency ( for example every Day ) or at a specific date in the future.<br><br><span style=\"font-weight: bold;\">How does it work?</span><br>To launch those scheduled tasks, the scheduler needs to be triggered by something...<br><ul><li>Any visit on your website can trigger the system (so no visit means no task run!)<br>In that case you have to turn ON the option \"User Cron System\".<br><br></li><li><span style=\"font-weight: bold;\">OR</span> an <a target=\"_blank\" title=\"\" href=\"http://www.joobi.co/index.php?option=com_jlinks&controller=redirect&link=trigger_jscheduler\">external system can trigger the scheduler</a> application by accessing the url :<br><br><div style=\"text-align: center;\"><span style=\"font-weight: bold;\">{jtag:site}index.php?option=com_jcenter&controller=scheduler&task=process&tmpl=component&password=</span><br><span style=\"font-style: italic;\"></span></div><div style=\"text-align: center;\"><span style=\"font-style: italic;\">(enter the password if you have set one. Copy/paste this url on your browser to see if the scheduler application get launched properly)</span><br></div><br>This second solution is recommended as the system will be launched at fixed dates and won\'t depend on your website traffic.<br>In that case you can turn OFF the option \"User Cron System\".</li></ul><br>',1,'1317904923AGGR'),('DB prefix',1,'1318938393NAXT'),('Apps Translations',1,'1319035319DBIP'),('Apps Translations Import',1,'1319072839DDDJ'),('List of translations',1,'1326997166FYVE'),('Translation Guidelines',1,'1326997166FYVF'),('This is a list of all possible translation in any installed language:<br><br>1. To find your translation first select the proper language in the pick-list.<br>2. Choose your application<br>3. Click on the \"Edit\" button to edit the translation.<br>4. In case you do not find the proper string look for it in the main library in jCenter or jApps.<br><br>',1,'1326997166FYVG'),('<span style=\"font-weight: bold; text-decoration: underline;\">Example of strings:</span><br><br>TR1242010181DZGB=Successfully Ordered $NUMBER $ELEMENT<br><br><span style=\"color: rgb(0, 51, 255);\">IMPORTANT</span>: <br>Make sure to respect the punctuation, cases and spacing as much as possible.<br>Sometimes you might see HTML tags or { tag: ... } in the definition, please leave it the way it is.<br><br><span style=\"color: rgb(0, 51, 255);\">VERY IMPORTANT: </span><br>Please do not touch the first string before the equal sign ( TR1242010181DZGB= ), it will result in translation not working. <br>The text to be translated is everything after the equal sign.<br><br><span style=\"color: rgb(0, 51, 255);\">VARIABLES</span>:<br>When you see a UPPER CASE string with a dollars sign in front ( $ELEMENT ), DO NOT translate, as it will be replaced by a variable or other string. However if you language require to reorder the works and the variable feel free to do so. The UPPER name of the of the variable give you an indication of what it will be replaced with.<br><br><span style=\"color: rgb(0, 51, 255);\">FINAL WORD</span><br>if you are looking for a string and dont find it, it might be in the main library so look for it into jCenter or jApps translation.<br><br>',1,'1326997166FYVH'),('Format',1,'1242282414LZMG'),('Extension',1,'1206732400OWXH'),('Error while getting the primary key of $name',1,'1243437921SXAP'),('Select the application you want to export<br>',1,'1243437923JGCO'),('extension-directtranslation',1,'1251084138JBMR'),('Click here to go back to the languages listing',1,'1260151166CSBW'),('Language installation completed',1,'1260151224KRNI'),('Looking for translations...',1,'1260151224KRNJ'),('install',1,'1260151225DTCK'),('Language install',1,'1260151225DTCL'),('translation_install',1,'1260151226HJVF'),('translation_installexec',1,'1260151226HJVG'),('The following model or table does not exist :$MODEL',1,'1299160210HQTQ'),('Specify if you want to export all strings or only non translated strings.<br>',1,'1299729381ESIJ'),('Engine Languages',1,'1300365988IROS'),('Import Failed. Wrong format of the import text.',1,'1302662638LHBZ'),('The Language you are trying to import is not available in Joobi Languages. Language Code: ',1,'1313753405ECNO'),('The file $FILE could not be copied because the file could not be located.',1,'1213020906DLVD'),('The file $FILE could not be moved because the file could not be located.',1,'1213020906DLVE'),('The destination file $FILE could not be overwritten.',1,'1213020906DLVF'),('The destination file $FILE already exists.',1,'1213020906DLVG'),('The folder $FOLDER could not be created.',1,'1213020906DLVH'),('Could not extract the archive $FILE to the folder $FOLDER',1,'1213107677BWTJ'),('The folder path provided is empty.',1,'1213107678KHAX'),('Example : {jtag:define name=SITENAME}',1,'1228709372EGCA'),('Email (Studio)',1,'1234467600DUZA'),('This listing allows you to manage any email sent by the system.',1,'1234467600DUZK'),('Manage all your emails',1,'1234467600DUZO'),('Email \"$SUBJECT\" sent to $RECIPIENT',1,'1236656823OLAQ'),('List of Users for a specified role',1,'1298350340NHYI'),('This email will be sent to those lists',1,'1249453427FZWT'),('List of tags that you can use in this email with the tag addon \"param\". <br>Please specify for each line : \"name of the param\"=\"description\".<br><br>Example : <br>orderid=The ID of your order<br>productname=Name of your product<br>Â <br>',1,'1271819081FWHR'),('Error Sending notification to administrators',1,'1299236985FLIB'),('This page allows you to preview your email as it will be sent and test it.<br />Enter your email address in the field <span style=\"font-weight: bold;\">Test e-mail </span>and click on the button <span style=\"font-weight: bold;\">Send Test</span> to send this e-mail.',1,'1300093318GOYC'),('Hello {jtag:name} welcome to {jtag:sitename},\r\n\r\nHere are your account information.  \r\n\r\nUsername: {jtag:param name=username}\r\nPassword: {jtag:param name=password}\r\nEmail: {jtag:param name=email}\r\n\r\nPlease make sure you keep those credentials in a secure and safe place. You will need them to login again on our website.\r\n\r\nWe highly recommend that next time you login you change the password.\r\n\r\nBest regards\r\n{jtag:sitename} team\r\n\r\n',1,'1298350401HICA'),('View Users',1,'1327092562CAGM'),('Yesterday',1,'1259308004LCOJ'),('No Data to be Exported',1,'1262788661GLZO'),('2 Years Ago',1,'1262788737JKMA'),('3 Years Ago',1,'1262788737JKMB'),('4 Years Ago',1,'1262788737JKMC'),('5 Years Ago',1,'1262788737JKMD'),('Cannot create rss. No data found.',1,'1263549766QJON'),('Current Image',1,'1298350386KTQN'),('Output Wizard',1,'1299055911PUVO'),('Output Auto check',1,'1299065715KKOP'),('$TEXT already exist!',1,'1299084287SIMJ'),('Theme for the Output application.',1,'1299148877GJUS'),('Rating is required!',1,'1303355093GUFG'),('Jomsocial Users',1,'1300121932OKCT'),('Field should be greater than or equal to  $SUP_VALUE!',1,'1307373851DVDT'),('Field should be less than or equal to  $INF_VALUE!',1,'1307373851DVDU'),('$TEXT does not exist!',1,'1308292311QGYK'),('Disapproved',1,'1310529911CSAV'),('Incl. Tax',1,'1315191208QKMR'),('Excl. Tax',1,'1315191208QKMS'),('Successfully Deleted File!',1,'1317297448JZYW'),('Are you sure you want to delete?',1,'1317297462SYCD'),('Captcha is Correct!',1,'1322125523RNIH'),('Check Captcha',1,'1322125538SPUI'),('Are you sure you want to proceed?',1,'1327354737PCAU'),('Attach Existing File',1,'1327712854HKDV'),('View Event',1,'1302252683IIWD'),('View Video',1,'1302252683IIWE'),('Uploaded by',1,'1315293909QOMX'),('users.language',1,'1299729469KOHO'),('users.info',1,'1300093380HDZQ'),('Joomla15 ACL',1,'1235573667TCDZ'),('Extra Roles',1,'1306382540KOEE'),('The member with the following id or username could not be found: $userId',1,'1318245517OUGS'),('We could not load the model for the language $code. Please synchronize your languages in the back end of jCenter.',1,'1318245518GDYQ'),('Library Table Constraints Items',1,'1298350410GSFI'),('Joomla Admin Theme ',1,'1327959044COWI'),(' Item',1,'1275618014RWUM'),('This feature is only available to the $LEVEL version.',1,'1298350414EEEY'),('Please upgrade to higher version to use this version.',1,'1298350414EEEZ'),('$NUMBER $ELEMENT Successfully Saved',1,'1298350415EJMQ'),('$ELEMENT Successfully Saved',1,'1298350415EJMR'),('$NUMBER $ELEMENT Successfully Updated',1,'1298350415EJMS'),('$ELEMENT Successfully Updated',1,'1298350415EJMT'),('$NUMBER $ELEMENT Successfully Ordered',1,'1298350415EJMU'),('$ELEMENT Successfully Ordered',1,'1298350415EJMV'),('$NUMBER $ELEMENT Successfully Created',1,'1298350415EJMW'),('$ELEMENT Successfully Created',1,'1298350415EJMX'),('$NUMBER $ELEMENT Successfully Saved Default',1,'1298350415EJMY'),('$ELEMENT Successfully Saved Default',1,'1298350415EJMZ'),('$NUMBER $ELEMENT Successfully Checked-in!',1,'1298350415EJNA'),('$ELEMENT Successfully Checked-in!',1,'1298350415EJNB'),('$NUMBER $ELEMENT Successfully Copied',1,'1298350415EJNC'),('$ELEMENT Successfully Copied',1,'1298350415EJND'),('$NUMBER $ELEMENT Successfully Checked',1,'1298350415EJNE'),('$ELEMENT Successfully Checked',1,'1298350415EJNF'),('Are you sure you want to $task?',1,'1298350417SMIL'),('Please make a selection from the list to proceed with \"$task\"!',1,'1298350417SMIM'),('Click here to view $type message.',1,'1298350422LHMG'),('You cannot delete a column which is core.',1,'1298350423SVOJ'),('The $FILENAME was not saved.',1,'1298350424IMTJ'),('Click here to view $MESSAGETYPE message.',1,'1299166217IYHU'),('You need to select an element to edit it.',1,'1301400596BMSM'),('$mess$variable$redirectInControllerW',1,'1302662930AGDU'),('$mess$variable$redirectInControllerN',1,'1302772746MCBG'),('$mess$variable$redirectInControllerE',1,'1302772746MCBH'),('$mess$variable$redirectInControllerS',1,'1303092374FJRX'),('Management of theme elements',1,'1208951159ARRF'),('The file does not exist: $FILEPATH',1,'1305518119BKOP'),('Disapprove',1,'1310522876DTCC'),('Custom PHP Views (PHP)',1,'1307005987LSGU'),('Stylesheets (CSS)',1,'1307005987LSGV'),('Javascripts (JS)',1,'1307005987LSGW'),('Destination file',1,'1307005987LSGX'),('Select FIle',1,'1307005987LSGY'),('Select what type of file that you are going to create.<br>',1,'1307005988CSSM'),('Enter the name of the file that you want to create.<br>',1,'1307005988CSSN'),('Enter the destination filename for the copy.<br>',1,'1307005988CSSO'),('Select what type of file that you are going to upload. The file will be uploaded in the folder that corresponds to the type of file.<br>',1,'1307005988CSSP'),('Please enter another filename. <br /> You must not use the name index.',1,'1307012876GLGV'),('An occured while uploading the file.<br /> Please try to uplaod again',1,'1307012876GLGW'),('You have selected more than one theme to clone. Only the first theme will be cloned.',1,'1309502072SWIE'),('The file, $FILENAME, cannot be previewed because it is too big ( 1Mb max )',1,'1316671955LOQA'),('If the theme is core you cannot edit the files. If you wish to edit the theme simply make a clone and edit the files of the clone.<br /> The cloned theme will be automatically marked as default. Click Clone button to create a clone of this theme.',1,'1329173545MEGR'),('Clone of $FOLDER theme',1,'1329173546QVQL'),('Theme for the Events application.',1,'1298350443MPIR'),('Save a new CMS Menu',1,'1298546835PCUJ'),('Applications',1,'1206732392OZUN'),('Scheduled Tasks',1,'1298888291HSWK'),('Delete',1,'1206732372QTKL'),('scheduler to launch automatically the process task for the mailboxes to handle the messages automatically.',1,'1241989373RZJP'),('Handle Messages',1,'1241989374PAXK'),('New',1,'1206732361LXFD'),('Edit',1,'1206732361LXFE'),('This scheduler extension is to automatically remove the messages stored in the Trash Box depending on the specified date.',1,'1260253904QSSO'),('Empty Trash Box',1,'1260253904QSSP'),('Checkbox',1,'1212516267RPGN'),('Connect',1,'1218203992KUZO'),('Parameters',1,'1219769904NDJH'),('<br><br>',1,'1220793699CLWU'),('The user $EMAIL has been subscribed to the list $LISTNAME',1,'1241989757SUSF'),('Mailboxes',1,'1241989377TGES'),('Actions',1,'1217251965LDTZ'),('No',1,'1206732372QTKJ'),('Message \"$SUBJECT\" successfully deleted',1,'1241989376CCKD'),('Successfully connected to \"$NAME\"',1,'1241989376CCKF'),('There are $NBMSG messages in the mailbox \"$NAME\"',1,'1241989376CCKG'),('Can not connect to the mailbox \"$NAME\"',1,'1241989377TGDH'),('The message \"$SUBJECT\" has been identified as a bounced back from the e-mail address $ADDRESS',1,'1241989377TGDI'),('The message \"$SUBJECT\" has been identified as a bounced back but no e-mail address could be found',1,'1241989377TGDJ'),('The message \"$SUBJECT\" has not been identified',1,'1241989377TGDK'),('Mailbox',1,'1241989377TGDL'),('Name of the account, this name is not used to connect to the mailbox but enables you to sort your mailbox properly<br><br>',1,'1241989377TGDM'),('Description of your mailbox<br><br>',1,'1241989377TGDN'),('Address of the server you connect to.<br>Example : imap.gmail.com<br><br>',1,'1241989377TGDO'),('Username used to connect to the mailbox.<br>Example : myname@gmail.com<br><br>',1,'1241989377TGDP'),('Password used to connect to the mailbox<br><br>',1,'1241989377TGDQ'),('Port used to connect to the server<br><br>',1,'1241989377TGDR'),('Does the account requires a secure connection?<br>',1,'1241989377TGDS'),('Select the system of connection you want to use<br>',1,'1241989377TGDT'),('Should the system forward the message (store in Inbox) to another e-mail address?<br><br>If so, please specify the e-mail address in this field.<br>If you leave this field empty, the system won\'t forward the e-mail.<br><br>',1,'1241989377TGDW'),('The system can save the message so you can easily see it if necessary.<br><br>',1,'1241989377TGDX'),('Regex used to identify a bounce back e-mail.<br>This regex is executed on the subject and the sender of the received message.<br>Please do not modify this value if you don\'t know how works regex and bounce back messages!<br>',1,'1241989377TGDY'),('Set the time (in seconds) the system will try to connect to your mailbox.<br>If you enter the value 0, the default time out of your php configuration will be applied.<br><br>',1,'1241989377TGDZ'),('Subject of the received message<br><br>',1,'1241989377TGEA'),('Content of the message<br>',1,'1241989377TGEB'),('Header informations<br><br>',1,'1241989377TGEC'),('Maximum number of messages the system will handle per mailbox.<br>If you set this preference to 0, the system will not handle any messages in each mailbox. Please provide a value other than 0 by default this is set to 50.<br><br>',1,'1241989377TGED'),('Automatically delete the statistics if the latest received date is older than X days.<br>If you enter 0, the statistics will never be deleted automatically.<br>',1,'1241989377TGEE'),('Automatically delete messages if the message has been handled more than X days in the past.<br>If you enter 0, the system won\'t delete automatically the messages.<br><br>',1,'1241989377TGEF'),('Server',1,'1241989377TGEG'),('Port',1,'1241989377TGEH'),('Secure Method',1,'1241989377TGEI'),('Connection Method',1,'1241989377TGEJ'),('Forward',1,'1241989377TGEK'),('Save the message',1,'1241989377TGEL'),('Bounce Regex',1,'1241989377TGEM'),('Open time out',1,'1241989377TGEN'),('Maximum number of messages',1,'1241989377TGEO'),('Auto Delete Stats',1,'1241989377TGEP'),('Auto Delete Messages',1,'1241989377TGEQ'),('Reports',1,'1206961854HENW'),('Date',1,'1206961850KLRI'),('This screen enables you to create or modify a mail account so the system can connect to it and handle the messages.<br><br><ul><li>If you click on the button \"Connect\", the system will save your configuration and try to connect to your mailbox so that you can easily test the connection.<br></li></ul>',1,'1241989377TGEV'),('This view shows you a list of messages which have been processed and stored into this box.<br><ul><li>You can click on the subject of the message to see the entire message in a popup.</li></ul>',1,'1241989377TGEW'),('This view enables you to configure the global preferences used by the system and by all plugins.<br><br>You will find more detailed preferences for each plugin and for each mailbox.<br>',1,'1241989377TGEX'),('Process stopped because of a time limitation',1,'1242580111TAIO'),('ERROR : Could not connect to the mailbox $MAILBOX_NAME',1,'1242580111TAIP'),('Successfully connected to the mailbox $MAILBOX_NAME',1,'1242580111TAIQ'),('Could not delete the message \"$SUBJECT\"',1,'1242580111TAIR'),('Message $SUBJECT forwarded to $EMAIL_ADDRESS',1,'1242580111TAIS'),('Could not forward the message $SUBJECT to $EMAIL_ADDRESS',1,'1242580111TAIT'),('Message \"$SUBJECT\" saved in the database',1,'1242580111TAIU'),('When a message is parsed to detect which e-mail address it comes from (this e-mail address is always in the content of the message), the system may identify an e-mail address which is not the right one.<br>To avoid this problem, you can specify in this field a list of e-mail address which should not be identified by the system.<br>Each e-mail address should be separated by the character |.<br><br><span style=\"text-decoration: underline;\">Example</span> : If you don\'t want the system to identify any email address which comes from the domain mywebsite.com, you can simply write in this field @mywebsite.com<br><br>',1,'1242580112DTJX'),('Email detector',1,'1242580112DTJY'),('This view enables you to create, modify and test the connection to one or several mail accounts.<br><br>To configure the system properly, you have to:<br><ol><li>Click on the button \"New\" to configure the connection to your Mailbox.</li><li>Test the connection via the button \"Connect\".</li><li>If the Connection succeed, you can select your Mailbox and click on the button \"Process\" to handle the messages and trigger the assigned widgets.</li></ol><ul><li>If you select a mail account and click on the button \"Connect\", the system will try to connect to the mail account so that you can test the connection.<br></li><li>The button \"Process\" will enable to system to connect to the selected mailbox and handle the messages.</li><li>This process can be done automatically with a scheduler but only on published Mailboxes.<br></li><li>If you delete a Mailbox, the messages received for this mailbox will be also deleted.<br></li></ul>',1,'1242580112DTJZ'),('If you select \"Yes\", the system won\'t require the validation of certificates from TLS/SSL server.<br>This option is needed if            your server uses self-signed certificates.<br><br>',1,'1244722787NNCA'),('Self-signed Certificates',1,'1244722788BFSH'),('Sent',1,'1249453427FZXK'),('Enter words to be added into the dictionary for filtering purposes.<br>',1,'1251697924MLJL'),('Specify where the words will be search in the message.<br>',1,'1251697924MLJM'),('Entry',1,'1251697924MLJO'),('Words',1,'1251697924MLJP'),('SearchIn',1,'1251697924MLJQ'),('Entry number',1,'1251697924MLJR'),('Words to be search.',1,'1251697924MLJS'),('Where to search the words either in the body, subject of the message or both.',1,'1251697924MLJT'),('Type of the message',1,'1251697924MLJU'),('To determine if the entry is predefined or not.',1,'1251697924MLJV'),('The date the entry is added.',1,'1251697924MLJW'),('If the Entry is publish or not.',1,'1251697924MLJX'),('ID of the entry',1,'1251697924MLJY'),('Create or add entry to the dictionary.<br>',1,'1251697925DNIJ'),('Used for forwarding of messages to a certain email account.<br>',1,'1251697925DNIK'),('Delete Forever',1,'1251697925DNIL'),('Subject',1,'1206732400OXCG'),('Dictionary Entry',1,'1251697925DNIN'),('This view shows you a list of messages which have been received in your mailboxes.<br>You can configure each mailbox so that the system will keep the messages in the database or not.<br><br>The Sender displayed on this view is not always the real sender of the message and will be the identified e-mail address for bounced back e-mails so that you can easily search for messages which bounced from a certain e-mail address.<br><br><ul><li>You can click on the subject of the message to see the entire message in a popup.</li></ul>',1,'1251697925DNIO'),('This view shows you a list of messages which have been sent.<br><ul><li>You can click on the subject of the message to see the entire message in a popup.</li></ul>',1,'1251697925DNIQ'),('Controller for Bounceback Dictionary.<br>',1,'1251697926LPNG'),('Controller for Trash Menu.<br>',1,'1251697926LPNI'),('Controller for adding enty in the dictionary.<br><br>',1,'1251697926LPNJ'),('mailbox-dictionary',1,'1251697926LPNL'),('mailbox-sent',1,'1251697926LPNM'),('mailbox-trash',1,'1251697926LPNN'),('mailbox-archive',1,'1251697926LPNO'),('There is no available filter for this message \"$SUBJECT\"',1,'1253279327NERW'),('The message \"$SUBJECT\" has not been filtered',1,'1253279327NERX'),('Tips/Guidelines',1,'1253693139FSTT'),('There is still $NUMBEROFMESSAGE to retrieved',1,'1254227304QDMN'),('rule',1,'1254227305KKYZ'),('rule.condition',1,'1254227305KKZB'),('Search In',1,'1254227306FJFO'),('Upon processing the mailbox, should the system delete the message or email from your external mailbox?<br><br>If you select \"No\", the e-mails will stay in the external mailbox until you manually delete it.<br><br>If you select \"Yes\" the emails will be automatically removed from your external mailbox.<br><br>This option should be turn \"ON\" inorder not to retrieve the same messages everytime and to retrieve the next batch of messages from your external mailbox specially when you have messages more than the preference you specify.<br>',1,'1256863992BRRE'),('Delete Emails',1,'1256863993QDJG'),('Trash Box Frequency',1,'1256863993QDJH'),('Ordering of Entries',1,'1256863993QDJI'),('If the entry is to be used for the filtering of the message we need to Publish the entry.<br>',1,'1257414617RUXN'),('If the entry is to be exported set this option to yes.<br>',1,'1257414617RUXO'),('You need to put value in the Maximum number of messages from the Mailbox Preferences other than 0',1,'1258010751GXJB'),('Message \"$SUBJECT\" successfully deleted from external mailbox',1,'1260253909PGZS'),('Automatically delete messages from Trash Box according to X days you specify here. <br><br>The frequency is based on Days.<br>If you enter 0, the system won\'t delete automatically the messages.<br>',1,'1260253911PVFX'),('This view shows you a list of messages which have been filtered directly from inbox and stored into this box.<br><ul><li>You can click on the subject of the message to see the entire message in a popup.</li></ul>',1,'1260253912CIOM'),('No. Of Bounced Messages',1,'1263527488PFLQ'),('Mailbox Name',1,'1263527488PFLR'),('No. Of Messages',1,'1263527488PFLS'),('E-mail',1,'1206732400OWZM'),('Preferences',1,'1206732392OZUQ'),('The system won\'tÂ automatically handle the messages for a non published mailbox.<br><br>',1,'1275727303LWPR'),('If the received message has not been deleted by any plugin, should the system delete the message?<br>If you select \"No\", the e-mail will stay in the mailbox until you manually delete it.<br>This option should be turned OFFÂ  and you should rather use the \"forward\" or the \"save message\" capability.<br>',1,'1275727303LWPS'),('Select the type of message where these words belong.<br><br>Note:Â  <br>You can\'t select All Types because there\'s no available filter for All Types of Message. This is only use for default value purposes.<br>',1,'1275727303LWPT'),('<br>This view shows you the entries of words which can be found in the subject, body and in both parts of the message for filtering process.<br><br>You can add entries for your own filters depending on what type of message they belong.<br><ul><li>The core column tells you that the entry can be exported.<br><br></li><li>If you want to delete the given entries you may have to uncore them first.<br><br></li></ul><br>',1,'1275727304KGSY'),('This report shows how many Bounced Messages. By default, <span style=\"font-weight: bold;\">the report is generated by interval of Weekly of This Month range.</span><br><ul><li>To <span style=\"font-weight: bold;\">change the date range of the generated report</span>, select the range in the drop down list then it will automatically generated the report.</li><li>To <span style=\"font-weight: bold;\">generate a report on a specific date</span>, select the start and end date in the specified date group, then click generate button.</li><li>Report Type radio list is to change the view of report whether to display data in Graph or Data Listing.</li></ul><span style=\"color: rgb(0, 51, 255);\">*NOTE:</span><br><ul><li><span style=\"font-weight: bold;\">Click Refresh Button</span>, if you change the intervals to reload the page.</li><li>The <span style=\"font-weight: bold;\">Reference Time is the Time Zone in the Local Settings of your Joomla Website Configuration.</span></li><li>For the Line Graph, the big graph is the relative data values of all data.</li></ul>',1,'1275727304KGSZ'),('This report shows how many Messages bounced on each Mailbox. By default, <span style=\"font-weight: bold;\">the report is generated by interval of Weekly of This Month range.</span><br><ul><li>To <span style=\"font-weight: bold;\">change the date range of the generated report</span>, select the range in the drop down list then it will automatically generated the report.</li><li>To <span style=\"font-weight: bold;\">generate a report on a specific date</span>, select the start and end date in the specified date group, then click generate button.</li><li>Report Type radio list is to change the view of report whether to display data in Graph or Data Listing.</li></ul><span style=\"color: rgb(0, 51, 255);\">*NOTE:</span><br><ul><li><span style=\"font-weight: bold;\">Click Refresh Button</span>, if you change the intervals to reload the page.</li><li>The <span style=\"font-weight: bold;\">Reference Time is the Time Zone in the Local Settings of your Joomla Website Configuration.</span></li></ul>',1,'1275727304KGTA'),('Yes',1,'1206732372QTKI'),('You need to upgrade to the Commercial version to handle the messages',1,'1241989376CCKC'),('The statistics have been deleted',1,'1241989381TANT'),('Email Action',1,'1241989381TANU'),('E-mail Plugin',1,'1241989381TANV'),('First date',1,'1241989381TANW'),('Inbox',1,'1206732411EGRQ'),('Purge',1,'1241989381TANY'),('The following assigned widgets to the mailbox will be executed when the system handle the messages.<br>Even if a widget does delete the message (because the widget could handle it), the other widgets will be triggered.<br><ul><li>You can assign widget(s) to the mailbox by just clicking on the No link.</li><li>You can remove the assignment of widget(s) to the mailbox if you click on the Yes link.</li><li>Make sure you properly ordered the assigned widgets to the mailbox so that the messages will be handled properly.<br></li></ul>',1,'1241989381TAOF'),('This view displays the statistics for the messages identified by the system (which are not the messages the system received but really the messages which have been recognized as a certain type and handled by the system).<br><br>For each identified e-mail address and for each type of message, you can see when the first message has been handled, the latest time a message has been received and how many messages the system handled.<br><br><ul><li>The button \"Purge\" enables you to delete all statistics from your database.</li></ul>',1,'1241989381TAOH'),('Messages statistics',1,'1241989381TAOJ'),('You can not use this plugin if Acajoom is not installed on your website',1,'1242580115NHFS'),('The non delivered messages from Acajoom Newsletters will bounce to $ADDRESS',1,'1242580115NHFT'),('Mailbox Widgets',1,'1251697930IGYM'),('Assigned Widgets',1,'1251697930IGYN'),('This view enables you to see and configure any widget triggered by the system.<br><ul><li>You can affect each widget to one or several mailbox accounts so that when a message is handled, each assigned widget will be triggered.</li><li>Some of those widgets can be configured to meet your needs.</li><li>You can click on the little preferences icon to do so.<br></li><li>The system is able to connect to a mailbox and handle the messages so if you have other ideas for widgets, don\'t hesitate to submit them to the Joobi team, they will be happy to develop them!</li></ul><span style=\"color: rgb(0, 0, 153); font-weight: bold;\"> </span><span style=\"color: rgb(0, 0, 153); text-decoration: underline; font-weight: bold;\">Hint</span><span style=\"font-weight: bold; text-decoration: underline;\">:</span> Use the preferences icon to edit the widget\'s preferences. <br>',1,'1275727319CCUI'),('Wizard',1,'1206732391QBUR'),('Archive',1,'1206732375LZCH'),('Autoreply Message forwarded to $sender',1,'1254392738GVKF'),('Could not forward the Autoreply to $sender',1,'1254392738GVKG'),('There are no available messages to be filtered.',1,'1254392738GVKH'),('You can not use this plugin if jBounceback Dictionary is not avaialble. Please contact the support',1,'1327442997GDYF'),('You can not use this plugin because jBounceback Dictionary is empty. Please contact the support',1,'1327442997GDYG'),('You need to turn on the preference Tickets by email!',1,'1325527934LWRY'),('jNews Followup',1,'1267609142DWCH'),('jNews Statistics Global',1,'1267609143EMZE'),('jNews Statistics Details',1,'1267609143EMZF'),('jNews Config',1,'1267609143EMZG'),('jNews Templates',1,'1267609143EMZH'),('jNews Queue',1,'1267609143EMZI'),('jNews Mailings',1,'1267609143EMZJ'),('jNews Listmailings',1,'1267609143EMZK'),('jNews Lists',1,'1267609143EMZL'),('jNews Listssubscribers',1,'1267609143EMZM'),('jNews Subscribers',1,'1267609143EMZN'),('Do you want the system to delete the Acajoom Subscriber ?<br>If you select \"No\", the user will always stay in Acajoom.<br>If you select \"Yes\", the user will be deleted from Acajoom so he will be also unsubscribed from all your lists.<br>',1,'1241989760RVBE'),('Do you want the system to unsubscribe the user from all Acajoom lists?<br>',1,'1241989760RVBF'),('Specify if you want the system to unconfirm the subscriber.<br>Acajoom won\'t send e-mails to an unconfirmed subscriber.<br>',1,'1241989760RVBG'),('Specify the minimum number of bounced back e-mails the system should receive before executing the following actions.<br>If you specify 0, the subscriber will never be deleted, unsubscribed or unconfirmed.<br>',1,'1241989760RVBH'),('Once the system identified the message as a bounced back, should the system delete the message?<br>If you don\'t delete the message, the system may handle it twice so this option should be turn OFF only on debug mode.<br>',1,'1241989760RVBI'),('You can subscribe the user to one Newsletter list<br><br>',1,'1241989760RVBJ'),('Specify the minimum delay (in days) between the first received bounced back message and the latest received bounced back message.<br><br><span style=\"text-decoration: underline;\">Example</span> : if you specify 3 (which means 3 days), the system will only execute the following actions if there are minimum X bounced back messages received and the elapsed time between the first received bounced back and the latest one is minimum 3 days.<br><br>',1,'1241989760RVBK'),('Delete the subscriber',1,'1241989760RVBL'),('Unsubscribe the user',1,'1241989760RVBM'),('Unconfirm the subscriber',1,'1241989760RVBN'),('Delete message',1,'1241989760RVBP'),('Subscribe the user',1,'1241989760RVBQ'),('Minimum Delay',1,'1241989760RVBR'),('Conditions',1,'1241989760RVBS'),('This plugin enables you to handle the bounced back messages for jNews so that your list of subscribers keeps only real subscribers.<br><br>Oncethe system will receive X bounced back messages for the same subscriberand the delay between the first received message and the latest one isminimum Y days, this subscriber can be automatically : <br><ul><li>Unsubscribed from all your lists</li><li>Subscribed to an other Newsletter list</li><li>Unconfirmed</li><li>Black listed<br></li><li>Deleted</li></ul>',1,'1241989760RVBU'),('Done',1,'1242282449PIPC'),('If you select Yes, the user will be blacklisted.<br>Acajoom does not send any e-mail to a blacklisted user.<br><br>',1,'1242580122OOGT'),('Number of Bounces',1,'1242580122OOGU'),('Blacklist the subscriber',1,'1242580122OOGV'),('There is no minimum number of Bounce Messages specified for the jNews Plugin',1,'1267609148IZFQ'),('The e-mail $EMAIL will be handled by the jNews Plugin if it bounces again after $NUMBER days',1,'1267609148IZFR'),('There is no action to execute for the jNews Plugin',1,'1267609148IZFS'),('No jNews user has been found for the email $EMAIL',1,'1267609148IZFT'),('The user $EMAIL has been unconfirmed from jNews',1,'1267609148IZFV'),('The user $EMAIL has been black listed in jNews',1,'1267609148IZFW'),('The user $EMAIL has been deleted from jNews',1,'1267609148IZFX'),('You can not use this plugin if jNews is not installed on your website',1,'1267609148IZFY'),('The non delivered messages from jNews Newsletters will bounce to $ADDRESS',1,'1267609148IZFZ'),('jNews Bounce Preferences',1,'1267609148IZGA'),('The e-mail $EMAIL still needs to bounce $NUMBER times to be handled by the jNews Plugin',1,'1276154049LHTR'),('The user $EMAIL has been unsubscribed from jNews.',1,'1298388578RGBW'),('Start',1,'1206732366OVMC'),('Forum',1,'1213200727TEHS'),('Current Server Time',1,'1256627132RZYP'),('Set Interval',1,'1256627132RZYQ'),('Generate Report',1,'1256627132RZYR'),('Date Range',1,'1256627133IVDA'),('Report Header',1,'1256627134RCAS'),('Predefined Date',1,'1256875165AXAH'),('Specified Date',1,'1256875165AXAI'),('Report Type',1,'1260156216DOTJ'),('Trash',1,'1206732375LZCI'),('Theme for the Reports application.',1,'1310465028DYYJ'),('Latest Message Handled',1,'1241989381TAOD'),('Listing Messages',1,'1241989384RFLH'),('Listing Handled',1,'1241989384RFLI'),('jBounceBack main menu',1,'1241989384RFLK'),('jBounceBack',1,'1241989384RFLL'),('Message forwarded : {jtag:param name=subject}',1,'1241989384RFLO'),('<p>{jtag:param name=body}</p>',1,'1242580125ICDD'),('Dictionary',1,'1251697925DNIM'),('Inbox for jBounceback messages<br>',1,'1251697943HSQW'),('{jtag:param name=subject}',1,'1256864018SFGK'),('Bounce Messages Report',1,'1263527489DDRU'),('Mailboxes Report',1,'1263527489DDRV'),('Column1',1,'1298294170PECO'),('Column2',1,'1298294170PECR'),('Theme for the Jbounceback application.',1,'1298388581HGKK'),('Jbounceback',1,'1298388581HGKL'),('Hello {jtag:name} ,<br><br>This is an autoreply message to confirm our account in your website.<br><br>{jtag:sitename} Team<br><br>Powered by <a href=\"http://www.joobi.co/\" target=\"_blank\">Joobi</a><br>',1,'1298388581HGKM'),('',1,'1304525968YBL'),('Bounce Emails Report',1,'1307526847SFJZ'),('Bounces',1,'1307526867CTKU');

--
-- Table structure for table `jos_translation_populate`
--

CREATE TABLE `jos_translation_populate` (
  `dbcid` int(10) unsigned NOT NULL,
  `eid` int(10) unsigned NOT NULL,
  `imac` varchar(50) NOT NULL,
  `wid` mediumint(8) unsigned NOT NULL DEFAULT '0',
  PRIMARY KEY (`dbcid`,`eid`),
  KEY `IK_translation_populate_wid` (`wid`)
) ENGINE=MyISAM DEFAULT CHARSET=utf8;

--
-- Dumping data for table `jos_translation_populate`
--

INSERT INTO `jos_translation_populate` VALUES (1,1,'1212510541LVCO',48),(1,9,'1212510541LVCO',48),(1,7,'1212510541LVCP',48),(1,2,'1212510541LVCQ',48),(1,8,'1298350313CJWK',48),(1,3,'1298350313CJWL',48),(1,4,'1213093169PGHQ',48),(1,5,'1212510541LVCU',48),(1,6,'1212510541LVCV',48),(1,10,'1298350313CJWM',48),(1,11,'1298350313CJWN',48),(1,12,'1298520787FNQP',48),(1,13,'1298958645SVBQ',48),(1,14,'1298958645SVBR',48),(1,15,'1298958645SVBS',48),(1,16,'1298958645SVBT',48),(1,17,'1298958645SVBU',48),(1,18,'1298958645SVBP',48),(1,19,'1298958645SVBO',48),(1,20,'1298520787FNQQ',48),(1,21,'1298958645SVBW',48),(1,22,'1298958645SVBV',48),(1,23,'1298958645SVBX',48),(1,24,'1298958645SVBY',48),(1,25,'1298958645SVBZ',48),(1,26,'1298958645SVCA',48),(1,27,'1298958645SVCB',48),(1,28,'1298958645SVCC',48),(1,29,'1300366052PZRW',48),(1,30,'1300773988BYXD',48),(2,1,'1211280059QYRD',48),(2,9,'1211280059QYRF',48),(2,7,'1206732411EGSE',48),(2,2,'1206732400OWZO',48),(2,8,'1211280059QYRJ',48),(2,3,'1211280059QYRL',48),(2,4,'1211280059QYRN',48),(2,5,'1206961998KTYJ',48),(2,6,'1211280059QYRQ',48),(2,10,'1206961912MJPB',48),(2,11,'1298350313CJWO',48),(2,12,'1221228435BYUA',48),(2,13,'1240888717QTMV',48),(2,14,'1298958645SVCF',48),(2,15,'1298958645SVCG',48),(2,16,'1298958645SVCH',48),(2,17,'1298958645SVCI',48),(2,18,'1298958645SVCE',48),(2,19,'1298958645SVCD',48),(2,20,'1298350804GFLD',48),(2,21,'1298958645SVCK',48),(2,22,'1298958645SVCJ',48),(2,23,'1298958645SVCL',48),(2,24,'1298958645SVCM',48),(2,25,'1298958645SVCN',48),(2,26,'1298958645SVCO',48),(2,27,'1298958645SVCP',48),(2,28,'1298958645SVCQ',48),(2,29,'1300366053JXYR',48),(2,30,'1300773989BZML',48),(1,0,'',48),(2,0,'',48),(92,1,'1206732392OZUQ',77),(92,2,'1206732405TIXE',77),(92,3,'1206961922ESPA',1),(92,4,'1209142268NMKA',48),(92,5,'1304525968YBL',48),(92,6,'1307940274ANGO',1),(92,7,'1307940274ANGP',1),(92,8,'1307940274ANGQ',1),(92,9,'1307940274ANGR',1),(93,1,'1304525968YBL',1),(94,1,'1304525968YBL',1),(92,10,'1298350305KUTU',75),(92,11,'1298350305KUTV',75),(92,12,'1235461972DIWB',74),(92,13,'1298350306NYBQ',74),(92,14,'1298350306NYBR',74),(142,0,'',77),(141,0,'',77),(151,0,'',77),(92,15,'1206732388KEHY',4),(92,16,'1219769913SSOJ',4),(92,17,'1206732388KEHY',4),(92,18,'1206961878BMAO',4),(92,19,'1206961936HCWM',11),(178,1,'1298977644JZPD',11),(179,1,'1208951159ARRC',11),(92,20,'1212761192MUSM',14),(180,8,'1211811583DBTA',14),(180,12,'1206961877KAKC',14),(180,14,'1206961870KLAD',14),(180,13,'1206961870KLAF',14),(180,16,'1206732400OWXG',14),(180,7,'1206961936HCWM',14),(180,1,'1206961870KLBA',14),(180,6,'1206732372QTKL',14),(180,5,'1206732361LXFE',14),(180,4,'1206961936HCWM',14),(180,17,'1206961869IGND',14),(180,2,'1211811583DBTA',14),(180,9,'1217603899SJDE',14),(180,21,'1206732400OWZO',14),(180,3,'1206961850KLRI',14),(180,15,'1326149410NVBC',14),(180,20,'1206961869IGND',14),(180,19,'1206961869IGND',14),(180,22,'1221228435BYUA',14),(180,11,'1206961905BHAV',14),(180,10,'1209034856HUVS',14),(180,18,'1206961869IGND',14),(181,8,'1304525968YBL',14),(181,12,'1304525968YBL',14),(181,14,'1304525968YBL',14),(181,13,'1304525968YBL',14),(181,16,'1304525968YBL',14),(181,7,'1304525968YBL',14),(181,1,'1304525968YBL',14),(181,6,'1304525968YBL',14),(181,5,'1304525968YBL',14),(181,4,'1304525968YBL',14),(181,17,'1304525968YBL',14),(181,2,'1304525968YBL',14),(181,9,'1304525968YBL',14),(181,21,'1304525968YBL',14),(181,3,'1304525968YBL',14),(181,15,'1304525968YBL',14),(181,20,'1304525968YBL',14),(181,19,'1304525968YBL',14),(181,22,'1304525968YBL',14),(181,11,'1304525968YBL',14),(181,10,'1304525968YBL',14),(181,18,'1304525968YBL',14),(182,1,'1207155379JNIN',14),(182,3,'1206732372QTKL',14),(182,2,'1206732399EINF',14),(183,1,'1304525968YBL',14),(183,3,'1304525968YBL',14),(183,2,'1304525968YBL',14),(184,1,'1315400578NDYV',14),(184,2,'1314355325PYRN',14),(184,3,'1314355325PYRO',14),(184,11,'1314355326PUMM',14),(184,12,'1314355326PUMN',14),(184,17,'1306927257COUB',14),(184,10,'1206732392OZVB',14),(184,16,'1314355326PUMO',14),(184,18,'1242282432ARKW',14),(184,15,'1206732392OZVB',14),(184,22,'1314355326PUMP',14),(184,14,'1207155379JNIN',14),(184,19,'1315887077SKLY',14),(184,13,'1320746791HENI',14),(184,21,'1314355326PUMN',14),(184,23,'1206732392OZVB',14),(184,4,'1315400578NDYW',14),(184,5,'1315400578NDYX',14),(184,26,'1314355326PUMM',14),(184,27,'1315400578NDYY',14),(184,25,'1314355326PUMN',14),(184,31,'1315400578NDYZ',14),(184,24,'1206732421RJQA',14),(184,6,'1315887077SKLZ',14),(184,29,'1217603899SJDE',14),(184,28,'1242282432ARKW',14),(184,30,'1314962330KFZR',14),(184,7,'1206732375LZCF',14),(184,8,'1315887078RHZZ',14),(184,9,'1315400578NDYZ',14),(184,20,'1314962330KFZR',14),(185,1,'1304525968YBL',14),(185,2,'1304525968YBL',14),(185,3,'1304525968YBL',14),(185,11,'1315400579EWRL',14),(185,12,'1315400579EWRM',14),(185,17,'1304525968YBL',14),(185,10,'1315400579EWRN',14),(185,16,'1315400579EWRO',14),(185,18,'1315400579EWRP',14),(185,15,'1315400579EWRQ',14),(185,22,'1304525968YBL',14),(185,14,'1304525968YBL',14),(185,19,'1315400579EWRR',14),(185,13,'1315400579EWRS',14),(185,21,'1315400579EWRT',14),(185,23,'1304525968YBL',14),(185,4,'1304525968YBL',14),(185,5,'1304525968YBL',14),(185,26,'1304525968YBL',14),(185,27,'1304525968YBL',14),(185,25,'1304525968YBL',14),(185,31,'1304525968YBL',14),(185,24,'1304525968YBL',14),(185,6,'1304525968YBL',14),(185,29,'1304525968YBL',14),(185,28,'1304525968YBL',14),(185,30,'1304525968YBL',14),(185,7,'1304525968YBL',14),(185,8,'1304525968YBL',14),(185,9,'1304525968YBL',14),(185,20,'1327527998IGPC',14),(186,1,'1212761192MUSM',14),(186,2,'1242282433QLYX',14),(186,3,'1315400580NRPU',14),(187,1,'1304525968YBL',14),(187,2,'1304525968YBL',14),(187,3,'1304525968YBL',14),(188,1,'1304525968YBL',14),(188,2,'1304525968YBL',14),(188,3,'1304525968YBL',14),(93,3,'1314355327FEHU',14),(93,4,'1304525968YBL',14),(93,5,'1304525968YBL',14),(93,6,'1304525968YBL',14),(93,7,'1304525968YBL',14),(93,8,'1315400581JHWH',14),(93,9,'1315400580NRPU',14),(93,10,'1304525968YBL',14),(93,11,'1304525968YBL',14),(93,12,'1304525968YBL',14),(93,13,'1304525968YBL',14),(93,14,'1304525968YBL',14),(93,15,'1304525968YBL',14),(93,16,'1304525968YBL',14),(93,17,'1304525968YBL',14),(93,18,'1304525968YBL',14),(93,19,'1304525968YBL',14),(93,2,'1304525968YBL',14),(94,3,'1304525968YBL',14),(94,4,'1304525968YBL',14),(94,5,'1304525968YBL',14),(94,6,'1304525968YBL',14),(94,7,'1304525968YBL',14),(94,8,'1304525968YBL',14),(94,9,'1304525968YBL',14),(94,10,'1304525968YBL',14),(94,11,'1304525968YBL',14),(94,12,'1304525968YBL',14),(94,13,'1304525968YBL',14),(94,14,'1304525968YBL',14),(94,15,'1304525968YBL',14),(94,16,'1304525968YBL',14),(94,17,'1304525968YBL',14),(94,18,'1304525968YBL',14),(94,19,'1304525968YBL',14),(94,2,'1304525968YBL',14),(178,2,'1314355328BDKO',14),(179,2,'1212761192MUSM',14),(189,1,'1305794856OLHV',16),(190,1,'1305794856OLHW',16),(190,0,'',18),(189,0,'',18),(92,22,'1206732425HINS',18),(92,23,'1206961898PINS',18),(92,24,'1206961893RSRQ',18),(92,25,'1298350272MURC',18),(180,23,'1206732392OZVB',18),(180,33,'1206961850KLRQ',18),(180,24,'1206961898PIOE',18),(180,41,'1206732372QTKN',18),(180,25,'1206732392OZVB',18),(180,59,'1206732372QTKN',18),(180,51,'1206961898PIOD',18),(180,45,'1206732392OZVA',18),(180,52,'1298350272MURD',18),(180,56,'1206961898PIOF',18),(180,54,'1206961898PIOG',18),(180,44,'1206732392OZVA',18),(180,29,'1206732392OZVA',18),(180,30,'1304525968YBL',18),(180,35,'1311850163FKKV',18),(180,38,'1206961898PIOF',18),(180,43,'1206961869IGND',18),(180,26,'1206961899DDKO',18),(180,40,'1206961899DDKP',18),(180,32,'1206732411EGRV',18),(180,31,'1206961869IGNF',18),(180,39,'1206732392OZVH',18),(180,57,'1206732392OZVH',18),(180,67,'1206961869IGND',18),(180,64,'1206732392OZVB',18),(180,65,'1206961898PIOG',18),(180,66,'1206732392OZVH',18),(180,68,'1206732392OZVB',18),(180,69,'1206961890JIOJ',18),(180,42,'1206732400OWXG',18),(180,58,'1206961869IGNE',18),(180,70,'1206961869IGND',18),(180,47,'1206732392OZVB',18),(180,48,'1206732420EIUV',18),(180,63,'1206961869IGND',18),(180,61,'1206961869IGND',18),(180,72,'1206732392OZVA',18),(180,71,'1206732392OZVA',18),(180,73,'1209674941LKQO',18),(180,74,'1206732411EGRY',18),(180,76,'1206961869IGND',18),(180,27,'1206961898PIOG',18),(180,55,'1206961898PIOG',18),(180,50,'1298294166ECLV',18),(180,75,'1298294170PECN',18),(180,77,'1206732392OZVA',18),(180,78,'1206732392OZVA',18),(180,79,'1209674941LKQO',18),(180,80,'1206732411EGRY',18),(180,81,'1298294170PECN',18),(180,82,'1206961869IGND',18),(180,60,'1206732400OWXG',18),(180,46,'1206732361LXFE',18),(180,28,'1206961898PIOE',18),(180,53,'1206961898PIOE',18),(180,36,'1298350272MURD',18),(180,37,'1206961898PIOE',18),(180,62,'1206961869IGND',18),(180,34,'1206961898PIOD',18),(180,49,'1206732392OZVG',18),(181,23,'1304525968YBL',18),(181,33,'1304525968YBL',18),(181,24,'1304525968YBL',18),(181,41,'1304525968YBL',18),(181,25,'1304525968YBL',18),(181,59,'1304525968YBL',18),(181,51,'1304525968YBL',18),(181,45,'1304525968YBL',18),(181,52,'1304525968YBL',18),(181,56,'1304525968YBL',18),(181,54,'1304525968YBL',18),(181,44,'1304525968YBL',18),(181,29,'1304525968YBL',18),(181,30,'1304525968YBL',18),(181,35,'1304525968YBL',18),(181,38,'1304525968YBL',18),(181,43,'1304525968YBL',18),(181,26,'1304525968YBL',18),(181,40,'1304525968YBL',18),(181,32,'1304525968YBL',18),(181,31,'1304525968YBL',18),(181,39,'1304525968YBL',18),(181,57,'1304525968YBL',18),(181,67,'1206961869IGND',18),(181,64,'1304525968YBL',18),(181,65,'1304525968YBL',18),(181,66,'1304525968YBL',18),(181,68,'1206732389NXTC',18),(181,69,'1206732389NXTC',18),(181,42,'1304525968YBL',18),(181,58,'1304525968YBL',18),(181,70,'1206732389NXTC',18),(181,47,'1304525968YBL',18),(181,48,'1304525968YBL',18),(181,63,'1304525968YBL',18),(181,61,'1304525968YBL',18),(181,72,'1304525968YBL',18),(181,71,'1304525968YBL',18),(181,73,'1298350273IXBE',18),(181,74,'1298350273IXBF',18),(181,76,'1304525968YBL',18),(181,27,'1304525968YBL',18),(181,55,'1304525968YBL',18),(181,50,'1304525968YBL',18),(181,75,'1298350273IXBF',18),(181,77,'1304525968YBL',18),(181,78,'1304525968YBL',18),(181,79,'1298350273IXBE',18),(181,80,'1298350273IXBF',18),(181,81,'1298350273IXBF',18),(181,82,'1304525968YBL',18),(181,60,'1304525968YBL',18),(181,46,'1304525968YBL',18),(181,28,'1304525968YBL',18),(181,53,'1304525968YBL',18),(181,36,'1304525968YBL',18),(181,37,'1304525968YBL',18),(181,62,'1304525968YBL',18),(181,34,'1304525968YBL',18),(181,49,'1304525968YBL',18),(182,12,'1206732361LXFE',18),(182,13,'1206732372QTKL',18),(182,4,'1206732361LXFD',18),(182,5,'1206732361LXFE',18),(182,7,'1206732372QTKL',18),(182,18,'1206732399EINB',18),(182,19,'1242282449PIPC',18),(182,20,'1206732393CXVV',18),(182,24,'1206732399EINB',18),(182,25,'1242282449PIPC',18),(182,26,'1206732393CXVV',18),(182,10,'1206961898PIOC',18),(182,15,'1206732411EGRN',18),(182,6,'1206732411EGRN',18),(182,22,'1206732391QBUR',18),(182,30,'1206732361LXFD',18),(182,31,'1206732361LXFE',18),(182,34,'1206732372QTKL',18),(182,32,'1206732411EGRN',18),(182,33,'1206961898PIOC',18),(182,35,'1206732361LXFD',18),(182,36,'1206732361LXFE',18),(182,39,'1206732372QTKL',18),(182,37,'1206732411EGRN',18),(182,38,'1206961898PIOC',18),(182,16,'1206732391QBUR',18),(182,28,'1206732391QBUR',18),(182,27,'1206732399EINF',18),(182,11,'1206732399EINF',18),(182,21,'1206732399EINF',18),(182,40,'1206732391QBUR',18),(182,8,'1206732391QBUR',18),(182,43,'1206732391QBUR',18),(182,42,'1206732372QTKL',18),(182,45,'1206732372QTKL',18),(182,49,'1206732391QBUR',18),(182,51,'1206732393CXVV',18),(182,47,'1206732393CXVV',18),(182,48,'1206732399EINF',18),(182,46,'1206732399EINF',18),(182,14,'1206732372QTKK',18),(182,17,'1206732392OZUP',18),(182,9,'1206732392OZUP',18),(182,23,'1206732392OZUP',18),(182,29,'1206732392OZUP',18),(182,41,'1206732392OZUP',18),(182,44,'1206732392OZUP',18),(182,50,'1206732392OZUP',18),(183,12,'1304525968YBL',18),(183,13,'1304525968YBL',18),(183,4,'1304525968YBL',18),(183,5,'1304525968YBL',18),(183,7,'1304525968YBL',18),(183,18,'1304525968YBL',18),(183,19,'1304525968YBL',18),(183,20,'1304525968YBL',18),(183,24,'1304525968YBL',18),(183,25,'1304525968YBL',18),(183,26,'1304525968YBL',18),(183,10,'1304525968YBL',18),(183,15,'1304525968YBL',18),(183,6,'1304525968YBL',18),(183,22,'1304525968YBL',18),(183,30,'1304525968YBL',18),(183,31,'1304525968YBL',18),(183,34,'1304525968YBL',18),(183,32,'1304525968YBL',18),(183,33,'1304525968YBL',18),(183,35,'1206732389NXTC',18),(183,36,'1206732389NXTC',18),(183,39,'1206732389NXTC',18),(183,37,'1206732389NXTC',18),(183,38,'1206732389NXTC',18),(183,16,'1304525968YBL',18),(183,28,'1304525968YBL',18),(183,27,'1304525968YBL',18),(183,11,'1304525968YBL',18),(183,21,'1304525968YBL',18),(183,40,'1304525968YBL',18),(183,8,'1304525968YBL',18),(183,43,'1304525968YBL',18),(183,42,'1304525968YBL',18),(183,45,'1304525968YBL',18),(183,49,'1304525968YBL',18),(183,51,'1304525968YBL',18),(183,47,'1304525968YBL',18),(183,48,'1304525968YBL',18),(183,46,'1304525968YBL',18),(183,14,'1304525968YBL',18),(183,17,'1304525968YBL',18),(183,9,'1304525968YBL',18),(183,23,'1304525968YBL',18),(183,29,'1304525968YBL',18),(183,41,'1304525968YBL',18),(183,44,'1304525968YBL',18),(183,50,'1304525968YBL',18),(184,42,'1206732392OZVB',18),(184,44,'1206732392OZVG',18),(184,48,'1206961898PIOD',18),(184,45,'1206732372QTKN',18),(184,53,'1206961898PIOF',18),(184,62,'1235462003CNHJ',18),(184,32,'1206961893RSRQ',18),(184,63,'1206961899DDLD',18),(184,33,'1206732400OWZR',18),(184,52,'1206961898PIOE',18),(184,34,'1236536858ATTC',18),(184,51,'1217326499HUVH',18),(184,64,'1206961899DDKW',18),(184,65,'1230528896CZTU',18),(184,35,'1236536858ATTD',18),(184,50,'1236536858ATTE',18),(184,49,'1236536858ATTF',18),(184,61,'1236536858ATTG',18),(184,43,'1206732392OZVD',18),(184,54,'1217326499HUVI',18),(184,68,'1206732412DADP',18),(184,47,'1298294168JDHF',18),(184,36,'1298294169DGIW',18),(184,66,'1298294169DGIX',18),(184,60,'1298350274FGVE',18),(184,46,'1298294168JDHE',18),(184,77,'1217326499HUVI',18),(184,75,'1206732411EGRY',18),(184,71,'1206732372QTKN',18),(184,76,'1206961898PIOD',18),(184,73,'1298294170PECP',18),(184,74,'1298294170PECQ',18),(184,78,'1206961898PIOF',18),(184,79,'1298294170PECS',18),(184,69,'1206732400OWXH',18),(184,70,'1206732420EIUV',18),(184,72,'1206961869IGNE',18),(184,80,'1298294170PECT',18),(184,81,'1298294170PECU',18),(184,37,'1236536858ATTC',18),(184,38,'1298294170PECR',18),(184,39,'1298294170PECO',18),(184,40,'1206732400OWZR',18),(184,67,'1298294169DGIZ',18),(184,55,'1219769904NDJH',18),(184,41,'1219769904NDJH',18),(184,58,'1206961869IGND',18),(184,56,'1206961869IGND',18),(184,57,'1206961869IGND',18),(184,59,'1206732421RJQG',18),(185,42,'1236536858ATSV',18),(185,44,'1236791960OSDP',18),(185,48,'1298294168JDHH',18),(185,45,'1236536858ATSY',18),(185,53,'1237202239LEER',18),(185,62,'1298294169DGIV',18),(185,32,'1206732389NXTC',18),(185,63,'1240906945NFCK',18),(185,33,'1304525968YBL',18),(185,52,'1235462003CNHI',18),(185,34,'1304525968YBL',18),(185,51,'1237202239LEES',18),(185,64,'1227579936RDAS',18),(185,65,'1230528895BZXE',18),(185,35,'1304525968YBL',18),(185,50,'1304525968YBL',18),(185,49,'1304525968YBL',18),(185,61,'1240906945NFCL',18),(185,43,'1236791960OSDQ',18),(185,54,'1237202239LEET',18),(185,68,'1299642742KTUN',18),(185,47,'1298294168JDHG',18),(185,36,'1304525968YBL',18),(185,66,'1298294169DGIY',18),(185,60,'1298350274FGVF',18),(185,46,'1236536858ATSX',18),(185,77,'1304525968YBL',18),(185,75,'1304525968YBL',18),(185,71,'1304525968YBL',18),(185,76,'1304525968YBL',18),(185,73,'1304525968YBL',18),(185,74,'1304525968YBL',18),(185,78,'1304525968YBL',18),(185,79,'1304525968YBL',18),(185,69,'1304525968YBL',18),(185,70,'1304525968YBL',18),(185,72,'1304525968YBL',18),(185,80,'1304525968YBL',18),(185,81,'1304525968YBL',18),(185,37,'1304525968YBL',18),(185,38,'1304525968YBL',18),(185,39,'1304525968YBL',18),(185,40,'1304525968YBL',18),(185,67,'1240906945NFCJ',18),(185,55,'1304525968YBL',18),(185,41,'1304525968YBL',18),(185,58,'1236536858ATSV',18),(185,56,'1236536858ATSV',18),(185,57,'1236536858ATSV',18),(185,59,'1304525968YBL',18),(186,5,'1206961893RSRR',18),(186,6,'1298888291HSWK',18),(186,11,'1206732425HINS',18),(186,12,'1206732392OZUQ',18),(186,7,'1206961894CQIK',18),(186,8,'1227579936RDAV',18),(186,9,'1298294166ECLV',18),(186,10,'1298294166ECLV',18),(186,13,'1206961893RSRQ',18),(187,5,'1304525968YBL',18),(187,6,'1298350274FGVG',18),(187,11,'1206732425HINS',18),(187,12,'1298350274FGVH',18),(187,7,'1304525968YBL',18),(187,8,'1206732389NXTC',18),(187,9,'1298294166ECLV',18),(187,10,'1298294166ECLV',18),(187,13,'1304525968YBL',18),(188,5,'1304525968YBL',18),(188,6,'1317904901PBLS',18),(188,11,'1290669833IHWS',18),(188,12,'1317904901PBLT',18),(188,7,'1304525968YBL',18),(188,8,'1206732389NXTC',18),(188,9,'1298350275LTMN',18),(188,10,'1298350275LTMN',18),(188,13,'1304525968YBL',18),(93,20,'1304525968YBL',18),(93,21,'1304525968YBL',18),(93,22,'1304525968YBL',18),(93,23,'1304525968YBL',18),(93,24,'1304525968YBL',18),(93,25,'1304525968YBL',18),(93,26,'1304525968YBL',18),(93,27,'1304525968YBL',18),(93,28,'1304525968YBL',18),(93,29,'1304525968YBL',18),(93,30,'1304525968YBL',18),(93,31,'1304525968YBL',18),(93,32,'1304525968YBL',18),(93,33,'1304525968YBL',18),(93,34,'1304525968YBL',18),(93,36,'1304525968YBL',18),(93,37,'1304525968YBL',18),(93,38,'1304525968YBL',18),(93,39,'1304525968YBL',18),(93,40,'1298350275LTMO',18),(93,41,'1304525968YBL',18),(93,42,'1304525968YBL',18),(93,43,'1304525968YBL',18),(93,35,'1304525968YBL',18),(94,20,'1304525968YBL',18),(94,21,'1304525968YBL',18),(94,22,'1304525968YBL',18),(94,23,'1304525968YBL',18),(94,24,'1304525968YBL',18),(94,25,'1304525968YBL',18),(94,26,'1304525968YBL',18),(94,27,'1304525968YBL',18),(94,28,'1304525968YBL',18),(94,29,'1304525968YBL',18),(94,30,'1304525968YBL',18),(94,31,'1304525968YBL',18),(94,32,'1304525968YBL',18),(94,33,'1304525968YBL',18),(94,34,'1304525968YBL',18),(94,36,'1304525968YBL',18),(94,37,'1304525968YBL',18),(94,38,'1304525968YBL',18),(94,39,'1304525968YBL',18),(94,40,'1304525968YBL',18),(94,41,'1304525968YBL',18),(94,42,'1304525968YBL',18),(94,43,'1304525968YBL',18),(94,35,'1304525968YBL',18),(178,3,'1298350275LTMP',18),(179,3,'1206961893RSRQ',18),(233,1,'1227580614PMBQ',18),(234,1,'1304525968YBL',18),(235,1,'1298389288OZYW',18),(236,1,'1219856743ELFT',18),(237,1,'1304525968YBL',18),(238,1,'1219856743ELFT',18),(239,1,'1304525968YBL',18),(254,0,'',103),(263,0,'',21),(92,26,'1267607212GWJP',21),(92,27,'1298350283NKJB',21),(92,28,'1298350283NKJC',21),(92,29,'1298350283NKJD',21),(92,30,'1298350283NKJE',21),(92,31,'1298350283NKJF',21),(92,32,'1298350283NKJG',21),(92,33,'1298350284IYPA',21),(92,34,'1299065683HDEE',21),(92,35,'1319035319DBIP',21),(180,89,'1206732392OZVG',21),(180,95,'1206961869IGND',21),(180,88,'1206732392OZVB',21),(180,91,'1206732392OZVF',21),(180,92,'1206732400OWXL',21),(180,96,'1206961869IGND',21),(180,86,'1206732392OZVA',21),(180,90,'1206732400OWXK',21),(180,93,'1208193651IFKI',21),(180,107,'1206732392OZVA',21),(180,109,'1206732392OZVB',21),(180,110,'1206732392OZVG',21),(180,111,'1206732392OZVF',21),(180,113,'1206732372QTKN',21),(180,108,'1206732399EINH',21),(180,83,'1206732400OXBR',21),(180,121,'1206732405TIXE',21),(180,127,'1206732389NXTS',21),(180,125,'1206961849MVDJ',21),(180,128,'1209736072FJBD',21),(180,129,'1206732411EGRG',21),(180,130,'1209736072FJBE',21),(180,116,'1206732392OZVH',21),(180,94,'1206961869IGND',21),(180,119,'1206961869IGND',21),(180,131,'1227579895DRET',21),(180,132,'1206732392OZVG',21),(180,97,'1206961869IGND',21),(180,98,'1206961869IGND',21),(180,100,'1206961869IGND',21),(180,101,'1206961869IGND',21),(180,102,'1206961869IGND',21),(180,105,'1206961869IGND',21),(180,103,'1206961869IGND',21),(180,104,'1206961869IGND',21),(180,99,'1206961869IGND',21),(180,112,'1241490506ODOB',21),(180,135,'1252569179LCYI',21),(180,136,'1242282416HAOE',21),(180,133,'1206732392OZVA',21),(180,134,'1252569179LCYJ',21),(180,140,'1304258958RSVK',21),(180,142,'1206732421RJQC',21),(180,143,'1206732392OZVG',21),(180,139,'1206732372QTKL',21),(180,138,'1206961905BHAV',21),(180,137,'1206732411EGRY',21),(180,106,'1206961869IGND',21),(180,144,'1267764045MNMG',21),(180,84,'1206961899DDKO',21),(180,147,'1267764045MNMH',21),(180,146,'1267764045MNMI',21),(180,145,'1267764045MNMJ',21),(180,114,'1206732392OZVG',21),(180,122,'1206732405TIXE',21),(180,123,'1206961912MJQB',21),(180,126,'1206961996STAF',21),(180,124,'1206732425HINY',21),(180,120,'1206961869IGND',21),(180,148,'1213180343CQIB',21),(180,141,'1206961850KLRI',21),(180,85,'1206732392OZVB',21),(180,87,'1206961936HCWM',21),(180,151,'1206732400OXBR',21),(180,153,'1206961869IGND',21),(180,154,'1206961869IGND',21),(180,152,'1206732405TIXE',21),(180,155,'1206961869IGND',21),(180,150,'1206732361LXFE',21),(180,149,'1206732392OZVA',21),(180,115,'1206732392OZVF',21),(180,118,'1206961869IGND',21),(180,117,'1206961869IGND',21),(181,89,'1304525968YBL',21),(181,95,'1304525968YBL',21),(181,88,'1304525968YBL',21),(181,91,'1304525968YBL',21),(181,92,'1304525968YBL',21),(181,96,'1304525968YBL',21),(181,86,'1304525968YBL',21),(181,90,'1304525968YBL',21),(181,93,'1304525968YBL',21),(181,107,'1304525968YBL',21),(181,109,'1304525968YBL',21),(181,110,'1304525968YBL',21),(181,111,'1304525968YBL',21),(181,113,'1304525968YBL',21),(181,108,'1304525968YBL',21),(181,83,'1304525968YBL',21),(181,121,'1304525968YBL',21),(181,127,'1304525968YBL',21),(181,125,'1304525968YBL',21),(181,128,'1304525968YBL',21),(181,129,'1304525968YBL',21),(181,130,'1304525968YBL',21),(181,116,'1304525968YBL',21),(181,94,'1304525968YBL',21),(181,119,'1304525968YBL',21),(181,131,'1304525968YBL',21),(181,132,'1304525968YBL',21),(181,97,'1206961869IGND',21),(181,98,'1206961869IGND',21),(181,100,'1206961869IGND',21),(181,101,'1206961869IGND',21),(181,102,'1206961869IGND',21),(181,105,'1206961869IGND',21),(181,103,'1206961869IGND',21),(181,104,'1206961869IGND',21),(181,99,'1206961869IGND',21),(181,112,'1304525968YBL',21),(181,135,'1304525968YBL',21),(181,136,'1304525968YBL',21),(181,133,'1304525968YBL',21),(181,134,'1304525968YBL',21),(181,140,'1304525968YBL',21),(181,142,'1304525968YBL',21),(181,143,'1304525968YBL',21),(181,139,'1304525968YBL',21),(181,138,'1240388999GQSW',21),(181,137,'1304525968YBL',21),(181,106,'1304525968YBL',21),(181,144,'1304525968YBL',21),(181,84,'1304525968YBL',21),(181,147,'1304525968YBL',21),(181,146,'1304525968YBL',21),(181,145,'1304525968YBL',21),(181,114,'1304525968YBL',21),(181,122,'1304525968YBL',21),(181,123,'1304525968YBL',21),(181,126,'1304525968YBL',21),(181,124,'1304525968YBL',21),(181,120,'1304525968YBL',21),(181,148,'1304525968YBL',21),(181,141,'1304525968YBL',21),(181,85,'1304525968YBL',21),(181,87,'1304525968YBL',21),(181,151,'1304525968YBL',21),(181,153,'1304525968YBL',21),(181,154,'1304525968YBL',21),(181,152,'1304525968YBL',21),(181,155,'1304525968YBL',21),(181,150,'1304525968YBL',21),(181,149,'1304525968YBL',21),(181,115,'1304525968YBL',21),(181,118,'1304525968YBL',21),(181,117,'1304525968YBL',21),(182,58,'1206732399EINB',21),(182,61,'1206732393CXVV',21),(182,76,'1211280056BEZM',21),(182,64,'1206732399EINH',21),(182,82,'1206732400OWXF',21),(182,69,'1206732399EIMW',21),(182,65,'1206732399EINF',21),(182,73,'1242282449PIPC',21),(182,74,'1206732393CXVV',21),(182,59,'1242282449PIPC',21),(182,87,'1206732400OWXC',21),(182,88,'1206732393CXVV',21),(182,75,'1206732391QBUR',21),(182,71,'1206732391QBUR',21),(182,60,'1206732399EINF',21),(182,56,'1230529131MQQP',21),(182,91,'1206732391QBUR',21),(182,89,'1206732391QBUR',21),(182,62,'1206732391QBUR',21),(182,84,'1206961882TDHA',21),(182,66,'1206732372QTKM',21),(182,70,'1206732399EINF',21),(182,93,'1229651877RBLY',21),(182,94,'1206732393CXVV',21),(182,95,'1206732391QBUR',21),(182,79,'1230874957AEHA',21),(182,78,'1206732411EGRN',21),(182,81,'1206732399EINF',21),(182,98,'1206732393CXVV',21),(182,97,'1242282449PIPC',21),(182,80,'1230874957AEHB',21),(182,85,'1206732391QBUR',21),(182,99,'1206732391QBUR',21),(182,57,'1206732399EINF',21),(182,53,'1206732399EINF',21),(182,55,'1206732399EINF',21),(182,54,'1237967600IVIO',21),(182,52,'1237967600IVIP',21),(182,90,'1211280056BEZM',21),(182,102,'1206732393CXVV',21),(182,104,'1206732391QBUR',21),(182,101,'1211280056BEZM',21),(182,103,'1206732399EINF',21),(182,67,'1206732399EINF',21),(182,68,'1206732400OWXE',21),(182,108,'1206961882TDHA',21),(182,106,'1206961905BHAV',21),(182,77,'1310984711PXOI',21),(182,109,'1316671583HDND',21),(182,63,'1206732392OZUP',21),(182,72,'1206732392OZUP',21),(182,86,'1206732392OZUP',21),(182,92,'1206732392OZUP',21),(182,96,'1206732392OZUP',21),(182,100,'1206732392OZUP',21),(182,105,'1206732392OZUP',21),(182,112,'1242282449PIPC',21),(182,113,'1206732393CXVV',21),(182,83,'1206732365OQJK',21),(182,107,'1206732372QTKL',21),(182,114,'1206732391QBUR',21),(182,110,'1206732391QBUR',21),(182,111,'1206732392OZUP',21),(182,115,'1206732392OZUP',21),(183,58,'1304525968YBL',21),(183,61,'1304525968YBL',21),(183,76,'1304525968YBL',21),(183,64,'1304525968YBL',21),(183,82,'1304525968YBL',21),(183,69,'1304525968YBL',21),(183,65,'1304525968YBL',21),(183,73,'1304525968YBL',21),(183,74,'1304525968YBL',21),(183,59,'1304525968YBL',21),(183,87,'1304525968YBL',21),(183,88,'1304525968YBL',21),(183,75,'1304525968YBL',21),(183,71,'1304525968YBL',21),(183,60,'1304525968YBL',21),(183,56,'1304525968YBL',21),(183,91,'1304525968YBL',21),(183,89,'1304525968YBL',21),(183,62,'1304525968YBL',21),(183,84,'1304525968YBL',21),(183,66,'1304525968YBL',21),(183,70,'1304525968YBL',21),(183,93,'1304525968YBL',21),(183,94,'1304525968YBL',21),(183,95,'1304525968YBL',21),(183,79,'1304525968YBL',21),(183,78,'1304525968YBL',21),(183,81,'1304525968YBL',21),(183,98,'1304525968YBL',21),(183,97,'1304525968YBL',21),(183,80,'1304525968YBL',21),(183,85,'1304525968YBL',21),(183,99,'1304525968YBL',21),(183,57,'1304525968YBL',21),(183,53,'1304525968YBL',21),(183,55,'1304525968YBL',21),(183,54,'1304525968YBL',21),(183,52,'1304525968YBL',21),(183,90,'1304525968YBL',21),(183,102,'1304525968YBL',21),(183,104,'1304525968YBL',21),(183,101,'1304525968YBL',21),(183,103,'1304525968YBL',21),(183,67,'1304525968YBL',21),(183,68,'1304525968YBL',21),(183,108,'1304525968YBL',21),(183,106,'1304525968YBL',21),(183,77,'1304525968YBL',21),(183,109,'1304525968YBL',21),(183,63,'1304525968YBL',21),(183,72,'1304525968YBL',21),(183,86,'1304525968YBL',21),(183,92,'1304525968YBL',21),(183,96,'1304525968YBL',21),(183,100,'1304525968YBL',21),(183,105,'1304525968YBL',21),(183,112,'1304525968YBL',21),(183,113,'1304525968YBL',21),(183,83,'1304525968YBL',21),(183,107,'1304525968YBL',21),(183,114,'1304525968YBL',21),(183,110,'1304525968YBL',21),(183,111,'1304525968YBL',21),(183,115,'1304525968YBL',21),(184,181,'1206732400OWZQ',21),(184,162,'1206732400OXBF',21),(184,161,'1206732400OXBD',21),(184,158,'1291008730NUNX',21),(184,160,'1206732400OXBB',21),(184,154,'1206732400OXAK',21),(184,159,'1206732400OXAZ',21),(184,152,'1206732400OXAQ',21),(184,150,'1206732400OXAM',21),(184,82,'1206732400OXAV',21),(184,155,'1206732400OXAS',21),(184,142,'1291008731HPNW',21),(184,144,'1206732400OXAB',21),(184,147,'1206732400OXAH',21),(184,145,'1206732400OXAD',21),(184,146,'1206732400OXAF',21),(184,83,'1206732400OWZX',21),(184,84,'1206732400OXAI',21),(184,156,'1213269308ATGG',21),(184,151,'1206732400OXAO',21),(184,85,'1206732400OWZW',21),(184,190,'1206732392OZVB',21),(184,191,'1207045653IMAV',21),(184,185,'1228709213SHFK',21),(184,184,'1206732400OXBZ',21),(184,187,'1206961841DNZF',21),(184,193,'1206961869IGND',21),(184,186,'1206732400OXCC',21),(184,195,'1206732400OXCI',21),(184,196,'1206732400OXCG',21),(184,86,'1206732400OWZR',21),(184,109,'1206732400OWZT',21),(184,134,'1313469714PHCP',21),(184,87,'1206732400OXBG',21),(184,88,'1215507792MTRU',21),(184,89,'1206732392OZVG',21),(184,148,'1211811528BLZC',21),(184,90,'1213353034DMQE',21),(184,165,'1213353034DMQG',21),(184,91,'1206961850KLRD',21),(184,125,'1213369263SAAI',21),(184,126,'1213369263SAAG',21),(184,92,'1207306697RNME',21),(184,93,'1206961849MVDJ',21),(184,112,'1215001728NQIM',21),(184,113,'1216230542PQQV',21),(184,114,'1216230542PQQX',21),(184,94,'1216230542PQQY',21),(184,115,'1216230542PQQX',21),(184,176,'1217930839LUIP',21),(184,95,'1206961893RSRQ',21),(184,174,'1217930839LUIT',21),(184,153,'1221500643MXPC',21),(184,183,'1206732392OZVI',21),(184,116,'1315887118PXIR',21),(184,96,'1206732400OWXK',21),(184,194,'1228709213SHFM',21),(184,168,'1228820067NJRT',21),(184,199,'1229651877RBLW',21),(184,197,'1229651877RBLX',21),(184,192,'1206732400OWZO',21),(184,182,'1206961869IGND',21),(184,201,'1206961841DNZP',21),(184,200,'1206961869IGND',21),(184,189,'1231158811CQTU',21),(184,137,'1232547807PFFL',21),(184,188,'1228820286IIZC',21),(184,149,'1238386599SWCB',21),(184,164,'1242617238FPTT',21),(184,163,'1242617238FPTU',21),(184,203,'1249442156QUCN',21),(184,202,'1206732392OZVI',21),(184,204,'1242282443EZXY',21),(184,205,'1248835373QZQO',21),(184,97,'1249442156QUCO',21),(184,98,'1249442156QUCP',21),(184,135,'1309406593PBSN',21),(184,99,'1298350446IEXK',21),(184,128,'1306429442RXVJ',21),(184,129,'1242282449PIOD',21),(184,130,'1230531895KYXK',21),(184,131,'1243392688MXHE',21),(184,111,'1251285854FOAP',21),(184,177,'1254100130KOZO',21),(184,179,'1298350446IEXL',21),(184,178,'1254100130KOZP',21),(184,127,'1260524068AOIY',21),(184,208,'1298294174MWUZ',21),(184,207,'1298294174MWUY',21),(184,206,'1298294174MWUX',21),(184,171,'1298350446IEXM',21),(184,157,'1242282446GIJE',21),(184,143,'1206732400OWZZ',21),(184,133,'1206732400OWZV',21),(184,100,'1229653442FEQZ',21),(184,139,'1298350446IEXN',21),(184,141,'1298350446IEXO',21),(184,138,'1298350446IEXP',21),(184,140,'1298350446IEXQ',21),(184,172,'1298350446IEXR',21),(184,122,'1298294169DGIZ',21),(184,101,'1298350446IEXS',21),(184,102,'1298350446IEXT',21),(184,103,'1298294169DGIW',21),(184,104,'1298350446IEXU',21),(184,105,'1298350446IEXV',21),(184,106,'1206732400OWZR',21),(184,107,'1298350446IEXW',21),(184,108,'1298350446IEXX',21),(184,166,'1298350446IEXY',21),(184,117,'1235462003CNHJ',21),(184,118,'1206961899DDLD',21),(184,119,'1206961899DDKW',21),(184,120,'1230528896CZTU',21),(184,121,'1298294169DGIX',21),(184,124,'1206732412DADP',21),(184,175,'1299215253RNKY',21),(184,123,'1299642847MBBJ',21),(184,169,'1290670039OOGW',21),(184,170,'1300844255DUTL',21),(184,136,'1304526019ANXZ',21),(184,110,'1242282435FMDW',21),(184,180,'1312946243NCTM',21),(184,132,'1314355378KUGY',21),(184,173,'1298350446IEXG',21),(184,167,'1317387080ATEF',21),(184,198,'1318938393NAXT',21),(184,209,'1206732400OXBR',21),(184,210,'1220793710GXYB',21),(184,211,'1206961869IGND',21),(184,212,'1206961869IGND',21),(185,181,'1206732400OWZP',21),(185,162,'1206732400OXBE',21),(185,161,'1206732400OXBC',21),(185,158,'1206732400OXAW',21),(185,160,'1206732400OXBA',21),(185,154,'1206732400OXAJ',21),(185,159,'1206732400OXAY',21),(185,152,'1206732400OXAP',21),(185,150,'1230529409HCEP',21),(185,82,'1304525968YBL',21),(185,155,'1206732400OXAR',21),(185,142,'1230529409HCEQ',21),(185,144,'1206732400OXAA',21),(185,147,'1230529409HCER',21),(185,145,'1230529409HCES',21),(185,146,'1206732400OXAE',21),(185,83,'1304525968YBL',21),(185,84,'1304525968YBL',21),(185,156,'1213269308ATGF',21),(185,151,'1230529409HCET',21),(185,85,'1304525968YBL',21),(185,190,'1304525968YBL',21),(185,191,'1304525968YBL',21),(185,185,'1229651877RBLQ',21),(185,184,'1229651877RBLR',21),(185,187,'1304525968YBL',21),(185,193,'1206961869IGND',21),(185,186,'1229651877RBLS',21),(185,195,'1213107632HHOS',21),(185,196,'1213107632HHOT',21),(185,86,'1304525968YBL',21),(185,109,'1213107622JALA',21),(185,134,'1313469717FLPK',21),(185,87,'1304525968YBL',21),(185,88,'1304525968YBL',21),(185,89,'1304525968YBL',21),(185,148,'1238171067TJEZ',21),(185,90,'1304525968YBL',21),(185,165,'1213353034DMQF',21),(185,91,'1304525968YBL',21),(185,125,'1242617238FPTQ',21),(185,126,'1242617238FPTR',21),(185,92,'1304525968YBL',21),(185,93,'1304525968YBL',21),(185,112,'1215001728NQIL',21),(185,113,'1216230542PQQU',21),(185,114,'1217251829KWMY',21),(185,94,'1304525968YBL',21),(185,115,'1216230542PQQZ',21),(185,176,'1271819434SRVG',21),(185,95,'1304525968YBL',21),(185,174,'1299215254OXTM',21),(185,153,'1230529409HCEV',21),(185,183,'1304525968YBL',21),(185,116,'1315887122AMOM',21),(185,96,'1304525968YBL',21),(185,194,'1304525968YBL',21),(185,168,'1228820067NJRS',21),(185,199,'1229651877RBLT',21),(185,197,'1229651877RBLU',21),(185,192,'1229651877RBLV',21),(185,182,'1206961869IGND',21),(185,201,'1230874957AEGZ',21),(185,200,'1206961869IGND',21),(185,189,'1232547362CGOU',21),(185,137,'1238171067TJFA',21),(185,188,'1304525968YBL',21),(185,149,'1238386599SWCA',21),(185,164,'1213369263SAAF',21),(185,163,'1242617238FPTS',21),(185,203,'1249442155KSPX',21),(185,202,'1304525968YBL',21),(185,204,'1249442155KSPY',21),(185,205,'1249442155KSPZ',21),(185,97,'1304525968YBL',21),(185,98,'1304525968YBL',21),(185,135,'1304526022JRUH',21),(185,99,'1304525968YBL',21),(185,128,'1298468902NDDZ',21),(185,129,'1271819434SRVI',21),(185,130,'1250777204RIAE',21),(185,131,'1257940976WWP',21),(185,111,'1251285854FOAO',21),(185,177,'1254100130KOZM',21),(185,179,'1254100130KOZN',21),(185,178,'1251988094BIBR',21),(185,127,'1271819434SRVJ',21),(185,208,'1304525968YBL',21),(185,207,'1304525968YBL',21),(185,206,'1304525968YBL',21),(185,171,'1269573870RCTQ',21),(185,157,'1206732400OXAW',21),(185,143,'1230529409HCEQ',21),(185,133,'1314355381EEUK',21),(185,100,'1304525968YBL',21),(185,139,'1298350449IJXD',21),(185,141,'1298350449IJXE',21),(185,138,'1298350449IJXF',21),(185,140,'1298350451QKHM',21),(185,172,'1298350451QKHN',21),(185,122,'1240906945NFCJ',21),(185,101,'1304525968YBL',21),(185,102,'1304525968YBL',21),(185,103,'1304525968YBL',21),(185,104,'1304525968YBL',21),(185,105,'1304525968YBL',21),(185,106,'1304525968YBL',21),(185,107,'1304525968YBL',21),(185,108,'1304525968YBL',21),(185,166,'1298350453HVAO',21),(185,117,'1298294169DGIV',21),(185,118,'1240906945NFCK',21),(185,119,'1227579936RDAS',21),(185,120,'1230528895BZXE',21),(185,121,'1298294169DGIY',21),(185,124,'1299642742KTUN',21),(185,175,'1217930839LUIS',21),(185,123,'1298294169DGJA',21),(185,169,'1300434114HUML',21),(185,170,'1300434114HUMM',21),(185,136,'1249442261CERT',21),(185,110,'1309406599MYMN',21),(185,180,'1312946249DMIW',21),(185,132,'1298350449IJXC',21),(185,173,'1227580613HBMH',21),(185,167,'1317387083CYMJ',21),(185,198,'1304525968YBL',21),(185,209,'1304525968YBL',21),(185,210,'1304525968YBL',21),(185,211,'1304525968YBL',21),(185,212,'1304525968YBL',21),(186,25,'1206732399EIMX',21),(186,14,'1267607212GWJP',21),(186,26,'1206732399EIMW',21),(186,27,'1229651878KNMW',21),(186,28,'1213183509OYOB',21),(186,15,'1206732392OZUO',21),(186,16,'1227580613HBMJ',21),(186,17,'1227580613HBMK',21),(186,18,'1227580613HBML',21),(186,19,'1206732400OWXK',21),(186,29,'1298350285IISM',21),(186,30,'1206961841DNYR',21),(186,31,'1249442157SIBQ',21),(186,20,'1253200893CXZC',21),(186,21,'1252569179LCYL',21),(186,22,'1267764046CYTO',21),(186,23,'1206961902CIFJ',21),(186,32,'1316671593INDP',21),(186,24,'1220793710GXYB',21),(186,33,'1220793710GXYB',21),(187,25,'1206732399EIMX',21),(187,14,'1208362898QACD',21),(187,26,'1206732400OXCN',21),(187,27,'1225277133LPWG',21),(187,28,'1210244238DTYK',21),(187,15,'1210244238DTYM',21),(187,16,'1304525968YBL',21),(187,17,'1304525968YBL',21),(187,18,'1304525968YBL',21),(187,19,'1304525968YBL',21),(187,29,'1229651878KNMZ',21),(187,30,'1206961841DNYR',21),(187,31,'1219770756BFUL',21),(187,20,'1304525968YBL',21),(187,21,'1304525968YBL',21),(187,22,'1304525968YBL',21),(187,23,'1304525968YBL',21),(187,32,'1304525968YBL',21),(187,24,'1326997166FYVE',21),(187,33,'1326997166FYVF',21),(188,25,'1317904923AGGR',21),(188,14,'1309938462DIYV',21),(188,26,'1230874957AEHC',21),(188,27,'1229651878KNMX',21),(188,28,'1227579895DREU',21),(188,15,'1212843236ISNS',21),(188,16,'1304525968YBL',21),(188,17,'1304525968YBL',21),(188,18,'1304525968YBL',21),(188,19,'1304525968YBL',21),(188,29,'1229651878KNMY',21),(188,30,'1271818792LETN',21),(188,31,'1271818792LETO',21),(188,20,'1304525968YBL',21),(188,21,'1304525968YBL',21),(188,22,'1304525968YBL',21),(188,23,'1304525968YBL',21),(188,32,'1304525968YBL',21),(188,24,'1326997166FYVG',21),(188,33,'1326997166FYVH',21),(93,49,'1304525968YBL',21),(93,56,'1304525968YBL',21),(93,54,'1304525968YBL',21),(93,79,'1304525968YBL',21),(93,85,'1304525968YBL',21),(93,57,'1304525968YBL',21),(93,46,'1304525968YBL',21),(93,62,'1304525968YBL',21),(93,58,'1304525968YBL',21),(93,50,'1304525968YBL',21),(93,70,'1251534480QHPE',21),(93,44,'1304525968YBL',21),(93,53,'1304525968YBL',21),(93,48,'1304525968YBL',21),(93,74,'1304525968YBL',21),(93,75,'1304525968YBL',21),(93,77,'1304525968YBL',21),(93,84,'1304525968YBL',21),(93,59,'1304525968YBL',21),(93,60,'1304525968YBL',21),(93,61,'1304525968YBL',21),(93,80,'1304525968YBL',21),(93,51,'1304525968YBL',21),(93,63,'1304525968YBL',21),(93,47,'1304525968YBL',21),(93,65,'1298350286CSUD',21),(93,66,'1298350286CSUE',21),(93,67,'1298350286CSUF',21),(93,68,'1298350286CSUG',21),(93,71,'1304525968YBL',21),(93,55,'1304525968YBL',21),(93,69,'1304525968YBL',21),(93,73,'1304525968YBL',21),(93,72,'1304525968YBL',21),(93,52,'1304525968YBL',21),(93,64,'1304525968YBL',21),(93,76,'1304525968YBL',21),(93,45,'1251857784QRWO',21),(93,78,'1252569179LCYK',21),(93,81,'1252569180FERI',21),(93,82,'1252894206NMXU',21),(93,83,'1252894206NMXV',21),(93,87,'1304916603TJKB',21),(93,88,'1306926884BHVV',21),(93,89,'1310984741ESTO',21),(93,90,'1319035319DBIP',21),(93,91,'1319035319DBIP',21),(93,92,'1319072839DDDJ',21),(93,93,'1319035319DBIP',21),(94,49,'1304525968YBL',21),(94,56,'1304525968YBL',21),(94,54,'1304525968YBL',21),(94,79,'1304525968YBL',21),(94,85,'1304525968YBL',21),(94,57,'1304525968YBL',21),(94,46,'1304525968YBL',21),(94,62,'1304525968YBL',21),(94,58,'1304525968YBL',21),(94,50,'1304525968YBL',21),(94,70,'1304525968YBL',21),(94,44,'1304525968YBL',21),(94,53,'1304525968YBL',21),(94,48,'1304525968YBL',21),(94,74,'1304525968YBL',21),(94,75,'1304525968YBL',21),(94,77,'1304525968YBL',21),(94,84,'1304525968YBL',21),(94,59,'1304525968YBL',21),(94,60,'1304525968YBL',21),(94,61,'1304525968YBL',21),(94,80,'1304525968YBL',21),(94,51,'1304525968YBL',21),(94,63,'1304525968YBL',21),(94,47,'1304525968YBL',21),(94,65,'1304525968YBL',21),(94,66,'1304525968YBL',21),(94,67,'1304525968YBL',21),(94,68,'1304525968YBL',21),(94,71,'1304525968YBL',21),(94,55,'1304525968YBL',21),(94,69,'1304525968YBL',21),(94,73,'1304525968YBL',21),(94,72,'1304525968YBL',21),(94,52,'1304525968YBL',21),(94,64,'1304525968YBL',21),(94,76,'1304525968YBL',21),(94,45,'1304525968YBL',21),(94,78,'1304525968YBL',21),(94,81,'1304525968YBL',21),(94,82,'1304525968YBL',21),(94,83,'1304525968YBL',21),(94,87,'1304525968YBL',21),(94,88,'1304525968YBL',21),(94,89,'1304525968YBL',21),(94,90,'1304525968YBL',21),(94,91,'1304525968YBL',21),(94,92,'1304525968YBL',21),(94,93,'1304525968YBL',21),(178,4,'1298350287DDJD',21),(179,4,'1267607212GWJP',21),(92,41,'1206732392OZUR',23),(92,42,'1206732392OZUR',23),(92,43,'1304525968YBL',23),(92,44,'1300365988IROS',23),(180,157,'1206732405TIXD',23),(180,156,'1206732392OZVA',23),(180,158,'1206732392OZVA',23),(180,159,'1304525968YBL',23),(180,161,'1210244259NSBG',23),(180,160,'1206961912MJQB',23),(180,162,'1210244259NSBH',23),(180,163,'1206961849MVDJ',23),(180,166,'1206732400OWXG',23),(180,164,'1206732425HINY',23),(180,165,'1206961996STAF',23),(181,157,'1304525968YBL',23),(181,156,'1304525968YBL',23),(181,158,'1304525968YBL',23),(181,159,'1304525968YBL',23),(181,161,'1304525968YBL',23),(181,160,'1304525968YBL',23),(181,162,'1304525968YBL',23),(181,163,'1304525968YBL',23),(181,166,'1304525968YBL',23),(181,164,'1304525968YBL',23),(181,165,'1304525968YBL',23),(182,117,'1206732393CXVV',23),(182,125,'1206732405TIXB',23),(182,126,'1206732405TIXA',23),(182,122,'1206732393CXVV',23),(182,127,'1242282449PIPC',23),(182,132,'1209481169RSAA',23),(182,133,'1206732391QBUR',23),(182,119,'1206732391QBUR',23),(182,123,'1206732391QBUR',23),(182,121,'1206732405TIXB',23),(182,116,'1206732405TIXA',23),(182,118,'1206732399EINF',23),(182,128,'1206732405TIXB',23),(182,129,'1206732405TIXA',23),(182,131,'1206732399EINF',23),(182,120,'1206732392OZUP',23),(182,124,'1206732392OZUP',23),(182,134,'1206732392OZUP',23),(182,130,'1220793710GXYB',23),(183,117,'1304525968YBL',23),(183,125,'1304525968YBL',23),(183,126,'1304525968YBL',23),(183,122,'1304525968YBL',23),(183,127,'1304525968YBL',23),(183,132,'1304525968YBL',23),(183,133,'1304525968YBL',23),(183,119,'1304525968YBL',23),(183,123,'1304525968YBL',23),(183,121,'1304525968YBL',23),(183,116,'1304525968YBL',23),(183,118,'1304525968YBL',23),(183,128,'1304525968YBL',23),(183,129,'1304525968YBL',23),(183,131,'1304525968YBL',23),(183,120,'1304525968YBL',23),(183,124,'1304525968YBL',23),(183,134,'1304525968YBL',23),(183,130,'1304525968YBL',23),(184,214,'1210244259NSBI',23),(184,217,'1208950213FHRR',23),(184,213,'1206732392OZVI',23),(184,221,'1206732405TIXE',23),(184,222,'1304525968YBL',23),(184,220,'1206732392OZVH',23),(184,216,'1208950213FHRP',23),(184,219,'1242282414LZMG',23),(184,215,'1206732400OXBR',23),(184,223,'1206732392OZVH',23),(184,218,'1206732405TIXB',23),(185,214,'1206732405TIXI',23),(185,217,'1213107638BOKF',23),(185,213,'1304525968YBL',23),(185,221,'1304525968YBL',23),(185,222,'1304525968YBL',23),(185,220,'1304525968YBL',23),(185,216,'1213107638BOKE',23),(185,219,'1222791260AEAH',23),(185,215,'1243437923JGCO',23),(185,223,'1304525968YBL',23),(185,218,'1299729381ESIJ',23),(186,37,'1210244259NSAY',23),(186,38,'1210244259NSBB',23),(186,35,'1206732404ORZX',23),(186,39,'1206732361LXFE',23),(186,36,'1206732392OZUS',23),(186,40,'1260151225DTCL',23),(187,37,'1210244259NSBA',23),(187,38,'1210244259NSBD',23),(187,35,'1304525968YBL',23),(187,39,'1304525968YBL',23),(187,36,'1210244259NSBF',23),(187,40,'1304525968YBL',23),(188,37,'1227580115NTZD',23),(188,38,'1222791260AEAI',23),(188,35,'1304525968YBL',23),(188,39,'1304525968YBL',23),(188,36,'1212843247FGZJ',23),(188,40,'1304525968YBL',23),(93,94,'1304525968YBL',23),(93,95,'1304525968YBL',23),(93,96,'1304525968YBL',23),(93,97,'1304525968YBL',23),(93,100,'1304525968YBL',23),(93,101,'1304525968YBL',23),(93,102,'1304525968YBL',23),(93,103,'1304525968YBL',23),(93,104,'1304525968YBL',23),(93,105,'1304525968YBL',23),(93,107,'1304525968YBL',23),(93,108,'1304525968YBL',23),(93,106,'1304525968YBL',23),(93,109,'1304525968YBL',23),(93,110,'1304525968YBL',23),(93,111,'1304525968YBL',23),(93,112,'1304525968YBL',23),(93,113,'1304525968YBL',23),(93,114,'1304525968YBL',23),(93,99,'1304525968YBL',23),(93,98,'1304525968YBL',23),(93,115,'1251084138JBMR',23),(93,116,'1260151226HJVF',23),(93,117,'1260151226HJVG',23),(94,94,'1304525968YBL',23),(94,95,'1304525968YBL',23),(94,96,'1304525968YBL',23),(94,97,'1304525968YBL',23),(94,100,'1304525968YBL',23),(94,101,'1304525968YBL',23),(94,102,'1304525968YBL',23),(94,103,'1304525968YBL',23),(94,104,'1304525968YBL',23),(94,105,'1304525968YBL',23),(94,107,'1304525968YBL',23),(94,108,'1304525968YBL',23),(94,106,'1304525968YBL',23),(94,109,'1304525968YBL',23),(94,110,'1304525968YBL',23),(94,111,'1304525968YBL',23),(94,112,'1304525968YBL',23),(94,113,'1304525968YBL',23),(94,114,'1304525968YBL',23),(94,99,'1304525968YBL',23),(94,98,'1304525968YBL',23),(94,115,'1304525968YBL',23),(94,116,'1304525968YBL',23),(94,117,'1304525968YBL',23),(92,46,'1212761242DPBP',25),(92,47,'1212761242DPBP',25),(238,0,'',43),(237,0,'',43),(235,0,'',43),(234,0,'',43),(239,0,'',43),(236,0,'',43),(233,0,'',43),(387,0,'',43),(388,0,'',43),(389,0,'',43),(390,0,'',43),(92,49,'1206732400OWZW',43),(92,50,'1206732411EGRU',43),(180,168,'1206732392OZVA',43),(180,172,'1206732400OXCG',43),(180,171,'1206732421RJQG',43),(180,169,'1304525968YBL',43),(180,173,'1211811588SCXI',43),(180,177,'1206732400OWXG',43),(180,178,'1206961869IGND',43),(180,190,'1206961869IGND',43),(180,179,'1206732392OZVA',43),(180,180,'1304525968YBL',43),(180,181,'1211811583DBTA',43),(180,183,'1206732400OXCG',43),(180,184,'1211811588SCXI',43),(180,189,'1206732400OWXG',43),(180,182,'1206732420EIUV',43),(180,176,'1206732400OXBR',43),(180,186,'1206732400OWXH',43),(180,188,'1206732372QTKN',43),(180,174,'1206732411EGSC',43),(180,187,'1206732411EGSC',43),(180,170,'1211811583DBTA',43),(180,185,'1206732389NXTA',43),(180,175,'1206732372QTKN',43),(180,167,'1211811583DBTA',43),(181,168,'1304525968YBL',43),(181,172,'1304525968YBL',43),(181,171,'1304525968YBL',43),(181,169,'1304525968YBL',43),(181,173,'1304525968YBL',43),(181,177,'1304525968YBL',43),(181,178,'1304525968YBL',43),(181,190,'1304525968YBL',43),(181,179,'1304525968YBL',43),(181,180,'1304525968YBL',43),(181,181,'1304525968YBL',43),(181,183,'1304525968YBL',43),(181,184,'1304525968YBL',43),(181,189,'1304525968YBL',43),(181,182,'1304525968YBL',43),(181,176,'1304525968YBL',43),(181,186,'1304525968YBL',43),(181,188,'1304525968YBL',43),(181,174,'1304525968YBL',43),(181,187,'1304525968YBL',43),(181,170,'1304525968YBL',43),(181,185,'1304525968YBL',43),(181,175,'1304525968YBL',43),(181,167,'1304525968YBL',43),(182,137,'1206732361LXFE',43),(182,135,'1211811587EZNL',43),(182,143,'1242282449PIPC',43),(182,142,'1206732399EINB',43),(182,144,'1206732393CXVV',43),(182,140,'1211811587EZNL',43),(182,138,'1206732391QBUR',43),(182,148,'1206732393CXVV',43),(182,145,'1211811588SCXH',43),(182,149,'1206732391QBUR',43),(182,153,'1242282449PIPC',43),(182,155,'1206732399EINB',43),(182,154,'1206732393CXVV',43),(182,151,'1211811587EZNL',43),(182,156,'1211811587EZNL',43),(182,159,'1206732361LXFE',43),(182,163,'1206732391QBUR',43),(182,162,'1206732372QTKL',43),(182,158,'1206732361LXFD',43),(182,157,'1206732399EINF',43),(182,152,'1206732399EINF',43),(182,141,'1206732399EINF',43),(182,136,'1206732399EINF',43),(182,147,'1206732361LXFE',43),(182,146,'1206732399EINF',43),(182,160,'1206732399EINF',43),(182,161,'1206732372QTKK',43),(182,139,'1206732392OZUP',43),(182,150,'1206732392OZUP',43),(182,164,'1206732392OZUP',43),(183,137,'1304525968YBL',43),(183,135,'1304525968YBL',43),(183,143,'1304525968YBL',43),(183,142,'1304525968YBL',43),(183,144,'1304525968YBL',43),(183,140,'1304525968YBL',43),(183,138,'1304525968YBL',43),(183,148,'1304525968YBL',43),(183,145,'1304525968YBL',43),(183,149,'1304525968YBL',43),(183,153,'1304525968YBL',43),(183,155,'1304525968YBL',43),(183,154,'1304525968YBL',43),(183,151,'1304525968YBL',43),(183,156,'1304525968YBL',43),(183,159,'1304525968YBL',43),(183,163,'1304525968YBL',43),(183,162,'1304525968YBL',43),(183,158,'1304525968YBL',43),(183,157,'1304525968YBL',43),(183,152,'1304525968YBL',43),(183,141,'1304525968YBL',43),(183,136,'1304525968YBL',43),(183,147,'1304525968YBL',43),(183,146,'1304525968YBL',43),(183,160,'1304525968YBL',43),(183,161,'1304525968YBL',43),(183,139,'1304525968YBL',43),(183,150,'1304525968YBL',43),(183,164,'1304525968YBL',43),(184,233,'1206732411EGSC',43),(184,232,'1211811588SCXM',43),(184,234,'1211811588SCXP',43),(184,231,'1206732400OXCG',43),(184,224,'1211811588SCXI',43),(184,237,'1211811588SCXS',43),(184,236,'1206732400OWZZ',43),(184,239,'1211811588SCXV',43),(184,238,'1206732400OXAD',43),(184,225,'1206732411EGRU',43),(184,242,'1206732400OXCG',43),(184,226,'1211811587EZNL',43),(184,243,'1211811588SCXM',43),(184,227,'1211811588SCXW',43),(184,241,'1230529131MQQP',43),(184,240,'1211811588SCXX',43),(184,252,'1206732411EGSC',43),(184,251,'1211811588SCXM',43),(184,253,'1211811588SCXP',43),(184,250,'1206732400OXCG',43),(184,228,'1211811588SCXI',43),(184,255,'1211811588SCXS',43),(184,254,'1206732400OWZZ',43),(184,257,'1211811588SCXV',43),(184,256,'1206732400OXAD',43),(184,229,'1206732411EGRU',43),(184,247,'1206732420EIUV',43),(184,246,'1211811583DBTA',43),(184,248,'1206732400OWXH',43),(184,244,'1211811588SCXP',43),(184,249,'1206732389NXTA',43),(184,230,'1206961902CIFJ',43),(184,258,'1206961902CIFJ',43),(184,235,'1206961902CIFJ',43),(184,245,'1206732413BNNK',43),(185,233,'1231383375IBJY',43),(185,232,'1230529131MQQI',43),(185,234,'1230529131MQQJ',43),(185,231,'1230529131MQQK',43),(185,224,'1304525968YBL',43),(185,237,'1230529131MQQL',43),(185,236,'1213107440FIBE',43),(185,239,'1230529131MQQM',43),(185,238,'1213107440FIBG',43),(185,225,'1304525968YBL',43),(185,242,'1304525968YBL',43),(185,226,'1304525968YBL',43),(185,243,'1304525968YBL',43),(185,227,'1304525968YBL',43),(185,241,'1230529131MQQN',43),(185,240,'1304525968YBL',43),(185,252,'1230529131MQQH',43),(185,251,'1230529131MQQI',43),(185,253,'1230529131MQQJ',43),(185,250,'1230529131MQQK',43),(185,228,'1304525968YBL',43),(185,255,'1230529131MQQL',43),(185,254,'1213107440FIBE',43),(185,257,'1230529131MQQM',43),(185,256,'1213107440FIBG',43),(185,229,'1304525968YBL',43),(185,247,'1234467593JERF',43),(185,246,'1234467593JERG',43),(185,248,'1234467593JERH',43),(185,244,'1304525968YBL',43),(185,249,'1234467595QYUZ',43),(185,230,'1304525968YBL',43),(185,258,'1271819081FWHR',43),(185,235,'1230529131MQQO',43),(185,245,'1249453427FZWT',43),(186,41,'1228709730AUQK',43),(186,43,'1206732411EGRU',43),(186,44,'1211811587EZNL',43),(186,45,'1234467600DUZA',43),(186,42,'1228709730AUQK',43),(187,41,'1230529132JKPE',43),(187,43,'1304525968YBL',43),(187,44,'1211811587EZNL',43),(187,45,'1304525968YBL',43),(187,42,'1234467600DUZO',43),(188,41,'1212843299DWEZ',43),(188,43,'1304525968YBL',43),(188,44,'1300093318GOYC',43),(188,45,'1304525968YBL',43),(188,42,'1234467600DUZK',43),(93,123,'1304525968YBL',43),(93,124,'1304525968YBL',43),(93,125,'1304525968YBL',43),(93,126,'1304525968YBL',43),(93,128,'1304525968YBL',43),(93,129,'1304525968YBL',43),(93,127,'1304525968YBL',43),(93,130,'1304525968YBL',43),(93,120,'1304525968YBL',43),(93,122,'1304525968YBL',43),(93,121,'1304525968YBL',43),(93,131,'1304525968YBL',43),(93,119,'1304525968YBL',43),(93,118,'1304525968YBL',43),(93,132,'1304525968YBL',43),(94,123,'1304525968YBL',43),(94,124,'1304525968YBL',43),(94,125,'1304525968YBL',43),(94,126,'1304525968YBL',43),(94,128,'1304525968YBL',43),(94,129,'1304525968YBL',43),(94,127,'1304525968YBL',43),(94,130,'1304525968YBL',43),(94,120,'1304525968YBL',43),(94,122,'1304525968YBL',43),(94,121,'1304525968YBL',43),(94,131,'1304525968YBL',43),(94,119,'1304525968YBL',43),(94,118,'1304525968YBL',43),(94,132,'1304525968YBL',43),(92,52,'1209142268NMKA',48),(180,193,'1206732392OZVB',48),(180,195,'1206732392OZVG',48),(180,198,'1206732400OWXG',48),(180,191,'1206732392OZVA',48),(180,201,'1206961869IGND',48),(180,192,'1206732400OWXG',48),(180,197,'1206961869IGNE',48),(180,194,'1327092562CAGM',48),(180,202,'1304525968YBL',48),(180,208,'1206732411EGRU',48),(180,206,'1206961869IGND',48),(180,207,'1206961869IGND',48),(180,200,'1206961869IGND',48),(180,196,'1326997214IWXZ',48),(180,199,'1206961869IGND',48),(180,205,'1206961869IGND',48),(180,203,'1206732392OZVB',48),(180,204,'1206732411EGRV',48),(181,193,'1304525968YBL',48),(181,195,'1304525968YBL',48),(181,198,'1304525968YBL',48),(181,191,'1304525968YBL',48),(181,201,'1304525968YBL',48),(181,192,'1304525968YBL',48),(181,197,'1304525968YBL',48),(181,194,'1304525968YBL',48),(181,202,'1304525968YBL',48),(181,208,'1304525968YBL',48),(181,206,'1206961869IGND',48),(181,207,'1206961869IGND',48),(181,200,'1304525968YBL',48),(181,196,'1304525968YBL',48),(181,199,'1304525968YBL',48),(181,205,'1206961869IGND',48),(181,203,'1304525968YBL',48),(181,204,'1304525968YBL',48),(182,166,'1206732361LXFD',48),(182,167,'1206732361LXFE',48),(182,169,'1206732372QTKL',48),(182,174,'1242282449PIPC',48),(182,173,'1206732399EINB',48),(182,175,'1206732393CXVV',48),(182,168,'1206732399EINF',48),(182,171,'1206732391QBUR',48),(182,170,'1206732399EINF',48),(182,165,'1206732393CXVV',48),(182,177,'1206732391QBUR',48),(182,176,'1206732399EINF',48),(182,179,'1228820287MBVC',48),(182,172,'1206732392OZUP',48),(182,178,'1206732392OZUP',48),(183,166,'1304525968YBL',48),(183,167,'1304525968YBL',48),(183,169,'1304525968YBL',48),(183,174,'1304525968YBL',48),(183,173,'1304525968YBL',48),(183,175,'1304525968YBL',48),(183,168,'1304525968YBL',48),(183,171,'1304525968YBL',48),(183,170,'1304525968YBL',48),(183,165,'1304525968YBL',48),(183,177,'1304525968YBL',48),(183,176,'1304525968YBL',48),(183,179,'1304525968YBL',48),(183,172,'1304525968YBL',48),(183,178,'1304525968YBL',48),(184,259,'1206732392OZVB',48),(184,267,'1206732392OZVG',48),(184,266,'1206961869IGND',48),(184,260,'1206961869IGND',48),(184,262,'1213695731KPWL',48),(184,263,'1225317243NFWW',48),(184,261,'1206732412DAEM',48),(184,264,'1326997214IWXZ',48),(184,265,'1206961869IGND',48),(185,259,'1213093111HQEY',48),(185,267,'1213093111HQEZ',48),(185,266,'1304525968YBL',48),(185,260,'1206961869IGND',48),(185,262,'1213695731KPWK',48),(185,263,'1298294100SWQR',48),(185,261,'1298294100SWQQ',48),(185,264,'1326997214IWYA',48),(185,265,'1304525968YBL',48),(186,47,'1206961854HENX',48),(186,49,'1209142268NMKA',48),(186,48,'1298350340NHYH',48),(187,47,'1248858840SJVU',48),(187,49,'1248956147DPFH',48),(187,48,'1304525968YBL',48),(188,47,'1248858840SJVT',48),(188,49,'1254807071CUTF',48),(188,48,'1304525968YBL',48),(93,133,'1304525968YBL',48),(93,134,'1304525968YBL',48),(93,135,'1304525968YBL',48),(93,136,'1304525968YBL',48),(93,137,'1304525968YBL',48),(93,138,'1304525968YBL',48),(93,139,'1304525968YBL',48),(93,140,'1304525968YBL',48),(93,141,'1298350340NHYI',48),(93,142,'1304525968YBL',48),(93,143,'1206961882TDHA',48),(94,133,'1304525968YBL',48),(94,134,'1304525968YBL',48),(94,135,'1304525968YBL',48),(94,136,'1304525968YBL',48),(94,137,'1304525968YBL',48),(94,138,'1304525968YBL',48),(94,139,'1304525968YBL',48),(94,140,'1304525968YBL',48),(94,141,'1304525968YBL',48),(94,142,'1304525968YBL',48),(94,143,'1304525968YBL',48),(151,3,'1256627134RCAT',51),(151,1,'1256627134RCAU',51),(151,2,'1256627134RCAV',51),(151,10,'1256627134RCAW',51),(151,4,'1256627134RCAX',51),(151,5,'1256627134RCAY',51),(151,6,'1256627135RQMP',51),(151,7,'1256627135RQMQ',51),(151,8,'1256627135RQMR',51),(151,9,'1256627135RQMS',51),(151,11,'1256627135RQMT',51),(151,12,'1242282415NZVT',51),(151,13,'1259308004LCOJ',51),(151,14,'1242282414LZOZ',51),(151,15,'1219769904NDKA',51),(151,16,'1206732405TIXB',51),(151,17,'1262788737JKMA',51),(151,18,'1262788737JKMB',51),(151,19,'1262788737JKMC',51),(151,20,'1262788737JKMD',51),(93,145,'1299055911PUVO',51),(93,146,'1299065715KKOP',51),(93,147,'1304525968YBL',51),(93,144,'1322125538SPUI',51),(94,145,'1304525968YBL',51),(94,146,'1304525968YBL',51),(94,147,'1304525968YBL',51),(94,144,'1304525968YBL',51),(178,5,'1299148877GJUS',51),(179,5,'1217608863EAVB',51),(92,54,'1300121932OKCT',62),(92,55,'1300121932OKCU',62),(92,56,'1300121932OKCV',62),(92,57,'1300121932OKCW',62),(92,58,'1300121932OKCX',62),(92,59,'1300121932OKCY',62),(92,60,'1300121932OKCZ',62),(92,61,'1300121932OKDA',62),(178,6,'1304525968YBL',62),(179,6,'1300434054FKHV',62),(92,62,'1298350334ECWR',75),(92,21,'1229653442FEQZ',67),(92,53,'1298350400ESTE',67),(92,63,'1299729469KOHO',67),(92,64,'1300093380HDZQ',67),(180,210,'1206732392OZVA',67),(180,211,'1304525968YBL',67),(180,213,'1206732392OZVB',67),(180,214,'1206732411EGRV',67),(180,215,'1206732411EGRU',67),(180,216,'1241675187IFAK',67),(180,219,'1206732411EGSE',67),(180,221,'1298350400ESTF',67),(180,218,'1298294092CJJG',67),(180,220,'1206732400OWXG',67),(180,212,'1206732361LXFE',67),(180,217,'1306382540KOEE',67),(180,222,'1206732392OZVA',67),(180,209,'1206732392OZVB',67),(180,223,'1206732392OZVG',67),(180,225,'1206961869IGNE',67),(180,226,'1206732400OWXG',67),(180,227,'1206961869IGND',67),(180,228,'1206961869IGND',67),(180,224,'1298294095NUCM',67),(181,210,'1304525968YBL',67),(181,211,'1304525968YBL',67),(181,213,'1304525968YBL',67),(181,214,'1304525968YBL',67),(181,215,'1304525968YBL',67),(181,216,'1304525968YBL',67),(181,219,'1304525968YBL',67),(181,221,'1304525968YBL',67),(181,218,'1298294092CJJG',67),(181,220,'1304525968YBL',67),(181,212,'1304525968YBL',67),(181,217,'1304525968YBL',67),(181,222,'1304525968YBL',67),(181,209,'1304525968YBL',67),(181,223,'1304525968YBL',67),(181,225,'1304525968YBL',67),(181,226,'1304525968YBL',67),(181,227,'1304525968YBL',67),(181,228,'1304525968YBL',67),(181,224,'1304525968YBL',67),(182,180,'1206732361LXFD',67),(182,181,'1206732361LXFE',67),(182,182,'1206732392OZVE',67),(182,184,'1206732361LXFE',67),(182,185,'1206961882TDHA',67),(182,186,'1228820287MBVC',67),(182,187,'1206732391QBUR',67),(182,183,'1206732392OZUP',67),(182,188,'1206732392OZUP',67),(183,180,'1304525968YBL',67),(183,181,'1304525968YBL',67),(183,182,'1304525968YBL',67),(183,184,'1304525968YBL',67),(183,185,'1304525968YBL',67),(183,186,'1304525968YBL',67),(183,187,'1304525968YBL',67),(183,183,'1304525968YBL',67),(183,188,'1304525968YBL',67),(184,268,'1206732412DABR',67),(184,269,'1206732412DABZ',67),(184,270,'1206732411EGRV',67),(184,271,'1206732411EGRU',67),(184,272,'1206732412DAEB',67),(184,273,'1206732405TIXE',67),(184,274,'1206732412DACJ',67),(184,276,'1206732400OWXG',67),(184,275,'1206961854HENX',67),(185,268,'1304525968YBL',67),(185,269,'1304525968YBL',67),(185,270,'1304525968YBL',67),(185,271,'1304525968YBL',67),(185,272,'1304525968YBL',67),(185,273,'1304525968YBL',67),(185,274,'1304525968YBL',67),(185,276,'1304525968YBL',67),(185,275,'1298294093RWKN',67),(186,50,'1229653442FEQZ',67),(186,52,'1208359284QWNS',67),(186,51,'1298350401HIBI',67),(187,50,'1304525968YBL',67),(187,52,'1304525968YBL',67),(187,51,'1248858840SJVU',67),(188,50,'1304525968YBL',67),(188,52,'1304525968YBL',67),(188,51,'1248858840SJVT',67),(93,148,'1298350401HIBK',67),(93,149,'1298350401HIBL',67),(93,150,'1242282449PIPL',67),(93,151,'1298350401HIBM',67),(93,152,'1298350401HIBN',67),(93,153,'1298350401HIBO',67),(93,154,'1298350401HIBP',67),(93,155,'1298350401HIBQ',67),(93,156,'1298350401HIBR',67),(93,157,'1298350401HIBS',67),(93,158,'1298350401HIBT',67),(93,159,'1304525968YBL',67),(93,160,'1298350401HIBU',67),(93,161,'1298350401HIBV',67),(93,162,'1298350401HIBW',67),(93,163,'1298350401HIBX',67),(94,148,'1304525968YBL',67),(94,149,'1304525968YBL',67),(94,150,'1304525968YBL',67),(94,151,'1304525968YBL',67),(94,152,'1304525968YBL',67),(94,153,'1304525968YBL',67),(94,154,'1304525968YBL',67),(94,155,'1304525968YBL',67),(94,156,'1304525968YBL',67),(94,157,'1304525968YBL',67),(94,158,'1304525968YBL',67),(94,159,'1304525968YBL',67),(94,160,'1304525968YBL',67),(94,161,'1304525968YBL',67),(94,162,'1304525968YBL',67),(94,163,'1304525968YBL',67),(178,7,'1298350401HIBY',67),(179,7,'1229653442FEQZ',67),(233,2,'1298350401HIBZ',67),(234,2,'1298350401HICA',67),(235,2,'1298350401HICA',67),(236,2,'1219856743ELFT',67),(237,2,'1304525968YBL',67),(238,2,'1219856743ELFT',67),(239,2,'1304525968YBL',67),(92,65,'1298350410GSFE',69),(92,66,'1298350410GSFF',69),(92,67,'1298350410GSFG',69),(92,68,'1298350410GSFH',69),(92,69,'1298350410GSFI',69),(178,8,'1327959044COWG',73),(178,9,'1327959044COWG',73),(179,8,'1327959044COWH',73),(179,9,'1327959044COWI',73),(92,70,'1298350408NRRZ',74),(92,71,'1298618260QLYK',74),(92,72,'1206732411EGQO',74),(92,73,'1304525968YBL',75),(92,74,'1235573667TCDZ',75),(665,0,'',77),(666,0,'',77),(0,0,'',77),(186,0,'',77),(188,0,'',77),(187,0,'',77),(181,0,'',77),(180,0,'',77),(185,0,'',77),(184,0,'',77),(183,0,'',77),(182,0,'',77),(94,0,'',77),(93,0,'',77),(92,0,'',77),(92,75,'1206732392OZUQ',77),(92,37,'1206961936HCWQ',77),(92,76,'1206961882TDGU',77),(92,77,'1206961882TDGU',77),(92,78,'1212761286RZAR',77),(92,79,'1206961948HYTE',77),(92,80,'1206961854HENY',77),(92,81,'1206961854HENY',77),(92,82,'1212761197FHZN',77),(92,83,'1212761197FHZN',77),(92,84,'1206961869IGNH',77),(92,85,'1206961869IGNH',77),(92,86,'1206961870KLBH',77),(92,87,'1206961870KLBH',77),(92,88,'1206732423RNTL',77),(92,89,'1206732388KEHY',77),(92,90,'1206732388KEHY',77),(92,91,'1209675038APRU',77),(92,92,'1209675038APRU',77),(92,93,'1304525968YBL',77),(92,94,'1250070127LYIO',77),(92,95,'1206961869IGNA',77),(92,96,'1219769905FKRL',77),(92,97,'1250070127LYIO',77),(92,98,'1206732388KEHV',77),(92,99,'1206732388KEHV',77),(92,100,'1251084258CTIW',77),(92,101,'1242112344IOLQ',77),(92,102,'1241787055GQCB',77),(178,0,'',80),(179,0,'',80),(92,103,'1207306697RNME',80),(92,104,'1207306697RNME',80),(180,248,'1206732400OWXG',80),(180,229,'1206732392OZVB',80),(180,247,'1206732372QTKN',80),(180,230,'1206732392OZVD',80),(180,233,'1206732439BHWY',80),(180,243,'1206732392OZVG',80),(180,242,'1273655191NLYX',80),(180,251,'1206732389NXTS',80),(180,252,'1206732392OZVG',80),(180,253,'1208951159ARQZ',80),(180,250,'1208951159ARQY',80),(180,249,'1206732392OZVA',80),(180,255,'1206961869IGND',80),(180,254,'1209034855GGPY',80),(180,232,'1206732392OZVA',80),(180,245,'1206961869IGNE',80),(180,237,'1253939321KJPL',80),(180,236,'1206732372QTKL',80),(180,235,'1298294078HATF',80),(180,234,'1206732372QTKM',80),(180,244,'1206961850KLRI',80),(180,239,'1217603897AYYA',80),(180,240,'1206732392OZVB',80),(180,241,'1211811587EZNL',80),(180,256,'1217603899SJDE',80),(180,257,'1217603899SJDE',80),(180,258,'1217603899SJDE',80),(180,259,'1217603899SJDE',80),(180,246,'1206732425HINT',80),(180,265,'1300366591QTAJ',80),(180,262,'1206732392OZVA',80),(180,264,'1300366591QTAK',80),(180,231,'1300366591QTAJ',80),(180,263,'1304525968YBL',80),(180,261,'1206961869IGND',80),(180,260,'1206732400OWXG',80),(180,238,'1206732392OZVD',80),(181,248,'1304525968YBL',80),(181,229,'1304525968YBL',80),(181,247,'1304525968YBL',80),(181,230,'1304525968YBL',80),(181,233,'1304525968YBL',80),(181,243,'1304525968YBL',80),(181,242,'1304525968YBL',80),(181,251,'1304525968YBL',80),(181,252,'1304525968YBL',80),(181,253,'1304525968YBL',80),(181,250,'1304525968YBL',80),(181,249,'1304525968YBL',80),(181,255,'1304525968YBL',80),(181,254,'1304525968YBL',80),(181,232,'1304525968YBL',80),(181,245,'1304525968YBL',80),(181,237,'1304525968YBL',80),(181,236,'1304525968YBL',80),(181,235,'1304525968YBL',80),(181,234,'1304525968YBL',80),(181,244,'1304525968YBL',80),(181,239,'1304525968YBL',80),(181,240,'1304525968YBL',80),(181,241,'1304525968YBL',80),(181,256,'1304525968YBL',80),(181,257,'1304525968YBL',80),(181,258,'1304525968YBL',80),(181,259,'1304525968YBL',80),(181,246,'1298350436LSKP',80),(181,265,'1304525968YBL',80),(181,262,'1304525968YBL',80),(181,264,'1304525968YBL',80),(181,231,'1304525968YBL',80),(181,263,'1304525968YBL',80),(181,261,'1304525968YBL',80),(181,260,'1304525968YBL',80),(181,238,'1304525968YBL',80),(182,193,'1228820287MBVC',80),(182,197,'1206732361LXFE',80),(182,194,'1206732399EINF',80),(182,206,'1206732391QBUR',80),(182,207,'1206732399EINB',80),(182,208,'1242282449PIPC',80),(182,209,'1206732393CXVV',80),(182,211,'1206732391QBUR',80),(182,210,'1206732399EINF',80),(182,201,'1206732391QBUR',80),(182,204,'1206732372QTKN',80),(182,199,'1207155379JNIN',80),(182,200,'1206732399EINF',80),(182,198,'1206732399EINF',80),(182,205,'1206732399EINF',80),(182,195,'1206732391QBUR',80),(182,218,'1206961882TDHA',80),(182,219,'1206732399EINB',80),(182,220,'1242282449PIPC',80),(182,221,'1206732393CXVV',80),(182,223,'1206732391QBUR',80),(182,222,'1206732399EINF',80),(182,217,'1206961882TDHA',80),(182,202,'1298294078HATF',80),(182,191,'1298294078HATF',80),(182,215,'1206732391QBUR',80),(182,190,'1307005985RRVD',80),(182,225,'1242282449PIPC',80),(182,189,'1306927257COUB',80),(182,226,'1242282449PIPC',80),(182,227,'1242282449PIPC',80),(182,192,'1206732399EINF',80),(182,213,'1206732393CXVV',80),(182,214,'1206732399EINF',80),(182,203,'1206732392OZUP',80),(182,196,'1206732392OZUP',80),(182,212,'1206732392OZUP',80),(182,216,'1206732392OZUP',80),(182,224,'1206732392OZUP',80),(183,193,'1304525968YBL',80),(183,197,'1304525968YBL',80),(183,194,'1304525968YBL',80),(183,206,'1304525968YBL',80),(183,207,'1304525968YBL',80),(183,208,'1304525968YBL',80),(183,209,'1304525968YBL',80),(183,211,'1304525968YBL',80),(183,210,'1304525968YBL',80),(183,201,'1304525968YBL',80),(183,204,'1304525968YBL',80),(183,199,'1304525968YBL',80),(183,200,'1304525968YBL',80),(183,198,'1304525968YBL',80),(183,205,'1304525968YBL',80),(183,195,'1304525968YBL',80),(183,218,'1304525968YBL',80),(183,219,'1304525968YBL',80),(183,220,'1304525968YBL',80),(183,221,'1304525968YBL',80),(183,223,'1304525968YBL',80),(183,222,'1304525968YBL',80),(183,217,'1304525968YBL',80),(183,202,'1304525968YBL',80),(183,191,'1304525968YBL',80),(183,215,'1304525968YBL',80),(183,190,'1304525968YBL',80),(183,225,'1304525968YBL',80),(183,189,'1304525968YBL',80),(183,226,'1304525968YBL',80),(183,227,'1304525968YBL',80),(183,192,'1304525968YBL',80),(183,213,'1304525968YBL',80),(183,214,'1304525968YBL',80),(183,203,'1304525968YBL',80),(183,196,'1304525968YBL',80),(183,212,'1304525968YBL',80),(183,216,'1304525968YBL',80),(183,224,'1304525968YBL',80),(184,284,'1206732392OZVB',80),(184,286,'1206732392OZVG',80),(184,287,'1206732392OZVD',80),(184,299,'1206732392OZVB',80),(184,300,'1206732392OZVG',80),(184,301,'1207306697RNME',80),(184,298,'1211811583DBTA',80),(184,289,'1206732372QTKN',80),(184,288,'1217603897AYYA',80),(184,277,'1307005986MLQD',80),(184,293,'1206961850KLRL',80),(184,302,'1298350437HNTL',80),(184,303,'1219770756BFUK',80),(184,304,'1211811587EZNL',80),(184,294,'1298294079SVND',80),(184,285,'1211811583DBTA',80),(184,278,'1307005987LSGU',80),(184,295,'1206732388KEHS',80),(184,279,'1307005987LSGV',80),(184,296,'1206732388KEHS',80),(184,280,'1307005987LSGW',80),(184,297,'1206732388KEHS',80),(184,305,'1206732421RJQA',80),(184,281,'1206732412DABR',80),(184,291,'1209559181OZLK',80),(184,292,'1206732411EGRY',80),(184,282,'1206961912MJQB',80),(184,290,'1206961869IGNE',80),(184,283,'1206732425HINT',80),(184,306,'1306927259HYXV',80),(184,307,'1217603899SJDE',80),(184,308,'1307005987LSGX',80),(184,309,'1307005987LSGY',80),(184,310,'1306927259HYXV',80),(185,284,'1304525968YBL',80),(185,286,'1304525968YBL',80),(185,287,'1304525968YBL',80),(185,299,'1304525968YBL',80),(185,300,'1304525968YBL',80),(185,301,'1211907793ETQC',80),(185,298,'1304525968YBL',80),(185,289,'1304525968YBL',80),(185,288,'1304525968YBL',80),(185,277,'1304525968YBL',80),(185,293,'1304525968YBL',80),(185,302,'1301400667SKBF',80),(185,303,'1304525968YBL',80),(185,304,'1304525968YBL',80),(185,294,'1304525968YBL',80),(185,285,'1304525968YBL',80),(185,278,'1304525968YBL',80),(185,295,'1304525968YBL',80),(185,279,'1304525968YBL',80),(185,296,'1304525968YBL',80),(185,280,'1304525968YBL',80),(185,297,'1304525968YBL',80),(185,305,'1304525968YBL',80),(185,281,'1304525968YBL',80),(185,291,'1304525968YBL',80),(185,292,'1304525968YBL',80),(185,282,'1304525968YBL',80),(185,290,'1304525968YBL',80),(185,283,'1304525968YBL',80),(185,306,'1307005988CSSM',80),(185,307,'1307005988CSSN',80),(185,308,'1307005988CSSO',80),(185,309,'1304525968YBL',80),(185,310,'1307005988CSSP',80),(186,60,'1207306697RNME',80),(186,53,'1211811516QTEF',80),(186,54,'1208951159ARQX',80),(186,61,'1207306697RNME',80),(186,62,'1298350437HNTN',80),(186,63,'1211811587EZNL',80),(186,55,'1298350437HNTO',80),(186,56,'1298350437HNTP',80),(186,57,'1298350437HNTQ',80),(186,58,'1298350437HNTR',80),(186,64,'1298350437HNTS',80),(186,59,'1300366596LVYZ',80),(186,65,'1306927257COUB',80),(186,66,'1206732372QTKK',80),(186,67,'1207155379JNIN',80),(187,60,'1207306697RNME',80),(187,53,'1211907792LCMK',80),(187,54,'1208951159ARRF',80),(187,61,'1207306697RNME',80),(187,62,'1301400668NOSW',80),(187,63,'1304525968YBL',80),(187,55,'1304525968YBL',80),(187,56,'1304525968YBL',80),(187,57,'1304525968YBL',80),(187,58,'1304525968YBL',80),(187,64,'1207306697RNME',80),(187,59,'1304525968YBL',80),(187,65,'1304525968YBL',80),(187,66,'1304525968YBL',80),(187,67,'1304525968YBL',80),(188,60,'1300111184CKDD',80),(188,53,'1271819049DNZB',80),(188,54,'1212843296FJPT',80),(188,61,'1212843296FJPV',80),(188,62,'1301400669BLYC',80),(188,63,'1304525968YBL',80),(188,55,'1304525968YBL',80),(188,56,'1304525968YBL',80),(188,57,'1304525968YBL',80),(188,58,'1304525968YBL',80),(188,64,'1300169727QALO',80),(188,59,'1304525968YBL',80),(188,65,'1304525968YBL',80),(188,66,'1304525968YBL',80),(188,67,'1304525968YBL',80),(93,164,'1304525968YBL',80),(93,165,'1304525968YBL',80),(93,166,'1304525968YBL',80),(93,167,'1304525968YBL',80),(93,168,'1304525968YBL',80),(93,169,'1304525968YBL',80),(93,170,'1304525968YBL',80),(93,172,'1304525968YBL',80),(93,173,'1304525968YBL',80),(93,171,'1304525968YBL',80),(93,174,'1298350438DLWR',80),(93,176,'1304525968YBL',80),(93,177,'1304525968YBL',80),(93,178,'1304525968YBL',80),(93,179,'1304525968YBL',80),(93,180,'1304525968YBL',80),(93,181,'1304525968YBL',80),(93,182,'1304525968YBL',80),(93,183,'1304525968YBL',80),(93,184,'1304525968YBL',80),(93,185,'1304525968YBL',80),(93,175,'1304525968YBL',80),(93,187,'1304525968YBL',80),(93,188,'1304525968YBL',80),(93,186,'1304525968YBL',80),(93,189,'1304525968YBL',80),(93,190,'1304525968YBL',80),(94,164,'1304525968YBL',80),(94,165,'1304525968YBL',80),(94,166,'1304525968YBL',80),(94,167,'1304525968YBL',80),(94,168,'1304525968YBL',80),(94,169,'1304525968YBL',80),(94,170,'1304525968YBL',80),(94,172,'1304525968YBL',80),(94,173,'1304525968YBL',80),(94,171,'1304525968YBL',80),(94,174,'1304525968YBL',80),(94,176,'1304525968YBL',80),(94,177,'1304525968YBL',80),(94,178,'1304525968YBL',80),(94,179,'1304525968YBL',80),(94,180,'1304525968YBL',80),(94,181,'1304525968YBL',80),(94,182,'1304525968YBL',80),(94,183,'1234467594BCKE',80),(94,184,'1304525968YBL',80),(94,185,'1304525968YBL',80),(94,175,'1304525968YBL',80),(94,187,'1304525968YBL',80),(94,188,'1304525968YBL',80),(94,186,'1304525968YBL',80),(94,189,'1304525968YBL',80),(94,190,'1304525968YBL',80),(178,10,'1304525968YBL',80),(179,10,'1298350439ZNI',80),(92,107,'1250070127LYIO',82),(180,267,'1206732392OZVA',82),(180,268,'1206732392OZVA',82),(180,273,'1206961869IGND',82),(180,269,'1206732392OZVB',82),(180,271,'1227579895DRET',82),(180,270,'1206732392OZVG',82),(180,272,'1206732412DAEO',82),(180,276,'1206732392OZVA',82),(180,277,'1304525968YBL',82),(180,289,'1206961869IGND',82),(180,266,'1206732392OZVB',82),(180,279,'1217251965LDUA',82),(180,278,'1206732392OZVB',82),(180,280,'1206732392OZVG',82),(180,283,'1206732425HINS',82),(180,282,'1206732425HINW',82),(180,286,'1250777199FEMQ',82),(180,275,'1206732425HINY',82),(180,284,'1250070242QRDI',82),(180,287,'1206732400OWXG',82),(180,285,'1250070242QRDJ',82),(180,291,'1206732392OZVA',82),(180,292,'1206732392OZVB',82),(180,293,'1217251965LDUA',82),(180,294,'1206732392OZVH',82),(180,295,'1206732372QTKN',82),(180,296,'1206732423RNTL',82),(180,299,'1206732400OWXG',82),(180,301,'1206961869IGND',82),(180,274,'1206732425HINT',82),(180,281,'1217251965LDTZ',82),(180,288,'1206961869IGND',82),(180,298,'1250070242QRDK',82),(180,308,'1206961869IGND',82),(180,302,'1206732366OVLX',82),(180,305,'1206732372QTKN',82),(180,309,'1206961869IGND',82),(180,303,'1206732392OZVA',82),(180,304,'1206732425HINW',82),(180,306,'1206732439BHWX',82),(180,307,'1206732400OWXG',82),(180,310,'1206961869IGND',82),(180,290,'1206961869IGND',82),(180,297,'1206961945HIVW',82),(180,300,'1206961869IGND',82),(181,267,'1304525968YBL',82),(181,268,'1304525968YBL',82),(181,273,'1304525968YBL',82),(181,269,'1304525968YBL',82),(181,271,'1304525968YBL',82),(181,270,'1304525968YBL',82),(181,272,'1304525968YBL',82),(181,276,'1304525968YBL',82),(181,277,'1304525968YBL',82),(181,289,'1304525968YBL',82),(181,266,'1304525968YBL',82),(181,279,'1304525968YBL',82),(181,278,'1304525968YBL',82),(181,280,'1304525968YBL',82),(181,283,'1304525968YBL',82),(181,282,'1304525968YBL',82),(181,286,'1304525968YBL',82),(181,275,'1304525968YBL',82),(181,284,'1304525968YBL',82),(181,287,'1304525968YBL',82),(181,285,'1304525968YBL',82),(181,291,'1304525968YBL',82),(181,292,'1304525968YBL',82),(181,293,'1304525968YBL',82),(181,294,'1304525968YBL',82),(181,295,'1304525968YBL',82),(181,296,'1304525968YBL',82),(181,299,'1304525968YBL',82),(181,301,'1206961869IGND',82),(181,274,'1304525968YBL',82),(181,281,'1304525968YBL',82),(181,288,'1304525968YBL',82),(181,298,'1304525968YBL',82),(181,308,'1304525968YBL',82),(181,302,'1304525968YBL',82),(181,305,'1304525968YBL',82),(181,309,'1304525968YBL',82),(181,303,'1304525968YBL',82),(181,304,'1206961869IGND',82),(181,306,'1304525968YBL',82),(181,307,'1304525968YBL',82),(181,310,'1206961869IGND',82),(181,290,'1304525968YBL',82),(181,297,'1304525968YBL',82),(181,300,'1206961869IGND',82),(182,228,'1239111911FQGJ',82),(182,231,'1242282449PIPC',82),(182,232,'1206732393CXVV',82),(182,233,'1206732391QBUR',82),(182,235,'1206732361LXFD',82),(182,236,'1206732361LXFE',82),(182,238,'1206732372QTKL',82),(182,237,'1206732372QTKK',82),(182,241,'1206732393CXVV',82),(182,242,'1206961882TDHA',82),(182,243,'1206732391QBUR',82),(182,239,'1228820287MBVC',82),(182,240,'1206732391QBUR',82),(182,229,'1206732391QBUR',82),(182,246,'1242282449PIPC',82),(182,247,'1206732393CXVV',82),(182,245,'1206732399EINB',82),(182,248,'1206732391QBUR',82),(182,250,'1206732393CXVV',82),(182,251,'1206961882TDHA',82),(182,252,'1206732391QBUR',82),(182,230,'1206732392OZUP',82),(182,234,'1206732392OZUP',82),(182,244,'1206732392OZUP',82),(182,249,'1206732392OZUP',82),(182,253,'1206732392OZUP',82),(183,228,'1304525968YBL',82),(183,231,'1304525968YBL',82),(183,232,'1304525968YBL',82),(183,233,'1304525968YBL',82),(183,235,'1304525968YBL',82),(183,236,'1304525968YBL',82),(183,238,'1304525968YBL',82),(183,237,'1304525968YBL',82),(183,241,'1304525968YBL',82),(183,242,'1304525968YBL',82),(183,243,'1304525968YBL',82),(183,239,'1304525968YBL',82),(183,240,'1304525968YBL',82),(183,229,'1304525968YBL',82),(183,246,'1304525968YBL',82),(183,247,'1206732389NXTC',82),(183,245,'1304525968YBL',82),(183,248,'1304525968YBL',82),(183,250,'1304525968YBL',82),(183,251,'1304525968YBL',82),(183,252,'1304525968YBL',82),(183,230,'1304525968YBL',82),(183,234,'1304525968YBL',82),(183,244,'1304525968YBL',82),(183,249,'1304525968YBL',82),(183,253,'1304525968YBL',82),(184,318,'1239111911FQGH',82),(184,319,'1239870995FKWO',82),(184,317,'1239111911FQGI',82),(184,321,'1206732420EIUV',82),(184,311,'1250070242QRDK',82),(184,322,'1206732425HINS',82),(184,312,'1206961869IGNA',82),(184,320,'1206961869IGNA',82),(184,323,'1219769905FKRL',82),(184,324,'1207306697RNMA',82),(184,325,'1206732400OWXG',82),(184,326,'1206961869IGND',82),(184,327,'1206732392OZVB',82),(184,328,'1211811528BLZA',82),(184,329,'1206732392OZVH',82),(184,330,'1217251965LDUE',82),(184,331,'1220446694TBPU',82),(184,332,'1220272211DTNO',82),(184,313,'1206961912MJQB',82),(184,314,'1206732400OWZR',82),(184,335,'1206732420EIUV',82),(184,315,'1206961869IGNA',82),(184,336,'1211811528BLZA',82),(184,316,'1250070242QRDK',82),(184,334,'1250070242QRDK',82),(184,337,'1206732392OZVH',82),(184,338,'1217251965LDUE',82),(184,333,'1206732400OWXG',82),(185,318,'1239111910ARQB',82),(185,319,'1239870994APHY',82),(185,317,'1239111910ARQC',82),(185,321,'1304525968YBL',82),(185,311,'1304525968YBL',82),(185,322,'1304525968YBL',82),(185,312,'1304525968YBL',82),(185,320,'1304525968YBL',82),(185,323,'1304525968YBL',82),(185,324,'1304525968YBL',82),(185,325,'1304525968YBL',82),(185,326,'1206961869IGND',82),(185,327,'1217251965LDUB',82),(185,328,'1217251965LDUC',82),(185,329,'1217251965LDUD',82),(185,330,'1206732389NXTC',82),(185,331,'1206732389NXTC',82),(185,332,'1206732389NXTC',82),(185,313,'1206732389NXTC',82),(185,314,'1206732389NXTC',82),(185,335,'1304525968YBL',82),(185,315,'1304525968YBL',82),(185,336,'1304525968YBL',82),(185,316,'1304525968YBL',82),(185,334,'1304525968YBL',82),(185,337,'1304525968YBL',82),(185,338,'1304525968YBL',82),(185,333,'1304525968YBL',82),(186,68,'1243437901LSSX',82),(186,72,'1206961870KLBH',82),(186,69,'1250070242QRDK',82),(186,70,'1217251965LDTZ',82),(186,73,'1250070242QRDL',82),(186,74,'1206961869IGNA',82),(186,75,'1262788755ESJP',82),(186,71,'1262788755ESJQ',82),(187,68,'1253938983RSND',82),(187,72,'1304525968YBL',82),(187,69,'1251517317JKUT',82),(187,70,'1304525968YBL',82),(187,73,'1251084267IPHF',82),(187,74,'1206732389NXTC',82),(187,75,'1262788755ESJS',82),(187,71,'1304525968YBL',82),(188,68,'1253938983RSNC',82),(188,72,'1304525968YBL',82),(188,69,'1271819398CUCF',82),(188,70,'1304525968YBL',82),(188,73,'1262788755ESJR',82),(188,74,'1206732389NXTC',82),(188,75,'1251084267IPHE',82),(188,71,'1304525968YBL',82),(93,194,'1250070242QRDO',82),(93,195,'1250145258KISY',82),(93,196,'1304525968YBL',82),(93,197,'1304525968YBL',82),(93,198,'1250777201NOVJ',82),(93,199,'1250777201NOVK',82),(93,200,'1250777201NOVL',82),(93,201,'1251084268RVUM',82),(93,202,'1251084268RVUN',82),(93,203,'1304525968YBL',82),(93,204,'1304525968YBL',82),(93,205,'1304525968YBL',82),(93,206,'1304525968YBL',82),(93,207,'1304525968YBL',82),(93,208,'1304525968YBL',82),(93,209,'1304525968YBL',82),(93,210,'1304525968YBL',82),(93,211,'1304525968YBL',82),(93,192,'1304525968YBL',82),(93,193,'1304525968YBL',82),(93,191,'1298546835PCUJ',82),(93,212,'1304525968YBL',82),(94,194,'1304525968YBL',82),(94,195,'1304525968YBL',82),(94,196,'1304525968YBL',82),(94,197,'1304525968YBL',82),(94,198,'1304525968YBL',82),(94,199,'1304525968YBL',82),(94,200,'1304525968YBL',82),(94,201,'1304525968YBL',82),(94,202,'1304525968YBL',82),(94,203,'1304525968YBL',82),(94,204,'1304525968YBL',82),(94,205,'1304525968YBL',82),(94,206,'1304525968YBL',82),(94,207,'1304525968YBL',82),(94,208,'1304525968YBL',82),(94,209,'1304525968YBL',82),(94,210,'1220793699CLWU',82),(94,211,'1304525968YBL',82),(94,192,'1304525968YBL',82),(94,193,'1304525968YBL',82),(94,191,'1304525968YBL',82),(94,212,'1304525968YBL',82),(178,11,'1298350443MPIR',82),(179,11,'1250070242QRDK',82),(182,254,'1267607212GWJP',84),(182,270,'1206732392OZUQ',84),(182,265,'1206732392OZUS',84),(182,259,'1206732392OZUO',84),(182,255,'1206732392OZUV',84),(182,256,'1211811516QTED',84),(182,263,'1228709730AUQK',84),(182,262,'1211811516QTEF',84),(182,269,'1229651877RBLW',84),(182,257,'1206961854HENY',84),(182,260,'1211280056BEZM',84),(182,271,'1249442262PZQK',84),(182,264,'1250070242QRDK',84),(182,268,'1253200893CXZC',84),(182,258,'1229653442FEQZ',84),(182,261,'1206961854HENX',84),(182,267,'1298888291HSWK',84),(182,266,'1220793710GXYB',84),(183,254,'1304525968YBL',84),(183,270,'1304525968YBL',84),(183,265,'1304525968YBL',84),(183,259,'1304525968YBL',84),(183,255,'1304525968YBL',84),(183,256,'1304525968YBL',84),(183,263,'1304525968YBL',84),(183,262,'1304525968YBL',84),(183,269,'1304525968YBL',84),(183,257,'1304525968YBL',84),(183,260,'1304525968YBL',84),(183,271,'1304525968YBL',84),(183,264,'1304525968YBL',84),(183,268,'1304525968YBL',84),(183,258,'1304525968YBL',84),(183,261,'1304525968YBL',84),(183,267,'1304525968YBL',84),(183,266,'1304525968YBL',84),(184,342,'1304525968YBL',84),(184,339,'1206732392OZUN',84),(184,340,'1206732392OZUS',84),(184,341,'1227580613HBMI',84),(184,343,'1227580613HBMJ',84),(184,344,'1227580613HBMK',84),(184,345,'1227580613HBML',84),(185,342,'1304525968YBL',84),(185,339,'1304525968YBL',84),(185,340,'1304525968YBL',84),(185,341,'1304525968YBL',84),(185,343,'1304525968YBL',84),(185,344,'1304525968YBL',84),(185,345,'1304525968YBL',84),(186,76,'1298350455LEXP',84),(186,77,'1298350455LEXQ',84),(187,76,'1304525968YBL',84),(187,77,'1304525968YBL',84),(188,76,'1304525968YBL',84),(188,77,'1304525968YBL',84),(93,213,'1298350455LEXR',84),(94,213,'1304525968YBL',84),(178,12,'1298350459RDWD',84),(179,12,'1298350459RDWE',84),(233,3,'1219770757PKIY',84),(233,4,'1269341175PTYL',84),(233,5,'1228709631BCYF',84),(233,6,'1235462229ITLP',84),(234,3,'1304525968YBL',84),(234,4,'1304525968YBL',84),(234,5,'1304525968YBL',84),(234,6,'1235462229ITLO',84),(235,3,'1298350460SPWF',84),(235,4,'1298350460SPWG',84),(235,5,'1228709631BCYE',84),(235,6,'1235462229ITLO',84),(236,3,'1219856743ELFT',84),(236,4,'1219856743ELFT',84),(236,5,'1219856743ELFT',84),(236,6,'1219856743ELFT',84),(237,3,'1304525968YBL',84),(237,4,'1304525968YBL',84),(237,5,'1304525968YBL',84),(237,6,'1304525968YBL',84),(238,3,'1219856743ELFT',84),(238,4,'1219856743ELFT',84),(238,5,'1219856743ELFT',84),(238,6,'1219856743ELFT',84),(239,3,'1304525968YBL',84),(239,4,'1304525968YBL',84),(239,5,'1304525968YBL',84),(239,6,'1304525968YBL',84),(189,2,'1241989374PAXK',97),(190,2,'1241989373RZJP',97),(189,3,'1260253904QSSP',101),(190,3,'1260253904QSSO',101),(92,108,'1241989377TGDL',102),(92,109,'1206961882TDGU',102),(92,110,'1254227305KKYZ',102),(92,111,'1251697925DNIM',102),(92,112,'1254227305KKZB',102),(180,316,'1206732392OZVA',102),(180,317,'1206732392OZVA',102),(180,311,'1206732392OZVB',102),(180,318,'1206732392OZVG',102),(180,319,'1241989377TGEG',102),(180,320,'1206732411EGRV',102),(180,323,'1206732400OWXG',102),(180,322,'1207306697RNMA',102),(180,321,'1207242081BUBK',102),(180,331,'1206732400OWXG',102),(180,325,'1206732392OZVA',102),(180,326,'1241989377TGDL',102),(180,324,'1206732392OZVA',102),(180,312,'1206732400OXCG',102),(180,327,'1241989377TGER',102),(180,329,'1206961850KLRI',102),(180,328,'1211811588SCXI',102),(180,330,'1206732392OZVD',102),(180,332,'1206732392OZVA',102),(180,333,'1206732392OZVA',102),(180,334,'1251697924MLJP',102),(180,337,'1254227306FJFO',102),(180,336,'1206732392OZVD',102),(180,339,'1206961869IGNE',102),(180,338,'1206961850KLRI',102),(180,340,'1207306697RNMA',102),(180,341,'1206732400OWXG',102),(180,342,'1206732392OZVA',102),(180,343,'1206732392OZVA',102),(180,344,'1241989377TGDL',102),(180,313,'1206732400OXCG',102),(180,345,'1241989377TGER',102),(180,346,'1211811588SCXI',102),(180,347,'1206961850KLRI',102),(180,348,'1206732400OWXG',102),(180,349,'1206732392OZVA',102),(180,350,'1206732392OZVA',102),(180,351,'1241989377TGDL',102),(180,314,'1206732400OXCG',102),(180,352,'1241989377TGER',102),(180,353,'1211811588SCXI',102),(180,354,'1206961850KLRI',102),(180,355,'1206732400OWXG',102),(180,356,'1206732392OZVA',102),(180,357,'1206732392OZVA',102),(180,358,'1241989377TGDL',102),(180,315,'1206732400OXCG',102),(180,359,'1241989377TGER',102),(180,360,'1211811588SCXI',102),(180,361,'1206961850KLRI',102),(180,362,'1206732400OWXG',102),(180,335,'1206961869IGNP',102),(180,363,'1206961850KLRI',102),(180,364,'1263527488PFLQ',102),(180,365,'1263527488PFLR',102),(180,366,'1263527488PFLS',102),(181,316,'1304525968YBL',102),(181,317,'1304525968YBL',102),(181,311,'1304525968YBL',102),(181,318,'1304525968YBL',102),(181,319,'1304525968YBL',102),(181,320,'1304525968YBL',102),(181,323,'1304525968YBL',102),(181,322,'1304525968YBL',102),(181,321,'1304525968YBL',102),(181,331,'1304525968YBL',102),(181,325,'1304525968YBL',102),(181,326,'1304525968YBL',102),(181,324,'1304525968YBL',102),(181,312,'1304525968YBL',102),(181,327,'1304525968YBL',102),(181,329,'1304525968YBL',102),(181,328,'1304525968YBL',102),(181,330,'1304525968YBL',102),(181,332,'1251697924MLJR',102),(181,333,'1212516267RPGN',102),(181,334,'1251697924MLJS',102),(181,337,'1251697924MLJT',102),(181,336,'1251697924MLJU',102),(181,339,'1251697924MLJV',102),(181,338,'1251697924MLJW',102),(181,340,'1251697924MLJX',102),(181,341,'1251697924MLJY',102),(181,342,'1304525968YBL',102),(181,343,'1304525968YBL',102),(181,344,'1304525968YBL',102),(181,313,'1304525968YBL',102),(181,345,'1304525968YBL',102),(181,346,'1304525968YBL',102),(181,347,'1304525968YBL',102),(181,348,'1304525968YBL',102),(181,349,'1304525968YBL',102),(181,350,'1304525968YBL',102),(181,351,'1304525968YBL',102),(181,314,'1304525968YBL',102),(181,352,'1304525968YBL',102),(181,353,'1304525968YBL',102),(181,354,'1304525968YBL',102),(181,355,'1304525968YBL',102),(181,356,'1304525968YBL',102),(181,357,'1304525968YBL',102),(181,358,'1304525968YBL',102),(181,315,'1304525968YBL',102),(181,359,'1304525968YBL',102),(181,360,'1304525968YBL',102),(181,361,'1304525968YBL',102),(181,362,'1304525968YBL',102),(181,335,'1256863993QDJI',102),(181,363,'1304525968YBL',102),(181,364,'1304525968YBL',102),(181,365,'1304525968YBL',102),(181,366,'1304525968YBL',102),(182,275,'1206732361LXFD',102),(182,276,'1206732361LXFE',102),(182,277,'1206732372QTKL',102),(182,279,'1206732391QBUR',102),(182,278,'1206732399EINF',102),(182,285,'1206732393CXVV',102),(182,283,'1206732399EINB',102),(182,284,'1242282449PIPC',102),(182,286,'1206732399EINF',102),(182,287,'1206732391QBUR',102),(182,272,'1218203992KUZO',102),(182,274,'1206732399EINF',102),(182,273,'1206961898PIOC',102),(182,291,'1206732391QBUR',102),(182,297,'1206732391QBUR',102),(182,295,'1206732393CXVV',102),(182,294,'1242282449PIPC',102),(182,293,'1206732399EINB',102),(182,296,'1206732399EINF',102),(182,289,'1206732372QTKL',102),(182,290,'1206732399EINF',102),(182,281,'1218203992KUZO',102),(182,282,'1206732399EINF',102),(182,304,'1206732391QBUR',102),(182,301,'1206732361LXFD',102),(182,302,'1206732361LXFE',102),(182,303,'1206732372QTKL',102),(182,309,'1206732391QBUR',102),(182,307,'1206732372QTKL',102),(182,308,'1206732399EINF',102),(182,306,'1241989377TGEK',102),(182,311,'1251697925DNIL',102),(182,313,'1206732391QBUR',102),(182,312,'1206732399EINF',102),(182,318,'1206732372QTKL',102),(182,320,'1206732391QBUR',102),(182,319,'1206732399EINF',102),(182,317,'1206732393CXVV',102),(182,316,'1242282449PIPC',102),(182,315,'1206732399EINB',102),(182,300,'1206732372QTKN',102),(182,299,'1206961869IGNE',102),(182,322,'1206732391QBUR',102),(182,324,'1206732391QBUR',102),(182,314,'1206732392OZUP',102),(182,280,'1206732392OZUP',102),(182,288,'1206732392OZUP',102),(182,292,'1206732392OZUP',102),(182,298,'1206732392OZUP',102),(182,305,'1206732392OZUP',102),(182,310,'1206732392OZUP',102),(182,321,'1206732392OZUP',102),(182,323,'1206732392OZUP',102),(182,325,'1206732392OZUP',102),(183,275,'1304525968YBL',102),(183,276,'1304525968YBL',102),(183,277,'1304525968YBL',102),(183,279,'1304525968YBL',102),(183,278,'1304525968YBL',102),(183,285,'1304525968YBL',102),(183,283,'1304525968YBL',102),(183,284,'1304525968YBL',102),(183,286,'1304525968YBL',102),(183,287,'1304525968YBL',102),(183,272,'1304525968YBL',102),(183,274,'1304525968YBL',102),(183,273,'1304525968YBL',102),(183,291,'1304525968YBL',102),(183,297,'1304525968YBL',102),(183,295,'1304525968YBL',102),(183,294,'1304525968YBL',102),(183,293,'1304525968YBL',102),(183,296,'1304525968YBL',102),(183,289,'1304525968YBL',102),(183,290,'1304525968YBL',102),(183,281,'1304525968YBL',102),(183,282,'1304525968YBL',102),(183,304,'1304525968YBL',102),(183,301,'1251697925DNIJ',102),(183,302,'1304525968YBL',102),(183,303,'1304525968YBL',102),(183,309,'1304525968YBL',102),(183,307,'1304525968YBL',102),(183,308,'1304525968YBL',102),(183,306,'1251697925DNIK',102),(183,311,'1304525968YBL',102),(183,313,'1304525968YBL',102),(183,312,'1304525968YBL',102),(183,318,'1304525968YBL',102),(183,320,'1304525968YBL',102),(183,319,'1304525968YBL',102),(183,317,'1304525968YBL',102),(183,316,'1304525968YBL',102),(183,315,'1304525968YBL',102),(183,300,'1304525968YBL',102),(183,299,'1304525968YBL',102),(183,322,'1304525968YBL',102),(183,324,'1304525968YBL',102),(183,314,'1304525968YBL',102),(183,280,'1304525968YBL',102),(183,288,'1304525968YBL',102),(183,292,'1304525968YBL',102),(183,298,'1304525968YBL',102),(183,305,'1304525968YBL',102),(183,310,'1304525968YBL',102),(183,321,'1304525968YBL',102),(183,323,'1304525968YBL',102),(183,325,'1304525968YBL',102),(184,352,'1206732392OZVB',102),(184,353,'1206732392OZVG',102),(184,356,'1241989377TGEG',102),(184,360,'1206732411EGRV',102),(184,361,'1206732412DADP',102),(184,359,'1241989377TGEH',102),(184,357,'1241989377TGEI',102),(184,355,'1241989377TGEJ',102),(184,354,'1207306697RNMA',102),(184,346,'1219769904NDJH',102),(184,364,'1206732372QTKL',102),(184,363,'1241989377TGEK',102),(184,347,'1241989377TGDL',102),(184,362,'1241989377TGEL',102),(184,366,'1241989377TGEM',102),(184,368,'1241989377TGEN',102),(184,373,'1206732400OXCG',102),(184,374,'1206732412DAGD',102),(184,376,'1206961869IGNC',102),(184,369,'1241989377TGEO',102),(184,370,'1241989377TGEP',102),(184,371,'1241989377TGEQ',102),(184,367,'1242580112DTJY',102),(184,348,'1206961882TDGU',102),(184,349,'1206961869IGNC',102),(184,350,'1206961882TDGU',102),(184,375,'1206732400OWZX',102),(184,358,'1244722788BFSH',102),(184,351,'1251697924MLJO',102),(184,377,'1251697924MLJP',102),(184,379,'1251697924MLJQ',102),(184,378,'1206732392OZVD',102),(184,380,'1206732372QTKN',102),(184,365,'1256863993QDJG',102),(184,381,'1206961869IGNE',102),(184,372,'1256863993QDJH',102),(185,352,'1241989377TGDM',102),(185,353,'1241989377TGDN',102),(185,356,'1241989377TGDO',102),(185,360,'1241989377TGDP',102),(185,361,'1241989377TGDQ',102),(185,359,'1241989377TGDR',102),(185,357,'1241989377TGDS',102),(185,355,'1241989377TGDT',102),(185,354,'1275727303LWPR',102),(185,346,'1304525968YBL',102),(185,364,'1275727303LWPS',102),(185,363,'1241989377TGDW',102),(185,347,'1234467594BCKE',102),(185,362,'1241989377TGDX',102),(185,366,'1241989377TGDY',102),(185,368,'1241989377TGDZ',102),(185,373,'1241989377TGEA',102),(185,374,'1241989377TGEB',102),(185,376,'1241989377TGEC',102),(185,369,'1241989377TGED',102),(185,370,'1241989377TGEE',102),(185,371,'1241989377TGEF',102),(185,367,'1242580112DTJX',102),(185,348,'1304525968YBL',102),(185,349,'1304525968YBL',102),(185,350,'1304525968YBL',102),(185,375,'1304525968YBL',102),(185,358,'1244722787NNCA',102),(185,351,'1304525968YBL',102),(185,377,'1251697924MLJL',102),(185,379,'1251697924MLJM',102),(185,378,'1275727303LWPT',102),(185,380,'1257414617RUXN',102),(185,365,'1256863992BRRE',102),(185,381,'1257414617RUXO',102),(185,372,'1260253911PVFX',102),(186,78,'1241989377TGES',102),(186,86,'1241989377TGDL',102),(186,79,'1206732411EGRQ',102),(186,87,'1206732392OZUQ',102),(186,89,'1206961882TDGU',102),(186,80,'1251697925DNIM',102),(186,81,'1249453427FZXK',102),(186,82,'1206732375LZCI',102),(186,88,'1251697925DNIN',102),(186,83,'1206732375LZCH',102),(186,84,'1263527489DDRU',102),(186,85,'1263527489DDRV',102),(187,78,'1241989377TGES',102),(187,86,'1241989377TGDL',102),(187,79,'1211811609TEZV',102),(187,87,'1206732392OZUQ',102),(187,89,'1304525968YBL',102),(187,80,'1251697925DNIM',102),(187,81,'1211811609TEZV',102),(187,82,'1206732375LZCI',102),(187,88,'1304525968YBL',102),(187,83,'1206732375LZCH',102),(187,84,'1253693139FSTT',102),(187,85,'1253693139FSTT',102),(188,78,'1242580112DTJZ',102),(188,86,'1241989377TGEV',102),(188,79,'1251697925DNIO',102),(188,87,'1241989377TGEX',102),(188,89,'1304525968YBL',102),(188,80,'1275727304KGSY',102),(188,81,'1251697925DNIQ',102),(188,82,'1260253912CIOM',102),(188,88,'1304525968YBL',102),(188,83,'1241989377TGEW',102),(188,84,'1275727304KGSZ',102),(188,85,'1275727304KGTA',102),(93,216,'1304525968YBL',102),(93,217,'1304525968YBL',102),(93,218,'1304525968YBL',102),(93,219,'1304525968YBL',102),(93,220,'1304525968YBL',102),(93,221,'1304525968YBL',102),(93,222,'1304525968YBL',102),(93,223,'1304525968YBL',102),(93,224,'1304525968YBL',102),(93,225,'1304525968YBL',102),(93,226,'1304525968YBL',102),(93,227,'1304525968YBL',102),(93,228,'1304525968YBL',102),(93,229,'1304525968YBL',102),(93,230,'1304525968YBL',102),(93,231,'1304525968YBL',102),(93,232,'1304525968YBL',102),(93,233,'1304525968YBL',102),(93,234,'1251697926LPNL',102),(93,236,'1251697926LPNN',102),(93,237,'1251697926LPNL',102),(93,235,'1251697926LPNO',102),(93,238,'1251697926LPNL',102),(93,239,'1251697926LPNL',102),(93,240,'1251697926LPNL',102),(93,241,'1251697926LPNL',102),(93,242,'1251697926LPNL',102),(93,243,'1251697926LPNL',102),(93,244,'1251697926LPNL',102),(93,245,'1251697926LPNM',102),(93,246,'1251697926LPNO',102),(93,247,'1251697926LPNO',102),(93,248,'1251697926LPNN',102),(93,249,'1251697926LPNN',102),(93,250,'1251697926LPNL',102),(93,251,'1251697926LPNL',102),(93,252,'1304525968YBL',102),(93,215,'1304525968YBL',102),(93,214,'1304525968YBL',102),(93,253,'1251697926LPNL',102),(93,254,'1304525968YBL',102),(93,255,'1304525968YBL',102),(93,256,'1304525968YBL',102),(93,257,'1304525968YBL',102),(93,258,'1304525968YBL',102),(93,259,'1304525968YBL',102),(93,260,'1304525968YBL',102),(93,261,'1304525968YBL',102),(93,262,'1304525968YBL',102),(94,216,'1304525968YBL',102),(94,217,'1304525968YBL',102),(94,218,'1304525968YBL',102),(94,219,'1304525968YBL',102),(94,220,'1304525968YBL',102),(94,221,'1304525968YBL',102),(94,222,'1304525968YBL',102),(94,223,'1304525968YBL',102),(94,224,'1304525968YBL',102),(94,225,'1304525968YBL',102),(94,226,'1304525968YBL',102),(94,227,'1304525968YBL',102),(94,228,'1304525968YBL',102),(94,229,'1304525968YBL',102),(94,230,'1304525968YBL',102),(94,231,'1304525968YBL',102),(94,232,'1304525968YBL',102),(94,233,'1304525968YBL',102),(94,234,'1251697926LPNG',102),(94,236,'1251697926LPNI',102),(94,237,'1251697926LPNJ',102),(94,235,'1304525968YBL',102),(94,238,'1220793699CLWU',102),(94,239,'1304525968YBL',102),(94,240,'1304525968YBL',102),(94,241,'1304525968YBL',102),(94,242,'1304525968YBL',102),(94,243,'1304525968YBL',102),(94,244,'1304525968YBL',102),(94,245,'1304525968YBL',102),(94,246,'1304525968YBL',102),(94,247,'1304525968YBL',102),(94,248,'1304525968YBL',102),(94,249,'1304525968YBL',102),(94,250,'1304525968YBL',102),(94,251,'1304525968YBL',102),(94,252,'1304525968YBL',102),(94,215,'1220793699CLWU',102),(94,214,'1304525968YBL',102),(94,253,'1304525968YBL',102),(94,254,'1304525968YBL',102),(94,255,'1304525968YBL',102),(94,256,'1304525968YBL',102),(94,257,'1304525968YBL',102),(94,258,'1304525968YBL',102),(94,259,'1304525968YBL',102),(94,260,'1304525968YBL',102),(94,261,'1304525968YBL',102),(94,262,'1304525968YBL',102),(92,115,'1241989381TANU',103),(92,116,'1241989381TANU',103),(92,113,'1241989381TANV',103),(92,117,'1206961882TDGU',103),(180,368,'1206732392OZVB',103),(180,367,'1206732392OZVA',103),(180,371,'1206732400OWXG',103),(180,369,'1206732392OZVG',103),(180,374,'1206732392OZUO',103),(180,377,'1206732421RJQW',103),(180,370,'1206732392OZUQ',103),(180,372,'1206732392OZVA',103),(180,380,'1206732411EGRU',103),(180,381,'1206732392OZVD',103),(180,379,'1206732392OZVA',103),(180,382,'1241989381TANW',103),(180,383,'1241989381TANX',103),(180,384,'1206961912MJPF',103),(180,378,'1206961869IGND',103),(180,375,'1206732392OZUQ',103),(180,373,'1206732392OZVA',103),(180,376,'1207242081BUBK',103),(181,368,'1304525968YBL',103),(181,367,'1304525968YBL',103),(181,371,'1304525968YBL',103),(181,369,'1304525968YBL',103),(181,374,'1304525968YBL',103),(181,377,'1206732389NXTC',103),(181,370,'1304525968YBL',103),(181,372,'1304525968YBL',103),(181,380,'1304525968YBL',103),(181,381,'1304525968YBL',103),(181,379,'1304525968YBL',103),(181,382,'1304525968YBL',103),(181,383,'1304525968YBL',103),(181,384,'1304525968YBL',103),(181,378,'1304525968YBL',103),(181,375,'1304525968YBL',103),(181,373,'1304525968YBL',103),(181,376,'1304525968YBL',103),(182,326,'1206732391QBUR',103),(182,330,'1206732391QBUR',103),(182,334,'1206732391QBUR',103),(182,333,'1206732399EINF',103),(182,332,'1241989381TANY',103),(182,328,'1206961882TDHA',103),(182,329,'1206732399EINF',103),(182,331,'1206732392OZUP',103),(182,327,'1206732392OZUP',103),(182,335,'1206732392OZUP',103),(183,326,'1304525968YBL',103),(183,330,'1304525968YBL',103),(183,334,'1304525968YBL',103),(183,333,'1304525968YBL',103),(183,332,'1304525968YBL',103),(183,328,'1304525968YBL',103),(183,329,'1304525968YBL',103),(183,331,'1304525968YBL',103),(183,327,'1304525968YBL',103),(183,335,'1304525968YBL',103),(186,91,'1251697930IGYM',103),(186,92,'1251697930IGYN',103),(186,93,'1307526847SFJZ',103),(187,91,'1251697930IGYM',103),(187,92,'1251697930IGYN',103),(187,93,'1241989381TAOJ',103),(188,91,'1275727319CCUI',103),(188,92,'1241989381TAOF',103),(188,93,'1241989381TAOH',103),(93,265,'1304525968YBL',103),(93,267,'1304525968YBL',103),(93,266,'1304525968YBL',103),(93,268,'1304525968YBL',103),(93,270,'1304525968YBL',103),(93,271,'1304525968YBL',103),(93,272,'1304525968YBL',103),(93,273,'1304525968YBL',103),(93,274,'1304525968YBL',103),(93,275,'1304525968YBL',103),(93,276,'1304525968YBL',103),(93,264,'1304525968YBL',103),(93,269,'1304525968YBL',103),(93,263,'1304525968YBL',103),(94,265,'1304525968YBL',103),(94,267,'1304525968YBL',103),(94,266,'1304525968YBL',103),(94,268,'1304525968YBL',103),(94,270,'1304525968YBL',103),(94,271,'1304525968YBL',103),(94,272,'1304525968YBL',103),(94,273,'1304525968YBL',103),(94,274,'1304525968YBL',103),(94,275,'1304525968YBL',103),(94,276,'1304525968YBL',103),(94,264,'1304525968YBL',103),(94,269,'1304525968YBL',103),(94,263,'1304525968YBL',103),(92,118,'1267609142DWCH',107),(92,119,'1267609143EMZE',107),(92,120,'1267609143EMZF',107),(92,121,'1267609143EMZG',107),(92,122,'1267609143EMZH',107),(92,123,'1267609143EMZI',107),(92,124,'1267609143EMZJ',107),(92,125,'1267609143EMZK',107),(92,126,'1267609143EMZL',107),(92,127,'1267609143EMZM',107),(92,128,'1267609143EMZN',107),(182,339,'1206732391QBUR',108),(182,336,'1242282449PIPC',108),(182,337,'1206732393CXVV',108),(182,338,'1206732399EINF',108),(182,340,'1206732392OZUP',108),(183,339,'1304525968YBL',108),(183,336,'1304525968YBL',108),(183,337,'1304525968YBL',108),(183,338,'1304525968YBL',108),(183,340,'1304525968YBL',108),(184,391,'1241989760RVBL',108),(184,388,'1241989760RVBM',108),(184,389,'1241989760RVBN',108),(184,385,'1242580122OOGU',108),(184,382,'1217251965LDTZ',108),(184,383,'1206961882TDGU',108),(184,392,'1241989760RVBP',108),(184,387,'1241989760RVBQ',108),(184,386,'1241989760RVBR',108),(184,384,'1241989760RVBS',108),(184,390,'1242580122OOGV',108),(185,391,'1241989760RVBE',108),(185,388,'1241989760RVBF',108),(185,389,'1241989760RVBG',108),(185,385,'1241989760RVBH',108),(185,382,'1304525968YBL',108),(185,383,'1304525968YBL',108),(185,392,'1241989760RVBI',108),(185,387,'1241989760RVBJ',108),(185,386,'1241989760RVBK',108),(185,384,'1304525968YBL',108),(185,390,'1242580122OOGT',108),(186,94,'1267609148IZGA',108),(187,94,'1267609148IZGA',108),(188,94,'1241989760RVBU',108),(93,277,'1304525968YBL',108),(94,277,'1304525968YBL',108),(184,393,'1256875165AXAH',112),(184,397,'1256627132RZYP',112),(184,395,'1256627132RZYQ',112),(184,400,'1206732366OVMC',112),(184,401,'1206732366OVMF',112),(184,402,'1256627132RZYR',112),(184,394,'1256875165AXAI',112),(184,396,'1256627133IVDA',112),(184,398,'1206732400OWXE',112),(184,399,'1260156216DOTJ',112),(185,393,'1304525968YBL',112),(185,397,'1304525968YBL',112),(185,395,'1304525968YBL',112),(185,400,'1304525968YBL',112),(185,401,'1304525968YBL',112),(185,402,'1304525968YBL',112),(185,394,'1304525968YBL',112),(185,396,'1304525968YBL',112),(185,398,'1304525968YBL',112),(185,399,'1304525968YBL',112),(186,95,'1256627134RCAS',112),(187,95,'1304525968YBL',112),(188,95,'1304525968YBL',112),(178,13,'1310465028DYYJ',112),(179,13,'1206961854HENW',112),(180,385,'1206732400OXCG',94),(180,387,'1211811588SCXI',94),(180,388,'1206961850KLRI',94),(180,390,'1206732400OWZM',94),(180,392,'1206961912MJPF',94),(180,391,'1241989381TANX',94),(180,389,'1206961869IGND',94),(180,386,'1241989377TGER',94),(181,385,'1304525968YBL',94),(181,387,'1304525968YBL',94),(181,388,'1304525968YBL',94),(181,390,'1304525968YBL',94),(181,392,'1304525968YBL',94),(181,391,'1304525968YBL',94),(181,389,'1304525968YBL',94),(181,386,'1304525968YBL',94),(182,341,'1206732411EGRQ',94),(182,353,'1307526847SFJZ',94),(182,342,'1241989377TGES',94),(182,347,'1206732392OZUO',94),(182,349,'1206732392OZUQ',94),(182,343,'1213183509OYOB',94),(182,351,'1213200727TEHS',94),(182,352,'1213200727TEHQ',94),(182,350,'1213200727TEHT',94),(182,348,'1251697925DNIM',94),(182,346,'1206732375LZCI',94),(182,345,'1206732375LZCH',94),(182,344,'1206961854HENW',94),(182,355,'1263527489DDRV',94),(182,354,'1263527489DDRU',94),(183,341,'1251697943HSQW',94),(183,353,'1304525968YBL',94),(183,342,'1304525968YBL',94),(183,347,'1304525968YBL',94),(183,349,'1304525968YBL',94),(183,343,'1304525968YBL',94),(183,351,'1304525968YBL',94),(183,352,'1304525968YBL',94),(183,350,'1304525968YBL',94),(183,348,'1304525968YBL',94),(183,346,'1304525968YBL',94),(183,345,'1304525968YBL',94),(183,344,'1304525968YBL',94),(183,355,'1304525968YBL',94),(183,354,'1304525968YBL',94),(184,407,'1206961870KLBH',94),(184,403,'1211811609TEZV',94),(184,404,'1307526867CTKU',94),(184,408,'1241989384RFLH',94),(184,409,'1241989384RFLI',94),(184,405,'1298294170PECR',94),(184,406,'1298294170PECO',94),(185,407,'1234467594BCKE',94),(185,403,'1304525968YBL',94),(185,404,'1234467594BCKE',94),(185,408,'1304525968YBL',94),(185,409,'1304525968YBL',94),(185,405,'1304525968YBL',94),(185,406,'1304525968YBL',94),(186,98,'1241989384RFLK',94),(186,99,'1241989384RFLL',94),(186,96,'1241989377TGET',94),(186,97,'1241989381TAOD',94),(187,98,'1304525968YBL',94),(187,99,'1304525968YBL',94),(187,96,'1304525968YBL',94),(187,97,'1304525968YBL',94),(188,98,'1304525968YBL',94),(188,99,'1304525968YBL',94),(188,96,'1304525968YBL',94),(188,97,'1304525968YBL',94),(93,278,'1304525968YBL',94),(94,278,'1304525968YBL',94),(178,14,'1298388581HGKK',94),(179,14,'1298388581HGKL',94),(233,7,'1241989384RFLO',94),(233,8,'1256864018SFGK',94),(234,7,'1304525968YBL',94),(234,8,'1304525968YBL',94),(235,7,'1242580125ICDD',94),(235,8,'1298388581HGKM',94),(236,7,'1219856743ELFT',94),(236,8,'1219856743ELFT',94),(237,7,'1304525968YBL',94),(237,8,'1304525968YBL',94),(238,7,'1219856743ELFT',94),(238,8,'1219856743ELFT',94),(239,7,'1304525968YBL',94),(239,8,'1304525968YBL',94);

--
-- Table structure for table `jos_translation_reference`
--

CREATE TABLE `jos_translation_reference` (
  `wid` mediumint(8) unsigned NOT NULL,
  `load` tinyint(4) NOT NULL DEFAULT '0',
  `imac` varchar(255) NOT NULL,
  PRIMARY KEY (`wid`,`imac`)
) ENGINE=MyISAM DEFAULT CHARSET=utf8;

--
-- Dumping data for table `jos_translation_reference`
--

INSERT INTO `jos_translation_reference` VALUES (1,0,'1325800432KFAM'),(1,1,'1308836335LUUQ'),(1,1,'1307005747JWMB'),(1,1,'1303104133RCSA'),(1,0,'1298350310EWVI'),(1,0,'1298350310EWVH'),(1,0,'1298350310EWVG'),(1,1,'1298294193EGSU'),(1,1,'1260151166CSBW'),(1,1,'1260151166CSBV'),(1,1,'1259204893LDGK'),(1,1,'1249043394NGMS'),(1,1,'1236536984DVGB'),(1,1,'1236536983NQDJ'),(1,1,'1229651844RUMK'),(1,1,'1227579828FTWU'),(1,1,'1227579828FTWT'),(1,1,'1227579828FTWS'),(1,1,'1227579827CIXW'),(1,1,'1227579827CIXV'),(1,1,'1227579827CIXU'),(1,1,'1221227936IUXD'),(1,1,'1215002067FIWP'),(1,0,'1213794916KBVY'),(1,0,'1213794916KBVX'),(1,1,'1213183605TJKW'),(1,1,'1213107630MBVS'),(1,1,'1213107630MBVR'),(1,1,'1213107629LYER'),(1,1,'1213107629LYEQ'),(1,1,'1213020853MLHV'),(1,1,'1213020853MLHP'),(1,1,'1211280055AYDS'),(3,0,'1298294123FNDM'),(4,0,'1248774829SKPO'),(4,0,'1220799328DASZ'),(4,0,'1220798164NSJA'),(4,0,'1220263310JRFR'),(4,1,'1220263310JRFP'),(4,1,'1220263310JRFM'),(4,1,'1220263310JRFL'),(8,0,'1298350265OFHZ'),(8,0,'1298350265OFHY'),(8,0,'1298350265OFHX'),(9,0,'1213020879QDTQ'),(11,1,'1209481286DVMJ'),(11,1,'1209123607OCSQ'),(11,1,'1209034856HUVS'),(11,1,'1206961882TDHH'),(14,1,'1326149408DUCB'),(14,1,'1318342621FRSO'),(14,0,'1318337622EDNH'),(14,0,'1318337622EDNG'),(14,0,'1318337622EDNF'),(14,0,'1318337621NXST'),(14,0,'1316669857KIWF'),(14,0,'1315912757HDOC'),(14,0,'1315912757HDOB'),(14,0,'1315887072IZOO'),(14,0,'1315887071NUXP'),(14,0,'1315887071NUXN'),(14,0,'1315887071NUXM'),(14,0,'1315887070LGQT'),(14,0,'1315887069HOQD'),(14,0,'1314849832QOQC'),(14,1,'1305603045PMTM'),(14,1,'1298350386KTQO'),(14,0,'1298294171AWEJ'),(14,0,'1298294171AWEI'),(14,0,'1298294171AWEH'),(14,0,'1212843259ITHW'),(14,0,'1212843257NVLI'),(14,0,'1212843257NVLH'),(14,1,'1206961905BHAV'),(14,0,'1206732415ABES'),(18,1,'1301380691ICEI'),(18,0,'1300773865DUMM'),(18,0,'1299163902NDIX'),(18,0,'1298350272MURB'),(18,0,'1298294164ESOK'),(18,0,'1298294163YKW'),(18,1,'1237395235EOTF'),(18,1,'1236791959FTZU'),(18,0,'1236656718FWVX'),(18,1,'1235462003CNHD'),(18,1,'1235462003CNHC'),(18,0,'1235462002GHCA'),(18,1,'1232547382ELZS'),(18,0,'1217587983MLHC'),(18,0,'1217587983MLHB'),(18,0,'1217587983MLHA'),(18,0,'1217587983MLGZ'),(18,0,'1217587983MLGY'),(18,0,'1217587982LBWT'),(18,0,'1217587982LBWS'),(18,0,'1217587982LBWR'),(18,0,'1217587982LBWQ'),(18,0,'1217587982LBWP'),(18,0,'1217587982LBWO'),(18,0,'1217586755TDUZ'),(18,0,'1217586755TDUY'),(18,1,'1206732345BHSJ'),(21,1,'1310984711PXOI'),(21,1,'1303799214TGXX'),(21,0,'1303354916DPMU'),(21,0,'1298350280PMMA'),(21,0,'1298294132BJZM'),(21,0,'1298294128HPXK'),(21,0,'1298294128HPXJ'),(21,0,'1260443578NNAV'),(21,0,'1260434893HJHR'),(21,0,'1260434893HJHQ'),(21,0,'1251959063BNBJ'),(21,0,'1251912852OWAG'),(21,0,'1251905719IQCA'),(21,0,'1251905719IQBZ'),(21,0,'1251905718PEOQ'),(21,0,'1251905717NHWW'),(21,0,'1251905717NHWU'),(21,0,'1251905717NHWT'),(21,0,'1251770410PASU'),(21,0,'1251770410PAST'),(21,0,'1251770410PASS'),(21,0,'1249567958KVAQ'),(21,0,'1249562683MMMY'),(21,0,'1248948187IFCW'),(21,0,'1248835367AECZ'),(21,1,'1247466190MROL'),(21,0,'1245769651NPXC'),(21,1,'1241490506ODOB'),(21,0,'1235976558LLLD'),(21,0,'1235976558LLLC'),(21,0,'1235976558LLLB'),(21,0,'1235461988ERWK'),(21,1,'1232547361JEQR'),(21,1,'1231158811CQTX'),(21,1,'1231158811CQTW'),(21,1,'1231158811CQTV'),(21,1,'1231158811CQTU'),(21,1,'1231158811CQTT'),(21,1,'1231158810GTOM'),(21,1,'1231158810GTOL'),(21,1,'1230874957AEHB'),(21,1,'1230874957AEHA'),(21,0,'1229651871ADBI'),(21,0,'1229651871ADBH'),(21,0,'1229651871ADBG'),(21,1,'1228709210DPIA'),(21,1,'1228709210DPHZ'),(21,1,'1227580898LIDX'),(21,1,'1227579890QLYQ'),(21,1,'1227579890QLYN'),(21,1,'1227579890QLYM'),(21,0,'1227579883OZMZ'),(21,0,'1215710386RMJD'),(21,0,'1215710386RMJC'),(21,0,'1213107637HXCS'),(21,0,'1213107626GCYX'),(21,1,'1213020854DQLH'),(21,0,'1213020853MLHQ'),(21,0,'1213020848LZMF'),(21,0,'1213020848LZME'),(21,0,'1213020848LZMD'),(21,0,'1213020848LZMC'),(21,0,'1213020848LZMB'),(21,0,'1213020848LZMA'),(21,1,'1212843245NODP'),(21,1,'1212843245NODO'),(21,1,'1211280056BEZM'),(21,0,'1209746216SXQF'),(21,1,'1206961905BHAV'),(21,0,'1206961836KSBL'),(21,0,'1206961836KSBK'),(21,0,'1206961836KSBJ'),(21,1,'1206732400OWZO'),(21,1,'1206732398LZKD'),(21,0,'1206732398LZJD'),(21,0,'1206732397TAYG'),(21,1,'1206732397TAXY'),(21,0,'1206732397TAXO'),(21,0,'1206732394IZHB'),(21,0,'1206732394IZGY'),(21,0,'1206732393CXVY'),(21,0,'1206732393CXVX'),(21,1,'1206732392OZVH'),(21,1,'1206732372QTKL'),(23,1,'1313753405ECNO'),(23,0,'1302662638LHBZ'),(23,0,'1299160210HQTQ'),(23,1,'1260151225DTCK'),(23,1,'1260151224KRNJ'),(23,1,'1260151224KRNI'),(23,1,'1260151166CSBW'),(23,1,'1243437921SXAP'),(23,1,'1240842525LJTR'),(23,1,'1239875557LNEW'),(23,0,'1227580123BQIC'),(23,0,'1227580123BQIB'),(23,1,'1227580123BQIA'),(23,0,'1227580123BQHZ'),(23,0,'1213285236EJWG'),(23,0,'1213285236EJWF'),(23,0,'1213107637HXCR'),(23,0,'1213020853MLHS'),(23,0,'1206732404ORZN'),(23,0,'1206732404ORZG'),(23,1,'1206732398LZKD'),(23,1,'1206732393CXVW'),(23,1,'1206732393CXVV'),(23,1,'1206732392OZVH'),(23,2,'1206732372QTKR'),(23,2,'1206732372QTKJ'),(23,2,'1206732372QTKI'),(24,0,'1213107666IZKC'),(30,0,'1235560364LCKV'),(30,0,'1220361707FSCI'),(30,0,'1213020899EZVY'),(30,1,'1206732372QTKJ'),(30,2,'1206732372QTKI'),(34,0,'1213107678KHAX'),(34,0,'1213107677BWTJ'),(34,0,'1213020906DLVH'),(34,0,'1213020906DLVG'),(34,0,'1213020906DLVF'),(34,0,'1213020906DLVE'),(34,0,'1213020906DLVD'),(34,0,'1212843292GOJA'),(34,0,'1212843292GOIZ'),(34,0,'1212843292GOIY'),(34,0,'1212843292GOIX'),(34,0,'1212843292GOIW'),(34,0,'1212843292GOIV'),(34,0,'1212843292GOIU'),(34,0,'1212843292GOIT'),(34,0,'1212843291IDWN'),(34,0,'1212843291IDWM'),(34,0,'1212843291IDWL'),(34,0,'1212843291IDWK'),(34,0,'1212843291IDWJ'),(34,0,'1212843291IDWH'),(34,0,'1212843291IDWG'),(34,0,'1212843291IDWF'),(36,0,'1228709372EGCA'),(36,0,'1213369322GXOX'),(36,0,'1213369322GXOW'),(36,0,'1212843293BKVE'),(41,0,'1212843293BKVE'),(43,0,'1299236985FLIB'),(43,0,'1236656823OLAQ'),(43,1,'1231383373PREE'),(43,0,'1230529130KYBD'),(43,1,'1230529129CVIK'),(43,1,'1230529129CVIJ'),(43,1,'1230529129CVII'),(43,0,'1230529129CVIG'),(43,0,'1230529128EPES'),(43,0,'1213107686CYMG'),(43,0,'1211280107OPVR'),(43,2,'1209056511OBNE'),(43,2,'1206732372QTKJ'),(43,2,'1206732372QTKI'),(48,1,'1242282450QJCU'),(51,1,'1327712854HKDV'),(51,1,'1327354737PCAU'),(51,1,'1322125523RNIH'),(51,1,'1317297462SYCD'),(51,0,'1317297448JZYW'),(51,1,'1315191208QKMS'),(51,1,'1315191208QKMR'),(51,2,'1310529911CSAV'),(51,1,'1308292311QGYK'),(51,2,'1307373851DVDU'),(51,2,'1307373851DVDT'),(51,2,'1304525968YBL'),(51,1,'1303355093GUFG'),(51,1,'1299084287SIMJ'),(51,1,'1298350386KTQN'),(51,0,'1263549766QJON'),(51,0,'1262788661GLZO'),(51,2,'1256875124DIGY'),(51,0,'1256627078COLC'),(51,2,'1246518570RHDZ'),(51,2,'1242048721QUXH'),(51,1,'1241675239ROHF'),(51,1,'1238171026KDKX'),(51,1,'1238171026KDKW'),(51,1,'1233626551NWXV'),(51,2,'1219769904NDIM'),(51,1,'1213285203FZWI'),(51,2,'1213285201QMJN'),(51,2,'1213285196AFGY'),(51,1,'1213107604GVZW'),(51,1,'1213020864CZUU'),(51,1,'1211280029BWWE'),(51,1,'1211280029BWWD'),(51,1,'1211280028JBKD'),(51,1,'1211280028JBKB'),(51,1,'1210099915BXUC'),(51,1,'1209634664PQZV'),(51,2,'1209056511OBNE'),(51,2,'1208950226RHTP'),(51,2,'1208950226RHTO'),(51,1,'1207303791JSSH'),(51,1,'1206732431CQBG'),(51,2,'1206732392OZUP'),(51,2,'1206732391QBUR'),(51,1,'1206732376KOVO'),(51,1,'1206732376KOVN'),(51,1,'1206732376KOVM'),(51,1,'1206732376KOVL'),(51,1,'1206732376KOVK'),(51,1,'1206732376KOVI'),(51,2,'1206732375LZCJ'),(51,2,'1206732375LZCI'),(51,2,'1206732375LZCH'),(51,1,'1206732375LZCG'),(51,1,'1206732374FDLR'),(51,2,'1206732374FDLQ'),(51,2,'1206732374FDLP'),(51,2,'1206732374FDLO'),(51,2,'1206732374FDLN'),(51,2,'1206732374FDLM'),(51,2,'1206732374FDLK'),(51,2,'1206732374FDLJ'),(51,2,'1206732374FDLI'),(51,2,'1206732372QTKR'),(51,2,'1206732372QTKP'),(51,2,'1206732372QTKO'),(51,2,'1206732372QTKN'),(51,2,'1206732372QTKM'),(51,2,'1206732372QTKL'),(51,2,'1206732372QTKK'),(51,2,'1206732372QTKJ'),(51,2,'1206732372QTKI'),(51,0,'1206732370TAOI'),(51,2,'1206732369EREW'),(51,2,'1206732369EREV'),(51,2,'1206732369EREU'),(51,2,'1206732368LJDG'),(51,2,'1206732366OVMF'),(51,2,'1206732366OVME'),(51,2,'1206732366OVMD'),(51,2,'1206732366OVMC'),(51,2,'1206732366OVMB'),(51,2,'1206732366OVMA'),(51,2,'1206732366OVLZ'),(51,2,'1206732366OVLY'),(51,2,'1206732366OVLX'),(51,2,'1206732365OQJK'),(51,2,'1206732365OQJJ'),(51,2,'1206732365OQJI'),(51,2,'1206732363AOLD'),(51,2,'1206732361LXFE'),(51,1,'1206732357ILFN'),(51,1,'1206732357ILFM'),(51,0,'1206732348RCNT'),(56,1,'1237260381RHQN'),(58,0,'1303288359IAQH'),(62,1,'1315293909QOMX'),(62,1,'1302252683IIWE'),(62,1,'1302252683IIWD'),(62,1,'1302252683IIWC'),(62,1,'1302252683IIWB'),(62,1,'1302252683IIWA'),(62,1,'1271825680CEHH'),(66,0,'1299148902FYMY'),(66,0,'1212843293BKVD'),(67,0,'1318245518GDYQ'),(67,0,'1318245517OUGS'),(67,0,'1298350399EIUE'),(67,0,'1298350399EIUD'),(67,1,'1206732410ICCI'),(67,2,'1206732372QTKJ'),(67,2,'1206732372QTKI'),(77,2,'1310522876DTCC'),(77,0,'1305518119BKOP'),(77,0,'1304525968YBL'),(77,0,'1303092374FJRX'),(77,0,'1302772746MCBH'),(77,0,'1302772746MCBG'),(77,0,'1302662930AGDU'),(77,0,'1301400596BMSM'),(77,1,'1299166217IYHU'),(77,0,'1298350424IMTJ'),(77,0,'1298350423SVOJ'),(77,1,'1298350422LHMG'),(77,1,'1298350417SMIM'),(77,1,'1298350417SMIL'),(77,1,'1298350415EJNF'),(77,1,'1298350415EJNE'),(77,1,'1298350415EJND'),(77,1,'1298350415EJNC'),(77,1,'1298350415EJNB'),(77,1,'1298350415EJNA'),(77,1,'1298350415EJMZ'),(77,1,'1298350415EJMY'),(77,1,'1298350415EJMX'),(77,1,'1298350415EJMW'),(77,1,'1298350415EJMV'),(77,1,'1298350415EJMU'),(77,1,'1298350415EJMT'),(77,1,'1298350415EJMS'),(77,1,'1298350415EJMR'),(77,1,'1298350415EJMQ'),(77,0,'1298350414EEEZ'),(77,0,'1298350414EEEY'),(77,2,'1275618014RWUM'),(77,0,'1259307951CONT'),(77,0,'1251688595EMKJ'),(77,0,'1250777180DFSL'),(77,0,'1250777180DFSK'),(77,2,'1246518570RHDZ'),(77,0,'1243438017RRAL'),(77,1,'1242048721QUXH'),(77,1,'1242010181DZGW'),(77,1,'1242010181DZGV'),(77,1,'1242010181DZGU'),(77,1,'1242010181DZGT'),(77,1,'1242010181DZGS'),(77,1,'1242010181DZGR'),(77,1,'1242010181DZGQ'),(77,1,'1242010181DZGP'),(77,1,'1242010181DZGO'),(77,1,'1242010181DZGN'),(77,1,'1242010181DZGM'),(77,1,'1242010181DZGL'),(77,1,'1242010181DZGK'),(77,1,'1242010181DZGJ'),(77,1,'1242010181DZGI'),(77,1,'1242010181DZGH'),(77,1,'1242010181DZGG'),(77,1,'1242010181DZGF'),(77,1,'1242010181DZGE'),(77,1,'1242010181DZGD'),(77,1,'1242010181DZGC'),(77,1,'1242010181DZGB'),(77,1,'1242010181DZGA'),(77,1,'1242010181DZFZ'),(77,1,'1242010181DZFY'),(77,1,'1242010181DZFX'),(77,1,'1242010181DZFW'),(77,1,'1242010181DZFV'),(77,1,'1242010181DZFU'),(77,1,'1242010181DZFT'),(77,1,'1242010181DZFS'),(77,1,'1242010181DZFR'),(77,1,'1242010181DZFQ'),(77,1,'1242010181DZFP'),(77,1,'1235542250GNSP'),(77,1,'1235462003CNHC'),(77,1,'1233626551NWXV'),(77,0,'1230528973JWCV'),(77,0,'1227580554HXPS'),(77,0,'1221069808HPBY'),(77,0,'1220215360ESON'),(77,2,'1215098992JNKQ'),(77,1,'1213285201QMJN'),(77,1,'1213285196AFGY'),(77,1,'1213107586DVLP'),(77,0,'1213020890DAKY'),(77,0,'1213020795GTDE'),(77,0,'1212761158OSOU'),(77,0,'1212761155FLTM'),(77,0,'1212761148BBPH'),(77,2,'1209746189NUCP'),(77,1,'1209056511OBNE'),(77,0,'1206961856OFMQ'),(77,2,'1206732429GMSU'),(77,2,'1206732428GQYF'),(77,1,'1206732391QBUR'),(77,2,'1206732389NXTA'),(77,1,'1206732375LZCJ'),(77,1,'1206732375LZCI'),(77,1,'1206732375LZCH'),(77,1,'1206732374FDLQ'),(77,1,'1206732374FDLP'),(77,1,'1206732374FDLO'),(77,1,'1206732374FDLN'),(77,1,'1206732374FDLM'),(77,1,'1206732374FDLK'),(77,1,'1206732374FDLJ'),(77,1,'1206732374FDLI'),(77,2,'1206732372QTKR'),(77,2,'1206732372QTKP'),(77,2,'1206732372QTKO'),(77,2,'1206732372QTKN'),(77,1,'1206732372QTKM'),(77,2,'1206732372QTKL'),(77,1,'1206732372QTKK'),(77,2,'1206732372QTKJ'),(77,2,'1206732372QTKI'),(77,1,'1206732369EREW'),(77,1,'1206732369EREV'),(77,1,'1206732369EREU'),(77,1,'1206732368LJDG'),(77,1,'1206732366OVMF'),(77,1,'1206732366OVME'),(77,1,'1206732366OVMD'),(77,1,'1206732366OVMC'),(77,1,'1206732366OVMB'),(77,1,'1206732366OVMA'),(77,1,'1206732366OVLZ'),(77,1,'1206732366OVLY'),(77,1,'1206732366OVLX'),(77,1,'1206732365OQJK'),(77,1,'1206732365OQJJ'),(77,1,'1206732365OQJI'),(77,1,'1206732363AOLD'),(77,1,'1206732361LXFE'),(77,1,'1206732361LXFD'),(77,2,'1206732357ILFQ'),(77,2,'1206732357ILFP'),(77,2,'1206732357ILFN'),(77,2,'1206732357ILFM'),(77,2,'1206732357ILFL'),(77,2,'1206732357ILFK'),(77,2,'1206732357ILFJ'),(77,2,'1206732357ILFI'),(77,2,'1206732357ILFH'),(77,0,'1206732351CUAZ'),(77,0,'1206732348RCNT'),(77,0,'1206732348RCNQ'),(77,0,'1206732348RCNP'),(77,1,'1206732346KLSC'),(77,1,'1206732345BHSJ'),(77,1,''),(80,1,'1329173546QVQL'),(80,0,'1329173545MEGR'),(80,0,'1316671955LOQA'),(80,0,'1309502072SWIE'),(80,0,'1307012876GLGW'),(80,0,'1307012876GLGV'),(80,0,'1307005978SBLO'),(80,0,'1298350435GKOC'),(80,0,'1298350435GKOB'),(80,0,'1298294183ETWL'),(80,1,'1211811587EZNL'),(80,1,'1206732372QTKM'),(82,1,'1250777198MSMZ'),(82,1,'1250777198MSMY'),(82,1,'1250145257BXGB'),(82,1,'1231731000EGWA'),(82,1,'1217251965LDTZ'),(82,1,'1206732410ICCJ'),(82,2,'1206732372QTKJ'),(82,2,'1206732372QTKI'),(97,1,'1241989376CCKC'),(102,1,'1206732392OZUO'),(102,0,'1241989376CCKB'),(102,0,'1241989376CCKC'),(102,1,'1241989376CCKD'),(102,0,'1241989376CCKF'),(102,0,'1241989376CCKG'),(102,0,'1241989377TGDH'),(102,1,'1241989377TGDI'),(102,1,'1241989377TGDJ'),(102,1,'1241989377TGDK'),(102,1,'1242580111TAIO'),(102,1,'1242580111TAIP'),(102,1,'1242580111TAIQ'),(102,1,'1242580111TAIR'),(102,1,'1242580111TAIS'),(102,1,'1242580111TAIT'),(102,1,'1242580111TAIU'),(102,1,'1253279327NERW'),(102,1,'1253279327NERX'),(102,0,'1254227304QDMN'),(102,0,'1258010751GXJB'),(102,1,'1260253909PGZS'),(103,2,'1206732372QTKI'),(103,2,'1206732372QTKJ'),(103,1,'1206732392OZUO'),(103,1,'1236791959FTZU'),(103,0,'1241989376CCKB'),(103,0,'1241989376CCKC'),(103,0,'1241989381TANT'),(103,0,'1242580115NHFS'),(103,0,'1242580115NHFT'),(105,1,'1254392738GVKF'),(105,1,'1254392738GVKG'),(105,1,'1254392738GVKH'),(105,0,'1327442997GDYF'),(105,0,'1327442997GDYG'),(106,0,'1325527934LWRY'),(108,1,'1241989757SUSF'),(108,0,'1267609148IZFQ'),(108,1,'1267609148IZFR'),(108,0,'1267609148IZFS'),(108,1,'1267609148IZFT'),(108,1,'1267609148IZFV'),(108,1,'1267609148IZFW'),(108,1,'1267609148IZFX'),(108,0,'1267609148IZFY'),(108,0,'1267609148IZFZ'),(108,1,'1276154049LHTR'),(108,1,'1298388578RGBW');

--
-- Table structure for table `jos_usergroups`
--

CREATE TABLE `jos_usergroups` (
  `id` int(10) unsigned NOT NULL AUTO_INCREMENT COMMENT 'Primary Key',
  `parent_id` int(10) unsigned NOT NULL DEFAULT '0' COMMENT 'Adjacency List Reference Id',
  `lft` int(11) NOT NULL DEFAULT '0' COMMENT 'Nested set lft.',
  `rgt` int(11) NOT NULL DEFAULT '0' COMMENT 'Nested set rgt.',
  `title` varchar(100) NOT NULL DEFAULT '',
  PRIMARY KEY (`id`),
  UNIQUE KEY `idx_usergroup_parent_title_lookup` (`parent_id`,`title`),
  KEY `idx_usergroup_title_lookup` (`title`),
  KEY `idx_usergroup_adjacency_lookup` (`parent_id`),
  KEY `idx_usergroup_nested_set_lookup` (`lft`,`rgt`)
) ENGINE=MyISAM DEFAULT CHARSET=utf8;

--
-- Dumping data for table `jos_usergroups`
--


--
-- Table structure for table `jos_users`
--

CREATE TABLE `jos_users` (
  `id` int(11) NOT NULL AUTO_INCREMENT,
  `name` varchar(255) NOT NULL DEFAULT '',
  `username` varchar(150) NOT NULL DEFAULT '',
  `email` varchar(100) NOT NULL DEFAULT '',
  `password` varchar(100) NOT NULL DEFAULT '',
  `usertype` varchar(25) NOT NULL DEFAULT '',
  `block` tinyint(4) NOT NULL DEFAULT '0',
  `sendEmail` tinyint(4) DEFAULT '0',
  `gid` tinyint(3) unsigned NOT NULL DEFAULT '1',
  `registerDate` datetime NOT NULL DEFAULT '0000-00-00 00:00:00',
  `lastvisitDate` datetime NOT NULL DEFAULT '0000-00-00 00:00:00',
  `activation` varchar(100) NOT NULL DEFAULT '',
  `params` text NOT NULL,
  PRIMARY KEY (`id`),
  KEY `usertype` (`usertype`),
  KEY `idx_name` (`name`),
  KEY `gid_block` (`gid`,`block`),
  KEY `username` (`username`),
  KEY `email` (`email`)
) ENGINE=MyISAM AUTO_INCREMENT=64 DEFAULT CHARSET=utf8;

--
-- Dumping data for table `jos_users`
--

INSERT INTO `jos_users` VALUES (62,'Administrator','admin','topangacreek@gmail.com','93b2b450689ff5493f28b9319ba9137f:SyVnj9yxHc0kgqWkIPkg62MORV1BLxzy','Super Administrator',0,1,25,'2012-02-20 18:39:09','2014-01-09 21:26:22','',''),(63,'Greg','greg','greg@bluewatercompany.com','d301131304eabd527a13efad2d99bf52:mOvssSLE7GArhGakkHNy5HDYQFDda58E','Administrator',0,0,24,'2012-04-19 23:52:17','2012-06-03 17:11:09','','admin_language=\nlanguage=\neditor=\nhelpsite=\ntimezone=-8\n\n');

--
-- Table structure for table `jos_weblinks`
--

CREATE TABLE `jos_weblinks` (
  `id` int(11) unsigned NOT NULL AUTO_INCREMENT,
  `catid` int(11) NOT NULL DEFAULT '0',
  `sid` int(11) NOT NULL DEFAULT '0',
  `title` varchar(250) NOT NULL DEFAULT '',
  `alias` varchar(255) NOT NULL DEFAULT '',
  `url` varchar(250) NOT NULL DEFAULT '',
  `description` text NOT NULL,
  `date` datetime NOT NULL DEFAULT '0000-00-00 00:00:00',
  `hits` int(11) NOT NULL DEFAULT '0',
  `published` tinyint(1) NOT NULL DEFAULT '0',
  `checked_out` int(11) NOT NULL DEFAULT '0',
  `checked_out_time` datetime NOT NULL DEFAULT '0000-00-00 00:00:00',
  `ordering` int(11) NOT NULL DEFAULT '0',
  `archived` tinyint(1) NOT NULL DEFAULT '0',
  `approved` tinyint(1) NOT NULL DEFAULT '1',
  `params` text NOT NULL,
  PRIMARY KEY (`id`),
  KEY `catid` (`catid`,`published`,`archived`)
) ENGINE=MyISAM AUTO_INCREMENT=6 DEFAULT CHARSET=utf8;

--
-- Dumping data for table `jos_weblinks`
--

INSERT INTO `jos_weblinks` VALUES (1,5,0,'Joomla Templates','joomla-templates','http://www.rockettheme.com/joomla','','2011-11-11 14:40:06',0,1,0,'0000-00-00 00:00:00',1,0,1,'target=\n\n'),(2,5,0,'Drupal Themes','drupal-themes','http://www.rockettheme.com/drupal','','2011-11-11 14:41:00',0,1,0,'0000-00-00 00:00:00',2,0,1,'target=\n\n'),(3,5,0,'WordPress Themes','wordpress-themes','http://www.rockettheme.com/wordpress','','2011-11-11 14:41:48',0,1,0,'0000-00-00 00:00:00',3,0,1,'target=\n\n'),(4,5,0,'Magento Templates ','magento-templates-','http://www.rockettheme.com/magento','','2011-11-11 14:42:29',0,1,0,'0000-00-00 00:00:00',4,0,1,'target=\n\n'),(5,5,0,'phpBB3 Styles','phpbb3-styles','http://www.rockettheme.com/phpbb3','','2011-11-11 14:45:49',0,1,0,'0000-00-00 00:00:00',5,0,1,'target=\n\n');

--
-- Table structure for table `jos_wf_profiles`
--

CREATE TABLE `jos_wf_profiles` (
  `id` int(11) NOT NULL AUTO_INCREMENT,
  `name` varchar(255) NOT NULL,
  `description` varchar(255) NOT NULL,
  `users` text NOT NULL,
  `types` varchar(255) NOT NULL,
  `components` text NOT NULL,
  `area` tinyint(3) NOT NULL,
  `rows` text NOT NULL,
  `plugins` text NOT NULL,
  `published` tinyint(3) NOT NULL,
  `ordering` int(11) NOT NULL,
  `checked_out` tinyint(3) NOT NULL,
  `checked_out_time` datetime NOT NULL,
  `params` text NOT NULL,
  PRIMARY KEY (`id`)
) ENGINE=MyISAM AUTO_INCREMENT=3 DEFAULT CHARSET=utf8;

--
-- Dumping data for table `jos_wf_profiles`
--

INSERT INTO `jos_wf_profiles` VALUES (1,'Default','Default Profile for all users','','19,20,21,23,24,25','',0,'help,newdocument,undo,redo,spacer,bold,italic,underline,strikethrough,justifyfull,justifycenter,justifyleft,justifyright,spacer,blockquote,formatselect,styleselect,removeformat,cleanup;fontselect,fontsizeselect,forecolor,backcolor,spacer,paste,indent,outdent,numlist,bullist,sub,sup,textcase,charmap,hr;directionality,fullscreen,preview,source,print,searchreplace,spacer,table;visualaid,visualchars,nonbreaking,style,xhtmlxtras,anchor,unlink,link,imgmanager,spellchecker,article,imgmanager_ext','contextmenu,browser,inlinepopups,media,help,paste,searchreplace,directionality,fullscreen,preview,source,table,textcase,print,style,nonbreaking,visualchars,xhtmlxtras,imgmanager,link,spellchecker,article,imgmanager_ext',1,1,0,'0000-00-00 00:00:00',''),(2,'Front End','Sample Front-end Profile','','19,20,21','',1,'help,newdocument,undo,redo,spacer,bold,italic,underline,strikethrough,justifyfull,justifycenter,justifyleft,justifyright,spacer,formatselect,styleselect;paste,searchreplace,indent,outdent,numlist,bullist,cleanup,charmap,removeformat,hr,sub,sup,textcase,nonbreaking,visualchars;fullscreen,preview,print,visualaid,style,xhtmlxtras,anchor,unlink,link,imgmanager,spellchecker,article','contextmenu,inlinepopups,help,paste,searchreplace,fullscreen,preview,print,style,textcase,nonbreaking,visualchars,xhtmlxtras,imgmanager,link,spellchecker,article',0,2,0,'0000-00-00 00:00:00','');


