-- Table structure for table `bstock_pl_purchaseorder`
--

CREATE TABLE `bstock_pl_purchaseorder` (
  `id` int(10) NOT NULL AUTO_INCREMENT,
  `po_number` varchar(500) NOT NULL,
  `invoice_number` varchar(50) NOT NULL COMMENT 'Corresponding invoice number for current rough import.',
  `contact_person` varchar(255) NOT NULL,
  `carrier_id` int(10) NOT NULL COMMENT 'Foriegn key - primary from carrier_id table',
  `assigned_to_id` int(10) NOT NULL COMMENT 'Foriegn key - primary from bstock_systemusers table',
  `vendor_id` int(10) NOT NULL COMMENT 'Foriegn key - primary from bstock_vendors table',
  `dm_sender_id` int(10) NOT NULL COMMENT 'Exporter / Sender ID',
  `dm_receiver_id` int(10) NOT NULL COMMENT 'Importer / Receiver ID',
  `dm_shipping_charges` float(10,2) NOT NULL,
  `dm_freight_charges` float(10,2) NOT NULL,
  `dm_shipping_date` int(10) NOT NULL,
  `dm_delivery_date` int(10) NOT NULL,
  `dm_packet_no` varchar(255) NOT NULL,
  `broker_id` int(10) NOT NULL COMMENT 'Foriegn key - primary from bstock_brokers table',
  `tracking_no` varchar(255) NOT NULL COMMENT 'Foriegn key - primary from bstock_postatus table',
  `postatus_id` int(10) NOT NULL COMMENT 'Foriegn key - primary from payment_terms_id table',
  `payment_terms_id` int(10) NOT NULL,
  `payment_mode` varchar(25) NOT NULL COMMENT 'Whether payment is in Cash or Angadia mode.',
  `dollar_rate` int(11) NOT NULL,
  `type_of_tax` enum('individual','group') NOT NULL,
  `subtotal` int(11) NOT NULL,
  `total_of_polished` decimal(10,2) NOT NULL,
  `total_of_rough` decimal(10,2) NOT NULL,
  `packaging` int(11) NOT NULL,
  `octroi` int(11) NOT NULL,
  `exciseduty` int(11) NOT NULL,
  `brokerage` decimal(10,2) NOT NULL,
  `net_total` int(11) NOT NULL,
  `subtotal_usd` decimal(10,2) NOT NULL,
  `net_total_usd` decimal(10,2) NOT NULL,
  `adjustment` decimal(10,2) NOT NULL,
  `balance` decimal(10,2) NOT NULL COMMENT 'Balance payment for this order.',
  `terms_condition` varchar(255) NOT NULL,
  `comments_po` varchar(1000) NOT NULL,
  `transaction_type_id` int(10) NOT NULL DEFAULT '1',
  `is_active` enum('on','off') NOT NULL,
  `transaction_date` int(11) NOT NULL COMMENT 'Date when the transaction took place.',
  `created_date` int(11) NOT NULL,
  `modified_date` int(11) NOT NULL,
  `due_date` int(11) NOT NULL COMMENT 'Due date of payment for this PO for polish payment (based on delivery date). Incase of COD, initially this field will contain blank.',
  `due_date_rough` int(11) NOT NULL COMMENT 'Due Date for the payment of rough stones. This is calculcated based on Shipping date.',
  `type` enum('po') NOT NULL,
  `angadia_id` int(10) NOT NULL COMMENT 'ID of the Angadia company.',
  PRIMARY KEY (`id`)
) ENGINE=MyISAM AUTO_INCREMENT=2 DEFAULT CHARSET=latin1;

--
-- Dumping data for table `bstock_pl_purchaseorder`
--

INSERT INTO `bstock_pl_purchaseorder` VALUES (1,'123','999','',0,0,0,2,1,0.00,0.00,0,0,'',0,'',4,3,'',46,'individual',21390670,468477.22,0.00,0,0,0,0.00,21390670,468477.22,468477.22,0.00,0.00,'','1 time import',3,'on',1314015843,1314015843,1314015843,1319199843,0,'po',0);

--
-- Table structure for table `bstock_pl_reportadvfilters`
--

CREATE TABLE `bstock_pl_reportadvfilters` (
  `id` int(11) NOT NULL AUTO_INCREMENT COMMENT 'Primary key',
  `report_id` int(11) NOT NULL COMMENT 'Foreign key that corresponds to primary key from bstock_pl_reports table.',
  `query_id` int(11) NOT NULL COMMENT 'Foreign key that corresponds to primary key from bstock_pl_selectquery table. This may not be used.',
  `column_index` int(11) NOT NULL COMMENT 'Contains the serial number of filters (fields) selected for a particular report. Stores in format like 0,1,2,3 & so on.',
  `column_name` varchar(250) NOT NULL COMMENT 'Column name which is to be included in the filter.',
  `comparator` varchar(10) NOT NULL COMMENT 'Comparator i.e. equals (e), not equals (n), contains (c), etc.',
  `value` varchar(200) NOT NULL COMMENT 'Value to be matched that is entered by the user while creating the filter.',
  `created_date` int(11) NOT NULL,
  `modified_date` int(11) NOT NULL,
  PRIMARY KEY (`id`)
) ENGINE=MyISAM AUTO_INCREMENT=1125 DEFAULT CHARSET=latin1 COMMENT='This table contains all the filters except the date filter.';

--
-- Dumping data for table `bstock_pl_reportadvfilters`
--

INSERT INTO `bstock_pl_reportadvfilters` VALUES (1,1,0,0,'bstock_pl_purchaseorder:contact_person:PurchaseOrder_Contact_Name:contact_person:V','c','a',0,0),(2,1,0,1,'bstock_pl_purchaseorder:subtotal:PurchaseOrder_Subtotal:subtotal:V','g','200',0,0),(3,1,0,2,'bstock_pl_purchaseorder:type_of_tax:PurchaseOrder_Type_Of_Tax:type_of_tax:V','e','individual',0,0),(4,1,0,3,'bstock_pl_purchaseorder:packaging:PurchaseOrder_Packaging:packaging:V','e','',0,0),(16,7,0,1,'','','',1276586668,1276586668),(17,7,0,2,'','','',1276586668,1276586668),(18,7,0,3,'','','',1276586668,1276586668),(15,7,0,0,'bstock_pl_purchaseorder:net_total:PurchaseOrder_net_total:net_total:I','g','800',1276586668,1276586668),(19,7,0,4,'','','',1276586668,1276586668),(31,10,0,1,'','','',1276591968,1276591968),(32,10,0,2,'','','',1276591968,1276591968),(28,9,0,3,'','','',1276590740,1276590740),(29,9,0,4,'','','',1276590740,1276590740),(26,9,0,1,'','','',1276590740,1276590740),(27,9,0,2,'','','',1276590740,1276590740),(30,10,0,0,'bstock_pl_purchaseorder:postatus_id:PurchaseOrder_postatus_id:postatus_id:I','e','1',1276591968,1276591968),(25,9,0,0,'bstock_pl_purchaseorder:contact_person:PurchaseOrder_contact_person:contact_person:V','c','a',1276590740,1276590740),(33,10,0,3,'','','',1276591968,1276591968),(34,10,0,4,'','','',1276591968,1276591968),(35,11,0,0,'','','',1276593750,1276593750),(36,11,0,1,'','','',1276593751,1276593751),(37,11,0,2,'','','',1276593752,1276593752),(38,11,0,3,'','','',1276593752,1276593752),(39,11,0,4,'','','',1276593752,1276593752),(40,12,0,0,'','','',1276598766,1276598766),(41,12,0,1,'','','',1276598767,1276598767),(42,12,0,2,'','','',1276598768,1276598768),(43,12,0,3,'','','',1276598768,1276598768),(44,12,0,4,'','','',1276598768,1276598768),(45,13,0,0,'','','',1276608024,1276608024),(46,13,0,1,'','','',1276608025,1276608025),(47,13,0,2,'','','',1276608025,1276608025),(48,13,0,3,'','','',1276608025,1276608025),(49,13,0,4,'','','',1276608025,1276608025),(50,14,0,0,'','','',1276608490,1276608490),(51,14,0,1,'','','',1276608490,1276608490),(52,14,0,2,'','','',1276608490,1276608490),(53,14,0,3,'','','',1276608490,1276608490),(54,14,0,4,'','','',1276608490,1276608490),(55,15,0,0,'','','',1276684109,1276684109),(56,15,0,1,'','','',1276684109,1276684109),(57,15,0,2,'','','',1276684109,1276684109),(58,15,0,3,'','','',1276684109,1276684109),(59,15,0,4,'','','',1276684109,1276684109),(60,16,0,0,'','','',1276687488,1276687488),(61,16,0,1,'','','',1276687488,1276687488),(62,16,0,2,'','','',1276687488,1276687488),(63,16,0,3,'','','',1276687488,1276687488),(64,16,0,4,'','','',1276687488,1276687488),(65,17,0,0,'','','',1276691935,1276691935),(66,17,0,1,'','','',1276691935,1276691935),(67,17,0,2,'','','',1276691935,1276691935),(68,17,0,3,'','','',1276691935,1276691935),(69,17,0,4,'','','',1276691935,1276691935),(70,18,0,0,'','','',1276692775,1276692775),(71,18,0,1,'','','',1276692775,1276692775),(72,18,0,2,'','','',1276692776,1276692776),(73,18,0,3,'','','',1276692776,1276692776),(74,18,0,4,'','','',1276692776,1276692776),(75,19,0,0,'','','',1276693256,1276693256),(76,19,0,1,'','','',1276693256,1276693256),(77,19,0,2,'','','',1276693256,1276693256),(78,19,0,3,'','','',1276693256,1276693256),(79,19,0,4,'','','',1276693256,1276693256),(80,20,0,0,'','','',1276693459,1276693459),(81,20,0,1,'','','',1276693459,1276693459),(82,20,0,2,'','','',1276693459,1276693459),(83,20,0,3,'','','',1276693459,1276693459),(84,20,0,4,'','','',1276693459,1276693459),(85,21,0,0,'','','',1276693750,1276693750),(86,21,0,1,'','','',1276693750,1276693750),(87,21,0,2,'','','',1276693750,1276693750),(88,21,0,3,'','','',1276693750,1276693750),(89,21,0,4,'','','',1276693750,1276693750),(302,24,0,2,'','','',1278674856,1278674856),(303,24,0,3,'','','',1278674856,1278674856),(105,25,0,0,'','','',1276767496,1276767496),(106,25,0,1,'','','',1276767496,1276767496),(107,25,0,2,'','','',1276767496,1276767496),(108,25,0,3,'','','',1276767496,1276767496),(109,25,0,4,'','','',1276767496,1276767496),(110,26,0,0,'','','',1276773451,1276773451),(111,26,0,1,'','','',1276773452,1276773452),(112,26,0,2,'','','',1276773454,1276773454),(113,26,0,3,'','','',1276773454,1276773454),(114,26,0,4,'','','',1276773454,1276773454),(115,27,0,0,'','','',1276775242,1276775242),(116,27,0,1,'','','',1276775242,1276775242),(117,27,0,2,'','','',1276775242,1276775242),(118,27,0,3,'','','',1276775242,1276775242),(119,27,0,4,'','','',1276775242,1276775242),(120,28,0,0,'','','',1276780009,1276780009),(121,28,0,1,'','','',1276780009,1276780009),(122,28,0,2,'','','',1276780009,1276780009),(123,28,0,3,'','','',1276780009,1276780009),(124,28,0,4,'','','',1276780009,1276780009),(239,29,0,4,'','','',1277299809,1277299809),(238,29,0,3,'','','',1277299809,1277299809),(237,29,0,2,'','','',1277299809,1277299809),(236,29,0,1,'','','',1277299809,1277299809),(235,29,0,0,'','','',1277299809,1277299809),(155,30,0,0,'','','',1277189889,1277189889),(156,30,0,1,'','','',1277189889,1277189889),(157,30,0,2,'','','',1277189889,1277189889),(158,30,0,3,'','','',1277189889,1277189889),(159,30,0,4,'','','',1277189889,1277189889),(160,31,0,0,'','','',1277199613,1277199613),(161,31,0,1,'','','',1277199614,1277199614),(162,31,0,2,'','','',1277199614,1277199614),(163,31,0,3,'','','',1277199614,1277199614),(164,31,0,4,'','','',1277199614,1277199614),(174,32,0,4,'','','',1277202389,1277202389),(173,32,0,3,'','','',1277202389,1277202389),(172,32,0,2,'','','',1277202389,1277202389),(171,32,0,1,'','','',1277202389,1277202389),(170,32,0,0,'','','',1277202389,1277202389),(209,33,0,4,'','','',1277292445,1277292445),(208,33,0,3,'','','',1277292445,1277292445),(207,33,0,2,'','','',1277292445,1277292445),(206,33,0,1,'','','',1277292445,1277292445),(205,33,0,0,'','','',1277292445,1277292445),(210,34,0,0,'','','',1277294934,1277294934),(211,34,0,1,'','','',1277294934,1277294934),(212,34,0,2,'','','',1277294934,1277294934),(213,34,0,3,'','','',1277294934,1277294934),(214,34,0,4,'','','',1277294934,1277294934),(215,35,0,0,'','','',1277295055,1277295055),(216,35,0,1,'','','',1277295055,1277295055),(217,35,0,2,'','','',1277295055,1277295055),(218,35,0,3,'','','',1277295055,1277295055),(219,35,0,4,'','','',1277295055,1277295055),(229,36,0,4,'','','',1277297631,1277297631),(228,36,0,3,'','','',1277297631,1277297631),(227,36,0,2,'','','',1277297631,1277297631),(226,36,0,1,'','','',1277297631,1277297631),(225,36,0,0,'','','',1277297631,1277297631),(230,37,0,0,'','','',1277297943,1277297943),(231,37,0,1,'','','',1277297943,1277297943),(232,37,0,2,'','','',1277297943,1277297943),(233,37,0,3,'','','',1277297943,1277297943),(234,37,0,4,'','','',1277297943,1277297943),(254,38,0,4,'','','',1277302290,1277302290),(253,38,0,3,'','','',1277302290,1277302290),(252,38,0,2,'','','',1277302290,1277302290),(251,38,0,1,'','','',1277302290,1277302290),(250,38,0,0,'','','',1277302290,1277302290),(255,39,0,0,'','','',1277373932,1277373932),(256,39,0,1,'','','',1277373932,1277373932),(257,39,0,2,'','','',1277373932,1277373932),(258,39,0,3,'','','',1277373932,1277373932),(259,39,0,4,'','','',1277373932,1277373932),(260,40,0,0,'','','',1277803475,1277803475),(261,40,0,1,'','','',1277803475,1277803475),(262,40,0,2,'','','',1277803475,1277803475),(263,40,0,3,'','','',1277803475,1277803475),(264,40,0,4,'','','',1277803475,1277803475),(304,24,0,4,'','','',1278674856,1278674856),(301,24,0,1,'','','',1278674856,1278674856),(300,24,0,0,'','','',1278674856,1278674856),(653,22,0,3,'','','',1285053610,1285053610),(652,22,0,2,'','','',1285053610,1285053610),(385,42,0,0,'','','',1280208747,1280208747),(386,42,0,1,'','','',1280208747,1280208747),(387,42,0,2,'','','',1280208747,1280208747),(388,42,0,3,'','','',1280208747,1280208747),(389,42,0,4,'','','',1280208747,1280208747),(399,43,0,4,'','','',1280210777,1280210777),(398,43,0,3,'','','',1280210777,1280210777),(397,43,0,2,'','','',1280210777,1280210777),(396,43,0,1,'','','',1280210777,1280210777),(395,43,0,0,'','','',1280210777,1280210777),(406,44,0,1,'','','',1280212568,1280212568),(405,44,0,0,'bstock_exporters:exporter_name:DetailedSalesReports_exporter_name:exporter_name:V','e','Vishal & Co.',1280212568,1280212568),(407,44,0,2,'','','',1280212568,1280212568),(408,44,0,3,'','','',1280212568,1280212568),(409,44,0,4,'','','',1280212568,1280212568),(410,45,0,0,'bstock_products:sellqty:PurchaseOrder_sellqty:sellqty:I','e','0',1280213104,1280213104),(411,45,0,1,'','','',1280213104,1280213104),(412,45,0,2,'','','',1280213104,1280213104),(413,45,0,3,'','','',1280213104,1280213104),(414,45,0,4,'','','',1280213104,1280213104),(634,46,0,4,'','','',1285048636,1285048636),(633,46,0,3,'','','',1285048636,1285048636),(632,46,0,2,'','','',1285048636,1285048636),(631,46,0,1,'','','',1285048636,1285048636),(630,46,0,0,'','','',1285048636,1285048636),(791,23,0,1,'bstock_orders:is_active:SalesOrder_is_active:is_active:V','e','on',1306316963,1306316963),(790,23,0,0,'bstock_orderstatustypes:status:SalesOrder_status:status:V','e','Unpaid',1306316963,1306316963),(1110,41,0,0,'bstock_products:is_active:Products_is_active:is_active:V','e','on',1309871726,1309871726),(484,47,0,4,'','','',1280293802,1280293802),(483,47,0,3,'','','',1280293802,1280293802),(482,47,0,2,'','','',1280293802,1280293802),(481,47,0,1,'','','',1280293802,1280293802),(480,47,0,0,'','','',1280293802,1280293802),(499,48,0,4,'','','',1281116408,1281116408),(498,48,0,3,'','','',1281116408,1281116408),(497,48,0,2,'','','',1281116408,1281116408),(496,48,0,1,'','','',1281116408,1281116408),(495,48,0,0,'','','',1281116408,1281116408),(651,22,0,1,'bstock_pl_postatustypes:status:PurchaseOrder_status:status:V','n','Delivered',1285053610,1285053610),(580,49,0,0,'bstock_orderstatustypes:status:SalesOrder_status:status:V','n','Paid',1283874192,1283874192),(603,50,0,3,'','','',1283892330,1283892330),(584,49,0,4,'','','',1283874192,1283874192),(582,49,0,2,'','','',1283874192,1283874192),(583,49,0,3,'','','',1283874192,1283874192),(581,49,0,1,'','','',1283874192,1283874192),(601,50,0,1,'','','',1283892330,1283892330),(602,50,0,2,'','','',1283892330,1283892330),(590,51,0,0,'','','',1283892221,1283892221),(591,51,0,1,'','','',1283892221,1283892221),(592,51,0,2,'','','',1283892221,1283892221),(593,51,0,3,'','','',1283892221,1283892221),(594,51,0,4,'','','',1283892221,1283892221),(600,50,0,0,'bstock_pl_postatustypes:status:PurchaseOrder_status:status:V','n','Paid',1283892330,1283892330),(604,50,0,4,'','','',1283892330,1283892330),(605,52,0,0,'','','',1283895447,1283895447),(606,52,0,1,'','','',1283895447,1283895447),(607,52,0,2,'','','',1283895447,1283895447),(608,52,0,3,'','','',1283895447,1283895447),(609,52,0,4,'','','',1283895447,1283895447),(621,53,0,1,'','','',1283898236,1283898236),(622,53,0,2,'','','',1283898236,1283898236),(620,53,0,0,'bstock_jwl_labour_info:status:KarigarReports_status:status:V','n','Paid',1283898236,1283898236),(623,53,0,3,'','','',1283898236,1283898236),(624,53,0,4,'','','',1283898236,1283898236),(724,54,0,4,'','','',1294057547,1294057547),(723,54,0,3,'','','',1294057547,1294057547),(722,54,0,2,'','','',1294057547,1294057547),(721,54,0,1,'','','',1294057547,1294057547),(720,54,0,0,'','','',1294057547,1294057547),(650,22,0,0,'bstock_pl_postatustypes:status:PurchaseOrder_status:status:V','n','Paid',1285053610,1285053610),(654,22,0,4,'','','',1285053610,1285053610),(719,55,0,4,'','','',1294044165,1294044165),(718,55,0,3,'','','',1294044165,1294044165),(717,55,0,2,'','','',1294044165,1294044165),(716,55,0,1,'','','',1294044165,1294044165),(715,55,0,0,'','','',1294044165,1294044165),(694,56,0,4,'','','',1285678547,1285678547),(693,56,0,3,'','','',1285678547,1285678547),(692,56,0,2,'','','',1285678547,1285678547),(690,56,0,0,'','','',1285678547,1285678547),(691,56,0,1,'','','',1285678547,1285678547),(1109,61,0,4,'','','',1309869722,1309869722),(1124,57,0,4,'','','',1314012790,1314012790),(1123,57,0,3,'','','',1314012790,1314012790),(1039,58,0,4,'','','',1306470982,1306470982),(1038,58,0,3,'','','',1306470982,1306470982),(1037,58,0,2,'','','',1306470982,1306470982),(1061,59,0,1,'','','',1306746624,1306746624),(1062,59,0,2,'','','',1306746624,1306746624),(1112,41,0,2,'','','',1309871726,1309871726),(1111,41,0,1,'','','',1309871726,1309871726),(1104,63,0,4,'','','',1309776381,1309776381),(1094,60,0,4,'','','',1309611592,1309611592),(1093,60,0,3,'','','',1309611592,1309611592),(1108,61,0,3,'','','',1309869722,1309869722),(1107,61,0,2,'','','',1309869722,1309869722),(1036,58,0,1,'','','',1306470982,1306470982),(1054,62,0,4,'','','',1306473428,1306473428),(1053,62,0,3,'','','',1306473428,1306473428),(1052,62,0,2,'','','',1306473428,1306473428),(1051,62,0,1,'','','',1306473428,1306473428),(1050,62,0,0,'','','',1306473428,1306473428),(1035,58,0,0,'bstock_orders:is_active:SalesOrder_is_active:is_active:V','e','on',1306470982,1306470982),(1106,61,0,1,'','','',1309869722,1309869722),(1122,57,0,2,'','','',1314012790,1314012790),(1063,59,0,3,'','','',1306746624,1306746624),(1064,59,0,4,'','','',1306746624,1306746624),(792,23,0,2,'','','',1306316963,1306316963),(793,23,0,3,'','','',1306316963,1306316963),(794,23,0,4,'','','',1306316963,1306316963),(1103,63,0,3,'','','',1309776381,1309776381),(1102,63,0,2,'','','',1309776381,1309776381),(1099,64,0,4,'','','',1309775658,1309775658),(1121,57,0,1,'bstock_pl_purchaseorder:is_active:PurchaseOrder_is_active:is_active:V','e','on',1314012790,1314012790),(1120,57,0,0,'','','',1314012790,1314012790),(1098,64,0,3,'','','',1309775658,1309775658),(1097,64,0,2,'','','',1309775658,1309775658),(1096,64,0,1,'bstock_orders:is_active:SalesOrder_is_active:is_active:V','e','on',1309775658,1309775658),(1055,65,0,0,'bstock_pl_jhgstatustypes:status:Approval_status:status:V','n','Approval Returned Full',1306746599,1306746599),(1056,65,0,1,'bstock_pl_jhangad:is_active:Approval_is_active:is_active:V','e','on',1306746599,1306746599),(1057,65,0,2,'','','',1306746599,1306746599),(1058,65,0,3,'','','',1306746599,1306746599),(1059,65,0,4,'','','',1306746599,1306746599),(1060,59,0,0,'bstock_pl_jhangad:is_active:Approval_is_active:is_active:V','e','on',1306746624,1306746624),(1095,64,0,0,'bstock_orderstatustypes:status:SalesOrder_status:status:V','n','Paid',1309775658,1309775658),(1105,61,0,0,'bstock_orders:broker_id:SalesOrder_broker_id:broker_id:I','n','0',1309869722,1309869722),(1101,63,0,1,'bstock_pl_purchaseorder:is_active:PurchaseOrder_is_active:is_active:V','e','on',1309776381,1309776381),(1100,63,0,0,'bstock_pl_postatustypes:status:PurchaseOrder_status:status:V','n','Paid',1309776381,1309776381),(1092,60,0,2,'','','',1309611592,1309611592),(1091,60,0,1,'','','',1309611592,1309611592),(1090,60,0,0,'','','',1309611592,1309611592),(1113,41,0,3,'','','',1309871726,1309871726),(1114,41,0,4,'','','',1309871726,1309871726),(1115,66,0,4,'','','',1298016029,1298016029),(1116,66,0,3,'','','',1298016029,1298016029),(1117,66,0,2,'','','',1298016029,1298016029),(1118,66,0,1,'','','',1298016029,1298016029),(1119,66,0,0,'','','',1298016029,1298016029);

--
-- Table structure for table `bstock_pl_reportcolumns`
--

CREATE TABLE `bstock_pl_reportcolumns` (
  `id` int(11) NOT NULL AUTO_INCREMENT COMMENT 'Primary key',
  `report_id` int(11) NOT NULL COMMENT 'Foreign key that corresponds to primary key from bstock_pl_reports table.',
  `query_id` int(11) NOT NULL COMMENT 'Foreign key that corresponds to primary key from bstock_pl_selectquery table. This may not be used.',
  `column_index` int(11) NOT NULL COMMENT 'Contains the serial number of fields for a particular report. Stores in format like 0,1,2,3 & so on.',
  `column_name` varchar(250) NOT NULL COMMENT 'Column name which is to be included in the report.',
  `created_date` int(11) NOT NULL,
  `modified_date` int(11) NOT NULL,
  PRIMARY KEY (`id`)
) ENGINE=MyISAM AUTO_INCREMENT=1879 DEFAULT CHARSET=latin1 COMMENT='Contains the columns that are to be displayed in the output ';

--
-- Dumping data for table `bstock_pl_reportcolumns`
--

INSERT INTO `bstock_pl_reportcolumns` VALUES (1,1,0,0,'bstock_pl_purchaseorder:tracking_no:PurchaseOrder_Tracking_No:tracking_no:V',0,0),(2,1,0,1,'bstock_pl_purchaseorder:contact_person:PurchaseOrder_Contact_Person:contact_person:V',0,0),(3,1,0,3,'bstock_pl_purchaseorder:subtotal:PurchaseOrder_Subtotal:subtotal:V',0,0),(8,1,0,4,'bstock_pl_purchaseorder:net_total:PurchaseOrder_Net_Total:net_total:V',0,0),(9,1,0,2,'bstock_pl_purchaseorder:brokerage:PurchaseOrder_Brokerage:brokerage:V',0,0),(28,7,0,6,'bstock_vendors:vendor_name:PurchaseOrder_Vendor_Name:vendor_name:V',0,0),(26,7,0,4,'bstock_pl_purchaseorder:brokerage:PurchaseOrder_brokerage:brokerage:I',1276586667,1276586667),(27,7,0,5,'bstock_pl_purchaseorder:net_total:PurchaseOrder_net_total:net_total:I',1276586667,1276586667),(25,7,0,3,'bstock_pl_purchaseorder:exciseduty:PurchaseOrder_exciseduty:exciseduty:I',1276586667,1276586667),(24,7,0,2,'bstock_pl_purchaseorder:octroi:PurchaseOrder_octroi:octroi:I',1276586667,1276586667),(23,7,0,1,'bstock_pl_purchaseorder:packaging:PurchaseOrder_packaging:packaging:I',1276586667,1276586667),(22,7,0,0,'bstock_pl_purchaseorder:subtotal:PurchaseOrder_subtotal:subtotal:I',1276586667,1276586667),(35,9,0,2,'bstock_pl_purchaseorder:subtotal:PurchaseOrder_subtotal:subtotal:I',1276590739,1276590739),(34,9,0,1,'bstock_pl_purchaseorder:po_number:PurchaseOrder_po_number:po_number:V',1276590739,1276590739),(33,9,0,0,'bstock_pl_purchaseorder:contact_person:PurchaseOrder_contact_person:contact_person:V',1276590739,1276590739),(36,9,0,3,'bstock_pl_purchaseorder:net_total:PurchaseOrder_net_total:net_total:I',1276590739,1276590739),(37,9,0,4,'bstock_pl_purchaseorder:broker_id:PurchaseOrder_broker_id:broker_id:I',1276590739,1276590739),(38,10,0,0,'bstock_pl_purchaseorder:po_number:PurchaseOrder_po_number:po_number:V',1276591966,1276591966),(39,10,0,1,'bstock_pl_purchaseorder:contact_person:PurchaseOrder_contact_person:contact_person:V',1276591967,1276591967),(40,10,0,2,'bstock_pl_purchaseorder:carrier_id:PurchaseOrder_carrier_id:carrier_id:I',1276591967,1276591967),(41,10,0,3,'bstock_pl_purchaseorder:assigned_to_id:PurchaseOrder_assigned_to_id:assigned_to_id:I',1276591967,1276591967),(42,10,0,4,'bstock_pl_purchaseorder:vendor_id:PurchaseOrder_vendor_id:vendor_id:I',1276591967,1276591967),(43,10,0,5,'bstock_pl_purchaseorder:broker_id:PurchaseOrder_broker_id:broker_id:I',1276591967,1276591967),(44,10,0,6,'bstock_pl_purchaseorder:tracking_no:PurchaseOrder_tracking_no:tracking_no:V',1276591967,1276591967),(45,10,0,7,'bstock_pl_purchaseorder:postatus_id:PurchaseOrder_postatus_id:postatus_id:I',1276591967,1276591967),(46,10,0,8,'bstock_pl_purchaseorder:payment_terms_id:PurchaseOrder_payment_terms_id:payment_terms_id:I',1276591967,1276591967),(47,10,0,9,'bstock_pl_purchaseorder:dollar_rate:PurchaseOrder_dollar_rate:dollar_rate:I',1276591967,1276591967),(48,10,0,10,'bstock_pl_purchaseorder:type_of_tax:PurchaseOrder_type_of_tax:type_of_tax:V',1276591967,1276591967),(49,10,0,11,'bstock_pl_purchaseorder:subtotal:PurchaseOrder_subtotal:subtotal:I',1276591967,1276591967),(50,10,0,12,'bstock_pl_purchaseorder:packaging:PurchaseOrder_packaging:packaging:I',1276591967,1276591967),(51,10,0,13,'bstock_pl_purchaseorder:octroi:PurchaseOrder_octroi:octroi:I',1276591967,1276591967),(52,10,0,14,'bstock_pl_purchaseorder:exciseduty:PurchaseOrder_exciseduty:exciseduty:I',1276591967,1276591967),(53,10,0,15,'bstock_pl_purchaseorder:brokerage:PurchaseOrder_brokerage:brokerage:I',1276591967,1276591967),(54,10,0,16,'bstock_pl_purchaseorder:net_total:PurchaseOrder_net_total:net_total:I',1276591967,1276591967),(55,11,0,0,'bstock_pl_purchaseorder:id:PurchaseOrder_id:id:I',1276593721,1276593721),(56,11,0,1,'bstock_pl_purchaseorder:po_number:PurchaseOrder_po_number:po_number:V',1276593724,1276593724),(57,11,0,2,'bstock_pl_purchaseorder:contact_person:PurchaseOrder_contact_person:contact_person:V',1276593726,1276593726),(58,11,0,3,'bstock_pl_purchaseorder:brokerage:PurchaseOrder_brokerage:brokerage:I',1276593726,1276593726),(59,11,0,4,'bstock_pl_purchaseorder:subtotal:PurchaseOrder_subtotal:subtotal:I',1276593726,1276593726),(60,11,0,5,'bstock_pl_purchaseorder:net_total:PurchaseOrder_net_total:net_total:I',1276593726,1276593726),(61,12,0,0,'bstock_pl_purchaseorder:po_number:PurchaseOrder_po_number:po_number:V',1276598759,1276598759),(62,12,0,1,'bstock_pl_postatustypes:name:PurchaseOrder_name:name:V',1276598761,1276598761),(63,12,0,2,'bstock_pl_purchaseorder:subtotal:PurchaseOrder_subtotal:subtotal:I',1276598761,1276598761),(64,12,0,3,'bstock_pl_purchaseorder:brokerage:PurchaseOrder_brokerage:brokerage:I',1276598761,1276598761),(65,12,0,4,'bstock_pl_purchaseorder:net_total:PurchaseOrder_net_total:net_total:I',1276598761,1276598761),(66,13,0,0,'bstock_pl_purchaseorder:po_number:PurchaseOrder_po_number:po_number:V',1276608007,1276608007),(67,13,0,1,'bstock_pl_purchaseorder:contact_person:PurchaseOrder_contact_person:contact_person:V',1276608009,1276608009),(68,13,0,2,'bstock_vendors:vendor_name:Vendors_vendor_name:vendor_name:V',1276608011,1276608011),(69,13,0,3,'bstock_pl_postatustypes:name:PurchaseOrder_name:name:V',1276608011,1276608011),(70,13,0,4,'bstock_pl_purchaseorder:subtotal:PurchaseOrder_subtotal:subtotal:I',1276608014,1276608014),(71,13,0,5,'bstock_pl_purchaseorder:net_total:PurchaseOrder_net_total:net_total:I',1276608014,1276608014),(72,14,0,0,'bstock_pl_purchaseorder:po_number:PurchaseOrder_po_number:po_number:V',1276608489,1276608489),(73,14,0,1,'bstock_pl_purchaseorder:contact_person:PurchaseOrder_contact_person:contact_person:V',1276608489,1276608489),(74,14,0,2,'bstock_brokers:broker_name:Brokers_broker_name:broker_name:V',1276608489,1276608489),(75,14,0,3,'bstock_pl_purchaseorder:subtotal:PurchaseOrder_subtotal:subtotal:I',1276608489,1276608489),(76,14,0,4,'bstock_pl_purchaseorder:brokerage:PurchaseOrder_brokerage:brokerage:I',1276608489,1276608489),(77,14,0,5,'bstock_pl_purchaseorder:net_total:PurchaseOrder_net_total:net_total:I',1276608489,1276608489),(78,15,0,0,'bstock_pl_purchaseorder:po_number:PurchaseOrder_po_number:po_number:V',1276684106,1276684106),(79,15,0,1,'bstock_pl_pobilladd:po_bill_firstname:PurchaseOrder_po_bill_firstname:po_bill_firstname:V',1276684108,1276684108),(80,15,0,2,'bstock_pl_pobilladd:po_bill_lastname:PurchaseOrder_po_bill_lastname:po_bill_lastname:V',1276684108,1276684108),(81,15,0,3,'bstock_pl_pobilladd:po_bill_city:PurchaseOrder_po_bill_city:po_bill_city:V',1276684108,1276684108),(82,15,0,4,'bstock_pl_pobilladd:po_bill_state:PurchaseOrder_po_bill_state:po_bill_state:I',1276684108,1276684108),(83,15,0,5,'bstock_pl_pobilladd:po_bill_contry:PurchaseOrder_po_bill_contry:po_bill_contry:I',1276684108,1276684108),(84,15,0,6,'bstock_pl_pobilladd:po_bill_address:PurchaseOrder_po_bill_address:po_bill_address:V',1276684108,1276684108),(85,15,0,7,'bstock_pl_pobilladd:po_bill_postcode:PurchaseOrder_po_bill_postcode:po_bill_postcode:I',1276684108,1276684108),(86,15,0,8,'bstock_pl_pobilladd:phone_number:PurchaseOrder_phone_number:phone_number:V',1276684108,1276684108),(87,15,0,9,'bstock_pl_poshipadd:po_ship_firstname:PurchaseOrder_po_ship_firstname:po_ship_firstname:V',1276684108,1276684108),(88,15,0,10,'bstock_pl_poshipadd:po_ship_lastname:PurchaseOrder_po_ship_lastname:po_ship_lastname:V',1276684108,1276684108),(89,15,0,11,'bstock_pl_poshipadd:po_ship_city:PurchaseOrder_po_ship_city:po_ship_city:V',1276684108,1276684108),(90,15,0,12,'bstock_pl_poshipadd:po_ship_state:PurchaseOrder_po_ship_state:po_ship_state:I',1276684108,1276684108),(91,15,0,13,'bstock_pl_poshipadd:po_ship_contry:PurchaseOrder_po_ship_contry:po_ship_contry:I',1276684108,1276684108),(92,15,0,14,'bstock_pl_poshipadd:po_ship_address:PurchaseOrder_po_ship_address:po_ship_address:V',1276684108,1276684108),(93,15,0,15,'bstock_pl_poshipadd:po_ship_postcode:PurchaseOrder_po_ship_postcode:po_ship_postcode:I',1276684108,1276684108),(94,15,0,16,'bstock_pl_poshipadd:phone_number:PurchaseOrder_phone_number:phone_number:V',1276684108,1276684108),(95,16,0,0,'bstock_orders:so_number:SalesOrder_so_number:so_number:V',1276687488,1276687488),(96,16,0,1,'bstock_orders:contact_person:SalesOrder_contact_person:contact_person:V',1276687488,1276687488),(97,16,0,2,'bstock_brokers:broker_name:Brokers_broker_name:broker_name:V',1276687488,1276687488),(98,16,0,3,'bstock_orders:brokerage:SalesOrder_brokerage:brokerage:I',1276687488,1276687488),(99,16,0,4,'bstock_orders:subtotal:SalesOrder_subtotal:subtotal:V',1276687488,1276687488),(100,16,0,5,'bstock_orders:net_total:SalesOrder_net_total:net_total:I',1276687488,1276687488),(101,16,0,6,'bstock_orderstatustypes:name:SalesOrder_Status:name:V',0,0),(102,17,0,0,'bstock_orders:so_number:SalesOrder_so_number:so_number:V',1276691933,1276691933),(103,17,0,1,'bstock_orders:contact_person:SalesOrder_contact_person:contact_person:V',1276691933,1276691933),(104,17,0,2,'bstock_orders:subtotal:SalesOrder_subtotal:subtotal:V',1276691933,1276691933),(105,17,0,3,'bstock_orders:net_total:SalesOrder_net_total:net_total:I',1276691933,1276691933),(106,17,0,4,'bstock_orderstatustypes:name:SalesOrder_name:name:V',1276691933,1276691933),(115,18,0,0,'bstock_orders:so_number:SalesOrder_so_number:so_number:V',1276692763,1276692763),(116,18,0,1,'bstock_orders:contact_person:SalesOrder_contact_person:contact_person:V',1276692763,1276692763),(117,18,0,2,'bstock_customers:username:Customers_username:username:V',1276692763,1276692763),(118,18,0,3,'bstock_customers:customer_password:Customers_customer_password:customer_password:V',1276692768,1276692768),(119,18,0,4,'bstock_customers:email:Customers_email:email:V',1276692768,1276692768),(120,18,0,5,'bstock_customers:first_name:Customers_first_name:first_name:V',1276692768,1276692768),(121,18,0,6,'bstock_customers:last_name:Customers_last_name:last_name:V',1276692768,1276692768),(122,18,0,7,'bstock_customers:company_name:Customers_company_name:company_name:V',1276692768,1276692768),(123,18,0,8,'bstock_customers:mobile_number:Customers_mobile_number:mobile_number:V',1276692768,1276692768),(124,19,0,0,'bstock_orders:so_number:SalesOrder_so_number:so_number:V',1276693256,1276693256),(125,19,0,1,'bstock_orderpaymentstaxes:tax_amount:SalesOrder_tax_amount:tax_amount:V',1276693256,1276693256),(126,19,0,2,'bstock_orderpaymentstaxes:tax_id:SalesOrder_tax_id:tax_id:I',1276693256,1276693256),(127,20,0,0,'bstock_orders:so_number:SalesOrder_so_number:so_number:V',1276693459,1276693459),(128,20,0,1,'bstock_taxtypes:name:SalesOrder_name:name:V',1276693459,1276693459),(129,20,0,2,'bstock_orderpaymentstaxes:tax_amount:SalesOrder_tax_amount:tax_amount:V',1276693459,1276693459),(130,21,0,0,'bstock_orders:id:SalesOrder_id:id:I',1276693749,1276693749),(131,21,0,1,'bstock_orders:so_number:SalesOrder_so_number:so_number:V',1276693749,1276693749),(132,21,0,2,'bstock_orderitems:product_id:SalesOrder_product_id:product_id:I',1276693749,1276693749),(133,21,0,3,'bstock_orderitems:quantity:SalesOrder_quantity:quantity:I',1276693749,1276693749),(134,21,0,4,'bstock_orderitems:price:SalesOrder_price:price:V',1276693749,1276693749),(1012,22,0,5,'bstock_pl_purchaseorder:due_date:PurchaseOrder_due_date:due_date:I',1285053610,1285053610),(662,47,0,6,'bstock_pl_poitems:listprice:DetailedSalesReports_listprice:listprice:I',1280293802,1280293802),(1229,23,0,6,'bstock_orders:due_date:SalesOrder_due_date:due_date:I',1306316963,1306316963),(1228,23,0,5,'bstock_orderstatustypes:status:SalesOrder_status:status:V',1306316963,1306316963),(1227,23,0,4,'bstock_customers:office_phone_number:Customers_office_phone_number:office_phone_number:V',1306316963,1306316963),(1226,23,0,3,'bstock_orders:net_total:SalesOrder_net_total:net_total:I',1306316963,1306316963),(318,24,0,7,'bstock_pl_postatustypes:status:PurchaseOrder_status:status:V',1278674856,1278674856),(317,24,0,6,'bstock_pl_purchaseorder:due_date:PurchaseOrder_due_date:due_date:I',1278674856,1278674856),(316,24,0,5,'bstock_pl_purchaseorder:net_total:PurchaseOrder_net_total:net_total:I',1278674856,1278674856),(315,24,0,4,'bstock_pl_purchaseorder:brokerage:PurchaseOrder_brokerage:brokerage:I',1278674856,1278674856),(314,24,0,3,'bstock_pl_purchaseorder:contact_person:PurchaseOrder_contact_person:contact_person:V',1278674856,1278674856),(313,24,0,2,'bstock_vendors:last_name:Vendors_last_name:last_name:V',1278674856,1278674856),(311,24,0,0,'bstock_pl_purchaseorder:po_number:PurchaseOrder_po_number:po_number:V',1278674856,1278674856),(158,25,0,0,'bstock_orders:so_number:SalesOrder_so_number:so_number:V',1276767496,1276767496),(159,25,0,1,'bstock_orders:contact_person:SalesOrder_contact_person:contact_person:V',1276767496,1276767496),(160,25,0,2,'bstock_orders:customer_first_name:SalesOrder_customer_first_name:customer_first_name:V',1276767496,1276767496),(161,25,0,3,'bstock_orders:customer_last_name:SalesOrder_customer_last_name:customer_last_name:V',1276767496,1276767496),(162,25,0,4,'bstock_orders:brokerage:SalesOrder_brokerage:brokerage:I',1276767496,1276767496),(163,25,0,5,'bstock_orders:net_total:SalesOrder_net_total:net_total:I',1276767496,1276767496),(164,25,0,6,'bstock_orders:due_date:SalesOrder_due_date:due_date:I',1276767496,1276767496),(165,25,0,7,'bstock_orderstatustypes:status:SalesOrder_name:status:V',1276767496,1276767496),(166,25,0,8,'bstock_customers:company_name:Customers_company_name:company_name:V',1276767496,1276767496),(167,26,0,0,'bstock_customers:first_name:CustomersOrderItems_first_name:first_name:V',1276773443,1276773443),(168,26,0,1,'bstock_customers:last_name:CustomersOrderItems_last_name:last_name:V',1276773443,1276773443),(169,26,0,2,'bstock_customers:company_name:CustomersOrderItems_company_name:company_name:V',1276773444,1276773444),(170,26,0,3,'bstock_customers:mobile_number:CustomersOrderItems_mobile_number:mobile_number:V',1276773445,1276773445),(171,26,0,4,'bstock_orderitems:price:CustomersOrderItems_price:price:V',1276773445,1276773445),(172,26,0,5,'bstock_orderitems:profit_amount:CustomersOrderItems_profit_amount:profit_amount:I',1276773445,1276773445),(173,26,0,6,'bstock_orderitems:profit_percent:CustomersOrderItems_profit_percent:profit_percent:I',1276773445,1276773445),(174,27,0,0,'bstock_orderitems:price:CustomersOrderItems_price:price:V',1276775241,1276775241),(175,27,0,1,'bstock_orderitems:profit_amount:CustomersOrderItems_profit_amount:profit_amount:I',1276775241,1276775241),(176,27,0,2,'bstock_orderitems:profit_percent:CustomersOrderItems_profit_percent:profit_percent:I',1276775241,1276775241),(177,27,0,3,'bstock_customers:first_name:CustomersOrderItems_first_name:first_name:V',1276775241,1276775241),(178,27,0,4,'bstock_customers:last_name:CustomersOrderItems_last_name:last_name:V',1276775241,1276775241),(179,27,0,5,'bstock_customers:mobile_number:CustomersOrderItems_mobile_number:mobile_number:V',1276775241,1276775241),(180,28,0,0,'bstock_customers:username:CustomersOrderItems_username:username:V',1276780008,1276780008),(181,28,0,1,'bstock_customers:customer_password:CustomersOrderItems_customer_password:customer_password:V',1276780008,1276780008),(182,28,0,2,'bstock_customers:email:CustomersOrderItems_email:email:V',1276780008,1276780008),(183,28,0,3,'bstock_customers:first_name:CustomersOrderItems_first_name:first_name:V',1276780008,1276780008),(184,28,0,4,'bstock_customers:last_name:CustomersOrderItems_last_name:last_name:V',1276780008,1276780008),(185,28,0,5,'bstock_customers:company_name:CustomersOrderItems_company_name:company_name:V',1276780008,1276780008),(186,28,0,6,'bstock_customers:office_phone_number:CustomersOrderItems_office_phone_number:office_phone_number:V',1276780008,1276780008),(204,30,0,0,'bstock_customers:email:BestCustomer_email:email:V',1277189888,1277189888),(205,30,0,1,'bstock_customers:first_name:BestCustomer_first_name:first_name:V',1277189888,1277189888),(246,29,0,2,'bstock_customers:last_name:BestCustomer_last_name:last_name:V',1277299808,1277299808),(245,29,0,1,'bstock_customers:first_name:BestCustomer_first_name:first_name:V',1277299808,1277299808),(244,29,0,0,'bstock_customers:email:BestCustomer_email:email:V',1277299808,1277299808),(206,30,0,2,'bstock_customers:last_name:BestCustomer_last_name:last_name:V',1277189888,1277189888),(207,30,0,3,'bstock_customers:company_name:BestCustomer_company_name:company_name:V',1277189888,1277189888),(208,31,0,0,'bstock_vendors:vendor_name:BestVendor_vendor_name:vendor_name:V',1277199611,1277199611),(209,31,0,1,'bstock_vendors:email:BestVendor_email:email:V',1277199612,1277199612),(213,32,0,1,'bstock_vendors:email:BestVendor_email:email:V',1277202389,1277202389),(212,32,0,0,'bstock_vendors:vendor_name:BestVendor_vendor_name:vendor_name:V',1277202388,1277202388),(235,34,0,1,'bstock_orderitems:broker_id_2:BestBroker_broker_id_2:broker_id_2:I',1277294934,1277294934),(234,34,0,0,'bstock_orderitems:broker_id_1:BestBroker_broker_id_1:broker_id_1:I',1277294934,1277294934),(233,33,0,1,'bstock_orderitems:broker_id_2:BestBroker_broker_id_2:broker_id_2:I',1277292443,1277292443),(232,33,0,0,'bstock_orderitems:broker_id_1:BestBroker_broker_id_1:broker_id_1:I',1277292443,1277292443),(236,35,0,0,'bstock_orderitems:broker_id_1:BestBroker_broker_id_1:broker_id_1:I',1277295055,1277295055),(237,35,0,1,'bstock_orderitems:broker_id_2:BestBroker_broker_id_2:broker_id_2:I',1277295055,1277295055),(241,36,0,1,'bstock_pl_poitems:broker_id_2:BestBroker_broker_id_2:broker_id_2:I',1277297631,1277297631),(240,36,0,0,'bstock_pl_poitems:broker_id_1:BestBroker_broker_id_1:broker_id_1:I',1277297630,1277297630),(242,37,0,0,'bstock_pl_poitems:broker_id_1:BestBroker_broker_id_1:broker_id_1:I',1277297943,1277297943),(243,37,0,1,'bstock_pl_poitems:broker_id_2:BestBroker_broker_id_2:broker_id_2:I',1277297943,1277297943),(247,29,0,3,'bstock_customers:company_name:BestCustomer_company_name:company_name:V',1277299808,1277299808),(254,39,0,0,'bstock_countries:name:SalesOrder_name:name:V',1277373930,1277373930),(255,40,0,0,'bstock_pl_purchaseorder:id:Ledger_id:id:I',1277803475,1277803475),(1225,23,0,2,'bstock_orders:so_number:SalesOrder_so_number:so_number:V',1306316963,1306316963),(312,24,0,1,'bstock_vendors:first_name:Vendors_first_name:first_name:V',1278674856,1278674856),(1011,22,0,4,'bstock_pl_purchaseorder:subtotal:PurchaseOrder_subtotal:subtotal:I',1285053610,1285053610),(1010,22,0,3,'bstock_pl_postatustypes:status:PurchaseOrder_status:status:V',1285053610,1285053610),(1008,22,0,1,'bstock_pl_purchaseorder:net_total:PurchaseOrder_net_total:net_total:I',1285053610,1285053610),(509,42,0,0,'trial_balance_entries:particulars:Accounting_particulars:particulars:V',1280208747,1280208747),(1858,41,0,13,'bstock_products:purchase_price_inr:Products_purchase_price_inr:purchase_price_inr:I',1309871726,1309871726),(1857,41,0,12,'bstock_products:piece_price_dollar:Products_piece_price_dollar:piece_price_dollar:I',1309871726,1309871726),(1856,41,0,11,'bstock_products:piece_price_inr:Products_piece_price_inr:piece_price_inr:I',1309871726,1309871726),(510,42,0,1,'trial_balance_entries:debit:Accounting_debit:debit:I',1280208747,1280208747),(511,42,0,2,'trial_balance_entries:credit:Accounting_credit:credit:I',1280208747,1280208747),(512,42,0,3,'trial_balance_entries:created_date:Accounting_created_date:created_date:I',1280208747,1280208747),(529,43,0,7,'bstock_orderitems:profit_percent:DetailedSalesReports_profit_percent:profit_percent:I',1280210777,1280210777),(528,43,0,6,'bstock_orderitems:profit_amount:DetailedSalesReports_profit_amount:profit_amount:I',1280210777,1280210777),(527,43,0,5,'bstock_orderitems:price:DetailedSalesReports_price:price:V',1280210777,1280210777),(526,43,0,4,'bstock_pl_poitems:listprice:DetailedSalesReports_listprice:listprice:I',1280210777,1280210777),(525,43,0,3,'bstock_products:color:DetailedSalesReports_color:color:V',1280210777,1280210777),(524,43,0,2,'bstock_products:size:DetailedSalesReports_size:size:I',1280210777,1280210777),(523,43,0,1,'bstock_products:shape:DetailedSalesReports_shape:shape:V',1280210777,1280210777),(522,43,0,0,'bstock_exporters:exporter_name:DetailedSalesReports_exporter_name:exporter_name:V',1280210777,1280210777),(530,43,0,8,'bstock_customers:company_name:DetailedSalesReports_company_name:company_name:V',1280210777,1280210777),(531,43,0,9,'bstock_customers:email:DetailedSalesReports_email:email:V',1280210777,1280210777),(540,44,0,3,'bstock_products:color:DetailedSalesReports_color:color:V',1280212568,1280212568),(539,44,0,2,'bstock_products:size:DetailedSalesReports_size:size:I',1280212568,1280212568),(538,44,0,1,'bstock_products:shape:DetailedSalesReports_shape:shape:V',1280212568,1280212568),(537,44,0,0,'bstock_exporters:exporter_name:DetailedSalesReports_exporter_name:exporter_name:V',1280212568,1280212568),(541,44,0,4,'bstock_orderitems:price:DetailedSalesReports_price:price:I',1280212568,1280212568),(542,45,0,0,'bstock_pl_purchaseorder:po_number:PurchaseOrder_po_number:po_number:V',1280213104,1280213104),(543,45,0,1,'bstock_vendors:vendor_name:Vendors_vendor_name:vendor_name:V',1280213104,1280213104),(544,45,0,2,'bstock_products:shape:PurchaseOrder_shape:shape:V',1280213104,1280213104),(545,45,0,3,'bstock_products:size:PurchaseOrder_size:size:I',1280213104,1280213104),(546,45,0,4,'bstock_products:color:PurchaseOrder_color:color:V',1280213104,1280213104),(547,45,0,5,'bstock_pl_poitems:listprice:PurchaseOrder_listprice:listprice:I',1280213104,1280213104),(548,45,0,6,'bstock_pl_poitems:qty:PurchaseOrder_qty:qty:I',1280213104,1280213104),(971,46,0,5,'bstock_products:qty:StockReports_qty:qty:I',1285048636,1285048636),(970,46,0,4,'bstock_products:color:StockReports_color:color:V',1285048636,1285048636),(969,46,0,3,'bstock_products:size:StockReports_size:size:I',1285048636,1285048636),(968,46,0,2,'bstock_products:shape:StockReports_shape:shape:V',1285048636,1285048636),(967,46,0,1,'bstock_pl_purchaseorder:po_number:StockReports_po_number:po_number:V',1285048636,1285048636),(966,46,0,0,'bstock_customers:company_name:StockReports_company_name:company_name:V',1285048636,1285048636),(1009,22,0,2,'bstock_customers:company_name:Customers_company_name:company_name:V',1285053610,1285053610),(1224,23,0,1,'bstock_orders:contact_person:SalesOrder_contact_person:contact_person:V',1306316963,1306316963),(1855,41,0,10,'bstock_products:price:Products_price:price:V',1309871726,1309871726),(1854,41,0,9,'bstock_products:symmetry:Products_symmetry:symmetry:V',1309871726,1309871726),(1853,41,0,8,'bstock_products:polish:Products_polish:polish:V',1309871726,1309871726),(1223,23,0,0,'bstock_customers:company_name:Customers_company_name:company_name:V',1306316963,1306316963),(661,47,0,5,'bstock_pl_poitems:qty:DetailedSalesReports_qty:qty:I',1280293802,1280293802),(660,47,0,4,'bstock_exporters:exporter_name:DetailedSalesReports_exporter_name:exporter_name:V',1280293802,1280293802),(659,47,0,3,'bstock_products:color:DetailedSalesReports_color:color:V',1280293802,1280293802),(658,47,0,2,'bstock_products:size:DetailedSalesReports_size:size:I',1280293802,1280293802),(657,47,0,1,'bstock_products:shape:DetailedSalesReports_shape:shape:V',1280293802,1280293802),(656,47,0,0,'bstock_vendors:vendor_name:DetailedSalesReports_vendor_name:vendor_name:V',1280293802,1280293802),(663,47,0,7,'bstock_pl_poitems:created_date:DetailedSalesReports_created_date:created_date:I',1280293802,1280293802),(688,48,0,7,'bstock_pl_poitems:listprice:StockReports_listprice:listprice:I',1281116408,1281116408),(689,48,0,8,'bstock_pl_poitems:created_date:StockReports_created_date:created_date:I',1281116408,1281116408),(687,48,0,6,'bstock_pl_poitems:qty:StockReports_qty:qty:I',1281116408,1281116408),(686,48,0,5,'bstock_products:color:StockReports_color:color:V',1281116408,1281116408),(684,48,0,3,'bstock_products:size:StockReports_size:size:I',1281116408,1281116408),(685,48,0,4,'bstock_products:flourescence:StockReports_flourescence:flourescence:I',1281116408,1281116408),(683,48,0,2,'bstock_products:shape:StockReports_shape:shape:V',1281116408,1281116408),(682,48,0,1,'bstock_products:stoneid:StockReports_stoneid:stoneid:V',1281116408,1281116408),(681,48,0,0,'bstock_pl_poitems:po_number_id:StockReports_po_number_id:po_number_id:I',1281116408,1281116408),(1007,22,0,0,'bstock_pl_purchaseorder:po_number:PurchaseOrder_po_number:po_number:V',1285053610,1285053610),(1852,41,0,7,'bstock_products:cut:Products_cut:cut:V',1309871726,1309871726),(1851,41,0,6,'bstock_products:lab:Products_lab:lab:V',1309871726,1309871726),(885,49,0,13,'bstock_products:cash_back:Products_cash_back:cash_back:I',1283874192,1283874192),(886,49,0,14,'bstock_products:conversion_rate:Products_conversion_rate:conversion_rate:I',1283874192,1283874192),(887,49,0,15,'bstock_orderstatustypes:status:SalesOrder_status:status:V',1283874192,1283874192),(884,49,0,12,'bstock_products:discount:Products_discount:discount:V',1283874192,1283874192),(881,49,0,9,'bstock_products:flourescence:Products_flourescence:flourescence:I',1283874192,1283874192),(883,49,0,11,'bstock_products:inr_price:Products_inr_price:inr_price:I',1283874192,1283874192),(882,49,0,10,'bstock_products:rap_price:Products_rap_price:rap_price:I',1283874192,1283874192),(880,49,0,8,'bstock_products:clarity:Products_clarity:clarity:V',1283874192,1283874192),(879,49,0,7,'bstock_products:color:Products_color:color:V',1283874192,1283874192),(878,49,0,6,'bstock_products:size:Products_size:size:I',1283874192,1283874192),(877,49,0,5,'bstock_products:shape:Products_shape:shape:V',1283874192,1283874192),(875,49,0,3,'bstock_orderitems:total_in_inr:SalesOrder_total_in_inr:total_in_inr:I',1283874192,1283874192),(876,49,0,4,'bstock_products:purchase_price_inr:Products_purchase_price_inr:purchase_price_inr:I',1283874192,1283874192),(874,49,0,2,'bstock_orders:balance:SalesOrder_balance:balance:I',1283874192,1283874192),(873,49,0,1,'bstock_orders:due_date:SalesOrder_due_date:due_date:I',1283874192,1283874192),(872,49,0,0,'bstock_orders:so_number:SalesOrder_so_number:so_number:V',1283874192,1283874192),(941,50,0,15,'bstock_products:conversion_rate:PurchaseOrder_conversion_rate:conversion_rate:I',1283892330,1283892330),(940,50,0,14,'bstock_products:cash_back:PurchaseOrder_cash_back:cash_back:I',1283892330,1283892330),(939,50,0,13,'bstock_products:discount:PurchaseOrder_discount:discount:V',1283892330,1283892330),(938,50,0,12,'bstock_products:inr_price:PurchaseOrder_inr_price:inr_price:I',1283892330,1283892330),(937,50,0,11,'bstock_products:price:PurchaseOrder_price:price:I',1283892330,1283892330),(935,50,0,9,'bstock_products:clarity:PurchaseOrder_clarity:clarity:V',1283892330,1283892330),(936,50,0,10,'bstock_products:flourescence:PurchaseOrder_flourescence:flourescence:I',1283892330,1283892330),(934,50,0,8,'bstock_products:color:PurchaseOrder_color:color:V',1283892330,1283892330),(932,50,0,6,'bstock_products:shape:PurchaseOrder_shape:shape:V',1283892330,1283892330),(933,50,0,7,'bstock_products:size:PurchaseOrder_size:size:I',1283892330,1283892330),(931,50,0,5,'bstock_products:purchase_price_dollar:Products_purchase_price_dollar:purchase_price_dollar:I',1283892330,1283892330),(930,50,0,4,'bstock_products:purchase_price_inr:PurchaseOrder_purchase_price_inr:purchase_price_inr:I',1283892330,1283892330),(904,51,0,0,'bstock_brokers:broker_name:BestBroker_broker_name:broker_name:V',1283892221,1283892221),(905,51,0,1,'bstock_orderitems:order_id:BestBroker_order_id:order_id:I',1283892221,1283892221),(906,51,0,2,'bstock_orderitems:product_id:BestBroker_product_id:product_id:I',1283892221,1283892221),(907,51,0,3,'bstock_orderitems:brokerage_1:BestBroker_brokerage_1:brokerage_1:I',1283892221,1283892221),(908,51,0,4,'bstock_orderitems:brokerage_1_amt_inr:BestBroker_brokerage_1_amt_inr:brokerage_1_amt_inr:I',1283892221,1283892221),(929,50,0,3,'bstock_pl_purchaseorder:net_total:PurchaseOrder_net_total:net_total:I',1283892330,1283892330),(928,50,0,2,'bstock_pl_purchaseorder:balance:PurchaseOrder_balance:balance:I',1283892330,1283892330),(927,50,0,1,'bstock_pl_purchaseorder:due_date:PurchaseOrder_due_date:due_date:I',1283892330,1283892330),(926,50,0,0,'bstock_pl_purchaseorder:po_number:PurchaseOrder_po_number:po_number:V',1283892330,1283892330),(942,50,0,16,'bstock_pl_postatustypes:status:PurchaseOrder_status:status:V',1283892330,1283892330),(943,52,0,0,'bstock_pl_purchaseorder:id:Ledger_id:id:I',1283895447,1283895447),(955,53,0,3,'bstock_karigar:karigar_name:KarigarReports_karigar_name:karigar_name:V',1283898236,1283898236),(954,53,0,2,'bstock_jwl_labour_info:balance:KarigarReports_balance:balance:I',1283898236,1283898236),(952,53,0,0,'bstock_orders:so_number:KarigarReports_so_number:so_number:V',1283898236,1283898236),(953,53,0,1,'bstock_jwl_labour_info:price:KarigarReports_price:price:V',1283898236,1283898236),(956,53,0,4,'bstock_jwl_labour_info:status:KarigarReports_status:status:V',1283898236,1283898236),(1106,54,0,4,'bstock_pl_purchaseorder:net_total:PurchaseOrder_net_total:net_total:I',1294057547,1294057547),(1105,54,0,3,'bstock_pl_purchaseorder:due_date:PurchaseOrder_due_date:due_date:I',1294057547,1294057547),(1104,54,0,2,'bstock_pl_purchaseorder:po_number:PurchaseOrder_po_number:po_number:V',1294057547,1294057547),(972,46,0,6,'bstock_pl_poitems:listprice:StockReports_listprice:listprice:I',1285048636,1285048636),(1103,54,0,1,'bstock_pl_purchaseorder:transaction_date:PurchaseOrder_transaction_date:transaction_date:I',1294057547,1294057547),(1102,54,0,0,'bstock_pl_purchaseorder:id:PurchaseOrder_id:id:I',1294057547,1294057547),(1100,55,0,4,'bstock_orders:transaction_date:SalesOrder_transaction_date:transaction_date:I',1294044165,1294044165),(1099,55,0,3,'bstock_orders:due_date:SalesOrder_due_date:due_date:I',1294044165,1294044165),(1098,55,0,2,'bstock_orders:net_total:SalesOrder_net_total:net_total:I',1294044165,1294044165),(1097,55,0,1,'bstock_orders:so_number:SalesOrder_so_number:so_number:V',1294044165,1294044165),(1096,55,0,0,'bstock_orders:id:SalesOrder_id:id:I',1294044165,1294044165),(1050,56,0,3,'bstock_karigar_metal_info:date_given_timestamp:KarigarReports_date_given_timestamp:date_given_timestamp:I',1285678547,1285678547),(1047,56,0,0,'bstock_karigar_metal_info:id:KarigarReports_id:id:I',1285678547,1285678547),(1048,56,0,1,'bstock_karigar_metal_info:karigar_id:KarigarReports_karigar_id:karigar_id:I',1285678547,1285678547),(1049,56,0,2,'bstock_karigar_metal_info:metal_weight:KarigarReports_metal_weight:metal_weight:I',1285678547,1285678547),(1850,41,0,5,'bstock_products:flourescence:Products_flourescence:flourescence:I',1309871726,1309871726),(1849,41,0,4,'bstock_products:clarity:Products_clarity:clarity:V',1309871726,1309871726),(1848,41,0,3,'bstock_products:size:Products_size:size:I',1309871726,1309871726),(1847,41,0,2,'bstock_products:shape:Products_shape:shape:V',1309871726,1309871726),(1845,41,0,0,'bstock_products:stoneid:Products_stoneid:stoneid:V',1309871726,1309871726),(1846,41,0,1,'bstock_products:color:Products_color:color:V',1309871726,1309871726),(1875,57,0,8,'bstock_pl_purchaseorder:dollar_rate:PurchaseOrder_dollar_rate:dollar_rate:I',1314012790,1314012790),(1874,57,0,7,'bstock_pl_purchaseorder:net_total_usd:PurchaseOrder_net_total_usd:net_total_usd:I',1314012790,1314012790),(1873,57,0,6,'bstock_pl_purchaseorder:vendor_id:PurchaseOrder_vendor_id:vendor_id:I',1314012790,1314012790),(1872,57,0,5,'bstock_pl_purchaseorder:due_date:PurchaseOrder_due_date:due_date:I',1314012790,1314012790),(1871,57,0,4,'bstock_pl_purchaseorder:balance:PurchaseOrder_balance:balance:I',1314012790,1314012790),(1679,58,0,3,'bstock_orders:balance:SalesOrder_balance:balance:I',1306470982,1306470982),(1680,58,0,4,'bstock_orders:due_date:SalesOrder_due_date:due_date:I',1306470982,1306470982),(1681,58,0,5,'bstock_orders:transaction_date:SalesOrder_transaction_date:transaction_date:I',1306470982,1306470982),(1682,58,0,6,'bstock_orders:customer_id:SalesOrder_customer_id:customer_id:I',1306470982,1306470982),(1101,55,0,5,'bstock_orders:balance:SalesOrder_balance:balance:I',1294044165,1294044165),(1107,54,0,5,'bstock_pl_purchaseorder:balance:PurchaseOrder_balance:balance:I',1294057547,1294057547),(1686,58,0,10,'bstock_brokers:broker_name:Brokers_broker_name:broker_name:V',1306470982,1306470982),(1685,58,0,9,'bstock_orderstatustypes:status:SalesOrder_status:status:V',1306470982,1306470982),(1744,59,0,4,'bstock_pl_jhangad:due_date:Approval_due_date:due_date:I',1306746624,1306746624),(1745,59,0,5,'bstock_pl_jhangad:transaction_date:Approval_transaction_date:transaction_date:I',1306746624,1306746624),(1741,59,0,1,'bstock_pl_jhangad:jhangad_number:Approval_jhangad_number:jhangad_number:V',1306746624,1306746624),(1742,59,0,2,'bstock_pl_jhangad:customer_id:Approval_customer_id:customer_id:I',1306746624,1306746624),(1810,60,0,11,'bstock_pl_dailycashentries:payment_mode:CashBookReports_payment_mode:payment_mode:V',1309611592,1309611592),(1806,60,0,7,'bstock_pl_dailycashentries:remarks:CashBookReports_remarks:remarks:V',1309611592,1309611592),(1807,60,0,8,'bstock_pl_dailycashentries:entry_type:CashBookReports_entry_type:entry_type:V',1309611592,1309611592),(1808,60,0,9,'bstock_pl_dailycashentries:amount:CashBookReports_amount:amount:I',1309611592,1309611592),(1809,60,0,10,'bstock_pl_dailycashentries:closing_balance:CashBookReports_closing_balance:closing_balance:I',1309611592,1309611592),(1805,60,0,6,'bstock_bank:account_number:CashBookReports_account_number:account_number:V',1309611592,1309611592),(1843,61,0,7,'bstock_orders:customer_id:SalesOrder_customer_id:customer_id:I',1309869722,1309869722),(1842,61,0,6,'bstock_orders:broker_id:SalesOrder_broker_id:broker_id:I',1309869722,1309869722),(1841,61,0,5,'bstock_orders:brokerage_total:SalesOrder_brokerage_total:brokerage_total:I',1309869722,1309869722),(1840,61,0,4,'bstock_orders:net_total:SalesOrder_net_total:net_total:I',1309869722,1309869722),(1839,61,0,3,'bstock_orders:brokerage_balance:SalesOrder_brokerage_balance:brokerage_balance:I',1309869722,1309869722),(1838,61,0,2,'bstock_orders:transaction_date:SalesOrder_transaction_date:transaction_date:I',1309869722,1309869722),(1725,62,0,14,'bstock_pl_purchaseorder:vendor_id:ProfitLossReports_vendor_id:vendor_id:I',1306473428,1306473428),(1724,62,0,13,'bstock_pl_poitems:po_number_id:ProfitLossReports_po_number_id:po_number_id:I',1306473428,1306473428),(1723,62,0,12,'bstock_orders:dollar_rate:ProfitLossReports_dollar_rate:dollar_rate:I',1306473428,1306473428),(1720,62,0,9,'bstock_orderitems:size:ProfitLossReports_size:size:I',1306473428,1306473428),(1721,62,0,10,'bstock_products:purchase_price_dollar:ProfitLossReports_purchase_price_dollar:purchase_price_dollar:I',1306473428,1306473428),(1722,62,0,11,'bstock_products:purchase_price_inr:ProfitLossReports_purchase_price_inr:purchase_price_inr:I',1306473428,1306473428),(1719,62,0,8,'bstock_orders:brokerage_total:ProfitLossReports_brokerage_total:brokerage_total:I',1306473428,1306473428),(1718,62,0,7,'bstock_orders:customer_id:ProfitLossReports_customer_id:customer_id:I',1306473428,1306473428),(1717,62,0,6,'bstock_orders:broker_id:ProfitLossReports_broker_id:broker_id:I',1306473428,1306473428),(1716,62,0,5,'bstock_orders:transaction_date:ProfitLossReports_transaction_date:transaction_date:I',1306473428,1306473428),(1715,62,0,4,'bstock_orderitems:total_in_inr:ProfitLossReports_total_in_inr:total_in_inr:I',1306473428,1306473428),(1714,62,0,3,'bstock_orderitems:total_in_dollar:ProfitLossReports_total_in_dollar:total_in_dollar:I',1306473428,1306473428),(1683,58,0,7,'bstock_orders:delivery_status_id:SalesOrder_delivery_status_id:delivery_status_id:I',1306470982,1306470982),(1684,58,0,8,'bstock_orders:net_total_usd:SalesOrder_net_total_usd:net_total_usd:I',1306470982,1306470982),(1743,59,0,3,'bstock_pl_jhangad:net_total:Approval_net_total:net_total:I',1306746624,1306746624),(1832,63,0,8,'bstock_pl_purchaseorder:dollar_rate:PurchaseOrder_dollar_rate:dollar_rate:I',1309776381,1309776381),(1831,63,0,7,'bstock_pl_purchaseorder:vendor_id:PurchaseOrder_vendor_id:vendor_id:I',1309776381,1309776381),(1830,63,0,6,'bstock_pl_postatustypes:status:PurchaseOrder_status:status:V',1309776381,1309776381),(1829,63,0,5,'bstock_pl_purchaseorder:due_date:PurchaseOrder_due_date:due_date:I',1309776381,1309776381),(1828,63,0,4,'bstock_pl_purchaseorder:balance:PurchaseOrder_balance:balance:I',1309776381,1309776381),(1820,64,0,9,'bstock_orderstatustypes:status:SalesOrder_status:status:V',1309775658,1309775658),(1819,64,0,8,'bstock_orders:net_total_usd:SalesOrder_net_total_usd:net_total_usd:I',1309775658,1309775658),(1818,64,0,7,'bstock_orders:delivery_status_id:SalesOrder_delivery_status_id:delivery_status_id:I',1309775658,1309775658),(1732,65,0,0,'bstock_pl_jhangad:id:Approval_id:id:I',1306746599,1306746599),(1733,65,0,1,'bstock_pl_jhangad:jhangad_number:Approval_jhangad_number:jhangad_number:V',1306746599,1306746599),(1734,65,0,2,'bstock_pl_jhangad:customer_id:Approval_customer_id:customer_id:I',1306746599,1306746599),(1735,65,0,3,'bstock_pl_jhangad:net_total:Approval_net_total:net_total:I',1306746599,1306746599),(1736,65,0,4,'bstock_pl_jhangad:due_date:Approval_due_date:due_date:I',1306746599,1306746599),(1737,65,0,5,'bstock_pl_jhangad:transaction_date:Approval_transaction_date:transaction_date:I',1306746599,1306746599),(1738,65,0,6,'bstock_pl_jhangad:status_id:Approval_status_id:status_id:I',1306746599,1306746599),(1746,59,0,6,'bstock_pl_jhangad:status_id:Approval_status_id:status_id:I',1306746624,1306746624),(1740,59,0,0,'bstock_pl_jhangad:id:Approval_id:id:I',1306746624,1306746624),(1739,65,0,7,'bstock_pl_jhangad:broker_id:Approval_broker_id:broker_id:I',1306746599,1306746599),(1817,64,0,6,'bstock_orders:transaction_date:SalesOrder_transaction_date:transaction_date:I',1309775658,1309775658),(1816,64,0,5,'bstock_orders:due_date:SalesOrder_due_date:due_date:I',1309775658,1309775658),(1827,63,0,3,'bstock_pl_purchaseorder:net_total:PurchaseOrder_net_total:net_total:I',1309776381,1309776381),(1826,63,0,2,'bstock_pl_purchaseorder:po_number:PurchaseOrder_po_number:po_number:V',1309776381,1309776381),(1870,57,0,3,'bstock_pl_purchaseorder:net_total:PurchaseOrder_net_total:net_total:I',1314012790,1314012790),(1869,57,0,2,'bstock_pl_purchaseorder:po_number:PurchaseOrder_po_number:po_number:V',1314012790,1314012790),(1868,57,0,1,'bstock_pl_purchaseorder:transaction_date:PurchaseOrder_transaction_date:transaction_date:I',1314012790,1314012790),(1815,64,0,4,'bstock_orders:balance:SalesOrder_balance:balance:I',1309775658,1309775658),(1837,61,0,1,'bstock_orders:so_number:SalesOrder_so_number:so_number:V',1309869722,1309869722),(1836,61,0,0,'bstock_orders:id:SalesOrder_id:id:I',1309869722,1309869722),(1726,62,0,15,'bstock_pl_poitems:partner_id:ProfitLossReports_partner_id:partner_id:I',1306473428,1306473428),(1825,63,0,1,'bstock_pl_purchaseorder:transaction_date:PurchaseOrder_transaction_date:transaction_date:I',1309776381,1309776381),(1824,63,0,0,'bstock_pl_purchaseorder:id:PurchaseOrder_id:id:I',1309776381,1309776381),(1867,57,0,0,'bstock_pl_purchaseorder:id:PurchaseOrder_id:id:I',1314012790,1314012790),(1713,62,0,2,'bstock_orderitems:invoice_note:ProfitLossReports_invoice_note:invoice_note:V',1306473428,1306473428),(1711,62,0,0,'bstock_orderitems:id:ProfitLossReports_id:id:I',1306473428,1306473428),(1712,62,0,1,'bstock_orderitems:product_id:ProfitLossReports_product_id:product_id:I',1306473428,1306473428),(1814,64,0,3,'bstock_orders:net_total:SalesOrder_net_total:net_total:I',1309775658,1309775658),(1813,64,0,2,'bstock_orders:customer_id:SalesOrder_customer_id:customer_id:I',1309775658,1309775658),(1678,58,0,2,'bstock_orders:net_total:SalesOrder_net_total:net_total:I',1306470982,1306470982),(1676,58,0,0,'bstock_orders:id:SalesOrder_id:id:I',1306470982,1306470982),(1677,58,0,1,'bstock_orders:so_number:SalesOrder_so_number:so_number:V',1306470982,1306470982),(1687,58,0,11,'bstock_orders:dollar_rate:SalesOrder_dollar_rate:dollar_rate:I',1306470982,1306470982),(1812,64,0,1,'bstock_orders:so_number:SalesOrder_so_number:so_number:V',1309775658,1309775658),(1811,64,0,0,'bstock_orders:id:SalesOrder_id:id:I',1309775658,1309775658),(1727,62,0,16,'bstock_orderitems:percent_back:ProfitLossReports_percent_back:percent_back:I',1306473428,1306473428),(1728,62,0,17,'bstock_orderitems:aadat:ProfitLossReports_aadat:aadat:I',1306473428,1306473428),(1729,62,0,18,'bstock_orderitems:cash_back:ProfitLossReports_cash_back:cash_back:I',1306473428,1306473428),(1730,62,0,19,'bstock_orderitems:carat_selling_price_usd:ProfitLossReports_carat_selling_price_usd:carat_selling_price_usd:I',1306473428,1306473428),(1731,62,0,20,'bstock_orderitems:carat_selling_price:ProfitLossReports_carat_selling_price:carat_selling_price:I',1306473428,1306473428),(1747,59,0,7,'bstock_pl_jhangad:broker_id:Approval_broker_id:broker_id:I',1306746624,1306746624),(1800,60,0,1,'bstock_customers:company_name:CashBookReports_company_name:company_name:V',1309611592,1309611592),(1801,60,0,2,'bstock_customers:first_name:CashBookReports_first_name:first_name:V',1309611592,1309611592),(1802,60,0,3,'bstock_customers:last_name:CashBookReports_last_name:last_name:V',1309611592,1309611592),(1803,60,0,4,'bstock_angadia:account_name:CashBookReports_account_name:account_name:V',1309611592,1309611592),(1804,60,0,5,'bstock_bank:bank_name:CashBookReports_bank_name:bank_name:V',1309611592,1309611592),(1799,60,0,0,'bstock_pl_dailycashentries:date_timestamp:CashBookReports_date_timestamp:date_timestamp:I',1309611592,1309611592),(1821,64,0,10,'bstock_orders:dollar_rate:SalesOrder_dollar_rate:dollar_rate:I',1309775658,1309775658),(1822,64,0,11,'bstock_brokers:broker_name:SalesOrder_broker_name:broker_name:V',1309775658,1309775658),(1823,64,0,12,'bstock_orders:transaction_type_id:SalesOrder_transaction_type_id:transaction_type_id:I',1309775658,1309775658),(1833,63,0,9,'bstock_pl_purchaseorder:net_total_usd:PurchaseOrder_net_total_usd:net_total_usd:I',1309776381,1309776381),(1834,63,0,10,'bstock_pl_purchaseorder:postatus_id:PurchaseOrder_postatus_id:postatus_id:I',1309776381,1309776381),(1835,63,0,11,'bstock_pl_purchaseorder:transaction_type_id:PurchaseOrder_transaction_type_id:transaction_type_id:I',1309776381,1309776381),(1844,61,0,8,'bstock_orders:dollar_rate:SalesOrder_dollar_rate:dollar_rate:I',1309869722,1309869722),(1859,41,0,14,'bstock_products:purchase_price_dollar:Products_purchase_price_dollar:purchase_price_dollar:I',1309871726,1309871726),(1860,66,0,4,'bstock_pl_purchaseorder:balance:PurchaseOrder_balance:balance:I',1298016029,1298016029),(1861,66,0,3,'bstock_pl_purchaseorder:net_total:PurchaseOrder_net_total:net_total:I',1298016029,1298016029),(1862,66,0,2,'bstock_pl_purchaseorder:po_number:PurchaseOrder_po_number:po_number:V',1298016029,1298016029),(1863,66,0,1,'bstock_pl_purchaseorder:transaction_date:PurchaseOrder_transaction_date:transaction_date:I',1298016029,1298016029),(1864,66,0,0,'bstock_pl_purchaseorder:id:PurchaseOrder_id:id:I',1298016029,1298016029),(1865,66,0,5,'bstock_pl_purchaseorder:due_date:PurchaseOrder_due_date:due_date:I',1298016029,1298016029),(1866,66,0,6,'bstock_pl_purchaseorder:vendor_id:PurchaseOrder_vendor_id:vendor_id:I',1298016029,1298016029),(1876,57,0,9,'bstock_pl_postatustypes:status:PurchaseOrder_status:status:V',1314012790,1314012790),(1877,57,0,10,'bstock_pl_purchaseorder:dm_sender_id:PurchaseOrder_dm_sender_id:dm_sender_id:I',1314012790,1314012790),(1878,57,0,11,'bstock_pl_purchaseorder:dm_receiver_id:PurchaseOrder_dm_receiver_id:dm_receiver_id:I',1314012790,1314012790);

--
-- Table structure for table `bstock_pl_reportdatefilter`
--

CREATE TABLE `bstock_pl_reportdatefilter` (
  `id` int(11) NOT NULL AUTO_INCREMENT COMMENT 'Primary key',
  `report_id` int(11) NOT NULL COMMENT 'Foreign key that corresponds to primary key of bstock_pl_reports table.',
  `date_column_name` varchar(255) NOT NULL COMMENT 'Column name of the date field.',
  `date_filter` varchar(50) NOT NULL COMMENT 'Name of the date filter i.e. custom, lastmonth, prevfy, etc.',
  `start_date` date NOT NULL COMMENT 'Start date of the chosen filter.',
  `end_date` date NOT NULL COMMENT 'End date of the chosen filter.',
  `created_date` int(11) NOT NULL,
  `modified_date` int(11) NOT NULL,
  PRIMARY KEY (`id`)
) ENGINE=MyISAM AUTO_INCREMENT=226 DEFAULT CHARSET=latin1 COMMENT='Contains columnnames of date fields on which we set filters ';

--
-- Dumping data for table `bstock_pl_reportdatefilter`
--

INSERT INTO `bstock_pl_reportdatefilter` VALUES (1,1,'bstock_pl_purchaseorder:created_date:created_date:PurchaseOrder_Created_Date','thisfy','2010-01-01','2010-12-31',0,0),(4,7,'bstock_pl_purchaseorder:created_date:created_date:PurchaseOrder_created_date','custom','0000-00-00','0000-00-00',1276586668,1276586668),(6,9,'bstock_pl_purchaseorder:created_date:created_date:PurchaseOrder_created_date','custom','0000-00-00','0000-00-00',1276590739,1276590739),(7,10,'bstock_pl_purchaseorder:created_date:created_date:PurchaseOrder_created_date','custom','0000-00-00','0000-00-00',1276591967,1276591967),(8,11,'bstock_pl_purchaseorder:created_date:created_date:PurchaseOrder_created_date','custom','0000-00-00','0000-00-00',1276593741,1276593741),(9,12,'bstock_pl_purchaseorder:created_date:created_date:PurchaseOrder_created_date','custom','0000-00-00','0000-00-00',1276598765,1276598765),(10,13,'bstock_pl_purchaseorder:created_date:created_date:PurchaseOrder_created_date','custom','0000-00-00','0000-00-00',1276608023,1276608023),(11,14,'bstock_pl_purchaseorder:created_date:created_date:PurchaseOrder_created_date','custom','0000-00-00','0000-00-00',1276608490,1276608490),(12,15,'bstock_pl_purchaseorder:created_date:created_date:PurchaseOrder_created_date','custom','0000-00-00','0000-00-00',1276684109,1276684109),(13,16,'bstock_orders:due_date:due_date:SalesOrder_due_date','custom','0000-00-00','0000-00-00',1276687488,1276687488),(14,17,'bstock_orders:due_date:due_date:SalesOrder_due_date','custom','0000-00-00','0000-00-00',1276691934,1276691934),(15,18,'bstock_orders:due_date:due_date:SalesOrder_due_date','custom','0000-00-00','0000-00-00',1276692773,1276692773),(16,19,'bstock_orders:due_date:due_date:SalesOrder_due_date','custom','0000-00-00','0000-00-00',1276693256,1276693256),(17,20,'bstock_orders:due_date:due_date:SalesOrder_due_date','custom','0000-00-00','0000-00-00',1276693459,1276693459),(18,21,'bstock_orders:due_date:due_date:SalesOrder_due_date','custom','0000-00-00','0000-00-00',1276693750,1276693750),(131,22,'bstock_pl_purchaseorder:due_date:due_date:PurchaseOrder_due_date','custom','2010-01-01','2010-12-31',1285053610,1285053610),(159,23,'bstock_orders:due_date:due_date:SalesOrder_due_date','custom','0000-00-00','0000-00-00',1306316963,1306316963),(61,24,'bstock_pl_purchaseorder:created_date:created_date:PurchaseOrder_created_date','custom','0000-00-00','0000-00-00',1278674856,1278674856),(22,25,'bstock_orders:due_date:due_date:SalesOrder_due_date','custom','0000-00-00','0000-00-00',1276767496,1276767496),(23,26,'bstock_customers:created_date:created_date:CustomersOrderItems_created_date','custom','0000-00-00','0000-00-00',1276773450,1276773450),(24,27,'bstock_customers:created_date:created_date:CustomersOrderItems_created_date','custom','0000-00-00','0000-00-00',1276775241,1276775241),(25,28,'bstock_customers:created_date:created_date:CustomersOrderItems_created_date','custom','0000-00-00','0000-00-00',1276780009,1276780009),(48,29,'Not Accessible','','0000-00-00','0000-00-00',1277299809,1277299809),(51,38,'bstock_pl_purchaseorder:created_date:created_date:PurchaseOrder_created_date','custom','0000-00-00','0000-00-00',1277302290,1277302290),(32,30,'bstock_customers:created_date:created_date:BestCustomer_created_date','custom','0000-00-00','0000-00-00',1277189889,1277189889),(33,31,'bstock_vendors:created_date:created_date:BestVendor_created_date','custom','0000-00-00','0000-00-00',1277199613,1277199613),(35,32,'bstock_vendors:created_date:created_date:BestVendor_created_date','custom','0000-00-00','0000-00-00',1277202389,1277202389),(42,33,'bstock_brokers:created_date:created_date:BestBroker_created_date','custom','0000-00-00','0000-00-00',1277292444,1277292444),(43,34,'bstock_brokers:created_date:created_date:BestBroker_created_date','custom','0000-00-00','0000-00-00',1277294934,1277294934),(44,35,'bstock_brokers:created_date:created_date:BestBroker_created_date','custom','0000-00-00','0000-00-00',1277295055,1277295055),(46,36,'bstock_brokers:created_date:created_date:BestBroker_created_date','custom','0000-00-00','0000-00-00',1277297631,1277297631),(47,37,'bstock_brokers:created_date:created_date:BestBroker_created_date','custom','0000-00-00','0000-00-00',1277297943,1277297943),(52,39,'bstock_orders:due_date:due_date:SalesOrder_due_date','custom','0000-00-00','0000-00-00',1277373932,1277373932),(53,40,'bstock_pl_purchaseorder:created_date:created_date:Ledger_created_date','custom','0000-00-00','0000-00-00',1277803475,1277803475),(223,41,'bstock_products:created_date:created_date:Products_created_date','custom','0000-00-00','0000-00-00',1309871726,1309871726),(78,42,'trial_balance_entries:created_date:created_date:Accounting_created_date','custom','0000-00-00','0000-00-00',1280208747,1280208747),(80,43,'bstock_orderitems:created_date:created_date:DetailedSalesReports_created_date','custom','0000-00-00','0000-00-00',1280210777,1280210777),(82,44,'bstock_orderitems:created_date:created_date:DetailedSalesReports_created_date','custom','0000-00-00','0000-00-00',1280212568,1280212568),(83,45,'bstock_pl_purchaseorder:created_date:created_date:PurchaseOrder_created_date','custom','0000-00-00','0000-00-00',1280213104,1280213104),(127,46,'bstock_pl_poitems:created_date:created_date:StockReports_created_date','custom','0000-00-00','0000-00-00',1285048636,1285048636),(97,47,'Not Accessible','','0000-00-00','0000-00-00',1280293802,1280293802),(100,48,'bstock_pl_poitems:created_date:created_date:StockReports_created_date','thisfy','2010-01-01','2010-12-31',1281116408,1281116408),(117,49,'bstock_orders:due_date:due_date:SalesOrder_due_date','custom','0000-00-00','0000-00-00',1283874192,1283874192),(121,50,'bstock_pl_purchaseorder:created_date:created_date:PurchaseOrder_created_date','custom','0000-00-00','0000-00-00',1283892330,1283892330),(119,51,'bstock_brokers:created_date:created_date:BestBroker_created_date','custom','0000-00-00','0000-00-00',1283892221,1283892221),(122,52,'bstock_pl_purchaseorder:created_date:created_date:Ledger_created_date','custom','0000-00-00','0000-00-00',1283895447,1283895447),(125,53,'bstock_jwl_labour_info:created_date:created_date:KarigarReports_created_date','custom','0000-00-00','0000-00-00',1283898236,1283898236),(145,54,'bstock_pl_purchaseorder:created_date:created_date:PurchaseOrder_created_date','custom','0000-00-00','0000-00-00',1294057547,1294057547),(144,55,'bstock_orders:due_date:due_date:SalesOrder_due_date','custom','0000-00-00','0000-00-00',1294044165,1294044165),(139,56,'bstock_jwl_labour_info:created_date:created_date:KarigarReports_created_date','custom','0000-00-00','0000-00-00',1285678547,1285678547),(225,57,'bstock_pl_purchaseorder:transaction_date:transaction_date:PurchaseOrder_transaction_date','custom','0000-00-00','0000-00-00',1314012790,1314012790),(208,58,'bstock_orders:due_date:due_date:SalesOrder_due_date','custom','0000-00-00','0000-00-00',1306470982,1306470982),(213,59,'bstock_pl_jhangad:transaction_date:transaction_date:Approval_transaction_date','custom','0000-00-00','0000-00-00',1306746624,1306746624),(219,60,'Not Accessible','','0000-00-00','0000-00-00',1309611592,1309611592),(222,61,'bstock_orders:due_date:due_date:SalesOrder_due_date','custom','0000-00-00','0000-00-00',1309869722,1309869722),(211,62,'bstock_orderitems:created_date:created_date:ProfitLossReports_created_date','custom','0000-00-00','0000-00-00',1306473428,1306473428),(221,63,'bstock_pl_purchaseorder:transaction_date:transaction_date:PurchaseOrder_transaction_date','custom','0000-00-00','0000-00-00',1309776381,1309776381),(220,64,'bstock_orders:due_date:due_date:SalesOrder_due_date','custom','0000-00-00','0000-00-00',1309775658,1309775658),(212,65,'bstock_pl_jhangad:transaction_date:transaction_date:Approval_transaction_date','custom','0000-00-00','0000-00-00',1306746599,1306746599),(224,66,'bstock_pl_purchaseorder:dm_shipping_date:dm_shipping_date:PurchaseOrder_dm_shipping_date','custom','0000-00-00','0000-00-00',1298016029,1298016029);

--
-- Table structure for table `bstock_pl_reportfolder`
--

CREATE TABLE `bstock_pl_reportfolder` (
  `id` int(11) NOT NULL AUTO_INCREMENT COMMENT 'Primary key',
  `folder_name` varchar(255) NOT NULL COMMENT 'Folder name will be stored here.',
  `description` text NOT NULL COMMENT 'Description for this folder.',
  `state` varchar(50) NOT NULL COMMENT 'State will be either ''SAVED'' or ''CUSTOMIZED''. ''SAVED'' will be for default folders & ''CUSTOMIZED'' will be for user created folders.',
  `created_date` int(11) NOT NULL,
  `modified_date` int(11) NOT NULL,
  `is_active` enum('on','off') NOT NULL,
  PRIMARY KEY (`id`)
) ENGINE=MyISAM AUTO_INCREMENT=12 DEFAULT CHARSET=latin1 COMMENT='Stores the folder related data.';

--
-- Dumping data for table `bstock_pl_reportfolder`
--

INSERT INTO `bstock_pl_reportfolder` VALUES (1,'PurchaseOrder Reports','PurchaseOrder Reports','SAVED',0,0,'on'),(2,'SalesOrder Reports','SalesOrder Reports','SAVED',1276763466,1276763466,'on'),(4,'Intelligent Reports','Intelligent Reports','SAVED',1277184290,1277184290,'off'),(5,'Financial Reports','Financial Reports','SAVED',1277184290,1277184290,'on'),(7,'Accounting Reports','Accounting Reports','SAVED',0,0,'off'),(8,'Periodic Reports','Periodic Reports','CUSTOMIZED',0,0,'off'),(10,'Stock Reports','Stock Reports','SAVED',0,0,'on'),(11,'Karigar Reports','Karigar Reports','CUSTOMIZED',0,0,'off');

--
-- Table structure for table `bstock_pl_reportmodules`
--

CREATE TABLE `bstock_pl_reportmodules` (
  `id` int(11) NOT NULL AUTO_INCREMENT COMMENT 'Primary key',
  `report_id` int(11) NOT NULL COMMENT 'Foreign key that corresponds to primary key of bstock_pl_reports table.',
  `primary_module` varchar(50) NOT NULL COMMENT 'Primary folder/module name selected while creating the report.',
  `secondary_modules` varchar(250) NOT NULL COMMENT 'Secondary folder/module name(s) selected while creating the report.',
  `created_date` int(11) NOT NULL,
  `modified_date` int(11) NOT NULL,
  PRIMARY KEY (`id`)
) ENGINE=MyISAM AUTO_INCREMENT=63 DEFAULT CHARSET=latin1 COMMENT='Contains the primary & secondary modules of a particular rep';

--
-- Dumping data for table `bstock_pl_reportmodules`
--

INSERT INTO `bstock_pl_reportmodules` VALUES (1,1,'PurchaseOrder','Vendors',0,0),(3,7,'PurchaseOrder','Vendors',1276586667,1276586667),(5,9,'PurchaseOrder','Vendors',1276590739,1276590739),(6,10,'PurchaseOrder','Vendors',1276591967,1276591967),(7,11,'PurchaseOrder','Vendors',1276593726,1276593726),(8,12,'PurchaseOrder','Vendors',1276598761,1276598761),(9,13,'PurchaseOrder','Vendors',1276608018,1276608018),(10,14,'PurchaseOrder','Brokers',1276608489,1276608489),(11,15,'PurchaseOrder','',1276684108,1276684108),(12,16,'SalesOrder','Brokers',1276687488,1276687488),(13,17,'SalesOrder','Customers',1276691933,1276691933),(14,18,'SalesOrder','Customers',1276692770,1276692770),(15,19,'SalesOrder','Customers',1276693256,1276693256),(16,20,'SalesOrder','',1276693459,1276693459),(17,21,'SalesOrder','',1276693749,1276693749),(18,22,'PurchaseOrder','Customers',1276695042,1276695042),(19,23,'SalesOrder','Customers',1276763688,1276763688),(20,24,'PurchaseOrder','Vendors',1276767342,1276767342),(21,25,'SalesOrder','Customers',1276767496,1276767496),(22,26,'CustomersOrderItems','',1276773445,1276773445),(23,27,'CustomersOrderItems','',1276775241,1276775241),(24,28,'CustomersOrderItems','',1276780008,1276780008),(25,29,'BestCustomer','',1276780133,1276780133),(26,30,'BestCustomer','',1277189888,1277189888),(27,31,'BestVendor','',1277199612,1277199612),(28,32,'BestVendor','',1277201407,1277201407),(29,33,'BestBroker','',1277210594,1277210594),(30,34,'BestBroker','',1277294934,1277294934),(31,35,'BestBroker','',1277295055,1277295055),(32,36,'BestBroker','',1277295640,1277295640),(33,37,'BestBroker','',1277297943,1277297943),(35,39,'SalesOrder','',1277373930,1277373930),(36,40,'Ledger','',1277803475,1277803475),(37,41,'Products','',1280169197,1280169197),(38,42,'Accounting','',1280208747,1280208747),(39,43,'PeriodicReports','',1280210617,1280210617),(40,44,'PeriodicReports','',1280212486,1280212486),(41,45,'PurchaseOrder','Vendors',1280213104,1280213104),(42,46,'StockReports','',1280216443,1280216443),(43,47,'PeriodicReports','PO Items',1280233294,1280233294),(44,48,'StockReports','PO Items',1281116296,1281116296),(45,49,'SalesOrder','Products',1283868324,1283868324),(46,50,'PurchaseOrder','Products',1283886791,1283886791),(47,51,'BestBroker','Order Items',1283892221,1283892221),(48,52,'Ledger','',1283895447,1283895447),(49,53,'KarigarReports','',1283898167,1283898167),(50,54,'PurchaseOrder','CashBook',1284727408,1284727408),(51,55,'SalesOrder','CashBook',1285421632,1285421632),(52,56,'KarigarReports','Karigar Metal Info',1285669916,1285669916),(53,57,'PurchaseOrder','CashBook',1286260199,1286260199),(54,58,'SalesOrder','Brokers',1286279262,1286279262),(55,59,'Approval','',1299599072,1299599072),(56,60,'CashBookReports','DailyCashEntries',1305726771,1305726771),(57,61,'SalesOrder','Brokers',1305972075,1305972075),(58,62,'ProfitLossReports','Order Items',1306129485,1306129485),(59,63,'PurchaseOrder','CashBook',1306319667,1306319667),(60,64,'SalesOrder','Brokers',1306324374,1306324374),(61,65,'Approval','',1306325548,1306325548),(62,66,'PurchaseOrder','',1297927318,1297927318);

--
-- Table structure for table `bstock_pl_reports`
--

CREATE TABLE `bstock_pl_reports` (
  `id` int(11) NOT NULL AUTO_INCREMENT COMMENT 'Primary key',
  `folder_id` int(11) NOT NULL COMMENT 'Foreign key that corresponds to primary key from bstock_pl_reportfolders table.',
  `report_name` varchar(255) NOT NULL COMMENT 'Report name.',
  `description` text NOT NULL COMMENT 'Description for the report.',
  `report_type` varchar(50) NOT NULL COMMENT 'Type of report i.e. summary or tabular',
  `query_id` int(11) NOT NULL COMMENT 'Foreign key that corresponds to primary key of bstock_pl_selectquery table.',
  `state` varchar(50) NOT NULL COMMENT '''CUSTOMIZED'' or ''SAVED'' for user created & default reports, respectively.',
  `customizable` enum('0','1') NOT NULL COMMENT 'Whether this report can be customized or not.',
  `category` int(11) NOT NULL COMMENT 'The category to which the report belongs to, might not be used currently though.',
  `created_date` int(11) NOT NULL,
  `modified_date` int(11) NOT NULL,
  `is_active` enum('0','1') NOT NULL DEFAULT '1',
  PRIMARY KEY (`id`)
) ENGINE=MyISAM AUTO_INCREMENT=67 DEFAULT CHARSET=latin1 COMMENT='Stores details of each report in the system.';

--
-- Dumping data for table `bstock_pl_reports`
--

INSERT INTO `bstock_pl_reports` VALUES (1,1,'PurchaseOrder by Contacts','PurchaseOrder by Contacts','summary',0,'SAVED','1',0,0,0,'0'),(30,4,'Best Customer by Sale','Best Customer by Sale','summary',0,'SAVED','1',0,1277189888,1277189888,'1'),(22,1,'Outstanding Payables','Outstanding Payables - Pending PO Payments','summary',0,'CUSTOM','1',0,1276695038,1276695038,'0'),(23,2,'Outstanding Receivables','Outstanding Receivables - Pending SO Payments','summary',0,'CUSTOM','1',0,1276763685,1276763685,'0'),(24,1,'PO Details','PO Details','summary',0,'CUSTOM','1',0,1276767341,1276767341,'0'),(25,2,'SO Details','SO Details','tabular',0,'CUSTOM','1',0,1276767496,1276767496,'0'),(29,4,'Best Customer by Profit','Best Customer by Profit','summary',0,'SAVED','1',0,1276780133,1276780133,'1'),(31,4,'Best Vendor by Profit','Best Vendor by Profit','summary',0,'SAVED','1',0,1277199610,1277199610,'1'),(32,4,'Best Vendor by Purchase','Best Vendor by Purchase','tabular',0,'SAVED','1',0,1277201402,1277201402,'1'),(33,4,'Best Broker by Profit','Best Broker by Profit','summary',0,'SAVED','1',0,1277210594,1277210594,'1'),(34,4,'Best Broker by Brokerage - SO','Best Broker by Brokerage - SO','summary',0,'SAVED','1',0,1277294934,1277294934,'0'),(35,4,'Best Broker by Sale','Best Broker by Sale','summary',0,'SAVED','1',0,1277295055,1277295055,'1'),(36,4,'Best Broker by Purchase','Best Broker by Purchase','summary',0,'SAVED','1',0,1277295640,1277295640,'0'),(37,4,'Best Broker by Brokerage - PO','Best Broker by Brokerage - PO','summary',0,'SAVED','1',0,1277297943,1277297943,'0'),(39,2,'Country wise sales','Country wise sales','summary',0,'CUSTOM','1',0,1277373930,1277373930,'0'),(40,5,'Purchase & Sales Ledger','Purchase & Sales Ledger','summary',0,'CUSTOM','1',0,1277803475,1277803475,'0'),(41,10,'Stock Ledger','Stock Ledger','summary',0,'SAVED','0',0,1280169197,1280169197,'1'),(42,7,'Trial Balance','Trial Balance','tabular',0,'CUSTOM','1',0,1280208747,1280208747,'0'),(43,8,'Monthly Sales','Monthly Sales','tabular',0,'CUSTOM','1',0,1280210617,1280210617,'0'),(44,8,'Profit/Loss for Vishal & Co.','Profit/Loss for Vishal & Co.','tabular',0,'CUSTOM','1',0,1280212486,1280212486,'0'),(46,10,'Pending Stock Report','Pending Stock Report','tabular',0,'CUSTOM','1',0,1280216443,1280216443,'0'),(47,8,'Monthly Purchase','Monthly Purchase','summary',0,'CUSTOM','1',0,1280233294,1280233294,'0'),(48,10,'Purchase Details','Details of materials purchased date-wise','summary',0,'CUSTOM','1',0,1281116296,1281116296,'0'),(49,2,'Party wise Sales Ledger','Party wise Sales Ledger','summary',0,'CUSTOM','1',0,1283868324,1283868324,'0'),(51,8,'Calculated Brokerage for Brokers','This report will pull the brokerage amount of brokers for the specified period.','tabular',0,'CUSTOM','1',0,1283892221,1283892221,'1'),(52,5,'Quarterly Payments','Quarterly Payments','summary',0,'CUSTOM','1',0,1283895447,1283895447,'0'),(53,11,'Karigar Cash Ledger','Karigar Cash Ledger','summary',0,'CUSTOM','1',0,1283898167,1283898167,'1'),(54,1,'Vendor wise Purchase Ledger','Vendor wise Purchase Ledger','tabular',0,'CUSTOM','1',0,1284727408,1284727408,'0'),(55,2,'Customer wise Sales Ledger','Customer wise Sales Ledger','tabular',0,'CUSTOM','1',0,1285421632,1285421632,'0'),(56,11,'Karigar Metal Ledger','Karigar Metal Ledger','summary',0,'CUSTOM','1',0,1285669916,1285669916,'1'),(57,1,'Customer wise Purchase Report - Detailed','Customer wise Purchase Report - Detailed','summary',0,'SAVED','0',0,1286260199,1286260199,'1'),(58,2,'Customer wise Sales Report - Detailed','Customer wise Sales Report - Detailed','summary',0,'SAVED','0',0,1286279262,1286279262,'1'),(59,2,'Customer wise Approval Report - Detailed','Customer wise Approval Report - Detailed','tabular',0,'SAVED','0',0,1299599072,1299599072,'1'),(60,5,'Daily Cashbook Report','Daily Cashbook Report','summary',0,'SAVED','0',0,1305726771,1305726771,'1'),(61,5,'Broker wise Report','Broker wise Report','tabular',0,'SAVED','0',0,1305972075,1305972075,'1'),(62,5,'Profit / Loss Report','Profit / Loss Report','summary',0,'SAVED','0',0,1306129485,1306129485,'1'),(63,1,'Pending Payments','Pending Payments','summary',0,'SAVED','0',0,1306319667,1306319667,'1'),(64,2,'Pending Receivables','Pending Receivables','summary',0,'SAVED','0',0,1306324374,1306324374,'1'),(65,2,'Pending Approvals','Pending Approvals','tabular',0,'SAVED','0',0,1306325548,1306325548,'1'),(66,1,'Party wise Purchase Ledger Rough - Detailed','Party wise Purchase Ledger Rough - Detailed','tabular',0,'CUSTOM','1',0,1297927318,1297927318,'1');

--
-- Table structure for table `bstock_pl_reportsortcol`
--

CREATE TABLE `bstock_pl_reportsortcol` (
  `id` int(11) NOT NULL AUTO_INCREMENT COMMENT 'Primary key',
  `report_id` int(11) NOT NULL COMMENT 'Foreign key that corresponds to primary key from bstock_pl_reports table.',
  `column_name` varchar(250) NOT NULL COMMENT 'Name of the column on which to sort.',
  `sort_order` varchar(50) NOT NULL COMMENT 'Will contain ''Ascending'' or ''Descending'' order to sort.',
  `created_date` int(11) NOT NULL,
  `modified_date` int(11) NOT NULL,
  PRIMARY KEY (`id`)
) ENGINE=MyISAM AUTO_INCREMENT=675 DEFAULT CHARSET=latin1 COMMENT='Contains fields that have been selected to ORDER BY while cr';

--
-- Dumping data for table `bstock_pl_reportsortcol`
--

INSERT INTO `bstock_pl_reportsortcol` VALUES (1,1,'bstock_pl_purchaseorder:net_total:PurchaseOrder_Net_Total:net_total:V','Descending',0,0),(2,1,'bstock_pl_purchaseorder:brokerage:PurchaseOrder_Brokerage:brokerage:V','Descending',0,0),(11,7,'none','Ascending',1276586668,1276586668),(10,7,'none','Ascending',1276586667,1276586667),(9,7,'none','Ascending',1276586667,1276586667),(17,9,'none','Ascending',1276590739,1276590739),(16,9,'none','Ascending',1276590739,1276590739),(15,9,'none','Ascending',1276590739,1276590739),(18,10,'none','Ascending',1276591967,1276591967),(19,10,'none','Ascending',1276591967,1276591967),(20,10,'none','Ascending',1276591967,1276591967),(21,11,'bstock_pl_purchaseorder:contact_person:PurchaseOrder_contact_person:contact_person:V','Ascending',1276593734,1276593734),(22,11,'bstock_pl_purchaseorder:net_total:PurchaseOrder_net_total:net_total:I','Descending',1276593737,1276593737),(23,11,'none','Ascending',1276593741,1276593741),(24,12,'none','Ascending',1276598763,1276598763),(25,12,'none','Ascending',1276598764,1276598764),(26,12,'none','Ascending',1276598765,1276598765),(27,13,'none','Ascending',1276608020,1276608020),(28,13,'none','Ascending',1276608021,1276608021),(29,13,'none','Ascending',1276608022,1276608022),(30,14,'none','Ascending',1276608489,1276608489),(31,14,'none','Ascending',1276608489,1276608489),(32,14,'none','Ascending',1276608490,1276608490),(33,15,'none','Ascending',1276684108,1276684108),(34,15,'none','Ascending',1276684109,1276684109),(35,15,'none','Ascending',1276684109,1276684109),(36,16,'none','Ascending',1276687488,1276687488),(37,16,'none','Ascending',1276687488,1276687488),(38,16,'none','Ascending',1276687488,1276687488),(39,17,'none','Ascending',1276691933,1276691933),(40,17,'none','Ascending',1276691934,1276691934),(41,17,'none','Ascending',1276691934,1276691934),(42,18,'none','Ascending',1276692770,1276692770),(43,18,'none','Ascending',1276692770,1276692770),(44,18,'none','Ascending',1276692773,1276692773),(45,19,'bstock_orders:so_number:SalesOrder_so_number:so_number:V','Ascending',1276693256,1276693256),(46,19,'none','Ascending',1276693256,1276693256),(47,19,'none','Ascending',1276693256,1276693256),(48,20,'bstock_orders:so_number:SalesOrder_so_number:so_number:V','Ascending',1276693459,1276693459),(49,20,'none','Ascending',1276693459,1276693459),(50,20,'none','Ascending',1276693459,1276693459),(51,21,'bstock_orders:id:SalesOrder_id:id:I','Ascending',1276693749,1276693749),(52,21,'bstock_orders:so_number:SalesOrder_so_number:so_number:V','Ascending',1276693750,1276693750),(53,21,'none','Ascending',1276693750,1276693750),(180,24,'bstock_pl_purchaseorder:due_date:PurchaseOrder_due_date:due_date:I','Descending',1278674856,1278674856),(63,25,'none','Ascending',1276767496,1276767496),(64,25,'none','Ascending',1276767496,1276767496),(65,25,'none','Ascending',1276767496,1276767496),(66,26,'bstock_customers:id:CustomersOrderItems_id:id:I','Ascending',1276773447,1276773447),(67,26,'none','Ascending',1276773448,1276773448),(68,26,'none','Ascending',1276773450,1276773450),(69,27,'bstock_customers:id:CustomersOrderItems_id:id:I','Ascending',1276775241,1276775241),(70,27,'none','Ascending',1276775241,1276775241),(71,27,'none','Ascending',1276775241,1276775241),(72,28,'bstock_customers:first_name:CustomersOrderItems_first_name:first_name:V','Ascending',1276780008,1276780008),(73,28,'bstock_customers:last_name:CustomersOrderItems_last_name:last_name:V','Ascending',1276780008,1276780008),(74,28,'none','Ascending',1276780009,1276780009),(143,29,'none','Ascending',1277299808,1277299808),(142,29,'none','Ascending',1277299808,1277299808),(141,29,'none','Ascending',1277299808,1277299808),(93,30,'none','Ascending',1277189888,1277189888),(94,30,'none','Ascending',1277189889,1277189889),(95,30,'none','Ascending',1277189889,1277189889),(96,31,'none','Ascending',1277199613,1277199613),(97,31,'none','Ascending',1277199613,1277199613),(98,31,'none','Ascending',1277199613,1277199613),(104,32,'none','Ascending',1277202389,1277202389),(103,32,'none','Ascending',1277202389,1277202389),(102,32,'none','Ascending',1277202389,1277202389),(125,33,'none','Ascending',1277292444,1277292444),(124,33,'none','Ascending',1277292444,1277292444),(123,33,'none','Ascending',1277292444,1277292444),(126,34,'none','Ascending',1277294934,1277294934),(127,34,'none','Ascending',1277294934,1277294934),(128,34,'none','Ascending',1277294934,1277294934),(129,35,'none','Ascending',1277295055,1277295055),(130,35,'none','Ascending',1277295055,1277295055),(131,35,'none','Ascending',1277295055,1277295055),(137,36,'none','Ascending',1277297631,1277297631),(136,36,'none','Ascending',1277297631,1277297631),(135,36,'none','Ascending',1277297631,1277297631),(138,37,'none','Ascending',1277297943,1277297943),(139,37,'none','Ascending',1277297943,1277297943),(140,37,'none','Ascending',1277297943,1277297943),(151,38,'none','Ascending',1277302290,1277302290),(152,38,'none','Ascending',1277302290,1277302290),(150,38,'bstock_vendors:country:Vendors_country:country:V','Ascending',1277302290,1277302290),(153,39,'none','Ascending',1277373930,1277373930),(154,39,'none','Ascending',1277373932,1277373932),(155,39,'none','Ascending',1277373932,1277373932),(156,40,'none','Ascending',1277803475,1277803475),(157,40,'none','Ascending',1277803475,1277803475),(158,40,'none','Ascending',1277803475,1277803475),(476,23,'none','Descending',1306316963,1306316963),(182,24,'none','Descending',1278674856,1278674856),(181,24,'none','Descending',1278674856,1278674856),(392,22,'bstock_pl_purchaseorder:net_total:PurchaseOrder_net_total:net_total:I','Descending',1285053610,1285053610),(391,22,'bstock_pl_postatustypes:status:PurchaseOrder_status:status:V','Descending',1285053610,1285053610),(667,41,'none','Ascending',1309871726,1309871726),(231,42,'none','Ascending',1280208747,1280208747),(232,42,'none','Ascending',1280208747,1280208747),(233,42,'none','Ascending',1280208747,1280208747),(239,43,'none','Ascending',1280210777,1280210777),(238,43,'none','Ascending',1280210777,1280210777),(237,43,'none','Ascending',1280210777,1280210777),(245,44,'none','Ascending',1280212568,1280212568),(244,44,'none','Ascending',1280212568,1280212568),(243,44,'none','Ascending',1280212568,1280212568),(246,45,'none','Ascending',1280213104,1280213104),(247,45,'none','Ascending',1280213104,1280213104),(248,45,'none','Ascending',1280213104,1280213104),(380,46,'none','Ascending',1285048636,1285048636),(379,46,'none','Ascending',1285048636,1285048636),(378,46,'none','Ascending',1285048636,1285048636),(390,22,'bstock_pl_purchaseorder:due_date:PurchaseOrder_due_date:due_date:I','Descending',1285053610,1285053610),(475,23,'bstock_orders:due_date:SalesOrder_due_date:due_date:I','Ascending',1306316963,1306316963),(288,47,'bstock_vendors:vendor_name:PeriodicReports_vendor_name:vendor_name:V','Ascending',1280293802,1280293802),(289,47,'none','Ascending',1280293802,1280293802),(290,47,'none','Ascending',1280293802,1280293802),(298,48,'none','Ascending',1281116408,1281116408),(299,48,'none','Ascending',1281116408,1281116408),(297,48,'bstock_pl_poitems:po_number_id:StockReports_po_number_id:po_number_id:I','Ascending',1281116408,1281116408),(474,23,'none','Ascending',1306316963,1306316963),(350,49,'bstock_orderstatustypes:status:SalesOrder_status:status:V','Ascending',1283874192,1283874192),(348,49,'bstock_orders:due_date:SalesOrder_due_date:due_date:I','Ascending',1283874192,1283874192),(349,49,'bstock_orders:so_number:SalesOrder_so_number:so_number:V','Ascending',1283874192,1283874192),(362,50,'bstock_pl_postatustypes:status:PurchaseOrder_status:status:V','Ascending',1283892330,1283892330),(360,50,'bstock_pl_purchaseorder:due_date:PurchaseOrder_due_date:due_date:I','Ascending',1283892330,1283892330),(361,50,'bstock_pl_purchaseorder:po_number:PurchaseOrder_po_number:po_number:V','Ascending',1283892330,1283892330),(354,51,'none','Ascending',1283892221,1283892221),(355,51,'none','Ascending',1283892221,1283892221),(356,51,'none','Ascending',1283892221,1283892221),(363,52,'none','Ascending',1283895447,1283895447),(364,52,'none','Ascending',1283895447,1283895447),(365,52,'none','Ascending',1283895447,1283895447),(374,53,'none','Ascending',1283898236,1283898236),(373,53,'none','Ascending',1283898236,1283898236),(372,53,'none','Ascending',1283898236,1283898236),(433,54,'none','Ascending',1294057547,1294057547),(432,54,'bstock_pl_purchaseorder:due_date:PurchaseOrder_due_date:due_date:I','Ascending',1294057547,1294057547),(430,55,'none','Ascending',1294044165,1294044165),(429,55,'bstock_orders:due_date:SalesOrder_due_date:due_date:I','Ascending',1294044165,1294044165),(416,56,'none','Ascending',1285678547,1285678547),(415,56,'none','Ascending',1285678547,1285678547),(414,56,'none','Ascending',1285678547,1285678547),(666,41,'bstock_products:color:Products_color:color:V','Ascending',1309871726,1309871726),(674,57,'none','Ascending',1314012790,1314012790),(673,57,'none','Ascending',1314012790,1314012790),(672,57,'none','Ascending',1314012790,1314012790),(623,58,'none','Ascending',1306470982,1306470982),(622,58,'none','Ascending',1306470982,1306470982),(621,58,'none','Ascending',1306470982,1306470982),(431,55,'none','Ascending',1294044165,1294044165),(434,54,'none','Ascending',1294057547,1294057547),(638,59,'none','Ascending',1306746624,1306746624),(637,59,'none','Ascending',1306746624,1306746624),(636,59,'none','Ascending',1306746624,1306746624),(655,60,'none','Ascending',1309611592,1309611592),(656,60,'none','Ascending',1309611592,1309611592),(665,61,'none','Ascending',1309869722,1309869722),(664,61,'none','Ascending',1309869722,1309869722),(663,61,'none','Ascending',1309869722,1309869722),(632,62,'none','Ascending',1306473428,1306473428),(631,62,'none','Ascending',1306473428,1306473428),(630,62,'none','Ascending',1306473428,1306473428),(662,63,'none','Ascending',1309776381,1309776381),(661,63,'none','Ascending',1309776381,1309776381),(660,63,'none','Ascending',1309776381,1309776381),(659,64,'none','Ascending',1309775658,1309775658),(658,64,'none','Ascending',1309775658,1309775658),(657,64,'none','Ascending',1309775658,1309775658),(635,65,'none','Ascending',1306746599,1306746599),(634,65,'none','Ascending',1306746599,1306746599),(633,65,'none','Ascending',1306746599,1306746599),(668,41,'none','Ascending',1309871726,1309871726),(654,60,'bstock_pl_dailycashentries:date_timestamp:CashBookReports_date_timestamp:date_timestamp:I','Ascending',1309611592,1309611592),(669,66,'none','Ascending',1298016029,1298016029),(670,66,'none','Ascending',1298016029,1298016029),(671,66,'none','Ascending',1298016029,1298016029);

--
-- Table structure for table `bstock_pl_reportsummary`
--

CREATE TABLE `bstock_pl_reportsummary` (
  `id` int(11) NOT NULL AUTO_INCREMENT COMMENT 'Primary key',
  `report_id` int(11) NOT NULL COMMENT 'Foreign key that corresponds to primary key from bstock_pl_reports table.',
  `summary_type` int(11) NOT NULL COMMENT 'Contains the serial number of summary type fields for a particular report. Stores in format like 0,1,2,3 & so on.',
  `column_name` varchar(250) NOT NULL COMMENT 'Column name on which the operation of SUM, AVG, MIN or MAX is to be done.',
  `created_date` int(11) NOT NULL,
  `modified_date` int(11) NOT NULL,
  PRIMARY KEY (`id`)
) ENGINE=MyISAM AUTO_INCREMENT=181 DEFAULT CHARSET=latin1 COMMENT='Contains fields that are selected to SUM, AVG, MIN or MAX fo';

--
-- Dumping data for table `bstock_pl_reportsummary`
--

INSERT INTO `bstock_pl_reportsummary` VALUES (1,1,0,'cb:bstock_orderitems:profit_percent:Avg_Profit_Percent_AVG:3',0,0),(2,1,2,'cb:bstock_pl_purchaseorder:net_total:Net_Total_SUM:2',0,0),(3,1,1,'cb:bstock_pl_purchaseorder:subtotal:Sub_Total_AVG:3',0,0),(4,1,3,'cb:bstock_pl_purchaseorder:net_total:Net_Total_AVG:3',0,0),(5,1,4,'cb:bstock_pl_purchaseorder:subtotal:Sub_Total_MIN:4',0,0),(6,1,5,'cb:bstock_pl_purchaseorder:net_total:Net_Total_MIN:4',0,0),(7,1,6,'cb:bstock_pl_purchaseorder:subtotal:Sub_Total_MAX:5',0,0),(8,1,7,'cb:bstock_pl_purchaseorder:net_total:Net_Total_MAX:5',0,0),(9,1,8,'cb:bstock_pl_purchaseorder:brokerage:Brokerage_SUM:2',0,0),(10,1,9,'cb:bstock_pl_purchaseorder:brokerage:Brokerage_AVG:3',0,0),(11,1,10,'cb:bstock_pl_purchaseorder:brokerage:Brokerage_MIN:4',0,0),(12,1,11,'cb:bstock_pl_purchaseorder:brokerage:Brokerage_MAX:5',0,0),(13,9,0,'cb:bstock_pl_purchaseorder:subtotal:subtotal_SUM:2',1276590739,1276590739),(14,9,1,'cb:bstock_pl_purchaseorder:subtotal:subtotal_AVG:3',1276590740,1276590740),(15,9,2,'cb:bstock_pl_purchaseorder:subtotal:subtotal_MIN:4',1276590740,1276590740),(16,9,3,'cb:bstock_pl_purchaseorder:subtotal:subtotal_MAX:5',1276590740,1276590740),(17,9,4,'cb:bstock_pl_purchaseorder:brokerage:brokerage_AVG:3',1276590740,1276590740),(18,9,5,'cb:bstock_pl_purchaseorder:net_total:net_total_SUM:2',1276590740,1276590740),(19,9,6,'cb:bstock_pl_purchaseorder:net_total:net_total_AVG:3',1276590740,1276590740),(20,9,7,'cb:bstock_pl_purchaseorder:net_total:net_total_MIN:4',1276590740,1276590740),(21,9,8,'cb:bstock_pl_purchaseorder:net_total:net_total_MAX:5',1276590740,1276590740),(22,11,0,'cb:bstock_pl_purchaseorder:subtotal:subtotal_SUM:2',1276593742,1276593742),(23,11,1,'cb:bstock_pl_purchaseorder:subtotal:subtotal_AVG:3',1276593745,1276593745),(24,11,2,'cb:bstock_pl_purchaseorder:subtotal:subtotal_MIN:4',1276593746,1276593746),(25,11,3,'cb:bstock_pl_purchaseorder:subtotal:subtotal_MAX:5',1276593749,1276593749),(26,11,4,'cb:bstock_pl_purchaseorder:brokerage:brokerage_AVG:3',1276593749,1276593749),(27,11,5,'cb:bstock_pl_purchaseorder:net_total:net_total_SUM:2',1276593750,1276593750),(28,11,6,'cb:bstock_pl_purchaseorder:net_total:net_total_AVG:3',1276593750,1276593750),(29,11,7,'cb:bstock_pl_purchaseorder:net_total:net_total_MIN:4',1276593750,1276593750),(30,11,8,'cb:bstock_pl_purchaseorder:net_total:net_total_MAX:5',1276593750,1276593750),(31,17,0,'cb:bstock_orders:brokerage:brokerage_SUM:2',1276691934,1276691934),(32,17,1,'cb:bstock_orders:brokerage:brokerage_AVG:3',1276691935,1276691935),(33,17,2,'cb:bstock_orders:brokerage:brokerage_MIN:4',1276691935,1276691935),(34,17,3,'cb:bstock_orders:brokerage:brokerage_MAX:5',1276691935,1276691935),(35,17,4,'cb:bstock_orders:net_total:net_total_SUM:2',1276691935,1276691935),(36,17,5,'cb:bstock_orders:net_total:net_total_AVG:3',1276691935,1276691935),(37,17,6,'cb:bstock_orders:net_total:net_total_MIN:4',1276691935,1276691935),(38,17,7,'cb:bstock_orders:net_total:net_total_MAX:5',1276691935,1276691935),(39,18,0,'cb:bstock_orders:net_total:net_total_SUM:2',1276692773,1276692773),(122,47,0,'cb:bstock_pl_poitems:listprice:listprice_SUM:2',1280293802,1280293802),(151,23,0,'cb:bstock_orders:net_total:net_total_SUM:2',1306316963,1306316963),(139,22,1,'cb:bstock_pl_purchaseorder:net_total:net_total_SUM:2',1285053610,1285053610),(138,22,0,'cb:bstock_pl_purchaseorder:subtotal:subtotal_SUM:2',1285053610,1285053610),(55,31,0,'cb:bstock_orderitems:profit_amount:profit_amount_SUM:2',1277199613,1277199613),(56,31,1,'cb:bstock_orderitems:profit_amount:profit_amount_AVG:3',1277199613,1277199613),(57,31,2,'cb:bstock_orderitems:profit_percent:profit_percent_SUM:2',1277199613,1277199613),(58,31,3,'cb:bstock_orderitems:profit_percent:profit_percent_AVG:3',1277199613,1277199613),(103,42,0,'cb:trial_balance_entries:debit:debit_SUM:2',1280208747,1280208747),(104,42,1,'cb:trial_balance_entries:credit:credit_SUM:2',1280208747,1280208747),(106,44,0,'cb:bstock_orderitems:profit_amount:profit_amount_SUM:2',1280212568,1280212568),(125,48,0,'cb:bstock_pl_poitems:listprice:listprice_SUM:2',1281116408,1281116408),(135,51,0,'cb:bstock_orderitems:brokerage_1_amt_inr:brokerage_1_amt_inr_SUM:2',1283892221,1283892221),(140,54,0,'cb:bstock_pl_purchaseorder:dollar_rate:dollar_rate_SUM:2',1294057547,1294057547),(141,54,1,'cb:bstock_pl_purchaseorder:dollar_rate:dollar_rate_MIN:4',1294057547,1294057547),(142,54,2,'cb:bstock_pl_purchaseorder:dollar_rate:dollar_rate_MAX:5',1294057547,1294057547),(180,63,0,'cb:bstock_pl_purchaseorder:net_total:net_total_SUM:2',1309776381,1309776381),(179,64,0,'cb:bstock_orders:net_total:net_total_SUM:2',1309775658,1309775658);

--
-- Table structure for table `bstock_pl_roughstones`
--

CREATE TABLE `bstock_pl_roughstones` (
  `id` int(10) NOT NULL AUTO_INCREMENT,
  `packet_no` varchar(255) NOT NULL,
  `size` decimal(10,3) NOT NULL,
  `original_size` decimal(10,3) NOT NULL COMMENT 'This will store the original size of this rough stone when it was created',
  `price_per_carat` decimal(10,2) NOT NULL,
  `no_of_diamonds` int(10) NOT NULL,
  `shipping_charges` decimal(10,2) NOT NULL,
  `freight_charges` decimal(10,2) NOT NULL,
  `stone_status_id` int(10) NOT NULL DEFAULT '1',
  `created_from_status` enum('PO','Laser Return','Kp-polished return') NOT NULL DEFAULT 'PO',
  `total` decimal(10,2) NOT NULL,
  `parent_id` int(11) NOT NULL,
  `supplier_id` int(11) NOT NULL,
  `partner_id` int(11) NOT NULL,
  `comments` varchar(1000) NOT NULL,
  `is_active` enum('on','off') NOT NULL,
  `created_date` int(10) NOT NULL,
  `modified_date` int(10) NOT NULL,
  PRIMARY KEY (`id`)
) ENGINE=MyISAM DEFAULT CHARSET=latin1;

--
-- Dumping data for table `bstock_pl_roughstones`
--


--
-- Table structure for table `bstock_pl_save_searches`
--

CREATE TABLE `bstock_pl_save_searches` (
  `id` int(10) NOT NULL AUTO_INCREMENT COMMENT 'This is the primary key.',
  `search_name` varchar(50) NOT NULL COMMENT 'This is the search name entered by the user.',
  `shape` varchar(250) NOT NULL COMMENT 'Shape of the diamond.',
  `size_from` decimal(10,2) NOT NULL COMMENT 'Size of the diamond.',
  `size_to` decimal(10,2) NOT NULL,
  `color_from` varchar(10) NOT NULL COMMENT 'Color of the diamond.',
  `color_to` varchar(10) NOT NULL,
  `clarity_from` varchar(10) NOT NULL COMMENT 'Clarity of the diamond.',
  `clarity_to` varchar(10) NOT NULL,
  `cut_from` varchar(50) NOT NULL COMMENT 'Cut of the diamond.',
  `cut_to` varchar(50) NOT NULL,
  `polish_from` varchar(50) NOT NULL COMMENT 'Polish of the diamond.',
  `polish_to` varchar(50) NOT NULL,
  `symmetry_from` varchar(50) NOT NULL COMMENT 'Symmetry of the diamond.',
  `symmetry_to` varchar(50) NOT NULL,
  `lab` varchar(20) NOT NULL COMMENT 'Certified by which lab i.e. GIA, IGI, etc.',
  `flourescence_from` varchar(50) NOT NULL COMMENT 'Flourescence of the diamond.',
  `flourescence_to` varchar(50) NOT NULL,
  `location` varchar(50) NOT NULL COMMENT 'Location of the diamond.',
  `stone_id` varchar(50) NOT NULL COMMENT 'Stone id / lot number of the diamond.',
  `customer_id` int(10) NOT NULL COMMENT 'Customer id which is primary key of bstock_customers table.',
  `ip_address` varchar(50) NOT NULL COMMENT 'IP Address from where the customer is logged in.',
  `created_date` varchar(50) NOT NULL COMMENT 'Timestamp when the search record was created.',
  `modified_date` varchar(50) NOT NULL COMMENT 'Timestamp when the search record was modified.',
  PRIMARY KEY (`id`)
) ENGINE=MyISAM AUTO_INCREMENT=31 DEFAULT CHARSET=latin1 COMMENT='Stores all the saved searches.';

--
-- Dumping data for table `bstock_pl_save_searches`
--

INSERT INTO `bstock_pl_save_searches` VALUES (3,'marqpearprin','\'ROUND\',\'PRINCESS\'',0.50,0.60,'D','F','ANY','ANY','ANY','ANY','ANY','ANY','ANY','ANY','All Labs','ANY','ANY','All Labs','',12,'59.182.141.147','1268290608','1268290608'),(5,'nice2','\'ROUND\'',0.30,1.37,'D','G','IF','VS2','EXCELLENT','FAIR','EXCELLENT','FAIR','EXCELLENT','FAIR','GIA','NONE','VERY STRONG','Mumbai','',12,'59.182.141.147','1268290696','1268290696'),(21,'sadfa','\'ROUND\',\'PRINCESS\'',0.00,0.00,'ANY','ANY','ANY','ANY','ANY','ANY','ANY','ANY','ANY','ANY','All Labs','ANY','ANY','All','',41,'59.182.141.147','1268307409','1268307409'),(14,'roundpripear788','\'ROUND\',\'PRINCESS\',\'PEAR\'',0.00,0.00,'ANY','ANY','ANY','ANY','ANY','ANY','ANY','ANY','ANY','ANY','All Labs','ANY','ANY','All','',12,'59.182.141.147','1268295648','1268295648'),(13,'roundpripear0size','\'ROUND\',\'PRINCESS\',\'PEAR\'',0.00,0.00,'ANY','ANY','ANY','ANY','ANY','ANY','ANY','ANY','ANY','ANY','All Labs','ANY','ANY','All','',12,'59.182.141.147','1268295589','1268295589'),(12,'roundpri2','\'ROUND\', \'Princess\', \'Pear\', \'Marquise\', \'Emerald\', \'Heart\', \'Oval\', \'Cushion\', \'Triangle\'',0.00,0.00,'','','','','','','','','','','','','','','',12,'59.182.141.147','1268294704','1268294704'),(15,'nice3','\'ROUND\'',0.30,0.90,'D','G','IF','VS2','EXCELLENT','FAIR','EXCELLENT','FAIR','EXCELLENT','FAIR','GIA','NONE','VERY STRONG','Mumbai','',12,'59.182.141.147','1268305033','1268305033'),(16,'nice4','\'ROUND\',\'PRINCESS\',\'PEAR\',\'MARQUISE\',\'EMERALD\'',0.30,0.90,'D','G','IF','VS2','EXCELLENT','FAIR','EXCELLENT','FAIR','EXCELLENT','FAIR','GIA','NONE','VERY STRONG','Mumbai','',12,'59.182.141.147','1268305310','1268305310'),(27,'new','\'ROUND\',\'PRINCESS\'',0.30,1.90,'D','G','IF','VS2','EXCELLENT','FAIR','EXCELLENT','FAIR','EXCELLENT','FAIR','GIA','NONE','VERY STRONG','Mumbai','',12,'59.182.141.147','1268310087','1268310087'),(20,'sadfa','\'ROUND\'',0.00,0.00,'ANY','ANY','ANY','ANY','ANY','ANY','ANY','ANY','ANY','ANY','All Labs','ANY','ANY','All','',41,'59.182.141.147','1268307336','1268307336'),(22,'baba33','\'ROUND\',\'PRINCESS\'',0.00,0.00,'ANY','ANY','ANY','ANY','ANY','ANY','ANY','ANY','ANY','ANY','All Labs','ANY','ANY','All','',41,'59.182.141.147','1268307517','1268307517'),(23,'sadfaprices','',0.00,0.00,'','','','','','','','','','','','','','','',41,'59.182.141.147','1268307583','1268307583'),(26,'allshapes1','\'ROUND\',\'PRINCESS\',\'PEAR\',\'MARQUISE\',\'EMERALD\',\'HEART\',\'OVAL\',\'CUSHION\',\'TRIANGLE\',\'ASCHER\',\'RADIANT\'',0.00,0.00,'ANY','ANY','ANY','ANY','ANY','ANY','ANY','ANY','ANY','ANY','All Labs','ANY','ANY','All','',12,'59.182.141.147','1268309041','1268309041'),(28,'roundalld','\'ROUND\'',0.00,0.00,'D','D','ANY','ANY','ANY','ANY','ANY','ANY','ANY','ANY','All Labs','ANY','ANY','All','',12,'127.0.0.1','1269633781','1269633781'),(29,'roundalld','',0.00,0.00,'','','','','','','','','','','','','','','',12,'127.0.0.1','1269633878','1269633878'),(30,'roundalld','',0.00,0.00,'','','','','','','','','','','','','','','',12,'127.0.0.1','1269634268','1269634268');

--
-- Table structure for table `bstock_pl_seeit`
--

CREATE TABLE `bstock_pl_seeit` (
  `id` int(10) NOT NULL AUTO_INCREMENT,
  `product_id` int(50) NOT NULL,
  `customer_id` int(50) NOT NULL,
  `is_seeit` enum('0','1') NOT NULL DEFAULT '0' COMMENT 'This field shall be used to check if the diamond is under current see it or not.',
  `is_more_seeit` enum('0','1') NOT NULL DEFAULT '0' COMMENT 'This shall determine if some onelse has seen a see it.',
  `created_date` varchar(50) NOT NULL,
  `modified_date` varchar(50) NOT NULL,
  PRIMARY KEY (`id`)
) ENGINE=MyISAM AUTO_INCREMENT=8 DEFAULT CHARSET=latin1;

--
-- Dumping data for table `bstock_pl_seeit`
--

INSERT INTO `bstock_pl_seeit` VALUES (2,4,12,'1','0','1268290894','1268290894'),(3,5,12,'1','0','1268290894','1268290894'),(5,8,12,'1','0','1268290894','1268290894'),(6,10,12,'1','0','1268290894','1268290894'),(7,11,12,'1','0','1268290894','1268290894');

--
-- Table structure for table `bstock_pl_selectquery`
--

CREATE TABLE `bstock_pl_selectquery` (
  `id` int(11) NOT NULL AUTO_INCREMENT COMMENT 'Primary key',
  `report_id` int(11) NOT NULL COMMENT 'Foreign key that corresponds to primary key from bstock_pl_reports table.',
  `start_index` int(11) NOT NULL COMMENT 'Not sure of the purpose of this field.',
  `num_of_objects` int(11) NOT NULL COMMENT 'Not sure of the purpose of this field.',
  PRIMARY KEY (`id`)
) ENGINE=MyISAM DEFAULT CHARSET=latin1 COMMENT='Not sure what this table does. We may not need this table.';

--
-- Dumping data for table `bstock_pl_selectquery`
--


--
-- Table structure for table `bstock_pl_selectqueryseq`
--

CREATE TABLE `bstock_pl_selectqueryseq` (
  `id` int(11) NOT NULL COMMENT 'Contains the id of the last created report.'
) ENGINE=MyISAM DEFAULT CHARSET=latin1 COMMENT='Contains only one record of the latest report id. We may not';

--
-- Dumping data for table `bstock_pl_selectqueryseq`
--


--
-- Table structure for table `bstock_pl_wishlist`
--

CREATE TABLE `bstock_pl_wishlist` (
  `id` int(10) NOT NULL AUTO_INCREMENT,
  `product_id` int(10) NOT NULL,
  `customer_id` int(10) NOT NULL,
  `created_date` varchar(50) NOT NULL,
  `modified_date` varchar(50) NOT NULL,
  PRIMARY KEY (`id`)
) ENGINE=MyISAM AUTO_INCREMENT=17 DEFAULT CHARSET=latin1;

--
-- Dumping data for table `bstock_pl_wishlist`
--

INSERT INTO `bstock_pl_wishlist` VALUES (1,2,41,'1268135476','1268135476'),(2,2,12,'1268287531','1268287531'),(3,4,12,'1268287531','1268287531'),(4,36,12,'1269633762','1269633762'),(5,5,9,'1287492791','1287492791'),(6,3,9,'1287493310','1287493310'),(7,1,9,'1288004911','1288004911'),(8,44,9,'1288181637','1288181637'),(9,1,10,'1289980083','1289980083'),(10,3,87,'1290023448','1290023448'),(11,188,10,'1291169716','1291169716'),(12,139,10,'1291720208','1291720208'),(13,5,10,'1291894790','1291894790'),(14,10,10,'1291982255','1291982255'),(15,11,10,'1292827826','1292827826'),(16,8,4,'1294399941','1294399941');

--
-- Table structure for table `bstock_plugins`
--

CREATE TABLE `bstock_plugins` (
  `id` int(10) NOT NULL AUTO_INCREMENT,
  `plugin_label` varchar(150) NOT NULL,
  `plugin_desc` varchar(500) NOT NULL,
  `folder_name` varchar(25) NOT NULL COMMENT 'This will store the folder name of that plugin',
  `class_file_name` varchar(25) NOT NULL COMMENT 'This will store the main/class file name',
  `is_active` enum('on','off') NOT NULL,
  `created_date` varchar(50) NOT NULL,
  `modified_date` varchar(50) NOT NULL,
  `icon` varchar(250) NOT NULL COMMENT 'Contains name of the plugin icon.',
  PRIMARY KEY (`id`)
) ENGINE=InnoDB AUTO_INCREMENT=42 DEFAULT CHARSET=latin1;

--
-- Dumping data for table `bstock_plugins`
--

INSERT INTO `bstock_plugins` VALUES (1,'Wishlist','Adding to wishlist','Wishlist','Wishlist','on','','1265469043','Wishlist.png'),(3,'AddToCart','AddToCart','AddToCart','AddToCart','on','','1263192828','home_big.gif'),(5,'ExportToExcel','ExportToExcel','ExportToExcel','ExportToExcel','off','1263281971','1263281971','home_big.gif'),(6,'PrintIt','PrintIt','PrintIt','PrintIt','on','1263298312','1263298312','home_big.gif'),(9,'Statistics','This will record the stats.','Statistics','Statistics','off','1264168261','1264168261','Statistics.png'),(10,'Product Upload','Uploading products to db using csv','ProductUpload','ProductUpload','on','','','home_big.gif'),(12,'SaveSearches','SaveSearches - this will save the searches made by client from the search result page - baba','SaveSearches','SaveSearches','off','','','home_big.gif'),(13,'ExportToExcelWithPercent','Export to Excel allowing the customer/broker to add a % to the price field.','ExportToExcelWithPercent','ExportToExcelWithPercent','off','','','home_big.gif'),(15,'Purchase Order','purchase order','PurchaseOrder','PurchaseOrder','on','','','home_big.gif'),(16,'Reports','Reports module','Reports','Report','on','','','home_big.gif'),(17,'Invoice','SalesOrder','SalesOrder','SalesOrder','on','1267005563','1267005563','home.gif'),(19,'Assemble Jewelry','Assemble Jewelry','Jewelry','Jewelry','off','','',''),(20,'Memo','Approval','Jhangad','Jhangad','on','1269635676','1269635676',''),(21,'Daily Cashbook Entries','Daily Cashbook Entries','DailyCashEntries','DailyCashEntries','on','','',''),(22,'Enquiry Management System','Enquiry Management System','Ems','Ems','on','1263281971','1263281971','enquiry_module.png'),(23,'Sticker Generation','Sticker Generation','StickerGeneration','StickerGeneration','on','','','barcode_generation.png'),(24,'Verify Stock','Verify Stock','VerifyStock','VerifyStock','on','','','verify_stock.png'),(25,'Courier Approval','Courier Management','Courier','Courier','on','','','home.gif'),(26,'Approval Issue','Approval Issue','JhangadIssued','JhangadIssued','on','','','approval_issue.png'),(27,'Memo Return','Approval Return','JhangadReturn','JhangadReturn','on','','','approval_return.png'),(28,'Parcel Mixing','Parcel Mixing','ParcelMixing','ParcelMixing','on','','','parcel_mixing.png'),(29,'Sales Order Issued','Sales Order Issued','SalesOrderIssued','SalesOrderIssued','on','','','salesorder_issue.png'),(30,'Sales Order Return','Sales Order Return','SalesOrderReturn','SalesOrderReturn','on','','','salesorder_return.png'),(31,'CourierSO','CourierSO','CourierSO','CourierSO','on','1286637172','1286637172','salesorder_courier.png'),(32,'Special Stones','Special stones','SpecialStones','SpecialStones','on','124534543','123435435','special_stones.png'),(33,'Rapnet Uploaded Stock','RapnetUploadedStock','RapnetUploadedStock','RapnetUploadedStock','on','124534543','123435435','rapnet_upload.png'),(34,'Rough Management','Rough Management','RoughManagement','RoughManagement','on','1213123213','1231231231','home.gif'),(35,'Diamond Manu','Diamond Manu','DmExpense','DmExpense','on','1213123213','1231231231','home.gif'),(36,'Polished Goods (Not Published)','This will list the products which have come from manufactu but not yet published','RoughToPolishListing','RoughToPolishListing','on','','','home.gif'),(37,'My Account','My Account','MyAccount','MyAccount','on','1213123213','1231231231',''),(38,'Rough Returned','Rough Returned','RoughReturned','RoughReturned','on','1213123213','1231231231',''),(39,'ParcelSplitting','Parcel Splitting','ParcelSplitting','ParcelSplitting','on','23432423432','23234234324',''),(40,'Inward Memo','Jhangad Inward','JhangadInward','JhangadInward','on','','','home.gif'),(41,'Inward Memo Return','Jhangad Inward Return','JhangadInwardReturn','JhangadInwardReturn','on','','','home.gif');

--
-- Table structure for table `bstock_product_discounts`
--

CREATE TABLE `bstock_product_discounts` (
  `id` int(10) NOT NULL AUTO_INCREMENT COMMENT 'This is the primary key.',
  `created_date` varchar(50) DEFAULT NULL COMMENT 'This will contain the timestamp when this product was created.',
  `modified_date` varchar(50) DEFAULT NULL COMMENT 'This will contain the timestamp when this product was last modified.',
  `order_id` int(10) NOT NULL COMMENT 'Will contain the product id of the product.',
  `purpose` varchar(255) NOT NULL COMMENT 'Expense purpose.',
  `price` varchar(20) NOT NULL COMMENT 'Actual Expenses Incurred.',
  `date` varchar(20) NOT NULL COMMENT 'Date of expense.',
  PRIMARY KEY (`id`)
) ENGINE=MyISAM AUTO_INCREMENT=18 DEFAULT CHARSET=latin1 COMMENT='Store the expenses of products in the system.';

--
-- Dumping data for table `bstock_product_discounts`
--

INSERT INTO `bstock_product_discounts` VALUES (1,'1272440387','1272440387',37,'test','50','04/30/2010'),(2,'1272440414','1272440414',2,'test 12','100','04/28/2010'),(3,'1273217433','1273217433',4,'Cleaning.','100','05/04/2010'),(4,'1273217779','1273217779',4,'Polishing','200','05/03/2010'),(5,'1273218326','1273218326',5,'Polishing.','1500','05/04/2010'),(6,'1273274831','1273274831',645,'certification','50','05/04/2010'),(7,'1273274930','1273274930',645,'polishing.','100','05/06/2010'),(8,'1273361761','1273361761',644,'certification ','500','05/07/2010'),(9,'1273361800','1273361800',644,'polishing ','300','05/07/2010'),(10,'1273615692','1273615692',646,'certification','100','05/05/2010'),(11,'1274684194','1274684194',0,'test','333','1273560994'),(12,'1274684194','1274684194',0,'test','333','1273560994'),(13,'1274696539','1274696539',0,'test','1111','1274178139'),(14,'1274696778','1274696778',0,'test','42325','1273832778'),(15,'1274697267','1274697267',2,'test','32232','1273574067'),(16,'1277233812','1277233812',44,'testing for new discount','890','1276110612'),(17,'1282119125','1282119125',51,'Relation','2','');

--
-- Table structure for table `bstock_product_expenses`
--

CREATE TABLE `bstock_product_expenses` (
  `id` int(10) NOT NULL AUTO_INCREMENT COMMENT 'This is the primary key.',
  `created_date` varchar(50) DEFAULT NULL COMMENT 'This will contain the timestamp when this product was created.',
  `modified_date` varchar(50) DEFAULT NULL COMMENT 'This will contain the timestamp when this product was last modified.',
  `product_id` int(10) NOT NULL COMMENT 'Will contain the product id of the product.',
  `purpose` varchar(255) NOT NULL COMMENT 'Expense purpose.',
  `price` varchar(20) NOT NULL COMMENT 'Actual Expenses Incurred.',
  `percent` decimal(10,2) NOT NULL,
  `date` varchar(20) NOT NULL COMMENT 'Date of expense.',
  PRIMARY KEY (`id`)
) ENGINE=MyISAM AUTO_INCREMENT=16 DEFAULT CHARSET=latin1 COMMENT='Store the expenses of products in the system.';

--
-- Dumping data for table `bstock_product_expenses`
--

INSERT INTO `bstock_product_expenses` VALUES (1,'1272440387','1272440387',2,'test','50',0.00,'04/30/2010'),(2,'1272440414','1272440414',2,'test 12','100',0.00,'04/28/2010'),(3,'1273217433','1273217433',4,'Cleaning.','100',0.00,'05/04/2010'),(4,'1273217779','1273217779',4,'Polishing','200',0.00,'05/03/2010'),(5,'1273218326','1273218326',5,'Polishing.','1500',0.00,'05/04/2010'),(6,'1273274831','1273274831',645,'certification','50',0.00,'05/04/2010'),(7,'1273274930','1273274930',645,'polishing.','100',0.00,'05/06/2010'),(8,'1273361761','1273361761',644,'certification ','500',0.00,'05/07/2010'),(9,'1273361800','1273361800',644,'polishing ','300',0.00,'05/07/2010'),(10,'1273615692','1273615692',646,'certification','100',0.00,'05/05/2010'),(11,'1274684194','1274684194',0,'test','333',0.00,'1273560994'),(12,'1274684194','1274684194',0,'test','333',0.00,'1273560994'),(13,'1274696539','1274696539',0,'test','1111',0.00,'1274178139'),(14,'1274696778','1274696778',0,'test','42325',0.00,'1273832778'),(15,'1274697267','1274697267',2,'test','32232',0.00,'1273574067');

--
-- Table structure for table `bstock_product_history`
--

CREATE TABLE `bstock_product_history` (
  `id` int(10) NOT NULL AUTO_INCREMENT COMMENT 'This is the primary key.',
  `created_date` varchar(50) DEFAULT NULL COMMENT 'This will contain the timestamp when this product was created.',
  `modified_date` varchar(50) DEFAULT NULL COMMENT 'This will contain the timestamp when this product was last modified.',
  `stoneid` varchar(50) NOT NULL,
  `product_id` int(10) NOT NULL COMMENT 'Will contain the product id of the product.',
  `shape` enum('ROUND','PRINCESS','PEAR','MARQUISE','EMERALD','HEART','OVAL','CUSHION','TRIANGLE','ASCHER','RADIANT') NOT NULL,
  `size` decimal(10,2) NOT NULL,
  `flourescence` enum('ANY','NONE','FAINT','MEDIUM','STRONG','VERY STRONG','SLIGHT','VERY SLIGHT') NOT NULL DEFAULT 'NONE',
  `symmetry` enum('ANY','EXCELLENT','VERY GOOD','GOOD','FAIR') NOT NULL,
  `polish` enum('ANY','EXCELLENT','VERY GOOD','GOOD','FAIR') NOT NULL,
  `cut` enum('ANY','EXCELLENT','VERY GOOD','GOOD','FAIR') NOT NULL,
  `clarity` enum('ANY','IF','VVS1','VVS2','VS1','VS2','SI1','SI2','I1','I2','I3') NOT NULL,
  `color` enum('ANY','D','E','F','G','H','I','J','K','L','M','N','O','P','Q','R','S','T','U','V') NOT NULL,
  `price` varchar(100) NOT NULL DEFAULT '0',
  `piece_price` varchar(50) NOT NULL,
  `carat_price` varchar(50) NOT NULL,
  `length` varchar(50) NOT NULL,
  `width` varchar(50) NOT NULL,
  `height` varchar(50) NOT NULL,
  `depth_percent` varchar(50) NOT NULL,
  `table_percent` varchar(50) NOT NULL,
  `girdle` varchar(250) NOT NULL,
  PRIMARY KEY (`id`)
) ENGINE=MyISAM AUTO_INCREMENT=13 DEFAULT CHARSET=latin1 COMMENT='Store the history of products in the system.';

--
-- Dumping data for table `bstock_product_history`
--

INSERT INTO `bstock_product_history` VALUES (6,'1272438543','1272438543','',2,'ROUND',1.01,'NONE','EXCELLENT','EXCELLENT','EXCELLENT','','','1','','','0.9','','1','0.9','0.7',''),(5,'1272437360','1272437360','',2,'ROUND',1.02,'FAINT','GOOD','EXCELLENT','EXCELLENT','','','2','','','1','','1','0.9','0.8',''),(4,'1272333453','1272333453','',2,'PRINCESS',1.09,'FAINT','GOOD','VERY GOOD','EXCELLENT','','','2','','','1','','2','1','1',''),(7,'1273216374','1273216374','',4,'PRINCESS',2.00,'NONE','VERY GOOD','VERY GOOD','EXCELLENT','','','2','','','1','','2','','1',''),(8,'1273216520','1273216520','',4,'PRINCESS',1.00,'FAINT','VERY GOOD','EXCELLENT','VERY GOOD','','','3','','','2','','3','2','2',''),(9,'1273218349','1273218349','',5,'ROUND',1.00,'FAINT','EXCELLENT','EXCELLENT','EXCELLENT','','','2','','','1','','2','2','1',''),(10,'1273274894','1273274894','',645,'ROUND',0.17,'FAINT','EXCELLENT','EXCELLENT','EXCELLENT','','','1','','','2','','1','2','2',''),(11,'1273361857','1273361857','',644,'ROUND',0.90,'FAINT','EXCELLENT','EXCELLENT','EXCELLENT','','','3','','','2','','5','20','30',''),(12,'1273361885','1273361885','',644,'ROUND',0.74,'NONE','EXCELLENT','EXCELLENT','EXCELLENT','','','3','','','2','','5','20','30','');

--
-- Table structure for table `bstock_product_master`
--

CREATE TABLE `bstock_product_master` (
  `id` int(10) NOT NULL AUTO_INCREMENT COMMENT 'this will be referred as product_id in all other tables',
  `type_id` int(10) NOT NULL COMMENT 'type_id is used to map the record with main type_master table to knw which type of product is this',
  `product_name` varchar(500) NOT NULL,
  `vendor_id` int(10) NOT NULL COMMENT 'vendor_id is used to map with particular vendor with vendoe master table',
  `created_date` varchar(255) NOT NULL,
  `modified_date` varchar(255) NOT NULL,
  PRIMARY KEY (`id`)
) ENGINE=MyISAM AUTO_INCREMENT=76 DEFAULT CHARSET=latin1;

--
-- Dumping data for table `bstock_product_master`
--

INSERT INTO `bstock_product_master` VALUES (1,1,'20g Platinum',1,'',''),(2,2,'10g Gold',2,'',''),(3,5,'Men\'s Wedding Rings',3,'',''),(4,5,'Engagement Rings',4,'',''),(5,5,'Wedding Ring',0,'',''),(6,5,'Gemstone Rings',1,'',''),(7,5,'Diamond Studed Rings',2,'',''),(8,5,'Eternity Rings',3,'',''),(9,5,'Dedicated Rings',4,'',''),(10,5,'Wedding Rings',5,'',''),(11,5,'Engagement Rings',6,'',''),(12,5,'Designer Rings',7,'',''),(13,5,'Touch of Gold Rings',8,'',''),(14,5,'Touch of Silver Rings',9,'',''),(15,5,'Touch of Platinum Rings',10,'',''),(16,5,'Solitaire Ring',1,'',''),(17,5,'Solitaire Studed Ring',2,'',''),(18,5,'Solitaire Wedding Rings',3,'',''),(19,5,'Solitaire Engagement Rings',4,'',''),(20,5,'Solitaire Wedding Ring',0,'',''),(21,5,'Solitaire Gemstone Rings',1,'',''),(22,5,'Solitaire Diamond Studed Rings',2,'',''),(23,5,'Solitaire Eternity Rings',3,'',''),(24,5,'Solitaire Dedicated Rings',4,'',''),(25,5,'Sidestone Ring',1,'',''),(26,5,'Sidestone Studed Ring',2,'',''),(27,5,'Sidestone Wedding Rings',3,'',''),(28,5,'Sidestone Engagement Rings',4,'',''),(29,5,'Sidestone Wedding Ring',0,'',''),(30,5,'Sidestone Gemstone Rings',1,'',''),(31,5,'Sidestone Diamond Studed Rings',2,'',''),(32,5,'Sidestone Eternity Rings',3,'',''),(33,5,'Sidestone Dedicated Rings',4,'',''),(34,5,'Mone Ring',1,'',''),(35,5,'Mone Studed Ring',2,'',''),(36,5,'Mone Wedding Rings',3,'',''),(37,5,'Mone Engagement Rings',4,'',''),(38,5,'Mone Wedding Ring',0,'',''),(39,5,'Mone Gemstone Rings',1,'',''),(40,5,'Mone Diamond Studed Rings',2,'',''),(41,5,'Mone Eternity Rings',3,'',''),(42,5,'Mone Dedicated Rings',4,'',''),(43,5,'Tension Ring',1,'',''),(44,5,'Tension Studed Ring',2,'',''),(45,5,'Tension Wedding Rings',3,'',''),(46,5,'Tension Engagement Rings',4,'',''),(47,5,'Tension Wedding Ring',0,'',''),(48,5,'Tension Gemstone Rings',1,'',''),(49,5,'Tension Diamond Studed Rings',2,'',''),(50,5,'Tension Eternity Rings',3,'',''),(51,5,'Tension Dedicated Rings',4,'',''),(55,5,'Ring / Diamond 2k / 3.00gm',1,'1263281971','1263281971'),(56,5,'Ring with diamond',1,'123223223','123223223'),(57,5,'Jewelry',1,'1283757521','1283757521'),(58,5,'Jewelry',3,'1283759338','1283759338'),(59,5,'Jewelry',1,'1283777612','1283777612'),(60,5,'Jewelry',1,'1283852927','1283852927'),(61,5,'Jewelry',0,'1283873378','1283873378'),(62,5,'Jewelry',0,'1283873848','1283873848'),(63,5,'Jewelry',0,'1283875146','1283875146'),(64,5,'Jewelry',0,'1285668597','1285668597'),(65,5,'Jewelry',0,'1285668708','1285668708'),(66,5,'Jewelry',0,'1285668868','1285668868'),(67,5,'Jewelry',0,'1285668956','1285668956'),(68,5,'Jewelry',0,'1285669106','1285669106'),(69,5,'Jewelry',0,'1285676716','1285676716'),(70,5,'Jewelry',0,'1285678016','1285678016'),(71,5,'Jewelry',0,'1285678155','1285678155'),(72,5,'Jewelry',0,'1285678201','1285678201'),(73,5,'Jewelry',0,'1285678485','1285678485'),(74,5,'Jewelry',0,'1285680273','1285680273'),(75,5,'Jewelry',0,'1285680330','1285680330');

--
-- Table structure for table `bstock_products`
--

CREATE TABLE `bstock_products` (
  `id` int(10) NOT NULL AUTO_INCREMENT COMMENT 'This is the primary key.',
  `store_id` int(10) NOT NULL DEFAULT '1' COMMENT 'Can be used in future if multiple  stores are added.',
  `created_date` varchar(50) DEFAULT NULL COMMENT 'This will contain the timestamp when this product was created.',
  `modified_date` varchar(50) DEFAULT NULL COMMENT 'This will contain the timestamp when this product was last modified.',
  `stoneid` varchar(50) NOT NULL,
  `serial_no` int(11) NOT NULL,
  `typeofstone` enum('Loose','Single') NOT NULL DEFAULT 'Loose' COMMENT 'This field will inform us that this field is loose or single stone',
  `shape` enum('ROUND','PRINCESS','PEAR','MARQUISE','EMERALD','HEART','OVAL','CUSHION','TRIANGLE','ASCHER','RADIANT','CHOKHI') NOT NULL,
  `size` decimal(10,2) NOT NULL,
  `location` enum('All','Antwerp','Hong Kong','Mumbai','New York') NOT NULL,
  `is_active` enum('on','off') NOT NULL,
  `flourescence` enum('ANY','NONE','FAINT','MEDIUM','STRONG','VERY STRONG','SLIGHT','VERY   SLIGHT') NOT NULL DEFAULT 'NONE',
  `lab` enum('All Labs','GIA','IGI','HRD','AGS','PGS','VGR','EGL USA','EGL Israel','EGL Other','DCLA','Uncertified','Other') NOT NULL,
  `symmetry` enum('ANY','EXCELLENT','VERY GOOD','GOOD','FAIR') NOT NULL,
  `polish` enum('ANY','EXCELLENT','VERY GOOD','GOOD','FAIR') NOT NULL,
  `cut` enum('ANY','EXCELLENT','VERY GOOD','GOOD','FAIR') NOT NULL,
  `clarity` enum('ANY','IF','VVS1','VVS2','VS1','VS2','SI1','SI2','SI3','I1','I2','I3') NOT NULL,
  `color` enum('ANY','D','E','F','G','H','I','J','K','L','M','N','O','P','Q','R','S','T','  U','V') NOT NULL,
  `price` decimal(10,2) NOT NULL DEFAULT '0.00' COMMENT 'This field is used as RAP $ price instead of rap_price.',
  `rap_price` decimal(10,2) NOT NULL COMMENT 'This field is not being used for any calculations as the ''price'' field is used instead of this.',
  `inr_price` decimal(10,2) NOT NULL,
  `dollar_sale_price_with_margin` decimal(10,2) NOT NULL COMMENT 'Will store the sales price of that diam in $. While adding PO it will have purchase price in $ after all discounts. After adding certi cost or updating frm price update mode it will change. Along with this purchase_price_dollar, purchase_price_inr wil be ',
  `dollar_sales_piece_price_with_margin` decimal(10,2) NOT NULL COMMENT 'Will store the sales price of that diam in inr. While adding PO it will have the purchase price in inr after all discounts.After adding certi cost or updating frm price update mod this will change. Along with this purchase_price_dollar, purchase_price_inr',
  `inr_sale_price_with_margin` decimal(10,2) NOT NULL COMMENT 'This will store the sales price of that diamond in aud- (inr_sale_price_with_margin = piece_price_dollar  * margin * conversion rate) ',
  `total_sales_piece_price_with_margin` float(10,2) NOT NULL,
  `current_rap_price` decimal(10,2) NOT NULL COMMENT 'This field will store the latest rap price of that product. this willbe updated during rap update',
  `total_piece_price_asper_rap` float(10,2) NOT NULL COMMENT 'This will store the total piece price as per the rapnet price per carat. ',
  `conversion_rate` decimal(10,3) NOT NULL,
  `margin` decimal(10,2) NOT NULL,
  `cash_back` decimal(10,2) NOT NULL,
  `aadat` decimal(10,2) NOT NULL,
  `brokerage` decimal(10,2) NOT NULL,
  `purchase_price_dollar` decimal(10,2) NOT NULL COMMENT 'This will store the Piece Purchase Price (after deductions) in dollar',
  `purchase_price_inr` decimal(10,2) NOT NULL COMMENT 'This will store the Piece Purchase Price (after deductions) in INR',
  `certificate_id` varchar(50) NOT NULL,
  `certificate_status` enum('Given','Back') NOT NULL DEFAULT 'Back',
  `discount` varchar(50) NOT NULL,
  `length` decimal(10,0) NOT NULL,
  `width` varchar(5) NOT NULL,
  `height` varchar(5) NOT NULL,
  `measurement` varchar(50) NOT NULL,
  `depth_percent` varchar(50) NOT NULL,
  `table_percent` varchar(50) NOT NULL,
  `country` enum('India','Hong Kong','USA','Belgium') NOT NULL,
  `qty` varchar(10) NOT NULL DEFAULT '1',
  `orignal_qty` decimal(10,2) NOT NULL,
  `purchase_price` varchar(10) NOT NULL,
  `vendorname` enum('None','Bigg Stock','Vendor 1','Vendor 2') NOT NULL,
  `sellqty` int(5) NOT NULL,
  `jwl_category` enum('Ring','Bangles','Necklace','Earnings','Bracelet','Nose Ring','Painjan','Bajuband','KamarPata') NOT NULL,
  `category` enum('Loose','Single') NOT NULL,
  `piece_price_inr` decimal(10,2) NOT NULL,
  `piece_price_dollar` decimal(10,2) NOT NULL,
  `rough_to_polish_cost_price_dollar` decimal(10,2) NOT NULL COMMENT 'Cost price of the rough (in dollar) that is calculated while publishing the stone from ''RoughToPolish'' module.',
  `rough_to_polish_cost_price_inr` decimal(10,2) NOT NULL COMMENT 'Cost price of the rough (in INR) that is calculated while publishing the stone from ''RoughToPolish'' module.',
  `last_verified_date` int(50) NOT NULL COMMENT 'store the verification date',
  `status` enum('In Stock','Sold','Jhangad Placed','Jhangad Issued','Jhangad Issued Partial','Jhangad Couriered Full','Jhangad Couriered Partial','Jhangad Partially Returned','Jhangad Returned Full','Order Placed','Order Issued','Order Issued Partial','Order Couriered Full','Order Couriered Partial','Order Partially Returned','Order Returned Full','Onhold','On Approval','On Inward Jhangad','InwardJhangad Created','InwardJhangad Assigned','InwardJhangad Assigned Partial','InwardJhangad Partially Returned','InwardJhangad Returned Full') NOT NULL COMMENT 'different status of the stock',
  `verified` enum('0','1','2') NOT NULL COMMENT 'Enum value to check and uncheck verification',
  `is_special_stone` enum('true','false') NOT NULL,
  `is_rapnet_uploaded` enum('true','false') NOT NULL,
  `barcode_number` varchar(20) NOT NULL,
  `parcel_id` int(10) NOT NULL COMMENT 'Stores the parcel id of the parcel of which this product is part of.',
  `girdle` varchar(255) NOT NULL,
  `certificate_filename` varchar(250) NOT NULL,
  `depth` varchar(5) NOT NULL,
  `description` varchar(250) NOT NULL,
  `published` enum('on','off') NOT NULL COMMENT 'published on website',
  `supplier_id` int(11) NOT NULL,
  `partner_id` int(11) NOT NULL,
  `crown_height` float(10,2) NOT NULL,
  `pavilion_height` float(10,2) NOT NULL,
  `crown_angle` float(10,2) NOT NULL,
  `pavilion_angle` float(10,2) NOT NULL,
  `girdle_percentage` float(10,2) NOT NULL,
  `culet` float(10,2) NOT NULL,
  `report_no` varchar(100) NOT NULL,
  `laser_inscription` float(10,2) NOT NULL,
  `laser_inclusion` float(10,2) NOT NULL,
  `report_date` int(10) NOT NULL,
  `report_comments` varchar(500) NOT NULL,
  `key_to_symbol` varchar(100) NOT NULL,
  `table_inclusion` float(10,2) NOT NULL,
  `black_inclusion` float(10,2) NOT NULL,
  `diameter_min` decimal(10,2) NOT NULL,
  `diameter_max` decimal(10,2) NOT NULL,
  PRIMARY KEY (`id`)
) ENGINE=MyISAM AUTO_INCREMENT=34 DEFAULT CHARSET=latin1 COMMENT='Store the products in the system.';

--
-- Dumping data for table `bstock_products`
--

INSERT INTO `bstock_products` VALUES (1,1,'1314015843','1314015843','NJ-0354',0,'Loose','ROUND',1.28,'All','on','ANY','GIA','EXCELLENT','','VERY GOOD','VVS1','K',5610.00,0.00,0.00,0.00,0.00,0.00,0.00,6600.00,0.00,0.000,0.00,0.00,0.00,0.00,7180.80,0.00,'','Back','15',0,'','4.09','','58.3','61','India','1',0.00,'','None',0,'Ring','Loose',0.00,0.00,0.00,0.00,0,'In Stock','0','true','true','',0,'','','','','on',0,0,0.00,0.00,0.00,0.00,0.00,0.00,'1126221379',0.00,0.00,0,'','',0.00,0.00,7.00,7.04),(2,1,'1314015843','1314015843','NJ-0260',0,'Loose','ROUND',1.42,'All','on','FAINT','GIA','EXCELLENT','','EXCELLENT','IF','D',27260.00,0.00,0.00,0.00,0.00,0.00,0.00,29000.00,0.00,0.000,0.00,0.00,0.00,0.00,38709.20,0.00,'','Back','6',0,'','4.44','','61.2','57','India','1',0.00,'','None',0,'Ring','Loose',0.00,0.00,0.00,0.00,0,'In Stock','0','true','true','',0,'','','','','on',0,0,0.00,0.00,0.00,0.00,0.00,0.00,'1119079563',0.00,0.00,0,'','',0.00,0.00,7.25,7.26),(3,1,'1314015843','1314015843','NJ-0206',0,'Loose','ROUND',1.20,'All','on','FAINT','GIA','EXCELLENT','','EXCELLENT','VVS2','G',10120.00,0.00,0.00,0.00,0.00,0.00,0.00,11500.00,0.00,0.000,0.00,0.00,0.00,0.00,12144.00,0.00,'','Back','12',0,'','4.24','','62.6','57','India','1',0.00,'','None',0,'Ring','Loose',0.00,0.00,0.00,0.00,0,'In Stock','0','true','true','',0,'','','','','on',0,0,0.00,0.00,0.00,0.00,0.00,0.00,'5106936287',0.00,0.00,0,'','',0.00,0.00,6.75,6.79),(4,1,'1314015843','1314015843','NJ-0197',0,'Loose','ROUND',1.58,'All','on','NONE','GIA','EXCELLENT','','EXCELLENT','SI2','J',4920.00,0.00,0.00,0.00,0.00,0.00,0.00,6000.00,0.00,0.000,0.00,0.00,0.00,0.00,7773.60,0.00,'','Back','18',0,'','4.6','','61.3','57','India','1',0.00,'','None',0,'Ring','Loose',0.00,0.00,0.00,0.00,0,'In Stock','0','true','true','',0,'','','','','on',0,0,0.00,0.00,0.00,0.00,0.00,0.00,'5116117227',0.00,0.00,0,'','',0.00,0.00,7.49,7.52),(5,1,'1314015843','1314015843','NJ-0019',0,'Loose','ROUND',1.07,'All','on','FAINT','GIA','EXCELLENT','','EXCELLENT','IF','F',14760.00,0.00,0.00,0.00,0.00,0.00,0.00,18000.00,0.00,0.000,0.00,0.00,0.00,0.00,15793.20,0.00,'','Back','18',0,'','4.1','','62.1','55','India','1',0.00,'','None',0,'Ring','Loose',0.00,0.00,0.00,0.00,0,'In Stock','0','true','true','',0,'','','','','on',0,0,0.00,0.00,0.00,0.00,0.00,0.00,'2106680663',0.00,0.00,0,'','',0.00,0.00,6.58,6.63),(6,1,'1314015843','1314015843','NK-0123',0,'Loose','ROUND',1.41,'All','on','FAINT','GIA','EXCELLENT','','VERY GOOD','IF','K',6072.00,0.00,0.00,0.00,0.00,0.00,0.00,6900.00,0.00,0.000,0.00,0.00,0.00,0.00,8561.52,0.00,'','Back','12',0,'','4.48','','63.1','59','India','1',0.00,'','None',0,'Ring','Loose',0.00,0.00,0.00,0.00,0,'In Stock','0','true','true','',0,'','','','','on',0,0,0.00,0.00,0.00,0.00,0.00,0.00,'2125721765',0.00,0.00,0,'','',0.00,0.00,7.07,7.13),(7,1,'1314015843','1314015843','NK-0106',0,'Loose','ROUND',1.20,'All','on','FAINT','GIA','EXCELLENT','','EXCELLENT','VVS2','L',4576.00,0.00,0.00,0.00,0.00,0.00,0.00,5200.00,0.00,0.000,0.00,0.00,0.00,0.00,5491.20,0.00,'','Back','12',0,'','4.25','','62.6','56','India','1',0.00,'','None',0,'Ring','Loose',0.00,0.00,0.00,0.00,0,'In Stock','0','true','true','',0,'','','','','on',0,0,0.00,0.00,0.00,0.00,0.00,0.00,'1126956763',0.00,0.00,0,'','',0.00,0.00,6.78,6.81),(8,1,'1314015843','1314015843','NK-0342',0,'Loose','ROUND',1.52,'All','on','ANY','GIA','EXCELLENT','','VERY GOOD','VVS2','M',4264.00,0.00,0.00,0.00,0.00,0.00,0.00,5200.00,0.00,0.000,0.00,0.00,0.00,0.00,6481.28,0.00,'','Back','18',0,'','4.54','','62.1','58','India','1',0.00,'','None',0,'Ring','Loose',0.00,0.00,0.00,0.00,0,'In Stock','0','true','true','',0,'','','','','on',0,0,0.00,0.00,0.00,0.00,0.00,0.00,'2121994930',0.00,0.00,0,'','',0.00,0.00,7.29,7.34),(9,1,'1314015843','1314015843','NK-0341',0,'Loose','ROUND',1.55,'All','on','ANY','GIA','VERY GOOD','','VERY GOOD','VVS1','M',4592.00,0.00,0.00,0.00,0.00,0.00,0.00,5600.00,0.00,0.000,0.00,0.00,0.00,0.00,7117.60,0.00,'','Back','18',0,'','4.59','','62.7','57','India','1',0.00,'','None',0,'Ring','Loose',0.00,0.00,0.00,0.00,0,'In Stock','0','true','true','',0,'','','','','on',0,0,0.00,0.00,0.00,0.00,0.00,0.00,'2116350601',0.00,0.00,0,'','',0.00,0.00,7.30,7.33),(10,1,'1314015843','1314015843','NK-0340',0,'Loose','ROUND',1.53,'All','on','ANY','GIA','EXCELLENT','','VERY GOOD','IF','L',5576.00,0.00,0.00,0.00,0.00,0.00,0.00,6800.00,0.00,0.000,0.00,0.00,0.00,0.00,8531.28,0.00,'','Back','18',0,'','4.4','','58.3','61','India','1',0.00,'','None',0,'Ring','Loose',0.00,0.00,0.00,0.00,0,'In Stock','0','true','true','',0,'','','','','on',0,0,0.00,0.00,0.00,0.00,0.00,0.00,'2125562192',0.00,0.00,0,'','',0.00,0.00,7.53,7.56),(11,1,'1314015843','1314015843','NK-0335',0,'Loose','ROUND',1.65,'All','on','ANY','GIA','EXCELLENT','','EXCELLENT','VVS2','F',15640.00,0.00,0.00,0.00,0.00,0.00,0.00,17000.00,0.00,0.000,0.00,0.00,0.00,0.00,25806.00,0.00,'','Back','8',0,'','4.74','','62.9','56','India','1',0.00,'','None',0,'Ring','Loose',0.00,0.00,0.00,0.00,0,'In Stock','0','true','true','',0,'','','','','on',0,0,0.00,0.00,0.00,0.00,0.00,0.00,'6137167939',0.00,0.00,0,'','',0.00,0.00,7.52,7.56),(12,1,'1314015843','1314015843','NK-0334',0,'Loose','ROUND',1.35,'All','on','ANY','GIA','VERY GOOD','','VERY GOOD','IF','L',5130.00,0.00,0.00,0.00,0.00,0.00,0.00,5700.00,0.00,0.000,0.00,0.00,0.00,0.00,6925.50,0.00,'','Back','10',0,'','4.42','','62.4','59','India','1',0.00,'','None',0,'Ring','Loose',0.00,0.00,0.00,0.00,0,'In Stock','0','true','true','',0,'','','','','on',0,0,0.00,0.00,0.00,0.00,0.00,0.00,'2121994629',0.00,0.00,0,'','',0.00,0.00,7.03,7.12),(13,1,'1314015843','1314015843','NK-0300',0,'Loose','ROUND',1.00,'All','on','NONE','GIA','EXCELLENT','','EXCELLENT','SI1','I',5733.00,0.00,0.00,0.00,0.00,0.00,0.00,6300.00,0.00,0.000,0.00,0.00,0.00,0.00,5733.00,0.00,'','Back','9',0,'','4','','62.6','55','India','1',0.00,'','None',0,'Ring','Loose',0.00,0.00,0.00,0.00,0,'In Stock','0','true','true','',0,'','','','','on',0,0,0.00,0.00,0.00,0.00,0.00,0.00,'2135439332',0.00,0.00,0,'','',0.00,0.00,6.37,6.40),(14,1,'1314015843','1314015843','NK-0297',0,'Loose','ROUND',1.12,'All','on','ANY','GIA','EXCELLENT','','EXCELLENT','SI1','I',5670.00,0.00,0.00,0.00,0.00,0.00,0.00,6300.00,0.00,0.000,0.00,0.00,0.00,0.00,6350.40,0.00,'','Back','10',0,'','4.13','','61.6','57','India','1',0.00,'','None',0,'Ring','Loose',0.00,0.00,0.00,0.00,0,'In Stock','0','true','true','',0,'','','','','on',0,0,0.00,0.00,0.00,0.00,0.00,0.00,'2125824722',0.00,0.00,0,'','',0.00,0.00,6.69,6.72),(15,1,'1314015843','1314015843','NK-0194',0,'Loose','ROUND',1.61,'All','on','NONE','GIA','VERY GOOD','','VERY GOOD','VS2','I',7568.00,0.00,0.00,0.00,0.00,0.00,0.00,8800.00,0.00,0.000,0.00,0.00,0.00,0.00,12184.48,0.00,'','Back','14',0,'','4.68','','62.8','59','India','1',0.00,'','None',0,'Ring','Loose',0.00,0.00,0.00,0.00,0,'In Stock','0','true','true','',0,'','','','','on',0,0,0.00,0.00,0.00,0.00,0.00,0.00,'16832150',0.00,0.00,0,'','',0.00,0.00,7.42,7.49),(16,1,'1314015843','1314015843','NK-0193',0,'Loose','ROUND',1.62,'All','on','NONE','GIA','VERY GOOD','','EXCELLENT','IF','F',19350.00,0.00,0.00,0.00,0.00,0.00,0.00,22500.00,0.00,0.000,0.00,0.00,0.00,0.00,31347.00,0.00,'','Back','14',0,'','4.61','','60.3','58','India','1',0.00,'','None',0,'Ring','Loose',0.00,0.00,0.00,0.00,0,'In Stock','0','true','true','',0,'','','','','on',0,0,0.00,0.00,0.00,0.00,0.00,0.00,'16879054',0.00,0.00,0,'','',0.00,0.00,7.63,7.67),(17,1,'1314015843','1314015843','NK-0451',0,'Loose','ROUND',1.65,'All','on','NONE','GIA','EXCELLENT','','EXCELLENT','VS2','G',11210.00,0.00,0.00,0.00,0.00,0.00,0.00,11800.00,0.00,0.000,0.00,0.00,0.00,0.00,18496.50,0.00,'','Back','5',0,'','4.69','','62.2','58','India','1',0.00,'','None',0,'Ring','Loose',0.00,0.00,0.00,0.00,0,'In Stock','0','true','true','',0,'','','','','on',0,0,0.00,0.00,0.00,0.00,0.00,0.00,'2126224736',0.00,0.00,0,'','',0.00,0.00,7.52,7.56),(18,1,'1314015843','1314015843','NK-0434',0,'Loose','ROUND',1.07,'All','on','ANY','GIA','VERY GOOD','','EXCELLENT','SI1','G',6808.00,0.00,0.00,0.00,0.00,0.00,0.00,7400.00,0.00,0.000,0.00,0.00,0.00,0.00,7284.56,0.00,'','Back','8',0,'','4.02','','60.9','57','India','1',0.00,'','None',0,'Ring','Loose',0.00,0.00,0.00,0.00,0,'In Stock','0','true','true','',0,'','','','','on',0,0,0.00,0.00,0.00,0.00,0.00,0.00,'2126074452',0.00,0.00,0,'','',0.00,0.00,6.59,6.61),(19,1,'1314015843','1314015843','NK-0433',0,'Loose','ROUND',1.53,'All','on','FAINT','GIA','EXCELLENT','','EXCELLENT','VS2','E',13340.00,0.00,0.00,0.00,0.00,0.00,0.00,14500.00,0.00,0.000,0.00,0.00,0.00,0.00,20410.20,0.00,'','Back','8',0,'','4.5','','60.4','60','India','1',0.00,'','None',0,'Ring','Loose',0.00,0.00,0.00,0.00,0,'In Stock','0','true','true','',0,'','','','','on',0,0,0.00,0.00,0.00,0.00,0.00,0.00,'2131223964',0.00,0.00,0,'','',0.00,0.00,7.42,7.49),(20,1,'1314015843','1314015843','NK-0422',0,'Loose','ROUND',1.70,'All','on','FAINT','GIA','EXCELLENT','','EXCELLENT','VVS2','H',11808.00,0.00,0.00,0.00,0.00,0.00,0.00,12300.00,0.00,0.000,0.00,0.00,0.00,0.00,20073.60,0.00,'','Back','4',0,'','4.78','','62.4','56','India','1',0.00,'','None',0,'Ring','Loose',0.00,0.00,0.00,0.00,0,'In Stock','0','true','true','',0,'','','','','on',0,0,0.00,0.00,0.00,0.00,0.00,0.00,'2131286349',0.00,0.00,0,'','',0.00,0.00,7.63,7.70),(21,1,'1314015843','1314015843','NK-0420',0,'Loose','ROUND',1.50,'All','on','ANY','GIA','EXCELLENT','','VERY GOOD','IF','J',8670.00,0.00,0.00,0.00,0.00,0.00,0.00,10200.00,0.00,0.000,0.00,0.00,0.00,0.00,13005.00,0.00,'','Back','15',0,'','4.61','','64.9','57','India','1',0.00,'','None',0,'Ring','Loose',0.00,0.00,0.00,0.00,0,'In Stock','0','true','true','',0,'','','','','on',0,0,0.00,0.00,0.00,0.00,0.00,0.00,'1136220220',0.00,0.00,0,'','',0.00,0.00,7.07,7.14),(22,1,'1314015843','1314015843','NK-0417',0,'Loose','ROUND',1.51,'All','on','ANY','GIA','EXCELLENT','','EXCELLENT','IF','H',13536.00,0.00,0.00,0.00,0.00,0.00,0.00,14400.00,0.00,0.000,0.00,0.00,0.00,0.00,20439.36,0.00,'','Back','6',0,'','4.52','','60.9','57','India','1',0.00,'','None',0,'Ring','Loose',0.00,0.00,0.00,0.00,0,'In Stock','0','true','true','',0,'','','','','on',0,0,0.00,0.00,0.00,0.00,0.00,0.00,'2126091129',0.00,0.00,0,'','',0.00,0.00,7.40,7.45),(23,1,'1314015843','1314015843','NK-0416',0,'Loose','ROUND',1.61,'All','on','ANY','GIA','EXCELLENT','','EXCELLENT','VS1','G',12220.00,0.00,0.00,0.00,0.00,0.00,0.00,13000.00,0.00,0.000,0.00,0.00,0.00,0.00,19674.20,0.00,'','Back','6',0,'','4.66','','62.1','58','India','1',0.00,'','None',0,'Ring','Loose',0.00,0.00,0.00,0.00,0,'In Stock','0','true','true','',0,'','','','','on',0,0,0.00,0.00,0.00,0.00,0.00,0.00,'2131286644',0.00,0.00,0,'','',0.00,0.00,7.48,7.52),(24,1,'1314015843','1314015843','NK-0415',0,'Loose','ROUND',1.61,'All','on','ANY','GIA','EXCELLENT','','EXCELLENT','VS1','G',12220.00,0.00,0.00,0.00,0.00,0.00,0.00,13000.00,0.00,0.000,0.00,0.00,0.00,0.00,19674.20,0.00,'','Back','6',0,'','4.67','','62.4','57','India','1',0.00,'','None',0,'Ring','Loose',0.00,0.00,0.00,0.00,0,'In Stock','0','true','true','',0,'','','','','on',0,0,0.00,0.00,0.00,0.00,0.00,0.00,'2131280633',0.00,0.00,0,'','',0.00,0.00,7.45,7.51),(25,1,'1314015843','1314015843','NK-0414',0,'Loose','ROUND',1.50,'All','on','FAINT','GIA','EXCELLENT','','EXCELLENT','VVS2','F',15300.00,0.00,0.00,0.00,0.00,0.00,0.00,17000.00,0.00,0.000,0.00,0.00,0.00,0.00,22950.00,0.00,'','Back','10',0,'','4.52','','61.7','59','India','1',0.00,'','None',0,'Ring','Loose',0.00,0.00,0.00,0.00,0,'In Stock','0','true','true','',0,'','','','','on',0,0,0.00,0.00,0.00,0.00,0.00,0.00,'1136317069',0.00,0.00,0,'','',0.00,0.00,7.31,7.35),(26,1,'1314015843','1314015843','NK-0405',0,'Loose','ROUND',1.14,'All','on','ANY','GIA','VERY GOOD','','EXCELLENT','VS1','H',8330.00,0.00,0.00,0.00,0.00,0.00,0.00,8500.00,0.00,0.000,0.00,0.00,0.00,0.00,9496.20,0.00,'','Back','2',0,'','4.14','','61.7','58','India','1',0.00,'','None',0,'Ring','Loose',0.00,0.00,0.00,0.00,0,'In Stock','0','true','true','',0,'','','','','on',0,0,0.00,0.00,0.00,0.00,0.00,0.00,'5131552896',0.00,0.00,0,'','',0.00,0.00,6.69,6.74),(27,1,'1314015843','1314015843','NK-0396',0,'Loose','ROUND',1.51,'All','on','ANY','GIA','VERY GOOD','','VERY GOOD','VVS1','F',15600.00,0.00,0.00,0.00,0.00,0.00,0.00,19500.00,0.00,0.000,0.00,0.00,0.00,0.00,23556.00,0.00,'','Back','20',0,'','4.53','','62','60','India','1',0.00,'','None',0,'Ring','Loose',0.00,0.00,0.00,0.00,0,'In Stock','0','true','true','',0,'','','','','on',0,0,0.00,0.00,0.00,0.00,0.00,0.00,'21168266380',0.00,0.00,0,'','',0.00,0.00,7.27,7.35),(28,1,'1314015843','1314015843','NK-0390',0,'Loose','ROUND',1.51,'All','on','ANY','GIA','VERY GOOD','','VERY GOOD','SI1','G',7900.00,0.00,0.00,0.00,0.00,0.00,0.00,10000.00,0.00,0.000,0.00,0.00,0.00,0.00,11929.00,0.00,'','Back','21',0,'','4.64','','64.4','55','India','1',0.00,'','None',0,'Ring','Loose',0.00,0.00,0.00,0.00,0,'In Stock','0','true','true','',0,'','','','','on',0,0,0.00,0.00,0.00,0.00,0.00,0.00,'5116483651',0.00,0.00,0,'','',0.00,0.00,7.19,7.23),(29,1,'1314015843','1314015843','NK-0369',0,'Loose','ROUND',1.01,'All','on','ANY','GIA','EXCELLENT','','VERY GOOD','VVS2','D',14430.00,0.00,0.00,0.00,0.00,0.00,0.00,18500.00,0.00,0.000,0.00,0.00,0.00,0.00,14574.30,0.00,'','Back','22',0,'','3.98','','62.7','60','India','1',0.00,'','None',0,'Ring','Loose',0.00,0.00,0.00,0.00,0,'In Stock','0','true','true','',0,'','','','','on',0,0,0.00,0.00,0.00,0.00,0.00,0.00,'2116964738',0.00,0.00,0,'','',0.00,0.00,6.33,6.37),(30,1,'1314015843','1314015843','NK-0435',0,'Loose','ROUND',1.13,'All','on','ANY','GIA','VERY GOOD','','EXCELLENT','SI2','G',5888.00,0.00,0.00,0.00,0.00,0.00,0.00,6400.00,0.00,0.000,0.00,0.00,0.00,0.00,6653.44,0.00,'','Back','8',0,'','4.11','','61.9','57','India','1',0.00,'','None',0,'Ring','Loose',0.00,0.00,0.00,0.00,0,'In Stock','0','true','true','',0,'','','','','on',0,0,0.00,0.00,0.00,0.00,0.00,0.00,'2131437975',0.00,0.00,0,'','',0.00,0.00,6.61,6.68),(31,1,'1314015843','1314015843','NK-0375',0,'Loose','ROUND',1.40,'All','on','NONE','GIA','EXCELLENT','','EXCELLENT','SI2','I',5488.00,0.00,0.00,0.00,0.00,0.00,0.00,5600.00,0.00,0.000,0.00,0.00,0.00,0.00,7683.20,0.00,'','Back','2',0,'','4.44','','62.3','57','India','1',0.00,'','None',0,'Ring','Loose',0.00,0.00,0.00,0.00,0,'In Stock','0','true','true','',0,'','','','','on',0,0,0.00,0.00,0.00,0.00,0.00,0.00,'6137466396',0.00,0.00,0,'','',0.00,0.00,7.12,7.15),(32,1,'1314015843','1314015843','NK-0363',0,'Loose','ROUND',1.54,'All','on','ANY','GIA','EXCELLENT','','EXCELLENT','VVS2','G',13050.00,0.00,0.00,0.00,0.00,0.00,0.00,14500.00,0.00,0.000,0.00,0.00,0.00,0.00,20097.00,0.00,'','Back','10',0,'','4.61','','62.3','57','India','1',0.00,'','None',0,'Ring','Loose',0.00,0.00,0.00,0.00,0,'In Stock','0','true','true','',0,'','','','','on',0,0,0.00,0.00,0.00,0.00,0.00,0.00,'2116764084',0.00,0.00,0,'','',0.00,0.00,7.38,7.41),(33,1,'1314015843','1314015843','NK-0291',0,'Loose','ROUND',1.12,'All','on','FAINT','GIA','EXCELLENT','','EXCELLENT','VS2','J',5670.00,0.00,0.00,0.00,0.00,0.00,0.00,6300.00,0.00,0.000,0.00,0.00,0.00,0.00,6350.40,0.00,'','Back','10',0,'','4.07','','60.7','59','India','1',0.00,'','None',0,'Ring','Loose',0.00,0.00,0.00,0.00,0,'In Stock','0','true','true','',0,'','','','','on',0,0,0.00,0.00,0.00,0.00,0.00,0.00,'5116882758',0.00,0.00,0,'','',0.00,0.00,6.67,6.74);

--
-- Table structure for table `bstock_products_history`
--

CREATE TABLE `bstock_products_history` (
  `id` int(20) NOT NULL AUTO_INCREMENT COMMENT 'primary id for the table',
  `product_id` int(20) NOT NULL COMMENT 'Product identification',
  `type_id` int(10) NOT NULL COMMENT 'represents type of transaction like jhangad,SO,PO',
  `customer_id` int(10) NOT NULL COMMENT 'Customer identification',
  `status_of_products` enum('In Stock','Sold','Jhangad Placed','Jhangad Issued','Jhangad Issued Partial','Jhangad Couriered Full','Jhangad Couriered Partial','Jhangad Partially Returned','Jhangad Returned Full','Order Placed','Order Issued','Order Issued Partial','Order Couriered Full','Order Couriered Partial','Order Partially Returned','Order Returned Full','Deleted') NOT NULL COMMENT 'status of the stock',
  `date` varchar(50) NOT NULL COMMENT 'current date in timestep format',
  PRIMARY KEY (`id`)
) ENGINE=MyISAM AUTO_INCREMENT=743 DEFAULT CHARSET=latin1 COMMENT='product life cycle in table structure';

--
-- Dumping data for table `bstock_products_history`
--

INSERT INTO `bstock_products_history` VALUES (1,12,1,3,'Jhangad Placed','1288436512'),(2,16,1,3,'Jhangad Placed','1288436512'),(3,23,1,3,'Jhangad Placed','1288436512'),(4,17,1,3,'Jhangad Placed','1288436512'),(5,7,1,1,'Jhangad Placed','1288437048'),(6,12,1,1,'Jhangad Placed','1288437048'),(7,19,1,1,'Jhangad Placed','1288437048'),(8,18,1,1,'Jhangad Placed','1288437221'),(9,19,1,1,'Jhangad Placed','1288437221'),(10,18,1,1,'In Stock','1288437242'),(11,19,1,1,'In Stock','1288437242'),(12,18,1,1,'In Stock','1288437938'),(13,19,1,1,'In Stock','1288437939'),(14,7,1,1,'Jhangad Placed','1288437984'),(15,11,1,1,'Jhangad Placed','1288437984'),(16,16,1,1,'Jhangad Placed','1288438752'),(17,31,1,1,'Jhangad Placed','1288438752'),(18,20,1,1,'Jhangad Placed','1288438752'),(19,20,1,1,'Jhangad Placed','1288438752'),(20,7,1,1,'Jhangad Placed','1288438752'),(21,11,1,1,'Jhangad Placed','1288438752'),(22,39,1,1,'Jhangad Placed','1288439492'),(23,7,1,3,'Jhangad Placed','1289240724'),(24,21,1,3,'Jhangad Placed','1289240724'),(25,37,1,3,'Jhangad Placed','1289240724'),(26,18,1,3,'Jhangad Placed','1289240724'),(27,7,1,3,'Jhangad Issued','1289241308'),(28,7,1,3,'Jhangad Issued','1289241457'),(29,18,1,3,'Jhangad Issued','1289241470'),(30,21,1,3,'Jhangad Issued','1289241481'),(31,37,1,3,'Jhangad Issued','1289241490'),(32,7,1,3,'Jhangad Issued','1289241625'),(33,18,1,3,'Jhangad Issued','1289241672'),(34,21,1,3,'Jhangad Issued','1289241888'),(35,37,1,3,'Jhangad Issued','1289242038'),(36,7,1,3,'Jhangad Issued','1289242186'),(37,7,1,1,'Jhangad Issued','1289242382'),(38,18,1,3,'Jhangad Issued','1289242681'),(39,21,1,3,'Jhangad Issued','1289242710'),(40,37,1,3,'Jhangad Issued','1289242718'),(41,37,1,3,'Jhangad Issued','1289243492'),(42,37,1,3,'Jhangad Issued','1289243726'),(43,37,1,3,'Jhangad Issued','1289244176'),(44,37,1,3,'Jhangad Issued','1289244535'),(45,37,1,3,'Jhangad Issued','1289245058'),(46,37,1,3,'Jhangad Issued','1289245205'),(47,37,1,3,'Jhangad Issued','1289245256'),(48,37,1,3,'Jhangad Issued','1289245534'),(49,37,1,3,'Jhangad Issued','1289245618'),(50,7,1,3,'Jhangad Returned Full','1289277709'),(51,7,1,3,'Jhangad Returned Full','1289278475'),(52,18,1,3,'Jhangad Returned Full','1289278505'),(53,21,1,3,'Jhangad Returned Full','1289278519'),(54,37,1,3,'Jhangad Returned Full','1289278525'),(55,7,1,3,'Jhangad Returned Full','1289283514'),(56,18,1,3,'Jhangad Returned Full','1289283662'),(57,21,1,3,'Jhangad Returned Full','1289283666'),(58,37,1,3,'Jhangad Returned Full','1289283671'),(59,365,2,3,'Order Placed','1289286917'),(60,76,1,1,'Jhangad Issued','1289295288'),(61,77,1,1,'Jhangad Issued','1289295288'),(62,78,1,1,'Jhangad Issued','1289295288'),(63,79,1,1,'Jhangad Issued','1289295288'),(64,127,1,1,'Jhangad Issued','1289295288'),(65,128,1,1,'Jhangad Issued','1289295288'),(66,129,1,1,'Jhangad Issued','1289295288'),(67,76,1,1,'Jhangad Issued Partial','1289297427'),(68,77,1,1,'Jhangad Issued Partial','1289297427'),(69,78,1,1,'Jhangad Issued Partial','1289297427'),(70,79,1,1,'Jhangad Issued Partial','1289297427'),(71,127,1,1,'Jhangad Issued Partial','1289297427'),(72,128,1,1,'Jhangad Issued Partial','1289297427'),(73,129,1,1,'Jhangad Issued Partial','1289297427'),(74,394,2,3,'Order Placed','1289298209'),(75,107,1,1,'Jhangad Issued Partial','1289300014'),(76,106,1,1,'Jhangad Issued Partial','1289300014'),(77,104,1,1,'Jhangad Issued Partial','1289300014'),(78,105,1,1,'Jhangad Issued Partial','1289300014'),(79,108,1,1,'Jhangad Issued Partial','1289300014'),(80,107,1,1,'Jhangad Issued Partial','1289300451'),(81,106,1,1,'Jhangad Issued Partial','1289300451'),(82,104,1,1,'Jhangad Issued Partial','1289300451'),(83,105,1,1,'Jhangad Issued Partial','1289300451'),(84,108,1,1,'Jhangad Issued Partial','1289300451'),(85,394,2,3,'Order Placed','1289300473'),(86,107,1,1,'Jhangad Issued','1289300542'),(87,106,1,1,'Jhangad Issued','1289300542'),(88,104,1,1,'Jhangad Issued','1289300542'),(89,105,1,1,'Jhangad Issued','1289300542'),(90,108,1,1,'Jhangad Issued','1289300542'),(91,107,1,1,'Jhangad Issued','1289300554'),(92,106,1,1,'Jhangad Issued','1289300554'),(93,104,1,1,'Jhangad Issued','1289300554'),(94,105,1,1,'Jhangad Issued','1289300554'),(95,108,1,1,'Jhangad Issued','1289300554'),(96,76,1,1,'Jhangad Issued Partial','1289300817'),(97,77,1,1,'Jhangad Issued Partial','1289300817'),(98,78,1,1,'Jhangad Issued Partial','1289300817'),(99,79,1,1,'Jhangad Issued Partial','1289300817'),(100,127,1,1,'Jhangad Issued Partial','1289300817'),(101,128,1,1,'Jhangad Issued Partial','1289300817'),(102,129,1,1,'Jhangad Issued Partial','1289300817'),(103,394,2,3,'Order Placed','1289300975'),(104,76,1,1,'Jhangad Issued Partial','1289301584'),(105,77,1,1,'Jhangad Issued Partial','1289301584'),(106,78,1,1,'Jhangad Issued Partial','1289301584'),(107,79,1,1,'Jhangad Issued Partial','1289301584'),(108,127,1,1,'Jhangad Issued Partial','1289301584'),(109,128,1,1,'Jhangad Issued Partial','1289301584'),(110,129,1,1,'Jhangad Issued Partial','1289301584'),(111,76,1,1,'Jhangad Issued Partial','1289301585'),(112,77,1,1,'Jhangad Issued Partial','1289301585'),(113,78,1,1,'Jhangad Issued Partial','1289301585'),(114,79,1,1,'Jhangad Issued Partial','1289301585'),(115,127,1,1,'Jhangad Issued Partial','1289301585'),(116,128,1,1,'Jhangad Issued Partial','1289301585'),(117,129,1,1,'Jhangad Issued Partial','1289301585'),(118,76,1,1,'Jhangad Issued Partial','1289301599'),(119,77,1,1,'Jhangad Issued Partial','1289301599'),(120,78,1,1,'Jhangad Issued Partial','1289301599'),(121,79,1,1,'Jhangad Issued Partial','1289301599'),(122,127,1,1,'Jhangad Issued Partial','1289301599'),(123,128,1,1,'Jhangad Issued Partial','1289301599'),(124,129,1,1,'Jhangad Issued Partial','1289301599'),(125,392,2,10,'Order Placed','1289304933'),(126,383,2,10,'Order Placed','1289304933'),(127,344,2,10,'Order Placed','1289304933'),(128,334,2,10,'Order Placed','1289304933'),(129,18,1,2,'Order Placed','1289305118'),(130,134,1,1,'Jhangad Issued Partial','1289305248'),(131,134,1,1,'Jhangad Issued Partial','1289305395'),(132,134,1,1,'Jhangad Issued','1289305457'),(133,397,2,10,'Order Placed','1289307737'),(134,382,2,10,'Order Placed','1289307737'),(135,390,2,10,'Order Placed','1289308877'),(136,386,2,10,'Order Placed','1289309138'),(137,379,2,10,'Order Placed','1289310249'),(138,387,2,10,'Order Placed','1289310301'),(139,380,2,10,'Order Placed','1289310446'),(140,354,2,10,'Order Placed','1289310495'),(141,381,2,9,'Order Placed','1289315074'),(142,388,2,9,'Order Placed','1289315074'),(143,101,2,9,'Order Placed','1289315074'),(144,101,1,9,'Order Issued','1289315771'),(145,101,1,9,'Order Issued','1289315996'),(146,101,1,9,'Order Issued','1289316196'),(147,381,1,9,'Order Issued','1289316288'),(148,388,1,9,'Order Issued','1289316334'),(149,101,1,9,'Order Issued','1289316454'),(150,381,1,9,'Order Issued','1289316469'),(151,388,1,9,'Order Issued','1289316483'),(152,388,1,9,'Order Issued','1289316648'),(153,76,1,1,'Jhangad Issued Partial','1289323602'),(154,77,1,1,'Jhangad Issued Partial','1289323602'),(155,78,1,1,'Jhangad Issued Partial','1289323602'),(156,79,1,1,'Jhangad Issued Partial','1289323602'),(157,127,1,1,'Jhangad Issued Partial','1289323602'),(158,128,1,1,'Jhangad Issued Partial','1289323602'),(159,129,1,1,'Jhangad Issued Partial','1289323602'),(160,76,1,1,'Jhangad Issued Partial','1289323630'),(161,77,1,1,'Jhangad Issued Partial','1289323630'),(162,78,1,1,'Jhangad Issued Partial','1289323630'),(163,79,1,1,'Jhangad Issued Partial','1289323630'),(164,127,1,1,'Jhangad Issued Partial','1289323630'),(165,128,1,1,'Jhangad Issued Partial','1289323630'),(166,129,1,1,'Jhangad Issued Partial','1289323630'),(167,395,2,10,'Order Placed','1289410857'),(168,112,1,1,'Jhangad Issued Partial','1289412343'),(169,112,1,1,'Jhangad Issued Partial','1289412400'),(170,112,1,1,'Jhangad Issued Partial','1289412460'),(171,4,4,1,'In Stock','1289512683'),(172,7,1,2,'Order Placed','1289540798'),(173,121,1,2,'Order Placed','1289540798'),(174,122,1,1,'Order Placed','1289540848'),(175,42,1,1,'Order Placed','1289540848'),(176,31,1,2,'Jhangad Placed','1289543362'),(177,11,1,2,'Jhangad Placed','1289543634'),(178,4,4,1,'In Stock','1289544558'),(179,11,1,2,'Jhangad Issued','1289546907'),(180,4,4,1,'In Stock','1289549089'),(181,4,4,1,'In Stock','1289549188'),(182,4,4,1,'In Stock','1289549256'),(183,4,4,1,'In Stock','1289549328'),(184,4,4,1,'In Stock','1289549397'),(185,4,4,1,'In Stock','1289550003'),(186,4,4,1,'In Stock','1289550077'),(187,4,4,1,'In Stock','1289550104'),(188,4,4,1,'In Stock','1289550117'),(189,4,4,1,'In Stock','1289553159'),(190,4,4,1,'In Stock','1289553214'),(191,4,4,1,'In Stock','1289553475'),(192,4,4,1,'In Stock','1289553542'),(193,4,4,1,'In Stock','1289553596'),(194,4,4,1,'In Stock','1289553605'),(195,4,4,1,'In Stock','1289553650'),(196,4,4,1,'In Stock','1289555784'),(197,58,1,2,'Order Placed','1289555826'),(198,131,1,2,'Order Placed','1289555826'),(199,1,4,1,'In Stock','1289555832'),(200,1,4,1,'In Stock','1289555968'),(201,1,4,1,'In Stock','1289555991'),(202,1,4,1,'In Stock','1289556003'),(203,7,1,2,'Order Placed','1289556277'),(204,1,4,1,'In Stock','1289556427'),(205,1,4,1,'In Stock','1289556662'),(206,1,4,1,'In Stock','1289556834'),(207,4,4,1,'In Stock','1289556853'),(208,34,1,2,'Order Placed','1289556913'),(209,67,1,2,'Order Placed','1289556913'),(210,1,4,1,'In Stock','1289557132'),(211,1,4,1,'In Stock','1289557243'),(212,4,4,1,'In Stock','1289557266'),(213,4,4,1,'In Stock','1289557329'),(214,1,4,1,'In Stock','1289558869'),(215,1,4,1,'In Stock','1289558880'),(216,1,4,1,'In Stock','1289558887'),(217,1,4,1,'In Stock','1289558943'),(218,1,4,1,'In Stock','1289558953'),(219,1,4,1,'In Stock','1289559011'),(220,1,4,1,'In Stock','1289559063'),(221,1,4,1,'In Stock','1289559106'),(222,1,4,1,'In Stock','1289559171'),(223,375,2,2,'Order Placed','1289559636'),(224,373,2,2,'Order Placed','1289559636'),(225,1,4,1,'In Stock','1289560247'),(226,4,4,1,'In Stock','1289560262'),(227,1,4,1,'In Stock','1289560369'),(228,1,4,1,'In Stock','1289560387'),(229,4,4,1,'In Stock','1289560439'),(230,1,4,1,'In Stock','1289560453'),(231,4,4,1,'In Stock','1289560465'),(232,4,4,1,'In Stock','1289560648'),(233,4,4,1,'In Stock','1289560757'),(234,4,4,1,'In Stock','1289560811'),(235,4,4,1,'In Stock','1289560824'),(236,4,4,1,'In Stock','1289560936'),(237,4,4,1,'In Stock','1289560944'),(238,1,4,1,'In Stock','1289561194'),(239,1,4,1,'In Stock','1289561517'),(240,1,4,1,'In Stock','1289561537'),(241,4,4,1,'In Stock','1289561712'),(242,1,4,1,'In Stock','1289561747'),(243,373,2,2,'Order Placed','1289561798'),(244,1,4,1,'In Stock','1289562626'),(245,1,4,1,'In Stock','1289562657'),(246,1,4,1,'In Stock','1289562691'),(247,1,4,1,'In Stock','1289562786'),(248,1,4,1,'In Stock','1289562805'),(249,373,4,1,'In Stock','1289562937'),(250,384,4,1,'In Stock','1289562937'),(251,373,4,1,'In Stock','1289562989'),(252,384,4,1,'In Stock','1289562989'),(253,373,4,1,'In Stock','1289563953'),(254,384,4,1,'In Stock','1289563953'),(255,4,4,1,'In Stock','1289564388'),(256,373,4,1,'In Stock','1289564399'),(257,384,4,1,'In Stock','1289564399'),(258,373,4,1,'In Stock','1289564475'),(259,384,4,1,'In Stock','1289564475'),(260,1,4,1,'In Stock','1289565088'),(261,373,4,1,'In Stock','1289565111'),(262,384,4,1,'In Stock','1289565111'),(263,373,4,1,'In Stock','1289565112'),(264,384,4,1,'In Stock','1289565112'),(265,12,1,3,'Order Placed','1289583201'),(266,49,1,3,'Order Placed','1289583201'),(267,89,1,3,'Order Placed','1289583201'),(268,99,1,3,'Order Placed','1289583201'),(269,38,1,9,'Jhangad Placed','1289583592'),(270,47,1,9,'Jhangad Placed','1289583592'),(271,80,1,9,'Jhangad Placed','1289583592'),(272,45,1,9,'Jhangad Placed','1289583906'),(273,38,1,9,'In Stock','1289584020'),(274,47,1,9,'In Stock','1289584020'),(275,45,1,9,'In Stock','1289584020'),(276,25,1,1,'Jhangad Placed','1289585350'),(277,398,2,2,'Order Placed','1289634614'),(278,398,2,2,'Order Issued','1289635338'),(279,116,1,1,'Jhangad Issued Partial','1289635713'),(280,399,1,2,'Jhangad Placed','1289639534'),(281,62,1,2,'Jhangad Placed','1289639534'),(282,399,4,1,'In Stock','1289639716'),(283,399,4,1,'In Stock','1289639901'),(284,2,4,1,'In Stock','1289643718'),(285,31,1,2,'Jhangad Issued','1289650420'),(286,34,1,2,'Jhangad Issued','1289651330'),(287,67,1,2,'Jhangad Issued','1289651342'),(288,58,1,2,'Jhangad Issued','1289652843'),(289,131,1,2,'Jhangad Issued','1289652901'),(290,12,1,3,'Jhangad Issued','1289655008'),(291,49,1,3,'Jhangad Issued','1289655449'),(292,89,1,3,'Jhangad Issued','1289655690'),(293,99,1,3,'Jhangad Issued','1289656506'),(294,99,1,3,'Jhangad Issued','1289656757'),(295,99,1,3,'Jhangad Issued','1289657135'),(296,99,1,3,'Jhangad Issued','1289657220'),(297,12,1,3,'Jhangad Issued','1289657375'),(298,49,1,3,'Jhangad Issued','1289657449'),(299,89,1,3,'Jhangad Issued','1289657658'),(300,99,1,3,'Jhangad Issued','1289657794'),(301,12,1,3,'Jhangad Issued','1289658022'),(302,49,1,3,'Jhangad Issued','1289658132'),(303,89,1,3,'Jhangad Issued','1289658313'),(304,89,1,3,'Jhangad Issued','1289658536'),(305,49,1,3,'Jhangad Issued','1289658795'),(306,12,1,3,'Jhangad Issued','1289658944'),(307,99,1,3,'Jhangad Issued','1289659274'),(308,99,1,3,'Jhangad Issued','1289659446'),(309,142,1,1,'Jhangad Issued Partial','1289660512'),(310,143,1,1,'Jhangad Issued Partial','1289660512'),(311,142,1,1,'Jhangad Issued','1289661345'),(312,143,1,1,'Jhangad Issued','1289661345'),(313,25,1,1,'Jhangad Issued','1289904470'),(314,38,1,9,'Jhangad Issued','1289907243'),(315,62,1,2,'Jhangad Issued','1289907299'),(316,47,1,9,'Jhangad Issued','1289907315'),(317,45,1,9,'Jhangad Issued','1289907328'),(318,11,1,9,'Jhangad Returned Full','1289909999'),(319,12,1,9,'Jhangad Returned Full','1289910053'),(320,11,1,9,'Jhangad Returned Full','1289910226'),(321,12,1,9,'Jhangad Returned Full','1289910244'),(322,16,1,9,'Jhangad Returned Full','1289910344'),(323,16,1,9,'Jhangad Returned Full','1289910409'),(324,12,1,9,'Jhangad Returned Full','1289910439'),(325,11,1,9,'Jhangad Returned Full','1289910451'),(326,7,1,9,'Jhangad Returned Full','1289910637'),(327,14,1,9,'Jhangad Returned Full','1289910710'),(328,7,1,9,'Jhangad Returned Full','1289911793'),(329,384,2,10,'Order Placed','1289913781'),(330,372,2,10,'Order Placed','1289913781'),(331,252,2,10,'Order Placed','1289913781'),(332,375,2,10,'Order Placed','1289914191'),(333,380,2,10,'Order Placed','1289914191'),(334,372,2,10,'Order Issued','1289916938'),(335,375,2,10,'Order Issued','1289916967'),(336,380,2,10,'Order Issued','1289916983'),(337,380,2,10,'Order Issued','1289917150'),(338,375,2,10,'Order Issued','1289917165'),(339,372,2,10,'Order Issued','1289917180'),(340,372,2,10,'Order Issued','1289917269'),(341,372,2,10,'Order Issued','1289917444'),(342,404,1,11,'Jhangad Placed','1290074019'),(343,410,1,11,'Jhangad Placed','1290074019'),(344,404,1,11,'Jhangad Issued','1290074839'),(345,410,1,11,'Jhangad Issued','1290074880'),(346,158,1,1,'Jhangad Issued','1290075035'),(347,159,1,1,'Jhangad Issued','1290075035'),(348,404,1,11,'Jhangad Returned Full','1290075655'),(349,410,1,11,'Jhangad Returned Full','1290075684'),(350,794,2,10,'Order Placed','1290078854'),(351,797,2,10,'Order Placed','1290078854'),(352,794,2,10,'Order Placed','1290079218'),(353,797,2,10,'Order Placed','1290079296'),(354,794,2,10,'Order Placed','1290079424'),(355,797,2,10,'Order Placed','1290079973'),(356,797,2,10,'Order Placed','1290108420'),(357,797,2,10,'Order Placed','1290110014'),(358,797,2,10,'Order Placed','1290110386'),(359,797,2,10,'Order Placed','1290110970'),(360,795,2,10,'Order Placed','1290111000'),(361,795,2,10,'Order Placed','1290111338'),(362,795,2,10,'Order Placed','1290112023'),(363,797,2,10,'Order Placed','1290114373'),(364,794,2,2,'Order Placed','1290114419'),(365,796,2,9,'Order Placed','1290114796'),(366,796,2,2,'Order Placed','1290151969'),(367,796,2,2,'Order Placed','1290152028'),(368,796,2,2,'Order Placed','1290155651'),(369,796,2,2,'Order Placed','1290155721'),(370,796,2,2,'Order Placed','1290155844'),(371,796,2,2,'Order Placed','1290156196'),(372,796,2,2,'Order Placed','1290156364'),(373,796,2,2,'Order Placed','1290156914'),(374,799,2,2,'Order Placed','1290156935'),(375,798,2,2,'Order Placed','1290157695'),(376,798,2,2,'Order Placed','1290157750'),(377,798,2,2,'Order Placed','1290157753'),(378,798,2,2,'Order Placed','1290157800'),(379,799,2,2,'Order Placed','1290157907'),(380,799,2,2,'Order Placed','1290158360'),(381,798,2,2,'Order Placed','1290158564'),(382,798,2,2,'Order Placed','1290158810'),(383,798,2,2,'Order Placed','1290158969'),(384,796,2,2,'Order Placed','1290159111'),(385,799,2,2,'Order Placed','1290159150'),(386,798,2,2,'Order Placed','1290159205'),(387,389,2,2,'Order Placed','1290159240'),(388,3,1,2,'In Stock','1290234456'),(389,12,1,2,'In Stock','1290234456'),(390,7,1,1,'In Stock','1290234471'),(391,21,1,1,'In Stock','1290234471'),(392,2,2,10,'Order Placed','1290246366'),(393,3,2,10,'Order Placed','1290247462'),(394,375,2,13,'Order Placed','1290254791'),(395,369,2,13,'Order Placed','1290254791'),(396,375,2,13,'Order Placed','1290254791'),(397,392,2,12,'Order Placed','1290422231'),(398,374,2,12,'Order Placed','1290422231'),(399,369,2,12,'Order Placed','1290422349'),(400,369,2,12,'Order Placed','1290422371'),(401,374,2,12,'Order Placed','1290422447'),(402,392,2,12,'Order Placed','1290422475'),(403,364,2,12,'Order Placed','1290422501'),(404,369,2,12,'Order Placed','1290422556'),(405,374,2,12,'Order Placed','1290423031'),(406,373,2,12,'Order Placed','1290423285'),(407,384,2,12,'Order Placed','1290423347'),(408,374,2,12,'Order Placed','1290423377'),(409,373,2,12,'Order Placed','1290423839'),(410,369,2,12,'Order Placed','1290423839'),(411,392,2,12,'Order Placed','1290423980'),(412,369,2,12,'Order Placed','1290423980'),(413,374,2,12,'Order Placed','1290423980'),(414,395,2,12,'Order Placed','1290424126'),(415,392,2,12,'Order Placed','1290424126'),(416,384,2,12,'Order Placed','1290424126'),(417,364,2,12,'Order Placed','1290424126'),(418,803,2,12,'Order Placed','1290424248'),(419,374,2,12,'Order Placed','1290424248'),(420,392,2,12,'Order Placed','1290424287'),(421,373,2,12,'Order Placed','1290424320'),(422,373,2,12,'Order Placed','1290424320'),(423,369,2,12,'Order Placed','1290424360'),(424,794,2,12,'Order Placed','1290424722'),(425,369,2,12,'Order Placed','1290424746'),(426,364,2,12,'Order Placed','1290424853'),(427,373,2,12,'Order Placed','1290424920'),(428,794,2,12,'Order Placed','1290424952'),(429,794,2,12,'Order Placed','1290425105'),(430,373,2,12,'Order Placed','1290425133'),(431,392,2,12,'Order Placed','1290425244'),(432,374,2,12,'Order Placed','1290425291'),(433,392,2,12,'Order Placed','1290425333'),(434,794,2,12,'Order Placed','1290425333'),(435,369,2,12,'Order Placed','1290426263'),(436,384,2,12,'Order Placed','1290427210'),(437,364,2,12,'Order Placed','1290427245'),(438,794,2,12,'Order Placed','1290427543'),(439,794,2,12,'Order Placed','1290427936'),(440,794,2,12,'Order Placed','1290428043'),(441,369,2,12,'Order Placed','1290428110'),(442,794,2,12,'Order Placed','1290428480'),(443,794,2,12,'Order Placed','1290429021'),(444,794,2,12,'Order Placed','1290448077'),(445,386,2,12,'Order Placed','1290448077'),(446,392,2,10,'Order Placed','1290486097'),(447,392,2,10,'Order Placed','1290486097'),(448,384,2,10,'Order Placed','1290488678'),(449,374,2,10,'Order Placed','1290488678'),(450,384,2,10,'Order Placed','1290488678'),(451,392,2,10,'Order Placed','1290489224'),(452,369,2,10,'Order Placed','1290489380'),(453,392,2,10,'Order Placed','1290489636'),(454,374,2,10,'Order Placed','1290493804'),(455,395,2,11,'Order Placed','1290494486'),(456,384,2,11,'Order Placed','1290494486'),(457,386,2,11,'Order Placed','1290495100'),(458,12,1,2,'Jhangad Placed','1290537037'),(459,12,1,2,'Jhangad Placed','1290537048'),(460,14,1,2,'Jhangad Placed','1290537137'),(461,17,1,2,'Jhangad Placed','1290537137'),(462,375,2,13,'Order Issued','1291031998'),(463,310,1,1,'Jhangad Issued','1291032339'),(464,375,1,1,'Jhangad Issued','1291033992'),(465,375,1,1,'Jhangad Issued','1291034570'),(466,375,1,1,'Jhangad Issued','1291035000'),(467,375,1,1,'Jhangad Issued','1291035184'),(468,375,1,1,'Jhangad Issued','1291036011'),(469,375,1,1,'Order Couriered Full','1291037086'),(470,375,2,1,'Order Couriered Full','1291037631'),(471,1,2,10,'Order Placed','1291169752'),(472,861,2,9,'Order Placed','1291784259'),(473,859,2,9,'Order Placed','1291784259'),(474,860,2,9,'Order Placed','1291784578'),(475,862,2,9,'Order Placed','1291784763'),(476,862,2,9,'Order Placed','1291784823'),(477,862,2,9,'Order Placed','1291784874'),(478,862,2,9,'Order Placed','1291784914'),(479,862,2,9,'Order Placed','1291784929'),(480,846,2,9,'Order Placed','1291785088'),(481,847,2,9,'Order Placed','1291785088'),(482,7,1,1,'Jhangad Placed','1291788828'),(483,12,1,1,'Jhangad Placed','1291788828'),(484,166,1,1,'Jhangad Issued Partial','1291788882'),(485,167,1,1,'Jhangad Issued Partial','1291788882'),(486,166,1,1,'Jhangad Issued Partial','1291788884'),(487,167,1,1,'Jhangad Issued Partial','1291788884'),(488,166,1,1,'Jhangad Issued Partial','1291788885'),(489,167,1,1,'Jhangad Issued Partial','1291788885'),(490,166,1,1,'Jhangad Issued Partial','1291788886'),(491,167,1,1,'Jhangad Issued Partial','1291788886'),(492,166,1,1,'Jhangad Issued Partial','1291788891'),(493,167,1,1,'Jhangad Issued Partial','1291788891'),(494,166,1,1,'Jhangad Issued Partial','1291788892'),(495,167,1,1,'Jhangad Issued Partial','1291788892'),(496,166,1,1,'Jhangad Issued Partial','1291788894'),(497,167,1,1,'Jhangad Issued Partial','1291788894'),(498,166,1,1,'Jhangad Issued Partial','1291788895'),(499,167,1,1,'Jhangad Issued Partial','1291788895'),(500,166,1,1,'Jhangad Issued','1291788912'),(501,167,1,1,'Jhangad Issued','1291788912'),(502,166,1,1,'Jhangad Issued Partial','1291789041'),(503,167,1,1,'Jhangad Issued Partial','1291789041'),(504,166,1,1,'Jhangad Issued Partial','1291789173'),(505,167,1,1,'Jhangad Issued Partial','1291789173'),(506,166,1,1,'Jhangad Issued Partial','1291789190'),(507,167,1,1,'Jhangad Issued Partial','1291789190'),(508,18,1,1,'Jhangad Placed','1291789810'),(509,18,1,1,'Jhangad Placed','1291790032'),(510,166,1,1,'Jhangad Issued Partial','1291805680'),(511,167,1,1,'Jhangad Issued Partial','1291805680'),(512,168,1,1,'Jhangad Issued Partial','1291805680'),(513,169,1,1,'Jhangad Issued Partial','1291805680'),(514,166,1,1,'Jhangad Issued Partial','1291805682'),(515,167,1,1,'Jhangad Issued Partial','1291805682'),(516,168,1,1,'Jhangad Issued Partial','1291805682'),(517,169,1,1,'Jhangad Issued Partial','1291805682'),(518,166,1,1,'Jhangad Issued Partial','1291805688'),(519,167,1,1,'Jhangad Issued Partial','1291805688'),(520,168,1,1,'Jhangad Issued Partial','1291805688'),(521,169,1,1,'Jhangad Issued Partial','1291805688'),(522,166,1,1,'Jhangad Issued Partial','1291805689'),(523,167,1,1,'Jhangad Issued Partial','1291805689'),(524,168,1,1,'Jhangad Issued Partial','1291805689'),(525,169,1,1,'Jhangad Issued Partial','1291805689'),(526,166,1,1,'Jhangad Issued Partial','1291805690'),(527,167,1,1,'Jhangad Issued Partial','1291805690'),(528,168,1,1,'Jhangad Issued Partial','1291805690'),(529,169,1,1,'Jhangad Issued Partial','1291805690'),(530,166,1,1,'Jhangad Issued Partial','1291805737'),(531,166,1,1,'Jhangad Issued Partial','1291805738'),(532,166,1,1,'Jhangad Issued Partial','1291805739'),(533,166,1,1,'Jhangad Issued Partial','1291805739'),(534,166,1,1,'Jhangad Issued Partial','1291805741'),(535,18,1,1,'Jhangad Placed','1291812671'),(536,21,1,1,'Jhangad Placed','1291812671'),(537,18,1,1,'Jhangad Placed','1291812671'),(538,1,4,1,'In Stock','1291813351'),(539,1,4,1,'In Stock','1291813388'),(540,1,4,1,'In Stock','1291813481'),(541,13,2,10,'Order Placed','1291898826'),(542,22,2,10,'Order Placed','1291902181'),(543,10,2,87,'Order Placed','1291983626'),(544,1,2,27,'Order Placed','1292044596'),(545,2,2,27,'Order Placed','1292045678'),(546,3,2,27,'Order Placed','1292045678'),(547,14,2,27,'Order Placed','1292048166'),(548,20,2,27,'Order Placed','1292048166'),(549,4,2,27,'Order Placed','1292049171'),(550,23,2,27,'Order Placed','1292049171'),(551,18,2,27,'Order Placed','1292049538'),(552,9,2,27,'Order Placed','1292049538'),(553,15,2,27,'Order Placed','1292049867'),(554,13,2,27,'Order Placed','1292049867'),(555,21,2,27,'Order Placed','1292050040'),(556,10,2,27,'Order Placed','1292050040'),(557,6,2,27,'Order Placed','1292050390'),(558,5,2,27,'Order Placed','1292050568'),(559,7,2,10,'Order Placed','1292125964'),(560,8,2,10,'Order Placed','1292675716'),(561,11,2,10,'Order Placed','1292827867'),(562,11,2,10,'Order Placed','1292827925'),(563,11,2,10,'Order Placed','1292828068'),(564,11,2,10,'Order Placed','1292828103'),(565,12,2,10,'Order Placed','1292830562'),(566,16,2,10,'Order Placed','1292830930'),(567,17,2,10,'Order Placed','1292831872'),(568,25,2,10,'Order Placed','1292837905'),(569,25,2,10,'Order Placed','1292838030'),(570,25,2,10,'Order Placed','1292838252'),(571,25,2,10,'Order Placed','1292838344'),(572,25,2,10,'Order Placed','1292838409'),(573,25,2,10,'Order Placed','1292838427'),(574,25,2,10,'Order Placed','1292838674'),(575,25,2,10,'Order Placed','1292838729'),(576,25,2,10,'Order Placed','1292839018'),(577,25,2,10,'Order Placed','1292839082'),(578,25,2,10,'Order Placed','1292839154'),(579,25,2,10,'Order Placed','1292839281'),(580,25,2,10,'Order Placed','1292839405'),(581,25,2,10,'Order Placed','1292839649'),(582,25,2,10,'Order Placed','1292839703'),(583,25,2,10,'Order Placed','1292839811'),(584,25,2,10,'Order Placed','1292841336'),(585,25,2,10,'Order Placed','1292841354'),(586,25,2,10,'Order Placed','1292841372'),(587,25,2,10,'Order Placed','1292841430'),(588,25,2,10,'Order Placed','1292841452'),(589,25,2,10,'Order Placed','1292841467'),(590,25,2,10,'Order Placed','1292841884'),(591,25,2,10,'Order Placed','1292841910'),(592,25,2,10,'Order Placed','1292841924'),(593,25,2,10,'Order Placed','1292841994'),(594,25,2,10,'Order Placed','1292842470'),(595,12,1,10,'Jhangad Placed','1292842678'),(596,19,1,9,'Jhangad Placed','1292844236'),(597,26,1,9,'Jhangad Placed','1292844236'),(598,19,1,9,'Jhangad Placed','1292844630'),(599,26,1,9,'Jhangad Placed','1292844630'),(600,19,1,9,'Jhangad Placed','1292844691'),(601,26,1,9,'Jhangad Placed','1292844691'),(602,19,1,9,'Jhangad Placed','1292844805'),(603,26,1,9,'Jhangad Placed','1292844805'),(604,19,1,9,'Jhangad Placed','1292844857'),(605,26,1,9,'Jhangad Placed','1292844857'),(606,19,1,9,'Jhangad Placed','1292845091'),(607,26,1,9,'Jhangad Placed','1292845091'),(608,19,1,9,'Jhangad Placed','1292845107'),(609,26,1,9,'Jhangad Placed','1292845107'),(610,19,1,9,'Jhangad Placed','1292845277'),(611,26,1,9,'Jhangad Placed','1292845277'),(612,19,1,9,'Jhangad Placed','1292846728'),(613,26,1,9,'Jhangad Placed','1292846728'),(614,19,1,9,'Jhangad Placed','1292846778'),(615,26,1,9,'Jhangad Placed','1292846778'),(616,19,1,9,'Jhangad Placed','1292846785'),(617,26,1,9,'Jhangad Placed','1292846785'),(618,19,1,9,'Jhangad Placed','1292846807'),(619,26,1,9,'Jhangad Placed','1292846807'),(620,19,1,9,'Jhangad Placed','1292846893'),(621,26,1,9,'Jhangad Placed','1292846893'),(622,19,1,9,'Jhangad Placed','1292846953'),(623,26,1,9,'Jhangad Placed','1292846953'),(624,19,1,9,'Jhangad Placed','1292847057'),(625,26,1,9,'Jhangad Placed','1292847057'),(626,19,1,9,'Jhangad Placed','1292847385'),(627,26,1,9,'Jhangad Placed','1292847385'),(628,19,1,9,'Jhangad Placed','1292847520'),(629,26,1,9,'Jhangad Placed','1292847520'),(630,19,1,9,'Jhangad Placed','1292847546'),(631,26,1,9,'Jhangad Placed','1292847546'),(632,19,1,9,'Jhangad Placed','1292847581'),(633,26,1,9,'Jhangad Placed','1292847581'),(634,19,1,9,'Jhangad Placed','1292847651'),(635,26,1,9,'Jhangad Placed','1292847651'),(636,19,1,9,'Jhangad Placed','1292850054'),(637,26,1,9,'Jhangad Placed','1292850054'),(638,27,2,10,'Order Placed','1292853282'),(639,29,2,10,'Order Placed','1292853430'),(640,28,2,10,'Order Placed','1292853430'),(641,30,2,10,'Order Placed','1292854158'),(642,30,2,10,'Order Placed','1292854339'),(643,31,2,10,'Order Placed','1292854921'),(644,31,2,10,'Order Placed','1292855643'),(645,22,2,10,'Order Placed','1293431611'),(646,1,2,10,'Order Placed','1293520185'),(647,4,2,10,'Order Placed','1293620438'),(648,1,2,10,'Order Placed','1293626412'),(649,1,2,10,'Order Placed','1293626491'),(650,1,2,10,'Order Placed','1293626565'),(651,1,2,10,'Order Placed','1293627261'),(652,1,2,10,'Order Placed','1293627691'),(653,1,2,10,'Order Placed','1293627749'),(654,1,2,10,'Order Placed','1293627836'),(655,1,2,10,'Order Placed','1293628036'),(656,2,2,10,'Order Placed','1293628931'),(657,3,2,10,'Order Placed','1293779677'),(658,3,2,10,'Order Placed','1293781696'),(659,5,2,10,'Order Placed','1293781762'),(660,6,2,10,'Order Placed','1293783071'),(661,10,2,10,'Order Placed','1293783143'),(662,11,2,10,'Order Placed','1293783238'),(663,11,2,10,'Order Placed','1293784165'),(664,5,2,10,'Order Placed','1293784246'),(665,5,2,10,'Order Placed','1293784319'),(666,1,2,10,'Order Placed','1293784417'),(667,5,2,10,'Order Placed','1293796544'),(668,11,2,10,'Order Placed','1293796629'),(669,11,2,10,'Order Placed','1293796762'),(670,11,2,10,'Order Placed','1293796839'),(671,13,2,10,'Order Placed','1293796958'),(672,17,2,10,'Order Placed','1293797059'),(673,20,2,10,'Order Placed','1293797144'),(674,11,2,10,'Order Placed','1293797231'),(675,1,2,10,'Order Placed','1293797317'),(676,18,2,10,'Order Placed','1293797501'),(677,1,2,10,'Order Placed','1293797649'),(678,5,2,10,'Order Placed','1293797785'),(679,1,2,10,'Order Placed','1293798203'),(680,21,2,10,'Order Placed','1293798268'),(681,7,2,10,'Order Placed','1293799261'),(682,8,2,10,'Order Placed','1293799384'),(683,9,2,10,'Order Placed','1293799605'),(684,12,2,10,'Order Placed','1293799800'),(685,14,2,10,'Order Placed','1293799973'),(686,15,2,10,'Order Placed','1293800306'),(687,16,2,10,'Order Placed','1293800471'),(688,1,2,10,'Order Placed','1293800800'),(689,22,2,10,'Order Placed','1294051168'),(690,23,2,10,'Order Placed','1294053440'),(691,1,2,10,'Order Placed','1294054010'),(692,2,2,10,'Order Placed','1294054428'),(693,6,2,10,'Order Placed','1294056274'),(694,11,2,10,'Order Placed','1294056728'),(695,5,2,10,'Order Placed','1294057947'),(696,9,2,10,'Order Placed','1294060148'),(697,15,2,10,'Order Placed','1294060850'),(698,10,2,10,'Order Placed','1294061080'),(699,10,2,10,'Order Placed','1294061203'),(700,2,2,1,'Order Placed','1294139639'),(701,18,2,1,'Order Placed','1294140862'),(702,18,2,1,'Order Issued','1294140941'),(703,18,2,1,'Order Couriered Full','1294140962'),(704,19,1,1,'Jhangad Placed','1294141154'),(705,19,1,1,'Jhangad Issued','1294141358'),(706,24,2,2,'Order Placed','1294145312'),(707,24,2,2,'Order Issued','1294146824'),(708,21,2,2,'Order Placed','1294147195'),(709,12,2,2,'Order Placed','1294147195'),(710,16,2,2,'Order Placed','1294147195'),(711,21,2,2,'Order Issued','1294147290'),(712,12,2,2,'Order Issued','1294147306'),(713,16,2,2,'Order Issued','1294147388'),(714,21,2,1,'Order Couriered Full','1294147528'),(715,12,2,1,'Order Couriered Full','1294147528'),(716,16,2,1,'Order Couriered Full','1294147528'),(717,24,2,1,'Order Couriered Partial','1294147787'),(718,25,4,1,'In Stock','1294149912'),(719,20,4,1,'In Stock','1294149912'),(720,1,1,1,'Jhangad Placed','1294171579'),(721,15,1,1,'Jhangad Placed','1294171579'),(722,20,2,2,'Order Placed','1294222959'),(723,2,2,1,'Order Placed','1294223395'),(724,5,2,4,'Order Placed','1294225065'),(725,25,1,4,'Jhangad Placed','1294270353'),(726,16,4,1,'In Stock','1294272468'),(727,16,4,1,'In Stock','1294272486'),(728,7,2,2,'Order Placed','1294272755'),(729,11,2,2,'Order Placed','1294272755'),(730,1,2,4,'Order Placed','1294294922'),(731,1,2,4,'Order Placed','1294294971'),(732,1,2,4,'Order Placed','1294295086'),(733,4,1,2,'Jhangad Issued','1294379257'),(734,279,2,4,'Order Placed','1312179003'),(735,279,2,4,'Order Placed','1312179631'),(736,280,2,2,'Order Placed','1312267685'),(737,288,2,10,'Order Placed','1312440582'),(738,286,2,10,'Order Placed','1312443913'),(739,285,2,10,'Order Placed','1313602422'),(740,300,2,10,'Order Placed','1313645790'),(741,299,2,9,'Order Placed','1313646348'),(742,214,2,4,'Order Placed','1313646905');

--
-- Table structure for table `bstock_products_history_new`
--

CREATE TABLE `bstock_products_history_new` (
  `id` int(10) NOT NULL AUTO_INCREMENT,
  `product_id` int(10) NOT NULL,
  `status` enum('In Stock','Sold','Approval Placed','Approval Issued','Approval Issued Partial','Approval Couriered Full','Approval Couriered Partial','Approval Partially Returned','Approval Returned Full','Order Placed','Order Issued','Order Issued Partial','Order Couriered Full','Order Couriered Partial','Order Partially Returned','Order Returned Full','Onhold','Out Of Stock','Sales Price Updated','Purchased','Mass Upload') NOT NULL,
  `size` decimal(10,3) NOT NULL,
  `amount` decimal(10,3) NOT NULL,
  `order_appro_id` int(8) unsigned zerofill NOT NULL COMMENT 'Order ID / Approval ID',
  `customer_id` int(10) NOT NULL,
  `old_price` decimal(10,3) NOT NULL COMMENT 'In case price being updated through Update Price module, this field will store the previous price of the stone.',
  `current_rap_price` float(10,2) NOT NULL,
  `discount` float(10,2) NOT NULL,
  `created_date` varchar(25) NOT NULL,
  `modified_date` varchar(25) NOT NULL,
  PRIMARY KEY (`id`)
) ENGINE=MyISAM DEFAULT CHARSET=latin1 COMMENT='product life cycle in table structure';

--
-- Dumping data for table `bstock_products_history_new`
--


--
-- Table structure for table `bstock_products_jwl`
--

CREATE TABLE `bstock_products_jwl` (
  `id` int(10) NOT NULL AUTO_INCREMENT,
  `po_order_id` int(11) NOT NULL,
  `so_order_id` int(11) NOT NULL,
  `product_id` int(10) NOT NULL COMMENT 'This column is will map particular product from bstock_product_master',
  `dollar_rate` decimal(10,0) NOT NULL,
  `category_id` int(11) NOT NULL COMMENT 'this id is used to get the information abt category from pl_cateogry table',
  `quantity` int(11) NOT NULL,
  `description` varchar(255) NOT NULL,
  `item_number` varchar(50) NOT NULL COMMENT 'field is related to product code which is for internal use',
  `price` varchar(50) NOT NULL,
  `metal_color` varchar(50) NOT NULL,
  `metal_weight` varchar(50) NOT NULL,
  `metal_karat` varchar(50) NOT NULL,
  `width` varchar(50) NOT NULL,
  `price_type` varchar(50) NOT NULL,
  `condition` varchar(255) NOT NULL,
  `is_active` enum('on','off') NOT NULL,
  `created_date` varchar(255) NOT NULL,
  `modified_date` varchar(255) NOT NULL,
  PRIMARY KEY (`id`)
) ENGINE=MyISAM AUTO_INCREMENT=71 DEFAULT CHARSET=latin1;

--
-- Dumping data for table `bstock_products_jwl`
--

INSERT INTO `bstock_products_jwl` VALUES (1,0,0,5,45,2,0,'14k White Gold 1cttw Journey Diamond Pendant ','46080W','100','White','.1','24','.1','Fixed','New','on','',''),(2,0,0,4,0,2,0,'14k White Gold 1/2cttw Journey Diamond Pendant ','46071W','200','Gold','.1','24','.1','FIxed','New','on','',''),(3,0,0,3,45,3,0,'Walk down your memory lane with this 1/2 carat diamond pendant that represents your journey of love! Five bezel set brilliant diamonds descend in size as they bend and curve on a white gold path towards the largest diamond. This lovely gift comes on a 14 ','46072W','300','Silver','.1','24','.1','Fixed','New','on','',''),(4,0,0,2,0,3,0,'Stud Diamond Rings','46073W','400','Gold','.1','24','.1','Fixed','New','on','',''),(5,0,0,1,0,3,0,'Single Diamond Ring','46074W','300','Gold','30','30','30','Fixed','New','on','',''),(6,0,0,6,0,3,0,'Gemstone Ring with diamonds','46075W','100','Gold','.1','.1','5','Fixed','New','on','',''),(7,0,0,7,0,3,0,'Diamond Studed Rings with Gold','46076W','200','Gold','.2','.2','10','Fixed','New','on','',''),(8,0,0,8,0,3,0,'Eternity Rings with White Gold','46077W','300','White Gold','.3','.3','15','Fixed','New','on','',''),(9,0,0,9,0,3,0,'Dedicated Rings with Silver platings','46078W','400','Silver','.4','.4','20','Fixed','New','on','',''),(10,0,0,10,0,3,0,'Wedding Ring for special occasions','46079W','500','Silver','.5','.5','25','Fixed','New','on','',''),(11,0,0,11,0,3,0,'Engagement Ring with Gold','46080W','600','Gold','.6','.6','30','Fixed','New','on','',''),(12,0,0,12,0,3,0,'Desinger Ring with Wide range of variety','46081W','700','White Gold','.7','.7','35','Fixed','New','on','',''),(13,0,0,13,0,3,0,'Touch of Gold Ring in all range','46082W','800','White Gold','.8','.8','40','Fixed','New','on','',''),(14,0,0,14,0,3,0,'Touch of Silver Ring in all range','46083W','900','Silver','.9','.9','45','Fixed','New','on','',''),(15,0,0,15,1,0,1,'','','1000','Gold','1.0','1.0','50','Fixed','New','on','','1283728343'),(16,0,0,16,0,4,0,'Solitaire Gemstone Ring with diamonds','46084W','100','Gold','.1','.1','5','Fixed','New','on','',''),(17,0,0,17,0,4,0,'Solitaire Diamond Studed Rings with Gold','46085W','200','Gold','.2','.2','10','Fixed','New','on','',''),(18,0,0,18,0,4,0,'Solitaire Eternity Rings with White Gold','46086W','300','White Gold','.3','.3','15','Fixed','New','on','',''),(19,0,0,19,0,4,0,'Solitaire Dedicated Rings with Silver platings','46087W','400','Silver','.4','.4','20','Fixed','New','on','',''),(20,0,0,20,0,4,0,'Solitaire Wedding Ring for special occasions','46088W','500','Silver','.5','.5','25','Fixed','New','on','',''),(21,0,0,21,0,4,0,'Solitaire Engagement Ring with Gold','46089W','600','Gold','.6','.6','30','Fixed','New','on','',''),(22,0,0,22,0,4,0,'Solitaire Desinger Ring with Wide range of variety','46090W','700','White Gold','.7','.7','35','Fixed','New','on','',''),(23,0,0,23,0,4,0,'Solitaire Touch of Gold Ring in all range','46091W','800','White Gold','.8','.8','40','Fixed','New','on','',''),(24,0,0,24,0,4,0,'Solitaire Touch of Silver Ring in all range','46092W','900','Silver','.9','.9','45','Fixed','New','on','',''),(25,0,0,25,0,5,0,'Sidestone Gemstone Ring with diamonds','46093W','100','Gold','.1','.1','5','Fixed','New','on','',''),(26,0,0,26,0,5,0,'Sidestone Diamond Studed Rings with Gold','46095W','200','Gold','.2','.2','10','Fixed','New','on','',''),(27,0,0,27,0,5,0,'Sidestone Eternity Rings with White Gold','46096W','300','White Gold','.3','.3','15','Fixed','New','on','',''),(28,0,0,28,0,5,0,'Sidestone Dedicated Rings with Silver platings','46097W','400','Silver','.4','.4','20','Fixed','New','on','',''),(29,0,0,29,0,5,0,'Sidestone Wedding Ring for special occasions','4609W','500','Silver','.5','.5','25','Fixed','New','on','',''),(30,0,55,55,0,5,0,'Sidestone Engagement Ring with Gold','46099','600','Gold','.6','.6','30','Fixed','New','on','',''),(31,0,0,31,0,5,0,'Sidestone Desinger Ring with Wide range of variety','4609W','700','White Gold','.7','.7','35','Fixed','New','on','',''),(32,0,0,32,0,5,0,'Sidestone Touch of Gold Ring in all range','4601W','800','White Gold','.8','.8','40','Fixed','New','on','',''),(33,0,0,33,0,5,0,'Sidestone Touch of Silver Ring in all range','4692W','900','Silver','.9','.9','45','Fixed','New','on','',''),(34,0,0,34,0,87,0,'Mone Gemstone Ring with diamonds','46093W','100','Gold','.1','.1','5','Fixed','New','on','',''),(35,0,0,35,0,87,0,'Mone Diamond Studed Rings with Gold','46095W','200','Gold','.2','.2','10','Fixed','New','on','',''),(36,0,0,36,0,87,0,'Mone Eternity Rings with White Gold','46096W','300','White Gold','.3','.3','15','Fixed','New','on','',''),(37,0,0,37,0,87,0,'Mone Dedicated Rings with Silver platings','46097W','400','Silver','.4','.4','20','Fixed','New','on','',''),(38,0,0,38,0,87,0,'Mone Wedding Ring for special occasions','4609W','500','Silver','.5','.5','25','Fixed','New','on','',''),(39,0,0,39,0,87,0,'Mone Engagement Ring with Gold','46099','600','Gold','.6','.6','30','Fixed','New','on','',''),(40,0,0,40,0,87,0,'Mone Desinger Ring with Wide range of variety','4609W','700','White Gold','.7','.7','35','Fixed','New','on','',''),(41,0,0,41,0,87,0,'Mone Touch of Gold Ring in all range','4601W','800','White Gold','.8','.8','40','Fixed','New','on','',''),(42,0,0,42,0,87,0,'Mone Touch of Silver Ring in all range','4692W','900','Silver','.9','.9','45','Fixed','New','on','',''),(43,0,0,34,0,79,0,'Tension Gemstone Ring with diamonds','46093W','100','Gold','.1','.1','5','Fixed','New','on','',''),(44,0,0,35,0,79,0,'Tension Diamond Studed Rings with Gold','46095W','200','Gold','.2','.2','10','Fixed','New','on','',''),(45,0,0,36,0,79,0,'Tension Eternity Rings with White Gold','46096W','300','White Gold','.3','.3','15','Fixed','New','on','',''),(46,0,0,37,0,79,0,'Tension Dedicated Rings with Silver platings','46097W','400','Silver','.4','.4','20','Fixed','New','on','',''),(47,0,0,38,0,79,0,'Tension Wedding Ring for special occasions','4609W','500','Silver','.5','.5','25','Fixed','New','on','',''),(48,0,0,39,0,79,0,'Tension Engagement Ring with Gold','46099','600','Gold','.6','.6','30','Fixed','New','on','',''),(49,0,0,40,0,79,0,'Tension Desinger Ring with Wide range of variety','4609W','700','White Gold','.7','.7','35','Fixed','New','on','',''),(50,0,0,41,0,79,0,'Tension Touch of Gold Ring in all range','4601W','800','White Gold','.8','.8','40','Fixed','New','on','',''),(51,0,0,42,0,79,0,'Tension Touch of Silver Ring in all range','4692W','900','Silver','.9','.9','45','Fixed','New','on','',''),(52,0,58,56,1,0,1,'','','','','','','','','','on','1283757521','1283757521'),(53,0,59,58,1,0,1,'','','','','','','','','','on','1283759338','1283759338'),(54,0,60,59,1,0,1,'','','','','','','','','','on','1283777612','1283777612'),(55,0,62,60,1,0,1,'','','','','','','','','','on','1283852927','1283852927'),(56,0,70,61,1,0,1,'','','','','','','','','','on','1283873378','1283873378'),(57,0,71,62,1,0,1,'','','','','','','','','','on','1283873848','1283873848'),(58,0,72,63,1,0,1,'','','','','','','','','','on','1283875146','1283875146'),(59,0,79,64,1,0,1,'','','','','','','','','','on','1285668597','1285668597'),(60,0,80,65,1,0,1,'','','','','','','','','','on','1285668708','1285668708'),(61,0,81,66,1,0,1,'','','','','','','','','','on','1285668868','1285668868'),(62,0,82,67,1,0,1,'','','','','','','','','','on','1285668956','1285668956'),(63,0,83,68,1,0,1,'','','','','','','','','','on','1285669106','1285669106'),(64,0,84,69,1,0,1,'','','','','','','','','','on','1285676716','1285676716'),(65,0,85,70,1,0,1,'','','','','','','','','','on','1285678016','1285678016'),(66,0,86,71,1,0,1,'','','','','','','','','','on','1285678155','1285678155'),(67,0,87,72,1,0,1,'','','','','','','','','','on','1285678201','1285678201'),(68,0,88,73,1,0,1,'','','','','','','','','','on','1285678485','1285678485'),(69,0,89,74,1,0,1,'','','','','','','','','','on','1285680273','1285680273'),(70,0,90,75,1,0,1,'','','','','','','','','','on','1285680330','1285680330');

--
-- Table structure for table `bstock_products_metal_master`
--

CREATE TABLE `bstock_products_metal_master` (
  `id` int(10) NOT NULL AUTO_INCREMENT COMMENT 'field is used as metal_id to get the detail of the metal purchased',
  `product_id` int(11) NOT NULL COMMENT 'this is used to get the name of the indivual product',
  `metal_type_id` int(11) NOT NULL,
  `price` varchar(10) NOT NULL,
  `weight` varchar(10) NOT NULL,
  `available_weight_for_sale` decimal(10,0) NOT NULL,
  `karat_id` varchar(10) NOT NULL,
  `created_date` varchar(255) NOT NULL,
  `modified_date` varchar(255) NOT NULL,
  PRIMARY KEY (`id`)
) ENGINE=MyISAM AUTO_INCREMENT=7 DEFAULT CHARSET=latin1;

--
-- Dumping data for table `bstock_products_metal_master`
--

INSERT INTO `bstock_products_metal_master` VALUES (1,1,1,'100','100',100,'1','',''),(2,2,2,'200','200',200,'2','',''),(3,3,3,'300','300',300,'1','',''),(4,4,1,'400','400',400,'2','','');

--
-- Table structure for table `bstock_products_orig`
--

CREATE TABLE `bstock_products_orig` (
  `id` int(10) NOT NULL AUTO_INCREMENT COMMENT 'This is the primary key.',
  `store_id` int(10) NOT NULL DEFAULT '1' COMMENT 'Can be used in future if multiple  stores are added.',
  `created_date` varchar(50) DEFAULT NULL COMMENT 'This will contain the timestamp when this product was created.',
  `modified_date` varchar(50) DEFAULT NULL COMMENT 'This will contain the timestamp when this product was last modified.',
  `stoneid` varchar(50) NOT NULL,
  `serial_no` int(11) NOT NULL,
  `shape` enum('ROUND','PRINCESS','PAN','MARQUISE','CHOKHI','HEART','OVAL','CUSHION','TRIANGLE','ASCHER','RADIANT') NOT NULL,
  `size` decimal(10,2) NOT NULL,
  `location` enum('All','Antwerp','Hong Kong','Mumbai','New York') NOT NULL,
  `ABC` varchar(50) NOT NULL COMMENT 'This field corresponds to Location.',
  `is_active` enum('on','off') NOT NULL,
  `flourescence` enum('ANY','NONE','FAINT','MEDIUM','STRONG','VERY STRONG','SLIGHT','VERY   SLIGHT','PC-2','PC-4','PC-5','M') NOT NULL DEFAULT 'NONE',
  `lab` enum('All Labs','GIA','IGI','HRD','AGS','EGL','IGC') NOT NULL,
  `symmetry` enum('ANY','EXCELLENT','VERY GOOD','GOOD','FAIR') NOT NULL,
  `polish` enum('ANY','EXCELLENT','VERY GOOD','GOOD','FAIR') NOT NULL,
  `cut` enum('ANY','EXCELLENT','VERY GOOD','GOOD','FAIR') NOT NULL,
  `clarity` enum('ANY','IF','VVS1','VVS2','VS1','VS2','SI1','SI2','I1','I2','I3','M-VVS','L-SI','M-SI','I-SI','L-VVS','M-VS','LB','PK','PK-1','M-VS1','J-VVS','G-SI2','F-SI2','F-SI2','K-PK','J-SI','F-VVS','H-VVS','K-VVS','G-VS','K-SI','PTS','J-VS','K-VS','E-VVS','PC-16','J-SI','I-VVS') NOT NULL,
  `color` enum('ANY','D','E','F','G','H','I','J','K','L','M','N','O','P','Q','R','S','T','  U','V','NC','NC-I','NC-M','N-O') NOT NULL,
  `certificate` varchar(255) NOT NULL,
  `weight` varchar(100) NOT NULL,
  `price` varchar(100) NOT NULL DEFAULT '0',
  `certificate_id` varchar(50) NOT NULL,
  `discount` varchar(50) NOT NULL,
  `measurement` varchar(50) NOT NULL,
  `depth_percent` varchar(50) NOT NULL,
  `table_percent` varchar(50) NOT NULL,
  `percent` varchar(25) NOT NULL COMMENT 'Discount.',
  `country` enum('India','Hong Kong','USA','Belgium') NOT NULL,
  `qty` int(10) NOT NULL DEFAULT '1',
  `orignal_qty` int(11) NOT NULL,
  `purchase_price` varchar(10) NOT NULL,
  `vendorname` enum('None','Bigg Stock','Vendor 1','Vendor 2') NOT NULL,
  `customername` varchar(255) NOT NULL,
  `sellprice` varchar(20) NOT NULL,
  `sellqty` int(5) NOT NULL,
  `totalprice` varchar(20) NOT NULL,
  `comments` varchar(500) NOT NULL,
  PRIMARY KEY (`id`)
) ENGINE=MyISAM AUTO_INCREMENT=742 DEFAULT CHARSET=latin1 COMMENT='Store the products in the system.';

--
-- Dumping data for table `bstock_products_orig`
--

INSERT INTO `bstock_products_orig` VALUES (2,1,'1267005563','1267005563','90.60/9',0,'ROUND',0.90,'Mumbai','','off','FAINT','GIA','VERY GOOD','VERY GOOD','VERY GOOD','SI1','G','','','3366','1109747116','-0.34','','64','59','','India',-7,0,'','None','Vishal Kothari','200',2,'400','Good profits.'),(3,1,'1267005563','1267005563','90.60/10A',0,'PRINCESS',1.01,'Mumbai','','off','NONE','GIA','VERY GOOD','VERY GOOD','','VS2','J','','','2470','2106747260','-0.35','','75.8','79','','India',-3,0,'','None','Harshad','100',5,'500','Loss incurred.'),(4,1,'1267005563','1267005563','90.60/11',0,'ROUND',0.81,'Mumbai','','off','NONE','GIA','VERY GOOD','EXCELLENT','VERY GOOD','SI1','D','','','3266','5106747123','-0.29','','63.6','57','','India',-5,0,'','None','Bigg Stock','250',1,'250','Should yeild profit.'),(5,1,'1267005563','1267005563','90.60/12A',0,'ROUND',0.57,'Mumbai','','off','NONE','GIA','EXCELLENT','EXCELLENT','EXCELLENT','VS1','L','','','1188','2106747124','-0.34','','59.9','60','','India',-3,0,'','None','Vishal Kothari','4000',1,'4000','Looks good.'),(6,1,'1267005563','1267005563','90.60/14',0,'',1.51,'Mumbai','','off','NONE','IGI','VERY GOOD','VERY GOOD','','VVS1','K','','','2420','S2E77301','-0.45','','70.8','70.5','','India',2,0,'','None','','',0,'',''),(7,1,'1267005563','1267005563','90.60/22A',0,'ROUND',0.52,'Mumbai','','off','STRONG','GIA','EXCELLENT','VERY GOOD','EXCELLENT','VS2','E','','','2109','5106747122','-0.43','','61.8','58','','India',-1,0,'','None','','',0,'',''),(8,1,'1267005563','1267005563','90.60/25',0,'ROUND',0.76,'Mumbai','','off','NONE','GIA','VERY GOOD','VERY GOOD','VERY GOOD','VS2','K','','','1440','2106747127','-0.4','','63.3','57','','India',1,0,'','None','','',0,'',''),(9,1,'1267005563','1267005563','90.60/32A',0,'PRINCESS',1.01,'Mumbai','','off','NONE','IGI','VERY GOOD','VERY GOOD','','VVS1','G','','','4070','S2E77300','-0.45','','73.2','79','','India',0,0,'','None','','',0,'',''),(10,1,'1267005563','1267005563','90.60/34',0,'ROUND',0.90,'Mumbai','','off','NONE','GIA','EXCELLENT','EXCELLENT','VERY GOOD','SI1','I','','','2604','5106747117','-0.38','','62.5','57','','India',0,0,'','None','','',0,'',''),(12,1,'1267005563','1267005563','90.60/8',0,'ROUND',1.14,'Mumbai','','off','NONE','IGI','EXCELLENT','EXCELLENT','EXCELLENT','IF','N','','','0','S2E77303','-0.4','','63.2','55','','India',1,0,'','None','','',0,'',''),(13,1,'1267005563','1267005563','90.60/24',0,'',1.01,'Mumbai','','off','NONE','IGI','VERY GOOD','GOOD','','VVS2','I','','','2750','S2E77302','-0.45','','72.5','68.5','','India',2,0,'','None','','',0,'',''),(14,1,'1267005563','1267005563','90.60/30',0,'',1.09,'Mumbai','','off','NONE','IGI','VERY GOOD','VERY GOOD','','VVS1','I','','','2860','S2E79388','-0.45','','67','66.5','','India',0,0,'','None','','',0,'',''),(15,1,'1267005563','1267005563','90.60/37',0,'',0.92,'Mumbai','','off','NONE','IGI','VERY GOOD','VERY GOOD','','VS1','H','','','2530','S2E79387','-0.45','','66.4','64','','India',1,0,'','None','','',0,'',''),(16,1,'1267005563','1267005563','90.60/35',0,'ROUND',0.90,'Mumbai','','off','NONE','IGI','EXCELLENT','VERY GOOD','EXCELLENT','VVS2','L','','','2108','S2E82366','-0.32','','63.4','57','','India',-1,0,'','None','','',0,'',''),(17,1,'1267005563','1267005563','90.60/40',0,'ROUND',1.07,'Mumbai','','off','NONE','IGI','EXCELLENT','VERY GOOD','VERY GOOD','VVS2','I','','','4620','S2E82365','-0.3','','63.5','56.5','','India',1,0,'','None','','',0,'',''),(18,1,'1267005563','1267005563','90.60/2',0,'ROUND',1.13,'Mumbai','','off','NONE','IGI','EXCELLENT','VERY GOOD','VERY GOOD','VVS2','K','','','3150','S2E84690','-0.37','','63.1','56','','India',1,0,'','None','','',0,'',''),(19,1,'1267005563','1267005563','90.60/28',0,'ROUND',1.00,'Mumbai','','off','NONE','IGI','VERY GOOD','VERY GOOD','VERY GOOD','VVS2','K','','','3000','S2E84691','-0.4','','63.8','55','','India',1,0,'','None','','',0,'',''),(20,1,'1267005563','1267005563','90.60/4A',0,'ROUND',0.54,'Mumbai','','off','FAINT','GIA','EXCELLENT','EXCELLENT','EXCELLENT','VVS1','L','','','1300','2106790233','-0.35','','62.2','57','','India',1,0,'','None','','',0,'',''),(21,1,'1267005563','1267005563','90.60/20',0,'ROUND',0.76,'Mumbai','','off','NONE','GIA','EXCELLENT','EXCELLENT','VERY GOOD','VVS2','H','','','3015','2106790229','-0.33','','62.3','59','','India',-2,0,'','None','','',0,'',''),(22,1,'1267005563','1267005563','90.60/26',0,'ROUND',0.91,'Mumbai','','off','NONE','GIA','EXCELLENT','VERY GOOD','VERY GOOD','VVS2','F','','','5226','2106790231','-0.33','','61.6','59','','India',-2,0,'','None','','',0,'',''),(23,1,'1267005563','1267005563','90.60/36',0,'ROUND',0.82,'Mumbai','','off','NONE','GIA','VERY GOOD','EXCELLENT','EXCELLENT','VS2','J','','','2044','5106790226','-0.27','','61.9','59','','India',-2,0,'','None','','',0,'',''),(24,1,'1267005563','1267005563','90.60/41',0,'ROUND',0.81,'Mumbai','','off','NONE','GIA','VERY GOOD','VERY GOOD','VERY GOOD','VVS2','G','','','3774','5106790227','-0.26','','63.2','58','','India',1,0,'','None','','',0,'',''),(25,1,'1267005563','1267005563','90.60/1',0,'ROUND',1.23,'Mumbai','','off','NONE','GIA','EXCELLENT','EXCELLENT','EXCELLENT','VS2','J','','','3600','1109789950','-0.25','','62.3','57','','India',-1,0,'','None','','',0,'',''),(26,1,'1267005563','1267005563','90.60/42',0,'ROUND',0.70,'Mumbai','','off','NONE','GIA','VERY GOOD','EXCELLENT','VERY GOOD','VVS1','G','','','3575','5106790225','-0.35','','63.2','56','','India',1,0,'','None','','',0,'',''),(27,1,'1267005563','1267005563','90.60/16B',0,'ROUND',0.60,'Mumbai','','off','NONE','GIA','EXCELLENT','EXCELLENT','VERY GOOD','VS1','G','','','2664','2106790232','-0.28','','62.6','59','','India',1,0,'','None','','',0,'',''),(28,1,'1267005563','1267005563','90.60/12B',0,'ROUND',0.56,'Mumbai','','off','NONE','GIA','EXCELLENT','EXCELLENT','EXCELLENT','IF','L','','','1365','2106790230','-0.35','','61.3','61','','India',1,0,'','None','','',0,'',''),(29,1,'1267005563','1267005563','90.60/17',0,'ROUND',1.09,'Mumbai','','off','NONE','GIA','EXCELLENT','EXCELLENT','VERY GOOD','VVS1','G','','','7275','2106789951','-0.25','','62.8','58','','India',1,0,'','None','','',0,'',''),(30,1,'1267005563','1267005563','90.60/5',0,'ROUND',0.70,'Mumbai','','off','NONE','GIA','EXCELLENT','EXCELLENT','VERY GOOD','VS1','E','','','3696','5106784511','-0.34','','62.8','58','','India',1,0,'','None','','',0,'',''),(31,1,'1267005563','1267005563','90.60/21',0,'ROUND',0.51,'Mumbai','','off','NONE','GIA','EXCELLENT','EXCELLENT','EXCELLENT','VS2','E','','','2479','5106784507','-0.33','','60.8','59','','India',1,0,'','None','','',0,'',''),(32,1,'1267005563','1267005563','90.60/21B',0,'ROUND',0.52,'Mumbai','','off','NONE','GIA','EXCELLENT','EXCELLENT','VERY GOOD','VVS2','E','','','3111','5106781899','-0.39','','59.6','60','','India',1,0,'','None','','',0,'',''),(33,1,'1267005563','1267005563','90.60/27',0,'ROUND',0.80,'Mumbai','','off','NONE','GIA','EXCELLENT','VERY GOOD','EXCELLENT','VVS1','H','','','4000','5106784001','-0.2','','63.5','57','','India',1,0,'','None','','',0,'',''),(34,1,'1267005563','1267005563','90.60/15',0,'ROUND',1.08,'Mumbai','','off','NONE','IGI','EXCELLENT','VERY GOOD','EXCELLENT','VVS2','K','','','3150','S2E87266','-0.37','','62.1','59','','India',1,0,'','None','','',0,'',''),(35,1,'1267005563','1267005563','90.60/33',0,'ROUND',1.01,'Mumbai','','off','NONE','IGI','VERY GOOD','EXCELLENT','EXCELLENT','VS2','I','','','3850','S2E87265','-0.3','','63.3','57.5','','India',1,0,'','None','','',0,'',''),(36,1,'1267005563','1267005563','1',0,'ROUND',0.32,'Mumbai','','off','NONE','GIA','EXCELLENT','VERY GOOD','VERY GOOD','SI1','D','','','1280','','-0.36','','60.2','57','','India',1,0,'','None','','',0,'',''),(37,1,'1267005563','1267005563','2',0,'ROUND',0.30,'Mumbai','','off','NONE','GIA','VERY GOOD','VERY GOOD','VERY GOOD','VVS1','E','','','2142','','-0.37','','64.7','55','','India',1,0,'','None','','',0,'',''),(38,1,'1267005564','1267005564','3',0,'ROUND',0.73,'Mumbai','','off','NONE','IGI','EXCELLENT','VERY GOOD','EXCELLENT','SI1','H','','','1972','','-0.42','','58.9','59','','India',1,0,'','None','','',0,'',''),(39,1,'1267005563','1267005563','4',0,'ROUND',0.31,'Mumbai','','off','NONE','GIA','EXCELLENT','VERY GOOD','VERY GOOD','VS1','E','','','1716','','-0.34','','61.6','57','','India',1,0,'','None','','',0,'',''),(40,1,'1267005564','1267005564','100',0,'ROUND',5.01,'Mumbai','','off','SLIGHT','IGI','EXCELLENT','EXCELLENT','EXCELLENT','VS2','J','','','12600','','-0.4','','62.8','53.5','','India',1,0,'','None','','',0,'',''),(41,1,'1267005563','1267005563','5',0,'ROUND',0.36,'Mumbai','','off','NONE','GIA','EXCELLENT','VERY GOOD','EXCELLENT','VS1','E','','','1716','','-0.34','','58.8','62','','India',0,0,'','None','','',0,'',''),(42,1,'1267005563','1267005563','6',0,'ROUND',0.31,'Mumbai','','off','NONE','GIA','EXCELLENT','GOOD','VERY GOOD','VS2','E','','','1512','','-0.37','','60.4','59','','India',1,0,'','None','','',0,'',''),(43,1,'1267005564','1267005564','7',0,'ROUND',0.80,'Mumbai','','off','','IGI','VERY GOOD','EXCELLENT','EXCELLENT','SI1','J','','','1512','','-0.44','','61.5','59','','India',1,0,'','None','','',0,'',''),(44,1,'1267005563','1267005563','8',0,'ROUND',0.36,'Mumbai','','off','NONE','GIA','EXCELLENT','EXCELLENT','VERY GOOD','VS1','F','','','1608','','-0.33','','61.5','57','','India',1,0,'','None','','',0,'',''),(45,1,'1267005563','1267005563','9',0,'ROUND',0.32,'Mumbai','','off','NONE','GIA','VERY GOOD','VERY GOOD','EXCELLENT','VS2','F','','','1452','','-0.34','','61.2','58','','India',1,0,'','None','','',0,'',''),(46,1,'1267005564','1267005564','10',0,'ROUND',1.00,'Mumbai','','off','NONE','IGI','VERY GOOD','EXCELLENT','VERY GOOD','IF','F','','','8294','','-0.42','','60.6','61','','India',1,0,'','None','','',0,'',''),(47,1,'1267005564','1267005564','11',0,'ROUND',1.00,'Mumbai','','off','NONE','IGI','VERY GOOD','EXCELLENT','EXCELLENT','SI1','F','','','3900','','-0.4','','61.9','55.5','','India',1,0,'','None','','',0,'',''),(48,1,'1267005564','1267005564','12',0,'ROUND',1.00,'Mumbai','','off','','IGI','GOOD','VERY GOOD','VERY GOOD','VS1','G','','','4698','','-0.42','','59.2','60.5','','India',1,0,'','None','','',0,'',''),(49,1,'1267005564','1267005564','13',0,'ROUND',0.37,'Mumbai','','off','NONE','GIA','EXCELLENT','VERY GOOD','EXCELLENT','VS2','G','','','1292','','-0.32','','59.5','58','','India',1,0,'','None','','',0,'',''),(50,1,'1267005564','1267005564','14',0,'ROUND',0.52,'Mumbai','','off','NONE','GIA','EXCELLENT','EXCELLENT','VERY GOOD','VVS2','D','','','3575','','-0.35','','62.8','59','','India',1,0,'','None','','',0,'',''),(51,1,'1267005564','1267005564','15',0,'ROUND',0.51,'Mumbai','','off','NONE','GIA','EXCELLENT','EXCELLENT','EXCELLENT','VVS2','E','','','3468','','-0.32','','60.5','59','','India',1,0,'','None','','',0,'',''),(52,1,'1267005564','1267005564','16',0,'ROUND',0.51,'Mumbai','','off','NONE','GIA','VERY GOOD','GOOD','VERY GOOD','VVS2','E','','','3213','','-0.37','','57.9','62','','India',1,0,'','None','','',0,'',''),(53,1,'1267005564','1267005564','17',0,'ROUND',0.55,'Mumbai','','off','NONE','GIA','EXCELLENT','VERY GOOD','EXCELLENT','VVS2','E','','','3417','','-0.33','','59.3','61','','India',1,0,'','None','','',0,'',''),(54,1,'1267005564','1267005564','19',0,'ROUND',0.51,'Mumbai','','off','NONE','GIA','VERY GOOD','VERY GOOD','GOOD','VS2','E','','','2183','','-0.41','','62','59','','India',1,0,'','None','','',0,'',''),(55,1,'1267005564','1267005564','21',0,'ROUND',1.16,'Mumbai','','off','','IGI','VERY GOOD','EXCELLENT','EXCELLENT','VS2','H','','','4030','','-0.35','','61.8','56.5','','India',1,0,'','None','','',0,'',''),(56,1,'1267005564','1267005564','89',0,'ROUND',0.55,'Mumbai','','off','NONE','GIA','VERY GOOD','VERY GOOD','EXCELLENT','VS1','F','','','2560','','-0.36','','60.5','61','','India',1,0,'','None','','',0,'',''),(57,1,'1267005564','1267005564','22',0,'ROUND',1.06,'Mumbai','','off','NONE','IGI','EXCELLENT','EXCELLENT','EXCELLENT','SI1','H','','','3654','','-0.37','','62.5','59.5','','India',1,0,'','None','','',0,'',''),(58,1,'1267005564','1267005564','23',0,'ROUND',0.50,'Mumbai','','off','NONE','GIA','VERY GOOD','EXCELLENT','VERY GOOD','VS2','F','','','2240','','-0.36','','59','62','','India',1,0,'','None','','',0,'',''),(59,1,'1267005564','1267005564','90',0,'ROUND',0.52,'Mumbai','','off','MEDIUM','GIA','EXCELLENT','EXCELLENT','VERY GOOD','VS1','G','','','2257','','-0.39','','62.1','58','','India',1,0,'','None','','',0,'',''),(60,1,'1267005564','1267005564','25',0,'ROUND',1.03,'Mumbai','','off','NONE','IGI','EXCELLENT','EXCELLENT','EXCELLENT','VVS2','I','','','4554','','-0.31','','62.8','58','','India',1,0,'','None','','',0,'',''),(61,1,'1267005564','1267005564','27',0,'ROUND',1.02,'Mumbai','','off','STRONG','IGI','VERY GOOD','EXCELLENT','EXCELLENT','VS1','I','','','3245','','-0.45','','61.2','61','','India',1,0,'','None','','',0,'',''),(62,1,'1267005564','1267005564','28',0,'ROUND',0.71,'Mumbai','','off','NONE','GIA','GOOD','EXCELLENT','VERY GOOD','VS2','E','','','3050','','-0.39','','58.9','61','','India',1,0,'','None','','',0,'',''),(63,1,'1267005564','1267005564','30',0,'ROUND',1.15,'Mumbai','','off','NONE','IGI','EXCELLENT','VERY GOOD','EXCELLENT','VVS2','J','','','3696','','-0.34','','62.8','57','','India',1,0,'','None','','',0,'',''),(64,1,'1267005564','1267005564','117',0,'ROUND',2.04,'Mumbai','','off','SLIGHT','IGI','EXCELLENT','EXCELLENT','EXCELLENT','VS1','I','','','6510','','-0.38','','63','57','','India',1,0,'','None','','',0,'',''),(65,1,'1267005564','1267005564','34',0,'ROUND',0.70,'Mumbai','','off','MEDIUM','GIA','VERY GOOD','VERY GOOD','VERY GOOD','SI2','H','','','1643','','-0.47','','63.3','57','','India',1,0,'','None','','',0,'',''),(66,1,'1267005564','1267005564','35',0,'ROUND',0.81,'Mumbai','','off','NONE','GIA','EXCELLENT','EXCELLENT','VERY GOOD','SI1','E','','','3212','','-0.27','','64.1','55','','India',1,0,'','None','','',0,'',''),(67,1,'1267005564','1267005564','36',0,'ROUND',0.80,'Mumbai','','off','NONE','GIA','EXCELLENT','EXCELLENT','VERY GOOD','VVS1','F','','','5332','','-0.14','','61.1','57','','India',1,0,'','None','','',0,'',''),(68,1,'1267005564','1267005564','102',0,'PRINCESS',1.07,'Mumbai','','off','NONE','IGI','VERY GOOD','VERY GOOD','','VVS1','G','','','4292','','-0.42','','70.3','80','','India',1,0,'','None','','',0,'',''),(69,1,'1267005564','1267005564','103',0,'ROUND',0.91,'Mumbai','','off','MEDIUM','GIA','EXCELLENT','VERY GOOD','EXCELLENT','VS1','E','','','4624','','-0.32','','61.5','58','','India',1,0,'','None','','',0,'',''),(70,1,'1267005564','1267005564','118',0,'ROUND',0.90,'Mumbai','','off','FAINT','GIA','EXCELLENT','EXCELLENT','VERY GOOD','SI1','F','','','3575','','-0.35','','62.6','59','','India',1,0,'','None','','',0,'',''),(71,1,'1267005564','1267005564','104',0,'ROUND',0.93,'Mumbai','','off','NONE','GIA','VERY GOOD','VERY GOOD','VERY GOOD','SI1','G','','','3213','','-0.37','','63.1','57','','India',1,0,'','None','','',0,'',''),(72,1,'1267005564','1267005564','39',0,'ROUND',1.11,'Mumbai','','off','NONE','GIA','VERY GOOD','EXCELLENT','EXCELLENT','VVS2','E','','','8946','','-0.29','','61.7','57','','India',1,0,'','None','','',0,'',''),(73,1,'1267005564','1267005564','41',0,'ROUND',1.01,'Mumbai','','off','NONE','GIA','EXCELLENT','EXCELLENT','VERY GOOD','SI1','E','','','4760','','-0.3','','61.3','60','','India',1,0,'','None','','',0,'',''),(74,1,'1267005564','1267005564','91',0,'ROUND',1.04,'Mumbai','','off','NONE','GIA','EXCELLENT','EXCELLENT','VERY GOOD','SI1','E','','','4760','','-0.3','','63.3','57','','India',1,0,'','None','','',0,'',''),(75,1,'1267005564','1267005564','92',0,'ROUND',1.05,'Mumbai','','off','MEDIUM','GIA','EXCELLENT','EXCELLENT','EXCELLENT','VVS2','F','','','7820','','-0.32','','60.7','60','','India',1,0,'','None','','',0,'',''),(76,1,'1267005564','1267005564','111',0,'PRINCESS',0.90,'Mumbai','','off','NONE','IGI','VERY GOOD','GOOD','','VS1','L','','','1219','','-0.47','','75.7','79.7','','India',1,0,'','None','','',0,'',''),(77,1,'1267005564','1267005564','42',0,'ROUND',1.07,'Mumbai','','off','NONE','GIA','EXCELLENT','EXCELLENT','VERY GOOD','VS2','G','','','5112','','-0.29','','59.6','59','','India',0,0,'','None','','',0,'',''),(78,1,'1267005564','1267005564','112',0,'ROUND',1.05,'Mumbai','','off','MEDIUM','GIA','EXCELLENT','EXCELLENT','EXCELLENT','SI1','G','','','3843','','-0.37','','62.7','57','','India',1,0,'','None','','',0,'',''),(79,1,'1267005564','1267005564','113',0,'ROUND',1.00,'Mumbai','','off','MEDIUM','GIA','EXCELLENT','EXCELLENT','GOOD','SI2','G','','','3180','','-0.4','','63.3','60','','India',1,0,'','None','','',0,'',''),(80,1,'1267005564','1267005564','95',0,'ROUND',1.14,'Mumbai','','off','NONE','GIA','EXCELLENT','EXCELLENT','VERY GOOD','SI2','H','','','3417','','-0.33','','63.5','56','','India',1,0,'','None','','',0,'',''),(81,1,'1267005564','1267005564','43',0,'ROUND',1.21,'Mumbai','','off','NONE','IGI','VERY GOOD','EXCELLENT','EXCELLENT','IF','I','','','4896','','-0.32','','63.2','57.5','','India',1,0,'','None','','',0,'',''),(82,1,'1267005564','1267005564','96',0,'ROUND',1.33,'Mumbai','','off','FAINT','GIA','EXCELLENT','EXCELLENT','EXCELLENT','VS1','F','','','7360','','-0.2','','61.6','57','','India',1,0,'','None','','',0,'',''),(83,1,'1267005564','1267005564','45',0,'ROUND',1.23,'Mumbai','','off','MEDIUM','GIA','VERY GOOD','EXCELLENT','EXCELLENT','VVS1','H','','','5904','','-0.28','','61.1','61','','India',1,0,'','None','','',0,'',''),(84,1,'1267005564','1267005564','47',0,'ROUND',1.50,'Mumbai','','off','NONE','GIA','GOOD','EXCELLENT','VERY GOOD','VVS2','E','','','11900','','-0.3','','60','60','','India',1,0,'','None','','',0,'',''),(85,1,'1267005564','1267005564','48',0,'ROUND',1.51,'Mumbai','','off','NONE','GIA','EXCELLENT','EXCELLENT','EXCELLENT','VVS1','G','','','9576','','-0.24','','62.9','55','','India',1,0,'','None','','',0,'',''),(86,1,'1267005564','1267005564','119',0,'ROUND',1.50,'Mumbai','','off','NONE','GIA','EXCELLENT','EXCELLENT','EXCELLENT','VS2','G','','','7056','','-0.28','','62.2','58','','India',1,0,'','None','','',0,'',''),(87,1,'1267005564','1267005564','114',0,'ROUND',1.56,'Mumbai','','off','STRONG','GIA','EXCELLENT','EXCELLENT','EXCELLENT','IF','H','','','7280','','-0.3','','61.9','57','','India',1,0,'','None','','',0,'',''),(88,1,'1267005564','1267005564','120',0,'ROUND',1.55,'Mumbai','','off','FAINT','GIA','EXCELLENT','VERY GOOD','VERY GOOD','VVS1','H','','','7575','','-0.25','','62.9','58','','India',1,0,'','None','','',0,'',''),(89,1,'1267005564','1267005564','54',0,'ROUND',1.24,'Mumbai','','off','NONE','IGI','EXCELLENT','EXCELLENT','EXCELLENT','VVS2','J','','','3808','','-0.32','','62.9','58','','India',1,0,'','None','','',0,'',''),(90,1,'1267005564','1267005564','55',0,'ROUND',1.24,'Mumbai','','off','SLIGHT','IGI','VERY GOOD','EXCELLENT','EXCELLENT','VVS1','K','','','3276','','-0.37','','62.5','58','','India',1,0,'','None','','',0,'',''),(91,1,'1267005564','1267005564','56',0,'ROUND',1.26,'Mumbai','','off','STRONG','IGI','VERY GOOD','EXCELLENT','EXCELLENT','VVS2','K','','','3000','','-0.4','','61.2','60','','India',1,0,'','None','','',0,'',''),(92,1,'1267005564','1267005564','105',0,'PRINCESS',1.02,'Mumbai','','off','NONE','IGI','VERY GOOD','VERY GOOD','','VVS2','K','','','1908','','-0.47','','73.9','73.5','','India',1,0,'','None','','',0,'',''),(93,1,'1267005564','1267005564','106',0,'',1.11,'Mumbai','','off','NONE','IGI','VERY GOOD','VERY GOOD','','VVS1','K','','','1776','','-0.52','','67.4','63.5','','India',1,0,'','None','','',0,'',''),(94,1,'1267005564','1267005564','58',0,'',0.50,'Mumbai','','off','NONE','GIA','GOOD','EXCELLENT','','VS1','G','','','1260','','-0.55','','60','78','','India',1,0,'','None','','',0,'',''),(95,1,'1267005564','1267005564','59',0,'ROUND',1.20,'Mumbai','','off','NONE','IGI','EXCELLENT','EXCELLENT','EXCELLENT','SI1','K','','','2440','','-0.39','','62.3','57','','India',1,0,'','None','','',0,'',''),(96,1,'1267005564','1267005564','60',0,'',0.76,'Mumbai','','off','NONE','GIA','GOOD','VERY GOOD','','VVS2','G','','','2070','','-0.55','','66.3','75','','India',1,0,'','None','','',0,'',''),(97,1,'1267005564','1267005564','61',0,'',0.91,'Mumbai','','off','NONE','GIA','VERY GOOD','VERY GOOD','','VS1','F','','','2800','','-0.5','','66.5','74','','India',1,0,'','None','','',0,'',''),(98,1,'1267005564','1267005564','62',0,'ROUND',1.51,'Mumbai','','off','NONE','IGI','VERY GOOD','EXCELLENT','VERY GOOD','VS1','H','','','5874','','-0.34','','64','55.5','','India',1,0,'','None','','',0,'',''),(99,1,'1267005564','1267005564','63',0,'ROUND',1.56,'Mumbai','','off','NONE','IGI','EXCELLENT','EXCELLENT','EXCELLENT','VS2','H','','','5893','','-0.29','','60.7','56.5','','India',1,0,'','None','','',0,'',''),(100,1,'1267005564','1267005564','64',0,'ROUND',1.50,'Mumbai','','off','NONE','IGI','VERY GOOD','VERY GOOD','VERY GOOD','VS2','H','','','5312','','-0.36','','64','55.5','','India',1,0,'','None','','',0,'',''),(643,1,NULL,'1272311174','111',0,'ROUND',5.00,'Antwerp','','off','NONE','GIA','EXCELLENT','EXCELLENT','EXCELLENT','IF','D','','','1000','222','40','2','4','4','','India',5,0,'','None','','',0,'',''),(644,1,'1272313608','1272313608','999',0,'ROUND',1.00,'All','','off','FAINT','IGI','VERY GOOD','EXCELLENT','EXCELLENT','VVS1','D','','','2000','888','50','4','1','1','','India',5,0,'2000','Bigg Stock','Vishal Kothari','12000',1,'12000','Enter order comments here.'),(645,1,'1273274684','1273274684','abc',0,'ROUND',0.20,'All','','off','NONE','GIA','VERY GOOD','VERY GOOD','EXCELLENT','IF','D','','','4000','111','0.4','1','1','1','','India',1,0,'2000','Bigg Stock','Vishal Kothari','2500',1,'2500','small profit.'),(647,22,'1267005563','1267005563','323',0,'ROUND',1.00,'All','','off','FAINT','All Labs','ANY','ANY','ANY','ANY','ANY','2342','1','1000','1','10','1','1','1','','India',1,0,'111','Bigg Stock','test ','1000',1,'1111','comment comments'),(648,1275047202,'1275047202','time()','',0,'ROUND',0.00,'All','','off','ANY','All Labs','ANY','ANY','ANY','ANY','ANY',' ','','',',','','','','','','India',0,0,'','Bigg Stock','','',0,'','comments'),(649,1,'1275047690','1275047690','',0,'ROUND',0.00,'All','','off','ANY','All Labs','ANY','ANY','ANY','ANY','ANY',' ','','',',','','','','','','India',0,0,'','Bigg Stock','','',0,'','comments'),(650,1,'1275137955','1275137955','',0,'ROUND',0.00,'All','','off','ANY','All Labs','ANY','ANY','ANY','','ANY',' ','','ANY',',','','','','','','India',0,0,'ANY','Bigg Stock','','',0,'ANY','comments'),(651,1,'1275288300','1275288300','',0,'',0.00,'','','off','','','','','','','',' ','','',',','','','','','','',0,0,'','','','',0,'','comments'),(652,1,'1275288428','1275288428','',0,'',0.00,'','','off','','','','','','','',' ','','',',','','','','','','',0,0,'','','','',0,'','comments'),(653,1,'1275288459','1275288459','',0,'',0.00,'','','off','','','','','','','',' ','','',',','','','','','','',0,0,'','','','',0,'','comments'),(654,1,'1275288653','1275288653','',0,'',0.00,'','','off','','','','','','','',' ','','',',','','','','','','',0,0,'','','','',0,'','comments'),(655,1,'1275294070','1275294070','',0,'',0.00,'','','off','','','','','','','',' ','','',',','','','','','','',0,0,'','','','',0,'','comments'),(656,1,'1275297932','1275297932','',0,'',0.00,'','','off','','','','','','','',' ','','',',','','','','','','',0,0,'','','','',0,'','comments'),(657,1,'1275307959','1275307959','',0,'',0.00,'','','off','','','','','','','',' ','','',',','','','','','','',0,0,'','','','',0,'','comments'),(658,1,'1275309207','1275309207','',0,'',0.00,'','','off','','','','','','','',' ','','',',','','','','','','',0,0,'','','','',0,'','comments'),(659,1,'1275309370','1275309370','',0,'',0.00,'','','off','','','','','','','',' ','','',',','','','','','','',0,0,'','','','',0,'','comments'),(660,1,'1275309403','1275309403','',0,'',0.00,'','','off','','','','','','','',' ','','',',','','','','','','',0,0,'','','','',0,'','comments'),(661,1,'1275309422','1275309422','',0,'',0.00,'','','off','','','','','','','',' ','','',',','','','','','','',0,0,'','','','',0,'','comments'),(662,1,'1275309565','1275309565','',0,'',0.00,'','','off','','','','','ANY','','',' ','','',',','','','','','','',0,0,'','','','',0,'','comments'),(663,1,'1275309593','1275309593','',0,'',0.00,'','','off','','','','','ANY','','',' ','','',',','','','','','','',0,0,'','','','',0,'','comments'),(664,1,'1275310965','1275310965','',0,'',0.00,'','','off','','','','','ANY','','',' ','','',',','','','','','','',0,0,'','','','',0,'','comments'),(665,1,'1275311141','1275311141','',0,'ROUND',0.00,'All','','off','ANY','All Labs','ANY','','EXCELLENT','','ANY',' ','','IF',',','','','','','','India',0,0,'IF','None','','',0,'IF','comments'),(666,1,'1275311452','1275311452','',0,'ROUND',0.00,'All','','off','ANY','All Labs','ANY','','EXCELLENT','IF','ANY',' ','','333',',','','','','','','India',2,0,'333','None','','',0,'333','comments'),(667,1,'1275311787','1275311787','34',0,'ROUND',1.00,'Antwerp','','off','FAINT','GIA','EXCELLENT','','EXCELLENT','IF','D',' ','','4444',',222222222','25','1','1','1','','',3,0,'4444','','','',0,'4444','comments'),(668,1,'1275315023','1275315023','2223',0,'PRINCESS',0.23,'All','','off','ANY','All Labs','ANY','GOOD','EXCELLENT','IF','D',' ','','2222',',34242','2','1','1','1','','India',2,0,'2222','','','',0,'2222','comments'),(669,1,'1275315857','1275315857','2222',0,'',1.00,'All','','off','STRONG','GIA','EXCELLENT','EXCELLENT','EXCELLENT','VVS1','E',' ','','2222',',222222222','22','2','5','7','','',3,0,'2222','Bigg Stock','','',0,'2222','comments'),(670,1,'1275315864','1275315864','2222',0,'',1.00,'All','','off','STRONG','GIA','EXCELLENT','EXCELLENT','EXCELLENT','VVS1','E',' ','','2222',',222222222','22','2','5','7','','',2,0,'2222','Bigg Stock','','',0,'2222','comments'),(671,1,'1275388586','1275388586','111',0,'ROUND',2.00,'All','','off','ANY','All Labs','ANY','ANY','ANY','ANY','ANY',' ','','786',',23234243243','65','1','1','1','','India',6,0,'786','Bigg Stock','','',0,'786','comments'),(672,1,'1275388661','1275388661','111',0,'ROUND',2.00,'All','','off','ANY','All Labs','ANY','ANY','ANY','ANY','ANY',' ','','786',',23234243243','65','1','1','1','','India',6,0,'786','Bigg Stock','','',0,'786','comments'),(673,1,'1275389199','1275389199','2323',0,'PRINCESS',1.00,'All','','off','ANY','All Labs','ANY','ANY','ANY','ANY','ANY',' ','','222',',3423423423','','1','11','1','','India',34,0,'222','','','',0,'222','comments'),(674,1,'1275397492','1275397492','',0,'',0.00,'','','off','','','','','','','',' ','','0',',','','','','','','',0,0,'0','','','',0,'0','comments'),(675,1,'1275449590','1275449590','2342',0,'MARQUISE',1.00,'All','','off','ANY','All Labs','ANY','ANY','ANY','ANY','ANY',' ','','333',',3242423423','12','1','1','1','','India',2,0,'333','','','',0,'333','comments'),(676,1,'1275458671','1275458671','',0,'ROUND',1.00,'All','','off','ANY','All Labs','ANY','ANY','ANY','ANY','ANY',' ','','33333',',','','','','','','India',1,0,'33333','Bigg Stock','','',0,'33333','comments'),(677,1,'1275461287','1275461287','',0,'ROUND',0.00,'All','','off','ANY','All Labs','ANY','ANY','ANY','ANY','ANY',' ','','432',',','','','','','','India',2,0,'432','None','','',0,'432','comments'),(678,1,'1275485692','1275485692','3242',0,'ROUND',1.00,'Antwerp','','off','FAINT','GIA','EXCELLENT','EXCELLENT','EXCELLENT','IF','D',' ','','2342',',23423423423423432','2','2','1','1','','USA',2,0,'2342','','','',0,'2342','comments'),(679,1,'1275485721','1275485721','3242',0,'ROUND',1.00,'Antwerp','','off','FAINT','GIA','EXCELLENT','EXCELLENT','EXCELLENT','IF','D',' ','','2342',',23423423423423432','2','2','1','1','','USA',2,0,'2342','','','',0,'2342','comments'),(680,1,'1275587069','1275587069','',0,'ROUND',0.00,'All','','off','ANY','All Labs','ANY','ANY','ANY','ANY','ANY',' ','','2233',',','','','','','','India',22,0,'2233','','','',0,'2233','comments'),(681,1,'1275718232','1275718232','333',0,'RADIANT',0.00,'All','','off','ANY','All Labs','ANY','ANY','ANY','ANY','ANY',' ','','322',',555','1','1','1','1','','India',3,0,'322','','','',0,'322','comments'),(682,1,'1275718232','1275718232','333',0,'RADIANT',0.00,'All','','off','ANY','All Labs','ANY','ANY','ANY','ANY','ANY',' ','','322',',555','1','1','1','1','','India',3,0,'322','','','',0,'322','comments'),(683,1,'1275718232','1275718232','333',0,'RADIANT',0.00,'All','','off','ANY','All Labs','ANY','ANY','ANY','ANY','ANY',' ','','322',',555','1','1','1','1','','India',3,0,'322','','','',0,'322','comments'),(684,1,'1275718467','1275718467','',0,'ROUND',0.00,'All','','off','ANY','All Labs','ANY','ANY','ANY','ANY','ANY',' ','','33333',',','','','','','','India',2,0,'33333','Bigg Stock','','',0,'33333','comments'),(685,1,'1275718467','1275718467','',0,'ROUND',0.00,'All','','off','ANY','All Labs','ANY','ANY','ANY','ANY','ANY',' ','','33333',',','','','','','','India',2,0,'33333','Bigg Stock','','',0,'33333','comments'),(686,1,'1275718467','1275718467','',0,'ROUND',0.00,'All','','off','ANY','All Labs','ANY','ANY','ANY','ANY','ANY',' ','','33333',',','','','','','','India',2,0,'33333','Bigg Stock','','',0,'33333','comments'),(687,1,'1275718814','1275718814','',0,'ROUND',0.00,'All','','off','ANY','All Labs','ANY','ANY','ANY','ANY','ANY',' ','','2342',',','','','','','','India',1,0,'2342','Bigg Stock','','',0,'2342','comments'),(688,1,'1275719177','1275719177','',0,'ROUND',0.00,'All','','off','ANY','All Labs','ANY','ANY','ANY','ANY','ANY',' ','','333',',','','','','','','India',3,0,'333','None','','',0,'333','comments'),(689,1,'1275719901','1275719901','',0,'ROUND',0.00,'All','','off','ANY','All Labs','ANY','ANY','ANY','ANY','ANY',' ','','333',',','','','','','','India',2,0,'333','','','',0,'333','comments'),(690,1,'1275729302','1275729302','',0,'ROUND',0.00,'All','','off','ANY','All Labs','ANY','ANY','ANY','ANY','ANY',' ','','2342',',','','','','','','India',2,0,'2342','','','',0,'2342','comments'),(691,1,'1275730445','1275730445','',0,'ROUND',0.00,'All','','off','ANY','All Labs','ANY','ANY','ANY','ANY','ANY',' ','','2342',',','','','','','','India',2,0,'2342','','','',0,'2342','comments'),(692,1,'1275732085','1275732085','',0,'ROUND',0.00,'All','','off','ANY','All Labs','ANY','ANY','ANY','ANY','ANY',' ','','322',',','','','','','','India',1,0,'322','Bigg Stock','','',0,'322','comments'),(693,1,'1276066363','1276066363','',0,'ROUND',0.57,'','','off','','','','EXCELLENT','EXCELLENT','VS1','L',' ','','1188',',','','','','','','',1,0,'1188','','','',0,'1188','comments'),(694,1,'1276066604','1276066604','',0,'ROUND',0.57,'','','off','','','','EXCELLENT','EXCELLENT','VS1','L',' ','','1188',',','','','','','','',1,0,'1188','','','',0,'1188','comments'),(695,1,'1276094427','1276094427','',0,'ROUND',0.85,'','','off','','','','VERY GOOD','VERY GOOD','SI1','L',' ','','1400',',','','','','','','',1,0,'1400','','','',0,'1400','comments'),(696,1,'1276242984','1276242984','',0,'',1.51,'','','off','','','','VERY GOOD','','VVS1','K',' ','','2420',',','','','','','','',1,0,'2420','','','',0,'2420','comments'),(697,1,'1276520041','1276520041','9090',0,'PRINCESS',0.80,'New York','','off','ANY','IGI','FAIR','GOOD','VERY GOOD','VVS1','D',' ','','100',',1234','30','2','1','2','','USA',5,0,'100','','','',0,'100','comments'),(698,1,'1276520636','1276520636','',0,'',0.00,'','','off','','','','','','','',' ','','',',','','','','','','',0,0,'','','','',0,'','comments'),(699,1,'1276520636','1276520636','',0,'',2.00,'All','','off','NONE','GIA','EXCELLENT','EXCELLENT','EXCELLENT','IF','F',' ','','200',',','','','','','','India',2,0,'200','Bigg Stock','','',0,'200','comments'),(700,1,'1276520747','1276520747','',0,'',1.00,'All','','off','ANY','All Labs','ANY','ANY','ANY','ANY','ANY',' ','','200',',','','','','','','India',2,0,'200','','','',0,'200','comments'),(701,1,'1276520863','1276520863','',0,'',0.00,'','','off','','','','','','','',' ','','',',','','','','','','',0,0,'','','','',0,'','comments'),(702,1,'1276520881','1276520881','',0,'',0.00,'','','off','','','','','','','',' ','','',',','','','','','','',0,0,'','','','',0,'','comments'),(703,1,'1276520953','1276520953','',0,'',0.00,'','','off','','','','','','','',' ','','',',','','','','','','',0,0,'','','','',0,'','comments'),(704,1,'1276521306','1276521306','',0,'ROUND',0.00,'All','','off','ANY','All Labs','ANY','ANY','ANY','ANY','ANY',' ','','100',',','','','','','','India',1,0,'100','Bigg Stock','','',0,'100','comments'),(705,1,'1276581400','1276581400','',0,'ROUND',0.00,'All','','off','ANY','All Labs','ANY','ANY','ANY','ANY','ANY',' ','','2342',',','','','','','','India',2,0,'2342','','','',0,'2342','comments'),(706,1,'1276586239','1276586239','',0,'',0.00,'','','off','','','','','','','',' ','','',',','','','','','','',0,0,'','','','',0,'','comments'),(707,1,'1276586295','1276586295','',0,'',0.00,'','','off','','','','','','','',' ','','',',','','','','','','',0,0,'','','','',0,'','comments'),(708,1,'1276586447','1276586447','',0,'',0.00,'','','off','','','','','','','',' ','','',',','','','','','','',0,0,'','','','',0,'','comments'),(709,1,'1276586506','1276586506','',0,'',0.00,'','','off','','','','','','','',' ','','',',','','','','','','',0,0,'','','','',0,'','comments'),(710,1,'1277402702','1277402702','',0,'ROUND',2.00,'All','','off','ANY','All Labs','EXCELLENT','EXCELLENT','EXCELLENT','IF','D',' ','','3421',',','','','','','','India',22,0,'3421','None','','',0,'3421','comments'),(711,1,'1277402890','1277402890','',0,'ROUND',2.00,'All','','off','NONE','All Labs','EXCELLENT','EXCELLENT','EXCELLENT','VVS1','D',' ','','2342',',','','','','','','India',32,0,'2342','','','',0,'2342','comments'),(712,1,'1277402927','1277402927','',0,'ROUND',0.00,'All','','off','ANY','All Labs','ANY','ANY','ANY','ANY','ANY',' ','','2343',',','','','','','','India',23,0,'2343','','','',0,'2343','comments'),(713,1,'1277403112','1277403112','',0,'ROUND',0.00,'All','','off','ANY','All Labs','ANY','ANY','ANY','ANY','ANY',' ','','2343',',','','','','','','India',23,0,'2343','','','',0,'2343','comments'),(714,1,'1277405569','1277405569','',0,'ROUND',2.00,'All','','off','ANY','All Labs','ANY','ANY','ANY','ANY','ANY',' ','','3453',',','','','','','','India',23,0,'3453','','','',0,'3453','comments'),(715,1,'1277405654','1277405654','',0,'ROUND',2.00,'All','','off','ANY','All Labs','ANY','ANY','ANY','ANY','ANY',' ','','3453',',','','','','','','India',23,0,'3453','','','',0,'3453','comments'),(716,1,'1277809664','1277809664','',0,'ROUND',2.00,'All','','off','ANY','All Labs','ANY','ANY','ANY','ANY','ANY',' ','','2322',',','','','','','','India',2,2,'2322','Bigg Stock','','',0,'2322','comments'),(717,1,'1277812121','1277812121','',0,'ROUND',1.00,'All','','off','ANY','All Labs','ANY','ANY','ANY','ANY','ANY',' ','','2422',',','','','','','','India',2,2,'2422','Bigg Stock','','',0,'2422','comments'),(718,1,'1277812711','1277812711','',0,'ROUND',2.00,'All','','off','ANY','All Labs','ANY','ANY','ANY','ANY','ANY',' ','','3322',',','','','','','','India',2,2,'3322','','','',0,'3322','comments'),(719,1,'1277814773','1277814773','',0,'ROUND',1.00,'All','','off','ANY','All Labs','ANY','ANY','ANY','ANY','ANY',' ','','2322',',','','','','','','India',3,3,'2322','','','',0,'2322','comments'),(720,1,'1277814862','1277814862','',0,'ROUND',0.00,'All','','off','ANY','All Labs','ANY','ANY','ANY','ANY','ANY',' ','','2322',',','','','','','','India',33,33,'2322','Bigg Stock','','',0,'2322','comments'),(721,1,'1277901971','1277901971','',0,'ROUND',0.00,'All','','off','ANY','All Labs','ANY','ANY','ANY','ANY','ANY',' ','','4.444',',','','','','','','India',3,3,'4.444','','','',0,'4.444','comments'),(722,1,'1277902017','1277902017','',0,'ROUND',0.00,'All','','off','ANY','All Labs','ANY','ANY','ANY','ANY','ANY',' ','','4.444',',','','','','','','India',3,3,'4.444','','','',0,'4.444','comments'),(723,1,'1277903024','1277903024','',0,'ROUND',0.00,'All','','off','ANY','All Labs','ANY','ANY','ANY','ANY','ANY',' ','','3343',',','','','','','','India',2,2,'3343','Bigg Stock','','',0,'3343','comments'),(724,1,'1277903901','1277903901','',0,'ROUND',0.00,'All','','off','ANY','All Labs','ANY','ANY','ANY','ANY','ANY',' ','','333',',','','','','','','India',3,3,'333','','','',0,'333','comments'),(725,1,'1277904553','1277904553','',0,'ROUND',0.00,'All','','off','ANY','All Labs','ANY','ANY','ANY','ANY','ANY',' ','','2222',',','','','','','','India',2,2,'2222','','','',0,'2222','comments'),(726,1,'1277904809','1277904809','',0,'ROUND',0.00,'All','','off','ANY','All Labs','ANY','ANY','ANY','ANY','ANY',' ','','4000',',','','','','','','India',2,2,'4000','','','',0,'4000','comments'),(727,1,'1277965748','1277965748','',0,'ROUND',0.00,'All','','off','ANY','All Labs','ANY','ANY','ANY','ANY','ANY',' ','','3423',',','','','','','','India',2,0,'3423','','','',0,'3423','comments'),(728,1,'1277967705','1277967705','',0,'ROUND',0.00,'All','','off','ANY','All Labs','ANY','ANY','ANY','ANY','ANY',' ','','3.333',',','','','','','','India',3,0,'3.333','Bigg Stock','','',0,'3.333','comments'),(729,1,'1277969543','1277969543','',0,'ROUND',0.00,'All','','off','ANY','All Labs','ANY','ANY','ANY','ANY','ANY',' ','','2222',',','','','','','','India',3,0,'2222','','','',0,'2222','comments'),(730,1,'1277970076','1277970076','',0,'ROUND',0.00,'All','','off','ANY','All Labs','ANY','ANY','ANY','ANY','ANY',' ','','2.222',',','','','','','','India',3,0,'2.222','','','',0,'2.222','comments'),(731,1,'1278339932','1278339932','A12B',0,'',9.00,'Mumbai','','off','MEDIUM','GIA','EXCELLENT','EXCELLENT','EXCELLENT','SI1','S',' ','','300',',ADC1234','12','10','4','4','','India',100,0,'300','','','',0,'300','comments'),(732,1,'1281616632','1281616632','111',0,'PRINCESS',0.90,'All','','off','NONE','GIA','VERY GOOD','VERY GOOD','EXCELLENT','VVS1','D','','','1200','222','-0.3','1','66','54','','India',1,0,'','None','','',0,'',''),(733,1,'1281619445','1281619445','111',0,'ROUND',0.90,'','','off','NONE','GIA','EXCELLENT','EXCELLENT','EXCELLENT','IF','D',' ','','1455',',222','-0.3','1','66','54','','',1,0,'1455','','','',0,'1455','comments'),(734,1,'1281619568','1281619568','222',0,'PRINCESS',1.20,'','','off','NONE','GIA','VERY GOOD','GOOD','VERY GOOD','VVS1','E',' ','','900',',333','0.35','1','64','52','','',1,0,'900','','','',0,'900','comments'),(735,1,'1281962239','1281962239','90909',0,'ROUND',0.80,'','','off','NONE','GIA','EXCELLENT','EXCELLENT','EXCELLENT','IF','D',' ','','200',',1234','30','2','1','2','','',1,0,'200','','','',0,'200','comments'),(736,1,'1281965033','1281965033','9090',0,'ROUND',2.00,'','','off','MEDIUM','GIA','EXCELLENT','EXCELLENT','EXCELLENT','IF','D',' ','','4900',',','','','','','','',2,0,'4900','','','',0,'4900','comments'),(737,1,'1283364225','1283364225','',0,'ROUND',1.00,'','','off','ANY','All Labs','ANY','ANY','ANY','ANY','ANY',' ','','1000',',','','','','','','',2,0,'1000','','','',0,'1000','comments'),(738,1,'1283364225','1283364225','',0,'ROUND',2.00,'','','off','ANY','All Labs','VERY GOOD','VERY GOOD','EXCELLENT','VVS1','E',' ','','500',',','','','','','','',3,0,'500','','','',0,'500','comments'),(739,1,'1283367442','1283367442','',0,'ROUND',2.00,'','','off','ANY','All Labs','ANY','ANY','ANY','ANY','ANY',' ','','2500',',','','','','','','',2,0,'2500','','','',0,'2500','comments'),(740,1,'1283367442','1283367442','',0,'ROUND',1.00,'','','off','ANY','All Labs','ANY','ANY','ANY','ANY','ANY',' ','','1000',',','','','','','','',1,0,'1000','','','',0,'1000','comments');

--
-- Table structure for table `bstock_products_polish_master`
--

CREATE TABLE `bstock_products_polish_master` (
  `id` int(10) NOT NULL AUTO_INCREMENT COMMENT 'This is the primary key.',
  `product_id` int(10) NOT NULL,
  `item_nbr` int(10) NOT NULL DEFAULT '1' COMMENT 'Can be used in future if multiple  stores are added.',
  `created_date` int(11) DEFAULT NULL COMMENT 'This will contain the timestamp when this product was created.',
  `modified_date` int(11) DEFAULT NULL COMMENT 'This will contain the timestamp when this product was last modified.',
  `product_name` varchar(50) NOT NULL,
  `shape` enum('ROUND','PRINCESS','PEAR','MARQUISE','EMERALD','HEART','OVAL','CUSHION','TRIANGLE','ASCHER','RADIANT') NOT NULL,
  `product_desc` varchar(255) NOT NULL,
  `location` enum('All','Antwerp','Hong Kong','Mumbai','New York') NOT NULL,
  `is_active` enum('on','off') NOT NULL,
  `flourescence` enum('ANY','NONE','FAINT','MEDIUM','STRONG','VERY STRONG','SLIGHT','VERY SLIGHT') NOT NULL DEFAULT 'NONE',
  `lab` enum('All Labs','GIA','IGI','HRD','AGS','EGL','IGC') NOT NULL,
  `symmetry` enum('ANY','EXCELLENT','VERY GOOD','GOOD','FAIR') NOT NULL,
  `polish` enum('ANY','EXCELLENT','VERY GOOD','GOOD','FAIR') NOT NULL,
  `is_promotional` enum('off','on') NOT NULL,
  `is_month_offer` enum('off','on') NOT NULL,
  `is_featured` enum('off','on') NOT NULL,
  `certificate` varchar(255) NOT NULL,
  `promotional_price` decimal(25,0) NOT NULL,
  `price` varchar(100) NOT NULL DEFAULT '0',
  `certificate_id` varchar(50) NOT NULL,
  `rap_price` varchar(50) NOT NULL,
  `rap_total` varchar(50) NOT NULL,
  `discount` varchar(50) NOT NULL,
  `piece_price` varchar(50) NOT NULL,
  `carat_price` varchar(50) NOT NULL,
  `length` varchar(50) NOT NULL,
  `width` varchar(50) NOT NULL,
  `height` varchar(50) NOT NULL,
  `depth_percent` varchar(50) NOT NULL,
  `table_percent` varchar(50) NOT NULL,
  `girdle` varchar(250) NOT NULL,
  `country` enum('India','Hong Kong','USA','Belgium') NOT NULL,
  `qty` varchar(10) NOT NULL DEFAULT '1',
  `product_category` varchar(100) NOT NULL,
  PRIMARY KEY (`id`)
) ENGINE=MyISAM AUTO_INCREMENT=676 DEFAULT CHARSET=latin1 COMMENT='Store the products in the system.';

--
-- Dumping data for table `bstock_products_polish_master`
--

INSERT INTO `bstock_products_polish_master` VALUES (673,4,1,0,0,'Round Diamond Jewelry','ROUND','Round Diamond Jewelry','All','on','NONE','All Labs','EXCELLENT','EXCELLENT','on','on','on','yes',100,'122.00','1','1','1','1','1','1','1','1','1','1','1','1','India','1','1'),(674,4,1,0,0,'Princess Diamond Jewelry','PRINCESS','Princess Diamond Jewelry','All','on','NONE','All Labs','ANY','ANY','on','on','on','2',1000,'1200.00','2','1300.00','2','2','2','2','2','2','2','2','2','2','India','2',''),(675,4,1,0,0,'Pear Diamond Jewelry','PEAR','Pear Diamond Jewelry','All','on','NONE','All Labs','ANY','ANY','on','on','on','3',10,'12.00','3','14.00','3','3','3','3','3','3','3','3','3','3','India','3','3');

--
-- Table structure for table `bstock_productscf`
--

CREATE TABLE `bstock_productscf` (
  `product_id` int(10) NOT NULL COMMENT 'This is the foreign key. It corresponds to the Primary Key of the products table.',
  `created_date` varchar(50) NOT NULL COMMENT 'This will store the created date when this record is entered in this table.',
  `modified_date` varchar(50) NOT NULL COMMENT 'This will store the last modified date when this record is modified.',
  `cf_1` varchar(255) NOT NULL
) ENGINE=MyISAM DEFAULT CHARSET=latin1 COMMENT='Store custom fields added to products module.';

--
-- Dumping data for table `bstock_productscf`
--


--
-- Table structure for table `bstock_profilefieldprivileges`
--

CREATE TABLE `bstock_profilefieldprivileges` (
  `id` int(10) NOT NULL AUTO_INCREMENT COMMENT 'This is the primary key.',
  `module_id` int(10) NOT NULL COMMENT 'This is the foreign key for the modules & is mapped to primary key of modules table.',
  `field_id` int(10) NOT NULL COMMENT 'This is the foreign key of the fields table & is mapped to the primary key of the fields table.',
  `profile_id` int(10) NOT NULL COMMENT 'This is the foreign key of the profiles table & is mapped to primary key of profiles table.',
  `is_enabled` enum('on','off') NOT NULL DEFAULT 'on' COMMENT 'This field will contain 0 or 1. 0  Would mean this field is disabled  For the corresponding profile_id &  module_id.  1 would mean the field is  accessible to profile_id & module_id.',
  `is_visible_on_search` enum('on','off') NOT NULL DEFAULT 'on' COMMENT 'This field determine whether the fields is visible on search form or not.',
  `is_visible_on_search_result` enum('on','off') NOT NULL DEFAULT 'on' COMMENT 'This field determine whether the fields is visible on search result form or not.',
  `type` enum('user','customer') NOT NULL,
  `created_date` varchar(50) NOT NULL COMMENT 'This will be the created date for this particular record.',
  `modified_date` varchar(50) NOT NULL COMMENT 'This will be the last modified date for this particular record.',
  PRIMARY KEY (`id`)
) ENGINE=MyISAM AUTO_INCREMENT=614 DEFAULT CHARSET=latin1 COMMENT='Store the privileges for specific fields in every profile';

--
-- Dumping data for table `bstock_profilefieldprivileges`
--

INSERT INTO `bstock_profilefieldprivileges` VALUES (161,1,112,87,'on','on','on','user','','1314351405'),(159,1,110,87,'off','on','off','user','','1314351405'),(160,1,111,87,'off','on','off','user','','1314351405'),(152,3,103,87,'on','on','on','user','','1314351405'),(8,3,8,87,'on','on','on','user','','1314351405'),(9,3,9,87,'on','on','on','user','','1314351405'),(150,2,101,87,'on','on','on','user','','1283886221'),(11,2,11,87,'on','on','on','user','','1314351405'),(12,2,12,87,'on','on','on','user','','1314351405'),(13,2,13,87,'on','on','on','user','','1314351405'),(14,2,14,87,'on','on','on','user','','1314351405'),(15,2,15,87,'on','on','on','user','','1314351405'),(16,2,16,87,'on','on','on','user','','1314351405'),(17,2,17,87,'on','on','on','user','','1314351405'),(18,2,18,87,'on','on','on','user','','1314351405'),(19,2,19,87,'on','on','on','user','','1283886221'),(20,2,20,87,'on','on','on','user','','1283886221'),(151,3,102,87,'on','on','on','user','','1314351405'),(96,5,42,87,'on','on','on','user','','1314351405'),(81,4,35,87,'off','on','off','user','','1290113547'),(82,5,21,87,'on','on','on','user','','1314351405'),(83,5,22,87,'on','on','on','user','','1314351405'),(84,5,23,87,'on','on','on','user','','1314351405'),(85,5,24,87,'on','on','on','user','','1314351405'),(86,5,25,87,'on','on','on','user','','1314351405'),(87,5,26,87,'on','on','on','user','','1314351405'),(88,5,27,87,'on','on','on','user','','1314351405'),(89,5,28,87,'on','on','on','user','','1314351405'),(90,5,29,87,'on','on','on','user','','1314351405'),(91,5,30,87,'on','on','on','user','','1314351405'),(92,5,31,87,'on','on','on','user','','1314351405'),(93,5,32,87,'on','on','on','user','','1314351405'),(94,5,33,87,'on','on','on','user','','1314351405'),(95,5,34,87,'on','on','on','user','','1314351405'),(167,1,118,87,'on','on','on','user','','1314351405'),(138,5,89,87,'on','on','on','user','','1314351405'),(166,1,117,87,'on','on','on','user','','1314351405'),(165,1,116,87,'on','on','on','user','','1314351405'),(164,1,115,87,'on','on','on','user','','1314351405'),(163,1,114,87,'on','on','on','user','','1314351405'),(162,1,113,87,'on','on','on','user','','1314351405'),(140,5,91,87,'on','on','on','user','','1314351405'),(142,5,93,87,'off','on','on','user','',''),(158,1,109,87,'on','on','on','user','','1314351405'),(157,1,108,87,'on','on','on','user','','1314351405'),(156,1,107,87,'on','on','on','user','','1314351405'),(266,1,190,87,'on','on','on','user','','1314351405'),(213,1,119,87,'on','on','on','user','','1314351405'),(214,1,120,87,'off','on','off','user','','1314351405'),(215,1,121,87,'on','on','on','user','','1314351405'),(217,4,123,87,'on','on','on','user','','1290113547'),(218,4,124,87,'on','on','on','user','','1290113547'),(219,4,126,87,'on','on','on','user','','1290113547'),(220,4,127,87,'on','on','on','user','','1290113547'),(221,4,128,87,'on','on','on','user','','1290113547'),(222,4,129,87,'on','on','on','user','','1290113547'),(223,4,130,87,'off','on','off','user','','1290113547'),(224,4,125,87,'off','on','off','user','','1290113547'),(225,2,136,87,'on','on','on','user','','1314351405'),(226,6,137,87,'on','on','on','user','','1314351405'),(227,6,138,87,'on','on','on','user','','1314351405'),(228,6,140,87,'on','on','on','user','','1314351405'),(229,6,141,87,'on','on','on','user','','1314351405'),(230,6,142,87,'on','on','on','user','','1314351405'),(231,8,153,87,'on','on','on','user','','1290113547'),(232,8,154,87,'on','on','on','user','','1290113547'),(233,8,155,87,'on','on','on','user','','1290113547'),(234,8,156,87,'on','on','on','user','','1290113547'),(235,8,157,87,'on','on','on','user','','1290113547'),(236,8,158,87,'on','on','on','user','','1290113547'),(237,8,159,87,'on','on','on','user','','1290113547'),(238,8,160,87,'on','on','on','user','','1290113547'),(239,7,163,87,'off','on','off','user','','1314351405'),(240,9,164,87,'on','on','on','user','','1312444875'),(241,9,165,87,'on','on','on','user','','1312444875'),(242,9,166,87,'on','on','on','user','','1312444875'),(243,1,167,87,'on','on','on','user','','1314351405'),(244,1,168,87,'on','on','on','user','','1281601707'),(245,1,169,87,'off','on','off','user','','1314351405'),(246,1,170,87,'on','on','on','user','','1314351405'),(247,1,171,87,'on','on','on','user','','1281601707'),(248,1,172,87,'on','on','on','user','','1281601707'),(249,1,173,87,'on','on','off','user','','1281601707'),(250,1,174,87,'on','on','on','user','','1281601707'),(251,1,175,87,'off','on','off','user','','1314351405'),(252,1,176,87,'on','on','on','user','','1314351405'),(253,1,177,87,'on','on','on','user','','1314351405'),(254,1,178,87,'on','on','on','user','','1314351405'),(255,1,179,87,'off','on','off','user','','1314351405'),(256,1,180,87,'on','on','on','user','','1314351405'),(257,10,181,87,'on','on','on','user','','1290113547'),(258,10,182,87,'on','on','on','user','','1290113547'),(259,10,183,87,'on','on','on','user','','1290113547'),(260,10,184,87,'on','on','on','user','','1290113547'),(261,10,185,87,'on','on','on','user','','1290113547'),(262,10,186,87,'on','on','on','user','','1290113547'),(263,10,187,87,'on','on','on','user','','1290113547'),(264,10,188,87,'on','on','on','user','','1290113547'),(265,1,189,87,'on','on','on','user','','1314351405'),(267,1,191,87,'on','on','on','user','','1314351405'),(268,3,192,87,'on','on','on','user','','1314351405'),(269,3,194,87,'on','on','on','user','','1314351405'),(270,1,108,91,'on','on','on','user','',''),(271,11,196,87,'on','on','on','user','','1314351405'),(272,11,197,87,'on','on','on','user','','1314351405'),(273,11,198,87,'on','on','on','user','','1314351405'),(274,11,199,87,'on','on','on','user','','1314351405'),(275,11,200,87,'on','on','on','user','','1314351405'),(276,11,201,87,'on','on','on','user','','1314351405'),(277,11,202,87,'on','on','on','user','','1314351405'),(278,11,203,87,'on','on','on','user','','1314351405'),(279,1,204,87,'on','on','on','user','','1283886221'),(280,1,205,87,'on','on','on','user','','1314351405'),(281,1,206,87,'off','on','off','user','','1283886221'),(282,1,207,87,'on','on','on','user','','1314351405'),(283,1,208,87,'on','on','on','user','','1314351405'),(284,1,209,87,'on','on','on','user','','1314351405'),(285,1,210,87,'off','on','off','user','','1314351405'),(286,1,211,87,'on','on','on','user','','1285651598'),(287,1,213,87,'off','on','off','user','','1314351405'),(288,1,214,87,'on','on','on','user','','1314351405'),(289,1,216,87,'on','on','on','user','','1314351405'),(290,1,217,87,'off','on','off','user','','1314351405'),(291,1,218,87,'on','on','on','user','','1314351405'),(512,11,198,97,'off','on','off','user','','1291268565'),(511,11,197,97,'off','on','off','user','','1291268565'),(510,11,196,97,'off','on','off','user','','1291268565'),(509,10,188,97,'off','on','off','user','','1291268565'),(508,10,187,97,'off','on','off','user','','1291268565'),(507,10,186,97,'off','on','off','user','','1291268565'),(506,10,185,97,'off','on','off','user','','1291268565'),(505,10,184,97,'off','on','off','user','','1291268565'),(504,10,183,97,'off','on','off','user','','1291268565'),(503,10,182,97,'off','on','off','user','','1291268565'),(502,10,181,97,'off','on','off','user','','1291268565'),(501,9,166,97,'on','on','on','user','','1291268565'),(500,9,165,97,'on','on','on','user','','1291268565'),(499,9,164,97,'on','on','on','user','','1291268565'),(498,8,160,97,'off','on','off','user','','1291268565'),(497,8,159,97,'off','on','off','user','','1291268565'),(496,8,158,97,'off','on','off','user','','1291268565'),(495,8,157,97,'off','on','off','user','','1291268565'),(494,8,156,97,'off','on','off','user','','1291268565'),(493,8,155,97,'off','on','off','user','','1291268565'),(492,8,154,97,'off','on','off','user','','1291268565'),(491,8,153,97,'off','on','off','user','','1291268565'),(490,7,163,97,'off','on','off','user','','1291268565'),(489,6,142,97,'off','on','off','user','','1291268565'),(488,6,141,97,'off','on','off','user','','1291268565'),(487,6,140,97,'off','on','off','user','','1291268565'),(486,6,138,97,'off','on','off','user','','1291268565'),(485,6,137,97,'off','on','off','user','','1291268565'),(484,5,91,97,'off','on','off','user','','1291268565'),(483,5,89,97,'off','on','off','user','','1291268565'),(482,5,42,97,'off','on','off','user','','1291268565'),(481,5,34,97,'off','on','off','user','','1291268565'),(480,5,33,97,'off','on','off','user','','1291268565'),(479,5,32,97,'off','on','off','user','','1291268565'),(478,5,31,97,'off','on','off','user','','1291268565'),(477,5,30,97,'off','on','off','user','','1291268565'),(476,5,29,97,'off','on','off','user','','1291268565'),(475,5,28,97,'off','on','off','user','','1291268565'),(474,5,27,97,'off','on','off','user','','1291268565'),(473,5,26,97,'off','on','off','user','','1291268565'),(472,5,25,97,'off','on','off','user','','1291268565'),(471,5,24,97,'off','on','off','user','','1291268565'),(470,5,23,97,'off','on','off','user','','1291268565'),(469,5,22,97,'off','on','off','user','','1291268565'),(468,5,21,97,'off','on','off','user','','1291268565'),(467,4,125,97,'off','on','off','user','','1291268565'),(466,4,130,97,'off','on','off','user','','1291268565'),(465,4,129,97,'off','on','off','user','','1291268565'),(464,4,128,97,'off','on','off','user','','1291268565'),(463,4,127,97,'off','on','off','user','','1291268565'),(462,4,126,97,'off','on','off','user','','1291268565'),(461,4,124,97,'off','on','off','user','','1291268565'),(460,4,123,97,'off','on','off','user','','1291268565'),(459,4,35,97,'off','on','off','user','','1291268565'),(458,3,194,97,'off','on','off','user','','1291268565'),(457,3,192,97,'off','on','off','user','','1291268565'),(456,3,103,97,'off','on','off','user','','1291268565'),(455,3,102,97,'off','on','off','user','','1291268565'),(454,3,9,97,'off','on','off','user','','1291268565'),(453,3,8,97,'off','on','off','user','','1291268565'),(452,2,220,97,'off','on','off','user','','1291268565'),(451,2,219,97,'off','on','off','user','','1291268565'),(450,2,136,97,'off','on','off','user','','1291268565'),(449,2,18,97,'off','on','off','user','','1291268565'),(448,2,17,97,'off','on','off','user','','1291268565'),(447,2,16,97,'off','on','off','user','','1291268565'),(446,2,15,97,'off','on','off','user','','1291268565'),(445,2,14,97,'off','on','off','user','','1291268565'),(444,2,13,97,'off','on','off','user','','1291268565'),(443,2,12,97,'on','on','on','user','','1291268565'),(442,2,11,97,'on','on','on','user','','1291268565'),(441,1,221,97,'off','on','off','user','','1291268565'),(440,1,218,97,'off','on','off','user','','1291268565'),(439,1,217,97,'off','on','off','user','','1291268565'),(438,1,216,97,'off','on','off','user','','1291268565'),(437,1,214,97,'off','on','off','user','','1291268565'),(436,1,213,97,'off','on','off','user','','1291268565'),(435,1,210,97,'off','on','off','user','','1291268565'),(434,1,209,97,'off','on','off','user','','1291268565'),(433,1,208,97,'off','on','off','user','','1291268565'),(432,1,207,97,'off','on','off','user','','1291268565'),(431,1,205,97,'off','on','off','user','','1291268565'),(430,1,191,97,'off','on','off','user','','1291268565'),(429,1,190,97,'off','on','off','user','','1291268565'),(428,1,189,97,'off','on','off','user','','1291268565'),(427,1,180,97,'off','on','off','user','','1291268565'),(426,1,179,97,'off','on','off','user','','1291268565'),(425,1,178,97,'off','on','off','user','','1291268565'),(424,1,177,97,'off','on','off','user','','1291268565'),(423,1,176,97,'off','on','off','user','','1291268565'),(422,1,175,97,'off','on','off','user','','1291268565'),(421,1,170,97,'off','on','off','user','','1291268565'),(420,1,169,97,'off','on','off','user','','1291268565'),(419,1,167,97,'off','on','off','user','','1291268565'),(418,1,121,97,'off','on','off','user','','1291268565'),(417,1,120,97,'off','on','off','user','','1291268565'),(416,1,119,97,'off','on','off','user','','1291268565'),(415,1,107,97,'off','on','off','user','','1291268565'),(414,1,108,97,'on','on','on','user','','1291268565'),(413,1,109,97,'on','on','on','user','','1291268565'),(412,1,112,97,'on','on','on','user','','1291268565'),(411,1,113,97,'on','on','on','user','','1291268565'),(410,1,114,97,'on','on','on','user','','1291268565'),(409,1,115,97,'on','on','on','user','','1291268565'),(408,1,116,97,'on','on','on','user','','1291268565'),(407,1,117,97,'on','on','on','user','','1291268565'),(406,1,118,97,'on','on','on','user','','1291268565'),(405,1,110,97,'off','on','off','user','','1291268565'),(404,1,111,97,'on','on','on','user','','1291268565'),(401,2,219,87,'on','on','on','user','','1314351405'),(402,2,220,87,'on','on','on','user','','1314351405'),(403,1,221,87,'on','on','on','user','','1314351405'),(513,11,199,97,'off','on','off','user','','1291268565'),(514,11,200,97,'off','on','off','user','','1291268565'),(515,11,201,97,'off','on','off','user','','1291268565'),(516,11,202,97,'off','on','off','user','','1291268565'),(517,11,203,97,'off','on','off','user','','1291268565'),(518,1,222,87,'off','on','off','user','','1314351405'),(519,1,111,99,'off','on','off','user','','1293023950'),(520,1,110,99,'off','on','off','user','','1293023950'),(521,1,118,99,'off','on','off','user','','1293023950'),(522,1,117,99,'off','on','off','user','','1293023950'),(523,1,116,99,'off','on','off','user','','1293023950'),(524,1,115,99,'off','on','off','user','','1293023950'),(525,1,114,99,'off','on','off','user','','1293023950'),(526,1,113,99,'off','on','off','user','','1293023950'),(527,1,112,99,'off','on','off','user','','1293023950'),(528,1,109,99,'off','on','off','user','','1293023950'),(529,1,108,99,'off','on','off','user','','1293023950'),(530,1,107,99,'off','on','off','user','','1293023950'),(531,1,119,99,'off','on','off','user','','1293023950'),(532,1,120,99,'off','on','off','user','','1293023950'),(533,1,121,99,'off','on','off','user','','1293023950'),(534,1,167,99,'off','on','off','user','','1293023950'),(535,1,169,99,'off','on','off','user','','1293023950'),(536,1,170,99,'off','on','off','user','','1293023950'),(537,1,175,99,'off','on','off','user','','1293023950'),(538,1,176,99,'off','on','off','user','','1293023950'),(539,1,177,99,'off','on','off','user','','1293023950'),(540,1,178,99,'off','on','off','user','','1293023950'),(541,1,179,99,'off','on','off','user','','1293023950'),(542,1,180,99,'off','on','off','user','','1293023950'),(543,1,189,99,'off','on','off','user','','1293023950'),(544,1,190,99,'off','on','off','user','','1293023950'),(545,1,191,99,'off','on','off','user','','1293023950'),(546,1,205,99,'off','on','off','user','','1293023950'),(547,1,207,99,'off','on','off','user','','1293023950'),(548,1,208,99,'off','on','off','user','','1293023950'),(549,1,209,99,'off','on','off','user','','1293023950'),(550,1,210,99,'off','on','off','user','','1293023950'),(551,1,213,99,'off','on','off','user','','1293023950'),(552,1,214,99,'off','on','off','user','','1293023950'),(553,1,216,99,'off','on','off','user','','1293023950'),(554,1,217,99,'off','on','off','user','','1293023950'),(555,1,218,99,'off','on','off','user','','1293023950'),(556,1,221,99,'off','on','off','user','','1293023950'),(557,1,222,99,'off','on','off','user','','1293023950'),(558,2,11,99,'off','on','off','user','','1293023950'),(559,2,12,99,'off','on','off','user','','1293023950'),(560,2,13,99,'off','on','off','user','','1293023950'),(561,2,14,99,'off','on','off','user','','1293023950'),(562,2,15,99,'off','on','off','user','','1293023950'),(563,2,16,99,'off','on','off','user','','1293023950'),(564,2,17,99,'off','on','off','user','','1293023950'),(565,2,18,99,'off','on','off','user','','1293023950'),(566,2,136,99,'off','on','off','user','','1293023950'),(567,2,219,99,'off','on','off','user','','1293023950'),(568,2,220,99,'off','on','off','user','','1293023950'),(569,3,8,99,'off','on','off','user','','1293023950'),(570,3,9,99,'off','on','off','user','','1293023950'),(571,3,102,99,'off','on','off','user','','1293023950'),(572,3,103,99,'off','on','off','user','','1293023950'),(573,3,192,99,'off','on','off','user','','1293023950'),(574,3,194,99,'off','on','off','user','','1293023950'),(575,6,137,99,'off','on','off','user','','1293023950'),(576,6,138,99,'off','on','off','user','','1293023950'),(577,6,140,99,'off','on','off','user','','1293023950'),(578,6,141,99,'off','on','off','user','','1293023950'),(579,6,142,99,'off','on','off','user','','1293023950'),(580,7,163,99,'off','on','off','user','','1293023950'),(581,1,223,87,'on','on','on','user','','1314351405'),(582,1,224,87,'off','on','off','user','','1314351405'),(583,1,225,87,'on','on','on','user','','1314351405'),(584,1,226,87,'on','on','on','user','','1314351405'),(585,1,227,87,'on','on','on','user','','1314351405'),(586,1,228,87,'on','on','on','user','','1314351405'),(587,1,229,87,'on','on','on','user','','1314351405'),(588,1,230,87,'on','on','on','user','','1314351405'),(589,1,231,87,'on','on','on','user','','1314351405'),(590,1,232,87,'on','on','on','user','','1314351405'),(591,1,233,87,'off','on','off','user','','1314351405'),(592,1,234,87,'off','on','off','user','','1314351405'),(593,1,235,87,'off','on','off','user','','1314351405'),(594,1,236,87,'off','on','off','user','','1314351405'),(595,12,237,87,'on','on','on','user','','1314351405'),(596,12,238,87,'on','on','on','user','','1314351405'),(597,12,239,87,'on','on','on','user','','1314351405'),(598,12,240,87,'on','on','on','user','','1314351405'),(599,12,241,87,'on','on','on','user','','1314351405'),(600,12,242,87,'on','on','on','user','','1314351405'),(601,12,243,87,'on','on','on','user','','1314351405'),(602,12,244,87,'on','on','on','user','','1314351405'),(603,12,245,87,'on','on','on','user','','1314351405'),(604,12,246,87,'on','on','on','user','','1314351405'),(605,12,247,87,'on','on','on','user','','1314351405'),(606,9,248,87,'on','on','on','user','','1314351405'),(607,9,249,87,'on','on','on','user','','1314351405'),(608,9,250,87,'on','on','on','user','','1314351405'),(609,9,251,87,'on','on','on','user','','1314351405'),(610,14,252,87,'on','on','on','user','','1314351405'),(611,14,253,87,'on','on','on','user','','1314351405'),(612,14,254,87,'on','on','on','user','','1314351405'),(613,14,255,87,'on','on','on','user','','1314351405');

--
-- Table structure for table `bstock_profilemoduleoperationprivileges`
--

CREATE TABLE `bstock_profilemoduleoperationprivileges` (
  `id` int(10) NOT NULL AUTO_INCREMENT COMMENT 'This is the primary key.',
  `module_id` int(10) NOT NULL COMMENT 'This is the foreign key for the modules & is mapped to primary key of modules table.',
  `profile_id` int(10) NOT NULL COMMENT 'This is the foreign key for profiles & is mapped to primary key of profiles table.',
  `operation_id` int(10) NOT NULL COMMENT 'This field will contain 0,1,2,3.  0 – Create, 1 – Edit, 2 – Delete, 3 – View',
  `is_enabled` enum('on','off') NOT NULL DEFAULT 'on' COMMENT 'This field will contain 0 or 1. 0  Would mean this operation is disabled  For the corresponding profile_id &  module_id.  1 would mean the operation is  accessible to profile_id & module_id.',
  `type` enum('user','customer') NOT NULL COMMENT 'This field will contain whether this is profile of user or customer.',
  `created_date` varchar(50) NOT NULL COMMENT 'This will contain the created date for this record.',
  `modified_date` varchar(50) NOT NULL COMMENT 'This will contain the last modified date for this record.',
  PRIMARY KEY (`id`)
) ENGINE=MyISAM AUTO_INCREMENT=67 DEFAULT CHARSET=latin1 COMMENT='Store what operations are allowed on modules to different pr';

--
-- Dumping data for table `bstock_profilemoduleoperationprivileges`
--

INSERT INTO `bstock_profilemoduleoperationprivileges` VALUES (26,3,87,1,'on','user','','1314351405'),(27,1,87,5,'on','user','','1314351405'),(28,2,87,5,'on','user','','1314351405'),(29,5,87,5,'on','user','','1314351405'),(30,4,87,5,'on','user','','1290113547'),(31,6,87,5,'on','user','','1314351405'),(32,7,87,5,'on','user','','1314351405'),(33,8,87,5,'on','user','','1290113547'),(34,9,87,5,'on','user','','1314351405'),(35,10,87,5,'on','user','','1290113547'),(36,11,87,5,'on','user','','1314351405'),(58,11,97,1,'on','user','','1291268565'),(57,10,97,1,'on','user','','1291268565'),(56,9,97,5,'on','user','','1291268565'),(55,8,97,1,'on','user','','1291268565'),(54,7,97,1,'on','user','','1291268565'),(53,6,97,1,'on','user','','1291268565'),(52,5,97,1,'on','user','','1291268565'),(51,4,97,1,'on','user','','1291268565'),(50,3,97,1,'on','user','','1291268565'),(49,2,97,5,'on','user','','1291268565'),(48,1,97,5,'on','user','','1291268565'),(59,1,99,1,'on','user','','1293023950'),(60,2,99,1,'on','user','','1293023950'),(61,3,99,3,'on','user','','1293023950'),(62,6,99,1,'on','user','','1293023950'),(63,7,99,1,'on','user','','1293023950'),(64,12,87,5,'on','user','','1314351405'),(65,13,87,1,'on','user','','1314351405'),(66,14,87,5,'on','user','','1314351405');

--
-- Table structure for table `bstock_profilemoduleprivileges`
--

CREATE TABLE `bstock_profilemoduleprivileges` (
  `id` int(10) NOT NULL AUTO_INCREMENT COMMENT 'This is the primary key.',
  `module_id` int(10) NOT NULL COMMENT 'This is the foreign key for the modules & is mapped to primary key of modules table.',
  `profile_id` int(10) NOT NULL COMMENT 'This is the foreign key for profiles & is mapped to primary key of profiles table.',
  `is_enabled` enum('on','off') NOT NULL DEFAULT 'on' COMMENT 'This field will contain 0 or 1. 0  Would mean this module is disabled  For the corresponding profile_id.  1 would mean the module is  Accessible to profile_id.',
  `created_date` varchar(50) NOT NULL COMMENT 'This will be the date when this record was created / inserted.',
  `modified_date` varchar(50) NOT NULL COMMENT 'This will be the last modified date for this record..',
  PRIMARY KEY (`id`)
) ENGINE=MyISAM AUTO_INCREMENT=67 DEFAULT CHARSET=latin1 COMMENT='Store what modules are allowed to be accessed by profiles.';

--
-- Dumping data for table `bstock_profilemoduleprivileges`
--

INSERT INTO `bstock_profilemoduleprivileges` VALUES (1,1,91,'on','','1261392304'),(2,2,91,'on','','1261392304'),(3,3,91,'on','','1261392304'),(5,1,85,'on','','1259609910'),(6,2,85,'off','','1259609910'),(7,3,85,'off','','1259609910'),(8,1,86,'on','','1259650566'),(9,2,86,'on','','1259650566'),(10,3,86,'off','','1259650566'),(14,4,91,'on','','1261392304'),(15,5,91,'on','','1261392304'),(16,1,89,'on','','1261381121'),(17,2,89,'off','','1261381121'),(18,3,89,'off','','1261381121'),(19,4,89,'off','','1261381121'),(20,5,89,'off','','1261381121'),(21,1,91,'on','1261381762','1261381762'),(22,2,91,'off','1261381762','1261381762'),(23,3,91,'off','1261381762','1261381762'),(24,4,91,'off','1261381762','1261381762'),(25,5,91,'off','1261381762','1261381762'),(26,3,87,'on','','1314351405'),(27,1,87,'on','','1314351405'),(28,2,87,'on','','1314351405'),(29,5,87,'on','','1314351405'),(30,4,87,'on','','1290113547'),(31,6,87,'off','','1314351405'),(32,7,87,'on','','1314351405'),(33,8,87,'on','','1290113547'),(34,9,87,'on','','1314351405'),(35,10,87,'on','','1290113547'),(36,11,87,'on','','1314351405'),(37,1,96,'on','','1289802117'),(38,2,96,'off','','1289802117'),(39,3,96,'off','','1289802117'),(40,4,96,'off','','1289802117'),(41,5,96,'off','','1289802117'),(42,6,96,'off','','1289802117'),(43,7,96,'off','','1289802117'),(44,8,96,'off','','1289802117'),(45,9,96,'off','','1289802117'),(46,10,96,'off','','1289802117'),(47,11,96,'off','','1289802117'),(48,1,97,'on','','1291268565'),(49,2,97,'on','','1291268565'),(50,3,97,'off','','1291268565'),(51,4,97,'off','','1291268565'),(52,5,97,'off','','1291268565'),(53,6,97,'off','','1291268565'),(54,7,97,'off','','1291268565'),(55,8,97,'off','','1291268565'),(56,9,97,'on','','1291268565'),(57,10,97,'off','','1291268565'),(58,11,97,'off','','1291268565'),(59,1,99,'on','','1293023950'),(60,2,99,'off','','1293023950'),(61,3,99,'on','','1293023950'),(62,6,99,'off','','1293023950'),(63,7,99,'off','','1293023950'),(64,12,87,'on','','1314351405'),(65,13,87,'off','','1314351405'),(66,14,87,'on','','1314351405');

--
-- Table structure for table `bstock_profilepluginprivileges`
--

CREATE TABLE `bstock_profilepluginprivileges` (
  `id` int(10) NOT NULL AUTO_INCREMENT COMMENT 'This is the primary key.',
  `plugin_id` int(10) NOT NULL COMMENT 'This is the foreign key for the modules & is mapped to primary key of modules table.',
  `profile_id` int(10) NOT NULL COMMENT 'This is the foreign key for profiles & is mapped to primary key of profiles table.',
  `is_enabled` enum('on','off') NOT NULL DEFAULT 'on' COMMENT 'This field will contain 0 or 1. 0  Would mean this module is disabled  For the corresponding profile_id.  1 would mean the module is  Accessible to profile_id.',
  `created_date` varchar(50) NOT NULL COMMENT 'This will be the date when this record was created / inserted.',
  `modified_date` varchar(50) NOT NULL COMMENT 'This will be the last modified date for this record..',
  PRIMARY KEY (`id`)
) ENGINE=MyISAM AUTO_INCREMENT=124 DEFAULT CHARSET=latin1 COMMENT='Store what modules are allowed to be accessed by profiles.';

--
-- Dumping data for table `bstock_profilepluginprivileges`
--

INSERT INTO `bstock_profilepluginprivileges` VALUES (1,1,91,'on','','1261392304'),(2,2,91,'on','','1261392304'),(3,3,91,'on','','1261392304'),(5,1,85,'on','','1259609910'),(6,2,85,'off','','1259609910'),(7,3,85,'off','','1259609910'),(8,1,86,'on','','1259650566'),(9,2,86,'on','','1259650566'),(10,3,86,'off','','1259650566'),(14,4,91,'on','','1261392304'),(15,5,91,'on','','1261392304'),(16,1,89,'on','','1261381121'),(17,2,89,'off','','1261381121'),(18,3,89,'off','','1261381121'),(19,4,89,'off','','1261381121'),(20,5,89,'off','','1261381121'),(21,1,91,'on','1261381762','1261381762'),(22,2,91,'off','1261381762','1261381762'),(23,3,91,'off','1261381762','1261381762'),(24,4,91,'off','1261381762','1261381762'),(25,5,91,'off','1261381762','1261381762'),(26,3,87,'off','','1314351405'),(27,1,87,'off','','1314351405'),(28,2,87,'on','','1292397332'),(29,5,87,'on','','1290113547'),(30,4,87,'on','','1290113547'),(31,6,87,'off','','1314351405'),(32,7,87,'on','','1292397332'),(33,8,87,'on','','1290113547'),(34,9,87,'on','','1290113548'),(35,10,87,'on','','1314351405'),(36,11,87,'on','','1290113547'),(37,1,96,'on','','1289802117'),(38,2,96,'off','','1289802117'),(39,3,96,'off','','1289802117'),(40,4,96,'off','','1289802117'),(41,5,96,'off','','1289802117'),(42,6,96,'off','','1289802117'),(43,7,96,'off','','1289802117'),(44,8,96,'off','','1289802117'),(45,9,96,'off','','1289802117'),(46,10,96,'off','','1289802117'),(47,11,96,'off','','1289802117'),(48,1,97,'on','','1291268565'),(49,2,97,'on','','1291268565'),(50,3,97,'off','','1291268565'),(51,4,97,'off','','1291268565'),(52,5,97,'off','','1291268565'),(53,6,97,'off','','1291268565'),(54,7,97,'off','','1291268565'),(55,8,97,'off','','1291268565'),(56,9,97,'on','','1291268565'),(57,10,97,'off','','1291268565'),(58,11,97,'off','','1291268565'),(59,23,87,'on','','1314351405'),(60,1,0,'off','1293013584','1293013584'),(61,3,0,'off','1293013584','1293013584'),(62,6,0,'off','1293013584','1293013584'),(63,10,0,'off','1293013584','1293013584'),(64,15,0,'on','1293013584','1293013584'),(65,16,0,'off','1293013584','1293013584'),(66,17,0,'on','1293013584','1293013584'),(67,20,0,'off','1293013584','1293013584'),(68,22,0,'off','1293013584','1293013584'),(69,23,0,'off','1293013584','1293013584'),(70,24,0,'off','1293013584','1293013584'),(71,25,0,'off','1293013584','1293013584'),(72,26,0,'off','1293013584','1293013584'),(73,27,0,'off','1293013584','1293013584'),(74,28,0,'off','1293013584','1293013584'),(75,29,0,'off','1293013584','1293013584'),(76,30,0,'off','1293013584','1293013584'),(77,31,0,'off','1293013584','1293013584'),(78,32,0,'off','1293013584','1293013584'),(79,33,0,'off','1293013584','1293013584'),(80,1,99,'off','1293013623','1293023950'),(81,3,99,'off','1293013623','1293023950'),(82,6,99,'off','1293013623','1293023950'),(83,10,99,'off','1293013623','1293023950'),(84,15,99,'on','1293013623','1293023950'),(85,16,99,'off','1293013623','1293023950'),(86,17,99,'on','1293013623','1293023950'),(87,20,99,'off','1293013623','1293023950'),(88,22,99,'off','1293013623','1293023950'),(89,23,99,'off','1293013623','1293023950'),(90,24,99,'off','1293013623','1293023950'),(91,25,99,'off','1293013623','1293023950'),(92,26,99,'off','1293013623','1293023950'),(93,27,99,'off','1293013623','1293023950'),(94,28,99,'off','1293013623','1293023950'),(95,29,99,'off','1293013623','1293023950'),(96,30,99,'off','1293013623','1293023950'),(97,31,99,'on','1293013623','1293023950'),(98,32,99,'off','1293013623','1293023950'),(99,33,99,'off','1293013623','1293023950'),(100,15,87,'on','1293021520','1314351405'),(101,16,87,'on','1293021520','1314351405'),(102,17,87,'on','1293021520','1314351405'),(103,20,87,'on','1293021520','1314351405'),(104,22,87,'off','1293021520','1314351405'),(105,24,87,'off','1293021520','1314351405'),(106,25,87,'off','1293021520','1314351405'),(107,26,87,'off','1293021520','1314351405'),(108,27,87,'on','1293021520','1314351405'),(109,28,87,'off','1293021520','1314351405'),(110,29,87,'off','1293021520','1314351405'),(111,30,87,'on','1293021520','1314351405'),(112,31,87,'off','1293021520','1314351405'),(113,32,87,'off','1293021520','1314351405'),(114,33,87,'on','1293021520','1314351405'),(115,34,87,'off','1294868586','1314351405'),(116,35,87,'off','1295679201','1314351405'),(117,36,87,'off','1297065988','1314351405'),(118,21,87,'on','1297928981','1314351405'),(119,37,87,'on','1298270201','1314351405'),(120,38,87,'off','1298440925','1314351405'),(121,39,87,'on','1312264631','1314351405'),(122,40,87,'on','1313523684','1314351405'),(123,41,87,'on','1313523684','1314351405');

--
-- Table structure for table `bstock_purchaseorderpaymentstaxes`
--

CREATE TABLE `bstock_purchaseorderpaymentstaxes` (
  `id` int(10) NOT NULL AUTO_INCREMENT,
  `po_number_id` int(5) NOT NULL,
  `tax_amount` decimal(10,2) NOT NULL,
  `tax_id` int(5) NOT NULL COMMENT ' This is the foreign key of the tax table & mapped to it''s',
  `created_date` int(10) NOT NULL,
  `modified_date` int(10) NOT NULL,
  PRIMARY KEY (`id`)
) ENGINE=MyISAM AUTO_INCREMENT=105 DEFAULT CHARSET=latin1;

--
-- Dumping data for table `bstock_purchaseorderpaymentstaxes`
--

INSERT INTO `bstock_purchaseorderpaymentstaxes` VALUES (1,2,1026.32,1,1263286811,1263286811),(2,2,1334.22,2,1263286811,1263286811),(3,2,840.56,4,1263286811,1263286811),(4,3,0.00,1,1267005563,1267005563),(5,3,0.00,2,1267005563,1267005563),(6,4,222.00,4,1267005563,1267005563),(7,4,222.00,4,1267005563,1267005563),(8,5,223.00,2,1267005563,1267005563),(9,3,0.00,4,1267005563,1267005563),(10,6,666.00,1,1267005563,1267005563),(11,8,274.56,1,1275637556,1275637556),(12,8,356.93,2,1275637556,1275637556),(13,8,224.86,4,1275637556,1275637556),(14,13,26.64,1,1275719901,1275719901),(15,13,34.63,2,1275719901,1275719901),(16,13,34.63,2,1275719901,1275719901),(17,13,21.82,4,1275719901,1275719901),(18,14,0.00,1,1275728436,1275728436),(19,14,0.00,2,1275728436,1275728436),(20,14,0.00,4,1275728436,1275728436),(21,15,0.00,1,1275728624,1275728624),(22,15,0.00,2,1275728624,1275728624),(23,15,0.00,4,1275728624,1275728624),(24,16,187.36,1,1275729302,1275729302),(25,16,243.57,2,1275729302,1275729302),(26,16,153.45,4,1275729302,1275729302),(27,17,187.36,1,1275730428,1275730428),(28,17,243.57,2,1275730428,1275730428),(29,17,153.45,4,1275730431,1275730431),(30,18,0.00,1,1275731995,1275731995),(31,18,0.00,2,1275731995,1275731995),(32,18,0.00,4,1275731995,1275731995),(33,19,0.00,1,1275732014,1275732014),(34,19,0.00,2,1275732014,1275732014),(35,19,0.00,4,1275732014,1275732014),(36,20,12.88,1,1275732085,1275732085),(37,20,16.74,2,1275732085,1275732085),(38,20,10.55,4,1275732085,1275732085),(39,21,0.00,1,1275732220,1275732220),(40,21,0.00,2,1275732220,1275732220),(41,21,0.00,4,1275732220,1275732220),(42,22,32.76,1,1276520037,1276520037),(43,22,32.76,2,1276520038,1276520038),(44,22,32.76,4,1276520038,1276520038),(45,23,0.00,1,1276521306,1276521306),(46,23,0.00,2,1276521306,1276521306),(47,23,0.00,4,1276521306,1276521306),(48,24,187.36,1,1276581400,1276581400),(49,24,243.57,2,1276581400,1276581400),(50,24,153.45,4,1276581400,1276581400),(51,25,0.00,1,1276586238,1276586238),(52,25,0.00,2,1276586238,1276586238),(53,25,0.00,4,1276586239,1276586239),(54,26,0.00,1,1276586295,1276586295),(55,26,0.00,2,1276586295,1276586295),(56,26,0.00,4,1276586295,1276586295),(57,27,0.00,1,1276586447,1276586447),(58,27,0.00,2,1276586447,1276586447),(59,27,0.00,4,1276586447,1276586447),(60,28,0.00,1,1276586506,1276586506),(61,28,0.00,2,1276586506,1276586506),(62,28,0.00,4,1276586506,1276586506),(63,29,185.76,1,1276586585,1276586585),(64,29,241.49,2,1276586585,1276586585),(65,29,152.14,4,1276586585,1276586585),(66,30,1301.20,1,1276586704,1276586704),(67,30,1691.56,2,1276586705,1276586705),(68,30,1065.68,4,1276586705,1276586705),(69,31,3176.76,1,1277405569,1277405569),(70,31,4129.79,2,1277405569,1277405569),(71,31,2601.77,4,1277405569,1277405569),(72,32,3176.76,1,1277405654,1277405654),(73,32,4129.79,2,1277405654,1277405654),(74,32,2601.77,4,1277405654,1277405654),(75,33,193.76,1,1277812120,1277812120),(76,33,251.89,2,1277812121,1277812121),(77,33,158.69,4,1277812121,1277812121),(78,34,265.76,1,1277812711,1277812711),(79,34,345.49,2,1277812711,1277812711),(80,34,217.66,4,1277812711,1277812711),(81,35,278.64,1,1277814773,1277814773),(82,35,362.23,2,1277814773,1277814773),(83,35,228.21,4,1277814773,1277814773),(84,36,3065.04,1,1277814862,1277814862),(85,36,3984.55,2,1277814862,1277814862),(86,36,2510.27,4,1277814862,1277814862),(87,37,360.00,1,1277967704,1277967704),(88,37,468.00,2,1277967704,1277967704),(89,37,294.84,4,1277967704,1277967704),(90,38,266.64,1,1277969543,1277969543),(91,38,346.63,2,1277969543,1277969543),(92,38,218.38,4,1277969543,1277969543),(93,39,240.00,1,1277970076,1277970076),(94,39,312.00,2,1277970076,1277970076),(95,39,196.56,4,1277970076,1277970076),(96,40,1200.00,1,1278339931,1278339931),(97,40,1560.00,2,1278339932,1278339932),(98,40,982.80,4,1278339932,1278339932),(99,41,94.20,1,1281619213,1281619213),(100,41,122.46,2,1281619213,1281619213),(101,41,77.15,4,1281619213,1281619213),(102,42,400.00,1,1281962239,1281962239),(103,42,520.00,2,1281962239,1281962239),(104,42,327.60,4,1281962239,1281962239);

--
-- Table structure for table `bstock_receivers`
--

CREATE TABLE `bstock_receivers` (
  `id` int(10) NOT NULL AUTO_INCREMENT COMMENT 'This will be the primary key.',
  `company_name` varchar(250) NOT NULL,
  `first_name` varchar(255) NOT NULL,
  `last_name` varchar(255) NOT NULL,
  `email` varchar(255) NOT NULL,
  `address` text NOT NULL,
  `phone1` varchar(50) NOT NULL,
  `phone2` varchar(50) NOT NULL,
  `fax` varchar(50) NOT NULL,
  `country` varchar(200) NOT NULL,
  `reference_no` varchar(50) NOT NULL,
  `is_active` enum('on','off') NOT NULL,
  `created_date` varchar(50) NOT NULL COMMENT 'This is the created date for this record.',
  `modified_date` varchar(50) NOT NULL COMMENT 'This is the modified date for this record.',
  `iec_no` varchar(50) NOT NULL,
  PRIMARY KEY (`id`)
) ENGINE=MyISAM AUTO_INCREMENT=7 DEFAULT CHARSET=latin1 COMMENT='Receiver is the one under whose name rough is imported. Here';

--
-- Dumping data for table `bstock_receivers`
--

INSERT INTO `bstock_receivers` VALUES (1,'Vishal Importer','','','harshad.narvekar@gmail.com','Seepz, Andheri.','1234567','9999999','1111111','India','2222222','on','','1272312433','12345'),(2,'Harshad  Importer','','','harshad.narvekar@gmail.com','PRASAD CHAMBERS,\r\nOPERA HOUSE,MUMBAI 400 004','2224512','1253412','12355312','India','','on','1265801481','1212356342','0388256202'),(3,'Narvekars  Importer','','','harshad.narvekar@gmail.com','Avenue\r\nNew Link Rd\r\nMalad East','77772222243','2222333344','989899999','UK','Website','on','1265801481','1265801481','EIC234111');

--
-- Table structure for table `bstock_reportsgroupby`
--

CREATE TABLE `bstock_reportsgroupby` (
  `id` int(11) NOT NULL AUTO_INCREMENT COMMENT 'Primary key.',
  `report_id` int(11) NOT NULL COMMENT 'Report id.',
  `column_name` varchar(500) NOT NULL,
  PRIMARY KEY (`id`)
) ENGINE=MyISAM DEFAULT CHARSET=latin1 COMMENT='Store fields that have been selected to be grouped by.';

--
-- Dumping data for table `bstock_reportsgroupby`
--


--
-- Table structure for table `bstock_roughstonesstatustypes`
--

CREATE TABLE `bstock_roughstonesstatustypes` (
  `id` int(10) NOT NULL AUTO_INCREMENT COMMENT 'This is the primary key.',
  `name` varchar(250) NOT NULL COMMENT 'Name of the invoice status type.',
  `description` text NOT NULL COMMENT 'Description for the invoice status type.',
  `is_active` enum('0','1') NOT NULL COMMENT 'Whether this invoice type is active or not.',
  `created_date` varchar(50) NOT NULL COMMENT 'Date when this invoice status type was created.',
  `modified_date` varchar(50) NOT NULL COMMENT 'Date when this invoice status type was last modified.',
  PRIMARY KEY (`id`)
) ENGINE=MyISAM AUTO_INCREMENT=10 DEFAULT CHARSET=latin1 COMMENT='This table is used to store the different invoice status typ';

--
-- Dumping data for table `bstock_roughstonesstatustypes`
--

INSERT INTO `bstock_roughstonesstatustypes` VALUES (1,'Created','Created ','1','',''),(2,'Instock Rough','','1','',''),(3,'Assigned for Manufacturing','','1','1291448956','1291535356'),(4,'Planner Returned','this will store if the stone is returned from Planner Returned','1','1291448956','1291448956'),(5,'Laser Returned','this will store if the stone is returned from Planner Returned','1','1291448956','1291448956'),(6,'Kachu Pachu Returned','this will store if the stone is returned from Planner Returned','1','1291448956','1291448956'),(8,'Polished (Not Published)','Polished (Not Published)','1','',''),(9,'Polished','Polished','1','',''),(7,'Girdle Polishing Returned','Girdle Polishing Returned','','','');

--
-- Table structure for table `bstock_savedsearches`
--

CREATE TABLE `bstock_savedsearches` (
  `saved_search_id` int(10) NOT NULL COMMENT 'This is the primary key.',
  `customer_id` int(10) NOT NULL COMMENT 'This is the foreign key for the customers & is mapped to primary key of customers table.',
  `name` varchar(50) NOT NULL COMMENT 'This will be the name of the saved search entered by the customer.',
  `created_date` varchar(50) NOT NULL COMMENT 'This will contain the created date for this saved search.',
  `modified_date` varchar(50) NOT NULL COMMENT 'This will contain the last modified date for this saved search.',
  PRIMARY KEY (`saved_search_id`)
) ENGINE=MyISAM DEFAULT CHARSET=latin1 COMMENT='Store the searches that are saved by the customer.';

--
-- Dumping data for table `bstock_savedsearches`
--


--
-- Table structure for table `bstock_senders`
--

CREATE TABLE `bstock_senders` (
  `id` int(10) NOT NULL AUTO_INCREMENT COMMENT 'This will be the primary key.',
  `company_name` varchar(250) NOT NULL,
  `first_name` varchar(255) NOT NULL,
  `last_name` varchar(255) NOT NULL,
  `email` varchar(255) NOT NULL,
  `address` text NOT NULL,
  `phone1` varchar(50) NOT NULL,
  `phone2` varchar(50) NOT NULL,
  `fax` varchar(50) NOT NULL,
  `country` varchar(200) NOT NULL,
  `reference_no` varchar(50) NOT NULL,
  `is_active` enum('on','off') NOT NULL,
  `created_date` varchar(50) NOT NULL COMMENT 'This is the created date for this record.',
  `modified_date` varchar(50) NOT NULL COMMENT 'This is the modified date for this record.',
  `iec_no` varchar(50) NOT NULL,
  PRIMARY KEY (`id`)
) ENGINE=MyISAM AUTO_INCREMENT=7 DEFAULT CHARSET=latin1 COMMENT='Sender is the one from whom it is imported. Here we store it';

--
-- Dumping data for table `bstock_senders`
--

INSERT INTO `bstock_senders` VALUES (4,'Bigg Stock Exporter','','','harshad.narvekar@gmail.com','Bigg Stock,\r\nPradeep Niwas,\r\nAndheri East,\r\n400093','9819322550','9833488539','','','','on','1272312515','1272312515','55555'),(6,'Chotu Exporter','','','','Chotu Dangal, Mumbai','98989898','89898989','1233','','Dangalbhai','on','1283889089','1283889089','');

--
-- Table structure for table `bstock_settings`
--

CREATE TABLE `bstock_settings` (
  `config_id` int(10) NOT NULL COMMENT 'This is the primary key.',
  `name` text NOT NULL COMMENT 'Name of the configuration parameter.',
  `value` text NOT NULL COMMENT 'Value of the configuration parameter.',
  PRIMARY KEY (`config_id`)
) ENGINE=MyISAM DEFAULT CHARSET=latin1 COMMENT='Store configuration parameters of the system.';

--
-- Dumping data for table `bstock_settings`
--


--
-- Table structure for table `bstock_shippingtax`
--

CREATE TABLE `bstock_shippingtax` (
  `shipping_tax_id` int(10) NOT NULL COMMENT 'This is the primary key.',
  `type` varchar(250) NOT NULL COMMENT 'Name of the shipping tax type.',
  `percent` varchar(50) NOT NULL COMMENT 'Percentage amount for this shipping tax type.',
  `is_active` enum('0','1') NOT NULL COMMENT 'If active, then only this shipping tax will be displayed while creating invoices / placing orders.',
  `created_date` varchar(50) NOT NULL COMMENT 'This field will contain the created date for this shipping tax type.',
  `modified_date` varchar(50) NOT NULL COMMENT 'This field will contain the last modified date for this shipping tax type.',
  PRIMARY KEY (`shipping_tax_id`)
) ENGINE=MyISAM DEFAULT CHARSET=latin1 COMMENT='Store the different shipping tax types that are being used i';

--
-- Dumping data for table `bstock_shippingtax`
--


--
-- Table structure for table `bstock_specialstoneshistory`
--

CREATE TABLE `bstock_specialstoneshistory` (
  `id` int(10) NOT NULL AUTO_INCREMENT,
  `stone_id` int(10) NOT NULL,
  `month` int(10) NOT NULL,
  `year` int(10) NOT NULL,
  `user_id` int(10) NOT NULL,
  `created_date` int(10) NOT NULL,
  PRIMARY KEY (`id`)
) ENGINE=MyISAM AUTO_INCREMENT=17 DEFAULT CHARSET=latin1;

--
-- Dumping data for table `bstock_specialstoneshistory`
--

INSERT INTO `bstock_specialstoneshistory` VALUES (1,365,11,2010,9,1286637172),(2,175,11,2010,1,1289814899),(3,173,11,2010,1,1289814977),(4,218,11,2010,1,1289815081),(5,217,11,2010,1,1289815082),(6,267,11,2010,1,1289815192),(7,374,11,2010,1,1289996608),(8,385,11,2010,1,1289996626),(9,365,10,2010,9,0),(10,393,12,2010,1,1291983309),(11,24,12,2010,1,1292937901),(12,25,12,2010,1,1292937902),(13,26,12,2010,1,1292937903),(14,24,12,2010,1,1292938284),(15,25,12,2010,1,1292938285),(16,26,12,2010,1,1292938286);

--
-- Table structure for table `bstock_states`
--

CREATE TABLE `bstock_states` (
  `id` int(50) NOT NULL AUTO_INCREMENT,
  `country_id` int(100) NOT NULL,
  `state_code` varchar(10) NOT NULL,
  `name` varchar(100) NOT NULL,
  PRIMARY KEY (`id`)
) ENGINE=InnoDB AUTO_INCREMENT=99 DEFAULT CHARSET=latin1;

--
-- Dumping data for table `bstock_states`
--

INSERT INTO `bstock_states` VALUES (1,840,'AL','Alabama'),(2,840,'AK','Alaska'),(3,840,'ms','missing state'),(4,840,'AZ','Arizona'),(5,840,'AR','Arkansas'),(6,840,'AF','Armed Forces Africa'),(7,840,'AA','Armed Forces Americas'),(8,840,'AC','Armed Forces Canada'),(9,840,'AE','Armed Forces Europe'),(10,840,'AM','Armed Forces Middle East'),(11,840,'AP','Armed Forces Pacific'),(12,840,'CA','California'),(13,840,'CO','Colorado'),(14,840,'CT','Connecticut'),(15,840,'DE','Delaware'),(16,840,'DC','District of Columbia'),(17,840,'FM','Federated States Of Micronesia'),(18,840,'FL','Florida'),(19,840,'GA','Georgia'),(20,840,'GU','Guam'),(21,840,'HI','Hawaii'),(22,840,'ID','Idaho'),(23,840,'IL','Illinois'),(24,840,'IN','Indiana'),(25,840,'IA','Iowa'),(26,840,'KS','Kansas'),(27,840,'KY','Kentucky'),(28,840,'LA','Louisiana'),(29,840,'ME','Maine'),(30,840,'MH','Marshall Islands'),(31,840,'MD','Maryland'),(32,840,'MA','Massachusetts'),(33,840,'MI','Michigan'),(34,840,'MN','Minnesota'),(35,840,'MS','Mississippi'),(36,840,'MO','Missouri'),(37,840,'MT','Montana'),(38,840,'NE','Nebraska'),(39,840,'NV','Nevada'),(40,840,'NH','New Hampshire'),(41,840,'NJ','New Jersey'),(42,840,'NM','New Mexico'),(43,840,'NY','New York'),(44,840,'NC','North Carolina'),(45,840,'ND','North Dakota'),(46,840,'MP','Northern Mariana Islands'),(47,840,'OH','Ohio'),(48,840,'OK','Oklahoma'),(49,840,'OR','Oregon'),(50,840,'PW','Palau'),(51,840,'PA','Pennsylvania'),(52,840,'PR','Puerto Rico'),(53,840,'RI','Rhode Island'),(54,840,'SC','South Carolina'),(55,840,'SD','South Dakota'),(56,840,'TN','Tennessee'),(57,840,'TX','Texas'),(58,840,'UT','Utah'),(59,840,'VT','Vermont'),(60,840,'VI','Virgin Islands'),(61,840,'VA','Virginia'),(62,840,'WA','Washington'),(63,840,'WV','West Virginia'),(64,840,'WI','Wisconsin'),(65,840,'WY','Wyoming'),(66,356,'AP','Andhra Pradesh'),(67,356,'AR','Arunachal Pradesh'),(68,356,'AS','Assam'),(69,356,'BR','Bihar'),(70,356,'CG','Chattisgarh'),(71,356,'GA','Goa'),(72,356,'GJ','Gujarat'),(73,356,'HR','Haryana'),(74,356,'HP','Himachal Pradesh'),(75,356,'JK','Jammu & Kashmir'),(76,356,'JH','Jharkhand'),(77,356,'KA','Karnataka'),(78,356,'KL','Kerala'),(79,356,'MP','Madhya Pradesh'),(80,356,'MH','Maharashtra'),(81,356,'MN','Manipur'),(82,356,'ML','Meghalaya'),(83,356,'MZ','Mizoram'),(84,356,'NL','Nagaland'),(85,356,'OR','Orissa'),(86,356,'PB','Punjab'),(87,356,'RJ','Rajasthan'),(88,356,'SK','Sikkim'),(89,356,'TN','Tamil Nadu'),(90,356,'TR','Tripura'),(91,356,'UA','Uttarakhand'),(92,356,'UP','Uttar Pradesh'),(93,356,'WB','West Bengal'),(94,356,'AN','Andaman & Nicobar'),(95,356,'CH','Chandigarh'),(96,356,'DN','Dadra and Nagar Haveli'),(97,356,'DD','Daman & Diu'),(98,356,'DL','Delhi');

--
-- Table structure for table `bstock_statssettings`
--

CREATE TABLE `bstock_statssettings` (
  `stat_id` int(10) NOT NULL COMMENT 'This is the primary key.',
  `name` varchar(250) NOT NULL COMMENT 'Name of the type of statistic / report.',
  `value` varchar(250) NOT NULL COMMENT 'Value of the type of statistic / report i.e. enabled / disabled.',
  `created_date` varchar(50) NOT NULL COMMENT 'This field will contain the created date for this record.',
  `modified_date` varchar(50) NOT NULL COMMENT 'This field will contain the last modified date for this record.',
  PRIMARY KEY (`stat_id`)
) ENGINE=MyISAM DEFAULT CHARSET=latin1 COMMENT='Store the various reports/statistics like login history,last';

--
-- Dumping data for table `bstock_statssettings`
--


--
-- Table structure for table `bstock_stores`
--

CREATE TABLE `bstock_stores` (
  `store_id` int(10) NOT NULL COMMENT 'This is the primary key.',
  `name` varchar(100) NOT NULL COMMENT 'This field will contain the name of the store.',
  `description` text NOT NULL COMMENT 'This field will contain the description about the store.',
  `status` enum('0','1') NOT NULL COMMENT 'This field will contain whether this store is currently active or not.',
  PRIMARY KEY (`store_id`)
) ENGINE=MyISAM DEFAULT CHARSET=latin1 COMMENT='This table will store the data about multiple stores / shops';

--
-- Dumping data for table `bstock_stores`
--


--
-- Table structure for table `bstock_suppliers`
--

CREATE TABLE `bstock_suppliers` (
  `id` int(10) NOT NULL AUTO_INCREMENT COMMENT 'This will be the primary key.',
  `company_name` varchar(250) NOT NULL,
  `first_name` varchar(255) NOT NULL,
  `last_name` varchar(255) NOT NULL,
  `email` varchar(255) NOT NULL,
  `address` text NOT NULL,
  `phone1` varchar(50) NOT NULL,
  `phone2` varchar(50) NOT NULL,
  `fax` varchar(50) NOT NULL,
  `country` varchar(200) NOT NULL,
  `reference_no` varchar(50) NOT NULL,
  `is_active` enum('on','off') NOT NULL,
  `created_date` varchar(50) NOT NULL COMMENT 'This is the created date for this record.',
  `modified_date` varchar(50) NOT NULL COMMENT 'This is the modified date for this record.',
  `iec_no` varchar(50) NOT NULL,
  PRIMARY KEY (`id`)
) ENGINE=MyISAM AUTO_INCREMENT=7 DEFAULT CHARSET=latin1 COMMENT='Stores supplier related information like Name, Address, etc.';

--
-- Dumping data for table `bstock_suppliers`
--

INSERT INTO `bstock_suppliers` VALUES (1,'Vishal & Co.','','','harshad.narvekar@gmail.com','Seepz, Andheri.','1234567','9999999','1111111','India','2222222','on','','1272312433','12345'),(2,'Harshad & Co.','','','harshad.narvekar@gmail.com','PRASAD CHAMBERS,\r\nOPERA HOUSE,MUMBAI 400 004','2224512','1253412','12355312','India','','on','1265801481','1212356342','0388256202'),(3,'Narvekars','','','harshad.narvekar@gmail.com','Avenue\r\nNew Link Rd\r\nMalad East','77772222243','2222333344','989899999','UK','Website','on','1265801481','1265801481','EIC234111'),(4,'Bigg Stock','','','harshad.narvekar@gmail.com','Bigg Stock,\r\nPradeep Niwas,\r\nAndheri East,\r\n400093','9819322550','9833488539','','','','on','1272312515','1272312515','55555'),(6,'Saumil Gems','','','','Chotu Dangal, Mumbai','98989898','89898989','1233','','Dangalbhai','on','1283889089','1283889089','');

--
-- Table structure for table `bstock_systemuserloginhistory`
--

CREATE TABLE `bstock_systemuserloginhistory` (
  `history_id` int(10) NOT NULL COMMENT 'This is the primary key.',
  `user_id` int(10) NOT NULL COMMENT 'This is the foreign key for the users & is mapped to primary key of users table.',
  `user_ip` varchar(50) NOT NULL COMMENT 'This will store the IP address from which the user had logged in.',
  `login_time` varchar(50) NOT NULL COMMENT 'THis will store the timestamp when the user logged in.',
  `logout_time` varchar(50) NOT NULL COMMENT 'This will store the timestamp when the user logged out.',
  `login_status` enum('0','1') NOT NULL COMMENT 'This field will contain whether  The user is signed in or signed off.',
  PRIMARY KEY (`history_id`)
) ENGINE=MyISAM DEFAULT CHARSET=latin1 COMMENT='Store the login stats of users.Entry is recorded everytime u';

--
-- Dumping data for table `bstock_systemuserloginhistory`
--


--
-- Table structure for table `bstock_taxtypes`
--

CREATE TABLE `bstock_taxtypes` (
  `id` int(10) NOT NULL AUTO_INCREMENT COMMENT 'This is the primary key.',
  `name` varchar(250) NOT NULL COMMENT 'Name of the tax type.',
  `html_taxtype` varchar(255) NOT NULL,
  `type` enum('Percent','Direct') NOT NULL COMMENT 'This field will determine whether this tax is to be deducted as per Percentage or as per the value entered.',
  `percent` varchar(50) NOT NULL COMMENT 'Percentage amount for this tax type.',
  `is_active` enum('0','1') NOT NULL COMMENT 'If active, then only this will be displayed while creating invoices / placing orders.',
  `created_date` varchar(50) NOT NULL COMMENT 'This field will contain the created date for this tax type.',
  `modified_date` varchar(50) NOT NULL COMMENT 'This field will contain the last modified date for this tax type.',
  PRIMARY KEY (`id`)
) ENGINE=MyISAM AUTO_INCREMENT=5 DEFAULT CHARSET=latin1 COMMENT='Store the different tax types that are being used in the sys';

--
-- Dumping data for table `bstock_taxtypes`
--

INSERT INTO `bstock_taxtypes` VALUES (1,'GST','gst','Percent','4','1','',''),(4,'Insurance ','insurance','Percent','3','0','',''),(2,'Octroi','octroi','Percent','5','0','','');

--
-- Table structure for table `bstock_type_master`
--

CREATE TABLE `bstock_type_master` (
  `id` int(10) NOT NULL AUTO_INCREMENT COMMENT 'field is used as type_id in all other table to get the info regarding main products in the system',
  `type` varchar(255) NOT NULL,
  `description` varchar(524) NOT NULL,
  `created_date` int(50) NOT NULL,
  `modified_date` int(50) NOT NULL,
  PRIMARY KEY (`id`)
) ENGINE=MyISAM AUTO_INCREMENT=6 DEFAULT CHARSET=latin1;

--
-- Dumping data for table `bstock_type_master`
--

INSERT INTO `bstock_type_master` VALUES (1,'Platinum','Platinum',0,0),(2,'Gold','Gold',0,0),(3,'Silver','Silver',0,0),(4,'Diamond','Diamond',0,0),(5,'Jewelry','Jewelry',0,0);

--
-- Table structure for table `bstock_userprofiles`
--

CREATE TABLE `bstock_userprofiles` (
  `id` int(10) NOT NULL AUTO_INCREMENT COMMENT 'This is the primary key.',
  `profile_name` varchar(100) NOT NULL COMMENT 'This will contain the profile name.',
  `description` text NOT NULL COMMENT 'This will contain the description of the profile.',
  `transaction_type_id` int(10) NOT NULL DEFAULT '1',
  `divisor` int(10) NOT NULL,
  `is_active` enum('on','off') NOT NULL DEFAULT 'on' COMMENT 'Whether this profile is currently active or not. If not active, none of the users of this profile shall be able to login.',
  `created_date` varchar(50) NOT NULL COMMENT 'This will contain the created date for this profile.',
  `modified_date` varchar(50) NOT NULL COMMENT 'This will contain the last modified date for this profile.',
  `baseprofile` enum('Administrator','Sub-Admin','Customer') NOT NULL,
  `basepro` set('Administrator','Sub-Admin','Customer') NOT NULL,
  `transaction_types` enum('All','White','Black') NOT NULL,
  PRIMARY KEY (`id`)
) ENGINE=MyISAM AUTO_INCREMENT=100 DEFAULT CHARSET=latin1 COMMENT='Store the different user profiles that are used in the syste';

--
-- Dumping data for table `bstock_userprofiles`
--

INSERT INTO `bstock_userprofiles` VALUES (87,'','',1,0,'on','','1314351405','Administrator','','All'),(97,'Sub admin','Sub admin',1,0,'on','','1291268565','Administrator','','All'),(99,'test','',1,0,'on','','1293023950','Administrator','','All');

--
-- Table structure for table `bstock_vendors`
--

CREATE TABLE `bstock_vendors` (
  `id` int(10) NOT NULL AUTO_INCREMENT COMMENT 'This will be the primary key.',
  `vendor_name` varchar(250) NOT NULL,
  `first_name` varchar(255) NOT NULL,
  `last_name` varchar(255) NOT NULL,
  `email` varchar(255) NOT NULL,
  `address` text NOT NULL,
  `phone1` varchar(50) NOT NULL,
  `phone2` varchar(50) NOT NULL,
  `fax` varchar(50) NOT NULL,
  `country` varchar(200) NOT NULL,
  `reference_no` varchar(50) NOT NULL,
  `is_active` enum('on','off') NOT NULL,
  `created_date` varchar(50) NOT NULL COMMENT 'This is the created date for this record.',
  `modified_date` varchar(50) NOT NULL COMMENT 'This is the modified date for this record.',
  `iec_no` varchar(50) NOT NULL,
  PRIMARY KEY (`id`)
) ENGINE=MyISAM AUTO_INCREMENT=7 DEFAULT CHARSET=latin1 COMMENT='Stores vendor related information like Name, Address, etc.';

--
-- Dumping data for table `bstock_vendors`
--

INSERT INTO `bstock_vendors` VALUES (1,'Vishal & Co.','','','harshad.narvekar@gmail.com','Seepz, Andheri.','1234567','9999999','1111111','India','2222222','on','','1272312433','12345'),(2,'Harshad & Co.','','','harshad.narvekar@gmail.com','PRASAD CHAMBERS,\r\nOPERA HOUSE,MUMBAI 400 004','2224512','1253412','12355312','India','','on','1265801481','1212356342','0388256202'),(3,'Narvekars','','','harshad.narvekar@gmail.com','Avenue\r\nNew Link Rd\r\nMalad East','77772222243','2222333344','989899999','UK','Website','on','1265801481','1265801481','EIC234111'),(4,'Bigg Stock','','','harshad.narvekar@gmail.com','Bigg Stock,\r\nPradeep Niwas,\r\nAndheri East,\r\n400093','9819322550','9833488539','','','','on','1272312515','1272312515','55555'),(6,'Chotu Dangal','','','','Chotu Dangal, Mumbai','98989898','89898989','1233','','Dangalbhai','on','1283889089','1283889089','');

--
-- Table structure for table `bstock_verification_history`
--

CREATE TABLE `bstock_verification_history` (
  `id` int(10) NOT NULL COMMENT 'primary id for table',
  `product_id` int(10) NOT NULL COMMENT 'foreign key with bstock_product table',
  `status` enum('Sold','Jhangad','In stock','Return Stock') NOT NULL COMMENT 'Different status of stock',
  `verified_date` varchar(50) NOT NULL COMMENT 'verification date',
  `verified` enum('0','1') NOT NULL COMMENT 'verified 0 or 1',
  PRIMARY KEY (`id`)
) ENGINE=MyISAM DEFAULT CHARSET=latin1 COMMENT='It will store stock''s transaction history';

--
-- Dumping data for table `bstock_verification_history`
--


--
-- Table structure for table `carrier_id`
--

CREATE TABLE `carrier_id` (
  `id` int(50) NOT NULL AUTO_INCREMENT,
  `dropdown_values` varchar(100) NOT NULL,
  `image_path` varchar(255) NOT NULL,
  `is_active` enum('on','off') NOT NULL,
  `created_date` varchar(255) NOT NULL,
  `modified_date` varchar(255) NOT NULL,
  PRIMARY KEY (`id`)
) ENGINE=MyISAM AUTO_INCREMENT=8 DEFAULT CHARSET=latin1;

--
-- Dumping data for table `carrier_id`
--

INSERT INTO `carrier_id` VALUES (1,'NA','','on','1263042946','1263042946'),(2,'Drop off','','on','1263042946','1263042946'),(3,'Platinium Express Post','','on','1263042946','1263042946'),(4,'Express Post','','on','1263042946','1263042946'),(5,'Courier','','on','1263042946','1263042946'),(6,' Brinks','','off','1263042946','1263042946'),(7,' Lemiur','','off','1263042946','1263042946');

--
-- Table structure for table `category`
--

CREATE TABLE `category` (
  `id` int(50) NOT NULL AUTO_INCREMENT,
  `dropdown_values` varchar(100) NOT NULL,
  `image_path` varchar(255) NOT NULL,
  `is_active` enum('1','0') NOT NULL,
  `created_date` varchar(255) NOT NULL,
  `modified_date` varchar(255) NOT NULL,
  PRIMARY KEY (`id`)
) ENGINE=MyISAM AUTO_INCREMENT=6 DEFAULT CHARSET=latin1;

--
-- Dumping data for table `category`
--

INSERT INTO `category` VALUES (1,'None','','1','1285661515','1285661515'),(2,'C4','','1','1285661515','1285661515'),(3,'CP','','1','1285661515','1285661515'),(4,'CF','','1','1285661515','1285661515'),(5,'NC','','1','1285661515','1285661515');

--
-- Table structure for table `city_of_destination`
--

CREATE TABLE `city_of_destination` (
  `id` int(50) NOT NULL AUTO_INCREMENT,
  `dropdown_values` varchar(100) NOT NULL,
  `image_path` varchar(255) NOT NULL,
  `is_active` enum('on','off') NOT NULL,
  `created_date` varchar(255) NOT NULL,
  `modified_date` varchar(255) NOT NULL,
  PRIMARY KEY (`id`)
) ENGINE=MyISAM AUTO_INCREMENT=5 DEFAULT CHARSET=latin1;

--
-- Dumping data for table `city_of_destination`
--

INSERT INTO `city_of_destination` VALUES (1,'Mumbai','','on','1263044479','1263044479'),(2,'Antwerp','','on','1263044479','1263044479'),(3,'New York','','on','1263044479','1263044479'),(4,'Hong Kong','','on','1263044479','1263044479');

--
-- Table structure for table `clarity`
--

CREATE TABLE `clarity` (
  `id` int(50) NOT NULL AUTO_INCREMENT,
  `dropdown_values` varchar(100) NOT NULL,
  `image_path` varchar(255) NOT NULL,
  `is_active` enum('on','off') NOT NULL,
  `created_date` varchar(255) NOT NULL,
  `modified_date` varchar(255) NOT NULL,
  PRIMARY KEY (`id`)
) ENGINE=MyISAM AUTO_INCREMENT=41 DEFAULT CHARSET=latin1;

--
-- Dumping data for table `clarity`
--

INSERT INTO `clarity` VALUES (1,'ANY','','on','1261227023','1261227023'),(2,'IF','','on','1261227023','1261227023'),(3,'VVS1','','on','1261227023','1261227023'),(4,'VVS2','','on','1261227023','1261227023'),(5,'VS1','','on','1261227023','1261227023'),(6,'VS2','','on','1261227023','1261227023'),(7,'SI1','','on','1261227023','1261227023'),(8,'SI2','','on','1261227023','1261227023'),(9,'SI3','','on','1261227023','1261227023'),(10,'I1','','on','1261227023','1261227023'),(11,'I2','','on','1261227023','1261227023'),(40,'I3','','on','1261227023','1261227023');

--
-- Table structure for table `color`
--

CREATE TABLE `color` (
  `id` int(50) NOT NULL AUTO_INCREMENT,
  `dropdown_values` varchar(100) NOT NULL,
  `image_path` varchar(255) NOT NULL,
  `is_active` enum('on','off') NOT NULL,
  `created_date` varchar(255) NOT NULL,
  `modified_date` varchar(255) NOT NULL,
  PRIMARY KEY (`id`)
) ENGINE=MyISAM AUTO_INCREMENT=25 DEFAULT CHARSET=latin1;

--
-- Dumping data for table `color`
--

INSERT INTO `color` VALUES (1,'ANY','','on','1261227132','1261227132'),(2,'D','','on','1261227132','1261227132'),(3,'E','','on','1261227132','1261227132'),(4,'F','','on','1261227132','1261227132'),(5,'G','','on','1261227132','1261227132'),(6,'H','','on','1261227132','1261227132'),(7,'I','','on','1261227132','1261227132'),(8,'J','','on','1261227132','1261227132'),(9,'K','','on','1261227132','1261227132'),(10,'L','','on','1261227132','1261227132'),(11,'M','','on','1261227132','1261227132'),(12,'N','','on','1261227132','1261227132'),(13,'O','','on','1261227132','1261227132'),(14,'P','','on','1261227132','1261227132'),(15,'Q','','on','1261227132','1261227132'),(16,'R','','on','1261227132','1261227132'),(17,'S','','on','1261227132','1261227132'),(18,'T','','on','1261227132','1261227132'),(19,'U','','on','1261227132','1261227132'),(20,'V','','on','1261227132','1261227132');

--
-- Table structure for table `country`
--

CREATE TABLE `country` (
  `id` int(50) NOT NULL AUTO_INCREMENT,
  `dropdown_values` varchar(100) NOT NULL,
  `image_path` varchar(255) NOT NULL,
  `is_active` enum('1','0') NOT NULL,
  `created_date` varchar(255) NOT NULL,
  `modified_date` varchar(255) NOT NULL,
  PRIMARY KEY (`id`)
) ENGINE=MyISAM AUTO_INCREMENT=5 DEFAULT CHARSET=latin1;

--
-- Dumping data for table `country`
--

INSERT INTO `country` VALUES (1,'India','','1','1264598444','1264598444'),(2,' Hong Kong','','1','1264598444','1264598444'),(3,' USA','','1','1264598444','1264598444'),(4,' Belgium','','1','1264598444','1264598444');

--
-- Table structure for table `country_of_destination`
--

CREATE TABLE `country_of_destination` (
  `id` int(50) NOT NULL AUTO_INCREMENT,
  `dropdown_values` varchar(100) NOT NULL,
  `image_path` varchar(255) NOT NULL,
  `is_active` enum('on','off') NOT NULL,
  `created_date` varchar(255) NOT NULL,
  `modified_date` varchar(255) NOT NULL,
  PRIMARY KEY (`id`)
) ENGINE=MyISAM AUTO_INCREMENT=4 DEFAULT CHARSET=latin1;

--
-- Dumping data for table `country_of_destination`
--

INSERT INTO `country_of_destination` VALUES (1,'NA','','on','1263273314','1263273314'),(2,'India','','on','1263273314','1263273314'),(3,'Belgium','','on','1263273314','1263273314');

--
-- Table structure for table `country_of_origin`
--

CREATE TABLE `country_of_origin` (
  `id` int(50) NOT NULL AUTO_INCREMENT,
  `dropdown_values` varchar(100) NOT NULL,
  `image_path` varchar(255) NOT NULL,
  `is_active` enum('on','off') NOT NULL,
  `created_date` varchar(255) NOT NULL,
  `modified_date` varchar(255) NOT NULL,
  PRIMARY KEY (`id`)
) ENGINE=MyISAM AUTO_INCREMENT=4 DEFAULT CHARSET=latin1;

--
-- Dumping data for table `country_of_origin`
--

INSERT INTO `country_of_origin` VALUES (1,'NA','','on','1263273123','1263273123'),(2,'India','','on','1263273123','1263273123'),(3,'Belgium','','on','1263273123','1263273123');

--
-- Table structure for table `customerprofiles`
--

CREATE TABLE `customerprofiles` (
  `id` int(10) NOT NULL AUTO_INCREMENT COMMENT 'This is the primary key.',
  `dropdown_values` varchar(250) NOT NULL,
  `image_path` varchar(255) NOT NULL,
  `is_active` enum('0','1') NOT NULL COMMENT 'Whether this profile is currently active or not. If not active, none of the customers of this profile shall be able to login.',
  `created_date` varchar(50) NOT NULL COMMENT 'This will contain the created date for this profile.',
  `modified_date` varchar(50) NOT NULL COMMENT 'This will contain the last modified date for this profile.',
  PRIMARY KEY (`id`)
) ENGINE=MyISAM AUTO_INCREMENT=3 DEFAULT CHARSET=latin1 COMMENT='Store the different user profiles that are used in the syste';

--
-- Dumping data for table `customerprofiles`
--

INSERT INTO `customerprofiles` VALUES (1,'User','','1','',''),(2,'Customer','','1','','');

--
-- Table structure for table `cut`
--

CREATE TABLE `cut` (
  `id` int(50) NOT NULL AUTO_INCREMENT,
  `dropdown_values` varchar(100) NOT NULL,
  `image_path` varchar(255) NOT NULL,
  `is_active` enum('on','off') NOT NULL,
  `created_date` varchar(255) NOT NULL,
  `modified_date` varchar(255) NOT NULL,
  PRIMARY KEY (`id`)
) ENGINE=MyISAM AUTO_INCREMENT=6 DEFAULT CHARSET=latin1;

--
-- Dumping data for table `cut`
--

INSERT INTO `cut` VALUES (1,'ANY','','on','1261226805','1261226805'),(2,'EXCELLENT','','on','1261226805','1261226805'),(3,'VERY GOOD','','on','1261226805','1261226805'),(4,'GOOD','','on','1261226805','1261226805'),(5,'FAIR','','on','','');

--
-- Table structure for table `delivery_types`
--

CREATE TABLE `delivery_types` (
  `id` int(11) NOT NULL AUTO_INCREMENT,
  `name` varchar(50) NOT NULL,
  `icon` varchar(50) NOT NULL,
  `is_active` enum('on','off') NOT NULL,
  PRIMARY KEY (`id`)
) ENGINE=MyISAM AUTO_INCREMENT=4 DEFAULT CHARSET=latin1 COMMENT='Stores delivery types used for sending approvals & orders.';

--
-- Dumping data for table `delivery_types`
--

INSERT INTO `delivery_types` VALUES (1,'Courier','','on'),(2,'Express Post','','on'),(3,'Platinum','','on');

--
-- Table structure for table `disount_offers`
--

CREATE TABLE `disount_offers` (
  `id` int(11) NOT NULL AUTO_INCREMENT,
  `title` varchar(500) NOT NULL,
  `desc` varchar(1000) NOT NULL,
  `image` varchar(500) NOT NULL,
  `is_active` enum('on','off') NOT NULL,
  `created_date` int(10) NOT NULL,
  `modified_date` int(10) NOT NULL,
  PRIMARY KEY (`id`)
) ENGINE=MyISAM AUTO_INCREMENT=3 DEFAULT CHARSET=latin1;

--
-- Dumping data for table `disount_offers`
--

INSERT INTO `disount_offers` VALUES (1,'Save 15% For Limited Time','Online Exclusives','img1.jpg','on',1286637172,1286637172),(2,'Matching Pair ','BUY NOW ','img2.jpg','on',1286637172,1286637172);

--
-- Table structure for table `flourescence`
--

CREATE TABLE `flourescence` (
  `id` int(50) NOT NULL AUTO_INCREMENT,
  `dropdown_values` varchar(100) NOT NULL,
  `image_path` varchar(255) NOT NULL,
  `is_active` enum('on','off') NOT NULL,
  `created_date` varchar(255) NOT NULL,
  `modified_date` varchar(255) NOT NULL,
  PRIMARY KEY (`id`)
) ENGINE=MyISAM AUTO_INCREMENT=13 DEFAULT CHARSET=latin1;

--
-- Dumping data for table `flourescence`
--

INSERT INTO `flourescence` VALUES (1,'ANY','','on','1261225411','1261225411'),(2,'NONE','','on','1261225411','1261225411'),(3,'FAINT','','on','1261225411','1261225411'),(4,'MEDIUM','','on','1261225411','1261225411'),(5,'STRONG','','on','1261225411','1261225411'),(6,'VERY STRONG','','on','1261225411','1261225411'),(7,'SLIGHT','','on','1261225411','1261225411'),(8,'VERY SLIGHT','','on','1261225411','1261225411');

--
-- Table structure for table `html_field_types`
--

CREATE TABLE `html_field_types` (
  `id` int(50) NOT NULL AUTO_INCREMENT,
  `dropdown_values` varchar(100) NOT NULL,
  `image_path` varchar(255) NOT NULL,
  `is_active` enum('1','0') NOT NULL,
  `created_date` varchar(255) NOT NULL,
  `modified_date` varchar(255) NOT NULL,
  PRIMARY KEY (`id`)
) ENGINE=MyISAM AUTO_INCREMENT=9 DEFAULT CHARSET=latin1;

--
-- Dumping data for table `html_field_types`
--



--
-- Table structure for table `jwl_category`
--

CREATE TABLE `jwl_category` (
  `id` int(50) NOT NULL AUTO_INCREMENT,
  `dropdown_values` varchar(100) NOT NULL,
  `image_path` varchar(255) NOT NULL,
  `is_active` enum('1','0') NOT NULL,
  `created_date` varchar(255) NOT NULL,
  `modified_date` varchar(255) NOT NULL,
  PRIMARY KEY (`id`)
) ENGINE=MyISAM AUTO_INCREMENT=10 DEFAULT CHARSET=latin1;

--
-- Dumping data for table `jwl_category`
--

INSERT INTO `jwl_category` VALUES (1,'Ring','','1','1285164756','1285164756'),(2,' Bangles','','1','1285164756','1285164756'),(3,' Necklace','','1','1285164756','1285164756'),(4,' Earnings','','1','1285164756','1285164756'),(5,' Bracelet','','1','1285164756','1285164756'),(6,' Nose Ring','','1','1285164756','1285164756'),(7,' Painjan','','1','1285164756','1285164756'),(8,' Bajuband','','1','1285164756','1285164756'),(9,' KamarPata','','1','1285164756','1285164756');

--
-- Table structure for table `lab`
--

CREATE TABLE `lab` (
  `id` int(50) NOT NULL AUTO_INCREMENT,
  `dropdown_values` varchar(100) NOT NULL,
  `image_path` varchar(255) NOT NULL,
  `is_active` enum('on','off') NOT NULL,
  `created_date` varchar(255) NOT NULL,
  `modified_date` varchar(255) NOT NULL,
  PRIMARY KEY (`id`)
) ENGINE=MyISAM AUTO_INCREMENT=14 DEFAULT CHARSET=latin1;

--
-- Dumping data for table `lab`
--

INSERT INTO `lab` VALUES (1,'All Labs','','on','1261225488','1261225488'),(2,'GIA','','on','1261225488','1261225488'),(3,'IGI','','on','1261225488','1261225488'),(4,'HRD','','on','1261225488','1261225488'),(5,'AGS','','on','1261225488','1261225488'),(6,'PGS','','on','1261225488','1261225488'),(7,'VGR','','on','1261225488','1261225488'),(8,'EGL USA','','on','',''),(9,'EGL Israel','','on','',''),(10,'EGL Other','','on','',''),(11,'DCLA','','on','',''),(12,'Uncertified','','on','',''),(13,'Other','','on','','');

--
-- Table structure for table `location`
--

CREATE TABLE `location` (
  `id` int(50) NOT NULL AUTO_INCREMENT,
  `dropdown_values` varchar(100) NOT NULL,
  `image_path` varchar(255) NOT NULL,
  `is_active` enum('1','0') NOT NULL,
  `created_date` varchar(255) NOT NULL,
  `modified_date` varchar(255) NOT NULL,
  PRIMARY KEY (`id`)
) ENGINE=MyISAM AUTO_INCREMENT=6 DEFAULT CHARSET=latin1;

--
-- Dumping data for table `location`
--

INSERT INTO `location` VALUES (1,'All','','1','1261224120','1261224120'),(2,'Antwerp','','1','1261224120','1261224120'),(3,'Hong Kong','','1','1261224120','1261224120'),(4,'Mumbai','','1','1261224120','1261224120'),(5,'New York','','1','1261224120','1261224120');

--
-- Table structure for table `payment_terms_id`
--

CREATE TABLE `payment_terms_id` (
  `id` int(50) NOT NULL AUTO_INCREMENT,
  `dropdown_values` varchar(100) NOT NULL,
  `no_of_days` decimal(10,0) NOT NULL,
  `image_path` varchar(255) NOT NULL,
  `is_active` enum('on','off') NOT NULL,
  `created_date` varchar(255) NOT NULL,
  `modified_date` varchar(255) NOT NULL,
  PRIMARY KEY (`id`)
) ENGINE=MyISAM AUTO_INCREMENT=11 DEFAULT CHARSET=latin1;

--
-- Dumping data for table `payment_terms_id`
--

INSERT INTO `payment_terms_id` VALUES (1,'COD',0,'','on','1263279097','1263279097'),(2,'30 Days',30,'','on','1263279097','1263279097'),(3,'60 Days',60,'','on','1263279097','1263279097'),(4,'90 Days',90,'','on','1263279097','1263279097'),(5,'120 Days',120,'','on','','');

--
-- Table structure for table `place_of_receipt`
--

CREATE TABLE `place_of_receipt` (
  `id` int(50) NOT NULL AUTO_INCREMENT,
  `dropdown_values` varchar(100) NOT NULL,
  `image_path` varchar(255) NOT NULL,
  `is_active` enum('on','off') NOT NULL,
  `created_date` varchar(255) NOT NULL,
  `modified_date` varchar(255) NOT NULL,
  PRIMARY KEY (`id`)
) ENGINE=MyISAM AUTO_INCREMENT=4 DEFAULT CHARSET=latin1;

--
-- Dumping data for table `place_of_receipt`
--

INSERT INTO `place_of_receipt` VALUES (1,'NA','','on','1263044185','1263044185'),(2,'Mumbai','','on','1263044185','1263044185'),(3,'Antwerp','','on','1263044185','1263044185');

--
-- Table structure for table `polish`
--

CREATE TABLE `polish` (
  `id` int(50) NOT NULL AUTO_INCREMENT,
  `dropdown_values` varchar(100) NOT NULL,
  `image_path` varchar(255) NOT NULL,
  `is_active` enum('on','off') NOT NULL,
  `created_date` varchar(255) NOT NULL,
  `modified_date` varchar(255) NOT NULL,
  PRIMARY KEY (`id`)
) ENGINE=MyISAM AUTO_INCREMENT=6 DEFAULT CHARSET=latin1;

--
-- Dumping data for table `polish`
--

INSERT INTO `polish` VALUES (1,'ANY','','on','1261226805','1261226805'),(2,'EXCELLENT','','on','1261226805','1261226805'),(3,'VERY GOOD','','on','1261226805','1261226805'),(4,'GOOD','','on','1261226805','1261226805'),(5,'FAIR','','on','1261226805','1261226805');

--
-- Table structure for table `port_of_discharge`
--

CREATE TABLE `port_of_discharge` (
  `id` int(50) NOT NULL AUTO_INCREMENT,
  `dropdown_values` varchar(100) NOT NULL,
  `image_path` varchar(255) NOT NULL,
  `is_active` enum('on','off') NOT NULL,
  `created_date` varchar(255) NOT NULL,
  `modified_date` varchar(255) NOT NULL,
  PRIMARY KEY (`id`)
) ENGINE=MyISAM AUTO_INCREMENT=4 DEFAULT CHARSET=latin1;

--
-- Dumping data for table `port_of_discharge`
--

INSERT INTO `port_of_discharge` VALUES (1,'NA','','on','1263044308','1263044308'),(2,'India','','on','1263044308','1263044308'),(3,'Belgium','','on','1263044308','1263044308');

--
-- Table structure for table `port_of_loading`
--

CREATE TABLE `port_of_loading` (
  `id` int(50) NOT NULL AUTO_INCREMENT,
  `dropdown_values` varchar(100) NOT NULL,
  `image_path` varchar(255) NOT NULL,
  `is_active` enum('on','off') NOT NULL,
  `created_date` varchar(255) NOT NULL,
  `modified_date` varchar(255) NOT NULL,
  PRIMARY KEY (`id`)
) ENGINE=MyISAM AUTO_INCREMENT=4 DEFAULT CHARSET=latin1;

--
-- Dumping data for table `port_of_loading`
--

INSERT INTO `port_of_loading` VALUES (1,'NA','','on','1263044308','1263044308'),(2,'Mumbai','','on','1263044308','1263044308'),(3,'Antwerp','','on','1263044308','1263044308');

--
-- Table structure for table `product_certification_details`
--

CREATE TABLE `product_certification_details` (
  `id` int(10) NOT NULL AUTO_INCREMENT,
  `product_id` int(10) NOT NULL COMMENT 'this will store the product_id from bstock_product table',
  `certificate_name` enum('GIA','IGI') NOT NULL,
  `certificate_cost` float(10,2) NOT NULL,
  `created_date` int(10) NOT NULL,
  `modified_date` int(10) NOT NULL,
  PRIMARY KEY (`id`)
) ENGINE=MyISAM AUTO_INCREMENT=35 DEFAULT CHARSET=latin1;

--
-- Dumping data for table `product_certification_details`
--

INSERT INTO `product_certification_details` VALUES (1,3,'GIA',0.00,123123124,123123124),(2,3,'',0.73,1303585319,1303585319),(3,75,'',1.00,1303585430,1303585430),(4,75,'',1.00,1303585451,1303585451),(5,75,'',0.73,1303585592,1303585592),(6,75,'',0.73,1303585592,1303585592),(7,75,'GIA',0.73,1303586867,1303586867),(8,75,'IGI',0.31,1303586920,1303586920),(9,75,'GIA',0.09,1303587027,1303587027),(10,75,'GIA',0.11,1303587423,1303587423),(11,70,'GIA',2.22,1304173813,1304173813),(12,71,'GIA',2.22,1304173863,1304173863),(13,80,'GIA',10.00,1304175580,1304175580),(14,80,'IGI',1.11,1304175698,1304175698),(15,80,'GIA',4.89,1304179831,1304179831),(16,80,'GIA',4.89,1304179834,1304179834),(17,84,'GIA',10.00,1304182764,1304182764),(18,3,'GIA',33.33,1305108516,1305108516),(19,106,'IGI',0.11,1305137026,1305137026),(20,106,'IGI',0.34,1305137126,1305137126),(21,106,'IGI',0.16,1305137155,1305137155),(22,106,'GIA',0.50,1305137453,1305137453),(23,106,'GIA',0.50,1305137528,1305137528),(24,106,'GIA',0.50,1305137702,1305137702),(25,108,'IGI',1.00,1305143464,1305143464),(26,108,'GIA',1.00,1305143491,1305143491),(27,108,'GIA',1.00,1305143611,1305143611),(28,109,'IGI',1.00,1305143952,1305143952),(29,109,'IGI',1.00,1305145421,1305145421),(30,109,'GIA',1.00,1305145488,1305145488),(31,109,'IGI',1.00,1305145684,1305145684),(32,211,'IGI',111.11,1306860111,1306860111),(33,211,'IGI',0.27,1306860265,1306860265),(34,212,'IGI',111.11,1306860704,1306860704);

--
-- Table structure for table `products_certification_history`
--

CREATE TABLE `products_certification_history` (
  `id` int(10) NOT NULL AUTO_INCREMENT,
  `product_id` int(10) NOT NULL,
  `created_by_id` int(10) NOT NULL,
  `type` varchar(500) NOT NULL COMMENT 'This field will store the type of entry added here.It wil help while showing in history popup. For this it will be certification.',
  `certification_cost` float(10,2) NOT NULL,
  `certificate_status` enum('Given','Back') NOT NULL,
  `certification_type` enum('GIA','IGI') NOT NULL,
  `certification_changed_parameters` varchar(1000) NOT NULL,
  `discount` float(10,2) NOT NULL,
  `current_rap_price` float(10,2) NOT NULL,
  `created_date` int(10) NOT NULL,
  PRIMARY KEY (`id`)
) ENGINE=MyISAM AUTO_INCREMENT=34 DEFAULT CHARSET=latin1;

--
-- Dumping data for table `products_certification_history`
--

INSERT INTO `products_certification_history` VALUES (1,2,0,'Certification Upgrade',0.00,'','','ROUND 1.42 D IF EXCELLENT   57 61.2',6.00,29000.00,1314016061),(2,29,0,'Certification Upgrade',0.00,'','','ROUND 1.01 D VVS2 VERY GOOD   60 62.7',22.00,18500.00,1314016061),(3,5,0,'Certification Upgrade',0.00,'','','ROUND 1.07 F IF EXCELLENT   55 62.1',18.00,18000.00,1314016062),(4,3,0,'Certification Upgrade',0.00,'','','ROUND 1.20 G VVS2 EXCELLENT   57 62.6',12.00,11500.00,1314016062),(5,18,0,'Certification Upgrade',0.00,'','','ROUND 1.07 G SI1 EXCELLENT   57 60.9',8.00,7400.00,1314016062),(6,30,0,'Certification Upgrade',0.00,'','','ROUND 1.13 G SI2 EXCELLENT   57 61.9',8.00,6400.00,1314016062),(7,26,0,'Certification Upgrade',0.00,'','','ROUND 1.14 H VS1 EXCELLENT   58 61.7',2.00,8500.00,1314016062),(8,13,0,'Certification Upgrade',0.00,'','','ROUND 1.00 I SI1 EXCELLENT   55 62.6',9.00,6300.00,1314016062),(9,14,0,'Certification Upgrade',0.00,'','','ROUND 1.12 I SI1 EXCELLENT   57 61.6',10.00,6300.00,1314016062),(10,31,0,'Certification Upgrade',0.00,'','','ROUND 1.40 I SI2 EXCELLENT   57 62.3',2.00,5600.00,1314016062),(11,33,0,'Certification Upgrade',0.00,'','','ROUND 1.12 J VS2 EXCELLENT   59 60.7',10.00,6300.00,1314016062),(12,6,0,'Certification Upgrade',0.00,'','','ROUND 1.41 K IF VERY GOOD   59 63.1',12.00,6900.00,1314016063),(13,1,0,'Certification Upgrade',0.00,'','','ROUND 1.28 K VVS1 VERY GOOD   61 58.3',15.00,6600.00,1314016063),(14,12,0,'Certification Upgrade',0.00,'','','ROUND 1.35 L IF VERY GOOD   59 62.4',10.00,5700.00,1314016063),(15,7,0,'Certification Upgrade',0.00,'','','ROUND 1.20 L VVS2 EXCELLENT   56 62.6',12.00,5200.00,1314016063),(16,19,0,'Certification Upgrade',0.00,'','','ROUND 1.53 E VS2 EXCELLENT   60 60.4',8.00,14500.00,1314016063),(17,16,0,'Certification Upgrade',0.00,'','','ROUND 1.62 F IF EXCELLENT   58 60.3',14.00,22500.00,1314016063),(18,27,0,'Certification Upgrade',0.00,'','','ROUND 1.51 F VVS1 VERY GOOD   60 62',20.00,19500.00,1314016063),(19,11,0,'Certification Upgrade',0.00,'','','ROUND 1.65 F VVS2 EXCELLENT   56 62.9',8.00,17000.00,1314016063),(20,25,0,'Certification Upgrade',0.00,'','','ROUND 1.50 F VVS2 EXCELLENT   59 61.7',10.00,17000.00,1314016063),(21,32,0,'Certification Upgrade',0.00,'','','ROUND 1.54 G VVS2 EXCELLENT   57 62.3',10.00,14500.00,1314016113),(22,23,0,'Certification Upgrade',0.00,'','','ROUND 1.61 G VS1 EXCELLENT   58 62.1',6.00,13000.00,1314016113),(23,24,0,'Certification Upgrade',0.00,'','','ROUND 1.61 G VS1 EXCELLENT   57 62.4',6.00,13000.00,1314016113),(24,17,0,'Certification Upgrade',0.00,'','','ROUND 1.65 G VS2 EXCELLENT   58 62.2',5.00,11800.00,1314016113),(25,28,0,'Certification Upgrade',0.00,'','','ROUND 1.51 G SI1 VERY GOOD   55 64.4',21.00,10000.00,1314016113),(26,22,0,'Certification Upgrade',0.00,'','','ROUND 1.51 H IF EXCELLENT   57 60.9',6.00,14400.00,1314016113),(27,20,0,'Certification Upgrade',0.00,'','','ROUND 1.70 H VVS2 EXCELLENT   56 62.4',4.00,12300.00,1314016113),(28,15,0,'Certification Upgrade',0.00,'','','ROUND 1.61 I VS2 VERY GOOD   59 62.8',14.00,8800.00,1314016113),(29,21,0,'Certification Upgrade',0.00,'','','ROUND 1.50 J IF VERY GOOD   57 64.9',15.00,10200.00,1314016113),(30,4,0,'Certification Upgrade',0.00,'','','ROUND 1.58 J SI2 EXCELLENT   57 61.3',18.00,6000.00,1314016113),(31,10,0,'Certification Upgrade',0.00,'','','ROUND 1.53 L IF VERY GOOD   61 58.3',18.00,6800.00,1314016113),(32,9,0,'Certification Upgrade',0.00,'','','ROUND 1.55 M VVS1 VERY GOOD   57 62.7',18.00,5600.00,1314016113),(33,8,0,'Certification Upgrade',0.00,'','','ROUND 1.52 M VVS2 VERY GOOD   58 62.1',18.00,5200.00,1314016113);

--
-- Table structure for table `purchase_order_expense`
--

CREATE TABLE `purchase_order_expense` (
  `id` int(5) NOT NULL AUTO_INCREMENT,
  `po_number_id` int(5) NOT NULL,
  `purpose` varchar(255) NOT NULL,
  `price` decimal(10,2) NOT NULL,
  `date` int(10) NOT NULL,
  `created_date` int(10) NOT NULL,
  `modified_date` int(11) NOT NULL,
  PRIMARY KEY (`id`)
) ENGINE=MyISAM AUTO_INCREMENT=17 DEFAULT CHARSET=latin1;

--
-- Dumping data for table `purchase_order_expense`
--

INSERT INTO `purchase_order_expense` VALUES (1,2,'test',33333.00,1273574188,1274697388,1274697388),(2,2,'test2',2222.00,1273574241,1274697441,1274697441),(3,2,'test3',1000.00,1273574259,1274697459,1274697459),(4,3,'test1',22.00,1275536011,1275449611,1275449611),(5,8,'test',3343.00,1275552309,1275638709,1275638709),(6,9,'test test',22.00,1275631832,1275718232,1275718232),(7,9,'test test',22.00,1275631832,1275718232,1275718232),(8,9,'test test',22.00,1275631832,1275718232,1275718232),(9,11,'test',233.00,1275632414,1275718814,1275718814),(10,12,'test',333.00,1275632777,1275719177,1275719177),(11,14,'test et et s',22.00,1275555636,1275728436,1275728436),(12,15,'test etst',2323.00,1275555824,1275728624,1275728624),(13,1,'test',333.00,1275575211,1276007211,1276007211),(14,22,'Cleaning.',500.00,1276001638,1276520038,1276520038),(15,23,'Polishing',1000.00,1275571602,1276522002,1276522002),(16,37,'test',342.00,1277881304,1277967704,1277967704);

--
-- Table structure for table `sales_order_expense`
--

CREATE TABLE `sales_order_expense` (
  `id` int(5) NOT NULL AUTO_INCREMENT,
  `so_number_id` int(5) NOT NULL,
  `purpose` varchar(255) NOT NULL,
  `price` decimal(10,2) NOT NULL,
  `date` int(10) NOT NULL,
  `created_date` int(10) NOT NULL,
  `modified_date` int(11) NOT NULL,
  PRIMARY KEY (`id`)
) ENGINE=MyISAM AUTO_INCREMENT=13 DEFAULT CHARSET=latin1;

--
-- Dumping data for table `sales_order_expense`
--

INSERT INTO `sales_order_expense` VALUES (1,2,'test',33333.00,1273574188,1274697388,1274697388),(2,2,'test2',2222.00,1273574241,1274697441,1274697441),(3,2,'test3',1000.00,1273574259,1274697459,1274697459),(4,3,'test1',22.00,1275536011,1275449611,1275449611),(5,8,'test',3343.00,1275552309,1275638709,1275638709),(6,9,'test test',22.00,1275631832,1275718232,1275718232),(7,9,'test test',22.00,1275631832,1275718232,1275718232),(8,9,'test test',22.00,1275631832,1275718232,1275718232),(9,11,'test',233.00,1275632414,1275718814,1275718814),(10,12,'test',333.00,1275632777,1275719177,1275719177),(11,14,'test et et s',22.00,1275555636,1275728436,1275728436),(12,15,'test etst',2323.00,1275555824,1275728624,1275728624);

--
-- Table structure for table `shape`
--

CREATE TABLE `shape` (
  `id` int(50) NOT NULL AUTO_INCREMENT,
  `dropdown_values` varchar(100) NOT NULL,
  `image_path` varchar(255) NOT NULL,
  `is_active` enum('on','off') NOT NULL,
  `created_date` varchar(255) NOT NULL,
  `modified_date` varchar(255) NOT NULL,
  PRIMARY KEY (`id`)
) ENGINE=MyISAM AUTO_INCREMENT=14 DEFAULT CHARSET=latin1;

--
-- Dumping data for table `shape`
--

INSERT INTO `shape` VALUES (2,'ROUND','rounded.jpg','on','1261221691','1261221691'),(3,'PRINCESS','prin.jpg','on','1261221691','1261221691'),(4,'PEAR','pear.jpg','on','1261221691','1261221691'),(5,'MARQUISE','marqui.jpg','on','1261221691','1261221691'),(6,'EMERALD','emerald.jpg','on','1261221691','1261221691'),(7,'HEART','heart.jpg','on','1261221691','1261221691'),(8,'OVAL','oval.jpg','on','1261221691','1261221691'),(9,'CUSHION','cuchi.jpg','on','1261221691','1261221691'),(10,'TRIANGLE','triangle.jpg','on','1261221691','1261221691'),(11,'ASCHER','ascher.jpg','on','',''),(12,'RADIANT','radiant.jpg','on','',''),(13,'CHOKHI','','on','','');

--
-- Table structure for table `status`
--

CREATE TABLE `status` (
  `id` int(50) NOT NULL AUTO_INCREMENT,
  `dropdown_values` varchar(100) NOT NULL,
  `image_path` varchar(255) NOT NULL,
  `is_active` enum('on','off') NOT NULL,
  `created_date` varchar(255) NOT NULL,
  `modified_date` varchar(255) NOT NULL,
  PRIMARY KEY (`id`)
) ENGINE=MyISAM AUTO_INCREMENT=17 DEFAULT CHARSET=latin1;

--
-- Dumping data for table `status`
--

INSERT INTO `status` VALUES (1,'In Stock','','on','1290109529','1290109529'),(2,'Sold','','on','1290109529','1290109529'),(3,'Jhangad Placed','','on','1290109529','1290109529'),(4,'Jhangad Issued','','on','1290109529','1290109529'),(5,'Jhangad Issued Partial','','on','1290109529','1290109529'),(6,'Jhangad Couriered Full','','on','1290109529','1290109529'),(7,'Jhangad Couriered Partial','','on','1290109529','1290109529'),(8,'Jhangad Partially Returned','','on','1290109529','1290109529'),(9,'Jhangad Returned Full','','on','1290109529','1290109529'),(10,'Order Placed','','on','1290109529','1290109529'),(11,'Order Issued','','on','1290109529','1290109529'),(12,'Order Issued Partial','','on','1290109529','1290109529'),(13,'Order Couriered Full','','on','1290109529','1290109529'),(14,'Order Couriered Partial','','on','1290109529','1290109529'),(15,'Order Partially Returned','','on','1290109529','1290109529'),(16,'Order Returned Full','','on','1290109529','1290109529');

--
-- Table structure for table `suggest`
--

CREATE TABLE `suggest` (
  `suggest_id` int(11) NOT NULL AUTO_INCREMENT,
  `title` varchar(255) DEFAULT NULL,
  PRIMARY KEY (`suggest_id`)
) ENGINE=MyISAM AUTO_INCREMENT=99 DEFAULT CHARSET=latin1;

--
-- Dumping data for table `suggest`
--

INSERT INTO `suggest` VALUES (1,'Home'),(2,'TECHNOLOGIES'),(3,'SOLUTIONS  AND SOFTWARE'),(4,'Websites'),(5,'Web Apps'),(6,'Applications'),(7,'E-COMMERCE SOLUTIONS'),(8,'osCommerce'),(9,'CMS / Portals'),(10,'Microsoft .NET'),(11,'J2EE'),(12,'LAMP'),(13,'PHP'),(14,'MySQL'),(15,'Apache'),(16,'ASP.NET'),(17,'Windows Applications'),(18,'JSP'),(19,'SWING'),(20,'Web Technologies'),(21,'XHTML'),(22,'RSS / ATOM'),(23,'XML'),(24,'XSL'),(25,'XAML'),(26,'AJAX'),(27,'About DynamicAJAX'),(28,'CSS'),(29,'The Basics'),(30,'SAJAX'),(31,'About The Site Images'),(32,'About Me'),(33,'JavaScript'),(34,'RSS 2.0'),(35,'ATOM 1.0'),(36,'Search Engine Optimization'),(37,'Flash'),(38,'Open Source'),(39,'HTTP Server'),(40,'Full Text Search'),(41,'Best Practices'),(42,'XML Schema Definitons'),(43,'Web Content Accessibility Guidelines'),(44,'Printable Pages'),(45,'Search Engine'),(46,'Navigation'),(47,'Direct Web Remoting'),(48,'Mars Exploration Rovers'),(49,'Cassini'),(50,'Fun with Queries'),(51,'SEO Tricks and Tactics'),(52,'osCommerce Contributions'),(53,'PHP & IIS'),(54,'Regular Expressions'),(55,'Rants'),(56,'URL Rewrite'),(57,'Fun with CSS'),(58,'ActionScript'),(59,'Visual Studio 2005'),(60,'SQL Server'),(61,'Search Engine Commands'),(62,'Web Site Layout'),(63,'AJAX'),(64,'AJAX Basics'),(65,'ATLAS'),(66,'SAJAX'),(67,'Tutorials'),(68,'Novice'),(69,'Frameworks'),(70,'Ajax.NET'),(71,'Framework Tutorials'),(72,'SAJAX'),(73,'Ajax.NET'),(74,'Direct Web Remoting'),(75,'Intermediate'),(76,'AJAX Example Sites'),(77,'My Tutorials'),(78,'AJAX Web Chat Part 1'),(79,'The JavaScript'),(80,'Sending The Request'),(81,'Color Schemes'),(82,'AJAX Resources'),(83,'The Backend'),(84,'Usability Additions'),(85,'AJAX Instant Messenger Part 1'),(86,'Ruby on Rails'),(87,'Crazy Queries'),(88,'XmlHttpRequest Methods'),(89,'XmlHttpRequest Properties'),(90,'AjaxTags'),(91,'Direct Web Remoting'),(92,'My URL Rewriting'),(93,'Great Quotes'),(94,'IXSSO Queries'),(95,'AFLAX'),(96,'Other Technologies'),(97,'Microsoft Indexing Server'),(98,'.NET & CISSO');

--
-- Table structure for table `symmetry`
--

CREATE TABLE `symmetry` (
  `id` int(50) NOT NULL AUTO_INCREMENT,
  `dropdown_values` varchar(100) NOT NULL,
  `image_path` varchar(255) NOT NULL,
  `is_active` enum('on','off') NOT NULL,
  `created_date` varchar(255) NOT NULL,
  `modified_date` varchar(255) NOT NULL,
  PRIMARY KEY (`id`)
) ENGINE=MyISAM AUTO_INCREMENT=6 DEFAULT CHARSET=latin1;

--
-- Dumping data for table `symmetry`
--

INSERT INTO `symmetry` VALUES (1,'ANY','','on','1261226805','1261226805'),(2,'EXCELLENT','','on','1261226805','1261226805'),(3,'VERY GOOD','','on','1261226805','1261226805'),(4,'GOOD','','on','1261226805','1261226805'),(5,'FAIR','','on','1261226805','1261226805');

--
-- Table structure for table `transaction_types`
--

CREATE TABLE `transaction_types` (
  `id` int(50) NOT NULL AUTO_INCREMENT,
  `dropdown_values` varchar(100) NOT NULL,
  `image_path` varchar(255) NOT NULL,
  `is_active` enum('on','off') NOT NULL,
  `created_date` varchar(255) NOT NULL,
  `modified_date` varchar(255) NOT NULL,
  PRIMARY KEY (`id`)
) ENGINE=MyISAM AUTO_INCREMENT=7 DEFAULT CHARSET=latin1;

--
-- Dumping data for table `transaction_types`
--

INSERT INTO `transaction_types` VALUES (1,'All','','on','1277554424','1277554424'),(2,'W','','on','1277554424','1277554424'),(3,'B','','on','1277554424','1277554424');

--
-- Table structure for table `trial_balance_entries`
--

CREATE TABLE `trial_balance_entries` (
  `id` int(10) NOT NULL AUTO_INCREMENT COMMENT 'This is the primiary key',
  `particulars` varchar(255) NOT NULL,
  `debit` decimal(10,3) NOT NULL,
  `credit` decimal(10,3) NOT NULL,
  `created_date` int(10) NOT NULL,
  `modified_date` int(10) NOT NULL,
  PRIMARY KEY (`id`)
) ENGINE=MyISAM AUTO_INCREMENT=9 DEFAULT CHARSET=latin1;

--
-- Dumping data for table `trial_balance_entries`
--

INSERT INTO `trial_balance_entries` VALUES (1,'opening stock (on 1/4/2010)',25000.000,0.000,1269635676,1269635676),(2,'Purchases',4500094.000,0.000,1269635676,1269635676),(3,'Sales',0.000,9999999.999,1269635676,1269635676),(4,'Wages',20000.000,0.000,1269635676,1269635676),(5,'Conveyance',2400.000,0.000,1269635676,1269635676),(6,'Printing & Stationery',3000.000,0.000,1269635676,1269635676),(7,'Bad Debts',1300.000,0.000,1269635676,1269635676),(8,'Carriage & Courier',5500.000,0.000,1269635676,1269635676);

--
-- Table structure for table `validation_type`
--

CREATE TABLE `validation_type` (
  `id` int(50) NOT NULL AUTO_INCREMENT,
  `dropdown_values` varchar(100) NOT NULL,
  `image_path` varchar(255) NOT NULL,
  `is_active` enum('1','0') NOT NULL,
  `created_date` varchar(255) NOT NULL,
  `modified_date` varchar(255) NOT NULL,
  PRIMARY KEY (`id`)
) ENGINE=MyISAM AUTO_INCREMENT=40 DEFAULT CHARSET=latin1;

--
-- Dumping data for table `validation_type`
--

INSERT INTO `validation_type` VALUES (1,'_AGE_','','1','1260186186','1260186186'),(2,'_NUMBER_','','1','1260186186','1260186186'),(3,'_ALPHA_','','1','1260186186','1260186186'),(4,'_ALPHANUM_','','1','1260186186','1260186186'),(7,'_CVVNUMBER_','','1','1260186186','1260186186'),(8,'_CREADITCARDNUMBER_','','1','1260186186','1260186186'),(9,'_USERNAME_','','1','1260186186','1260186186'),(10,'_NAME_','','1','1260186186','1260186186'),(11,'_FIRSTNAME_','','1','1260186186','1260186186'),(12,'_MIDDLENAME_','','1','1260186186','1260186186'),(13,'_LASTNAME_','','1','1260186186','1260186186'),(14,'_TITLE_','','1','1260186186','1260186186'),(15,'_POSITION_','','1','1260186186','1260186186'),(16,'_DESIGNATION_','','1','1260186186','1260186186'),(17,'_MOBILE_','','1','1260186186','1260186186'),(18,'_FAX_','','1','1260186186','1260186186'),(19,'_USPHONE_','','1','1260186186','1260186186'),(20,'_ZIP_','','1','1260186186','1260186186'),(21,'_USZIP_','','1','1260186186','1260186186'),(22,'_UKZIP_','','1','1260186186','1260186186'),(23,'_SSN_','','1','1260186186','1260186186'),(24,'_CURRENCY_','','1','1260186186','1260186186'),(25,'_EMAIL_','','1','1260186186','1260186186'),(26,'_URL_','','1','1260186186','1260186186'),(27,'_IP_','','1','1260186186','1260186186'),(28,'_REGION_','','1','1260186186','1260186186'),(29,'_PRODUCTTITLE_','','1','1260186186','1260186186'),(30,'_COMPANYNAME_','','1','1260186186','1260186186'),(31,'_CATEGORYNAME_','','1','1260186186','1260186186'),(32,'_BLOGTITLE_','','1','1260186186','1260186186'),(33,'_BLOGNAME_','','1','1260186186','1260186186'),(34,'_CITY_','','1','1260186186','1260186186'),(35,'_STATE_','','1','1260186186','1260186186'),(36,'_COUNTRY_','','1','1260186186','1260186186'),(37,'_DATE_','','1','1260186186','1260186186'),(39,'NONE','','1','','');

--
-- Table structure for table `vendorname`
--

CREATE TABLE `vendorname` (
  `id` int(50) NOT NULL AUTO_INCREMENT,
  `dropdown_values` varchar(100) NOT NULL,
  `image_path` varchar(255) NOT NULL,
  `is_active` enum('on','off') NOT NULL,
  `created_date` varchar(255) NOT NULL,
  `modified_date` varchar(255) NOT NULL,
  PRIMARY KEY (`id`)
) ENGINE=MyISAM AUTO_INCREMENT=5 DEFAULT CHARSET=latin1;

--
-- Dumping data for table `vendorname`
--

INSERT INTO `vendorname` VALUES (1,'None','','on','1272312993','1272312993'),(2,'Bigg Stock','','on','1272312993','1272312993'),(3,' Vendor 1','','on','1272312993','1272312993'),(4,' Vendor 2','','on','1272312993','1272312993');


