--
-- Host: localhost    Database: pagesact_soma
-- ------------------------------------------------------


--
-- Current Database: `pagesact_soma`
--

CREATE DATABASE /*!32312 IF NOT EXISTS*/ `pagesact_soma` /*!40100 DEFAULT CHARACTER SET latin1 */;

USE `pagesact_soma`;

--
-- Table structure for table `admin_settings`
--

CREATE TABLE `admin_settings` (
  `company_name` varchar(255) NOT NULL,
  `developer_name` varchar(255) NOT NULL,
  `developer_link` varchar(255) NOT NULL
) ENGINE=MyISAM DEFAULT CHARSET=latin1;

--
-- Dumping data for table `admin_settings`
--

INSERT INTO `admin_settings` VALUES ('Soma Community Church','PagesActive','http://pagesactive.com');

--
-- Table structure for table `galleries`
--

CREATE TABLE `galleries` (
  `gallery_id` int(20) NOT NULL AUTO_INCREMENT,
  `gallery_identifier` varchar(255) NOT NULL,
  PRIMARY KEY (`gallery_id`)
) ENGINE=MyISAM AUTO_INCREMENT=18 DEFAULT CHARSET=latin1;

--
-- Dumping data for table `galleries`
--

INSERT INTO `galleries` VALUES (1,'pictures_index_index'),(2,'picture_community_community'),(3,'6_picture_community_community'),(4,'5_picture_community_community'),(5,'picture_resources_resources'),(6,'9_picture_resources_resources'),(7,'10_picture_resources_resources'),(8,'11_picture_resources_resources'),(9,'_picture_community_community'),(10,'9_picture_community_community'),(11,'gallery_events_events'),(12,'12_gallery_events_events'),(13,'13_gallery_events_events'),(14,'14_gallery_events_events'),(15,'15_gallery_events_events'),(16,'19_picture_sermons_sermons'),(17,'18_picture_sermons_sermons');

--
-- Table structure for table `gallery_images`
--

CREATE TABLE `gallery_images` (
  `gallery_image_id` int(20) NOT NULL AUTO_INCREMENT,
  `gallery_id` int(20) NOT NULL,
  `image_id` int(20) NOT NULL,
  `sort` int(20) NOT NULL DEFAULT '0',
  PRIMARY KEY (`gallery_image_id`)
) ENGINE=MyISAM AUTO_INCREMENT=18 DEFAULT CHARSET=latin1;

--
-- Dumping data for table `gallery_images`
--

INSERT INTO `gallery_images` VALUES (1,3,1,0),(2,6,2,0),(3,7,3,0),(4,8,4,0),(5,12,5,0),(6,12,6,1),(7,12,7,2),(8,14,8,0),(9,14,9,1),(10,14,10,2),(11,14,11,3),(12,14,12,4),(13,14,13,5),(14,14,14,6),(15,14,15,7),(16,16,16,0),(17,17,17,0);

--
-- Table structure for table `images`
--

CREATE TABLE `images` (
  `image_id` int(20) NOT NULL AUTO_INCREMENT,
  `image_filename` varchar(255) NOT NULL,
  `thumb_x` int(20) DEFAULT NULL,
  `thumb_y` int(20) DEFAULT NULL,
  `thumb_x2` int(20) DEFAULT NULL,
  `thumb_y2` int(20) DEFAULT NULL,
  `thumb_w` int(20) DEFAULT NULL,
  `thumb_h` int(20) DEFAULT NULL,
  PRIMARY KEY (`image_id`)
) ENGINE=MyISAM AUTO_INCREMENT=18 DEFAULT CHARSET=latin1;

--
-- Dumping data for table `images`
--

INSERT INTO `images` VALUES (1,'120421074336-leader_pic.png',NULL,NULL,NULL,NULL,NULL,NULL),(2,'120421080412-site_cover.png',NULL,NULL,NULL,NULL,NULL,NULL),(3,'120421080503-book_cover.png',NULL,NULL,NULL,NULL,NULL,NULL),(4,'120421080548-person_cover.png',NULL,NULL,NULL,NULL,NULL,NULL),(5,'120421082412-Lighthouse.jpg',NULL,NULL,NULL,NULL,NULL,NULL),(6,'120421082426-Penguins.jpg',NULL,NULL,NULL,NULL,NULL,NULL),(7,'120421082438-Tulips.jpg',NULL,NULL,NULL,NULL,NULL,NULL),(8,'120421085934-Lighthouse.jpg',15,65,183,169,168,104),(9,'120421085952-Penguins.jpg',131,0,662,328,531,328),(10,'120421090005-Tulips.jpg',148,57,514,283,366,226),(11,'120421090024-Hydrangeas.jpg',158,88,601,362,443,274),(12,'120421090042-Jellyfish.jpg',87,133,571,432,484,299),(13,'120421090059-Koala.jpg',86,103,721,495,635,392),(14,'120421090115-Chrysanthemum.jpg',9,161,542,490,533,329),(15,'120421090134-Desert.jpg',131,117,635,428,504,311),(16,'120421110314-placeholder_image.png',0,0,445,262,445,262),(17,'120421110425-placeholder_image.png',0,0,445,262,445,262);

--
-- Table structure for table `lite_pages`
--

CREATE TABLE `lite_pages` (
  `lite_pages_id` int(20) NOT NULL AUTO_INCREMENT,
  `section` varchar(255) DEFAULT NULL,
  `subsection` varchar(255) DEFAULT NULL,
  `collection_identifier` varchar(255) DEFAULT NULL,
  `collection_sort` int(20) DEFAULT NULL,
  `page_title` varchar(255) DEFAULT NULL,
  `html_content` text,
  `html_content_2` text,
  `page_content` text,
  `page_content_2` text,
  `page_content_3` text,
  `page_content_4` text,
  `page_content_5` text,
  `page_content_6` text,
  `page_content_7` text,
  `page_content_8` text,
  `page_content_9` text,
  `page_content_10` text,
  `page_content_11` text,
  `page_content_12` text,
  `page_content_13` text,
  `page_content_14` text,
  `page_content_15` text,
  `page_content_16` text,
  `page_content_17` text,
  `page_content_18` text,
  `page_content_19` text,
  `page_content_20` text,
  `page_content_21` text,
  `page_content_22` text,
  `page_content_23` text,
  `page_content_24` text,
  `page_content_25` text,
  `page_content_26` text,
  `image_id` int(20) DEFAULT NULL,
  `meta_title` text,
  `meta_keywords` text,
  `meta_description` text,
  PRIMARY KEY (`lite_pages_id`)
) ENGINE=MyISAM AUTO_INCREMENT=21 DEFAULT CHARSET=latin1;

--
-- Dumping data for table `lite_pages`
--

INSERT INTO `lite_pages` VALUES (1,'contact','contact',NULL,NULL,NULL,NULL,NULL,'44901-B 10th St. West, Lancaster, CA 93534','661.605.3569','soma@somachurch.net','nick@pagesactive.com','Sundays','10:00am','11:30am',NULL,NULL,NULL,NULL,NULL,NULL,NULL,NULL,NULL,NULL,NULL,NULL,NULL,NULL,NULL,NULL,NULL,NULL,NULL,NULL,'SOMA - Contact Us','',''),(2,'index','index',NULL,NULL,'Welcome to Soma Community Church!','<style type=\"text/css\">\r\n.column_text {\r\n    display: block;\r\n    float: left;\r\n    margin-right: 22px;\r\n    width: 325px;\r\n}</style>\r\n<p class=\"column_text\">\r\n	auris iaculis quam eu nisi pulvinar tincidunt. Aliquam dictum sagittis purus, et sollicitudin purus tempus ullamcorper. Quisque porttitor enim non diam ultricies vel hendrerit augue sollicitudin. Nulla varius porta tellus vel gravida. Praesent sed metus elit. Ut ultricies est at mi auctor nec hendrerit augue mollis. Vivamus varius euismod diam, nec consequat erat commodo sed. Pellentesque lorem tellus, convallis ac facilisis id, scelerisque eu velit. Cras rutrum odio in felis rutrum in interdum lacus accumsan. Etiam ac posuere diam. Curabitur condimentum pulvinar sem, id vulputate purus egestas quis.</p>\r\n<p class=\"column_text\">\r\n	auris iaculis quam eu nisi pulvinar tincidunt. Aliquam dictum sagittis purus, et sollicitudin purus tempus ullamcorper. Quisque porttitor enim non diam ultricies vel hendrerit augue sollicitudin. Nulla varius porta tellus vel gravida. Praesent sed metus elit. Ut ultricies est at mi auctor nec hendrerit augue mollis. Vivamus varius euismod diam, nec consequat erat commodo sed. Pellentesque lorem tellus, convallis ac facilisis id, scelerisque eu velit. Cras rutrum odio in felis rutrum in interdum lacus accumsan. Etiam ac posuere diam. Curabitur condimentum pulvinar sem, id vulputate purus egestas quis.</p>\r\n',NULL,NULL,NULL,NULL,NULL,NULL,NULL,NULL,NULL,NULL,NULL,NULL,NULL,NULL,NULL,NULL,NULL,NULL,NULL,NULL,NULL,NULL,NULL,NULL,NULL,NULL,NULL,NULL,'SOMA Community Church','',''),(3,NULL,NULL,'homework_index_index',0,'2-26-2012',NULL,NULL,'FB-heavy-santa.jpg',NULL,NULL,NULL,NULL,NULL,NULL,NULL,NULL,NULL,NULL,NULL,NULL,NULL,NULL,NULL,NULL,NULL,NULL,NULL,NULL,NULL,NULL,NULL,NULL,NULL,NULL,NULL,NULL,NULL),(4,'community','community',NULL,NULL,'Why Community is So Important to Us','<p class=\"light_gray\">\r\n	Auris iaculis quam eu nisi pulvinar tincidunt. Aliquam dictum sagittis purus, et sollicitudin purus tempus ullamcorper. Quisque porttitor enim non diam ultricies vel hendrerit augue sollicitudin. Nulla varius porta tellus vel gravida. Praesent sed metus elit. Ut ultricies est at mi auctor nec hendrerit augue mollis. Vivamus varius euismod diam, nec consequat erat commodo sed. Pellentesque lorem tellus, convallis ac facilisis id, scelerisque eu velit. Cras rutrum odio in felis rutrum in interdum lacus accumsan. Etiam ac posuere diam. Curabitur condimentum pulvinar sem, id vulputate purus egestas quis. Proin eu lacus faucibus eros laoreet posuere diam, nec consequat erat commodo sed varius porta tellus enim non. Li-</p>\r\n<p class=\"light_gray\">\r\n	auris iaculis quam eu nisi pulvinar tincidunt. Aliquam dictum sagittis purus, et sollicitudin purus tempus ullamcorper. Quisque porttitor enim non diam ultricies vel hendrerit augue sollicitudin. Nulla varius porta tellus vel gravida. Praesent sed metus elit. Ut ultricies est at mi auctor nec hendrerit augue mollis. Vivamus varius euismod diam, nec consequat erat commodo sed. Pellentesque lorem tellus, convallis ac facilisis id, scelerisque eu velit. Cras rutrum odio in felis rutrum in interdum lacus accumsan. Etiam ac posuere diam. Curabitur condimentum pulvinar sem, id vulputate purus egestas quis. Proin eu lacus faucibus eros laoreet posuere diam, nec consequat erat commodo sed.</p>\r\n',NULL,'',NULL,NULL,NULL,NULL,NULL,NULL,NULL,NULL,NULL,NULL,NULL,NULL,NULL,NULL,NULL,NULL,NULL,NULL,NULL,NULL,NULL,NULL,NULL,NULL,NULL,NULL,'SOMA - Community','',''),(7,'about','about',NULL,NULL,NULL,NULL,NULL,'auris iaculis quam eu nisi pulvinar tincidunt. Aliquam dictum sagittis purus, et sollicitudin purus tempus ullamcorper. Quisque porttitor enim non diam ultricies vel hendrerit augue sollicitudin. Nulla varius porta tellus vel gravida. Praesent sed metus elit. Ut ultricies est at mi auctor nec hendrerit augue mollis. Vivamus varius euismod diam, nec consequat erat commodo sed. quam eu nisi pulvinar tincidunt. Aliquam dictum sagittis purus, et sollicitudin purus tempus ullamcorper. Quisque porttitor enim non diam ultricies vel hendrerit augue sollicitudin. Nulla varius porta tellus vel gravida.\r\n\r\nauris iaculis quam eu nisi pulvinar tincidunt. Aliquam dictum sagittis purus, et sollicitudin purus tempus ullamcorper. Quisque porttitor enim non diam ultricies vel hendrerit augue sollicitudin. Nulla varius porta ','auris iaculis quam eu nisi pulvinar tincidunt. Aliquam dictum sagittis purus, et sollicitudin purus tempus ullamcorper. Quisque porttitor enim non diam ultricies vel hendrerit augue sollicitudin. Nulla varius porta tellus vel gravida. Praesent sed metus elit. Ut ultricies est at mi auctor nec hendrerit augue mollis. Vivamus varius euismod diam, nec consequat erat commodo sed. quam eu nisi pulvinar tincidunt. Aliquam dictum sagittis purus, et sollicitudin purus tempus ullamcorper. Quisque porttitor enim non diam ultricies. ','Auris iaculis quam eu nisi pulvinar tincidunt. Aliquam dictum sagittis purus, et sollicitudin purus tempus ullamcorper. Quisque porttitor enim non diam ultricies vel hendrerit augue sollicitudin. Nulla varius porta diam ultricies vel hendrerit augue diam ultricies vel hendrerit augue Auris iaculis quam eu nisi pulvinar tincidunt. Aliquam dictum sagittis purus, et sollicitudin purus tempus ullamcorper. Quisque porttitor enim non diam ultricies vel hendrerit augue sollicitudin. Nulla varius porta diam ultricies vel hendrerit augue diam ultricies vel hendrerit augue. Auris iaculis quam eu nisi pulvinar tincidunt. Aliquam dictum sagittis purus, et sollicitudin purus tempus ullamcorper. Quisque porttitor enim non diam ultricies vel hendrerit augue sollicitudin. ','auris iaculis quam eu nisi pulvinar tincidunt. Aliquam dictum sagittis purus, et sollicitudin purus tempus ullamcorper. Quisque porttitor enim non diam ultricies vel hendrerit augue sollicitudin. Nulla varius porta tellus vel gravida. Praesent sed metus elit. Ut ultricies est at mi auctor nec hendrerit augue mollis. Vivamus varius euismod diam, nec consequat erat commodo sed. quam eu nisi pulvinar tincidunt. Aliquam dictum sagittis purus, et sollicitudin purus tempus ullamcorper. Quisque porttitor enim non diam ultricies.',NULL,NULL,NULL,NULL,NULL,NULL,NULL,NULL,NULL,NULL,NULL,NULL,NULL,NULL,NULL,NULL,NULL,NULL,NULL,NULL,NULL,NULL,NULL,'SOMA - About Us','',''),(6,NULL,NULL,'leaders_community_community',NULL,'John Doe',NULL,NULL,'auris iaculis quam eu nisi pulvinar tincidunt. Aliquam dictum sagittis purus, et sollicitudin purus tempus ullamcorper. Quisque porttitor enim non diam ultricies vel hendrerit augue sollicitudin.','4541 West Avenue K-12, Lancaster CA, 93536','john@doe.com','661-123-4567',NULL,NULL,NULL,NULL,NULL,NULL,NULL,NULL,NULL,NULL,NULL,NULL,NULL,NULL,NULL,NULL,NULL,NULL,NULL,NULL,NULL,NULL,NULL,NULL,NULL,NULL),(8,'resources','resources',NULL,NULL,NULL,NULL,NULL,NULL,NULL,NULL,NULL,NULL,NULL,NULL,NULL,NULL,NULL,NULL,NULL,NULL,NULL,NULL,NULL,NULL,NULL,NULL,NULL,NULL,NULL,NULL,NULL,NULL,NULL,NULL,'SOMA - Resources','',''),(9,NULL,NULL,'websites_resources_resources',NULL,'Google',NULL,NULL,'This is the Google site.','http://google.com',NULL,NULL,NULL,NULL,NULL,NULL,NULL,NULL,NULL,NULL,NULL,NULL,NULL,NULL,NULL,NULL,NULL,NULL,NULL,NULL,NULL,NULL,NULL,NULL,NULL,NULL,NULL,NULL),(10,NULL,NULL,'books_resources_resources',NULL,'Some Book',NULL,NULL,'Some random temporary book...','http://google.com',NULL,NULL,NULL,NULL,NULL,NULL,NULL,NULL,NULL,NULL,NULL,NULL,NULL,NULL,NULL,NULL,NULL,NULL,NULL,NULL,NULL,NULL,NULL,NULL,NULL,NULL,NULL,NULL),(11,NULL,NULL,'people_resources_resources',NULL,'John Doe',NULL,NULL,'This is just John Doe... he\'s cool...','http://google.com',NULL,NULL,NULL,NULL,NULL,NULL,NULL,NULL,NULL,NULL,NULL,NULL,NULL,NULL,NULL,NULL,NULL,NULL,NULL,NULL,NULL,NULL,NULL,NULL,NULL,NULL,NULL,NULL),(12,NULL,NULL,'events_events_events',0,'Potluck',NULL,NULL,'2012-07-01','10am','April\'s Fools Potluck. Come one, come all!',NULL,NULL,NULL,NULL,NULL,NULL,NULL,NULL,NULL,NULL,NULL,NULL,NULL,NULL,NULL,NULL,NULL,NULL,NULL,NULL,NULL,NULL,NULL,NULL,NULL,NULL,NULL),(14,NULL,NULL,'events_events_events',1,'Conference',NULL,NULL,'2012-04-01','2pm','This is a conference that already passed.',NULL,NULL,NULL,NULL,NULL,NULL,NULL,NULL,NULL,NULL,NULL,NULL,NULL,NULL,NULL,NULL,NULL,NULL,NULL,NULL,NULL,NULL,NULL,NULL,NULL,NULL,NULL),(16,'events','events',NULL,NULL,NULL,NULL,NULL,NULL,NULL,NULL,NULL,NULL,NULL,NULL,NULL,NULL,NULL,NULL,NULL,NULL,NULL,NULL,NULL,NULL,NULL,NULL,NULL,NULL,NULL,NULL,NULL,NULL,NULL,NULL,'SOMA - Events','',''),(17,'sermons','sermons',NULL,NULL,NULL,NULL,NULL,NULL,NULL,NULL,NULL,NULL,NULL,NULL,NULL,NULL,NULL,NULL,NULL,NULL,NULL,NULL,NULL,NULL,NULL,NULL,NULL,NULL,NULL,NULL,NULL,NULL,NULL,NULL,'SOMA - Sermons','',''),(18,NULL,NULL,'sermons_sermons_sermons',NULL,'Galatians',NULL,NULL,'2012-07-01','23:00','Listen with us as we go through Galatians. Yes!','Kalimba.mp3','Join us as we dig deeper into Paul’s letter to the Ephesians  ',NULL,NULL,NULL,NULL,NULL,NULL,NULL,NULL,NULL,NULL,NULL,NULL,NULL,NULL,NULL,NULL,NULL,NULL,NULL,NULL,NULL,NULL,NULL,NULL,NULL),(19,NULL,NULL,'sermons_sermons_sermons',NULL,'Hebrews',NULL,NULL,'2012-04-01','25:00','here\'s another sermon','Sleep Away.mp3',NULL,NULL,NULL,NULL,NULL,NULL,NULL,NULL,NULL,NULL,NULL,NULL,NULL,NULL,NULL,NULL,NULL,NULL,NULL,NULL,NULL,NULL,NULL,NULL,NULL,NULL),(20,'children','children',NULL,NULL,NULL,NULL,NULL,'auris iaculis quam eu nisi pulvinar tincidunt. Aliquam dictum sagittis purus, et sollicitudin purus tempus ullamcorper. Quisque porttitor enim non diam ultricies vel hendrerit augue sollicitudin. Nulla varius porta tellus vel gravida. Praesent sed metus elit. Ut ultricies est at mi auctor nec hendrerit augue mollis. Vivamus varius euismod diam, nec consequat erat commodo sed. quam eu nisi pulvinar tincidunt. Aliquam dictum sagittis purus, et sollicitudin purus tempus ullamcorper. Quisque porttitor enim non diam ultricies vel hendrerit augue sollicitudin. Nulla varius porta tellus vel gravida.\r\n\r\nauris iaculis quam eu nisi pulvinar tincidunt. Aliquam dictum sagittis purus, et sollicitudin purus tempus ullamcorper. Quisque porttitor enim non diam ultricies vel hendrerit augue sollicitudin. Nulla varius porta\r\n\r\nauris iaculis quam eu nisi pulvinar tincidunt. Aliquam dictum sagittis purus, et sollicitudin purus tempus ullamcorper. Quisque porttitor enim non diam ultricies vel hendrerit augue sollicitudin. Nulla varius porta tellus vel gravida. Praesent sed metus elit. Ut ultricies est at mi auctor nec hendrerit augue mollis. Vivamus varius euismod diam, nec consequat erat commodo sed. quam eu nisi pulvinar tincidunt. Aliquam dictum sagittis purus, et sollicitudin purus tempus ullamcorper. Quisque porttitor enim non diam ultricies vel hendrerit augue sollicitudin. Nulla varius porta tellus vel gravida.\r\n\r\nauris iaculis quam eu nisi pulvinar tincidunt. Aliquam dictum sagittis purus, et sollicitudin purus tempus ullamcorper. Quisque porttitor enim non diam ultricies vel hendrerit augue sollicitudin. Nulla varius porta auris iaculis quam eu nisi pulvinar tincidunt. Aliquam dictum sagittis purus, et sollicitudin purus tempus ullamcorper. Quisque porttitor enim non diam ultricies vel hendrerit augue sollicitudin. Nulla varius porta ','Auris iaculis quam eu nisi pulvinar tincidunt. Aliquam dictum sagittis purus, et sollicitudin purus tempus ullamcorper. Quisque porttitor enim non diam ultricies vel hendrerit augue sollicitudin. Nulla varius porta diam ultricies vel hendrerit augue diam ultricies vel hendrerit augue Auris iaculis quam eu nisi pulvinar tincidunt. Aliquam dictum sagittis purus, et sollicitudin purus tempus ullamcorper. Quisque porttitor enim non diam ultricies vel hendrerit augue sollicitudin. Nulla varius porta diam ultricies vel hendrerit augue diam ultricies vel hendrerit augue. Auris iaculis quam eu nisi pulvinar tincidunt. Aliquam dictum sagittis purus, et sollicitudin purus tempus ullamcorper. Quisque porttitor enim non diam ultricies vel hendrerit augue sollicitudin.\r\n\r\nauris iaculis quam eu nisi pulvinar tincidunt. Aliquam dictum sagittis purus, et sollicitudin purus tempus ullamcorper. Quisque porttitor enim non diam ultricies vel hendrerit augue sollicitudin. Nulla varius porta tellus vel gravida. Praesent sed metus elit. Ut ultricies est at mi auctor nec hendrerit augue mollis. Vivamus varius euismod diam, nec consequat erat commodo sed. quam eu nisi pulvinar tincidunt. Aliquam dictum sagittis purus, et sollicitudin purus tempus ullamcorper. Quisque porttitor enim non diam ultricies vel hendrerit augue sollicitudin. Nulla varius porta tellus vel gravida. ',NULL,NULL,NULL,NULL,NULL,NULL,NULL,NULL,NULL,NULL,NULL,NULL,NULL,NULL,NULL,NULL,NULL,NULL,NULL,NULL,NULL,NULL,NULL,NULL,NULL,'SOMA - Children\'s Program','','');

--
-- Table structure for table `mailing_list`
--

CREATE TABLE `mailing_list` (
  `mailing_list_id` int(20) NOT NULL AUTO_INCREMENT,
  `lite_pages_id` int(20) NOT NULL,
  PRIMARY KEY (`mailing_list_id`)
) ENGINE=MyISAM DEFAULT CHARSET=latin1;

--
-- Dumping data for table `mailing_list`
--


--
-- Table structure for table `orders`
--

CREATE TABLE `orders` (
  `orders_id` int(100) NOT NULL AUTO_INCREMENT,
  `customers_id` int(100) NOT NULL,
  `shipping_name` varchar(255) NOT NULL,
  `shipping_address` varchar(255) NOT NULL,
  `shipping_city` varchar(255) NOT NULL,
  `shipping_state` varchar(255) NOT NULL,
  `shipping_zip` varchar(255) NOT NULL,
  `products_ordered` text NOT NULL,
  `shipping_selection` varchar(255) NOT NULL,
  `shipping_cost` float NOT NULL,
  `last_four_cc` int(20) NOT NULL,
  `tax` float NOT NULL,
  `transaction_id` varchar(255) NOT NULL,
  `date_submitted` timestamp NOT NULL DEFAULT CURRENT_TIMESTAMP,
  `status` int(20) NOT NULL,
  PRIMARY KEY (`orders_id`)
) ENGINE=MyISAM DEFAULT CHARSET=latin1;

--
-- Dumping data for table `orders`
--


--
-- Table structure for table `unsubscribed_mailing_list`
--

CREATE TABLE `unsubscribed_mailing_list` (
  `mailing_list_id` int(20) NOT NULL AUTO_INCREMENT,
  `lite_pages_id` int(20) NOT NULL,
  `unsubscribed_date` timestamp NOT NULL DEFAULT CURRENT_TIMESTAMP,
  PRIMARY KEY (`mailing_list_id`)
) ENGINE=MyISAM DEFAULT CHARSET=latin1;

--
-- Dumping data for table `unsubscribed_mailing_list`
--



