('72a2c336275f8562926354be4a9d9d83','signup/_common_templates/form_field_checkbox.tpl','4.5.23.1','2010-05-10 06:05:21','300ea0a723fe945e10a21d9fb187a6c0','N'),('d4c94da240ef772bb8a9594d5af11d1b','signup/_common_templates/form_field_radio.tpl','4.5.23.1','2010-05-10 06:05:21','7003b01617ac783fb9b310e6f31d082c','N'),('bffb72490b001e5b0d0a2df169aa0b42','signup/_common_templates/frame_panel.tpl','4.5.23.1','2010-05-10 06:05:21','7b13a1add8ba712d8a34f4285414b419','N'),('e5f2a085cfbe21e2e8b9659786fb5bc9','signup/_common_templates/gadget_config.tpl','4.5.23.1','2010-05-10 06:05:21','3c5a54d063eda6b88286217d189c3e4c','N'),('095a7e25d27b964646e59cd47a242e69','signup/_common_templates/gadget_google.stpl','4.5.23.1','2010-05-10 06:05:21','7ff6c8b26c237caf0577e1baf4e819c0','N'),('5e66c8ee6dc3b5ec977a58d8e663e52a','signup/_common_templates/gadget_header.tpl','4.5.23.1','2010-05-10 06:05:21','a72a8c2c242fdf3a1ef76f6e0a5d6695','N'),('47dafff72a37361c0646d1287e30aeda','signup/_common_templates/gadget_panel.tpl','4.5.23.1','2010-05-10 06:05:21','4178c029db5e146bc731d779d65a8a36','N'),('c4071f954f5a1e3223551c3248c1dc3e','signup/_common_templates/gadget_row_panel.tpl','4.5.23.1','2010-05-10 06:05:21','a8c6e59d5de5496dbdeda9d57d2788da','N'),('142b0d5caa6fedb51814c68ff61555f8','signup/_common_templates/gadget_rss.stpl','4.5.23.1','2010-05-10 06:05:21','8f73ed22a7ed6f0ca4416e88fedeac78','N'),('0d35b53ddf15376b0dc1bf412e6d250f','signup/_common_templates/gadget_settings.tpl','4.5.23.1','2010-05-10 06:05:21','105ff2811c81ac9c55ea57b7d0ac0148','N'),('02baab20b479ed539adf5545aed34559','signup/_common_templates/gadget_uwa.stpl','4.5.23.1','2010-05-10 06:05:21','fc6f4e53b8ccb091f7b2b074c91e4bd2','N'),('a769d731faadedc360bf6ad77c3b9429','signup/_common_templates/gadget_window.tpl','4.5.23.1','2010-05-10 06:05:21','513ecc937c6be566a42aaf549652fdbe','N'),('5b73b21c7d11aa2f0dcafe4fac8cd014','signup/_common_templates/gadget_window_bottomleft.tpl','4.5.23.1','2010-05-10 06:05:21','ff7129ad4f9f45270ed9e44b088a5e55','N'),('4984a3fdd85dce5923ba9910fa700262','signup/_common_templates/gadget_window_left.tpl','4.5.23.1','2010-05-10 06:05:21','fee5ef79e66e21558f2d86fd2c4f6f83','N'),('1c68680b2d3ee77319bea8453795546c','signup/_common_templates/gadget_window_topleft.tpl','4.5.23.1','2010-05-10 06:05:21','cd802bf0b15f07cb12f8cc74ff1e4679','N'),('e5a8ba1e86e1fa94bd412a603fa60007','signup/_common_templates/gadgets_filter_panel.tpl','4.5.23.1','2010-05-10 06:05:21','d4684697cb82cfd91d4af03897e42046','N'),('8708068218e06de1172d9258b9eccd0a','signup/_common_templates/gadgets_no_data.tpl','4.5.23.1','2010-05-10 06:05:21','10490ba64dc553766a2a507867ea5d9a','N'),('c7d7a1dd0285b8396766a879a2cd1ee5','signup/_common_templates/gpf.css','4.5.23.1','2010-05-10 06:05:21','c1b731d34de920f457ce7e8ae65abe60','N'),('5ffc5a882e145686eea544e36befb9b1','signup/_common_templates/gpf_db_mail.tpl','4.5.23.1','2010-05-10 06:05:21','b5ea5e9ecef2152fdf967085a7689adc','N'),('d2ba8521c9a5b80a9e5b02fc4a694bc6','signup/_common_templates/grid.tpl','4.5.23.1','2010-05-10 06:05:21','d20c62be2b5d77862f2ba81e371f4d4f','N'),('4dbd5563bbd123d272dcbed43c804cf2','signup/_common_templates/grid_bottombuttons.tpl','4.5.23.1','2010-05-10 06:05:21','26695c6d27d33d3121ec70985aa7649b','N'),('39d0248d82844c2c46c7d51719b8911f','signup/_common_templates/grid_bottomgridline.tpl','4.5.23.1','2010-05-10 06:05:21','c835d38d6156165a02cb1dd2661ddd07','N'),('7fdd745e84c949db81f35bbb49b7307a','signup/_common_templates/grid_nodata.tpl','4.5.23.1','2010-05-10 06:05:21','e30adc67da2434c4e93dfdedb6023bc2','N'),('bcf29b04138a9a7e39c1d83604473ea0','signup/_common_templates/grid_pager.tpl','4.5.23.1','2010-05-10 06:05:21','a4eae610598debf021109f81744cb263','N'),('399fac38009f90cae3cc4f9dede20a3d','signup/_common_templates/grid_selector.tpl','4.5.23.1','2010-05-10 06:05:21','4961944e8e7e0606c831881c32b591bb','N'),('29a0683f17ae6d8ace8bdd3117d84874','signup/_common_templates/grid_topbuttons.tpl','4.5.23.1','2010-05-10 06:05:21','1a3f67ea907da0208903a5679ecacfd9','N'),('06a6b70f98732f74ebaa39e5fa4aad04','signup/_common_templates/grid_topgridline.tpl','4.5.23.1','2010-05-10 06:05:21','da6ec34c642ca6fe8b39f1d1609cab2a','N'),('35e2c938acf53aedb2ca986a8168478c','signup/_common_templates/header.stpl','4.5.23.1','2010-05-10 06:05:21','b0e22870bae5f9c1c4809319482788f1','N'),('e55f2472432cf3538f2e6d4dfbebb3c8','signup/_common_templates/header.tpl','4.5.23.1','2010-05-10 06:05:21','32d459ea9f7ebf7a241715058cc91f38','N'),('8086d67c3e0680e587c019f62d848119','signup/_common_templates/horizontal_layout_panel.tpl','4.5.23.1','2010-05-10 06:05:21','8b6098cd64720cff686cc24e06ac4c17','N'),('05657d7e1db3e24176f53f0952fa3dbf','signup/_common_templates/icon_button.tpl','4.5.23.1','2010-05-10 06:05:21','b5bdf543a43063d2f4220611733daec9','N'),('d17c8252d62fe543e8c6e03543a02dc7','signup/_common_templates/icon_object.tpl','4.5.23.1','2010-05-10 06:05:21','ff8d25e63eca03b325c4501e13358fb2','N'),('e347160b0038c4c40778dcc9c78c8a8a','signup/_common_templates/icon_picker.tpl','4.5.23.1','2010-05-10 06:05:21','77a002b90f678df44bcca5776f314820','N'),('9a2154afad57e7db11b18b1bd40723d4','signup/_common_templates/icon_picker_panel.tpl','4.5.23.1','2010-05-10 06:05:21','4342c424a8cb290701f64d0cb63655ec','N'),('0a69b6ac606f6c54e47a197cb0076277','signup/_common_templates/icon_status_widget.tpl','4.5.23.1','2010-05-10 06:05:21','ff9e2bc87e203324cc33c4b3ac365dfe','N'),('329db0df616e037686a45215fe698eea','signup/_common_templates/image_uploader.tpl','4.5.23.1','2010-05-10 06:05:21','730e6f34b9878f5152e3ba12da5a7d1c','N'),('3993c935084d861b433d4c9f76161c66','signup/_common_templates/imagepicker.tpl','4.5.23.1','2010-05-10 06:05:21','8e0e3c7c81df4655610936ab77fc0d8c','N'),('19522d0708bfe36075181d1656e7f69e','signup/_common_templates/img/FB_share_button.png','4.5.23.1','2010-05-10 06:05:21','a56c7efd784eb61b5ac1e6f4111f59a8','N'),('fd77f0b851cec523b04027db39860e3a','signup/_common_templates/img/Thumbs.db','4.5.23.1','2010-05-10 06:05:21','bdc62ffcd5280e5762092f0d48305bce','N'),('0cb6d106ba40bc222512d8e5b688d7a3','signup/_common_templates/img/alt.png','4.5.23.1','2010-05-10 06:05:21','b0f9d31351efbf90578ff392cae6b51e','N'),('769e6755dfa833b61fcf2b7af0147338','signup/_common_templates/img/attachment.png','4.5.23.1','2010-05-10 06:05:21','8351d8840155b42ed4555035657b3892','N'),('eacf0df6f9114d4300ba5a449ae0eec6','signup/_common_templates/img/attachment_delete.png','4.5.23.1','2010-05-10 06:05:21','36ec1f9102d2f054a045f89bcfed1427','N'),('57fc25ef875de0f06eb385ca39439a19','signup/_common_templates/img/balloon.error.arrow.png','4.5.23.1','2010-05-10 06:05:21','57f6d7c5e22cfbd50f5c2a86f5c31552','N'),('9f901d4e8e09d52472814eadeca08eb9','signup/_common_templates/img/balloon.error.png','4.5.23.1','2010-05-10 06:05:21','c865f28e7f1cbdaaf5cde203ee9c899d','N'),('8f46cc7d48491087ba90591d4493d36d','signup/_common_templates/img/balloon.error.vertical.png','4.5.23.1','2010-05-10 06:05:21','9b41530651528380532abd74241e04a1','N'),('60e9e2953228cc2287cca8e16c065f85','signup/_common_templates/img/balloon.help.arrow.png','4.5.23.1','2010-05-10 06:05:21','e945d6f57c493e1ef8e752cb41a0ec2d','N'),('1157069c272d18c9ad0d63304514d287','signup/_common_templates/img/balloon.help.png','4.5.23.1','2010-05-10 06:05:21','dc84b0cd861b1336d026a522a8a64409','N'),('a201676f4a7427c874b55c6dbd3b38fb','signup/_common_templates/img/balloon.help.vertical.png','4.5.23.1','2010-05-10 06:05:21','3de65bed0fc348f05b5ee22a971454a2','N'),('104e8e00441c295b6e6b4fe834d9be78','signup/_common_templates/img/browsers.png','4.5.23.1','2010-05-10 06:05:21','67e449054e2a51c023e8cd867a9a9f42','N'),('c698034c0a247f7d8c3824d8bc16f43f','signup/_common_templates/img/button.gif','4.5.23.1','2010-05-10 06:05:21','4ade3d1a6f70ab99565469a8899c4721','N'),('1fa218b28009af94a202d7906eaa6a44','signup/_common_templates/img/button.icon.png','4.5.23.1','2010-05-10 06:05:21','7fe0dae178ca48f31ca3b440d88ba011','N'),('5f4dfe266199d5ef4aa8945e686de7e2','signup/_common_templates/img/button.png','4.5.23.1','2010-05-10 06:05:21','bfeaa27a8b0c7c52e978ee91a0609975','N'),('9e1e7352f1928abea15ad87e0564cbf1','signup/_common_templates/img/checkbox.png','4.5.23.1','2010-05-10 06:05:22','769adebe16c9648593de3e915c7d5a59','N'),('7dfd611aae8f3609f8151f845bc0ff27','signup/_common_templates/img/content_bottom.gif','4.5.23.1','2010-05-10 06:05:22','752b9cf627b4c7dbccc857d5a691d4b9','N'),('2f0929e0d3bd9a0e41f1852019821cc1','signup/_common_templates/img/content_bottom_left.gif','4.5.23.1','2010-05-10 06:05:22','f050f014c1de2756f669817b104181b0','N'),('0abad2e2a8c2d4b60702884ef17d1fa1','signup/_common_templates/img/content_bottom_right.gif','4.5.23.1','2010-05-10 06:05:22','f7196a6f7f8e41930f25cb60103297e4','N'),('825377c5dd58555558a965b30481b088','signup/_common_templates/img/content_left.gif','4.5.23.1','2010-05-10 06:05:22','d8538d3756f8c6027414a583858618a8','N'),('a0db64965bf1fb6177eadb08c25ab3a8','signup/_common_templates/img/content_right.gif','4.5.23.1','2010-05-10 06:05:22','97177491028c3422434d64a29fce343b','N'),('cdf90d95f0faf952c3762045ecf9d602','signup/_common_templates/img/content_top.gif','4.5.23.1','2010-05-10 06:05:22','1206ee1251333832e10a09d0dd84c3f8','N'),('9638c9f86b22e489e4e78a1bca587f8a','signup/_common_templates/img/content_top_left.gif','4.5.23.1','2010-05-10 06:05:22','8a397076700e439a1c8f24aa9e1c1760','N'),('b89b0f69f77df45be6adcb264d96dfcb','signup/_common_templates/img/content_top_right.gif','4.5.23.1','2010-05-10 06:05:22','13947f410657fe4b089d663c9b9922a2','N'),('3d50329b15002ac3081a2dc92b457d91','signup/_common_templates/img/custom.jpg','4.5.23.1','2010-05-10 06:05:22','d9c02d3d767d73e707bfc28075d882c3','N'),('88f1b02080ee2dfda419a86cc232a79f','signup/_common_templates/img/delete.png','4.5.23.1','2010-05-10 06:05:22','f0e6c0036c26a8a263eb53b28296e4ac','N'),('c75ed03fccbfd141876f9460a25a9fe9','signup/_common_templates/img/dirty.gif','4.5.23.1','2010-05-10 06:05:22','decca3b96e2c37cf6eb04ddb0d9f669b','N'),('a1910983592e8644897aab68180189fb','signup/_common_templates/img/doc.png','4.5.23.1','2010-05-10 06:05:22','c914d3518532910b13728f3d9b43056d','N'),('44912f5ecd02e8f023958c65287b916b','signup/_common_templates/img/draggable.png','4.5.23.1','2010-05-10 06:05:22','ab4fb4e3c82ccb353b30640cc36eaf67','N'),('776e87fd6dc3cadf090fa41e2457fe13','signup/_common_templates/img/favicon.ico','4.5.23.1','2010-05-10 06:05:22','54cbdb12372483e405f46f140db973cc','N'),('50547c2ca696fe40da01dd765c84cbc1','signup/_common_templates/img/feature.png','4.5.23.1','2010-05-10 06:05:22','a17a20726ab706b8cc4d7ad89ee36ef9','N'),('63f89a09e47b0b5f6dc2064ae09f6fe4','signup/_common_templates/img/fieldset.background.png','4.5.23.1','2010-05-10 06:05:22','e02200ae4d1960c61c1baffeee30713a','N'),('354451a8b9af1e55a44a77444d72702f','signup/_common_templates/img/filter.background.png','4.5.23.1','2010-05-10 06:05:22','d0dd4171464ced5e0a869ab2faa211f8','N'),('55cde7ee21a7212a1950974eff10bbe4','signup/_common_templates/img/folder.png','4.5.23.1','2010-05-10 06:05:22','74ad8feccb7ac18bde1380dd7bdbdd06','N'),('1d2960daf13a6668cca955e22ef598ab','signup/_common_templates/img/footer.background.jpg','4.5.23.1','2010-05-10 06:05:22','785055f715fc8c153fe6fa9231620e8c','N'),('f9c4b11b6c06ffdc67d18caa1c356f01','signup/_common_templates/img/gadget.background.png','4.5.23.1','2010-05-10 06:05:22','ad4d3131595af98d69b699d7bcb560f4','N'),('46e37ed7c1debf2423510295f401e1d7','signup/_common_templates/img/gadget.png','4.5.23.1','2010-05-10 06:05:22','149cda728abc46f8e7d6ba2b7ffa3844','N'),('f3676a3b0ec0c77b5c9229b40e7a1460','signup/_common_templates/img/gadget.vertical.png','4.5.23.1','2010-05-10 06:05:22','0931466af2cc61f0fcdaa76ef26ad932','N'),('d77da7d7da6bdd821be2da960eefacff','signup/_common_templates/img/grid.no.data.png','4.5.23.1','2010-05-10 06:05:22','8d4e78d189687b989b07cfb5ccce6522','N'),('9f01759db277b65a825a0423d2a684d2','signup/_common_templates/img/grid.png','4.5.23.1','2010-05-10 06:05:22','9b74b8b6aee2d3456a0fdd0d871317c0','N'),('9fa38c5b7f337b29d69f101186c98013','signup/_common_templates/img/grid.views.png','4.5.23.1','2010-05-10 06:05:22','f3cccc4cf313aad1e2d6a51f3ab169a8','N'),('ad67ff8884f860c2e69a2e7b6fde8b7b','signup/_common_templates/img/html.png','4.5.23.1','2010-05-10 06:05:22','23bf6c9bc9121ffd0c273b5414faaba0','N'),('b3726bd3388956e14c6d356a692bdbba','signup/_common_templates/img/icon-addgadget-big.png','4.5.23.1','2010-05-10 06:05:22','49e2f7dd155012136b5eea97f9b99ed4','N'),('9538552ce57110e09f9c347366ce3741','signup/_common_templates/img/icon-addgadget-middle.png','4.5.23.1','2010-05-10 06:05:22','5c6969388ac082e7ffd663e962dd958a','N'),('b66d041c107a1771e5e0e49969657972','signup/_common_templates/img/icon-addgadget-small.png','4.5.23.1','2010-05-10 06:05:22','80fa5db57fa49bbe9107d3551e2e838f','N'),('dac6304285f35997c1d22f9c62cd2723','signup/_common_templates/img/icon-admins-big.png','4.5.23.1','2010-05-10 06:05:22','c237d6f787767e2f76b4a299fd125fe0','N'),('0012ba1fc1caaa75d653ce58e97c6108','signup/_common_templates/img/icon-admins-middle.png','4.5.23.1','2010-05-10 06:05:22','d2c4880aa1784ce3fb133558bccd8834','N'),('f6419c1de5abe9c927abde328ec3f0ef','signup/_common_templates/img/icon-admins-small.png','4.5.23.1','2010-05-10 06:05:22','0f70cfe05138f5d664f50b009bebdaf7','N'),('0159e9bee3f17ae4f0dbcf8cfe705bf2','signup/_common_templates/img/icon-communication-big.png','4.5.23.1','2010-05-10 06:05:22','d9634c6d21ab0388db756a302b43c24b','N'),('8182c0903d955535ef04af90a5ba6b07','signup/_common_templates/img/icon-communication-middle.png','4.5.23.1','2010-05-10 06:05:22','dad7567ea8455db8f9d04f62827f95b7','N'),('1dc439d5bc475737580309cf3f24469f','signup/_common_templates/img/icon-communication-small.png','4.5.23.1','2010-05-10 06:05:22','4ca468f4707653aea90c10a8aee280be','N'),('41e8b662868bc8d1d26b2c0ab8c91c58','signup/_common_templates/img/icon-confirmationrequired-big.png','4.5.23.1','2010-05-10 06:05:22','99e46acda790c695b9e695235bc567ea','N'),('2634e3effd4ed26d08b5d3e869a1d9fd','signup/_common_templates/img/icon-confirmationrequired-middle.png','4.5.23.1','2010-05-10 06:05:22','8f46b185cc39f2a1eac84b10786b1a22','N'),('d0fb534f342ebd1ce793be3ac55da7ec','signup/_common_templates/img/icon-confirmationrequired-small.png','4.5.23.1','2010-05-10 06:05:22','398919d212a85128db98277d1637fc66','N'),('eb7f92aafd3918fdc1745f031636292a','signup/_common_templates/img/icon-content-big.png','4.5.23.1','2010-05-10 06:05:22','ea668db8e90d4d2dd5891be9c3662d65','N'),('3aa7119fed9307b7a4239968bfc5eabd','signup/_common_templates/img/icon-content-middle.png','4.5.23.1','2010-05-10 06:05:22','72a5e3a0a993e899b89747f7a977c3b8','N'),('37648597333820f4ccde5a9d52478b1d','signup/_common_templates/img/icon-content-small.png','4.5.23.1','2010-05-10 06:05:22','aba167c8a15a1f84f1cc004498e2fcd1','N'),('c7d44955391dcdad6f13a85db8529873','signup/_common_templates/img/icon-desktop-big.png','4.5.23.1','2010-05-10 06:05:22','5a993071a268cb9c4b8ff360204666e8','N'),('a9eff8b4e92527d7e445ef31cca62a72','signup/_common_templates/img/icon-desktop-middle.png','4.5.23.1','2010-05-10 06:05:22','4dafab8ad39af078221f93bb72afd489','N'),('2b325801b81f56c1b937ea5f775b7ccf','signup/_common_templates/img/icon-desktop-small.png','4.5.23.1','2010-05-10 06:05:22','4097ff78d80c697ec3601e8bfeacf3c0','N'),('0f60d0a3caf0a72171f55b00ceb912bf','signup/_common_templates/img/icon-dialog-big.png','4.5.23.1','2010-05-10 06:05:22','ea668db8e90d4d2dd5891be9c3662d65','N'),('193526b4290a5d913b4b534d04e2c2a1','signup/_common_templates/img/icon-dialog-middle.png','4.5.23.1','2010-05-10 06:05:22','72a5e3a0a993e899b89747f7a977c3b8','N'),('ddb01f8f72465ad5792f7247eb1d509f','signup/_common_templates/img/icon-dialog-small.png','4.5.23.1','2010-05-10 06:05:22','aba167c8a15a1f84f1cc004498e2fcd1','N'),('63ef7c9fc8de94c9bf6c884ab1dc40fc','signup/_common_templates/img/icon-export-big.png','4.5.23.1','2010-05-10 06:05:22','0b33f3a6ea9cc42150d97444626249cc','N'),('ea635175927dbf2043b1425a5eaf51cf','signup/_common_templates/img/icon-export-middle.png','4.5.23.1','2010-05-10 06:05:22','065e11d3d5f7cd3e9cb62b7930ccd618','N'),('27d0d626c18c711a5325d045edee0f7f','signup/_common_templates/img/icon-export-small.png','4.5.23.1','2010-05-10 06:05:22','ce6a9dc9ddd0a392fd7ec680bfa3e77b','N'),('a4e6cadbad4373454a3b08acb833e5df','signup/_common_templates/img/icon-exportfiles-big.png','4.5.23.1','2010-05-10 06:05:22','4affb865e1adcfa375831dd6946eac39','N'),('bd20b8da1a923090f12704ed9ea956cc','signup/_common_templates/img/icon-exportfiles-middle.png','4.5.23.1','2010-05-10 06:05:22','d4d80ae06ef763aa17607b25703cae46','N'),('0e9ed5c10ec4c0c06b87ea57d73a19d3','signup/_common_templates/img/icon-exportfiles-small.png','4.5.23.1','2010-05-10 06:05:22','34ff8df8776318a79a686ba86d24c750','N'),('cd4fc322c7f811a93ef1e0010c9d876f','signup/_common_templates/img/icon-features-big.png','4.5.23.1','2010-05-10 06:05:22','4ba9e54a2c4441183ea17ae39caf15f5','N'),('f1f655523ed1ed9d2a0c5915433cc3b1','signup/_common_templates/img/icon-features-middle.png','4.5.23.1','2010-05-10 06:05:22','17d215110cdaae0725f1a108c7d6e74d','N'),('a63154d2b5d678d1b8d590ee3ba9deca','signup/_common_templates/img/icon-features-small.png','4.5.23.1','2010-05-10 06:05:22','e51f91c359e0bed9d11b78080290b28f','N'),('d59c3a870f1d772e6cca75b739451b45','signup/_common_templates/img/icon-help-big.png','4.5.23.1','2010-05-10 06:05:22','9007ac5af8f6f10ccffb0bfb2bf7d363','N'),('1d1a62d0e0cb4ac6d746e264d93183c5','signup/_common_templates/img/icon-help-middle.png','4.5.23.1','2010-05-10 06:05:22','01dbb879f7f4c662128d1d9f4c04640c','N'),('32dd45542fe6ea3e92c39961d26b3b5b','signup/_common_templates/img/icon-help-small.png','4.5.23.1','2010-05-10 06:05:22','832097c7d37772be765ef635e6d348ee','N'),('ec504825850b55b97748dc727ff73f89','signup/_common_templates/img/icon-home-big.png','4.5.23.1','2010-05-10 06:05:22','46fad7bed165099bc5c520b1ab962fed','N'),('05e5804ddc9d506e2d7daf2dd9f5cf90','signup/_common_templates/img/icon-home-middle.png','4.5.23.1','2010-05-10 06:05:22','051d86170471f4c07947c14be0768bc0','N'),('41a37d2e4f12ae90b4f40bc0b9c1447e','signup/_common_templates/img/icon-home-small.png','4.5.23.1','2010-05-10 06:05:22','c5b62a0af020b01ed1791e44e76aec4f','N'),('b71478a714e54e5dc4e20988d0d041fa','signup/_common_templates/img/icon-import-big.png','4.5.23.1','2010-05-10 06:05:22','077886a7a7fde922b46a0116ae1f60ee','N'),('6846ceebe05c421809d5a5e4f0b79c64','signup/_common_templates/img/icon-import-middle.png','4.5.23.1','2010-05-10 06:05:22','809edd07acbdffaab010ab6c365dfca0','N'),('aed753f4c8b390c985e2d4b19a3421a8','signup/_common_templates/img/icon-import-small.png','4.5.23.1','2010-05-10 06:05:22','6e4e62703d746625306f230211abe5e0','N'),('973ebe29be9f520c181ee9e7c1126099','signup/_common_templates/img/icon-importexport-big.png','4.5.23.1','2010-05-10 06:05:22','ec07ded49abf1de13fca318f4a3e1e0d','N'),('96ebbe020591598fc019cf0914e65a2e','signup/_common_templates/img/icon-importexport-middle.png','4.5.23.1','2010-05-10 06:05:22','6d4fb0ee56db17d61501ba8c26e62258','N'),('b8bd4ea2a06200a76534603473b77de1','signup/_common_templates/img/icon-importexport-small.png','4.5.23.1','2010-05-10 06:05:22','56d6557f6098dd41450c3e4b81ace802','N'),('2006451ab202883586371f61a9104e8b','signup/_common_templates/img/icon-informations-big.png','4.5.23.1','2010-05-10 06:05:22','52544f78f6c21ff28917b9f0a3577333','N'),('d1bb907749586c2012b2d6acb950a829','signup/_common_templates/img/icon-informations-middle.png','4.5.23.1','2010-05-10 06:05:22','66fcddef6f1a68251e6840914910938b','N'),('a45d7db29fda8742d6f476dd449b7f72','signup/_common_templates/img/icon-informations-small.png','4.5.23.1','2010-05-10 06:05:22','fcf56ff111c67e58b05ae8b0ecc18e62','N'),('3002c0e4532895dc7cfb89db6113514a','signup/_common_templates/img/icon-integration-big.png','4.5.23.1','2010-05-10 06:05:22','59e9ca2ec6c48baa0034b7cd94ca20d4','N'),('87c52bca8cb1f68125f918d3eabc0dc8','signup/_common_templates/img/icon-integration-middle.png','4.5.23.1','2010-05-10 06:05:22','3956f57d21eae12542914fbca1a0522b','N'),('768b99db5fa7e42a7bcf24ddd82e80a9','signup/_common_templates/img/icon-integration-small.png','4.5.23.1','2010-05-10 06:05:22','169795179b919a3c29083e88654803ea','N'),('b8454f2508fc0ad268dc093dc77f4e91','signup/_common_templates/img/icon-invalidlicence-big.png','4.5.23.1','2010-05-10 06:05:22','8e513b68fc1fb1a26753a71d88e189fa','N'),('564faa3b477ce98e0502cbf87f6b6e52','signup/_common_templates/img/icon-invalidlicence-middle.png','4.5.23.1','2010-05-10 06:05:22','09047b54107b0ce1f958b7b78b8b46a4','N'),('ce2a293d515d3fc11676a4e7d1d6bb02','signup/_common_templates/img/icon-invalidlicence-small.png','4.5.23.1','2010-05-10 06:05:22','965eb4bda8d43d1fc8b5cefbcc3bea1b','N'),('ae756dbc70dcc3a134f9728030fd253f','signup/_common_templates/img/icon-languagetranslations-big.png','4.5.23.1','2010-05-10 06:05:22','c7b03e7670e0263ed8dd55324b811f60','N'),('eb097e2dbd6bca5a6c9fe940afd58e1c','signup/_common_templates/img/icon-languagetranslations-middle.png','4.5.23.1','2010-05-10 06:05:22','025e0ea10cd3f9b89be1ab15412d7c68','N'),('26d960b03ca024958853f571191e7922','signup/_common_templates/img/icon-languagetranslations-small.png','4.5.23.1','2010-05-10 06:05:22','bab82ad50c6b71eb79f739b9833be610','N'),('165a500b3c8658f02462911bb4860d87','signup/_common_templates/img/icon-logout-big.png','4.5.23.1','2010-05-10 06:05:22','6f78c0a1e928927c4dfb85f45ed17080','N'),('31b64d34a2050352325fe63f2246a3c9','signup/_common_templates/img/icon-logout-middle.png','4.5.23.1','2010-05-10 06:05:22','0d4707b0b2e66d1ea54777ed43f55a9e','N'),('39d58826fd2f15c0d378107a73a0d80b','signup/_common_templates/img/icon-logout-small.png','4.5.23.1','2010-05-10 06:05:22','6e148662423620afe5dc9c67ed10b9c9','N'),('fe8d2eda66aa90bad7a81250d439807d','signup/_common_templates/img/icon-message-big.png','4.5.23.1','2010-05-10 06:05:22','e2bad90c5d8f666dcad0572b60f919eb','N'),('a0e79435c8e13b68e4171cb45ba131e6','signup/_common_templates/img/icon-message-middle.png','4.5.23.1','2010-05-10 06:05:22','28fba13255f80302f636d470e5573338','N'),('5024cc7fca9abebb565c34d785923999','signup/_common_templates/img/icon-message-small.png','4.5.23.1','2010-05-10 06:05:22','3f02e3ee2ad26c65ea98836bbe1f5b45','N'),('eabbe74ab87aa0355da492c912d722e7','signup/_common_templates/img/icon-newsletter-big.png','4.5.23.1','2010-05-10 06:05:22','0e6c53e8789a22eaded0a6770875c0ab','N'),('86d7feacde541ffcf3aff8d054010af3','signup/_common_templates/img/icon-newsletter-middle.png','4.5.23.1','2010-05-10 06:05:22','510fc6f35665bacf1ee6d2970c368e64','N'),('06651b206018b2515e089f9988cd9b79','signup/_common_templates/img/icon-newsletter-small.png','4.5.23.1','2010-05-10 06:05:22','75cb0a912f421e011c4dad05c3b77f00','N'),('73f2bacb29ccd3095e2c2c45810266a9','signup/_common_templates/img/icon-onlineusers-big.png','4.5.23.1','2010-05-10 06:05:22','b555c4f219c63d13adbe6b2a24096b74','N'),('675a2125dd1c06a0614b101355e13121','signup/_common_templates/img/icon-onlineusers-middle.png','4.5.23.1','2010-05-10 06:05:22','b6ded37c6ec167344eb93e4c7076f429','N'),('a3dfc947e37e7daa9fe90afdca5cf4df','signup/_common_templates/img/icon-onlineusers-small.png','4.5.23.1','2010-05-10 06:05:22','03681a5b24afc538a6b3c396758bcd31','N'),('2e47b24f82933ee2f1ee751b02442e8f','signup/_common_templates/img/icon-outbox-big.png','4.5.23.1','2010-05-10 06:05:22','cd244f1f99b9c4edc97e1517e61647b6','N'),('92a8409511ba4d8cb34243229fdad3a4','signup/_common_templates/img/icon-outbox-middle.png','4.5.23.1','2010-05-10 06:05:22','d78563c123666abaa270e69447818704','N'),('4e346b215ebf3361625d682127b159c9','signup/_common_templates/img/icon-outbox-small.png','4.5.23.1','2010-05-10 06:05:22','edc06a19e14830e7ca622238a0442419','N'),('f145b623448c1d0fa0fa0c54d1ab8904','signup/_common_templates/img/icon-panelsettings-big.png','4.5.23.1','2010-05-10 06:05:22','600e41998f62d8ff1d12105a835ce077','N'),('c65058b563e0073ad901d9fcba381221','signup/_common_templates/img/icon-panelsettings-middle.png','4.5.23.1','2010-05-10 06:05:22','4ca98335815494b810a1df5b10b3af9c','N'),('e7da210a4dedf18873327d14146e1a49','signup/_common_templates/img/icon-panelsettings-small.png','4.5.23.1','2010-05-10 06:05:22','4734308c4657e7724cf940fa6e2da368','N'),('71e95fee5d7f3988b322e77e4b64bbb7','signup/_common_templates/img/icon-pendingtasks-big.png','4.5.23.1','2010-05-10 06:05:22','75e112adbc8f279ba02ce8bd53788ab9','N'),('8171bd1e92e432d0154e17ede872ce56','signup/_common_templates/img/icon-pendingtasks-middle.png','4.5.23.1','2010-05-10 06:05:22','2b145a585a11689729dc6b300bc6ab80','N'),('c97510a9e895bac70823a0b563d44c41','signup/_common_templates/img/icon-pendingtasks-small.png','4.5.23.1','2010-05-10 06:05:22','999f171e840f0ff48b17a8d28d18ca40','N'),('5f8e0cbc2e5c15f1d06732e0bbf6eb81','signup/_common_templates/img/icon-plugins-big.png','4.5.23.1','2010-05-10 06:05:22','4e532d82c3818e8dc7613f45df3273cf','N'),('23645268c053b70a6036708fc33f196b','signup/_common_templates/img/icon-plugins-middle.png','4.5.23.1','2010-05-10 06:05:22','91d3d01c5db120803e72a48d8b405b0f','N'),('68baafde4ffd8005d57dd5138bf28a14','signup/_common_templates/img/icon-plugins-small.png','4.5.23.1','2010-05-10 06:05:22','7b73534b3d26811b757579eed53e1c97','N'),('e29d3f77734d611bad665105ba2812c8','signup/_common_templates/img/icon-quickstart-big.png','4.5.23.1','2010-05-10 06:05:22','cdaacce8f5b76692164172510acad242','N'),('b33ff16a1a43d81d04433a83bd55950d','signup/_common_templates/img/icon-quickstart-middle.png','4.5.23.1','2010-05-10 06:05:22','b4c7e287563225d44db2b409dfe2ec94','N'),('9cba870b78934ccf02fb56f18ba30f63','signup/_common_templates/img/icon-quickstart-small.png','4.5.23.1','2010-05-10 06:05:22','9ec548f1a0b48bd4a2adf99f1623501e','N'),('81d1a2dce186d7643175a6f301271a97','signup/_common_templates/img/icon-rss-big.png','4.5.23.1','2010-05-10 06:05:22','72ced7ea320583602b850ff6e5c7fbdc','N'),('c8e35b308f54fb1fd472c045695c32d9','signup/_common_templates/img/icon-rss-small.png','4.5.23.1','2010-05-10 06:05:22','c41b65d7645345f0edd36f0c19bf28db','N'),('2141b96d9b2d29916efb304ee0bfb4fa','signup/_common_templates/img/icon-screen-big.png','4.5.23.1','2010-05-10 06:05:22','ea668db8e90d4d2dd5891be9c3662d65','N'),('fd532d3ebfddd1505d2616e5ef9dc21e','signup/_common_templates/img/icon-screen-middle.png','4.5.23.1','2010-05-10 06:05:22','72a5e3a0a993e899b89747f7a977c3b8','N'),('ebee6a28051096da2534f0ca49239933','signup/_common_templates/img/icon-screen-small.png','4.5.23.1','2010-05-10 06:05:22','aba167c8a15a1f84f1cc004498e2fcd1','N'),('bbff959a0d5eac286cd8d5d6d099f720','signup/_common_templates/img/icon-showdesktop-big.png','4.5.23.1','2010-05-10 06:05:22','5a993071a268cb9c4b8ff360204666e8','N'),('3f7440e91db8c34b091c33551cbbae47','signup/_common_templates/img/icon-showdesktop-middle.png','4.5.23.1','2010-05-10 06:05:22','4dafab8ad39af078221f93bb72afd489','N'),('63dfa0f830e7f0b1dffdf5b906ad1705','signup/_common_templates/img/icon-showdesktop-small.png','4.5.23.1','2010-05-10 06:05:22','4097ff78d80c697ec3601e8bfeacf3c0','N'),('1ec77e0f0f43fe2f46ce994b47b17994','signup/_common_templates/img/icon-systemconfiguration-big.png','4.5.23.1','2010-05-10 06:05:22','780d29b146d1fd1469962a39350b7767','N'),('c0fbd78bee7122e511c9e0e843ea097a','signup/_common_templates/img/icon-systemconfiguration-middle.png','4.5.23.1','2010-05-10 06:05:22','a82bd70cbf1862dbbb35a8f275f78f2e','N'),('93658162defced969ef424e5be30ce6a','signup/_common_templates/img/icon-systemconfiguration-small.png','4.5.23.1','2010-05-10 06:05:22','4cd18f1231c702d5bc15ee14587b7133','N'),('85a5902c5d15d90c2a3b18a20629db86','signup/_common_templates/img/icon-tools-big.png','4.5.23.1','2010-05-10 06:05:22','de50f63cb50a437e16cfddff26b146eb','N'),('02d8062f32dcfa9220739c5e01989aba','signup/_common_templates/img/icon-tools-middle.png','4.5.23.1','2010-05-10 06:05:22','62754247b7afc6cdb0cbca04f7368ba9','N'),('b09d79ab5fd18b1d2b06c34a8cdf9d07','signup/_common_templates/img/icon-tools-small.png','4.5.23.1','2010-05-10 06:05:22','a39d5ed7068b48792e2eff6a85ae9081','N'),('70476f382a775a9019ae8fc0e1139039','signup/_common_templates/img/icon-trafficstats-big.png','4.5.23.1','2010-05-10 06:05:22','7396c4a63fabbcf7ce1b7abd6852a3b1','N'),('20a4441bdba670bcc95aebabc2eb7014','signup/_common_templates/img/icon-trafficstats-middle.png','4.5.23.1','2010-05-10 06:05:22','ebb54e0c30d26bc3077f7264f887815b','N'),('b3445252520fd1a24569998066fb5fc6','signup/_common_templates/img/icon-trafficstats-small.png','4.5.23.1','2010-05-10 06:05:22','6b9e08748fa5d33948876d3bfe1c6b54','N'),('43aee66ae898eeae1c5ecfec00509f04','signup/_common_templates/img/icon-tutorialvideo-big.png','4.5.23.1','2010-05-10 06:05:22','ee091c797e90320d8210e2989d6989f3','N'),('a2978efbc4aef1682b42001afdc8853a','signup/_common_templates/img/icon-tutorialvideo-middle.png','4.5.23.1','2010-05-10 06:05:22','c49e2420482831fa242bd4ba6b8c1854','N'),('29124422da5aeaa199de6e35751b826c','signup/_common_templates/img/icon-tutorialvideo-small.png','4.5.23.1','2010-05-10 06:05:22','9681c0591166287c6c3144837fdf1008','N'),('c184a201d8e0861032d339e764480644','signup/_common_templates/img/icon-user-big.png','4.5.23.1','2010-05-10 06:05:22','bc4511d6f8f71e95e5cc1947ba4ff354','N'),('e478ff04eea966b7730b654e71fa6e40','signup/_common_templates/img/icon-user-middle.png','4.5.23.1','2010-05-10 06:05:22','3352bdb7bd22d53efce08be9ed5a3297','N'),('4d2706fe1ea7fe7fc1ef3e6b4ee18c80','signup/_common_templates/img/icon-user-small.png','4.5.23.1','2010-05-10 06:05:22','bd2438c09d6833c37706bcbb7897e416','N'),('9120951adfc5da554d958fd148cfdcd2','signup/_common_templates/img/icon-userprofile-big.png','4.5.23.1','2010-05-10 06:05:22','dec04d9a592589c404ca0b98f91aa2e3','N'),('4e9f6de34d4a8f8175ed57f7362c6ded','signup/_common_templates/img/icon-userprofile-middle.png','4.5.23.1','2010-05-10 06:05:22','ae5baad5e00912508c86719fca40c4b4','N'),('3611029a29f22b78cc2e00b8902d3317','signup/_common_templates/img/icon-userprofile-small.png','4.5.23.1','2010-05-10 06:05:22','238472f137c9bce99f2a3ff9389c98fb','N'),('437309a6762c67251d402dc56251142d','signup/_common_templates/img/icon-userroleprivileges-big.png','4.5.23.1','2010-05-10 06:05:22','3875d989907efba233d0d88f96f3510f','N'),('6a8c03f0142117e30e93b74dca25c3c4','signup/_common_templates/img/icon-userroleprivileges-middle.png','4.5.23.1','2010-05-10 06:05:22','4e019456b00ec3fd8cefb27d9dd31e80','N'),('65164ee51c76c84119e5e648c6c8fff6','signup/_common_templates/img/icon-userroleprivileges-small.png','4.5.23.1','2010-05-10 06:05:22','a46a756d3ca1ea013f1ab4f7dc3ade77','N'),('dce0a974102176d19a5a4b577dfe5e18','signup/_common_templates/img/icon.delete.png','4.5.23.1','2010-05-10 06:05:22','b15770a3f6cd2ec6becfc53a0d9ee039','N'),('c84b7d07b17fe01a0c6dcf5db2a91e9f','signup/_common_templates/img/icon.detail.png','4.5.23.1','2010-05-10 06:05:22','7badfe4d050b451af06cd95e22f6db73','N'),('95c603442223644926cfa37ae1d38ed5','signup/_common_templates/img/icon.gadgets.png','4.5.23.1','2010-05-10 06:05:22','c1d4bdfff360696f27b1f0518331124d','N'),('5f0db49646f55a10087947666085fe74','signup/_common_templates/img/icon.grid.png','4.5.23.1','2010-05-10 06:05:22','caf5e4363c9e78a928290d95049a411b','N'),('6552b07abbb0ff0f1c3e6a49f9f427b8','signup/_common_templates/img/icon.refresh.png','4.5.23.1','2010-05-10 06:05:22','206b046cf2e08490ebf6e78b05cc8cf7','N'),('a460f3e67ecdd3cde8204d744a1b5803','signup/_common_templates/img/icon.trash.png','4.5.23.1','2010-05-10 06:05:22','a80c890e08320c5c4d12f77a7fda7328','N'),('a6d03fef4fba64c31543f690fff6db1c','signup/_common_templates/img/image.png','4.5.23.1','2010-05-10 06:05:22','66517d22e9c688e521951b3c2d4498e0','N'),('85f3956f6553a9d2027572ae7b2d1312','signup/_common_templates/img/input.png','4.5.23.1','2010-05-10 06:05:22','0df09f38346ba18c1a69510138fc7bea','N'),('833ad337cdc63837375babfe2f78d150','signup/_common_templates/img/insert.png','4.5.23.1','2010-05-10 06:05:22','1eb65fc224afb8e9bb81bf6182e7fe22','N'),('1d785ad56824bfddaf8c7677edad7a6a','signup/_common_templates/img/layout.border.png','4.5.23.1','2010-05-10 06:05:22','67415f356ff2d05286f9546d54d30423','N'),('3722d565d33c3e5a21e1363d42ec03db','signup/_common_templates/img/layout.hsplitter.png','4.5.23.1','2010-05-10 06:05:22','779103035b8b142f010428f761d80b2d','N'),('b62ba0681a32e6b704abe842572cbb15','signup/_common_templates/img/layout.png','4.5.23.1','2010-05-10 06:05:22','934b808be1deb24c637e24a67a695e2e','N'),('cd436f88db4971b3c7df5bf38bc217f0','signup/_common_templates/img/layout.vsplitter.png','4.5.23.1','2010-05-10 06:05:22','8c6b3d5f84cef04868751cdb27e16d2b','N'),('219a7b36e2f3c0f9298d4e17e507820d','signup/_common_templates/img/line.short.gif','4.5.23.1','2010-05-10 06:05:22','13914f3810787c4d0571df1fd447627e','N'),('3a525e1b294a328bedc02aeb1acddabc','signup/_common_templates/img/link.chart.png','4.5.23.1','2010-05-10 06:05:22','f273dd6a01598348ede2a3a365b33e9a','N'),('3a5d0dba71df2f861017e5803774cda9','signup/_common_templates/img/link.toggle.button.png','4.5.23.1','2010-05-10 06:05:22','256a3c6cec4387c1b8d852026029b9d6','N'),('f312c72af0e5d41ddbcf973284ca55d2','signup/_common_templates/img/listbox.png','4.5.23.1','2010-05-10 06:05:22','a1249146b52c6680a2a3ad175290c624','N'),('edb72a548eee034081cc110b92da4b98','signup/_common_templates/img/loading.gif','4.5.23.1','2010-05-10 06:05:22','53e05833f2fa7301fc36a0e61d90bc43','N'),('97c9493fe0fee683c45a834a580389f3','signup/_common_templates/img/loading_small.gif','4.5.23.1','2010-05-10 06:05:22','770ff172b603c5bf2050383334cdda48','N'),('6abd422e3cdb9e5f06e6290c6429eb8e','signup/_common_templates/img/loading_window.gif','4.5.23.1','2010-05-10 06:05:22','5c76e28fc98f79a35eb525059807cf16','N'),('2908c33d8bd005dfc3212a3e47d999a2','signup/_common_templates/img/login.background.png','4.5.23.1','2010-05-10 06:05:22','f4e33aa080de5810aca48e71fdd8d972','N'),('2506df8e4ef810984908fd0bdfd0ead3','signup/_common_templates/img/logo_pap.gif','4.5.23.1','2010-05-10 06:05:22','8ccf8244dfd9079fc9e59a72ab3e3e66','N'),('41aeec3beb050ab544e90991a0d61e99','signup/_common_templates/img/main.menu.app.background.png','4.5.23.1','2010-05-10 06:05:22','79d8c565edeeae2dc07d6acd1f403e65','N'),('e4860dc6c2755b55eeab1213f1cb0089','signup/_common_templates/img/main.menu.app.png','4.5.23.1','2010-05-10 06:05:22','aaba9866a85701c44499ad8f04405257','N'),('85541de4d57e869e00b58ed525d87a8d','signup/_common_templates/img/main.menu.app.vertical.png','4.5.23.1','2010-05-10 06:05:22','9099614560b492753cbf900623b8cf8e','N'),('e3d08294aebbec800de9f00681accacc','signup/_common_templates/img/main.menu.background.png','4.5.23.1','2010-05-10 06:05:22','aca1267c2307be4d1cc4b3c00625e443','N'),('8e5bba8fdd657af007b4521760f77dc5','signup/_common_templates/img/main.menu.divider.png','4.5.23.1','2010-05-10 06:05:22','00a4f221b42b935a7fe4d55dfeb6b0b1','N'),('422385c62b7ad98e0c6fc5a8c86b78c8','signup/_common_templates/img/main.menu.entry.png','4.5.23.1','2010-05-10 06:05:22','7cdfe32d5125dfdd9a37300c7f0a7691','N'),('b4630f9ec84e2361b068355e0a98b9f4','signup/_common_templates/img/main.menu.item.png','4.5.23.1','2010-05-10 06:05:22','2fe92ae59144361f5a05db2d923ba1bc','N'),('596b11d3e15892f11915711406844fb4','signup/_common_templates/img/main.menu.png','4.5.23.1','2010-05-10 06:05:22','57e241fec7fad9f9c11a9eee5b9eb074','N'),('75a86aa6c3de8cf4aa27b7d922ea5908','signup/_common_templates/img/main.menu.sub.divider.png','4.5.23.1','2010-05-10 06:05:22','444a2ed56210c48ad4d6d4bbd03607fd','N'),('3aea78b21a60f7910ff0494c52118776','signup/_common_templates/img/main.menu.sub.png','4.5.23.1','2010-05-10 06:05:22','398cf8cd757764d82a9ba940da44f2f1','N'),('3f3cf16be0f5ca52ca3b709e768a0f5a','signup/_common_templates/img/main.menu.vertical.png','4.5.23.1','2010-05-10 06:05:22','450f5560c9fb728f845f9f9a40c56066','N'),('42b4bc2cea9e37b758a29d6439ca8e8f','signup/_common_templates/img/message.blue.background.png','4.5.23.1','2010-05-10 06:05:22','6cd2f54c4ff35a4c0e57b03777264f43','N'),('b40a32ba3ba62632077be399c0bf5c09','signup/_common_templates/img/message.blue.png','4.5.23.1','2010-05-10 06:05:22','204bd82ddd1f3475dd4f2b37fa0d3d4c','N'),('5ac60b4933cce2ce37b33f1924b127b7','signup/_common_templates/img/message.blue.vertical.png','4.5.23.1','2010-05-10 06:05:22','c75579cb4811384ffe25e1a76f605ea6','N'),('a1dfc2d713798904068c1973fba2daa6','signup/_common_templates/img/message.green.background.png','4.5.23.1','2010-05-10 06:05:22','2230156da1f1ca7ed780620e5aa22e6e','N'),('b54b4c3324c09243fdf6e28a9ddf486a','signup/_common_templates/img/message.green.png','4.5.23.1','2010-05-10 06:05:22','96b47d0ad6b9d15cb9ef07fbc074afcd','N'),('7520784083dea86a809e9a24da301e98','signup/_common_templates/img/message.green.vertical.png','4.5.23.1','2010-05-10 06:05:22','44e1e2b8f501e5c3a05e17108e33aa3e','N'),('472dcbfe401a1ec51817b18f6a86f74a','signup/_common_templates/img/message.red.background.png','4.5.23.1','2010-05-10 06:05:22','932fab46849dff3faf5c4dd6b9c88ffd','N'),('49d6d3735ac10f8bd54dda2eee110044','signup/_common_templates/img/message.red.png','4.5.23.1','2010-05-10 06:05:22','38256bded885bfab4b4fe52ae30bdf25','N'),('d8ea580e93a58463acb3324891502422','signup/_common_templates/img/message.red.vertical.png','4.5.23.1','2010-05-10 06:05:22','0e5d19452105c587ec699489d4d27618','N'),('79ea97b5d843fcfbfe39c2673d43a650','signup/_common_templates/img/no.theme.thumbnail.jpg','4.5.23.1','2010-05-10 06:05:22','db2b9f70f5fe89a3c9c2f98d69b19254','N'),('017bc707dd80538ed7ed17203d4f01b4','signup/_common_templates/img/no_image.gif','4.5.23.1','2010-05-10 06:05:22','07f5f79d487dbf795f7ea37a04aa24c0','N'),('74fb4bd5748cf7a343bb04a7c7cb0465','signup/_common_templates/img/pager.png','4.5.23.1','2010-05-10 06:05:22','6eafb724bc4df33a304f917bad9e8df9','N'),('9b20bcbffa75a3064d00552c6fbdd16c','signup/_common_templates/img/panel.top.start.gif','4.5.23.1','2010-05-10 06:05:22','65c76e8d0542445989df2e6607b41713','N'),('d6509f85c186c0c3a1027673b23fb3b0','signup/_common_templates/img/pdf.png','4.5.23.1','2010-05-10 06:05:22','f8dfa3fa0386adcd2370c6d509a0be91','N'),('288fb8bac41b40c33cef6d707388e174','signup/_common_templates/img/php.png','4.5.23.1','2010-05-10 06:05:22','2c63cf93ca9b1ff5d5b16c6646a59ddc','N'),('cbf5bde8c12bc20ceaca7caf24b7a483','signup/_common_templates/img/plugin.png','4.5.23.1','2010-05-10 06:05:22','d0855f7cc39d69bbdbda15bafc12ec07','N'),('2f3429720145bb9928ba39f1ff6289ee','signup/_common_templates/img/popupwin.png','4.5.23.1','2010-05-10 06:05:22','81ae96d56f85db0ef7bdf64fd90b3a93','N'),('3a7762556ea089531575bfe373f7d69a','signup/_common_templates/img/popupwin.vertical.png','4.5.23.1','2010-05-10 06:05:22','160b32bdc82aae186903a8c5ead0f411','N'),('8ac5bfd05406781f8b913b7e51ac16ec','signup/_common_templates/img/popupwinextendable.png','4.5.23.1','2010-05-10 06:05:22','bdf61250f8ba67e0aa99c99fdaf1dfad','N'),('4265e6115c2a43b32f0ffc29c6206615','signup/_common_templates/img/popupwinextendable.vertical.png','4.5.23.1','2010-05-10 06:05:22','1ccba43654691d38dd1d7e539b5454b5','N'),('71c6e07ced2b8adab37bd47464abbcb1','signup/_common_templates/img/quicklaunch.png','4.5.23.1','2010-05-10 06:05:22','4f6d9444fb7357e7618f5d1207f1753c','N'),('a5156cb64030c2899d15eef4bd8478e6','signup/_common_templates/img/radio.button.png','4.5.23.1','2010-05-10 06:05:22','301f0fb7cabd8d7e4b480c34de9bf158','N'),('bd0b27f1e5275b111636395b01ea9398','signup/_common_templates/img/resizecorner.gif','4.5.23.1','2010-05-10 06:05:22','6fdef023649dd80e70caa11908cc5e1b','N'),('deb1fdd4425e17d03bd185b73d53102d','signup/_common_templates/img/resizer.png','4.5.23.1','2010-05-10 06:05:22','483f968e104d8ccdbd72d9000f3afa3e','N'),('623072117de36111ce5295da960226eb','signup/_common_templates/img/select.button.png','4.5.23.1','2010-05-10 06:05:22','5923d5e2d9300e5c81943acd32bbf73e','N'),('604f9e06944438fe8d8782c4083c158e','signup/_common_templates/img/sidebar.background.png','4.5.23.1','2010-05-10 06:05:22','13e856653642c59049cbc3ba3e39421f','N'),('46a5c91aa6aa68772534450725614087','signup/_common_templates/img/sidebar.border.png','4.5.23.1','2010-05-10 06:05:22','7ee72bc27a791f47a665bd9f854bda0f','N'),('7aa1def1d23f033db01170e1cd4da593','signup/_common_templates/img/sidebar.closed.png','4.5.23.1','2010-05-10 06:05:22','c5f457634f56191dbe8d400cfbae7fe8','N'),('c8a30af4095132e58290fb17657d9ae9','signup/_common_templates/img/sidebar.png','4.5.23.1','2010-05-10 06:05:22','879eeb488a41cb3d03f0cbce69fc02eb','N'),('342876cb8ad2b5037ccffb84040b665a','signup/_common_templates/img/smpl_logs_no_data.jpg','4.5.23.1','2010-05-10 06:05:22','31ae35eb109dd7769c35b64a0e357d16','N'),('2483edb370ba66fa4d7e891d48e91db4','signup/_common_templates/img/swf.png','4.5.23.1','2010-05-10 06:05:22','1623343ec1b366081175a4d28feb66ae','N'),('f55cddbbc8727ce6b3d2ee3af78d74c0','signup/_common_templates/img/table2-hrow.gif','4.5.23.1','2010-05-10 06:05:22','3e4484ea8db10af1320808c8477346ea','N'),('a58d1e44332b6820ac34644f53ac2dfc','signup/_common_templates/img/tabs.png','4.5.23.1','2010-05-10 06:05:22','fce94d82812219c0ed1b98840637ec3b','N'),('27bc02c7a9bdf5361504ec1d34875016','signup/_common_templates/img/task.menu.png','4.5.23.1','2010-05-10 06:05:22','a468968cbd7503cb3c8d756db0601872','N'),('99b03064fa5b106dc35c411ad86db386','signup/_common_templates/img/task.png','4.5.23.1','2010-05-10 06:05:22','d383a77c351c41ad3dc81cda01e9a529','N'),('3e14dfc1c46c68ded4ab567db91355d2','signup/_common_templates/img/thin.button.png','4.5.23.1','2010-05-10 06:05:22','1dafda5af36aaf342a7c9b28916e82cf','N'),('17de9cece9bb9012f20bb1addccd0819','signup/_common_templates/img/toogle.button.png','4.5.23.1','2010-05-10 06:05:22','14f3eaddd669780b2d14f1ed7f1f5dfa','N'),('a0c5f074d894ef27cdf044032b7d1110','signup/_common_templates/img/trash.png','4.5.23.1','2010-05-10 06:05:22','a80c890e08320c5c4d12f77a7fda7328','N'),('5b4564207c794156c0632a9c7031e03d','signup/_common_templates/img/txt.png','4.5.23.1','2010-05-10 06:05:22','79520d0ef237730c55eb5bcd50b78ea2','N'),('3cb806e71b80354ada5d69ee8a3c9fe3','signup/_common_templates/img/unknown_file.png','4.5.23.1','2010-05-10 06:05:22','3a00859ebcd6dfef1572ecdddbe693fe','N'),('371104368b6844b9e0f76133488c02cf','signup/_common_templates/img/video.png','4.5.23.1','2010-05-10 06:05:22','9681c0591166287c6c3144837fdf1008','N'),('46d7946a71626472d9529ba989501188','signup/_common_templates/img/wallpaper.positions.png','4.5.23.1','2010-05-10 06:05:22','d7f9e09eb6636a711db53e044c03b69b','N'),('dfdf8dc3d0d39fb19c534c4d39671604','signup/_common_templates/img/wallpapers/Default.jpg','4.5.23.1','2010-05-10 06:05:22','d09f190e29a076dd5bc556497132ada1','N'),('bfa5a3a5011f78d9cc228dbfab0af081','signup/_common_templates/img/wallpapers/Matrix.jpg','4.5.23.1','2010-05-10 06:05:22','993836f8fdbca9c50b75c8f5b6aa413c','N'),('85183275a2d13076fb1c485d85e75004','signup/_common_templates/img/window.active.b.png','4.5.23.1','2010-05-10 06:05:22','967a8ff8f5c83f54e9f18cc0245cd902','N'),('a2885b8935cd650b4043db98518d1042','signup/_common_templates/img/window.active.bl.png','4.5.23.1','2010-05-10 06:05:22','5cdb5b0bbbf85dcc85fa5925f063816d','N'),('89dbe2a5fe34e82b55d5ad7f832c056f','signup/_common_templates/img/window.active.br.clean.png','4.5.23.1','2010-05-10 06:05:22','b8259f618710a96bd510e385939ee1c0','N'),('eace6596c7d36d672fdf3a8b6edcd39e','signup/_common_templates/img/window.active.br.png','4.5.23.1','2010-05-10 06:05:22','6cad7b47bbcf9bfb729fca5f513fed27','N'),('64332bda38a64f899078fd6e4488cd0e','signup/_common_templates/img/window.active.l.png','4.5.23.1','2010-05-10 06:05:22','c88c0bd5208d8163f671e11ad9f74bbd','N'),('9d27ce2fcadecb52b76879a707a9e282','signup/_common_templates/img/window.active.png','4.5.23.1','2010-05-10 06:05:22','5e71b625b030bd08bf17c24cd3e0b719','N'),('362101dbfe8ef509e63e3ad558de8036','signup/_common_templates/img/window.active.r.png','4.5.23.1','2010-05-10 06:05:22','d8551cffd12798341df2f41c3380cea5','N'),('b6c0df83db22d7da18e279960fa6346d','signup/_common_templates/img/window.active.t.png','4.5.23.1','2010-05-10 06:05:22','d63210562c198f21a6f9519de7c82022','N'),('977e9cf7803b9b7016980915201d0b63','signup/_common_templates/img/window.active.tl.png','4.5.23.1','2010-05-10 06:05:22','350c2830a33619e6dc16ff3c3739e692','N'),('2e10107a581a1d560fb02630272bdf10','signup/_common_templates/img/window.active.tr.png','4.5.23.1','2010-05-10 06:05:22','3481a5762a92ba4540e4b4c55d5b8140','N'),('8a3042d5c38206dcb951642ab64105ff','signup/_common_templates/img/window.active.vertical.png','4.5.23.1','2010-05-10 06:05:22','00f530e9d94402da73bd494e6601feff','N'),('65368b236b72a4dcea02684788564d1f','signup/_common_templates/img/window.inactive.png','4.5.23.1','2010-05-10 06:05:22','bb649008559d5ba9474ceced08acc968','N'),('e8a948da82bf5388b2486eaceae7160d','signup/_common_templates/img/window.inactive.vertical.png','4.5.23.1','2010-05-10 06:05:22','e9da8405d45d7b6831960e3cbb6d308e','N'),('07a62579c44b24f21ba6ecb396cf31c1','signup/_common_templates/img/window.move.png','4.5.23.1','2010-05-10 06:05:22','76f22f47d0161cc8255aa60dd337e327','N'),('cec2821e3b4fa67afeb049282ea0ae6d','signup/_common_templates/img/wysiwyg.gif','4.5.23.1','2010-05-10 06:05:22','7d9e3455e5a6805d1534ad8ba73c3ada','N'),('145f59e907ebf8095324c247543d9f91','signup/_common_templates/img/xls.png','4.5.23.1','2010-05-10 06:05:22','3f2844cce5616ee82f1e0dc0b9f0d53b','N'),('c10582f6ed0835a0fd35bc3b0b3ac012','signup/_common_templates/img/zip.png','4.5.23.1','2010-05-10 06:05:22','ce15cafabf396370aac29085b3c1a5dd','N'),('ef40e6f42d23c563ce8a044959cb851b','signup/_common_templates/import_custom_language_panel.tpl','4.5.23.1','2010-05-10 06:05:22','36fe179dc09cd1a1bf3561ef9d13a647','N'),('7db4dc4a69f39b762644a1cfc3855f1f','signup/_common_templates/import_language.tpl','4.5.23.1','2010-05-10 06:05:22','c1df1cf60613d3df6e19681193ae41a9','N'),('ad5b980ec10c31710b7cfbeb7a18b321','signup/_common_templates/index.stpl','4.5.23.1','2010-05-10 06:05:22','a4dec9540dd3e93c3060e9f512add7e7','N'),('ba255d943cbb42e99ed0d8d76658024b','signup/_common_templates/info_dialog.tpl','4.5.23.1','2010-05-10 06:05:22','20c6cfa4ddf8a5d4bdddb1229754a49b','N'),('c58269bf3f96c0548941633a88b54528','signup/_common_templates/ip_detail.tpl','4.5.23.1','2010-05-10 06:05:22','3723b4ce7dc6ccc4b8c8193f4c982d18','N'),('6ae94126b1daeb80c8526cd4f6b03b8f','signup/_common_templates/item.tpl','4.5.23.1','2010-05-10 06:05:22','766385be509b8ee36bbbdd77e4c24ac6','N'),('8d639032eece20c39cb0c9d06991c764','signup/_common_templates/item_panel.tpl','4.5.23.1','2010-05-10 06:05:22','29d23d91da01848dcabcddb94eac62ec','N'),('ac17931c027f15f0dc58a869a416a214','signup/_common_templates/join_now.stpl','4.5.23.1','2010-05-10 06:05:22','d3f6f25fe291738af4810f0076b591bf','N'),('0512e04a55c245a45dc7c5cbeafda3fa','signup/_common_templates/language_create_new.tpl','4.5.23.1','2010-05-10 06:05:22','1ae789af118ce84a76ec067e82d52aec','N'),('6ba3f15a30d757acbf8d1da11392132f','signup/_common_templates/language_edit_panel.tpl','4.5.23.1','2010-05-10 06:05:22','0bf6f6d193c540e1a5d08ca55bcfee9d','N'),('aa2d2f2dd3dc7201326340edc7b70738','signup/_common_templates/language_translations_grid.tpl','4.5.23.1','2010-05-10 06:05:22','b3d4b3ff7279bf9383886e84ba3218ab','N'),('54cb1505b0707f0f0593634d04234978','signup/_common_templates/languages_configuration.tpl','4.5.23.1','2010-05-10 06:05:22','86f17a42cef0bedb165295e99c970582','N'),('1855176fbc188259f87f289a9c2e8f0b','signup/_common_templates/layout_panel_content.tpl','4.5.23.1','2010-05-10 06:05:22','d49730d94578e00ed7395eaa1d2a3df6','N'),('f859be95eb55bd7f42485f866d850e52','signup/_common_templates/layout_panel_header_navigation.tpl','4.5.23.1','2010-05-10 06:05:22','6b0d746501001da8615a22d57266dcb0','N'),('f5bc802971f008aedd9175407ee3bdf0','signup/_common_templates/layout_panel_tab.tpl','4.5.23.1','2010-05-10 06:05:22','316df333cac9b455c7dc04100c2e2d1d','N'),('37ec118e8e3e452b0b12815ed0bbbcb1','signup/_common_templates/license_invalid.tpl','4.5.23.1','2010-05-10 06:05:22','6181e1127345050c94d6708cd805aefb','N'),('03fade6f29c59a0de4ceebc0971305c8','signup/_common_templates/link_button.tpl','4.5.23.1','2010-05-10 06:05:22','71fad92bff79f1fd2e1066818afac789','N'),('3d911a79fb9cdc1b69f5fff253dbc208','signup/_common_templates/listbox.tpl','4.5.23.1','2010-05-10 06:05:22','671aeeb5f3655cc0045d5145afa3b298','N'),('c8f707d6391f99dcd1d58985d9522e4a','signup/_common_templates/listbox_popup.tpl','4.5.23.1','2010-05-10 06:05:22','1347b5b923e03bb386726dbeb73a4c8d','N'),('6b179f3def856cbfe4bd508183e8b194','signup/_common_templates/loadable_tree.tpl','4.5.23.1','2010-05-10 06:05:22','e2c214b134bffe5fe2bb38f679a64eb5','N'),('e868950ff4d1cd311577f6dc2e832455','signup/_common_templates/loading_screen.tpl','4.5.23.1','2010-05-10 06:05:22','45d70765ad380ad3f0df92c82de65792','N'),('21607d81ba244d9637ad6d1b830c5abc','signup/_common_templates/login.tpl','4.5.23.1','2010-05-10 06:05:22','e7be8367104ee7221547730250f9b0f0','N'),('f444e14d115364d7d43161d51ce601db','signup/_common_templates/login_form.tpl','4.5.23.1','2010-05-10 06:05:22','19d8729bd995513d0c65d8ebcaedbad0','N'),('3d25fbb4908ec84e66bd66e1140b6754','signup/_common_templates/login_main.tpl','4.5.23.1','2010-05-10 06:05:22','350cc64a43802110f2b4ec7653976136','N'),('6aa5caa14725ad362d5b882f82c59292','signup/_common_templates/logins_history.tpl','4.5.23.1','2010-05-10 06:05:22','f858bc4a1543b44461b29d24f00221e8','N'),('cbf97f420d94ac6a0400f1b19cd1e944','signup/_common_templates/loginshistory_filter.tpl','4.5.23.1','2010-05-10 06:05:22','64804e791ea2ca4fcc7e01d7a8443479','N'),('dfcfb1c73a1c4bb7ae76d8c4e1e4d674','signup/_common_templates/logs_no_data.tpl','4.5.23.1','2010-05-10 06:05:22','9139b1d227cf085cf5f2cc11e396625a','N'),('bbde2019b2ad5df7e40590c9e82b0e7a','signup/_common_templates/mail/email_account_test_mail.stpl','4.5.23.1','2010-05-10 06:05:22','16d2b1e58b07606c666643a2c540f603','N'),('cec8425e9076451ac4da2864b5eaa300','signup/_common_templates/mail/email_request_new_password.stpl','4.5.23.1','2010-05-10 06:05:22','651b11d0d64d0f36d3091b019607a381','N'),('8050401f36215fa2f1dd4df84971d0a2','signup/_common_templates/mail_detail_data.tpl','4.5.23.1','2010-05-10 06:05:22','cb8867c95ce35d7ad35b82f5c663ae42','N'),('b3fcf29bc0f7a6b406d28583aa576612','signup/_common_templates/mail_outbox_panel.tpl','4.5.23.1','2010-05-10 06:05:22','eda83d3c7fed41f0449b2464e96df945','N'),('1cfb696dee954869f764e64d116ef240','signup/_common_templates/mail_template_not_selected.tpl','4.5.23.1','2010-05-10 06:05:22','8f8e4d19a09cd7bc7e96df0e0729ef8d','N'),('221bc8c0106317ba70e2c3e8626b0c88','signup/_common_templates/mail_template_preview.tpl','4.5.23.1','2010-05-10 06:05:22','ea7d0df5aef2645e05d768c51a294389','N'),('911dd81198c68bfb5859ba9440e61b23','signup/_common_templates/mail_template_test_form.tpl','4.5.23.1','2010-05-10 06:05:22','468bdf6569fa61ae2d2dd71f8354f3b6','N'),('f31b01f0f5d1f5a26d3e318f82dcd630','signup/_common_templates/mail_templates.tpl','4.5.23.1','2010-05-10 06:05:22','d1c0843df8307b67266b71e16f5b34c1','N'),('703dd0d3b139fbab9284dab83c8a324f','signup/_common_templates/mailoutbox_filter.tpl','4.5.23.1','2010-05-10 06:05:22','317dc3acee45d9fabfca034b76596964','N'),('902bd24b6791d090ddf117c2d8d1f5b5','signup/_common_templates/mailoutbox_list_no_data.tpl','4.5.23.1','2010-05-10 06:05:22','6e73857c29657b145fa6408024d45bb4','N'),('c63444fb06dea15de2337c6aa3c08ac6','signup/_common_templates/main_aff_html_doc.stpl','4.5.23.1','2010-05-10 06:05:22','5b865343bb149f13d74f5b662423456d','N'),('6be34ba4a206f1c42330d2e73700a688','signup/_common_templates/main_filter_panel.tpl','4.5.23.1','2010-05-10 06:05:22','0985a7421f898d75d4df72b4a6081c49','N'),('54ef94b0da30ea9271e5a7d90768423a','signup/_common_templates/main_html_doc.tpl','4.5.23.1','2010-05-10 06:05:22','1d3c9848a5573266dcaaa161bf3caa08','N'),('e21d3037ed84d7e305f188ee74fc0f07','signup/_common_templates/main_menu.tpl','4.5.23.1','2010-05-10 06:05:22','5fddab52f7b44bcb5717c1d67875f567','N'),('26092be3266f2d3ce854e3eadf494ca6','signup/_common_templates/main_signup_html_doc.stpl','4.5.23.1','2010-05-10 06:05:22','9ecfde7f9c17d6f7077d2c444e03d81e','N'),('baf60bb5df2146ec2817e15e6143c20b','signup/_common_templates/main_static_html_doc.stpl','4.5.23.1','2010-05-10 06:05:22','75072dac23555d4d0e0dfd5ff31aa354','N'),('9371c10337d5e42a2bc45a9d187a422b','signup/_common_templates/menu_entry.tpl','4.5.23.1','2010-05-10 06:05:22','9245aaaa5732793ce089f5fe25d703ea','N'),('9bc23027348171c104965ca5c08dfa4a','signup/_common_templates/menu_section.tpl','4.5.23.1','2010-05-10 06:05:22','2420c835d490c654f3c006c12becdf52','N'),('b8dfa685ad108106174d33a6dee7b533','signup/_common_templates/messages.tpl','4.5.23.1','2010-05-10 06:05:22','bf1a3bac08c419320acb94673ad29f0b','N'),('6bb2083fb8229e2d7892aa2a792a7799','signup/_common_templates/module_body.stpl','4.5.23.1','2010-05-10 06:05:22','c079addcd33eb725ab7efbf09c16a793','N'),('1bd8c83079e88b6c3f4b1231d7a79f1a','signup/_common_templates/multi_editor.tpl','4.5.23.1','2010-05-10 06:05:22','3ee5baa5bdb7824c0c2ae6f2dc275830','N'),('9e4d7869e7514212fd9366bf640b5e1c','signup/_common_templates/multiselect.tpl','4.5.23.1','2010-05-10 06:05:22','9d1863b21edd131520315ce252fde639','N'),('ef5e3d41cb2c393c9df97b8068e45669','signup/_common_templates/newsletter_broadcast_form.tpl','4.5.23.1','2010-05-10 06:05:22','1ccb4e8c2a3873263c7c8c1fc7c19f27','N'),('67ba18f78caab9b3bb2761094d7a65d9','signup/_common_templates/newsletter_broadcasts.tpl','4.5.23.1','2010-05-10 06:05:22','e85ba6dc04b3a921af601f6bf976a5b8','N'),('d2bc7e3f637d63bdf4fafa43b7a2b293','signup/_common_templates/newsletter_edit_panel.tpl','4.5.23.1','2010-05-10 06:05:22','73ddca2129beb12e11215b1c55e70461','N'),('caa77b3190c663e55edda045150927b1','signup/_common_templates/newsletter_form.tpl','4.5.23.1','2010-05-10 06:05:22','e86bb366b8986ac4cb1b50c9ccc94b8e','N'),('184c53c93c9542399f5ec7f8fcadb57c','signup/_common_templates/no_content_gadgets.tpl','4.5.23.1','2010-05-10 06:05:22','1d4ce600d473f33e2b229101a50cbc3f','N'),('ee00c86bf5c5b4741a35fb476cc91124','signup/_common_templates/no_language_selected.tpl','4.5.23.1','2010-05-10 06:05:22','d61125f2b1cf78e4e66653d4e2f04bdd','N'),('3e8e14df0da6dd36cdfd34b4bd4e93f3','signup/_common_templates/notification_window.tpl','4.5.23.1','2010-05-10 06:05:22','db781872bdb9748bc838e051b8e5e4e2','N'),('d80d728826573e99e7683b3f20ef8368','signup/_common_templates/online_users.tpl','4.5.23.1','2010-05-10 06:05:22','e78ff82eb18c092018cd48d90ae48863','N'),('fdd7058af8c2d06be004917b7c8cfd5a','signup/_common_templates/online_users_gadget_rolecount.tpl','4.5.23.1','2010-05-10 06:05:22','5fd6af0c5f2edec24d0e35dc00a9e870','N'),('9c0fb89f8d454de190ed3be88352c9ee','signup/_common_templates/onlinegadgets_no_data.tpl','4.5.23.1','2010-05-10 06:05:22','f5f692a433b4911963a92c41cc269768','N'),('454abe772e09c39183f90807a175d121','signup/_common_templates/onlineusers_filter.tpl','4.5.23.1','2010-05-10 06:05:22','7a0572e8ae3375f2c79c8fe985295bd6','N'),('0f24d5fbfff15ee5c385e99ed9ed1948','signup/_common_templates/page_header.tpl','4.5.23.1','2010-05-10 06:05:22','1fc6cb8ba9169bea326c2696c3924853','N'),('6cf018a101ed0ca85c8e1991959dcc48','signup/_common_templates/panel_footer.stpl','4.5.23.1','2010-05-10 06:05:22','aa4e3100aa336e411f4cf10b4ca36b19','N'),('e10028e2741571d3e9f4a2dac07dca91','signup/_common_templates/panel_header.stpl','4.5.23.1','2010-05-10 06:05:22','c5daccb49c8e61fe938334d7c64bd29d','N'),('84581f75e868c9759c5f1fa8ac32d1c5','signup/_common_templates/panel_includes.stpl','4.5.23.1','2010-05-10 06:05:22','09b3b4e4b2e0fe49e2836f043c5d13cb','N'),('a370110e1c014d0ec0ccd5302304cbd7','signup/_common_templates/pap4.css','4.5.23.1','2010-05-10 06:05:22','b4c618d03a4793b9ac8afa63d9472481','N'),('67a043b0a6095f3b24238177ac4825e6','signup/_common_templates/password_constraint_panel.tpl','4.5.23.1','2010-05-10 06:05:22','71b23765c240aff0073e713cfc4da992','N'),('308a4dfec6358cc0741eec7fe4411a03','signup/_common_templates/password_panel.tpl','4.5.23.1','2010-05-10 06:05:22','b1078f4045c2b43f98b9ebaf0fd238d9','N'),('e99357871df398d260cb2a176990e90f','signup/_common_templates/payout_methods.tpl','4.5.23.1','2010-05-10 06:05:22','acad955465fa06b2c957dfc27d41b010','N'),('e9b9d2e6f83fe08aa728353f3ace0080','signup/_common_templates/pending_backround_tasks.tpl','4.5.23.1','2010-05-10 06:05:22','1f545784070a2f219c4d9784249f20be','N'),('a4db0b359fb4baf53c321807b1fbf348','signup/_common_templates/plugin_configuration.tpl','4.5.23.1','2010-05-10 06:05:22','7034c34adfdb1e04e95c3c1220367c32','N'),('8ace2ac341b17006c5cb70f0df7dcb22','signup/_common_templates/plugin_detail.tpl','4.5.23.1','2010-05-10 06:05:22','2d4b93316cbc3428022aeb460393172d','N'),('b9e260b2b3029b988b87f8a301874cb5','signup/_common_templates/plugins_list.tpl','4.5.23.1','2010-05-10 06:05:22','976e2264d8619e5b75032e6467cd54ed','N'),('bc709a1e89ec8193889eb793eb8bf292','signup/_common_templates/popup_form_widget.tpl','4.5.23.1','2010-05-10 06:05:22','0f5d2ef3d678d026df06fe1f1e5991a8','N'),('78f2971d1242b467361731768577d813','signup/_common_templates/post_response.stpl','4.5.23.1','2010-05-10 06:05:22','85b3f70030e8dd27cb05327b29b9b46d','N'),('8f4e36665a2c43f3e1cea9eeee4099e4','signup/_common_templates/post_signup_page.tpl','4.5.23.1','2010-05-10 06:05:22','d36d5a9be0a8b9ba742fd8b9ffd4c3b7','N'),('1df7b8661a1dc8d0fccccb1dc36ec210','signup/_common_templates/proxy_server_configuration.tpl','4.5.23.1','2010-05-10 06:05:22','732a20cf9c1d59496e88d9bd5b080484','N'),('ab257b684a0cb920b58d50b8e6291967','signup/_common_templates/quick_launch.tpl','4.5.23.1','2010-05-10 06:05:22','8c748719166b610dffa58760bc4b70b8','N'),('95bf031793601e4b4d023dc1b183a6dc','signup/_common_templates/quick_launch_draggable.tpl','4.5.23.1','2010-05-10 06:05:22','95c176695c4d4c278fee2d956446c7bd','N'),('6cdf6109db348e456e1db673bc9be299','signup/_common_templates/quick_task.stpl','4.5.23.1','2010-05-10 06:05:22','3688f22aa7b210a514e230103264db01','N'),('0f81f288e1c21ae30a454ddebe120933','signup/_common_templates/quicklaunch_settings.tpl','4.5.23.1','2010-05-10 06:05:22','1e595ebaeb4364f173ee3fec71c1762d','N'),('c9c1b912ad9100298a27dd7b5dab84ae','signup/_common_templates/radio_button_group_row.tpl','4.5.23.1','2010-05-10 06:05:22','3713f6d400aa1ca96d9e404082304912','N'),('db0dec95378c67c52e27249207da1794','signup/_common_templates/refresh_panel.tpl','4.5.23.1','2010-05-10 06:05:22','5c709df4d219d5feb4f29003ca932f77','N'),('2293e64aa982ae47d200fdb9479e6c25','signup/_common_templates/regional_settings.tpl','4.5.23.1','2010-05-10 06:05:22','7fd67a6e2e8b44c62dc36ce4812b7189','N'),('808033555e7433701ae757c70ea39ed1','signup/_common_templates/regional_settings_tab.tpl','4.5.23.1','2010-05-10 06:05:22','82a573fa67deb883c207f05c019f7eeb','N'),('7dd868663bb440ea4cbd80a207c3a47f','signup/_common_templates/report_filter.tpl','4.5.23.1','2010-05-10 06:05:22','d6a23d82045dd3389e323ced768768e0','N'),('640e413d47fb5bdb7818caf5b1329e79','signup/_common_templates/request_new_password_form.tpl','4.5.23.1','2010-05-10 06:05:22','7aa0db9d60bd7a650692ab2e94912dc9','N'),('642f310adc4d0228a5df2b00571225e4','signup/_common_templates/resizable_text_area.tpl','4.5.23.1','2010-05-10 06:05:22','7995c217048ccd289dfee567a455b08e','N'),('75754e79438dc5f160fbade7ac0ba97e','signup/_common_templates/richlistbox.tpl','4.5.23.1','2010-05-10 06:05:22','f8266890acf525c756dd3aa2d52f58be','N'),('e77870e27e8c6d394e21a8fbecaf1dd6','signup/_common_templates/richlistbox_popup.tpl','4.5.23.1','2010-05-10 06:05:22','83ffc9891f6f6579c8e080ff1d6aa478','N'),('d5eac3c2d33e85ff927d389221dc29b3','signup/_common_templates/richtext_editor.tpl','4.5.23.1','2010-05-10 06:05:22','99af0e75e8761690e55e65fa238d8d4c','N'),('3b3ee67a87b5311ccc52fa1e4f3d0209','signup/_common_templates/richtext_editor_toolbar.tpl','4.5.23.1','2010-05-10 06:05:22','eeecb979bef990e480a1b450c5b560b3','N'),('7e47b8db015e79559afb43f4d7ee5690','signup/_common_templates/richtexteditor_addlink.tpl','4.5.23.1','2010-05-10 06:05:22','7368b95c47c79c4e631694e6c0d29154','N'),('322ef72642b1ef9ba0fc28171e16614e','signup/_common_templates/role_privileges.tpl','4.5.23.1','2010-05-10 06:05:22','9163270235450787bb9ebf86df5b2f69','N'),('da8dd44efcff11ac41a167215b9c4186','signup/_common_templates/search_filter.tpl','4.5.23.1','2010-05-10 06:05:22','4ca240c2bf5dd813ee784e71bf565065','N'),('c478bc364b3108d27ca0bbb4294ea027','signup/_common_templates/select_account_form.tpl','4.5.23.1','2010-05-10 06:05:22','c63d80262aaf8a0e1b1bcffe73ce6e8f','N'),('f92876ee161af237af71f0841488a72e','signup/_common_templates/select_button.tpl','4.5.23.1','2010-05-10 06:05:22','7b9843b360b02e16a8d9c6d80f3fec3e','N'),('66c993b234ede798a7e68981a3b5b782','signup/_common_templates/set_new_password_form.tpl','4.5.23.1','2010-05-10 06:05:22','58bf3e73d3a6b46460fb05216df1d0a8','N'),('2be882e111738f93bc328009ab797e4f','signup/_common_templates/sidebar.tpl','4.5.23.1','2010-05-10 06:05:22','65226d7e25dcdca0cf71a9f3118d8139','N'),('f437ca8c0d7c5564834ecc77c7099a28','signup/_common_templates/sidebar_closed.tpl','4.5.23.1','2010-05-10 06:05:22','3d903661713a9ee5fb402776ee06d310','N'),('8fae4c3b6207a3dbb0dc6f532e444937','signup/_common_templates/sidebar_gadget.tpl','4.5.23.1','2010-05-10 06:05:22','1f904859e056808c8826836a4e256761','N'),('cb5e6a06d14f5c02c9045269c4fcf0c0','signup/_common_templates/signup_fields.tpl','4.5.23.1','2010-05-10 06:05:22','820c972c1fe0012f29c6e0a522d8c348','N'),('3f8c488f549a1e8e3fd9ccc395a003e5','signup/_common_templates/signup_form.tpl','4.5.23.1','2010-05-10 06:05:22','a55f02ab4d649b4eb23fbd252e3555fb','N'),('563cb8a1b89a7ee08e02f7de22181618','signup/_common_templates/simple_filter.tpl','4.5.23.1','2010-05-10 06:05:22','569adac6a4e4346b441cd19152972e21','N'),('4aaf9483438ab07ecbb600e529396566','signup/_common_templates/simple_icon_object.tpl','4.5.23.1','2010-05-10 06:05:22','bcbc9ea994d4aa8bbdee1eddc3ad19d8','N'),('a861fb1c04cf4e898c67d57998494760','signup/_common_templates/simplecolorpicker.tpl','4.5.23.1','2010-05-10 06:05:22','a212703ffb38e2c79152ba5926953049','N'),('d478474775d341deaec2a0454cc85ff2','signup/_common_templates/single_content_panel.tpl','4.5.23.1','2010-05-10 06:05:22','529d4a42f9106d91881f8b8b8e87748b','N'),('c099b413e4096feac39568c6623c135a','signup/_common_templates/size_format_widget.tpl','4.5.23.1','2010-05-10 06:05:22','ebfb7db6718ec601af59a570d8e0ccb3','N'),('6e9adc9d2a49cb921b100033668601e4','signup/_common_templates/start_button.tpl','4.5.23.1','2010-05-10 06:05:22','7aa2278c46b897536625cc042b4f5499','N'),('77b082425da26f64cbb66de4dcf4ff3a','signup/_common_templates/start_error.tpl','4.5.23.1','2010-05-10 06:05:22','4a2ab9a0309a85147db6d4b29cf4a727','N'),('cb3bef0910ec98169df11ac3d9725294','signup/_common_templates/static_page_includes.stpl','4.5.23.1','2010-05-10 06:05:22','2669e7ed5ba3449a50cb3db47067f72a','N'),('90300004a83256602b423f65e76c40c9','signup/_common_templates/sub_menu_section.tpl','4.5.23.1','2010-05-10 06:05:22','7b1009df6d4fb8ff3b592d7c85ccbc4e','N'),('1dab33046a169c838093cff07302ff32','signup/_common_templates/system_menu.tpl','4.5.23.1','2010-05-10 06:05:22','d7cf748342a86576ad39b41bd8d7047b','N'),('abfe1e47a31dc6ad73f898d7327090b9','signup/_common_templates/tab_item.tpl','4.5.23.1','2010-05-10 06:05:22','b1c6b9bf5bda5b8ba145fe000823b40f','N'),('b4e8459b0869d21e6ec5aa46a3fa9c37','signup/_common_templates/tab_panel.tpl','4.5.23.1','2010-05-10 06:05:22','15b20f431fdcf7da7c2f02c0f6c2ba19','N'),('da786434809b2ea6059b3dc6842c8b06','signup/_common_templates/task.tpl','4.5.23.1','2010-05-10 06:05:22','38a4b70b6456a12285be4bb113c72575','N'),('70aac9cd05d506cf0af0a07edd460fc7','signup/_common_templates/taskbar.tpl','4.5.23.1','2010-05-10 06:05:22','d7cf8ef7a71bf324aee5c1c7173afc7e','N'),('1e40b179f44093de672ac84e44564d73','signup/_common_templates/template_form.tpl','4.5.23.1','2010-05-10 06:05:22','7d4ae3cefd2ebd3fddd8c955a44c3ff7','N'),('7722b36bf16aa997f01cdddfadf53034','signup/_common_templates/template_form_constants.tpl','4.5.23.1','2010-05-10 06:05:22','91c398393e519cf7c6a53ba758eefc47','N'),('2f45a38db8ecceea5b72cdee2a884b3b','signup/_common_templates/template_form_theme_entry.tpl','4.5.23.1','2010-05-10 06:05:22','91a40d5bfbb3ff3b61cd7771e24a2684','N'),('546d95fc3245bf72d147e47c461c05f7','signup/_common_templates/template_form_themes.tpl','4.5.23.1','2010-05-10 06:05:22','e7158c1782ef49ddbf3fbe671c5c5b8a','N'),('193cbdee7b539ba7f2a25f667be65d1c','signup/_common_templates/template_form_variables.tpl','4.5.23.1','2010-05-10 06:05:22','e1c008058f4be04a9e6e76ba72cc3290','N'),('2b62d33b21fd4eeabd708adc8adf3dbe','signup/_common_templates/templates_form.tpl','4.5.23.1','2010-05-10 06:05:22','7a0a1baf13edabb10c8c6bef5a3dac41','N'),('ca884d6d9d422aa0be9f0df34b59a4b2','signup/_common_templates/theme_panel.tpl','4.5.23.1','2010-05-10 06:05:22','9c5a217986d2ce35abc6594f5ce2f012','N'),('c14b7928c75414f1399a2d0e46b9edfa','signup/_common_templates/theme_settings.tpl','4.5.23.1','2010-05-10 06:05:22','f7450b4590d95d3e2cf2636de397dc26','N'),('6a330424c0caba2586dfaa0a67b279ab','signup/_common_templates/tooltip_popup.tpl','4.5.23.1','2010-05-10 06:05:22','e63b270daacbb197d59737282cf49ea0','N'),('0dd9ad79edd3c3fc1fe8ddc06312ae52','signup/_common_templates/topmenu_logged.stpl','4.5.23.1','2010-05-10 06:05:22','420d303e54167c60dcc27372ceb24816','N'),('a4bdc63ac547037b66c30b20fc16a0e1','signup/_common_templates/topmenu_notlogged.stpl','4.5.23.1','2010-05-10 06:05:22','4dc7838661824f0af6d1d967c30c6d81','N'),('a9a4166b138f48c61c5c8678c901d802','signup/_common_templates/tour.stpl','4.5.23.1','2010-05-10 06:05:22','b1c31639869480f4266eac531d50550a','N'),('9ebcd66b211f017bba04939a21f35cfc','signup/_common_templates/trash.tpl','4.5.23.1','2010-05-10 06:05:22','270d020eabfcf284be7a97e7102924d5','N'),('b50a87d3d2fe2c7436980e8becabbcd5','signup/_common_templates/update_version.stpl','4.5.23.1','2010-05-10 06:05:22','5602f52fe8248df474201a16c922048f','N'),('10c246d39a758b9423b9b19936db2adc','signup/_common_templates/uploaded_file.tpl','4.5.23.1','2010-05-10 06:05:22','f9313defa0216f7702ee94b6b6185dd7','N'),('2a722997bfd0752372a69f7f1dc5bcda','signup/_common_templates/user_edit.tpl','4.5.23.1','2010-05-10 06:05:22','1315660dc39ebd57f264bb8abdd9bef0','N'),('acb67f78b80903a848df501f0f70b607','signup/_common_templates/view_form.tpl','4.5.23.1','2010-05-10 06:05:22','cec43b824caafb6a09c8d83c183f4c38','N'),('516ddeef9a29acaef2d17c172d8da403','signup/_common_templates/wallpaper_add_custom.tpl','4.5.23.1','2010-05-10 06:05:22','2210741b569ef188fa352c977a289261','N'),('a884063b8ef2aaf42a406767767c6072','signup/_common_templates/wallpaper_entry.tpl','4.5.23.1','2010-05-10 06:05:22','64c85f4da7897cd0f34168c62de661b9','N'),('50306b0e1fa978ca3ffe21e0248c35ca','signup/_common_templates/wallpaper_settings.tpl','4.5.23.1','2010-05-10 06:05:22','d160dbed38556231aeac49a96213e4d4','N'),('0fd089561149e439a49ce70069f65a97','signup/_common_templates/window.tpl','4.5.23.1','2010-05-10 06:05:22','d1937e90c9256204636d87e991d84a3d','N'),('8acdebc037ff17d7eb8f99a3e460603f','signup/_common_templates/window_bottom_left.tpl','4.5.23.1','2010-05-10 06:05:22','d14b545c27afa02ab7a919bdeb4c9470','N'),('da954fc943fad077acaa5d1241edeef6','signup/_common_templates/window_empty_content.tpl','4.5.23.1','2010-05-10 06:05:22','b1535ec719cada5b9f5d98849074b9bd','N'),('6eda2cd2de86d2d782cdd8e82024b582','signup/_common_templates/window_header.tpl','4.5.23.1','2010-05-10 06:05:22','fb5aca529f44f12c3f3a8bda2761054d','N'),('562783d06aec2ae16a096492669b5124','signup/_common_templates/window_header_refresh.tpl','4.5.23.1','2010-05-10 06:05:22','fcd47f4585abcac3c3a61ee3991379bc','N'),('96363e021c074977f586536d646747b4','signup/_common_templates/window_left.tpl','4.5.23.1','2010-05-10 06:05:22','9ac901446bfa26918e32fa029fb42093','N'),('7a4e8915552dd3ef2f363e21a9d09ac0','signup/_common_templates/window_move_panel.tpl','4.5.23.1','2010-05-10 06:05:22','f5bbd373a758bf76e6efadc94dca4b11','N'),('773b9fbf44853df1dd2bdf70a8b7f72d','signup/_common_templates/wizard_panel.tpl','4.5.23.1','2010-05-10 06:05:22','3142ce6354cb3e1c86b6c13c1d906189','N'),('38b4874e5ac8f13ef50815a24398e8c2','signup/classic/README.txt','4.5.23.1','2010-05-10 06:05:22','c5e378c3027a6b4f00637e35fa00d549','N'),('16d016f9e4737046d7f0126a5ec47ee5','signup/classic/custom.css','4.5.23.1','2010-05-10 06:05:22','54f1bbfc7076541f3cb5d6f130cfb49f','N'),('a7d0a0426d60bcb1248baf878fd3278d','signup/classic/header.stpl','4.5.23.1','2010-05-10 06:05:22','b0e22870bae5f9c1c4809319482788f1','N'),('9a31148e6b9a3744ce9db33be157cce0','signup/classic/img/content.bottom.gif','4.5.23.1','2010-05-10 06:05:22','752b9cf627b4c7dbccc857d5a691d4b9','N'),('1813e3eb57e396852ddf26c44cb9f17a','signup/classic/img/content.bottom.left.gif','4.5.23.1','2010-05-10 06:05:22','f050f014c1de2756f669817b104181b0','N'),('32618a5c0946da2ee6cb5bb1c9961c65','signup/classic/img/content.bottom.right.gif','4.5.23.1','2010-05-10 06:05:22','f7196a6f7f8e41930f25cb60103297e4','N'),('5150f7f33d807396739052cbe63c936d','signup/classic/img/content.left.gif','4.5.23.1','2010-05-10 06:05:22','d8538d3756f8c6027414a583858618a8','N'),('c0c15313ea834e5959fc05b677e1f025','signup/classic/img/content.right.gif','4.5.23.1','2010-05-10 06:05:22','97177491028c3422434d64a29fce343b','N'),('a8528fad3fb4e1177edb5389a3c98e32','signup/classic/img/content.top.gif','4.5.23.1','2010-05-10 06:05:22','1206ee1251333832e10a09d0dd84c3f8','N'),('91b0621227285c7e7195b80fdaf2cdc5','signup/classic/img/content.top.left.gif','4.5.23.1','2010-05-10 06:05:22','8a397076700e439a1c8f24aa9e1c1760','N'),('80cd9236a8c474acac5bfaa330e9efea','signup/classic/img/content.top.right.gif','4.5.23.1','2010-05-10 06:05:22','13947f410657fe4b089d663c9b9922a2','N'),('40047c1f3948b3cf4f1fbb25060f9f7c','signup/classic/img/left.column.gif','4.5.23.1','2010-05-10 06:05:22','995b4c343022cd59c15a10f49d360eaa','N'),('20c6182fe2cd2e0c481c5a4e3c4c899f','signup/classic/img/theme_thumbnail.jpg','4.5.23.1','2010-05-10 06:05:22','83abae8ef8b0fea2e5ed37aabf27daf2','N'),('f40a7b713fb03050d09bf00a47b7ed52','signup/classic/pap4.css','4.5.23.1','2010-05-10 06:05:22','ffd26e0cbb94119d56ff61b6f8194841','N'),('3822cb91036b61502d161b3b8104124e','signup/classic/theme.php','4.5.23.1','2010-05-10 06:05:22','bfe3dfc45e399a9bf4d688e00a72052b','N'),('8fb3af54dadf9d941556f642ba44f810','signup/compact/README.txt','4.5.23.1','2010-05-10 06:05:22','c5e378c3027a6b4f00637e35fa00d549','N'),('c1101d469f3e725ab3579a9c353d2a58','signup/compact/custom.css','4.5.23.1','2010-05-10 06:05:22','54f1bbfc7076541f3cb5d6f130cfb49f','N'),('041529fe40e05524fc2f47233ff2cdbf','signup/compact/index.stpl','4.5.23.1','2010-05-10 06:05:22','df7a2a85a552be8302052dbfde64f051','N'),('657835c031157ac3d679c1b8c14c743b','signup/compact/login_form.tpl','4.5.23.1','2010-05-10 06:05:22','5b5cf945de7ce85944a69cf20e707174','N'),('dbb40708c28404ea1ff5bad81edcaf84','signup/compact/login_main.tpl','4.5.23.1','2010-05-10 06:05:22','0cd828d3f67418d0795faf78316d9aaf','N'),('229905fea88c4bf43864f75bd6dac810','signup/compact/pap4.css','4.5.23.1','2010-05-10 06:05:22','59a320cc999968227cda9aa3ef49bb24','N'),('d4c628f654271eabbaf6a0b70512e329','signup/compact/theme.php','4.5.23.1','2010-05-10 06:05:22','67cf1e482019debdb602596fda457b85','N'),('64c92e2cda39bb67300c65802154819b','signup/cool/README.txt','4.5.23.1','2010-05-10 06:05:22','c5e378c3027a6b4f00637e35fa00d549','N'),('d0b8df8ab008185f75c16e42bdfcddef','signup/cool/custom.css','4.5.23.1','2010-05-10 06:05:22','54f1bbfc7076541f3cb5d6f130cfb49f','N'),('24a3f176a2a78062ac9cf6bf94cded8d','signup/cool/faq_public.stpl','4.5.23.1','2010-05-10 06:05:22','b73175f2d213562294d5a1db503abff2','N'),('2aab48ef9f64c9f1652e341c8ce3bea8','signup/cool/footer.stpl','4.5.23.1','2010-05-10 06:05:22','b39b2368f5a3d1341d135ef76bd11962','N'),('d2ec93725a47898769f21f365ca7fb4a','signup/cool/header.stpl','4.5.23.1','2010-05-10 06:05:22','9d0c614b20662981a3a99a1f9dd1e931','N'),('56ae76fcd50281ac4c1d37fe0de1a49c','signup/cool/img/background.bottom.png','4.5.23.1','2010-05-10 06:05:22','f99fffce75905cbf3ee4a3afad1fc619','N'),('8187cb191335796e3f19871eb72fbfe4','signup/cool/img/header.background.jpg','4.5.23.1','2010-05-10 06:05:22','9d26f8c5c8200673aec7f4cebc0753f0','N'),('a361ba51d955f286c832e13473cbffb0','signup/cool/img/join.button.png','4.5.23.1','2010-05-10 06:05:22','1c1467c3462fd72d0c4cfe007c75c526','N'),('cf7099c8d70c67d6c2b6b355bce36888','signup/cool/img/navigation.left.png','4.5.23.1','2010-05-10 06:05:22','3935bf693de4c1348a8cc96fcc5f9171','N'),('94eab605e0389d43cf6c13cece1ee904','signup/cool/img/theme_thumbnail.jpg','4.5.23.1','2010-05-10 06:05:22','dd8f23908534c823fbd79bdc417c5f1d','N'),('26a4230eae03e59c357dfacb938e6e36','signup/cool/index.stpl','4.5.23.1','2010-05-10 06:05:22','00b705c80df3d682ad26e6506aa86b2d','N'),('db44ab74a43336e8cf274f41c0baddaf','signup/cool/join_now.stpl','4.5.23.1','2010-05-10 06:05:22','01d2e03f5f9856ccfc2218966db02060','N'),('3fd3427ea92e94aa4f807439eddfc240','signup/cool/login_form.tpl','4.5.23.1','2010-05-10 06:05:22','762d075f15f3a6d5cb9d3a47cea118fc','N'),('3dff5c217f565abe0d8349a094c549c7','signup/cool/login_main.tpl','4.5.23.1','2010-05-10 06:05:22','0cd828d3f67418d0795faf78316d9aaf','N'),('6eabffd9eac903fa6edb7717c6b7339d','signup/cool/pap4.css','4.5.23.1','2010-05-10 06:05:22','c25fce745ce9f8c52abfceb13613406d','N'),('1025e60b18d98de273a57387da4483f3','signup/cool/signup_form.tpl','4.5.23.1','2010-05-10 06:05:22','c0892fc6ebb01e61356dce8e6ef47507','N'),('340d909f1a71d7df5d41be8cad518ac7','signup/cool/theme.php','4.5.23.1','2010-05-10 06:05:22','22dca0fe1620a66b0c2e5baec28cbad9','N'),('360715eea74e04c8a0d53fd3686c5547','signup/cool/topmenu_logged.stpl','4.5.23.1','2010-05-10 06:05:22','574eb87c2379d842a5ae265bca391127','N'),('50ff7f92e4dcb5a9d3fc57625e6c0a7c','signup/cool/topmenu_notlogged.stpl','4.5.23.1','2010-05-10 06:05:22','574eb87c2379d842a5ae265bca391127','N'),('251c2f78046950fd54123bab67c7833f','signup/cool/tour.stpl','4.5.23.1','2010-05-10 06:05:22','eb5549c6ad5eef568d3fa591e1cdf25d','N'),('1094e51482312d34c82125efc2c7cb0e','signup/longText/README.txt','4.5.23.1','2010-05-10 06:05:22','c5e378c3027a6b4f00637e35fa00d549','N'),('6489da5d1defd41d7c8db5871dfeac16','signup/longText/custom.css','4.5.23.1','2010-05-10 06:05:22','54f1bbfc7076541f3cb5d6f130cfb49f','N'),('ad559a13ebf91ae7a64a1ba34ac5c24b','signup/longText/footer.stpl','4.5.23.1','2010-05-10 06:05:22','7ee7a96e26f0a3e73237ec48894259e1','N'),('f8d65643dd8e659997fb1c24c7c88ddd','signup/longText/header.stpl','4.5.23.1','2010-05-10 06:05:22','a63e641d667440645ac94ca0412aba01','N'),('7f2cd944bae7f83912cc6bc4529f9981','signup/longText/img/btn_login.gif','4.5.23.1','2010-05-10 06:05:22','ab0d634600ca557e8530d8fa678ad40d','N'),('6a560cf9ee61e12e511352b76561134d','signup/longText/img/btn_signup.gif','4.5.23.1','2010-05-10 06:05:22','11ba97871dcfd96b7636ecc21c2f4105','N'),('e85cb41d2c9e4d1be0fcffff8c592a23','signup/longText/img/point.gif','4.5.23.1','2010-05-10 06:05:22','51226a8eb5fd78963dd5c1c190117185','N'),('55b432d888824bf61c4a1c3aa3bf3880','signup/longText/img/theme_thumbnail.jpg','4.5.23.1','2010-05-10 06:05:22','db8834960172c2f4ce8f412dcafa8218','N'),('304fca11c3295f1267020b661a78b76f','signup/longText/index.stpl','4.5.23.1','2010-05-10 06:05:22','3a4db6fcd31041c382b1b974e362b2de','N'),('cf2cb32aff65a3a23bcb21a618dffe6a','signup/longText/login_form.tpl','4.5.23.1','2010-05-10 06:05:22','9f6c636cb93deda586f9bda97d0c9e5f','N'),('b5fb9b8b7428b44a82a64410cc3a26ea','signup/longText/login_main.tpl','4.5.23.1','2010-05-10 06:05:22','0cd828d3f67418d0795faf78316d9aaf','N'),('8af67d1c87ad68c2b2c6c95055addb1e','signup/longText/pap4.css','4.5.23.1','2010-05-10 06:05:22','86dfe143d44a682c47d39b7bf85cb737','N'),('b543fd5897adf22d56fec95a684dc1c2','signup/longText/signup_form.tpl','4.5.23.1','2010-05-10 06:05:22','5c31478ec76514f5b479b794924d620f','N'),('1a0a1bca08b36955a3497898ff08499f','signup/longText/theme.php','4.5.23.1','2010-05-10 06:05:22','85c3a9a792932215b7ce60c82603e40b','N'),('bf7b28d7bfccaa85fb110d2e8abbf000','merchants/_common_templates/invoices_filter.tpl','4.5.23.1','2010-05-10 06:05:21','c48f2bcf23ee0003b2a20578e3b8fc00','N'),('a33b6b3915a18894c2cdc9b230f3f8b3','merchants/_common_templates/invoices_list.tpl','4.5.23.1','2010-05-10 06:05:21','6e17ac08861881ab171404417970c41c','N'),('f7aebfaa1ed2fcb6a8d044f5d207fb34','merchants/_common_templates/traffic_info.tpl','4.5.23.1','2010-05-10 06:05:21','1d49e70df8655f7e4ac82f8114d85b0c','N'),('0a6f5b80d6e7019758abbac20767a02d','merchants/_common_templates/visitor_affiliates_filter.tpl','4.5.23.1','2010-05-10 06:05:21','34c408d5d1edf75904776c9e18a74fdc','N'),('867bbd126ce207b0452ec61884f84a11','merchants/_common_templates/visitor_affiliates_list.tpl','4.5.23.1','2010-05-10 06:05:21','7a4bfac19167fe149fabfe5eee02b704','N');

--
-- Table structure for table `qu_g_languages`
--

CREATE TABLE `qu_g_languages` (
  `languageid` char(40) NOT NULL,
  `code` varchar(5) NOT NULL,
  `name` varchar(64) NOT NULL,
  `eng_name` varchar(64) NOT NULL,
  `active` char(1) DEFAULT NULL,
  `author` varchar(255) DEFAULT NULL,
  `version` varchar(40) DEFAULT NULL,
  `imported` datetime NOT NULL,
  `accountid` char(8) NOT NULL,
  `dateformat` varchar(64) DEFAULT NULL,
  `timeformat` varchar(64) DEFAULT NULL,
  `thousandsseparator` char(1) DEFAULT NULL,
  `decimalseparator` char(1) DEFAULT NULL,
  `translated` tinyint(3) unsigned DEFAULT NULL COMMENT 'Percentage of translated messages',
  `is_default` char(1) NOT NULL DEFAULT 'N',
  PRIMARY KEY (`languageid`),
  KEY `IDX_qu_g_languages_1` (`accountid`)
) ENGINE=MyISAM DEFAULT CHARSET=utf8;

--
-- Dumping data for table `qu_g_languages`
--

INSERT INTO `qu_g_languages` VALUES ('default1_en-US','en-US','English','English','Y','Quality Unit','4.5.21.4','2010-05-10 06:05:24','default1','MM/d/yyyy','HH:mm:ss','','.',0,'Y');

--
-- Table structure for table `qu_g_logins`
--

CREATE TABLE `qu_g_logins` (
  `loginid` int(10) unsigned NOT NULL AUTO_INCREMENT,
  `accountuserid` char(8) DEFAULT NULL,
  `login` datetime NOT NULL,
  `lastrequest` datetime NOT NULL,
  `logout` datetime DEFAULT NULL,
  `ip` varchar(39) NOT NULL,
  PRIMARY KEY (`loginid`),
  KEY `IDX_qu_g_logins_1` (`accountuserid`)
) ENGINE=MyISAM AUTO_INCREMENT=99 DEFAULT CHARSET=utf8;

--
-- Dumping data for table `qu_g_logins`
--

INSERT INTO `qu_g_logins` VALUES (1,'f0d47fed','2010-05-10 06:05:58','2010-05-10 07:36:46',NULL,'158.195.191.194'),(2,'f0d47fed','2010-05-10 06:24:34','2010-05-10 09:57:18','2010-05-10 09:57:21','69.35.243.60'),(3,'f0d47fed','2010-05-10 06:44:43','2010-05-10 09:56:08','2010-05-10 09:56:22','69.35.243.60'),(4,'c0b70094','2010-05-10 08:14:02','2010-05-10 09:20:25',NULL,'69.35.243.60'),(5,'f0d47fed','2010-05-10 10:00:25','2010-05-10 10:37:46','2010-05-10 10:37:49','69.35.243.60'),(6,'f0d47fed','2010-05-10 10:38:46','2010-05-10 11:03:46','2010-05-10 11:03:46','69.35.243.60'),(7,'f0d47fed','2010-05-10 11:04:27','2010-05-10 12:22:19','2010-05-10 12:22:19','69.35.243.60'),(8,'f0d47fed','2010-05-10 12:28:38','2010-05-10 13:31:07',NULL,'69.35.243.60'),(9,'f0d47fed','2010-05-10 14:52:48','2010-05-10 16:43:50',NULL,'69.35.243.60'),(10,'f0d47fed','2010-05-11 05:20:02','2010-05-11 05:24:22','2010-05-11 05:24:25','69.35.243.60'),(11,'f0d47fed','2010-05-11 05:45:57','2010-05-11 19:37:14',NULL,'69.35.243.60'),(12,'f0d47fed','2010-05-11 11:15:16','2010-05-11 12:11:56','2010-05-11 12:11:56','69.35.243.60'),(13,'f0d47fed','2010-05-11 11:38:13','2010-05-11 11:40:30',NULL,'65.1.116.66'),(14,'f0d47fed','2010-05-11 11:49:52','2010-05-11 11:57:21',NULL,'65.1.116.66'),(15,'f0d47fed','2010-05-12 02:29:10','2010-05-12 04:40:39',NULL,'158.195.191.194'),(16,'f0d47fed','2010-05-12 03:07:45','2010-05-12 03:55:11',NULL,'158.195.191.194'),(17,'f0d47fed','2010-05-12 07:05:27','2010-05-12 12:17:06','2010-05-12 12:17:06','69.35.243.60'),(18,'f0d47fed','2010-05-12 14:18:50','2010-05-12 14:19:29','2010-05-12 14:19:57','69.35.243.60'),(19,'f0d47fed','2010-05-12 14:20:35','2010-05-12 16:13:28','2010-05-12 16:13:28','69.35.243.60'),(20,'f0d47fed','2010-05-12 19:46:56','2010-05-13 14:08:34',NULL,'69.35.243.60'),(21,'f0d47fed','2010-05-13 01:47:59','2010-05-13 02:18:22',NULL,'158.195.191.194'),(22,'f0d47fed','2010-05-13 16:02:54','2010-05-13 17:23:09',NULL,'69.35.243.60'),(23,'f0d47fed','2010-05-13 18:15:20','2010-05-13 18:26:52','2010-05-13 18:27:09','69.35.243.60'),(24,'f0d47fed','2010-05-13 19:04:51','2010-05-13 20:29:56',NULL,'69.35.243.60'),(25,'f0d47fed','2010-05-13 23:00:27','2010-05-14 00:30:07',NULL,'158.195.191.194'),(26,'f0d47fed','2010-05-13 23:24:15','2010-05-14 00:14:27',NULL,'158.195.191.194'),(27,'f0d47fed','2010-05-14 04:50:22','2010-05-14 06:10:22','2010-05-14 06:10:24','69.35.243.60'),(28,'f0d47fed','2010-05-14 06:01:12','2010-05-14 06:14:46','2010-05-14 06:14:46','75.64.132.223'),(29,'f0d47fed','2010-05-14 06:16:18','2010-05-14 06:18:56',NULL,'69.35.243.60'),(30,'f0d47fed','2010-05-14 06:54:49','2010-05-14 08:06:42','2010-05-14 08:06:42','75.64.132.223'),(31,'f0d47fed','2010-05-16 05:56:09','2010-05-16 10:52:59',NULL,'69.35.243.60'),(32,'2879606e','2010-05-16 20:52:35','2010-05-16 21:06:10','2010-05-16 21:06:10','75.66.217.111'),(33,'f0d47fed','2010-05-17 03:55:28','2010-05-17 03:57:08',NULL,'158.195.191.194'),(34,'f0d47fed','2010-05-17 06:04:41','2010-05-19 18:50:26',NULL,'69.35.243.60'),(35,'ad385081','2010-05-17 11:19:12','2010-05-17 11:32:33',NULL,'69.35.243.60'),(36,'f0d47fed','2010-05-17 13:04:59','2010-05-18 13:28:41','2010-05-18 13:28:41','75.64.132.223'),(37,'4646ae5d','2010-05-18 14:20:29','2010-05-18 14:21:04',NULL,'69.35.243.60'),(38,'f0d47fed','2010-05-18 15:37:56','2010-05-18 15:37:56',NULL,'69.167.146.65'),(39,'f0d47fed','2010-05-18 15:39:25','2010-05-18 15:39:25',NULL,'69.167.146.65'),(40,'f0d47fed','2010-05-18 15:39:47','2010-05-18 15:39:47',NULL,'69.167.146.65'),(41,'f0d47fed','2010-05-18 15:40:03','2010-05-18 15:40:03',NULL,'69.167.146.65'),(42,'f0d47fed','2010-05-18 15:41:25','2010-05-18 15:41:25',NULL,'69.167.146.65'),(43,'f0d47fed','2010-05-18 15:42:20','2010-05-18 15:42:20',NULL,'69.167.146.65'),(44,'f0d47fed','2010-05-19 06:41:25','2010-05-19 06:41:25',NULL,'69.167.146.65'),(45,'f0d47fed','2010-05-19 15:46:57','2010-05-19 15:46:57',NULL,'69.167.146.65'),(46,'f0d47fed','2010-05-19 17:41:34','2010-05-19 17:41:34',NULL,'69.167.146.65'),(47,'f0d47fed','2010-05-19 17:45:35','2010-05-19 17:45:35',NULL,'69.167.146.65'),(48,'f0d47fed','2010-05-19 17:54:05','2010-05-19 17:54:05',NULL,'69.167.146.65'),(49,'05e4b63c','2010-05-19 18:02:19','2010-05-19 18:48:37','2010-05-19 18:48:45','69.171.160.130'),(50,'f0d47fed','2010-05-19 18:41:36','2010-05-19 18:41:36',NULL,'69.167.146.65'),(51,'f0d47fed','2010-05-19 18:41:54','2010-05-19 18:41:54',NULL,'69.167.146.65'),(52,'f0d47fed','2010-05-19 18:42:23','2010-05-19 18:42:23',NULL,'69.167.146.65'),(53,'f0d47fed','2010-05-19 18:42:27','2010-05-19 18:42:27',NULL,'69.167.146.65'),(54,'f0d47fed','2010-05-19 18:43:44','2010-05-19 18:43:44',NULL,'69.167.146.65'),(55,'f0d47fed','2010-05-19 18:43:51','2010-05-19 18:43:51',NULL,'69.167.146.65'),(56,'f0d47fed','2010-05-19 18:47:25','2010-05-19 18:47:25',NULL,'69.167.146.65'),(57,'f0d47fed','2010-05-19 18:47:32','2010-05-19 18:47:32',NULL,'69.167.146.65'),(58,'f0d47fed','2010-05-19 18:47:36','2010-05-19 18:47:36',NULL,'69.167.146.65'),(59,'f0d47fed','2010-05-19 18:47:41','2010-05-19 18:47:41',NULL,'69.167.146.65'),(60,'f0d47fed','2010-05-19 18:47:53','2010-05-19 18:47:53',NULL,'69.167.146.65'),(61,'05e4b63c','2010-05-19 18:49:39','2010-05-19 18:55:02','2010-05-19 18:55:02','69.171.160.130'),(62,'f0d47fed','2010-05-19 18:50:05','2010-05-19 18:50:05',NULL,'69.167.146.65'),(63,'f0d47fed','2010-05-19 18:50:30','2010-05-19 18:50:30',NULL,'69.167.146.65'),(64,'f0d47fed','2010-05-19 18:50:39','2010-05-19 18:50:39',NULL,'69.167.146.65'),(65,'f0d47fed','2010-05-20 08:33:06','2010-05-20 08:33:06',NULL,'69.167.146.65'),(66,'f0d47fed','2010-05-20 08:36:12','2010-05-20 08:36:12',NULL,'69.167.146.65'),(67,'f0d47fed','2010-05-20 13:16:42','2010-05-20 13:17:21',NULL,'69.35.243.60'),(68,'2879606e','2010-05-24 19:55:24','2010-05-24 19:57:27',NULL,'75.66.217.111'),(69,'f0d47fed','2010-05-25 14:14:05','2010-05-25 14:22:08','2010-05-25 14:22:11','75.64.132.223'),(70,'f0d47fed','2010-05-26 23:17:01','2010-05-26 23:37:20',NULL,'158.195.191.194'),(71,'2879606e','2010-05-27 04:34:23','2010-05-27 04:37:53','2010-05-27 04:37:53','75.66.217.111'),(72,'f0d47fed','2010-05-27 10:29:19','2010-05-27 10:59:39',NULL,'158.195.191.194'),(73,'2879606e','2010-05-27 15:44:14','2010-05-27 15:47:04','2010-05-27 15:47:04','75.66.217.111'),(74,'f0d47fed','2010-05-28 13:11:38','2010-06-01 14:43:48',NULL,'69.35.243.60'),(75,'2dfd1ce7','2010-05-28 15:37:07','2010-05-28 16:04:10','2010-05-28 16:04:10','166.137.11.25'),(76,'2dfd1ce7','2010-05-28 17:09:51','2010-05-28 18:10:45','2010-05-28 18:10:45','166.137.11.25'),(77,'2879606e','2010-05-28 21:50:40','2010-05-28 21:51:45',NULL,'75.66.217.111'),(78,'f0d47fed','2010-06-03 09:09:51','2010-06-03 09:13:19','2010-06-03 09:13:19','75.64.132.223'),(79,'f0d47fed','2010-06-03 09:22:02','2010-06-03 09:32:12','2010-06-03 09:32:38','75.64.132.223'),(80,'f0d47fed','2010-06-03 10:31:07','2010-06-03 10:55:36',NULL,'69.35.243.60'),(81,'2879606e','2010-06-06 11:36:04','2010-06-06 11:38:30','2010-06-06 11:38:30','75.66.217.111'),(82,'f0d47fed','2010-09-21 12:29:36','2010-09-21 12:39:56',NULL,'69.35.243.60'),(83,'f0d47fed','2011-04-24 12:11:00','2011-04-25 12:45:48','2011-04-25 12:45:48','69.35.243.60'),(84,'f0d47fed','2011-04-25 12:47:28','2011-04-27 01:20:54',NULL,'69.35.243.60'),(85,'f0d47fed','2011-04-26 10:08:57','2011-04-26 18:47:34',NULL,'74.247.80.248'),(86,'e65625b1','2011-04-26 10:32:18','2011-04-26 10:33:37',NULL,'74.247.80.248'),(87,'cfadff88','2011-04-26 16:14:58','2011-04-26 21:10:54',NULL,'69.35.243.60'),(88,'f0d47fed','2011-04-27 10:31:25','2011-04-29 12:39:41',NULL,'69.35.243.60'),(89,'353b24f9','2011-04-27 13:11:06','2011-04-27 13:58:51',NULL,'69.35.243.60'),(90,'f0d47fed','2011-04-30 09:06:15','2011-05-01 06:35:09',NULL,'69.35.243.60'),(91,'e65625b1','2011-04-30 09:08:28','2011-04-30 09:09:01',NULL,'69.35.243.60'),(92,'f0d47fed','2011-05-08 07:26:10','2011-05-12 17:27:40',NULL,'69.35.243.60'),(93,'353b24f9','2011-05-11 18:52:45','2011-05-11 18:53:50',NULL,'69.35.243.60'),(94,'353b24f9','2011-05-12 12:55:39','2011-05-12 13:07:59','2011-05-12 13:07:59','75.64.144.58'),(95,'353b24f9','2011-05-23 21:29:56','2011-05-23 22:01:10',NULL,'75.64.144.58'),(96,'353b24f9','2011-06-10 09:17:44','2011-06-10 09:18:48',NULL,'75.64.144.58'),(97,'353b24f9','2011-06-10 09:23:16','2011-06-10 09:25:39',NULL,'216.37.95.109'),(98,'353b24f9','2011-06-11 14:29:47','2011-06-11 14:29:47',NULL,'75.64.144.58');

--
-- Table structure for table `qu_g_logs`
--

CREATE TABLE `qu_g_logs` (
  `logid` int(10) unsigned NOT NULL AUTO_INCREMENT,
  `groupid` varchar(16) NOT NULL DEFAULT '',
  `level` smallint(5) unsigned NOT NULL,
  `rtype` char(1) DEFAULT NULL,
  `filename` varchar(255) DEFAULT NULL,
  `message` text,
  `line` int(10) unsigned DEFAULT NULL,
  `ip` varchar(39) DEFAULT NULL,
  `created` datetime NOT NULL,
  `accountuserid` char(8) DEFAULT NULL,
  PRIMARY KEY (`logid`),
  KEY `IDX_qu_g_logs_1` (`accountuserid`,`created`)
) ENGINE=MyISAM AUTO_INCREMENT=10211 DEFAULT CHARSET=utf8;

--
-- Dumping data for table `qu_g_logs`
--


--
-- Table structure for table `qu_g_mail_accounts`
--

CREATE TABLE `qu_g_mail_accounts` (
  `mailaccountid` varchar(8) NOT NULL,
  `account_name` varchar(255) NOT NULL,
  `account_email` varchar(255) NOT NULL,
  `from_name` varchar(255) DEFAULT NULL,
  `pop3_server` varchar(255) DEFAULT NULL,
  `pop3_port` smallint(5) unsigned DEFAULT NULL,
  `pop3_ssl` char(1) NOT NULL DEFAULT 'N',
  `pop3_username` varchar(255) DEFAULT NULL,
  `pop3_password` varchar(255) DEFAULT NULL,
  `use_smtp` char(1) DEFAULT 'N',
  `smtp_server` varchar(255) DEFAULT NULL,
  `smtp_port` smallint(5) unsigned DEFAULT NULL,
  `smtp_ssl` char(1) NOT NULL DEFAULT 'N',
  `smtp_auth` char(1) NOT NULL DEFAULT 'Y',
  `smtp_username` varchar(255) DEFAULT NULL,
  `smtp_password` varchar(255) DEFAULT NULL,
  `delete_mails` char(1) NOT NULL DEFAULT 'N',
  `last_unique_id` varchar(255) DEFAULT NULL,
  `is_default` char(1) NOT NULL DEFAULT 'N',
  `last_mail_datetime` datetime DEFAULT NULL,
  `last_processing` datetime DEFAULT NULL,
  `accountid` char(8) NOT NULL,
  `smtp_auth_method` varchar(16) DEFAULT NULL,
  PRIMARY KEY (`mailaccountid`),
  KEY `IDX_qu_g_mail_accounts_1` (`accountid`)
) ENGINE=MyISAM DEFAULT CHARSET=utf8;

--
-- Dumping data for table `qu_g_mail_accounts`
--

INSERT INTO `qu_g_mail_accounts` VALUES ('b38c8d51','Default Mail Account','noreply@atwecsafetytechnologies.com','Atwec Safety Technologies™  Affiliate  Message','',110,'N','','','N','',25,'N','N','','','N','','Y',NULL,NULL,'default1','');

--
-- Table structure for table `qu_g_mail_attachments`
--

CREATE TABLE `qu_g_mail_attachments` (
  `fileid` char(32) NOT NULL,
  `mailid` int(10) unsigned NOT NULL,
  `is_included_image` char(1) NOT NULL DEFAULT 'N',
  PRIMARY KEY (`fileid`,`mailid`),
  KEY `IDX_qu_g_mail_attachments_1` (`fileid`),
  KEY `IDX_qu_g_mail_attachments_2` (`mailid`)
) ENGINE=MyISAM DEFAULT CHARSET=utf8;

--
-- Dumping data for table `qu_g_mail_attachments`
--


--
-- Table structure for table `qu_g_mail_outbox`
--

CREATE TABLE `qu_g_mail_outbox` (
  `outboxid` int(10) unsigned NOT NULL AUTO_INCREMENT,
  `mailaccountid` varchar(8) DEFAULT NULL,
  `scheduled_at` datetime NOT NULL,
  `status` char(1) NOT NULL COMMENT 'S - sending P - pending',
  `last_retry` datetime DEFAULT NULL,
  `retry_nr` smallint(5) unsigned DEFAULT NULL,
  `error_msg` text,
  `mailid` int(10) unsigned NOT NULL,
  PRIMARY KEY (`outboxid`),
  KEY `IDX_qu_g_mail_outbox_1` (`mailaccountid`),
  KEY `IDX_qu_g_mail_outbox_2` (`mailid`)
) ENGINE=MyISAM AUTO_INCREMENT=52 DEFAULT CHARSET=utf8;

--
-- Dumping data for table `qu_g_mail_outbox`
--


--
-- Table structure for table `qu_g_mail_template_attachments`
--

CREATE TABLE `qu_g_mail_template_attachments` (
  `fileid` char(32) NOT NULL,
  `templateid` varchar(8) NOT NULL,
  `is_included_image` char(1) NOT NULL,
  PRIMARY KEY (`fileid`,`templateid`),
  KEY `IDX_qu_g_mail_template_attachments_1` (`fileid`),
  KEY `IDX_qu_g_mail_template_attachments_2` (`templateid`)
) ENGINE=MyISAM DEFAULT CHARSET=utf8;

--
-- Dumping data for table `qu_g_mail_template_attachments`
--


--
-- Table structure for table `qu_g_mail_templates`
--

CREATE TABLE `qu_g_mail_templates` (
  `templateid` varchar(8) NOT NULL,
  `classname` varchar(255) NOT NULL,
  `templatename` varchar(255) NOT NULL,
  `subject` text,
  `body_html` longtext,
  `body_text` longtext,
  `accountid` char(8) NOT NULL,
  `is_custom` char(1) NOT NULL DEFAULT 'N',
  `created` datetime DEFAULT NULL,
  PRIMARY KEY (`templateid`),
  KEY `IDX_qu_g_mail_templates_1` (`accountid`)
) ENGINE=MyISAM DEFAULT CHARSET=utf8;

--
-- Dumping data for table `qu_g_mail_templates`
--

INSERT INTO `qu_g_mail_templates` VALUES ('9bad4762','Gpf_Auth_RequestNewPasswordMail','##Request new password##','##Request new password##','<p style=\"font-family: Arial;\">\n    <font size=\"2\">\n        ##Hello## {$firstname} {$lastname},<br><br>##we have received new password request for your account## {$username}.\n    </font>\n</p>\n<p style=\"font-family: Arial;\">\n    <font size=\"2\">\n        ##If this request was initiated by you, please click## <span style=\"font-weight: bold;\">{$newPasswordLink}{*New password link*}</span> ##or copy URL## <span style=\"font-weight: bold;\">http://{$newPasswordUrl}{*New password URL*}</span> ##to your browser and change your password.##<a style=\"text-decoration: underline; color: rgb(0, 0, 255); font-weight: bold;\" href=\"http://{$newPasswordUrl}\"></a><br>\n    </font>\n</p>\n<p style=\"font-family: Arial;\">\n    <font size=\"2\">\n        ##This request is valid until## <span style=\"font-weight: bold; color: rgb(221, 34, 71);\">{$validUntil}</span>\n    </font>\n</p>\n<font size=\"2\">\n    <span style=\"font-family: Arial;\">##Sincerely,##</span><br/><br/>\n    <span style=\"font-family: Arial;\">##Quality Unit Team##</span>\n</font>\n',NULL,'default1','N','2010-05-10 05:59:43'),('9c07db11','Gpf_Mail_EmailAccountTestMail','##Email account test mail##','##Email account test mail##','<h1 style=\"font-family: Arial;\"><font size=\"4\">##Congratulations##</font></h1>\n<p style=\"font-family: Arial;\"><font size=\"2\">##Your mail account is configured correctly and your installation is capable to send mails.##</font></p>\n<div style=\"font-family: Arial;\">\n    <fieldset>\n        <legend><font size=\"2\">##Mail account setup##</font></legend>\n        <table>\n            <tbody><tr>\n                <td style=\"font-weight: bold;\"><font size=\"2\">##Mail Account Name##</font></td>\n\n                <td><font size=\"2\">{$account_name}</font></td>\n            </tr>\n            <tr>\n                <td style=\"font-weight: bold;\"><font size=\"2\">##From Name##</font></td>\n                <td><font size=\"2\">{$from_name}</font></td>\n            </tr>\n            <tr>\n\n                <td style=\"font-weight: bold;\"><font size=\"2\">##From Email##</font></td>\n                <td><font size=\"2\">{$account_email}</font></td>\n            </tr>\n            <tr>\n                <td style=\"font-weight: bold;\"><font size=\"2\">##Use SMTP protocol##</font></td>\n                <td><font size=\"2\">{$use_smtp}</font></td>\n            </tr>\n\n            <tr>\n                <td style=\"font-weight: bold;\"><font size=\"2\">##SMTP Server##</font></td>\n                <td><font size=\"2\">{$smtp_server}</font></td>\n            </tr>\n            <tr>\n                <td style=\"font-weight: bold;\"><font size=\"2\">##SMTP Port##</font></td>\n                <td><font size=\"2\">{$smtp_port}</font></td>\n\n            </tr>\n            <tr>\n                <td style=\"font-weight: bold;\"><font size=\"2\">##SMTP Authentication##</font></td>\n                <td><font size=\"2\">{$smtp_auth}</font></td>\n            </tr>\n            <tr>\n                <td style=\"font-weight: bold;\"><font size=\"2\">##Use SSL connection##</font></td>\n\n                <td><font size=\"2\">{$smtp_ssl}</font></td>\n            </tr>\n            <tr>\n                <td style=\"font-weight: bold;\"><font size=\"2\">##SMTP Username##</font></td>\n                <td><font size=\"2\">{$smtp_username}</font></td>\n            </tr>\n            <tr>\n\n                <td style=\"font-weight: bold;\"><font size=\"2\">##Is default mail account##</font></td>\n                <td><font size=\"2\">{$is_default}</font></td>\n            </tr>\n        </tbody></table>\n    </fieldset>\n</div>\n',NULL,'default1','N','2010-05-10 05:59:43'),('4865ae5c','Pap_Mail_AffiliateChangeCommissionStatus','##Affiliate - On change  Sale / Lead status##','##Change sale / lead status##','<font size=\"2\">\n<span style=\"font-family: Arial;\">##Dear## {$firstname} {$lastname},</span><br/><br/>\n<span style=\"font-family: Arial;\">##Status of sale / lead was changed to:## {$status}.</span><br/><br/>\n<font size=\"4\"><strong style=\"font-family: Arial;\">##Sale details##:</strong></font><br/>\n<span style=\"font-family: Arial;\">##Order ID##: </span><strong style=\"font-family: Arial;\">{$orderid}</strong><br/>\n<span style=\"font-family: Arial;\">##Product ID##: </span><strong style=\"font-family: Arial;\">{$productid}</strong><br/>\n<span style=\"font-family: Arial;\">##IP address##: </span><strong style=\"font-family: Arial;\">{$ip}</strong><br/>\n<span style=\"font-family: Arial;\">##Referrer Url##: </span><strong style=\"font-family: Arial;\">{$refererurl}</strong><br/>\n<span style=\"font-family: Arial;\">##Commission from this sale##: </span><strong style=\"font-family: Arial;\">{$commission|currency}</strong><br/><br/>\n</span><br/><br/><br/><span style=\"font-family: Arial;\">##Sincerely,##</span><br/><br/>\n<span style=\"font-family: Arial;\">##Your Affiliate manager##</span><br/>\n</font>\n',NULL,'default1','N','2010-05-10 05:59:44'),('2b4f11ca','Pap_Mail_AffiliateDirectLinkNotification','##Affiliate - DirectLink Notification##','##DirectLink notification##','<font size=\"2\">\n<span style=\"font-family: Arial;\">Dear {$firstname} {$lastname}</span> <br/><br/>\n\n{if not empty($directlinks_approved)}\n<span style=\"font-family: Arial;\">These DirectLinks have been approved:</span><br/>\n{foreach from=$directlinks_approved item=approvedLink}\n    <span style=\"font-family: Arial;\">{$approvedLink}</span><br/>\n{/foreach}\n<br/><br/>\n{/if}\n\n{if not empty($directlinks_declined)}\n<span style=\"font-family: Arial;\">These DirectLinks have been declined:</span><br/>\n{foreach from=$directlinks_declined item=declinedLink}\n    <span style=\"font-family: Arial;\">{$declinedLink}</span><br/>\n{/foreach}\n<br/><br/>\n{/if}\n\n{if not empty($directlinks_pending)}\n<span style=\"font-family: Arial;\">These DirectLinks are pending:</span><br/>\n{foreach from=$directlinks_pending item=pendingLink}\n    <span style=\"font-family: Arial;\">{$pendingLink}</span><br/>\n{/foreach}\n<br/><br/>\n{/if}\n\n{if not empty($directlinks_deleted)}\n<span style=\"font-family: Arial;\">These DirectLinks have been deleted:</span><br/>\n{foreach from=$directlinks_deleted item=deletedLink}\n    <span style=\"font-family: Arial;\">{$deletedLink}</span><br/>\n{/foreach}\n<br/><br/>\n{/if}\n\n<br />\n<span style=\"font-family: Arial;\">Sincerely,</span><br/><br/>\n<span style=\"font-family: Arial;\">Your Affiliate manager</span><br/>\n</font>\n',NULL,'default1','N','2010-05-10 05:59:44'),('226f3c3a','Pap_Mail_AffiliateInvoice','##Affiliate - Invoice##','##Invoice##','{$invoice}{*Invoice*}\n',NULL,'default1','N','2010-05-10 05:59:44'),('e497d4b8','Pap_Mail_AffiliateOnNewSale','##Affiliate - New Sale / Lead##','##New sale / lead##','<font size=\"2\">\n<span style=\"font-family: Arial;\">##Dear## {$firstname} {$lastname},</span><br/><br/>\n<span style=\"font-family: Arial;\">##new sale / lead was registered by our affiliate program with status:## {$status}.</span><br/><br/><font size=\"4\"><strong style=\"font-family: Arial;\">{if $rawtype eq \'U\'}##Recurring sale##{else}##Sale##{/if} ##details##:</strong></font><br/>\n<span style=\"font-family: Arial;\">##Total cost##: </span><strong style=\"font-family: Arial;\">{$totalcost|currency}</strong><br/>\n<span style=\"font-family: Arial;\">##Commission from this sale##: </span><strong style=\"font-family: Arial;\">{$commission|currency}</strong><br/>\n<span style=\"font-family: Arial;\">##Order ID##: </span><strong style=\"font-family: Arial;\">{$orderid}</strong><br/>\n<span style=\"font-family: Arial;\">##Product ID##: </span><strong style=\"font-family: Arial;\">{$productid}</strong><br/>\n<span style=\"font-family: Arial;\">##IP address##: </span><strong style=\"font-family: Arial;\">{$ip}</strong><br/>\n<span style=\"font-family: Arial;\">##Referrer Url##: </span><strong style=\"font-family: Arial;\">{$refererurl}</strong><br/><br/>\n<span style=\"font-family: Arial;\">##Sincerely##,</span><br/><br/>\n<span style=\"font-family: Arial;\">##Your Affiliate manager##</span>\n</font>\n',NULL,'default1','N','2010-05-10 05:59:44'),('e0f84942','Pap_Mail_InviteToCampaign','##Affiliate - Invite affiliate to campaign##','##You are invited to campaign##','##Dear## {$firstname} {$lastname},\n\n<br><br>##You are invited to campaign## {$campaignname}.\n<br>\n##Campaign description##: <span style=\"font-weight: bold;\">{$campaigndescription}</span>\n\n<br><br>##Sincerely,##\n\n<br>##Your Affiliate manager##\n',NULL,'default1','N','2010-05-10 05:59:44'),('a47b58f1','Pap_Mail_MerchantInvoice','##Merchant - Invoice##','##Invoice##','{$invoice}{*Invoice*}\n',NULL,'default1','N','2010-05-10 05:59:44'),('d7abe73d','Pap_Mail_MerchantNewDirectLinkNotification','##Merchant - New DirectLink Notification##','##New DirectLink notification##','<font size=\"2\">\n<span style=\"font-family: Arial;\">##Dear merchant##,</span><br/><br/>\n<span style=\"font-family: Arial;\">##Affiliate## {$firstname} {$lastname} ##added new directlink at## {$date}.</span><br/><br/>\n<span style=\"font-family: Arial;\">##URL##: <span style=\"font-weight: bold;\">{$directlink_url}</span></span><br/>\n<span style=\"font-family: Arial;\">##Note##: <span style=\"font-weight: bold;\">{$directlink_note}</span></span><br/><br/>\n<span style=\"font-family: Arial;\">##If you like to APPROVE it click here##: <a href=\"{$directlink_approve}\">{$directlink_approve}</a></span><br/></font><font size=\"2\"><br/><br/> \n<span style=\"font-family: Arial;\">##If you like to DECLINE it click here##: <a href=\"{$directlink_decline}\">{$directlink_decline}</a></span><br/></font><font size=\"2\"><br/><br/>\n<span style=\"font-family: Arial;\">##Regards##,</span><br/><br/>\n<span style=\"font-family: Arial;\">##Your## {$postAffiliatePro}.</span>\n</font>\n',NULL,'default1','N','2010-05-10 05:59:44'),('6ac2222d','Pap_Mail_MerchantNewUserSignup','##Merchant - New User Signup##','##New user signed up##','<font size=\"2\">\n<span style=\"font-family: Arial;\">##Dear merchant,##</span><br/><br/>\n<span style=\"font-family: Arial;\">##Affiliate## {$firstname} {$lastname} ##signed-up to your affiliate program at## {$date}.</span><br/><br/>\n<span style=\"font-family: Arial;\">##Affiliate name##: <span style=\"font-weight: bold;\">{$firstname} {$lastname}</span></span><br/>\n<span style=\"font-family: Arial;\">##Affiliate email##: <span style=\"font-weight: bold;\">{$username}{*Username*}</span></span><br/>\n<span style=\"font-family: Arial;\">##Affiliate ID##: <span style=\"font-weight: bold;\">{$userid}{*Affiliate ID*}</span></span><br/>\n<br/>\n\n{if $new_user_signup_status ne \'A\'}\n<span style=\"font-family: Arial;\">##If you want to APPROVE new affiliate click here##: </span><br/>\n<span style=\"font-family: Arial;\"><a href=\"{$new_user_signup_approve_link}\">{$new_user_signup_approve_link}</a></span>\n<br/><br/>\n{/if}\n\n{if $new_user_signup_status ne \'D\'}\n<span style=\"font-family: Arial;\">##If you want to DECLINE new affiliate click here##: </span><br/>\n<span style=\"font-family: Arial;\"><a href=\"{$new_user_signup_decline_link}\">{$new_user_signup_decline_link}</a></span>\n<br/><br/>\n{/if}\n\n<span style=\"font-family: Arial;\">##Regards##,</span><br/><br/>\n<span style=\"font-family: Arial;\">##Your## {$postAffiliatePro}.</span>\n</font>\n',NULL,'default1','N','2010-05-10 05:59:43'),('819ffec7','Pap_Mail_MerchantOnContactUs','##Merchant - Affiliate filled Contact us form##','##Affiliate filled Contact us form##','<font size=\"2\">\n<span style=\"font-family: Arial;\">##You have been contacted by your affiliate##</span>\n<span style=\"font-family: Arial;\"> ##at## {$date}.<br></span></font><font size=\"2\">\n<span style=\"font-family: Arial;\"></span><strong style=\"font-family: Arial;\">{$firstname} {$lastname}</strong></font><font size=\"2\">\n<span style=\"font-family: Arial;\"> <span style=\"font-style: italic;\">(</span></span><span style=\"font-family: Arial; font-style: italic;\">##Referrer:## {$refid}{*Affiliate RefId*})</span></font> <font size=\"2\">\n<span style=\"font-family: Arial;\">##filled \"Contact us\" form.##</span><br/><br/>\n<strong style=\"font-family: Arial;\"></strong></font><hr style=\"font-family: Arial; height: 2px;\"><font size=\"2\">\n<span style=\"font-family: Arial;\"><font size=\"3\"><span style=\"font-weight: bold;\">{$emailsubject}</span></font></span><br/>\n<span style=\"font-family: Arial; color: rgb(42, 42, 42);\">{$emailtext}</span><br/></font>\n<hr style=\"font-family: Arial; height: 2px;\">\n<font size=\"2\"><br/><span style=\"font-family: Arial;\">\n--</span><br/><span style=\"font-family: Arial;\">\n##Regards,##</span><br/><br/><span style=\"font-family: Arial;\">\n##Your## {$postAffiliatePro}</span><br/></font>\n',NULL,'default1','N','2010-05-10 05:59:43'),('c206226b','Pap_Mail_MerchantOnSale','##Merchant - New Sale / Lead##','##New sale / lead##','<font size=\"2\">\n<span style=\"font-family: Arial;\">##Dear merchant##,</span><br/><br/>\n<span style=\"font-family: Arial;\">##A new sale/lead was recorded at ##{$date}{*Date*} {$time}{*Time*}</span><br/>\n<span style=\"font-family: Arial;\">##The sale was assigned to affiliate with user name## </span>\n<span style=\"font-weight: bold; color: rgb(51, 0, 255); font-family: Arial;\">{$username}</span>\n<span style=\"font-family: Arial;\">.</span><br/><br/><font size=\"4\"><strong style=\"font-family: Arial;\">##Sale details##:</strong></font><br/>\n<span style=\"font-family: Arial;\">##Total cost##: </span><strong style=\"font-family: Arial;\">{$totalcost|currency}</strong><br/>\n<span style=\"font-family: Arial;\">##Commission for affiliate##: </span><strong style=\"font-family: Arial;\">{$commission|currency}</strong><br/>\n<span style=\"font-family: Arial;\">##Order ID##: </span><strong style=\"font-family: Arial;\">{$orderid}</strong><br/>\n<span style=\"font-family: Arial;\">##Product ID##: </span><strong style=\"font-family: Arial;\">{$productid}</strong><br/>\n<span style=\"font-family: Arial;\">##IP address##: </span><strong style=\"font-family: Arial;\">{$ip}</strong><br/>\n<span style=\"font-family: Arial;\">##Referrer Url##: </span><strong style=\"font-family: Arial;\">{$refererurl}</strong><br/><br/>\n\n{if $statuscode ne \'A\'}\n<span style=\"font-family: Arial;\">##If you want to APPROVE new sale click here##: </span><br/>\n<a href=\"{$sale_approve_link}\">{$sale_approve_link}</a>\n<br/><br/>\n{/if}\n\n{if $statuscode ne \'D\'}\n<span style=\"font-family: Arial;\">##If you want to DECLINE new sale click here##: </span><br/>\n<a href=\"{$sale_decline_link}\">{$sale_decline_link}</a>\n<br/><br/>\n{/if}\n\n<span style=\"font-family: Arial;\">##Regards,##</span><br/><br/>\n<span style=\"font-family: Arial;\">##Your## {$postAffiliatePro}.</span><br/>\n</font>\n',NULL,'default1','N','2010-05-10 05:59:43'),('e1180bef','Pap_Mail_NewUserSignupApproved','##Affiliate - New User Signup Approved##','{$firstname}##, welcome to our affiliate program##','<font size=\"2\"><span style=\"font-family: Arial;\">##Dear## {$firstname} {$lastname}</span><br/><br/>\n<span style=\"font-family: Arial;\">##Thank you for registration in our affiliate program.##</span><br/><br/>\n<span style=\"font-family: Arial;\">##You have been approved and you can login using the following link##: </span>\n<span style=\"font-weight: bold; font-family: Arial;\">{$affiliateLoginLink}{*Affiliate Login Link*}</span><br/><br/>\n<span style=\"font-family: Arial;\">##Your username##: </span><strong style=\"font-family: Arial;\">{$username}</strong><br/>\n<span style=\"font-family: Arial;\">##Your password##: </span><strong style=\"font-family: Arial;\">{$password}</strong><br/><br/>\n<span style=\"font-family: Arial;\">##Sincerely,##</span><br/><br/>\n<span style=\"font-family: Arial;\">##Your Affiliate manager##</span><br/></font>\n',NULL,'default1','N','2010-05-10 05:59:43'),('4dc25bcc','Pap_Mail_NewUserSignupBeforeApproval','##Affiliate - New User Signup Before Approval##','{$firstname}##, welcome to our affiliate program##','<font size=\"2\">\n    <span style=\"font-family: Arial;\">##Dear## {$firstname} {$lastname},</span><br/><br/>\n    <span style=\"font-family: Arial;\">##Thank you for your registration in our affiliate program.##</span><br/>\n    <span style=\"font-family: Arial;\"><br/>##We review every application## <span style=\"font-weight: bold;\">##manually##</span>, ##and your registration is waiting for manual approval.## ##Please, be patient.##</span><br/><br/>\n    <span style=\"font-family: Arial;\">##After confirming your registration, you will receive one more email with all the necessary information.##</span><br/><br/><span style=\"font-family: Arial;\">--</span><br/>\n    <span style=\"font-family: Arial;\">##Sincerely,##</span><br/><br/>\n    <span style=\"font-family: Arial;\">##Your Affiliate manager##</span></font>\n',NULL,'default1','N','2010-05-10 05:59:43'),('5d466d70','Pap_Mail_NewUserSignupDeclined','##Affiliate - New User Signup Declined##','##You have been declined in affiliate program##','<font size=\"2\"><span style=\"font-family: Arial;\">##Dear## {$firstname} {$lastname}</span><br/><br/>\n<span style=\"font-family: Arial;\">##You have been declined in affiliate program.##</span><br/><br/>\n<span style=\"font-family: Arial;\">##Sincerely,##</span><br/><br/>\n<span style=\"font-family: Arial;\">##Your Affiliate manager##</span><br/></font>\n',NULL,'default1','N','2010-05-10 05:59:43'),('7b6df036','Pap_Mail_OnAffiliateJoinToCampaign','##Merchant - New affiliate joined campaign##','##New affiliate wants to join campaign##','<font size=\"2\">\n<span style=\"font-family: Arial;\">##Dear merchant##,</span><br/><br/>\n<span style=\"font-family: Arial;\">##Affiliate## {$firstname} {$lastname} ##joined your campaign## {$campaignname}.</span><br/>\n<span style=\"font-family: Arial;\">##This affiliate is waiting for your approval.##</span><br/><br/>\n\n<span style=\"font-family: Arial;\">##If you want to APPROVE affiliate to join camapign click here##: </span><br/>\n<span style=\"font-family: Arial;\"><a href=\"{$affiliate_join_campaign_approve_link}\">{$affiliate_join_campaign_approve_link}</a></span>\n<br/><br/>\n\n<span style=\"font-family: Arial;\">##If you want to DECLINE affiliate to join camapign click here##: </span><br/>\n<span style=\"font-family: Arial;\"><a href=\"{$affiliate_join_campaign_decline_link}\">{$affiliate_join_campaign_decline_link}</a></span>\n<br/><br/>\n\n<span style=\"font-family: Arial;\">##Regards##,</span><br/><br/>\n<span style=\"font-family: Arial;\">##Your## {$postAffiliatePro}.</span>\n</font>\n',NULL,'default1','N','2010-05-10 05:59:44'),('d775ca7e','Pap_Mail_OnMerchantApproveAffiliateToCampaign','##Affiliate - Affiliate approved in campaign##','##You have been approved in campaign##','<font size=\"2\"><span style=\"font-family: Arial;\">##Dear## {$firstname} {$lastname}</span><br/><br/>\n<span style=\"font-family: Arial;\">##You have been approved in campaign## {$campaignname} </span><br/><br/>\n<span style=\"font-family: Arial;\">##Sincerely,##</span><br/><br/>\n<span style=\"font-family: Arial;\">##Your Affiliate manager##</span><br/></font>\n',NULL,'default1','N','2010-05-10 05:59:44'),('1815a7d9','Pap_Mail_OnMerchantDeclineAffiliateForCampaign','##Affiliate - Affiliate declined in campaign##','##You have been declined in campaign##','<font size=\"2\"><span style=\"font-family: Arial;\">##Dear## {$firstname} {$lastname}</span><br/><br/>\n<span style=\"font-family: Arial;\">##You have been declined in campaign## {$campaignname} </span><br/><br/>\n<span style=\"font-family: Arial;\">##Sincerely,##</span><br/><br/>\n<span style=\"font-family: Arial;\">##Your Affiliate manager##</span><br/></font>\n',NULL,'default1','N','2010-05-10 05:59:44'),('2785b8fc','Pap_Mail_OnPayout','##Affiliate - On payout##','##Your commissions##','<font size=\"2\">\n<span style=\"font-family: Arial;\">##Dear## {$firstname} {$lastname},</span><br/><br/>\n<span style=\"font-family: Arial;\">##I would like to let you know that we paid your commissions earned in our affiliate program.##</span><br/><br/><strong style=\"font-family: Arial;\">.:Payout preview:.</strong><br/><br/>\n<span style=\"font-family: Arial;\">##Date##: </span><strong style=\"font-family: Arial;\">{$date}</strong><br/>\n<span style=\"font-family: Arial;\">##Amount payed##: </span><strong style=\"font-family: Arial;\">{$payment|currency}</strong><br/>\n<span style=\"font-family: Arial;\">##Payout method##: </span><strong style=\"font-family: Arial;\">{$payoutmethod}</strong><br/><br/>\n<span style=\"font-family: Arial;\">##Sincerely##,</span><br/><br/>\n<span style=\"font-family: Arial;\">##Your Affiliate manager##</span>\n</font>\n',NULL,'default1','N','2010-05-10 05:59:43'),('9f1947bd','Pap_Mail_OnSubAffiliateSale','##Affiliate - New Subaffiliate Sale / Lead##','##New subaffiliate sale / lead##','<font style=\"font-family: Arial;\" size=\"2\">\n##Dear## {$firstname} {$lastname},<br/><br/>\n##One of your sub-affiliates## </font><font style=\"font-family: Arial;\" size=\"2\">##made a sale/lead.##<br/><br/>\n<strong>.:##Sale/lead preview##:.</strong><br/>##Total cost##: <strong>{$totalcost|currency}</strong><br/>\n##Product ID##: <strong>{$productid}</strong><br/><br/>##Sincerely,##<br/><br/>\n##Your Affiliate manager##<br/>\n</font>\n',NULL,'default1','N','2010-05-10 05:59:44'),('0228a576','Pap_Mail_OnSubAffiliateSignup','##Affiliate - New Subaffiliate signup##','##New subaffiliate signed up##','<font size=\"2\"><span style=\"font-family: Arial;\">##Dear## {$parent_firstname} {$parent_lastname},</span><br>\n<br>\n<span style=\"font-family: Arial;\">##You just signed up a new sub-affiliate for our Affiliate Program.##</span><br>\n<span style=\"font-family: Arial;\">##The name of the affiliate is## <span style=\"font-weight: bold;\">{$firstname} {$lastname}</span>. </span><br>\n<br>\n<span style=\"font-family: Arial;\">##Keep up the good work!##</span><br>\n<br>\n<span style=\"font-family: Arial;\">##You can check your stats here:## {$affiliateLoginUrl}{*Affiliate Login Url*}</span><br>\n<br>\n<span style=\"font-family: Arial;\">##Sincerely##,</span><br style=\"font-family: Arial;\"><span style=\"font-family: Arial;\">##The Quality Unit Affiliate Program team##</span><br>\n</font>\n',NULL,'default1','N','2010-05-10 05:59:44'),('4a4c181a','Pap_Mail_OnVATPayout','##Affiliate - On VAT payout##','##Your commissions##','<font size=\"2\">\n<span style=\"font-family: Arial;\">##Dear## {$firstname} {$lastname},</span><br/><br/>\n<span style=\"font-family: Arial;\">##I would like to let you know that we paid your commissions earned in our affiliate program.##</span><br/><br/><strong style=\"font-family: Arial;\">.:##Payout preview##:.</strong><br/><br/>\n<span style=\"font-family: Arial;\">##Date##: </span><strong style=\"font-family: Arial;\">{$date}</strong><br/>\n<span style=\"font-family: Arial;\">##Amount payed##: </span> <strong style=\"font-family: Arial;\">{$payment|currency}</strong><br/>\n<span style=\"font-family: Arial;\">##Payout method##: </span><strong style=\"font-family: Arial;\">{$payoutmethod}</strong><br/><br/>\n<br/><span style=\"font-family: Arial;\">##Sincerely,##</span><br/><br/>\n<span style=\"font-family: Arial;\">##Your Affiliate manager##</span><br/>\n</font>\n',NULL,'default1','N','2010-05-10 05:59:43'),('bba0fc84','Pap_Mail_PayDayReminder_PayDayReminder','##Merchant - Pay day reminder##','##Pay day reminder##','##Dear merchant##,<br>\n<br>\n##Today is pay day.##<br>\n##Now is## {$date}{*Server Date*} {$time}{*Server Time*}<br>\n<br>\n##Payout amount:## {$amounttopay|currency}{*Amount to pay*}<br>##Approved commissions:## {$approvedcommissions|currency}{*Approved commissions*}<br>\n##Pending commissions:## {$pendingcommissions|currency}{*Pending commissions*}<br>\n##Declined commissions:## {$declinedcommissions|currency}{*Declined commissions*}\n',NULL,'default1','N','2010-05-10 05:59:44'),('53e48937','Pap_Mail_Reports_AffDailyReport','##Affiliate - Daily report##','##Daily report##','##Dear## {$firstname} {$lastname},<br>\n<br>\n##new daily report was generated.##<br>\n<br>\n##Now is## {$date}{*Server Date*} {$time}{*Server Time*}<br>\n##Daily report is generated for:## <span style=\"font-weight: bold;\">{$dateFrom}{*Date from is report generated*} </span>- <span style=\"font-weight: bold;\">{$dateTo}{*Date to is report generated*}</span><br>\n<br>\n##Impressions:## {$impressions->count->all}<br>\n##Clicks:## {$clicks->count->all}<br>\n<br>\n##Number of Sales:## {$sales->count->all}<br>\n##Commissions per Sales:## {$sales->commission->all|currency}{*Commissions per Sales*}<br>\n##Totalcost of Sales:## {$sales->totalCost->all|currency}<br>\n<br>\n##Number of Actions:## {$actions->count->all}{*Number of Actions*}<br>\n##Commissions per Actions:## {$actions->commission->all|currency}{*Comissions per Actions*}<br>\n##Total cost of Actions:## {$actions->totalCost->all|currency}{*Total cost of Actions*}<br>\n<br>\n##All Commissions:## {$transactions->commission->all|currency}<br>\n-----------------------------------<br>\n<br>\n{$commissionsList}{*List of commissions*}\n',NULL,'default1','N','2010-05-10 05:59:44'),('494287fc','Pap_Mail_Reports_AffMonthlyReport','##Affiliate - Monthly report##','##Monthly report##','##Dear## {$firstname} {$lastname},<br>\n<br>\n##new monthly report was generated.##<br>\n<br>\n##Now is## {$date}{*Server Date*} {$time}{*Server Time*}<br>\n##Monthly report is generated for:## <span style=\"font-weight: bold;\">{$dateFrom}{*Date from is report generated*} </span>- <span style=\"font-weight: bold;\">{$dateTo}{*Date to is report generated*}</span><br>\n<br>\n##Impressions:## {$impressions->count->all}<br>\n##Clicks:## {$clicks->count->all}<br>\n<br>\n##Number of Sales:## {$sales->count->all}<br>\n##Commissions per Sales:## {$sales->commission->all|currency}{*Commissions per Sales*}<br>\n##Totalcost of Sales:## {$sales->totalCost->all|currency}<br>\n<br>\n##Number of Actions:## {$actions->count->all}{*Number of Actions*}<br>\n##Commissions per Actions:## {$actions->commission->all|currency}{*Comissions per Actions*}<br>\n##Total cost of Actions:## {$actions->totalCost->all|currency}{*Total cost of Actions*}<br>\n<br>\n##All Commissions:## {$transactions->commission->all|currency}<br>\n-----------------------------------<br>\n<br>\n{$commissionsList}{*List of commissions*}\n',NULL,'default1','N','2010-05-10 05:59:44'),('86ce2bf8','Pap_Mail_Reports_AffWeeklyReport','##Affiliate - Weekly report##','##Weekly report##','##Dear## {$firstname} {$lastname},<br>\n<br>\n##new weekly report was generated.##<br>\n<br>\n##Now is## {$date}{*Server Date*} {$time}{*Server Time*}<br>\n##Weekly report is generated for:## <span style=\"font-weight: bold;\">{$dateFrom}{*Date from is report generated*} </span>- <span style=\"font-weight: bold;\">{$dateTo}{*Date to is report generated*}</span><br>\n<br>\n##Impressions:## {$impressions->count->all}<br>\n##Clicks:## {$clicks->count->all}<br>\n<br>\n##Number of Sales:## {$sales->count->all}<br>\n##Commissions per Sales:## {$sales->commission->all|currency}{*Commissions per Sales*}<br>\n##Totalcost of Sales:## {$sales->totalCost->all|currency}<br>\n<br>\n##Number of Actions:## {$actions->count->all}{*Number of Actions*}<br>\n##Commissions per Actions:## {$actions->commission->all|currency}{*Comissions per Actions*}<br>\n##Total cost of Actions:## {$actions->totalCost->all|currency}{*Total cost of Actions*}<br>\n<br>\n##All Commissions:## {$transactions->commission->all|currency}<br>\n-----------------------------------<br>\n<br>\n{$commissionsList}{*List of commissions*}\n',NULL,'default1','N','2010-05-10 05:59:44'),('7ce03b32','Pap_Mail_Reports_DailyReport','##Merchant - Daily report##','##Daily report##','##Now is## {$date}{*Server Date*} {$time}{*Server Time*}<br>\n##Daily report is generated for:## <span style=\"font-weight: bold;\">{$dateFrom}{*Date from is report generated*} </span>- <span style=\"font-weight: bold;\">{$dateTo}{*Date to is report generated*}</span><br>\n<br>\n##Impressions:## {$impressions->count->all}<br>\n##Clicks:## {$clicks->count->all}<br>\n<br>\n##Number of Sales:## {$sales->count->all}<br>\n##Commissions per Sales:## {$sales->commission->all|currency}{*Commissions per Sales*}<br>\n##Totalcost of Sales:## {$sales->totalCost->all|currency}<br>\n<br>\n##Number of Actions:## {$actions->count->all}{*Number of Actions*}<br>\n##Commissions per Actions:## {$actions->commission->all|currency}{*Comissions per Actions*}<br>\n##Total cost of Actions:## {$actions->totalCost->all|currency}{*Total cost of Actions*}<br>\n<br>\n##All Commissions:## {$transactions->commission->all|currency}<br>\n-----------------------------------<br>\n<br>\n{$commissionsList}{*List of commissions*}\n',NULL,'default1','N','2010-05-10 05:59:44'),('42bf5376','Pap_Mail_Reports_MonthlyReport','##Merchant - Monthly report##','##Monthly report##','##Now is## {$date}{*Server Date*} {$time}{*Server Time*}<br>\n##Monthly report is generated for:## <span style=\"font-weight: bold;\">{$dateFrom}{*Date from is report generated*} </span>- <span style=\"font-weight: bold;\">{$dateTo}{*Date to is report generated*}</span><br>\n<br>\n##Impressions:## {$impressions->count->all}<br>\n##Clicks:## {$clicks->count->all}<br>\n<br>\n##Number of Sales:## {$sales->count->all}<br>\n##Commissions per Sales:## {$sales->commission->all|currency}{*Commissions per Sales*}<br>\n##Totalcost of Sales:## {$sales->totalCost->all|currency}<br>\n<br>\n##Number of Actions:## {$actions->count->all}{*Number of Actions*}<br>\n##Commissions per Actions:## {$actions->commission->all|currency}{*Comissions per Actions*}<br>\n##Total cost of Actions:## {$actions->totalCost->all|currency}{*Total cost of Actions*}<br>\n<br>\n##All Commissions:## {$transactions->commission->all|currency}<br>\n-----------------------------------<br>\n<br>\n{$commissionsList}{*List of commissions*}\n',NULL,'default1','N','2010-05-10 05:59:44'),('5a62acb0','Pap_Mail_Reports_WeeklyReport','##Merchant - Weekly report##','##Weekly report##','##Now is## {$date}{*Server Date*} {$time}{*Server Time*}<br>\n##Weekly report is generated for:## <span style=\"font-weight: bold;\">{$dateFrom}{*Date from is report generated*} </span>- <span style=\"font-weight: bold;\">{$dateTo}{*Date to is report generated*}</span><br>\n<br>\n##Impressions:## {$impressions->count->all}<br>\n##Clicks:## {$clicks->count->all}<br>\n<br>\n##Number of Sales:## {$sales->count->all}<br>\n##Commissions per Sales:## {$sales->commission->all|currency}{*Commissions per Sales*}<br>\n##Totalcost of Sales:## {$sales->totalCost->all|currency}<br>\n<br>\n##Number of Actions:## {$actions->count->all}{*Number of Actions*}<br>\n##Commissions per Actions:## {$actions->commission->all|currency}{*Comissions per Actions*}<br>\n##Total cost of Actions:## {$actions->totalCost->all|currency}{*Total cost of Actions*}<br>\n<br>\n##All Commissions:## {$transactions->commission->all|currency}<br>\n-----------------------------------<br>\n<br>\n{$commissionsList}{*List of commissions*}\n',NULL,'default1','N','2010-05-10 05:59:44');

--
-- Table structure for table `qu_g_mails`
--

CREATE TABLE `qu_g_mails` (
  `mailid` int(10) unsigned NOT NULL AUTO_INCREMENT,
  `hdr_message_id` varchar(255) DEFAULT NULL,
  `unique_message_id` varchar(255) NOT NULL,
  `subject` text,
  `headers` text,
  `body_text` longtext,
  `body_html` longtext,
  `created` datetime NOT NULL,
  `delivered` datetime DEFAULT NULL,
  `from_mail` text,
  `to_recipients` text,
  `cc_recipients` text,
  `bcc_recipients` text,
  `accountuserid` char(8) DEFAULT NULL,
  PRIMARY KEY (`mailid`),
  KEY `IDX_qu_g_mails_1` (`accountuserid`)
) ENGINE=MyISAM AUTO_INCREMENT=52 DEFAULT CHARSET=utf8;

--
-- Dumping data for table `qu_g_mails`
--


--
-- Table structure for table `qu_g_passwd_requests`
--

CREATE TABLE `qu_g_passwd_requests` (
  `requestid` char(8) NOT NULL,
  `created` datetime NOT NULL,
  `authid` char(8) DEFAULT NULL,
  `status` char(1) NOT NULL DEFAULT 'p',
  PRIMARY KEY (`requestid`),
  KEY `IDX_qu_g_passwd_requests_1` (`authid`)
) ENGINE=MyISAM DEFAULT CHARSET=utf8;

--
-- Dumping data for table `qu_g_passwd_requests`
--

INSERT INTO `qu_g_passwd_requests` VALUES ('00e64773','2010-09-21 12:26:50','1a823aa7','a');

--
-- Table structure for table `qu_g_plannedtasks`
--

CREATE TABLE `qu_g_plannedtasks` (
  `plannedtaskid` char(8) NOT NULL,
  `accountid` char(8) DEFAULT NULL,
  `recurrencepresetid` char(8) DEFAULT NULL,
  `classname` varchar(120) DEFAULT NULL,
  `params` text,
  `lastplandate` datetime DEFAULT NULL,
  PRIMARY KEY (`plannedtaskid`),
  KEY `IDX_qu_g_plannedtasks_1` (`accountid`),
  KEY `IDX_qu_g_plannedtasks_2` (`recurrencepresetid`)
) ENGINE=MyISAM DEFAULT CHARSET=utf8;

--
-- Dumping data for table `qu_g_plannedtasks`
--

INSERT INTO `qu_g_plannedtasks` VALUES ('1a99b22f',NULL,'A','Gpf_Log_DeleteEventsTask',NULL,NULL),('32036299',NULL,'A','Pap_Merchants_Config_DeleteClicksTask',NULL,NULL);

--
-- Table structure for table `qu_g_quicktasks`
--

CREATE TABLE `qu_g_quicktasks` (
  `quicktaskid` char(16) NOT NULL,
  `accountid` char(8) DEFAULT NULL,
  `groupid` char(16) DEFAULT NULL,
  `request` longtext,
  `validto` datetime DEFAULT NULL,
  PRIMARY KEY (`quicktaskid`),
  KEY `qu_g_accounts_qu_g_quicktasks` (`accountid`)
) ENGINE=MyISAM DEFAULT CHARSET=utf8;

--
-- Dumping data for table `qu_g_quicktasks`
--

INSERT INTO `qu_g_quicktasks` VALUES ('4d82239dded5bb46','default1','3ec39a332f1f95c8','{\"C\":\"Pap_Merchants_Transaction_TransactionsForm\",\"M\":\"changeStatus\",\"status\":\"A\",\"ids\":[\"ddd937d3\"]}','2010-06-23 19:01:49'),('bc29b9de2de88312','default1','3ec39a332f1f95c8','{\"C\":\"Pap_Merchants_Transaction_TransactionsForm\",\"M\":\"changeStatus\",\"status\":\"D\",\"ids\":[\"ddd937d3\"]}','2010-06-23 19:01:49'),('825c0bd049b53e4d','default1','b4dac6a9d7060c57','{\"C\":\"Pap_Merchants_Transaction_TransactionsForm\",\"M\":\"changeStatus\",\"status\":\"A\",\"ids\":[\"dd2ac654\"]}','2010-06-23 19:46:28'),('0816e7c1f3d891fb','default1','b4dac6a9d7060c57','{\"C\":\"Pap_Merchants_Transaction_TransactionsForm\",\"M\":\"changeStatus\",\"status\":\"D\",\"ids\":[\"dd2ac654\"]}','2010-06-23 19:46:28'),('3a301ad1b1785200','default1','cec8fd76d8fa2201','{\"C\":\"Pap_Merchants_User_AffiliateForm\",\"M\":\"changeStatus\",\"dontSendNotification\":\"N\",\"status\":\"A\",\"ids\":[\"7717f6b6\"]}','2010-06-27 16:26:50'),('935fc424046a6371','default1','cec8fd76d8fa2201','{\"C\":\"Pap_Merchants_User_AffiliateForm\",\"M\":\"changeStatus\",\"dontSendNotification\":\"N\",\"status\":\"D\",\"ids\":[\"7717f6b6\"]}','2010-06-27 16:26:50'),('c46018fda7f1e5ed','default1','09becd2d32b09ed1','{\"C\":\"Pap_Merchants_User_AffiliateForm\",\"M\":\"changeStatus\",\"dontSendNotification\":\"N\",\"status\":\"A\",\"ids\":[\"030ad1b1\"]}','2010-07-01 12:26:11'),('edd1417d8cf50a09','default1','09becd2d32b09ed1','{\"C\":\"Pap_Merchants_User_AffiliateForm\",\"M\":\"changeStatus\",\"dontSendNotification\":\"N\",\"status\":\"D\",\"ids\":[\"030ad1b1\"]}','2010-07-01 12:26:11'),('18403d757b7cac4a','default1','a844d661bb89cb06','{\"C\":\"Pap_Merchants_User_AffiliateForm\",\"M\":\"changeStatus\",\"dontSendNotification\":\"N\",\"status\":\"A\",\"ids\":[\"e720a6d7\"]}','2010-07-01 12:50:25'),('39c6bfebeb4f1ffa','default1','a844d661bb89cb06','{\"C\":\"Pap_Merchants_User_AffiliateForm\",\"M\":\"changeStatus\",\"dontSendNotification\":\"N\",\"status\":\"D\",\"ids\":[\"e720a6d7\"]}','2010-07-01 12:50:25'),('ab2956433b39003e','default1','945dcebfc5370742','{\"C\":\"Pap_Merchants_User_AffiliateForm\",\"M\":\"changeStatus\",\"dontSendNotification\":\"N\",\"status\":\"A\",\"ids\":[\"7b25a7bd\"]}','2010-07-01 12:53:52'),('5f5c5793053c3895','default1','945dcebfc5370742','{\"C\":\"Pap_Merchants_User_AffiliateForm\",\"M\":\"changeStatus\",\"dontSendNotification\":\"N\",\"status\":\"D\",\"ids\":[\"7b25a7bd\"]}','2010-07-01 12:53:52'),('f54c1b2dc4ada0dd','default1','eea0e9664fc9f984','{\"C\":\"Pap_Merchants_User_AffiliateForm\",\"M\":\"changeStatus\",\"dontSendNotification\":\"N\",\"status\":\"A\",\"ids\":[\"091f742e\"]}','2010-07-01 14:40:37'),('933614c2fb6bceb9','default1','eea0e9664fc9f984','{\"C\":\"Pap_Merchants_User_AffiliateForm\",\"M\":\"changeStatus\",\"dontSendNotification\":\"N\",\"status\":\"D\",\"ids\":[\"091f742e\"]}','2010-07-01 14:40:37'),('2ea3a66bdba0cfa5','default1','980b1f07eb315e47','{\"C\":\"Pap_Merchants_Transaction_TransactionsForm\",\"M\":\"changeStatus\",\"status\":\"A\",\"ids\":[\"1c5fca46\"]}','2010-07-15 09:30:23'),('b942a3016bbcf3a2','default1','980b1f07eb315e47','{\"C\":\"Pap_Merchants_Transaction_TransactionsForm\",\"M\":\"changeStatus\",\"status\":\"D\",\"ids\":[\"1c5fca46\"]}','2010-07-15 09:30:23'),('9d8e77d0b63d4203','default1','1201a372fa789794','{\"C\":\"Pap_Merchants_Transaction_TransactionsForm\",\"M\":\"changeStatus\",\"status\":\"A\",\"ids\":[\"a80789ce\"]}','2010-07-16 18:23:31'),('be6848d64fe3afcd','default1','1201a372fa789794','{\"C\":\"Pap_Merchants_Transaction_TransactionsForm\",\"M\":\"changeStatus\",\"status\":\"D\",\"ids\":[\"a80789ce\"]}','2010-07-16 18:23:31'),('d94d72bc218bb988','default1','a3f0ec62206c9a7a','{\"C\":\"Pap_Merchants_Transaction_TransactionsForm\",\"M\":\"changeStatus\",\"status\":\"A\",\"ids\":[\"8edc08d8\"]}','2010-07-16 18:24:05'),('df205a693a5e80eb','default1','a3f0ec62206c9a7a','{\"C\":\"Pap_Merchants_Transaction_TransactionsForm\",\"M\":\"changeStatus\",\"status\":\"D\",\"ids\":[\"8edc08d8\"]}','2010-07-16 18:24:05'),('ba72d8bf6d6bd2e8','default1','48865f4ff0a7bf62','{\"C\":\"Pap_Merchants_Transaction_TransactionsForm\",\"M\":\"changeStatus\",\"status\":\"A\",\"ids\":[\"30a08f97\"]}','2010-07-16 18:25:26'),('43a41a72568a6388','default1','48865f4ff0a7bf62','{\"C\":\"Pap_Merchants_Transaction_TransactionsForm\",\"M\":\"changeStatus\",\"status\":\"D\",\"ids\":[\"30a08f97\"]}','2010-07-16 18:25:26'),('33f62c61ba1b411c','default1','2affb0536d8373af','{\"C\":\"Pap_Merchants_Transaction_TransactionsForm\",\"M\":\"changeStatus\",\"status\":\"A\",\"ids\":[\"953e4ec5\"]}','2011-02-03 13:47:28'),('1f8ba175cd1b8206','default1','2affb0536d8373af','{\"C\":\"Pap_Merchants_Transaction_TransactionsForm\",\"M\":\"changeStatus\",\"status\":\"D\",\"ids\":[\"953e4ec5\"]}','2011-02-03 13:47:28'),('1ea9cd5b922579ff','default1','46b06f963046f77e','{\"C\":\"Pap_Merchants_Transaction_TransactionsForm\",\"M\":\"changeStatus\",\"status\":\"A\",\"ids\":[\"74de7cca\"]}','2011-02-03 13:50:53'),('5e2ce46586d1d69b','default1','46b06f963046f77e','{\"C\":\"Pap_Merchants_Transaction_TransactionsForm\",\"M\":\"changeStatus\",\"status\":\"D\",\"ids\":[\"74de7cca\"]}','2011-02-03 13:50:54'),('79cc9583c088b0e1','default1','6ecd670b3679c6f0','{\"C\":\"Pap_Merchants_Transaction_TransactionsForm\",\"M\":\"changeStatus\",\"status\":\"A\",\"ids\":[\"5107f8a8\"]}','2011-02-03 14:10:20'),('84ad5e2fc5d7451d','default1','6ecd670b3679c6f0','{\"C\":\"Pap_Merchants_Transaction_TransactionsForm\",\"M\":\"changeStatus\",\"status\":\"D\",\"ids\":[\"5107f8a8\"]}','2011-02-03 14:10:20'),('5b9b9a477e7291e9','default1','9b3c03453cdbc008','{\"C\":\"Pap_Merchants_Transaction_TransactionsForm\",\"M\":\"changeStatus\",\"status\":\"A\",\"ids\":[\"b46ed965\"]}','2011-02-03 14:13:00'),('42972f1d3f6569e6','default1','9b3c03453cdbc008','{\"C\":\"Pap_Merchants_Transaction_TransactionsForm\",\"M\":\"changeStatus\",\"status\":\"D\",\"ids\":[\"b46ed965\"]}','2011-02-03 14:13:00'),('6cefa19b82126cd0','default1','a01b47ca6d9c64cf','{\"C\":\"Pap_Merchants_Transaction_TransactionsForm\",\"M\":\"changeStatus\",\"status\":\"A\",\"ids\":[\"c1248f88\"]}','2011-02-03 14:13:01'),('11146fc193336a37','default1','a01b47ca6d9c64cf','{\"C\":\"Pap_Merchants_Transaction_TransactionsForm\",\"M\":\"changeStatus\",\"status\":\"D\",\"ids\":[\"c1248f88\"]}','2011-02-03 14:13:01'),('06181f7c6e2c5d01','default1','20eae61fede403bc','{\"C\":\"Pap_Merchants_Transaction_TransactionsForm\",\"M\":\"changeStatus\",\"status\":\"A\",\"ids\":[\"dfdc46be\"]}','2011-02-03 14:13:02'),('2614d3b24a09bb7c','default1','20eae61fede403bc','{\"C\":\"Pap_Merchants_Transaction_TransactionsForm\",\"M\":\"changeStatus\",\"status\":\"D\",\"ids\":[\"dfdc46be\"]}','2011-02-03 14:13:02'),('971dddc7b11a663a','default1','fadcb00f31e6c3e7','{\"C\":\"Pap_Merchants_Transaction_TransactionsForm\",\"M\":\"changeStatus\",\"status\":\"A\",\"ids\":[\"72f382f2\"]}','2011-02-03 14:13:04'),('a876bcbb4f5527b2','default1','fadcb00f31e6c3e7','{\"C\":\"Pap_Merchants_Transaction_TransactionsForm\",\"M\":\"changeStatus\",\"status\":\"D\",\"ids\":[\"72f382f2\"]}','2011-02-03 14:13:04'),('e547e193d6885661','default1','439778856f18a5ce','{\"C\":\"Pap_Merchants_Transaction_TransactionsForm\",\"M\":\"changeStatus\",\"status\":\"A\",\"ids\":[\"cea98d41\"]}','2011-02-03 14:16:44'),('924981acfd47254d','default1','439778856f18a5ce','{\"C\":\"Pap_Merchants_Transaction_TransactionsForm\",\"M\":\"changeStatus\",\"status\":\"D\",\"ids\":[\"cea98d41\"]}','2011-02-03 14:16:44'),('2484877226256978','default1','f5f6621e3e6d9b97','{\"C\":\"Pap_Merchants_Transaction_TransactionsForm\",\"M\":\"changeStatus\",\"status\":\"A\",\"ids\":[\"92733eab\"]}','2011-02-03 14:17:40'),('e5d4051bbaf0b79a','default1','f5f6621e3e6d9b97','{\"C\":\"Pap_Merchants_Transaction_TransactionsForm\",\"M\":\"changeStatus\",\"status\":\"D\",\"ids\":[\"92733eab\"]}','2011-02-03 14:17:40'),('ce3e9145af58641d','default1','73001cc1bf838976','{\"C\":\"Pap_Merchants_Transaction_TransactionsForm\",\"M\":\"changeStatus\",\"status\":\"A\",\"ids\":[\"b43233e4\"]}','2011-02-03 14:19:02'),('f62223a49a063a79','default1','73001cc1bf838976','{\"C\":\"Pap_Merchants_Transaction_TransactionsForm\",\"M\":\"changeStatus\",\"status\":\"D\",\"ids\":[\"b43233e4\"]}','2011-02-03 14:19:02'),('896c89766c5117e2','default1','d8942a6a4149675d','{\"C\":\"Pap_Merchants_Transaction_TransactionsForm\",\"M\":\"changeStatus\",\"status\":\"A\",\"ids\":[\"ad0caad4\"]}','2011-02-03 14:23:25'),('540858a1f681bcff','default1','d8942a6a4149675d','{\"C\":\"Pap_Merchants_Transaction_TransactionsForm\",\"M\":\"changeStatus\",\"status\":\"D\",\"ids\":[\"ad0caad4\"]}','2011-02-03 14:23:25'),('2b71337b565802e6','default1','8ae2ee68e1aa5974','{\"C\":\"Pap_Merchants_Transaction_TransactionsForm\",\"M\":\"changeStatus\",\"status\":\"A\",\"ids\":[\"0f76518e\"]}','2011-02-03 14:24:26'),('daf00ae98aeaa259','default1','8ae2ee68e1aa5974','{\"C\":\"Pap_Merchants_Transaction_TransactionsForm\",\"M\":\"changeStatus\",\"status\":\"D\",\"ids\":[\"0f76518e\"]}','2011-02-03 14:24:26'),('20e5ea758286143b','default1','933ab8381763ede0','{\"C\":\"Pap_Merchants_Transaction_TransactionsForm\",\"M\":\"changeStatus\",\"status\":\"A\",\"ids\":[\"052ac0f8\"]}','2011-02-03 14:24:35'),('7adf9bd3e99ba709','default1','933ab8381763ede0','{\"C\":\"Pap_Merchants_Transaction_TransactionsForm\",\"M\":\"changeStatus\",\"status\":\"D\",\"ids\":[\"052ac0f8\"]}','2011-02-03 14:24:35'),('b6078e0b565e1e6d','default1','13d55b2d90834cf8','{\"C\":\"Pap_Merchants_Transaction_TransactionsForm\",\"M\":\"changeStatus\",\"status\":\"A\",\"ids\":[\"26b93234\"]}','2011-02-03 14:25:04'),('77d5dbc7100531d5','default1','13d55b2d90834cf8','{\"C\":\"Pap_Merchants_Transaction_TransactionsForm\",\"M\":\"changeStatus\",\"status\":\"D\",\"ids\":[\"26b93234\"]}','2011-02-03 14:25:04'),('1614955f0d32a4ed','default1','1967e559cb893b5c','{\"C\":\"Pap_Merchants_Transaction_TransactionsForm\",\"M\":\"changeStatus\",\"status\":\"A\",\"ids\":[\"c9666ba8\"]}','2011-02-03 14:26:15'),('045b3c84a4c589f2','default1','1967e559cb893b5c','{\"C\":\"Pap_Merchants_Transaction_TransactionsForm\",\"M\":\"changeStatus\",\"status\":\"D\",\"ids\":[\"c9666ba8\"]}','2011-02-03 14:26:15'),('e4f8f591127eb3e9','default1','9c3295ee420f3bb1','{\"C\":\"Pap_Merchants_Transaction_TransactionsForm\",\"M\":\"changeStatus\",\"status\":\"D\",\"ids\":[\"9a453496\"]}','2011-02-18 11:31:49'),('d4f5b9aa69525501','default1','9c3295ee420f3bb1','{\"C\":\"Pap_Merchants_Transaction_TransactionsForm\",\"M\":\"changeStatus\",\"status\":\"A\",\"ids\":[\"9a453496\"]}','2011-02-18 11:31:49'),('12bff8ecb474f6c7','default1','9f776ccaaf266b80','{\"C\":\"Pap_Merchants_Transaction_TransactionsForm\",\"M\":\"changeStatus\",\"status\":\"A\",\"ids\":[\"a630bd96\"]}','2011-03-02 21:52:55'),('0f3af2a7daef534b','default1','9f776ccaaf266b80','{\"C\":\"Pap_Merchants_Transaction_TransactionsForm\",\"M\":\"changeStatus\",\"status\":\"D\",\"ids\":[\"a630bd96\"]}','2011-03-02 21:52:55'),('789fc8079c1e864b','default1','4dcfb0b8f8118fa0','{\"C\":\"Pap_Merchants_Transaction_TransactionsForm\",\"M\":\"changeStatus\",\"status\":\"A\",\"ids\":[\"baf6f12d\"]}','2011-03-06 10:35:55'),('639e3f0540b97374','default1','d5a3f327ccc375d3','{\"C\":\"Pap_Merchants_Transaction_TransactionsForm\",\"M\":\"changeStatus\",\"status\":\"A\",\"ids\":[\"c3a417e5\"]}','2011-03-06 10:35:55'),('1768733644a7f79c','default1','d5a3f327ccc375d3','{\"C\":\"Pap_Merchants_Transaction_TransactionsForm\",\"M\":\"changeStatus\",\"status\":\"D\",\"ids\":[\"c3a417e5\"]}','2011-03-06 10:35:55'),('f019f4d7893cc9ed','default1','4dcfb0b8f8118fa0','{\"C\":\"Pap_Merchants_Transaction_TransactionsForm\",\"M\":\"changeStatus\",\"status\":\"D\",\"ids\":[\"baf6f12d\"]}','2011-03-06 10:35:55'),('5600f99aeef203f3','default1','9eeb0a77afda6b9e','{\"C\":\"Pap_Merchants_Transaction_TransactionsForm\",\"M\":\"changeStatus\",\"status\":\"A\",\"ids\":[\"94173a1b\"]}','2011-03-30 22:21:57'),('188e67840211f55b','default1','9eeb0a77afda6b9e','{\"C\":\"Pap_Merchants_Transaction_TransactionsForm\",\"M\":\"changeStatus\",\"status\":\"D\",\"ids\":[\"94173a1b\"]}','2011-03-30 22:21:57'),('dc4a03af5cb93fdd','default1','976c879496184e68','{\"C\":\"Pap_Merchants_Transaction_TransactionsForm\",\"M\":\"changeStatus\",\"status\":\"A\",\"ids\":[\"0a93107f\"]}','2011-03-30 22:31:13'),('961e089b0005729c','default1','976c879496184e68','{\"C\":\"Pap_Merchants_Transaction_TransactionsForm\",\"M\":\"changeStatus\",\"status\":\"D\",\"ids\":[\"0a93107f\"]}','2011-03-30 22:31:13'),('a47442c5391a4295','default1','4e10c2b78fa4d8dc','{\"C\":\"Pap_Merchants_Transaction_TransactionsForm\",\"M\":\"changeStatus\",\"status\":\"A\",\"ids\":[\"7bc12afe\"]}','2011-03-30 22:42:41'),('9eac6293aa9fe4cb','default1','4e10c2b78fa4d8dc','{\"C\":\"Pap_Merchants_Transaction_TransactionsForm\",\"M\":\"changeStatus\",\"status\":\"D\",\"ids\":[\"7bc12afe\"]}','2011-03-30 22:42:41'),('295a3255a056a29c','default1','490228c1ac55dff6','{\"C\":\"Pap_Merchants_Transaction_TransactionsForm\",\"M\":\"changeStatus\",\"status\":\"A\",\"ids\":[\"c04349e7\"]}','2011-03-30 23:01:06'),('a24c949dfa3545b3','default1','490228c1ac55dff6','{\"C\":\"Pap_Merchants_Transaction_TransactionsForm\",\"M\":\"changeStatus\",\"status\":\"D\",\"ids\":[\"c04349e7\"]}','2011-03-30 23:01:06'),('23b8ef382cdaa5be','default1','de6565a7e4f8bff0','{\"C\":\"Pap_Merchants_Transaction_TransactionsForm\",\"M\":\"changeStatus\",\"status\":\"A\",\"ids\":[\"0fbe2781\"]}','2011-03-30 23:08:56'),('4836de4be4e0bfd0','default1','de6565a7e4f8bff0','{\"C\":\"Pap_Merchants_Transaction_TransactionsForm\",\"M\":\"changeStatus\",\"status\":\"D\",\"ids\":[\"0fbe2781\"]}','2011-03-30 23:08:56'),('dd4067acf8fe9a58','default1','aefe027896488e6c','{\"C\":\"Pap_Merchants_Transaction_TransactionsForm\",\"M\":\"changeStatus\",\"status\":\"A\",\"ids\":[\"65c932aa\"]}','2011-03-30 23:22:20'),('09aca3f5c373a82c','default1','aefe027896488e6c','{\"C\":\"Pap_Merchants_Transaction_TransactionsForm\",\"M\":\"changeStatus\",\"status\":\"D\",\"ids\":[\"65c932aa\"]}','2011-03-30 23:22:20'),('506cba10ff4b878b','default1','986df7a824a31a2f','{\"C\":\"Pap_Merchants_Transaction_TransactionsForm\",\"M\":\"changeStatus\",\"status\":\"A\",\"ids\":[\"fd33f3dc\"]}','2011-03-30 23:40:15'),('46709800e9c6de2d','default1','986df7a824a31a2f','{\"C\":\"Pap_Merchants_Transaction_TransactionsForm\",\"M\":\"changeStatus\",\"status\":\"D\",\"ids\":[\"fd33f3dc\"]}','2011-03-30 23:40:15'),('2fd1303083a70f81','default1','a68538f820879edf','{\"C\":\"Pap_Merchants_Transaction_TransactionsForm\",\"M\":\"changeStatus\",\"status\":\"A\",\"ids\":[\"d7965659\"]}','2011-03-30 23:46:47'),('686d6ae46dd7d12b','default1','a68538f820879edf','{\"C\":\"Pap_Merchants_Transaction_TransactionsForm\",\"M\":\"changeStatus\",\"status\":\"D\",\"ids\":[\"d7965659\"]}','2011-03-30 23:46:47'),('f53cf51d7c7196a5','default1','9e1347b4130bb824','{\"C\":\"Pap_Merchants_Transaction_TransactionsForm\",\"M\":\"changeStatus\",\"status\":\"A\",\"ids\":[\"6ccbf465\"]}','2011-03-30 23:58:18'),('646e33c3f120e97d','default1','9e1347b4130bb824','{\"C\":\"Pap_Merchants_Transaction_TransactionsForm\",\"M\":\"changeStatus\",\"status\":\"D\",\"ids\":[\"6ccbf465\"]}','2011-03-30 23:58:18'),('7f6f00748d0887c0','default1','151e2d4c0c46d0ac','{\"C\":\"Pap_Merchants_Transaction_TransactionsForm\",\"M\":\"changeStatus\",\"status\":\"A\",\"ids\":[\"3b96179a\"]}','2011-03-31 00:05:03'),('78944f3aa0439801','default1','151e2d4c0c46d0ac','{\"C\":\"Pap_Merchants_Transaction_TransactionsForm\",\"M\":\"changeStatus\",\"status\":\"D\",\"ids\":[\"3b96179a\"]}','2011-03-31 00:05:03'),('2eb7ea388748f5a7','default1','bb9672a9e3868c81','{\"C\":\"Pap_Merchants_Transaction_TransactionsForm\",\"M\":\"changeStatus\",\"status\":\"A\",\"ids\":[\"4affb00a\"]}','2011-03-31 00:11:01'),('8b66f62e39b3614e','default1','bb9672a9e3868c81','{\"C\":\"Pap_Merchants_Transaction_TransactionsForm\",\"M\":\"changeStatus\",\"status\":\"D\",\"ids\":[\"4affb00a\"]}','2011-03-31 00:11:01'),('800fd12f1bbb9254','default1','45aae94d2522d438','{\"C\":\"Pap_Merchants_Transaction_TransactionsForm\",\"M\":\"changeStatus\",\"status\":\"A\",\"ids\":[\"7461cc34\"]}','2011-03-31 00:22:03'),('18aad1f8eaebc509','default1','45aae94d2522d438','{\"C\":\"Pap_Merchants_Transaction_TransactionsForm\",\"M\":\"changeStatus\",\"status\":\"D\",\"ids\":[\"7461cc34\"]}','2011-03-31 00:22:03'),('89b993a22935a1de','default1','12bf0fab8f3dfaa5','{\"C\":\"Pap_Merchants_Transaction_TransactionsForm\",\"M\":\"changeStatus\",\"status\":\"A\",\"ids\":[\"ed7cab7d\"]}','2011-03-31 00:30:55'),('652c06f545e5224e','default1','12bf0fab8f3dfaa5','{\"C\":\"Pap_Merchants_Transaction_TransactionsForm\",\"M\":\"changeStatus\",\"status\":\"D\",\"ids\":[\"ed7cab7d\"]}','2011-03-31 00:30:55'),('50e8350df469e7bd','default1','fc2e62c2cb94520f','{\"C\":\"Pap_Merchants_Transaction_TransactionsForm\",\"M\":\"changeStatus\",\"status\":\"A\",\"ids\":[\"cc55b520\"]}','2011-03-31 00:42:05'),('66c62a7b0e88b684','default1','fc2e62c2cb94520f','{\"C\":\"Pap_Merchants_Transaction_TransactionsForm\",\"M\":\"changeStatus\",\"status\":\"D\",\"ids\":[\"cc55b520\"]}','2011-03-31 00:42:05'),('228357a2a660ac35','default1','45c5459993f3b32f','{\"C\":\"Pap_Merchants_Transaction_TransactionsForm\",\"M\":\"changeStatus\",\"status\":\"A\",\"ids\":[\"fbd31b55\"]}','2011-04-24 08:18:26'),('5080b7065b96f3fa','default1','45c5459993f3b32f','{\"C\":\"Pap_Merchants_Transaction_TransactionsForm\",\"M\":\"changeStatus\",\"status\":\"D\",\"ids\":[\"fbd31b55\"]}','2011-04-24 08:18:26');

--
-- Table structure for table `qu_g_recurrencepresets`
--

CREATE TABLE `qu_g_recurrencepresets` (
  `recurrencepresetid` char(8) NOT NULL,
  `accountid` char(8) DEFAULT NULL,
  `name` varchar(80) DEFAULT NULL,
  `type` char(1) DEFAULT NULL COMMENT 'D - default (can not be deleted or modified) U - user (created by user - can be edited and deleted)',
  `startdate` datetime DEFAULT NULL,
  `enddate` datetime DEFAULT NULL,
  PRIMARY KEY (`recurrencepresetid`),
  KEY `IDX_qu_g_recurrencepresets_1` (`accountid`)
) ENGINE=MyISAM DEFAULT CHARSET=utf8;

--
-- Dumping data for table `qu_g_recurrencepresets`
--

INSERT INTO `qu_g_recurrencepresets` VALUES ('varied',NULL,'##Varied##','S',NULL,NULL),('each15m',NULL,'##Each 15 minutes##','S',NULL,NULL),('A',NULL,'##Daily##','S',NULL,NULL),('B',NULL,'##Weekly##','S',NULL,NULL),('C',NULL,'##Monthly##','S',NULL,NULL),('Q',NULL,'##Quarterly##','S',NULL,NULL),('D',NULL,'##Semiannualy##','S',NULL,NULL),('E',NULL,'##Yearly##','S',NULL,NULL);

--
-- Table structure for table `qu_g_recurrencesettings`
--

CREATE TABLE `qu_g_recurrencesettings` (
  `recurrencesettingid` char(8) NOT NULL,
  `recurrencepresetid` char(8) DEFAULT NULL,
  `type` char(1) DEFAULT NULL COMMENT 'O - once E - each "period" seconds H - "period" second from start of "frequency" hour D - day W - week M - month Y - year',
  `period` int(11) DEFAULT NULL,
  `frequency` int(11) DEFAULT NULL,
  PRIMARY KEY (`recurrencesettingid`),
  KEY `IDX_qu_g_recurrencesettings_1` (`recurrencepresetid`)
) ENGINE=MyISAM DEFAULT CHARSET=utf8;

--
-- Dumping data for table `qu_g_recurrencesettings`
--

INSERT INTO `qu_g_recurrencesettings` VALUES ('3274caf5','each15m','E',900,1),('137bd064','A','D',-1,1),('d1ae0c96','B','W',-1,1),('446356b2','C','M',-1,1),('07ab38cd','Q','M',-1,3),('532fb278','D','M',-1,6),('52c76f93','E','Y',-1,1);

--
-- Table structure for table `qu_g_roles`
--

CREATE TABLE `qu_g_roles` (
  `roleid` char(8) NOT NULL,
  `name` varchar(100) NOT NULL,
  `roletype` varchar(40) DEFAULT NULL,
  `accountid` char(8) DEFAULT NULL,
  PRIMARY KEY (`roleid`),
  KEY `IDX_qu_g_roles_1` (`accountid`)
) ENGINE=MyISAM DEFAULT CHARSET=utf8;

--
-- Dumping data for table `qu_g_roles`
--

INSERT INTO `qu_g_roles` VALUES ('pap_merc','Merchant','M',NULL),('pap_aff','Affiliate','A',NULL);

--
-- Table structure for table `qu_g_rolesprivileges`
--

CREATE TABLE `qu_g_rolesprivileges` (
  `roleprivilegeid` int(11) NOT NULL AUTO_INCREMENT,
  `roleid` char(8) NOT NULL,
  `object` varchar(40) DEFAULT NULL,
  `privilege` varchar(40) DEFAULT NULL,
  PRIMARY KEY (`roleprivilegeid`),
  UNIQUE KEY `TUC_qu_g_rolesprivileges_1` (`privilege`,`object`,`roleid`),
  KEY `IDX_qu_g_rolesprivileges_1` (`roleid`)
) ENGINE=MyISAM DEFAULT CHARSET=utf8;

--
-- Dumping data for table `qu_g_rolesprivileges`
--


--
-- Table structure for table `qu_g_sections`
--

CREATE TABLE `qu_g_sections` (
  `sectionid` varchar(8) NOT NULL,
  `name` varchar(40) DEFAULT NULL,
  `rtype` varchar(1) DEFAULT NULL,
  PRIMARY KEY (`sectionid`)
) ENGINE=MyISAM DEFAULT CHARSET=utf8;

--
-- Dumping data for table `qu_g_sections`
--


--
-- Table structure for table `qu_g_settings`
--

CREATE TABLE `qu_g_settings` (
  `settingid` char(8) NOT NULL,
  `name` varchar(50) NOT NULL,
  `value` text,
  `accountid` char(8) DEFAULT NULL,
  PRIMARY KEY (`settingid`),
  KEY `IDX_qu_g_settings_1` (`name`,`accountid`),
  KEY `IDX_qu_g_settings_2` (`accountid`)
) ENGINE=MyISAM DEFAULT CHARSET=utf8;

--
-- Dumping data for table `qu_g_settings`
--

INSERT INTO `qu_g_settings` VALUES ('45b25648','default_campaign_id','a0ed500c',NULL),('b34e584e','affiliateMenu','[{\"code\":\"5d569506\", \"items\":[]},{\"code\":\"bc353dac\", \"items\":[]},{\"code\":\"cc31ded9\", \"items\":[]},{\"code\":\"c65d7c8e\", \"items\":[{\"code\":\"581b530f\", \"items\":[]},{\"code\":\"52d04ac0\", \"items\":[]},{\"code\":\"df559b42\", \"items\":[]}]},{\"code\":\"27366e9a\", \"items\":[{\"code\":\"abd5a555\", \"items\":[]},{\"code\":\"ad67466d\", \"items\":[]},{\"code\":\"84943ff4\", \"items\":[]},{\"code\":\"8d02c36a\", \"items\":[]},{\"code\":\"b4r85r9w\", \"items\":[]},{\"code\":\"373881fc\", \"items\":[]},{\"code\":\"ea2534c9\", \"items\":[]},{\"code\":\"e7dc308e\", \"items\":[]},{\"code\":\"7c6a26a1\", \"items\":[]}]},{\"code\":\"9a136deb\", \"items\":[]},{\"code\":\"9782bb5e\", \"items\":[]}]',NULL),('92ed6608','notification_new_user','Y','default1'),('94af0ee7','notification_on_sale_status','A,D,P','default1'),('24db9bdb','notification_new_direct_link','Y','default1'),('1b272354','notification_pay_day_reminder','N','default1'),('b0fcaf29','notification_pay_day_reminder_day_of_month','15','default1'),('f78e6a5e','notification_pay_day_reminder_recurrence_month','1','default1'),('453a4345','welcomeMessage','##<strong>Welcome to our affiliate program</strong><br/><br/>Use the menu to navigate through your panel.<br/>The <strong>Promotion</strong> menu contains tools to help you in promotion.<br/>In <strong>Reports</strong> you can run reports showing you the results.<br/><br/>##\n',NULL),('704fea94','notification_on_sale','Y','default1'),('16b4becc','defaultPayoutMethod','8667d045',NULL),('bc3345f8','mainSiteUrl','http://www.atwecsafetytechnologies.com',NULL),('a4444968','support_direct_linking','Y',NULL),('48db1b74','merchant_notification_email','steve@atwecsafetytechnologies.com','default1'),('2546b7b9','defaultMerchantPanelTheme','blue_aero',NULL),('e296bc01','defaultAffiliatePanelTheme','classic_wide',NULL),('f20f4cfb','defaultCountry','US',NULL),('9a3eadd8','VARIATION','Professional edition (Owned)',NULL),('de3609f7','gettingStartedChecks','1,2,3,4,5,6,7,8,9,10',NULL),('4a6d8d72','gettingStartedShow','N',NULL),('29d72c57','aff_notification_on_new_sale_status','A,D,P',NULL),('c42229d1','aff_notification_on_change_comm_status_option','A,D,P',NULL),('000827bc','aff_notification_daily_report_enabled','N',NULL),('2eed62ee','aff_notification_weekly_report_enabled','N',NULL),('405c11ea','aff_notification_monthly_report_enabled','N',NULL),('1c8822ce','aff_notification_daily_report_default','N',NULL),('4db72fa2','aff_notification_weekly_report_default','N',NULL),('adedc4ad','aff_notification_monthly_report_default','N',NULL),('0267a0c2','aff_notification_on_direct_link_enabled','Y',NULL),('a3322f0f','aff_notification_before_approval','N',NULL),('0c10a3ca','aff_notification_on_new_sale_enabled','Y',NULL),('572d1f50','aff_notification_on_subaff_signup_enabled','Y',NULL),('00db282e','aff_notification_on_subaff_sale_enabled','Y',NULL),('de973ae3','aff_notification_on_new_sale_default','Y',NULL),('e05a2502','aff_notification_on_subaff_signup_default','Y',NULL),('467fcf8e','aff_notification_on_subaff_sale_default','Y',NULL),('b3ee8e3b','aff_notification_on_direct_link_default','Y',NULL),('5ebdb698','aff_notification_on_change_status_for_campaign','',NULL),('d973665e','aff_notification_on_change_comm_status_enabled','Y',NULL),('5ee1cbb7','aff_notification_on_change_comm_status_default','Y',NULL),('823a9bb9','default_affiliate','',NULL),('1d648f16','save_unrefered_sale_lead','Y',NULL),('da3d5eea','force_choosing_productid','N',NULL),('c7468f71','track_by_ip','Y',NULL),('9651b8e5','ip_validity','2',NULL),('33c8c3c5','ip_validity_format','D',NULL),('4418fe65','linking_method','P',NULL),('b57b4e3c','support_short_anchor_linking','N',NULL),('16d1c7b3','deleterawclicks','2',NULL),('fd6f3171','bannedips_clicks','N',NULL),('9ec2b055','bannedips_clicks_action','DS',NULL),('abb1b680','bannedips_list_clicks','',NULL),('1a609a7c','repeating_banner_clicks','N',NULL),('7f65d851','repeating_clicks','Y',NULL),('59964944','repeating_clicks_seconds','120',NULL),('601a391c','repeating_clicks_action','DS',NULL),('a696b580','payouts_payout_options','100,200,300,400,500',NULL),('2766feaa','payouts_minimum_payout','500',NULL),('f9d8e272','generate_invoices','Y',NULL),('4c03cfcd','payout_invoice','<b>Invoice Number:</b> {$invoicenumber}<br/>\n    <b>Invoice date:</b> {$date}<br/>\n    <br/>\n    <b>Affiliate Details:</b><br/>\n    {$firstname} {$lastname} ({$username})<br/>\n    {$data2}{*##Company name##*}<br/>\n    {$data3}{*##Street##*}<br/>\n    {$data7}{*##Zipcode##*} {$data4}{*##City##*}<br/>\n    {$data5}{*##State##*} {$data6}{*##Country##*}<br/>\n    <br/>\n    <b>Payment Details:</b> Affiliate commissions<br/>\n    Amount: {$payment|currency_span}<br/>\n    <br/>\n    <b>Note:</b><br/>\n    {$affiliate_note}<br/>\n',NULL),('d074acf6','affiliate_logout_url','../index.php',NULL),('1a213d61','tiers_visible_to_affiliate','-1',NULL),('dc3ff974','programName','Atwec Safety Technologies™  IMA',NULL),('b32b9004','programLogo','../accounts/default1/files/xlogo.gif',NULL),('f7fe95e9','notification_daily_report','N','default1'),('8490d013','notification_weekly_report','N','default1'),('c1541e1d','notification_weekly_report_start_day','0','default1'),('da26cb73','notification_weekly_report_sent_on','0','default1'),('c7d4f134','notification_monthly_report','N','default1'),('e42cd33f','notification_monthly_report_sent_on','1','default1'),('475ef912','notification_on_join_to_campaign','','default1'),('bf6437a1','termsAndConditions','\nI verify that I am of legal age and I agree to abide by the terms and conditions applicable to membership in Atwec Safety Technologies™, as well as the attached ATWEC Affiliate Agreement.\n\nATWEC Affiliate Agreement \n          \n          This agreement is between Atwec Safety Technologies™  and ATWEC Affiliate Associate (Hereinafter referred to as ATWEC Affiliate) in accordance with the following terms, conditions and provisions:\n\n1.  Work to be performed:  The ATWEC Affiliate agrees to perform the following work in accordance with this agreement:  Marketing and selling Atwec Safety Technologies products and services. \nATWEC Affiliate has the right to do other work at the same time, so long as it does not interfere with this work.\nATWEC Affiliate is free to make his/her own work schedules, and is responsible for all labor needed to accomplish the desired goals. Any assistance necessary is the sole responsibility of the ATWEC Affiliate, and ATWEC Affiliate shall hold ATWEC Affiliate harmless from any liability of any kind whatsoever owing to the use by ATWEC Affiliate of such assistance.\n\n2.  Non-Solicitation:  ATWEC Affiliate agrees to not solicit members of ATWEC Affiliate for competing programs or services. \n\n3. Material, Supplies, Equipment and Tools: The ATWEC Affiliate shall supply their own transportation, all his/her expenses, all materials, supplies, equipment, and tools required to accomplish the work agreed to be performed in accordance with this agreement, with the exception of program specific items which will be furnished by ATWEC Affiliate.\n\n4.  Payroll Taxes:  Payroll taxes including federal, state and local taxes shall not be withheld or paid by ATWEC Affiliate on behalf of the ATWEC Affiliate.  The ATWEC Affiliate operates as an Independent Contractor and shall not be treated as an employee with respect to the services preformed hereunder for federal or state tax purposes. The ATWEC Affiliate shall be responsible to pay all taxes as mandated by law.\n\n5.  Fringe Benefits:  Since the ATWEC Affiliate is not an employee of ATWEC Affiliate, the ATWEC Affiliate is not eligible for and shall not participate in any employee benefits of the client including, pension, health, vacation, sick leave, holidays, medical insurance, unemployment compensation, worker’s compensation, or other fringe benefits.\n\n6.  Worker’s Compensation:  ATWEC Affiliate shall not obtain worker’s compensation insurance on behalf of the ATWEC Affiliate or the employees of the ATWEC Affiliate. The ATWEC Affiliate shall comply with the worker’s compensation law concerning his/her business and its employees.\n\n7.  Effective Date:  This agreement shall commence upon signing by ATWEC Affiliate.\n\n8.  Termination With or Without Cause:  Either party may terminate this agreement by giving thirty (30) days written notice via certified mail. The grounds for reasonable cause shall include: material violation of this agreement.\n\n9.  Non-Waiver:  The failure of either party to this agreement to exercise any of its rights under this agreement at any time does not constitute a breach therefore and shall not be deemed to be a waiver of such rights or a waiver of any subsequent breach.\n\n10.  No Authority to Bind Client:  The ATWEC Affiliate has no authority to enter into contracts or agreements on behalf of ATWEC Affiliate. This agreement does not create a partnership between the parties.  \n\n11.  Declaration by Independent Marketing Associate:  The ATWEC Affiliate declares and states that he/she has complied with all federal, state, and local laws regarding business permits and licenses that may be required to carry out the work to be performed under this agreement. \n\n12.  Notices:  Any notice given in connection with this agreement shall be given in writing and delivered via certified mail to: \n                       Atwec Safety Technologies™ \n\n13.  Assignment of Agreement:  Neither party may be allowed to assign this agreement in whole or in part.  Any attempt to assign this agreement shall be null and void.\n\nAddendum A - Compensation\n\n1.  Compensation Plan:  Please read ATWEC Affiliate Details in Compensation Plan Document.\n\n2.  Right of Revision:  ATWEC Affiliate reserves the right to modify this compensation plan as required.\n',NULL),('3ec23313','matrix_width','0',NULL),('9ffd2fba','matrix_height','0',NULL),('88d76d9f','matrix_spillover','S',NULL),('b7243900','aff_notification_signup_approved_declined','Y',NULL),('e53ac814','forceTermsAcceptance','Y',NULL),('9f745389','includePayoutOptions','N',NULL),('c7cbb7ac','payoutOptions','A',NULL),('cd393e6a','forcePayoutOption','N',NULL),('f9b6c6c7','assignNonReferredAffiliateTo','',NULL),('1a871354','affiliate_approval','M',NULL),('44460de5','postSignupType','page',NULL),('88fd3960','defaultAffiliateSignupTheme','classic',NULL),('d3991bb7','postSignupUrl','http://www.prosperquest.com/index.php?option=com_rsmembership&task=subscribe&cid=1%3Aprosperquest-lifetime-charter-membership-&Itemid=86',NULL),('1cce1ee1','notSetParentAffiliate','N',NULL),('8c733786','notForceEmailUsernames','N',NULL),('eb9fcb73','log_level','50',NULL),('42556a45','deleteeventdays','7',NULL),('36f51c96','deleteeventrecords','500000',NULL),('4323e120','signupBonus','0',NULL),('d679fb56','PaypalCustomSeparator','||',NULL),('d3363c9d','PaypalDiscountTax','N',NULL),('8144424e','PaypalDiscountFee','N',NULL),('6895224a','PaypalDiscountShipping','N',NULL),('cbf20280','PaypalDiscountHandling','N',NULL),('3f17d770','PaypalRegisterAffiliate','N',NULL),('6157eb7f','PaypalUseRecurringCommissionSettings','N',NULL),('53c6a7a2','PaypalNormalCommissionAsRecurringCommission','N',NULL),('7f727cce','PayPalTestMode','N',NULL);

--
-- Table structure for table `qu_g_tasks`
--

CREATE TABLE `qu_g_tasks` (
  `taskid` char(8) NOT NULL,
  `accountid` char(8) DEFAULT NULL,
  `classname` varchar(120) DEFAULT NULL,
  `params` longtext,
  `progress` text,
  `datecreated` datetime DEFAULT NULL,
  `datechanged` datetime DEFAULT NULL,
  `datefinished` datetime DEFAULT NULL,
  `sleepuntil` datetime DEFAULT NULL,
  `pid` varchar(40) DEFAULT NULL,
  `name` varchar(255) DEFAULT NULL,
  `progress_message` text,
  `is_executing` char(1) NOT NULL DEFAULT 'N',
  `rtype` char(1) NOT NULL DEFAULT 'C' COMMENT 'C - cron task\nU - user task',
  PRIMARY KEY (`taskid`),
  KEY `IDX_qu_g_tasks_1` (`accountid`)
) ENGINE=MyISAM DEFAULT CHARSET=utf8;

--
-- Dumping data for table `qu_g_tasks`
--

INSERT INTO `qu_g_tasks` VALUES ('275f3759','default1','Pap_Install_CreateAccountTask','862adb0bd88b548f5f44cf0e19fc4a7c','initAccount','2010-05-10 05:59:37','2010-05-10 05:59:46','2010-05-10 05:59:46','2010-05-10 05:59:59','30123','Create account','','N','U'),('d1eff195','default1','Gpf_Install_InstallTemplatesTask','../install/themes/ -> ../accounts/default1/themes/',NULL,'2010-05-10 05:59:38','2010-05-10 05:59:41','2010-05-10 05:59:41',NULL,'30130','Copy directory ../install/themes/ -> ../accounts/default1/themes/','','N','U'),('f0d89d6f','default1','Gpf_Lang_ImportLanguageTask','a:2:{s:8:\"filename\";s:29:\"../install/lang/pap_en-US.csv\";s:4:\"code\";s:5:\"en-US\";}',NULL,'2010-05-10 05:59:42','2010-05-10 05:59:43','2010-05-10 05:59:43',NULL,'30141','Import language file ../install/lang/pap_en-US.csv','','N','U'),('d6cd1d20','default1','Gpf_Mail_OutboxRunner','',NULL,'2010-05-10 05:59:43','2010-05-10 05:59:43',NULL,NULL,'30141','Send mails from outbox','Waiting','N','C'),('f3599e51','default1','Pap_Tracking_Impression_ImpressionProcessor','',NULL,'2010-05-10 05:59:44','2010-05-10 05:59:44',NULL,NULL,'30141','Impression processor','Waiting','N','C'),('be638c1d','default1','Pap_Tracking_Visit_Processor','',NULL,'2010-05-10 05:59:44','2010-05-10 05:59:44',NULL,NULL,'30141','Visit log processor','Waiting','N','C'),('74f67511','default1','Gpf_Install_UpdateAccountTask','f562a81bdca2dd5b780232182236a7a7','updatingLanguageen-US','2010-05-10 06:05:15','2010-05-10 06:05:26','2010-05-10 06:05:26','2010-05-10 06:05:40','4252','Update account','','N','U'),('95a0f4b9','default1','Gpf_Install_UpdateTemplatesTask','../install/themes/ -> ../accounts/default1/themes/',NULL,'2010-05-10 06:05:16','2010-05-10 06:05:22','2010-05-10 06:05:22',NULL,'4261','Copy directory ../install/themes/ -> ../accounts/default1/themes/','','N','U'),('329aab8f','default1','Gpf_Lang_ImportLanguageTask','a:2:{s:8:\"filename\";s:29:\"../install/lang/pap_en-US.csv\";s:4:\"code\";s:5:\"en-US\";}',NULL,'2010-05-10 06:05:23','2010-05-10 06:05:25','2010-05-10 06:05:25',NULL,'4332','Import language file ../install/lang/pap_en-US.csv','','N','U'),('adbd6bf1','default1','Gpf_Csv_ImportTask','','[[SETTINGS]]','2010-05-10 07:10:05','2010-05-10 07:10:06','2010-05-10 07:10:06','2010-05-10 07:10:36','23791','Import','','N','U'),('3bebf356','default1','Pap_Merchants_User_AffiliatesImportExport','',NULL,'2010-05-10 07:10:05','2010-05-10 07:10:05','2010-05-10 07:10:05',NULL,'23791','Affiliates','','N','U'),('d1e0c807','default1','Pap_Merchants_Banner_BannersImportExport','',NULL,'2010-05-10 07:10:05','2010-05-10 07:10:05','2010-05-10 07:10:05',NULL,'23791','Banners','','N','U'),('246130e2','default1','Pap_Merchants_Campaign_CommissionsImportExport','',NULL,'2010-05-10 07:10:05','2010-05-10 07:10:05','2010-05-10 07:10:05',NULL,'23791','Commissions','','N','U'),('93046545','default1','Gpf_SettingsImportExport','',NULL,'2010-05-10 07:10:05','2010-05-10 07:10:06','2010-05-10 07:10:06',NULL,'23791','Settings','','N','U'),('f34b1397','default1','Pap_Merchants_Campaign_CampaignsImportExport','{\"isPending\":\"checkCommissionTypes\"}','','2010-05-10 07:10:06','2010-05-10 07:10:06','2010-05-10 07:10:06',NULL,'23791','Campaigns','','N','U'),('6c4136d3','default1','Gpf_Csv_ImportTask','','[[SETTINGS]]','2010-05-10 07:11:02','2010-05-10 07:11:03','2010-05-10 07:11:03','2010-05-10 07:11:33','24019','Import','','N','U'),('f3841f84','default1','Pap_Merchants_User_AffiliatesImportExport','',NULL,'2010-05-10 07:11:02','2010-05-10 07:11:02','2010-05-10 07:11:02',NULL,'24019','Affiliates','','N','U'),('90cf24b4','default1','Pap_Merchants_Banner_BannersImportExport','',NULL,'2010-05-10 07:11:02','2010-05-10 07:11:02','2010-05-10 07:11:02',NULL,'24019','Banners','','N','U'),('34074831','default1','Pap_Merchants_Campaign_CommissionsImportExport','',NULL,'2010-05-10 07:11:02','2010-05-10 07:11:02','2010-05-10 07:11:02',NULL,'24019','Commissions','','N','U'),('1dce6335','default1','Gpf_SettingsImportExport','',NULL,'2010-05-10 07:11:02','2010-05-10 07:11:03','2010-05-10 07:11:03',NULL,'24019','Settings','','N','U'),('a7edce45','default1','Pap_Merchants_Campaign_CampaignsImportExport','{\"isPending\":\"checkCommissionTypes\"}','','2010-05-10 07:11:03','2010-05-10 07:11:03','2010-05-10 07:11:03',NULL,'24019','Campaigns','','N','U'),('a27891c6','default1','Gpf_Csv_ImportTask','',NULL,'2010-05-10 07:19:41','2010-05-10 07:19:41','2010-05-10 07:19:41',NULL,'25864','Import','','N','U'),('56423921','default1','Pap_Merchants_User_AffiliatesImportExport','',NULL,'2010-05-10 07:19:41','2010-05-10 07:19:41','2010-05-10 07:19:41',NULL,'25864','Affiliates','','N','U'),('f3ebdcfc','default1','Pap_Merchants_Banner_BannersImportExport','',NULL,'2010-05-10 07:19:41','2010-05-10 07:19:41','2010-05-10 07:19:41',NULL,'25864','Banners','','N','U'),('8e520aec','default1','Pap_Merchants_Campaign_CommissionsImportExport','',NULL,'2010-05-10 07:19:41','2010-05-10 07:19:41','2010-05-10 07:19:41',NULL,'25864','Commissions','','N','U'),('3c7b990a','default1','Gpf_SettingsImportExport','',NULL,'2010-05-10 07:19:41','2010-05-10 07:19:41','2010-05-10 07:19:41',NULL,'25864','Settings','','N','U'),('b8f23107','default1','Pap_Merchants_Campaign_CampaignsImportExport','',NULL,'2010-05-10 07:19:41','2010-05-10 07:19:41','2010-05-10 07:19:41',NULL,'25864','Campaigns','','N','U'),('eddf0c67','default1','Gpf_Csv_ImportTask','',NULL,'2010-05-10 11:28:08','2010-05-10 11:28:28','2010-05-10 11:28:28',NULL,'4727','Import','','N','U'),('0787a68f','default1','Pap_Merchants_User_AffiliatesImportExport','{\"papUserIds\":[\"\'11111111\'\",\"\'c1d39b8a\'\",\"\'10000\'\",\"\'10001\'\",\"\'10002\'\",\"\'10003\'\",\"\'10004\'\",\"\'10005\'\",\"\'10006\'\",\"\'10007\'\",\"\'10008\'\",\"\'10009\'\",\"\'10010\'\",\"\'10011\'\",\"\'10012\'\",\"\'10013\'\",\"\'10014\'\",\"\'10016\'\",\"\'10018\'\",\"\'10019\'\",\"\'10020\'\",\"\'10021\'\",\"\'10022\'\",\"\'10023\'\",\"\'10024\'\",\"\'10026\'\",\"\'10027\'\",\"\'10028\'\",\"\'10029\'\",\"\'10030\'\",\"\'10031\'\",\"\'10032\'\",\"\'10033\'\",\"\'10034\'\",\"\'10035\'\",\"\'10036\'\",\"\'10037\'\",\"\'10038\'\",\"\'10039\'\",\"\'10040\'\",\"\'10041\'\",\"\'10042\'\",\"\'10043\'\",\"\'10044\'\",\"\'10045\'\",\"\'10046\'\",\"\'10048\'\",\"\'10049\'\",\"\'10050\'\",\"\'10051\'\",\"\'10052\'\",\"\'10053\'\",\"\'10054\'\",\"\'10055\'\",\"\'10056\'\",\"\'10057\'\",\"\'10058\'\",\"\'10059\'\",\"\'10060\'\",\"\'10061\'\",\"\'10062\'\",\"\'10064\'\",\"\'10065\'\",\"\'10066\'\",\"\'10067\'\",\"\'10068\'\",\"\'10069\'\",\"\'10070\'\",\"\'10071\'\",\"\'10072\'\",\"\'10073\'\",\"\'10074\'\",\"\'10075\'\",\"\'10076\'\",\"\'10077\'\",\"\'10078\'\",\"\'10079\'\",\"\'10080\'\",\"\'10081\'\",\"\'10082\'\",\"\'10083\'\",\"\'10085\'\",\"\'10086\'\",\"\'10087\'\",\"\'10088\'\",\"\'10089\'\",\"\'10090\'\",\"\'10091\'\",\"\'10092\'\",\"\'10093\'\",\"\'10094\'\",\"\'10095\'\",\"\'10096\'\",\"\'10097\'\",\"\'10098\'\",\"\'10099\'\",\"\'10100\'\",\"\'10101\'\",\"\'10102\'\",\"\'10103\'\",\"\'10104\'\",\"\'10105\'\",\"\'10106\'\",\"\'10107\'\",\"\'10108\'\",\"\'10109\'\",\"\'10110\'\",\"\'10111\'\",\"\'10112\'\",\"\'10113\'\",\"\'10114\'\",\"\'10115\'\",\"\'10116\'\",\"\'10117\'\",\"\'10118\'\",\"\'10119\'\",\"\'10120\'\",\"\'10121\'\",\"\'10122\'\",\"\'10123\'\",\"\'10124\'\",\"\'10125\'\",\"\'10126\'\",\"\'10127\'\",\"\'10128\'\",\"\'10129\'\",\"\'10130\'\",\"\'10131\'\",\"\'10132\'\",\"\'10133\'\",\"\'10134\'\",\"\'10135\'\",\"\'10136\'\",\"\'10138\'\",\"\'10139\'\",\"\'10140\'\",\"\'10141\'\",\"\'10142\'\",\"\'10143\'\",\"\'10144\'\",\"\'10145\'\",\"\'10146\'\",\"\'10147\'\",\"\'10148\'\",\"\'10149\'\",\"\'10150\'\",\"\'10151\'\",\"\'10152\'\",\"\'10153\'\",\"\'10154\'\",\"\'10156\'\",\"\'10157\'\",\"\'10158\'\",\"\'10160\'\",\"\'10161\'\",\"\'10162\'\",\"\'10163\'\",\"\'10164\'\",\"\'10165\'\",\"\'10166\'\",\"\'10167\'\",\"\'10168\'\",\"\'10169\'\",\"\'10170\'\",\"\'10171\'\",\"\'10173\'\",\"\'10174\'\",\"\'10175\'\",\"\'10178\'\",\"\'10179\'\",\"\'10180\'\",\"\'10181\'\",\"\'10182\'\",\"\'10183\'\",\"\'10184\'\",\"\'10185\'\",\"\'10186\'\",\"\'10187\'\",\"\'10188\'\",\"\'10189\'\",\"\'10190\'\",\"\'10191\'\",\"\'10192\'\",\"\'10193\'\",\"\'10194\'\",\"\'10195\'\",\"\'10196\'\",\"\'10197\'\",\"\'10198\'\",\"\'10199\'\",\"\'10200\'\",\"\'10201\'\",\"\'10204\'\",\"\'10205\'\",\"\'10206\'\",\"\'10207\'\",\"\'10208\'\",\"\'10209\'\",\"\'10210\'\",\"\'10211\'\",\"\'10212\'\",\"\'10213\'\",\"\'10215\'\",\"\'10216\'\",\"\'10217\'\",\"\'10218\'\",\"\'10219\'\",\"\'10220\'\",\"\'10221\'\",\"\'10222\'\",\"\'10223\'\",\"\'10224\'\",\"\'10225\'\",\"\'10226\'\",\"\'10227\'\",\"\'10228\'\",\"\'10229\'\",\"\'10230\'\",\"\'10231\'\",\"\'10232\'\",\"\'10233\'\",\"\'10234\'\",\"\'10235\'\",\"\'10236\'\",\"\'10237\'\",\"\'10238\'\",\"\'10239\'\",\"\'10242\'\",\"\'10243\'\",\"\'10244\'\",\"\'10245\'\",\"\'10246\'\",\"\'10247\'\",\"\'10248\'\",\"\'10250\'\",\"\'10251\'\",\"\'10252\'\",\"\'10253\'\",\"\'10255\'\",\"\'10256\'\",\"\'10257\'\",\"\'10258\'\",\"\'10259\'\",\"\'10260\'\",\"\'10261\'\",\"\'10262\'\",\"\'10263\'\",\"\'10265\'\",\"\'10266\'\",\"\'10267\'\",\"\'10269\'\",\"\'10270\'\",\"\'10271\'\",\"\'10272\'\",\"\'10273\'\",\"\'10274\'\",\"\'10275\'\",\"\'10276\'\",\"\'10278\'\",\"\'10279\'\",\"\'10280\'\",\"\'10281\'\",\"\'10282\'\",\"\'10283\'\",\"\'10284\'\",\"\'10285\'\",\"\'10286\'\",\"\'10287\'\",\"\'10288\'\",\"\'10290\'\",\"\'10291\'\",\"\'10292\'\",\"\'10293\'\",\"\'10294\'\",\"\'10295\'\",\"\'10296\'\",\"\'10297\'\",\"\'10298\'\",\"\'10299\'\",\"\'10300\'\",\"\'10301\'\",\"\'10302\'\",\"\'10303\'\",\"\'10304\'\",\"\'fec63373\'\",\"\'9c2f3bae\'\",\"\'dd045663\'\",\"\'63558c34\'\",\"\'10305\'\",\"\'10306\'\",\"\'10307\'\",\"\'10308\'\",\"\'10309\'\",\"\'10310\'\",\"\'10311\'\",\"\'10312\'\",\"\'10313\'\",\"\'10314\'\",\"\'10315\'\",\"\'10316\'\",\"\'10317\'\",\"\'10318\'\",\"\'10319\'\",\"\'10320\'\",\"\'10321\'\",\"\'10322\'\",\"\'10323\'\",\"\'10324\'\",\"\'10325\'\",\"\'10326\'\",\"\'10327\'\",\"\'10328\'\",\"\'10329\'\",\"\'10330\'\",\"\'10331\'\",\"\'10332\'\",\"\'10333\'\",\"\'10334\'\",\"\'10335\'\",\"\'10336\'\",\"\'10337\'\",\"\'10338\'\",\"\'10339\'\",\"\'10340\'\",\"\'10341\'\",\"\'10342\'\",\"\'10343\'\",\"\'10344\'\",\"\'10345\'\",\"\'10346\'\",\"\'10347\'\",\"\'10348\'\",\"\'10349\'\",\"\'10350\'\",\"\'10351\'\",\"\'10352\'\",\"\'10353\'\",\"\'10354\'\",\"\'10355\'\",\"\'10356\'\",\"\'10357\'\",\"\'10358\'\",\"\'10359\'\",\"\'10360\'\",\"\'10361\'\",\"\'10362\'\",\"\'10363\'\",\"\'10364\'\",\"\'10365\'\",\"\'10366\'\",\"\'10367\'\",\"\'10368\'\",\"\'10369\'\",\"\'10370\'\",\"\'10371\'\",\"\'10372\'\",\"\'10373\'\",\"\'10374\'\",\"\'10375\'\",\"\'10376\'\",\"\'10377\'\",\"\'10378\'\",\"\'10379\'\",\"\'10380\'\",\"\'10381\'\",\"\'10382\'\",\"\'10383\'\",\"\'10384\'\",\"\'10385\'\",\"\'10386\'\",\"\'10387\'\",\"\'10388\'\",\"\'10389\'\",\"\'10390\'\",\"\'10391\'\",\"\'10392\'\",\"\'10393\'\",\"\'10394\'\",\"\'10395\'\",\"\'10396\'\",\"\'10397\'\",\"\'10398\'\",\"\'10399\'\",\"\'10400\'\",\"\'10401\'\",\"\'10402\'\",\"\'10403\'\",\"\'10404\'\",\"\'10405\'\",\"\'10406\'\",\"\'10407\'\",\"\'10408\'\",\"\'10409\'\",\"\'10410\'\",\"\'10411\'\",\"\'10412\'\",\"\'10413\'\",\"\'10414\'\",\"\'10415\'\",\"\'10416\'\",\"\'10417\'\",\"\'10418\'\",\"\'10419\'\",\"\'10420\'\",\"\'10421\'\",\"\'10422\'\",\"\'10423\'\",\"\'10424\'\",\"\'10425\'\",\"\'10426\'\",\"\'10427\'\",\"\'10428\'\",\"\'10429\'\",\"\'10430\'\",\"\'10431\'\",\"\'10432\'\",\"\'10433\'\",\"\'10434\'\",\"\'10435\'\",\"\'10436\'\",\"\'10437\'\",\"\'10438\'\",\"\'10439\'\",\"\'10440\'\",\"\'10441\'\",\"\'10442\'\",\"\'10443\'\",\"\'10444\'\",\"\'10445\'\",\"\'10446\'\",\"\'10447\'\",\"\'10448\'\",\"\'10449\'\",\"\'10450\'\",\"\'10451\'\",\"\'10452\'\",\"\'10453\'\",\"\'10454\'\",\"\'10455\'\",\"\'10456\'\",\"\'10457\'\",\"\'10458\'\",\"\'10459\'\",\"\'10460\'\",\"\'10461\'\",\"\'10462\'\",\"\'10463\'\",\"\'10464\'\",\"\'10465\'\",\"\'10466\'\",\"\'10467\'\",\"\'10468\'\",\"\'10469\'\",\"\'10470\'\",\"\'10471\'\",\"\'10472\'\",\"\'10306\'\",\"\'10311\'\"],\"isPending\":\"deleteAffiliates\"}','9c2f3bae,payableto,Mary C Hardy,,,,,,,,,,,,,,,,,,,,,,,,,,,,,,,,,,,,,,,','2010-05-10 11:28:08','2010-05-10 11:28:28','2010-05-10 11:28:28',NULL,'4727','Affiliates','','N','U'),('a80cfa26','default1','Gpf_Csv_ImportTask','',NULL,'2010-05-13 13:53:49','2010-05-13 13:54:01','2010-05-13 13:54:01',NULL,'12287','Import','','N','U'),('e62a4fec','default1','Pap_Merchants_User_AffiliatesImportExport','{\"papUserIds\":[\"\'11111111\'\",\"\'c1d39b8a\'\",\"\'10000\'\",\"\'10001\'\",\"\'10002\'\",\"\'10003\'\",\"\'10004\'\",\"\'10005\'\",\"\'10006\'\",\"\'10007\'\",\"\'10008\'\",\"\'10009\'\",\"\'10010\'\",\"\'10011\'\",\"\'10012\'\",\"\'10013\'\",\"\'10014\'\",\"\'10016\'\",\"\'10018\'\",\"\'10019\'\",\"\'10020\'\",\"\'10021\'\",\"\'10022\'\",\"\'10023\'\",\"\'10024\'\",\"\'10026\'\",\"\'10027\'\",\"\'10028\'\",\"\'10029\'\",\"\'10030\'\",\"\'10450\'\",\"\'10451\'\",\"\'10452\'\",\"\'10453\'\",\"\'10454\'\",\"\'10455\'\",\"\'10456\'\",\"\'10457\'\",\"\'10458\'\",\"\'10459\'\",\"\'10460\'\",\"\'10461\'\",\"\'10462\'\",\"\'10463\'\",\"\'10464\'\",\"\'10465\'\",\"\'10466\'\",\"\'10467\'\",\"\'10473\'\",\"\'10474\'\",\"\'10475\'\",\"\'10476\'\",\"\'10477\'\",\"\'10478\'\",\"\'10479\'\",\"\'10480\'\",\"\'10481\'\",\"\'10482\'\",\"\'10483\'\",\"\'10484\'\",\"\'10485\'\",\"\'10486\'\",\"\'10487\'\",\"\'10488\'\",\"\'10489\'\",\"\'10490\'\",\"\'10491\'\",\"\'10492\'\",\"\'10493\'\",\"\'10494\'\",\"\'10495\'\",\"\'10496\'\",\"\'10497\'\",\"\'10498\'\",\"\'10499\'\",\"\'10500\'\",\"\'10501\'\",\"\'10502\'\",\"\'10503\'\",\"\'10504\'\",\"\'10505\'\",\"\'10506\'\",\"\'10507\'\",\"\'10508\'\",\"\'10509\'\",\"\'10510\'\",\"\'10511\'\",\"\'10512\'\",\"\'10513\'\",\"\'10514\'\",\"\'10515\'\",\"\'10516\'\",\"\'10450\'\",\"\'10451\'\",\"\'10452\'\",\"\'10453\'\",\"\'10454\'\",\"\'10455\'\",\"\'10456\'\",\"\'10457\'\",\"\'10458\'\",\"\'10459\'\",\"\'10460\'\",\"\'10461\'\",\"\'10462\'\"],\"isPending\":\"deleteAffiliates\"}','9c2f3bae,payableto,Mary C Hardy','2010-05-13 13:53:49','2010-05-13 13:54:01','2010-05-13 13:54:01',NULL,'12287','Affiliates','','N','U'),('083f1a18','default1','Gpf_Csv_ImportTask','',NULL,'2010-05-13 13:57:09','2010-05-13 13:57:20','2010-05-13 13:57:20',NULL,'13346','Import','','N','U'),('cdb258ec','default1','Pap_Merchants_User_AffiliatesImportExport','{\"papUserIds\":[\"\'10306\'\",\"\'10311\'\",\"\'10306\'\",\"\'10311\'\"],\"isPending\":\"deleteAffiliates\"}','9c2f3bae,payableto,Mary C Hardy,,,,,,,,,,,,,,,,,,,,,,,,,,,,,,,,,,,,,,,','2010-05-13 13:57:09','2010-05-13 13:57:20','2010-05-13 13:57:20',NULL,'13346','Affiliates','','N','U'),('02e1b107','default1','Gpf_Csv_ImportTask','',NULL,'2010-05-13 13:58:46','2010-05-13 13:58:55','2010-05-13 13:58:55',NULL,'13690','Import','','N','U'),('e7e54a62','default1','Pap_Merchants_User_AffiliatesImportExport','{\"papUserIds\":[\"\'10306\'\",\"\'10311\'\",\"\'10306\'\",\"\'10311\'\"],\"isPending\":\"deleteAffiliates\"}','9c2f3bae,payableto,Mary C Hardy','2010-05-13 13:58:46','2010-05-13 13:58:55','2010-05-13 13:58:55',NULL,'13690','Affiliates','','N','U'),('7f319916','default1','Gpf_Csv_ImportTask','',NULL,'2010-05-13 14:02:26','2010-05-13 14:02:39','2010-05-13 14:02:39',NULL,'17447','Import','','N','U'),('37fbd344','default1','Pap_Merchants_User_AffiliatesImportExport','',NULL,'2010-05-13 14:02:26','2010-05-13 14:02:34','2010-05-13 14:02:34',NULL,'17447','Affiliates','','N','U'),('4375db10','default1','Pap_Merchants_Banner_BannersImportExport','',NULL,'2010-05-13 14:02:34','2010-05-13 14:02:35','2010-05-13 14:02:35',NULL,'17447','Banners','','N','U'),('626d85fc','default1','Pap_Merchants_Campaign_CommissionsImportExport','',NULL,'2010-05-13 14:02:35','2010-05-13 14:02:36','2010-05-13 14:02:36',NULL,'17447','Commissions','','N','U'),('c15c61ae','default1','Gpf_SettingsImportExport','',NULL,'2010-05-13 14:02:36','2010-05-13 14:02:36','2010-05-13 14:02:36',NULL,'17447','Settings','','N','U'),('e6829161','default1','Pap_Merchants_Campaign_CampaignsImportExport','',NULL,'2010-05-13 14:02:36','2010-05-13 14:02:39','2010-05-13 14:02:39',NULL,'17447','Campaigns','','N','U'),('e7f84203','default1','Gpf_Csv_ImportTask','',NULL,'2010-05-13 14:07:48','2010-05-13 14:07:58','2010-05-13 14:07:58',NULL,'19438','Import','','N','U'),('eae60051','default1','Pap_Merchants_User_AffiliatesImportExport','{\"papUserIds\":[\"\'10450\'\",\"\'10451\'\",\"\'10452\'\",\"\'10453\'\",\"\'10454\'\",\"\'10455\'\",\"\'10456\'\",\"\'10457\'\",\"\'10458\'\",\"\'10459\'\",\"\'10460\'\",\"\'10461\'\",\"\'10462\'\",\"\'10463\'\",\"\'10464\'\",\"\'10465\'\",\"\'10466\'\",\"\'10467\'\",\"\'10450\'\",\"\'10451\'\",\"\'10452\'\",\"\'10453\'\",\"\'10454\'\",\"\'10455\'\",\"\'10456\'\",\"\'10457\'\",\"\'10458\'\",\"\'10459\'\",\"\'10460\'\",\"\'10461\'\",\"\'10462\'\"],\"isPending\":\"deleteAffiliates\"}','','2010-05-13 14:07:48','2010-05-13 14:07:58','2010-05-13 14:07:58',NULL,'19438','Affiliates','','N','U'),('56bb999c','default1','Gpf_Csv_ImportTask','',NULL,'2010-05-13 16:07:39','2010-05-13 16:07:53','2010-05-13 16:07:53',NULL,'27470','Import','','N','U'),('48ebe07f','default1','Pap_Merchants_User_AffiliatesImportExport','',NULL,'2010-05-13 16:07:39','2010-05-13 16:07:48','2010-05-13 16:07:48',NULL,'27470','Affiliates','','N','U'),('1d1f7448','default1','Pap_Merchants_Banner_BannersImportExport','',NULL,'2010-05-13 16:07:48','2010-05-13 16:07:49','2010-05-13 16:07:49',NULL,'27470','Banners','','N','U'),('c9f79e38','default1','Pap_Merchants_Campaign_CommissionsImportExport','',NULL,'2010-05-13 16:07:49','2010-05-13 16:07:50','2010-05-13 16:07:50',NULL,'27470','Commissions','','N','U'),('f1f38408','default1','Gpf_SettingsImportExport','',NULL,'2010-05-13 16:07:50','2010-05-13 16:07:50','2010-05-13 16:07:50',NULL,'27470','Settings','','N','U'),('6b850af4','default1','Pap_Merchants_Campaign_CampaignsImportExport','',NULL,'2010-05-13 16:07:50','2010-05-13 16:07:53','2010-05-13 16:07:53',NULL,'27470','Campaigns','','N','U'),('170a5fe5','default1','Gpf_Csv_ImportTask','',NULL,'2010-05-13 16:08:58','2010-05-13 16:09:08','2010-05-13 16:09:08',NULL,'27698','Import','','N','U'),('e79bf14d','default1','Pap_Merchants_User_AffiliatesImportExport','{\"papUserIds\":[\"\'10450\'\",\"\'10451\'\",\"\'10452\'\",\"\'10453\'\",\"\'10454\'\",\"\'10455\'\",\"\'10456\'\",\"\'10457\'\",\"\'10450\'\",\"\'10451\'\",\"\'10452\'\"],\"isPending\":\"deleteAffiliates\"}','9c2f3bae,payableto,Mary C Hardy','2010-05-13 16:08:58','2010-05-13 16:09:08','2010-05-13 16:09:08',NULL,'27698','Affiliates','','N','U'),('b765ecaf','default1','Gpf_Csv_ImportTask','',NULL,'2010-05-13 16:17:17','2010-05-13 16:17:22','2010-05-13 16:17:22',NULL,'32731','Import','','N','U'),('e6d0bb3b','default1','Pap_Merchants_User_AffiliatesImportExport','',NULL,'2010-05-13 16:17:17','2010-05-13 16:17:18','2010-05-13 16:17:18',NULL,'32731','Affiliates','','N','U'),('e1d77962','default1','Pap_Merchants_Banner_BannersImportExport','',NULL,'2010-05-13 16:17:18','2010-05-13 16:17:19','2010-05-13 16:17:19',NULL,'32731','Banners','','N','U'),('ef451a14','default1','Pap_Merchants_Campaign_CommissionsImportExport','',NULL,'2010-05-13 16:17:19','2010-05-13 16:17:20','2010-05-13 16:17:20',NULL,'32731','Commissions','','N','U'),('612d2043','default1','Gpf_SettingsImportExport','',NULL,'2010-05-13 16:17:20','2010-05-13 16:17:20','2010-05-13 16:17:20',NULL,'32731','Settings','','N','U'),('64a46165','default1','Pap_Merchants_Campaign_CampaignsImportExport','',NULL,'2010-05-13 16:17:20','2010-05-13 16:17:22','2010-05-13 16:17:22',NULL,'32731','Campaigns','','N','U'),('5eac41c4','default1','Gpf_Csv_ImportTask','',NULL,'2010-05-16 05:58:27','2010-05-16 05:58:38','2010-05-16 05:58:38',NULL,'28594','Import','','N','U'),('8e1339a9','default1','Pap_Merchants_User_AffiliatesImportExport','{\"papUserIds\":[\"\'30b246ab\'\",\"\'10416\'\",\"\'10415\'\",\"\'10404\'\",\"\'352bf11d\'\",\"\'712560c5\'\",\"\'10316\'\",\"\'7b596a30\'\",\"\'10305\'\",\"\'10299\'\",\"\'10156\'\",\"\'003e3c1e\'\",\"\'d6b55b0e\'\",\"\'66614c4f\'\",\"\'6eb87f45\'\",\"\'dda1090a\'\",\"\'30b246ab\'\",\"\'10404\'\",\"\'352bf11d\'\",\"\'003e3c1e\'\",\"\'66614c4f\'\",\"\'6eb87f45\'\"],\"isPending\":\"deleteAffiliates\"}','','2010-05-16 05:58:27','2010-05-16 05:58:38','2010-05-16 05:58:38',NULL,'28594','Affiliates','','N','U'),('8482ed0e','default1','Gpf_Csv_ImportTask','',NULL,'2010-05-16 06:00:09','2010-05-16 06:00:15','2010-05-16 06:00:15',NULL,'29170','Import','','N','U'),('6784d05b','default1','Pap_Merchants_User_AffiliatesImportExport','',NULL,'2010-05-16 06:00:09','2010-05-16 06:00:11','2010-05-16 06:00:11',NULL,'29170','Affiliates','','N','U'),('2728c560','default1','Pap_Merchants_Banner_BannersImportExport','',NULL,'2010-05-16 06:00:11','2010-05-16 06:00:11','2010-05-16 06:00:11',NULL,'29170','Banners','','N','U'),('025cb75d','default1','Pap_Merchants_Campaign_CommissionsImportExport','',NULL,'2010-05-16 06:00:11','2010-05-16 06:00:12','2010-05-16 06:00:12',NULL,'29170','Commissions','','N','U'),('63ba25f7','default1','Gpf_SettingsImportExport','',NULL,'2010-05-16 06:00:12','2010-05-16 06:00:12','2010-05-16 06:00:12',NULL,'29170','Settings','','N','U'),('01a36e9f','default1','Pap_Merchants_Campaign_CampaignsImportExport','',NULL,'2010-05-16 06:00:12','2010-05-16 06:00:15','2010-05-16 06:00:15',NULL,'29170','Campaigns','','N','U');

--
-- Table structure for table `qu_g_userattributes`
--

CREATE TABLE `qu_g_userattributes` (
  `attributeid` char(8) NOT NULL,
  `accountuserid` char(8) DEFAULT NULL,
  `name` varchar(40) DEFAULT NULL,
  `value` text,
  PRIMARY KEY (`attributeid`),
  UNIQUE KEY `UN_qu_g_userattributes_1` (`accountuserid`,`name`),
  KEY `IDX_qu_g_userattributes_1` (`accountuserid`)
) ENGINE=MyISAM DEFAULT CHARSET=utf8;

--
-- Dumping data for table `qu_g_userattributes`
--

INSERT INTO `qu_g_userattributes` VALUES ('4e2dcf4f','f0d47fed','language','en-US'),('5852f19f','f0d47fed','theme','blue_aero'),('8cae1032','f0d47fed','quickLaunchSetting','showDesktop,Campaigns-Manager,Banner-Manager,Affiliate-Manager,Transaction-Manager,Pay-Affiliates,Reports,Quick-Report,Trends-Report,Clicks-List,Configuration-Manager,Logs-History'),('16df3077','f0d47fed','wallpaperPosition','T'),('e7f6b222','f0d47fed','time_offset','0'),('560669f5','f0d47fed','sideBarWidth','200'),('bb040f87','f0d47fed','sideBarHidden','N'),('aafd737d','f0d47fed','sideBarOnTop','N'),('6bf46cc6','00ede187','quickLaunchSetting','showDesktop,Home,Campaigns-List-Wide,Promo-Materials,Trends-Report'),('54bacffb','fd747272','quickLaunchSetting','showDesktop,Home,Campaigns-List-Wide,Promo-Materials,Trends-Report'),('79c05ab8','00ede187','theme','classic_wide'),('b76d80cb','fd747272','theme','classic_wide'),('8eb1effa','f5dc3aa8','quickLaunchSetting','showDesktop,Home,Campaigns-List-Wide,Promo-Materials,Trends-Report'),('6d4ee5a8','f5dc3aa8','theme','classic_wide'),('5e146c9b','cfadff88','sideBarOnTop','N'),('c17f30c4','8a3320e8','language','en-US'),('3f85a4e2','8a3320e8','time_offset','7200'),('c1526357','353b24f9','language','en-US'),('9d1ad4bf','353b24f9','time_offset','0'),('06dfae34','cfadff88','time_offset','0'),('a2b385f5','cfadff88','sideBarWidth','200'),('23912f81','cfadff88','sideBarHidden','N'),('68fe0891','e65625b1','language','en-US'),('21bd8ff0','e65625b1','time_offset','0'),('7e7f0bb4','f0d47fed','showQuickLaunch','N'),('0dfc6a59','cfadff88','language','en-US'),('628f7aa8','0eac06b7','theme','classic_wide'),('cf660523','0eac06b7','quickLaunchSetting','showDesktop,Home,Campaigns-List-Wide,Promo-Materials,Trends-Report'),('4787f778','cfadff88','quickLaunchSetting','showDesktop,Home,Campaigns-List-Wide,Promo-Materials,Trends-Report'),('6821f87a','cfadff88','theme',''),('a2ca5613','64ca006a','theme','classic_wide'),('264f9434','64ca006a','quickLaunchSetting','showDesktop,Home,Campaigns-List-Wide,Promo-Materials,Trends-Report'),('647afb27','e65625b1','theme','classic_wide'),('e1c55a31','e65625b1','quickLaunchSetting','showDesktop,Home,Campaigns-List-Wide,Promo-Materials,Trends-Report'),('f1a817dc','34302256','theme','classic_wide'),('48e89dd7','34302256','quickLaunchSetting','showDesktop,Home,Campaigns-List-Wide,Promo-Materials,Trends-Report'),('b93b646d','4aca2dbb','theme','classic_wide'),('677b2267','4aca2dbb','quickLaunchSetting','showDesktop,Home,Campaigns-List-Wide,Promo-Materials,Trends-Report'),('ec4c135c','6f77c017','theme','classic_wide'),('b28ae7d6','6f77c017','quickLaunchSetting','showDesktop,Home,Campaigns-List-Wide,Promo-Materials,Trends-Report'),('ca860856','cf4928ef','theme','classic_wide'),('39586c91','cf4928ef','quickLaunchSetting','showDesktop,Home,Campaigns-List-Wide,Promo-Materials,Trends-Report'),('4a6e2f7e','353b24f9','theme','classic_wide'),('d5f6fa76','353b24f9','quickLaunchSetting','showDesktop,Home,Campaigns-List-Wide,Promo-Materials,Trends-Report'),('1a77de1b','8a3320e8','theme',''),('d93db693','8a3320e8','quickLaunchSetting','showDesktop,Home,Campaigns-List-Wide,Promo-Materials,Trends-Report');

--
-- Table structure for table `qu_g_users`
--

CREATE TABLE `qu_g_users` (
  `accountuserid` char(8) NOT NULL,
  `authid` char(8) NOT NULL,
  `accountid` char(8) NOT NULL,
  `roleid` char(8) NOT NULL,
  `rstatus` char(1) DEFAULT 'A',
  PRIMARY KEY (`accountuserid`),
  KEY `IDX_qu_g_users_1` (`authid`),
  KEY `IDX_qu_g_users_2` (`accountid`),
  KEY `IDX_qu_g_users_3` (`roleid`)
) ENGINE=MyISAM DEFAULT CHARSET=utf8;

--
-- Dumping data for table `qu_g_users`
--

INSERT INTO `qu_g_users` VALUES ('f0d47fed','1a823aa7','default1','pap_merc','A'),('353b24f9','e1e89510','default1','pap_aff','A'),('cf4928ef','60921a08','default1','pap_aff','D'),('00ede187','31c922c7','default1','pap_aff','D'),('fd747272','dc6c75a6','default1','pap_aff','D'),('f5dc3aa8','affe94e8','default1','pap_aff','D'),('0eac06b7','82d7d0f9','default1','pap_aff','D'),('cfadff88','9daa7ea2','default1','pap_aff','A'),('64ca006a','78fcfa0f','default1','pap_aff','A'),('e65625b1','421395d6','default1','pap_aff','A'),('34302256','1390ddfd','default1','pap_aff','A'),('4aca2dbb','51dad769','default1','pap_aff','A'),('6f77c017','f55dbbc4','default1','pap_aff','A'),('8a3320e8','29f06c84','default1','pap_aff','A');

--
-- Table structure for table `qu_g_versions`
--

CREATE TABLE `qu_g_versions` (
  `versionid` int(11) NOT NULL AUTO_INCREMENT,
  `name` varchar(40) NOT NULL,
  `application` varchar(40) NOT NULL,
  `done` datetime DEFAULT NULL,
  PRIMARY KEY (`versionid`)
) ENGINE=MyISAM AUTO_INCREMENT=6 DEFAULT CHARSET=utf8;

--
-- Dumping data for table `qu_g_versions`
--

INSERT INTO `qu_g_versions` VALUES (1,'1.1.3.0','gpf','2010-05-10 05:55:04'),(2,'4.5.21.4','pap','2010-05-10 05:59:46'),(3,'4.5.22','pap','2010-05-10 06:05:13'),(4,'4.5.23','pap','2010-05-10 06:05:14'),(5,'4.5.23.1','pap','2010-05-10 06:05:26');

--
-- Table structure for table `qu_g_view_columns`
--

CREATE TABLE `qu_g_view_columns` (
  `name` varchar(50) NOT NULL,
  `viewid` char(8) NOT NULL,
  `sorted` char(1) DEFAULT NULL COMMENT 'A - ascending D - descending null - none',
  `width` varchar(6) DEFAULT NULL,
  `rorder` int(10) unsigned DEFAULT NULL,
  PRIMARY KEY (`name`,`viewid`),
  KEY `IDX_qu_g_view_columns_1` (`viewid`)
) ENGINE=MyISAM DEFAULT CHARSET=utf8;

--
-- Dumping data for table `qu_g_view_columns`
--

INSERT INTO `qu_g_view_columns` VALUES ('refid','4daefd5c','N','NaN',0),('name','4daefd5c','N','NaN',1),('username','4daefd5c','N','NaN',2),('rstatus','4daefd5c','D','NaN',3),('parent','4daefd5c','N','NaN',4),('dateinserted','4daefd5c','N','NaN',5),('actions','4daefd5c','N','NaN',6);

--
-- Table structure for table `qu_g_views`
--

CREATE TABLE `qu_g_views` (
  `viewid` char(8) NOT NULL,
  `viewtype` varchar(100) DEFAULT NULL,
  `name` varchar(100) DEFAULT NULL,
  `rowsperpage` int(11) DEFAULT NULL,
  `accountuserid` char(8) NOT NULL,
  PRIMARY KEY (`viewid`,`accountuserid`),
  KEY `IDX_qu_g_views_1` (`accountuserid`)
) ENGINE=MyISAM DEFAULT CHARSET=utf8;

--
-- Dumping data for table `qu_g_views`
--

INSERT INTO `qu_g_views` VALUES ('4daefd5c','Pap_Merchants_User_AffiliatesGrid','100 View',100,'f0d47fed');

--
-- Table structure for table `qu_g_wallpapers`
--

CREATE TABLE `qu_g_wallpapers` (
  `wallpaperid` varchar(8) NOT NULL,
  `accountuserid` char(8) DEFAULT NULL,
  `fileid` char(32) DEFAULT NULL,
  `name` varchar(255) DEFAULT NULL,
  `url` varchar(255) DEFAULT NULL,
  PRIMARY KEY (`wallpaperid`),
  KEY `IDX_qu_g_wallpapers_1` (`accountuserid`),
  KEY `IDX_qu_g_wallpapers_2` (`fileid`)
) ENGINE=MyISAM DEFAULT CHARSET=utf8;

--
-- Dumping data for table `qu_g_wallpapers`
--


--
-- Table structure for table `qu_g_windows`
--

CREATE TABLE `qu_g_windows` (
  `content` varchar(255) NOT NULL,
  `accountuserid` char(8) NOT NULL,
  `positiontop` int(11) DEFAULT NULL,
  `positionleft` int(11) DEFAULT NULL,
  `width` int(11) DEFAULT NULL,
  `height` int(11) DEFAULT NULL,
  `zindex` int(11) DEFAULT NULL,
  `closed` char(1) DEFAULT NULL,
  `minimized` char(1) DEFAULT NULL,
  `autorefreshtime` int(11) NOT NULL DEFAULT '-1' COMMENT '-1 not initialized 0 disabled > 0 enabled in miliseconds',
  PRIMARY KEY (`content`,`accountuserid`),
  KEY `IDX_qu_g_windows_1` (`accountuserid`)
) ENGINE=MyISAM DEFAULT CHARSET=utf8;

--
-- Dumping data for table `qu_g_windows`
--

INSERT INTO `qu_g_windows` VALUES ('Getting-Started','f0d47fed',29,0,768,444,16,'Y','N',0),('Affiliate-Manager','f0d47fed',29,0,1278,585,12,'N','N',0),('Features','f0d47fed',47,26,1242,557,96,'Y','N',0),('Banner-Manager','f0d47fed',29,0,1280,614,40,'Y','N',0),('Create-Banner','f0d47fed',69,40,828,574,152,'Y','N',0),('bannerView;{\"id\":\"8769903e\", \"type\":\"S\", \"od\":\"true\"}','f0d47fed',29,40,828,610,20,'Y','N',0),('Configuration-Manager','f0d47fed',29,0,1280,614,88,'Y','N',0),('Config-Currency','f0d47fed',69,40,1225,539,64,'Y','N',0),('Languages','f0d47fed',69,40,1225,539,60,'Y','N',0),('Logging','f0d47fed',29,0,1280,614,56,'Y','N',0),('Plugins','f0d47fed',29,0,870,539,112,'Y','N',0),('Signup-Form-Settings','f0d47fed',29,0,980,614,68,'Y','N',0),('bannerView;{\"id\":\"8769903e\", \"type\":\"S\", \"od\":\"false\"}','f0d47fed',49,20,828,610,24,'Y','N',0),('Import-Export','f0d47fed',65,29,1099,573,404,'Y','N',0),('import','f0d47fed',29,121,1081,536,44,'Y','N',0),('Export','f0d47fed',49,20,1099,556,420,'Y','N',0),('Mail-Account','f0d47fed',49,20,1099,594,36,'Y','N',0),('ProxyServerConfig','f0d47fed',49,20,1099,594,116,'Y','N',0),('EmailNotifications','f0d47fed',49,20,1099,594,44,'Y','N',0),('Mail-Templates','f0d47fed',29,0,1280,614,56,'Y','N',0),('Config-Tracking','f0d47fed',49,20,1099,594,84,'Y','N',0),('Config-Cookies','f0d47fed',29,0,1280,614,48,'Y','N',0),('Fraud-Protection','f0d47fed',49,20,1099,594,108,'Y','N',0),('Parameter-Names','f0d47fed',49,20,1099,594,108,'Y','N',0),('Config-LinkFormats','f0d47fed',49,20,960,594,116,'Y','N',0),('Payouts-Balance','f0d47fed',49,20,1099,594,132,'Y','N',0),('Payout-Options','f0d47fed',49,20,1099,594,140,'Y','N',0),('Invoice-Format','f0d47fed',49,20,1099,594,156,'Y','N',0),('Config-Themes','f0d47fed',29,0,980,614,56,'Y','N',0),('Affilate-Panel-Settings','f0d47fed',29,0,1280,614,84,'Y','N',0),('editAffiliate;{\"id\":\"11111111\"}','f0d47fed',29,0,900,600,272,'Y','N',0),('Advanced-Profile','f0d47fed',29,172,876,614,24,'Y','N',0),('Online-Users','f0d47fed',49,20,1078,356,140,'Y','N',0),('Home','c0b70094',29,0,938,692,4,'N','N',0),('bannerView;{\"id\":\"ba0d8126\", \"type\":\"S\", \"od\":\"false\"}','f0d47fed',131,232,828,610,76,'Y','N',0),('bannerView;{\"id\":\"0d627570\", \"type\":\"S\", \"od\":\"false\"}','f0d47fed',29,0,870,586,44,'Y','N',0),('Panel-Settings','f0d47fed',49,20,960,594,64,'Y','N',0),('Logs-History','f0d47fed',54,20,1099,589,188,'Y','N',0),('Campaigns-Manager','f0d47fed',66,59,1102,577,176,'Y','N',0),('campaignWizard8637','f0d47fed',29,0,1280,868,80,'Y','N',0),('Campaigns-Overview','f0d47fed',49,20,800,450,168,'Y','N',0),('editAffiliate;{\"id\":\"10010\"}','f0d47fed',37,119,900,557,48,'Y','N',0),('Logins-History','f0d47fed',49,20,1102,716,188,'Y','N',0),('editLanguage;{\"languageId\":\"default1_en-US\"}5619','f0d47fed',49,20,1099,683,72,'Y','N',0),('about','f0d47fed',49,20,760,510,8,'Y','N',0),('Integration','f0d47fed',29,0,1280,614,24,'Y','N',0),('Integration-Methods','f0d47fed',29,0,870,586,36,'Y','N',0),('Export-Files','f0d47fed',49,20,1102,556,432,'Y','N',0),('editAffiliate;{\"id\":\"10038\"}','f0d47fed',29,0,900,600,100,'Y','N',0),('editAffiliate;{\"id\":\"10027\"}','f0d47fed',29,0,900,600,12,'Y','N',0),('Send-Message','f0d47fed',29,0,1277,501,40,'Y','N',0),('Clicks-Tracking','f0d47fed',49,20,1102,716,16,'Y','N',0),('Api-Integration','f0d47fed',69,40,1085,699,44,'Y','N',0),('editAffiliate;{\"id\":\"10068\"}','f0d47fed',29,0,900,600,88,'Y','N',0),('Visitor-Affiliates','f0d47fed',49,20,1102,594,248,'Y','N',0),('Home','f0d47fed',49,20,1102,594,16,'Y','N',0),('editAffiliate;{\"id\":\"10022\"}','f0d47fed',29,0,900,576,12,'Y','N',0),('editAffiliate;{\"id\":\"10298\"}','f0d47fed',29,0,900,576,16,'Y','N',0),('editAffiliate;{\"id\":\"10121\"}','f0d47fed',29,0,900,576,20,'Y','N',0),('editAffiliate;{\"id\":\"10318\"}','f0d47fed',29,0,900,576,28,'Y','N',0),('Clicks-List','f0d47fed',29,0,1280,614,232,'Y','N',0),('Transaction-Manager','f0d47fed',49,20,1102,594,216,'Y','N',0),('campaign;{\"id\":\"11111111\", \"type\":\"P\"}','f0d47fed',29,0,1000,614,208,'Y','N',0),('Affiliate-Tree','f0d47fed',49,20,1102,594,316,'Y','N',0),('editAffiliate;{\"id\":\"712560c5\"}','f0d47fed',29,0,900,600,84,'Y','N',0),('Banners-Overview','f0d47fed',49,20,800,530,300,'Y','N',0),('editAffiliate;{\"id\":\"7b596a30\"}','f0d47fed',29,0,900,484,112,'Y','N',0),('editAffiliate;{\"id\":\"dda1090a\"}','f0d47fed',29,0,900,600,116,'Y','N',0),('campaign;{\"id\":\"a0ed500c\", \"type\":\"P\"}','f0d47fed',29,0,1000,614,372,'Y','N',0),('Add-Affiliate7656','f0d47fed',49,20,1201,437,12,'Y','N',0),('Add-Affiliate4548','f0d47fed',49,20,1201,437,12,'Y','N',0),('editAffiliate;{\"id\":\"10333\"}','f0d47fed',29,0,900,600,40,'Y','N',0),('Reports','f0d47fed',49,20,670,500,376,'Y','N',0),('Payouts-By-Affiliate','f0d47fed',69,40,1085,476,48,'Y','N',0),('VAT-Handling','f0d47fed',49,20,1102,494,248,'Y','N',0),('bannerView;{\"id\":\"11110001\", \"type\":\"I\", \"od\":\"false\"}','f0d47fed',69,40,828,574,288,'Y','N',0),('Affiliates-Overview','f0d47fed',49,20,800,450,224,'Y','N',0),('Direct-Links-Manager','f0d47fed',49,20,960,494,88,'Y','N',0),('editAffiliate;{\"id\":\"ce05a4b4\"}','f0d47fed',29,0,900,600,352,'Y','N',0),('Top-Affiliates','f0d47fed',49,20,1102,494,144,'Y','N',0),('Payouts','f0d47fed',49,20,800,450,436,'Y','N',0),('Pay-Affiliates','f0d47fed',29,0,1280,614,136,'Y','N',0),('editAffiliate;{\"id\":\"10272\"}','f0d47fed',29,0,900,600,36,'Y','N',0),('Transactions-Overview','f0d47fed',49,20,800,450,204,'Y','N',0),('editAffiliate;{\"id\":\"10001\"}','f0d47fed',29,0,900,600,52,'Y','N',0),('Home','cfadff88',49,20,1102,494,4,'Y','N',0),('Subaffiliates-Tree','cfadff88',69,40,1085,476,8,'Y','N',0),('My-Profile','cfadff88',49,20,1102,494,12,'Y','N',0),('editAffiliate;{\"id\":\"10497\"}','f0d47fed',29,0,900,600,116,'Y','N',0),('editAffiliate;{\"id\":\"10030\"}','f0d47fed',29,0,900,585,16,'N','N',0),('Add-Affiliate4582','f0d47fed',49,20,1102,494,28,'Y','N',0),('Database-Status','f0d47fed',49,20,1102,494,120,'Y','N',0),('Mail-Outbox','f0d47fed',49,20,1102,494,132,'Y','N',0),('campaignWizard26054','f0d47fed',100,60,1085,476,164,'Y','N',0),('campaign;{\"id\":\"38e5bc4f\", \"type\":\"P\"}','f0d47fed',29,0,1000,614,180,'Y','N',0),('editAffiliate;{\"id\":\"10012\"}','f0d47fed',29,0,900,600,24,'Y','N',0);

--
-- Table structure for table `qu_g_words`
--

CREATE TABLE `qu_g_words` (
  `wordid` int(10) unsigned NOT NULL AUTO_INCREMENT,
  `wordtext` varchar(255) NOT NULL,
  `wordlength` mediumint(8) unsigned DEFAULT NULL,
  `w1` char(2) DEFAULT NULL,
  `w2` char(2) DEFAULT NULL,
  `w3` char(2) DEFAULT NULL,
  `w4` char(2) DEFAULT NULL,
  `w5` char(2) DEFAULT NULL,
  `w6` char(2) DEFAULT NULL,
  `w7` char(2) DEFAULT NULL,
  `w8` char(2) DEFAULT NULL,
  `w9` char(2) DEFAULT NULL,
  `w10` char(2) DEFAULT NULL,
  `w11` char(2) DEFAULT NULL,
  `w12` char(2) DEFAULT NULL,
  `w13` char(2) DEFAULT NULL,
  `w14` char(2) DEFAULT NULL,
  `w15` char(2) DEFAULT NULL,
  `w16` char(2) DEFAULT NULL,
  PRIMARY KEY (`wordid`),
  UNIQUE KEY `IDX_Entity_11` (`wordtext`)
) ENGINE=MyISAM DEFAULT CHARSET=utf8;

--
-- Dumping data for table `qu_g_words`
--


--
-- Table structure for table `qu_nl_broadcasts`
--

CREATE TABLE `qu_nl_broadcasts` (
  `broadcastid` char(8) NOT NULL,
  `created` datetime NOT NULL,
  `scheduled` datetime DEFAULT NULL,
  `broadcast_status` char(1) NOT NULL,
  `newsletterid` varchar(8) NOT NULL,
  `templateid` varchar(8) NOT NULL,
  `modified` datetime NOT NULL,
  PRIMARY KEY (`broadcastid`),
  KEY `IDX_qu_nl_broadcasts_1` (`newsletterid`),
  KEY `IDX_qu_nl_broadcasts_2` (`templateid`)
) ENGINE=MyISAM DEFAULT CHARSET=utf8;

--
-- Dumping data for table `qu_nl_broadcasts`
--


--
-- Table structure for table `qu_nl_followups`
--

CREATE TABLE `qu_nl_followups` (
  `followupid` char(8) NOT NULL,
  `delay_days` int(10) unsigned NOT NULL DEFAULT '0',
  `followup_status` char(1) NOT NULL,
  `delivery_hour` smallint(6) NOT NULL DEFAULT '12',
  `newsletterid` varchar(8) NOT NULL,
  `templateid` varchar(8) NOT NULL,
  `modified` datetime NOT NULL,
  PRIMARY KEY (`followupid`),
  KEY `IDX_qu_nl_followups_1` (`newsletterid`),
  KEY `IDX_qu_nl_followups_2` (`templateid`)
) ENGINE=MyISAM DEFAULT CHARSET=utf8;

--
-- Dumping data for table `qu_nl_followups`
--


--
-- Table structure for table `qu_nl_newsletter_signups`
--

CREATE TABLE `qu_nl_newsletter_signups` (
  `signupid` varchar(32) NOT NULL,
  `created` datetime NOT NULL,
  `subscribed` datetime DEFAULT NULL,
  `unsubscribed` datetime DEFAULT NULL,
  `signup_status` char(1) NOT NULL,
  `ip` varchar(39) DEFAULT NULL,
  `unsubscribe_reason` text,
  `newsletterid` varchar(8) NOT NULL,
  `accountuserid` char(8) NOT NULL,
  PRIMARY KEY (`signupid`),
  KEY `IDX_qu_nl_newsletter_signups_1` (`newsletterid`),
  KEY `IDX_qu_nl_newsletter_signups_2` (`accountuserid`)
) ENGINE=MyISAM DEFAULT CHARSET=utf8;

--
-- Dumping data for table `qu_nl_newsletter_signups`
--


--
-- Table structure for table `qu_nl_newsletters`
--

CREATE TABLE `qu_nl_newsletters` (
  `newsletterid` varchar(8) NOT NULL,
  `name` varchar(255) NOT NULL,
  `description` text,
  `success_signup_url` text,
  `double_optin` char(1) NOT NULL DEFAULT 'Y',
  `mailaccountid` varchar(8) DEFAULT NULL,
  `optin_templateid` varchar(8) NOT NULL,
  `accountid` char(8) NOT NULL,
  PRIMARY KEY (`newsletterid`),
  KEY `IDX_qu_nl_newsletters_1` (`mailaccountid`),
  KEY `IDX_qu_nl_newsletters_2` (`optin_templateid`),
  KEY `IDX_qu_nl_newsletters_3` (`accountid`)
) ENGINE=MyISAM DEFAULT CHARSET=utf8;

--
-- Dumping data for table `qu_nl_newsletters`
--


--
-- Table structure for table `qu_nl_user_broadcasts`
--

CREATE TABLE `qu_nl_user_broadcasts` (
  `broadcastid` char(8) NOT NULL,
  `signupid` varchar(32) NOT NULL,
  `created` datetime NOT NULL,
  `outboxid` int(10) unsigned DEFAULT NULL,
  PRIMARY KEY (`broadcastid`,`signupid`),
  KEY `IDX_qu_nl_user_broadcasts_1` (`broadcastid`),
  KEY `IDX_qu_nl_user_broadcasts_2` (`signupid`),
  KEY `IDX_qu_nl_user_broadcasts_3` (`outboxid`)
) ENGINE=MyISAM DEFAULT CHARSET=utf8;

--
-- Dumping data for table `qu_nl_user_broadcasts`
--


--
-- Table structure for table `qu_nl_user_followups`
--

CREATE TABLE `qu_nl_user_followups` (
  `followupid` char(40) NOT NULL,
  `signupid` varchar(32) NOT NULL,
  `created` datetime NOT NULL,
  `outboxid` int(10) unsigned DEFAULT NULL,
  PRIMARY KEY (`followupid`,`signupid`),
  KEY `IDX_qu_nl_user_followups_1` (`followupid`),
  KEY `IDX_qu_nl_user_followups_2` (`signupid`),
  KEY `IDX_qu_nl_user_followups_3` (`outboxid`)
) ENGINE=MyISAM DEFAULT CHARSET=utf8;

--
-- Dumping data for table `qu_nl_user_followups`
--


--
-- Table structure for table `qu_pap_accountings`
--

CREATE TABLE `qu_pap_accountings` (
  `accountingid` char(8) NOT NULL,
  `accountid` char(8) NOT NULL,
  `invoiceid` char(8) DEFAULT NULL,
  `dateinserted` datetime DEFAULT NULL,
  `amount` float DEFAULT NULL,
  `rtype` char(1) DEFAULT NULL COMMENT 'F - fee\nC - commissions',
  PRIMARY KEY (`accountingid`),
  KEY `fk_qu_pap_accounting_qu_g_accounts1` (`accountid`),
  KEY `fk_qu_pap_accountings_qu_pap_invoices1` (`invoiceid`)
) ENGINE=MyISAM DEFAULT CHARSET=utf8;

--
-- Dumping data for table `qu_pap_accountings`
--


--
-- Table structure for table `qu_pap_affiliatescreens`
--

CREATE TABLE `qu_pap_affiliatescreens` (
  `affiliatescreenid` varchar(8) NOT NULL,
  `accountid` char(8) DEFAULT NULL,
  `code` varchar(255) NOT NULL,
  `params` varchar(255) DEFAULT NULL,
  `title` varchar(255) DEFAULT NULL,
  `icon` varchar(255) DEFAULT NULL,
  `description` text,
  `showheader` char(1) DEFAULT NULL COMMENT 'Y - show N - do not show',
  PRIMARY KEY (`affiliatescreenid`),
  KEY `IDX_qu_pap_affiliatescreens_1` (`accountid`)
) ENGINE=MyISAM DEFAULT CHARSET=utf8;

--
-- Dumping data for table `qu_pap_affiliatescreens`
--

INSERT INTO `qu_pap_affiliatescreens` VALUES ('5d569506','default1','Home',NULL,'##Home##',NULL,NULL,'N'),('bc353dac','default1','Custom-Page','{\"template\":\"custom/getting_started\"}','##Getting started##',NULL,NULL,'Y'),('c65d7c8e','default1','Promotion',NULL,'##Promotion##',NULL,NULL,'Y'),('ff0de1d4','default1','Campaigns-List-Wide',NULL,'##Campaigns##',NULL,NULL,'Y'),('581b530f','default1','Promo-Materials',NULL,'##Banners & Links##',NULL,NULL,'Y'),('52d04ac0','default1','Channels',NULL,'##Ad Channels##',NULL,NULL,'Y'),('df559b42','default1','Advanced-Functionality',NULL,'##Advanced tools##',NULL,NULL,'Y'),('27366e9a','default1','Reports',NULL,'##Reports##',NULL,NULL,'Y'),('84943ff4','default1','Payouts',NULL,'##Payouts to me##',NULL,NULL,'Y'),('373881fc','default1','Raw-Clicks',NULL,'##Raw Clicks##',NULL,NULL,'Y'),('abd5a555','default1','Quick-Stats',NULL,'##Quick Stats##',NULL,NULL,'Y'),('ad67466d','default1','Transactions-List',NULL,'##Commissions##',NULL,NULL,'Y'),('7c6a26a1','default1','Trends-Report',NULL,'##Trends report##',NULL,NULL,'Y'),('ea2534c9','default1','Subaffiliate-Sale-Stats',NULL,'##Subaffiliate Sale Stats##',NULL,NULL,'Y'),('8d02c36a','default1','Subaffiliates-Tree',NULL,'##Tree of subaffiliates##',NULL,NULL,'Y'),('e7dc308e','default1','Channel-Stats-Report',NULL,'##Channel stats report##',NULL,NULL,'Y'),('b4r85r9w','default1','Top-Referrer-URLs',NULL,'##Top referrer URL##',NULL,NULL,'Y'),('9a136deb','default1','My-Profile',NULL,'##My profile##',NULL,NULL,'Y'),('9782bb5e','default1','Contact-Us',NULL,'##ContactUs##',NULL,NULL,'Y'),('f7fcdf21','default1','Custom-Page','{\"template\":\"custom/promotion_tips\"}','##Promotion tips##',NULL,NULL,'Y'),('799930ce','default1','Custom-Page','{\"template\":\"custom/frequently_asked_questions\"}','##Frequently asked questions##',NULL,NULL,'Y'),('48d2fe53','default1','Custom-Page','{\"template\":\"custom/advanced_tracking\"}','##Advanced tracking##',NULL,NULL,'Y'),('8411f431','default1','Custom-Page','{\"template\":\"custom/directlink_explained\"}','##DirectLinks explained##',NULL,NULL,'Y'),('1b7c39e5','default1','Aff-Link-Protector',NULL,'##AffLinkProtector##',NULL,NULL,'Y'),('4a6ee9b5','default1','Direct-Links',NULL,'##DirectLink URLs##',NULL,NULL,'Y'),('ffc23881','default1','SubIdTracking',NULL,'##SubIdTracking##',NULL,NULL,'Y'),('7c3bdaa1','default1','subAffiliatesSalesReport',NULL,'##Subaffiliates sales ##',NULL,NULL,'Y'),('89cef2cc','default1','Daily-Report',NULL,'Daily Report',NULL,NULL,'Y'),('ff7ba20f','default1','Themes',NULL,'Themes',NULL,NULL,'Y'),('332c5c7c','default1','Download-Login-Form',NULL,'##Download login form##',NULL,NULL,'Y'),('8ee0db9e','default1','Download-Signup-Form',NULL,'##Download signup form##',NULL,NULL,'Y'),('b236f6c8','default1','Email-Notifications',NULL,'##Email Notifications##',NULL,NULL,'Y'),('aa76f280','default1','PaymentDetails',NULL,'Payment Details',NULL,NULL,'Y'),('f2c5bc02','default1','PersonalDetails',NULL,'Personal Details',NULL,NULL,'Y'),('c97d7907','default1','Signup-Subaffiliates',NULL,'##Signup Subaffiliates##',NULL,NULL,'Y'),('cc31ded9','default1','Affiliate-Panel-Overview',NULL,'##Affiliate panel tutorial video##',NULL,NULL,'Y');

--
-- Table structure for table `qu_pap_affiliatetrackingcodes`
--

CREATE TABLE `qu_pap_affiliatetrackingcodes` (
  `affiliatetrackingcodeid` char(8) NOT NULL,
  `userid` char(8) DEFAULT NULL,
  `commtypeid` char(8) DEFAULT NULL,
  `code` longtext,
  `note` longtext,
  `rstatus` char(1) DEFAULT NULL,
  `rtype` char(1) DEFAULT NULL,
  PRIMARY KEY (`affiliatetrackingcodeid`),
  KEY `qu_pap_commissiontypes_qu_pap_affiliatetrackingcodes` (`commtypeid`),
  KEY `qu_pap_users_qu_pap_affiliatetrackingcodes` (`userid`)
) ENGINE=MyISAM DEFAULT CHARSET=utf8;

--
-- Dumping data for table `qu_pap_affiliatetrackingcodes`
--


--
-- Table structure for table `qu_pap_banners`
--

CREATE TABLE `qu_pap_banners` (
  `bannerid` char(8) NOT NULL,
  `accountid` char(8) DEFAULT NULL,
  `campaignid` char(8) DEFAULT NULL,
  `wrapperid` char(8) DEFAULT NULL,
  `rtype` char(1) NOT NULL COMMENT 'Banner type: F - flash H - html I - image L - landingpage O - offline V - pdf P - popup E - promoemail R - rotator T - textlink',
  `rstatus` char(1) NOT NULL COMMENT 'Banner status: A - active H - inactive & hidden S - stopped & visible',
  `name` varchar(150) DEFAULT NULL,
  `destinationurl` text NOT NULL,
  `dateinserted` datetime NOT NULL,
  `size` varchar(50) DEFAULT NULL COMMENT 'size of banner: U - undefined P - predefined, format: P:120x40 O - own, format: 25x25',
  `data1` text,
  `data2` text,
  `data3` text,
  `data4` text,
  `data5` text,
  `data6` text,
  `data7` text,
  `data8` text,
  `data9` text,
  `rorder` int(11) NOT NULL DEFAULT '0' COMMENT 'determines banners order',
  `description` text,
  `seostring` text,
  PRIMARY KEY (`bannerid`),
  KEY `IDX_qu_pap_banners_2` (`campaignid`),
  KEY `qu_pap_bannerwrappers_qu_pap_banners` (`wrapperid`),
  KEY `fk_qu_pap_banners_qu_g_accounts1` (`accountid`)
) ENGINE=MyISAM DEFAULT CHARSET=utf8;

--
-- Dumping data for table `qu_pap_banners`
--

INSERT INTO `qu_pap_banners` VALUES ('11110001','default1','11111111',NULL,'I','A','Sample image banner 1','http://www.qualityunit.com','2010-04-25 16:16:11','P468x60','http://prosperquest.com/pqima/accounts/default1/banners/sample_image_banner.gif','','','',NULL,NULL,NULL,NULL,NULL,0,'',NULL),('11110002','default1','11111111',NULL,'T','A','Sample text link 1','http://www.qualityunit.com','2010-04-25 16:16:11','U','Click here','to find out more about this link','','',NULL,NULL,NULL,NULL,NULL,0,'',NULL),('11110003','default1','11111111',NULL,'F','A','Sample Flash banner','http://www.qualityunit.com','2010-04-25 16:16:11','P468x60','http://prosperquest.com/pqima/accounts/default1/banners/sample_flash_banner.swf','Opaque','','',NULL,NULL,NULL,NULL,NULL,0,'',NULL),('11110004','default1','11111111',NULL,'H','A','Sample HTML banner 1','http://www.qualityunit.com','2010-04-25 16:16:11','U','N','<table width=\"100%\" border=\"0\" cellpadding=\"3\">\n            <tr>\n              <td align=\"left\" valign=\"top\"><img src=\"http://prosperquest.com/pqima/accounts/default1/banners/sample_html_banner_image.gif\" alt=\"\"/></td>\n              <td></td>\n              <td align=\"left\" valign=\"top\">\n                <b>Post Affiliate Pro</b><br/>\n\n                - a powerful affiliate management system that allows you to:<br/>\n                - easy set up and maintain your own affiliate program  <br/>\n                - pay your affiliates per lead per click per sale or %commission.<br/>\n                - multi-tier commissions: up to 10 tiers<br/>\n                - get more traffic for you website without additional costs<br/>\n                - increase sales<br/>\n                - already used by more than thousand merchants worldwide\n                <br/>\n              </td>\n              </tr>\n            <tr>\n              <td colspan=\"3\" align=\"left\">\n              Post Affiliate Pro offers you a vast spectrum of features and PRICE / FEATURES RATIO IS THE BEST you can find.\n              <br/>You also get FREE INSTALLATION, lifetime upgrades and fast and helpful support.<br/><br/>\n              <b>Post Affiliate Pro</b> is compatible with nearly all merchant accounts, payment gateways, shopping carts and\n              membership systems.\n              <br/>\n              <a style=\"color:red;\" href=\"{$targeturl}\">Click here to learn more</a>\n              </td>\n            </tr>\n           </table>','','',NULL,NULL,NULL,NULL,NULL,0,'',NULL),('11110005','default1','11111111',NULL,'E','A','Sample promotional email','http://www.qualityunit.com','2010-04-25 16:16:11','U','New generation affiliate software','Dear friend,<br><br>I would like to let you know about an affiliate software I recently found.<br>It is called Post Affiliate Pro.<br><br>Go to the link below learn more:<br><a href=\\\"{$targeturl}\\\">Post Affiliate Pro</a><br><br>best regards,<br><br>{$firstname} {$lastname}','','',NULL,NULL,NULL,NULL,NULL,0,'',NULL),('11110006','default1','11111111',NULL,'V','A','Sample Simple PDF book 1','http://www.qualityunit.com','2010-04-25 16:16:11','U','book1.pdf','<span style=\"font-weight: bold;\">Example Simple PDF book</span><br><br><img src=\"http://www.qualityunit.com/themes/site_themes/qu/pap/post_affiliate_pro_logo.gif\"><br><br>Dear {$firstname} {$lastname},<br><br>let me present you this book.<br><br><ol><li>list 1</li><li>list 2</li><li>list 3</li></ol>To find out more, click <a href=\"{$targeturl}\">here</a>.<br>','Sample SimplePDF book','',NULL,NULL,NULL,NULL,NULL,0,'',NULL),('0d627570','default1','11111111','','S','A','Atwec™ Replicated Website ','http://www.myprosperquest.com/pqima/sites/mypq/','2010-04-25 19:50:27','U','Dmypq','*.html, *.htm, *.php','','','','','','','',0,'Atwec™ Replicated Website ','');

--
-- Table structure for table `qu_pap_bannersinrotators`
--

CREATE TABLE `qu_pap_bannersinrotators` (
  `bannerinrotatorid` char(8) NOT NULL,
  `parentbannerid` char(8) DEFAULT NULL,
  `rotatedbannerid` char(8) DEFAULT NULL,
  `all_imps` int(11) DEFAULT '0',
  `uniq_imps` int(11) DEFAULT '0',
  `clicks` int(11) DEFAULT '0',
  `rank` float DEFAULT NULL,
  PRIMARY KEY (`bannerinrotatorid`),
  KEY `IDX_qu_pap_bannersinrotators_1` (`parentbannerid`),
  KEY `IDX_qu_pap_bannersinrotators_2` (`rotatedbannerid`)
) ENGINE=MyISAM DEFAULT CHARSET=utf8;

--
-- Dumping data for table `qu_pap_bannersinrotators`
--


--
-- Table structure for table `qu_pap_bannerwrappers`
--

CREATE TABLE `qu_pap_bannerwrappers` (
  `wrapperid` char(8) NOT NULL,
  `name` varchar(80) DEFAULT NULL,
  `code` longtext,
  PRIMARY KEY (`wrapperid`)
) ENGINE=MyISAM DEFAULT CHARSET=utf8;

--
-- Dumping data for table `qu_pap_bannerwrappers`
--

INSERT INTO `qu_pap_bannerwrappers` VALUES ('plain','##Plain##','{$html}'),('iframe','##Iframe##','<script language=\"javascript\">document.write(\"<iframe name=\'banner\' src=\'{$htmlcompleteurl}\'framespacing=\'0\' frameborder=\'no\' scrolling=\'no\' width=\'{$width}\'height=\'{$height}\' allowtransparency=\'true\'><a href=\'{$clickurl}\' target=\'_top\'>{$bannername}</a></iframe>\");\n</script>\n<noscript>\n<h2><a href=\"{$targeturl}\">{$bannername}</a></h2>\n</noscript>'),('popunder','##PopUnder##','<script language=\"javascript\">\n<!--\nif (typeof pap_o == \"undefined\") {var pap_o  = document.onmouseup;if (typeof pap_o == \"undefined\") pap_o = function(){return true;};function papSetC($Name,$Value,$EndH){var exdate=new Date();$EndH=exdate.getHours()+$EndH;exdate.setHours($EndH);document.cookie=$Name+ \"=\" +escape($Value)+(($EndH==null) ? \"\" : \";expires=\"+exdate.toGMTString()+\";path=/;\");}function papGetC($Name) {if (document.cookie.length>0){$Start=document.cookie.indexOf($Name + \"=\");if ($Start!=-1) {$Start=$Start + $Name.length+1;$End=document.cookie.indexOf(\";\",$Start);if ($End==-1) $End=document.cookie.length;return unescape(document.cookie.substring($Start,$End));}}return \"\";}}if (navigator.cookieEnabled && !papGetC(\"pap{$bannerid}\")) {papSetC(\"pap{$bannerid}\", 1, 12);var pap_o_{$bannerid} = document.onmouseup;if (typeof pap_o_{$bannerid}  ==\"undefined\") pap_o_{$bannerid}  = function(){return true;};var $na = \"$puw_{$bannerid}=window.open(\\\"{$htmlcompleteurl}\\\",\\\"_blank\\\",\\\"height={$height}, width={$width}, toolbar=no, location=no, directories=no, status=no, menubar=no, scrollbars=no, resizable=no, copyhistory=no\\\");if($puw_{$bannerid})$puw_{$bannerid}.blur();pap_o_{$bannerid}();document.onmouseup=\\\"pap_o();\\\"\";document.onmouseup=Function($na);}\n-->\n</script>'),('popup','##PopUp##','<script language=\"javascript\">\n<!--\nif (typeof pap_o == \"undefined\") {var pap_o  = document.onmouseup;if (typeof pap_o == \"undefined\") pap_o = function(){return true;};function papSetC($Name,$Value,$EndH){var exdate=new Date();$EndH=exdate.getHours()+$EndH;exdate.setHours($EndH);document.cookie=$Name+ \"=\" +escape($Value)+(($EndH==null) ? \"\" : \";expires=\"+exdate.toGMTString()+\";path=/;\");}function papGetC($Name) {if (document.cookie.length>0){$Start=document.cookie.indexOf($Name + \"=\");if ($Start!=-1) {$Start=$Start + $Name.length+1;$End=document.cookie.indexOf(\";\",$Start);if ($End==-1) $End=document.cookie.length;return unescape(document.cookie.substring($Start,$End));}}return \"\";}}if (navigator.cookieEnabled && !papGetC(\"pap{$bannerid}\")) {papSetC(\"pap{$bannerid}\", 1, 12);var pap_o_{$bannerid} = document.onmouseup;if (typeof pap_o_{$bannerid}  ==\"undefined\") pap_o_{$bannerid}  = function(){return true;};var $na = \"$puw_{$bannerid}=window.open(\\\"{$htmlcompleteurl}\\\",\\\"_blank\\\",\\\"height={$height}, width={$width}, toolbar=no, location=no, directories=no, status=no, menubar=no, scrollbars=no, resizable=no, copyhistory=no\\\");pap_o_{$bannerid}();document.onmouseup=\\\"pap_o();\\\"\";document.onmouseup=Function($na);}\n-->\n</script>');

--
-- Table structure for table `qu_pap_cachedbanners`
--

CREATE TABLE `qu_pap_cachedbanners` (
  `cachedbannerid` int(11) NOT NULL AUTO_INCREMENT,
  `userid` char(8) DEFAULT NULL,
  `bannerid` char(8) DEFAULT NULL,
  `parentbannerid` char(8) DEFAULT NULL,
  `channel` char(10) DEFAULT NULL,
  `wrapper` varchar(8) DEFAULT NULL,
  `headers` longtext,
  `code` longtext,
  `rank` float DEFAULT '100',
  PRIMARY KEY (`cachedbannerid`),
  KEY `IDX_cachedbanners` (`bannerid`,`userid`,`wrapper`,`channel`,`parentbannerid`),
  KEY `IDX_cachedbannersuserid` (`userid`)
) ENGINE=MyISAM DEFAULT CHARSET=utf8;

--
-- Dumping data for table `qu_pap_cachedbanners`
--


--
-- Table structure for table `qu_pap_campaignattributes`
--

CREATE TABLE `qu_pap_campaignattributes` (
  `attributeid` char(8) NOT NULL,
  `campaignid` char(8) DEFAULT NULL,
  `name` varchar(40) DEFAULT NULL,
  `value` text,
  PRIMARY KEY (`attributeid`),
  KEY `qu_pap_campaigns_qu_pap_campaignattributes` (`campaignid`)
) ENGINE=MyISAM DEFAULT CHARSET=utf8;

--
-- Dumping data for table `qu_pap_campaignattributes`
--


--
-- Table structure for table `qu_pap_campaigns`
--

CREATE TABLE `qu_pap_campaigns` (
  `campaignid` char(8) NOT NULL,
  `accountid` char(8) DEFAULT NULL,
  `rtype` char(1) NOT NULL COMMENT 'campaign type:  P - public - visible to all, M - public with manual approval, I - visible only for invioted affiliates',
  `rstatus` char(1) NOT NULL COMMENT 'campaign status: A - active, S - stopped/disabled, invisible to affiliates, W - stopped, visible to affiliates as stoped, D - deleted, T - active for daterange, L - active until X results delivered',
  `name` varchar(100) NOT NULL,
  `description` text,
  `dateinserted` datetime NOT NULL,
  `rorder` int(11) NOT NULL DEFAULT '0' COMMENT 'order of displaying campaigns in affiliate panel',
  `networkstatus` char(1) NOT NULL DEFAULT 'I' COMMENT 'status in network - visible/invidible',
  `logourl` varchar(255) DEFAULT NULL,
  `productid` longtext,
  `discontinueurl` varchar(255) DEFAULT NULL,
  `validfrom` datetime DEFAULT NULL COMMENT 'only for rstatus = T',
  `validto` datetime DEFAULT NULL COMMENT 'only for rstatus = T',
  `validnumber` int(10) unsigned DEFAULT NULL COMMENT 'only for rstatus = L',
  `validtype` char(1) DEFAULT NULL COMMENT 'type of transactions for validity: C - clicks, S - sales, L - leads',
  `cookielifetime` smallint(5) unsigned NOT NULL DEFAULT '0',
  `overwritecookie` char(1) NOT NULL DEFAULT 'N' COMMENT 'Y - overwrite N - not overwrite',
  `countries` text COMMENT 'allowed countries for Geo IP',
  `geocampaigndisplay` char(1) DEFAULT 'N' COMMENT 'if Y, then it will not display campaign to affiliates from country other than allowed',
  `geobannersshow` char(1) DEFAULT 'N' COMMENT 'if Y, then it will not display banners on sites from country other than allowed',
  `geotransregister` char(1) DEFAULT 'N' COMMENT 'if Y, then it will not register imp/click/sale/lead transactions from country other than allowed',
  PRIMARY KEY (`campaignid`),
  KEY `fk_qu_pap_campaigns_qu_g_accounts1` (`accountid`)
) ENGINE=MyISAM DEFAULT CHARSET=utf8;

--
-- Dumping data for table `qu_pap_campaigns`
--

INSERT INTO `qu_pap_campaigns` VALUES ('11111111','default1','P','S','First campaign','','2010-05-18 04:28:02',0,'I','','','',NULL,NULL,NULL,'',0,'D','','N','N','N'),('a0ed500c','default1','P','A','Atwec™ Memberships (mp)','Atwec™ Membership Campaign <br>','2011-04-25 12:14:35',0,'I','../accounts/default1/files/logo.png','','',NULL,NULL,NULL,'',0,'D','','N','N','N'),('38e5bc4f','default1','P','A','Atwec Affiliate Drive','I wanted to make you aware of an exciting opportunity in Atwec Safety\n Technologies . This is an exciting and easy way to earn additional \nincome on a product used by everyone, Children Safety. We help people, \ncompanies save lives, money and earn money by asking three simple \nquestions: <br> <br> Do you have Children and care about their future?<br> Would you like to participate in securing their future?<br> Would you like to profit from protecting your children?<br> <br> <br> Please review my website and then call me with any questions you may have.<br> <br>\nYou can see for yourself by going&nbsp;to this link <a href=\"https://www.atwecsafetytechnologies.com/\">https://www.atwecsafetytechnologies.com</a><span style=\"text-decoration: underline;\"> </span>','2011-04-27 13:56:38',0,'I','../accounts/default1/files/logo-2.png','AFFILIATESTART001','',NULL,NULL,NULL,'',0,'D','','N','N','N');

--
-- Table structure for table `qu_pap_channels`
--

CREATE TABLE `qu_pap_channels` (
  `channelid` varchar(8) NOT NULL,
  `userid` varchar(8) DEFAULT NULL,
  `name` varchar(255) DEFAULT NULL,
  `channel` varchar(10) DEFAULT NULL,
  PRIMARY KEY (`channelid`),
  KEY `IDX_qu_pap_channels_1` (`userid`)
) ENGINE=MyISAM DEFAULT CHARSET=utf8;

--
-- Dumping data for table `qu_pap_channels`
--

INSERT INTO `qu_pap_channels` VALUES ('23beba01','10030','Channel name','code1');

--
-- Table structure for table `qu_pap_clicks`
--

CREATE TABLE `qu_pap_clicks` (
  `clickid` int(10) unsigned NOT NULL AUTO_INCREMENT,
  `accountid` char(8) NOT NULL,
  `userid` char(8) DEFAULT NULL,
  `campaignid` char(8) DEFAULT NULL,
  `bannerid` char(8) DEFAULT NULL,
  `parentbannerid` varchar(8) DEFAULT NULL,
  `countrycode` varchar(2) DEFAULT NULL,
  `cdata1` varchar(255) DEFAULT NULL,
  `cdata2` varchar(255) DEFAULT NULL,
  `channel` varchar(10) DEFAULT NULL,
  `dateinserted` datetime DEFAULT NULL,
  `raw` int(10) unsigned DEFAULT '0',
  `uniq` int(10) unsigned DEFAULT '0',
  `declined` int(10) unsigned DEFAULT '0',
  PRIMARY KEY (`clickid`),
  KEY `IDX_qu_pap_dailyclicks_1` (`userid`,`campaignid`,`bannerid`,`dateinserted`),
  KEY `IDX_qu_pap_dailyclicks_2` (`campaignid`),
  KEY `IDX_qu_pap_dailyclicks_3` (`bannerid`),
  KEY `IDX_qu_pap_dailyclicks_4` (`parentbannerid`),
  KEY `fk_qu_pap_clicks_qu_g_accounts1` (`accountid`)
) ENGINE=MyISAM AUTO_INCREMENT=275 DEFAULT CHARSET=utf8;

--
-- Dumping data for table `qu_pap_clicks`
--

INSERT INTO `qu_pap_clicks` VALUES (19,'default1','10273','11111111','0d627570','','','','','','2010-05-14 06:00:00',3,1,0),(15,'default1','10273','11111111','0d627570','','','','','','2010-05-13 10:00:00',2,1,0),(53,'default1','11111111','11111111','11110001','','','','','','2010-05-15 21:00:00',2,2,0),(55,'default1','11111111','11111111','11110001','','','','','','2010-05-16 06:00:00',2,2,0),(57,'default1','10272','11111111','0d627570','','','','','','2010-05-16 11:00:00',1,0,0),(274,'default1','11111111','a0ed500c','0d627570','','','','','','2011-04-30 09:00:00',1,1,0);

--
-- Table structure for table `qu_pap_commissiongroups`
--

CREATE TABLE `qu_pap_commissiongroups` (
  `commissiongroupid` char(8) NOT NULL,
  `isdefault` char(40) NOT NULL DEFAULT 'N' COMMENT 'Y - Yes N - No',
  `name` varchar(60) NOT NULL,
  `campaignid` char(8) DEFAULT NULL,
  `cookielifetime` smallint(6) NOT NULL DEFAULT '-1' COMMENT '-1 - same as campaign',
  PRIMARY KEY (`commissiongroupid`),
  KEY `IDX_qu_pap_commissiongroups_1` (`campaignid`)
) ENGINE=MyISAM DEFAULT CHARSET=utf8;

--
-- Dumping data for table `qu_pap_commissiongroups`
--

INSERT INTO `qu_pap_commissiongroups` VALUES ('97424b44','Y','Default commission group','11111111',-1),('7410122d','Y','Default commission group','a0ed500c',-1),('90597bf1','Y','Default commission group','38e5bc4f',-1);

--
-- Table structure for table `qu_pap_commissions`
--

CREATE TABLE `qu_pap_commissions` (
  `commissionid` char(8) NOT NULL,
  `tier` int(10) unsigned NOT NULL DEFAULT '0',
  `subtype` char(1) NOT NULL COMMENT 'sub type of commission: N - normal R - recurring S - sub sales D - sub sales recurring',
  `commissiontype` char(1) NOT NULL COMMENT '$ or %',
  `commissionvalue` float NOT NULL,
  `commissiongroupid` char(8) DEFAULT NULL,
  `commtypeid` char(8) DEFAULT NULL,
  PRIMARY KEY (`commissionid`),
  KEY `IDX_qu_pap_commissions_1` (`commissiongroupid`),
  KEY `IDX_qu_pap_commissions_2` (`commtypeid`)
) ENGINE=MyISAM DEFAULT CHARSET=utf8 COMMENT='this table is to hold commission numbers, like 33%, etc.';

--
-- Dumping data for table `qu_pap_commissions`
--

INSERT INTO `qu_pap_commissions` VALUES ('76dd0373',1,'N','$',0.5,'97424b44','3f444a40'),('f3289f4b',1,'N','%',30,'97424b44','8d060344'),('52d99d7f',2,'N','%',10,'97424b44','8d060344'),('b3e3dfdb',1,'N','$',1,'7410122d','cf0b5f52'),('046c8dec',1,'N','$',0.01,'7410122d','daeee0dd');

--
-- Table structure for table `qu_pap_commissiontypeattributes`
--

CREATE TABLE `qu_pap_commissiontypeattributes` (
  `attributeid` char(8) NOT NULL,
  `commtypeid` char(8) DEFAULT NULL,
  `name` varchar(40) DEFAULT NULL,
  `value` text,
  PRIMARY KEY (`attributeid`),
  KEY `qu_pap_commissiontypes_qu_pap_commissiontypeattributes` (`commtypeid`)
) ENGINE=MyISAM DEFAULT CHARSET=utf8;

--
-- Dumping data for table `qu_pap_commissiontypeattributes`
--


--
-- Table structure for table `qu_pap_commissiontypes`
--

CREATE TABLE `qu_pap_commissiontypes` (
  `commtypeid` char(8) NOT NULL,
  `rtype` char(1) NOT NULL COMMENT 'I - CPM C - per click S - per sale L - per lead A - per action',
  `rstatus` char(1) NOT NULL COMMENT 'status: E - enabled D - disabled',
  `name` varchar(40) DEFAULT NULL,
  `approval` char(1) DEFAULT NULL COMMENT 'transactions approval: M - manual A - automatic',
  `code` varchar(20) DEFAULT NULL COMMENT 'tracking code for sub tracking this campaign (Product ID)',
  `zeroorderscommission` char(1) DEFAULT NULL COMMENT 'commissions on zero orders Y or N',
  `fixedcosttype` char(1) DEFAULT NULL,
  `fixedcostvalue` float DEFAULT NULL,
  `recurrencepresetid` char(8) DEFAULT NULL,
  `campaignid` char(8) DEFAULT NULL,
  `countrycodes` text,
  `parentcommtypeid` varchar(8) DEFAULT NULL,
  `savezerocommission` char(1) DEFAULT 'Y',
  PRIMARY KEY (`commtypeid`),
  KEY `IDX_qu_pap_commissiontypes_1` (`campaignid`),
  KEY `IDX_qu_pap_commissiontypes_2` (`recurrencepresetid`)
) ENGINE=MyISAM DEFAULT CHARSET=utf8 COMMENT='this table is for commission types within campaign';

--
-- Dumping data for table `qu_pap_commissiontypes`
--

INSERT INTO `qu_pap_commissiontypes` VALUES ('3f444a40','C','E',NULL,'A',NULL,'N',NULL,NULL,'','11111111',NULL,NULL,'Y'),('8d060344','S','E',NULL,'A',NULL,'N',NULL,NULL,'','11111111',NULL,NULL,'Y'),('19774d0e','F','E',NULL,'A',NULL,'N',NULL,NULL,NULL,NULL,NULL,NULL,'Y'),('daeee0dd','C','D','','M','','','',NULL,'','a0ed500c','','',''),('cf0b5f52','S','E','','M','','Y','$',1,'','a0ed500c','','','Y'),('be7dbfaa','C','E',NULL,'A',NULL,'N',NULL,NULL,'','38e5bc4f',NULL,NULL,'N'),('092233e7','S','E',NULL,'A',NULL,'N',NULL,NULL,'','38e5bc4f',NULL,NULL,'N');

--
-- Table structure for table `qu_pap_coupons`
--

CREATE TABLE `qu_pap_coupons` (
  `couponid` char(8) NOT NULL,
  `userid` char(8) DEFAULT NULL,
  `bannerid` char(8) DEFAULT NULL,
  `couponcode` varchar(100) DEFAULT NULL,
  `rstatus` char(1) DEFAULT NULL,
  `validfrom` datetime DEFAULT NULL,
  `validto` datetime DEFAULT NULL,
  `maxusecount` int(11) DEFAULT NULL,
  PRIMARY KEY (`couponid`),
  KEY `qu_pap_users_qu_pap_coupons` (`userid`),
  KEY `qu_pap_banners_qu_pap_coupons` (`bannerid`)
) ENGINE=MyISAM DEFAULT CHARSET=utf8;

--
-- Dumping data for table `qu_pap_coupons`
--


--
-- Table structure for table `qu_pap_cpmcommissions`
--

CREATE TABLE `qu_pap_cpmcommissions` (
  `userid` char(8) NOT NULL,
  `bannerid` char(8) NOT NULL,
  `count` int(11) DEFAULT NULL COMMENT 'Number of impressions per user and banner. When count = 1000 transaction with CPM commission is created and count is set back to 0.',
  PRIMARY KEY (`userid`,`bannerid`),
  KEY `IDX_qu_pap_cpmcommissions_1` (`userid`),
  KEY `IDX_qu_pap_cpmcommissions_2` (`bannerid`)
) ENGINE=MyISAM DEFAULT CHARSET=utf8;

--
-- Dumping data for table `qu_pap_cpmcommissions`
--


--
-- Table structure for table `qu_pap_directlinkurls`
--

CREATE TABLE `qu_pap_directlinkurls` (
  `directlinkurlid` char(8) NOT NULL,
  `userid` char(8) DEFAULT NULL,
  `url` varchar(255) DEFAULT NULL COMMENT 'must be unique',
  `rstatus` char(1) DEFAULT NULL COMMENT 'A - approved D - declined P - pending',
  `note` text,
  `channelid` varchar(8) DEFAULT NULL,
  `campaignid` char(8) DEFAULT NULL,
  `bannerid` char(8) DEFAULT NULL,
  `matches` int(10) unsigned zerofill DEFAULT '0000000000',
  PRIMARY KEY (`directlinkurlid`),
  KEY `IDX_qu_pap_directlinkurls_1` (`userid`),
  KEY `IDX_qu_pap_directlinkurls_2` (`channelid`),
  KEY `IDX_qu_pap_directlinkurls_3` (`campaignid`),
  KEY `IDX_qu_pap_directlinkurls_4` (`bannerid`)
) ENGINE=MyISAM DEFAULT CHARSET=utf8;

--
-- Dumping data for table `qu_pap_directlinkurls`
--


--
-- Table structure for table `qu_pap_impressions`
--

CREATE TABLE `qu_pap_impressions` (
  `impressionid` int(10) unsigned NOT NULL AUTO_INCREMENT,
  `accountid` char(8) NOT NULL,
  `userid` char(8) DEFAULT NULL,
  `campaignid` char(8) DEFAULT NULL,
  `bannerid` char(8) DEFAULT NULL,
  `parentbannerid` varchar(8) DEFAULT NULL,
  `countrycode` varchar(2) DEFAULT NULL,
  `cdata1` varchar(255) DEFAULT NULL,
  `cdata2` varchar(255) DEFAULT NULL,
  `channel` varchar(10) DEFAULT NULL,
  `dateinserted` datetime DEFAULT NULL,
  `raw` int(10) unsigned DEFAULT '0' COMMENT 'raw clicks from 0:00 to 1:00',
  `uniq` int(10) unsigned DEFAULT '0',
  PRIMARY KEY (`impressionid`),
  KEY `IDX_qu_pap_dailyimpressions_1` (`userid`,`campaignid`,`bannerid`,`dateinserted`),
  KEY `IDX_qu_pap_dailyimpressions_2` (`campaignid`),
  KEY `IDX_qu_pap_dailyimpressions_3` (`bannerid`),
  KEY `IDX_qu_pap_dailyimpressions_4` (`parentbannerid`),
  KEY `fk_qu_pap_impressions_qu_g_accounts1` (`accountid`)
) ENGINE=MyISAM AUTO_INCREMENT=7 DEFAULT CHARSET=utf8;

--
-- Dumping data for table `qu_pap_impressions`
--

INSERT INTO `qu_pap_impressions` VALUES (4,'default1','11111111','11111111','11110001','','','','','','2010-05-17 11:00:00',4,4),(3,'default1','11111111','11111111','11110002','','','','','','2010-05-17 11:00:00',4,4),(5,'default1','11111111','11111111','11110002','','','','','','2011-04-26 16:00:00',5,5),(6,'default1','11111111','11111111','11110001','','','','','','2011-04-26 16:00:00',5,5);

--
-- Table structure for table `qu_pap_impressions0`
--

CREATE TABLE `qu_pap_impressions0` (
  `impressionid` int(11) NOT NULL AUTO_INCREMENT,
  `date` datetime DEFAULT NULL,
  `rtype` char(1) DEFAULT NULL,
  `userid` varchar(128) DEFAULT NULL,
  `bannerid` char(8) DEFAULT NULL,
  `parentbannerid` char(8) DEFAULT NULL,
  `channel` varchar(10) DEFAULT NULL,
  `data1` varchar(255) DEFAULT NULL,
  `data2` varchar(255) DEFAULT NULL,
  `ip` char(39) DEFAULT NULL,
  PRIMARY KEY (`impressionid`)
) ENGINE=MyISAM DEFAULT CHARSET=utf8;

--
-- Dumping data for table `qu_pap_impressions0`
--


--
-- Table structure for table `qu_pap_impressions1`
--

CREATE TABLE `qu_pap_impressions1` (
  `impressionid` int(11) NOT NULL AUTO_INCREMENT,
  `date` datetime DEFAULT NULL,
  `rtype` char(1) DEFAULT NULL,
  `userid` varchar(128) DEFAULT NULL,
  `bannerid` char(8) DEFAULT NULL,
  `parentbannerid` char(8) DEFAULT NULL,
  `channel` varchar(10) DEFAULT NULL,
  `data1` varchar(255) DEFAULT NULL,
  `data2` varchar(255) DEFAULT NULL,
  `ip` char(39) DEFAULT NULL,
  PRIMARY KEY (`impressionid`)
) ENGINE=MyISAM DEFAULT CHARSET=utf8;

--
-- Dumping data for table `qu_pap_impressions1`
--


--
-- Table structure for table `qu_pap_impressions2`
--

CREATE TABLE `qu_pap_impressions2` (
  `impressionid` int(11) NOT NULL AUTO_INCREMENT,
  `date` datetime DEFAULT NULL,
  `rtype` char(1) DEFAULT NULL,
  `userid` varchar(128) DEFAULT NULL,
  `bannerid` char(8) DEFAULT NULL,
  `parentbannerid` char(8) DEFAULT NULL,
  `channel` varchar(10) DEFAULT NULL,
  `data1` varchar(255) DEFAULT NULL,
  `data2` varchar(255) DEFAULT NULL,
  `ip` char(39) DEFAULT NULL,
  PRIMARY KEY (`impressionid`)
) ENGINE=MyISAM DEFAULT CHARSET=utf8;

--
-- Dumping data for table `qu_pap_impressions2`
--


--
-- Table structure for table `qu_pap_invoices`
--

CREATE TABLE `qu_pap_invoices` (
  `invoiceid` char(8) NOT NULL,
  `accountid` char(8) NOT NULL,
  `datecreated` datetime DEFAULT NULL,
  `duedate` datetime DEFAULT NULL,
  `datefrom` datetime DEFAULT NULL,
  `dateto` datetime DEFAULT NULL,
  `rstatus` char(1) DEFAULT NULL COMMENT 'U - unpaid\nP - paid',
  `number` varchar(40) DEFAULT NULL,
  `amount` float DEFAULT NULL,
  `merchantnote` longtext,
  `systemnote` longtext,
  `proformatext` longtext,
  `invoicetext` longtext,
  `datepaid` datetime DEFAULT NULL,
  PRIMARY KEY (`invoiceid`),
  KEY `fk_qu_pap_invoices_qu_g_accounts1` (`accountid`)
) ENGINE=MyISAM DEFAULT CHARSET=utf8;

--
-- Dumping data for table `qu_pap_invoices`
--


--
-- Table structure for table `qu_pap_lifetime_referrals`
--

CREATE TABLE `qu_pap_lifetime_referrals` (
  `liferefid` char(8) NOT NULL,
  `userid` char(8) NOT NULL,
  `identifier` varchar(60) NOT NULL,
  PRIMARY KEY (`liferefid`),
  KEY `IDX_qu_pap_lifetime_referrals_1` (`userid`),
  KEY `IDX_qu_pap_lifetime_referrals_2` (`identifier`)
) ENGINE=MyISAM DEFAULT CHARSET=utf8;

--
-- Dumping data for table `qu_pap_lifetime_referrals`
--


--
-- Table structure for table `qu_pap_payout`
--

CREATE TABLE `qu_pap_payout` (
  `payoutid` char(8) NOT NULL,
  `userid` char(8) DEFAULT NULL,
  `payouthistoryid` char(8) DEFAULT NULL,
  `affiliatenote` text,
  `amount` float DEFAULT NULL,
  `currencyid` char(8) DEFAULT NULL,
  `invoice` text COMMENT 'generated invoice for payment',
  `invoicenumber` int(11) DEFAULT '0',
  PRIMARY KEY (`payoutid`),
  KEY `IDX_qu_pap_payout_1` (`userid`),
  KEY `IDX_qu_pap_payout_2` (`payouthistoryid`)
) ENGINE=MyISAM DEFAULT CHARSET=utf8;

--
-- Dumping data for table `qu_pap_payout`
--


--
-- Table structure for table `qu_pap_payouthistory`
--

CREATE TABLE `qu_pap_payouthistory` (
  `payouthistoryid` char(8) NOT NULL,
  `dateinserted` datetime DEFAULT NULL,
  `merchantnote` text,
  `affiliatenote` text,
  `datefrom` datetime DEFAULT NULL COMMENT 'transactions from',
  `dateto` datetime DEFAULT NULL COMMENT 'transactions to',
  `exportfile` varchar(200) DEFAULT NULL COMMENT 'file with export data',
  `accountid` char(8) NOT NULL,
  PRIMARY KEY (`payouthistoryid`)
) ENGINE=MyISAM DEFAULT CHARSET=utf8;

--
-- Dumping data for table `qu_pap_payouthistory`
--


--
-- Table structure for table `qu_pap_rawclicks`
--

CREATE TABLE `qu_pap_rawclicks` (
  `clickid` int(10) unsigned NOT NULL AUTO_INCREMENT,
  `userid` char(8) DEFAULT NULL,
  `bannerid` char(8) DEFAULT NULL,
  `campaignid` char(8) DEFAULT NULL,
  `parentbannerid` varchar(8) DEFAULT NULL,
  `countrycode` varchar(2) DEFAULT NULL,
  `rtype` char(1) DEFAULT NULL COMMENT 'R - raw (repeating clicks from same user during some period) U - unique (first click) D - declined (click declined by fraud protection)',
  `datetime` datetime DEFAULT NULL,
  `refererurl` varchar(250) DEFAULT NULL,
  `ip` varchar(39) DEFAULT NULL,
  `browser` varchar(6) DEFAULT NULL,
  `cdata1` varchar(255) DEFAULT NULL,
  `cdata2` varchar(255) DEFAULT NULL,
  `channel` varchar(10) DEFAULT NULL,
  `rstatus` char(1) DEFAULT NULL COMMENT 'processing status. null - not processed P - processed',
  PRIMARY KEY (`clickid`),
  KEY `IDX_qu_pap_rawclicks_1` (`userid`),
  KEY `IDX_qu_pap_rawclicks_2` (`parentbannerid`),
  KEY `IDX_qu_pap_rawclicks_3` (`campaignid`),
  KEY `IDX_qu_pap_rawclicks_4` (`bannerid`),
  KEY `IDX_qu_pap_rawclicks_5` (`ip`)
) ENGINE=MyISAM AUTO_INCREMENT=541 DEFAULT CHARSET=utf8;

--
-- Dumping data for table `qu_pap_rawclicks`
--

INSERT INTO `qu_pap_rawclicks` VALUES (540,'11111111','0d627570','a0ed500c','','','U','2011-04-30 09:09:21','http://www.myprosperquest.com/pqima/merchants/index.php','69.35.243.60','e2f705','','','','P');

--
-- Table structure for table `qu_pap_recurringcommissionentries`
--

CREATE TABLE `qu_pap_recurringcommissionentries` (
  `recurringcommissionentryid` char(8) NOT NULL,
  `recurringcommissionid` char(8) DEFAULT NULL,
  `userid` char(8) DEFAULT NULL,
  `tier` int(11) DEFAULT NULL,
  `commission` float DEFAULT NULL,
  PRIMARY KEY (`recurringcommissionentryid`),
  KEY `IDX_qu_pap_recurringcommissionentries_1` (`recurringcommissionid`),
  KEY `IDX_qu_pap_recurringcommissionentries_2` (`userid`)
) ENGINE=MyISAM DEFAULT CHARSET=utf8;

--
-- Dumping data for table `qu_pap_recurringcommissionentries`
--


--
-- Table structure for table `qu_pap_recurringcommissions`
--

CREATE TABLE `qu_pap_recurringcommissions` (
  `recurringcommissionid` char(8) NOT NULL,
  `transid` char(8) DEFAULT NULL,
  `recurrencepresetid` char(8) DEFAULT NULL,
  `commtypeid` char(8) DEFAULT NULL,
  `rstatus` char(1) DEFAULT NULL COMMENT 'A P D',
  `lastcommissiondate` datetime DEFAULT NULL,
  PRIMARY KEY (`recurringcommissionid`),
  KEY `IDX_qu_pap_recurringcommissions_1` (`transid`),
  KEY `IDX_qu_pap_recurringcommissions_2` (`recurrencepresetid`),
  KEY `IDX_qu_pap_recurringcommissions_3` (`commtypeid`)
) ENGINE=MyISAM DEFAULT CHARSET=utf8;

--
-- Dumping data for table `qu_pap_recurringcommissions`
--


--
-- Table structure for table `qu_pap_rules`
--

CREATE TABLE `qu_pap_rules` (
  `ruleid` int(11) NOT NULL AUTO_INCREMENT,
  `campaignid` char(8) NOT NULL,
  `what` varchar(1) NOT NULL COMMENT 'S - number of sales C - value of commissions T- value of total cost',
  `status` varchar(1) NOT NULL COMMENT 'A - Approved P - Pending D - Declined O - Approved or Pending',
  `date` varchar(3) NOT NULL COMMENT 'AM - Actual month AY - Actual year AUC - All unpaid commissions LW - Last week LTW - Last two weeks LM - Last month AT - All time SD - Since day of last month',
  `since` int(11) DEFAULT NULL,
  `equation` varchar(1) NOT NULL COMMENT 'L - lower than H - higher than B - between E - equal to',
  `equationvalue1` float NOT NULL,
  `equationvalue2` float DEFAULT NULL,
  `action` varchar(3) NOT NULL COMMENT 'CG - put affiliate into commission group CGR - put affiliate into commission group (retroactively) BC - add bonus commission',
  `commissiongroupid` varchar(8) DEFAULT NULL,
  `bonustype` varchar(1) DEFAULT NULL COMMENT '$ %',
  `bonusvalue` float DEFAULT NULL,
  PRIMARY KEY (`ruleid`),
  KEY `IDX_qu_pap_rules_1` (`commissiongroupid`),
  KEY `IDX_qu_pap_rules_2` (`campaignid`)
) ENGINE=MyISAM DEFAULT CHARSET=utf8;

--
-- Dumping data for table `qu_pap_rules`
--


--
-- Table structure for table `qu_pap_transactions`
--

CREATE TABLE `qu_pap_transactions` (
  `transid` char(8) NOT NULL,
  `accountid` char(8) NOT NULL,
  `userid` char(8) DEFAULT NULL,
  `bannerid` char(8) DEFAULT NULL,
  `parentbannerid` varchar(8) DEFAULT NULL,
  `campaignid` char(8) DEFAULT NULL,
  `countrycode` varchar(2) DEFAULT NULL,
  `parenttransid` char(8) DEFAULT NULL,
  `rstatus` char(1) DEFAULT NULL COMMENT 'A - approved P - pending D - declined',
  `rtype` char(1) DEFAULT NULL COMMENT 'S - sale B - signup bonus R - refund C - click I - CPM E - Extra bonus',
  `dateinserted` datetime DEFAULT NULL,
  `dateapproved` datetime DEFAULT NULL,
  `payoutstatus` char(40) NOT NULL DEFAULT 'U' COMMENT 'NULL or U - unpaid P - paid',
  `refererurl` text,
  `ip` char(39) DEFAULT NULL,
  `browser` varchar(6) DEFAULT NULL,
  `commission` float DEFAULT NULL,
  `split` float NOT NULL DEFAULT '1',
  `recurringcommid` char(8) DEFAULT NULL,
  `clickcount` int(10) unsigned DEFAULT NULL,
  `firstclicktime` datetime DEFAULT NULL,
  `firstclickreferer` text,
  `firstclickip` varchar(39) DEFAULT NULL,
  `firstclickdata1` varchar(255) DEFAULT NULL,
  `firstclickdata2` varchar(255) DEFAULT NULL,
  `lastclicktime` datetime DEFAULT NULL,
  `lastclickreferer` text,
  `lastclickip` varchar(39) DEFAULT NULL,
  `lastclickdata1` varchar(255) DEFAULT NULL,
  `lastclickdata2` varchar(255) DEFAULT NULL,
  `trackmethod` char(1) DEFAULT 'U',
  `orderid` varchar(60) DEFAULT NULL,
  `productid` varchar(60) DEFAULT NULL,
  `totalcost` float DEFAULT NULL,
  `fixedcost` float DEFAULT NULL,
  `data1` varchar(255) DEFAULT NULL,
  `data2` varchar(255) DEFAULT NULL,
  `data3` varchar(255) DEFAULT NULL,
  `data4` varchar(255) DEFAULT NULL,
  `data5` varchar(255) DEFAULT NULL,
  `systemnote` varchar(250) DEFAULT NULL COMMENT 'note from system',
  `merchantnote` varchar(250) DEFAULT NULL COMMENT 'note from merchant',
  `originalcurrencyid` char(8) DEFAULT NULL,
  `originalcurrencyvalue` float DEFAULT NULL,
  `originalcurrencyrate` float DEFAULT NULL,
  `tier` tinyint(3) unsigned NOT NULL DEFAULT '1' COMMENT 'transaction tier',
  `commtypeid` char(8) DEFAULT NULL,
  `payouthistoryid` char(8) DEFAULT NULL,
  `channel` varchar(10) NOT NULL DEFAULT '',
  `couponid` char(8) DEFAULT NULL,
  `visitorid` char(32) DEFAULT NULL,
  `saleid` char(8) DEFAULT NULL,
  `loggroupid` varchar(16) DEFAULT NULL,
  PRIMARY KEY (`transid`),
  KEY `IDX_qu_pap_transactions_1` (`userid`),
  KEY `IDX_qu_pap_transactions_2` (`bannerid`),
  KEY `IDX_qu_pap_transactions_3` (`campaignid`),
  KEY `IDX_qu_pap_transactions_4` (`parentbannerid`),
  KEY `IDX_qu_pap_transactions_5` (`parenttransid`),
  KEY `IDX_qu_pap_transactions_6` (`commtypeid`),
  KEY `IDX_qu_pap_transactions_7` (`payouthistoryid`),
  KEY `qu_pap_coupons_qu_pap_transactions` (`couponid`),
  KEY `fk_qu_pap_transactions_qu_g_accounts1` (`accountid`)
) ENGINE=MyISAM DEFAULT CHARSET=utf8;

--
-- Dumping data for table `qu_pap_transactions`
--


--
-- Table structure for table `qu_pap_userincommissiongroup`
--

CREATE TABLE `qu_pap_userincommissiongroup` (
  `usercommgroupid` char(8) NOT NULL,
  `userid` char(8) DEFAULT NULL,
  `commissiongroupid` char(8) DEFAULT NULL,
  `rstatus` char(1) NOT NULL,
  `note` text,
  `dateadded` datetime DEFAULT NULL,
  PRIMARY KEY (`usercommgroupid`),
  KEY `IDX_qu_pap_userincommissiongroup_1` (`userid`),
  KEY `IDX_qu_pap_userincommissiongroup_2` (`commissiongroupid`)
) ENGINE=MyISAM DEFAULT CHARSET=utf8;

--
-- Dumping data for table `qu_pap_userincommissiongroup`
--


--
-- Table structure for table `qu_pap_userpayoutoptions`
--

CREATE TABLE `qu_pap_userpayoutoptions` (
  `userid` char(8) NOT NULL,
  `formfieldid` int(10) unsigned NOT NULL,
  `value` text,
  PRIMARY KEY (`userid`,`formfieldid`),
  KEY `IDX_qu_pap_userpayoutoptions_1` (`userid`),
  KEY `IDX_qu_pap_userpayoutoptions_2` (`formfieldid`)
) ENGINE=MyISAM DEFAULT CHARSET=utf8;

--
-- Dumping data for table `qu_pap_userpayoutoptions`
--


--
-- Table structure for table `qu_pap_users`
--

CREATE TABLE `qu_pap_users` (
  `userid` char(8) NOT NULL,
  `accountuserid` char(8) NOT NULL,
  `parentuserid` char(8) DEFAULT NULL,
  `refid` varchar(128) NOT NULL,
  `numberuserid` int(11) DEFAULT NULL,
  `rtype` char(1) DEFAULT NULL COMMENT 'A-affiliate M-merchant S-superadmin',
  `dateinserted` datetime DEFAULT NULL,
  `dateapproved` datetime DEFAULT NULL,
  `deleted` char(1) DEFAULT NULL,
  `minimumpayout` varchar(20) NOT NULL DEFAULT '300',
  `note` text,
  `photo` varchar(255) DEFAULT NULL,
  `payoutoptionid` varchar(8) DEFAULT NULL,
  `data1` varchar(255) DEFAULT NULL,
  `data2` varchar(255) DEFAULT NULL,
  `data3` varchar(255) DEFAULT NULL,
  `data4` varchar(255) DEFAULT NULL,
  `data5` varchar(255) DEFAULT NULL,
  `data6` varchar(255) DEFAULT NULL,
  `data7` varchar(255) DEFAULT NULL,
  `data8` varchar(255) DEFAULT NULL,
  `data9` varchar(255) DEFAULT NULL,
  `data10` varchar(255) DEFAULT NULL,
  `data11` varchar(255) DEFAULT NULL,
  `data12` varchar(255) DEFAULT NULL,
  `data13` varchar(255) DEFAULT NULL,
  `data14` varchar(255) DEFAULT NULL,
  `data15` varchar(255) DEFAULT NULL,
  `data16` varchar(255) DEFAULT NULL,
  `data17` varchar(255) DEFAULT NULL,
  `data18` varchar(255) DEFAULT NULL,
  `data19` varchar(255) DEFAULT NULL,
  `data20` varchar(255) DEFAULT NULL,
  `data21` varchar(255) DEFAULT NULL,
  `data22` varchar(255) DEFAULT NULL,
  `data23` varchar(255) DEFAULT NULL,
  `data24` varchar(255) DEFAULT NULL,
  `data25` varchar(255) DEFAULT NULL,
  `originalparentuserid` char(8) DEFAULT NULL,
  PRIMARY KEY (`userid`),
  UNIQUE KEY `UC_qu_pap_users_refid` (`refid`),
  KEY `IDX_qu_pap_users_2` (`parentuserid`),
  KEY `IDX_qu_pap_users_3` (`payoutoptionid`),
  KEY `fk_qu_pap_users_qu_g_users1` (`accountuserid`)
) ENGINE=MyISAM DEFAULT CHARSET=utf8;

--
-- Dumping data for table `qu_pap_users`
--

INSERT INTO `qu_pap_users` VALUES ('11112222','f0d47fed','','f0d47fed',NULL,'M','2010-05-10 05:59:44','2010-05-10 05:59:44','N','300','##Hello and welcome to our affiliate program.<br/>I\'m your  affiliate manager, and I\'m here for you if you have ANY questions or problems related to our affiliate program.<br/><br/>I wish you all success in promoting our products, and profitable partnership for both you and us.##','http://www.myprosperquest.com/pqima/accounts/default1/files/affiliate-manager.gif','',' ','','','','','Tyrone@atwecsafetytechnologies.com','','','','','','','','','','','','','','','','','','','',''),('10027','cf4928ef','','benpaulsen',NULL,'A','0000-00-00 00:00:00','0000-00-00 00:00:00','N','500','PQMember','','8667d045','www.prosperquest.com','ProsperQuest','P. O. Box 140812','Edgewater','CO','US','80214','(901) 275-8536','(901) 275-8536','1','1','1','1','1','','','','','','','','','','','',NULL),('10012','00ede187','','howarddolidanne',NULL,'A','0000-00-00 00:00:00','0000-00-00 00:00:00','N','500','PQMember','','8667d045','www.prosperquest.com','ProsperQuest','807 Lake Mist Drive','Woodstock','GA','US','30188','(901) 275-8536','(901) 275-8536','1','1','1','1','1','','','','','','','','','','','',NULL),('10004','0eac06b7','','Alexandru',NULL,'A','0000-00-00 00:00:00','0000-00-00 00:00:00','N','500','PQMember','','8667d045','www.prosperquest.com','ProsperQuest','#N/A','#N/A','#N/A','US','#N/A','(901) 275-8536','(901) 275-8536','1','1','1','1','1','','','','','','','','','','','',NULL),('10001','cfadff88','','unkotare818344',NULL,'A','0000-00-00 00:00:00','0000-00-00 00:00:00','N','500','PQMember','','8667d045','www.prosperquest.com','ProsperQuest','12345 Test Street','Test','TN','US','99999','(901) 275-8536','(901) 275-8536','1','1','1','1','1','','','','','','','','','','','',NULL),('10272','e65625b1','10001','steve',NULL,'A','0000-00-00 00:00:00','0000-00-00 00:00:00','N','500','Atwec affiliate','','8667d045','www.prosperquest.com','Atwec','#N/A','#N/A','#N/A','US','#N/A','(901) 275-8536','(901) 275-8536','1','1','1','1','1','','','','','','','','','','','','10001'),('10273','34302256','','nubanc2',NULL,'A','0000-00-00 00:00:00','0000-00-00 00:00:00','N','500','PQMember','','8667d045','www.prosperquest.com','ProsperQuest','12345 nubanc street','los angeles','ca','US','90064','(901) 275-8536','(901) 275-8536','1','1','1','1','1','','','','','','','','','','','',NULL),('63558c34','4aca2dbb','11111111','stevealonso',NULL,'A','0000-00-00 00:00:00','2011-04-25 16:41:19','N','500','PQMember','','8667d045','www.test.com','test company','','','','US','','555-555-5555','666-666-6666','11/12/1990','555-55-5555','jack dodode','666-666-6666','1','','','','','','','','','','','',''),('10324','6f77c017','','nubanc3',NULL,'A','0000-00-00 00:00:00','0000-00-00 00:00:00','N','500','PQMember','','8667d045','www.prosperquest.com','ProsperQuest','12345 test ster','adams','ca','US','90064','(901) 275-8536','(901) 275-8536','1','1','1','1','1','','','','','','','','','','','',NULL),('10011','fd747272','','anjanettemem',NULL,'A','0000-00-00 00:00:00','0000-00-00 00:00:00','N','500','PQMember','','8667d045','www.prosperquest.com','ProsperQuest','4358 Fairhaven Rd','Memphis','TN','US','38128','(901) 273-3926','','1','1','1','1','1','','','','','','','','','','','',NULL),('10010','f5dc3aa8','','angela_washington',NULL,'A','0000-00-00 00:00:00','0000-00-00 00:00:00','N','500','PQMember','','8667d045','www.prosperquest.com','ProsperQuest','#N/A','#N/A','#N/A','US','#N/A','(901) 338-3738','','1','1','1','1','1','','','','','','','','','','','',NULL),('11111111','64ca006a','','testaff',NULL,'A','0000-00-00 00:00:00','0000-00-00 00:00:00','N','500','affiliate note area here','','8667d045','www.affiliateurl.com','Test Company Name','','','','','','555-555-5555','666-666-6666','1','1','1','1','1','','','','','','','','','','','',NULL),('10030','353b24f9','10001','tyrone',NULL,'A','0000-00-00 00:00:00','0000-00-00 00:00:00','N','500','ATWEC Affiliate','','8667d045','www.prosperquest.com','ATWEC Safety Technologies','000  Maurine Dr','Memphis','TN','US','38116','(901) 555-5555','(901) 666-6666','01/01/59','555-55-5555','None','444-333-3333','45-8998888','','','','','','','','','','','','10001'),('10497','8a3320e8','','testerpap',NULL,'A','0000-00-00 00:00:00','0000-00-00 00:00:00','N','500','PQMember','','8667d045','www.prosperquest.com','ProsperQuest','12345 first street','Los Gatos','OR','US','36777','(901) 275-8536','(901) 275-8536','1','1','1','1','1','','','','','','','','','','','',NULL);

--
-- Table structure for table `qu_pap_visitoraffiliates`
--

CREATE TABLE `qu_pap_visitoraffiliates` (
  `visitoraffiliateid` int(11) NOT NULL AUTO_INCREMENT,
  `visitorid` char(32) NOT NULL,
  `userid` char(8) DEFAULT NULL,
  `bannerid` char(8) DEFAULT NULL,
  `campaignid` char(8) DEFAULT NULL,
  `channelid` varchar(10) DEFAULT NULL,
  `rtype` char(1) DEFAULT NULL,
  `ip` varchar(39) DEFAULT NULL,
  `datevisit` datetime DEFAULT NULL,
  `validto` datetime DEFAULT NULL,
  `referrerurl` text,
  `data1` varchar(40) DEFAULT NULL,
  `data2` varchar(40) DEFAULT NULL,
  `accountid` char(8) NOT NULL,
  PRIMARY KEY (`visitoraffiliateid`),
  KEY `qu_pap_visitors_qu_pap_visitoraffiliates` (`visitorid`),
  KEY `qu_pap_users_qu_pap_visitoraffiliates` (`userid`),
  KEY `qu_pap_banners_qu_pap_visitoraffiliates` (`bannerid`),
  KEY `qu_pap_campaigns_qu_pap_visitoraffiliates` (`campaignid`),
  KEY `fk_qu_pap_visitoraffiliates_qu_g_accounts1` (`accountid`)
) ENGINE=MyISAM AUTO_INCREMENT=239 DEFAULT CHARSET=utf8;

--
-- Dumping data for table `qu_pap_visitoraffiliates`
--

INSERT INTO `qu_pap_visitoraffiliates` VALUES (15,'26cc0c8470aaf9af55a6cfc4e6a1200s','10273','0d627570','11111111',NULL,'A','69.35.243.60','2010-05-14 06:23:28','2020-05-13 00:00:00','http://us.mc594.mail.yahoo.com/mc/welcome?.gx=1&.tm=1273843249&.rand=e6sa5qom3bo23','','','default1'),(4,'92dd1fad98de5f7c0e839d224de2d00C','10273','0d627570','11111111','','A','69.35.243.60','2010-05-13 10:24:07','2020-05-12 00:00:00','http://www.myprosperquest.com/pqima/sites/mypq/nubanc2/','','','default1'),(10,'7ab65da5d1fca41792ede50e28100KKQ','10273','0d627570','11111111',NULL,'A','69.35.243.60','2010-05-13 10:23:48','2020-05-12 00:00:00','http://us.mc594.mail.yahoo.com/mc/welcome?.gx=1&.tm=1273771091&.rand=5f3r9078jou5n','','','default1'),(60,'839bcc3866cfa0d13e18cb6be0a5768d','11111111','11110001','11111111',NULL,'A','66.249.71.47','2010-05-15 21:41:58','2020-05-14 00:00:00','','','','default1'),(61,'1ae2fbaa64a6bda01e0b007PkyCMXkCP','11111111','11110001','11111111',NULL,'A','66.249.71.47','2010-05-15 21:42:02','2020-05-14 00:00:00','','','','default1'),(63,'45c16bf70232c42e452e2d00g8F3leGV','11111111','11110001','11111111',NULL,'A','66.249.65.176','2010-05-16 06:37:56','2020-05-15 00:00:00','','','','default1'),(64,'03715f0e7350d24300824000nxQsp0BY','11111111','11110001','11111111',NULL,'A','66.249.65.176','2010-05-16 06:38:01','2020-05-15 00:00:00','','','','default1'),(238,'057b4e9e5bc19f688a300kf0ayH05Seg','11111111','0d627570','a0ed500c',NULL,'A','69.35.243.60','2011-04-30 09:09:21','2021-04-29 00:00:00','http://www.myprosperquest.com/pqima/merchants/index.php','','','default1');

--
-- Table structure for table `qu_pap_visitors`
--

CREATE TABLE `qu_pap_visitors` (
  `visitorid` char(32) NOT NULL,
  `name` varchar(100) DEFAULT NULL,
  `email` varchar(60) DEFAULT NULL,
  PRIMARY KEY (`visitorid`)
) ENGINE=MyISAM DEFAULT CHARSET=utf8;

--
-- Dumping data for table `qu_pap_visitors`
--

INSERT INTO `qu_pap_visitors` VALUES ('6b86648f0313774529b0043dfxcKeeEQ',NULL,NULL),('fa0d766562b3e3deea53415325ac500N',NULL,NULL),('92dd1fad98de5f7c0e839d224de2d00C',NULL,NULL),('c5c075421e164bf6110be200FL4XKvUm',NULL,NULL),('25706836c9bf40b45041be00GOcl5nqc',NULL,NULL),('1e5f4522ca7dc8d2b648eb00ZO9Zsdwb',NULL,NULL),('b1a759804a5b4771e90bf12386c37a00',NULL,NULL),('8ab5111e204f94c1242008bgebmo9zcg',NULL,NULL),('7ab65da5d1fca41792ede50e28100KKQ',NULL,NULL),('4a6a3f52170db5f565ef090c841e9020',NULL,NULL),('26cc0c8470aaf9af55a6cfc4e6a1200s',NULL,NULL),('7df2555bf194b4ca0f970d560b08656e',NULL,NULL),('06129702cc9b123b41b300AVdQQfoua5',NULL,NULL),('addd6c57c2c9062fd8100o23riSIzI6Y',NULL,NULL),('f8b232bf3e01839ffd0902ee571003DN',NULL,NULL),('780bfd8a534bf8429b0600g5i3wFDf9D',NULL,NULL),('c2965834e73305d8925ee74371694531',NULL,NULL),('864966b280670bf06bebc8b15365c400',NULL,NULL),('56b6b1026151df87da6168beab20100J',NULL,NULL),('80daeeb297f671c1b236a797f5909f00',NULL,NULL),('2c0e3fa28d34b5a34ab65127fdcc90d0',NULL,NULL),('92c7fd7f8516da1af4fa30051e004XFv',NULL,NULL),('e8ceeac1884db32ca505200mzCMMIH0E',NULL,NULL),('8dd657b656621a24798af2455c00froL',NULL,NULL),('beaa329bd7e5e3d23f1200YW4ot0aGdr',NULL,NULL),('df87f81ab28b8f182e56b3fe6f4b0070',NULL,NULL),('4a7cde8c61301b98916bd00xySrwBBwY',NULL,NULL),('f023a83ffa23d3f0056c1af00uNGzhly',NULL,NULL),('22586dd8375bf6ecf6d05d900w62qHFI',NULL,NULL),('6b5daf3cd966f2938f81b5d219c9500m',NULL,NULL),('d6286e00fe781db9252e4e00rOtMlQi2',NULL,NULL),('dc257741c0f40d0a4a4ffa5200n8XRSY',NULL,NULL),('d4867acc65cc865e9b8c009vDeHv5Ecl',NULL,NULL),('72a8ca5acbccf3e6ec54c9e5e0dcad15',NULL,NULL),('5ff9e7231542a7635a1100O0MFJ5vjNU',NULL,NULL),('a1ed064ae5ccc47183fb657b400A7Z0H',NULL,NULL),('839bcc3866cfa0d13e18cb6be0a5768d',NULL,NULL),('1ae2fbaa64a6bda01e0b007PkyCMXkCP',NULL,NULL),('ddd1fc719e92dbc22a96bfa46dc3a0d0',NULL,NULL),('45c16bf70232c42e452e2d00g8F3leGV',NULL,NULL),('03715f0e7350d24300824000nxQsp0BY',NULL,NULL),('98a765238ffa3d4cd69fe00VDWcjij0t',NULL,NULL),('ed56df08e1423122306f3cde00MjUgxj',NULL,NULL),('5a66e1e7ea9fcf5e9c9a7003Xe4KkooA',NULL,NULL),('eb3f191e668e07f6ad000XdTtTovme1E',NULL,NULL),('5b1a8bbad110228673b65015afb00w2h',NULL,NULL),('14446740ebc0dc41c17f42bf17471000',NULL,NULL),('b52c4e3e938fe2f6a44e4000q1dCPiXW',NULL,NULL),('6d2d725272b5b9d8a26d00rn0tyJEmLv',NULL,NULL),('1b3f48ed37e136e10414210f00TWCBnZ',NULL,NULL),('d35be2c195397c948830c36ef600Qi81',NULL,NULL),('82b80085826591b15f41803f00hxPTKr',NULL,NULL),('c246f5086934ce2b2118c2df3053002l',NULL,NULL),('f9e9dc50c1db0f1297bb8ff900J82UoY',NULL,NULL),('395a455aa14b6254f68fa300ae00YGLB',NULL,NULL),('e563e39d35f4bad726ea58b88a243c00',NULL,NULL),('548fd67fee1cd30aef32aa00bc621680',NULL,NULL),('436a6b4d1f353b721bbb57008c3Be87X',NULL,NULL),('7fad6f96a3598591281c00zpmpvHV3KB',NULL,NULL),('a33c629f104f20e414094f2fc1200zzj',NULL,NULL),('52e0c92af0b790fd3ff537700E54hnyX',NULL,NULL),('5c6c8e549e636c703c5aac07c51e00ZE',NULL,NULL),('67659a37265872e5f2fa00vKIr54UqCe',NULL,NULL),('20c53299a40c95177be7919a00HQAXOv',NULL,NULL),('cfcd84a55c393562e7c0c24ac2e00Xel',NULL,NULL),('e820dad4bab35eb6f26001OArrG58V9Q',NULL,NULL),('a1c80feb7a5ddf83c9900emD2T4CIdRo',NULL,NULL),('d26f094b654dfdc67a38104bab794550',NULL,NULL),('518227ed7c988bf6c9d100RFh0eJ0C51',NULL,NULL),('caad4af35927f1fe345a2c858d879800',NULL,NULL),('513cde18193438f6f2a366e42b00j6kr',NULL,NULL),('674ef8691fd3a3eed1568f36d3ca00r4',NULL,NULL),('3fde1c1a47332899ac7005c5ce7d7db9',NULL,NULL),('af371ec01c52e4607b06114204f0100V',NULL,NULL),('ab1db13499cef682b4ff89cce69700rG',NULL,NULL),('6443f2714a114730be300mRmlXvD2CB6',NULL,NULL),('b44a7f8995565c33fcb7c75c02cbcf30',NULL,NULL),('bb1455c91bdd5acc3c440f4006Ulng1h',NULL,NULL),('e4ae05022834b3860652029df7f7d200',NULL,NULL),('8f8c91a79941f42e9454660f8a00feF5',NULL,NULL),('dce6c0b67f2b1734a0e30073e1d00swx',NULL,NULL),('798ce6264e112cb137679df300cmDHIk',NULL,NULL),('384db16ddea01c1741a20813300fxKlK',NULL,NULL),('8dab0652f96b8cb91deb0b6c4487b89d',NULL,NULL),('876d270eefe95833afd5e2200CUQkrVm',NULL,NULL),('a7fec2e9f2193673a1eec3436e8b5300',NULL,NULL),('999ddc4f0d825ad8717ae0ac63ebc2c3',NULL,NULL),('95b8a7bc26c23de9bf9df1ba0d6895d0',NULL,NULL),('fae6f2ea251d825673ebdd88cd00j2he',NULL,NULL),('2110b08a226a823ec8fc7f05b9a2f401',NULL,NULL),('ca11da2f54c85fb258a00gERjUa9JF4c',NULL,NULL),('1e431610275a232b3bcf40200GVZi6Nr',NULL,NULL),('a37161a112531b51e438a00SHVEb42Zf',NULL,NULL),('64a25cd42a108efe17e6ce068400zNu0',NULL,NULL),('f239d6578fe8899b6906980200v8JBfY',NULL,NULL),('a793379e419025b40dd685d00EIKsrWD',NULL,NULL),('2edb491252ae6fdb906bcd992fc6ed5a',NULL,NULL),('82647be8a28eea366773400TpCI6Q1it',NULL,NULL),('8b33bade11668f9a522c2dab46605be7',NULL,NULL),('54640e433331732a97fd1d1e00xvvGhA',NULL,NULL),('7e91cdc724159cd212ae49d18cf25800',NULL,NULL),('4428f6dbadb4be97cb726baa61192641',NULL,NULL),('4ed05804c9cd5798fbf4a01c9d4516d7',NULL,NULL),('f9e3c7adfde30fec734746cf43e250c0',NULL,NULL),('9c0b997493584dee6e60b35617ce0770',NULL,NULL),('e193a78625b00e02d39efa300rM5q05x',NULL,NULL),('063fcf05fcb229bbcca10700h00AUZul',NULL,NULL),('7bb48941220c19203baa8413f7b000Em',NULL,NULL),('121836f7d38e97cf5ef04dd162793f00',NULL,NULL),('1b502551e1527ebaf5e009wwgYe0kcA0',NULL,NULL),('4ac93a9738c085e262b95732c69008OZ',NULL,NULL),('8db02034fdd2a3194a302cfc44acf400',NULL,NULL),('2aeb6b83fea765d312f058ceb00d9488',NULL,NULL),('1ff551a42e6d350a31ee306cc3fe5400',NULL,NULL),('366c63ec88ce8ccd1ad08dbc64c90700',NULL,NULL),('fb4289608c17873e2f3e72846cf00DCO',NULL,NULL),('7b8cd6cb4b41d257f6b061700cXYiqWd',NULL,NULL),('6bb0594fe4d5ecd0fa500HRFWjReFLLc',NULL,NULL),('20c189fbba28588fdf8f93371e96b040',NULL,NULL),('f529c82275af0c2eaee84b0404ac75dc',NULL,NULL),('5585f446899d952dcd29b450c006xSkP',NULL,NULL),('b43f9678f077d72375bc9bf579a50095',NULL,NULL),('c2de80c77f792abf6cd63500biDmOrKt',NULL,NULL),('92d4a19d543ea6b167fa29c048af261f',NULL,NULL),('ab927515661f9bae962d30009YMhUj0e',NULL,NULL),('e61b88081d29a7bcc15a5a0466564400',NULL,NULL),('650bac0427f3c3bb5b17f3804d00RQpL',NULL,NULL),('e15a953b20549efef3d3644bc00vAiXM',NULL,NULL),('535109b1c5552392c5e07005DsoENCoo',NULL,NULL),('5b086683e739054f0391be00vjZ300hi',NULL,NULL),('175630d87f3eedbdaebac01600ikYzPA',NULL,NULL),('4bdb509513d7599daa8825f37d1a04e0',NULL,NULL),('d5d261cd7f60820763279e581ecc2700',NULL,NULL),('41ae161f12068ad5e5e77087300sGm1H',NULL,NULL),('f85fef7a77b884cacd0beef34e123700',NULL,NULL),('ea7056dbfc64983753895d8362f009ak',NULL,NULL),('b923bdb1d6ce3ba2b4f000gOUL6RvQfB',NULL,NULL),('ddbec080d309c294b280c100UVJ8kqqh',NULL,NULL),('d76a61d7851be590e12800q14QJ345m5',NULL,NULL),('14379a7d77b4238ac52d9c00OrPKtW6x',NULL,NULL),('12708d38df2edd0bb2b1cd8973b0049o',NULL,NULL),('85c152a7041fb788931755c3dc7cc00M',NULL,NULL),('f5426f3e6659873d2e55c900bXAKLXEn',NULL,NULL),('4d5c6bbbd3829bb8dd52d7752f00RaUl',NULL,NULL),('f55734c11064c3090b9b500ehjp9BZrF',NULL,NULL),('63fbefd9ccb6b56a5072a92efe7b9800',NULL,NULL),('6f1427eb5294392899535c9c6be7001n',NULL,NULL),('59fdb75c813a8c5cf4000cYe1E0fyUnE',NULL,NULL),('4df4d78d906c4622c8f45100ztIo7s5Q',NULL,NULL),('a6929e09a5a6a5ff7700e800BsjkRYje',NULL,NULL),('57cd90ad5a75f7b28a65178875bb5600',NULL,NULL),('41e0131e73ef00424f118ce5f00nb8uH',NULL,NULL),('6a985f5243a9dcccd0475880868b9004',NULL,NULL),('635449df6865937cacdb00h65Rw2T0xh',NULL,NULL),('04fcd2de464f3bcf5c80ab00p94ZUxG5',NULL,NULL),('c1aa5f24d969651233c9b6b2400ulKv8',NULL,NULL),('4fc3cade0576fc98ebcb0a00cogcen0d',NULL,NULL),('84e7c8947247fccf664e7c7a41e300l5',NULL,NULL),('3e9687682b08ffe7f177b0afa027e00R',NULL,NULL),('ddb4cbf771f29f7dc3024d5a00pqhXdp',NULL,NULL),('def42378424b65a80dbb00tA1QHvKBaS',NULL,NULL),('22682eba8bd275f90ff3b0000pZPhlSO',NULL,NULL),('b068c132cd1053cc86a0a57c5f900zBa',NULL,NULL),('38c6329013208fe05ab4e56800I0H6ux',NULL,NULL),('92cf77272167cfd05c8c498f3b800O5y',NULL,NULL),('1ebb36fd7cbdadd60cc465a5454300sl',NULL,NULL),('0c9352e491b74db18ec000G0m1E15k61',NULL,NULL),('d49af614f710c90d4bb33d00038gWXcy',NULL,NULL),('ebb20021ff0619f79fc73000hLlcLdtb',NULL,NULL),('5fd83669430727c7b484c5d00jV1jNvg',NULL,NULL),('7287ebb920e36bff6438d00esum6ZNKg',NULL,NULL),('d67486d03d67d07084d5bee9bb1af44b',NULL,NULL),('8d1e3bad2076a89a422325d200IhiVfZ',NULL,NULL),('33ce2adf2c343175cabe1497800wewQJ',NULL,NULL),('de98d6a965cc65cb2f63513f165d4251',NULL,NULL),('1801eefb491cf645b43f68d4e629600s',NULL,NULL),('981fc6c6d2d18985e2f317d92900AcE4',NULL,NULL),('e9fccb3e69e1be4bf63004Ek1tk3Zzxg',NULL,NULL),('640be4308700c9b751f9dcaaf00aHLQl',NULL,NULL),('8adedb9c26873c5256224331c955004K',NULL,NULL),('f7d1ae3dfb2aca02a5b3eafb980083G0',NULL,NULL),('d90bdf08f5208da56c1b008iS0UudSR9',NULL,NULL),('a50a937f12ef8b7de016a6d1bd6d8600',NULL,NULL),('7282336c649121d6bf69cc04f29007Q8',NULL,NULL),('fc7f0bf0503da6dc28fc63100j5tAHYJ',NULL,NULL),('77a88bdd3d3614f5473a558200ECqePt',NULL,NULL),('abe77b0f10b5d5bee90f00DcLL00VTlo',NULL,NULL),('77d25d864b8de74b7850146c0b9500sg',NULL,NULL),('75a8a0281172b4247b02bdf00zRHg40C',NULL,NULL),('542d921da2478ccaf6037f400Ld4hHwj',NULL,NULL),('642b38e19efdbb92d929e9dd900NTfll',NULL,NULL),('b80cc681bfdc7b90547ceeed1e12c368',NULL,NULL),('fb6cf43890254563bd4b3a9660e84100',NULL,NULL),('1b560f6dbcf2782cff29f73d200raFp5',NULL,NULL),('afccd11e77a86904df475f7f5a001QrN',NULL,NULL),('021ca368323b28b19a5a93a006mxp8Jf',NULL,NULL),('beca253cf4596e4aeefbc00Z0SaH9gZL',NULL,NULL),('cb9561e41189d8aee06c0d1d1841b960',NULL,NULL),('3b03acb318adc0926d3547bc84b1d0b0',NULL,NULL),('7c0517d0fa6e5ac7f84700tFCGGiLrpk',NULL,NULL),('9c4891be175770275b4c1ed9627adc00',NULL,NULL),('1a0108381d68033b2223e478a9400lpC',NULL,NULL),('44770cc973f372d7690968b008Xu2Lq0',NULL,NULL),('e974641033eafa33e1d00cfYL0BmnGbw',NULL,NULL),('01b6be111f4761f831116f857000vF0c',NULL,NULL),('1a55d5b9fa2c98ab978b32853c0021YW',NULL,NULL),('c85ea43a9cb2e06e2c73cd90d7226530',NULL,NULL),('3999a814bf1b322be7dc64cf8600C06W',NULL,NULL),('6c01cf48451d48a052348e65700ggbcC',NULL,NULL),('dce80bb744403367a1469c200YUMM3L9',NULL,NULL),('fb6019118d302a8e4b29d83899ae19a0',NULL,NULL),('40b5eddbae25acf28ad1a9dbcac4b00q',NULL,NULL),('2c2c435fb1cc266de8500C6ODCqVgtBE',NULL,NULL),('d546f18e41c97add700b2b57737003uh',NULL,NULL),('8b2925040d68c391f790b1000dWqRL0n',NULL,NULL),('1c1f64fd0af274f16bbc2500ihY2GEM3',NULL,NULL),('158f98e982896bc7c24268e4cc23e00L',NULL,NULL),('c3d49e95b7777a521022feb9a16c300G',NULL,NULL),('2499d8d8a7e3298cf13910084jd69C0Q',NULL,NULL),('b66d32ae6086e5a2ac2315653933d00c',NULL,NULL),('839bee38e9f748aff1f00KzD8kutXQOI',NULL,NULL),('5e84e1a60f151437d2e78e34c85800pK',NULL,NULL),('0c66df0c3303c5fd9fd5d8dd264e63f0',NULL,NULL),('0060fef2026bd000f56ca0800xeBjQH5',NULL,NULL),('9b6325e3c8077abbbcb74c5740aad800',NULL,NULL),('61ac456f2cfea237d9c7300xD4QCbQaX',NULL,NULL),('b8099e78a6c2d936d103a844ea4003Fk',NULL,NULL),('6df42409cad50daa5c86e3c002uW0r3K',NULL,NULL),('b26972a80d36d0566717a9200krx7JyR',NULL,NULL),('eb9ec1314c9a9a4a6fcb59000lbSW0Y9',NULL,NULL),('9d12a2694b4b07e8a7d00zoWeMwYiW26',NULL,NULL),('fd305d67f7556294fa5a00qi0nrBxS0U',NULL,NULL),('059e14384099451aa15606b25898b6b0',NULL,NULL),('796b810543061b94af800v0fikFXLbQg',NULL,NULL),('599acc06db952be3e9bfca7e3000SRTX',NULL,NULL),('12f7e83c8c5029eaaf04155741200939',NULL,NULL),('34ffcf07efec7792d0ac00nMY6SVu40t',NULL,NULL),('a8afe3eb504722e578202f3a175000g6',NULL,NULL),('36712e97b5f3097d7ae510ac14b00lBu',NULL,NULL),('3bfeda51d887868add1b434400LEVqF8',NULL,NULL),('da212d3631d73115dca8cd300ceB4W8G',NULL,NULL),('6b1cfdd81926709e555e59c309fd3fa3',NULL,NULL),('d1b860f9a6e1a2233d24cdd830600Dyn',NULL,NULL),('a495dbc417cfdcb817f87a00v3Bon6qw',NULL,NULL),('4088ba904ed60ad04f5000cyc0Fe9X5C',NULL,NULL),('0a09ac0d6fd48f61dff00H6ErJmqp5t2',NULL,NULL),('617f3df0189e69d3b808f25523b800p0',NULL,NULL),('11cecb0fd2da7fd63eccac34ae90200O',NULL,NULL),('9e431143a3e72139b9bcde8959003M8x',NULL,NULL),('7fc6473a5bb03e3b85677fd4011000D8',NULL,NULL),('23820dc5b7ab553cee4c0ccf53f200ph',NULL,NULL),('960f510c28cc0abe000a6c00ql0CUPqa',NULL,NULL),('6a2ebf6112615599e3a62ed82b5a00lV',NULL,NULL),('309908a27c5b0d4682112b06ba29f500',NULL,NULL),('e1c2ed796722b705f15400bMTef99MBZ',NULL,NULL),('9c7c87989503aa56765e3f7045f3d00r',NULL,NULL),('623847581f13304b61a4100RrkPInVu3',NULL,NULL),('daf1e7d73edefb09a26b9d179962a190',NULL,NULL),('dd77771edc2272890a631009tAQIn5Au',NULL,NULL),('d1689d3fbf01000094c07e64c3531d00',NULL,NULL),('52c600f2b917485a10f1c56e276d400S',NULL,NULL),('3e5d55f38ad9b0ba339b00SiPBAQj7IM',NULL,NULL),('96d7b8f0818f0b2c1c000QOiVExrRmhI',NULL,NULL),('9082a2fea33b59bf94104e9c00kaUflG',NULL,NULL),('b1c30587553f60036d7544cc58a500X2',NULL,NULL),('ae3d070f2df8705a36b800x3xH5vclXq',NULL,NULL),('30dceb408d3f5d62a44a854a500Dbe7c',NULL,NULL),('b2db9b02414394d054f0017300PT0pL0',NULL,NULL),('e2eedae93fc5cdeffa6800Yh8Bfn2n9M',NULL,NULL),('467d744e9bf577002fd5ec42bcdd7040',NULL,NULL),('e9a2be2c7c74ad8e648fb89aadeb8300',NULL,NULL),('97d13f826614977b4898729d12e81b22',NULL,NULL),('1bb57aa62d729cedb8d93bb7b700mCg0',NULL,NULL),('9b5c30e995b84724b6705c58bd250040',NULL,NULL),('fb4c01bba8444336cdb5f9bddb98100s',NULL,NULL),('eb4950fcc1cc3834a710ef009qEykEfL',NULL,NULL),('7ab92f12580e8a50ab9469f00IGeZJb4',NULL,NULL),('1741385a4ca0c7e43e9d1cac886ffc60',NULL,NULL),('4b993122838dc37ca10b8d8efbb801c0',NULL,NULL),('fe347efe034236cb01e0ad77d4aa7006',NULL,NULL),('1da9f47d565d93b5307c5a30147400n9',NULL,NULL),('cef892efad909743ebda54e721092000',NULL,NULL),('1c5ce4d09a8e1fd8f347a9e945c100Lz',NULL,NULL),('3ac740978c8aaf90d5be856f7b00Q6ap',NULL,NULL),('061f63b28beebd01ea7cdc319ee0c360',NULL,NULL),('51b67442e2bc1d226f1c58412932300I',NULL,NULL),('7b457a1e8eef2329e68ce3cf00OxydEL',NULL,NULL),('6f9a3b0a5c1087c6e4bdda8c00KzPFtf',NULL,NULL),('621863cc0514375372c35d00V4SJFN2W',NULL,NULL),('198386b04997716d684621d9b400zXKb',NULL,NULL),('19cc3cc98c2064822a10100xX0Cz3lHn',NULL,NULL),('a7b09e535748b7bab8556c45b1900MRf',NULL,NULL),('7bf1bd02b3c55dcd12f06e51003VVEXu',NULL,NULL),('b45d466c4cd9e06188eebb00UTUYLc6l',NULL,NULL),('bc482c3b8b89f76c65b0847593640f70',NULL,NULL),('bff610f6225838f06f000V2qDYdMo0Rc',NULL,NULL),('748344ce53030e1904e75f6053a00XoQ',NULL,NULL),('ff4316c0555effad905b4745d7c00GVv',NULL,NULL),('7ac0e77bd11a703757400F7PjT103o5s',NULL,NULL),('b3fd63ddfb128a608d7e2b7ff00UeiNx',NULL,NULL),('924743e58da805459db29502dfac500r',NULL,NULL),('9268fe657cb40d37b6d1a6c52268a00V',NULL,NULL),('5270366f65bf5629536dabf9800uAHAL',NULL,NULL),('51ac6e969825d4970fbfc7cf100UVW6E',NULL,NULL),('df09dbb13ace9ba7b8ed4b3d24df00ZO',NULL,NULL),('70a0e47ec973f5a36b9f1300VKAplVAV',NULL,NULL),('32c24de0b1bdd0bbb43de08b85900iSi',NULL,NULL),('0b157e15b80f532a294b60095VNLx7Wq',NULL,NULL),('ff567f0f464300dad19d24e00gGCvPf0',NULL,NULL),('0a227392eea3e6bc7d9e278dbc3d8300',NULL,NULL),('2f5c0efcc71d1159faf500YMb36kGiTR',NULL,NULL),('8b671b53d4cc14e5f68ee0b0f6a25d00',NULL,NULL),('043be6828ec8a3685d82005z5iKb7ePl',NULL,NULL),('6ef6b684d1de9d99f516300amsxmeiYU',NULL,NULL),('07c35406c9c60cb7644129816e034139',NULL,NULL),('11c6a5a3bee8d0265244e393e4900OAb',NULL,NULL),('b56615bfcb28bbabcdf3847a32c100ld',NULL,NULL),('1e90847c259dc7539c98d9bc00pJq1zl',NULL,NULL),('4c808a9922209b5df5363519c7ec1e00',NULL,NULL),('e096dc448ce48189d9ed900zJzi0h4ql',NULL,NULL),('c9dc939a035855fc6b0bbf00300Ac3Lo',NULL,NULL),('56b12578d737820b580d078009WzmzCP',NULL,NULL),('cdb8547855251ed6d2117f9bf7c000TG',NULL,NULL),('60829b1e04bff7fbcc0a18895c800NtN',NULL,NULL),('be45316d5b24a7287e6bfd800bANyZlC',NULL,NULL),('d3d23a0f1baa0f42e94a00Kn6ihAmAIj',NULL,NULL),('9502cd31c7f09bd9ecd600Bp4MOQcegm',NULL,NULL),('67b0c7c76823ac69fb4efcceb12f4000',NULL,NULL),('6ad449374e51e2f040ca07100N0iw9Kc',NULL,NULL),('8454c88a4aa566e26dbfb605084d755c',NULL,NULL),('d647ee7780f828f6075f96249bd1d610',NULL,NULL),('94d7be4167993e938a6100cfeb200bO9',NULL,NULL),('c3d73d4960e13e67ae4e938672a48500',NULL,NULL),('0fc85a550ee246ac752d000xVJYTpw0B',NULL,NULL),('c54a48c91e4223d75462ce00fWZ7EId7',NULL,NULL),('bf0cad8605ca5294957841a2bee17b00',NULL,NULL),('42d1bd6206345b25cb140600UQvzTr9F',NULL,NULL),('068401ee920d7c64fd7416cea8700iH3',NULL,NULL),('2e93c777e113698ec4c000KAcakuUaKo',NULL,NULL),('a316cda5f71771d713094d600EZoBH1f',NULL,NULL),('88806c32b4a308cf92e000HSEI1fNFrt',NULL,NULL),('71c5fa26b93e74e9d807d93800GQWvur',NULL,NULL),('cbf231ce136feea50c508a200271RnTh',NULL,NULL),('5415cb9f62958d064b791aeb113bfa3c',NULL,NULL),('693b5279d3a021e328d00MJj0V1wJvF6',NULL,NULL),('e4904f481f0e23952ee0b00Y9EdW9WYR',NULL,NULL),('8aa07a3b200813e7686ad82500Hfmobx',NULL,NULL),('f8884c155294b886f9a00FaZST2eqbPU',NULL,NULL),('8c1ce387b7473f8a83172d00pBD4qiEm',NULL,NULL),('71497c1e6f07a9baeb8a282300X0mj9x',NULL,NULL),('b6c4ded7357eee375e2985900BOiaaNm',NULL,NULL),('fe924d6648dd0b6c184300R1AreBhB0G',NULL,NULL),('5369bef7ba346da39b66cec2ae000C09',NULL,NULL),('6795b323fa49699c8ef0020C0Zh7RqDc',NULL,NULL),('66c954cfb3699f442aef7a5a42828840',NULL,NULL),('659cfed4621b1a48686ea7441b68be69',NULL,NULL),('791ef2fd85d3c50c7a14f00m5e7mFNR0',NULL,NULL),('83a258c51ed7d2a63b200AbDGzaDK07w',NULL,NULL),('344fad24d082cee72147200pR0NxCqXq',NULL,NULL),('b093d8944483f643d6db400WmrlGtmIm',NULL,NULL),('5206ac9473ef4422f26e4a3b86500X3U',NULL,NULL),('2020ca7a0f81d51de6cbf5b00000Lube',NULL,NULL),('92ae7fe0713a709a223ae7e4c9400lcX',NULL,NULL),('bf1c8d9451e05e83493047dd400IUVD2',NULL,NULL),('d0182db4ce696be84b0eedb00TM3FKUL',NULL,NULL),('efc95faec6182fcfc73196c0e09fe700',NULL,NULL),('ceff1eda72e7f6664d03100dUEfiK4RA',NULL,NULL),('6f60ef07071ec031b5fd007h9uoVIa0O',NULL,NULL),('057b4e9e5bc19f688a300kf0ayH05Seg',NULL,NULL),('4bfe0318159b35e010f64009a45fe001',NULL,NULL),('09ff16c7f5137c8d9ad64d96500ZON2e',NULL,NULL),('d32830d01c8ada093fbcdf2fd907e500',NULL,NULL),('2373b8838e8878ac3808ec1400IVfCke',NULL,NULL),('fcdaf63531a167b09bbfbac8113e00lv',NULL,NULL),('e9f2045f5942b318e9d5ae65b78fa200',NULL,NULL),('f826f739d1176398fde829acb7003ps0',NULL,NULL),('ae431d0e071de11282c9d228c6800a9w',NULL,NULL),('b203cb7a171883e57c66b1475dde00l8',NULL,NULL),('d1a74fa1a29ae9538dda33818d6ed00H',NULL,NULL),('ddb12ca2fe315bb7efc9d7028b007DRI',NULL,NULL),('5c3dcbd25dd98b6a1b69a6d00k1Kt0ym',NULL,NULL),('ccd83873f8e93674fb3992408ce3200F',NULL,NULL),('ea7cb9fd5caa60402eb997140a00CDFd',NULL,NULL),('9ccbf140a88ae9255f6140a5f7f6009D',NULL,NULL),('70cc1a8f49568adc773500Le5Gnr3Mza',NULL,NULL),('c84e003f4dfdc4dfa06d1c478a1fc005',NULL,NULL),('e2a5ec2ef4e465ea74300wcsIe704H9w',NULL,NULL),('ba748f8ccc41b58436898e1300b0VMXw',NULL,NULL),('922ef29cacdd43db7b680f900eaer46h',NULL,NULL),('74ea58e9531f57584d9ef00AqT8afM0z',NULL,NULL),('c17c0d40d971a0fdcdb3001nW6wsb0vV',NULL,NULL),('efcfd4476c9969a0dc0e63e000FT0npY',NULL,NULL),('634cddff0e51ec1bfa900LNppWY8HSAI',NULL,NULL),('96ae3c5f621414f003fec200AnHdAnsX',NULL,NULL),('ec12c4a9062560c78fb6fd0000d4admS',NULL,NULL),('f4d902ae724de68e0ca76558c6e7184c',NULL,NULL),('581d518ba84664267af47f8acb300h82',NULL,NULL),('36135945b67688a8daef24c19cca8fd0',NULL,NULL),('8d93200a28c06d598dca652580af0787',NULL,NULL),('6d48e8791910a10abd010a85f725b000',NULL,NULL),('024e7ace2dc49e20447500UVhjbx0ObG',NULL,NULL),('c0cfd31f81ead673182b6ed090021PDR',NULL,NULL),('24828f0d2ca422c7948986a3f009og2r',NULL,NULL),('76de8086bff9e6f52f06d00kx9qdIFeN',NULL,NULL),('7d385f9680c045c0fce4edab300tDjKb',NULL,NULL),('5e4f650743e7d019be3cdfdec7e00ugu',NULL,NULL),('2a74ab0d412ab0c592595be71a05700p',NULL,NULL),('fae7fe6d9c0c40b3188accf80800UZAe',NULL,NULL),('fc19822c4bd6321369ec8ddb002UPous',NULL,NULL),('bd981a17a8624ab039100c7OM8gUowt0',NULL,NULL),('c222d47d519d58a1664a4456d100MaFr',NULL,NULL),('69d4671ebafa0a17ab3e1c8254c600Fh',NULL,NULL),('ff8f7bca43efa43d673d5cd478100g9L',NULL,NULL),('2404f927bcedde28731fb55795f7ffd0',NULL,NULL),('28e0509d99c9bc15f8c7c3ad9173000s',NULL,NULL),('ccf223066294e67e0f9f3653a5a02900',NULL,NULL),('9bd0e6a1e11f1202761b325c600POR3m',NULL,NULL),('6cb227ce168863dd84836800Bh0S1r0e',NULL,NULL),('3515232da84d7384a68fa3ca000VyyE5',NULL,NULL),('066c423907c4783729c5422008KQu82H',NULL,NULL),('0b1208728ca28d2f2569d6f309003HH5',NULL,NULL),('073998124c7d90712802163afa500yEA',NULL,NULL),('a712b1de8b0ecbe642019f3cfb4f3537',NULL,NULL),('511b0d3b7736e8b256000EK51b4VJVKQ',NULL,NULL),('156a188905977d77d5ac5e01e5e6900v',NULL,NULL),('56a6b3e65da3c7b2bdf454120402400l',NULL,NULL),('7a1ceeba97bfad58cd5abbcc8600D8ol',NULL,NULL),('45e850296e724a61139a3f36dc2d00lt',NULL,NULL),('4729422d6beaea608554c9e2745aee72',NULL,NULL),('095bd0e9935926cdf0a2793bc00jw9MX',NULL,NULL),('ba439b239fb030f2af5e7c0ea0a8dfb0',NULL,NULL),('8a05d10bc1f35d551fbf27f0000DRme5',NULL,NULL),('b195d17063ab674a5bd7d93b17e22add',NULL,NULL),('d0f616421d5778bc92b877dac3cff800',NULL,NULL),('1ee9a19e1d1f55469cd74f3c94f2eda0',NULL,NULL),('c85e1d27ea64ebb4a013d0900d2W0Fsb',NULL,NULL),('066d453a2383750c7e100F9D04Ebv6xw',NULL,NULL),('724942c2e824b0f14df5d4800ajMgNBL',NULL,NULL),('1579576b8508bb3af27ca2344800Gq6O',NULL,NULL),('4514e47249cc1e5f70555800NBr7N3vN',NULL,NULL),('62a047d0c95472796642e86caef3ad84',NULL,NULL),('ac9db15be4eb2b47c0bdd6711fa9008P',NULL,NULL),('113e80dea46cb3523c48c5ea70715f1f',NULL,NULL),('5475d3bcefdbaecec01f6004CjJ44vY9',NULL,NULL),('015e6f0abc85465af8b273414f100SXi',NULL,NULL),('d4a31c819add1748f65d0a76c360efdd',NULL,NULL),('bdeb27ba1726f4861e0e8800E0cF9B7I',NULL,NULL),('c848adfc87f6249521a247200LXYyAGS',NULL,NULL),('3bcd13bd33f75573154892700PeiTK2r',NULL,NULL),('c93c2c2ff005243ee3d064098b6800uE',NULL,NULL),('f39756205d077846d455358b5b2f00CW',NULL,NULL),('181533123b1a86526d59f3edde900L9O',NULL,NULL),('6a3b316556cfebac1f3940e56bc0c00O',NULL,NULL),('8d3818a44db262ddf5f00kxMPFBY0i7s',NULL,NULL),('28c6b104c30f39d903a83100k4ZKfcFA',NULL,NULL),('02a3f5c6bae5eb6dab836000mozFKMMI',NULL,NULL),('a8836b5d4315d3fb9b98cf8746aa00SN',NULL,NULL),('9c4dac2482c7368efdeff91b00RhooJR',NULL,NULL),('440ad3dfbf12f1591e0d6b99869200qm',NULL,NULL),('c867dc25cd5f996bd98f00RC507UOqLX',NULL,NULL),('426d6c291c0304477df00J49i14fxX0s',NULL,NULL),('033ddc6175fb80b5624d64ee86762fc4',NULL,NULL),('b62c8e681f86362f16ac561aa2b500Sa',NULL,NULL),('8cbfd732f4ff16405965148151500Y6O',NULL,NULL),('0422665bafd606118b1e340008dBJIoX',NULL,NULL),('a93f0da5fdc48771b62007w5PapW70ck',NULL,NULL),('3d9f053cd3c54f5a07cd1041e6f96c4c',NULL,NULL),('57cf3a1bb56a7a46dbb4d52a00UNfVGD',NULL,NULL),('340b3cf06e0726697b57c1456100stMa',NULL,NULL),('b98e91ba6f240731e0ff9f9259ccb940',NULL,NULL),('c1c643a20c3f2c41581443440bce5300',NULL,NULL),('45d3a4fabbd1ff720a1600zX0Kc0Ty9x',NULL,NULL),('e7415340f19d82a814500RNahwqAK97A',NULL,NULL),('9feae478cd648b4d59af5a77a7e500Tw',NULL,NULL),('5b448d45eb3bfcac8e220099nxdjBsk8',NULL,NULL),('66dae742dd10c9e8068890066o5Zv97d',NULL,NULL),('6075a6624a4fc5e67be400CBsdJAVJJm',NULL,NULL),('064c6294f1f41725d0cd7c500dixPhHu',NULL,NULL),('5e4ff93a2f0504f89155396f6f900RMC',NULL,NULL),('dd96f13de1803383115c7ed6f00Y7SQP',NULL,NULL),('c0b2fbb5cb48711bd6190978ee65e700',NULL,NULL);

--
-- Table structure for table `qu_pap_visits0`
--

CREATE TABLE `qu_pap_visits0` (
  `visitid` int(11) NOT NULL AUTO_INCREMENT,
  `accountid` char(8) NOT NULL,
  `rstatus` char(1) DEFAULT 'U',
  `visitorid` char(32) DEFAULT NULL,
  `datevisit` datetime DEFAULT NULL,
  `url` text,
  `referrerurl` text,
  `get` text,
  `anchor` text,
  `sale` text,
  `cookies` text,
  `ip` char(39) DEFAULT NULL,
  `useragent` text,
  `trackmethod` char(1) DEFAULT NULL,
  PRIMARY KEY (`visitid`),
  KEY `fk_qu_pap_visits0_qu_g_accounts1` (`accountid`)
) ENGINE=MyISAM DEFAULT CHARSET=utf8;

--
-- Dumping data for table `qu_pap_visits0`
--


--
-- Table structure for table `qu_pap_visits1`
--

CREATE TABLE `qu_pap_visits1` (
  `visitid` int(11) NOT NULL AUTO_INCREMENT,
  `accountid` char(8) NOT NULL,
  `rstatus` char(1) DEFAULT 'U',
  `visitorid` char(32) DEFAULT NULL,
  `datevisit` datetime DEFAULT NULL,
  `url` text,
  `referrerurl` text,
  `get` text,
  `anchor` text,
  `sale` text,
  `cookies` text,
  `ip` char(39) DEFAULT NULL,
  `useragent` text,
  `trackmethod` char(1) DEFAULT NULL,
  PRIMARY KEY (`visitid`),
  KEY `fk_qu_pap_visits1_qu_g_accounts1` (`accountid`)
) ENGINE=MyISAM DEFAULT CHARSET=utf8;

--
-- Dumping data for table `qu_pap_visits1`
--


--
-- Table structure for table `qu_pap_visits2`
--

CREATE TABLE `qu_pap_visits2` (
  `visitid` int(11) NOT NULL AUTO_INCREMENT,
  `accountid` char(8) NOT NULL,
  `rstatus` char(1) DEFAULT 'U',
  `visitorid` char(32) DEFAULT NULL,
  `datevisit` datetime DEFAULT NULL,
  `url` text,
  `referrerurl` text,
  `get` text,
  `anchor` text,
  `sale` text,
  `cookies` text,
  `ip` char(39) DEFAULT NULL,
  `useragent` text,
  `trackmethod` char(1) DEFAULT NULL,
  PRIMARY KEY (`visitid`),
  KEY `fk_qu_pap_visits2_qu_g_accounts1` (`accountid`)
) ENGINE=MyISAM DEFAULT CHARSET=utf8;

--
-- Dumping data for table `qu_pap_visits2`
--



