-- Table structure for table `r57_crew`
--

CREATE TABLE `r57_crew` (
  `id` int(6) unsigned NOT NULL AUTO_INCREMENT,
  `name` varchar(18) NOT NULL DEFAULT '',
  `founder` varchar(18) NOT NULL DEFAULT '',
  `members` smallint(6) NOT NULL DEFAULT '1',
  `profile` varchar(255) NOT NULL DEFAULT '',
  `icon` varchar(255) NOT NULL DEFAULT '',
  `city` tinyint(3) unsigned NOT NULL DEFAULT '1',
  `rank` decimal(65,0) unsigned NOT NULL DEFAULT '99999',
  `networth` decimal(65,0) unsigned NOT NULL DEFAULT '0',
  `cofounder` varchar(18) NOT NULL DEFAULT '',
  `money` decimal(65,0) unsigned NOT NULL DEFAULT '50000',
  `condom` decimal(65,0) unsigned NOT NULL DEFAULT '500',
  `crack` decimal(65,0) unsigned NOT NULL DEFAULT '500',
  `medicine` decimal(65,0) unsigned NOT NULL DEFAULT '500',
  `thug` decimal(65,0) unsigned NOT NULL DEFAULT '500',
  `beer` decimal(65,0) unsigned NOT NULL DEFAULT '0',
  `weed` decimal(65,0) unsigned NOT NULL DEFAULT '0',
  `glock` decimal(65,0) unsigned NOT NULL DEFAULT '0',
  `shotgun` decimal(65,0) unsigned NOT NULL DEFAULT '0',
  `uzi` decimal(65,0) unsigned NOT NULL DEFAULT '0',
  `ak47` decimal(65,0) unsigned NOT NULL DEFAULT '0',
  `bank` decimal(65,0) unsigned NOT NULL DEFAULT '50000',
  `lowrider` decimal(65,0) unsigned NOT NULL DEFAULT '0',
  `cbank` decimal(65,0) unsigned NOT NULL DEFAULT '0',
  `title` varchar(255) NOT NULL DEFAULT '',
  `tnetworth` decimal(65,0) NOT NULL DEFAULT '0',
  `finalrank` decimal(65,0) unsigned NOT NULL DEFAULT '0',
  `motd` text NOT NULL,
  PRIMARY KEY (`id`)
) ENGINE=MyISAM AUTO_INCREMENT=22 DEFAULT CHARSET=latin1;

--
-- Dumping data for table `r57_crew`
--

INSERT INTO `r57_crew` VALUES (1,'DarkStalkers','Lady_M',15,'','../images/icons/57/DARKHEADPINK.gif1232319641',4,4,87962580776,'Friday13th',50000,500,500,500,500,0,0,0,0,0,0,50000,0,3000000026,'',320375910352,4,''),(2,'Flying_Solo','Tim_Tebow',14,'','../images/icons/57/Flying_solo.gif1232319666',1,1,1721055153631,'Percy_Harvin',50000,500,500,500,500,0,0,0,0,0,0,50000,0,20000003728,'',4163732123600,1,'$25B MINIMUM IS BACK IN EFFECT'),(3,'CuseBallers','Bizzarro',10,'','../images/icons/57/cuseballericon.gif1232319783',2,3,132408009898,'Specdro',50000,500,500,500,500,0,0,0,0,0,0,50000,0,9750000000,'',398217242398,2,'WELCOME BACK EVERYBODY!!!\r<br>\r<br>With Cuse starting back up. I want to hold off on ranking someone till we see how it goes.If you wanna help someone out feel free to do so.You all are doing great, Lets show them that Cuse is back.\r<br>'),(4,'Elite_Mafia','msj',11,'','../images/icons/57/mafia.gif1232319981',1,5,53859466417,'Meat_VenSenson',50000,500,500,500,500,0,0,0,0,0,0,50000,0,2536344815,'',272715157132,5,''),(5,'FeaRLeSS_ArmY','GOTTI_GIRL',15,'','../images/icons/57/locoincubus(Flipped-).gif12323 22614',3,2,150844079481,'Lord_Kris',50000,500,500,500,500,0,0,0,0,0,0,50000,0,594000000,'',372118852252,3,''),(9,'FeArLeSs_ReApErS','RezFingaz',3,'http://i56.photobucket.com/albums/g169/Death_Reaper667/l_aa53a776f3f01fa49fb8659c7162e560.gif','../images/icons/57/th_1_gif1155632403.gif12324690 68',3,8,1191823600,'',50000,500,500,500,500,0,0,0,0,0,0,50000,0,2355484071,'',6608970796,8,''),(10,'FeaRLeSS_R3aP3R5','YaBusyCJ',8,'','../images/icons/57/locoincubus(Flipped).gif123248 2305',3,6,17245802285,'',50000,500,500,500,500,0,0,0,0,0,0,50000,0,0,'',81451515910,6,''),(11,'COOL_FAM','GANGSTA',1,'','',5,9,461102727,'',50000,500,500,500,500,0,0,0,0,0,0,50000,0,3671492076,'',4106663553,9,''),(12,'test','Admin',1,'','',5,16,0,'',50000,500,500,500,500,0,0,0,0,0,0,50000,0,0,'',58095250,16,''),(14,'The_Killers_Mafia','mullak',1,'','',1,14,59821169,'',50000,500,500,500,500,0,0,0,0,0,0,50000,0,0,'',59821169,15,''),(15,'spartans','Jake',1,'','',1,13,65981880,'',50000,500,500,500,500,0,0,0,0,0,0,50000,0,0,'',129681733,13,''),(16,'Bloodz','Dulku',1,'','',1,15,56791623,'',50000,500,500,500,500,0,0,0,0,0,0,50000,0,0,'',60369076,14,''),(17,'No_Mercy','DoWn4LiFe',2,'','../images/icons/57/nm.gif1206051970.gif1232681335',2,7,2007521370,'',50000,500,500,500,500,0,0,0,0,0,0,50000,0,0,'',12244473870,7,''),(18,'SOLDAT','Sephiroth',1,'','',4,10,245666368,'',50000,500,500,500,500,0,0,0,0,0,0,50000,0,1000407,'',294001900,11,''),(19,'boring','AsZhole',1,'','',1,11,194530398,'',50000,500,500,500,500,0,0,0,0,0,0,50000,0,138779823,'',1613271471,10,''),(20,'muahahahahaha','UDIE',1,'','',3,12,131799910,'',50000,500,500,500,500,0,0,0,0,0,0,50000,0,0,'',255059910,12,''),(21,'stellor','marckus',1,'','',5,17,0,'',50000,500,500,500,500,0,0,0,0,0,0,50000,0,0,'',58095250,17,'');

--
-- Table structure for table `r57_pimp`
--

CREATE TABLE `r57_pimp` (
  `id` mediumint(8) unsigned NOT NULL AUTO_INCREMENT,
  `pimp` varchar(18) NOT NULL DEFAULT '',
  `user` varchar(255) NOT NULL DEFAULT '',
  `pass` varchar(32) NOT NULL DEFAULT '',
  `email` varchar(255) NOT NULL DEFAULT '',
  `trn` int(10) unsigned NOT NULL DEFAULT '1000',
  `res` int(10) unsigned NOT NULL DEFAULT '2000',
  `money` decimal(65,0) unsigned NOT NULL DEFAULT '0',
  `payout` tinyint(3) unsigned NOT NULL DEFAULT '10',
  `whore` decimal(65,0) unsigned NOT NULL DEFAULT '0',
  `dealers` decimal(65,0) unsigned NOT NULL DEFAULT '0',
  `bootleggers` decimal(65,0) unsigned NOT NULL DEFAULT '0',
  `hustlers` decimal(65,0) unsigned NOT NULL DEFAULT '1000',
  `punks` decimal(65,0) unsigned NOT NULL DEFAULT '0',
  `hitmen` decimal(65,0) unsigned NOT NULL DEFAULT '1000',
  `bodyguards` decimal(65,0) unsigned NOT NULL DEFAULT '0',
  `thug` decimal(65,0) unsigned NOT NULL DEFAULT '0',
  `informant` decimal(65,0) unsigned NOT NULL DEFAULT '0',
  `whappy` tinyint(3) unsigned NOT NULL DEFAULT '100',
  `ihappy` tinyint(3) unsigned NOT NULL DEFAULT '100',
  `condom` decimal(65,0) unsigned NOT NULL DEFAULT '250000',
  `crack` decimal(65,0) unsigned NOT NULL DEFAULT '250000',
  `medicine` decimal(65,0) unsigned NOT NULL DEFAULT '0',
  `punk` decimal(65,0) unsigned NOT NULL DEFAULT '0',
  `thappy` tinyint(3) unsigned NOT NULL DEFAULT '100',
  `phappy` tinyint(3) unsigned NOT NULL DEFAULT '100',
  `weed` decimal(65,0) unsigned NOT NULL DEFAULT '250000',
  `beer` decimal(65,0) unsigned NOT NULL DEFAULT '250000',
  `lowrider` decimal(65,0) unsigned NOT NULL DEFAULT '10',
  `hummer` decimal(65,0) unsigned NOT NULL DEFAULT '0',
  `viper` decimal(65,0) unsigned NOT NULL DEFAULT '10',
  `bmxbike` decimal(65,0) unsigned NOT NULL DEFAULT '0',
  `glock` decimal(65,0) unsigned NOT NULL DEFAULT '10',
  `shotgun` decimal(65,0) unsigned NOT NULL DEFAULT '0',
  `uzi` decimal(65,0) unsigned NOT NULL DEFAULT '0',
  `ak47` decimal(65,0) unsigned NOT NULL DEFAULT '1000',
  `explosive` decimal(65,0) unsigned NOT NULL DEFAULT '10',
  `pepperspray` decimal(65,0) unsigned NOT NULL DEFAULT '0',
  `dildo` decimal(65,0) unsigned NOT NULL DEFAULT '0',
  `gernade` decimal(65,0) unsigned NOT NULL DEFAULT '0',
  `attin` int(10) unsigned NOT NULL DEFAULT '0',
  `revattin` int(10) unsigned NOT NULL DEFAULT '0',
  `attout` int(10) unsigned NOT NULL DEFAULT '0',
  `attackout` decimal(65,0) NOT NULL DEFAULT '0',
  `attackin` decimal(65,0) NOT NULL DEFAULT '0',
  `city` tinyint(3) unsigned NOT NULL DEFAULT '1',
  `crew` bigint(20) unsigned NOT NULL DEFAULT '0',
  `networth` decimal(65,0) unsigned NOT NULL DEFAULT '0',
  `bank` decimal(65,0) unsigned NOT NULL DEFAULT '50000000',
  `tbank` decimal(65,0) unsigned NOT NULL DEFAULT '2000',
  `maxadd` decimal(65,0) unsigned NOT NULL DEFAULT '0',
  `rank` decimal(65,0) unsigned NOT NULL DEFAULT '99999',
  `nrank` decimal(65,0) unsigned NOT NULL DEFAULT '99999',
  `online` int(12) unsigned NOT NULL DEFAULT '0',
  `lastattack` int(12) unsigned NOT NULL DEFAULT '0',
  `lastattackby` int(11) unsigned NOT NULL DEFAULT '0',
  `profile` varchar(255) NOT NULL DEFAULT '',
  `description` varchar(255) NOT NULL DEFAULT '',
  `msg` tinyint(3) unsigned NOT NULL DEFAULT '0',
  `msgsent` bigint(20) NOT NULL DEFAULT '0',
  `atk` tinyint(3) unsigned NOT NULL DEFAULT '0',
  `ivt` tinyint(3) unsigned NOT NULL DEFAULT '0',
  `cmsg` tinyint(3) unsigned NOT NULL DEFAULT '0',
  `whorek` decimal(65,0) NOT NULL DEFAULT '0',
  `thugk` decimal(65,0) NOT NULL DEFAULT '0',
  `infok` decimal(65,0) NOT NULL DEFAULT '0',
  `punkk` decimal(65,0) NOT NULL DEFAULT '0',
  `newalert` tinyint(1) NOT NULL DEFAULT '0',
  `alert` text NOT NULL,
  `ip` varchar(15) NOT NULL DEFAULT '0.0.0.0',
  `host` varchar(255) NOT NULL DEFAULT '',
  `code` varchar(43) NOT NULL DEFAULT '',
  `pin` varchar(32) NOT NULL DEFAULT '',
  `status` varchar(12) NOT NULL DEFAULT 'normal',
  `subscribe` varchar(12) NOT NULL DEFAULT '0',
  `workstatus` varchar(12) NOT NULL DEFAULT 'normal',
  `protection` int(11) NOT NULL DEFAULT '0',
  `protectstarted` int(12) NOT NULL DEFAULT '0',
  `postpriv` varchar(12) NOT NULL DEFAULT 'enabled',
  `defaultturns` int(12) NOT NULL DEFAULT '5',
  `sounds` varchar(18) NOT NULL DEFAULT 'enabled',
  `page` varchar(200) NOT NULL DEFAULT '',
  `lottonum` varchar(100) NOT NULL DEFAULT '',
  `posts` int(11) NOT NULL DEFAULT '0',
  `cashstolen` decimal(65,0) NOT NULL DEFAULT '0',
  `hitmenk` decimal(65,0) NOT NULL DEFAULT '0',
  `bodyguardsk` decimal(65,0) NOT NULL DEFAULT '0',
  `ctitle` varchar(18) NOT NULL DEFAULT '',
  `ganked` decimal(65,0) unsigned NOT NULL DEFAULT '0',
  `frank` int(5) NOT NULL DEFAULT '99999',
  `srank` int(5) NOT NULL DEFAULT '99999',
  `skillrank` int(5) NOT NULL DEFAULT '99999',
  `fkillrank` int(5) NOT NULL DEFAULT '99999',
  `totalkills` double unsigned NOT NULL DEFAULT '0',
  `transfers` char(3) NOT NULL DEFAULT 'no',
  `trans` tinyint(3) unsigned NOT NULL DEFAULT '0',
  `totaldus` double unsigned NOT NULL DEFAULT '1000',
  `totalops` double unsigned NOT NULL DEFAULT '1000',
  `medals` varchar(255) NOT NULL DEFAULT 'enabled',
  `cbmsg` tinyint(3) unsigned NOT NULL DEFAULT '0',
  `totnet` decimal(65,0) unsigned NOT NULL DEFAULT '0',
  `arank` decimal(65,0) unsigned NOT NULL DEFAULT '99999',
  `callies` varchar(255) NOT NULL DEFAULT 'enabled',
  `amsg` tinyint(3) unsigned NOT NULL DEFAULT '0',
  `images` varchar(255) NOT NULL DEFAULT 'enabled',
  `cmoney` decimal(65,0) unsigned NOT NULL DEFAULT '0',
  `farank` decimal(65,0) unsigned NOT NULL DEFAULT '99999',
  `sarank` decimal(65,0) unsigned NOT NULL DEFAULT '99999',
  `newprotection` int(11) NOT NULL DEFAULT '0',
  `nprotectstarted` int(12) NOT NULL DEFAULT '0',
  `killrank` int(5) NOT NULL DEFAULT '99999',
  `recmoney` decimal(65,0) unsigned NOT NULL DEFAULT '0',
  `stfmsg` tinyint(3) unsigned NOT NULL DEFAULT '0',
  `ctrans` tinyint(3) unsigned NOT NULL DEFAULT '0',
  `level` int(4) NOT NULL DEFAULT '1',
  `lvl1rank` decimal(65,0) unsigned NOT NULL DEFAULT '99999',
  `lvl2rank` decimal(65,0) unsigned NOT NULL DEFAULT '99999',
  `lvl3rank` decimal(65,0) unsigned NOT NULL DEFAULT '99999',
  `lvl1frank` decimal(65,0) unsigned NOT NULL DEFAULT '99999',
  `lvl2frank` decimal(65,0) unsigned NOT NULL DEFAULT '99999',
  `lvl3frank` decimal(65,0) unsigned NOT NULL DEFAULT '99999',
  `cadd` decimal(65,0) unsigned NOT NULL DEFAULT '0',
  `fadd` decimal(65,0) unsigned NOT NULL DEFAULT '0',
  `sub` decimal(65,0) unsigned NOT NULL DEFAULT '0',
  `lvl1krank` decimal(55,0) unsigned NOT NULL DEFAULT '99999',
  `lvl2krank` decimal(55,0) unsigned NOT NULL DEFAULT '99999',
  `lvl3krank` decimal(55,0) unsigned NOT NULL DEFAULT '99999',
  PRIMARY KEY (`id`),
  KEY `rank` (`rank`),
  KEY `nrank` (`nrank`)
) ENGINE=MyISAM AUTO_INCREMENT=135 DEFAULT CHARSET=latin1;

--
-- Dumping data for table `r57_pimp`
--

INSERT INTO `r57_pimp` VALUES (1,'Admin','slay','forsetup','0',3200,15000,0,10,0,0,0,1000,0,1000,0,0,0,100,100,250000,250000,0,0,100,100,250000,250000,10,0,10,0,10,0,0,1000,10,0,0,0,0,0,0,0,0,5,12,0,50000000,2000,0,13,108,1232924399,0,0,'','',0,57,0,0,0,0,0,0,0,0,'','151.203.215.36','','c629583ab18b6877b45fc9f1711bce12','','admin','0','normal',0,0,'enabled',5,'enabled','Whosonline','',0,0,0,0,'',0,74,99999,99999,54,0,'no',0,1,1000,'enabled',0,58095250,128,'enabled',0,'enabled',0,99999,99999,0,0,99999,0,0,0,1,99999,99999,99999,99999,99999,99999,0,0,0,99999,99999,99999),(2,'W_C_K','Ice_Cube','green1','0',3000,0,88,0,0,0,0,153000,0,0,0,0,0,75,100,245000,245000,0,0,0,100,262500,250000,0,0,0,0,0,0,0,1111722,10,0,0,0,0,0,0,0,19,4,5,155030088,0,3000,0,10,76,1232829556,1232858188,119,'','',0,0,16,0,5,0,0,0,0,0,'','174.1.29.80','','bf84a7db8e2f17a375e8af68a8e47f56','','normal','0','normal',60,1232733809,'enabled',5,'enabled','Main Menu','',0,0,0,0,'',0,56,99999,99999,15,54772,'yes',0,0,153000,'enabled',0,4323987588,59,'enabled',0,'enabled',0,41,99999,0,0,99999,0,0,0,1,99999,99999,99999,99999,99999,99999,0,0,0,99999,99999,99999),(3,'Friday13th','sliptallica','wilddog','0',50,0,2822535642,1,0,0,0,143929,0,103124,0,0,0,51,100,0,10118,0,0,100,100,100000,250000,0,0,0,0,10,0,0,8835305,10,0,0,0,0,0,0,0,3,1,1,4000724843,930705847,0,0,20,36,1232924404,1232410288,22,'','',0,1,0,0,0,0,0,0,0,0,'','152.91.9.133','','e82a4ef52169d5861da9a4a8a649c188','','normal','0','normal',60,1232924359,'enabled',5,'enabled','attacking JD','',0,0,0,0,'',0,26,99999,99999,45,90,'yes',0,103124,143929,'enabled',0,37133122343,29,'enabled',0,'enabled',0,19,99999,0,0,99999,0,0,0,1,99999,99999,99999,99999,99999,99999,0,0,0,99999,99999,99999),(4,'chosen-1','da-assassin','amiin93','0',200,0,709,0,0,0,0,215975,0,174100,0,0,0,100,100,22202228,0,0,0,100,100,24506070,250000,10,0,10,0,10,0,0,11968386,10,0,0,0,0,0,0,0,0,2,3,510643717,0,0,0,12,53,1232920830,0,0,'','',0,16,0,0,0,0,0,0,0,0,'','62.64.187.138','','e4042aca44b4ed831d4ba654b6427b37','','normal','0','normal',60,1232919116,'enabled',5,'enabled','Main Menu','',0,0,0,0,'Underboss',0,41,99999,99999,64,0,'no',0,174100,215975,'enabled',0,45392094967,20,'enabled',0,'enabled',0,13,99999,0,0,99999,0,0,0,1,99999,99999,99999,99999,99999,99999,0,0,0,99999,99999,99999),(5,'29jan83','auSSie','busted','0',3000,15000,0,10,0,0,0,1000,0,1000,0,0,0,100,100,250000,250000,0,0,100,100,250000,250000,10,0,10,0,10,0,0,1000,10,0,0,0,0,0,0,0,0,3,0,0,70355021,2000,0,17,109,1232190081,0,0,'','',0,0,0,0,0,0,0,0,0,0,'','0.0.0.0','','8708cc8a55e066e9b0d6fa7e6cf98209','','normal','0','normal',0,0,'enabled',5,'enabled','','',0,0,0,0,'',0,82,99999,99999,65,0,'no',0,1000,1000,'enabled',0,78450271,95,'enabled',0,'enabled',0,69,99999,0,0,99999,0,0,0,1,99999,99999,99999,99999,99999,99999,0,0,0,99999,99999,99999),(6,'Bizzarro','Bizzarro','141676z','0',0,0,54319512,0,0,0,0,7668,0,6450,0,0,0,100,100,564524,570257,0,0,100,100,714785,250000,0,0,0,0,0,0,0,14203163,10,0,0,0,0,0,0,0,7,2,3,16150916839,16077344892,1550,0,3,19,1232924388,1232912825,40,'','Time for a Cuse Reunion.',0,37,0,0,0,0,0,0,0,0,'','63.134.134.2','','9190631daf0dd13c3a0b3c852c0f87e1','','normal','0','normal',60,1232924328,'enabled',5,'enabled','Main Menu','',0,0,0,0,'',0,12,99999,99999,13,59412,'no',0,6450,7668,'enabled',0,69412778089,14,'enabled',0,'enabled',0,9,99999,0,0,99999,0,0,0,2,99999,99999,99999,99999,99999,99999,0,13000,0,99999,99999,99999),(7,'SuPeRMaN_','superman','hinera','0',1655,0,1333,1,0,0,0,110850,0,97150,0,0,0,100,100,210570,1725357,0,0,90,100,0,250000,10,0,10,0,10,0,0,346539,10,0,0,0,0,0,0,0,0,1,4,213729474,0,0,0,33,71,1232886676,0,0,'','',0,4,0,0,14,0,0,0,0,0,'','122.57.113.62','','5a594f05263b5da04324ae3e227b655c','','normal','0','normal',60,1232886414,'enabled',5,'enabled','Making Purchases','',0,0,0,0,'',0,52,99999,99999,66,0,'no',0,97150,110850,'enabled',0,1513254474,66,'enabled',0,'enabled',0,46,99999,0,0,99999,0,0,0,1,99999,99999,99999,99999,99999,99999,0,0,0,99999,99999,99999),(8,'Gods_Hitman','brickman26','pepper','0',1125,0,3,10,172075,199676,0,1000,0,0,0,0,0,75,100,213979200,2973040,0,0,0,100,4207980,250000,0,0,0,0,0,0,0,6076633,10,0,0,0,0,0,0,0,1,2,1,9693073314,8622803571,0,0,5,25,1232896871,1232329021,25,'','',1,6,0,0,23,0,0,0,0,0,'','76.85.192.180','','ee9052e313ce2cdf2cd9d4246bfcb6e7','','normal','0','normal',60,1232896848,'enabled',5,'enabled','Main Menu','',0,0,0,0,'',0,18,99999,99999,46,90,'no',0,0,372751,'enabled',5,32480447064,30,'enabled',0,'enabled',0,20,99999,0,0,99999,0,0,0,1,99999,99999,99999,99999,99999,99999,0,0,0,99999,99999,99999),(9,'TrippZ','TrippZ','jamie13','0',100,0,48837737937,0,0,0,0,77363,0,29850,0,0,0,10,100,0,0,0,0,90,100,0,250000,10,0,10,0,0,0,0,6849540,10,0,0,0,0,0,0,0,11,5,1,48945292437,0,0,0,1,9,1232924404,1232912945,40,'','It\'s just a game but let\'s keep it fair...',0,46,0,0,6,0,0,0,0,0,'','64.186.50.139','','b4f63f184893ee4db4fde23f9c23c780','','supporter','0','normal',60,1232924375,'enabled',5,'enabled','Global Ranks','',0,0,0,0,'',0,99999,3,12,99999,47626,'yes',0,29,84144,'enabled',0,74631067437,13,'enabled',0,'enabled',0,99999,5,0,0,99999,0,0,0,1,99999,99999,99999,99999,99999,99999,0,0,0,99999,99999,99999),(10,'WreC','racerx','ama322','0',3000,15000,0,10,0,0,0,1000,0,1000,0,0,0,100,100,250000,250000,0,0,100,100,250000,250000,10,0,10,0,10,0,0,1000,10,0,0,0,0,0,0,0,0,3,0,0,70355021,2000,0,18,110,1232558143,0,0,'','',1,0,0,0,0,0,0,0,0,0,'','72.188.47.51','','39786ad6ba478df528c61fb005629b51','','normal','0','normal',0,0,'enabled',5,'enabled','StaffBoard','',0,0,0,0,'',0,83,99999,99999,67,0,'no',0,1,1000,'enabled',0,78450271,96,'enabled',0,'enabled',0,70,99999,0,0,99999,0,19,0,1,99999,99999,99999,99999,99999,99999,0,0,0,99999,99999,99999),(11,'Death_Reaper','Darkangel666','820817','0',3000,0,415,0,62265,101460,0,1000,0,1000,0,0,0,86,100,1022738,1297984,0,0,100,100,3194100,250000,10,0,10,0,10,0,0,1053648,10,0,0,0,0,0,0,0,0,3,10,3273942557,2895325052,0,0,4,38,1232817999,0,0,'','I\'m what you wish you could be. ;p',1,19,0,0,0,0,0,0,0,0,'','209.7.181.15','','092d867ad7f2421ec87f5c0d3e28d6f1','','normal','0','normal',60,1232817711,'enabled',5,'enabled','Inbox','',0,0,0,0,'',0,28,99999,99999,68,0,'no',0,1000,164725,'enabled',0,7225126307,53,'enabled',0,'enabled',0,38,99999,0,0,99999,0,0,0,1,99999,99999,99999,99999,99999,99999,0,0,0,99999,99999,99999),(12,'frankf','frankf','skippy','0',367,0,11795356251,1,0,0,0,205250,0,159099,18200,23148,0,100,100,233733,999999,0,0,90,100,0,250000,10,0,10,0,10,0,0,595565,10,0,0,0,0,0,19,22,1,1,4,17251622056,5067667575,0,0,12,17,1232924401,1232552280,89,'','',0,3,0,0,0,0,0,0,0,0,'','99.147.197.176','','969861d22228fcc355bdce77429591ee','','normal','0','normal',60,1232924212,'enabled',5,'enabled','Global Ranks','',0,0,0,0,'',0,11,99999,99999,57,50,'no',0,200,205250,'enabled',0,19484994556,35,'enabled',0,'enabled',0,24,99999,0,0,99999,0,0,0,2,99999,99999,99999,99999,99999,99999,0,6000,0,99999,99999,99999),(13,'Taken','taken','illini1','0',0,0,2,0,0,0,0,146680,0,29101,0,0,0,91,100,857156,1362759,0,0,100,100,655620,250000,0,0,63674,0,0,0,0,3000000,10,0,0,0,0,0,21,21,0,2,3,2252753915,0,0,0,9,42,1232924400,0,0,'','',0,3,0,0,0,0,0,0,0,0,'','75.121.64.51','','94e55eb1381385d73979aeea6872f437','','normal','0','normal',25,1232923872,'enabled',5,'enabled','CuseBallers Family','',0,0,0,0,'',0,31,99999,99999,9,88000,'no',0,29101,146680,'enabled',0,13502753915,42,'enabled',0,'enabled',0,29,99999,0,0,99999,0,0,0,1,99999,99999,99999,99999,99999,99999,0,0,0,99999,99999,99999),(14,'CK','regis10940','bitches','0',596,0,9515831864,1,0,0,0,405585,0,295978,0,0,0,52,100,0,49350,0,0,90,100,0,250000,0,0,0,0,10,0,0,40002443,10,0,0,0,0,0,1,1,11,1,2,62910343710,52692800796,0,0,5,6,1232924404,1232369184,72,'','Soon enough.....\r<br>\r<br>Time To Spend Turns Like An Idiot :D',0,28,0,0,0,0,0,0,0,0,'','76.15.16.128','','9c34b5617e390b4cec078cb31fec6a9e','','normal','0','normal',60,1232923984,'enabled',5,'enabled','attacking DK','',0,0,0,0,'',0,4,99999,99999,47,29743,'yes',0,295,405585,'enabled',0,212919508710,5,'enabled',0,'enabled',5000000000,2,99999,0,0,99999,0,0,0,3,99999,99999,99999,99999,99999,99999,0,55000,0,99999,99999,99999),(15,'BEST_BUDDY','osva991','airija','0',362,0,168,100,0,0,0,0,0,0,0,0,0,0,100,433625,432938,0,0,0,100,321424,250000,10,0,10,0,0,0,0,11687510,10,0,0,0,0,0,5,5,12,2,3,13458126182,13454766379,0,0,4,21,1232923120,1232912860,40,'','',0,4,0,0,0,0,0,0,0,0,'','86.41.143.99','','db654783c783251dbf619cd457a42c3d','','normal','0','normal',60,1232922940,'enabled',5,'enabled','CuseBallers Family','',0,0,0,0,'Underboss',0,14,99999,99999,21,20772,'no',0,0,0,'enabled',0,57286288682,17,'enabled',0,'enabled',0,11,99999,0,0,99999,0,0,0,1,99999,99999,99999,99999,99999,99999,0,0,0,99999,99999,99999),(16,'3L1T3_L3G3ND','osama','ugotdone','0',800,0,2797,10,0,0,0,130703,0,81600,0,0,0,100,100,326758,326758,0,0,100,100,285600,250000,10,0,10,0,0,0,0,3462466,10,0,0,0,0,0,0,0,15,2,5,325630799,110534070,0,0,13,63,1232916889,1232397473,22,'','',0,10,0,0,1,0,0,0,0,0,'','94.192.109.45','','28aa7be3c2b314772727cecedd96ff0a','','supporter','0','normal',60,1232905080,'enabled',5,'enabled','Whosonline','',0,0,0,0,'',0,99999,14,19,99999,55,'no',0,81600,130703,'enabled',0,13309878299,43,'enabled',0,'enabled',0,99999,14,0,0,99999,0,0,0,1,99999,99999,99999,99999,99999,99999,0,0,0,99999,99999,99999),(17,'Veritas','Khair','wassupk','0',405,0,2053,100,86275,111100,0,0,0,0,250,400,0,86,100,1761169,3350730,0,0,100,100,3972500,250000,10,0,10,0,10,0,0,3577329,10,0,0,0,0,0,0,0,2,4,1,5655824051,5189564639,0,0,3,31,1232916025,1232410308,22,'','',0,0,0,0,18,0,0,0,0,0,'','201.160.152.147','','dc8d242c0f017aced9ec4925ffd42cfd','','normal','0','normal',60,1232914317,'enabled',5,'enabled','Main Menu','',0,0,0,0,'',0,23,99999,99999,48,90,'no',0,650,197375,'enabled',0,19070811551,36,'enabled',0,'enabled',0,25,99999,0,0,99999,0,0,0,2,99999,99999,99999,99999,99999,99999,0,95,0,99999,99999,99999),(18,'mbnasty','MBNasty','akforty7','0',3000,0,3802,0,0,0,0,208200,0,144126,21500,29375,0,100,100,815573,1259733,0,0,100,100,751994,250000,0,0,0,0,10,0,0,9738892,10,0,0,0,0,0,0,0,3,1,3,3680232644,3294862594,0,0,21,37,1232838670,1232413791,22,'','',0,17,0,0,4,0,0,0,0,0,'','98.109.5.173','','080cad1a12fb0a12d5aa79ceffd87d51','','normal','0','normal',60,1232838583,'enabled',5,'enabled','CuseBallers Family','',0,0,0,0,'Underboss',0,27,99999,99999,27,9185,'no',0,195001,208200,'enabled',2,40201081394,24,'enabled',0,'enabled',0,16,99999,0,0,99999,0,0,0,2,99999,99999,99999,99999,99999,99999,0,9000,0,99999,99999,99999),(19,'Lady_M','Lady_Madonna','queenb','0',1747,0,1562,0,0,0,0,175138,0,50721,0,0,0,93,100,437845,437845,0,0,100,100,177524,250000,10,0,10,0,10,0,0,1700297,10,0,0,0,0,0,0,0,18,4,1,228663538,0,0,0,9,69,1232924441,1232498010,87,'','',0,51,0,0,23,0,0,0,0,0,'','68.80.26.173','','125c6e1e8bccf8a51074bd3f3d1d7181','','supporter','0','normal',60,1232886939,'enabled',5,'enabled','Main Menu','',0,0,0,0,'',0,99999,19,13,99999,25558,'no',0,50721,175138,'enabled',5,6604781038,57,'enabled',0,'enabled',0,99999,17,0,0,99999,0,0,0,1,99999,99999,99999,99999,99999,99999,0,0,0,99999,99999,99999),(20,'Fried','East_1999','wzt21a','0',99,0,17344371828,10,177383,217671,0,1,0,0,5000,7000,0,87,100,426671,1016669,0,0,100,100,1527254,250000,0,0,0,0,10,0,0,7904751,10,0,0,0,2,0,7,7,6,1,2,30742078388,12503320366,0,0,8,11,1232924404,1232923057,15,'','',0,1,0,0,0,0,0,0,0,0,'','216.144.44.79','','840b194932da22c7e5c70c3fb7a7a439','','normal','0','normal',60,1232924382,'enabled',5,'enabled','attacking PuNkD','',0,0,0,0,'',0,8,99999,99999,40,178,'no',0,12,393015,'enabled',0,60384898388,16,'enabled',0,'enabled',0,10,99999,0,0,99999,0,0,0,1,99999,99999,99999,99999,99999,99999,0,0,0,99999,99999,99999),(21,'msj','thebeast7191','088950','0',595,0,2761,0,0,0,0,159743,0,44442,0,0,0,93,100,399358,399358,0,0,100,100,187705,250000,0,0,0,0,0,0,0,7870821,10,0,0,0,0,0,0,0,34,1,4,8049323694,7842787681,0,0,16,27,1232926059,1232913517,40,'','',0,14,1,0,7,0,0,0,0,0,'','75.161.209.51','','50728a1a354a03afc64fa31587b43fa7','','supporter','0','normal',60,1232911419,'enabled',5,'enabled','Main Menu','',0,0,0,0,'',0,99999,8,11,99999,49563,'no',0,44442,159743,'enabled',0,37564902444,28,'enabled',0,'enabled',700000000,99999,10,0,0,99999,0,0,0,2,99999,99999,99999,99999,99999,99999,0,9000,0,99999,99999,99999),(22,'Meat_VenSenson','MeatMan03','samdaman2','0',0,0,0,0,54769,60230,0,3200,0,1700,250,350,0,86,100,2983283,2300439,0,0,100,100,1183451,250000,1,0,0,0,30,0,0,42272,10,0,0,0,0,0,0,32,14,5,4,277202554,0,0,0,8,65,1232924400,1232419173,30,'','last round. fuck all u bitches who couldn\'t touch me. Elite_Mafia outranks all other \"free\" families and \"free\" players. All others had to use account turns or spend big money to compete. bunch of pussies.',0,42,0,0,0,0,0,0,0,0,'','138.89.241.136','','e5822f2c4701b43816a498b1288d4dd4','','supporter','0','normal',25,1232924398,'enabled',5,'enabled','Global Ranks','',0,0,0,0,'',0,99999,16,3,99999,496679,'yes',0,2,117899,'enabled',0,435733804,79,'enabled',0,'enabled',1200000000,99999,24,0,0,99999,0,0,0,2,99999,99999,99999,99999,99999,99999,0,29000,0,99999,99999,99999),(23,'NOTORIOUS','codyh_23','137115c','0',2533,0,4632,0,0,0,0,115000,0,76171,0,0,0,100,100,1605557,2222222,0,0,100,100,1939680,250000,10,0,10,0,10,0,0,1694234,10,0,0,0,0,0,0,3,0,4,10,1378440467,1170892392,0,0,5,47,1232922189,0,0,'','',0,1,0,0,0,0,0,0,0,0,'','216.220.216.199','','d6eecb3853732441a3a228fdb19093e9','','normal','0','normal',60,1232863348,'enabled',5,'enabled','collecting','',0,0,0,0,'',0,35,99999,99999,22,20479,'no',0,76171,115000,'enabled',0,7731821717,50,'enabled',0,'enabled',0,35,99999,0,0,99999,0,0,0,1,99999,99999,99999,99999,99999,99999,0,0,0,99999,99999,99999),(24,'Lord_Kris','Lord_Kris','qwer111','0',794,0,3763,0,0,0,0,186193,0,129925,4902,7385,0,50,100,0,0,0,0,90,100,0,250000,10,0,10,0,10,0,0,9669377,10,0,0,0,0,0,0,0,9,1,5,2557428323,2234821560,2000,0,23,40,1232905420,1232369114,72,'','',0,2,0,0,1,0,0,0,0,0,'','71.106.231.110','','b3fab57b5cc98585da0860afc1a891a6','','supporter','0','normal',60,1232905403,'enabled',5,'enabled','FeaRLeSS_ArmY Family','',0,0,0,0,'',0,99999,11,16,99999,13254,'no',0,142212,186193,'enabled',0,38817595823,26,'enabled',0,'enabled',0,99999,9,0,0,99999,0,0,0,1,99999,99999,99999,99999,99999,99999,0,0,0,99999,99999,99999),(25,'Stryder','scarface930','magnum','0',4611,0,4074,0,0,0,0,316230,0,212146,32130,79741,0,100,100,1000000,1000000,0,0,100,100,1000000,250000,11,0,10,173026,10,0,0,25080350,10,0,0,0,0,0,0,18,5,4,2,69569111399,40859727675,0,0,1,5,1232924449,1232320455,41,'','making up for the days i missed ;)',0,24,0,0,15,0,0,0,0,0,'','69.136.142.73','','f1ee07bd012db4bbebbe1e3aefc3372d','','normal','0','normal',60,1232827648,'enabled',5,'enabled','Inbox','',0,0,0,0,'',0,3,99999,99999,1,325343,'no',0,324017,316230,'enabled',2,163620427649,8,'enabled',0,'enabled',0,5,99999,0,0,99999,0,0,0,3,99999,99999,99999,99999,99999,99999,0,84900,0,99999,99999,99999),(26,'JoeyGz','intafada923','ghandour','0',3000,0,9032633924,1,0,0,0,130000,0,91000,30000,39000,0,100,100,325000,325000,0,0,100,100,560000,250000,10,0,10,0,10,0,0,290400,10,0,0,0,0,0,0,0,0,2,2,9292015424,0,0,0,6,26,1233381413,0,0,'','',0,6,0,0,16,0,0,0,0,0,'','24.12.197.64','','540cf423c55d97100ffc1744b6cd7aef','','normal','0','normal',60,1232725481,'enabled',5,'enabled','Main Menu','',0,0,0,0,'',0,19,99999,99999,69,0,'no',0,160000,130000,'enabled',3,10381019174,46,'enabled',0,'enabled',0,31,99999,0,0,99999,0,0,0,1,99999,99999,99999,99999,99999,99999,0,0,0,99999,99999,99999),(27,'TheRunningMan','theteacher','dan4carly','0',1675,15000,2568,1,0,0,0,115383,0,0,0,0,0,75,100,288458,288458,0,0,0,100,212690,250000,0,0,0,0,0,0,0,1298707,10,0,0,0,0,0,0,0,33,1,2,117390160,0,2000,0,37,80,1232884148,1232745668,111,'','',0,1,17,0,11,0,0,0,0,0,'','81.156.135.188','','5fb904d1241259fcfdf0aabb83828998','','supporter','0','normal',60,1232884125,'enabled',5,'enabled','Main Menu','',0,0,0,0,'',0,99999,22,18,99999,1050,'no',0,0,115383,'enabled',0,4987541410,58,'enabled',0,'enabled',0,99999,18,0,0,99999,0,0,0,1,99999,99999,99999,99999,99999,99999,0,0,0,99999,99999,99999),(28,'Aero_Las_Rnd','Embryonic','domeness1','0',487,0,2892,0,0,0,0,369137,0,273540,0,0,0,50,100,0,0,0,0,90,100,0,250000,10,0,10,0,0,0,0,35685629,10,0,0,0,0,0,0,0,7,3,2,53597650355,52954628963,0,0,1,8,1232913467,1232386005,60,'','\"TO -MY FRIEND NAME- YOU ROCCKKKK! MISS U BUDDY. i\'M ALSO TAKING OFF - LAS RND BIYATCHESS!',0,6,0,0,1,0,0,0,0,0,'','41.208.11.168','','91a010fc26b3b214d08c6ac9f6439e80','','normal','0','normal',60,1232912684,'enabled',5,'enabled','DarkStalkers Family','',0,0,0,0,'',0,6,99999,99999,55,55,'no',0,273540,369137,'enabled',0,187418759105,6,'enabled',0,'enabled',0,3,99999,0,0,99999,0,0,0,3,99999,99999,99999,99999,99999,99999,0,55000,0,99999,99999,99999),(29,'NOYGDB','trpletrouble','opps123','0',1400,15000,4218,0,0,0,0,229342,0,106225,0,0,0,12,100,0,0,0,0,100,100,352306,250000,0,0,0,0,0,0,0,2850163,10,0,0,0,0,0,0,0,11,3,4,407335463,70355021,2400,0,5,57,1232919647,1232418495,23,'','',0,5,0,0,0,0,0,0,0,0,'','66.142.230.120','','8f918c12e4b8b3f82c3ded0508a78b2b','','normal','0','normal',60,1232895406,'enabled',5,'enabled','Elite_Mafia Family','',0,0,0,0,'Underboss',0,45,99999,99999,29,7585,'no',0,106225,229342,'enabled',0,11095446713,44,'enabled',0,'enabled',0,30,99999,0,0,99999,0,0,0,1,99999,99999,99999,99999,99999,99999,0,0,0,99999,99999,99999),(30,'D0P3','mosconi','marijuana','0',72,0,0,0,0,0,0,105477,0,11311,0,0,0,3,100,0,0,0,0,90,100,0,250000,10,0,10,0,30,0,0,307214,10,0,0,0,0,0,0,19,24,3,1,117129500,0,0,0,10,81,1232924388,1232798910,74,'','Sam aka Meat_vensenson, the worse douchebag of this game :\r<br> D0P3\r<br> Thisismyname\r<br>Friday 13th\r<br>Gods_Hitman\r<br> Lady_M\r<br> FreCKleS\r<br> 3L1T3_L3G3ND\r<br> Bill_the_Butcher\r<br> Death_Reaper\r<br> 8sec\r<br> Aero_Las_Rnd',0,56,0,0,0,0,0,0,0,0,'','66.158.154.143','','2d584450b93d7857a7a85e5b7ec3060a','','supporter','0','normal',60,1232924182,'enabled',5,'enabled','PuNkD profile','',0,0,0,0,'',0,99999,23,2,99999,585110,'yes',0,11,105477,'enabled',0,1269193250,71,'enabled',0,'enabled',0,99999,22,0,0,99999,0,0,0,2,99999,99999,99999,99999,99999,99999,0,19000,0,99999,99999,99999),(31,'LeAudi','Leaudi','mcmjcars','0',1510,0,394,10,0,0,0,70550,0,0,0,0,0,0,100,0,0,0,0,0,100,0,250000,10,0,10,0,10,0,0,1298138,10,0,0,0,21,0,0,0,21,2,5,2361956731,2291064837,0,0,8,41,1232899621,1232923577,13,'','',0,1,21,0,2,0,0,0,0,0,'','71.239.57.143','','e6e2d3d51ea2c0cbc61c03baff230531','','normal','0','normal',60,1232899539,'enabled',5,'enabled','Global Ranks','',0,0,0,0,'',0,30,99999,99999,16,46975,'no',0,0,70550,'enabled',0,7229977981,52,'enabled',0,'enabled',0,37,99999,0,0,99999,0,0,0,1,99999,99999,99999,99999,99999,99999,0,0,0,99999,99999,99999),(32,'Pennywise','suttercain','unsane','0',688,0,469,10,0,0,0,130500,0,109333,6059,38751,0,100,100,1386396,3925125,0,0,100,100,1000000,250000,1,502,23,161,10,0,0,5124008,10,0,0,0,0,0,0,39,0,1,10,1406869617,1084242727,0,0,25,45,1232907879,0,0,'','',0,1,0,0,0,0,0,0,0,0,'','70.107.93.16','','d1e25e9c14a08dae9467049d20cf9837','','normal','0','normal',60,1232907851,'enabled',5,'enabled','Main Menu','',0,0,0,0,'',0,34,99999,99999,5,170314,'no',0,154143,130500,'enabled',0,20621903367,34,'enabled',0,'enabled',0,23,99999,0,0,99999,0,0,0,2,99999,99999,99999,99999,99999,99999,0,6000,0,99999,99999,99999),(33,'Jose_Wales','Jose_Wales','ystno11','0',1065,0,2102,0,18727,22490,0,0,0,0,0,0,0,75,100,654637,289494,0,0,0,100,367717,250000,10,0,10,0,10,0,0,1738024,10,0,0,0,0,0,0,0,9,5,4,95135089,0,0,0,10,86,1232915822,1232912900,40,'','',0,9,0,0,3,0,0,0,0,0,'','78.150.42.179','','34205fc48a7515f96103e5862883138d','','normal','0','normal',60,1232897247,'enabled',5,'enabled','Whosonline','',0,0,0,0,'',0,63,99999,99999,33,1550,'no',0,0,41217,'enabled',0,6612728839,56,'enabled',0,'enabled',0,40,99999,0,0,99999,0,0,0,2,99999,99999,99999,99999,99999,99999,0,9000,0,99999,99999,99999),(34,'LeatherNutz','mcjimmy','mcjimmy','0',3000,15000,0,10,0,0,0,1000,0,1000,0,0,0,100,100,250000,250000,0,0,100,100,250000,250000,10,0,10,0,10,0,0,1000,10,0,0,0,0,0,0,0,0,1,5,0,70355021,2000,0,49,111,1232466707,0,0,'','',1,1,0,0,44,0,0,0,0,0,'','81.159.187.64','','9659c76617ebb008b2fd2e6e43fc4a66','','normal','0','normal',0,0,'enabled',5,'enabled','FeaRLeSS_ArmY Family','',0,0,0,0,'',0,84,99999,99999,70,0,'no',0,1000,1000,'enabled',5,78450271,97,'enabled',0,'enabled',0,71,99999,0,0,99999,0,0,0,1,99999,99999,99999,99999,99999,99999,0,0,0,99999,99999,99999),(35,'Che','che','Hamburg3r','0',3003,0,50004206,0,0,0,0,233700,0,176402,0,0,0,100,100,1060735,1202959,0,0,100,100,1004075,250000,20,0,20,0,10,0,0,320143,10,0,0,0,0,0,0,4,2,1,1,469475118,0,0,0,27,56,1232923101,1232385747,60,'','',0,5,0,0,12,0,0,0,0,0,'','76.65.189.47','','87072e09dbc5ae139c4435529886c2f1','','normal','0','normal',60,1232835616,'enabled',5,'enabled','Main Menu','',0,0,0,0,'',0,44,99999,99999,26,9745,'no',0,176402,233700,'enabled',0,1670015118,64,'enabled',0,'enabled',0,44,99999,0,0,99999,0,0,0,1,99999,99999,99999,99999,99999,99999,0,0,0,99999,99999,99999),(36,'Teflon','wicked','admin','2',1125,0,3048,0,0,0,0,300480,0,46140,3644,11001,0,91,100,751200,751200,0,0,100,100,212748,250000,10,0,10,0,10,0,0,26393477,10,0,0,0,0,0,0,0,18,1,2,18814190453,18456047613,0,0,11,15,1233002302,1232578865,101,'','damn disabled!!',0,7,0,0,11,0,0,0,0,0,'','65.29.14.89','','415be94915514e6df03e5c5f9d3c85c8','','supporter','0','normal',60,1232897204,'enabled',5,'enabled','Main Menu','',0,0,0,0,'',0,99999,5,9,99999,124027,'yes',0,60785,300480,'enabled',0,117789732953,10,'enabled',0,'enabled',0,99999,4,0,0,99999,0,0,0,1,99999,99999,99999,99999,99999,99999,0,0,0,99999,99999,99999),(37,'Elite','Jesus','36361993','0',660,0,6890521557,0,0,0,0,0,0,0,0,0,0,0,100,11176122,12021619,0,0,0,100,15275542,250000,0,0,0,0,0,0,0,33866929,10,0,0,0,33,0,0,0,80,1,4,9951732725,2952868021,0,0,14,23,1232924410,1232924316,20,'','',1,26,7,0,0,0,0,0,0,0,'','90.206.18.25','','1f590035161602bb9dc82e6eb697fe46','','normal','0','normal',60,1232910555,'enabled',5,'enabled','Admin profile','',0,0,0,0,'',0,16,99999,99999,7,119298,'yes',1,0,0,'enabled',0,136952716475,9,'enabled',0,'disabled',0,6,99999,0,0,99999,0,0,0,2,99999,99999,99999,99999,99999,99999,0,26000,0,99999,99999,99999),(38,'KrAzY','zayah','mafia','0',3000,0,4317,10,0,0,0,0,0,0,0,0,0,0,100,0,108196,0,0,0,100,240100,250000,0,0,0,0,0,0,0,17082348,10,0,0,0,18,0,0,0,38,1,5,22385400071,22384110766,0,0,10,14,1232924401,1232924235,12,'','Going for Gold Free',0,154,0,0,0,0,0,0,0,0,'','123.211.251.177','','4d16810200f55cf3a8030673420f907b','','normal','0','normal',60,1232785265,'enabled',5,'enabled','Whosonline','',0,0,0,0,'',0,10,99999,99999,43,113,'yes',0,0,0,'enabled',0,86444205071,11,'enabled',0,'enabled',10000000000,7,99999,0,0,99999,0,0,0,2,99999,99999,99999,99999,99999,99999,0,15000,0,99999,99999,99999),(39,'NamesLastRound','ThisIsMyName','DDNAME','0',490,0,0,0,0,0,0,145483,0,93447,200,10600,0,100,100,601333,736168,0,0,100,100,1064379,250000,10,0,10,0,0,0,0,383151,10,0,0,0,0,0,0,5,7,1,1,251738853,0,0,0,31,67,1232921034,1232912966,40,'','',1,31,0,0,13,0,0,0,0,0,'','62.243.88.110','','86af190d64fcb3bbb1affeca26cab696','','supporter','0','normal',60,1232913959,'enabled',5,'enabled','Main Menu','',0,0,0,0,'Underboss',0,99999,18,10,99999,104396,'no',0,104247,145483,'enabled',0,1688555103,63,'enabled',0,'enabled',0,99999,20,0,0,99999,0,0,0,1,99999,99999,99999,99999,99999,99999,0,0,0,99999,99999,99999),(40,'Tim_Tebow','glockman','CLU091488!','0',723,0,20000705,10,0,0,0,0,0,0,0,0,0,0,100,250000,250000,0,0,0,100,0,250000,10,0,10,0,10,0,0,103602880,10,0,0,0,0,0,70,82,5,1,2,21342205,0,0,0,46,105,1232924932,1232913790,39,'','don\'t bitch...it\'s a mobster game',1,93,0,0,0,0,0,0,0,0,'','68.209.16.202','','000a971ebca8b488f3ba96e2d8f371a4','','supporter','0','normal',60,1232912256,'enabled',5,'enabled','Main Menu','',0,0,0,0,'',0,99999,25,1,99999,993196,'yes',1,0,0,'enabled',0,388532145955,3,'enabled',0,'enabled',3000000000,99999,3,0,0,99999,0,0,0,1,99999,99999,99999,99999,99999,99999,0,0,0,99999,99999,99999),(45,'Buff_Bagwell','Yahway616','monojayz','0',711,0,67,0,0,0,0,0,0,0,0,0,0,0,100,629275,629275,0,0,0,100,0,250000,10,0,10,0,10,0,0,2954359,10,0,0,0,8,0,7,19,36,1,1,2858667,0,0,0,48,107,1232924426,1232914826,50,'','',0,19,0,0,0,0,0,0,0,0,'','75.40.242.44','','69f6edbcd4aff3c55a22281aec1aed06','','supporter','0','normal',60,1232914597,'enabled',5,'enabled','Global Ranks','',0,0,0,0,'',0,99999,26,6,99999,268040,'no',0,0,0,'enabled',0,11081708667,45,'enabled',0,'enabled',0,99999,15,0,0,99999,0,0,0,2,99999,99999,99999,99999,99999,99999,0,2500,0,99999,99999,99999),(50,'Ray_X','Clover','1TBaM','0',1149,0,3614,0,0,0,0,21215,0,0,900,1080,0,88,100,500008,500008,0,0,100,100,6930,250000,1,0,0,0,0,0,0,24447,10,0,0,0,7,0,36,48,16,1,2,24238016,0,3000,0,45,104,1232924572,1232914686,45,'','',0,14,0,0,0,0,0,0,0,0,'','70.82.250.172','','148b8fb49d2466d26814394fff825a59','','normal','0','normal',60,1232916114,'enabled',5,'enabled','Flying_Solo Family','',0,0,0,0,'Underboss',0,80,99999,99999,3,201079,'no',0,1980,21215,'enabled',0,115914266,89,'enabled',0,'enabled',10000000000,64,99999,0,0,99999,0,0,0,1,99999,99999,99999,99999,99999,99999,0,0,0,99999,99999,99999),(41,'DoWn4LiFe','Cisco14','bronx718','0',650,0,3,10,0,0,0,101919,0,58000,0,0,0,100,100,300000,300000,0,0,100,100,300340,250000,10,0,10,0,10,0,0,2476531,10,0,0,0,0,0,0,6,20,2,17,162661863,0,0,0,14,74,1232908799,1232480474,67,'','Need A Fam',0,7,0,1,0,0,0,0,0,0,'','98.111.4.116','','247199dbf9348c66888f1a323a28bd35','','normal','0','normal',60,1232908665,'enabled',5,'enabled','Main Menu','',0,0,0,0,'',0,54,99999,99999,14,58661,'no',0,58000,101919,'enabled',0,9449656863,48,'enabled',0,'enabled',1000000000,33,99999,0,0,99999,0,0,0,1,99999,99999,99999,99999,99999,99999,0,0,0,99999,99999,99999),(42,'Tubaman','Tubaman','directorab','0',1393,0,1393,0,0,0,0,0,0,0,0,0,0,0,100,6525810,62518,0,0,0,100,246655,250000,0,0,0,0,10,0,0,6853413,10,0,0,0,0,0,0,0,13,4,1,5014467955,5006766578,2700,0,4,34,1232921184,1232913007,40,'','',0,5,0,0,13,0,0,0,0,0,'','213.40.114.163','','bec03a683a04265b0d563a774c64caa2','','normal','0','normal',60,1232890901,'enabled',5,'enabled','DarkStalkers Family','',0,0,0,0,'Underboss',0,25,99999,99999,34,1400,'no',0,0,0,'enabled',0,30714770455,31,'enabled',0,'enabled',0,21,99999,0,0,99999,0,0,0,1,99999,99999,99999,99999,99999,99999,0,0,0,99999,99999,99999),(43,'Percy_Harvin','zmac_dre','souths','2',0,0,598536163559,0,0,0,0,1379012,0,1015903,0,0,0,50,100,0,0,0,0,90,100,0,250000,10,0,10,0,10,0,0,242861702,10,0,0,0,0,0,0,0,0,1,2,991831205714,390899785655,0,0,1,1,1232924406,0,0,'','.',0,22,0,0,0,0,0,0,0,0,'','76.69.17.68','','50471b039d096a0592f4fba29b4a850c','','supporter','2','normal',60,1232924344,'enabled',5,'enabled','Global Ranks','',0,0,0,0,'Don\'tAskForInvites',0,99999,1,20,99999,0,'no',0,1,1379012,'enabled',0,1902562591960,1,'enabled',0,'enabled',0,99999,1,0,0,99999,0,0,0,3,99999,99999,99999,99999,99999,99999,0,290001,1,99999,99999,99999),(44,'ROB','rob','walmartmob','0',2881,0,2358,0,0,0,0,280953,0,220556,15366,21372,0,100,100,10000000,10113986,0,0,100,100,10000000,250000,0,0,0,0,10,0,0,2483743,10,0,0,0,0,0,0,0,0,1,5,4276938692,3676716376,5000,0,19,35,1232867502,0,0,'','',2,120,0,0,3,0,0,0,0,0,'','67.11.5.63','','96b95de17ee2822a94516baa68ee9678','','supporter','0','normal',60,1232859762,'enabled',5,'enabled','Main Menu','',0,0,0,0,'Underboss',0,99999,10,21,99999,0,'no',0,257294,280953,'enabled',0,13590978692,41,'enabled',0,'enabled',0,99999,13,0,0,99999,0,0,0,2,99999,99999,99999,99999,99999,99999,0,1000,0,99999,99999,99999),(46,'CBR','plonkey','gogogo','0',3010,0,722,0,0,0,0,55564,0,0,0,0,0,75,100,356750,356750,0,0,0,100,268100,250000,10,0,10,0,0,0,0,6944138,10,0,0,0,0,0,0,0,12,5,1,1405589113,1347183491,1000,0,4,46,1232756480,1232865765,84,'','',3,7,12,0,25,0,0,0,0,0,'','118.208.81.88','','857b6c7d41b5ae3b066395710cbf0c4a','','supporter','0','normal',60,1232746877,'enabled',5,'enabled','spamming D0P3','',0,0,0,0,'',0,99999,12,14,99999,17836,'no',0,0,55564,'enabled',5,27446106613,32,'enabled',0,'enabled',0,99999,11,0,0,99999,0,0,0,2,99999,99999,99999,99999,99999,99999,0,5000,0,99999,99999,99999),(47,'Mr_KillahMic','jhazy','mobster3','0',35,0,0,1,0,0,0,74482,0,17000,0,0,0,6,100,0,0,0,0,0,100,0,250000,0,0,0,0,0,0,0,0,10,0,0,0,0,0,0,0,11,5,1,91482000,0,0,0,11,88,1233152663,1232865537,84,'','',0,10,0,0,0,0,0,0,0,0,'','72.156.238.254','','d4e3b7e5987c0f9623e1bbcb058fc0a9','','supporter','0','normal',60,1232923991,'enabled',5,'enabled','Main Menu','',0,0,0,0,'',0,99999,24,15,99999,15592,'no',0,17,74482,'enabled',0,91482000,94,'enabled',0,'enabled',0,99999,26,0,0,99999,0,0,0,1,99999,99999,99999,99999,99999,99999,0,0,0,99999,99999,99999),(48,'Serj','bigflakedog','monica0201','0',3013,0,3926,0,0,0,0,205773,0,124909,0,0,0,100,100,512933,512933,0,0,100,100,435432,250000,10,0,10,0,0,0,0,8012885,10,0,0,0,0,0,0,0,7,3,2,13661759303,13326938417,3000,0,2,20,1232904198,1232385843,60,'','',0,5,0,0,2,0,0,0,0,0,'','74.132.133.28','','be7285f2b122880d9fec84535ac8650e','','normal','0','normal',60,1232781802,'enabled',5,'enabled','NOYGDB profile','',0,0,0,0,'',0,13,99999,99999,56,55,'no',0,124909,205773,'enabled',0,43710078053,22,'enabled',0,'enabled',0,14,99999,0,0,99999,0,0,0,1,99999,99999,99999,99999,99999,99999,0,0,0,99999,99999,99999),(49,'YaBusyCJ','DaBoiCJ','word2pass','0',2384,15000,2898,0,0,0,0,180436,0,138028,0,0,0,100,100,260710,260710,0,0,86,100,285194,250000,10,0,10,0,10,0,0,148400,10,0,0,0,0,0,0,0,0,3,10,320992014,0,6000,0,7,64,1232905553,0,0,'','CJ The 1Man ARMY\r<br>\r<br>Skool, Friends, Woman\r<br>=\r<br>BusyCJ\r<br>\r<br>Will be active again howeva\r<br>^_^',0,9,0,0,0,0,0,0,0,0,'','71.196.23.16','','93c9ebca589a22408ab0269610e3e28d','','supporter','0','normal',60,1232870299,'enabled',5,'enabled',' Board','',0,0,0,0,'',0,99999,15,22,99999,0,'no',0,138028,180436,'enabled',0,877495764,73,'enabled',0,'enabled',0,99999,23,0,0,99999,0,0,0,1,99999,99999,99999,99999,99999,99999,0,0,0,99999,99999,99999),(51,'Bitter','dangerouscurve','2114','0',0,0,10189008999,0,0,0,0,420575,0,279915,15000,17000,0,100,100,782999,0,0,0,100,100,387214,250000,1,0,0,0,0,0,0,60415000,10,0,0,0,0,0,0,7,1,1,2,57113200190,46205367686,0,0,6,7,1232924405,1232413734,22,'','',0,15,0,0,0,0,0,0,0,0,'','99.245.77.152','','e6456be2b48ebce1b2ea7df8431be743','','normal','0','normal',50,1232924398,'enabled',5,'enabled','Global Ranks','',0,0,0,0,'Underboss',0,5,99999,99999,63,2,'yes',0,311,420575,'enabled',0,283669450190,4,'enabled',0,'enabled',10000000000,1,99999,0,0,99999,0,0,0,3,99999,99999,99999,99999,99999,99999,0,70000,0,99999,99999,99999),(134,'fcol','rockie211','rocket3232','0',3000,15000,0,10,0,0,0,1000,0,1000,0,0,0,100,100,250000,250000,0,0,100,100,250000,250000,10,0,10,0,10,0,0,1000,10,0,0,0,0,0,0,0,0,1,0,0,50000000,2000,0,50,112,1232919867,0,0,'','',1,0,0,0,0,0,0,0,0,0,'','0.0.0.0','','115c7ce6a4ad4b430d3a673413f4bc85','','normal','0','normal',0,0,'enabled',5,'enabled','','',0,0,0,0,'',0,85,99999,99999,71,0,'no',0,1000,1000,'enabled',0,58095250,129,'enabled',0,'enabled',0,102,99999,86400,1232919867,99999,0,0,0,1,99999,99999,99999,99999,99999,99999,0,0,0,99999,99999,99999),(52,'JD','jdurkman01','JWORLD500','0',250,0,9884008754,0,0,0,0,42446,0,24500,0,0,0,14,100,0,0,0,0,0,100,0,250000,10,0,10,0,10,0,2,0,10,0,0,0,0,0,0,9,13,1,3,9951296254,0,0,0,15,24,1232924400,1232913047,40,'','',0,19,0,0,0,0,0,0,0,0,'','68.74.117.25','','f2e0a44ccbfe0391a2a113e0ba859b97','','normal','0','normal',60,1232917929,'enabled',5,'enabled','CuseBallers Family','',0,0,0,0,'',0,17,99999,99999,10,66040,'no',0,24500,42446,'enabled',0,9951303754,47,'enabled',0,'enabled',0,32,99999,0,0,99999,0,0,0,1,99999,99999,99999,99999,99999,99999,0,0,0,99999,99999,99999),(55,'martinsh172','rasma1988','martins172','0',3000,15000,0,10,0,0,0,1000,0,1000,0,0,0,100,100,250000,250000,0,0,100,100,250000,250000,10,0,10,0,10,0,0,1000,10,0,0,0,0,0,0,0,0,3,0,0,70355021,2000,0,19,113,1232321243,0,0,'','',0,0,0,0,0,0,0,0,0,0,'','87.110.98.98','','8a289ca5fd305461bcf517933adf9a09','','normal','0','normal',0,0,'enabled',5,'enabled','Main Menu','',0,0,0,0,'',0,86,99999,99999,72,0,'no',0,1000,1000,'enabled',0,78450271,98,'enabled',0,'enabled',0,72,99999,0,0,99999,0,0,0,1,99999,99999,99999,99999,99999,99999,0,0,0,99999,99999,99999),(54,'DK','DoNkEyKoNg','GUNITX','0',65,0,77353500000,0,0,0,0,300000,0,187344,3600,4980,0,100,100,19065500,19318098,0,0,100,100,27008593,250000,10,0,10,0,0,0,0,475985,10,0,0,0,0,0,0,0,2,1,3,78030529666,0,0,0,4,4,1232927072,1232419328,30,'','',0,8,0,0,0,0,0,0,0,0,'','92.3.231.199','','e0695db23c713df00d94ec4d1f3d132c','','normal','0','normal',60,1232924369,'enabled',5,'enabled','Main Menu','',0,0,0,0,'',0,2,99999,99999,35,575,'yes',0,195,300000,'enabled',0,79815473416,12,'enabled',0,'enabled',0,8,99999,0,0,99999,0,0,0,2,99999,99999,99999,99999,99999,99999,0,2200,0,99999,99999,99999),(86,'grrr_lol','asian','K2g6a7&&','0',3000,15000,0,10,0,0,0,1000,0,1000,0,0,0,100,100,250000,250000,0,0,100,100,250000,250000,10,0,10,0,10,0,0,1000,10,0,0,0,0,0,0,0,0,1,0,0,63814078,2000,0,51,114,1232911556,0,0,'','',0,0,0,0,0,0,0,0,0,0,'','70.24.83.119','','8e512c94d4f21492323e558544cbc186','','normal','0','normal',0,0,'enabled',5,'enabled','Global Ranks','',0,0,0,0,'',0,87,99999,99999,73,0,'no',0,1,1000,'enabled',0,71909328,103,'enabled',0,'enabled',0,77,99999,0,0,99999,0,0,0,1,99999,99999,99999,99999,99999,99999,0,0,0,99999,99999,99999),(53,'Zerox','Phynx','firestorm','0',750,0,3337,0,0,0,0,221500,0,170975,0,0,0,100,100,553750,553750,0,0,100,100,598413,250000,0,0,0,0,0,0,0,10340993,10,0,0,0,0,0,0,0,0,4,4,16762149257,16365062268,0,0,2,18,1232906392,0,0,'','',1,3,0,0,9,0,0,0,0,0,'','78.151.186.104','','a75e78570f275afbf780b27e2eac1802','','supporter','0','normal',60,1232906102,'enabled',5,'enabled','Zerox profile','',0,0,0,0,'Underboss',0,99999,7,23,99999,0,'no',0,170975,221500,'enabled',0,55540873007,18,'enabled',0,'enabled',0,99999,7,0,0,99999,0,0,0,1,99999,99999,99999,99999,99999,99999,0,0,0,99999,99999,99999),(72,'helpski','killerme10','shaun','0',3016,0,9497532,10,0,0,0,0,0,0,9363,24003,0,0,100,17178,0,0,0,48,100,0,250000,0,0,0,0,34861,0,0,985,10,0,0,0,0,0,0,79,9,4,0,26197710,0,0,0,13,103,1232538852,1232369947,65,'','',0,0,0,0,0,0,0,0,0,0,'','81.152.59.252','','35ebe593f0f10ef6eee567b24c0f931d','','normal','0','normal',60,1232538701,'enabled',5,'enabled','helpski profile','',0,0,0,0,'',0,79,99999,99999,8,102788,'no',0,33366,0,'enabled',0,42964335,133,'enabled',0,'enabled',0,106,99999,0,0,99999,0,0,0,1,99999,99999,99999,99999,99999,99999,0,0,0,99999,99999,99999),(57,'PuNkD','GunzAndRoses','candy12','0',0,0,38010590014,10,111633,138670,0,0,0,0,180,200,0,50,100,4168465,0,0,0,2,100,3228265,250000,10,0,0,0,10,0,0,0,10,0,0,0,0,0,0,0,7,1,5,38654655560,70355021,0,0,7,10,1232924399,1232571450,88,'','',0,3,0,0,0,0,0,0,0,0,'','71.255.239.100','','4cd133fe036c90b49ee4d16b8bba6414','','normal','0','normal',20,1232924395,'enabled',5,'enabled','FeaRLeSS_ArmY Family','',0,0,0,0,'',0,7,99999,99999,49,90,'yes',0,380,255369,'enabled',0,38654659310,27,'enabled',0,'enabled',0,18,99999,0,0,99999,0,0,0,1,99999,99999,99999,99999,99999,99999,0,0,0,99999,99999,99999),(56,'FreCKleS','lilmama','t120769','0',0,0,1512802995,1,161584,199220,0,0,0,0,12,13,0,86,100,606987,717621,0,0,100,100,249958,250000,0,0,0,0,10,0,0,2569698,10,0,0,0,0,0,0,0,16,1,1,6200754792,3881779615,0,0,18,30,1232924406,1232915090,50,'','',0,7,0,0,6,0,0,0,0,0,'','98.104.144.166','','e2abd7bcbedbaee12e1f737fb00882c9','','normal','0','normal',60,1232924365,'enabled',5,'enabled','Free Ranks','',0,0,0,0,'',0,22,99999,99999,50,90,'no',0,25,360804,'enabled',0,15837126042,40,'enabled',0,'enabled',0,28,99999,0,0,99999,0,0,0,1,99999,99999,99999,99999,99999,99999,0,0,0,99999,99999,99999),(58,'smattle','smattle','jihad','0',61,0,165654,0,0,0,0,205800,0,168121,0,0,0,57,100,0,80033,0,0,90,100,0,250000,1,0,0,15197,10,0,0,7287849,10,0,0,0,0,0,0,0,3,2,5,17874194121,15030353218,0,0,2,16,1232923056,1232508371,88,'','',0,3,0,0,1,0,0,0,0,0,'','90.191.161.120','','d07269eea1467cea3d04d0cf385c8077','','supporter','0','normal',60,1232923036,'enabled',5,'enabled','Traveling','',0,0,0,0,'WaRRioR',0,99999,6,17,99999,6474,'no',0,168121,205800,'enabled',0,45203631621,21,'enabled',0,'enabled',0,99999,8,0,0,99999,0,0,0,1,99999,99999,99999,99999,99999,99999,0,0,0,99999,99999,99999),(59,'Jacekooschow','jacekooschow','colt45','0',3000,0,1804,100,0,0,0,238006,0,198275,0,0,0,100,100,10120272,10501103,0,0,100,100,10365694,250000,1,0,0,0,0,0,0,3354312,10,0,0,0,0,0,0,15,1,3,3,5586545453,5067174642,6000,0,3,32,1232904682,1232385646,60,'','',0,44,0,0,1,0,0,0,0,0,'','70.226.118.186','','5715d6cc04946245f664242461d56621','','supporter','0','normal',60,1232876693,'enabled',5,'enabled','Main Menu','',0,0,0,0,'Underboss',0,99999,9,8,99999,141101,'no',0,198275,238006,'enabled',2,18165215453,37,'enabled',0,'enabled',0,99999,12,0,0,99999,0,0,0,1,99999,99999,99999,99999,99999,99999,0,0,0,99999,99999,99999),(69,'Sam_Bradford','norcos','family','0',3000,15000,0,10,0,0,0,0,0,0,0,0,0,0,100,105333,18209,0,0,0,100,44275,250000,0,0,0,0,0,0,0,0,10,0,0,0,0,0,0,0,97,1,0,67341842,67004782,2000,0,40,94,1232344400,1232677092,111,'','',2,1,97,1,0,0,0,0,0,0,'','98.160.105.64','','a2765c913235e4e2aaabcfd370e728af','','normal','0','normal',10,1232344374,'enabled',5,'enabled','Making Purchases','',0,0,0,0,'',0,70,99999,99999,54,65,'no',0,0,0,'enabled',0,67341842,112,'enabled',0,'enabled',0,86,99999,86400,1232343842,99999,0,0,0,1,99999,99999,99999,99999,99999,99999,0,0,0,99999,99999,99999),(60,'Zemos','hellspawn','sevenheaven','0',1161,0,248,10,0,0,0,129242,0,52837,0,0,0,96,100,1972708,390353,0,0,100,100,1610067,250000,1,0,0,0,0,100000,0,4099628,10,0,0,0,0,0,0,53,12,4,5,1235979589,1044314656,0,0,6,48,1232905103,1232578398,102,'','Pewpew!',0,51,0,0,1,0,0,0,0,0,'','99.249.209.201','','a63941406fe8e809161dbecb36d6573e','','normal','0','normal',60,1232905008,'enabled',5,'enabled','FeaRLeSS_ArmY Family','',0,0,0,0,'',0,36,99999,99999,4,198123,'yes',0,52837,129242,'enabled',0,16684584589,38,'enabled',0,'enabled',9753285575,26,99999,0,0,99999,0,0,0,2,99999,99999,99999,99999,99999,99999,0,2000,0,99999,99999,99999),(62,'frank_james','ronaldharvey','westside1','0',3000,15000,0,10,0,0,0,1000,0,1000,0,0,0,100,100,250000,250000,0,0,100,100,250000,250000,10,0,10,0,10,0,0,1000,10,0,0,0,0,0,0,0,0,3,0,0,70355021,2000,0,20,115,1232381112,0,0,'','',0,0,0,0,0,0,0,0,0,0,'','76.103.25.201','','80b3d8f4d6a4ca208a460c622775ce48','','normal','0','normal',0,0,'enabled',5,'enabled','Main Menu','',0,0,0,0,'',0,88,99999,99999,74,0,'no',0,1000,1000,'enabled',0,78450271,99,'enabled',0,'enabled',0,73,99999,0,0,99999,0,0,0,1,99999,99999,99999,99999,99999,99999,0,0,0,99999,99999,99999),(61,'POLICE','POLICE','rap17','0',5,0,165886933737,0,0,0,0,388865,0,292755,0,0,0,100,100,692492,796019,0,0,100,100,787743,250000,10,0,10,0,0,0,0,362681,10,0,0,0,0,0,0,0,13,1,2,166575126758,0,0,0,3,3,1232924404,1232369044,72,'','',0,6,0,0,0,0,0,0,0,0,'','196.205.207.42','','26c1fbe20d1ab109d4ac9a208c5f13fe','','normal','0','normal',60,1232924382,'enabled',5,'enabled','Main Menu','',0,0,0,0,'',0,1,99999,99999,58,50,'no',0,292,386125,'enabled',0,167935180508,7,'enabled',0,'enabled',0,4,99999,0,0,99999,0,0,0,2,99999,99999,99999,99999,99999,99999,0,40000,0,99999,99999,99999),(73,'Specdro','Specdro','SurfStile82','0',3000,0,464,0,0,0,0,213146,0,100,0,0,0,86,100,532865,532865,0,0,100,100,536302,250000,0,0,0,0,10,0,0,10314218,10,0,0,0,0,0,0,0,7,5,3,217523132,0,0,0,9,70,1232844335,1232591387,25,'','',0,27,0,0,1,0,0,0,0,0,'','74.79.210.58','','c622f057567507fa29146e891688bf92','','normal','0','normal',60,1232836543,'enabled',5,'enabled','Whosonline','',0,0,0,0,'',0,51,99999,99999,17,43759,'no',0,100,213146,'enabled',2,38895844382,25,'enabled',0,'enabled',0,17,99999,0,0,99999,0,0,0,2,99999,99999,99999,99999,99999,99999,0,15000,0,99999,99999,99999),(63,'KaGe','lullam','lullam','0',3000,0,0,10,57276,69174,0,16270,0,0,0,0,0,75,100,247500,242500,0,0,0,100,245000,250000,0,0,0,0,0,0,0,0,10,0,0,0,0,0,0,0,7,5,0,370118021,70355021,2000,0,7,61,1232333586,1232510859,91,'','',1,0,7,2,0,0,0,0,0,0,'','59.164.41.224','','561eae543d96a49b9e830b09da32c34a','','normal','0','normal',60,1232333531,'enabled',5,'enabled','Main Menu','',0,0,0,0,'',0,48,99999,99999,59,50,'no',0,0,142720,'enabled',0,370118021,82,'enabled',0,'enabled',0,58,99999,0,0,99999,0,0,0,1,99999,99999,99999,99999,99999,99999,0,0,0,99999,99999,99999),(68,'Hmm','Voltage','strong18','0',3010,15000,3741,10,0,0,0,1000,0,1000,0,0,0,100,100,250000,250000,0,0,100,100,250000,250000,10,0,10,0,10,0,0,94111831,10,0,0,0,0,0,0,0,0,1,2,246785501556,246781156315,2000,0,2,2,1232878439,0,0,'','i really don\'t want to even build up this round at all.',0,13,0,0,11,0,0,0,0,0,'','217.163.18.2','','549f81777acb1665e435d9d5ea12d561','','supporter','0','normal',0,0,'enabled',5,'enabled','Supporter Kill Ranks','',0,0,0,0,'',0,48,2,24,46,0,'no',0,1000,1000,'enabled',0,599704871556,2,'enabled',0,'enabled',0,99999,2,0,0,99999,0,0,0,1,99999,99999,99999,99999,99999,99999,0,0,0,99999,99999,99999),(64,'InCoGnItO','scar_face_84','nissan','0',3010,0,1503,0,0,0,0,104010,0,80812,0,0,0,100,100,3195667,0,0,0,90,100,0,250000,10,0,10,0,10,0,0,1382814,10,0,0,0,0,0,0,0,0,1,5,1769402848,1581042178,2000,0,24,44,1232644662,0,0,'','',0,1,0,0,33,0,0,0,0,0,'','199.111.115.73','','46e39435c76db4598e845021afb39ca7','','normal','0','normal',60,1232631916,'enabled',5,'enabled','FeaRLeSS_ArmY Family','',0,0,0,0,'',0,33,99999,99999,75,0,'no',0,80812,104010,'enabled',1,6954959098,55,'enabled',0,'enabled',0,39,99999,0,0,99999,0,0,0,1,99999,99999,99999,99999,99999,99999,0,0,0,99999,99999,99999),(65,'dakota','jdsquires','laci','0',3023,0,1754,0,0,0,0,79992,0,47923,9600,44397,0,50,100,0,0,0,0,100,100,0,250000,0,0,0,0,116229,0,0,984531,10,0,0,0,0,0,0,30,19,1,10,252064340,97149086,0,0,30,66,1232810062,1232385767,60,'','',0,2,0,0,0,0,0,0,0,0,'','72.95.47.229','','09c407bd20bccaf2f9b212085e815e15','','supporter','0','normal',60,1232631034,'enabled',5,'enabled','Main Menu','',0,0,0,0,'',0,24,17,5,1,328187,'no',0,101920,79992,'enabled',0,3987641465,60,'enabled',0,'enabled',0,99999,19,0,0,99999,0,6,0,2,99999,99999,99999,99999,99999,99999,0,6000,0,99999,99999,99999),(66,'AvEnGeD','bigjstud','bigjstud87','0',3000,15000,0,99,0,0,0,0,0,0,0,0,0,0,100,183077,97244,0,0,0,100,133642,250000,0,0,0,0,0,0,0,0,10,0,0,0,0,0,0,0,60,1,0,71364398,70355021,3000,0,39,92,1232392993,1232884837,129,'','',0,0,60,1,0,0,0,0,0,0,'','76.2.89.205','','769add32c7ebbb0d6615e3682a18847b','','normal','0','normal',60,1232392974,'enabled',5,'enabled','Main Menu','',0,0,0,0,'',0,68,99999,99999,60,50,'no',0,0,0,'enabled',0,71364398,108,'enabled',0,'enabled',0,82,99999,0,0,99999,0,0,0,1,99999,99999,99999,99999,99999,99999,0,0,0,99999,99999,99999),(67,'8sec','busaguy','lilguy','0',0,0,12541035751,0,0,0,0,172530,0,108183,0,0,0,50,100,0,0,0,0,90,100,0,250000,10,0,10,0,10,0,0,10474743,10,0,0,0,0,0,0,10,0,2,5,24668541931,11846451680,0,0,1,13,1232924401,0,0,'','',0,42,0,0,0,0,0,0,0,0,'','76.224.14.91','','d6f7e80e16e4cebd67acfc5dc13ee9da','','supporter','0','normal',60,1232924349,'enabled',5,'enabled','Main Menu','',0,0,0,0,'',0,99999,4,25,99999,0,'no',0,107883,172050,'enabled',0,63948831931,15,'enabled',0,'enabled',5000000000,99999,6,0,0,99999,0,0,0,1,99999,99999,99999,99999,99999,99999,0,0,0,99999,99999,99999),(111,'Jake','jake','bestqb12','0',2882,15000,232,10,0,124,68,4093,76,1940,28434,51838,0,86,100,0,638315,0,0,61,100,0,250000,81,6,80,1,105296,0,1052,5868,10,0,0,0,0,0,0,180,0,2,15,66218233,14654906,2000,0,18,95,1232857704,0,0,'','',0,0,0,0,0,0,0,0,0,0,'','67.173.26.50','','5d5cbf351a4d1c639dbe04b732d2167a','','normal','0','normal',60,1232857617,'enabled',5,'enabled','attacking eladg','',0,0,0,0,'',0,71,99999,99999,12,59792,'no',0,82212,4361,'enabled',0,129681733,86,'enabled',0,'enabled',0,61,99999,0,0,99999,0,0,0,1,99999,99999,99999,99999,99999,99999,0,0,0,99999,99999,99999),(70,'Grim','bangbang','bangbang','0',50,0,738,0,0,0,0,146592,0,101695,4600,8050,0,100,100,366480,366480,0,0,100,100,400208,250000,10,0,10,0,10,0,0,12029879,10,0,0,0,0,0,0,0,0,2,1,5454922149,5196901159,0,0,7,33,1232924328,0,0,'','',0,9,0,0,1,0,0,0,0,0,'','78.146.82.114','','5fc3a11f0bf99b45249de5aa9d74deec','','normal','0','normal',60,1232923073,'enabled',5,'enabled','Main Menu','',0,0,0,0,'Underboss',0,24,99999,99999,76,0,'no',0,114345,146592,'enabled',0,50566972149,19,'enabled',0,'enabled',0,12,99999,0,0,99999,0,0,0,2,99999,99999,99999,99999,99999,99999,0,6000,0,99999,99999,99999),(71,'mast','chelsea12','briana','0',1625,15000,0,10,101692,119864,0,0,0,0,0,0,0,75,100,247500,242500,0,0,0,100,245000,250000,0,0,10,0,10,0,0,0,10,0,0,0,0,0,0,0,13,4,4,563242782,67004782,0,0,7,52,1232884893,1232578477,102,'','',0,0,0,0,15,0,0,0,0,0,'','91.176.233.135','','02dd06d7da1d01f35e7e8fd071aeed29','','normal','0','normal',60,1232884893,'enabled',5,'enabled','Recruiting','',0,0,0,0,'',0,40,99999,99999,51,90,'no',0,0,221556,'enabled',0,563246532,77,'enabled',0,'enabled',0,54,99999,0,0,99999,0,0,0,1,99999,99999,99999,99999,99999,99999,0,0,0,99999,99999,99999),(75,'eladg','eladg23','a3511g','0',3000,15000,0,10,0,0,0,31000,0,22702,0,0,0,100,100,250000,250000,0,0,0,100,250000,250000,10,0,10,0,0,0,0,0,10,0,0,0,0,0,0,0,3,2,10,123048282,67004782,2000,0,15,79,1232915218,1232857691,111,'','',0,0,0,0,0,0,0,0,0,0,'','77.127.252.229','','3ac2eecaa68348ea2e59acdc1911036c','','normal','0','normal',60,1232486480,'enabled',5,'enabled','Main Menu','',0,0,0,0,'',0,58,99999,99999,61,50,'no',0,22702,31000,'enabled',0,123048282,87,'enabled',0,'enabled',0,62,99999,0,0,99999,0,0,0,1,99999,99999,99999,99999,99999,99999,0,0,0,99999,99999,99999),(74,'RezFingaz','whiteboy0679','bruno','0',3006,0,291,10,24000,27000,0,1000,0,0,0,0,0,75,100,1147600,1161000,0,0,0,100,3183841,250000,10,0,10,0,10,0,0,312544,10,0,0,0,0,0,0,22,14,3,9,132707755,0,0,0,9,78,1232893284,1232814698,123,'','',0,5,0,0,0,0,0,0,0,0,'','99.239.214.226','','3e80d0caf079d7b82fbadb8d111f75e4','','supporter','0','normal',60,1232798985,'enabled',5,'enabled','spamming GOTTI_GIRL','',0,0,0,0,'',0,99999,21,4,99999,343775,'no',0,0,52000,'enabled',0,1304751505,69,'enabled',0,'enabled',0,99999,21,0,0,99999,0,0,0,2,99999,99999,99999,99999,99999,99999,0,2500,0,99999,99999,99999),(76,'Bill_the_Butcher','Mad_Hatter','oscar4','0',30,0,26693208828,0,0,0,0,239109,0,154144,0,0,0,50,100,0,0,0,0,0,100,0,250000,10,0,10,0,0,0,0,0,10,0,0,0,1,0,0,0,3,1,5,27086803328,0,0,0,9,12,1232924414,1232924296,14,'','',0,54,0,0,0,0,0,0,0,0,'','198.164.243.91','','f49ba63faaab546d618190ff4b15fa80','','normal','0','normal',60,1232924367,'enabled',5,'enabled','Global Ranks','',0,0,0,0,'',0,9,99999,99999,62,575,'no',0,154,238615,'enabled',0,27086803328,33,'enabled',0,'enabled',0,22,99999,0,0,99999,0,0,0,1,99999,99999,99999,99999,99999,99999,0,0,0,99999,99999,99999),(79,'ROCK3T','abutton91','iloveyou','0',3000,15000,110,10,0,0,0,60875,0,9582,0,0,0,90,100,250000,250000,0,0,0,100,250000,250000,0,0,0,0,0,0,0,0,10,0,0,0,0,0,0,0,14,3,4,72457110,0,0,0,13,90,1232415207,1232714516,111,'','',1,2,14,0,31,0,0,0,0,0,'','75.68.152.82','','893ce1376be989536efed97a28078268','','normal','0','normal',60,1232414095,'enabled',5,'enabled','Main Menu','',0,0,0,0,'',0,66,99999,99999,36,553,'no',0,9582,60875,'enabled',0,72457110,102,'enabled',0,'enabled',0,76,99999,0,0,99999,0,0,0,1,99999,99999,99999,99999,99999,99999,0,0,0,99999,99999,99999),(77,'burningarrows','burningarrows','apple123','0',3000,15000,0,10,0,0,0,1000,0,1000,0,0,0,100,100,250000,250000,0,0,100,100,250000,250000,10,0,10,0,10,0,0,1000,10,0,0,0,0,0,0,0,0,1,0,0,67004782,2000,0,52,116,1232392462,0,0,'','',1,0,0,0,0,0,0,0,0,0,'','86.157.162.236','','ecd4e6e0d8f99f3463852c129dd15d0e','','normal','0','normal',0,0,'enabled',5,'enabled','Recruiting','',0,0,0,0,'',0,89,99999,99999,77,0,'no',0,1000,1000,'enabled',0,75100032,100,'enabled',0,'enabled',0,74,99999,86400,1232392360,99999,0,0,0,1,99999,99999,99999,99999,99999,99999,0,0,0,99999,99999,99999),(78,'island','maynarde','maynardetse','0',3000,15000,0,10,0,0,0,1000,0,1000,0,0,0,100,100,250000,250000,0,0,100,100,250000,250000,10,0,10,0,10,0,0,1000,10,0,0,0,0,0,0,0,0,4,0,0,67004782,2000,0,14,117,1232392829,0,0,'','',0,0,0,0,0,0,0,0,0,0,'','96.28.72.125','','b60ec275c5e17d2c98fea084399ec3a6','','normal','0','normal',0,0,'enabled',5,'enabled','Main Menu','',0,0,0,0,'',0,90,99999,99999,78,0,'no',0,1000,1000,'enabled',0,75100032,101,'enabled',0,'enabled',0,75,99999,0,0,99999,0,0,0,1,99999,99999,99999,99999,99999,99999,0,0,0,99999,99999,99999),(80,'ViolentJ','ViolentJ','master2006','0',3015,0,4565,0,0,0,0,183400,0,117104,0,0,0,100,100,1391645,456445,0,0,100,100,2182336,250000,10,0,10,0,10,0,0,240811,10,0,0,0,0,0,0,0,1,3,5,379345171,67004782,0,0,6,60,1233287272,1232402669,59,'','silver?',0,17,0,0,0,0,0,0,0,0,'','68.81.209.29','','e0fa3d8e798d2b71f0037964de6a3de3','','normal','0','normal',60,1232784034,'enabled',5,'enabled','Main Menu','',0,0,0,0,'',0,47,99999,99999,28,8730,'no',0,117104,183400,'enabled',0,1282390171,70,'enabled',0,'enabled',0,49,99999,0,0,99999,0,6,0,1,99999,99999,99999,99999,99999,99999,0,0,0,99999,99999,99999),(81,'GOTTI_GIRL','Gotti_Girl','nopass2008','0',15,0,6854140579,10,0,0,0,141080,0,108110,8000,14000,0,50,100,0,0,0,0,90,100,0,250000,1,0,0,0,0,0,0,213223,10,0,0,0,0,0,0,0,0,1,5,7114332229,0,0,0,17,28,1232924400,0,0,'','',0,2,0,0,0,0,0,0,0,0,'','74.129.81.209','','ea46fa9dd6aa2c24be749e2fb959bca6','','normal','0','normal',60,1232924390,'enabled',5,'enabled','FeaRLeSS_ArmY Family','',0,0,0,0,'',0,20,99999,99999,79,0,'no',0,127100,135200,'enabled',0,7913918479,49,'enabled',0,'enabled',1000000000,34,99999,0,0,99999,0,0,0,1,99999,99999,99999,99999,99999,99999,0,0,0,99999,99999,99999),(83,'Mafia_Inc','utopiajj','jmoney','0',3001,0,623,1,0,0,0,127486,0,117446,13826,19820,0,100,100,1994368,7394055,0,0,100,100,4633939,250000,10,0,10,0,10,0,0,1785819,10,0,0,0,0,0,0,14,0,1,1,392926496,88117084,0,0,28,59,1232771034,0,0,'','',0,0,0,0,24,0,0,0,0,0,'','70.94.13.47','','0018f30a0b8bdda0e6effc71eaa206ef','','supporter','0','normal',60,1232771001,'enabled',5,'enabled','DarkStalkers Family','',0,0,0,0,'',0,99999,13,26,99999,0,'no',0,151092,127486,'enabled',5,7089751496,54,'enabled',0,'enabled',0,99999,16,0,0,99999,0,0,0,1,99999,99999,99999,99999,99999,99999,0,0,0,99999,99999,99999),(82,'PEJ','Jaie','xxxxxxx','0',3000,15000,0,10,0,0,0,1000,0,1000,0,0,0,100,100,250000,250000,0,0,100,100,250000,250000,10,0,10,0,10,0,0,1000,10,0,0,0,0,0,0,0,0,4,0,0,63814078,2000,0,15,118,1232435708,0,0,'','',0,0,0,0,0,0,0,0,0,0,'','209.255.35.162','','ca3867c369ffffdd20d60e84143ad05f','','normal','0','normal',0,0,'enabled',5,'enabled','Options','',0,0,0,0,'',0,91,99999,99999,80,0,'no',0,1000,1000,'enabled',0,71909328,104,'enabled',0,'enabled',0,78,99999,0,0,99999,0,0,0,1,99999,99999,99999,99999,99999,99999,0,0,0,99999,99999,99999),(132,'BJ','bj2006','samuraj44','0',3024,15000,0,10,4,7,0,1000,0,1000,0,0,0,100,100,250000,250000,0,0,100,100,250000,250000,10,0,10,0,10,0,0,1000,10,0,0,0,0,0,0,0,0,4,0,54365500,50000000,2000,0,12,102,1232908353,0,0,'','',0,0,0,0,0,0,0,0,0,0,'','153.5.60.179','','16ee3f4147ea1247856b650df4a242b2','','normal','0','normal',1,1232908262,'enabled',5,'enabled','Recruiting','',0,0,0,0,'',0,78,99999,99999,81,0,'no',0,1000,1011,'enabled',0,58119250,127,'enabled',0,'enabled',0,101,99999,86400,1232907841,99999,0,0,0,1,99999,99999,99999,99999,99999,99999,0,0,0,99999,99999,99999),(84,'die','doreenkenidy','dorken89','0',2425,0,32288018,10,4525,5075,4500,113824,4750,82409,39374,64954,0,100,100,2366035,2335023,0,0,100,100,1754628,250000,30,96,30,762,30010,0,145149,211322,10,0,0,0,0,0,0,19,0,5,9,493920081,38288447,0,0,5,54,1232866014,0,0,'','',0,0,0,0,0,0,0,0,0,0,'','124.82.112.164','','f368afd3bb1f3fb16d3e530d10e4870a','','normal','0','normal',39,1232865861,'enabled',5,'enabled','GOTTI_GIRL profile','',0,0,0,0,'',0,42,99999,99999,6,159906,'no',0,186737,132674,'enabled',0,1569785706,65,'enabled',0,'enabled',0,45,99999,0,0,99999,0,0,0,1,99999,99999,99999,99999,99999,99999,0,0,0,99999,99999,99999),(87,'KIlltheworld','davidt','killer1','0',3007,1000,388224861,0,0,0,0,0,0,20196,14129,15272,0,0,100,2500,79722,0,0,90,100,0,250000,20,0,10,0,10,0,0,120671,10,0,0,0,0,0,0,28,1,4,0,487535105,63814078,2000,0,8,55,1232569794,1232513920,23,'','',0,0,0,0,0,0,0,0,0,0,'','68.61.165.49','','0ba3f2d1f8a121e31fe9ed35f6627eff','','normal','0','normal',60,1232539443,'enabled',5,'enabled','Attack','',0,0,0,0,'',0,43,99999,99999,18,41871,'no',0,49597,0,'enabled',0,940055105,72,'enabled',0,'enabled',0,50,99999,0,0,99999,0,0,0,1,99999,99999,99999,99999,99999,99999,0,0,0,99999,99999,99999),(85,'THEGAME','4849','yomama1','0',3018,0,136492,10,0,0,0,1000,0,809,122101,167354,0,100,100,500000,1119228,0,0,49,100,149284,250000,10,0,10,0,10,155500,0,94243,10,0,0,0,0,0,0,8,1,1,0,151469312,0,2000,0,36,77,1232459585,1232667341,110,'','',0,0,1,1,0,0,0,0,0,0,'','74.177.10.40','','b99b97f648777161cb2bc965d1a7e21a','','normal','0','normal',60,1232459102,'enabled',5,'enabled','Global Ranks','',0,0,0,0,'',0,57,99999,99999,20,25480,'no',0,290264,1000,'enabled',0,621509312,75,'enabled',0,'enabled',0,52,99999,0,0,99999,0,0,0,2,99999,99999,99999,99999,99999,99999,0,10000,0,99999,99999,99999),(98,'GANGSTA','el_playa','elplaya','0',3000,0,0,10,66288,84683,0,2,0,0,0,0,0,50,100,495115,0,0,0,0,100,241950,250000,10,0,10,0,10,0,0,10000,10,0,0,0,0,0,0,0,2,5,11,397667727,60775312,2000,0,6,58,1232573406,1232865379,84,'','',0,0,2,1,0,0,0,0,0,0,'','75.189.140.43','','59b2abbddf03496cef903dadc3868dce','','normal','0','normal',2,1232573106,'enabled',5,'enabled','Main Menu','',0,0,0,0,'',0,46,99999,99999,52,90,'no',0,0,150973,'enabled',0,435171477,80,'enabled',0,'enabled',0,56,99999,86400,1232572203,99999,0,0,0,2,99999,99999,99999,99999,99999,99999,0,2000,0,99999,99999,99999),(118,'ViLJuSKa','tomzl','testing','0',3000,15000,0,10,0,0,0,1000,0,1000,0,0,0,100,100,250000,250000,0,0,100,100,250000,250000,10,0,10,0,10,0,0,1000,10,0,0,0,0,0,0,0,0,1,0,0,55125000,2000,0,53,119,1232726925,0,0,'','',0,0,0,0,0,0,0,0,0,0,'','89.212.201.25','','6291b2d903d3e5268c41f7bc70f6cedd','','normal','0','normal',0,0,'enabled',5,'enabled','No_Mercy Family','',0,0,0,0,'',0,92,99999,99999,82,0,'no',0,1,1000,'enabled',0,63220250,121,'enabled',0,'enabled',0,95,99999,0,0,99999,0,0,0,1,99999,99999,99999,99999,99999,99999,0,0,0,99999,99999,99999),(88,'Sir_Ithimus','freakaziod627','patrick','0',350,0,4868,7,0,19369,2278,24265,8027,2550,7625,7625,0,94,100,3366897,9980641,0,0,100,100,8703193,250000,2500,1000,1000,536,1000,1000,5000,35396,10,0,0,0,0,0,0,8,54,1,0,368774038,63814078,0,0,29,62,1232915769,1232858305,119,'','',1,2,0,0,0,0,0,0,0,0,'','207.172.192.206','','dab937ca8a52e6d1391b71e90da4d1e0','','normal','0','normal',60,1232915636,'enabled',5,'enabled','Main Menu','',0,0,0,0,'',0,49,99999,99999,31,5796,'no',0,17800,53939,'enabled',0,512009038,78,'enabled',0,'enabled',0,55,99999,0,0,99999,0,0,0,1,99999,99999,99999,99999,99999,99999,0,0,0,99999,99999,99999),(101,'Tony_2_Trigger','tacobell71690','tacobell1','0',300,0,3760,0,0,0,0,150560,0,0,0,0,0,75,100,376400,376400,0,0,0,100,247731,250000,0,0,0,0,10,175000,0,8052481,10,0,0,0,1,0,0,1,12,1,10,10490445008,10337384724,0,0,13,22,1232918749,1232922169,12,'','Looking for a family.',1,9,1,0,0,0,0,0,0,0,'','72.129.134.76','','64b5dd46b843f200fe269cbe246c3504','','normal','0','normal',60,1232917080,'enabled',5,'enabled','Main Menu','',0,0,0,0,'',0,15,99999,99999,19,30609,'no',0,0,150560,'enabled',0,40818502508,23,'enabled',0,'enabled',0,15,99999,0,0,99999,0,0,0,2,99999,99999,99999,99999,99999,99999,0,19000,0,99999,99999,99999),(93,'ButtLicker','ShadePilot','bobafett','0',3012,15000,0,10,0,0,0,9082,0,0,0,0,0,75,100,233017,201996,0,0,0,100,217031,250000,0,0,0,0,0,0,0,0,10,0,0,0,0,0,0,0,61,3,0,71564441,60775312,2000,0,14,91,1232541565,1232897524,129,'','',0,0,61,0,0,0,0,0,0,0,'','146.115.26.44','','a9d87420cc47edaab83de5554d02368c','','normal','0','normal',60,1232541441,'enabled',5,'enabled','Attack','',0,0,0,0,'',0,67,99999,99999,42,114,'no',0,0,9082,'enabled',0,71564441,107,'enabled',0,'enabled',0,81,99999,0,0,99999,0,0,0,1,99999,99999,99999,99999,99999,99999,0,0,0,99999,99999,99999),(89,'DIFFRENTMASSKILLER','masskiller','yellow','0',8811,0,1253,0,0,0,0,83113,0,0,0,0,0,5,100,3842,11525,0,0,0,100,6383,250000,10,0,10,0,10,0,0,3539894,10,0,0,0,0,0,0,11,6,1,3,2569802096,2486282394,0,0,22,39,1232924948,1232826163,32,'','Safe Balance: $ 2,147,744,212 \r<br>and no i am not buying and selling aks',0,20,0,0,0,0,0,0,0,0,'','216.197.178.146','','c693b1931cc7b8640fb87a8c86a66383','','normal','0','normal',60,1232685687,'enabled',5,'enabled','Main Menu','',0,0,0,0,'',0,29,99999,99999,23,18815,'no',0,0,83113,'enabled',0,15844408346,39,'enabled',0,'enabled',0,27,99999,0,0,99999,0,0,0,1,99999,99999,99999,99999,99999,99999,0,0,0,99999,99999,99999),(90,'Santana','drugsmanbob','yapjack','0',3000,15000,3636002,0,0,0,0,52000,0,34887,0,0,0,100,100,453778,471111,0,0,100,100,462000,250000,10,0,10,0,10,0,0,66100,10,0,0,0,0,0,0,0,2,2,4,94579613,0,2800,0,17,87,1232579120,1232814388,111,'','',1,1,1,0,23,0,0,0,0,0,'','72.252.36.85','','76b4431c9df05cb672354e314c5078dd','','normal','0','normal',60,1232510365,'enabled',5,'enabled','Main Menu','',0,0,0,0,'',0,64,99999,99999,32,3420,'no',0,34887,52000,'enabled',0,342458363,83,'enabled',0,'enabled',0,59,99999,0,0,99999,0,0,0,1,99999,99999,99999,99999,99999,99999,0,0,0,99999,99999,99999),(113,'HawkDraco','HawkDraco','jamie69','0',3000,15000,0,10,5000,8000,0,6000,0,5000,4000,7000,0,93,100,250000,250000,0,0,24,100,250000,250000,10,0,10,0,10,0,0,1000,10,0,0,0,0,0,0,0,0,3,0,105222750,57881250,2000,0,11,83,1232672017,0,0,'','',0,0,0,0,0,0,0,0,0,0,'','64.91.20.173','','5a0561c8efce422a481d5e2685f0f613','','normal','0','normal',60,1232672005,'enabled',5,'enabled','Making Purchases','',0,0,0,0,'',0,60,99999,99999,83,0,'no',0,16000,19000,'enabled',0,108976500,90,'enabled',0,'enabled',0,65,99999,86400,1232671795,99999,0,0,0,1,99999,99999,99999,99999,99999,99999,0,0,0,99999,99999,99999),(122,'bos4','bos4','fraj070','0',3000,15000,0,10,0,0,0,1000,0,1000,0,0,0,100,100,250000,250000,0,0,100,100,250000,250000,10,0,10,0,10,0,0,1000,10,0,0,0,0,0,0,0,0,5,0,0,52500000,2000,0,14,120,1232812011,0,0,'','',1,0,0,0,0,0,0,0,0,0,'','89.143.55.92','','3c0042bccf1ffc34267e8f2823373a36','','normal','0','normal',0,0,'enabled',5,'enabled','Main Menu','',0,0,0,0,'',0,93,99999,99999,84,0,'no',0,1000,1000,'enabled',0,60595250,123,'enabled',0,'enabled',0,97,99999,86400,1232811970,99999,0,0,0,1,99999,99999,99999,99999,99999,99999,0,0,0,99999,99999,99999),(91,'andyj','andyjones','23456789','0',2888,0,3,10,0,0,0,86650,0,74725,74113,89683,0,100,100,359721,4381818,0,0,100,100,1086618,250000,93,0,0,6334,0,0,0,253322,10,0,0,0,0,0,0,9,0,5,17,1844859507,554306407,2000,0,3,43,1232855105,0,0,'','',1,1,0,0,0,0,0,0,0,0,'','78.152.239.237','','81b38fdf23c04f3c68ea54e2e2a30ed3','','normal','0','normal',60,1232854986,'enabled',5,'enabled','Global Ranks','',0,0,0,0,'',0,32,99999,99999,24,13632,'yes',0,238521,86650,'enabled',0,2794817007,61,'enabled',0,'enabled',0,42,99999,0,0,99999,0,0,0,1,99999,99999,99999,99999,99999,99999,0,0,0,99999,99999,99999),(92,'Bangelo','bang','kill','0',3000,15000,0,10,0,0,0,1000,0,1000,0,0,0,100,100,250000,250000,0,0,100,100,250000,250000,10,0,10,0,10,0,0,1000,10,0,0,0,0,0,0,0,0,1,0,0,63814078,2000,0,54,121,1232512627,0,0,'','',0,0,0,0,0,0,0,0,0,0,'','75.104.160.38','','0ff66c4fc20f63042ee2fbafdda91b84','','normal','0','normal',0,0,'enabled',5,'enabled','Flying_Solo Family','',0,0,0,0,'',0,94,99999,99999,85,0,'no',0,1,1000,'enabled',0,71909328,105,'enabled',0,'enabled',0,79,99999,86400,1232512424,99999,0,0,0,1,99999,99999,99999,99999,99999,99999,0,0,0,99999,99999,99999),(104,'Pimptress','charlie','hotel','0',3009,0,4321,1,0,0,0,16200,0,12244,59200,85217,0,100,100,140243,181402,0,0,57,100,4936,250000,10,0,10,0,20,0,0,150464,10,0,0,0,0,0,0,7,1,1,0,159583764,57881250,0,0,35,75,1232636280,1232676268,111,'','',0,0,1,0,0,0,0,0,0,0,'','134.241.58.253','','9c8c98b6b6087c5358b943ba1257e6cd','','normal','0','normal',60,1232636199,'enabled',5,'enabled','Attack','',0,0,0,0,'',0,55,99999,99999,11,62333,'no',0,156661,16200,'enabled',0,723831264,74,'enabled',0,'enabled',0,51,99999,0,0,99999,0,0,0,1,99999,99999,99999,99999,99999,99999,0,0,0,99999,99999,99999),(94,'R3DRUM','R3DRUM','scarface','0',3000,15000,0,10,0,0,0,1000,0,1000,0,0,0,100,100,250000,250000,0,0,100,100,250000,250000,10,0,10,0,10,0,0,1000,10,0,0,0,0,0,0,0,0,1,0,0,60775312,2000,0,55,122,1232553807,0,0,'','',0,0,0,0,0,0,0,0,0,0,'','72.208.155.219','','728b1b4260fd4b36fb61a3ecf6befa29','','normal','0','normal',0,0,'enabled',5,'enabled',' Board','',0,0,0,0,'',0,95,99999,99999,86,0,'no',0,1000,1000,'enabled',0,68870562,110,'enabled',0,'enabled',0,84,99999,86400,1232551494,99999,0,0,0,1,99999,99999,99999,99999,99999,99999,0,0,0,99999,99999,99999),(95,'price_28','pimp_2800','price28','0',3000,0,4938,10,0,0,0,108910,0,81925,0,0,0,51,100,0,7978,0,0,90,100,0,250000,0,0,0,0,0,0,0,386263,10,0,0,0,0,0,0,0,0,2,0,950950291,760086419,0,0,10,49,1232552362,0,0,'','',0,1,0,2,0,0,0,0,0,0,'','216.185.69.78','','9bee1f2b07b1506e19da4d9f84406bcb','','normal','0','normal',60,1232552313,'enabled',5,'enabled','Main Menu','',0,0,0,0,'',0,37,99999,99999,87,0,'no',0,81925,108910,'enabled',0,2399436541,62,'enabled',0,'enabled',0,43,99999,0,0,99999,0,0,0,1,99999,99999,99999,99999,99999,99999,0,0,0,99999,99999,99999),(96,'BATTAGLIO','Jigsaw1964','djgaad6','0',1910,0,0,90,16000,32000,24000,38596,32000,26000,20000,40000,0,100,100,416198,597708,0,0,100,100,0,250000,25010,3000,3010,100,120010,120000,120000,121000,10,0,0,0,0,0,0,0,0,2,9,565195764,59548942,0,0,11,51,1232888416,0,0,'','',0,0,0,0,0,0,0,0,0,0,'','12.32.165.35','','1a2c645c7750ee9142974f6ae3c26fa8','','normal','0','normal',60,1232888379,'enabled',5,'enabled','FeArLeSs_ReApErS Family','',0,0,0,0,'',0,39,99999,99999,88,0,'no',0,86000,142596,'enabled',0,1378949514,68,'enabled',0,'enabled',0,48,99999,0,0,99999,0,0,0,2,99999,99999,99999,99999,99999,99999,0,6000,0,99999,99999,99999),(97,'Leandro','leandro','freitas95','0',3023,15000,0,10,0,0,0,0,0,0,0,0,0,0,100,31847,486,0,0,0,100,3975,250000,0,0,0,0,10,0,0,1000,10,0,0,0,0,0,0,0,223,1,0,60824517,60775312,2000,0,42,99,1232571889,1232715572,111,'','',1,0,223,0,0,0,0,0,0,0,'','82.154.84.119','','1b7b01f270c4d09f8bdf7026163b8315','','normal','0','normal',2,1232571823,'enabled',5,'enabled','collecting','',0,0,0,0,'',0,75,99999,99999,38,368,'no',0,0,0,'enabled',0,64578267,120,'enabled',0,'enabled',0,94,99999,86400,1232571647,99999,0,0,0,1,99999,99999,99999,99999,99999,99999,0,0,0,99999,99999,99999),(116,'TheKingGodfather','TheKingGodfather','415263','0',3000,15000,0,10,0,0,0,1000,0,1000,0,0,0,100,100,250000,250000,0,0,100,100,250000,250000,10,0,10,0,10,0,0,1000,10,0,0,0,0,0,0,0,0,1,0,0,57881250,2000,0,56,123,1232686359,0,0,'','',1,0,0,0,0,0,0,0,0,0,'','0.0.0.0','','5e565f39b6f480b9bfe58c9bc612e3e9','','normal','0','normal',0,0,'enabled',5,'enabled','','',0,0,0,0,'',0,96,99999,99999,89,0,'no',0,1000,1000,'enabled',0,65976500,113,'enabled',0,'enabled',0,87,99999,86400,1232686359,99999,0,0,0,1,99999,99999,99999,99999,99999,99999,0,0,0,99999,99999,99999),(124,'Ruddy','Ruddyboy','ownage','0',3000,15000,0,10,0,0,0,1000,0,1000,0,0,0,100,100,250000,250000,0,0,100,100,250000,250000,10,0,10,0,10,0,0,1000,10,0,0,0,0,0,0,0,0,1,0,0,52500000,2000,0,57,124,1232819202,0,0,'','',0,0,0,0,0,0,0,0,0,0,'','86.22.99.15','','78feb77e50864d748620e128a9cdfc6d','','normal','0','normal',0,0,'enabled',5,'enabled','Recruiting','',0,0,0,0,'',0,97,99999,99999,90,0,'no',0,1000,1000,'enabled',0,60595250,124,'enabled',0,'enabled',0,98,99999,86400,1232818954,99999,0,0,0,1,99999,99999,99999,99999,99999,99999,0,0,0,99999,99999,99999),(99,'badboikai','badboikai','audi','0',3000,15000,0,10,1500,1500,1000,9000,1750,5000,4000,5000,0,100,100,250000,250000,0,0,8,100,250000,250000,10,0,10,0,10,0,0,1000,10,0,0,0,0,0,0,0,0,5,0,90741812,60775312,2000,0,12,89,1232576370,0,0,'','',0,0,0,0,0,0,0,0,0,0,'','82.11.225.121','','89f97340124c8c407fea766fa51408ef','','normal','0','normal',60,1232576314,'enabled',5,'enabled','Traveling','',0,0,0,0,'',0,65,99999,99999,91,0,'no',0,14000,14750,'enabled',0,94495562,93,'enabled',0,'enabled',0,68,99999,86400,1232576169,99999,0,0,0,1,99999,99999,99999,99999,99999,99999,0,0,0,99999,99999,99999),(100,'bob','zer0day','password616','0',3000,15000,0,10,0,0,0,1000,0,1000,0,0,0,100,100,250000,250000,0,0,100,100,250000,250000,10,0,10,0,10,0,0,1000,10,0,0,0,0,0,0,0,0,2,0,0,60775312,2000,0,19,125,1232576321,0,0,'','',0,0,0,0,0,0,0,0,0,0,'','125.236.233.65','','1b0232232673d965a2a81156c723ee78','','normal','0','normal',0,0,'enabled',5,'enabled','YaBusyCJ profile','',0,0,0,0,'',0,98,99999,99999,92,0,'no',0,1,1000,'enabled',0,68870562,111,'enabled',0,'enabled',0,85,99999,0,0,99999,0,0,0,1,99999,99999,99999,99999,99999,99999,0,0,0,99999,99999,99999),(102,'Ditoms','Ditoms','ditoms28','0',3018,0,1667,10,0,0,0,6500,0,4987,46021,55431,0,100,100,194888,215557,0,0,65,100,0,250000,10,0,10,0,10,0,71675,48493,10,0,0,0,0,0,0,5,0,4,0,63397726,0,0,0,11,98,1232578506,0,0,'','',1,0,0,0,0,0,0,0,0,0,'','89.155.231.14','','84b16c8a1e74bbbbab2247a9d7f693c4','','normal','0','normal',60,1232578214,'enabled',5,'enabled','attacking mast','',0,0,0,0,'',0,74,99999,99999,37,550,'no',0,106439,6500,'enabled',0,379640851,81,'enabled',0,'enabled',0,57,99999,0,0,99999,0,0,0,1,99999,99999,99999,99999,99999,99999,0,0,0,99999,99999,99999),(106,'mullak','mullak','rufus123','0',3020,15000,0,10,0,0,0,660,0,0,0,0,0,40,100,204478,135947,0,0,0,100,166900,250000,0,0,0,0,0,0,0,0,10,0,0,0,0,0,0,0,44,1,14,59821169,57881250,2000,0,43,100,1232653876,1232884906,129,'','',0,0,44,0,0,0,0,0,0,0,'','77.86.108.11','','82699b9cb3198f39430c4821cd1b966f','','normal','0','normal',60,1232653805,'enabled',5,'enabled','The Bank','',0,0,0,0,'',0,76,99999,99999,53,84,'no',0,0,660,'enabled',0,59821169,126,'enabled',0,'enabled',0,100,99999,86400,1232653354,99999,0,0,0,1,99999,99999,99999,99999,99999,99999,0,0,0,99999,99999,99999),(103,'Blank','Tilywinks','aazhane22','0',3000,15000,0,10,0,0,0,1000,0,1000,0,0,0,100,100,250000,250000,0,0,100,100,250000,250000,10,0,10,0,10,0,0,1000,10,0,0,0,0,0,0,0,0,1,10,0,57881250,2000,0,58,126,1232903929,0,0,'','',0,5,0,0,0,0,0,0,0,0,'','75.47.225.255','','7abca9fcd9bed90584ca531d0cef5378','','normal','0','normal',0,0,'enabled',5,'enabled','YaBusyCJ profile','',0,0,0,0,'',0,99,99999,99999,93,0,'no',0,1000,1000,'enabled',0,65976500,114,'enabled',0,'enabled',0,88,99999,0,0,99999,0,0,0,1,99999,99999,99999,99999,99999,99999,0,0,0,99999,99999,99999),(117,'sorrow','sorrow','godlike','0',3000,15000,0,10,0,0,0,1000,0,1000,0,0,0,100,100,250000,250000,0,0,100,100,250000,250000,10,0,10,0,10,0,0,1000,10,0,0,0,0,0,0,0,0,5,0,0,55125000,2000,0,15,127,1232706682,0,0,'','',0,0,0,0,0,0,0,0,0,0,'','203.81.166.6','','2556016ea46c0817e171b27b2a7756ba','','normal','0','normal',0,0,'enabled',5,'enabled','Main Menu','',0,0,0,0,'',0,100,99999,99999,94,0,'no',0,1000,1000,'enabled',0,63220250,122,'enabled',0,'enabled',0,96,99999,86400,1232706581,99999,0,0,0,1,99999,99999,99999,99999,99999,99999,0,0,0,99999,99999,99999),(105,'thejoker219','thejoker219','generals47','0',3000,15000,0,10,0,0,0,1000,0,1000,0,0,0,100,100,250000,250000,0,0,100,100,250000,250000,10,0,10,0,10,0,0,1000,10,0,0,0,0,0,0,0,0,2,0,0,57881250,2000,0,20,128,1232645829,0,0,'','',0,0,0,0,0,0,0,0,0,0,'','76.97.91.140','','02dcc58ff217edb884d3354f0c46078d','','normal','0','normal',0,0,'enabled',5,'enabled','thejoker219 profile','',0,0,0,0,'',0,101,99999,99999,95,0,'no',0,1000,1000,'enabled',0,65976500,115,'enabled',0,'enabled',0,89,99999,86400,1232645735,99999,0,0,0,1,99999,99999,99999,99999,99999,99999,0,0,0,99999,99999,99999),(121,'Toney','rathead11','ds142896','0',925,15000,3302248,10,0,0,16000,1000,18000,1000,2000,2500,0,54,100,936490,210,0,0,26,100,134245,250000,64,17,50,50,103,99,0,1000,10,0,0,0,0,0,0,1,0,1,0,102934448,50500000,2000,0,38,84,1232901889,0,0,'','',0,0,0,0,0,0,0,0,0,0,'','69.251.244.116','','0d6d8d56ca32bc8a4807cbb9ef1c538b','','normal','0','normal',7,1232901786,'enabled',5,'enabled','The Bank','',0,0,0,0,'',0,61,99999,99999,96,0,'no',0,5500,35000,'enabled',0,106797323,91,'enabled',0,'enabled',0,66,99999,0,0,99999,0,0,0,1,99999,99999,99999,99999,99999,99999,0,0,0,99999,99999,99999),(107,'Ethan','nopedk','beatles','0',3000,15000,10458,10,80,470,300,1220,350,1168,56,136,0,100,100,249586,249551,0,0,100,100,248349,250000,20,12,20,0,10,371,30,1019,10,0,0,0,0,0,0,0,1,3,0,65205343,57881250,2000,0,16,97,1232654748,1232892639,129,'','',0,0,1,0,0,0,0,0,0,0,'','212.10.52.150','','59aa062968c1a55636916800b4774860','','normal','0','normal',50,1232654717,'enabled',5,'enabled','Attack','',0,0,0,0,'',0,73,99999,99999,41,117,'no',0,1360,2420,'enabled',0,69364843,109,'enabled',0,'enabled',0,83,99999,86400,1232653563,99999,0,0,0,1,99999,99999,99999,99999,99999,99999,0,0,0,99999,99999,99999),(108,'RUBINEN','o1mia','lollen','0',3000,15000,0,10,0,0,0,1000,0,1000,0,0,0,100,100,250000,250000,0,0,100,100,250000,250000,10,0,10,0,10,0,0,1000,10,0,0,0,0,0,0,0,0,1,0,0,57881250,2000,0,59,129,1232654211,0,0,'','',1,0,0,0,0,0,0,0,0,0,'','79.138.252.30','','a7f5785baac90676ff94e544edd78f53','','normal','0','normal',0,0,'enabled',5,'enabled','Main Menu','',0,0,0,0,'',0,102,99999,99999,97,0,'no',0,1000,1000,'enabled',0,65976500,116,'enabled',0,'enabled',0,90,99999,86400,1232654206,99999,0,0,0,1,99999,99999,99999,99999,99999,99999,0,0,0,99999,99999,99999),(109,'JDT','joethompson','jdt123','0',3000,15000,0,10,0,0,0,1000,0,1000,0,0,0,100,100,250000,250000,0,0,100,100,250000,250000,10,0,10,0,10,0,0,1000,10,0,0,0,0,0,0,0,0,3,0,0,57881250,2000,0,21,130,1232656884,0,0,'','',0,0,0,0,0,0,0,0,0,0,'','82.11.18.34','','9f7d0efd8d449d89c4eaca345c398717','','normal','0','normal',0,0,'enabled',5,'enabled','Main Menu','',0,0,0,0,'',0,103,99999,99999,98,0,'no',0,1000,1000,'enabled',0,65976500,117,'enabled',0,'enabled',0,91,99999,0,0,99999,0,0,0,1,99999,99999,99999,99999,99999,99999,0,0,0,99999,99999,99999),(110,'Antonio','Antonio31895','Antonio318','0',3021,10000,16061,10,0,0,0,7576,0,0,0,0,0,75,100,79904,71806,0,0,0,100,33194,250000,0,0,0,0,0,0,0,0,10,0,0,0,0,0,0,78,69,1,0,65901409,57881250,2000,0,41,96,1232667370,1232885002,129,'','',1,0,69,0,0,0,0,0,0,0,'','99.235.169.197','','e8cbedef73a1404f220a5a54af4ca40a','','normal','0','normal',60,1232667370,'enabled',5,'enabled','Recruiting','',0,0,0,0,'',0,72,99999,99999,30,6555,'no',0,0,7576,'enabled',0,65901409,119,'enabled',0,'enabled',0,93,99999,0,0,99999,0,0,0,1,99999,99999,99999,99999,99999,99999,0,0,0,99999,99999,99999),(112,'Sephiroth','THEtemplier','templier','0',1275,8000,0,10,5125,14750,5800,14650,6900,5000,9050,12600,0,100,100,7432109,7454039,0,0,86,100,6884598,250000,600,290,270,162,1743,4002,6000,8648,10,0,0,0,0,0,0,245,23,1,18,245666368,57881250,0,0,32,68,1232893798,1232858231,119,'','',0,1,0,0,0,0,0,0,0,0,'','87.64.2.54','','beaab26d0d3e54ebae5ac622c7b5d61e','','normal','0','normal',60,1232893798,'enabled',5,'enabled','Recruiting','',0,0,0,0,'',0,50,99999,99999,25,12208,'no',0,26650,47225,'enabled',0,293001493,84,'enabled',0,'enabled',0,60,99999,0,0,99999,0,0,0,1,99999,99999,99999,99999,99999,99999,0,0,0,99999,99999,99999),(114,'Dulku','Dulku66','starwars','0',3002,15000,265,10,0,0,0,0,0,0,0,0,0,0,100,230687,195936,0,0,0,100,211954,250000,0,0,0,0,10,0,0,218,10,0,0,0,0,0,0,3,18,1,16,59547826,57881250,2000,0,44,101,1232681062,1232807050,121,'','',1,0,18,0,0,0,0,0,0,0,'','69.142.109.60','','236539e27e36df914a580706614cd193','','normal','0','normal',3,1232680687,'enabled',5,'enabled','Global Ranks','',0,0,0,0,'',0,77,99999,99999,39,324,'no',0,0,0,'enabled',0,60369076,125,'enabled',0,'enabled',0,99,99999,0,0,99999,0,0,0,1,99999,99999,99999,99999,99999,99999,0,0,0,99999,99999,99999),(115,'6000','belgrado','12345678','0',3000,15000,0,10,0,0,0,1000,0,1000,0,0,0,100,100,250000,250000,0,0,100,100,250000,250000,10,0,10,0,10,0,0,1000,10,0,0,0,0,0,0,0,0,1,0,0,57881250,2000,0,60,131,1232680535,0,0,'','',0,0,0,1,0,0,0,0,0,0,'','79.101.202.156','','6327701ba5930219444b61b8a7476265','','normal','0','normal',0,0,'enabled',5,'enabled','Main Menu','',0,0,0,0,'',0,104,99999,99999,99,0,'no',0,1000,1000,'enabled',0,65976500,118,'enabled',0,'enabled',0,92,99999,0,0,99999,0,0,0,1,99999,99999,99999,99999,99999,99999,0,0,0,99999,99999,99999),(127,'Timmy','Timmy','biggles','0',1470,0,4580804210,1,0,0,0,89604,0,74000,0,0,0,100,100,49713267,49820792,0,0,100,100,49733600,250000,10,0,10,0,10,0,0,101000,10,0,0,0,0,0,0,0,0,5,0,6884505340,1741645587,0,0,2,29,1232890955,0,0,'','',1,5,0,1,0,0,0,0,0,0,'','121.217.214.71','','8ea18d3650cf7cb34727768f0bb4acaf','','normal','0','normal',60,1232890785,'enabled',5,'enabled','spamming BEST_BUDDY','',0,0,0,0,'',0,21,99999,99999,100,0,'no',0,74000,89604,'enabled',0,7263259090,51,'enabled',0,'enabled',0,36,99999,86400,1232846491,99999,0,0,0,1,99999,99999,99999,99999,99999,99999,0,0,0,99999,99999,99999),(125,'Shalkra','Pyro9500','Dragon','0',3000,15000,28766706,10,1200,2000,450,1200,375,1100,125,175,0,93,100,244326,246453,0,0,100,100,244560,250000,110,50,20,1,1000,1000,1000,1000,10,0,0,0,0,0,0,0,0,3,0,96160131,52500000,2000,0,12,85,1232837694,0,0,'','',0,0,0,0,0,0,0,0,0,0,'','99.194.163.43','','5717dfc017a9ec185203701f92b4226d','','normal','0','normal',50,1232837635,'enabled',5,'enabled','Produceing drugs','',0,0,0,0,'',0,62,99999,99999,101,0,'no',0,1400,5225,'enabled',0,102910131,92,'enabled',0,'enabled',0,67,99999,86400,1232837164,99999,0,0,0,1,99999,99999,99999,99999,99999,99999,0,0,0,99999,99999,99999),(119,'AsZhole','morrison12843','k684648','0',2750,0,0,0,0,0,0,136992,0,13485,3520,15625,0,92,100,273055,524781,0,0,100,100,0,250000,140,253,69,135,3330,3210,25460,327618,10,0,0,0,0,0,0,90,0,1,19,194530398,0,2000,0,34,73,1232858404,0,0,'','',0,0,0,0,0,0,0,0,0,0,'','142.167.188.220','','bd822efda6085f135283667f4fca250e','','normal','0','normal',60,1232858390,'enabled',5,'enabled','boring Family','',0,0,0,0,'',0,53,99999,99999,2,273918,'no',0,32630,136992,'enabled',0,1474491648,67,'enabled',0,'enabled',20000000,47,99999,0,0,99999,0,0,0,1,99999,99999,99999,99999,99999,99999,0,0,0,99999,99999,99999),(120,'n4mobster','goonerboy12','123qaz123qaz','0',3000,15000,0,10,2000,3000,0,1000,0,1000,0,0,0,100,100,250000,250000,0,0,100,100,250000,250000,10,0,10,0,10,0,0,1000,10,0,0,0,0,0,0,0,0,3,0,67841500,52500000,2000,0,15,93,1232789495,0,0,'','',0,0,0,0,0,0,0,0,0,0,'','91.106.228.213','','636b04d5789ca4b379bc84929f154fd9','','normal','0','normal',60,1232789495,'enabled',5,'enabled','Recruiting','',0,0,0,0,'',0,69,99999,99999,102,0,'no',0,1000,6000,'enabled',0,71595250,106,'enabled',0,'enabled',0,80,99999,86400,1232789441,99999,0,0,0,1,99999,99999,99999,99999,99999,99999,0,0,0,99999,99999,99999),(123,'UDIE','Jasmine','cayden05','0',450,0,4547,10,19000,20500,0,1000,0,0,21449,98197,0,100,100,240222,244047,0,0,12,100,1000000,250000,0,0,0,0,0,0,0,11936,10,0,0,0,0,0,0,14,0,3,20,210299910,56000000,4429,0,8,72,1232913315,0,0,'','GROW A SET AND QUIT WHINING LIKE A BITCH....',0,0,0,0,0,0,0,0,0,0,'','24.168.211.176','','4df24b7dff959f6849d6fd4c3495e145','','supporter','0','normal',60,1232913276,'enabled',5,'enabled','Main Menu','',0,0,0,0,'',0,99999,20,7,99999,156343,'no',0,119646,40500,'enabled',0,255059910,85,'enabled',0,'enabled',0,99999,25,0,0,99999,0,0,0,1,99999,99999,99999,99999,99999,99999,0,0,0,99999,99999,99999),(133,'K1NG','K1NG','KONG','0',3000,15000,0,10,0,0,0,1000,0,1000,0,0,0,100,100,250000,250000,0,0,100,100,250000,250000,10,0,10,0,10,0,0,1000,10,0,0,0,0,0,0,0,0,1,0,0,50000000,2000,0,61,132,1232956334,0,0,'','',1,0,0,0,0,0,0,0,0,0,'','90.209.233.72','','444a8035852ce897520289dd312f97a0','','normal','0','normal',0,0,'enabled',5,'enabled','Global Ranks','',0,0,0,0,'',0,105,99999,99999,103,0,'no',0,1,1000,'enabled',0,58095250,130,'enabled',0,'enabled',0,103,99999,0,0,99999,0,0,0,1,99999,99999,99999,99999,99999,99999,0,0,0,99999,99999,99999),(126,'kingkaufman','kingkaufman','acorn82','0',3000,0,283765529,10,12000,10000,80100,1000,111800,1000,450,525,0,69,100,1194161,215101,0,0,100,100,248550,250000,10,700,10,20,10,0,0,1500,10,0,0,0,0,0,0,0,0,1,0,593978193,52500000,2000,0,26,50,1232846256,0,0,'','',0,1,0,0,0,0,0,0,0,0,'','69.73.119.52','','a64dae2aa6c9eb80a3c293a832007dbd','','normal','0','normal',60,1232846138,'enabled',5,'enabled','DarkStalkers Family','',0,0,0,0,'',0,38,99999,99999,104,0,'no',0,1975,214900,'enabled',0,599606943,76,'enabled',0,'enabled',0,53,99999,86400,1232839805,99999,0,0,0,1,99999,99999,99999,99999,99999,99999,0,0,0,99999,99999,99999),(131,'marckus','godfather11','yahoo','0',3000,15000,0,10,0,0,0,1000,0,1000,0,0,0,100,100,250000,250000,0,0,100,100,250000,250000,10,0,10,0,10,0,0,1000,10,0,0,0,0,0,0,0,0,5,21,0,50000000,2000,0,16,133,1232906098,0,0,'','',0,0,0,0,0,0,0,0,0,0,'','71.182.50.173','','e04f5bac5fde04cb7c5d6731313879a0','','normal','0','normal',0,0,'enabled',5,'enabled','Recruiting','',0,0,0,0,'',0,106,99999,99999,105,0,'no',0,1000,1000,'enabled',0,58095250,131,'enabled',0,'enabled',0,104,99999,86400,1232905833,99999,0,0,0,1,99999,99999,99999,99999,99999,99999,0,0,0,99999,99999,99999),(128,'LoLo','ishme4nowz','8505286','0',3000,15000,0,10,0,0,0,1000,0,1000,0,0,0,100,100,250000,250000,0,0,100,100,250000,250000,10,0,10,0,10,0,0,1000,10,0,0,0,0,0,0,0,0,4,0,0,50000000,2000,0,16,134,1232883909,0,0,'','',1,0,0,0,0,0,0,0,0,0,'','75.37.18.66','','71a05028d97fa873d48f44afcd19f4b9','','normal','0','normal',0,0,'enabled',5,'enabled','Recruiting','',0,0,0,0,'',0,107,99999,99999,106,0,'no',0,1000,1000,'enabled',0,58095250,132,'enabled',0,'enabled',0,105,99999,86400,1232883896,99999,0,0,0,1,99999,99999,99999,99999,99999,99999,0,0,0,99999,99999,99999),(129,'Sam','samax08','samax','0',150,0,3057,10,0,0,0,1000,1915,883,0,0,0,6,100,0,0,0,0,90,100,0,250000,10,0,0,0,10,0,0,6983,10,0,0,0,0,0,55,97,0,1,0,2860057,0,2000,0,47,106,1232920672,0,0,'','',0,0,0,0,0,0,0,0,0,0,'','86.20.37.193','','a4159e5fe3d9ec56d2fb321d9c96a09b','','normal','0','normal',60,1232920522,'enabled',5,'enabled','attacking Buff_Bagwell','',0,0,0,0,'',0,81,99999,99999,44,100,'no',0,883,2915,'enabled',0,29050057,134,'enabled',0,'enabled',0,107,99999,0,0,99999,0,0,0,1,99999,99999,99999,99999,99999,99999,0,0,0,99999,99999,99999),(130,'KOnViCtED','Asher111','ASmalik','0',6601,0,0,10,0,0,0,1000,0,1000,66994,56995,0,100,100,250000,250000,0,0,8,100,250000,250000,10,0,10,0,10,0,0,1000,10,0,0,0,0,0,0,0,0,2,0,116336000,50000000,2000,0,16,82,1232900163,0,0,'','',0,0,0,0,0,0,0,0,0,0,'','210.56.29.147','','87739ae5e8543493ccfde4f856a189f7','','normal','0','normal',60,1232900163,'enabled',5,'enabled','Recruiting','',0,0,0,0,'',0,59,99999,99999,107,0,'no',0,124989,1000,'enabled',0,120089750,88,'enabled',0,'enabled',0,63,99999,0,0,99999,0,0,0,1,99999,99999,99999,99999,99999,99999,0,0,0,99999,99999,99999);

--
-- Table structure for table `r587_crew`
--

CREATE TABLE `r587_crew` (
  `id` int(6) unsigned NOT NULL AUTO_INCREMENT,
  `name` varchar(18) NOT NULL DEFAULT '',
  `don` varchar(18) NOT NULL DEFAULT '',
  `founder` varchar(18) NOT NULL DEFAULT '',
  `members` smallint(6) NOT NULL DEFAULT '1',
  `profile` varchar(255) NOT NULL DEFAULT '',
  `icon` varchar(255) NOT NULL DEFAULT '',
  `city` tinyint(3) unsigned NOT NULL DEFAULT '1',
  `rank` decimal(65,0) unsigned NOT NULL DEFAULT '99999',
  `networth` decimal(65,0) unsigned NOT NULL DEFAULT '0',
  `cofounder` varchar(18) NOT NULL DEFAULT '',
  `money` decimal(65,0) unsigned NOT NULL DEFAULT '50000',
  `condom` decimal(65,0) unsigned NOT NULL DEFAULT '500',
  `crack` decimal(65,0) unsigned NOT NULL DEFAULT '500',
  `medicine` decimal(65,0) unsigned NOT NULL DEFAULT '500',
  `thug` decimal(65,0) unsigned NOT NULL DEFAULT '500',
  `beer` decimal(65,0) unsigned NOT NULL DEFAULT '0',
  `weed` decimal(65,0) unsigned NOT NULL DEFAULT '0',
  `glock` decimal(65,0) unsigned NOT NULL DEFAULT '0',
  `shotgun` decimal(65,0) unsigned NOT NULL DEFAULT '0',
  `uzi` decimal(65,0) unsigned NOT NULL DEFAULT '0',
  `ak47` decimal(65,0) unsigned NOT NULL DEFAULT '0',
  `bank` decimal(65,0) unsigned NOT NULL DEFAULT '50000',
  `lowrider` decimal(65,0) unsigned NOT NULL DEFAULT '0',
  `cbank` decimal(65,0) unsigned NOT NULL DEFAULT '0',
  `title` varchar(255) NOT NULL DEFAULT '',
  `tnetworth` decimal(65,0) NOT NULL DEFAULT '0',
  `finalrank` decimal(65,0) unsigned NOT NULL DEFAULT '0',
  `motd` text NOT NULL,
  `tbank` decimal(65,0) unsigned NOT NULL DEFAULT '2000',
  `exten` smallint(6) NOT NULL DEFAULT '0',
  `ivt` tinyint(3) unsigned NOT NULL DEFAULT '0',
  `uploads` smallint(6) NOT NULL DEFAULT '0',
  `totaldus` double unsigned NOT NULL DEFAULT '0',
  `totalops` double unsigned NOT NULL DEFAULT '0',
  `totalkills` double unsigned NOT NULL DEFAULT '0',
  PRIMARY KEY (`id`)
) ENGINE=MyISAM AUTO_INCREMENT=8 DEFAULT CHARSET=latin1;

--
-- Dumping data for table `r587_crew`
--

INSERT INTO `r587_crew` VALUES (1,'Metropolis','Sparkle','Sparkle',8,'http://youtube.com/v/LH-QwK4v0ZI?autoplay=1&=1.swf','../images/icons/587/processing.gif1482245978',4,3,394654746987,'Noodles',50000,500,500,500,500,0,0,0,0,0,0,50000,0,0,'',990489576987,3,'',2000,0,0,1,74895,895491,609259),(2,'Flying_Solo','HawkY','HawkY',6,'','../images/icons/587/147416355336045.gif1482108371',5,1,779446241838,'Demize',50000,500,500,500,500,0,0,0,0,0,0,50000,0,31000000758,'',2647217449221,2,'',2000,0,0,1,184606,550736,4962894),(3,'DopeDealers','RezFingaz','RezFingaz',3,'','../images/icons/587/dopedealers_zpsaf5b5da2.gif148 2442909',5,5,94909951,'Frost',50000,500,500,500,500,0,0,0,0,0,0,50000,0,5000004166,'',83810774117,5,'',2000,0,0,1,185762,0,1578467),(4,'Fearless_Army','YaKillaCJ','YaKillaCJ',5,'','../images/icons/587/FearlessBlue.gif1482102989',5,2,673321623513,'8sec',50000,500,500,500,500,0,0,0,0,0,0,50000,0,20000000000,'',14955220912763,1,'',2000,0,0,1,528549,1428411,4371529),(5,'Santas-Crib','Christmas-Is-Comin','Christmas-Is-Comin',1,'http://www.youtube.com/v/OnXbFU1agOk?autoplay=1&=1.swf','../images/icons/587/th_santa.gif1482135411',5,6,3219733,'',50000,500,500,500,500,0,0,0,0,0,0,50000,0,0,'',421130915983,4,'',2000,0,0,1,6432,0,1533385),(6,'Cosa_nostra','lucky','lucky',1,'','',5,4,202193282,'',50000,500,500,500,500,0,0,0,0,0,0,50000,0,0,'',202193282,7,'',2000,0,0,0,0,132847,50),(7,'not_even_trying','coal','coal',1,'','../images/icons/587/th_morningcoffee_zps83603865.g if1482319789',5,7,345907,'',50000,500,500,500,500,0,0,0,0,0,0,50000,0,0,'',2891625907,6,'',2000,0,0,1,0,0,1421916);

--
-- Table structure for table `r587_extens`
--

CREATE TABLE `r587_extens` (
  `id` int(6) unsigned NOT NULL AUTO_INCREMENT,
  `name` varchar(18) NOT NULL DEFAULT '',
  `don` varchar(18) NOT NULL DEFAULT '',
  `founder` varchar(18) NOT NULL DEFAULT '',
  `cofounder` varchar(18) NOT NULL DEFAULT '',
  `members` smallint(6) NOT NULL DEFAULT '1',
  `profile` varchar(255) NOT NULL DEFAULT '',
  `icon` varchar(255) NOT NULL DEFAULT '',
  `city` tinyint(3) unsigned NOT NULL DEFAULT '1',
  `networth` decimal(65,0) unsigned NOT NULL DEFAULT '0',
  `tnetworth` decimal(65,0) NOT NULL DEFAULT '0',
  `bank` decimal(65,0) unsigned NOT NULL DEFAULT '50000',
  `cbank` decimal(65,0) unsigned NOT NULL DEFAULT '0',
  `title` varchar(255) NOT NULL DEFAULT '',
  `rank` decimal(65,0) unsigned NOT NULL DEFAULT '99999',
  `finalrank` decimal(65,0) unsigned NOT NULL DEFAULT '0',
  `motd` text NOT NULL,
  `tbank` decimal(65,0) unsigned NOT NULL DEFAULT '2000',
  `exten` smallint(6) NOT NULL DEFAULT '0',
  PRIMARY KEY (`id`)
) ENGINE=MyISAM DEFAULT CHARSET=latin1;

--
-- Dumping data for table `r587_extens`
--


--
-- Table structure for table `r587_pimp`
--

CREATE TABLE `r587_pimp` (
  `id` mediumint(8) unsigned NOT NULL AUTO_INCREMENT,
  `pimp` varchar(18) NOT NULL DEFAULT '',
  `user` varchar(255) NOT NULL DEFAULT '',
  `pass` varchar(32) NOT NULL DEFAULT '',
  `email` varchar(255) NOT NULL DEFAULT '',
  `ip` varchar(15) NOT NULL DEFAULT '0.0.0.0',
  `host` varchar(255) NOT NULL DEFAULT '',
  `code` varchar(43) NOT NULL DEFAULT '',
  `pin` varchar(32) NOT NULL DEFAULT '',
  `status` varchar(12) NOT NULL DEFAULT 'normal',
  `staffstatus` varchar(12) NOT NULL DEFAULT 'none',
  `showstaff` varchar(12) NOT NULL DEFAULT 'yes',
  `subscribe` varchar(12) NOT NULL DEFAULT '0',
  `minisubscribe` varchar(12) NOT NULL DEFAULT '0',
  `workstatus` varchar(12) NOT NULL DEFAULT 'normal',
  `trn` int(10) unsigned NOT NULL DEFAULT '1000',
  `res` int(10) unsigned NOT NULL DEFAULT '2000',
  `tbank` decimal(65,0) unsigned NOT NULL DEFAULT '2000',
  `maxadd` decimal(65,0) unsigned NOT NULL DEFAULT '0',
  `transfered` decimal(55,0) NOT NULL DEFAULT '0',
  `cadd` decimal(65,0) unsigned NOT NULL DEFAULT '0',
  `fadd` decimal(65,0) unsigned NOT NULL DEFAULT '0',
  `madd` decimal(65,0) unsigned NOT NULL DEFAULT '0',
  `sub` decimal(65,0) unsigned NOT NULL DEFAULT '0',
  `minisub` decimal(65,0) unsigned NOT NULL DEFAULT '0',
  `maxed` decimal(65,0) unsigned NOT NULL DEFAULT '0',
  `minimaxed` decimal(65,0) unsigned NOT NULL DEFAULT '0',
  `money` decimal(65,0) unsigned NOT NULL DEFAULT '0',
  `networth` decimal(65,0) unsigned NOT NULL DEFAULT '0',
  `totnet` decimal(65,0) unsigned NOT NULL DEFAULT '0',
  `bank` decimal(65,0) unsigned NOT NULL DEFAULT '50000000',
  `bank2` decimal(65,0) unsigned NOT NULL DEFAULT '0',
  `bank3` decimal(65,0) unsigned NOT NULL DEFAULT '0',
  `payout` tinyint(3) unsigned NOT NULL DEFAULT '10',
  `whore` decimal(65,0) unsigned NOT NULL DEFAULT '0',
  `dealers` decimal(65,0) unsigned NOT NULL DEFAULT '0',
  `bootleggers` decimal(65,0) unsigned NOT NULL DEFAULT '0',
  `hustlers` decimal(65,0) unsigned NOT NULL DEFAULT '1000',
  `punks` decimal(65,0) unsigned NOT NULL DEFAULT '0',
  `punk` decimal(65,0) unsigned NOT NULL DEFAULT '0',
  `hitmen` decimal(65,0) unsigned NOT NULL DEFAULT '1000',
  `bodyguards` decimal(65,0) unsigned NOT NULL DEFAULT '0',
  `thug` decimal(65,0) unsigned NOT NULL DEFAULT '0',
  `associates` decimal(65,0) unsigned NOT NULL DEFAULT '0',
  `soldiers` decimal(65,0) unsigned NOT NULL DEFAULT '0',
  `enforcers` decimal(65,0) unsigned NOT NULL DEFAULT '0',
  `totaldus` double unsigned NOT NULL DEFAULT '1000',
  `totalops` double unsigned NOT NULL DEFAULT '1000',
  `totaloffensives` double unsigned NOT NULL DEFAULT '0',
  `whappy` tinyint(3) unsigned NOT NULL DEFAULT '100',
  `thappy` tinyint(3) unsigned NOT NULL DEFAULT '100',
  `phappy` tinyint(3) unsigned NOT NULL DEFAULT '100',
  `condom` decimal(65,0) unsigned NOT NULL DEFAULT '250000',
  `crack` decimal(65,0) unsigned NOT NULL DEFAULT '250000',
  `medicine` decimal(65,0) unsigned NOT NULL DEFAULT '0',
  `weed` decimal(65,0) unsigned NOT NULL DEFAULT '250000',
  `beer` decimal(65,0) unsigned NOT NULL DEFAULT '250000',
  `lowrider` decimal(65,0) unsigned NOT NULL DEFAULT '10',
  `hummer` decimal(65,0) unsigned NOT NULL DEFAULT '0',
  `viper` decimal(65,0) unsigned NOT NULL DEFAULT '10',
  `bmxbike` decimal(65,0) unsigned NOT NULL DEFAULT '0',
  `glock` decimal(65,0) unsigned NOT NULL DEFAULT '10',
  `shotgun` decimal(65,0) unsigned NOT NULL DEFAULT '0',
  `uzi` decimal(65,0) unsigned NOT NULL DEFAULT '0',
  `ak47` decimal(65,0) unsigned NOT NULL DEFAULT '1000',
  `vests` decimal(65,0) unsigned NOT NULL DEFAULT '1000',
  `attin` int(10) unsigned NOT NULL DEFAULT '0',
  `revattin` int(10) unsigned NOT NULL DEFAULT '0',
  `attout` int(10) unsigned NOT NULL DEFAULT '0',
  `attackout` decimal(65,0) NOT NULL DEFAULT '0',
  `attackin` decimal(65,0) NOT NULL DEFAULT '0',
  `city` tinyint(3) unsigned NOT NULL DEFAULT '1',
  `crew` bigint(20) unsigned NOT NULL DEFAULT '0',
  `crewext` bigint(20) unsigned NOT NULL DEFAULT '0',
  `ctitle` varchar(18) NOT NULL DEFAULT '',
  `online` int(12) unsigned NOT NULL DEFAULT '0',
  `lastattack` int(12) unsigned NOT NULL DEFAULT '0',
  `lastattackby` int(11) unsigned NOT NULL DEFAULT '0',
  `profile` varchar(255) NOT NULL DEFAULT '',
  `description` varchar(255) NOT NULL DEFAULT '',
  `descriptionfont` varchar(255) NOT NULL DEFAULT '',
  `descriptioncolor` varchar(255) NOT NULL DEFAULT '',
  `descriptionstyle` varchar(255) NOT NULL DEFAULT '',
  `whorek` decimal(65,0) NOT NULL DEFAULT '0',
  `thugk` decimal(65,0) NOT NULL DEFAULT '0',
  `infok` decimal(65,0) NOT NULL DEFAULT '0',
  `punkk` decimal(65,0) NOT NULL DEFAULT '0',
  `hitmenk` decimal(65,0) NOT NULL DEFAULT '0',
  `bodyguardsk` decimal(65,0) NOT NULL DEFAULT '0',
  `protection` int(11) NOT NULL DEFAULT '0',
  `protectstarted` int(12) NOT NULL DEFAULT '0',
  `newprotection` int(11) NOT NULL DEFAULT '0',
  `nprotectstarted` int(12) NOT NULL DEFAULT '0',
  `postpriv` varchar(12) NOT NULL DEFAULT 'enabled',
  `defaultturns` int(12) NOT NULL DEFAULT '5',
  `sounds` varchar(18) NOT NULL DEFAULT 'enabled',
  `page` varchar(200) NOT NULL DEFAULT '',
  `postalerts` varchar(15) NOT NULL DEFAULT 'enabled',
  `posts` int(11) NOT NULL DEFAULT '0',
  `recposts` int(11) NOT NULL DEFAULT '0',
  `helpposts` int(11) NOT NULL DEFAULT '0',
  `newalert` tinyint(1) NOT NULL DEFAULT '0',
  `alert` text NOT NULL,
  `cashstolen` decimal(65,0) NOT NULL DEFAULT '0',
  `ganked` decimal(65,0) unsigned NOT NULL DEFAULT '0',
  `level` int(4) NOT NULL DEFAULT '1',
  `rank` decimal(65,0) unsigned NOT NULL DEFAULT '99999',
  `nrank` decimal(65,0) unsigned NOT NULL DEFAULT '99999',
  `frank` int(5) NOT NULL DEFAULT '99999',
  `farank` decimal(65,0) unsigned NOT NULL DEFAULT '99999',
  `srank` int(5) NOT NULL DEFAULT '99999',
  `sarank` decimal(65,0) unsigned NOT NULL DEFAULT '99999',
  `killrank` int(5) NOT NULL DEFAULT '99999',
  `lvl1rank` decimal(65,0) unsigned NOT NULL DEFAULT '99999',
  `lvl2rank` decimal(65,0) unsigned NOT NULL DEFAULT '99999',
  `lvl3rank` decimal(65,0) unsigned NOT NULL DEFAULT '99999',
  `lvl1frank` decimal(65,0) unsigned NOT NULL DEFAULT '99999',
  `lvl2frank` decimal(65,0) unsigned NOT NULL DEFAULT '99999',
  `lvl3frank` decimal(65,0) unsigned NOT NULL DEFAULT '99999',
  `lvl1krank` decimal(65,0) unsigned NOT NULL DEFAULT '99999',
  `lvl2krank` decimal(65,0) unsigned NOT NULL DEFAULT '99999',
  `lvl3krank` decimal(65,0) unsigned NOT NULL DEFAULT '99999',
  `skillrank` int(5) NOT NULL DEFAULT '99999',
  `fkillrank` int(5) NOT NULL DEFAULT '99999',
  `arank` decimal(65,0) unsigned NOT NULL DEFAULT '99999',
  `totalkills` double unsigned NOT NULL DEFAULT '0',
  `transfers` char(3) NOT NULL DEFAULT 'no',
  `trans` tinyint(3) unsigned NOT NULL DEFAULT '0',
  `medals` varchar(255) NOT NULL DEFAULT 'enabled',
  `cbmsg` tinyint(3) unsigned NOT NULL DEFAULT '0',
  `recmoney` decimal(65,0) unsigned NOT NULL DEFAULT '0',
  `cmoney` decimal(65,0) unsigned NOT NULL DEFAULT '0',
  `callies` varchar(255) NOT NULL DEFAULT 'enabled',
  `images` varchar(255) NOT NULL DEFAULT 'enabled',
  `amsg` tinyint(3) unsigned NOT NULL DEFAULT '0',
  `stfmsg` tinyint(3) unsigned NOT NULL DEFAULT '0',
  `ctrans` tinyint(3) unsigned NOT NULL DEFAULT '0',
  `rmsg` tinyint(3) unsigned NOT NULL DEFAULT '0',
  `camsg` tinyint(3) unsigned NOT NULL DEFAULT '0',
  `msg` tinyint(3) unsigned NOT NULL DEFAULT '0',
  `msgsent` bigint(20) NOT NULL DEFAULT '0',
  `atk` tinyint(3) unsigned NOT NULL DEFAULT '0',
  `ivt` tinyint(3) unsigned NOT NULL DEFAULT '0',
  `cmsg` tinyint(3) unsigned NOT NULL DEFAULT '0',
  `bonusres` int(10) unsigned NOT NULL DEFAULT '0',
  `BONUS1` int(10) unsigned NOT NULL DEFAULT '0',
  `BONUS2` int(10) unsigned NOT NULL DEFAULT '0',
  `BONUS3` int(10) unsigned NOT NULL DEFAULT '0',
  `BONUS4` int(10) unsigned NOT NULL DEFAULT '0',
  PRIMARY KEY (`id`),
  KEY `rank` (`rank`),
  KEY `nrank` (`nrank`)
) ENGINE=MyISAM AUTO_INCREMENT=35 DEFAULT CHARSET=latin1;

--
-- Dumping data for table `r587_pimp`
--

INSERT INTO `r587_pimp` VALUES (1,'Admin','slay','M&tT..2.05.2','0','73.119.109.158','c-73-119-109-158.hsd1.ma.comcast.net','7a89d9867e077c7921bce0fb61b763d0','','admin','none','yes','0','0','normal',3750,25000,2000,0,0,0,0,0,0,0,0,0,0,0,78450271,70355021,0,0,10,0,0,0,1000,0,0,1000,0,0,0,0,0,1000,1000,0,100,100,100,250000,250000,0,250000,250000,10,0,10,0,10,0,0,1000,1000,0,0,0,0,0,5,0,0,'',1482707177,0,0,'','','','','',0,0,0,0,0,0,0,0,0,0,'enabled',5,'enabled','Main Menu','enabled',0,0,0,0,'',0,0,1,13,30,99999,99999,99999,99999,99999,11,99999,99999,9,99999,99999,12,99999,99999,99999,99999,28,0,'no',0,'enabled',0,0,0,'enabled','enabled',0,0,0,0,0,0,4,0,0,0,0,0,0,0,0),(2,'Yogi','yogi','redruby','0','101.185.15.20','101.185.15.20','118a4555b5ad614013b3260af52d363d','','normal','none','yes','0','0','normal',6900,0,3000,0,0,34000,34000,0,0,0,0,0,2131,343631,3773713631,0,0,0,1,0,0,0,0,0,0,0,0,0,0,0,0,0,0,0,0,0,100,0,0,0,0,250000,10,0,10,0,10,0,0,1006231,1000,0,0,0,66,104,3,3,0,'Underboss',1482705879,1482445359,14,'','','','','',189985,0,0,0,0,0,0,0,0,0,'enabled',5,'enabled','Level 2 Ranks','enabled',0,0,0,0,'',31222704,4727,2,4,28,99999,17,99999,99999,99999,99999,11,99999,99999,9,99999,2,5,99999,99999,99999,19,529113,'no',0,'enabled',0,0,0,'enabled','enabled',0,0,0,0,0,0,0,0,0,0,0,0,0,0,0),(3,'YaKillaCJ','DaBoiCJ','yaboipass','0','172.56.27.98','172.56.27.98','93c9ebca589a22408ab0269610e3e28d','','normal','none','yes','0','0','normal',0,0,0,0,0,75000,75000,0,0,0,0,0,311271025778,318593603048,324489998048,2625000359,0,0,1,0,0,0,513136,0,0,282129,0,0,0,0,0,282129,513136,0,100,100,100,1413617112,431563369,0,298415798,250000,10,0,10,0,10,0,0,1572371,1000,0,0,0,0,132,3,4,0,'',1483283143,1482682486,34,'','CJ The 1Man ARMY\r<br>\r<br>You have *,4*2,*1* mobster points!\r<br>\r<br>^_^','','','',0,0,0,0,0,0,15,1482706796,0,0,'enabled',5,'enabled','Main Menu','enabled',0,0,0,0,'',14289,0,2,2,3,99999,7,99999,99999,99999,99999,1,99999,99999,1,99999,5,99999,99999,99999,99999,7,51231,'no',0,'enabled',0,0,10000000000,'enabled','enabled',0,0,0,0,0,0,0,0,0,0,0,0,0,0,0),(4,'Death_Reaper','Darkangel666','8675309','0','173.28.39.18','173-28-39-18.client.mchsi.com','092d867ad7f2421ec87f5c0d3e28d6f1','','normal','none','yes','0','0','normal',3791,0,3000,0,0,124000,124000,0,0,0,0,0,797,229850154458,493075096208,229845266310,0,0,0,0,0,0,0,0,0,0,0,0,0,0,0,0,0,0,0,0,100,1566198,1107051,0,0,250000,0,0,0,0,218,0,0,70193296,1000,0,0,0,116,98,2,4,0,'Underboss',1482642821,1482414925,5,'','','','','',0,0,0,0,0,0,15,1482356114,0,0,'enabled',5,'enabled','Main Menu','enabled',0,0,0,0,'',5447,6024736,3,2,4,99999,4,99999,99999,99999,99999,99999,3,99999,99999,4,3,99999,5,99999,99999,4,936107,'no',0,'enabled',0,0,0,'enabled','enabled',0,0,0,0,0,0,0,0,0,0,0,0,0,0,0),(5,'Noodles','8-BALL','bobdog','0','75.117.53.176','h176.53.117.75.dynamic.ip.windstream.net','614f868dd691e836e9682383a44a3ba6','','normal','none','yes','0','0','normal',2200,0,3000,0,0,75000,75000,0,0,0,0,0,2561,98930118670,312689287420,98833755217,0,0,1,0,0,0,46069,0,0,40348,0,0,0,0,0,40348,46069,0,100,100,100,1390708,1390708,0,1009890,250000,10,0,10,0,0,0,0,57002445,1000,0,0,0,10,130,2,1,0,'',1482714616,1482561857,17,'http://www.youtube.com/v/rinfdmPYbRw?autoplay=1&=1.swf &autoplay=1.swf','','','','',0,0,0,0,0,0,15,1482679973,0,0,'enabled',5,'enabled','Family business board','enabled',0,0,0,0,'',4226,1001,2,3,7,99999,8,99999,99999,99999,99999,2,99999,99999,2,99999,7,6,99999,99999,99999,8,192923,'no',0,'enabled',0,0,0,'enabled','enabled',0,0,0,0,0,0,3,0,0,3,0,0,0,0,0),(6,'bTs','u1est0h','1012o5h','0','67.176.247.246','c-67-176-247-246.hsd1.il.comcast.net','1b3160518d7bbac17d48960ee67211d7','','normal','none','yes','0','0','normal',3781,15000,2000,0,0,0,0,0,0,0,0,0,1,1033462489,1711398739,739631860,0,0,10,0,0,0,170799,0,0,0,0,0,0,0,0,0,170799,0,75,0,100,9953253,9965913,0,20709784,250000,10,0,10,0,10,0,0,180782,1000,0,0,0,22,48,4,1,0,'Underboss',1482643523,1482682402,34,'','','','','',0,0,0,0,0,0,15,1482643515,0,0,'enabled',5,'enabled','Global Ranks','enabled',0,0,0,0,'',0,4069,1,2,14,99999,20,99999,99999,99999,2,99999,99999,4,99999,99999,7,99999,99999,99999,99999,22,17542,'no',0,'enabled',1,0,0,'enabled','enabled',0,0,0,0,0,0,0,2,0,6,0,0,0,0,0),(7,'RezFingaz','whiteboy0679','bruno','0','144.172.220.142','modemcable142.220-172-144.mc.videotron.ca','3e80d0caf079d7b82fbadb8d111f75e4','','normal','none','yes','0','0','normal',2884,1,0,0,0,0,0,0,0,0,0,0,2278,91358278,3724050778,0,0,0,10,0,0,0,0,0,0,0,59011,121018,0,0,0,180029,0,0,0,90,100,250000,250000,0,0,250000,10,0,10,0,0,0,0,968718,1000,0,0,0,126,158,3,3,0,'',1482685013,1482561725,17,'','','','','',91256,0,0,0,0,0,0,0,0,0,'enabled',5,'enabled','Level 1 Kill Ranks','enabled',30,0,0,0,'',3100,10066,1,5,19,99999,18,99999,99999,99999,7,99999,99999,3,99999,99999,1,99999,99999,99999,99999,20,600288,'no',0,'enabled',0,0,5000000000,'enabled','enabled',0,0,0,0,0,0,0,0,0,1,0,0,0,0,0),(8,'HawkY','glockman','Thrilla1!','0','108.77.193.0','108-77-193-0.lightspeed.tukrga.sbcglobal.net','000a971ebca8b488f3ba96e2d8f371a4','','normal','none','yes','0','0','normal',40000,0,0,0,0,75000,75000,0,0,0,0,0,238,11432888,6357632138,0,0,0,10,0,0,0,11106,0,0,0,0,0,0,0,0,0,11106,0,0,0,100,0,0,0,0,250000,1,0,10,0,524,787,0,1692110,1000,0,0,0,604,266,5,2,0,'',1482722950,1482700732,34,'','','','','',219348,0,0,0,0,0,15,1482700336,0,0,'enabled',5,'enabled','Main Menu','enabled',0,0,0,0,'',66589782,261949924,2,9,22,99999,16,99999,99999,99999,99999,8,99999,99999,8,99999,1,1,99999,99999,99999,18,1557263,'no',0,'enabled',0,0,9025000000,'enabled','enabled',0,0,0,0,0,0,26,0,0,0,0,0,0,0,0),(9,'i_pLaY_nAkEd','iplaynaked','252007','0','65.32.179.169','6532179hfc169.tampabay.res.rr.com','a5949003c7754a4cb3803199037fac0b','','normal','none','yes','0','0','normal',195,0,0,0,0,10,10,0,0,0,0,0,3550,6526924566,20594888316,6252429516,0,0,1,0,0,0,183033,0,0,91117,0,0,0,0,0,91117,183033,0,12,90,100,0,0,0,0,250000,10,0,10,0,0,0,0,3751457,1000,0,0,0,0,88,3,2,0,'Underboss',1482704492,1482680606,7,'','','','','',0,0,0,0,0,0,15,1482704480,0,0,'enabled',5,'enabled','Main Menu','enabled',0,0,0,0,'',0,0,2,3,13,99999,14,99999,99999,99999,99999,6,99999,99999,6,99999,9,8,99999,99999,99999,16,1117,'no',0,'enabled',0,0,0,'enabled','enabled',0,0,0,0,0,0,0,0,0,0,0,0,0,0,0),(10,'Sparkle','ankh','copper','0','68.12.217.73','ip68-12-217-73.ok.ok.cox.net','7f676e71e1d5ae0ca8f8f9ef4c6fc80b','','normal','none','yes','0','0','normal',220,0,0,0,0,80000,80000,0,0,0,0,0,2443280129,119067987736,344295980236,116552295968,0,0,0,0,0,0,36069,0,0,28611,0,0,0,0,0,28611,33527,0,100,100,100,923131,1146676,0,842120,250000,0,0,0,0,10,0,0,60060797,1000,0,0,0,0,120,4,1,0,'',1482760431,1482561822,17,'http://www.mobstercrimes.com/tru/images/mobsterprofile.jpg','','','','',0,0,0,0,0,0,15,1482706801,0,0,'enabled',5,'enabled','Level 3 Kill Ranks','enabled',0,0,0,0,'',1,0,3,1,5,99999,6,99999,99999,99999,99999,99999,4,99999,99999,6,5,99999,7,99999,99999,6,147688,'no',0,'enabled',0,0,0,'enabled','enabled',0,0,0,0,0,0,19,0,0,0,0,0,0,0,0),(11,'Christmas-Is-Comin','Gotti_Girl','Nopass2010','0','173.115.125.16','173-115-125-16.pools.spcsdns.net','ea46fa9dd6aa2c24be749e2fb959bca6','','normal','none','yes','0','0','normal',3750,0,2943,0,0,227500,227500,0,0,0,0,0,2083,3219733,421130915983,0,0,0,99,0,0,0,0,0,0,0,0,6432,0,0,0,6432,0,0,0,90,100,0,0,0,0,250000,1,0,0,0,0,0,0,112300719,1000,1,0,0,584,158,5,5,0,'',1482714034,1482705493,34,'http://www.youtube.com/v/8QZswgzfQHY?autoplay=1&=1.swf','','','','',743204,0,0,0,0,0,0,0,0,0,'enabled',5,'enabled','Main Menu','enabled',0,0,0,0,'',18053,40941589,3,2,25,99999,5,99999,99999,99999,99999,99999,6,99999,99999,5,15,1,4,99999,99999,5,1533385,'no',0,'enabled',0,0,0,'enabled','enabled',0,0,0,0,0,0,2,5,0,0,0,0,0,0,0),(12,'vengeance','plow187','jiondae2469','0','72.240.103.250','cblmdm72-240-103-250.buckeyecom.net','e32be35584a6fddf0f50e56d3256199b','','normal','none','yes','0','0','normal',3750,0,0,0,0,75000,75000,0,0,0,0,0,3,3318153,13377591903,0,0,0,99,0,0,0,0,0,0,0,0,6633,0,0,0,6633,0,0,0,90,100,0,0,0,0,250000,1,0,0,0,10,0,0,3566472,1000,2,0,0,142,232,5,2,0,'Underboss',1482605735,1482705477,34,'','','','','',0,0,0,0,0,0,15,1482589889,0,0,'enabled',5,'enabled','Flying_Solo Family','enabled',3,0,0,0,'',10292,9441,2,8,24,99999,15,99999,99999,99999,99999,9,99999,99999,7,99999,1,3,99999,99999,99999,17,1272546,'no',0,'enabled',0,0,10000000000,'enabled','enabled',0,0,0,0,0,0,8,8,0,0,0,0,0,0,0),(13,'Frost','paul244','168020','0','70.195.196.127','127.sub-70-195-196.myvzw.com','b08e4e2ac60975355a747228bfe0864c','','supporter','none','yes','0','0','normal',750,0,0,0,0,99500,99500,0,0,0,0,0,42,3208042,71313005542,0,0,0,0,0,0,0,0,0,0,0,0,5733,0,0,0,5733,0,0,0,90,100,0,0,0,0,250000,10,0,10,0,10,0,0,19015945,1000,14,0,0,66,166,5,3,0,'',1482705264,1482705485,34,'','','','','',1376655,0,0,0,0,0,15,1482697537,0,0,'enabled',5,'enabled','Global Ranks','enabled',0,0,0,0,'',6697,1059,3,5,26,99999,99999,99999,2,99999,99999,99999,7,99999,99999,8,18,6,6,99999,99999,12,449066,'no',0,'enabled',0,0,0,'enabled','enabled',0,0,0,0,0,0,0,24,0,0,0,0,0,0,0),(14,'bishop','bishop54','paulie69','0','66.87.77.158','66-87-77-158.pools.spcsdns.net','75d1bba5d44dc343603f2e5d4c9912b5','','normal','none','yes','0','0','normal',50,0,0,0,0,383000,383000,0,0,0,0,0,322486076,760450830826,2539239624451,759956974823,0,0,1,0,0,0,76058,0,0,62113,0,0,0,0,0,62113,76058,0,100,100,100,4314462,4338003,0,3882239,250000,10,0,10,0,583,0,0,474343620,1000,0,0,0,122,142,3,2,0,'Underboss',1482706812,1482562035,17,'http://i156.photobucket.com/albums/t36/bishopunlimited/bishop1.swf','','','','',0,0,0,0,0,0,15,1482706724,0,0,'enabled',5,'enabled','Recruiting','enabled',0,0,0,0,'',6039588,8342,3,1,1,99999,2,99999,99999,99999,99999,99999,1,99999,99999,2,2,99999,2,99999,99999,2,2103609,'no',0,'enabled',0,0,0,'enabled','enabled',0,0,0,0,0,0,6,0,0,0,0,0,0,0,0),(15,'Teflon','wicked','admin','0','66.87.76.151','66-87-76-151.pools.spcsdns.net','415be94915514e6df03e5c5f9d3c85c8','','normal','none','yes','0','0','normal',50,1,0,0,0,1,1,0,0,0,0,0,1882346618,12314374109,36164254109,9622856063,0,0,1,94196,117318,0,0,0,0,0,10266,14477,0,0,0,24743,211514,0,89,100,100,99748304,75445564,0,61858,250000,10,0,10,0,10,0,0,6359967,1000,0,0,0,0,10,5,2,0,'',1482709053,1482496114,13,'','','','','',0,0,0,0,0,0,15,1482705687,0,0,'enabled',5,'enabled','Main Menu','enabled',21,0,0,0,'',0,0,2,6,11,99999,12,99999,99999,99999,99999,5,99999,99999,5,99999,11,9,99999,99999,99999,14,90,'no',0,'enabled',0,0,0,'enabled','enabled',0,0,0,0,0,0,0,0,0,0,0,0,0,0,0),(16,'8sec','busaguy','Lilguy02','0','68.99.238.142','ip68-99-238-142.ph.ph.cox.net','d6f7e80e16e4cebd67acfc5dc13ee9da','','supporter','none','yes','3','0','normal',5000,0,0,0,0,0,0,0,3,0,15000,0,3359,48605878418,185733560918,48157936707,0,0,10,0,0,0,439610,0,0,0,17,24,0,0,0,41,439610,0,86,100,100,1099025,1099025,0,892563,250000,10,0,10,0,0,0,0,36567382,1000,0,0,0,2,216,5,4,0,'',1482706876,1482647304,7,'','','','','',0,0,0,0,0,0,15,1482691285,0,0,'enabled',5,'enabled','collecting','enabled',0,0,0,0,'',13531,0,2,4,10,99999,99999,99999,1,99999,99999,4,99999,99999,4,99999,2,4,99999,99999,99999,11,549443,'no',0,'enabled',0,0,10000000000,'enabled','enabled',0,0,0,0,0,0,2,0,0,0,0,0,0,0,0),(25,'Barbie','sydney01','sydne10','0','47.185.51.98','47.185.51.98','2f8548d240111e2cb6328701628fb48b','','normal','none','yes','0','0','normal',2550,24000,3000,0,0,0,0,0,0,0,0,0,1538,271850720,437338220,67004782,0,0,0,0,0,0,202337,0,0,0,0,0,0,0,0,0,202337,0,75,0,100,428285,428285,0,113190,250000,10,0,10,0,10,0,0,44129,1000,0,0,0,16,72,5,1,0,'Underboss',1482707386,1482680512,7,'','','','','',0,0,0,0,0,0,15,1482675761,0,0,'enabled',5,'enabled','Inbox','enabled',0,0,0,0,'',5733,10,1,11,16,99999,24,99999,99999,99999,4,99999,99999,7,99999,99999,3,99999,99999,99999,99999,26,83379,'no',0,'enabled',0,0,0,'enabled','enabled',0,0,0,0,0,0,0,0,0,3,0,0,0,0,0),(18,'bia','bia','marius','0','84.247.164.156','ip84-247-164-156.breiband.no','3ac6a843848bda23268510fb735e8630','','normal','none','yes','0','0','normal',695,0,0,0,0,75000,75000,0,0,0,0,0,4456,76271645734,246836986984,75541049818,0,0,10,0,0,0,475665,0,0,246379,0,0,0,0,0,246379,475665,0,99,100,100,1189163,1189163,0,862327,250000,10,0,10,0,0,0,0,45484091,1000,0,0,0,0,98,5,4,0,'',1482698818,1482680499,7,'','','','','',0,0,0,0,0,0,15,1482698783,0,0,'enabled',5,'enabled','Attack','enabled',15,0,0,0,'',2550,0,2,3,8,99999,10,99999,99999,99999,99999,3,99999,99999,3,99999,6,7,99999,99999,99999,10,29343,'no',0,'enabled',0,0,0,'enabled','enabled',0,0,0,0,0,0,1,0,0,0,0,0,0,0,0),(17,'TommyGold','kryptyk','barrie','0','24.141.39.216','d24-141-39-216.home.cgocable.net','86f7c3284d52d98f225f4f4d30ec5ecb','','normal','none','yes','0','0','normal',2206,0,0,0,0,979313,979313,0,0,0,0,0,355,341855,13685085270605,0,0,0,0,0,0,0,0,0,0,0,0,0,0,0,0,0,0,0,0,0,100,0,0,0,0,250000,10,0,10,0,0,0,0,3649355981,1000,0,0,0,210,126,5,4,0,'',1482712605,1482682258,34,'','','','','',4189909,0,0,0,0,0,0,0,0,0,'enabled',5,'enabled','Main Menu','enabled',0,0,0,0,'',947,6072,3,1,29,99999,1,99999,99999,99999,99999,99999,8,99999,99999,1,6,99999,1,99999,99999,1,2805405,'no',0,'enabled',0,0,0,'enabled','enabled',0,0,0,0,0,0,2,6,0,0,0,0,0,0,0),(19,'Fansisqo','Fansisqo','over1965mich','0','62.140.132.197','62.140.132.197','8e5e50d838d5b2ce42fdf633e8219c08','','normal','none','yes','0','0','normal',3750,24000,2550,0,0,2000,2000,0,0,0,0,0,275,658911492,658911492,70907021,0,0,10,10698,17091,14527,20601,15629,0,0,0,0,0,0,0,0,78546,0,50,0,100,742472,0,0,321806,250000,10,413,1022,2635,0,0,0,0,1000,0,0,0,0,58,1,1,0,'Underboss',1482564685,1482579276,11,'','','','','',0,0,0,0,0,0,15,1482564432,0,0,'enabled',5,'enabled','Family board','enabled',21,0,0,0,'',50765,0,2,2,15,99999,22,99999,99999,99999,99999,7,99999,99999,11,99999,15,10,99999,99999,99999,24,84,'no',0,'enabled',1,0,0,'enabled','enabled',1,0,0,0,0,0,4,6,0,8,0,0,0,0,0),(20,'motormouth','karsten','motormouth','0','91.100.176.149','91.100.176.149.generic-hostname.arrownet.dk','5f77bc29b0e21a9ca4f8f6b9d6f59cd4','','normal','none','yes','0','0','normal',3750,0,0,0,0,0,0,0,0,0,0,0,3,7885777839,28916325339,7733684954,0,0,10,0,0,0,148349,0,0,0,0,0,0,0,0,0,148349,0,75,0,100,371427,370873,0,479584,250000,10,0,10,0,0,0,0,5608146,1000,0,0,0,0,30,5,1,0,'Underboss',1482629064,1482149559,8,'','','','','',0,0,0,0,0,0,15,1482629052,0,0,'enabled',5,'enabled','Making Purchases','enabled',0,0,0,0,'',1,0,1,7,12,99999,13,99999,99999,99999,1,99999,99999,2,99999,99999,4,99999,99999,99999,99999,15,60606,'no',0,'enabled',1,0,0,'enabled','enabled',0,0,0,0,0,0,0,0,0,6,0,0,0,0,0),(21,'lucky','paytokill','18111971','0','124.107.104.10','124.107.104.10.pldt.net','5499894099ecd0a472b858ddd71de9ac','','normal','none','yes','0','0','normal',1150,25000,2000,0,0,0,0,0,0,0,0,0,0,202193282,202193282,67004782,0,0,10,0,0,0,132847,0,0,0,0,0,0,0,0,0,132847,0,75,0,100,250000,250000,0,250000,250000,10,0,10,0,0,0,0,0,1000,0,0,0,0,44,5,6,0,'',1482693035,1482693509,34,'','','','','',0,0,0,0,0,0,15,1482692933,0,0,'enabled',5,'enabled','Recruiting','enabled',22,0,0,0,'',0,0,1,12,17,99999,25,99999,99999,99999,5,99999,99999,8,99999,99999,11,99999,99999,99999,99999,27,50,'no',0,'enabled',0,0,0,'enabled','enabled',1,0,0,0,0,0,0,5,0,0,0,0,0,0,0),(22,'Joshua','Zaliyas','zala123','0','81.82.229.39','d5152E527.static.telenet.be','7dddf93d50083b55b284e06c54fc11a5','','normal','none','yes','0','0','normal',3750,0,0,0,0,78500,78500,0,0,0,0,0,2320,116483271007,250547593507,116478727958,0,0,99,0,0,0,0,0,0,0,0,0,0,0,0,0,0,0,0,0,100,243143,418178,0,590013,250000,20,0,20,0,10,0,0,35750485,1000,0,0,0,38,38,2,1,0,'Underboss',1482419284,1482561841,17,'','','','','',0,0,0,0,0,0,15,1482419284,0,0,'enabled',5,'enabled','Recruiting','enabled',20,0,0,0,'',1068,281,3,4,6,99999,9,99999,99999,99999,99999,99999,5,99999,99999,7,99999,99999,8,99999,99999,9,96994,'no',0,'enabled',1,0,0,'enabled','enabled',1,0,0,0,0,3,5,3,0,11,0,0,0,0,0),(23,'Demize','shaggy','#v3rn3tcoMC1','0','72.200.149.160','ip72-200-149-160.ri.ri.cox.net','64da40937e0379b98f037a9315c11877','','normal','none','yes','0','0','normal',3750,25000,2000,0,0,0,0,0,0,0,0,0,475619,139361296,483457546,67004782,0,0,99,0,0,0,69025,0,0,0,0,0,0,0,0,0,69025,0,75,0,100,395345,409518,0,222624,250000,10,0,10,0,0,0,0,91759,1000,0,0,0,0,132,3,2,0,'',1482583955,1482586886,11,'','','','','',0,0,0,0,0,0,15,1482583903,0,0,'enabled',5,'enabled','Flying_Solo Family','enabled',21,0,0,0,'',40910538,0,1,7,18,99999,23,99999,99999,99999,6,99999,99999,6,99999,99999,6,99999,99999,99999,99999,25,28269,'no',0,'enabled',0,0,0,'enabled','enabled',1,0,0,0,0,0,2,29,0,0,0,0,0,0,0),(24,'DirtyPigeon','mcjimmy','xp1deltamong','0','82.132.238.13','82-132-238-13.dab.02.net','9659c76617ebb008b2fd2e6e43fc4a66','','normal','none','yes','0','0','normal',3750,0,2000,0,0,280000,280000,0,0,0,0,0,4741,332889092606,1008379000106,332858930037,0,0,10,0,0,0,0,0,0,0,0,0,0,0,0,0,0,0,0,0,100,2642905,2642905,0,4811177,250000,10,0,10,0,10,0,0,180130641,1000,0,0,0,26,36,2,0,0,'',1482601417,1482561996,17,'','      Bored','','','',830978,0,0,0,0,0,15,1482479337,0,0,'enabled',5,'enabled','Level 3 Kill Ranks','enabled',20,0,0,0,'',3573,645,3,1,2,99999,3,99999,99999,99999,99999,99999,2,99999,99999,3,99999,99999,3,99999,99999,3,1638467,'no',0,'enabled',0,0,0,'enabled','enabled',1,0,0,0,0,0,0,0,1,0,0,0,0,0,0),(27,'CrAzY','Jonibobs','hoochy072','0','188.28.111.79','188.28.111.79.threembb.co.uk','974506596c17c71a5fa61b78256b195b','','normal','none','yes','0','0','normal',6802,0,0,0,0,0,0,0,0,0,0,0,49592153216,50103367034,51232742034,63814078,0,0,0,0,0,0,230629,0,0,18479,0,0,0,0,0,13346,223908,0,88,100,100,20000000,20000000,0,29487560,250000,10,0,10,0,0,0,0,242500,1000,0,0,0,0,78,1,1,0,'Underboss',1482707927,1482697259,34,'','','','','',0,0,0,0,0,0,15,1482706788,0,0,'enabled',5,'enabled','Making Purchases','enabled',0,0,0,0,'',5235,0,1,1,9,99999,11,99999,99999,99999,3,99999,99999,1,99999,99999,8,99999,99999,99999,99999,13,10043,'no',0,'enabled',0,0,0,'enabled','enabled',0,0,0,0,0,0,0,0,0,0,0,0,0,0,0),(26,'coal','East_1999','wzt21a','0','76.189.19.36','cpe-76-189-19-36.neo.res.rr.com','840b194932da22c7e5c70c3fb7a7a439','','normal','none','yes','0','0','normal',3769,967,932,0,0,71000,71000,0,0,0,0,0,4407,345907,2891625907,0,0,0,10,0,0,0,0,0,0,0,0,0,0,0,0,0,0,0,0,0,100,0,0,0,0,250000,10,0,10,0,10,0,0,771007,1000,0,0,0,580,64,3,7,0,'',1482409086,1482408431,8,'http://www.youtube.com/v/X_DVS_303kQ?autoplay=1&=1.swf','','','','',53080,0,0,0,0,0,0,0,0,0,'enabled',5,'enabled','spamming HawkY','enabled',21,0,0,0,'',230661715,66601932,2,6,27,99999,19,99999,99999,99999,99999,10,99999,99999,10,99999,99999,2,99999,99999,99999,21,1421916,'no',0,'enabled',0,0,0,'enabled','enabled',1,0,0,0,0,4,2,0,0,0,0,0,0,0,0),(28,'Fatal','vhb','pitbull22','0','66.87.64.186','66-87-64-186.pools.spcsdns.net','32659f086f6f46d568cea7d1832b3bf8','','normal','none','yes','0','0','normal',3750,25000,2000,0,0,0,0,0,0,0,0,0,0,67155578,67155578,63814078,0,0,10,0,0,0,1000,0,0,0,0,0,0,0,0,0,1000,0,75,0,100,250000,250000,0,250000,250000,10,0,10,0,0,0,0,0,1000,0,0,0,0,22,5,0,0,'',1482702036,1482286769,11,'','','','','',0,0,0,0,0,0,15,1482277220,0,0,'enabled',5,'enabled','Schitt profile','enabled',21,0,0,0,'',0,0,1,15,20,99999,27,99999,99999,99999,8,99999,99999,11,99999,99999,10,99999,99999,99999,99999,30,55,'no',0,'enabled',0,0,0,'enabled','enabled',1,0,0,0,0,0,3,0,0,0,0,0,0,0,0),(29,'ahmadfaisal','ahmadfaisal','29101992a','0','8.37.230.43','8.37.230.43','ab1360ef0bb22a26a9c899eb28c8014b','','normal','none','yes','0','0','normal',3750,25000,2000,0,0,0,0,0,0,0,0,0,0,64116812,64120562,60775312,0,0,10,0,0,0,1000,0,0,0,0,0,0,0,0,0,1000,0,75,0,100,250000,250000,0,250000,250000,10,0,10,0,10,0,0,0,1000,0,0,0,0,2,5,0,0,'',1482335125,1482421909,8,'','','','','',0,0,0,0,0,0,0,0,86400,1482334992,'enabled',5,'enabled','Reading Quick Start','enabled',21,0,0,0,'',0,0,1,17,21,99999,29,99999,99999,99999,9,99999,99999,13,99999,99999,9,99999,99999,99999,99999,32,90,'no',0,'enabled',0,0,0,'enabled','enabled',1,0,0,0,0,0,0,1,1,0,0,0,0,0,0),(31,'stoner','killerme10','shaun','0','88.109.96.135','88-109-96-135.dynamic.dsl.as9105.com','35ebe593f0f10ef6eee567b24c0f931d','','normal','none','yes','0','0','normal',3750,25000,2000,0,0,0,0,0,0,0,0,0,0,0,65976500,57881250,0,0,10,0,0,0,1000,0,0,1000,0,0,0,0,0,1000,1000,0,100,100,100,250000,250000,0,250000,250000,10,0,10,0,10,0,0,1000,1000,0,0,0,0,0,5,0,0,'',1482442322,0,0,'','','','','',0,0,0,0,0,0,0,0,0,0,'enabled',5,'enabled','Main Menu','enabled',17,0,0,0,'',0,0,1,16,31,99999,28,99999,99999,99999,12,99999,99999,12,99999,99999,13,99999,99999,99999,99999,31,0,'no',0,'enabled',0,0,0,'enabled','enabled',1,0,0,0,0,0,0,0,0,0,0,0,0,0,0),(30,'7','Armored','ram664791','0','24.74.206.198','cpe-24-74-206-198.ec.res.rr.com','e08726b94d3c80b15d5a39c0799542cb','','normal','none','yes','0','0','normal',3750,25000,2000,0,0,0,0,0,0,0,0,0,0,0,68870562,60775312,0,0,10,0,0,0,1000,0,0,1000,0,0,0,0,0,1000,1000,0,100,100,100,250000,250000,0,250000,250000,10,0,10,0,10,0,0,1000,1000,0,0,0,0,0,5,0,0,'',1482336542,0,0,'','','','','',0,0,0,0,0,0,0,0,0,0,'enabled',5,'enabled','Noodles profile','enabled',21,0,0,0,'',0,0,1,14,32,99999,26,99999,99999,99999,13,99999,99999,10,99999,99999,14,99999,99999,99999,99999,29,0,'no',0,'enabled',0,0,0,'enabled','enabled',1,0,0,0,0,0,0,0,0,0,0,0,0,0,0),(32,'MAX','tizzino','biggie19','0','101.183.121.126','CPE-101-183-121-126.lnse5.woo.bigpond.net.au','50ed18cb89bfe37b45ebde424ee8bb7c','','normal','none','yes','0','0','normal',3750,25000,2000,0,0,0,0,0,0,0,0,0,0,0,63220250,55125000,0,0,10,0,0,0,1000,0,0,1000,0,0,0,0,0,1000,1000,0,100,100,100,250000,250000,0,250000,250000,10,0,10,0,10,0,0,1000,1000,0,0,0,0,0,5,0,0,'',1482474556,0,0,'','','','','',0,0,0,0,0,0,0,0,0,0,'enabled',5,'enabled','Main Menu','enabled',15,0,0,0,'',0,0,1,18,33,99999,30,99999,99999,99999,14,99999,99999,14,99999,99999,15,99999,99999,99999,99999,33,0,'no',0,'enabled',0,0,0,'enabled','enabled',1,0,0,0,0,0,0,0,0,0,0,0,0,0,0),(33,'accountistoofull','travonce','37756377','0','73.44.181.102','c-73-44-181-102.hsd1.il.comcast.net','d14d67f673b93265096660d335d20734','','normal','none','yes','0','0','normal',3750,25000,3000,0,0,0,0,0,0,0,0,0,0,0,63220250,55125000,0,0,10,0,0,0,1000,0,0,1000,0,0,0,0,0,1000,1000,0,100,100,100,250000,250000,0,250000,250000,10,0,10,0,10,0,0,1000,1000,0,0,0,0,0,5,0,0,'',1482508707,0,0,'','','','','',0,0,0,0,0,0,0,0,0,0,'enabled',5,'enabled','personal ranks','enabled',11,0,0,0,'',0,0,1,19,34,99999,31,99999,99999,99999,15,99999,99999,15,99999,99999,16,99999,99999,99999,99999,34,0,'no',0,'enabled',0,0,0,'enabled','enabled',1,0,0,0,0,0,0,0,1,0,0,0,0,0,0),(34,'Schitt','jack_schitt','magview','0','73.91.226.8','73.91.226.8','e601b59da2d901c809e36b2c7d0a80fe','','normal','none','yes','0','0','normal',1886,0,0,0,0,0,0,0,0,0,0,0,323,6991508,907060508,0,0,0,0,0,0,0,0,0,0,0,0,13850,0,0,0,13850,0,0,0,100,100,9,0,0,16544,250000,0,0,0,0,14,0,0,240017,1000,0,0,40,172,34,5,0,0,'',1482707100,1482681569,17,'','','','','',0,0,0,0,0,0,0,0,0,0,'enabled',5,'enabled','Main Menu','enabled',0,0,0,0,'',2100,8041,1,10,23,99999,21,99999,99999,99999,10,99999,99999,5,99999,99999,2,99999,99999,99999,99999,23,572214,'no',0,'enabled',0,0,0,'enabled','enabled',0,0,0,0,0,0,2,0,0,0,0,0,0,0,0);

--
-- Table structure for table `r588_city`
--

CREATE TABLE `r588_city` (
  `id` tinyint(1) NOT NULL AUTO_INCREMENT,
  `name` varchar(255) NOT NULL DEFAULT '',
  `country` varchar(32) NOT NULL DEFAULT '',
  PRIMARY KEY (`id`)
) ENGINE=MyISAM AUTO_INCREMENT=6 DEFAULT CHARSET=latin1;

--
-- Dumping data for table `r588_city`
--

INSERT INTO `r588_city` VALUES (1,'New York',''),(2,'Chicago',''),(3,'Miami',''),(4,'Los Angeles',''),(5,'Las Vegas','');

--
-- Table structure for table `r588_crew`
--

CREATE TABLE `r588_crew` (
  `id` int(6) unsigned NOT NULL AUTO_INCREMENT,
  `name` varchar(18) NOT NULL DEFAULT '',
  `don` varchar(18) NOT NULL DEFAULT '',
  `founder` varchar(18) NOT NULL DEFAULT '',
  `members` smallint(6) NOT NULL DEFAULT '1',
  `profile` varchar(255) NOT NULL DEFAULT '',
  `icon` varchar(255) NOT NULL DEFAULT '',
  `city` tinyint(3) unsigned NOT NULL DEFAULT '1',
  `rank` decimal(65,0) unsigned NOT NULL DEFAULT '99999',
  `networth` decimal(65,0) unsigned NOT NULL DEFAULT '0',
  `cofounder` varchar(18) NOT NULL DEFAULT '',
  `money` decimal(65,0) unsigned NOT NULL DEFAULT '50000',
  `condom` decimal(65,0) unsigned NOT NULL DEFAULT '500',
  `crack` decimal(65,0) unsigned NOT NULL DEFAULT '500',
  `medicine` decimal(65,0) unsigned NOT NULL DEFAULT '500',
  `thug` decimal(65,0) unsigned NOT NULL DEFAULT '500',
  `beer` decimal(65,0) unsigned NOT NULL DEFAULT '0',
  `weed` decimal(65,0) unsigned NOT NULL DEFAULT '0',
  `glock` decimal(65,0) unsigned NOT NULL DEFAULT '0',
  `shotgun` decimal(65,0) unsigned NOT NULL DEFAULT '0',
  `uzi` decimal(65,0) unsigned NOT NULL DEFAULT '0',
  `ak47` decimal(65,0) unsigned NOT NULL DEFAULT '0',
  `bank` decimal(65,0) unsigned NOT NULL DEFAULT '50000',
  `lowrider` decimal(65,0) unsigned NOT NULL DEFAULT '0',
  `cbank` decimal(65,0) unsigned NOT NULL DEFAULT '0',
  `title` varchar(255) NOT NULL DEFAULT '',
  `tnetworth` decimal(65,0) NOT NULL DEFAULT '0',
  `finalrank` decimal(65,0) unsigned NOT NULL DEFAULT '0',
  `motd` text NOT NULL,
  `tbank` decimal(65,0) unsigned NOT NULL DEFAULT '2000',
  `exten` smallint(6) NOT NULL DEFAULT '0',
  `ivt` tinyint(3) unsigned NOT NULL DEFAULT '0',
  `uploads` smallint(6) NOT NULL DEFAULT '0',
  `totaldus` double unsigned NOT NULL DEFAULT '0',
  `totalops` double unsigned NOT NULL DEFAULT '0',
  `totalkills` double unsigned NOT NULL DEFAULT '0',
  PRIMARY KEY (`id`)
) ENGINE=MyISAM AUTO_INCREMENT=6 DEFAULT CHARSET=latin1;

--
-- Dumping data for table `r588_crew`
--

INSERT INTO `r588_crew` VALUES (1,'Metropolis','motormouth','motormouth',7,'http://www.youtube.com/v/55Sqe8VkS80?autoplay=1&=1.swf','../images/icons/588/processing.gif1450191646.gif14 82769595',4,2,6446209294997,'Barbie',50000,500,500,500,500,0,0,0,0,0,0,50000,0,20000000000,'',15943493088339,2,'',2000,0,0,1,31762,2321584,3113991),(2,'FeaRLeSS_ArmY','YaKillaCJ','YaKillaCJ',7,'','../images/icons/588/FearlessBlue.gif1482706923',3,3,424591821113,'8sec',50000,500,500,500,500,0,0,0,0,0,0,50000,0,50000000000,'',2155335003613,3,'',2000,0,0,1,621205,2519364,6513437),(3,'Flying_Solo','HawkY','HawkY',8,'','../images/icons/588/Flying_Solo.gif1482722991',5,1,9014517240207,'Demize',50000,500,500,500,500,0,0,0,0,0,0,50000,0,20000005000,'',31018936334213,1,'',2000,0,0,1,65659,5668378,6819807),(4,'DopeDealers','RezFingaz','RezFingaz',3,'','../images/icons/588/dopedealers_zpsaf5b5da2.gif148 3065829',2,4,55524072,'Yogi',50000,500,500,500,500,0,0,0,0,0,0,50000,0,0,'',36314613558,4,'',2000,0,0,1,81561,1000,687087),(5,'Happy_New_Year2017','GOTTI_GIRL','Free_Agent',1,'http://happynewyear2017.wiki/wp-content/uploads/2016/10/Happy-New-Year-2017-GIF-Images.gif','../images/icons/588/12202265281210863947diamond_31 131_006.gif1483236043',5,5,137715090,'',50000,500,500,500,500,0,0,0,0,0,0,50000,0,0,'',139194090,5,'',2000,0,0,2,1000,1000,0);

--
-- Table structure for table `r588_extens`
--

CREATE TABLE `r588_extens` (
  `id` int(6) unsigned NOT NULL AUTO_INCREMENT,
  `name` varchar(18) NOT NULL DEFAULT '',
  `don` varchar(18) NOT NULL DEFAULT '',
  `founder` varchar(18) NOT NULL DEFAULT '',
  `cofounder` varchar(18) NOT NULL DEFAULT '',
  `members` smallint(6) NOT NULL DEFAULT '1',
  `profile` varchar(255) NOT NULL DEFAULT '',
  `icon` varchar(255) NOT NULL DEFAULT '',
  `city` tinyint(3) unsigned NOT NULL DEFAULT '1',
  `networth` decimal(65,0) unsigned NOT NULL DEFAULT '0',
  `tnetworth` decimal(65,0) NOT NULL DEFAULT '0',
  `bank` decimal(65,0) unsigned NOT NULL DEFAULT '50000',
  `cbank` decimal(65,0) unsigned NOT NULL DEFAULT '0',
  `title` varchar(255) NOT NULL DEFAULT '',
  `rank` decimal(65,0) unsigned NOT NULL DEFAULT '99999',
  `finalrank` decimal(65,0) unsigned NOT NULL DEFAULT '0',
  `motd` text NOT NULL,
  `tbank` decimal(65,0) unsigned NOT NULL DEFAULT '2000',
  `exten` smallint(6) NOT NULL DEFAULT '0',
  PRIMARY KEY (`id`)
) ENGINE=MyISAM DEFAULT CHARSET=latin1;

--
-- Dumping data for table `r588_extens`
--


--
-- Table structure for table `r588_pimp`
--

CREATE TABLE `r588_pimp` (
  `id` mediumint(8) unsigned NOT NULL AUTO_INCREMENT,
  `pimp` varchar(18) NOT NULL DEFAULT '',
  `user` varchar(255) NOT NULL DEFAULT '',
  `pass` varchar(32) NOT NULL DEFAULT '',
  `email` varchar(255) NOT NULL DEFAULT '',
  `ip` varchar(15) NOT NULL DEFAULT '0.0.0.0',
  `host` varchar(255) NOT NULL DEFAULT '',
  `code` varchar(43) NOT NULL DEFAULT '',
  `pin` varchar(32) NOT NULL DEFAULT '',
  `status` varchar(12) NOT NULL DEFAULT 'normal',
  `staffstatus` varchar(12) NOT NULL DEFAULT 'none',
  `showstaff` varchar(12) NOT NULL DEFAULT 'yes',
  `subscribe` varchar(12) NOT NULL DEFAULT '0',
  `minisubscribe` varchar(12) NOT NULL DEFAULT '0',
  `workstatus` varchar(12) NOT NULL DEFAULT 'normal',
  `trn` int(10) unsigned NOT NULL DEFAULT '1000',
  `res` int(10) unsigned NOT NULL DEFAULT '2000',
  `tbank` decimal(65,0) unsigned NOT NULL DEFAULT '2000',
  `maxadd` decimal(65,0) unsigned NOT NULL DEFAULT '0',
  `transfered` decimal(55,0) NOT NULL DEFAULT '0',
  `cadd` decimal(65,0) unsigned NOT NULL DEFAULT '0',
  `fadd` decimal(65,0) unsigned NOT NULL DEFAULT '0',
  `madd` decimal(65,0) unsigned NOT NULL DEFAULT '0',
  `sub` decimal(65,0) unsigned NOT NULL DEFAULT '0',
  `minisub` decimal(65,0) unsigned NOT NULL DEFAULT '0',
  `maxed` decimal(65,0) unsigned NOT NULL DEFAULT '0',
  `minimaxed` decimal(65,0) unsigned NOT NULL DEFAULT '0',
  `money` decimal(65,0) unsigned NOT NULL DEFAULT '0',
  `networth` decimal(65,0) unsigned NOT NULL DEFAULT '0',
  `totnet` decimal(65,0) unsigned NOT NULL DEFAULT '0',
  `bank` decimal(65,0) unsigned NOT NULL DEFAULT '50000000',
  `bank2` decimal(65,0) unsigned NOT NULL DEFAULT '0',
  `bank3` decimal(65,0) unsigned NOT NULL DEFAULT '0',
  `payout` tinyint(3) unsigned NOT NULL DEFAULT '10',
  `whore` decimal(65,0) unsigned NOT NULL DEFAULT '0',
  `dealers` decimal(65,0) unsigned NOT NULL DEFAULT '0',
  `bootleggers` decimal(65,0) unsigned NOT NULL DEFAULT '0',
  `hustlers` decimal(65,0) unsigned NOT NULL DEFAULT '1000',
  `punks` decimal(65,0) unsigned NOT NULL DEFAULT '0',
  `punk` decimal(65,0) unsigned NOT NULL DEFAULT '0',
  `hitmen` decimal(65,0) unsigned NOT NULL DEFAULT '1000',
  `bodyguards` decimal(65,0) unsigned NOT NULL DEFAULT '0',
  `thug` decimal(65,0) unsigned NOT NULL DEFAULT '0',
  `associates` decimal(65,0) unsigned NOT NULL DEFAULT '0',
  `soldiers` decimal(65,0) unsigned NOT NULL DEFAULT '0',
  `enforcers` decimal(65,0) unsigned NOT NULL DEFAULT '0',
  `totaldus` double unsigned NOT NULL DEFAULT '1000',
  `totalops` double unsigned NOT NULL DEFAULT '1000',
  `totaloffensives` double unsigned NOT NULL DEFAULT '0',
  `whappy` tinyint(3) unsigned NOT NULL DEFAULT '100',
  `thappy` tinyint(3) unsigned NOT NULL DEFAULT '100',
  `phappy` tinyint(3) unsigned NOT NULL DEFAULT '100',
  `condom` decimal(65,0) unsigned NOT NULL DEFAULT '250000',
  `crack` decimal(65,0) unsigned NOT NULL DEFAULT '250000',
  `medicine` decimal(65,0) unsigned NOT NULL DEFAULT '0',
  `weed` decimal(65,0) unsigned NOT NULL DEFAULT '250000',
  `beer` decimal(65,0) unsigned NOT NULL DEFAULT '250000',
  `lowrider` decimal(65,0) unsigned NOT NULL DEFAULT '10',
  `hummer` decimal(65,0) unsigned NOT NULL DEFAULT '0',
  `viper` decimal(65,0) unsigned NOT NULL DEFAULT '10',
  `bmxbike` decimal(65,0) unsigned NOT NULL DEFAULT '0',
  `glock` decimal(65,0) unsigned NOT NULL DEFAULT '10',
  `shotgun` decimal(65,0) unsigned NOT NULL DEFAULT '0',
  `uzi` decimal(65,0) unsigned NOT NULL DEFAULT '0',
  `ak47` decimal(65,0) unsigned NOT NULL DEFAULT '1000',
  `vests` decimal(65,0) unsigned NOT NULL DEFAULT '1000',
  `attin` int(10) unsigned NOT NULL DEFAULT '0',
  `revattin` int(10) unsigned NOT NULL DEFAULT '0',
  `attout` int(10) unsigned NOT NULL DEFAULT '0',
  `attackout` decimal(65,0) NOT NULL DEFAULT '0',
  `attackin` decimal(65,0) NOT NULL DEFAULT '0',
  `city` tinyint(3) unsigned NOT NULL DEFAULT '1',
  `crew` bigint(20) unsigned NOT NULL DEFAULT '0',
  `crewext` bigint(20) unsigned NOT NULL DEFAULT '0',
  `ctitle` varchar(18) NOT NULL DEFAULT '',
  `online` int(12) unsigned NOT NULL DEFAULT '0',
  `lastattack` int(12) unsigned NOT NULL DEFAULT '0',
  `lastattackby` int(11) unsigned NOT NULL DEFAULT '0',
  `profile` varchar(255) NOT NULL DEFAULT '',
  `description` varchar(255) NOT NULL DEFAULT '',
  `descriptionfont` varchar(255) NOT NULL DEFAULT '',
  `descriptioncolor` varchar(255) NOT NULL DEFAULT '',
  `descriptionstyle` varchar(255) NOT NULL DEFAULT '',
  `whorek` decimal(65,0) NOT NULL DEFAULT '0',
  `thugk` decimal(65,0) NOT NULL DEFAULT '0',
  `infok` decimal(65,0) NOT NULL DEFAULT '0',
  `punkk` decimal(65,0) NOT NULL DEFAULT '0',
  `hitmenk` decimal(65,0) NOT NULL DEFAULT '0',
  `bodyguardsk` decimal(65,0) NOT NULL DEFAULT '0',
  `protection` int(11) NOT NULL DEFAULT '0',
  `protectstarted` int(12) NOT NULL DEFAULT '0',
  `newprotection` int(11) NOT NULL DEFAULT '0',
  `nprotectstarted` int(12) NOT NULL DEFAULT '0',
  `postpriv` varchar(12) NOT NULL DEFAULT 'enabled',
  `defaultturns` int(12) NOT NULL DEFAULT '5',
  `sounds` varchar(18) NOT NULL DEFAULT 'enabled',
  `page` varchar(200) NOT NULL DEFAULT '',
  `postalerts` varchar(15) NOT NULL DEFAULT 'enabled',
  `posts` int(11) NOT NULL DEFAULT '0',
  `recposts` int(11) NOT NULL DEFAULT '0',
  `helpposts` int(11) NOT NULL DEFAULT '0',
  `newalert` tinyint(1) NOT NULL DEFAULT '0',
  `alert` text NOT NULL,
  `cashstolen` decimal(65,0) NOT NULL DEFAULT '0',
  `ganked` decimal(65,0) unsigned NOT NULL DEFAULT '0',
  `level` int(4) NOT NULL DEFAULT '1',
  `rank` decimal(65,0) unsigned NOT NULL DEFAULT '99999',
  `nrank` decimal(65,0) unsigned NOT NULL DEFAULT '99999',
  `frank` int(5) NOT NULL DEFAULT '99999',
  `farank` decimal(65,0) unsigned NOT NULL DEFAULT '99999',
  `srank` int(5) NOT NULL DEFAULT '99999',
  `sarank` decimal(65,0) unsigned NOT NULL DEFAULT '99999',
  `killrank` int(5) NOT NULL DEFAULT '99999',
  `lvl1rank` decimal(65,0) unsigned NOT NULL DEFAULT '99999',
  `lvl2rank` decimal(65,0) unsigned NOT NULL DEFAULT '99999',
  `lvl3rank` decimal(65,0) unsigned NOT NULL DEFAULT '99999',
  `lvl1frank` decimal(65,0) unsigned NOT NULL DEFAULT '99999',
  `lvl2frank` decimal(65,0) unsigned NOT NULL DEFAULT '99999',
  `lvl3frank` decimal(65,0) unsigned NOT NULL DEFAULT '99999',
  `lvl1krank` decimal(65,0) unsigned NOT NULL DEFAULT '99999',
  `lvl2krank` decimal(65,0) unsigned NOT NULL DEFAULT '99999',
  `lvl3krank` decimal(65,0) unsigned NOT NULL DEFAULT '99999',
  `skillrank` int(5) NOT NULL DEFAULT '99999',
  `fkillrank` int(5) NOT NULL DEFAULT '99999',
  `arank` decimal(65,0) unsigned NOT NULL DEFAULT '99999',
  `totalkills` double unsigned NOT NULL DEFAULT '0',
  `transfers` char(3) NOT NULL DEFAULT 'no',
  `trans` tinyint(3) unsigned NOT NULL DEFAULT '0',
  `medals` varchar(255) NOT NULL DEFAULT 'enabled',
  `cbmsg` tinyint(3) unsigned NOT NULL DEFAULT '0',
  `recmoney` decimal(65,0) unsigned NOT NULL DEFAULT '0',
  `cmoney` decimal(65,0) unsigned NOT NULL DEFAULT '0',
  `callies` varchar(255) NOT NULL DEFAULT 'enabled',
  `images` varchar(255) NOT NULL DEFAULT 'enabled',
  `amsg` tinyint(3) unsigned NOT NULL DEFAULT '0',
  `stfmsg` tinyint(3) unsigned NOT NULL DEFAULT '0',
  `ctrans` tinyint(3) unsigned NOT NULL DEFAULT '0',
  `rmsg` tinyint(3) unsigned NOT NULL DEFAULT '0',
  `camsg` tinyint(3) unsigned NOT NULL DEFAULT '0',
  `msg` tinyint(3) unsigned NOT NULL DEFAULT '0',
  `msgsent` bigint(20) NOT NULL DEFAULT '0',
  `atk` tinyint(3) unsigned NOT NULL DEFAULT '0',
  `ivt` tinyint(3) unsigned NOT NULL DEFAULT '0',
  `cmsg` tinyint(3) unsigned NOT NULL DEFAULT '0',
  `bonusres` int(10) unsigned NOT NULL DEFAULT '0',
  `BONUS1` int(10) unsigned NOT NULL DEFAULT '0',
  `BONUS2` int(10) unsigned NOT NULL DEFAULT '0',
  `BONUS3` int(10) unsigned NOT NULL DEFAULT '0',
  `BONUS4` int(10) unsigned NOT NULL DEFAULT '0',
  PRIMARY KEY (`id`),
  KEY `rank` (`rank`),
  KEY `nrank` (`nrank`)
) ENGINE=MyISAM AUTO_INCREMENT=33 DEFAULT CHARSET=latin1;

--
-- Dumping data for table `r588_pimp`
--

INSERT INTO `r588_pimp` VALUES (1,'Admin','slay','M&tT..2.05.2','0','73.119.109.158','c-73-119-109-158.hsd1.ma.comcast.net','7a89d9867e077c7921bce0fb61b763d0','','admin','none','yes','0','0','normal',3750,25000,2000,0,0,0,0,0,0,0,0,0,0,0,78450271,70355021,0,0,10,0,0,0,1000,0,0,1000,0,0,0,0,0,1000,1000,0,100,100,100,250000,250000,0,250000,250000,10,0,10,0,10,0,0,1000,1000,0,0,0,0,0,5,0,0,'',1483311602,0,0,'','','','','',0,0,0,0,0,0,0,0,0,0,'enabled',5,'enabled','Main Menu','enabled',0,0,0,0,'',0,0,1,23,26,99999,99999,99999,99999,99999,10,99999,99999,10,99999,99999,9,99999,99999,99999,99999,26,0,'no',0,'enabled',0,0,0,'enabled','enabled',0,0,0,0,0,0,6,0,0,0,0,0,0,0,0),(2,'LeatherNutz','mcjimmy','xp1deltamong','0','5.68.89.128','05445980.skybroadband.com','9659c76617ebb008b2fd2e6e43fc4a66','','normal','none','yes','0','0','normal',700,1,0,0,0,1,1,0,0,0,0,0,739,8269992632,26152317632,8076026061,0,0,10,0,0,0,190640,0,0,0,0,0,0,0,0,0,190640,0,75,0,100,476600,476600,0,269483,250000,10,0,10,0,0,0,0,4768620,1000,5,0,0,0,94,5,2,0,'',1483303343,1483304439,26,'','','','','',0,0,0,0,0,0,15,1483303145,0,0,'enabled',5,'enabled','FeaRLeSS_ArmY Family','enabled',0,0,0,0,'',2446,0,2,15,14,99999,16,99999,99999,99999,99999,8,99999,99999,9,99999,11,7,99999,99999,99999,17,29958,'no',0,'enabled',0,0,0,'enabled','enabled',0,0,0,0,0,0,5,9,0,0,0,0,0,0,0),(3,'bia','bia','marius','0','84.211.4.215','cm-84.211.4.215.getinternet.no','3ac6a843848bda23268510fb735e8630','','normal','none','yes','0','0','normal',350,725,0,0,0,457725,457725,0,0,0,0,0,195,763568855,1129780561355,0,0,0,10,0,0,0,744773,0,0,0,0,0,0,0,0,0,744773,0,75,0,100,1861933,1861933,0,2751607,250000,10,0,10,0,0,0,0,301071198,1000,2,0,0,62,22,5,2,0,'',1483307260,1483311244,11,'','','','','',2298459,0,0,0,0,0,15,1483307252,0,0,'enabled',5,'enabled','Global Ranks','enabled',0,0,0,0,'',2663,2437,3,5,17,99999,6,99999,99999,99999,99999,99999,6,99999,99999,6,9,99999,1,99999,99999,6,3300581,'no',0,'enabled',0,0,0,'enabled','enabled',0,0,0,0,0,0,1,2,0,0,0,0,0,0,0),(4,'vengeance','plow187','jiondae2469','0','104.184.201.137','104-184-201-137.lightspeed.livnmi.sbcglobal.net','e32be35584a6fddf0f50e56d3256199b','','normal','none','yes','0','0','normal',1600,0,0,0,0,52000,52000,0,0,0,0,0,3,4257153,5680264653,0,0,0,99,0,0,0,901,0,0,0,0,6709,0,0,0,6709,901,0,50,90,100,0,0,0,0,250000,1,0,0,0,10,0,0,1513601,1000,18,0,0,150,58,5,3,0,'Underboss',1483303171,1483301242,17,'','','','','',182870,0,0,0,0,0,15,1483292254,0,0,'enabled',5,'enabled','Attack','enabled',0,0,0,0,'',993,9461,2,16,23,99999,17,99999,99999,99999,99999,10,99999,99999,10,99999,3,2,99999,99999,99999,18,1381196,'no',0,'enabled',0,0,5000000000,'enabled','enabled',0,0,0,0,0,0,2,0,0,0,0,0,0,0,0),(5,'bTs','u1est0h','1012o5h','0','67.176.247.246','c-67-176-247-246.hsd1.il.comcast.net','1b3160518d7bbac17d48960ee67211d7','','normal','none','yes','0','0','normal',0,0,2000,0,0,52000,52000,0,0,0,0,0,62750256404,62985994733,62985994733,100921581,0,0,10,0,0,0,67228,0,0,0,0,0,0,0,0,0,121990,0,0,0,100,0,0,0,16811812,250000,10,0,10,0,0,0,0,0,1000,0,0,0,0,50,4,1,0,'Underboss',1483311606,1483235150,23,'','','','','',0,0,0,0,0,0,15,1483311575,0,0,'enabled',5,'enabled','Whosonline','enabled',0,0,0,0,'',32410170,0,2,2,8,99999,11,99999,99999,99999,99999,3,99999,99999,5,99999,6,9,99999,99999,99999,12,10797,'no',0,'enabled',0,0,10000000000,'enabled','enabled',0,0,0,0,0,0,0,0,0,0,0,0,0,0,0),(6,'stoner','killerme10','shaun','0','88.109.96.135','88-109-96-135.dynamic.dsl.as9105.com','35ebe593f0f10ef6eee567b24c0f931d','','normal','none','yes','0','0','normal',3750,25000,2000,0,0,0,0,0,0,0,0,0,4437053125,4510749646,4510753396,70355021,0,0,10,0,0,0,1000,0,0,0,0,0,0,0,0,750,1000,0,75,0,100,250000,250000,0,250000,250000,10,0,10,0,10,0,0,0,1000,5,0,0,0,10,5,1,0,'Capo',1483236530,1483311554,11,'','','','','',0,0,0,0,0,0,0,0,0,0,'enabled',5,'enabled','Main Menu','enabled',42,1,0,0,'',5562946875,0,1,18,16,99999,19,99999,99999,99999,1,99999,99999,4,99999,99999,5,99999,99999,99999,99999,20,232,'no',0,'enabled',31,0,10000000000,'enabled','enabled',0,0,1,0,0,0,0,5,0,19,0,0,0,0,0),(7,'YaKillaCJ','DaBoiCJ','yaboipass','0','98.242.233.71','c-98-242-233-71.hsd1.fl.comcast.net','93c9ebca589a22408ab0269610e3e28d','','normal','none','yes','0','0','normal',0,0,0,0,0,75000,75000,0,0,0,0,0,359245410058,364704574121,365881496621,0,0,0,1,0,0,0,473739,0,0,127767,0,0,0,0,0,127767,473739,0,93,100,100,1292072858,269658173,0,689152259,250000,1,0,0,0,0,0,0,313846,1000,0,0,9,136,100,5,2,0,'',1483366879,1483254401,19,'','','','','',0,0,0,0,0,0,15,1483311593,0,0,'enabled',5,'enabled','Main Menu','enabled',0,0,0,0,'',4518,7866,2,7,5,99999,7,99999,99999,99999,99999,1,99999,99999,2,99999,5,4,99999,99999,99999,8,320263,'no',0,'enabled',0,0,0,'enabled','enabled',0,0,0,0,0,0,4,0,0,0,0,0,0,0,0),(8,'Sparkle','ankh','copper','0','68.12.217.73','ip68-12-217-73.ok.ok.cox.net','7f676e71e1d5ae0ca8f8f9ef4c6fc80b','','normal','none','yes','0','0','normal',1200,0,0,0,0,330500,330500,0,0,0,0,0,43437426354,482330964807,1346387289807,437998777021,0,0,0,0,0,0,861635,0,0,12735,0,0,0,0,0,11195,859465,0,86,100,100,2154088,2154088,0,2943770,250000,0,0,0,0,10,0,0,230415019,1000,0,0,0,34,54,4,1,0,'',1483311601,1482981707,23,'http://i1146.photobucket.com/albums/o522/buddychange12/HATS/h-49.gif','','','','',274963,0,0,0,0,0,15,1483311583,0,0,'enabled',5,'enabled','collecting','enabled',1,0,0,0,'',0,633,3,1,4,99999,5,99999,99999,99999,99999,99999,4,99999,99999,5,4,99999,4,99999,99999,5,1706692,'no',0,'enabled',0,0,10000000000,'enabled','enabled',0,0,1,0,0,0,19,0,0,0,0,0,0,0,0),(9,'Barbie','sydney01','sydne10','0','47.185.51.98','47.185.51.98','2f8548d240111e2cb6328701628fb48b','','normal','none','yes','0','0','normal',0,0,0,0,0,898500,898500,0,0,0,0,0,2469062636,5766244164702,14083455309702,5763686884320,0,0,0,0,0,0,29596,0,0,19567,0,0,0,0,0,19567,29596,0,100,100,100,4457439,4614109,0,5188745,250000,0,0,0,0,0,0,0,2217922972,1000,0,0,1,104,68,5,1,0,'',1483311611,1483014356,20,'','','','','',679112,0,0,0,0,0,15,1483311408,0,0,'enabled',5,'enabled','Global Ranks','enabled',0,0,0,0,'',2458,2092,3,2,2,99999,2,99999,99999,99999,99999,99999,2,99999,99999,2,12,99999,5,99999,99999,2,1194042,'no',0,'enabled',0,0,0,'enabled','enabled',0,0,0,0,0,0,1,0,0,0,0,0,0,0,0),(10,'Noodles','8-BALL','bobdog','0','98.18.145.10','h10.145.18.98.dynamic.ip.windstream.net','614f868dd691e836e9682383a44a3ba6','','normal','none','yes','0','0','normal',2900,0,3000,0,0,75000,75000,0,0,0,0,0,10000002024,101036642591,329157055091,90498109207,0,0,1,0,0,0,531122,0,0,0,0,0,0,0,0,0,531122,0,75,0,100,1327805,1327805,0,439160,250000,10,0,10,0,0,0,0,60832110,1000,0,0,0,0,58,5,1,0,'Underboss',1483293892,1483162577,23,'','','','','',0,0,0,0,0,0,15,1483276708,0,0,'enabled',5,'enabled','Family board','enabled',2,1,0,0,'',1465,0,2,8,6,99999,8,99999,99999,99999,99999,2,99999,99999,3,99999,12,6,99999,99999,99999,9,38240,'no',0,'enabled',0,0,10000000000,'enabled','enabled',0,0,1,0,0,0,0,0,0,0,0,0,0,0,0),(11,'bishop','bishop54','paulie69','0','99.20.2.138','99-20-2-138.lightspeed.elgnil.sbcglobal.net','75d1bba5d44dc343603f2e5d4c9912b5','','normal','none','yes','0','0','normal',0,0,0,0,0,0,0,0,0,0,0,0,90637538597,90893632097,105892597097,0,0,0,1,0,0,0,253480,0,0,2272,0,0,0,0,0,2272,253480,0,0,91,100,0,0,0,0,250000,10,0,10,0,50,0,0,3999719,1000,0,0,13,548,152,5,3,0,'Underboss',1483311604,1483282813,19,'','','','','',0,0,0,0,0,0,15,1483311594,0,0,'enabled',5,'enabled','Main Menu','enabled',0,0,0,0,'',13946,10342927161,1,9,7,99999,9,99999,99999,99999,3,99999,99999,1,99999,99999,3,99999,99999,99999,99999,10,399480,'no',0,'enabled',0,0,10000000000,'enabled','enabled',0,0,0,0,0,0,22,0,0,0,0,0,0,0,0),(12,'CrAzY','Jonibobs','hoochy072','0','94.196.89.33','94.196.89.33.threembb.co.uk','974506596c17c71a5fa61b78256b195b','','normal','none','yes','0','0','normal',250,0,0,0,0,64500,64500,0,0,0,0,0,2246,23637009328,91567381828,22911862636,0,0,0,0,0,0,638516,0,0,0,0,0,0,0,0,0,638516,0,54,0,100,304287,2930209,0,19298008,250000,10,0,10,0,0,0,0,18114766,1000,1,0,0,0,130,5,1,0,'Underboss',1483311069,1483311465,11,'','','','','',0,0,0,0,0,0,15,1483308293,0,0,'enabled',5,'enabled','Level 2 Ranks','enabled',41,0,0,0,'',7221,0,2,10,11,99999,10,99999,99999,99999,99999,5,99999,99999,4,99999,6,5,99999,99999,99999,11,164080,'no',0,'enabled',0,0,0,'enabled','enabled',0,0,0,0,0,0,1,1,0,0,0,0,0,0,0),(13,'8sec','busaguy','Lilguy02','3','172.56.17.225','172.56.17.225','d6f7e80e16e4cebd67acfc5dc13ee9da','','supporter','none','yes','3','0','normal',2200,0,0,0,0,0,0,0,3,0,0,0,2848,50149653021,536587701771,49298619393,0,0,10,0,0,0,840225,0,0,0,0,0,0,0,0,0,840225,0,75,0,100,2100563,2100563,0,515507,250000,10,0,10,0,10,0,0,129716812,1000,1,0,0,0,62,5,2,0,'',1483304736,1483311488,11,'','','','','',0,0,0,0,0,0,15,1483304467,0,0,'enabled',5,'enabled','Global Ranks','enabled',0,0,0,0,'',6653,0,2,6,9,99999,99999,99999,1,99999,99999,4,99999,99999,1,99999,99999,3,99999,99999,99999,7,537785,'no',0,'enabled',0,0,10000000000,'enabled','enabled',0,0,2,0,0,0,11,1,0,0,0,0,0,0,0),(14,'Jack_Schitt','jack_schitt','magview','0','73.91.225.186','73.91.225.186','e601b59da2d901c809e36b2c7d0a80fe','','normal','none','yes','0','0','normal',3750,0,0,0,0,380000,380000,0,0,0,0,0,1659,2050711025392,4237406292892,2050423772083,0,0,1,53900,68250,0,0,0,0,0,0,0,0,0,0,0,122150,0,75,0,100,2000000,2000000,0,2000000,250000,1,0,0,0,10,0,0,583118737,1000,0,0,0,0,26,5,3,0,'Underboss',1483156279,1482830965,3,'http://www.kls2.com/~karl/random/KnowJackSchitt.swf?autoplay=1&=1.swf','','','','',0,0,0,0,0,0,15,1483152568,0,0,'enabled',5,'enabled',' Board','enabled',10,0,0,0,'',1519,0,3,3,3,99999,3,99999,99999,99999,99999,99999,3,99999,99999,3,99999,99999,6,99999,99999,3,211985,'no',0,'enabled',0,0,0,'enabled','enabled',0,0,0,0,0,0,11,0,0,10,0,0,0,0,0),(15,'HawkY','glockman','Thrilla1!','0','98.192.88.59','c-98-192-88-59.hsd1.ga.comcast.net','000a971ebca8b488f3ba96e2d8f371a4','','normal','none','yes','0','0','normal',1300,0,0,0,0,1300486,1300486,0,0,0,0,0,2904,6845388504976,24298528022476,6829386823986,0,0,1,0,0,0,3753199,0,0,0,0,0,0,0,0,0,3753199,0,75,0,100,9382998,9382998,0,5861361,250000,1,0,0,75000,70,0,0,4654170531,1000,1,0,0,124,72,5,3,0,'',1483312124,1483311322,9,'','','','','',0,0,0,0,0,0,15,1483295813,0,0,'enabled',5,'enabled','YaKillaCJ profile','enabled',0,0,0,0,'',2064,3316,3,1,1,99999,1,99999,99999,99999,99999,99999,1,99999,99999,1,1,99999,2,99999,99999,1,2757906,'no',0,'enabled',0,0,10000000000,'enabled','enabled',0,0,0,0,0,1,35,0,0,0,0,0,0,0,0),(16,'Teflon','wicked','admin','0','66.87.77.65','66-87-77-65.pools.spcsdns.net','415be94915514e6df03e5c5f9d3c85c8','','normal','none','yes','0','0','normal',338,1,0,0,0,1,1,0,0,0,0,0,3851,10529810168,36838287668,9928324617,0,0,1,107902,165197,0,0,0,0,0,0,0,0,0,0,0,273099,0,0,0,100,0,0,0,247800,250000,10,0,10,0,10,0,0,7015593,1000,0,0,0,0,32,5,3,0,'',1483310467,1482935049,9,'','','','','',0,0,0,0,0,0,15,1483310444,0,0,'enabled',5,'enabled','Making Purchases','enabled',6,0,0,0,'',683,0,2,13,13,99999,14,99999,99999,99999,99999,7,99999,99999,8,99999,10,10,99999,99999,99999,15,90,'no',0,'enabled',0,0,0,'enabled','enabled',0,0,0,0,0,0,0,0,0,0,0,0,0,0,0),(18,'Free_Agent','Gotti_Girl','Nopass2010','0','173.125.39.73','173-125-39-73.pools.spcsdns.net','ea46fa9dd6aa2c24be749e2fb959bca6','','normal','none','yes','0','0','normal',21553,0,0,0,0,0,0,0,0,0,0,0,0,138939090,139194090,0,0,0,99,0,0,0,85256,0,0,43180,0,0,0,0,0,43180,84540,0,99,0,100,2250000,2250000,0,375360,250000,1,0,0,0,0,0,0,68,1000,0,0,0,0,0,5,5,0,'',1483313343,0,0,'http://happynewyear2017.wiki/wp-content/uploads/2016/10/Happy-New-Year-2017-GIF-Images.gif','      New Year New Game New Plans','','','',0,0,0,0,0,0,15,1483311542,0,0,'enabled',5,'enabled','Recruiting','enabled',0,0,0,0,'',0,0,1,22,20,99999,23,99999,99999,99999,5,99999,99999,8,99999,99999,10,99999,99999,99999,99999,24,0,'no',0,'enabled',0,0,0,'enabled','enabled',0,0,0,0,0,0,12,0,0,0,0,0,0,0,0),(17,'TommyGold','kryptyk','barrie','0','24.141.39.216','d24-141-39-216.home.cgocable.net','86f7c3284d52d98f225f4f4d30ec5ecb','','normal','none','yes','0','0','normal',882,0,0,0,0,0,0,0,0,0,0,0,2492,2492,2113206242,0,0,0,0,0,0,0,0,0,0,0,0,0,0,0,0,0,0,0,0,0,100,0,0,0,0,250000,0,0,0,0,0,0,0,563521,1000,0,0,50,116,108,5,2,0,'',1483301356,1483114078,4,'','','','','',0,0,0,0,0,0,0,0,0,0,'enabled',5,'enabled','Main Menu','enabled',0,0,0,0,'',1634,6539,1,20,25,99999,21,99999,99999,99999,9,99999,99999,6,99999,99999,1,99999,99999,99999,99999,22,545751,'no',0,'enabled',0,0,0,'enabled','enabled',0,0,0,0,0,0,4,0,0,0,0,0,0,0,0),(19,'RezFingaz','whiteboy0679','bruno','0','144.172.220.142','modemcable142.220-172-144.mc.videotron.ca','3e80d0caf079d7b82fbadb8d111f75e4','','normal','none','yes','0','0','normal',2350,9751,446,0,0,0,0,0,0,0,0,0,1612,3646456,32020606456,0,0,0,10,0,0,0,0,0,0,0,0,0,0,0,0,0,0,0,0,0,100,502080,502080,0,323756,250000,10,0,10,0,0,0,0,8537856,1000,0,0,0,38,200,5,4,0,'',1483322268,1483311467,7,'','','','','',0,0,0,0,0,0,0,0,0,0,'enabled',5,'enabled','Level 1 Kill Ranks','enabled',2,0,0,0,'',37787,654,1,14,24,99999,15,99999,99999,99999,8,99999,99999,2,99999,99999,4,99999,99999,99999,99999,16,256438,'no',0,'enabled',0,0,0,'enabled','enabled',0,0,0,0,0,0,0,5,0,0,0,0,0,0,0),(20,'Demize','shaggy','#v3rn3tcoMC1','0','72.200.149.160','ip72-200-149-160.ri.ri.cox.net','64da40937e0379b98f037a9315c11877','','normal','none','yes','0','0','normal',3100,0,2000,0,0,500000,500000,0,0,0,0,0,1715,24538494922,2275036232422,23466546163,0,0,1,0,0,0,1049555,0,0,5,0,0,0,0,0,5,1049555,0,86,100,100,2623888,2623888,0,2802123,250000,20,0,20,0,0,0,0,600132730,1000,0,0,0,54,144,5,3,0,'',1483277397,1483027880,23,'','','','','',2198719,0,0,0,0,0,15,1483273976,0,0,'enabled',5,'enabled','Flying_Solo Family','enabled',5,0,0,0,'',8690,2458,3,4,10,99999,4,99999,99999,99999,99999,99999,5,99999,99999,4,3,99999,3,99999,99999,4,2056266,'no',0,'enabled',0,0,0,'enabled','enabled',0,0,0,0,0,0,4,0,0,0,0,0,0,0,0),(21,'InCoGnItO','scar_face_84','nissan','0','66.249.84.200','google-proxy-66-249-84-200.google.com','46e39435c76db4598e845021afb39ca7','','normal','none','yes','0','0','normal',3750,25000,2000,0,0,0,0,0,0,0,0,0,0,182867521,182871271,70355021,0,0,10,19250,31023,0,0,0,0,0,0,0,0,0,0,0,50273,0,0,0,100,250000,250000,0,250000,250000,10,0,10,0,10,0,0,0,1000,0,0,0,0,18,5,2,0,'',1483056968,1482934945,9,'','','','','',0,0,0,0,0,0,15,1483056937,0,0,'enabled',5,'enabled',' Board','enabled',21,0,0,0,'',0,0,1,21,19,99999,22,99999,99999,99999,4,99999,99999,7,99999,99999,6,99999,99999,99999,99999,23,124,'no',0,'enabled',0,0,0,'enabled','enabled',0,0,0,0,0,0,2,0,0,0,0,0,0,0,0),(22,'Frost','paul244','168020','0','70.195.204.252','252.sub-70-195-204.myvzw.com','b08e4e2ac60975355a747228bfe0864c','','supporter','none','yes','0','0','normal',3750,25000,2000,0,0,0,0,0,0,0,0,0,0,0,78450271,70355021,0,0,10,0,0,0,1000,0,0,1000,0,0,0,0,0,1000,1000,0,100,100,100,250000,250000,0,250000,250000,10,0,10,0,10,0,0,1000,1000,0,0,0,0,0,5,4,0,'Underboss',1483288832,0,0,'','','','','',0,0,0,0,0,0,0,0,0,0,'enabled',5,'enabled','Global Ranks','enabled',0,0,0,0,'',0,0,1,24,27,99999,99999,99999,2,99999,11,99999,99999,11,99999,99999,11,99999,99999,99999,99999,27,0,'no',0,'enabled',0,0,0,'enabled','enabled',0,0,0,0,0,0,0,0,0,0,0,0,0,0,0),(23,'Death_Reaper','Darkangel666','8675309','0','173.28.39.18','173-28-39-18.client.mchsi.com','092d867ad7f2421ec87f5c0d3e28d6f1','','normal','none','yes','0','0','normal',1360,0,0,0,0,75000,75000,0,0,0,0,0,28125811,521162471,44636848721,0,0,0,0,0,0,0,219714,0,0,41894,6,451490,0,0,0,493390,219714,0,100,100,100,549285,549285,0,785505,250000,10,0,10,0,40,0,0,11764179,1000,0,0,0,476,76,5,2,0,'',1483302867,1483309162,26,'','','','','',0,0,0,0,0,0,0,0,0,0,'enabled',5,'enabled','Main Menu','enabled',0,0,0,0,'',7014,32433916,2,11,18,99999,12,99999,99999,99999,99999,9,99999,99999,6,99999,1,1,99999,99999,99999,13,1778975,'no',0,'enabled',0,0,0,'enabled','enabled',0,0,0,0,0,0,1,1,0,0,0,0,0,0,0),(25,'Henry_hill','paytokill','18111971','0','112.198.101.201','tlc.httpint.globe.com.ph','5499894099ecd0a472b858ddd71de9ac','','normal','none','yes','0','0','normal',538,0,0,0,0,12500,12500,0,0,0,0,0,1936,12362573005,39488655505,12145429569,0,0,10,0,0,0,214994,0,0,1806,0,0,0,0,0,1806,214994,0,0,90,100,0,0,0,0,250000,10,0,10,0,0,0,0,7233622,1000,7,0,0,0,118,5,3,0,'',1483310077,1483311486,7,'','','','','',0,0,0,0,0,0,15,1483309914,0,0,'enabled',5,'enabled','Making Purchases','enabled',0,0,0,0,'',3021,0,2,12,12,99999,13,99999,99999,99999,99999,6,99999,99999,7,99999,7,8,99999,99999,99999,14,13634,'no',0,'enabled',0,0,0,'enabled','enabled',0,0,0,0,0,0,1,4,0,0,0,0,0,0,0),(26,'Yogi','yogi','redruby','0','101.185.149.245','101.185.149.245','118a4555b5ad614013b3260af52d363d','','normal','none','yes','0','0','normal',150,0,0,0,0,0,0,0,0,0,0,0,3999,42196831,4215556831,0,0,0,1,0,0,0,0,0,0,0,20527,60034,0,0,0,80561,0,0,0,100,100,196393,196393,0,196315,250000,10,0,10,0,0,0,0,1112896,1000,15,0,10,64,104,5,4,0,'',1483309248,1483301249,17,'','','','','',0,0,0,0,0,0,15,1483309236,0,0,'enabled',5,'enabled','Global Ranks','enabled',0,0,0,0,'',3279,6066,1,19,22,99999,20,99999,99999,99999,7,99999,99999,5,99999,99999,2,99999,99999,99999,99999,21,430649,'no',0,'enabled',0,0,0,'enabled','enabled',0,0,0,0,0,0,1,0,0,0,0,0,0,0,0),(24,'motormouth','karsten','motormouth','0','91.100.176.149','91.100.176.149.generic-hostname.arrownet.dk','5f77bc29b0e21a9ca4f8f6b9d6f59cd4','','normal','none','yes','0','0','normal',3700,25000,2000,0,0,0,0,0,0,0,0,0,5220062500,5429303782,5429303782,67004782,0,0,10,0,0,0,139895,0,0,0,0,0,0,0,0,0,139895,0,75,0,100,250000,250000,0,250000,250000,10,0,10,0,0,0,0,0,1000,4,0,0,0,116,5,1,0,'',1483267037,1483311567,11,'','','','','',0,0,0,0,0,0,15,1483267037,0,0,'enabled',5,'enabled','Recruiting','enabled',13,0,0,0,'',4779937500,0,1,17,15,99999,18,99999,99999,99999,2,99999,99999,3,99999,99999,8,99999,99999,99999,99999,19,50,'no',0,'enabled',0,0,10000000000,'enabled','enabled',0,0,1,0,0,0,0,22,0,5,0,0,0,0,0),(27,'MAX','tizzino','biggie19','0','101.183.121.126','CPE-101-183-121-126.lnse5.woo.bigpond.net.au','50ed18cb89bfe37b45ebde424ee8bb7c','','normal','none','yes','0','0','normal',3750,25000,2000,0,0,0,0,0,0,0,0,0,0,0,75100032,67004782,0,0,10,0,0,0,1000,0,0,1000,0,0,0,0,0,1000,1000,0,100,100,100,250000,250000,0,250000,250000,10,0,10,0,10,0,0,1000,1000,0,0,0,0,0,2,0,0,'',1482831994,0,0,'','','','','',0,0,0,0,0,0,0,0,0,0,'enabled',5,'enabled','Whosonline','enabled',41,0,0,0,'',0,0,1,1,28,99999,25,99999,99999,99999,12,99999,99999,12,99999,99999,12,99999,99999,99999,99999,28,0,'no',0,'enabled',19,0,0,'enabled','enabled',0,0,0,0,0,1,0,0,0,5,0,0,0,0,0),(28,'p','Zak1000','realmobster','0','2.123.204.53','027bcc35.bb.sky.com','f6c16c8bdad383c4635fd91a14811ad0','','normal','none','yes','0','0','normal',3750,25000,2000,0,0,0,0,0,0,0,0,0,0,0,75100032,67004782,0,0,10,0,0,0,1000,0,0,1000,0,0,0,0,0,1000,1000,0,100,100,100,250000,250000,0,250000,250000,10,0,10,0,10,0,0,1000,1000,0,0,0,0,0,5,0,0,'',1483020123,0,0,'','','','','',0,0,0,0,0,0,0,0,0,0,'enabled',5,'enabled','Global Ranks','enabled',26,0,0,0,'',0,0,1,25,29,99999,26,99999,99999,99999,13,99999,99999,13,99999,99999,13,99999,99999,99999,99999,29,0,'no',0,'enabled',0,0,0,'enabled','enabled',0,0,0,0,0,0,0,0,0,0,0,0,0,0,0),(29,'1','iplaynaked','252007','0','65.32.179.169','6532179hfc169.tampabay.res.rr.com','a5949003c7754a4cb3803199037fac0b','','normal','none','yes','0','0','normal',3750,25000,2000,0,0,0,0,0,0,0,0,0,0,95139812,95139812,60775312,0,0,10,0,0,0,32023,0,0,0,0,0,0,0,0,0,32023,0,75,0,100,250000,250000,0,250000,250000,10,0,10,0,0,0,0,0,1000,0,0,0,0,34,3,0,0,'',1483023742,1483037711,11,'','','','','',0,0,0,0,0,0,15,1483023740,0,0,'enabled',5,'enabled','Global Ranks','enabled',30,0,0,0,'',0,0,1,1,21,99999,24,99999,99999,99999,6,99999,99999,9,99999,99999,7,99999,99999,99999,99999,25,100,'no',0,'enabled',0,0,0,'enabled','enabled',0,0,0,0,0,0,0,17,1,0,0,0,0,0,0),(30,'price_28','pimp_2800','193728465','0','24.36.58.190','d24-36-58-190.home1.cgocable.net','9bee1f2b07b1506e19da4d9f84406bcb','','normal','none','yes','0','0','normal',3750,25000,2000,0,0,0,0,0,0,0,0,0,0,0,68870562,60775312,0,0,10,0,0,0,1000,0,0,1000,0,0,0,0,0,1000,1000,0,100,100,100,250000,250000,0,250000,250000,10,0,10,0,10,0,0,1000,1000,0,0,0,0,0,5,0,0,'',1482974928,0,0,'','','','','',0,0,0,0,0,0,0,0,0,0,'enabled',5,'enabled','Main Menu','enabled',27,0,0,0,'',0,0,1,26,30,99999,27,99999,99999,99999,14,99999,99999,14,99999,99999,14,99999,99999,99999,99999,30,0,'no',0,'enabled',0,0,0,'enabled','enabled',0,0,0,0,0,0,0,0,1,0,0,0,0,0,0),(31,'k','zmac_dre','nikola*ljilj','0','142.169.78.40','142.169.78.40','50471b039d096a0592f4fba29b4a850c','','normal','none','yes','0','0','normal',3750,25000,2000,0,0,0,0,0,0,0,0,0,0,0,65976500,57881250,0,0,10,0,0,0,1000,0,0,1000,0,0,0,0,0,1000,1000,0,100,100,100,250000,250000,0,250000,250000,10,0,10,0,10,0,0,1000,1000,0,0,0,0,0,5,3,0,'Underboss',1483061486,0,0,'','','','','',0,0,0,0,0,0,0,0,0,0,'enabled',5,'enabled','Global Ranks','enabled',26,0,0,0,'',0,0,1,27,31,99999,28,99999,99999,99999,15,99999,99999,15,99999,99999,15,99999,99999,99999,99999,31,0,'no',0,'enabled',0,0,0,'enabled','enabled',0,0,0,0,0,0,0,0,0,17,0,0,0,0,0),(32,'JingJong','kingbdc','zzzzzz','0','173.31.140.105','173-31-140-105.client.mchsi.com','91e89f5d7c1e6ea0ec5e024b5f5625b9','','normal','none','yes','0','0','normal',3750,25000,2000,0,0,0,0,0,0,0,0,0,0,0,65976500,57881250,0,0,10,0,0,0,1000,0,0,1000,0,0,0,0,0,1000,1000,0,100,100,100,250000,250000,0,250000,250000,10,0,10,0,10,0,0,1000,1000,0,0,0,0,0,5,0,0,'',1483228019,0,0,'','','','','',0,0,0,0,0,0,0,0,0,0,'enabled',5,'enabled','Noodles profile','enabled',21,0,0,0,'',0,0,1,28,32,99999,29,99999,99999,99999,16,99999,99999,16,99999,99999,16,99999,99999,99999,99999,32,0,'no',0,'enabled',0,0,0,'enabled','enabled',0,0,0,0,0,0,0,0,0,0,0,0,0,0,0);

--
-- Table structure for table `r589_city`
--

CREATE TABLE `r589_city` (
  `id` tinyint(1) NOT NULL AUTO_INCREMENT,
  `name` varchar(255) NOT NULL DEFAULT '',
  `country` varchar(32) NOT NULL DEFAULT '',
  PRIMARY KEY (`id`)
) ENGINE=MyISAM AUTO_INCREMENT=6 DEFAULT CHARSET=latin1;

--
-- Dumping data for table `r589_city`
--

INSERT INTO `r589_city` VALUES (1,'New York',''),(2,'Chicago',''),(3,'Miami',''),(4,'Los Angeles',''),(5,'Las Vegas','');

--
-- Table structure for table `r589_crew`
--

CREATE TABLE `r589_crew` (
  `id` int(6) unsigned NOT NULL AUTO_INCREMENT,
  `name` varchar(18) NOT NULL DEFAULT '',
  `don` varchar(18) NOT NULL DEFAULT '',
  `founder` varchar(18) NOT NULL DEFAULT '',
  `members` smallint(6) NOT NULL DEFAULT '1',
  `profile` varchar(255) NOT NULL DEFAULT '',
  `icon` varchar(255) NOT NULL DEFAULT '',
  `city` tinyint(3) unsigned NOT NULL DEFAULT '1',
  `rank` decimal(65,0) unsigned NOT NULL DEFAULT '99999',
  `networth` decimal(65,0) unsigned NOT NULL DEFAULT '0',
  `cofounder` varchar(18) NOT NULL DEFAULT '',
  `money` decimal(65,0) unsigned NOT NULL DEFAULT '50000',
  `condom` decimal(65,0) unsigned NOT NULL DEFAULT '500',
  `crack` decimal(65,0) unsigned NOT NULL DEFAULT '500',
  `medicine` decimal(65,0) unsigned NOT NULL DEFAULT '500',
  `thug` decimal(65,0) unsigned NOT NULL DEFAULT '500',
  `beer` decimal(65,0) unsigned NOT NULL DEFAULT '0',
  `weed` decimal(65,0) unsigned NOT NULL DEFAULT '0',
  `glock` decimal(65,0) unsigned NOT NULL DEFAULT '0',
  `shotgun` decimal(65,0) unsigned NOT NULL DEFAULT '0',
  `uzi` decimal(65,0) unsigned NOT NULL DEFAULT '0',
  `ak47` decimal(65,0) unsigned NOT NULL DEFAULT '0',
  `bank` decimal(65,0) unsigned NOT NULL DEFAULT '50000',
  `lowrider` decimal(65,0) unsigned NOT NULL DEFAULT '0',
  `cbank` decimal(65,0) unsigned NOT NULL DEFAULT '0',
  `title` varchar(255) NOT NULL DEFAULT '',
  `tnetworth` decimal(65,0) NOT NULL DEFAULT '0',
  `finalrank` decimal(65,0) unsigned NOT NULL DEFAULT '0',
  `motd` text NOT NULL,
  `tbank` decimal(65,0) unsigned NOT NULL DEFAULT '2000',
  `exten` smallint(6) NOT NULL DEFAULT '0',
  `ivt` tinyint(3) unsigned NOT NULL DEFAULT '0',
  `uploads` smallint(6) NOT NULL DEFAULT '0',
  `totaldus` double unsigned NOT NULL DEFAULT '0',
  `totalops` double unsigned NOT NULL DEFAULT '0',
  `totalkills` double unsigned NOT NULL DEFAULT '0',
  PRIMARY KEY (`id`)
) ENGINE=MyISAM AUTO_INCREMENT=6 DEFAULT CHARSET=latin1;

--
-- Dumping data for table `r589_crew`
--

INSERT INTO `r589_crew` VALUES (1,'Metropolis','Sparkle','Sparkle',6,'http://i119.photobucket.com/albums/o144/sinrgetic/poster5.gif','../images/icons/589/processing.gif1450191646.gif14 83407316',4,3,381779131545,'Barbie',50000,500,500,500,500,0,0,0,0,0,0,50000,0,0,'',983861613169,3,'',2000,0,0,1,17466,2032966,518224),(2,'FeaRLeSS_ArmY','YaKillaCJ','YaKillaCJ',6,'','../images/icons/589/FearlessBlue.gif1483317829',3,1,2974877555731,'8sec',50000,500,500,500,500,0,0,0,0,0,0,50000,0,0,'',9644094370731,2,'',2000,0,0,1,296169,800340,3768610),(3,'Free_Agency','Free_Agent','Free_Agent',2,'http://1.bp.blogspot.com/-_klHMORdwjM/V3aam4W-p9I/AAAAAAAAAY4/NpYox5vGZW0GkuhxMj6Pnn1WXrL8phvpwCLcB/s1600/freeagency_tfp_2013.gif','../images/icons/589/12202265281210863947diamond_31 131_006.gif1483312203',5,4,69421377899,'Agent-007',50000,500,500,500,500,0,0,0,0,0,0,50000,0,15000000000,'',188088069149,5,'',2000,0,0,1,15361,778786,1062787),(4,'Flying_Solo','OsWaLd','OsWaLd',8,'','../images/icons/589/Flying_Solo.gif1483313866',2,5,222637560495,'HawkY',50000,500,500,500,500,0,0,0,0,0,0,50000,0,150000000,'',447869374547,4,'',2000,0,0,1,29459,1088311,548211),(5,'DopeDealers','RezFingaz','RezFingaz',3,'','../images/icons/589/dopedealers_zpsaf5b5da2.gif148 3567669',5,2,2487279084164,'Yogi',50000,500,500,500,500,0,0,0,0,0,0,50000,0,0,'',13217251043830,1,'',2000,0,0,1,1940904,4001250,4038168);

--
-- Table structure for table `r589_extens`
--

CREATE TABLE `r589_extens` (
  `id` int(6) unsigned NOT NULL AUTO_INCREMENT,
  `name` varchar(18) NOT NULL DEFAULT '',
  `don` varchar(18) NOT NULL DEFAULT '',
  `founder` varchar(18) NOT NULL DEFAULT '',
  `cofounder` varchar(18) NOT NULL DEFAULT '',
  `members` smallint(6) NOT NULL DEFAULT '1',
  `profile` varchar(255) NOT NULL DEFAULT '',
  `icon` varchar(255) NOT NULL DEFAULT '',
  `city` tinyint(3) unsigned NOT NULL DEFAULT '1',
  `networth` decimal(65,0) unsigned NOT NULL DEFAULT '0',
  `tnetworth` decimal(65,0) NOT NULL DEFAULT '0',
  `bank` decimal(65,0) unsigned NOT NULL DEFAULT '50000',
  `cbank` decimal(65,0) unsigned NOT NULL DEFAULT '0',
  `title` varchar(255) NOT NULL DEFAULT '',
  `rank` decimal(65,0) unsigned NOT NULL DEFAULT '99999',
  `finalrank` decimal(65,0) unsigned NOT NULL DEFAULT '0',
  `motd` text NOT NULL,
  `tbank` decimal(65,0) unsigned NOT NULL DEFAULT '2000',
  `exten` smallint(6) NOT NULL DEFAULT '0',
  PRIMARY KEY (`id`)
) ENGINE=MyISAM DEFAULT CHARSET=latin1;

--
-- Dumping data for table `r589_extens`
--


--
-- Table structure for table `r589_pimp`
--

CREATE TABLE `r589_pimp` (
  `id` mediumint(8) unsigned NOT NULL AUTO_INCREMENT,
  `pimp` varchar(18) NOT NULL DEFAULT '',
  `user` varchar(255) NOT NULL DEFAULT '',
  `pass` varchar(32) NOT NULL DEFAULT '',
  `email` varchar(255) NOT NULL DEFAULT '',
  `ip` varchar(15) NOT NULL DEFAULT '0.0.0.0',
  `host` varchar(255) NOT NULL DEFAULT '',
  `code` varchar(43) NOT NULL DEFAULT '',
  `pin` varchar(32) NOT NULL DEFAULT '',
  `status` varchar(12) NOT NULL DEFAULT 'normal',
  `staffstatus` varchar(12) NOT NULL DEFAULT 'none',
  `showstaff` varchar(12) NOT NULL DEFAULT 'yes',
  `subscribe` varchar(12) NOT NULL DEFAULT '0',
  `minisubscribe` varchar(12) NOT NULL DEFAULT '0',
  `workstatus` varchar(12) NOT NULL DEFAULT 'normal',
  `trn` int(10) unsigned NOT NULL DEFAULT '1000',
  `res` int(10) unsigned NOT NULL DEFAULT '2000',
  `tbank` decimal(65,0) unsigned NOT NULL DEFAULT '2000',
  `maxadd` decimal(65,0) unsigned NOT NULL DEFAULT '0',
  `transfered` decimal(55,0) NOT NULL DEFAULT '0',
  `cadd` decimal(65,0) unsigned NOT NULL DEFAULT '0',
  `fadd` decimal(65,0) unsigned NOT NULL DEFAULT '0',
  `madd` decimal(65,0) unsigned NOT NULL DEFAULT '0',
  `sub` decimal(65,0) unsigned NOT NULL DEFAULT '0',
  `minisub` decimal(65,0) unsigned NOT NULL DEFAULT '0',
  `maxed` decimal(65,0) unsigned NOT NULL DEFAULT '0',
  `minimaxed` decimal(65,0) unsigned NOT NULL DEFAULT '0',
  `money` decimal(65,0) unsigned NOT NULL DEFAULT '0',
  `networth` decimal(65,0) unsigned NOT NULL DEFAULT '0',
  `totnet` decimal(65,0) unsigned NOT NULL DEFAULT '0',
  `bank` decimal(65,0) unsigned NOT NULL DEFAULT '50000000',
  `bank2` decimal(65,0) unsigned NOT NULL DEFAULT '0',
  `bank3` decimal(65,0) unsigned NOT NULL DEFAULT '0',
  `payout` tinyint(3) unsigned NOT NULL DEFAULT '10',
  `whore` decimal(65,0) unsigned NOT NULL DEFAULT '0',
  `dealers` decimal(65,0) unsigned NOT NULL DEFAULT '0',
  `bootleggers` decimal(65,0) unsigned NOT NULL DEFAULT '0',
  `hustlers` decimal(65,0) unsigned NOT NULL DEFAULT '1000',
  `punks` decimal(65,0) unsigned NOT NULL DEFAULT '0',
  `punk` decimal(65,0) unsigned NOT NULL DEFAULT '0',
  `hitmen` decimal(65,0) unsigned NOT NULL DEFAULT '1000',
  `bodyguards` decimal(65,0) unsigned NOT NULL DEFAULT '0',
  `thug` decimal(65,0) unsigned NOT NULL DEFAULT '0',
  `associates` decimal(65,0) unsigned NOT NULL DEFAULT '0',
  `soldiers` decimal(65,0) unsigned NOT NULL DEFAULT '0',
  `enforcers` decimal(65,0) unsigned NOT NULL DEFAULT '0',
  `totaldus` double unsigned NOT NULL DEFAULT '1000',
  `totalops` double unsigned NOT NULL DEFAULT '1000',
  `totaloffensives` double unsigned NOT NULL DEFAULT '0',
  `whappy` tinyint(3) unsigned NOT NULL DEFAULT '100',
  `thappy` tinyint(3) unsigned NOT NULL DEFAULT '100',
  `phappy` tinyint(3) unsigned NOT NULL DEFAULT '100',
  `condom` decimal(65,0) unsigned NOT NULL DEFAULT '250000',
  `crack` decimal(65,0) unsigned NOT NULL DEFAULT '250000',
  `medicine` decimal(65,0) unsigned NOT NULL DEFAULT '0',
  `weed` decimal(65,0) unsigned NOT NULL DEFAULT '250000',
  `beer` decimal(65,0) unsigned NOT NULL DEFAULT '250000',
  `lowrider` decimal(65,0) unsigned NOT NULL DEFAULT '10',
  `hummer` decimal(65,0) unsigned NOT NULL DEFAULT '0',
  `viper` decimal(65,0) unsigned NOT NULL DEFAULT '10',
  `bmxbike` decimal(65,0) unsigned NOT NULL DEFAULT '0',
  `glock` decimal(65,0) unsigned NOT NULL DEFAULT '10',
  `shotgun` decimal(65,0) unsigned NOT NULL DEFAULT '0',
  `uzi` decimal(65,0) unsigned NOT NULL DEFAULT '0',
  `ak47` decimal(65,0) unsigned NOT NULL DEFAULT '1000',
  `vests` decimal(65,0) unsigned NOT NULL DEFAULT '1000',
  `attin` int(10) unsigned NOT NULL DEFAULT '0',
  `revattin` int(10) unsigned NOT NULL DEFAULT '0',
  `attout` int(10) unsigned NOT NULL DEFAULT '0',
  `attackout` decimal(65,0) NOT NULL DEFAULT '0',
  `attackin` decimal(65,0) NOT NULL DEFAULT '0',
  `city` tinyint(3) unsigned NOT NULL DEFAULT '1',
  `crew` bigint(20) unsigned NOT NULL DEFAULT '0',
  `crewext` bigint(20) unsigned NOT NULL DEFAULT '0',
  `ctitle` varchar(18) NOT NULL DEFAULT '',
  `online` int(12) unsigned NOT NULL DEFAULT '0',
  `lastattack` int(12) unsigned NOT NULL DEFAULT '0',
  `lastattackby` int(11) unsigned NOT NULL DEFAULT '0',
  `profile` varchar(255) NOT NULL DEFAULT '',
  `description` varchar(255) NOT NULL DEFAULT '',
  `descriptionfont` varchar(255) NOT NULL DEFAULT '',
  `descriptioncolor` varchar(255) NOT NULL DEFAULT '',
  `descriptionstyle` varchar(255) NOT NULL DEFAULT '',
  `whorek` decimal(65,0) NOT NULL DEFAULT '0',
  `thugk` decimal(65,0) NOT NULL DEFAULT '0',
  `infok` decimal(65,0) NOT NULL DEFAULT '0',
  `punkk` decimal(65,0) NOT NULL DEFAULT '0',
  `hitmenk` decimal(65,0) NOT NULL DEFAULT '0',
  `bodyguardsk` decimal(65,0) NOT NULL DEFAULT '0',
  `protection` int(11) NOT NULL DEFAULT '0',
  `protectstarted` int(12) NOT NULL DEFAULT '0',
  `newprotection` int(11) NOT NULL DEFAULT '0',
  `nprotectstarted` int(12) NOT NULL DEFAULT '0',
  `postpriv` varchar(12) NOT NULL DEFAULT 'enabled',
  `defaultturns` int(12) NOT NULL DEFAULT '5',
  `sounds` varchar(18) NOT NULL DEFAULT 'enabled',
  `page` varchar(200) NOT NULL DEFAULT '',
  `postalerts` varchar(15) NOT NULL DEFAULT 'enabled',
  `posts` int(11) NOT NULL DEFAULT '0',
  `recposts` int(11) NOT NULL DEFAULT '0',
  `helpposts` int(11) NOT NULL DEFAULT '0',
  `newalert` tinyint(1) NOT NULL DEFAULT '0',
  `alert` text NOT NULL,
  `cashstolen` decimal(65,0) NOT NULL DEFAULT '0',
  `ganked` decimal(65,0) unsigned NOT NULL DEFAULT '0',
  `level` int(4) NOT NULL DEFAULT '1',
  `rank` decimal(65,0) unsigned NOT NULL DEFAULT '99999',
  `nrank` decimal(65,0) unsigned NOT NULL DEFAULT '99999',
  `frank` int(5) NOT NULL DEFAULT '99999',
  `farank` decimal(65,0) unsigned NOT NULL DEFAULT '99999',
  `srank` int(5) NOT NULL DEFAULT '99999',
  `sarank` decimal(65,0) unsigned NOT NULL DEFAULT '99999',
  `killrank` int(5) NOT NULL DEFAULT '99999',
  `lvl1rank` decimal(65,0) unsigned NOT NULL DEFAULT '99999',
  `lvl2rank` decimal(65,0) unsigned NOT NULL DEFAULT '99999',
  `lvl3rank` decimal(65,0) unsigned NOT NULL DEFAULT '99999',
  `lvl1frank` decimal(65,0) unsigned NOT NULL DEFAULT '99999',
  `lvl2frank` decimal(65,0) unsigned NOT NULL DEFAULT '99999',
  `lvl3frank` decimal(65,0) unsigned NOT NULL DEFAULT '99999',
  `lvl1krank` decimal(65,0) unsigned NOT NULL DEFAULT '99999',
  `lvl2krank` decimal(65,0) unsigned NOT NULL DEFAULT '99999',
  `lvl3krank` decimal(65,0) unsigned NOT NULL DEFAULT '99999',
  `skillrank` int(5) NOT NULL DEFAULT '99999',
  `fkillrank` int(5) NOT NULL DEFAULT '99999',
  `arank` decimal(65,0) unsigned NOT NULL DEFAULT '99999',
  `totalkills` double unsigned NOT NULL DEFAULT '0',
  `transfers` char(3) NOT NULL DEFAULT 'no',
  `trans` tinyint(3) unsigned NOT NULL DEFAULT '0',
  `medals` varchar(255) NOT NULL DEFAULT 'enabled',
  `cbmsg` tinyint(3) unsigned NOT NULL DEFAULT '0',
  `recmoney` decimal(65,0) unsigned NOT NULL DEFAULT '0',
  `cmoney` decimal(65,0) unsigned NOT NULL DEFAULT '0',
  `callies` varchar(255) NOT NULL DEFAULT 'enabled',
  `images` varchar(255) NOT NULL DEFAULT 'enabled',
  `amsg` tinyint(3) unsigned NOT NULL DEFAULT '0',
  `stfmsg` tinyint(3) unsigned NOT NULL DEFAULT '0',
  `ctrans` tinyint(3) unsigned NOT NULL DEFAULT '0',
  `rmsg` tinyint(3) unsigned NOT NULL DEFAULT '0',
  `camsg` tinyint(3) unsigned NOT NULL DEFAULT '0',
  `msg` tinyint(3) unsigned NOT NULL DEFAULT '0',
  `msgsent` bigint(20) NOT NULL DEFAULT '0',
  `atk` tinyint(3) unsigned NOT NULL DEFAULT '0',
  `ivt` tinyint(3) unsigned NOT NULL DEFAULT '0',
  `cmsg` tinyint(3) unsigned NOT NULL DEFAULT '0',
  `bonusres` int(10) unsigned NOT NULL DEFAULT '0',
  `BONUS1` int(10) unsigned NOT NULL DEFAULT '0',
  `BONUS2` int(10) unsigned NOT NULL DEFAULT '0',
  `BONUS3` int(10) unsigned NOT NULL DEFAULT '0',
  `BONUS4` int(10) unsigned NOT NULL DEFAULT '0',
  PRIMARY KEY (`id`),
  KEY `rank` (`rank`),
  KEY `nrank` (`nrank`)
) ENGINE=MyISAM AUTO_INCREMENT=33 DEFAULT CHARSET=latin1;

--
-- Dumping data for table `r589_pimp`
--

INSERT INTO `r589_pimp` VALUES (1,'Admin','slay','M&tT..2.05.2','0','73.119.109.158','c-73-119-109-158.hsd1.ma.comcast.net','7a89d9867e077c7921bce0fb61b763d0','','admin','none','yes','0','0','normal',3750,25000,2000,0,0,0,0,0,0,0,0,0,0,0,78450271,70355021,0,0,10,0,0,0,1000,0,0,1000,0,0,0,0,0,1000,1000,0,100,100,100,250000,250000,0,250000,250000,10,0,10,0,10,0,0,1000,1000,0,0,0,0,0,5,0,0,'',1483916402,0,0,'','','','','',0,0,0,0,0,0,0,0,0,0,'enabled',5,'enabled','Main Menu','enabled',0,0,0,0,'',0,0,1,21,26,99999,99999,99999,99999,99999,16,99999,99999,16,99999,99999,17,99999,99999,99999,99999,26,0,'no',0,'enabled',0,0,0,'enabled','enabled',0,0,0,0,0,0,4,0,0,0,0,0,0,0,0),(2,'bia','bia','marius','0','84.247.164.156','ip84-247-164-156.breiband.no','3ac6a843848bda23268510fb735e8630','','normal','none','yes','0','0','normal',2750,25000,3000,0,0,0,0,0,0,0,0,0,0,119230521,119230521,70355021,0,0,10,0,0,0,46534,0,0,0,0,0,0,0,0,0,46534,0,75,0,100,250000,250000,0,250000,250000,10,0,10,0,0,0,0,0,1000,0,0,0,0,134,5,2,0,'',1483907036,1483885659,18,'','','','','',0,0,0,0,0,0,15,1483882862,0,0,'enabled',5,'enabled','Global Ranks','enabled',0,0,0,0,'',0,0,1,20,20,99999,24,99999,99999,99999,10,99999,99999,15,99999,99999,16,99999,99999,99999,99999,25,50,'no',0,'enabled',0,0,0,'enabled','enabled',0,0,0,0,0,0,0,0,0,0,0,0,0,0,0),(3,'HawkY','glockman','Thrilla1!','0','98.192.88.59','c-98-192-88-59.hsd1.ga.comcast.net','000a971ebca8b488f3ba96e2d8f371a4','','normal','none','yes','0','0','normal',600,0,0,0,0,0,0,0,0,0,0,0,469,18940576452,86680733952,18707757791,0,0,1,0,0,0,229757,0,0,9,0,0,0,0,0,9,229757,0,86,100,100,574393,574393,0,103280,250000,10,0,10,0,30,0,0,18064039,1000,0,0,0,48,68,5,4,0,'',1483919066,1483668179,20,'','','','','',0,0,0,0,0,0,15,1483908710,0,0,'enabled',5,'enabled','Global Ranks','enabled',0,0,0,0,'',7295,0,1,9,12,99999,11,99999,99999,99999,4,99999,99999,3,99999,99999,5,99999,99999,99999,99999,11,118812,'no',0,'enabled',0,0,0,'enabled','enabled',0,0,0,0,0,0,15,0,0,0,0,0,0,0,0),(4,'Death_Reaper','Darkangel666','8675309','0','173.28.39.18','173-28-39-18.client.mchsi.com','092d867ad7f2421ec87f5c0d3e28d6f1','','normal','none','yes','0','0','normal',50,0,0,0,0,89000,89000,0,0,0,0,0,31399713070,110068764397,317977835647,78030897283,0,0,0,0,0,0,534517,0,0,96598,0,0,0,0,0,96598,534517,0,91,100,100,1336293,1336293,0,338093,250000,10,0,10,0,100,0,0,55442409,1000,0,0,0,602,50,5,2,0,'Underboss',1483915567,1483455257,12,'','','','','',0,0,0,0,0,0,15,1483915533,0,0,'enabled',5,'enabled','Main Menu','enabled',0,0,0,0,'',5165,21193,3,4,6,99999,5,99999,99999,99999,99999,99999,4,99999,99999,4,1,99999,2,99999,99999,5,1174522,'no',0,'enabled',0,0,0,'enabled','enabled',0,0,0,0,0,0,0,0,0,0,0,0,0,0,0),(5,'VENGEANCE','plow187','jiondae2469','0','104.184.201.137','104-184-201-137.lightspeed.livnmi.sbcglobal.net','e32be35584a6fddf0f50e56d3256199b','','normal','none','yes','0','0','normal',3750,15001,3000,0,0,0,0,0,0,0,0,0,3729,33554391,3464061891,0,0,0,99,0,0,0,32948,0,0,0,0,0,0,0,0,0,32948,0,75,0,100,82370,82370,0,67883,250000,1,0,0,0,0,0,0,914802,1000,0,0,0,0,38,5,4,0,'Underboss',1483837338,1483719197,12,'','','','','',0,0,0,0,0,0,15,1483837317,0,0,'enabled',5,'enabled','Flying_Solo Family','enabled',0,0,0,0,'',2419,0,1,17,23,99999,20,99999,99999,99999,13,99999,99999,11,99999,99999,9,99999,99999,99999,99999,21,20491,'no',0,'enabled',0,0,0,'enabled','enabled',0,0,0,0,0,0,1,0,0,2,0,0,0,0,0),(6,'OsWaLd','shaggy','#v3rn3tcoMC1','0','72.200.149.160','ip72-200-149-160.ri.ri.cox.net','64da40937e0379b98f037a9315c11877','','normal','none','yes','0','0','normal',2700,0,0,0,0,0,0,0,0,0,0,0,1270,26642289655,101515787155,26337576585,0,0,1,0,0,0,301134,0,0,11,0,0,0,0,0,11,301134,0,86,100,100,752835,752835,0,53490,250000,10,0,10,0,0,0,0,19966266,1000,0,0,0,0,106,2,4,0,'',1483883531,1483799297,15,'','','','','',0,0,0,0,0,0,15,1483883524,0,0,'enabled',5,'enabled','Making Purchases','enabled',0,0,0,0,'',8491,0,1,1,11,99999,9,99999,99999,99999,2,99999,99999,1,99999,99999,8,99999,99999,99999,99999,9,21561,'no',0,'enabled',0,0,0,'enabled','enabled',0,0,0,0,0,0,1,0,0,2,0,0,0,0,0),(7,'RayBan','8-BALL','bobdog','0','75.91.85.45','h45.85.91.75.dynamic.ip.windstream.net','614f868dd691e836e9682383a44a3ba6','','normal','none','yes','0','0','normal',1200,0,0,0,0,75000,75000,0,0,0,0,0,10000002373,111570558353,405771074603,101036618940,0,0,1,0,0,0,523901,0,0,0,0,0,0,0,0,0,523901,0,75,0,100,1309753,1309753,0,1113882,250000,10,0,10,0,0,0,0,78453471,1000,0,0,0,0,90,5,1,0,'Underboss',1483901846,1483501451,4,'','','','','',0,0,0,0,0,0,15,1483901836,0,0,'enabled',5,'enabled','Making Purchases','enabled',0,0,0,0,'',869,0,2,3,5,99999,4,99999,99999,99999,99999,1,99999,99999,1,99999,8,3,99999,99999,99999,4,225248,'no',0,'enabled',0,0,10000000000,'enabled','enabled',0,0,1,0,0,0,0,0,0,2,0,0,0,0,0),(8,'bTs','u1est0h','1012o5h','0','67.176.247.246','c-67-176-247-246.hsd1.il.comcast.net','1b3160518d7bbac17d48960ee67211d7','','normal','none','yes','0','0','normal',3785,15000,2000,0,0,0,0,0,0,0,0,0,10000000003,11039038484,11657473484,648357403,0,0,10,32083,42916,0,143707,0,0,0,0,0,0,0,0,0,218706,0,75,0,100,9901548,9928210,0,10226725,250000,10,0,10,0,10,0,0,164915,1000,0,0,0,0,44,3,1,0,'Underboss',1483914909,1483854352,18,'','','','','',0,0,0,0,0,0,15,1483848885,0,0,'enabled',5,'enabled','Main Menu','enabled',0,0,0,0,'',1,0,1,1,14,99999,17,99999,99999,99999,6,99999,99999,8,99999,99999,10,99999,99999,99999,99999,17,19616,'no',0,'enabled',0,0,10000000000,'enabled','enabled',0,0,1,0,0,0,0,0,0,1,0,0,0,0,0),(9,'stoner','killerme10','shaun','0','0.0.0.0','','35ebe593f0f10ef6eee567b24c0f931d','','normal','none','yes','0','0','normal',3750,25000,2000,0,0,0,0,0,0,0,0,0,0,0,78450271,70355021,0,0,10,0,0,0,1000,0,0,1000,0,0,0,0,0,1000,1000,0,100,100,100,250000,250000,0,250000,250000,10,0,10,0,10,0,0,1000,1000,0,0,0,0,0,5,0,0,'',1483236526,0,0,'','','','','',0,0,0,0,0,0,0,0,0,0,'enabled',5,'enabled','','enabled',3,0,0,0,'',0,0,1,22,27,99999,25,99999,99999,99999,17,99999,99999,17,99999,99999,18,99999,99999,99999,99999,27,0,'no',0,'enabled',0,0,0,'enabled','enabled',0,0,0,0,0,0,0,0,2,0,0,0,0,0,0),(10,'Yogi','yogi','redruby','0','101.185.153.191','101.185.153.191','118a4555b5ad614013b3260af52d363d','','normal','none','yes','0','0','normal',3789,0,0,0,0,74000,74000,0,0,0,0,0,3930,62063801551,209376210301,61587908733,0,0,1,0,0,0,470432,0,0,0,0,0,0,0,0,0,470432,0,75,0,100,1176080,1176080,0,102767,250000,10,0,10,0,0,0,0,39283309,1000,0,0,0,0,64,5,5,0,'',1483826783,1483838936,15,'','','','','',0,0,0,0,0,0,15,1483826758,0,0,'enabled',5,'enabled','Global Ranks','enabled',0,0,0,0,'',967,0,2,5,9,99999,6,99999,99999,99999,99999,3,99999,99999,2,99999,11,4,99999,99999,99999,6,127292,'no',0,'enabled',0,0,0,'enabled','enabled',0,0,0,0,0,0,0,1,0,0,0,0,0,0,0),(11,'Sparkle','ankh','copper','0','68.12.217.73','ip68-12-217-73.ok.ok.cox.net','7f676e71e1d5ae0ca8f8f9ef4c6fc80b','','normal','none','yes','0','0','normal',30,0,0,0,0,82000,82000,0,0,0,0,0,49979612748,184271347607,451546436357,133603076375,0,0,0,0,0,0,675886,0,0,8573,0,0,0,0,0,7404,674088,0,0,100,100,0,0,0,1049871,250000,0,0,0,0,10,0,0,71273356,1000,0,0,0,0,68,4,1,0,'',1483916401,1483630060,15,'http://www.mobstercrimes.com/tru/images/mobsterprofile.jpg','','','','',0,0,0,0,0,0,15,1483916401,0,0,'enabled',5,'enabled','collecting','enabled',0,0,0,0,'',1,0,3,1,3,99999,3,99999,99999,99999,99999,99999,3,99999,99999,3,6,99999,4,99999,99999,3,180849,'no',0,'enabled',0,0,10000000000,'enabled','enabled',0,0,1,0,0,0,4,0,0,0,0,0,0,0,0),(12,'Free_Agent','Gotti_Girl','Nopass2010','0','66.87.100.84','66-87-100-84.pools.spcsdns.net','ea46fa9dd6aa2c24be749e2fb959bca6','','normal','none','yes','0','0','normal',3758,15000,3000,0,0,0,0,0,0,0,0,0,31,7682181,3727648431,0,0,0,99,0,0,0,0,0,0,0,0,15361,0,0,0,15361,0,0,0,90,100,0,0,0,0,250000,1,0,0,0,0,0,0,991991,1000,0,0,0,316,68,5,3,0,'',1484616237,1483750260,19,'http://2.bp.blogspot.com/_YKp4YVTvPLw/TKcnzcOb3DI/AAAAAAAABfg/Pe5Aa79PXfY/s1600/girl-pointing-gun-at-u.jpg','','','','',0,0,0,0,0,0,0,0,0,0,'enabled',5,'enabled','Main Menu','enabled',2,0,0,0,'',4328,18285,1,16,25,99999,19,99999,99999,99999,15,99999,99999,10,99999,99999,1,99999,99999,99999,99999,20,1062697,'no',0,'enabled',0,0,5000000000,'enabled','enabled',0,0,0,0,0,0,6,25,0,0,0,0,0,0,0),(13,'Barbie','sydney01','sydne10','0','47.185.51.98','47.185.51.98','2f8548d240111e2cb6328701628fb48b','','normal','none','yes','0','0','normal',2700,25000,3000,0,0,0,0,0,0,0,0,0,10000002135,10257344616,10564507116,70355021,0,0,0,0,0,0,185376,0,0,0,0,0,0,0,0,0,185376,0,75,0,100,317490,317490,0,0,250000,10,0,10,0,10,0,0,81909,1000,0,0,0,76,28,5,1,0,'',1483883999,1483885646,18,'','','','','',0,0,0,0,0,0,15,1483883906,0,0,'enabled',5,'enabled','bia profile','enabled',0,0,0,0,'',22702175,813,1,15,15,99999,18,99999,99999,99999,7,99999,99999,9,99999,99999,6,99999,99999,99999,99999,19,82458,'no',0,'enabled',0,0,10000000000,'enabled','enabled',0,0,1,0,0,0,0,2,0,4,0,0,0,0,0),(14,'bishop','bishop54','paulie69','0','66.87.77.208','66-87-77-208.pools.spcsdns.net','75d1bba5d44dc343603f2e5d4c9912b5','','normal','none','yes','0','0','normal',0,0,0,0,0,0,0,0,0,0,0,0,12251155605,33858420901,88879058401,21293223416,0,0,1,0,0,0,302535,0,0,0,0,0,0,0,0,0,302535,0,75,0,100,756338,756338,0,2035007,250000,10,0,10,0,0,0,0,14672170,1000,0,0,0,256,90,5,4,0,'Underboss',1483916406,1483799326,15,'','','','','',0,0,0,0,0,0,15,1483916390,0,0,'enabled',5,'enabled','Main Menu','enabled',0,0,0,0,'',11721,1979,1,8,10,99999,10,99999,99999,99999,3,99999,99999,2,99999,99999,3,99999,99999,99999,99999,10,182223,'no',0,'enabled',0,0,0,'enabled','enabled',0,0,0,0,0,0,3,0,0,0,0,0,0,0,0),(15,'YaKillaCJ','DaBoiCJ','yaboipass','0','98.242.233.71','c-98-242-233-71.hsd1.fl.comcast.net','93c9ebca589a22408ab0269610e3e28d','','normal','none','yes','0','0','normal',6054,0,0,0,0,75000,75000,0,0,0,0,0,11152662,5607176357,38661813857,3782079005,0,0,1,0,0,0,0,0,0,0,270,396,0,0,0,666,0,0,0,100,100,891623,891623,0,1573387,250000,1,0,0,11100,10,0,0,8814569,1000,18,0,0,58,102,1,2,0,'',1483916408,1483914256,22,'','CJ The 1Man ARMY\r<br>\r<br>Im already Level 3\r<br>\r<br>^_^','','','',0,0,0,0,0,0,2,1483916329,0,0,'enabled',5,'enabled','Global Ranks','enabled',0,0,0,0,'',44871,4255,2,1,17,99999,14,99999,99999,99999,99999,5,99999,99999,5,99999,3,1,99999,99999,99999,14,1253661,'no',0,'enabled',0,0,0,'enabled','enabled',0,0,0,0,0,0,1,0,0,0,0,0,0,0,0),(17,'Cooeeeee','Jonibobs','hoochy072','0','188.29.223.79','188.29.223.79.threembb.co.uk','974506596c17c71a5fa61b78256b195b','','normal','none','yes','0','0','normal',0,0,0,0,0,0,0,0,0,0,0,0,75513587327,75990028528,83710734778,70355021,0,0,0,0,0,0,303445,0,0,15912,0,0,0,0,0,15912,303445,0,51,100,100,8792848,0,0,19398708,250000,10,0,10,0,0,0,0,2058855,1000,0,0,0,0,94,5,1,0,'Underboss',1483916405,1483892904,18,'','','','','',0,0,0,0,0,0,15,1483916388,0,0,'enabled',5,'enabled','Global Ranks','enabled',2,0,0,0,'',0,0,1,10,7,99999,12,99999,99999,99999,1,99999,99999,4,99999,99999,11,99999,99999,99999,99999,12,9953,'no',0,'enabled',0,0,10000000000,'enabled','enabled',0,0,0,0,0,0,0,39,0,0,0,0,0,0,0),(16,'Teflon','wicked','admin','0','72.128.101.174','cpe-72-128-101-174.wi.res.rr.com','415be94915514e6df03e5c5f9d3c85c8','','normal','none','yes','0','0','normal',2900,25000,3000,0,0,0,0,0,0,0,0,0,2604,320742645,17375041395,70355021,0,0,1,27758,88347,0,0,0,0,0,0,0,0,0,0,0,116105,0,75,0,100,738630,738630,0,250000,250000,10,0,10,0,10,0,0,4547812,1000,2,0,0,0,6,5,4,0,'',1483887427,1483914143,22,'','','','','',0,0,0,0,0,0,15,1483881463,0,0,'enabled',5,'enabled','Inbox','enabled',2,0,0,0,'',0,0,1,13,19,99999,16,99999,99999,99999,9,99999,99999,7,99999,99999,15,99999,99999,99999,99999,16,90,'no',0,'enabled',0,0,0,'enabled','enabled',0,0,0,0,0,0,0,2,0,10,0,0,0,0,0),(19,'Jack_Schitt','jack_schitt','magview','0','73.91.228.227','73.91.228.227','e601b59da2d901c809e36b2c7d0a80fe','','normal','none','yes','0','0','normal',3750,0,0,0,0,0,0,0,0,0,0,0,545,10501385,1881560135,0,0,0,1,0,0,0,0,0,0,0,0,15887,0,0,0,15887,0,0,0,100,100,320,0,0,639255,250000,0,0,0,0,0,0,0,498949,1000,0,0,0,78,18,5,4,0,'',1483750455,1483398550,12,'','','','','',296526,0,0,0,0,0,0,0,0,0,'enabled',5,'enabled','Main Menu','enabled',2,0,0,0,'',3132,1753,1,19,24,99999,22,99999,99999,99999,14,99999,99999,13,99999,99999,4,99999,99999,99999,99999,23,132816,'no',0,'enabled',0,0,0,'enabled','enabled',0,0,0,0,0,2,2,0,0,8,0,0,0,0,0),(18,'RezFingaz','whiteboy0679','bruno','0','144.172.220.142','modemcable142.220-172-144.mc.videotron.ca','3e80d0caf079d7b82fbadb8d111f75e4','','normal','none','yes','0','0','normal',750,0,3000,0,0,1061885,1061885,0,0,0,0,0,4317,2424926915247,12997084257747,2419761344970,0,0,10,0,0,0,3530818,0,0,1577020,0,0,0,0,0,1577020,3530818,0,97,100,100,8827045,8827045,0,5519570,250000,10,0,10,0,0,0,0,2819241958,1000,0,0,10,238,68,5,5,0,'',1483925179,1483707285,15,'','','','','',3185429,0,0,0,0,0,15,1483906975,0,0,'enabled',5,'enabled','Global Ranks','enabled',0,0,0,0,'',2511,22709386,3,1,2,99999,1,99999,99999,99999,99999,99999,2,99999,99999,1,2,99999,1,99999,99999,1,3003854,'no',0,'enabled',0,0,10000000000,'enabled','enabled',0,0,0,0,0,0,0,0,0,0,0,0,0,0,0),(20,'TommyGold','kryptyk','barrie','0','24.141.39.216','d24-141-39-216.home.cgocable.net','86f7c3284d52d98f225f4f4d30ec5ecb','','normal','none','yes','0','0','normal',1150,0,3000,0,0,0,0,0,0,0,0,0,2279808,90856808,3172674308,0,0,0,0,0,0,0,0,0,0,0,0,176471,0,0,0,176471,0,0,0,90,100,0,0,0,0,250000,10,0,10,0,0,0,0,821818,1000,8,0,0,46,80,5,2,0,'',1483902494,1483914472,22,'','','','','',0,0,0,0,0,0,15,1483902470,0,0,'enabled',5,'enabled','Family board','enabled',0,0,0,0,'',6088584,6076,1,18,22,99999,21,99999,99999,99999,12,99999,99999,12,99999,99999,2,99999,99999,99999,99999,22,651681,'no',0,'enabled',0,0,0,'enabled','enabled',0,0,0,0,0,0,1,8,0,2,0,0,0,0,0),(21,'8sec','busaguy','Lilguy02','0','68.3.29.223','ip68-3-29-223.ph.ph.cox.net','d6f7e80e16e4cebd67acfc5dc13ee9da','','normal','none','yes','0','0','normal',1380,0,2000,0,0,683825,683825,0,0,0,0,0,927,2842601685485,9231447817985,2842541805970,0,0,10,0,0,0,0,0,0,0,0,0,0,0,0,0,0,0,0,0,100,7617358,7617358,0,7266914,250000,10,0,10,0,0,0,0,1703692302,1000,10,0,0,0,174,5,2,0,'',1483901495,1483906960,18,'','','','','',0,0,0,0,0,0,15,1483900785,0,0,'enabled',5,'enabled','Main Menu','enabled',0,0,0,0,'',2338,0,3,2,1,99999,2,99999,99999,99999,99999,99999,1,99999,99999,2,13,99999,3,99999,99999,2,687885,'no',0,'enabled',0,0,0,'enabled','enabled',0,0,0,0,0,1,6,18,0,2,0,0,0,0,0),(22,'Frost','paul244','168020','0','70.195.208.73','73.sub-70-195-208.myvzw.com','b08e4e2ac60975355a747228bfe0864c','','supporter','none','yes','0','0','normal',0,0,0,0,0,59000,59000,0,0,0,0,0,2135000299,2318170782,10790575782,0,0,0,10,0,0,0,0,0,0,0,15968,347916,0,0,0,363884,0,0,0,90,100,960,295341,0,0,250000,10,0,10,0,10,0,0,2259307,1000,0,0,37,74,34,5,5,0,'Underboss',1483916451,1483376722,4,'','','','','',907673,0,0,0,0,0,15,1483916313,0,0,'enabled',5,'enabled','Main Menu','enabled',0,0,0,0,'',2088,6124882,2,14,18,99999,99999,99999,1,99999,99999,6,99999,99999,6,99999,8,2,99999,99999,99999,18,907022,'no',0,'enabled',0,0,10000000000,'enabled','enabled',0,0,0,0,0,0,0,0,0,0,0,0,0,0,0),(24,'Henry_hill','paytokill','18111971','0','112.198.99.148','aua.httpint.globe.com.ph','5499894099ecd0a472b858ddd71de9ac','','normal','none','yes','0','0','normal',3750,20200,0,0,0,0,0,0,0,0,0,0,4,105595050,447808800,67004782,0,0,10,0,0,0,38014,0,0,0,0,0,0,0,0,0,38014,0,0,0,100,0,0,0,58691,250000,10,0,10,0,0,0,0,91257,1000,6,0,0,20,114,4,4,0,'',1483837028,1483914323,22,'','','','','',0,0,0,0,0,0,15,1483837004,0,0,'enabled',5,'enabled','Recruiting','enabled',2,0,0,0,'',1380,0,1,2,21,99999,23,99999,99999,99999,11,99999,99999,14,99999,99999,7,99999,99999,99999,99999,24,67643,'no',0,'enabled',0,0,0,'enabled','enabled',0,0,0,0,0,0,0,7,0,2,0,0,0,0,0),(23,'motormouth','karsten','motormouth','0','91.100.176.149','91.100.176.149.generic-hostname.arrownet.dk','5f77bc29b0e21a9ca4f8f6b9d6f59cd4','','normal','none','yes','0','0','normal',3750,25000,2000,0,0,0,0,0,0,0,0,0,10000000004,10209423081,20611386831,70355021,0,0,10,0,0,0,136362,0,0,0,0,0,0,0,0,0,136362,0,75,0,100,341841,340905,0,250000,250000,10,0,10,0,0,0,0,2773857,1000,0,0,0,0,108,5,1,0,'Underboss',1483864653,1483608282,20,'','','','','',0,0,0,0,0,0,15,1483864641,0,0,'enabled',5,'enabled','Making Purchases','enabled',0,0,0,0,'',0,0,1,12,16,99999,15,99999,99999,99999,8,99999,99999,6,99999,99999,14,99999,99999,99999,99999,15,100,'no',0,'enabled',0,0,10000000000,'enabled','enabled',0,0,1,0,0,0,0,0,0,4,0,0,0,0,0),(25,'LeatherNutz','mcjimmy','xp1deltamong','0','79.68.200.137','79-68-200-137.dynamic.dsl.as9105.com','9659c76617ebb008b2fd2e6e43fc4a66','','normal','none','yes','0','0','normal',1550,0,0,0,0,0,0,0,0,0,0,0,1529,16389787163,52714998413,16144538842,0,0,10,0,0,0,219289,0,0,23100,0,0,0,0,0,23100,219289,0,89,100,100,548223,548223,0,80850,250000,10,0,10,0,0,0,0,9686723,1000,0,0,0,0,90,5,2,0,'',1483897934,1483805462,18,'','','','','',0,0,0,0,0,0,15,1483897794,0,0,'enabled',5,'enabled','Global Ranks','enabled',0,0,0,0,'',0,0,1,11,13,99999,13,99999,99999,99999,5,99999,99999,5,99999,99999,13,99999,99999,99999,99999,13,811,'no',0,'enabled',0,0,0,'enabled','enabled',0,0,0,0,0,0,0,0,0,3,0,0,0,0,0),(30,'1','iplaynaked','252007','0','65.32.179.169','6532179hfc169.tampabay.res.rr.com','a5949003c7754a4cb3803199037fac0b','','normal','none','yes','0','0','normal',3750,25000,2000,0,0,0,0,0,0,0,0,0,0,0,63220250,55125000,0,0,10,0,0,0,1000,0,0,1000,0,0,0,0,0,1000,1000,0,100,100,100,250000,250000,0,250000,250000,10,0,10,0,10,0,0,1000,1000,0,0,0,0,0,3,0,0,'',1483744005,0,0,'','','','','',0,0,0,0,0,0,0,0,0,0,'enabled',5,'enabled','Global Ranks','enabled',2,0,0,0,'',0,0,1,2,28,99999,28,99999,99999,99999,18,99999,99999,20,99999,99999,19,99999,99999,99999,99999,30,0,'no',0,'enabled',0,0,0,'enabled','enabled',0,0,0,0,0,0,0,0,0,0,0,0,0,0,0),(26,'Agent-007','Ms_Nikki','Nikkid2016','0','66.87.101.208','66-87-101-208.pools.spcsdns.net','f20fcea5f79372d7f496d98440f7a7c8','','normal','none','yes','0','0','normal',3750,0,0,0,0,75000,75000,0,0,0,0,0,7,69413695718,169360420718,67135385252,0,0,1,316625,461161,0,1000,0,0,0,0,0,0,0,0,0,778786,0,75,0,100,100000541,89555660,0,48689197,250000,1,0,0,0,0,0,0,26652460,1000,0,0,0,0,6,5,3,0,'',1483534941,1483798078,14,'','    Nikki-Nights Ms Nikki if u nasty ;)','','','',0,0,0,0,0,0,15,1483534871,0,0,'enabled',5,'enabled','Main Menu','enabled',2,0,0,0,'',1,0,2,6,8,99999,7,99999,99999,99999,99999,2,99999,99999,3,99999,99999,5,99999,99999,99999,7,90,'no',0,'enabled',0,0,0,'enabled','enabled',0,0,0,0,0,0,0,3,0,0,0,0,0,0,0),(29,'raw','MidNight','chrisbenoit','0','114.143.85.195','114.143.85.195','a82d280685f3e20cdca85934d968410f','','normal','none','yes','0','0','normal',3750,25000,2000,0,0,0,0,0,0,0,0,0,0,0,65976500,57881250,0,0,10,0,0,0,1000,0,0,1000,0,0,0,0,0,1000,1000,0,100,100,100,250000,250000,0,250000,250000,10,0,10,0,10,0,0,1000,1000,0,0,0,0,0,5,0,0,'',1483605656,0,0,'','','','','',0,0,0,0,0,0,0,0,0,0,'enabled',5,'enabled','Global Ranks','enabled',2,0,0,0,'',0,0,1,24,29,99999,27,99999,99999,99999,19,99999,99999,19,99999,99999,20,99999,99999,99999,99999,29,0,'no',0,'enabled',0,0,0,'enabled','enabled',0,0,0,0,0,0,0,0,0,0,0,0,0,0,0),(27,'k','zmac_dre','nikola*ljilj','0','65.94.139.142','clpcon0404w-lp130-01-65-94-139-142.dsl.bell.ca','50471b039d096a0592f4fba29b4a850c','','normal','none','yes','0','0','normal',18103,0,0,0,0,75000,75000,0,0,0,0,0,141989151456,142702806568,147475322818,0,0,0,1,0,0,0,434981,0,0,270200,0,0,0,0,0,270200,252914,0,100,100,100,1087453,1087453,0,945700,250000,10,0,10,0,0,0,0,1272671,1000,3,0,0,0,70,5,4,0,'',1483916400,1483914391,22,'','','','','',0,0,0,0,0,0,15,1483916399,0,0,'enabled',5,'enabled','collecting','enabled',0,0,0,0,'',285,0,2,7,4,99999,8,99999,99999,99999,99999,4,99999,99999,4,99999,12,99999,99999,99999,99999,8,4575,'no',0,'enabled',0,0,0,'enabled','enabled',0,0,0,0,0,0,1,0,0,0,0,0,0,0,0),(28,'lol','Zak1000','realmobster','0','193.61.254.65','193.61.254.65','f6c16c8bdad383c4635fd91a14811ad0','','normal','none','yes','0','0','normal',3750,25000,2000,0,0,0,0,0,0,0,0,0,0,0,68870562,60775312,0,0,10,0,0,0,1000,0,0,1000,0,0,0,0,0,1000,1000,0,100,100,100,250000,250000,0,250000,250000,10,0,10,0,10,0,0,1000,1000,0,0,0,0,0,5,0,0,'',1483547778,0,0,'','','','','',0,0,0,0,0,0,0,0,0,0,'enabled',5,'enabled','Global Ranks','enabled',2,0,0,0,'',0,0,1,23,30,99999,26,99999,99999,99999,20,99999,99999,18,99999,99999,21,99999,99999,99999,99999,28,0,'no',0,'enabled',0,0,0,'enabled','enabled',0,0,0,0,0,0,0,0,1,0,0,0,0,0,0),(31,'King','kingbdc','zzzzzz','0','173.31.140.105','173-31-140-105.client.mchsi.com','91e89f5d7c1e6ea0ec5e024b5f5625b9','','normal','none','yes','0','0','normal',3750,25000,2000,0,0,0,0,0,0,0,0,0,0,0,63220250,55125000,0,0,10,0,0,0,1000,0,0,1000,0,0,0,0,0,1000,1000,0,100,100,100,250000,250000,0,250000,250000,10,0,10,0,10,0,0,1000,1000,0,0,0,0,0,5,0,0,'',1483746940,0,0,'','','','','',0,0,0,0,0,0,0,0,0,0,'enabled',5,'enabled','Whosonline','enabled',2,0,0,0,'',0,0,1,25,31,99999,29,99999,99999,99999,21,99999,99999,21,99999,99999,22,99999,99999,99999,99999,31,0,'no',0,'enabled',0,0,0,'enabled','enabled',0,0,0,0,0,0,0,0,0,0,0,0,0,0,0),(32,'KroniQ','KroniQ','protege','0','96.18.249.144','96-18-249-144.cpe.cableone.net','6e58529f7afc4492d4e6f3a41d652285','','normal','none','yes','0','0','normal',3750,25000,2000,0,0,0,0,0,0,0,0,0,0,0,58095250,50000000,0,0,10,0,0,0,1000,0,0,1000,0,0,0,0,0,1000,1000,0,100,100,100,250000,250000,0,250000,250000,10,0,10,0,10,0,0,1000,1000,0,0,0,0,0,5,0,0,'',1483880584,0,0,'','','','','',0,0,0,0,0,0,0,0,0,0,'enabled',5,'enabled','Options','enabled',0,0,0,0,'',0,0,1,26,32,99999,30,99999,99999,99999,22,99999,99999,22,99999,99999,23,99999,99999,99999,99999,32,0,'no',0,'enabled',0,0,0,'enabled','enabled',0,0,0,0,0,0,0,0,0,0,0,0,0,0,0);

--
-- Table structure for table `r58_city`
--

CREATE TABLE `r58_city` (
  `id` tinyint(1) NOT NULL AUTO_INCREMENT,
  `name` varchar(255) NOT NULL DEFAULT '',
  `country` varchar(32) NOT NULL DEFAULT '',
  PRIMARY KEY (`id`)
) ENGINE=MyISAM AUTO_INCREMENT=6 DEFAULT CHARSET=latin1;

--
-- Dumping data for table `r58_city`
--

INSERT INTO `r58_city` VALUES (1,'New York',''),(2,'Chicago',''),(3,'Miami',''),(4,'Los Angeles',''),(5,'Las Vegas','');

--
-- Table structure for table `r58_crew`
--

CREATE TABLE `r58_crew` (
  `id` int(6) unsigned NOT NULL AUTO_INCREMENT,
  `name` varchar(18) NOT NULL DEFAULT '',
  `founder` varchar(18) NOT NULL DEFAULT '',
  `members` smallint(6) NOT NULL DEFAULT '1',
  `profile` varchar(255) NOT NULL DEFAULT '',
  `icon` varchar(255) NOT NULL DEFAULT '',
  `city` tinyint(3) unsigned NOT NULL DEFAULT '1',
  `rank` decimal(65,0) unsigned NOT NULL DEFAULT '99999',
  `networth` decimal(65,0) unsigned NOT NULL DEFAULT '0',
  `cofounder` varchar(18) NOT NULL DEFAULT '',
  `money` decimal(65,0) unsigned NOT NULL DEFAULT '50000',
  `condom` decimal(65,0) unsigned NOT NULL DEFAULT '500',
  `crack` decimal(65,0) unsigned NOT NULL DEFAULT '500',
  `medicine` decimal(65,0) unsigned NOT NULL DEFAULT '500',
  `thug` decimal(65,0) unsigned NOT NULL DEFAULT '500',
  `beer` decimal(65,0) unsigned NOT NULL DEFAULT '0',
  `weed` decimal(65,0) unsigned NOT NULL DEFAULT '0',
  `glock` decimal(65,0) unsigned NOT NULL DEFAULT '0',
  `shotgun` decimal(65,0) unsigned NOT NULL DEFAULT '0',
  `uzi` decimal(65,0) unsigned NOT NULL DEFAULT '0',
  `ak47` decimal(65,0) unsigned NOT NULL DEFAULT '0',
  `bank` decimal(65,0) unsigned NOT NULL DEFAULT '50000',
  `lowrider` decimal(65,0) unsigned NOT NULL DEFAULT '0',
  `cbank` decimal(65,0) unsigned NOT NULL DEFAULT '0',
  `title` varchar(255) NOT NULL DEFAULT '',
  `tnetworth` decimal(65,0) NOT NULL DEFAULT '0',
  `finalrank` decimal(65,0) unsigned NOT NULL DEFAULT '0',
  `motd` text NOT NULL,
  PRIMARY KEY (`id`)
) ENGINE=MyISAM AUTO_INCREMENT=26 DEFAULT CHARSET=latin1;

--
-- Dumping data for table `r58_crew`
--

INSERT INTO `r58_crew` VALUES (1,'Cuseballers','Bizzarro',12,'http://www.youtube.com/v/5ntUb6FFXfg&autoplay=1.swf','../images/icons/58/cuseballericon.gif1232924469',2,3,153605780937,'Specdro',50000,500,500,500,500,0,0,0,0,0,0,50000,0,0,'',401352369687,3,'Ranker this round is...Taken.\r<br>Lets get a medal for him ;)\r<br>'),(2,'DarkStalkers','TrippZ',13,'','../images/icons/58/DS_Green.gif1232924505',5,2,1756403700861,'Silver-Last-Round',50000,500,500,500,500,0,0,0,0,0,0,50000,0,21595775,'',3405940665390,2,''),(3,'FeaRLeSS_ArmY','GOTTI_GIRL',15,'','../images/icons/58/locoincubus(1).gif1232924870',1,6,54598223222,'Lord_Kris',50000,500,500,500,500,0,0,0,0,0,0,50000,0,5346523616,'',206032125411,5,''),(4,'Flying_Solo','Teflon',13,'','../images/icons/58/Flying_solo.gif1232319666.gif1 232924661',1,1,3130747776570,'aNdRe',50000,500,500,500,500,0,0,0,0,0,0,50000,0,4507,'',5388052908580,1,'$25 BILLION NET MINIMUM'),(13,'FeaRLeSS_ReGiMe','YaKillaCJ',6,'','../images/icons/58/locoincubus(Flipped-).gif12329 99128',3,7,30407072870,'',50000,500,500,500,500,0,0,0,0,0,0,50000,0,0,'',64880082230,7,''),(25,'loose_cannons','streetslce',1,'','',1,14,34608023,'',50000,500,500,500,500,0,0,0,0,0,0,50000,0,3000000,'',64650183,13,''),(7,'Elite_Mafia','msj',9,'','../images/icons/58/mafia.gif1233284461',1,4,82549079688,'MeatMan03',50000,500,500,500,500,0,0,0,0,0,0,50000,0,20000000,'',226172571563,4,''),(8,'killkillkill','killkillkill',1,'','',1,13,36484890,'',50000,500,500,500,500,0,0,0,0,0,0,50000,0,82949117,'',1541242757,8,''),(10,'No_Mercy','DoWn4LiFe',12,'','../images/icons/58/nomercy[1].gif1232951205',4,5,67362712207,'Zemos',50000,500,500,500,500,0,0,0,0,0,0,50000,0,4219162246,'',159984748589,6,'        No Mercy Rules \r<br>\r<br>Follow these at the start of the round to do good. \r<br>\r<br>1.) you vote. when you do this you get more turns \r<br>\r<br>2.) then take all turns in the bank, in reserves out and on hand \r<br>\r<br>3.) then you recruit only hitman and hustlers with all turns but save 2000\r<br> \r<br>4.) with the 2000 turns you collect with your hustlers \r<br>\r<br>5.) after this go to purchase and buy 200,000 of drugs, alcohol and coke\r<br>\r<br>6.) With the rest of the money you buy aks only aks \r<br>\r<br>After this you should have at least 135,000 hustlers and 100,000 hitmens or a little less\r<br>\r<br>then you keep on recruiting hitman and hustlers untill you reach 200,000 ops then from there keep on collecting and putting the money in the family bank by donating.\r<br>To do this go to my family and bank it all \r<br>\r<br>When you have 200,000 hustlers keep collecting and every time you do this buy drugs and alcohol and coke then bank everything in the family bank. \r<br>\r<br>TO GET TO THE FAM BANK GO TO MY FAMILY AND WHERE YOU SEE THE NET WORTH  ITS THERE JUST PUT HOW MUCH TO DONATE AND CLICK DONATE. DON&#8217;T FORGET THIS PART.\r<br>\r<br>OK thats how you do it and i will show you how everyone round.\r<br>\r<br>Any Questions just ask.\r<br>\r<br>EVERYONE READ THE FAM NEWS TO KNOW HOW TO DO GOOD IN THIS GAME.'),(11,'PissheadS_CX','KOnViCtED',1,'','',4,8,248154078,'',50000,500,500,500,500,0,0,0,0,0,0,50000,0,0,'',255098532,9,''),(21,'Admin','Admin',1,'','',5,16,0,'',50000,500,500,500,500,0,0,0,0,0,0,50000,0,0,'',58095250,15,''),(24,'Killers','Heros',1,'','',5,11,62203851,'',50000,500,500,500,500,0,0,0,0,0,0,50000,0,0,'',94139929,12,''),(19,'jbdfufhruhgfu','matthew1990',1,'','',1,10,148105190,'',50000,500,500,500,500,0,0,0,0,0,0,50000,0,0,'',148105190,11,''),(20,'ProjectZero','Condemned',1,'','',2,15,7993920,'',50000,500,500,500,500,0,0,0,0,0,0,50000,0,10000000,'',53052670,16,''),(23,'vangard','templan',1,'','',2,12,54581500,'',50000,500,500,500,500,0,0,0,0,0,0,50000,0,0,'',63940250,14,''),(22,'GANJA-SMOKERS-4-LF','BIGGY-JUNIOR-MAFIA',1,'','',3,9,217351341,'',50000,500,500,500,500,0,0,0,0,0,0,50000,0,501,'',239869467,10,'');

--
-- Table structure for table `r58_pimp`
--

CREATE TABLE `r58_pimp` (
  `id` mediumint(8) unsigned NOT NULL AUTO_INCREMENT,
  `pimp` varchar(18) NOT NULL DEFAULT '',
  `user` varchar(255) NOT NULL DEFAULT '',
  `pass` varchar(32) NOT NULL DEFAULT '',
  `email` varchar(255) NOT NULL DEFAULT '',
  `trn` int(10) unsigned NOT NULL DEFAULT '1000',
  `res` int(10) unsigned NOT NULL DEFAULT '2000',
  `money` decimal(65,0) unsigned NOT NULL DEFAULT '0',
  `payout` tinyint(3) unsigned NOT NULL DEFAULT '10',
  `whore` decimal(65,0) unsigned NOT NULL DEFAULT '0',
  `dealers` decimal(65,0) unsigned NOT NULL DEFAULT '0',
  `bootleggers` decimal(65,0) unsigned NOT NULL DEFAULT '0',
  `hustlers` decimal(65,0) unsigned NOT NULL DEFAULT '1000',
  `punks` decimal(65,0) unsigned NOT NULL DEFAULT '0',
  `hitmen` decimal(65,0) unsigned NOT NULL DEFAULT '1000',
  `bodyguards` decimal(65,0) unsigned NOT NULL DEFAULT '0',
  `thug` decimal(65,0) unsigned NOT NULL DEFAULT '0',
  `informant` decimal(65,0) unsigned NOT NULL DEFAULT '0',
  `whappy` tinyint(3) unsigned NOT NULL DEFAULT '100',
  `ihappy` tinyint(3) unsigned NOT NULL DEFAULT '100',
  `condom` decimal(65,0) unsigned NOT NULL DEFAULT '250000',
  `crack` decimal(65,0) unsigned NOT NULL DEFAULT '250000',
  `medicine` decimal(65,0) unsigned NOT NULL DEFAULT '0',
  `punk` decimal(65,0) unsigned NOT NULL DEFAULT '0',
  `thappy` tinyint(3) unsigned NOT NULL DEFAULT '100',
  `phappy` tinyint(3) unsigned NOT NULL DEFAULT '100',
  `weed` decimal(65,0) unsigned NOT NULL DEFAULT '250000',
  `beer` decimal(65,0) unsigned NOT NULL DEFAULT '250000',
  `lowrider` decimal(65,0) unsigned NOT NULL DEFAULT '10',
  `hummer` decimal(65,0) unsigned NOT NULL DEFAULT '0',
  `viper` decimal(65,0) unsigned NOT NULL DEFAULT '10',
  `bmxbike` decimal(65,0) unsigned NOT NULL DEFAULT '0',
  `glock` decimal(65,0) unsigned NOT NULL DEFAULT '10',
  `shotgun` decimal(65,0) unsigned NOT NULL DEFAULT '0',
  `uzi` decimal(65,0) unsigned NOT NULL DEFAULT '0',
  `ak47` decimal(65,0) unsigned NOT NULL DEFAULT '1000',
  `explosive` decimal(65,0) unsigned NOT NULL DEFAULT '10',
  `pepperspray` decimal(65,0) unsigned NOT NULL DEFAULT '0',
  `dildo` decimal(65,0) unsigned NOT NULL DEFAULT '0',
  `gernade` decimal(65,0) unsigned NOT NULL DEFAULT '0',
  `attin` int(10) unsigned NOT NULL DEFAULT '0',
  `revattin` int(10) unsigned NOT NULL DEFAULT '0',
  `attout` int(10) unsigned NOT NULL DEFAULT '0',
  `attackout` decimal(65,0) NOT NULL DEFAULT '0',
  `attackin` decimal(65,0) NOT NULL DEFAULT '0',
  `city` tinyint(3) unsigned NOT NULL DEFAULT '1',
  `crew` bigint(20) unsigned NOT NULL DEFAULT '0',
  `networth` decimal(65,0) unsigned NOT NULL DEFAULT '0',
  `bank` decimal(65,0) unsigned NOT NULL DEFAULT '50000000',
  `tbank` decimal(65,0) unsigned NOT NULL DEFAULT '2000',
  `maxadd` decimal(65,0) unsigned NOT NULL DEFAULT '0',
  `rank` decimal(65,0) unsigned NOT NULL DEFAULT '99999',
  `nrank` decimal(65,0) unsigned NOT NULL DEFAULT '99999',
  `online` int(12) unsigned NOT NULL DEFAULT '0',
  `lastattack` int(12) unsigned NOT NULL DEFAULT '0',
  `lastattackby` int(11) unsigned NOT NULL DEFAULT '0',
  `profile` varchar(255) NOT NULL DEFAULT '',
  `description` varchar(255) NOT NULL DEFAULT '',
  `msg` tinyint(3) unsigned NOT NULL DEFAULT '0',
  `msgsent` bigint(20) NOT NULL DEFAULT '0',
  `atk` tinyint(3) unsigned NOT NULL DEFAULT '0',
  `ivt` tinyint(3) unsigned NOT NULL DEFAULT '0',
  `cmsg` tinyint(3) unsigned NOT NULL DEFAULT '0',
  `whorek` decimal(65,0) NOT NULL DEFAULT '0',
  `thugk` decimal(65,0) NOT NULL DEFAULT '0',
  `infok` decimal(65,0) NOT NULL DEFAULT '0',
  `punkk` decimal(65,0) NOT NULL DEFAULT '0',
  `newalert` tinyint(1) NOT NULL DEFAULT '0',
  `alert` text NOT NULL,
  `ip` varchar(15) NOT NULL DEFAULT '0.0.0.0',
  `host` varchar(255) NOT NULL DEFAULT '',
  `code` varchar(43) NOT NULL DEFAULT '',
  `pin` varchar(32) NOT NULL DEFAULT '',
  `status` varchar(12) NOT NULL DEFAULT 'normal',
  `subscribe` varchar(12) NOT NULL DEFAULT '0',
  `workstatus` varchar(12) NOT NULL DEFAULT 'normal',
  `protection` int(11) NOT NULL DEFAULT '0',
  `protectstarted` int(12) NOT NULL DEFAULT '0',
  `postpriv` varchar(12) NOT NULL DEFAULT 'enabled',
  `defaultturns` int(12) NOT NULL DEFAULT '5',
  `sounds` varchar(18) NOT NULL DEFAULT 'enabled',
  `page` varchar(200) NOT NULL DEFAULT '',
  `lottonum` varchar(100) NOT NULL DEFAULT '',
  `posts` int(11) NOT NULL DEFAULT '0',
  `cashstolen` decimal(65,0) NOT NULL DEFAULT '0',
  `hitmenk` decimal(65,0) NOT NULL DEFAULT '0',
  `bodyguardsk` decimal(65,0) NOT NULL DEFAULT '0',
  `ctitle` varchar(18) NOT NULL DEFAULT '',
  `ganked` decimal(65,0) unsigned NOT NULL DEFAULT '0',
  `frank` int(5) NOT NULL DEFAULT '99999',
  `srank` int(5) NOT NULL DEFAULT '99999',
  `skillrank` int(5) NOT NULL DEFAULT '99999',
  `fkillrank` int(5) NOT NULL DEFAULT '99999',
  `totalkills` double unsigned NOT NULL DEFAULT '0',
  `transfers` char(3) NOT NULL DEFAULT 'no',
  `trans` tinyint(3) unsigned NOT NULL DEFAULT '0',
  `totaldus` double unsigned NOT NULL DEFAULT '1000',
  `totalops` double unsigned NOT NULL DEFAULT '1000',
  `medals` varchar(255) NOT NULL DEFAULT 'enabled',
  `cbmsg` tinyint(3) unsigned NOT NULL DEFAULT '0',
  `totnet` decimal(65,0) unsigned NOT NULL DEFAULT '0',
  `arank` decimal(65,0) unsigned NOT NULL DEFAULT '99999',
  `callies` varchar(255) NOT NULL DEFAULT 'enabled',
  `amsg` tinyint(3) unsigned NOT NULL DEFAULT '0',
  `images` varchar(255) NOT NULL DEFAULT 'enabled',
  `cmoney` decimal(65,0) unsigned NOT NULL DEFAULT '0',
  `farank` decimal(65,0) unsigned NOT NULL DEFAULT '99999',
  `sarank` decimal(65,0) unsigned NOT NULL DEFAULT '99999',
  `newprotection` int(11) NOT NULL DEFAULT '0',
  `nprotectstarted` int(12) NOT NULL DEFAULT '0',
  `killrank` int(5) NOT NULL DEFAULT '99999',
  `recmoney` decimal(65,0) unsigned NOT NULL DEFAULT '0',
  `stfmsg` tinyint(3) unsigned NOT NULL DEFAULT '0',
  `ctrans` tinyint(3) unsigned NOT NULL DEFAULT '0',
  `cadd` decimal(65,0) unsigned NOT NULL DEFAULT '0',
  `fadd` decimal(65,0) unsigned NOT NULL DEFAULT '0',
  `level` int(4) NOT NULL DEFAULT '1',
  `lvl1rank` decimal(65,0) unsigned NOT NULL DEFAULT '99999',
  `lvl2rank` decimal(65,0) unsigned NOT NULL DEFAULT '99999',
  `lvl3rank` decimal(65,0) unsigned NOT NULL DEFAULT '99999',
  `lvl1frank` decimal(65,0) unsigned NOT NULL DEFAULT '99999',
  `lvl2frank` decimal(65,0) unsigned NOT NULL DEFAULT '99999',
  `lvl3frank` decimal(65,0) unsigned NOT NULL DEFAULT '99999',
  `sub` decimal(65,0) unsigned NOT NULL DEFAULT '0',
  `lvl1krank` decimal(55,0) unsigned NOT NULL DEFAULT '99999',
  `lvl2krank` decimal(55,0) unsigned NOT NULL DEFAULT '99999',
  `lvl3krank` decimal(55,0) unsigned NOT NULL DEFAULT '99999',
  PRIMARY KEY (`id`),
  KEY `rank` (`rank`),
  KEY `nrank` (`nrank`)
) ENGINE=MyISAM AUTO_INCREMENT=126 DEFAULT CHARSET=latin1;

--
-- Dumping data for table `r58_pimp`
--

INSERT INTO `r58_pimp` VALUES (1,'Admin','slay','forsetup','0',4650,55001,0,10,0,0,0,1000,0,1000,0,0,0,100,100,250000,250000,0,0,100,100,250000,250000,10,0,10,0,10,0,0,1000,10,0,0,0,0,0,0,0,0,5,21,0,50000000,2000,0,10,104,1233529184,0,0,'','',0,35,0,0,0,0,0,0,0,0,'','151.203.215.101','','c629583ab18b6877b45fc9f1711bce12','','admin','1','normal',0,0,'enabled',5,'enabled','Whosonline','',0,0,0,0,'',0,99999,99999,99999,99999,0,'no',0,1,1000,'enabled',0,58095250,120,'enabled',0,'enabled',0,99999,99999,0,0,99999,500000000,0,0,0,0,2,99999,99999,99999,99999,99999,99999,0,99999,99999,99999),(2,'Veritas','Khair','wassupk','0',1415,0,1146069,100,98375,132275,0,1000,0,1000,1920,2400,0,87,100,500000,500000,0,0,100,100,1961650,250000,10,0,10,0,10,0,0,215799,10,0,0,0,0,0,0,0,0,3,2,596336690,70355021,0,0,11,47,1233529208,0,0,'','',0,3,0,0,0,0,0,0,0,0,'','201.160.152.147','','dc8d242c0f017aced9ec4925ffd42cfd','','normal','0','normal',60,1233525488,'enabled',5,'enabled','DarkStalkers Family','',0,0,0,0,'',0,33,99999,99999,49,0,'no',0,5320,231650,'enabled',0,1405586690,62,'enabled',0,'enabled',0,44,99999,0,0,99999,0,0,0,0,0,1,99999,99999,99999,99999,99999,99999,0,99999,99999,99999),(3,'chosen-1','da-assassin','amiin93','0',500,0,1005,100,0,0,0,15085,0,10562,0,0,0,100,100,39342183,4421047,0,0,100,100,29963294,250000,0,0,0,0,0,0,0,17659827,10,0,0,0,1,0,0,2,27,2,1,198106505,0,0,0,8,73,1233517205,1233529200,48,'','',0,24,1,0,14,0,0,0,0,0,'','62.64.187.138','','e4042aca44b4ed831d4ba654b6427b37','','supporter','0','normal',60,1233517161,'enabled',5,'enabled','Main Menu','',0,0,0,0,'Underboss',0,11,20,10,6,42091,'no',0,15085,15085,'enabled',0,66422457755,14,'enabled',0,'enabled',0,99999,7,0,0,99999,0,0,0,0,0,1,99999,99999,99999,99999,99999,99999,0,99999,99999,99999),(4,'BEST_BUDDY','osva991','airija','0',3000,0,3,0,0,0,0,200746,0,4718,0,0,0,87,100,502266,501865,0,0,100,100,16513,250000,1,0,0,0,0,0,0,8643636,10,0,0,0,0,0,0,1,12,1,1,10877354706,10669815140,0,0,15,25,1233396046,1233377713,95,'','',1,0,0,0,21,0,0,0,0,0,'','86.41.148.160','','db654783c783251dbf619cd457a42c3d','','normal','0','normal',60,1233396024,'enabled',5,'enabled','Cuseballers Family','',0,0,0,0,'Underboss',0,15,99999,99999,26,2447,'no',0,4718,200746,'enabled',1,43290989706,25,'enabled',0,'enabled',0,16,99999,0,0,99999,0,0,0,0,0,1,99999,99999,99999,99999,99999,99999,0,99999,99999,99999),(5,'mbnasty','MBNasty','akforty7','0',85,0,0,0,0,0,0,188610,0,135810,0,0,0,100,100,262325,538953,0,0,100,100,402436,250000,0,0,0,0,10,0,0,17164636,10,0,0,0,0,0,0,0,0,2,1,13947439643,13619530715,0,0,1,22,1233527454,0,0,'','',0,10,0,0,6,0,0,0,0,0,'','98.109.5.173','','080cad1a12fb0a12d5aa79ceffd87d51','','normal','0','normal',60,1233527067,'enabled',5,'enabled','Cuseballers Family','',0,0,0,0,'Underboss',0,13,99999,99999,50,0,'no',0,135810,188610,'enabled',0,78314828393,9,'enabled',0,'enabled',0,5,99999,0,0,99999,0,0,0,0,0,1,99999,99999,99999,99999,99999,99999,0,99999,99999,99999),(6,'Friday13th','sliptallica','wilddog','0',2350,0,0,10,57265,75165,0,0,0,0,6,6,0,7,100,0,49432,0,0,100,100,498768,250000,0,0,0,0,10,0,0,221123,10,0,0,0,0,0,0,0,35,4,2,4304252580,4008610712,0,0,3,31,1233487163,1233202644,88,'','',0,12,0,0,4,0,0,0,0,0,'','152.91.9.133','','e82a4ef52169d5861da9a4a8a649c188','','normal','0','normal',60,1233472387,'enabled',5,'enabled','DarkStalkers Family','',0,0,0,0,'',0,21,99999,99999,35,97,'no',0,12,132430,'enabled',4,5133467580,46,'enabled',0,'enabled',0,33,99999,0,0,99999,0,0,0,0,0,1,99999,99999,99999,99999,99999,99999,0,99999,99999,99999),(7,'TheRunningMan','theteacher','dan4carly','0',3000,15000,0,10,0,0,0,93825,0,16000,0,0,0,89,100,250000,250000,0,0,0,100,250000,250000,10,0,10,0,0,0,0,0,10,0,0,0,0,0,0,0,10,1,0,112166500,0,2000,0,36,85,1233303000,1233252889,57,'','',0,0,10,0,14,0,0,0,0,0,'','86.167.128.25','','5fb904d1241259fcfdf0aabb83828998','','supporter','0','normal',60,1233302984,'enabled',5,'enabled','Main Menu','',0,0,0,0,'',0,99999,24,12,99999,1150,'yes',0,16000,93825,'enabled',2,112166500,89,'enabled',0,'enabled',0,99999,24,0,0,99999,0,0,0,0,0,1,99999,99999,99999,99999,99999,99999,0,99999,99999,99999),(8,'3L1T3_L3G3ND','osama','ugotdone','0',3000,0,0,10,0,0,0,0,0,0,0,0,0,0,100,228380,190058,0,0,0,100,208436,250000,0,0,0,0,0,0,0,0,10,0,0,0,0,0,0,0,56,1,3,112166368,110534070,0,0,37,86,1233528042,1233411001,119,'','',0,36,0,0,0,0,0,0,0,0,'','94.192.109.45','','28aa7be3c2b314772727cecedd96ff0a','','supporter','0','normal',60,1233215144,'enabled',5,'enabled','Che profile','',0,0,0,0,'',0,99999,25,16,99999,55,'no',0,0,0,'enabled',0,112166368,90,'enabled',0,'enabled',0,99999,25,0,0,99999,0,0,0,0,0,1,99999,99999,99999,99999,99999,99999,0,99999,99999,99999),(9,'CK','regis10940','bitches','0',852,0,62925701610,1,360,300,0,301022,0,149071,0,0,0,12,100,0,0,0,0,90,100,0,250000,10,0,10,0,10,0,0,345069,10,0,0,0,0,0,7,7,0,1,4,63377636110,0,0,0,2,6,1233529205,0,0,'','First Net Worth WOOOOO HOOOOO!!',0,18,0,0,3,0,0,0,0,0,'','76.15.2.65','','9c34b5617e390b4cec078cb31fec6a9e','','normal','0','normal',60,1233529195,'enabled',5,'enabled','masskiller profile','',0,0,0,0,'',0,5,99999,99999,51,135927,'yes',0,149,301022,'enabled',0,64671648610,15,'enabled',0,'enabled',0,8,99999,0,0,99999,0,0,0,0,0,1,99999,99999,99999,99999,99999,99999,0,99999,99999,99999),(10,'Death_Reaper','Darkangel666','820817','0',3000,0,2106,0,55110,94130,0,1000,0,1000,0,0,0,86,100,1004680,1000425,0,0,100,100,1000100,250000,10,0,10,0,10,0,0,1370593,10,0,0,0,0,0,0,0,0,3,3,3377248290,3040863329,0,0,6,34,1233415031,0,0,'','I\'m what you wish you could be.',0,1,0,0,2,0,0,0,0,0,'','209.7.181.15','','092d867ad7f2421ec87f5c0d3e28d6f1','','normal','0','normal',50,1232989287,'enabled',5,'enabled','Main Menu','',0,0,0,0,'',0,24,99999,99999,52,0,'no',0,1000,150240,'enabled',0,8516975790,36,'enabled',0,'enabled',0,26,99999,0,0,99999,0,0,0,0,0,1,99999,99999,99999,99999,99999,99999,0,99999,99999,99999),(11,'8sec','busaguy','lilguy','0',0,0,12015004085,0,0,0,0,187119,0,143070,0,0,0,50,100,0,0,0,0,90,100,0,250000,1,0,0,0,10,0,0,12367733,10,0,0,0,0,0,0,0,0,4,3,20078895460,7733700725,0,0,1,19,1233529200,0,0,'','',0,28,0,0,0,0,0,0,0,0,'','24.15.121.224','','d6f7e80e16e4cebd67acfc5dc13ee9da','','normal','0','normal',60,1233529163,'enabled',5,'enabled','Main Menu','',0,0,0,0,'',0,10,99999,99999,53,0,'yes',0,143,187135,'enabled',0,66457897960,13,'enabled',0,'enabled',0,7,99999,0,0,99999,0,0,0,0,0,1,99999,99999,99999,99999,99999,99999,0,99999,99999,99999),(12,'bos4','bos4','fraj070','0',3000,15000,0,10,0,0,0,1000,0,1000,0,0,0,100,100,250000,250000,0,0,100,100,250000,250000,10,0,10,0,10,0,0,1000,10,0,0,0,0,0,0,0,0,5,0,0,70355021,2000,0,11,105,1232811994,0,0,'','',0,0,0,0,0,0,0,0,0,0,'','0.0.0.0','','3c0042bccf1ffc34267e8f2823373a36','','normal','0','normal',0,0,'enabled',5,'enabled','','',0,0,0,0,'',0,79,99999,99999,54,0,'no',0,1000,1000,'enabled',0,78450271,98,'enabled',0,'enabled',0,73,99999,0,0,99999,0,0,0,0,0,1,99999,99999,99999,99999,99999,99999,0,99999,99999,99999),(13,'Gods_Hitman','brickman26','pepper','0',370,0,2858,10,105625,131679,0,1000,0,0,0,0,0,0,100,0,0,0,0,0,100,250000,250000,0,0,0,0,0,0,0,1959597,10,0,0,0,0,0,0,0,4,1,2,599778379,70355021,0,0,21,46,1233527882,1233348764,94,'','',0,6,0,0,0,0,0,0,0,0,'','76.85.192.180','','ee9052e313ce2cdf2cd9d4246bfcb6e7','','normal','0','normal',60,1233521057,'enabled',5,'enabled','Main Menu','',0,0,0,0,'',0,32,99999,99999,36,90,'yes',0,0,238304,'enabled',2,7948267129,38,'enabled',0,'enabled',0,27,99999,0,0,99999,0,0,0,0,0,1,99999,99999,99999,99999,99999,99999,0,99999,99999,99999),(14,'Bitter','dangerouscurve','2114','0',0,0,2708182,0,155000,207000,0,1000,0,0,1061,2039,0,86,100,935600,1000500,0,0,100,100,1234973,250000,1,0,0,0,0,0,0,13248000,10,0,0,0,0,0,0,0,3,1,4,10121915880,9306279056,0,0,17,27,1233529335,1233395962,4,'','',0,3,0,0,7,0,0,0,0,0,'','99.245.77.152','','e6456be2b48ebce1b2ea7df8431be743','','normal','0','normal',60,1233528713,'enabled',5,'enabled','Flying_Solo Family','',0,0,0,0,'Underboss',0,17,99999,99999,33,366,'no',0,3100,363000,'enabled',0,59801915880,17,'enabled',0,'enabled',0,10,99999,0,0,99999,0,0,0,0,0,1,99999,99999,99999,99999,99999,99999,0,99999,99999,99999),(15,'DoWn4LiFe','Cisco14','bronx718','0',1761,0,1750007607,10,0,0,0,242685,0,89174,0,0,0,95,100,300000,300000,0,0,100,100,1326011,250000,10,0,10,0,10,0,0,9953876,10,0,0,0,0,0,0,1,13,1,10,7130991619,5042279468,0,0,19,29,1233502451,1233527579,115,'','',0,33,13,0,4,0,0,0,0,0,'','98.111.12.90','','247199dbf9348c66888f1a323a28bd35','','normal','0','normal',60,1233486698,'enabled',5,'enabled','Main Menu','',0,0,0,0,'',0,19,99999,99999,8,149447,'no',0,89174,242685,'enabled',0,44458030369,24,'enabled',0,'enabled',9637006884,15,99999,0,0,99999,0,0,0,0,0,1,99999,99999,99999,99999,99999,99999,0,99999,99999,99999),(16,'ELADg','eladg23','a3511g','0',756,0,2665,0,0,0,0,320286,0,231599,0,0,0,100,100,800715,800715,0,0,100,100,810597,250000,10,0,10,0,10,0,0,10125220,10,0,0,0,0,0,0,0,1,1,3,16986976967,16428302554,0,0,13,20,1233513816,1233249317,38,'','i\'m back',1,4,0,0,0,0,0,0,0,0,'','87.70.56.187','','3ac2eecaa68348ea2e59acdc1911036c','','normal','0','normal',60,1233513137,'enabled',5,'enabled','Main Menu','',0,0,0,0,'',0,12,99999,99999,48,9,'no',0,231599,320286,'enabled',0,54956555717,18,'enabled',0,'enabled',0,11,99999,0,0,99999,0,0,0,0,0,1,99999,99999,99999,99999,99999,99999,0,99999,99999,99999),(17,'msj','thebeast7191','088950','0',110,0,4822,0,0,0,0,228242,0,67825,0,0,0,93,100,570605,570605,0,0,100,100,237388,250000,10,0,10,0,10,0,0,7752985,10,0,0,0,0,0,0,0,11,1,7,12668555561,12368910267,0,0,14,23,1233550512,1233247894,57,'','',0,9,0,0,0,0,0,0,0,0,'','75.161.209.51','','50728a1a354a03afc64fa31587b43fa7','','supporter','0','normal',60,1233528477,'enabled',5,'enabled','Main Menu','',0,0,0,0,'',0,99999,9,11,99999,28446,'no',0,67825,228242,'enabled',0,41742253061,26,'enabled',0,'enabled',0,99999,10,0,0,99999,0,0,0,0,0,1,99999,99999,99999,99999,99999,99999,0,99999,99999,99999),(18,'Pennywise','suttercain','unsane','0',725,0,1882,10,0,0,0,131437,0,15000,0,0,0,89,100,10000000,10130854,0,0,100,100,10910000,250000,10,0,10,0,10,0,0,1902020,10,0,0,0,0,0,0,0,21,1,13,301167965,70355021,0,0,27,63,1233511813,1233247909,57,'','',0,0,0,0,0,0,0,0,0,0,'','70.107.93.16','','d1e25e9c14a08dae9467049d20cf9837','','normal','0','normal',60,1233511789,'enabled',5,'enabled','Main Menu','',0,0,0,0,'',0,47,99999,99999,7,119644,'no',0,15000,131437,'enabled',0,7433746715,40,'enabled',0,'enabled',0,29,99999,0,0,99999,0,0,0,0,0,1,99999,99999,99999,99999,99999,99999,0,99999,99999,99999),(19,'frankf','frankf','skippy','0',800,0,4079,1,0,0,0,185602,0,145150,340,425,0,100,100,274089,597673,0,0,100,100,357973,250000,10,0,10,0,10,0,0,13424547,10,0,0,0,0,0,0,0,0,1,7,10852978980,10517999901,0,0,16,26,1233517973,0,0,'','',0,1,0,0,0,0,0,0,0,0,'','99.140.204.65','','969861d22228fcc355bdce77429591ee','','normal','0','normal',60,1233511385,'enabled',5,'enabled','Main Menu','',0,0,0,0,'Capo',0,16,99999,99999,55,0,'yes',0,145915,185602,'enabled',0,61195033980,16,'enabled',0,'enabled',0,9,99999,0,0,99999,0,0,0,0,0,1,99999,99999,99999,99999,99999,99999,0,99999,99999,99999),(20,'West_Coast_Killa','Ice_Cube','green1','0',3000,0,312,100,22560,0,0,0,0,0,0,0,0,75,100,552500,552500,0,0,0,100,250000,250000,10,0,10,0,10,0,0,11945,10,0,0,0,0,0,0,0,18,4,3,59951812,0,0,0,13,97,1233281451,1233248928,38,'','',0,0,0,0,9,0,0,0,0,0,'','174.1.29.80','','bf84a7db8e2f17a375e8af68a8e47f56','','normal','0','normal',60,1233227198,'enabled',5,'enabled','Che profile','',0,0,0,0,'',0,72,99999,99999,34,150,'yes',0,0,22560,'enabled',0,104749312,92,'enabled',0,'enabled',0,67,99999,0,0,99999,0,0,0,0,0,1,99999,99999,99999,99999,99999,99999,0,99999,99999,99999),(21,'TrippZ','TrippZ','jamie13','0',0,0,1672017647008,0,0,0,0,357267,0,305695,0,0,0,100,100,545443,671677,0,0,100,100,734497,250000,10,0,10,0,10,0,0,396014547,10,0,0,0,0,0,0,0,0,5,2,1672686448970,0,0,0,1,2,1233529201,0,0,'','COOL!',0,52,0,0,0,0,0,0,0,0,'','64.186.50.139','','b4f63f184893ee4db4fde23f9c23c780','','supporter','0','normal',60,1233529155,'enabled',5,'enabled','Global Ranks','',0,0,0,0,'',0,99999,2,18,99999,0,'yes',1,305,356847,'enabled',0,3157741003970,2,'enabled',0,'enabled',10000000000,99999,2,0,0,99999,0,0,0,0,0,1,99999,99999,99999,99999,99999,99999,0,99999,99999,99999),(22,'smattle','smattle','jihad','0',67,0,2,0,0,0,0,30182,0,1567,0,95063,0,100,100,215554,231652,0,0,100,100,18048080,250000,10,0,10,0,10,0,0,374203,10,0,0,0,0,0,23,51,22,2,3,152724832,0,0,0,11,77,1233529912,1233248625,38,'','',3,4,0,0,0,0,0,0,0,0,'','90.191.161.120','','d07269eea1467cea3d04d0cf385c8077','','supporter','0','normal',60,1233528031,'enabled',5,'enabled','Main Menu','',0,0,0,0,'',0,99999,21,3,99999,413166,'no',0,96630,30182,'enabled',0,1555989832,60,'enabled',0,'enabled',0,99999,18,0,0,99999,0,0,0,0,0,1,99999,99999,99999,99999,99999,99999,0,99999,99999,99999),(23,'Zerox','Phynx','firestorm','0',1260,0,2450,0,0,0,0,218950,0,168125,0,0,0,100,100,547375,547375,0,0,100,100,588438,250000,10,0,10,0,10,0,0,10543696,10,0,0,0,0,0,0,0,0,4,7,14470744550,14078782348,0,0,2,21,1233513270,0,0,'','',2,3,0,0,1,0,0,0,0,0,'','78.33.52.102','','a75e78570f275afbf780b27e2eac1802','','supporter','0','normal',60,1233499452,'enabled',5,'enabled','Voting','',0,0,0,0,'Underboss',0,99999,8,19,99999,0,'no',0,168125,218950,'enabled',0,54009608300,19,'enabled',0,'enabled',0,99999,8,0,0,99999,0,0,0,0,0,1,99999,99999,99999,99999,99999,99999,0,99999,99999,99999),(24,'Hmmm','Voltage','strong18','0',3010,15000,2281,10,0,0,0,1000,0,0,0,0,0,75,100,250000,250000,0,0,0,100,250000,250000,10,0,10,0,10,0,0,134194419,10,0,0,0,0,0,0,0,2,1,4,351932539270,351929195489,2000,0,1,3,1233529201,1233361047,40,'','I just don\'t have that 1min of time to build.',0,8,0,0,0,0,0,0,0,0,'','217.163.18.2','','549f81777acb1665e435d9d5ea12d561','','supporter','0','normal',0,0,'enabled',5,'enabled','Global Ranks','',0,0,0,0,'',0,99999,3,13,99999,90,'no',0,0,1000,'enabled',0,855161614270,3,'enabled',0,'enabled',0,99999,3,0,0,99999,0,0,0,0,0,1,99999,99999,99999,99999,99999,99999,0,99999,99999,99999),(25,'Timmy','Timmy','biggles','0',3000,0,1044012500,1,0,0,0,39000,0,27000,0,0,0,100,100,24174410,24577756,0,0,100,100,21601080,250000,10,0,10,0,10,0,0,167833,10,0,0,0,0,0,0,0,10,5,10,1365021019,70355021,0,0,4,40,1233447306,1233321537,35,'','Looking for family.. Hit me up if you want me in..',1,0,0,0,7,0,0,0,0,0,'','121.217.214.71','','8ea18d3650cf7cb34727768f0bb4acaf','','normal','0','normal',60,1233447306,'enabled',5,'enabled','Recruiting','',0,0,0,0,'',0,28,99999,99999,10,64373,'no',0,27000,39000,'enabled',1,1994398519,53,'enabled',0,'enabled',0,36,99999,0,0,99999,0,0,0,0,0,1,99999,99999,99999,99999,99999,99999,0,99999,99999,99999),(26,'SuPeRMaN_','superman','hinera','0',3000,15000,0,99,0,0,0,97439,0,44803,0,0,0,96,100,250000,250000,0,0,0,100,250000,250000,10,0,10,0,0,0,0,0,10,0,0,0,0,0,0,0,18,1,7,144583500,0,2000,0,33,79,1233438862,1233272414,38,'','',0,2,0,0,1,0,0,0,0,0,'','122.57.115.24','','5a594f05263b5da04324ae3e227b655c','','normal','0','normal',60,1233438862,'enabled',5,'enabled','Recruiting','',0,0,0,0,'Capo',0,58,99999,99999,29,986,'no',0,44803,97439,'enabled',0,144583500,84,'enabled',0,'enabled',0,62,99999,0,0,99999,0,0,0,0,0,1,99999,99999,99999,99999,99999,99999,0,99999,99999,99999),(27,'Lord_Kris','Lord_Kris','qwer111','0',1928,0,618,0,0,0,0,188450,0,150782,0,0,0,50,100,0,0,0,0,98,100,0,250000,10,0,10,0,10,0,21000,6766859,10,0,0,0,0,0,0,0,0,1,3,9945305990,9605731872,2000,0,18,28,1233482543,0,0,'','',0,2,0,0,0,0,0,0,0,0,'','71.106.231.110','','b3fab57b5cc98585da0860afc1a891a6','','normal','0','normal',60,1233482525,'enabled',5,'enabled','FeaRLeSS_ArmY Family','',0,0,0,0,'',0,18,99999,99999,56,0,'no',0,150782,188450,'enabled',0,35360405990,30,'enabled',0,'enabled',0,20,99999,0,0,99999,0,0,0,0,0,1,99999,99999,99999,99999,99999,99999,0,99999,99999,99999),(28,'NOTORIOUS','codyh_23','137115c','0',1105,0,3036,0,0,0,0,126162,0,104200,0,0,0,100,100,7768335,8605209,0,0,100,100,7926420,250000,10,0,10,0,10,0,0,3588911,10,0,0,0,0,0,0,0,0,3,3,1200080626,904084448,0,0,9,41,1233518972,0,0,'','',0,2,0,0,0,0,0,0,0,0,'','216.220.216.193','','d6eecb3853732441a3a228fdb19093e9','','normal','0','normal',60,1233503892,'enabled',5,'enabled','Family Ranks','',0,0,0,0,'',0,29,99999,99999,57,0,'no',0,104200,126162,'enabled',0,14658500626,32,'enabled',0,'enabled',0,22,99999,0,0,99999,0,0,0,0,0,1,99999,99999,99999,99999,99999,99999,0,99999,99999,99999),(29,'SAM','samax08','samax','0',100,0,1018091105,0,0,0,9000,98880,14500,0,0,0,0,75,100,1757614,253763,0,0,0,100,27860462,250000,0,1000,0,3000,0,0,0,3325,10,0,0,0,8,0,0,21,20,3,10,1771681856,0,0,0,7,35,1233526403,1233527233,115,'','',0,34,8,0,0,0,0,0,0,0,'','86.20.37.193','','a4159e5fe3d9ec56d2fb321d9c96a09b','','normal','0','normal',60,1233526403,'enabled',5,'enabled','collecting','',0,0,0,0,'',0,25,99999,99999,15,39247,'no',0,0,122380,'enabled',0,1784150606,57,'enabled',0,'enabled',0,40,99999,0,0,99999,0,0,0,0,0,1,99999,99999,99999,99999,99999,99999,0,99999,99999,99999),(30,'Teflon','wicked','admin','0',196,0,12805440682,0,300,480,0,237210,0,1320,0,0,0,50,100,85901,275285,0,0,100,100,595618,250000,10,0,10,0,0,0,0,13657442,10,0,0,0,0,0,2,6,9,1,4,24051618678,11002302268,0,0,10,16,1234210134,1233522454,58,'','',0,6,0,0,0,0,0,0,0,0,'','65.29.14.89','','415be94915514e6df03e5c5f9d3c85c8','','supporter','2','normal',60,1233529207,'enabled',5,'enabled','Turn Bank','',0,0,0,0,'',0,99999,7,5,99999,191976,'yes',0,960,236730,'enabled',0,75267026178,11,'enabled',0,'enabled',10000000000,99999,6,0,0,99999,0,0,0,0,0,2,99999,99999,99999,99999,99999,99999,0,99999,99999,99999),(31,'GOTTI_GIRL','Gotti_Girl','nopass2008','0',3000,15000,0,10,0,0,0,22482,0,0,0,0,0,75,100,250000,250000,0,0,0,100,250360,250000,1,0,0,0,0,0,0,169168,10,0,0,0,0,0,0,0,9,1,3,24485090,0,3000,0,46,101,1233614641,1233248823,38,'','~~~~~~~~ Sexy Assassin ~~~~~~~~\r<br>\r<br>Coming to a game near you!',4,5,9,0,23,0,0,0,0,0,'','74.129.81.209','','ea46fa9dd6aa2c24be749e2fb959bca6','','normal','0','normal',60,1233053525,'enabled',5,'enabled','Main Menu','',0,0,0,0,'',0,76,99999,99999,22,14020,'no',0,0,22482,'enabled',0,658865090,70,'enabled',0,'enabled',1000000000,49,99999,0,0,99999,0,10,0,0,0,1,99999,99999,99999,99999,99999,99999,0,99999,99999,99999),(32,'PuNkD','GunzAndRoses','candy12','0',3000,0,0,10,97000,119000,0,0,0,0,0,0,0,66,100,221597,173460,0,0,0,100,196178,250000,0,0,0,0,10,0,0,0,10,0,0,0,0,0,0,0,31,1,3,552381710,70355021,2000,0,23,49,1233420939,1233411086,119,'','',0,1,0,0,2,0,0,0,0,0,'','71.255.240.9','','4cd133fe036c90b49ee4d16b8bba6414','','normal','0','normal',60,1233420938,'enabled',5,'enabled','Recruiting','',0,0,0,0,'',0,35,99999,99999,37,90,'no',0,0,216000,'enabled',0,552385460,72,'enabled',0,'enabled',0,51,99999,0,0,99999,0,0,0,0,0,1,99999,99999,99999,99999,99999,99999,0,99999,99999,99999),(33,'Taken','taken','illini1','0',0,0,2023999408,0,0,0,0,328325,0,0,0,0,0,75,100,1017438,1385303,0,0,0,100,1162163,250000,0,0,0,0,0,0,0,12706562,10,0,0,0,17,0,0,0,17,1,1,23696109664,21333963257,0,0,11,17,1233529207,1233529197,95,'','',0,6,11,0,0,0,0,0,0,0,'','75.120.225.186','','94e55eb1381385d73979aeea6872f437','','normal','0','normal',60,1233528614,'enabled',5,'enabled','Main Menu','',0,0,0,0,'',0,3,99999,99999,58,121516,'yes',0,248,328325,'enabled',0,71345717164,12,'enabled',0,'enabled',9064712286,6,99999,0,0,99999,0,0,0,0,0,1,99999,99999,99999,99999,99999,99999,0,99999,99999,99999),(34,'masskiller','masskiller','yellow','0',105,0,41145645478,0,240,360,0,199376,0,66660,0,0,0,8,100,0,0,0,0,48,100,2277492,250000,10,0,10,0,10,0,0,26347,10,0,0,0,0,0,0,0,14,3,1,41422452946,0,0,0,4,11,1233529201,1233233967,61,'','',0,0,0,0,16,0,0,0,0,0,'','216.197.178.146','','c693b1931cc7b8640fb87a8c86a66383','','normal','0','normal',60,1233529201,'enabled',5,'enabled','collecting','',0,0,0,0,'',0,8,99999,99999,14,53123,'no',0,66360,201580,'enabled',0,41521257946,27,'enabled',0,'enabled',0,17,99999,0,0,99999,0,0,0,0,0,1,99999,99999,99999,99999,99999,99999,0,99999,99999,99999),(35,'Silver-Last-Round','ThisIsMyName','DDNAME','0',104,0,981248,0,0,0,0,814570,0,596418,0,16307,0,100,100,443488,1040839,0,0,100,100,796543,250000,10,0,10,0,0,200,0,1299755,10,0,0,0,0,0,8,82,0,3,2,1427216425,0,0,0,8,39,1233529399,0,0,'','Silver is going to fit me.',0,27,0,0,0,0,0,0,0,0,'','62.243.88.110','','86af190d64fcb3bbb1affeca26cab696','','supporter','0','normal',60,1233529153,'enabled',5,'enabled','Global Ranks','',0,0,0,0,'Underboss',0,99999,11,2,99999,1221603,'yes',0,612,814570,'enabled',0,6301447675,43,'enabled',0,'enabled',10000000000,99999,12,0,0,99999,0,0,0,234000,234000,3,99999,99999,99999,99999,99999,99999,0,99999,99999,99999),(36,'Bizzarro','Bizzarro','141676z','0',825,0,1866,0,0,0,0,197000,0,148000,0,0,0,100,100,492500,492500,0,0,100,100,518000,250000,0,0,0,0,10,0,0,7619980,10,0,0,0,0,0,0,0,0,2,1,11528654833,11179610967,0,0,2,24,1233509386,0,0,'','',0,12,0,0,16,0,0,0,0,0,'','63.134.134.136','','9190631daf0dd13c3a0b3c852c0f87e1','','normal','0','normal',60,1233509371,'enabled',5,'enabled','Cuseballers Family','',0,0,0,0,'',0,14,99999,99999,59,0,'no',0,148000,197000,'enabled',0,40103583583,29,'enabled',0,'enabled',0,19,99999,0,0,99999,0,0,0,0,0,1,99999,99999,99999,99999,99999,99999,0,99999,99999,99999),(37,'JD','jdurkman01','JWORLD500','0',3001,0,161670947,10,0,0,0,98122,0,0,0,0,0,0,100,0,0,0,0,0,100,0,250000,0,0,0,0,0,0,0,0,10,0,0,0,0,0,0,0,23,1,1,330147968,70355021,0,0,26,60,1233379553,1233342471,40,'','',1,3,0,0,21,0,0,0,0,0,'','99.141.222.49','','f2e0a44ccbfe0391a2a113e0ba859b97','','normal','0','normal',60,1233377263,'enabled',5,'enabled','Cuseballers Family','',0,0,0,0,'',0,44,99999,99999,19,27734,'no',0,0,98122,'enabled',2,330147968,75,'enabled',0,'enabled',0,54,99999,0,0,99999,0,0,0,0,0,1,99999,99999,99999,99999,99999,99999,0,99999,99999,99999),(38,'Che','che','Hamburg3r','0',3006,0,3,100,0,0,0,0,0,0,0,0,0,0,100,236874,241796,0,0,0,100,674299,250000,10,0,10,0,310,104,100,42078,10,0,0,0,0,0,0,176,28,1,0,4000961,0,2300,0,47,103,1233437878,1233299623,22,'','',1,5,0,0,0,0,0,0,0,0,'','70.50.145.29','','87072e09dbc5ae139c4435529886c2f1','','normal','0','normal',60,1233272494,'enabled',5,'enabled','Main Menu','',0,0,0,0,'',0,78,99999,99999,3,492377,'no',0,0,0,'enabled',0,162175211,82,'enabled',0,'enabled',0,60,99999,0,0,99999,0,2,0,0,0,1,99999,99999,99999,99999,99999,99999,0,99999,99999,99999),(39,'Fried','East_1999','wzt21a','0',24,0,9470472910,10,130153,153603,0,0,0,0,4467,5051,0,87,100,1011940,987429,0,0,100,100,1169742,250000,0,0,0,0,10,0,0,6555587,10,0,0,0,0,0,3,3,22,1,4,20690679640,10574206035,0,0,12,18,1233529201,1233246408,61,'','',0,0,0,0,3,0,0,0,0,0,'','216.144.42.18','','840b194932da22c7e5c70c3fb7a7a439','','normal','0','normal',60,1233529198,'enabled',5,'enabled','Main Menu','',0,0,0,0,'',0,11,99999,99999,38,682,'no',0,9,282436,'enabled',0,45274134640,23,'enabled',0,'enabled',0,14,99999,0,0,99999,0,0,0,0,0,1,99999,99999,99999,99999,99999,99999,0,99999,99999,99999),(40,'DK','DoNkEyKoNg','GUNITX','0',1862,0,963,100,0,0,0,315891,0,0,0,0,0,75,100,97399311,45054969,0,0,0,100,37430163,250000,10,0,10,0,0,0,0,28226226,10,0,0,0,26,0,0,53,67,1,2,26518537426,25820019093,3000,0,9,15,1233525128,1233529182,30,'','...',1,34,3,0,0,0,0,0,0,0,'','92.5.20.19','','e0695db23c713df00d94ec4d1f3d132c','','normal','0','normal',60,1233485910,'enabled',5,'enabled','DarkStalkers Family','',0,0,0,0,'',0,7,99999,99999,2,501200,'yes',0,0,315891,'enabled',4,132366884926,7,'enabled',0,'enabled',0,3,99999,0,0,99999,0,0,0,0,0,1,99999,99999,99999,99999,99999,99999,0,99999,99999,99999),(41,'POLICE','POLICE','rap17','0',3000,15000,1918,0,0,0,0,281888,0,53500,0,0,0,89,100,552220,552220,0,0,100,100,270563,250000,0,0,0,0,0,0,0,50365,10,0,0,0,0,0,0,0,13,1,4,338681050,0,0,0,25,58,1233432953,1233272430,38,'','',0,1,0,0,24,0,0,0,0,0,'','41.196.207.126','','26c1fbe20d1ab109d4ac9a208c5f13fe','','normal','0','normal',60,1233432900,'enabled',5,'enabled','Flying_Solo Family','',0,0,0,0,'',0,42,99999,99999,16,38800,'no',0,53500,281888,'enabled',1,527549800,74,'enabled',0,'enabled',0,53,99999,0,0,99999,0,0,0,0,0,1,99999,99999,99999,99999,99999,99999,0,99999,99999,99999),(42,'aNdRe','zmac_dre','souths','2',0,0,1467777212311,0,0,0,0,1489825,0,1054900,0,0,0,100,100,1345930951,0,0,0,90,100,0,250000,10,0,10,0,10,0,0,282610944,10,0,0,0,0,0,0,0,0,3,4,2227382218000,755714008237,0,0,1,1,1233529206,0,0,'','',0,17,0,0,0,0,0,0,0,0,'','76.69.16.132','','50471b039d096a0592f4fba29b4a850c','','supporter','2','normal',60,1233529071,'enabled',5,'enabled','Global Ranks','',0,0,0,0,'',0,99999,1,20,99999,0,'no',0,1,1489825,'enabled',0,3287173261750,1,'enabled',0,'enabled',0,99999,1,0,0,99999,0,0,0,367000,367000,3,99999,99999,99999,99999,99999,99999,0,99999,99999,99999),(43,'FreCKleS','lilmama','t120769','0',0,0,47704771526,1,185047,225224,0,153,0,0,8,16,0,0,100,0,0,0,0,100,100,248896,250000,10,0,10,0,10,0,0,158311,10,0,0,0,0,0,0,0,2,1,1,48689694131,70355021,0,0,4,8,1233529209,1233099261,82,'','',0,9,0,0,4,0,0,0,0,0,'','98.105.188.1','','e2abd7bcbedbaee12e1f737fb00882c9','','normal','0','normal',60,1233529164,'enabled',5,'enabled','Inbox','',0,0,0,0,'',0,4,99999,99999,39,90,'no',0,24,413417,'enabled',0,49283364131,21,'enabled',0,'enabled',0,12,99999,0,0,99999,0,0,0,0,0,1,99999,99999,99999,99999,99999,99999,0,99999,99999,99999),(44,'Elite','Jesus','36361993','0',240,0,1412501508,100,0,0,0,144247,0,39800,0,0,0,93,100,771005,2720630,0,0,100,100,4468800,250000,0,0,0,0,0,0,0,63440,10,0,0,0,0,0,0,0,17,2,1,1623356603,0,0,0,4,36,1233529035,1233342342,40,'','',0,4,0,0,3,0,0,0,0,0,'','90.206.18.222','','1f590035161602bb9dc82e6eb697fe46','','normal','0','normal',60,1233520101,'enabled',5,'enabled','Cuseballers Family','',0,0,0,0,'',0,26,99999,99999,30,819,'no',0,39800,144247,'enabled',0,1861256603,55,'enabled',0,'enabled',0,38,99999,0,0,99999,0,0,0,0,0,1,99999,99999,99999,99999,99999,99999,0,99999,99999,99999),(45,'Ray_Mysterio','Yahway616','monojayz','0',1,0,33893446574,0,0,0,0,198802,0,321,2,0,0,86,100,375427,421019,0,0,100,100,305612,250000,1,0,0,0,0,0,0,8399408,10,0,0,0,1,0,21,24,24,1,2,46757064872,12661631716,0,0,5,9,1233529201,1233528942,39,'','',0,22,0,0,0,0,0,0,0,0,'','75.40.242.44','','69f6edbcd4aff3c55a22281aec1aed06','','supporter','0','normal',60,1233529189,'enabled',5,'enabled','Global Ranks','',0,0,0,0,'',0,99999,5,9,99999,114059,'no',0,323,198802,'enabled',0,78254844872,10,'enabled',0,'enabled',8800000000,99999,5,0,0,99999,0,0,0,0,0,1,99999,99999,99999,99999,99999,99999,0,99999,99999,99999),(46,'KrAzY','zayah','mafia','0',3000,15000,0,10,0,0,0,0,0,0,0,0,0,0,100,235371,208243,0,0,0,100,221460,250000,0,0,0,0,10,0,0,0,10,0,0,0,0,0,0,0,27,1,3,72100961,70355021,0,0,41,92,1233401178,1233411361,119,'','',1,7,9,0,3,0,0,0,0,0,'','124.185.164.48','','4d16810200f55cf3a8030673420f907b','','normal','0','normal',60,1233225574,'enabled',5,'enabled','Whosonline','',0,0,0,0,'',0,67,99999,99999,40,90,'no',0,0,0,'enabled',0,72104711,101,'enabled',0,'enabled',0,76,99999,0,0,99999,0,0,0,0,0,1,99999,99999,99999,99999,99999,99999,0,99999,99999,99999),(47,'D0P3','mosconi','marijuana','0',101,0,0,0,0,0,0,233758,0,134500,0,0,0,100,100,584395,584395,0,0,95,100,470750,250000,10,0,10,0,10,0,0,134207,10,0,0,0,23,0,1,5,24,3,2,372820080,0,6000,0,13,57,1233529207,1233528120,22,'','',0,75,0,0,0,0,0,0,0,0,'','72.10.146.87','','2d584450b93d7857a7a85e5b7ec3060a','','supporter','0','normal',60,1233528896,'enabled',5,'enabled','Global Ranks','',0,0,0,0,'',0,99999,16,8,99999,137405,'yes',0,134,233758,'enabled',0,876100080,67,'enabled',0,'enabled',10000000000,99999,21,0,0,99999,0,0,0,78000,78000,3,99999,99999,99999,99999,99999,99999,0,99999,99999,99999),(48,'Stryder','scarface930','magnum','0',452,0,2119,0,0,0,0,112747,0,43875,0,0,0,10,100,0,0,0,0,100,100,0,250000,10,0,10,0,10,0,26550,438340,10,0,0,0,0,0,7,7,32,2,4,156965619,0,0,0,10,76,1233529200,1233245404,61,'','Remember the Name...',0,8,0,0,0,0,0,0,0,0,'','69.136.142.73','','f1ee07bd012db4bbebbe1e3aefc3372d','','normal','0','normal',60,1233517654,'enabled',5,'enabled','attacking chosen-1','',0,0,0,0,'',0,56,99999,99999,17,67102,'no',0,45,112747,'enabled',0,1850525619,56,'enabled',0,'enabled',0,39,99999,0,0,99999,0,0,0,0,0,1,99999,99999,99999,99999,99999,99999,0,99999,99999,99999),(49,'Lady_M','Lady_Madonna','queenb','0',421,0,4128,1,264825,0,0,1000,0,1000,23117,29673,0,91,100,664563,664563,0,0,100,100,188265,250000,10,0,10,0,10,0,0,534133,10,0,0,0,0,0,0,0,0,5,2,694214440,0,0,0,5,45,1233527957,0,0,'','',1,64,0,0,0,0,0,0,0,0,'','68.80.26.173','','125c6e1e8bccf8a51074bd3f3d1d7181','','supporter','0','normal',60,1233527544,'enabled',5,'enabled','Main Menu','',0,0,0,0,'',0,99999,13,21,99999,0,'no',0,53790,265825,'enabled',1,2697216940,49,'enabled',0,'enabled',0,99999,16,0,0,99999,0,0,0,0,0,1,99999,99999,99999,99999,99999,99999,0,99999,99999,99999),(50,'ZeRoCooL','Mad_Hatter','oscar4','0',1125,15000,0,10,0,0,0,84380,0,27000,0,0,0,92,100,247500,242500,0,0,0,100,245000,250000,0,0,0,0,0,0,0,0,10,0,0,0,0,0,0,0,19,1,4,113335000,0,2000,0,35,84,1233503262,1233409286,119,'','Margarito you Bum you lost me a lot of money :(',1,44,0,0,22,0,0,0,0,0,'','207.179.184.156','','f49ba63faaab546d618190ff4b15fa80','','normal','0','normal',60,1233502044,'enabled',5,'enabled','Bitter profile','',0,0,0,0,'Underboss',0,61,99999,99999,27,1711,'no',0,27000,84380,'enabled',0,113335000,88,'enabled',0,'enabled',0,65,99999,0,0,99999,0,0,0,0,0,1,99999,99999,99999,99999,99999,99999,0,99999,99999,99999),(51,'X-RAY','Clover','1TBaM','0',0,0,56304440313,0,0,0,0,200040,0,152950,10200,15400,0,55,100,0,51830,0,0,90,100,0,250000,1,0,0,0,10,0,0,6061313,10,0,0,0,0,0,2,2,0,1,4,56670387453,0,0,0,3,7,1233529204,0,0,'','',0,0,0,0,3,0,0,0,0,0,'','70.82.250.172','','148b8fb49d2466d26814394fff825a59','','normal','0','normal',60,1233529193,'enabled',5,'enabled','Main Menu','',0,0,0,0,'Underboss',0,2,99999,99999,60,0,'no',0,178,200200,'enabled',0,79400314953,8,'enabled',0,'enabled',10000000000,4,99999,0,0,99999,0,0,0,0,0,1,99999,99999,99999,99999,99999,99999,0,99999,99999,99999),(52,'Mr_KillahMic','jhazy','mobster3','0',3010,0,0,1,96080,100371,0,0,0,0,0,0,0,50,100,23002150,0,0,0,0,100,212690,250000,0,0,0,0,10,0,0,677549,10,0,0,0,0,0,0,0,13,4,2,464794910,0,0,0,7,53,1234448465,1233219212,91,'','',1,17,0,0,11,0,0,0,0,0,'','71.53.138.238','','d4e3b7e5987c0f9623e1bbcb058fc0a9','','supporter','0','normal',60,1233359626,'enabled',5,'enabled','Main Menu','',0,0,0,0,'Underboss',0,99999,14,14,99999,90,'no',0,0,196451,'enabled',6,3005607410,48,'enabled',0,'enabled',0,99999,15,0,0,99999,0,0,0,0,0,1,99999,99999,99999,99999,99999,99999,0,99999,99999,99999),(64,'ViolentJ','ViolentJ','master2006','0',3000,0,0,10,0,0,0,189000,0,137000,0,0,0,100,100,1984000,2830000,0,0,100,100,2412000,250000,10,0,10,0,10,0,0,2323915,10,0,0,0,0,0,0,0,0,3,3,416818521,70355021,0,0,12,55,1233551205,0,0,'','',1,6,0,0,4,0,0,0,0,0,'','68.80.30.116','','e0fa3d8e798d2b71f0037964de6a3de3','','normal','0','normal',60,1233300501,'enabled',5,'enabled','Main Menu','',0,0,0,0,'',0,40,99999,99999,61,0,'no',0,137000,189000,'enabled',0,9131503521,35,'enabled',0,'enabled',0,25,99999,0,0,99999,0,2,0,0,0,1,99999,99999,99999,99999,99999,99999,0,99999,99999,99999),(54,'HawkY','glockman','CLU091488!','0',2722,0,2034,0,600,840,0,0,0,0,20,28,0,88,100,1443234,1611299,0,0,100,100,1438731,250000,10,0,10,0,10,0,0,76572765,10,0,0,0,9,0,1,1,9,3,4,266801087392,266785507803,0,0,2,4,1233529200,1233528849,47,'','Tebow and Harvin are awesome\r<br>\r<br>but they got nothing on aNdRe and HawkY',0,92,0,0,0,0,0,0,0,0,'','68.209.16.202','','000a971ebca8b488f3ba96e2d8f371a4','','supporter','0','normal',60,1233529151,'enabled',5,'enabled','Global Ranks','',0,0,0,0,'',0,23,4,22,40,72981,'yes',0,48,780,'enabled',0,553948959892,4,'enabled',0,'enabled',0,99999,4,0,0,99999,0,0,0,0,0,1,99999,99999,99999,99999,99999,99999,0,99999,99999,99999),(53,'Serj','bigflakedog','monica0201','0',260,0,43087037213,0,0,0,0,322000,0,246400,0,0,0,100,100,805000,805000,0,0,100,100,862400,250000,10,0,10,0,10,0,0,22966004,10,0,0,0,0,0,0,0,0,3,4,76572678886,32910230573,0,0,3,5,1233525015,0,0,'','',1,17,0,0,12,0,0,0,0,0,'','74.132.133.28','','be7285f2b122880d9fec84535ac8650e','','normal','0','normal',60,1233524876,'enabled',5,'enabled','Main Menu','',0,0,0,0,'',0,1,99999,99999,62,0,'yes',0,246400,322000,'enabled',0,162695197636,6,'enabled',0,'enabled',10000000000,2,99999,0,0,99999,0,0,1,0,0,1,99999,99999,99999,99999,99999,99999,0,99999,99999,99999),(67,'Lee-Loo','Tilywinks','aazhane22','0',3001,14999,2500,10,0,0,0,30700,0,23275,0,0,0,100,100,222711,232944,0,0,100,100,226725,250000,10,0,10,0,10,0,0,52177,10,0,0,0,0,0,0,0,0,3,3,56147443,0,3000,0,19,98,1233099801,0,0,'','',0,1,0,0,20,0,0,0,0,0,'','207.233.90.1','','7abca9fcd9bed90584ca531d0cef5378','','normal','0','normal',60,1232949775,'enabled',5,'enabled',' Board','',0,0,0,0,'',0,73,99999,99999,63,0,'no',0,23275,30700,'enabled',0,251814943,78,'enabled',0,'enabled',0,57,99999,0,0,99999,0,0,0,0,0,1,99999,99999,99999,99999,99999,99999,0,99999,99999,99999),(55,'Grim','bangbang','bangbang','0',2135,0,2872,0,0,0,0,176810,0,138390,0,0,0,100,100,126149,243703,0,0,100,100,206295,250000,10,0,10,0,10,0,0,515380,10,0,0,0,0,0,0,0,0,2,2,317226810,0,0,0,6,62,1233527546,0,0,'','',0,2,0,0,0,0,0,0,0,0,'','78.146.8.45','','5fc3a11f0bf99b45249de5aa9d74deec','','normal','0','normal',60,1233488462,'enabled',5,'enabled','Lady_M profile','',0,0,0,0,'',0,46,99999,99999,64,0,'no',0,138390,176810,'enabled',2,2249905560,52,'enabled',0,'enabled',0,35,99999,0,0,99999,0,0,0,0,0,1,99999,99999,99999,99999,99999,99999,0,99999,99999,99999),(58,'JoeyGz','intafada923','ghandour','0',585,0,4889,1,0,0,0,128000,0,39880,0,230,0,94,100,320000,320000,0,0,100,100,346951,250000,10,0,10,0,10,0,0,3427525,10,0,0,0,6,0,27,35,10,1,10,171009193,0,0,0,31,75,1233596629,1233522571,115,'','',0,9,0,0,0,0,0,0,0,0,'','99.18.129.227','','540cf423c55d97100ffc1744b6cd7aef','','normal','0','normal',60,1233522426,'enabled',5,'enabled','Main Menu','',0,0,0,0,'',0,55,99999,99999,4,442834,'no',0,40110,128000,'enabled',0,13024231693,33,'enabled',0,'enabled',0,23,99999,0,0,99999,0,0,0,32000,32000,2,99999,99999,99999,99999,99999,99999,0,99999,99999,99999),(56,'MeatMan03','MeatMan03','samdaman2','0',525,0,4912,0,0,0,0,81208,0,38200,0,0,0,98,100,2339635,1912263,0,0,100,100,2669049,250000,0,0,0,0,0,0,0,2182957,10,0,0,0,0,0,0,20,35,1,7,138165532,0,0,0,34,80,1233516245,1233248721,38,'','',1,50,0,0,0,0,0,0,0,0,'','71.244.64.18','','e5822f2c4701b43816a498b1288d4dd4','','supporter','0','normal',60,1233516040,'enabled',5,'enabled','Main Menu','',0,0,0,0,'',0,99999,22,4,99999,227930,'no',0,38200,81208,'enabled',0,8324254282,37,'enabled',0,'enabled',0,99999,11,0,0,99999,0,0,0,0,0,1,99999,99999,99999,99999,99999,99999,0,99999,99999,99999),(57,'killkillkill','morrison12843','k684648','0',3000,0,0,0,0,0,0,26000,0,0,6042,11293,0,90,100,200000,197080,0,0,90,100,0,250000,31,0,30,0,40,0,0,379145,10,0,0,0,0,0,0,104,5,1,8,36484890,0,2000,0,44,99,1233275011,1233272463,38,'','',1,3,0,1,0,0,0,0,0,0,'','142.167.164.26','','bd822efda6085f135283667f4fca250e','','normal','0','normal',60,1233274983,'enabled',5,'enabled','attacking SuPeRMaN_','',0,0,0,0,'',0,74,99999,99999,1,706304,'no',0,17335,26000,'enabled',0,1458293640,61,'enabled',0,'enabled',163138482,43,99999,0,0,99999,0,0,0,0,0,1,99999,99999,99999,99999,99999,99999,0,99999,99999,99999),(59,'Sephiroth','THEtemplier','templier','0',100,0,5,100,0,0,0,50559,0,30000,0,0,0,100,100,42530997,49297555,0,0,100,100,28941078,250000,1110,2300,1010,4,0,0,11971,22782,10,0,0,0,0,0,0,0,8,4,7,552185352,55381873,0,0,6,50,1233527032,1233321261,35,'','',0,5,0,0,0,0,0,0,0,0,'','84.99.250.152','','beaab26d0d3e54ebae5ac622c7b5d61e','','normal','0','normal',60,1233526945,'enabled',5,'enabled','Making Purchases','',0,0,0,0,'',0,36,99999,99999,21,17008,'no',0,30000,50559,'enabled',0,660063477,69,'enabled',0,'enabled',0,48,99999,0,0,99999,0,0,0,0,0,1,99999,99999,99999,99999,99999,99999,0,99999,99999,99999),(60,'LeAudi','Leaudi','mcmjcars','0',2435,0,3054,10,0,0,0,119106,0,78000,0,0,0,50,100,0,0,0,0,90,100,0,250000,10,0,10,0,0,0,0,1131744,10,0,0,0,0,0,0,0,11,2,3,1560229182,1362778628,2000,0,5,37,1233470882,1233249184,38,'','',0,1,0,0,2,0,0,0,0,0,'','71.239.57.143','','e6e2d3d51ea2c0cbc61c03baff230531','','normal','0','normal',60,1233470861,'enabled',5,'enabled','Making Purchases','',0,0,0,0,'',0,27,99999,99999,31,660,'no',0,78000,119106,'enabled',0,5804269182,45,'enabled',0,'enabled',0,32,99999,0,0,99999,0,0,0,0,0,1,99999,99999,99999,99999,99999,99999,0,99999,99999,99999),(61,'HMMMMM','Jasmine','cayden05','0',3000,0,4437,10,37660,55050,0,1000,0,0,0,0,0,0,100,0,0,0,0,0,100,0,250000,0,0,0,0,0,0,0,3042,10,0,0,0,0,0,0,167,0,2,0,205254437,0,3130,0,7,71,1233283445,0,0,'','hmmmmmm......',0,3,0,0,0,0,0,0,0,0,'','24.168.211.176','','4df24b7dff959f6849d6fd4c3495e145','','supporter','0','normal',60,1233246469,'enabled',5,'enabled','Voting','',0,0,0,0,'',0,99999,18,1,99999,1298125,'yes',0,0,93710,'enabled',0,216661937,81,'enabled',0,'enabled',0,99999,22,0,0,99999,0,0,0,0,0,1,99999,99999,99999,99999,99999,99999,0,99999,99999,99999),(62,'ROB','rob','walmartmob','0',96,0,909,0,0,0,0,188918,0,144822,6839,8434,0,100,100,7313166,11594266,0,0,100,100,7438480,250000,0,0,0,0,10,0,0,554183,10,0,0,0,0,0,0,0,1,1,3,413227293,0,0,0,24,56,1233554201,1233249259,38,'','',0,35,0,0,0,0,0,0,0,0,'','67.11.5.63','','96b95de17ee2822a94516baa68ee9678','','supporter','0','normal',60,1233527730,'enabled',5,'enabled','Supporter Ranks','',0,0,0,0,'',0,99999,15,17,99999,6,'no',0,160095,188918,'enabled',0,2491417293,51,'enabled',0,'enabled',0,99999,17,0,0,99999,0,0,0,18000,18000,2,99999,99999,99999,99999,99999,99999,0,99999,99999,99999),(63,'toney','rathead11','ds142896','0',3000,15000,3,10,3393,5268,54,0,1019,0,0,0,0,75,100,249692,249829,0,0,0,100,249350,250000,0,0,0,0,0,0,0,0,10,0,0,0,0,0,0,0,27,1,0,91960603,70355021,2000,0,38,88,1232937236,1233411209,119,'','',0,0,27,0,0,0,0,0,0,0,'','69.251.244.116','','0d6d8d56ca32bc8a4807cbb9ef1c538b','','normal','0','normal',25,1232937050,'enabled',5,'enabled','attacking JD','',0,0,0,0,'',0,63,99999,99999,44,58,'no',0,0,9734,'enabled',0,91960603,95,'enabled',0,'enabled',0,70,99999,0,0,99999,0,0,0,0,0,1,99999,99999,99999,99999,99999,99999,0,99999,99999,99999),(65,'LeatherNutz','mcjimmy','mcjimmy','0',3000,0,10000002804,10,0,0,0,351253,0,249000,0,0,0,82,100,200000,200000,0,0,98,100,200000,250000,10,0,10,0,10,0,0,45234278,10,0,0,0,0,0,0,0,0,1,4,32538873592,21936676288,0,0,7,13,1233442262,0,0,'','im leaving fuckers lol\r<br>i have enjoyed killing many of you, i mean alot :)',0,16,0,0,24,0,0,0,0,0,'','86.143.86.21','','9659c76617ebb008b2fd2e6e43fc4a66','','normal','0','normal',60,1233441916,'enabled',5,'enabled',' Board','',0,0,0,0,'',0,9,99999,99999,65,0,'no',0,249000,351253,'enabled',1,202167419842,5,'enabled',0,'enabled',10000000000,1,99999,0,0,99999,0,0,1,0,0,1,99999,99999,99999,99999,99999,99999,0,99999,99999,99999),(66,'NOYGDB','trpletrouble','opps123','0',0,0,38744859831,0,0,0,0,189208,0,172775,0,0,0,50,100,0,0,0,0,90,100,0,250000,0,0,0,0,0,0,0,382904,10,0,0,0,0,0,0,0,0,3,7,39106842831,0,0,0,5,12,1233529215,0,0,'','Aerosol, its been fun, hope to see you around on here sooner than later.',0,6,0,0,0,0,0,0,0,0,'','66.141.253.170','','8f918c12e4b8b3f82c3ded0508a78b2b','','normal','0','normal',60,1233529192,'enabled',5,'enabled','Elite_Mafia Family','',0,0,0,0,'Underboss',0,41,99999,99999,66,0,'no',0,172775,204395,'enabled',0,40542732831,28,'enabled',0,'enabled',0,18,99999,0,0,99999,0,0,0,0,0,1,99999,99999,99999,99999,99999,99999,0,99999,99999,99999),(68,'Aerosol','Embryonic','domeness1','0',3000,15000,0,10,11847,17794,0,759,0,0,0,0,0,75,100,250000,250000,0,0,0,100,250000,250000,10,0,10,0,10,0,0,0,10,0,0,0,0,0,0,0,2,3,0,135310782,67004782,2000,0,17,81,1232955250,1233263989,109,'','Wont be playing again, well for a long time! \r<br>Special word of thanks to -\r<br>Hawky\r<br>Andre\r<br>  Lady_M\r<br>ThisIsMyName\r<br> Friday13th\r<br>Stryder \r<br>NOYGDB\r<br>Tubaman\r<br>Wrec\r<br>Dop3\r<br>Serj\r<br>Che\r<br>DS FAM\r<br>And ofcoz the whole FS FA',1,1,2,0,38,0,0,0,0,0,'','196.35.158.181','','91a010fc26b3b214d08c6ac9f6439e80','','normal','0','normal',60,1232950393,'enabled',5,'enabled','Options','',0,0,0,0,'',0,59,99999,99999,41,90,'no',0,0,30400,'enabled',2,135314532,85,'enabled',0,'enabled',0,63,99999,0,0,99999,0,0,0,0,0,1,99999,99999,99999,99999,99999,99999,0,99999,99999,99999),(79,'YaKillaCJ','DaBoiCJ','word2pass','0',3018,15000,1843,0,0,0,0,159778,0,119442,0,0,0,100,100,357835,357835,0,0,100,100,375753,250000,10,0,10,0,10,0,0,169557,10,0,0,0,0,0,0,0,0,3,13,282497695,0,6000,0,14,64,1233427064,0,0,'','',0,1,0,0,0,0,0,0,0,0,'','71.196.28.36','','93c9ebca589a22408ab0269610e3e28d','','supporter','0','normal',60,1233417636,'enabled',5,'enabled','Global Ranks','',0,0,0,0,'',0,99999,17,23,99999,0,'no',0,119442,159778,'enabled',0,918340195,66,'enabled',0,'enabled',0,99999,20,0,0,99999,0,0,0,0,0,1,99999,99999,99999,99999,99999,99999,0,99999,99999,99999),(69,'Tubaman','Tubaman','directorab','0',541,0,437564493,0,82836,116925,0,1000,0,0,49708,57606,0,13,100,0,0,0,0,90,100,0,250000,1,0,0,0,0,0,0,210663,10,0,0,0,0,0,0,7,0,4,2,933163143,0,0,0,4,42,1233517288,0,0,'','',0,9,0,0,0,0,0,0,0,0,'','213.40.116.96','','bec03a683a04265b0d563a774c64caa2','','normal','0','normal',60,1233516951,'enabled',5,'enabled','Main Menu','',0,0,0,0,'',0,30,99999,99999,11,61128,'yes',0,107314,200761,'enabled',4,1723149393,59,'enabled',0,'enabled',0,42,99999,0,0,99999,0,0,0,0,0,1,99999,99999,99999,99999,99999,99999,0,99999,99999,99999),(70,'CBR','plonkey','gogogo','0',110,0,87893502,0,0,0,0,328958,0,215962,0,0,0,50,100,0,0,0,0,90,100,0,250000,10,0,10,0,10,0,0,1462330,10,0,0,0,1,0,0,0,1,3,2,731846136,98691134,0,0,10,43,1233530372,1233528773,54,'','',0,10,0,0,6,0,0,0,0,0,'','118.208.81.88','','857b6c7d41b5ae3b066395710cbf0c4a','','supporter','0','normal',60,1233529112,'enabled',5,'enabled','Sent Transfers','',0,0,0,0,'Underboss',0,99999,12,24,99999,21591,'no',0,215962,328958,'enabled',4,6215587386,44,'enabled',0,'enabled',10000000000,99999,13,0,0,99999,0,0,0,85000,85000,3,99999,99999,99999,99999,99999,99999,0,99999,99999,99999),(71,'KOnViCtED','Asher111','ASmalik','0',3000,0,0,10,16000,24000,0,1000,0,1000,75998,107999,0,100,100,250000,250000,0,0,0,100,250000,250000,10,0,10,0,10,0,0,1000,10,0,0,0,0,0,0,0,0,4,11,251344782,67004782,2000,0,10,65,1232966214,0,0,'','',0,0,0,0,0,0,0,0,0,0,'','210.2.177.244','','87739ae5e8543493ccfde4f856a189f7','','normal','0','normal',60,1232966139,'enabled',5,'enabled','PissheadS_CX Family','',0,0,0,0,'',0,48,99999,99999,67,0,'no',0,184997,41000,'enabled',0,255098532,77,'enabled',0,'enabled',0,56,99999,0,0,99999,0,0,0,0,0,1,99999,99999,99999,99999,99999,99999,0,99999,99999,99999),(82,'Amyyy','dude3663','amberley','0',525,0,22529997086,1,0,0,0,226909,0,158809,50743,77024,0,50,100,0,0,0,0,90,100,0,250000,10,0,10,0,20,0,0,6137155,10,0,0,0,0,0,0,12,0,1,13,28331185038,5351244952,0,0,8,14,1233602417,0,0,'','',0,4,0,0,0,0,0,0,0,0,'','86.29.83.29','','a184ba76721d10631dfb4303275b8c34','','supporter','0','normal',60,1233516478,'enabled',5,'enabled','aNdRe profile','',0,0,0,0,'Underboss',0,19,6,6,1,177674,'no',0,286576,226909,'enabled',0,51345523788,20,'enabled',0,'enabled',0,99999,9,0,0,99999,0,0,0,0,0,1,99999,99999,99999,99999,99999,99999,0,99999,99999,99999),(72,'mike_Jones_who','whiteboy0679','bruno','0',3008,0,239801,10,8998,6354,0,0,0,0,0,0,0,75,100,57467,129667,0,0,0,100,0,250000,10,0,10,0,0,0,0,0,10,0,0,0,0,0,0,1,22,2,0,134921903,98691134,0,0,12,82,1233146318,1233234087,61,'','fucking protection',2,4,5,0,0,0,0,0,0,0,'','99.239.214.226','','3e80d0caf079d7b82fbadb8d111f75e4','','supporter','0','normal',60,1233146292,'enabled',5,'enabled','spamming D0P3','',0,0,0,0,'',0,99999,23,7,99999,144392,'no',0,0,15352,'enabled',0,134921903,86,'enabled',0,'enabled',0,99999,23,0,0,99999,0,0,0,0,0,1,99999,99999,99999,99999,99999,99999,0,99999,99999,99999),(73,'Specdro','Specdro','SurfStile82','0',3011,0,405,0,0,0,0,148219,0,0,0,0,0,75,100,447625,447625,0,0,0,100,0,250000,10,0,10,0,0,0,0,1892896,10,0,0,0,0,0,0,24,26,1,1,217356187,67004782,0,0,29,69,1233343376,1233343789,40,'','',2,2,13,0,21,0,0,0,0,0,'','74.79.218.75','','c622f057567507fa29146e891688bf92','','normal','0','normal',60,1233343034,'enabled',5,'enabled','Cuseballers Family','',0,0,0,0,'',0,52,99999,99999,6,285478,'no',0,0,148219,'enabled',7,7315716187,41,'enabled',0,'enabled',0,30,99999,0,0,99999,0,0,0,0,0,1,99999,99999,99999,99999,99999,99999,0,99999,99999,99999),(76,'Blanka','freakaziod627','patrick','0',375,0,1592661721,50,19500,31500,5000,137020,6000,10200,0,0,0,87,100,4772213,17010413,0,0,100,100,11256762,250000,22510,7200,7210,7962,10,0,0,811154,10,0,0,0,0,0,0,0,28,5,10,3762253721,0,0,0,3,33,1234554388,1233457139,115,'','',0,5,0,0,0,0,0,0,0,0,'','207.172.192.206','','dab937ca8a52e6d1391b71e90da4d1e0','','normal','0','normal',60,1233519827,'enabled',5,'enabled','Inbox','',0,0,0,0,'',0,23,99999,99999,12,59578,'no',0,10200,199020,'enabled',0,6804084971,42,'enabled',0,'enabled',0,31,99999,0,0,99999,0,0,0,9000,9000,2,99999,99999,99999,99999,99999,99999,0,99999,99999,99999),(74,'halldor','halldor','kasper','0',3000,15000,9661314,10,0,0,0,1000,0,0,0,0,0,75,100,246444,247778,0,0,0,100,246000,250000,10,0,10,0,10,0,0,0,10,0,0,0,0,0,0,0,6,1,0,79981374,67004782,2000,0,40,91,1232984519,1233075961,38,'','',0,0,6,0,0,0,0,0,0,0,'','85.220.31.219','','dc71b616f9a1033af346565418db7853','','normal','0','normal',60,1232984464,'enabled',5,'enabled','The Bank','',0,0,0,0,'',0,66,99999,99999,42,90,'no',0,0,1000,'enabled',0,79985124,97,'enabled',0,'enabled',0,72,99999,86400,1232983823,99999,0,0,0,0,0,1,99999,99999,99999,99999,99999,99999,0,99999,99999,99999),(75,'InCoGnItO','scar_face_84','nissan','0',3000,15000,0,10,0,0,0,1000,0,1000,0,0,0,100,100,250000,250000,0,0,100,100,250000,250000,10,0,10,0,10,0,0,1000,10,0,0,0,0,0,0,0,0,1,13,0,67004782,2000,0,48,106,1233520820,0,0,'','',0,1,0,0,0,0,0,0,0,0,'','97.131.164.165','','46e39435c76db4598e845021afb39ca7','','normal','0','normal',0,0,'enabled',5,'enabled','InCoGnItO profile','',0,0,0,0,'',0,80,99999,99999,68,0,'no',0,1,1000,'enabled',0,75100032,99,'enabled',0,'enabled',0,74,99999,0,0,99999,0,0,0,0,0,1,99999,99999,99999,99999,99999,99999,0,99999,99999,99999),(77,'Jose_Wales','Jose_Wales','ystno11','0',1175,0,1334,0,0,0,0,58000,0,7873,0,0,0,89,100,53376755,12841223,0,0,100,100,27324572,250000,10,0,10,0,0,0,0,2029098,10,0,0,0,0,0,0,0,4,5,7,334419328,67004782,2000,0,8,59,1233520451,1233233750,61,'','',0,11,0,1,0,0,0,0,0,0,'','78.150.83.49','','34205fc48a7515f96103e5862883138d','','normal','0','normal',60,1233500447,'enabled',5,'enabled','SAM profile','',0,0,0,0,'',0,43,99999,99999,45,50,'no',0,7873,58000,'enabled',0,7943536828,39,'enabled',0,'enabled',0,28,99999,0,0,99999,0,0,0,0,0,1,99999,99999,99999,99999,99999,99999,0,99999,99999,99999),(78,'Zemos','hellspawn','sevenheaven','0',3000,0,1784,10,0,0,0,0,0,0,0,0,0,0,100,2004259,2001059,0,0,0,100,2068961,250000,10,0,10,0,10,0,0,7263124,10,0,0,0,0,0,0,0,15,5,10,7061790913,7045164349,0,0,2,30,1233443275,1233321443,35,'','',0,10,0,0,7,0,0,0,0,0,'','99.249.119.181','','a63941406fe8e809161dbecb36d6573e','','normal','0','normal',60,1233306038,'enabled',5,'enabled','No_Mercy Family','',0,0,0,0,'',0,20,99999,99999,13,57875,'no',0,0,0,'enabled',1,34298509663,31,'enabled',0,'enabled',10000000000,21,99999,0,0,99999,0,0,0,0,0,1,99999,99999,99999,99999,99999,99999,0,99999,99999,99999),(95,'SirSmokeALot','grant','987987987','0',390,0,44093741533,10,0,0,0,1000,0,0,257891,300938,0,100,100,4853,264531,0,0,73,100,0,250000,10,0,10,0,10,0,0,679484,10,0,0,0,0,0,10,18,0,1,10,44375295979,0,0,0,6,10,1233529200,0,0,'','NEW TO TOWN\r<br>\r<br>DONT FUCKEN WASTE YOUR TURNS OR I WILL WASTE MINE ON WASTING YOU NEXT ROUND.',0,3,0,1,7,0,0,0,0,0,'','75.152.187.206','','3d914a82a6f5c9c64e3a34bd75626e06','','normal','0','normal',60,1233518075,'enabled',5,'enabled','Attack','',0,0,0,0,'',0,6,99999,99999,25,117368,'yes',20,583513,1000,'enabled',1,46923364729,22,'enabled',0,'enabled',10000000000,13,99999,0,0,99999,0,0,0,0,0,1,99999,99999,99999,99999,99999,99999,0,99999,99999,99999),(80,'LightShinigami','esstvirgo88','esst880824','0',2325,0,235077399,10,0,0,0,48338,0,31000,0,0,0,100,100,4766677,5113221,0,0,100,100,4700774,250000,10,0,10,0,10,0,0,350002,10,0,0,0,0,0,0,0,10,4,10,444122857,90456522,2000,0,8,54,1233479946,1233321228,35,'','',0,4,0,0,4,0,0,0,0,0,'','218.186.8.236','','b688bb177abf36a39c8a4a9572dd6987','','normal','0','normal',60,1233479920,'enabled',5,'enabled','Voting','',0,0,0,0,'',0,39,99999,99999,18,28152,'no',0,31000,48338,'enabled',1,1756634107,58,'enabled',0,'enabled',0,41,99999,86400,1232995146,99999,0,0,0,0,0,1,99999,99999,99999,99999,99999,99999,0,99999,99999,99999),(87,'RyNo','PiTBuLL_9','nwms2','0',3000,15000,0,10,0,0,0,1000,0,1000,0,0,0,100,100,250000,250000,0,0,100,100,250000,250000,10,0,10,0,10,0,0,1000,10,0,0,0,0,0,0,0,0,1,0,0,67004782,2000,0,49,107,1233285403,0,0,'','',0,0,0,0,0,0,0,0,0,0,'','75.170.117.36','','ec007e9a1b8c4ef49ba2360ddd6e9067','','normal','0','normal',0,0,'enabled',5,'enabled','help Board','',0,0,0,0,'',0,81,99999,99999,69,0,'no',0,1,1000,'enabled',0,75100032,100,'enabled',0,'enabled',0,75,99999,0,0,99999,0,0,0,0,0,1,99999,99999,99999,99999,99999,99999,0,99999,99999,99999),(81,'mast','chelsea12','briana','0',0,0,1607511877,10,92313,85710,0,1000,0,0,0,0,0,0,100,0,0,0,0,0,100,250000,250000,10,0,10,0,18077180,0,0,141589,10,0,0,0,0,0,0,0,1,2,7,4280604054,2268548177,0,0,3,32,1233528892,1233232900,61,'','',0,0,0,0,0,0,0,0,0,0,'','91.179.144.164','','02dd06d7da1d01f35e7e8fd071aeed29','','normal','0','normal',60,1233528883,'enabled',5,'enabled','Elite_Mafia Family','',0,0,0,0,'Capo',0,22,99999,99999,43,90,'no',0,0,179023,'enabled',0,11590505304,34,'enabled',0,'enabled',0,24,99999,0,0,99999,0,0,0,0,0,1,99999,99999,99999,99999,99999,99999,0,99999,99999,99999),(83,'aj','andyjones','23456789','0',875,0,0,1,0,0,0,145975,0,113000,57200,79500,0,100,100,422970,783107,0,0,66,100,100000,250000,10,10,10,10,73826,73826,73826,73826,10,0,0,0,0,0,0,0,0,5,10,478880874,146092083,0,0,7,52,1233508296,0,0,'','',0,2,0,0,3,0,0,0,0,0,'','78.152.245.101','','81b38fdf23c04f3c68ea54e2e2a30ed3','','normal','0','normal',60,1233507981,'enabled',5,'enabled','Voting','',0,0,0,0,'',0,38,99999,99999,70,0,'yes',0,249700,145975,'enabled',0,977206374,65,'enabled',0,'enabled',0,46,99999,0,0,99999,0,0,0,0,0,1,99999,99999,99999,99999,99999,99999,0,99999,99999,99999),(84,'matthew1990','matthew1990','buster1234','0',3000,2000,28485758,10,11000,11000,15000,36000,20000,0,0,0,0,75,100,228133,236333,0,0,0,100,85200,250000,10,0,10,0,0,0,0,0,10,0,0,0,0,0,0,0,10,1,19,148105190,0,2000,0,32,78,1233406716,1233243012,61,'','',0,0,10,2,0,0,0,0,0,0,'','149.254.219.178','','58b4d4febf8cf83896b9545a5e6f5a62','','normal','0','normal',60,1233142895,'enabled',5,'enabled','Inbox','',0,0,0,0,'',0,57,99999,99999,32,550,'no',0,0,93000,'enabled',0,148105190,83,'enabled',0,'enabled',0,61,99999,86400,1232999523,99999,0,0,0,0,0,1,99999,99999,99999,99999,99999,99999,0,99999,99999,99999),(85,'dakota','jdsquires','laci','0',1220,0,1915,0,50000,40973,0,1000,0,0,0,0,0,75,100,229933,229933,0,0,0,100,244000,250000,0,0,0,0,10,0,0,944863,10,0,0,0,0,0,0,0,1,1,13,1492222172,1282378525,0,0,20,38,1233508971,1233243062,61,'','',0,0,0,0,0,0,0,0,0,0,'','72.95.47.229','','09c407bd20bccaf2f9b212085e815e15','','supporter','0','normal',60,1233508894,'enabled',5,'enabled','Supporter Ranks','',0,0,0,0,'',0,99999,10,15,99999,90,'no',0,0,91973,'enabled',0,5035462172,47,'enabled',0,'enabled',0,99999,14,0,0,99999,0,2,0,0,0,1,99999,99999,99999,99999,99999,99999,0,99999,99999,99999),(94,'Scar-Face','drkronic','987987','0',50,0,271030854,1,0,0,0,98623,0,85100,19600,29400,0,100,100,8915067,0,0,0,100,100,8236197,250000,0,0,0,0,0,0,0,130118,10,0,0,0,0,0,0,1,0,5,1,521113709,0,0,0,6,51,1233528783,0,0,'','4  2  0\r<br>\r<br>\r<br>YOU NEED PEOPLE LIKE ME',0,64,0,0,4,0,0,0,0,0,'','75.152.178.29','','ebdd67a21b08d2a9c7742c0d362af345','','normal','0','normal',60,1233528717,'enabled',5,'enabled','Cuseballers Family','',0,0,0,0,'',0,37,99999,99999,71,0,'no',0,134100,98623,'enabled',0,1009056209,64,'enabled',0,'enabled',0,45,99999,0,0,99999,0,0,0,0,0,1,99999,99999,99999,99999,99999,99999,0,99999,99999,99999),(89,'DarkShinigami','fredpisang','280082','0',3000,0,240027661,10,0,0,0,0,0,0,0,0,0,0,100,265312,278320,0,0,0,100,259750,250000,10,0,10,0,10,0,0,648981,10,0,0,0,0,0,0,0,18,3,10,242508433,0,2000,0,15,66,1233261170,1233321670,35,'','',0,2,18,0,22,0,0,0,0,0,'','117.20.143.100','','0cf06b7e7d90d725f097db27a118dc2f','','normal','0','normal',60,1233261170,'enabled',5,'enabled','Recruiting','',0,0,0,0,'',0,49,99999,99999,20,24655,'no',0,0,0,'enabled',2,2676190933,50,'enabled',0,'enabled',0,34,99999,86400,1233056163,99999,0,0,0,0,0,1,99999,99999,99999,99999,99999,99999,0,99999,99999,99999),(86,'Jake','jake','bestqb12','0',3000,15000,0,10,0,0,0,1000,0,0,0,0,0,75,100,250000,250000,0,0,0,100,250000,250000,10,0,10,0,0,0,0,0,10,0,0,0,0,0,0,0,4,1,0,70346282,67004782,2000,0,42,93,1233010383,1233252899,57,'','',0,0,4,0,0,0,0,0,0,0,'','67.173.26.50','','5d5cbf351a4d1c639dbe04b732d2167a','','normal','0','normal',60,1233010383,'enabled',5,'enabled','Recruiting','',0,0,0,0,'',0,68,99999,99999,46,50,'no',0,0,1000,'enabled',0,70346282,104,'enabled',0,'enabled',0,79,99999,0,0,99999,0,0,0,0,0,1,99999,99999,99999,99999,99999,99999,0,99999,99999,99999),(110,'BaDAzZSiTa','Princesita','kittykat','0',3000,15000,0,10,0,0,0,1000,0,1000,0,0,0,100,100,250000,250000,0,0,100,100,250000,250000,10,0,10,0,10,0,0,1000,10,0,0,0,0,0,0,0,0,1,0,0,57881250,2000,0,50,108,1233282656,0,0,'','',0,0,0,0,0,0,0,0,0,0,'','69.118.75.134','','b54056529843814fc18acbb158691c8c','','normal','0','normal',0,0,'enabled',5,'enabled','Main Menu','',0,0,0,0,'',0,82,99999,99999,72,0,'no',0,1000,1000,'enabled',0,65976500,111,'enabled',0,'enabled',0,86,99999,0,0,99999,0,0,0,0,0,1,99999,99999,99999,99999,99999,99999,0,99999,99999,99999),(88,'permyjaya','doreenkenidy','dorken89','0',2150,0,9629,10,0,0,0,25500,0,22000,14150,17075,0,100,100,4707619,4836010,0,0,100,100,4246083,250000,1000,2010,1000,2843,72972,0,190,15000,10,0,0,0,0,0,0,16,13,4,10,727789392,67004782,0,0,5,44,1233479985,1233321325,35,'','',0,1,0,0,4,0,0,0,0,0,'','60.52.9.95','','f368afd3bb1f3fb16d3e530d10e4870a','','normal','0','normal',60,1233479975,'enabled',5,'enabled','Main Menu','',0,0,0,0,'',0,31,99999,99999,9,85140,'no',0,53225,25500,'enabled',1,811760142,68,'enabled',0,'enabled',0,47,99999,0,0,99999,0,0,0,0,0,1,99999,99999,99999,99999,99999,99999,0,99999,99999,99999),(90,'jclabu','jclabu','afld1354','0',3000,15000,0,10,0,0,0,1000,0,1000,0,0,0,100,100,250000,250000,0,0,100,100,250000,250000,10,0,10,0,10,0,0,1000,10,0,0,0,0,0,0,0,0,5,0,0,63814078,2000,0,12,109,1233057773,0,0,'','',1,0,0,0,0,0,0,0,0,0,'','115.133.125.17','','1f15b433e34dbdbb26a827eb01ae8e23','','normal','0','normal',0,0,'enabled',5,'enabled','Reading Quick Start','',0,0,0,0,'',0,83,99999,99999,73,0,'no',0,1000,1000,'enabled',0,71909328,102,'enabled',0,'enabled',0,77,99999,86400,1233056777,99999,0,0,0,0,0,1,99999,99999,99999,99999,99999,99999,0,99999,99999,99999),(91,'CIoud','CIoud','900414','0',3000,15000,29198772,10,1725,5075,2600,16400,3300,0,0,0,0,75,100,220278,281404,0,0,0,100,161755,250000,11,1,10,0,2358,0,0,0,10,0,0,0,0,0,0,1,14,4,0,131512510,63814078,2000,0,12,83,1233507328,1233248895,38,'','',0,0,0,0,0,0,0,0,0,0,'','92.83.61.157','','f2318b9bf0669298f3e633bbfc807aa3','','normal','0','normal',60,1233219297,'enabled',5,'enabled','Recruiting','',0,0,0,0,'',0,60,99999,99999,28,1561,'no',0,0,29100,'enabled',0,132396760,87,'enabled',0,'enabled',0,64,99999,0,0,99999,0,0,0,0,0,1,99999,99999,99999,99999,99999,99999,0,99999,99999,99999),(92,'TommyGold_Inactive','kryptyk','barrie','0',3000,15000,0,10,0,0,0,1000,0,1000,0,0,0,100,100,250000,250000,0,0,100,100,250000,250000,10,0,10,0,10,0,0,1000,10,0,0,0,0,0,0,0,0,1,13,0,63814078,2000,0,51,110,1233242359,0,0,'','',0,0,0,0,0,0,0,0,0,0,'','99.238.205.234','','86f7c3284d52d98f225f4f4d30ec5ecb','','normal','0','normal',0,0,'enabled',5,'enabled','Main Menu','',0,0,0,0,'',0,84,99999,99999,74,0,'no',0,1000,1000,'enabled',0,71909328,103,'enabled',0,'enabled',0,78,99999,0,0,99999,0,0,0,0,0,1,99999,99999,99999,99999,99999,99999,0,99999,99999,99999),(93,'davidt','davidt','killer1','0',3020,1000,111279544,0,0,0,0,75809,0,24029,8000,12000,0,100,100,99566449,0,0,0,76,100,0,250000,10,0,10,0,10,0,0,56044,10,0,0,0,0,0,0,31,3,4,0,321025493,0,2000,0,9,61,1233177345,1233248955,38,'','',0,0,1,0,16,0,0,0,0,0,'','68.61.165.49','','0ba3f2d1f8a121e31fe9ed35f6627eff','','normal','0','normal',60,1233177211,'enabled',5,'enabled','DoWn4LiFe profile','',0,0,0,0,'',0,45,99999,99999,24,6923,'no',0,44029,75809,'enabled',3,531194243,73,'enabled',0,'enabled',0,52,99999,0,0,99999,0,0,0,0,0,1,99999,99999,99999,99999,99999,99999,0,99999,99999,99999),(107,'seanMc','SBurns22','goblue22','0',3000,15000,0,10,0,0,0,1000,0,1000,0,0,0,100,100,250000,250000,0,0,100,100,250000,250000,10,0,10,0,10,0,0,1000,10,0,0,0,0,0,0,0,0,4,0,0,57881250,2000,0,14,111,1233249514,0,0,'','',0,0,0,0,0,0,0,0,0,0,'','72.50.180.142','','e26008f93c3b1abb3445794966cb05a8','','normal','0','normal',0,0,'enabled',5,'enabled','Inbox','',0,0,0,0,'',0,85,99999,99999,75,0,'no',0,1000,1000,'enabled',0,65976500,112,'enabled',0,'enabled',0,87,99999,86400,1233249487,99999,0,0,0,0,0,1,99999,99999,99999,99999,99999,99999,0,99999,99999,99999),(105,'big_tony','big_tony','browns75','0',3000,15000,0,10,0,0,0,1000,0,1000,0,0,0,100,100,250000,250000,0,0,100,100,250000,250000,10,0,10,0,10,0,0,1000,10,0,0,0,0,0,0,0,0,1,0,0,60775312,2000,0,52,112,1233286237,0,0,'','',0,12,0,0,0,0,0,0,0,0,'','209.225.118.2','','38b558c6635c1245302dfa5118dbd288','','normal','0','normal',0,0,'enabled',5,'enabled','Admin profile','',0,0,0,0,'',0,86,99999,99999,76,0,'no',0,1,1000,'enabled',0,68870562,105,'enabled',0,'enabled',0,80,99999,0,0,99999,0,0,0,0,0,1,99999,99999,99999,99999,99999,99999,0,99999,99999,99999),(96,'Tony_2_Trigger','tacobell71690','tacobell1','0',3000,15000,0,10,0,0,0,1000,0,1000,0,0,0,100,100,250000,250000,0,0,100,100,250000,250000,10,0,10,0,10,0,0,1000,10,0,0,0,0,0,0,0,0,1,0,0,60775312,2000,0,53,113,1233194969,0,0,'','',0,0,0,0,0,0,0,0,0,0,'','72.129.134.76','','64b5dd46b843f200fe269cbe246c3504','','normal','0','normal',0,0,'enabled',5,'enabled','8sec profile','',0,0,0,0,'',0,87,99999,99999,77,0,'no',0,1,1000,'enabled',0,68870562,106,'enabled',0,'enabled',0,81,99999,0,0,99999,0,0,0,0,0,1,99999,99999,99999,99999,99999,99999,0,99999,99999,99999),(120,'jay','flounder','password','0',3000,15000,0,10,0,0,0,1000,0,1000,0,0,0,100,100,250000,250000,0,0,100,100,250000,250000,10,0,10,0,10,0,0,1000,10,0,0,0,0,0,0,0,0,4,0,0,52500000,2000,0,15,114,1233452481,0,0,'','',0,0,0,0,0,0,0,0,0,0,'','68.0.247.109','','b424f68e7b4b4b12debc69bda6ffb74c','','normal','0','normal',0,0,'enabled',5,'enabled','Main Menu','',0,0,0,0,'',0,88,99999,99999,78,0,'no',0,1,1000,'enabled',0,60595250,119,'enabled',0,'enabled',0,94,99999,0,0,99999,0,0,0,0,0,1,99999,99999,99999,99999,99999,99999,0,99999,99999,99999),(102,'GodsHand','godshand','scottb86','0',3005,15000,5525000,10,110,120,0,1000,0,0,0,0,0,0,100,0,0,0,0,0,100,0,250000,10,0,10,0,0,0,0,0,10,0,0,0,0,0,0,0,1,1,0,68156812,60775312,2000,0,43,94,1233503337,1233248742,38,'','',0,0,0,1,0,0,0,0,0,0,'','66.157.150.26','','65f0149e32db44ebba8c9b920efab31c','','normal','0','normal',10,1233167729,'enabled',5,'enabled','Global Ranks','',0,0,0,0,'',0,69,99999,99999,79,0,'no',0,0,1230,'enabled',0,68156812,110,'enabled',0,'enabled',0,85,99999,0,0,99999,0,0,0,0,0,1,99999,99999,99999,99999,99999,99999,0,99999,99999,99999),(97,'pimpinG','ronaldharvey','westside1','0',3000,15000,0,10,0,0,0,1000,0,1000,0,0,0,100,100,250000,250000,0,0,100,100,250000,250000,10,0,10,0,10,0,0,1000,10,0,0,0,0,0,0,0,0,1,0,0,60775312,2000,0,54,115,1233152345,0,0,'','',0,0,0,0,0,0,0,0,0,0,'','24.5.116.12','','80b3d8f4d6a4ca208a460c622775ce48','','normal','0','normal',0,0,'enabled',5,'enabled','Recruiting','',0,0,0,0,'',0,89,99999,99999,80,0,'no',0,1000,1000,'enabled',0,68870562,107,'enabled',0,'enabled',0,82,99999,0,0,99999,0,0,0,0,0,1,99999,99999,99999,99999,99999,99999,0,99999,99999,99999),(98,'Valkyrie','gandy89','oscar93','0',3000,15000,0,10,0,0,0,1000,0,1000,0,0,0,100,100,250000,250000,0,0,100,100,250000,250000,10,0,10,0,10,0,0,1000,10,0,0,0,0,0,0,0,0,3,0,0,60775312,2000,0,20,116,1233182897,0,0,'','',0,1,0,0,0,0,0,0,0,0,'','80.42.182.193','','4f30ede6a3c06c10b260472e8cce7672','','normal','0','normal',0,0,'enabled',5,'enabled','Inbox','',0,0,0,0,'',0,90,99999,99999,81,0,'no',0,1,1000,'enabled',0,68870562,108,'enabled',0,'enabled',0,83,99999,0,0,99999,0,0,0,0,0,1,99999,99999,99999,99999,99999,99999,0,99999,99999,99999),(99,'TheTruth','ShadePilot','bobafett','0',3000,15000,0,10,0,0,0,1000,0,1000,0,0,0,100,100,250000,250000,0,0,100,100,250000,250000,10,0,10,0,10,0,0,1000,10,0,0,0,0,0,0,0,0,1,0,0,60775312,2000,0,55,117,1233156325,0,0,'','',0,0,0,0,0,0,0,0,0,0,'','71.233.236.228','','a9d87420cc47edaab83de5554d02368c','','normal','0','normal',0,0,'enabled',5,'enabled','Main Menu','',0,0,0,0,'',0,91,99999,99999,82,0,'no',0,1000,1000,'enabled',0,68870562,109,'enabled',0,'enabled',0,84,99999,0,0,99999,0,0,0,0,0,1,99999,99999,99999,99999,99999,99999,0,99999,99999,99999),(108,'BATTAGLIO','Jigsaw1964','djgaad6','0',1475,0,0,80,3000,4000,2000,9570,4000,0,0,0,0,75,100,1093613,4605258,0,0,0,100,2699900,250000,20010,1000,100,50,50010,50000,5450,0,10,0,0,0,6,0,0,0,10,2,10,190551737,57881250,0,0,9,74,1233493430,1233529174,48,'','',0,1,10,0,21,0,0,0,0,0,'','12.32.165.35','','1a2c645c7750ee9142974f6ae3c26fa8','','normal','0','normal',60,1233493404,'enabled',5,'enabled','No_Mercy Family Bank Log','',0,0,0,0,'',0,54,99999,99999,23,12533,'yes',0,26550,22570,'enabled',0,257024237,76,'enabled',0,'enabled',0,55,99999,0,0,99999,0,0,0,0,0,1,99999,99999,99999,99999,99999,99999,0,99999,99999,99999),(100,'Brajko','Brajko','123456789','0',3000,10000,3210,10,0,6,6000,1000,6999,1000,5994,7992,0,100,100,34828,34898,0,0,8,100,51702,250000,11,1,11,1,110,100,100,5940,10,0,0,0,0,0,0,0,0,3,0,83200002,60775312,2000,0,18,90,1233158335,0,0,'','',0,0,0,1,0,0,0,0,0,0,'','79.101.67.225','','28787e336902e16c73aa2fa81a29604b','','normal','0','normal',25,1233158150,'enabled',5,'enabled','attacking Lee-Loo','',0,0,0,0,'',0,65,99999,99999,83,0,'no',0,14986,14005,'enabled',0,105778752,91,'enabled',0,'enabled',0,66,99999,86400,1233156916,99999,0,0,0,0,0,1,99999,99999,99999,99999,99999,99999,0,99999,99999,99999),(101,'Mafia_Inc','utopiajj','jmoney','0',3001,0,0,1,0,0,0,101946,0,82714,15038,20968,0,100,100,69733,137333,0,0,92,100,27120,250000,10,0,10,0,10,0,0,261796,10,0,0,0,0,0,0,0,0,1,0,203594712,0,0,0,30,72,1233164313,0,0,'','sorry so late. been moving. limited access for next few days.',0,0,0,1,0,0,0,0,0,0,'','75.207.90.196','','0018f30a0b8bdda0e6effc71eaa206ef','','supporter','0','normal',26,1233164260,'enabled',5,'enabled','Mafia_Inc profile','',0,0,0,0,'',0,99999,19,25,99999,0,'no',0,118720,101946,'enabled',0,1185333462,63,'enabled',0,'enabled',0,99999,19,0,0,99999,0,0,0,0,0,1,99999,99999,99999,99999,99999,99999,0,99999,99999,99999),(116,'banks','site','site','0',3000,15000,0,10,0,0,0,1000,0,1000,0,0,0,100,100,250000,250000,0,0,100,100,250000,250000,10,0,10,0,10,0,0,1000,10,0,0,0,0,0,0,0,0,1,0,0,55125000,2000,0,56,118,1233350588,0,0,'','',3,1,0,0,0,0,0,0,0,0,'','84.70.146.162','','5431bc168dddfbd50ba51fe37b1aabea','','normal','0','normal',0,0,'enabled',5,'enabled','spamming Admin','',0,0,0,0,'',0,92,99999,99999,84,0,'no',0,1000,1000,'enabled',0,63220250,115,'enabled',0,'enabled',0,90,99999,0,0,99999,0,0,0,0,0,1,99999,99999,99999,99999,99999,99999,0,99999,99999,99999),(103,'Condemned','Condemned','scott-mozo','0',3000,14999,4929,10,0,0,995,1000,995,1000,1000,1400,0,100,100,238659,516700,0,0,36,100,167183,250000,10,0,10,0,10,0,0,9348,10,0,0,0,0,0,0,0,0,2,20,7993920,0,2000,0,15,102,1233172359,0,0,'','',0,0,0,0,0,0,0,0,0,0,'','86.16.207.47','','6a5d4080619424e9e26019d9b8f1b616','','normal','0','normal',60,1233171628,'enabled',5,'enabled','Attack','',0,0,0,0,'',0,77,99999,99999,85,0,'no',0,3400,2990,'enabled',0,43052670,125,'enabled',0,'enabled',0,99,99999,86400,1233171168,99999,0,0,0,0,0,1,99999,99999,99999,99999,99999,99999,0,99999,99999,99999),(104,'shaty','killerme10','shaun','0',3000,0,67446568,10,0,0,15000,60994,24000,54173,281,49149,0,100,100,250000,0,0,0,0,100,0,250000,10,0,10,0,0,0,0,0,10,0,0,0,0,0,0,0,5,1,0,242420068,0,0,0,28,67,1233312380,1233233243,61,'','',0,0,0,0,0,0,0,0,0,0,'','86.148.45.231','','35ebe593f0f10ef6eee567b24c0f931d','','normal','0','normal',60,1233312380,'enabled',5,'enabled','Recruiting','',0,0,0,0,'',0,50,99999,99999,47,50,'no',0,103603,99994,'enabled',0,242420068,79,'enabled',0,'enabled',0,58,99999,0,0,99999,0,0,0,0,0,1,99999,99999,99999,99999,99999,99999,0,99999,99999,99999),(106,'Entrax','Entrax','19c43851p','0',3000,15000,0,10,0,0,0,1000,0,1000,0,0,0,100,100,250000,250000,0,0,100,100,250000,250000,10,0,10,0,10,0,0,1000,10,0,0,0,0,0,0,0,0,1,0,0,57881250,2000,0,57,119,1233239914,0,0,'','',1,0,0,0,0,0,0,0,0,0,'','77.85.243.213','','ea60bdb7bd7dabb73d980225574b86fc','','normal','0','normal',0,0,'enabled',5,'enabled','Main Menu','',0,0,0,0,'',0,93,99999,99999,86,0,'no',0,1000,1000,'enabled',0,65976500,113,'enabled',0,'enabled',0,88,99999,86400,1233239900,99999,0,0,0,0,0,1,99999,99999,99999,99999,99999,99999,0,99999,99999,99999),(117,'Dodian','k0spr3','ilikemoney','0',3000,15000,0,10,0,0,0,1000,0,1000,0,0,0,100,100,250000,250000,0,0,100,100,250000,250000,10,0,10,0,10,0,0,1000,10,0,0,0,0,0,0,0,0,3,0,0,55125000,2000,0,21,120,1233355465,0,0,'','',0,0,0,0,0,0,0,0,0,0,'','64.107.166.2','','9dd1112770a9c6fe7d2aa6eafc98a4a7','','normal','0','normal',0,0,'enabled',5,'enabled','Main Menu','',0,0,0,0,'',0,94,99999,99999,87,0,'no',0,1000,1000,'enabled',0,63220250,116,'enabled',0,'enabled',0,91,99999,0,0,99999,0,0,0,0,0,1,99999,99999,99999,99999,99999,99999,0,99999,99999,99999),(111,'Tonto','soggycapslock','909mic','0',3000,15000,0,10,0,0,0,22000,0,17000,0,0,0,100,100,250000,250000,0,0,10,100,250000,250000,10,0,10,0,10,0,0,1000,10,0,0,0,0,0,0,0,0,2,0,99222750,57881250,2000,0,13,87,1233289213,0,0,'','',0,0,0,0,0,0,0,0,0,0,'','72.50.158.77','','b5c465c977da98bd28954edffcd0dd12','','normal','0','normal',60,1233289213,'enabled',5,'enabled','Recruiting','',0,0,0,0,'',0,62,99999,99999,88,0,'no',0,17000,22000,'enabled',0,102976500,93,'enabled',0,'enabled',0,68,99999,86400,1233288383,99999,0,0,0,0,0,1,99999,99999,99999,99999,99999,99999,0,99999,99999,99999),(109,'BIGGY-JUNIOR-MAFIA','BIG','BIG','0',3000,0,242,10,8000,17860,11550,49720,11550,33220,33450,40970,0,100,100,206694,233123,0,0,6,100,180259,250000,10,0,10,101,47,0,0,6000,10,0,0,0,0,0,0,1,0,3,22,217351341,0,2000,0,16,70,1233349927,0,0,'','',1,6,0,0,0,0,0,0,0,0,'','82.36.33.225','','07788c23d53653d6d65ea5f1a919f31d','','normal','0','normal',60,1233334195,'enabled',5,'enabled','Whosonline','',0,0,0,0,'',0,53,99999,99999,89,0,'yes',0,107640,98680,'enabled',0,239868966,80,'enabled',0,'enabled',0,59,99999,0,0,99999,0,0,0,0,0,1,99999,99999,99999,99999,99999,99999,0,99999,99999,99999),(112,'templan','Templan','knights','0',3020,15000,0,10,0,0,0,1280,0,1200,240,240,0,100,100,250000,250000,0,0,80,100,250000,250000,10,0,10,0,10,0,0,1000,10,0,0,0,0,0,0,0,0,2,23,60186500,55125000,2000,0,14,96,1233314005,0,0,'','',0,0,0,0,0,0,0,0,0,0,'','203.211.68.117','','1075d4deed8dbed2f3da9a16e525684d','','normal','0','normal',40,1233314005,'enabled',5,'enabled','Recruiting','',0,0,0,0,'',0,71,99999,99999,90,0,'no',0,1680,1280,'enabled',0,63940250,114,'enabled',0,'enabled',0,89,99999,86400,1233313702,99999,0,0,0,0,0,1,99999,99999,99999,99999,99999,99999,0,99999,99999,99999),(113,'Heros','ramanthapa','thailand','0',3005,15000,470194,10,0,10790,4040,3800,5060,3790,4400,6600,0,100,100,303436,282683,0,0,100,100,284240,250000,31,20,20,15,1010,6000,1500,6300,10,0,0,0,0,0,0,0,0,5,24,62823679,13016390,2000,0,9,95,1233365607,0,0,'','',1,1,0,0,0,0,0,0,0,0,'','218.103.217.25','','d373258a7d0afc67b706a884be56a593','','normal','0','normal',5,1233365384,'enabled',5,'enabled','Heros profile','',0,0,0,0,'',0,70,99999,99999,91,0,'no',0,14790,23690,'enabled',0,94139929,94,'enabled',0,'enabled',0,69,99999,86400,1233324344,99999,0,0,0,0,0,1,99999,99999,99999,99999,99999,99999,0,99999,99999,99999),(119,'streetslce','streetslce1','kwany3','0',3012,14400,3214927,15,40,3695,2500,2980,4200,820,2853,7150,0,100,100,337411,538134,0,0,84,100,321897,250000,160,25,59,9,260,235,235,7000,10,0,0,0,0,0,0,65,0,1,25,34685808,1633480,2000,0,45,100,1233412905,0,0,'','',1,4,0,0,0,0,0,0,0,0,'','76.124.254.141','','179ed04c808b1cdbdb4a4d3e4f72f001','','normal','0','normal',5,1233412253,'enabled',5,'enabled','Main Menu','',0,0,0,0,'',0,75,99999,99999,92,0,'yes',0,10823,13415,'enabled',0,61650183,118,'enabled',0,'enabled',0,93,99999,0,0,99999,0,0,0,0,0,1,99999,99999,99999,99999,99999,99999,0,99999,99999,99999),(114,'TrueBlade','TrueBlade','molyholy','0',3000,15000,0,10,0,0,0,1000,0,1000,0,0,0,100,100,250000,250000,0,0,100,100,250000,250000,10,0,10,0,10,0,0,1000,10,0,0,0,0,0,0,0,0,1,0,0,55125000,2000,0,58,121,1233344213,0,0,'','',0,0,0,0,0,0,0,0,0,0,'','77.86.3.240','','53b23d2a2eb23607aa6fd6225490083f','','normal','0','normal',0,0,'enabled',5,'enabled','TrueBlade profile','',0,0,0,0,'',0,95,99999,99999,93,0,'no',0,1000,1000,'enabled',0,63220250,117,'enabled',0,'enabled',0,92,99999,86400,1233344163,99999,0,0,0,0,0,1,99999,99999,99999,99999,99999,99999,0,99999,99999,99999),(115,'Weapon-X','thegreat1','111','0',252,0,481503512,0,0,0,0,70880,0,0,0,0,0,75,100,177200,177200,0,0,0,100,225020,250000,1,0,0,0,0,0,0,0,10,0,0,0,2,0,22,52,23,1,1,553994042,0,0,0,22,48,1233529223,1233528862,45,'','',0,2,23,0,4,0,0,0,0,0,'','208.109.181.122','','d53bf0a51727881364adfd72afdef82b','','normal','0','normal',60,1233522761,'enabled',5,'enabled','Main Menu','',0,0,0,0,'',0,34,99999,99999,5,305327,'no',0,0,70880,'enabled',0,553994042,71,'enabled',0,'enabled',0,50,99999,0,0,99999,0,0,0,0,0,1,99999,99999,99999,99999,99999,99999,0,99999,99999,99999),(118,'Ezzar','Ezzar','fuckyou789','0',3000,0,2690000,10,0,0,0,43625,0,32125,37000,44000,0,100,100,6924044,6046277,0,0,100,100,6399600,250000,10,0,10,0,100000,100000,100000,360000,10,0,0,0,0,0,0,0,0,4,0,225067775,55125000,0,0,11,68,1233360658,0,0,'','',0,0,0,0,0,0,0,0,0,0,'','84.26.32.102','','edd0197ad87140bb80dfbf87b19194c4','','normal','0','normal',60,1233360375,'enabled',5,'enabled','Main Menu','',0,0,0,0,'',0,51,99999,99999,94,0,'no',0,113125,43625,'enabled',0,1875067775,54,'enabled',0,'enabled',0,37,99999,86400,1233359724,99999,0,0,0,0,0,1,99999,99999,99999,99999,99999,99999,0,99999,99999,99999),(121,'etherboy','etherboy','111','0',3000,15000,0,10,0,0,0,1000,0,1000,0,0,0,100,100,250000,250000,0,0,100,100,250000,250000,10,0,10,0,10,0,0,1000,10,0,0,0,0,0,0,0,0,1,0,0,50000000,2000,0,59,122,1233510305,0,0,'','',1,0,0,0,0,0,0,0,0,0,'','66.71.250.78','','393bb35e28016756398a77c87b2e76c1','','normal','0','normal',0,0,'enabled',5,'enabled','Main Menu','',0,0,0,0,'',0,96,99999,99999,95,0,'no',0,1000,1000,'enabled',0,58095250,121,'enabled',0,'enabled',0,95,99999,86400,1233510300,99999,0,0,0,0,0,1,99999,99999,99999,99999,99999,99999,0,99999,99999,99999),(122,'Real_Testament','dequan1221','bryant','0',3000,15000,0,10,0,0,0,1000,0,1000,0,0,0,100,100,250000,250000,0,0,100,100,250000,250000,10,0,10,0,10,0,0,1000,10,0,0,0,0,0,0,0,0,1,0,0,50000000,2000,0,60,123,1233520824,0,0,'','',0,0,0,0,0,0,0,0,0,0,'','67.233.130.153','','2d5d145b00d460d1f56597820e87519e','','normal','0','normal',0,0,'enabled',5,'enabled','Main Menu','',0,0,0,0,'',0,97,99999,99999,96,0,'no',0,1,1000,'enabled',0,58095250,122,'enabled',0,'enabled',0,96,99999,0,0,99999,0,0,0,0,0,1,99999,99999,99999,99999,99999,99999,0,99999,99999,99999),(124,'haterr3','haterr3','leoarmada1','0',3000,15000,0,10,0,0,0,1000,0,1000,0,0,0,100,100,250000,250000,0,0,100,100,250000,250000,10,0,10,0,10,0,0,1000,10,0,0,0,0,0,0,0,0,5,0,0,50000000,2000,0,13,124,1233522407,0,0,'','',1,0,0,0,0,0,0,0,0,0,'','0.0.0.0','','ac182b88c9152ae6183ddcc367035e7a','','normal','0','normal',0,0,'enabled',5,'enabled','','',0,0,0,0,'',0,98,99999,99999,97,0,'no',0,1000,1000,'enabled',0,58095250,123,'enabled',0,'enabled',0,97,99999,86400,1233522407,99999,0,0,0,0,0,1,99999,99999,99999,99999,99999,99999,0,99999,99999,99999),(123,'hoodz','spamboy','spam','0',3000,15000,0,10,0,0,0,1000,0,1000,0,0,0,100,100,250000,250000,0,0,100,100,250000,250000,10,0,10,0,10,0,0,1000,10,0,0,0,0,0,0,0,0,1,0,0,50000000,2000,0,61,125,1233521435,0,0,'','join\r<br>w w w . hood-mentality . c o m\r<br>\r<br>without spaces join',0,0,0,0,0,0,0,0,0,0,'','82.47.186.20','','ba25ed364e93772322a6ca1f676c161e','','normal','0','normal',0,0,'enabled',5,'enabled','hoodz profile','',0,0,0,0,'',0,99,99999,99999,98,0,'no',0,1000,1000,'enabled',0,58095250,124,'enabled',0,'enabled',0,98,99999,86400,1233521327,99999,0,0,0,0,0,1,99999,99999,99999,99999,99999,99999,0,99999,99999,99999),(125,'Kimbo_Slice','steetfury','jose626','0',250,15000,0,10,0,0,0,19000,0,16000,0,0,0,100,100,250000,250000,0,0,10,100,250000,250000,10,0,10,0,10,0,0,1000,10,0,0,0,0,0,0,0,0,1,0,87341500,50000000,2000,0,39,89,1233546933,0,0,'','',0,0,0,0,0,0,0,0,0,0,'','68.192.55.140','','88197583d535275b6da3e6c1355b4b0e','','normal','0','normal',60,1233522705,'enabled',5,'enabled','Main Menu','',0,0,0,0,'',0,64,99999,99999,99,0,'no',0,16000,19000,'enabled',0,91095250,96,'enabled',0,'enabled',0,71,99999,0,0,99999,0,0,0,0,0,1,99999,99999,99999,99999,99999,99999,0,99999,99999,99999);

--
