-- Dumping data for table `r267_crew`
--

INSERT INTO `r267_crew` VALUES (1,'FlyingSolo','Steven','Steven',8,'','../images/icons/267/FlyingSolo.gif1328139320',5,1,24568634587900,'aNdRe',50000,500,500,500,500,0,0,0,0,0,0,50000,0,5014,'',44670565430800,2,'',2000,0,0,1,1560588,13114787,10164194),(3,'GRIND-HOUSE','DoWn4LiFe','DoWn4LiFe',10,'','../images/icons/267/Skull.gif1328201991',1,3,16715486252941,'CAZ',50000,500,500,500,500,0,0,0,0,0,0,50000,0,380000000000,'',58608961614200,1,'',2000,0,0,1,1750811,27203010,8871717),(4,'FeaRLeSS_RyDerS','8sec','8sec',9,'','../images/icons/267/Fearless.gif1271628150.gif1328 140951',1,2,23084772019692,'GOTTI_GIRL',50000,500,500,500,500,0,0,0,0,0,0,50000,0,0,'',34035718875900,3,'',2000,0,0,2,3837370,11121913,31277710),(6,'THE_OFFICE','HOLE_PUNCH','HOLE_PUNCH',8,'','../images/icons/267/IM.gif1328152080',5,5,7820744469462,'Lith',50000,500,500,500,500,0,0,0,0,0,0,50000,0,69191590,'',25528083737300,4,'',2000,0,0,1,4947570,10080342,28876239),(7,'Redrum','CantStopPoopin','AgainstTheGrain',1,'','',2,6,2358079,'',50000,500,500,500,500,0,0,0,0,0,0,50000,0,0,'',26477898079,6,'',2000,0,0,0,0,0,6971980),(10,'REVOLUTION','JacK_ScHiTT','JacK_ScHiTT',5,'http://www.youtube.com/v/u5GhNEULrls&autoplay=1.swf','../images/icons/267/REVOLUTION.gif1328222259',5,4,8761705926170,'',50000,500,500,500,500,0,0,0,0,0,0,50000,0,0,'',18074943395600,5,'',2000,0,0,1,475313,12130245,8341255);

--
-- Table structure for table `r267_extens`
--

CREATE TABLE `r267_extens` (
  `id` int(6) unsigned NOT NULL AUTO_INCREMENT,
  `name` varchar(18) NOT NULL DEFAULT '',
  `don` varchar(18) NOT NULL DEFAULT '',
  `founder` varchar(18) NOT NULL DEFAULT '',
  `cofounder` varchar(18) NOT NULL DEFAULT '',
  `members` smallint(6) NOT NULL DEFAULT '1',
  `profile` varchar(255) NOT NULL DEFAULT '',
  `icon` varchar(255) NOT NULL DEFAULT '',
  `city` tinyint(3) unsigned NOT NULL DEFAULT '1',
  `networth` decimal(65,0) unsigned NOT NULL DEFAULT '0',
  `tnetworth` decimal(65,0) NOT NULL DEFAULT '0',
  `bank` decimal(65,0) unsigned NOT NULL DEFAULT '50000',
  `cbank` decimal(65,0) unsigned NOT NULL DEFAULT '0',
  `title` varchar(255) NOT NULL DEFAULT '',
  `rank` decimal(65,0) unsigned NOT NULL DEFAULT '99999',
  `finalrank` decimal(65,0) unsigned NOT NULL DEFAULT '0',
  `motd` text NOT NULL,
  `tbank` decimal(65,0) unsigned NOT NULL DEFAULT '2000',
  `exten` smallint(6) NOT NULL DEFAULT '0',
  PRIMARY KEY (`id`)
) ENGINE=MyISAM DEFAULT CHARSET=latin1;

--
-- Dumping data for table `r267_extens`
--


--
-- Table structure for table `r267_pimp`
--

CREATE TABLE `r267_pimp` (
  `id` mediumint(8) unsigned NOT NULL AUTO_INCREMENT,
  `pimp` varchar(18) NOT NULL DEFAULT '',
  `user` varchar(255) NOT NULL DEFAULT '',
  `pass` varchar(32) NOT NULL DEFAULT '',
  `email` varchar(255) NOT NULL DEFAULT '',
  `ip` varchar(15) NOT NULL DEFAULT '0.0.0.0',
  `host` varchar(255) NOT NULL DEFAULT '',
  `code` varchar(43) NOT NULL DEFAULT '',
  `pin` varchar(32) NOT NULL DEFAULT '',
  `status` varchar(12) NOT NULL DEFAULT 'normal',
  `staffstatus` varchar(12) NOT NULL DEFAULT 'none',
  `showstaff` varchar(12) NOT NULL DEFAULT 'yes',
  `subscribe` varchar(12) NOT NULL DEFAULT '0',
  `minisubscribe` varchar(12) NOT NULL DEFAULT '0',
  `workstatus` varchar(12) NOT NULL DEFAULT 'normal',
  `trn` int(10) unsigned NOT NULL DEFAULT '1000',
  `res` int(10) unsigned NOT NULL DEFAULT '2000',
  `tbank` decimal(65,0) unsigned NOT NULL DEFAULT '2000',
  `maxadd` decimal(65,0) unsigned NOT NULL DEFAULT '0',
  `transfered` decimal(55,0) NOT NULL DEFAULT '0',
  `cadd` decimal(65,0) unsigned NOT NULL DEFAULT '0',
  `fadd` decimal(65,0) unsigned NOT NULL DEFAULT '0',
  `madd` decimal(65,0) unsigned NOT NULL DEFAULT '0',
  `sub` decimal(65,0) unsigned NOT NULL DEFAULT '0',
  `minisub` decimal(65,0) unsigned NOT NULL DEFAULT '0',
  `maxed` decimal(65,0) unsigned NOT NULL DEFAULT '0',
  `minimaxed` decimal(65,0) unsigned NOT NULL DEFAULT '0',
  `money` decimal(65,0) unsigned NOT NULL DEFAULT '0',
  `networth` decimal(65,0) unsigned NOT NULL DEFAULT '0',
  `totnet` decimal(65,0) unsigned NOT NULL DEFAULT '0',
  `bank` decimal(65,0) unsigned NOT NULL DEFAULT '50000000',
  `bank2` decimal(65,0) unsigned NOT NULL DEFAULT '0',
  `bank3` decimal(65,0) unsigned NOT NULL DEFAULT '0',
  `payout` tinyint(3) unsigned NOT NULL DEFAULT '10',
  `whore` decimal(65,0) unsigned NOT NULL DEFAULT '0',
  `dealers` decimal(65,0) unsigned NOT NULL DEFAULT '0',
  `bootleggers` decimal(65,0) unsigned NOT NULL DEFAULT '0',
  `hustlers` decimal(65,0) unsigned NOT NULL DEFAULT '1000',
  `punks` decimal(65,0) unsigned NOT NULL DEFAULT '0',
  `punk` decimal(65,0) unsigned NOT NULL DEFAULT '0',
  `hitmen` decimal(65,0) unsigned NOT NULL DEFAULT '1000',
  `bodyguards` decimal(65,0) unsigned NOT NULL DEFAULT '0',
  `thug` decimal(65,0) unsigned NOT NULL DEFAULT '0',
  `associates` decimal(65,0) unsigned NOT NULL DEFAULT '0',
  `soldiers` decimal(65,0) unsigned NOT NULL DEFAULT '0',
  `enforcers` decimal(65,0) unsigned NOT NULL DEFAULT '0',
  `totaldus` double unsigned NOT NULL DEFAULT '1000',
  `totalops` double unsigned NOT NULL DEFAULT '1000',
  `totaloffensives` double unsigned NOT NULL DEFAULT '0',
  `whappy` tinyint(3) unsigned NOT NULL DEFAULT '100',
  `thappy` tinyint(3) unsigned NOT NULL DEFAULT '100',
  `phappy` tinyint(3) unsigned NOT NULL DEFAULT '100',
  `condom` decimal(65,0) unsigned NOT NULL DEFAULT '250000',
  `crack` decimal(65,0) unsigned NOT NULL DEFAULT '250000',
  `medicine` decimal(65,0) unsigned NOT NULL DEFAULT '0',
  `weed` decimal(65,0) unsigned NOT NULL DEFAULT '250000',
  `beer` decimal(65,0) unsigned NOT NULL DEFAULT '250000',
  `lowrider` decimal(65,0) unsigned NOT NULL DEFAULT '10',
  `hummer` decimal(65,0) unsigned NOT NULL DEFAULT '0',
  `viper` decimal(65,0) unsigned NOT NULL DEFAULT '10',
  `bmxbike` decimal(65,0) unsigned NOT NULL DEFAULT '0',
  `glock` decimal(65,0) unsigned NOT NULL DEFAULT '10',
  `shotgun` decimal(65,0) unsigned NOT NULL DEFAULT '0',
  `uzi` decimal(65,0) unsigned NOT NULL DEFAULT '0',
  `ak47` decimal(65,0) unsigned NOT NULL DEFAULT '1000',
  `vests` decimal(65,0) unsigned NOT NULL DEFAULT '1000',
  `attin` int(10) unsigned NOT NULL DEFAULT '0',
  `revattin` int(10) unsigned NOT NULL DEFAULT '0',
  `attout` int(10) unsigned NOT NULL DEFAULT '0',
  `attackout` decimal(65,0) NOT NULL DEFAULT '0',
  `attackin` decimal(65,0) NOT NULL DEFAULT '0',
  `city` tinyint(3) unsigned NOT NULL DEFAULT '1',
  `crew` bigint(20) unsigned NOT NULL DEFAULT '0',
  `crewext` bigint(20) unsigned NOT NULL DEFAULT '0',
  `ctitle` varchar(18) NOT NULL DEFAULT '',
  `online` int(12) unsigned NOT NULL DEFAULT '0',
  `lastattack` int(12) unsigned NOT NULL DEFAULT '0',
  `lastattackby` int(11) unsigned NOT NULL DEFAULT '0',
  `profile` varchar(255) NOT NULL DEFAULT '',
  `description` varchar(255) NOT NULL DEFAULT '',
  `descriptionfont` varchar(255) NOT NULL DEFAULT '',
  `descriptioncolor` varchar(255) NOT NULL DEFAULT '',
  `descriptionstyle` varchar(255) NOT NULL DEFAULT '',
  `whorek` decimal(65,0) NOT NULL DEFAULT '0',
  `thugk` decimal(65,0) NOT NULL DEFAULT '0',
  `infok` decimal(65,0) NOT NULL DEFAULT '0',
  `punkk` decimal(65,0) NOT NULL DEFAULT '0',
  `hitmenk` decimal(65,0) NOT NULL DEFAULT '0',
  `bodyguardsk` decimal(65,0) NOT NULL DEFAULT '0',
  `protection` int(11) NOT NULL DEFAULT '0',
  `protectstarted` int(12) NOT NULL DEFAULT '0',
  `newprotection` int(11) NOT NULL DEFAULT '0',
  `nprotectstarted` int(12) NOT NULL DEFAULT '0',
  `postpriv` varchar(12) NOT NULL DEFAULT 'enabled',
  `defaultturns` int(12) NOT NULL DEFAULT '5',
  `sounds` varchar(18) NOT NULL DEFAULT 'enabled',
  `page` varchar(200) NOT NULL DEFAULT '',
  `postalerts` varchar(15) NOT NULL DEFAULT 'enabled',
  `posts` int(11) NOT NULL DEFAULT '0',
  `recposts` int(11) NOT NULL DEFAULT '0',
  `helpposts` int(11) NOT NULL DEFAULT '0',
  `newalert` tinyint(1) NOT NULL DEFAULT '0',
  `alert` text NOT NULL,
  `cashstolen` decimal(65,0) NOT NULL DEFAULT '0',
  `ganked` decimal(65,0) unsigned NOT NULL DEFAULT '0',
  `level` int(4) NOT NULL DEFAULT '1',
  `rank` decimal(65,0) unsigned NOT NULL DEFAULT '99999',
  `nrank` decimal(65,0) unsigned NOT NULL DEFAULT '99999',
  `frank` int(5) NOT NULL DEFAULT '99999',
  `farank` decimal(65,0) unsigned NOT NULL DEFAULT '99999',
  `srank` int(5) NOT NULL DEFAULT '99999',
  `sarank` decimal(65,0) unsigned NOT NULL DEFAULT '99999',
  `killrank` int(5) NOT NULL DEFAULT '99999',
  `lvl1rank` decimal(65,0) unsigned NOT NULL DEFAULT '99999',
  `lvl2rank` decimal(65,0) unsigned NOT NULL DEFAULT '99999',
  `lvl3rank` decimal(65,0) unsigned NOT NULL DEFAULT '99999',
  `lvl1frank` decimal(65,0) unsigned NOT NULL DEFAULT '99999',
  `lvl2frank` decimal(65,0) unsigned NOT NULL DEFAULT '99999',
  `lvl3frank` decimal(65,0) unsigned NOT NULL DEFAULT '99999',
  `lvl1krank` decimal(65,0) unsigned NOT NULL DEFAULT '99999',
  `lvl2krank` decimal(65,0) unsigned NOT NULL DEFAULT '99999',
  `lvl3krank` decimal(65,0) unsigned NOT NULL DEFAULT '99999',
  `skillrank` int(5) NOT NULL DEFAULT '99999',
  `fkillrank` int(5) NOT NULL DEFAULT '99999',
  `arank` decimal(65,0) unsigned NOT NULL DEFAULT '99999',
  `totalkills` double unsigned NOT NULL DEFAULT '0',
  `transfers` char(3) NOT NULL DEFAULT 'no',
  `trans` tinyint(3) unsigned NOT NULL DEFAULT '0',
  `medals` varchar(255) NOT NULL DEFAULT 'enabled',
  `cbmsg` tinyint(3) unsigned NOT NULL DEFAULT '0',
  `recmoney` decimal(65,0) unsigned NOT NULL DEFAULT '0',
  `cmoney` decimal(65,0) unsigned NOT NULL DEFAULT '0',
  `callies` varchar(255) NOT NULL DEFAULT 'enabled',
  `images` varchar(255) NOT NULL DEFAULT 'enabled',
  `amsg` tinyint(3) unsigned NOT NULL DEFAULT '0',
  `stfmsg` tinyint(3) unsigned NOT NULL DEFAULT '0',
  `ctrans` tinyint(3) unsigned NOT NULL DEFAULT '0',
  `rmsg` tinyint(3) unsigned NOT NULL DEFAULT '0',
  `camsg` tinyint(3) unsigned NOT NULL DEFAULT '0',
  `msg` tinyint(3) unsigned NOT NULL DEFAULT '0',
  `msgsent` bigint(20) NOT NULL DEFAULT '0',
  `atk` tinyint(3) unsigned NOT NULL DEFAULT '0',
  `ivt` tinyint(3) unsigned NOT NULL DEFAULT '0',
  `cmsg` tinyint(3) unsigned NOT NULL DEFAULT '0',
  `bonusres` int(10) unsigned NOT NULL DEFAULT '0',
  `BONUS1` int(10) unsigned NOT NULL DEFAULT '0',
  `BONUS2` int(10) unsigned NOT NULL DEFAULT '0',
  `BONUS3` int(10) unsigned NOT NULL DEFAULT '0',
  `BONUS4` int(10) unsigned NOT NULL DEFAULT '0',
  PRIMARY KEY (`id`),
  KEY `rank` (`rank`),
  KEY `nrank` (`nrank`)
) ENGINE=MyISAM AUTO_INCREMENT=48 DEFAULT CHARSET=latin1;

--
-- Dumping data for table `r267_pimp`
--

INSERT INTO `r267_pimp` VALUES (1,'Admin','slay','M&tT..2.05.2','0','141.149.177.13','pool-141-149-177-13.bos.east.verizon.net','7a89d9867e077c7921bce0fb61b763d0','','admin','none','yes','0','0','normal',10800,550000,2000,0,0,0,0,0,0,0,0,0,0,0,58095250,50000000,0,0,10,0,0,0,1000,0,0,1000,0,0,0,0,0,1000,1000,0,100,100,100,250000,250000,0,250000,250000,10,0,10,0,10,0,0,1000,1000,0,0,0,0,0,5,0,0,'',1328398201,0,0,'','','','','',0,0,0,0,0,0,0,0,0,0,'enabled',5,'enabled','Whosonline','enabled',0,0,0,0,'',0,0,1,25,45,99999,99999,99999,99999,99999,99999,99999,99999,24,99999,99999,99999,99999,99999,99999,99999,45,0,'no',0,'enabled',0,0,0,'enabled','enabled',0,0,0,0,0,0,21,0,0,0,0,0,0,0,0),(2,'Death_Reaper','Darkangel666','820817','0','24.181.59.64','24-181-59-64.dhcp.gnvl.sc.charter.com','092d867ad7f2421ec87f5c0d3e28d6f1','','supporter','none','yes','0','0','normal',20,0,0,0,0,0,0,161025,0,0,0,0,89328265208,2006821686690,7430906099190,1916326196581,0,0,0,0,0,0,1121133,0,0,923,4106,8273,0,0,0,13302,1120699,0,0,100,100,0,0,0,9744850,250000,0,0,0,0,10,0,0,1446422509,1000,0,0,0,0,58,5,3,0,'Underboss',1328398175,1328336913,12,'http://i88.photobucket.com/albums/k189/ArchAngel555/deathreaper-1.swf','      Slow builders are stupid. ^_^','','','',0,0,0,0,0,0,60,1328398142,0,0,'enabled',5,'enabled','Main Menu','enabled',0,0,0,0,'',3281,0,3,5,11,5,99999,5,5,99999,99999,99999,99999,99999,99999,6,99999,99999,99999,6,9,7,1107014,'no',0,'enabled',0,0,10000000000,'enabled','enabled',0,0,0,0,0,0,8,0,0,0,0,0,0,0,0),(3,'TommyGold','kryptyk','barrie','0','216.36.150.158','cm216036150158.wcgwave.ca','86f7c3284d52d98f225f4f4d30ec5ecb','','supporter','none','yes','0','5','normal',0,0,0,0,0,0,0,300000,0,5,0,21600,3571793646082,5662247501030,15797067592300,2087627398409,0,0,0,0,0,0,2782786,0,0,0,1232,1447,0,0,0,2679,2782786,0,86,100,100,6956965,6956965,0,3625795,250000,0,0,0,0,0,0,0,2702618691,1000,0,0,0,22,146,5,1,0,'Underboss',1328398201,1328382391,33,'','','','','',0,0,0,0,0,0,60,1328398180,0,0,'enabled',5,'enabled','Main Menu','enabled',0,0,0,0,'',1766,334,3,1,6,99999,99999,3,1,99999,99999,99999,99999,99999,99999,1,99999,99999,99999,5,99999,1,1866119,'no',0,'enabled',0,0,0,'enabled','enabled',0,0,0,0,0,0,26,0,0,0,0,0,0,0,0),(4,'HawkY','glockman','Thrilla1!','0','68.209.16.202','adsl-068-209-016-202.sip.asm.bellsouth.net','000a971ebca8b488f3ba96e2d8f371a4','','supporter','none','yes','0','5','normal',160,0,0,0,0,0,0,300000,0,5,0,21600,479,4821129,86594687379,0,0,0,1,0,0,0,0,0,0,0,0,9638,0,0,0,9638,0,0,0,90,100,0,0,0,0,250000,1,0,0,0,60,0,0,23090625,1000,6,0,17,586,168,4,0,0,'',1328398204,1328396238,29,'','','','','',0,0,0,0,0,0,0,0,0,0,'enabled',5,'enabled','Global Ranks','enabled',0,0,0,0,'',2373804,9833829,3,7,38,99999,99999,10,9,99999,99999,99999,99999,99999,99999,10,99999,99999,99999,1,99999,35,15614785,'no',0,'enabled',0,0,0,'enabled','enabled',0,0,0,0,0,0,39,0,0,0,0,0,0,0,0),(5,'Lith','me3','955253a','0','24.83.161.211','S0106001cdf14cc6d.vc.shawcable.net','d039ee8dadae7dd742d1b6be0d5ce6ef','','supporter','none','yes','0','5','normal',11396,0,6000,0,0,0,0,92000,0,5,0,21600,1,3163450078740,10516759382500,3160786734515,0,0,0,0,0,0,2584144,0,0,0,0,0,0,0,0,0,2584144,0,75,0,100,10000226,10000000,0,9800000,250000,0,0,0,0,0,0,0,1960882481,1000,0,0,0,0,52,5,6,0,'',1328395280,1328382437,33,'','','','','',0,0,0,0,0,0,60,1328378812,0,0,'enabled',5,'enabled','Main Menu','enabled',1,0,0,0,'',1,0,3,3,7,9,99999,4,4,99999,99999,99999,99999,99999,99999,4,99999,99999,99999,7,9,4,682931,'no',0,'enabled',0,0,0,'enabled','enabled',0,0,0,0,0,0,20,0,0,0,0,0,0,0,0),(6,'Specdro','Specdro','SurfStile82','0','74.67.231.100','cpe-74-67-231-100.twcny.res.rr.com','c622f057567507fa29146e891688bf92','','normal','none','yes','0','0','normal',0,0,0,0,0,0,0,0,0,0,0,0,6158018054763,6162846374510,6182551428260,57881250,0,0,0,0,0,0,2898509,0,0,1871588,0,0,0,0,0,1871588,2890236,0,50,90,100,0,0,0,0,250000,10,0,10,0,10,0,0,5254680,1000,0,0,0,0,70,4,4,0,'Underboss',1328398202,1328368047,4,'','','','','',0,0,0,0,0,0,60,1328398145,0,0,'enabled',5,'enabled','Yogi profile','enabled',24,2,1,0,'',3618,0,1,3,4,2,6,99999,99999,99999,99999,99999,99999,1,99999,99999,99999,99999,99999,99999,24,11,75110,'no',0,'enabled',0,0,0,'enabled','enabled',0,0,0,0,0,0,0,0,0,0,0,0,0,0,0),(7,'Dougi3','slug','rangers','0','92.8.147.68','host-92-8-147-68.as43234.net','c0b823533b37a22bbc921c1ab5b0d1b0','','normal','none','yes','0','0','normal',6150,0,2000,0,0,0,0,0,0,0,0,0,46236516496,1417158485120,4669006535120,1366354044500,0,0,1,0,0,0,2090446,0,0,1303756,0,0,0,0,0,1303756,2090446,0,50,100,100,0,0,0,293345155,250000,10,0,10,0,10,0,0,867159479,1000,0,0,0,0,90,1,6,0,'',1328373013,1328359322,9,'','','','','',0,0,0,0,0,0,60,1328373009,0,0,'enabled',5,'enabled','Main Menu','enabled',1,0,0,0,'',4920,0,1,3,21,15,16,99999,99999,99999,99999,99999,99999,7,99999,99999,99999,99999,99999,99999,22,21,94730,'no',0,'enabled',0,0,0,'enabled','enabled',0,0,0,0,0,1,0,0,0,0,0,0,0,0,0),(8,'Suspect','Yahway616','monojayz1','0','71.205.64.142','c-71-205-64-142.hsd1.mi.comcast.net','69f6edbcd4aff3c55a22281aec1aed06','','normal','none','yes','0','0','normal',0,0,0,0,0,0,0,172500,0,0,0,0,148198213693,2084059321720,8599491976720,1934123774304,0,0,1,0,0,0,1734027,0,0,0,0,0,0,0,0,0,1734027,0,0,0,100,0,0,0,826681,250000,0,0,0,0,30,0,0,1737448705,1000,0,0,0,240,92,4,1,0,'',1328398207,1328302699,25,'http://www.youtube.com/v/iR6oYX1D-0w&autoplay=1.swf','Dear America,\r<br>I need a dollar','','','',1491813,0,0,0,0,0,60,1328398140,0,0,'enabled',5,'enabled','Global Ranks','enabled',0,0,0,0,'',7347,8094,3,2,8,4,1,99999,99999,99999,99999,99999,99999,99999,99999,5,99999,99999,99999,99999,16,5,716193,'no',0,'enabled',0,0,0,'enabled','enabled',0,0,0,0,0,0,34,0,0,0,0,0,0,0,0),(9,'ViolentJ','ViolentJ','master2006','0','71.230.142.8','c-71-230-142-8.hsd1.pa.comcast.net','e0fa3d8e798d2b71f0037964de6a3de3','','normal','none','yes','0','0','normal',5716,0,0,0,0,0,0,0,0,0,0,0,26,26,348896992526,0,0,0,1,0,0,0,0,0,0,0,0,0,0,0,0,0,0,0,0,0,100,0,0,0,0,250000,0,0,0,0,0,0,0,93039198,1000,0,0,0,264,148,5,4,0,'Underboss',1328378877,1328389815,29,'','      no time jus felt like blowin all them turns ;) see yall next round =)      Oh and by the way.. REAL KILLERS DONT HIT KILLERS SO I WILL BE HOLDING IT AGAINST YOU FOR ROUNDS TO COME IF I\'M HIT AND WILL FUCK YOU UP WHEN YOU LEAST EXPECT IT ;)','','','',0,0,0,0,0,0,0,0,0,0,'enabled',5,'enabled','Main Menu','enabled',1,0,0,0,'',53002714,37069,1,19,44,33,25,99999,99999,99999,99999,99999,99999,14,99999,99999,99999,99999,99999,99999,2,32,8318215,'no',0,'enabled',0,0,0,'enabled','enabled',0,0,0,0,0,0,30,19,0,1,0,0,0,0,0),(10,'GOTTI_GIRL','Gotti_Girl','Back2School2','0','99.190.186.96','99-190-186-96.lightspeed.lsvlky.sbcglobal.net','ea46fa9dd6aa2c24be749e2fb959bca6','','supporter','none','yes','4','5','normal',3896,0,6000,0,0,0,0,0,0,5,0,21600,1962,55906240,165329648740,0,0,0,1,0,0,0,0,0,0,0,0,111800,0,0,0,111800,0,0,0,90,100,2628,0,0,0,250000,1,0,0,0,0,0,0,44072998,1000,0,0,0,118,150,4,4,0,'',1328399932,1328397682,4,'http://1.bp.blogspot.com/-NaDWsll9Ixk/TgXc5_8yZkI/AAAAAAAAKuk/EJPp5RHftU0/s1600/The+Godmother.jpg','      ~The Godmother~','','','',0,0,0,0,0,0,0,0,0,0,'enabled',5,'enabled','Main Menu','enabled',1,0,0,0,'',2045,38248919,2,6,37,99999,99999,9,8,99999,99999,99999,99999,99999,10,99999,99999,99999,99999,2,99999,33,9114451,'no',0,'enabled',0,0,0,'enabled','enabled',0,0,0,0,0,0,3,10,0,0,0,0,0,0,0),(11,'Killer','caponeboss','hiphop12','0','75.36.254.242','adsl-75-36-254-242.dsl.pltn13.sbcglobal.net','cdd6440c5dc287e0a2eb12847940596a','','normal','none','yes','0','0','normal',10800,0,2000,0,0,0,0,0,0,0,0,0,1913,1806242863260,5652023567010,1803916236826,0,0,1,0,0,0,2252574,0,0,0,0,0,0,0,0,0,2252574,0,50,0,100,35048338,0,0,9750545,250000,0,0,0,0,0,0,0,1025541521,1000,0,0,0,0,56,5,6,0,'',1328267143,1328302438,25,'','','','','',0,0,0,0,0,0,60,1328266242,0,0,'enabled',5,'enabled','Main Menu','enabled',1,0,0,0,'',672,0,1,10,14,9,12,99999,99999,99999,99999,99999,99999,4,99999,99999,99999,99999,99999,99999,15,17,738326,'no',0,'enabled',0,0,0,'enabled','enabled',0,0,0,0,0,0,0,4,0,0,0,0,0,0,0),(12,'HOLE_PUNCH','rustyucsd537','catcat537','0','174.252.228.125','125.sub-174-252-228.myvzw.com','51b9542a1ea6c06b33a76b82a55495f3','','normal','none','yes','0','0','normal',2678,0,0,0,0,0,0,6495,0,0,0,0,2257,646334714,414634582214,0,0,0,10,0,0,0,0,0,0,100579,0,1089702,0,0,0,1190281,0,0,0,90,100,900807,0,0,0,250000,1,0,0,0,0,0,0,110396866,1000,0,0,22,104,280,5,6,0,'',1328406912,1328316272,22,'','','','','',0,0,0,0,0,0,0,0,0,0,'enabled',5,'enabled','Main Menu','enabled',0,0,0,0,'',3597,9332,2,17,33,26,23,99999,99999,99999,99999,99999,99999,99999,9,99999,99999,99999,99999,99999,1,30,13722611,'no',0,'enabled',0,0,3500000000,'enabled','enabled',0,0,0,0,0,0,12,0,0,0,0,0,0,0,0),(13,'DreamKiller','koldhands','austin615','0','74.236.254.86','adsl-074-236-254-086.sip.owb.bellsouth.net','9faae356580524dc2b1ccf61c38aaf7b','','normal','none','yes','0','0','normal',450,0,2000,0,0,0,0,0,0,0,0,0,0,1720834712160,5594893899660,1716223685260,0,0,0,0,0,0,2823583,0,0,1734919,0,0,0,0,0,1734919,2823583,0,100,100,100,7059154,7058958,0,6072217,250000,0,0,0,0,10,0,0,1033082449,1000,0,0,0,0,78,5,3,0,'Underboss',1328395823,1328375313,9,'http://www.youtube.com/v/A3scl0fl0zE&autoplay=1.swf','','','','',0,0,0,0,0,0,60,1328395809,0,0,'enabled',5,'enabled','Making Purchases','enabled',24,2,1,0,'',1,0,1,11,17,12,13,99999,99999,99999,99999,99999,99999,5,99999,99999,99999,99999,99999,99999,23,18,77445,'no',0,'enabled',0,0,0,'enabled','enabled',0,0,0,0,0,0,4,0,0,8,0,0,0,0,0),(14,'i_pLaY_nAkEd','iplaynaked','252007','0','70.126.184.63','63-184.126-70.tampabay.res.rr.com','a5949003c7754a4cb3803199037fac0b','','normal','none','yes','0','0','normal',10803,550000,2000,0,0,0,0,0,0,0,0,0,0,122911500,122911500,0,0,0,1,0,0,0,120570,0,0,0,0,0,0,0,0,0,120570,0,75,0,100,250000,250000,0,250000,250000,10,0,10,0,0,0,0,0,1000,0,0,0,0,52,3,6,0,'',1328314555,1328390531,46,'','','','','',0,0,0,0,0,0,60,1328314554,0,0,'enabled',5,'enabled','Global Ranks','enabled',1,0,0,0,'',0,0,1,3,36,28,33,99999,99999,99999,99999,99999,99999,23,99999,99999,99999,99999,99999,99999,27,44,1045,'no',0,'enabled',0,0,0,'enabled','enabled',0,0,0,0,0,0,0,12,0,0,0,0,0,0,0),(15,'KILL_YOU_DEAD','MidNight','chrisbenoit','0','183.83.201.5','ras.beamtele.net','a82d280685f3e20cdca85934d968410f','','normal','none','yes','0','0','normal',3900,0,0,0,0,0,0,4998,0,0,0,0,4465,1638055020220,5867510021470,1635290889519,0,0,1,0,0,0,2724136,0,0,5,0,0,0,0,0,5,2724136,0,86,100,100,6810340,6810340,0,3185970,250000,0,0,0,0,0,0,0,1127854667,1000,0,0,0,20,52,5,10,0,'',1328382325,1328302150,25,'','','','','',1078037,0,0,0,0,0,60,1328382316,0,0,'enabled',5,'enabled','Making Purchases','enabled',1,0,0,0,'',4129,0,2,8,18,13,9,99999,99999,99999,99999,99999,99999,99999,4,99999,99999,99999,99999,99999,26,14,20500,'no',0,'enabled',0,0,0,'enabled','enabled',0,0,0,0,0,0,19,0,0,0,0,0,0,0,0),(16,'BloodinBloodout','whiteboy0679','bruno','3','74.198.164.245','74.198.164.245','3e80d0caf079d7b82fbadb8d111f75e4','','supporter','none','yes','3','0','normal',8550,0,0,0,0,0,0,0,0,0,0,0,3422,1431896488170,4255575650670,1256849937769,0,0,10,0,0,0,3031608,0,0,930,0,0,0,0,0,930,3031608,0,86,100,100,15158040,15158040,0,4981704,250000,0,0,0,1058052,0,0,0,752981110,1000,0,0,0,80,96,5,6,0,'Underboss',1328391326,1328301916,25,'','','','','',0,0,0,0,0,0,60,1328363479,0,0,'enabled',5,'enabled','Global Ranks','enabled',1,0,0,0,'',201675,8326572962,1,12,20,99999,99999,6,6,99999,99999,99999,99999,8,99999,99999,99999,99999,99999,4,99999,23,3650452,'no',0,'enabled',0,0,0,'enabled','enabled',0,0,0,0,0,0,0,0,0,0,0,0,0,0,0),(17,'HeadHunTer','plow187','jiondae2469','0','66.87.94.91','66-87-94-91.pools.spcsdns.net','e32be35584a6fddf0f50e56d3256199b','','normal','none','yes','0','0','normal',10945,10006,0,0,0,0,0,0,0,0,0,0,4040,1227307190,18516344690,0,0,0,99,0,0,0,1000,0,0,0,1015310,1437293,0,0,0,2452603,1000,0,50,90,100,0,0,0,0,250000,1,0,0,0,0,0,0,4610410,1000,0,0,0,28,120,5,6,0,'',1328376965,1328313626,22,'','','','','',0,0,0,0,0,0,60,1328334189,0,0,'enabled',5,'enabled','Inbox','enabled',3,2,0,0,'',3013,7588,1,22,32,25,29,99999,99999,99999,99999,99999,99999,17,99999,99999,99999,99999,99999,99999,8,38,3152381,'no',0,'enabled',0,0,0,'enabled','enabled',0,0,0,0,0,0,0,0,0,0,0,0,0,0,0),(18,'Soloizt','NaRko','mike1990','0','68.204.45.43','43.45.204.68.cfl.res.rr.com','5d36a1a61e564f50e70df5c7887a30d9','','normal','none','yes','0','0','normal',4291,0,2000,0,0,0,0,0,0,0,0,0,354,1276600897070,4142438463320,1275487840220,0,0,3,0,0,0,1112715,0,0,0,0,0,0,0,0,0,1112715,0,0,0,100,0,0,0,0,250000,10,0,10,0,0,0,0,764223351,1000,0,0,0,0,50,5,10,0,'',1328385381,1328385280,12,'','','','','',0,0,0,0,0,0,60,1328384182,0,0,'enabled',5,'enabled','Family Ranks','enabled',15,0,0,0,'',324,0,1,13,24,18,18,99999,99999,99999,99999,99999,99999,9,99999,99999,99999,99999,99999,99999,21,24,195061,'no',0,'enabled',0,0,0,'enabled','enabled',0,0,0,0,0,0,0,0,0,0,0,0,0,0,0),(19,'Frank','ankh','copper','0','72.198.24.135','ip72-198-24-135.ok.ok.cox.net','7f676e71e1d5ae0ca8f8f9ef4c6fc80b','','normal','none','yes','0','0','normal',9450,0,0,0,0,0,0,99500,0,0,0,0,2,1877821985000,6629018086250,1874181159270,0,0,0,0,0,0,2808690,0,0,2310,0,0,0,0,0,2310,2808690,0,86,100,100,7022470,7021725,0,200434520,250000,0,0,0,0,0,0,0,1266985627,1000,0,0,0,12,108,5,3,0,'Underboss',1328360048,1328336926,12,'','','','','',0,0,0,0,0,0,60,1328360029,0,0,'enabled',5,'enabled','GRIND-HOUSE Family','enabled',1,0,0,0,'',1,460,3,7,12,7,5,99999,99999,99999,99999,99999,99999,99999,99999,7,99999,99999,99999,99999,9,10,2182945,'no',0,'enabled',0,0,0,'enabled','enabled',0,0,0,0,0,0,13,0,0,11,0,0,0,0,0),(20,'DoWn4LiFe','Cisco14','bronx718','0','64.121.211.182','64-121-211-182.c3-0.eas-ubr2.atw-eas.pa.cable.rcn.com','247199dbf9348c66888f1a323a28bd35','','normal','none','yes','0','0','normal',900,0,0,0,0,0,0,20000,0,0,0,0,1562,1338742549370,5132438738120,1334494335440,0,0,1,0,0,0,3003257,0,0,0,0,0,0,0,0,0,3003257,0,75,0,100,24846456,200000000,0,155027228,250000,0,0,0,0,0,0,0,1011652317,1000,242,0,0,0,722,1,3,0,'',1328394362,1328302233,25,'http://img148.imageshack.us/img148/7339/12810721.gif','','','','',0,0,0,0,0,0,60,1328394181,0,0,'enabled',5,'enabled','Options','enabled',1,0,0,0,'',281,0,2,2,23,17,14,99999,99999,99999,99999,99999,99999,99999,7,99999,99999,99999,99999,99999,12,19,967763,'no',0,'enabled',0,0,10000000000,'enabled','enabled',0,0,0,0,0,0,10,0,0,0,0,0,0,0,0),(21,'SBdaK','Skebo','dafucup','0','65.112.145.53','65.112.145.53','b243be193f7c2eedaf2810c2c4a3a553','','normal','none','yes','0','0','normal',9900,550000,2000,0,0,0,0,0,0,0,0,0,0,361683750,361683750,57881250,0,0,10,0,0,0,301461,0,0,0,0,0,0,0,0,0,301461,0,66,0,100,250000,250000,0,250000,250000,10,0,10,0,0,0,0,0,1000,0,0,0,0,44,2,4,0,'',1328391354,1328368012,4,'','','','','',0,0,0,0,0,0,60,1328358312,0,0,'enabled',5,'enabled','Family board','enabled',1,0,0,0,'',0,0,1,5,34,27,32,99999,99999,99999,99999,99999,99999,21,99999,99999,99999,99999,99999,99999,31,42,50,'no',0,'enabled',0,0,0,'enabled','enabled',0,0,0,0,0,0,0,1,0,0,0,0,0,0,0),(22,'aNdRe','zmac_dre','nikola*ljilj','0','99.253.145.83','CPE00222dd7f8f9-CM00222dd7f8f5.cpe.net.cable.rogers.com','50471b039d096a0592f4fba29b4a850c','','normal','none','yes','0','0','normal',3504,0,0,0,0,0,0,0,0,0,0,0,1947,3597,3401898597,0,0,0,10,0,0,0,0,0,0,0,0,0,0,0,0,0,0,0,0,0,100,0,0,0,0,250000,1,0,0,0,0,0,0,907172,1000,0,0,102,668,274,5,1,0,'',1328396581,1328387294,10,'','','','','',0,0,0,0,0,0,0,0,0,0,'enabled',5,'enabled','Main Menu','enabled',1,0,0,0,'',1149330288,2209429469,1,23,42,31,30,99999,99999,99999,99999,99999,99999,18,99999,99999,99999,99999,99999,99999,4,39,7466976,'no',0,'enabled',0,0,0,'enabled','enabled',0,0,0,0,0,0,11,2,0,2,0,0,0,0,0),(23,'dave','dewacko','dewacko','0','213.118.181.95','dD576B55F.access.telenet.be','39685946ad3620ebe0c9c8ed74cfcb49','','normal','none','yes','0','0','normal',1841,0,2000,0,0,0,0,57000,0,0,0,0,93,1380949757400,4599552913650,1376898697750,0,0,1,266911,372245,0,2453051,0,0,0,0,0,0,0,0,0,3092207,0,75,0,100,27478917,17330160,0,26692915,250000,0,0,0,0,5000000,0,0,857794175,1000,1,0,0,2,130,4,3,0,'Underboss',1328390812,1328390735,12,'','','','','',0,0,0,0,0,0,0,0,0,0,'enabled',5,'enabled','Free Ranks','enabled',24,2,1,0,'',1691,400,2,5,22,16,17,99999,99999,99999,99999,99999,99999,99999,8,99999,99999,99999,99999,99999,14,22,913563,'no',0,'enabled',2,0,0,'enabled','enabled',0,0,0,0,0,0,0,0,0,22,0,0,0,0,0),(24,'Lord_Kris','Lord_Kris','qwer111','0','98.207.60.112','c-98-207-60-112.hsd1.ca.comcast.net','b3fab57b5cc98585da0860afc1a891a6','','normal','none','yes','0','0','normal',0,0,2000,0,0,0,0,0,0,0,0,0,2114,1566898843060,4972754998060,1485318756040,0,0,0,1740058,2460543,0,69493,0,0,0,0,0,0,0,0,0,4270094,0,75,0,100,37908794485,11443303372,0,78700,250000,10,0,10,0,10,0,0,908228307,1000,0,0,0,0,42,4,1,0,'',1328398037,1328390710,23,'','','','','',0,0,0,0,0,0,60,1328398027,0,0,'enabled',5,'enabled','Global Ranks','enabled',24,2,1,0,'',3891,0,1,4,19,14,15,99999,99999,99999,99999,99999,99999,6,99999,99999,99999,99999,99999,99999,25,20,27592,'no',0,'enabled',0,0,0,'enabled','enabled',0,0,0,0,0,0,0,0,0,10,0,0,0,0,0),(25,'GeneralHaven','generalhaven','kernalfro','0','166.137.141.55','mobile-166-137-141-055.mycingular.net','37be41b6c262ed9fc5b10b196c9f5374','','supporter','none','yes','0','5','normal',20008,0,6000,0,0,0,0,130000,0,5,0,21600,3221,653509,671831191009,0,0,0,1,0,0,0,0,0,0,0,0,0,0,0,0,0,0,0,0,0,100,0,0,0,162572,250000,0,0,0,0,10,0,0,179154809,1000,0,0,546,1572,134,5,4,0,'Underboss',1328394433,1328369069,4,'http://i61.photobucket.com/albums/h43/generalhaven/awesomesmiley.jpg','      late start :(','','','',0,0,0,0,0,0,60,1328363070,0,0,'enabled',5,'enabled','Supporter Kill Ranks','enabled',1,0,0,0,'',427034,1634622777,3,15,41,8,99999,11,7,99999,99999,99999,99999,99999,99999,9,99999,99999,99999,3,13,27,8990545,'no',0,'enabled',0,0,0,'enabled','enabled',0,0,0,0,0,0,14,0,0,0,0,0,0,0,0),(26,'11','live2kill','jr473799d','0','78.105.22.64','78-105-22-64.zone3.bethere.co.uk','d54a19a2d82d4e34f9e94f321b3baaf4','','supporter','none','yes','0','5','normal',131,0,0,0,0,0,0,177000,0,5,0,21600,14679823758271,14702619686900,14739628253200,0,0,0,1,0,0,0,2741199,0,0,1559559,0,0,0,0,0,1559190,2740083,0,100,90,100,5392495398,4367444585,0,0,250000,10,0,10,0,0,0,0,9868951,1000,0,0,0,0,106,4,1,0,'Underboss',1328398204,1328392978,10,'http://www.youtube.com/v/Aq344ks1ieg&autoplay=1.swf','','','','',0,0,0,0,0,0,60,1328398204,0,0,'enabled',5,'enabled','collecting','enabled',0,1,1,0,'',2949,0,3,1,1,5,99999,1,2,99999,99999,99999,99999,99999,99999,2,99999,99999,99999,9,4,2,87021,'no',0,'enabled',0,0,0,'enabled','enabled',0,0,0,0,0,0,30,0,0,0,0,0,0,0,0),(27,'Deadman','The_Deadman','august30','0','98.237.223.166','c-98-237-223-166.hsd1.wa.comcast.net','2dd4f3d7d65bb461bcca36e7aac5eaf6','','normal','none','yes','0','0','normal',4893,0,0,0,0,0,0,25000,0,0,0,0,1251,1796351669840,5831048058590,1793235692670,0,0,1,0,0,0,3058746,0,0,0,0,0,0,0,0,0,3058746,0,75,0,100,7646865,7646865,0,6575240,250000,10,0,10,0,0,0,0,1075919037,1000,5,0,0,0,104,2,3,0,'Underboss',1328379826,1328383058,12,'','','','','',0,0,0,0,0,0,60,1328378537,0,0,'enabled',5,'enabled','Main Menu','enabled',24,2,1,0,'',2068,0,2,2,15,10,11,99999,99999,99999,99999,99999,99999,99999,6,99999,99999,99999,99999,99999,17,16,513408,'no',0,'enabled',0,0,10000000000,'enabled','enabled',0,0,0,0,0,0,0,6,0,3,0,0,0,0,0),(28,'Demize','shaggy','centennial','0','70.188.134.175','ip70-188-134-175.ri.ri.cox.net','64da40937e0379b98f037a9315c11877','','normal','none','yes','0','0','normal',249858,0,2000,0,0,0,0,0,0,0,0,0,543948371806,553326124752,556072898502,57881250,0,0,1,1727247,2478930,0,0,0,0,0,626,943,0,0,0,24,3094156,0,86,100,100,10515443,10515443,0,176606,250000,10,0,10,0,10,0,0,732472,1000,0,0,0,0,22,3,1,0,'',1328398200,1328311842,4,'','','','','',0,0,0,0,0,0,60,1328398199,0,0,'enabled',5,'enabled','collecting','enabled',1,0,0,0,'',297,0,1,2,27,22,22,99999,99999,99999,99999,99999,99999,12,99999,99999,99999,99999,99999,99999,29,29,203,'no',0,'enabled',0,0,0,'enabled','enabled',0,0,0,0,0,0,0,0,0,2,0,0,0,0,0),(29,'AgainstTheGrain','bishop54','paulie69','0','141.0.9.156','s26-14.opera-mini.net','75d1bba5d44dc343603f2e5d4c9912b5','','normal','none','yes','0','0','normal',620,1,0,0,0,0,0,32000,0,0,0,0,587,2358079,26477898079,0,0,0,1,0,0,0,0,0,0,0,0,0,0,0,0,0,0,0,0,0,100,503998,503998,0,0,250000,10,0,10,0,20,0,0,7060142,1000,0,0,12,176,278,5,7,0,'',1328399150,1328397015,4,'http://i156.photobucket.com/albums/t36/bishopunlimited/bishop1.swf','','','','',0,0,0,0,0,0,0,0,0,0,'enabled',5,'enabled','Main Menu','enabled',0,0,0,0,'',9080023,37085139,2,21,40,30,28,99999,99999,99999,99999,99999,99999,99999,11,99999,99999,99999,99999,99999,5,37,6971980,'no',0,'enabled',0,0,0,'enabled','enabled',0,0,0,0,0,0,4,8,0,0,0,0,0,0,0),(30,'Pimptress','pimptress','lucky44','0','65.35.93.37','37-93.35-65.tampabay.res.rr.com','9383540494967c16eecd740db46058a1','','supporter','none','yes','0','0','normal',6951,550000,2000,0,0,0,0,0,0,0,0,0,0,322007400,325761150,70246400,0,0,10,41063,72381,0,1000,0,0,1000,0,0,0,0,0,1000,114444,0,100,100,100,250000,250000,0,250000,250000,10,0,10,0,10,0,0,1000,1000,0,0,0,0,0,4,1,0,'',1328373845,0,0,'','','','','',0,0,0,0,0,0,60,1328373563,0,0,'enabled',5,'enabled','Main Menu','enabled',24,2,1,0,'',0,0,1,8,35,99999,99999,8,11,99999,99999,99999,99999,22,99999,99999,99999,99999,99999,11,99999,43,0,'no',0,'enabled',0,0,0,'enabled','enabled',0,0,0,0,0,0,0,0,0,2,0,0,0,0,0),(31,'BunnyBoy','BunnyBoy','coskunas26','0','78.180.91.174','78.180.91.174.dynamic.ttnet.com.tr','54e2fbc416e11319c2a72c2d82b8b62d','','normal','none','yes','0','0','normal',10829,0,2000,0,0,0,0,0,0,0,0,0,666,2514610,133433038360,0,0,0,0,0,0,0,0,0,0,0,0,0,0,0,0,0,0,0,0,0,100,0,0,0,543111,250000,10,0,10,0,30,0,0,35581470,1000,0,0,0,236,182,2,10,0,'',1328349581,1328312453,9,'','','','','',0,0,0,0,0,0,0,0,0,0,'enabled',5,'enabled','Free Kill Ranks','enabled',1,0,0,0,'',26859911,50732789,1,3,39,29,26,99999,99999,99999,99999,99999,99999,15,99999,99999,99999,99999,99999,99999,3,34,8125604,'no',0,'enabled',0,0,0,'enabled','enabled',0,0,0,0,0,0,10,0,0,0,0,0,0,0,0),(32,'AMW','x-man93','pussy1','0','24.105.208.178','24-105-208-178.cm.mhcable.com','96a6bfc76c782134c8f2313d3d540cc8','','normal','none','yes','0','0','normal',10800,5,0,0,0,0,0,108000,0,0,0,0,1229,623523031642,3079265754140,619003272825,0,0,0,0,0,0,4467674,0,0,0,0,0,0,0,0,0,4467674,0,75,0,100,11169185,11169185,0,1851712,250000,0,0,0,0,0,0,0,654864726,1000,0,0,0,0,102,5,3,0,'Underboss',1328326331,1328301891,25,'','','','','',0,0,0,0,0,0,60,1328326255,0,0,'enabled',5,'enabled','GRIND-HOUSE Family','enabled',24,2,1,0,'',2256,0,3,14,25,19,19,99999,99999,99999,99999,99999,99999,99999,99999,8,99999,99999,99999,99999,11,25,1553173,'no',0,'enabled',3,0,0,'enabled','enabled',0,0,0,0,0,0,0,5,0,20,0,0,0,0,0),(33,'WatchaGoooott','MeatMan03','samdaman123','0','24.0.163.36','c-24-0-163-36.hsd1.nj.comcast.net','e5822f2c4701b43816a498b1288d4dd4','','normal','none','yes','0','0','normal',3300,0,0,0,0,0,0,20000,0,0,0,0,1247,2027576695080,6987398732580,2025539446700,0,0,1,0,0,0,2001236,0,0,28,197,301,0,0,0,526,2001236,0,86,100,100,5003090,5003090,0,3930032,250000,1,0,0,0,0,0,0,1322619210,1000,0,0,0,6,124,5,3,0,'Underboss',1328384945,1328374661,12,'','','','','',0,0,0,0,0,0,60,1328384938,0,0,'enabled',5,'enabled','Main Menu','enabled',1,0,0,0,'',4298,1059,2,6,10,6,3,99999,99999,99999,99999,99999,99999,99999,2,99999,99999,99999,99999,99999,19,8,287966,'no',0,'enabled',0,0,10000000000,'enabled','enabled',0,0,0,0,0,0,8,0,0,3,0,0,0,0,0),(34,'8sec','busaguy','lilguy01','4','24.14.188.97','c-24-14-188-97.hsd1.il.comcast.net','d6f7e80e16e4cebd67acfc5dc13ee9da','','supporter','none','yes','4','5','normal',0,1,0,0,0,0,0,206995,0,5,0,21600,5379430289489,7467862922770,13019782169000,2072120734690,0,0,0,0,0,0,2548760,0,0,0,16,22,0,0,0,38,2553902,0,0,100,100,0,0,0,3210148,250000,10,0,20,84613,10,0,0,1480511798,1000,0,0,88,392,86,5,4,0,'',1328398201,1328336900,12,'http://www.youtube.com/v/ThlhSnRk21E&autoplay=1.swf','','','','',0,0,0,0,0,0,60,1328398173,0,0,'enabled',5,'enabled','FeaRLeSS_RyDerS Family','enabled',1,0,0,0,'',6008,69,3,2,3,99999,99999,2,3,99999,99999,99999,99999,99999,99999,3,99999,99999,99999,8,99999,3,395780,'no',0,'enabled',0,0,0,'enabled','enabled',0,0,0,0,0,0,23,0,0,0,0,0,0,0,0),(35,'Dragon','NDNathan','mosher12569','0','90.208.201.60','5ad0c93c.bb.sky.com','bc83f487aeeba93b2b4aa7888799bb7b','','normal','none','yes','0','0','normal',300,0,2000,0,0,0,0,42000,0,0,0,0,3771,2078993589900,6920602956150,2075914876604,0,0,5,0,0,0,3020997,0,0,0,0,0,0,0,0,0,3020997,0,75,0,100,7552493,7552493,0,6875638,250000,0,0,0,0,0,0,0,1291095831,1000,0,0,0,0,96,1,3,0,'Underboss',1328397007,1328302643,25,'','','','','',0,0,0,0,0,0,60,1328396660,0,0,'enabled',5,'enabled','Supporter Ranks','enabled',0,0,0,0,'',9944871846,0,2,1,9,5,4,99999,99999,99999,99999,99999,99999,99999,3,99999,99999,99999,99999,99999,13,9,964852,'no',0,'enabled',0,0,10000000000,'enabled','enabled',0,0,0,0,0,0,0,0,0,0,0,0,0,0,0),(36,'Yogi','yogi','redruby','0','124.182.102.154','CPE-124-182-102-154.lns4.fli.bigpond.net.au','118a4555b5ad614013b3260af52d363d','','normal','none','yes','0','0','normal',169,0,0,0,0,0,0,50000,0,0,0,0,7688170941000,7692971636500,7699956577750,0,0,0,1,0,0,0,2942304,0,0,1858050,0,0,0,0,0,1858050,2942891,0,50,60,100,0,0,0,0,250000,10,0,10,0,0,0,0,1862651,1000,0,0,0,0,166,5,4,0,'',1328398200,1328312305,31,'','','','','',0,0,0,0,0,0,60,1328398200,0,0,'enabled',5,'enabled','collecting','enabled',0,0,0,0,'',0,0,2,4,2,1,2,99999,99999,99999,99999,99999,99999,99999,1,99999,99999,99999,99999,99999,28,6,559,'no',0,'enabled',0,0,0,'enabled','enabled',0,0,0,0,0,0,0,0,0,0,0,0,0,0,0),(37,'Steven','Voltage','strong18','3','75.65.58.141','c-75-65-58-141.hsd1.la.comcast.net','549f81777acb1665e435d9d5ea12d561','','supporter','none','yes','3','0','normal',5550,550000,2000,0,0,0,0,0,0,0,0,0,0,1822043500,1822047250,62720000,0,0,10,345832,445701,0,1000,0,0,0,0,0,0,0,0,0,792533,0,18,0,100,250000,250000,0,250000,250000,10,0,10,0,10,0,0,0,1000,0,0,0,0,2,2,1,0,'',1328407395,1328163096,4,'','','','','',0,0,0,0,0,0,60,1328375895,0,0,'enabled',5,'enabled','collecting','enabled',1,0,0,0,'',0,0,1,4,30,99999,99999,7,10,99999,99999,99999,99999,19,99999,99999,99999,99999,99999,10,99999,40,90,'no',0,'enabled',0,0,0,'enabled','enabled',0,0,0,0,0,1,2,0,0,2,0,0,0,0,0),(40,'BYEBYE','DoNkEyKoNg','Lakes2010','0','92.12.146.99','host-92-12-146-99.as43234.net','e0695db23c713df00d94ec4d1f3d132c','','normal','none','yes','0','0','normal',10602,0,0,0,0,0,0,0,0,0,0,0,21,1490135663,75253573163,55125000,0,0,0,0,0,0,393521,0,0,0,0,0,0,0,0,0,393521,0,75,0,100,403965047,34909521,0,133113633,250000,10,0,10,0,10,0,0,19670249,1000,0,0,0,0,52,5,4,0,'',1328382133,1328367950,4,'','','','','',0,0,0,0,0,0,60,1328359023,0,0,'enabled',5,'enabled','Main Menu','enabled',1,0,0,0,'',1181,0,1,20,31,24,27,99999,99999,99999,99999,99999,99999,16,99999,99999,99999,99999,99999,99999,7,36,4115965,'no',0,'enabled',0,0,0,'enabled','enabled',0,0,0,0,0,0,4,0,0,1,0,0,0,0,0),(38,'LeatherNutz','mcjimmy','xp1deltamong','0','188.29.82.200','188.29.82.200.threembb.co.uk','9659c76617ebb008b2fd2e6e43fc4a66','','normal','none','yes','0','0','normal',1841,0,2000,0,0,0,0,0,0,0,0,0,3360,1759182706720,5871755611720,1757103360820,0,0,10,0,0,0,2041768,0,0,0,0,0,0,0,0,0,2041768,0,75,0,100,5104420,5104420,0,4203840,250000,10,0,10,0,10,0,0,1096686107,1000,0,0,0,0,58,2,4,0,'Underboss',1328398363,1328336945,12,'','','','','',0,0,0,0,0,0,60,1328394357,0,0,'enabled',5,'enabled','Main Menu','enabled',1,0,0,0,'',3809,0,1,1,16,11,8,99999,99999,99999,99999,99999,99999,3,99999,99999,99999,99999,99999,99999,20,13,267035,'no',0,'enabled',0,0,0,'enabled','enabled',0,0,0,0,0,0,0,0,0,0,0,0,0,0,0),(39,'lucky','paytokill','18111971','0','87.210.215.123','ip123-215-210-87.adsl2.static.versatel.nl','5499894099ecd0a472b858ddd71de9ac','','normal','none','yes','0','0','normal',10650,4,2000,0,0,0,0,0,0,0,0,0,768,768,1375572018,0,0,0,10,0,0,0,0,0,0,0,0,0,0,0,0,0,0,0,0,0,100,0,0,0,0,250000,0,0,0,0,20,0,0,366817,1000,0,0,138,780,222,5,6,0,'',1328356610,1328389951,29,'','','','','',1140351,0,0,0,0,0,60,1328355198,0,0,'enabled',5,'enabled','Global Ranks','enabled',14,0,0,0,'',2273513973,1153136736,1,24,43,32,31,99999,99999,99999,99999,99999,99999,20,99999,99999,99999,99999,99999,99999,6,41,6833763,'no',0,'enabled',0,0,0,'enabled','enabled',0,0,0,0,0,0,4,31,0,0,0,0,0,0,0),(41,'CAZ','CAZ','123abc','0','188.222.38.77','188-222-38-77.zone13.bethere.co.uk','0a43742177aea60edbf211c1f553572c','','normal','none','yes','0','0','normal',6901,0,3000,0,0,0,0,0,0,0,0,0,2811,1863871255860,6023836375860,1862030558882,0,0,1,0,0,0,1806293,0,0,0,0,0,0,0,0,0,1806293,0,75,0,100,4515733,4515733,0,4084558,250000,0,0,0,0,0,0,0,1109324032,1000,0,0,0,0,52,3,3,0,'Underboss',1328383906,1328302473,25,'','','','','',0,0,0,0,0,0,60,1328358216,0,0,'enabled',5,'enabled','Main Menu','enabled',1,0,0,0,'',610,0,1,1,13,8,7,99999,99999,99999,99999,99999,99999,2,99999,99999,99999,99999,99999,99999,18,12,303588,'no',0,'enabled',0,0,10000000000,'enabled','enabled',0,0,0,0,0,0,2,0,0,3,0,0,0,0,0),(42,'JacK_ScHiTT','jack_schitt','magview','0','24.116.204.46','24-116-204-46.cpe.cableone.net','e601b59da2d901c809e36b2c7d0a80fe','','normal','none','yes','0','0','normal',10001,0,0,0,0,0,0,20000,0,0,0,0,5819352573700,5828006023200,5847279943200,55125000,0,0,10,1603094,2176047,0,1000,0,0,0,184784,289524,0,0,0,474308,3788242,0,3,90,100,0,0,0,0,250000,10,0,10,0,10,0,0,5139711,1000,0,0,0,0,2,5,10,0,'',1328398200,1328238268,22,'','','','','',0,0,0,0,0,0,60,1328398194,0,0,'enabled',5,'enabled','Global Ranks','enabled',1,0,0,0,'',0,0,2,9,5,3,10,99999,99999,99999,99999,99999,99999,99999,5,99999,99999,99999,99999,99999,30,15,90,'no',0,'enabled',0,0,0,'enabled','enabled',0,0,0,0,0,0,5,0,0,0,0,0,0,0,0),(43,'Soulstalka','Iamwhoiam','justme','0','207.157.22.144','207.157.22.144','23edc0733d67f89186a51233f3977765','','normal','none','yes','0','0','normal',10809,50005,2000,0,0,0,0,0,0,0,0,0,333,574976614054,574980386554,565215492084,0,0,10,1806779,2618968,0,1000,0,0,0,0,0,0,0,0,0,4426747,0,9,0,100,421188,1070315,0,401501,250000,0,0,0,0,10,0,0,1005,1000,101,0,0,16,420,5,0,0,'',1328300247,1328301764,25,'','','','','',71,0,0,0,0,0,0,0,0,0,'enabled',5,'enabled','attacking Suspect','enabled',1,0,0,0,'',128,458,1,16,26,20,21,99999,99999,99999,99999,99999,99999,11,99999,99999,99999,99999,99999,99999,32,28,5,'no',0,'enabled',0,0,0,'enabled','enabled',0,0,0,0,0,1,0,210,2,0,0,0,0,0,0),(45,'Noodles','8-BALL','bobdog','0','0.0.0.0','','614f868dd691e836e9682383a44a3ba6','','normal','none','yes','0','0','normal',10800,550000,2000,0,0,0,0,0,0,0,0,0,0,0,58095250,50000000,0,0,10,0,0,0,1000,0,0,1000,0,0,0,0,0,1000,1000,0,100,100,100,250000,250000,0,250000,250000,10,0,10,0,10,0,0,1000,1000,0,0,0,0,0,5,0,0,'',1328375292,0,0,'','','','','',0,0,0,0,0,0,0,0,0,0,'enabled',5,'enabled','','enabled',1,0,0,0,'',0,0,1,26,46,34,34,99999,99999,99999,99999,99999,99999,25,99999,99999,99999,99999,99999,99999,33,46,0,'no',0,'enabled',0,0,0,'enabled','enabled',0,0,0,0,0,0,0,0,0,0,0,0,0,0,0),(46,'SinIsTer','tiddlywinks','aeriansab','0','122.150.192.223','122.150.192.223','1dffd7a7b62bd5d935e26ac304695687','','normal','none','yes','0','0','normal',1650,0,2000,0,0,0,0,0,0,0,0,0,97,2538823597,371702503597,50000000,0,0,10,26000,37216,0,1000,0,0,0,0,0,0,0,0,0,64216,0,50,0,100,250000,0,0,0,250000,10,0,10,14448,10,0,0,98443647,1000,11,0,0,2,38,5,0,0,'',1328391324,1328391572,12,'','','','','',66553,0,0,0,0,0,0,1328391287,0,0,'enabled',5,'enabled','Making Purchases','enabled',1,0,0,0,'',2033,0,1,18,29,23,24,99999,99999,99999,99999,99999,99999,13,99999,99999,99999,99999,99999,99999,10,31,1858207,'no',0,'enabled',0,0,0,'enabled','enabled',0,0,0,0,0,0,0,19,1,0,0,0,0,0,0),(44,'lance','tpspd071','alexis01','0','68.226.9.13','ip68-226-9-13.ga.at.cox.net','ffd99b6253c0dde6633ef45d4e87cf50','','normal','none','yes','0','0','normal',10841,0,2000,0,0,0,0,0,0,0,0,0,5,156958621792,2084281929290,146949956159,0,0,10,1890984,2613168,0,1000,0,0,1000,0,0,0,0,0,1000,4505152,0,86,100,100,11262880,11262880,0,1869152,250000,10,0,10,0,10,0,0,513952881,1000,0,0,0,0,0,1,10,0,'',1328334784,0,0,'','','','','',0,0,0,0,0,0,60,1328333092,0,0,'enabled',5,'enabled','Main Menu','enabled',1,0,0,0,'',0,0,1,4,28,21,20,99999,99999,99999,99999,99999,99999,10,99999,99999,99999,99999,99999,99999,34,26,0,'no',0,'enabled',0,0,0,'enabled','enabled',0,0,0,0,0,0,0,0,0,0,0,0,0,0,0),(47,'dakota','jdsquires','laci','0','0.0.0.0','','09c407bd20bccaf2f9b212085e815e15','','normal','none','yes','0','0','normal',10800,550000,2000,0,0,0,0,0,0,0,0,0,0,0,58095250,50000000,0,0,10,0,0,0,1000,0,0,1000,0,0,0,0,0,1000,1000,0,100,100,100,250000,250000,0,250000,250000,10,0,10,0,10,0,0,1000,1000,0,0,0,0,0,5,0,0,'',1328396372,0,0,'','','','','',0,0,0,0,0,0,0,0,0,0,'enabled',5,'enabled','','enabled',0,0,0,0,'',0,0,1,27,47,35,35,99999,99999,99999,99999,99999,99999,26,99999,99999,99999,99999,99999,99999,35,47,0,'no',0,'enabled',0,0,0,'enabled','enabled',0,0,0,0,0,0,0,0,0,0,0,0,0,0,0);

--
-- Table structure for table `r268_city`
--

CREATE TABLE `r268_city` (
  `id` tinyint(1) NOT NULL AUTO_INCREMENT,
  `name` varchar(255) NOT NULL DEFAULT '',
  `country` varchar(32) NOT NULL DEFAULT '',
  PRIMARY KEY (`id`)
) ENGINE=MyISAM AUTO_INCREMENT=6 DEFAULT CHARSET=latin1;

--
-- Dumping data for table `r268_city`
--

INSERT INTO `r268_city` VALUES (1,'New York',''),(2,'Chicago',''),(3,'Miami',''),(4,'Los Angeles',''),(5,'Las Vegas','');

--
-- Table structure for table `r268_crew`
--

CREATE TABLE `r268_crew` (
  `id` int(6) unsigned NOT NULL AUTO_INCREMENT,
  `name` varchar(18) NOT NULL DEFAULT '',
  `don` varchar(18) NOT NULL DEFAULT '',
  `founder` varchar(18) NOT NULL DEFAULT '',
  `members` smallint(6) NOT NULL DEFAULT '1',
  `profile` varchar(255) NOT NULL DEFAULT '',
  `icon` varchar(255) NOT NULL DEFAULT '',
  `city` tinyint(3) unsigned NOT NULL DEFAULT '1',
  `rank` decimal(65,0) unsigned NOT NULL DEFAULT '99999',
  `networth` decimal(65,0) unsigned NOT NULL DEFAULT '0',
  `cofounder` varchar(18) NOT NULL DEFAULT '',
  `money` decimal(65,0) unsigned NOT NULL DEFAULT '50000',
  `condom` decimal(65,0) unsigned NOT NULL DEFAULT '500',
  `crack` decimal(65,0) unsigned NOT NULL DEFAULT '500',
  `medicine` decimal(65,0) unsigned NOT NULL DEFAULT '500',
  `thug` decimal(65,0) unsigned NOT NULL DEFAULT '500',
  `beer` decimal(65,0) unsigned NOT NULL DEFAULT '0',
  `weed` decimal(65,0) unsigned NOT NULL DEFAULT '0',
  `glock` decimal(65,0) unsigned NOT NULL DEFAULT '0',
  `shotgun` decimal(65,0) unsigned NOT NULL DEFAULT '0',
  `uzi` decimal(65,0) unsigned NOT NULL DEFAULT '0',
  `ak47` decimal(65,0) unsigned NOT NULL DEFAULT '0',
  `bank` decimal(65,0) unsigned NOT NULL DEFAULT '50000',
  `lowrider` decimal(65,0) unsigned NOT NULL DEFAULT '0',
  `cbank` decimal(65,0) unsigned NOT NULL DEFAULT '0',
  `title` varchar(255) NOT NULL DEFAULT '',
  `tnetworth` decimal(65,0) NOT NULL DEFAULT '0',
  `finalrank` decimal(65,0) unsigned NOT NULL DEFAULT '0',
  `motd` text NOT NULL,
  `tbank` decimal(65,0) unsigned NOT NULL DEFAULT '2000',
  `exten` smallint(6) NOT NULL DEFAULT '0',
  `ivt` tinyint(3) unsigned NOT NULL DEFAULT '0',
  `uploads` smallint(6) NOT NULL DEFAULT '0',
  `totaldus` double unsigned NOT NULL DEFAULT '0',
  `totalops` double unsigned NOT NULL DEFAULT '0',
  `totalkills` double unsigned NOT NULL DEFAULT '0',
  PRIMARY KEY (`id`)
) ENGINE=MyISAM AUTO_INCREMENT=18 DEFAULT CHARSET=latin1;

--
-- Dumping data for table `r268_crew`
--

INSERT INTO `r268_crew` VALUES (1,'The_Office','HOLE_PUNCH','HOLE_PUNCH',9,'','../images/icons/268/IM.gif1328483437',5,2,1821847631851,'Lith',50000,500,500,500,500,0,0,0,0,0,0,50000,0,11103939147,'',2617241177250,3,'',2000,0,0,1,264493,4575960,2788649),(2,'FEARLESS_SQUAD','8sec','8sec',9,'','../images/icons/268/Fearless.gif1271628150.gif1328 498486',5,1,4695508529936,'GOTTI_GIRL',50000,500,500,500,500,0,0,0,0,0,0,50000,0,0,'',7539039646440,1,'',2000,0,0,2,1779797,4219435,9120873),(3,'GRIND-HOUSE','Deadman','Deadman',9,'','../images/icons/268/Skull.gif1328484230',1,4,253051659138,'CAZ',50000,500,500,500,500,0,0,0,0,0,0,50000,0,0,'',427856163966,5,'',2000,0,0,1,1000,1863235,1378420),(4,'Flying_Solo','HawkY','HawkY',10,'','../images/icons/268/FlyingSolo.gif1325458907.gif13 28485048',4,3,1776656799709,'Steven',50000,500,500,500,500,0,0,0,0,0,0,50000,0,0,'',4015750378470,2,'',2000,0,0,1,120,5317639,5042545),(13,'CASINO','JacK_ScHiTT','JacK_ScHiTT',6,'http://i608.photobucket.com/albums/tt166/a773x/no-mercy.png','../images/icons/268/th_CASINO2.gif1329084453',5,5,178059001810,'DoZeR',50000,500,500,500,500,0,0,0,0,0,0,50000,0,3300000000,'',698333135560,4,'',2000,0,0,5,70672,1424236,4367567),(6,'CREAM','TheGreat1','TheGreat1',1,'','',5,7,3627884718,'',50000,500,500,500,500,0,0,0,0,0,0,50000,0,0,'',5565044718,7,'',2000,0,0,0,0,182996,51661),(17,'KILL_YOU_DEAD','KILL_YOU_DEAD','KILL_YOU_DEAD',2,'','../images/icons/268/meyers2.gif1223830021.gif13290 64094',5,6,18387000705,'',50000,500,500,500,500,0,0,0,0,0,0,50000,0,0,'',100514123205,6,'',2000,0,0,1,5,232749,1509769);

--
-- Table structure for table `r268_extens`
--

CREATE TABLE `r268_extens` (
  `id` int(6) unsigned NOT NULL AUTO_INCREMENT,
  `name` varchar(18) NOT NULL DEFAULT '',
  `don` varchar(18) NOT NULL DEFAULT '',
  `founder` varchar(18) NOT NULL DEFAULT '',
  `cofounder` varchar(18) NOT NULL DEFAULT '',
  `members` smallint(6) NOT NULL DEFAULT '1',
  `profile` varchar(255) NOT NULL DEFAULT '',
  `icon` varchar(255) NOT NULL DEFAULT '',
  `city` tinyint(3) unsigned NOT NULL DEFAULT '1',
  `networth` decimal(65,0) unsigned NOT NULL DEFAULT '0',
  `tnetworth` decimal(65,0) NOT NULL DEFAULT '0',
  `bank` decimal(65,0) unsigned NOT NULL DEFAULT '50000',
  `cbank` decimal(65,0) unsigned NOT NULL DEFAULT '0',
  `title` varchar(255) NOT NULL DEFAULT '',
  `rank` decimal(65,0) unsigned NOT NULL DEFAULT '99999',
  `finalrank` decimal(65,0) unsigned NOT NULL DEFAULT '0',
  `motd` text NOT NULL,
  `tbank` decimal(65,0) unsigned NOT NULL DEFAULT '2000',
  `exten` smallint(6) NOT NULL DEFAULT '0',
  PRIMARY KEY (`id`)
) ENGINE=MyISAM DEFAULT CHARSET=latin1;

--
-- Dumping data for table `r268_extens`
--


--
-- Table structure for table `r268_pimp`
--

CREATE TABLE `r268_pimp` (
  `id` mediumint(8) unsigned NOT NULL AUTO_INCREMENT,
  `pimp` varchar(18) NOT NULL DEFAULT '',
  `user` varchar(255) NOT NULL DEFAULT '',
  `pass` varchar(32) NOT NULL DEFAULT '',
  `email` varchar(255) NOT NULL DEFAULT '',
  `ip` varchar(15) NOT NULL DEFAULT '0.0.0.0',
  `host` varchar(255) NOT NULL DEFAULT '',
  `code` varchar(43) NOT NULL DEFAULT '',
  `pin` varchar(32) NOT NULL DEFAULT '',
  `status` varchar(12) NOT NULL DEFAULT 'normal',
  `staffstatus` varchar(12) NOT NULL DEFAULT 'none',
  `showstaff` varchar(12) NOT NULL DEFAULT 'yes',
  `subscribe` varchar(12) NOT NULL DEFAULT '0',
  `minisubscribe` varchar(12) NOT NULL DEFAULT '0',
  `workstatus` varchar(12) NOT NULL DEFAULT 'normal',
  `trn` int(10) unsigned NOT NULL DEFAULT '1000',
  `res` int(10) unsigned NOT NULL DEFAULT '2000',
  `tbank` decimal(65,0) unsigned NOT NULL DEFAULT '2000',
  `maxadd` decimal(65,0) unsigned NOT NULL DEFAULT '0',
  `transfered` decimal(55,0) NOT NULL DEFAULT '0',
  `cadd` decimal(65,0) unsigned NOT NULL DEFAULT '0',
  `fadd` decimal(65,0) unsigned NOT NULL DEFAULT '0',
  `madd` decimal(65,0) unsigned NOT NULL DEFAULT '0',
  `sub` decimal(65,0) unsigned NOT NULL DEFAULT '0',
  `minisub` decimal(65,0) unsigned NOT NULL DEFAULT '0',
  `maxed` decimal(65,0) unsigned NOT NULL DEFAULT '0',
  `minimaxed` decimal(65,0) unsigned NOT NULL DEFAULT '0',
  `money` decimal(65,0) unsigned NOT NULL DEFAULT '0',
  `networth` decimal(65,0) unsigned NOT NULL DEFAULT '0',
  `totnet` decimal(65,0) unsigned NOT NULL DEFAULT '0',
  `bank` decimal(65,0) unsigned NOT NULL DEFAULT '50000000',
  `bank2` decimal(65,0) unsigned NOT NULL DEFAULT '0',
  `bank3` decimal(65,0) unsigned NOT NULL DEFAULT '0',
  `payout` tinyint(3) unsigned NOT NULL DEFAULT '10',
  `whore` decimal(65,0) unsigned NOT NULL DEFAULT '0',
  `dealers` decimal(65,0) unsigned NOT NULL DEFAULT '0',
  `bootleggers` decimal(65,0) unsigned NOT NULL DEFAULT '0',
  `hustlers` decimal(65,0) unsigned NOT NULL DEFAULT '1000',
  `punks` decimal(65,0) unsigned NOT NULL DEFAULT '0',
  `punk` decimal(65,0) unsigned NOT NULL DEFAULT '0',
  `hitmen` decimal(65,0) unsigned NOT NULL DEFAULT '1000',
  `bodyguards` decimal(65,0) unsigned NOT NULL DEFAULT '0',
  `thug` decimal(65,0) unsigned NOT NULL DEFAULT '0',
  `associates` decimal(65,0) unsigned NOT NULL DEFAULT '0',
  `soldiers` decimal(65,0) unsigned NOT NULL DEFAULT '0',
  `enforcers` decimal(65,0) unsigned NOT NULL DEFAULT '0',
  `totaldus` double unsigned NOT NULL DEFAULT '1000',
  `totalops` double unsigned NOT NULL DEFAULT '1000',
  `totaloffensives` double unsigned NOT NULL DEFAULT '0',
  `whappy` tinyint(3) unsigned NOT NULL DEFAULT '100',
  `thappy` tinyint(3) unsigned NOT NULL DEFAULT '100',
  `phappy` tinyint(3) unsigned NOT NULL DEFAULT '100',
  `condom` decimal(65,0) unsigned NOT NULL DEFAULT '250000',
  `crack` decimal(65,0) unsigned NOT NULL DEFAULT '250000',
  `medicine` decimal(65,0) unsigned NOT NULL DEFAULT '0',
  `weed` decimal(65,0) unsigned NOT NULL DEFAULT '250000',
  `beer` decimal(65,0) unsigned NOT NULL DEFAULT '250000',
  `lowrider` decimal(65,0) unsigned NOT NULL DEFAULT '10',
  `hummer` decimal(65,0) unsigned NOT NULL DEFAULT '0',
  `viper` decimal(65,0) unsigned NOT NULL DEFAULT '10',
  `bmxbike` decimal(65,0) unsigned NOT NULL DEFAULT '0',
  `glock` decimal(65,0) unsigned NOT NULL DEFAULT '10',
  `shotgun` decimal(65,0) unsigned NOT NULL DEFAULT '0',
  `uzi` decimal(65,0) unsigned NOT NULL DEFAULT '0',
  `ak47` decimal(65,0) unsigned NOT NULL DEFAULT '1000',
  `vests` decimal(65,0) unsigned NOT NULL DEFAULT '1000',
  `attin` int(10) unsigned NOT NULL DEFAULT '0',
  `revattin` int(10) unsigned NOT NULL DEFAULT '0',
  `attout` int(10) unsigned NOT NULL DEFAULT '0',
  `attackout` decimal(65,0) NOT NULL DEFAULT '0',
  `attackin` decimal(65,0) NOT NULL DEFAULT '0',
  `city` tinyint(3) unsigned NOT NULL DEFAULT '1',
  `crew` bigint(20) unsigned NOT NULL DEFAULT '0',
  `crewext` bigint(20) unsigned NOT NULL DEFAULT '0',
  `ctitle` varchar(18) NOT NULL DEFAULT '',
  `online` int(12) unsigned NOT NULL DEFAULT '0',
  `lastattack` int(12) unsigned NOT NULL DEFAULT '0',
  `lastattackby` int(11) unsigned NOT NULL DEFAULT '0',
  `profile` varchar(255) NOT NULL DEFAULT '',
  `description` varchar(255) NOT NULL DEFAULT '',
  `descriptionfont` varchar(255) NOT NULL DEFAULT '',
  `descriptioncolor` varchar(255) NOT NULL DEFAULT '',
  `descriptionstyle` varchar(255) NOT NULL DEFAULT '',
  `whorek` decimal(65,0) NOT NULL DEFAULT '0',
  `thugk` decimal(65,0) NOT NULL DEFAULT '0',
  `infok` decimal(65,0) NOT NULL DEFAULT '0',
  `punkk` decimal(65,0) NOT NULL DEFAULT '0',
  `hitmenk` decimal(65,0) NOT NULL DEFAULT '0',
  `bodyguardsk` decimal(65,0) NOT NULL DEFAULT '0',
  `protection` int(11) NOT NULL DEFAULT '0',
  `protectstarted` int(12) NOT NULL DEFAULT '0',
  `newprotection` int(11) NOT NULL DEFAULT '0',
  `nprotectstarted` int(12) NOT NULL DEFAULT '0',
  `postpriv` varchar(12) NOT NULL DEFAULT 'enabled',
  `defaultturns` int(12) NOT NULL DEFAULT '5',
  `sounds` varchar(18) NOT NULL DEFAULT 'enabled',
  `page` varchar(200) NOT NULL DEFAULT '',
  `postalerts` varchar(15) NOT NULL DEFAULT 'enabled',
  `posts` int(11) NOT NULL DEFAULT '0',
  `recposts` int(11) NOT NULL DEFAULT '0',
  `helpposts` int(11) NOT NULL DEFAULT '0',
  `newalert` tinyint(1) NOT NULL DEFAULT '0',
  `alert` text NOT NULL,
  `cashstolen` decimal(65,0) NOT NULL DEFAULT '0',
  `ganked` decimal(65,0) unsigned NOT NULL DEFAULT '0',
  `level` int(4) NOT NULL DEFAULT '1',
  `rank` decimal(65,0) unsigned NOT NULL DEFAULT '99999',
  `nrank` decimal(65,0) unsigned NOT NULL DEFAULT '99999',
  `frank` int(5) NOT NULL DEFAULT '99999',
  `farank` decimal(65,0) unsigned NOT NULL DEFAULT '99999',
  `srank` int(5) NOT NULL DEFAULT '99999',
  `sarank` decimal(65,0) unsigned NOT NULL DEFAULT '99999',
  `killrank` int(5) NOT NULL DEFAULT '99999',
  `lvl1rank` decimal(65,0) unsigned NOT NULL DEFAULT '99999',
  `lvl2rank` decimal(65,0) unsigned NOT NULL DEFAULT '99999',
  `lvl3rank` decimal(65,0) unsigned NOT NULL DEFAULT '99999',
  `lvl1frank` decimal(65,0) unsigned NOT NULL DEFAULT '99999',
  `lvl2frank` decimal(65,0) unsigned NOT NULL DEFAULT '99999',
  `lvl3frank` decimal(65,0) unsigned NOT NULL DEFAULT '99999',
  `lvl1krank` decimal(65,0) unsigned NOT NULL DEFAULT '99999',
  `lvl2krank` decimal(65,0) unsigned NOT NULL DEFAULT '99999',
  `lvl3krank` decimal(65,0) unsigned NOT NULL DEFAULT '99999',
  `skillrank` int(5) NOT NULL DEFAULT '99999',
  `fkillrank` int(5) NOT NULL DEFAULT '99999',
  `arank` decimal(65,0) unsigned NOT NULL DEFAULT '99999',
  `totalkills` double unsigned NOT NULL DEFAULT '0',
  `transfers` char(3) NOT NULL DEFAULT 'no',
  `trans` tinyint(3) unsigned NOT NULL DEFAULT '0',
  `medals` varchar(255) NOT NULL DEFAULT 'enabled',
  `cbmsg` tinyint(3) unsigned NOT NULL DEFAULT '0',
  `recmoney` decimal(65,0) unsigned NOT NULL DEFAULT '0',
  `cmoney` decimal(65,0) unsigned NOT NULL DEFAULT '0',
  `callies` varchar(255) NOT NULL DEFAULT 'enabled',
  `images` varchar(255) NOT NULL DEFAULT 'enabled',
  `amsg` tinyint(3) unsigned NOT NULL DEFAULT '0',
  `stfmsg` tinyint(3) unsigned NOT NULL DEFAULT '0',
  `ctrans` tinyint(3) unsigned NOT NULL DEFAULT '0',
  `rmsg` tinyint(3) unsigned NOT NULL DEFAULT '0',
  `camsg` tinyint(3) unsigned NOT NULL DEFAULT '0',
  `msg` tinyint(3) unsigned NOT NULL DEFAULT '0',
  `msgsent` bigint(20) NOT NULL DEFAULT '0',
  `atk` tinyint(3) unsigned NOT NULL DEFAULT '0',
  `ivt` tinyint(3) unsigned NOT NULL DEFAULT '0',
  `cmsg` tinyint(3) unsigned NOT NULL DEFAULT '0',
  `bonusres` int(10) unsigned NOT NULL DEFAULT '0',
  `BONUS1` int(10) unsigned NOT NULL DEFAULT '0',
  `BONUS2` int(10) unsigned NOT NULL DEFAULT '0',
  `BONUS3` int(10) unsigned NOT NULL DEFAULT '0',
  `BONUS4` int(10) unsigned NOT NULL DEFAULT '0',
  PRIMARY KEY (`id`),
  KEY `rank` (`rank`),
  KEY `nrank` (`nrank`)
) ENGINE=MyISAM AUTO_INCREMENT=61 DEFAULT CHARSET=latin1;

--
-- Dumping data for table `r268_pimp`
--

INSERT INTO `r268_pimp` VALUES (1,'Admin','slay','M&tT..2.05.2','0','151.203.216.95','pool-151-203-216-95.bos.east.verizon.net','7a89d9867e077c7921bce0fb61b763d0','','admin','none','yes','0','0','normal',3750,25000,2000,0,0,0,0,0,0,0,0,0,0,0,78450271,70355021,0,0,10,0,0,0,1000,0,0,1000,0,0,0,0,0,1000,1000,0,100,100,100,250000,250000,0,250000,250000,10,0,10,0,10,0,0,1000,1000,0,0,0,0,0,5,0,0,'',1329087636,0,0,'','','','','',0,0,0,0,0,0,0,0,0,0,'enabled',5,'enabled','Whosonline','enabled',4,0,0,0,'',0,0,1,25,49,99999,99999,99999,99999,99999,31,99999,99999,28,99999,99999,31,99999,99999,99999,99999,47,0,'no',0,'enabled',0,0,0,'enabled','enabled',0,0,0,0,0,0,30,0,0,0,0,0,0,0,0),(2,'ViolentJ','ViolentJ','master2006','0','71.230.142.8','c-71-230-142-8.hsd1.pa.comcast.net','e0fa3d8e798d2b71f0037964de6a3de3','','normal','none','yes','0','0','normal',2,0,0,0,0,0,0,0,0,0,0,0,54051,18737551,2740446301,0,0,0,10,0,0,0,0,0,0,0,3221,34146,0,0,0,37367,0,0,0,90,100,0,0,0,0,250000,0,0,0,0,0,0,0,725789,1000,0,0,9,350,250,5,2,0,'Underboss',1329087606,1329073142,22,'','I been inactive for too long..yall startin to forget who the fuck I am..time to teach yall who ya should be respecting ;)','','','',0,0,0,0,0,0,0,0,0,0,'enabled',5,'enabled','Main Menu','enabled',1,0,0,0,'',450182392,111839093,1,16,41,99999,22,99999,99999,99999,27,99999,99999,18,99999,99999,1,99999,99999,99999,99999,34,1248863,'no',0,'enabled',0,0,5000000000,'enabled','enabled',0,0,0,0,0,0,80,0,0,0,0,0,0,0,0),(3,'Lith','me3','955253a','0','24.83.161.211','S0106001cdf14cc6d.vc.shawcable.net','d039ee8dadae7dd742d1b6be0d5ce6ef','','supporter','none','yes','0','0','normal',92,0,0,0,0,0,0,0,0,0,0,0,1,415737832,57549234082,70355021,0,0,0,0,0,0,339676,0,0,2770,0,0,0,0,0,2770,339676,0,86,100,100,500666,500000,0,148661,250000,10,0,10,0,0,0,0,15235599,1000,0,0,0,0,232,5,1,0,'',1329087609,1329071954,32,'','','','','',0,0,0,0,0,0,60,1329087243,0,0,'enabled',5,'enabled','Global Ranks','enabled',0,0,0,0,'',0,0,1,9,31,99999,99999,99999,11,99999,19,99999,99999,11,99999,99999,27,99999,99999,99999,99999,22,50,'no',0,'enabled',0,0,0,'enabled','enabled',0,0,0,0,0,0,38,0,0,0,0,0,0,0,0),(4,'i_pLaY_nAkEd','iplaynaked','252007','0','173.78.164.6','pool-173-78-164-6.tampfl.fios.verizon.net','a5949003c7754a4cb3803199037fac0b','','normal','none','yes','0','0','normal',3750,25000,3000,0,0,5,5,0,0,0,0,0,0,297033500,297033500,0,0,0,10,0,0,0,290842,0,0,3850,0,0,0,0,0,3850,290842,0,66,0,100,250000,250000,0,250000,250000,10,0,10,0,0,0,0,0,1000,0,0,0,0,244,3,1,0,'',1329074404,1328992980,37,'','','','','',0,0,0,0,0,0,60,1329074399,0,0,'enabled',5,'enabled','Main Menu','enabled',69,0,0,0,'',0,0,2,3,32,99999,31,99999,99999,99999,99999,9,99999,99999,12,99999,18,11,99999,99999,99999,44,806,'no',0,'enabled',44,0,0,'enabled','enabled',0,0,0,0,0,0,4,0,0,0,0,0,0,0,0),(5,'Death_Reaper','Darkangel666','820817','0','24.181.59.64','24-181-59-64.dhcp.gnvl.sc.charter.com','092d867ad7f2421ec87f5c0d3e28d6f1','','supporter','none','yes','0','0','normal',1650,0,0,0,0,0,0,0,0,0,0,0,0,326650,326650,0,0,0,10,0,0,0,0,0,0,0,0,0,0,0,0,0,0,0,0,0,100,0,0,0,0,250000,1,0,10,0,0,0,0,0,1000,0,0,0,842,222,5,3,0,'Underboss',1329068610,1329067566,30,'http://i88.photobucket.com/albums/k189/ArchAngel555/deathreaper-1.swf','Finally got my silver out of the way. 1 more to go. :D','','','',0,0,0,0,0,0,50,1329067296,0,0,'enabled',5,'enabled','Main Menu','enabled',41,0,0,0,'',51039980,53926796,1,31,48,99999,99999,99999,15,99999,30,99999,99999,41,99999,99999,2,99999,99999,99999,99999,60,1065398,'no',0,'enabled',0,0,10000000000,'enabled','enabled',0,0,0,0,0,0,55,0,0,2,0,0,0,0,0),(6,'LMFAO','DoNkEyKoNg','Lakes2010','0','92.12.163.3','host-92-12-163-3.as43234.net','e0695db23c713df00d94ec4d1f3d132c','','supporter','none','yes','2','0','normal',0,0,0,0,0,75000,75000,0,2,0,7500,0,646081464881,653577290561,680348656811,6440506564,0,0,0,0,0,0,835777,0,0,0,0,0,0,0,0,0,836631,0,0,0,100,0,0,0,54800154,250000,10,0,10,0,0,0,0,7139031,1000,0,0,0,16,244,2,2,0,'',1329087611,1328990882,21,'http://upload.wikimedia.org/wikipedia/en/thumb/0/09/Lmfao-la-la-la3.jpg/220px-Lmfao-la-la-la3.jpg','You can go a long way with a smile. You can go a lot further with a smile and a gun.','','','',0,0,0,0,0,0,60,1329087578,0,0,'enabled',5,'enabled','Main Menu','enabled',0,0,0,0,'',1505,926,2,1,4,99999,99999,99999,5,99999,99999,2,99999,99999,3,99999,3,5,99999,99999,99999,6,177220,'no',0,'enabled',0,0,10000000000,'enabled','enabled',0,0,0,0,0,0,244,0,0,0,0,0,0,0,0),(7,'GeneralHaven','generalhaven','kernalfro','0','173.30.153.173','173-30-153-173.client.mchsi.com','37be41b6c262ed9fc5b10b196c9f5374','','supporter','none','yes','0','0','normal',800,0,0,0,0,0,0,0,0,0,0,0,3926,21868981078,81966256078,21607130504,0,0,1,0,0,0,257741,0,0,462,0,0,0,0,0,462,257741,0,86,100,100,644353,644353,0,181184,250000,10,0,10,0,10,0,0,16025939,1000,0,0,0,0,132,1,2,0,'',1329077959,1328957054,37,'','','','','',0,0,0,0,0,0,60,1329077953,0,0,'enabled',5,'enabled','Making Purchases','enabled',17,0,0,0,'',12744,0,1,3,20,99999,99999,99999,10,99999,9,99999,99999,7,99999,99999,10,99999,99999,99999,99999,17,42685,'no',0,'enabled',0,0,0,'enabled','enabled',0,0,0,0,0,0,8,0,0,15,0,0,0,0,0),(8,'TommyGold','kryptyk','barrie','0','216.36.150.158','cm216036150158.wcgwave.ca','86f7c3284d52d98f225f4f4d30ec5ecb','','supporter','none','yes','0','0','normal',3750,0,1250,0,0,0,0,0,0,0,0,0,3753,1345253,2650253,0,0,0,10,0,0,0,1000,0,0,0,0,0,0,0,0,0,1000,0,0,0,100,0,0,0,0,250000,10,0,10,0,0,0,0,348,1000,0,0,0,34,106,3,4,0,'',1329073480,1328926879,22,'','','','','',0,0,0,0,0,0,0,1328921364,0,0,'enabled',5,'enabled',' Board','enabled',36,0,0,0,'',3763,23047837,1,5,46,99999,99999,99999,14,99999,29,99999,99999,40,99999,99999,6,99999,99999,99999,99999,59,285489,'no',0,'enabled',0,0,0,'enabled','enabled',0,0,0,0,0,0,12,0,0,0,0,0,0,0,0),(9,'BloodyToe','whiteboy0679','bruno','3','99.240.170.136','CPE602ad078e743-CM602ad078e740.cpe.net.cable.rogers.com','3e80d0caf079d7b82fbadb8d111f75e4','','supporter','none','yes','3','0','normal',34,0,0,0,0,8860,8860,0,3,0,15000,0,119014338611,257950388854,932714393854,136378818511,0,0,10,453777,645671,0,1000,0,0,0,620,1093,0,0,0,1713,1100448,0,86,100,100,1968030,2180118,0,4962,250000,0,0,0,745,0,0,0,179937068,1000,0,0,0,4,38,5,1,0,'Underboss',1329087609,1329065364,21,'','','','','',0,0,0,0,0,0,60,1329087584,0,0,'enabled',5,'enabled','Global Ranks','enabled',14,0,0,0,'',39095,716,2,3,5,99999,99999,99999,4,99999,99999,3,99999,99999,2,99999,99999,10,99999,99999,99999,5,10880,'no',0,'enabled',44,0,0,'enabled','enabled',0,0,0,0,0,1,68,0,0,0,0,0,0,0,0),(10,'GH0ST','live2kill','jr473799d','0','78.105.22.64','78-105-22-64.zone3.bethere.co.uk','d54a19a2d82d4e34f9e94f321b3baaf4','','supporter','none','yes','0','0','normal',3757,3001,6000,0,0,75001,75001,0,0,0,0,0,355,13127084,4727124584,0,0,0,1,2162,3097,0,0,0,0,0,0,0,0,0,0,0,5259,0,50,0,100,1186229,0,0,0,250000,10,0,10,0,30,0,0,1257063,1000,0,0,0,258,100,1,4,0,'',1328584788,1328531774,24,'http://www.youtube.com/v/Aq344ks1ieg&feature=results_main&playnext=1&list=PL34F4933C27076D92&autoplay=1.swf','','','','',0,0,0,0,0,0,0,0,0,0,'enabled',5,'enabled','Main Menu','enabled',279,0,9,0,'',115226,511795,3,5,43,99999,99999,99999,12,99999,99999,99999,6,99999,99999,6,9,99999,4,99999,99999,32,1559894,'no',0,'enabled',0,0,0,'enabled','enabled',0,0,0,0,0,2,68,0,0,0,0,0,0,0,0),(11,'lance','tpspd071','alexis01','0','0.0.0.0','','ffd99b6253c0dde6633ef45d4e87cf50','','normal','none','yes','0','0','normal',3750,25000,2000,0,0,0,0,0,0,0,0,0,0,0,78450271,70355021,0,0,10,0,0,0,1000,0,0,1000,0,0,0,0,0,1000,1000,0,100,100,100,250000,250000,0,250000,250000,10,0,10,0,10,0,0,1000,1000,0,0,0,0,0,1,0,0,'',1328332519,0,0,'','','','','',0,0,0,0,0,0,0,0,0,0,'enabled',5,'enabled','','enabled',314,2,9,0,'',0,0,1,7,50,99999,34,99999,99999,99999,32,99999,99999,29,99999,99999,32,99999,99999,99999,99999,48,0,'no',0,'enabled',0,0,0,'enabled','enabled',0,0,0,0,0,0,0,0,0,0,0,0,0,0,0),(12,'HeadHunTer','plow187','jiondae2469','0','66.87.93.196','66-87-93-196.pools.spcsdns.net','e32be35584a6fddf0f50e56d3256199b','','normal','none','yes','0','0','normal',0,0,0,0,0,73000,73000,0,0,0,0,0,2074,27921485177,61167297677,27557000312,0,0,99,0,0,0,355642,0,0,0,0,0,0,0,0,0,355642,0,75,0,100,634213,703196,0,1523835,250000,1,0,0,0,0,0,0,8865550,1000,5,0,0,28,60,5,1,0,'',1329087616,1329087557,14,'','','','','',0,0,0,0,0,0,60,1329087366,0,0,'enabled',5,'enabled','spamming DoZeR','enabled',16,2,0,0,'',55575837530,2833,2,8,18,99999,11,99999,99999,99999,99999,7,99999,99999,8,99999,8,6,99999,99999,99999,21,144622,'no',0,'enabled',0,0,10000000000,'enabled','enabled',0,0,0,0,0,0,2,0,0,0,0,0,0,0,0),(13,'dave','dewacko','dewacko','0','213.118.181.95','dD576B55F.access.telenet.be','39685946ad3620ebe0c9c8ed74cfcb49','','normal','none','yes','0','0','normal',850,0,2000,0,0,18500,18500,0,0,0,0,0,1320,31357598322,112669594572,30614933236,0,0,1,0,0,0,331808,0,0,0,0,0,0,0,0,0,331808,0,75,0,100,62773044,47855142,0,51043949,250000,10,0,10,0,250000,0,0,21658199,1000,0,0,0,0,150,3,3,0,'Underboss',1329077223,1329081450,21,'','','','','',0,0,0,0,0,0,60,1329077223,0,0,'enabled',5,'enabled','Recruiting','enabled',314,2,9,0,'',4700,0,2,1,16,99999,4,99999,99999,99999,99999,5,99999,99999,6,99999,9,9,99999,99999,99999,11,61881,'no',0,'enabled',43,0,0,'enabled','enabled',0,0,0,0,0,0,0,2,0,129,0,0,0,0,0),(14,'DoZeR','Cisco14','bronx718','0','64.121.211.182','64-121-211-182.c3-0.eas-ubr2.atw-eas.pa.cable.rcn.com','247199dbf9348c66888f1a323a28bd35','','supporter','none','yes','2','0','normal',90,0,0,0,0,75000,75000,0,2,0,7500,0,91904107146,149447926613,444087324113,56368663038,0,0,1,0,0,0,488150,0,0,0,8008,8066,0,0,0,16074,488150,0,87,100,100,72519581,83190084,0,89138649,250000,0,0,10,0,0,0,0,78570506,1000,0,0,5,10,68,2,13,0,'',1329087604,1329041832,21,'http://img148.imageshack.us/img148/7339/12810721.gif','','','','',0,0,0,0,0,0,0,0,0,0,'enabled',5,'enabled','Traveling','enabled',4,0,0,0,'',5229,55575834439,2,2,6,99999,99999,99999,6,99999,99999,4,99999,99999,4,99999,9,8,99999,99999,99999,7,65622,'no',0,'enabled',0,0,10000000000,'enabled','enabled',0,0,0,0,0,0,155,0,0,1,0,0,0,0,0),(15,'stratego','paytokill','18111971','0','83.81.48.252','535130FC.cm-6-2a.dynamic.ziggo.nl','5499894099ecd0a472b858ddd71de9ac','','normal','none','yes','0','0','normal',3750,25000,2000,0,0,0,0,0,0,0,0,0,298,204808866,380395116,70355021,0,0,10,0,0,0,132589,0,0,0,0,0,0,0,0,0,132589,0,64,0,100,100368,140893,0,250000,250000,10,0,10,0,0,0,0,46823,1000,0,0,0,0,66,1,3,0,'',1329029836,1329030012,37,'','','','','',0,0,0,0,0,0,60,1329029817,0,0,'enabled',5,'enabled','GRIND-HOUSE Family','enabled',314,2,9,0,'',1802,0,1,6,35,99999,30,99999,99999,99999,22,99999,99999,26,99999,99999,16,99999,99999,99999,99999,43,9995,'no',0,'enabled',2,0,0,'enabled','enabled',0,0,0,0,0,0,0,5,0,8,0,0,0,0,0),(16,'TheSoloizT','NaRko','mike1990','0','67.232.206.22','fl-67-232-206-22.dhcp.embarqhsd.net','5d36a1a61e564f50e70df5c7887a30d9','','supporter','none','yes','3','0','normal',0,0,0,0,0,75000,75000,0,3,0,15000,0,1359126165273,1361277692840,1376361737840,0,0,0,3,0,10,0,1472928,0,0,0,4680,6244,0,0,0,10924,1475417,0,86,100,100,3682345,3682345,0,164511673,250000,10,0,10,0,10,0,0,4022411,1000,0,0,0,0,400,5,1,0,'',1329087605,1329026667,30,'http://i659.photobucket.com/albums/uu317/Myckie/StewiEPro.gif','ADULT SWIM','','','',0,0,0,0,0,0,60,1329087547,0,0,'enabled',5,'enabled','Family Ranks','enabled',0,0,0,0,'',157414318,0,2,2,3,99999,99999,99999,2,99999,99999,1,99999,99999,1,99999,28,4,99999,99999,99999,3,355101,'no',0,'enabled',0,0,0,'enabled','enabled',0,0,0,0,0,0,97,0,0,0,0,0,0,0,0),(17,'Skebo_Dan','Skebo','dafucup','0','65.112.145.53','65.112.145.53','b243be193f7c2eedaf2810c2c4a3a553','','normal','none','yes','0','0','normal',3750,25000,3000,0,0,0,0,0,0,0,0,0,4605,4321076528,33501131528,4114964663,0,0,1,0,0,0,202100,0,0,770,0,0,0,0,0,770,202100,0,86,100,100,505250,505250,0,218690,250000,10,0,10,0,0,0,0,7781348,1000,0,0,0,0,146,2,2,0,'',1329055042,1328793849,27,'','','','','',0,0,0,0,0,0,60,1329054783,0,0,'enabled',5,'enabled','Global Ranks','enabled',47,0,0,0,'',0,0,1,5,26,99999,13,99999,99999,99999,14,99999,99999,13,99999,99999,28,99999,99999,99999,99999,24,50,'no',0,'enabled',0,0,0,'enabled','enabled',0,0,0,0,0,1,4,0,0,15,0,0,0,0,0),(18,'Yogi','yogi','redruby','0','124.182.102.154','CPE-124-182-102-154.lns4.fli.bigpond.net.au','118a4555b5ad614013b3260af52d363d','','normal','none','yes','0','0','normal',3758,0,3000,0,0,0,0,0,0,0,0,0,2107,2415609,2562480609,0,0,0,1,0,0,0,0,0,0,0,0,0,0,0,0,0,0,0,0,0,100,442907,385453,0,118184,250000,10,0,10,0,10,0,0,682683,1000,0,0,0,286,102,5,2,0,'',1329085276,1328986021,22,'','','','','',0,0,0,0,0,0,0,0,0,0,'enabled',5,'enabled','DreamKiller profile','enabled',66,0,0,0,'',167497,13332286,1,17,44,99999,23,99999,99999,99999,28,99999,99999,19,99999,99999,4,99999,99999,99999,99999,35,587623,'no',0,'enabled',3,0,0,'enabled','enabled',0,0,0,0,0,0,3,0,0,15,0,0,0,0,0),(19,'dakota','jdsquires','laci','0','68.226.9.13','ip68-226-9-13.ga.at.cox.net','09c407bd20bccaf2f9b212085e815e15','','supporter','none','yes','2','0','normal',4900,0,0,0,0,75000,75000,0,2,0,7500,0,3991,27574342750,228939859000,26496578247,0,0,3,191466,295935,0,1000,0,0,0,0,0,0,0,0,0,488401,0,75,0,100,1221003,1221003,0,250000,250000,10,0,10,0,10,0,0,53697470,1000,0,0,0,0,2,5,13,0,'Capo',1329082092,1328491030,5,'','','','','',0,0,0,0,0,0,60,1329058155,0,0,'enabled',5,'enabled',' Board','enabled',16,0,0,0,'',0,0,2,4,19,99999,99999,99999,7,99999,99999,8,99999,99999,5,99999,20,12,99999,99999,99999,8,90,'no',0,'enabled',0,0,0,'enabled','enabled',0,0,0,0,0,1,70,0,0,3,0,0,0,0,0),(20,'Specdro','Specdro','SurfStile82','0','74.67.231.100','cpe-74-67-231-100.twcny.res.rr.com','c622f057567507fa29146e891688bf92','','normal','none','yes','0','0','normal',0,0,0,0,0,82000,82000,0,0,0,0,0,5188662931,17132326779,29118361779,11653071848,0,0,0,0,0,0,279372,0,0,11220,0,0,0,0,0,11220,279372,0,1,90,100,0,0,0,0,250000,0,0,0,0,10,0,0,3196275,1000,0,0,0,550,218,5,2,0,'Underboss',1329087613,1328946129,5,'http://rumorsandrants.com/wp-content/uploads/2011/11/Syracuse_Orange2.jpg','','','','',0,0,0,0,0,0,60,1329087521,0,0,'enabled',5,'enabled','Level 3 Ranks','enabled',16,0,0,0,'',27086697310,971638833,3,11,23,99999,14,99999,99999,99999,99999,99999,4,99999,99999,4,5,2,3,99999,99999,25,1732386,'no',0,'enabled',0,0,3525188551,'enabled','enabled',0,0,0,0,0,0,42,0,0,0,0,0,0,0,0),(21,'GOTTI_GIRL','Gotti_Girl','Back2School2','4','99.190.186.96','99-190-186-96.lightspeed.lsvlky.sbcglobal.net','ea46fa9dd6aa2c24be749e2fb959bca6','','supporter','none','yes','0','0','normal',13,0,0,0,0,235500,235500,0,4,0,30000,0,143479656965,145215191679,1223721161680,0,0,0,1,0,0,0,613805,0,0,421935,180984,677648,0,0,0,1280567,613309,0,100,100,100,30425801,49694297,0,22742093,250000,1,0,0,0,0,0,0,287601592,1000,0,0,0,198,32,1,2,0,'',1336510039,1328615122,24,'http://1.bp.blogspot.com/-NaDWsll9Ixk/TgXc5_8yZkI/AAAAAAAAKuk/EJPp5RHftU0/s1600/The+Godmother.jpg','      ~The Godmother~','','','',282967,0,0,0,0,0,60,1329087548,0,0,'enabled',5,'enabled','Main Menu','enabled',4,0,0,0,'',347,39545254074,3,2,7,99999,99999,99999,3,99999,99999,99999,3,99999,99999,3,99999,99999,1,99999,99999,4,4927781,'no',0,'enabled',0,0,6006000000,'enabled','enabled',0,0,0,0,0,1,30,0,0,0,0,0,0,0,0),(22,'HOLE_PUNCH','rustyucsd537','catcat537','0','174.254.82.113','113.sub-174-254-82.myvzw.com','51b9542a1ea6c06b33a76b82a55495f3','','normal','none','yes','0','0','normal',0,0,0,0,0,0,0,0,0,0,0,0,6342819985,6517644511,7640143261,0,0,0,10,0,0,0,98288,0,0,76182,0,0,0,0,0,76182,98288,0,50,100,100,0,0,0,88219,250000,1,0,0,0,0,0,0,299333,1000,0,0,0,516,214,5,1,0,'',1331507261,1329074212,37,'','','','','',0,0,0,0,0,0,60,1329087369,0,0,'enabled',5,'enabled','WatchaGoooott profile','enabled',36,0,0,0,'',20937,26976,1,14,24,99999,19,99999,99999,99999,12,99999,99999,16,99999,99999,3,99999,99999,99999,99999,30,679209,'no',0,'enabled',0,0,2000000000,'enabled','enabled',0,0,0,0,0,0,29,0,0,0,0,0,0,0,0),(23,'Mikevman','mikevman','vmanvv','0','68.8.123.70','ip68-8-123-70.sd.sd.cox.net','35d496e116829280377cd80e8d27d639','','normal','none','yes','0','0','normal',0,0,0,0,0,0,0,0,0,0,0,0,122682292430,124007495171,125291123921,70355021,0,0,1,233438,326604,0,1000,0,0,0,8,14,0,0,0,22,561042,0,86,100,100,1266665,4811325,0,247895,250000,10,0,10,0,10,0,0,342300,1000,0,0,0,0,2,4,4,0,'Underboss',1329087699,1328488808,5,'http://www.youtube.com/v/Bl61-KMQAnE&autoplay=1.swf','','','','',0,0,0,0,0,0,60,1329087583,0,0,'enabled',5,'enabled','Flying_Solo Family','enabled',66,0,0,0,'',386,0,1,1,8,99999,2,99999,99999,99999,1,99999,99999,1,99999,99999,17,99999,99999,99999,99999,9,90,'no',0,'enabled',0,0,0,'enabled','enabled',0,0,0,0,0,0,1,0,0,0,0,0,0,0,0),(24,'WatchaGoooott','MeatMan03','samdaman123','0','24.0.163.36','c-24-0-163-36.hsd1.nj.comcast.net','e5822f2c4701b43816a498b1288d4dd4','','normal','none','yes','0','0','normal',246,0,0,0,0,205500,205500,0,0,0,0,0,39373,17844023,11795244023,0,0,0,99,50,70,52,70,73,0,0,8422,25485,0,0,0,33907,315,0,100,100,100,50000,50000,0,50000,250000,1,0,0,0,0,0,0,3140640,1000,5,0,0,498,362,5,13,0,'',1329087601,1329087592,2,'','','','','',0,0,0,0,0,0,60,1329086547,0,0,'enabled',5,'enabled','Global Ranks','enabled',4,0,0,0,'',1311413131,5331266,3,13,42,99999,17,99999,99999,99999,99999,99999,5,99999,99999,5,4,2,2,99999,99999,28,3808134,'no',0,'enabled',0,0,6000000000,'enabled','enabled',0,0,0,0,0,0,133,3,0,0,0,0,0,0,0),(25,'Deadman','The_Deadman','august30','0','141.0.10.44','s35-14.opera-mini.net','2dd4f3d7d65bb461bcca36e7aac5eaf6','','normal','none','yes','0','0','normal',3750,25000,3000,0,0,0,0,0,0,0,0,0,1856518918,5159428958,19362651458,3062253080,0,0,1,0,0,0,236946,0,0,0,0,0,0,0,0,0,236946,0,75,0,100,592365,592365,0,250000,250000,10,0,10,0,0,0,0,3787526,1000,0,0,0,0,98,2,3,0,'',1329082910,1328894554,37,'','','','','',0,0,0,0,0,0,60,1329062852,0,0,'enabled',5,'enabled','Main Menu','enabled',16,0,0,0,'',0,0,1,6,25,99999,16,99999,99999,99999,13,99999,99999,14,99999,99999,15,99999,99999,99999,99999,27,27963,'no',0,'enabled',0,0,1000000000,'enabled','enabled',0,0,0,0,0,0,10,0,0,2,0,0,0,0,0),(26,'tiddlywinks','tiddlywinks','aeriansab','0','122.150.192.223','122.150.192.223','1dffd7a7b62bd5d935e26ac304695687','','normal','none','yes','0','0','normal',100,0,2000,0,0,0,0,0,0,0,0,0,4590,107189111,9234576611,70355021,0,0,10,0,0,0,35488,0,0,0,0,0,0,0,0,0,35488,0,0,0,100,0,0,0,250000,250000,10,0,10,0,0,0,0,2433970,1000,0,0,0,0,110,1,13,0,'',1329087607,1328908221,5,'','','','','',0,0,0,0,0,0,60,1329086199,0,0,'enabled',5,'enabled','Main Menu','enabled',0,0,0,0,'',0,0,1,4,37,99999,18,99999,99999,99999,24,99999,99999,15,99999,99999,26,99999,99999,99999,99999,29,57,'no',0,'enabled',0,0,0,'enabled','enabled',0,0,0,0,0,0,12,0,0,1,0,0,0,0,0),(27,'BunnyBoy','BunnyBoy','coskunas26','0','78.180.117.149','78.180.117.149.dynamic.ttnet.com.tr','54e2fbc416e11319c2a72c2d82b8b62d','','normal','none','yes','0','0','normal',3631,5000,3000,0,0,35000,35000,0,0,0,0,0,9,2379989,27421509989,0,0,0,0,0,0,0,0,0,0,0,0,0,0,0,0,0,0,0,0,0,100,0,0,0,509620,250000,10,0,10,0,20,0,0,7311766,1000,0,0,0,602,252,5,17,0,'',1329087837,1328912184,20,'','','','','',0,0,0,0,0,0,0,0,0,0,'enabled',5,'enabled','Global Ranks','enabled',16,0,0,0,'',1648784,27473307848,2,12,45,99999,15,99999,99999,99999,99999,11,99999,99999,9,99999,2,3,99999,99999,99999,26,1509719,'no',0,'enabled',0,0,9966352949,'enabled','enabled',0,0,0,0,0,0,85,0,0,0,0,0,0,0,0),(28,'Oichi','NDNathan','mosher12569','0','90.208.201.60','5ad0c93c.bb.sky.com','bc83f487aeeba93b2b4aa7888799bb7b','','normal','none','yes','0','0','normal',0,0,0,0,0,19500,19500,0,0,0,0,0,17022136909,28220286822,88728633072,10923077481,0,0,5,0,0,0,273469,0,0,0,0,0,0,0,0,0,273469,0,0,0,100,0,0,0,315483,250000,10,0,10,0,0,0,0,16135559,1000,0,0,0,0,164,5,3,0,'Underboss',1329087606,1328911138,20,'http://4.bp.blogspot.com/_cmVzRhUrBV4/SmeIIKqGcuI/AAAAAAAAADQ/fqnSOH3_ayk/s320/oichi000587.PNG','','','','',0,0,0,0,0,0,60,1329087583,0,0,'enabled',5,'enabled','GRIND-HOUSE Family','enabled',0,0,0,0,'',7187627,0,2,6,17,99999,7,99999,99999,99999,99999,6,99999,99999,7,99999,18,7,99999,99999,99999,16,67525,'no',0,'enabled',0,0,9367566562,'enabled','enabled',0,0,0,0,0,0,3,0,0,0,0,0,0,0,0),(29,'LeatherNutz','mcjimmy','xp1deltamong','0','188.28.20.51','188.28.20.51.threembb.co.uk','9659c76617ebb008b2fd2e6e43fc4a66','','normal','none','yes','0','0','normal',0,0,0,0,0,0,0,0,0,0,0,0,57430466020,58597336020,61178926020,0,0,0,10,219449,307953,0,1000,0,0,0,0,0,0,0,0,0,528402,0,0,0,100,0,0,0,250000,250000,10,0,10,0,10,0,0,688423,1000,0,0,0,0,2,2,2,0,'Underboss',1329087606,1328491064,5,'','','','','',0,0,0,0,0,0,60,1329087551,0,0,'enabled',5,'enabled','FEARLESS_SQUAD Family','enabled',0,0,0,0,'',0,0,1,4,14,99999,10,99999,99999,99999,7,99999,99999,10,99999,99999,18,99999,99999,99999,99999,20,90,'no',0,'enabled',0,0,0,'enabled','enabled',0,0,0,0,0,0,17,0,0,0,0,0,0,0,0),(30,'Killer','caponeboss','hiphop12','0','75.36.243.125','adsl-75-36-243-125.dsl.pltn13.sbcglobal.net','cdd6440c5dc287e0a2eb12847940596a','','normal','none','yes','0','0','normal',986,0,0,0,0,37000,37000,0,0,0,0,0,3368,84421527,725142777,0,0,0,1,0,0,0,0,0,0,0,49162,119649,0,0,0,168811,0,0,0,61,100,12452,69,0,0,250000,0,0,0,0,30,0,0,170856,1000,0,0,0,296,178,5,1,0,'',1330739355,1329000900,5,'','','','','',84065,0,0,0,0,0,60,1329082165,0,0,'enabled',5,'enabled','BunnyBoy profile','enabled',0,0,0,0,'',29136712,540038030,2,22,39,99999,28,99999,99999,99999,99999,10,99999,99999,11,99999,16,2,99999,99999,99999,41,1555912,'no',0,'enabled',0,0,0,'enabled','enabled',0,0,0,0,0,0,131,0,0,0,0,0,0,0,0),(31,'DreamKiller','koldhands','austin615','0','74.236.254.86','adsl-074-236-254-086.sip.owb.bellsouth.net','9faae356580524dc2b1ccf61c38aaf7b','','normal','none','yes','0','0','normal',3750,25000,3000,0,0,0,0,0,0,0,0,0,3,251675653,2212783153,0,0,0,0,0,0,0,248666,0,0,0,0,0,0,0,0,0,248666,0,75,0,100,445241,445223,0,221810,250000,10,0,10,0,0,0,0,522962,1000,0,0,0,0,96,5,3,0,'Underboss',1329026832,1329026646,30,'','','','','',0,0,0,0,0,0,60,1329026128,0,0,'enabled',5,'enabled','Attacks','enabled',314,0,3,0,'',1,0,1,19,34,99999,24,99999,99999,99999,21,99999,99999,21,99999,99999,12,99999,99999,99999,99999,37,34622,'no',0,'enabled',2,0,0,'enabled','enabled',0,0,0,0,0,1,7,0,0,8,0,0,0,0,0),(32,'ChoppedUpMaybach','bishop54','paulie69','0','141.0.9.169','s27-11.opera-mini.net','75d1bba5d44dc343603f2e5d4c9912b5','','normal','none','yes','0','0','normal',1450,0,0,0,0,0,0,0,0,0,0,0,266,44956313,71885063,0,0,0,1,7868,12327,0,0,0,0,0,0,0,0,0,0,0,20195,0,75,0,100,55929,67046,0,8370,250000,10,0,10,0,0,0,0,7181,1000,0,0,0,170,366,2,13,0,'',1329083066,1329072209,37,'http://www.youtube.com/v/BoEKWtgJQAU&autoplay=1.swf','','','','',0,0,0,0,0,0,60,1329072140,0,0,'enabled',5,'enabled','Main Menu','enabled',16,0,0,0,'',343036171,13296,1,9,40,99999,38,99999,99999,99999,26,99999,99999,33,99999,99999,5,99999,99999,99999,99999,52,511082,'no',0,'enabled',0,0,500000000,'enabled','enabled',0,0,0,0,0,0,14,0,0,3,0,0,0,0,0),(33,'8sec','busaguy','lilguy01','0','24.14.188.97','c-24-14-188-97.hsd1.il.comcast.net','d6f7e80e16e4cebd67acfc5dc13ee9da','','supporter','none','yes','0','0','normal',0,0,0,0,0,180000,180000,0,4,0,30000,0,3610742540537,3794775978130,5423902225630,182077935338,0,0,0,0,0,0,1501880,0,0,432211,0,0,0,0,0,432211,1501880,0,93,100,100,3754700,3754700,0,1512739,250000,10,0,10,0,0,0,0,434433666,1000,0,0,0,0,102,5,2,0,'',1329183682,1328661357,24,'','','','','',0,0,0,0,0,0,60,1329087557,0,0,'enabled',5,'enabled','Main Menu','enabled',0,0,0,0,'',24505977,0,3,1,1,99999,99999,99999,1,99999,99999,99999,1,99999,99999,1,31,99999,6,99999,99999,1,424866,'no',0,'enabled',0,0,0,'enabled','enabled',0,0,0,0,0,1,55,0,0,0,0,0,0,0,0),(34,'CAZ','CAZ','123abc','0','188.222.38.77','188-222-38-77.zone13.bethere.co.uk','0a43742177aea60edbf211c1f553572c','','supporter','none','yes','0','0','normal',0,0,0,0,0,0,0,0,0,0,0,0,88166206168,88571888485,104952942235,70355021,0,0,1,0,0,0,330986,0,0,0,0,0,0,0,0,0,330986,0,75,0,100,827465,827465,0,172484,250000,10,0,10,0,0,0,0,4368281,1000,0,0,0,0,152,3,3,0,'Underboss',1329087595,1328976238,24,'','','','','',0,0,0,0,0,0,60,1329087585,0,0,'enabled',5,'enabled','Global Ranks','enabled',1,0,0,0,'',6556,0,1,2,13,99999,99999,99999,9,99999,6,99999,99999,5,99999,99999,7,99999,99999,99999,99999,14,77467,'no',0,'enabled',0,0,0,'enabled','enabled',0,0,0,0,0,0,20,0,0,0,0,0,0,0,0),(35,'Dougi3','slug','rangers','0','82.41.99.35','cpc1-dund3-0-0-cust802.sgyl.cable.virginmedia.com','c0b823533b37a22bbc921c1ab5b0d1b0','','normal','none','yes','0','0','normal',0,0,0,0,0,0,0,0,0,0,0,0,114454328096,114872190597,116101706847,70355021,0,0,1,0,0,0,343716,0,0,677,0,0,0,0,0,677,343344,0,0,100,100,0,0,0,693245,250000,10,0,10,0,0,0,0,327871,1000,0,0,0,0,154,2,1,0,'Underboss',1329087601,1329072050,32,'','','','','',0,0,0,0,0,0,60,1329087587,0,0,'enabled',5,'enabled','Level 1 Ranks','enabled',1,0,0,0,'',10590,0,1,3,9,99999,3,99999,99999,99999,2,99999,99999,2,99999,99999,11,99999,99999,99999,99999,10,41979,'no',0,'enabled',0,0,10000000000,'enabled','enabled',0,0,0,0,0,0,9,0,0,0,0,0,0,0,0),(36,'tAcO_aTtAcKo','zmac_dre','nikola*ljilj','0','99.224.159.73','CPE0026f39709e8-CM0026f39709e5.cpe.net.cable.rogers.com','50471b039d096a0592f4fba29b4a850c','','normal','none','yes','0','0','normal',0,0,0,0,0,380000,380000,0,0,0,0,0,103771488829,1434967610720,3592697979480,1328897007876,0,0,1,0,0,0,2276689,0,0,0,0,0,0,0,0,0,2276689,0,0,0,100,0,0,0,5606255,250000,0,0,0,0,0,0,0,575394765,1000,0,0,0,0,58,1,4,0,'',1329087601,1328526835,21,'http://flipncute.com/TACO-WOLVERINE-NEW.swf','','','','',0,0,0,0,0,0,60,1329087556,0,0,'enabled',5,'enabled','Global Ranks','enabled',16,0,0,0,'',37865712058,0,3,1,2,99999,1,99999,99999,99999,99999,99999,2,99999,99999,2,10,99999,5,99999,99999,2,1117779,'no',0,'enabled',0,0,0,'enabled','enabled',0,0,0,0,0,0,26,0,0,0,0,0,0,0,0),(37,'Suspect','Yahway616','monojayz1','0','71.205.64.142','c-71-205-64-142.hsd1.mi.comcast.net','69f6edbcd4aff3c55a22281aec1aed06','','normal','none','yes','0','0','normal',1132,0,0,0,0,20500,20500,0,0,0,0,0,989,426839,4241155589,0,0,0,10,0,0,0,420,0,0,0,0,0,0,0,0,0,420,0,56,0,100,1050,1050,0,0,250000,1,0,0,0,80,0,0,1130853,1000,0,0,3,1234,318,2,4,0,'',1329088403,1329085259,2,'http://www.youtube.com/v/xqn-YM8Nkuk&autoplay=1.swf','the sky is the limit','','','',0,0,0,0,0,0,0,0,0,0,'enabled',5,'enabled','Main Menu','enabled',0,0,0,0,'',60372510,706751319,2,7,47,99999,21,99999,99999,99999,99999,12,99999,99999,10,99999,1,1,99999,99999,99999,33,2078843,'no',0,'enabled',0,0,5000000000,'enabled','enabled',0,0,0,0,0,0,53,0,0,0,0,0,0,0,0),(38,'JacK_ScHiTT','jack_schitt','magview','0','24.116.204.46','24-116-204-46.cpe.cableone.net','e601b59da2d901c809e36b2c7d0a80fe','','normal','none','yes','0','0','normal',3750,25000,2000,0,0,0,0,0,0,0,0,0,0,866743000,904246750,0,0,0,10,164055,226632,0,1000,0,0,0,0,0,0,0,0,0,391687,0,41,0,100,250000,250000,0,250000,250000,10,0,10,0,10,0,0,10000,1000,0,0,0,0,2,5,13,0,'',1329088290,1328491046,5,'http://26.media.tumblr.com/tumblr_ly825typxR1rnni22o1_500.gif','UMADBRO?','','','',0,0,0,0,0,0,60,1328984244,0,0,'enabled',5,'enabled','Main Menu','enabled',67,0,0,0,'',0,0,1,21,30,99999,26,99999,99999,99999,18,99999,99999,23,99999,99999,19,99999,99999,99999,99999,39,90,'no',0,'enabled',0,0,0,'enabled','enabled',0,0,0,0,0,1,14,0,0,1,0,0,0,0,0),(40,'Noodles','8-BALL','bobdog','0','173.87.113.188','static-173-87-113-188.dr02.rvra.az.frontiernet.net','614f868dd691e836e9682383a44a3ba6','','normal','none','yes','0','0','normal',10871,0,0,0,0,0,0,0,0,0,0,0,50531623925,52511037013,53580548263,70355021,0,0,1,233413,336960,0,2364,0,0,923,0,0,0,0,0,923,572737,0,86,100,100,134327956,39992425,0,98417959,250000,10,0,10,0,10,0,0,285202,1000,0,0,0,0,2,5,1,0,'Underboss',1329087518,1328491039,5,'','','','','',0,0,0,0,0,0,60,1329087371,0,0,'enabled',5,'enabled','Global Ranks','enabled',293,1,9,0,'',0,0,1,10,15,99999,12,99999,99999,99999,8,99999,99999,12,99999,99999,20,99999,99999,99999,99999,23,90,'no',0,'enabled',43,0,10,'enabled','enabled',0,0,1,0,0,0,1,0,0,0,0,0,0,0,0),(39,'Demize','shaggy','centennial','0','70.188.134.175','ip70-188-134-175.ri.ri.cox.net','64da40937e0379b98f037a9315c11877','','normal','none','yes','0','0','normal',0,0,0,0,0,0,0,0,0,0,0,0,88317484840,91899521435,111654408935,2574076199,0,0,1,185209,271296,0,1000,0,0,0,12,14,0,0,0,26,457505,0,0,100,100,0,0,0,247849,250000,10,0,10,0,10,0,0,5267969,1000,0,0,0,0,2,4,4,0,'',1329087607,1328488820,5,'','','','','',0,0,0,0,0,0,60,1329087573,0,0,'enabled',5,'enabled','Flying_Solo Family','enabled',67,0,0,0,'',0,0,1,2,12,99999,5,99999,99999,99999,5,99999,99999,3,99999,99999,21,99999,99999,99999,99999,12,90,'no',0,'enabled',0,0,0,'enabled','enabled',0,0,0,0,0,0,1,0,0,0,0,0,0,0,0),(44,'Pimptress','pimptress','lucky44','0','65.35.93.37','37-93.35-65.tampabay.res.rr.com','9383540494967c16eecd740db46058a1','','normal','none','yes','0','0','normal',3750,25000,2998,0,0,0,0,0,0,0,0,0,0,1258702782,1258706532,67004782,0,0,1,227816,309402,0,1000,0,0,0,11,14,0,0,0,25,538218,0,27,36,100,250000,250000,0,250000,250000,10,0,10,0,10,0,0,0,1000,0,0,0,0,2,5,4,0,'',1329014723,1328524704,21,'','','','','',0,0,0,0,0,0,60,1329014721,0,0,'enabled',5,'enabled','Flying_Solo Family','enabled',288,0,9,0,'',0,0,1,20,29,99999,25,99999,99999,99999,17,99999,99999,22,99999,99999,22,99999,99999,99999,99999,38,90,'no',0,'enabled',0,0,0,'enabled','enabled',0,0,0,0,0,0,1,0,0,0,0,0,0,0,0),(41,'TheGreat1','thegreat1','20691','0','77.247.181.164','rainbowwarrior.torservers.net','d53bf0a51727881364adfd72afdef82b','','normal','none','yes','0','0','normal',3797,0,0,0,0,0,0,0,0,0,0,0,826,3627884718,5565044718,3440754120,0,0,1,0,0,0,182996,0,0,0,0,0,0,0,0,0,182996,0,75,0,100,457490,457490,0,490578,250000,10,0,10,0,10,0,0,516575,1000,0,0,0,0,18,5,6,0,'',1328494533,1328494521,10,'','','','','',0,0,0,0,0,0,60,1328494376,0,0,'enabled',5,'enabled','Global Ranks','enabled',293,1,9,0,'',2742,0,1,15,27,99999,20,99999,99999,99999,15,99999,99999,17,99999,99999,9,99999,99999,99999,99999,31,51661,'no',0,'enabled',0,0,0,'enabled','enabled',0,0,0,0,0,1,0,9,1,0,0,0,0,0,0),(57,'AMW','x-man93','pussy1','0','24.105.208.178','24-105-208-178.cm.mhcable.com','96a6bfc76c782134c8f2313d3d540cc8','','normal','none','yes','0','0','normal',3750,25000,2000,0,0,0,0,0,0,0,0,0,0,0,65976500,57881250,0,0,10,0,0,0,1000,0,0,1000,0,0,0,0,0,1000,1000,0,100,100,100,250000,250000,0,250000,250000,10,0,10,0,10,0,0,1000,1000,0,0,0,0,0,5,0,0,'',1328850858,0,0,'','','','','',0,0,0,0,0,0,0,0,0,0,'enabled',5,'enabled','AMW profile','enabled',171,0,0,0,'',0,0,1,29,51,99999,41,99999,99999,99999,33,99999,99999,36,99999,99999,33,99999,99999,99999,99999,55,0,'no',0,'enabled',3,0,0,'enabled','enabled',0,0,0,0,0,0,0,0,0,16,0,0,0,0,0),(43,'Steven','Voltage','strong18','0','75.65.58.141','c-75-65-58-141.hsd1.la.comcast.net','549f81777acb1665e435d9d5ea12d561','','supporter','none','yes','0','0','normal',3798,25000,6000,0,0,0,0,0,0,0,0,0,1133,1259405094,2311381344,70355021,0,0,1,220885,314559,0,1000,0,0,0,10,15,0,0,0,25,536444,0,86,100,100,1341110,1341110,0,250000,250000,10,0,10,0,10,0,0,280526,1000,0,0,0,0,2,5,4,0,'',1329100299,1328524692,21,'','','','','',0,0,0,0,0,0,1,1329057546,0,0,'enabled',5,'enabled','Main Menu','enabled',33,0,0,0,'',0,0,1,18,28,99999,99999,99999,13,99999,16,99999,99999,20,99999,99999,23,99999,99999,99999,99999,36,90,'no',0,'enabled',0,0,0,'enabled','enabled',0,0,0,0,0,0,3,0,0,0,0,0,0,0,0),(42,'HawkY','glockman','Thrilla1!','0','168.30.128.198','cas1.ngcsu.edu','000a971ebca8b488f3ba96e2d8f371a4','','supporter','none','yes','0','0','normal',0,0,0,0,0,0,0,0,0,0,0,0,104079572284,105140944071,108521242821,0,0,0,1,192242,288112,0,1000,0,0,0,10,12,0,0,0,22,481354,0,86,100,100,382403,604752,0,248407,250000,10,0,10,0,10,0,0,901412,1000,0,0,0,0,2,5,4,0,'',1329087601,1328575878,20,'','','','','',0,0,0,0,0,0,60,1329087579,0,0,'enabled',5,'enabled','Flying_Solo Family','enabled',1,0,0,0,'',0,0,1,5,10,99999,99999,99999,8,99999,3,99999,99999,4,99999,99999,24,99999,99999,99999,99999,13,90,'no',0,'enabled',0,0,0,'enabled','enabled',0,0,0,0,0,0,10,0,0,0,0,0,0,0,0),(45,'Lord_Kris','Lord_Kris','qwer111','0','50.131.236.192','c-50-131-236-192.hsd1.ca.comcast.net','b3fab57b5cc98585da0860afc1a891a6','','normal','none','yes','0','0','normal',300,0,2000,0,0,0,0,0,0,0,0,0,1084,18108221260,65044605010,16888712162,0,0,0,190702,268006,0,1000,0,0,0,0,0,0,0,0,0,459708,0,75,0,100,136127755,22757253,0,250000,250000,10,0,10,0,10,0,0,12516368,1000,0,0,0,0,2,4,4,0,'',1329083744,1328524761,21,'','','','','',0,0,0,0,0,0,60,1329083737,0,0,'enabled',5,'enabled','Global Ranks','enabled',16,0,9,0,'',0,0,1,4,22,99999,9,99999,99999,99999,11,99999,99999,9,99999,99999,25,99999,99999,99999,99999,19,90,'no',0,'enabled',0,0,0,'enabled','enabled',0,0,0,0,0,0,1,0,0,0,0,0,0,0,0),(46,'KILL_YOU_DEAD','MidNight','chrisbenoit','0','183.83.201.5','ras.beamtele.net','a82d280685f3e20cdca85934d968410f','','normal','none','yes','0','0','normal',1250,0,0,0,0,0,0,0,0,0,0,0,2227,18384620716,73092613216,18148536847,0,0,1,0,0,0,232749,0,0,5,0,0,0,0,0,5,232749,0,86,100,100,581873,581873,0,249625,250000,1,0,0,0,0,0,0,14588798,1000,0,0,0,0,206,5,17,0,'',1329072601,1328937456,30,'','','','','',0,0,0,0,0,0,60,1329072592,0,0,'enabled',5,'enabled','Making Purchases','enabled',42,0,0,0,'',0,0,1,7,21,99999,8,99999,99999,99999,10,99999,99999,8,99999,99999,29,99999,99999,99999,99999,18,50,'no',0,'enabled',0,0,0,'enabled','enabled',0,0,0,0,0,0,6,0,0,1,0,0,0,0,0),(47,'Frank','ankh','copper','0','72.198.24.135','ip72-198-24-135.ok.ok.cox.net','7f676e71e1d5ae0ca8f8f9ef4c6fc80b','','normal','none','yes','0','0','normal',1343,0,0,0,0,0,0,0,0,0,0,0,98898326240,99286263382,99476928382,67004782,0,0,0,0,0,0,310468,0,0,1940,0,0,0,0,0,924,308856,0,0,100,100,0,0,0,2131090,250000,0,0,0,0,0,0,0,50844,1000,0,0,0,0,178,4,3,0,'Underboss',1329087609,1329068431,22,'','','','','',0,0,0,0,0,0,60,1329087609,0,0,'enabled',5,'enabled','Recruiting','enabled',19,0,0,0,'',1,0,1,3,11,99999,6,99999,99999,99999,4,99999,99999,6,99999,99999,13,99999,99999,99999,99999,15,33569,'no',0,'enabled',0,0,0,'enabled','enabled',0,0,0,0,0,0,31,0,0,0,0,0,0,0,0),(48,'Chantz','te3de','hummer','0','74.184.68.248','adsl-074-184-068-248.sip.asm.bellsouth.net','f6bd1883311b9e00d357eabfab8dcb1d','','normal','none','yes','0','0','normal',3750,25000,2000,0,0,0,0,0,0,0,0,0,0,0,75100032,67004782,0,0,10,0,0,0,1000,0,0,1000,0,0,0,0,0,1000,1000,0,100,100,100,250000,250000,0,250000,250000,10,0,10,0,10,0,0,1000,1000,0,0,0,0,0,3,0,0,'',1328585013,0,0,'','','','','',0,0,0,0,0,0,0,0,0,0,'enabled',5,'enabled','Main Menu','enabled',279,0,9,0,'',0,0,1,4,52,99999,35,99999,99999,99999,34,99999,99999,30,99999,99999,34,99999,99999,99999,99999,49,0,'no',0,'enabled',0,0,0,'enabled','enabled',0,0,0,0,0,3,1,0,0,0,0,0,0,0,0),(54,'NoStress','NullStress','2489123','0','46.46.244.164','ip-164-244-46-46.dialup.ice.net','b816e2c650b1a45c2fb463b4eb27988e','','normal','none','yes','0','0','normal',3750,125000,2000,0,0,100000,100000,0,0,0,0,0,0,0,86771218,78675968,0,0,10,0,0,0,1000,0,0,1000,0,0,0,0,0,1000,1000,0,100,100,100,250000,250000,0,250000,250000,10,0,10,0,10,0,0,1000,1000,0,0,0,0,0,5,0,0,'',1328737179,0,0,'','','','','',0,0,0,0,0,0,0,0,0,0,'enabled',5,'enabled','Whosonline','enabled',182,0,0,0,'',0,0,3,24,53,99999,33,99999,99999,99999,99999,99999,7,99999,99999,7,99999,99999,7,99999,99999,46,0,'no',0,'enabled',0,0,0,'enabled','enabled',0,0,0,0,0,1,1,0,1,0,0,0,0,0,0),(50,'LegendKiller','fashanu','Joseph95','0','220.255.1.102','proxy-220-255-1-102.singnet.com.sg','3f896d5aa2d0340c83cfb8b8700d6d80','','normal','none','yes','0','0','normal',3750,25000,2000,0,0,0,0,0,0,0,0,0,0,98178578,98178578,63814078,0,0,10,0,0,0,32023,0,0,0,0,0,0,0,0,0,32023,0,75,0,100,250000,250000,0,250000,250000,10,0,10,0,0,0,0,0,1000,0,0,0,0,2,4,0,0,'',1328603673,1328603641,21,'','','','','',0,0,0,0,0,0,60,1328603552,0,0,'enabled',5,'enabled','Family Ranks','enabled',278,0,8,0,'',0,0,1,5,38,99999,32,99999,99999,99999,25,99999,99999,27,99999,99999,30,99999,99999,99999,99999,45,50,'no',0,'enabled',0,0,0,'enabled','enabled',0,0,0,0,0,3,0,0,4,0,0,0,0,0,0),(49,'West_Coast_Killa','Ice_Cube','Paul34Pierce','0','207.216.136.52','d207-216-136-52.bchsia.telus.net','bf84a7db8e2f17a375e8af68a8e47f56','','normal','none','yes','0','0','normal',3750,25000,2000,0,0,0,0,0,0,0,0,0,0,0,71909328,63814078,0,0,10,0,0,0,1000,0,0,1000,0,0,0,0,0,1000,1000,0,100,100,100,250000,250000,0,250000,250000,10,0,10,0,10,0,0,1000,1000,0,0,0,0,0,5,0,0,'',1329014728,0,0,'','','','','',0,0,0,0,0,0,0,0,0,0,'enabled',5,'enabled','JacK_ScHiTT profile','enabled',62,0,0,0,'',0,0,1,26,54,99999,36,99999,99999,99999,35,99999,99999,31,99999,99999,35,99999,99999,99999,99999,50,0,'no',0,'enabled',0,0,0,'enabled','enabled',0,0,0,0,0,0,0,0,0,0,0,0,0,0,0),(51,'InCoGnItO','scar_face_84','nissan','0','166.216.162.23','alpnggts101-dmz.mycingular.net','46e39435c76db4598e845021afb39ca7','','normal','none','yes','0','0','normal',3750,25000,2000,0,0,0,0,0,0,0,0,0,0,0,71909328,63814078,0,0,10,0,0,0,1000,0,0,1000,0,0,0,0,0,1000,1000,0,100,100,100,250000,250000,0,250000,250000,10,0,10,0,10,0,0,1000,1000,0,0,0,0,0,5,3,0,'Underboss',1328980220,0,0,'','','','','',0,0,0,0,0,0,0,0,0,0,'enabled',5,'enabled','Main Menu','enabled',181,0,0,0,'',0,0,1,27,55,99999,37,99999,99999,99999,36,99999,99999,32,99999,99999,36,99999,99999,99999,99999,51,0,'no',0,'enabled',3,0,0,'enabled','enabled',0,0,0,0,0,2,3,0,0,14,0,0,0,0,0),(55,'haha','jaydejohnson','mobster1969','0','162.40.208.125','h125.208.40.162.dynamic.ip.windstream.net','86e748bcb47e72926fe94f2e7a29e23e','','normal','none','yes','0','0','normal',3750,25000,2000,0,0,0,0,0,0,0,0,0,0,0,68870562,60775312,0,0,10,0,0,0,1000,0,0,1000,0,0,0,0,0,1000,1000,0,100,100,100,250000,250000,0,250000,250000,10,0,10,0,10,0,0,1000,1000,0,0,0,0,0,5,0,0,'',1328738931,0,0,'','','','','',0,0,0,0,0,0,0,0,0,0,'enabled',5,'enabled','Main Menu','enabled',180,0,0,0,'',0,0,1,28,56,99999,39,99999,99999,99999,37,99999,99999,34,99999,99999,37,99999,99999,99999,99999,53,0,'no',0,'enabled',0,0,0,'enabled','enabled',0,0,0,0,0,0,0,0,1,0,0,0,0,0,0),(56,'AIDS','frescatti','manortx','0','68.203.9.30','cpe-68-203-9-30.austin.res.rr.com','ce3028730aaf2e1a1048c1c27a3fee6e','','normal','none','yes','0','0','normal',3750,25000,2000,0,0,0,0,0,0,0,0,0,0,0,68870562,60775312,0,0,10,0,0,0,1000,0,0,1000,0,0,0,0,0,1000,1000,0,100,100,100,250000,250000,0,250000,250000,10,0,10,0,10,0,0,1000,1000,0,0,0,0,0,4,0,0,'',1328754324,0,0,'','','','','',0,0,0,0,0,0,0,0,0,0,'enabled',5,'enabled','','enabled',173,0,0,0,'',0,0,1,6,57,99999,40,99999,99999,99999,38,99999,99999,35,99999,99999,38,99999,99999,99999,99999,54,0,'no',0,'enabled',0,0,0,'enabled','enabled',0,0,0,0,0,0,0,0,2,0,0,0,0,0,0),(52,'stoner','killerme10','shaun','0','82.132.138.237','82.132.138.237','35ebe593f0f10ef6eee567b24c0f931d','','normal','none','yes','0','0','normal',3750,0,2000,0,0,0,0,0,0,0,0,0,113564741,291618581,583001081,60775312,0,0,10,0,0,0,112684,0,0,0,0,0,0,0,0,0,112684,0,75,0,100,281710,281710,0,781547,250000,10,0,10,0,10,0,0,77701,1000,0,0,0,0,20,5,0,0,'',1328915263,1328906244,27,'','','','','',0,0,0,0,0,0,60,1328884117,0,0,'enabled',5,'enabled','Inbox','enabled',191,0,0,0,'',463273789,0,1,23,33,99999,29,99999,99999,99999,20,99999,99999,25,99999,99999,8,99999,99999,99999,99999,42,53233,'no',0,'enabled',0,0,0,'enabled','enabled',0,0,0,0,0,0,1,10,2,0,0,0,0,0,0),(53,'Marco','Gamer357','gametime2012','0','198.228.225.75','mobile-198-228-225-075.mycingular.net','47d5feae6e21a4c23054972ab599070e','','normal','none','yes','0','0','normal',3750,0,0,0,0,0,0,0,0,0,0,0,137,132798307,836459557,0,0,0,10,14887,17993,0,58196,0,0,0,0,0,0,0,0,0,91076,0,36,0,100,0,336358,0,12024,250000,10,0,10,0,10,0,0,187642,1000,0,0,0,0,14,2,0,0,'',1328842598,1328818079,21,'','      Scab king! Watch ya pockets  haha','','','',0,0,0,0,0,0,60,1328842327,86400,1328727424,'enabled',5,'disabled','Main Menu','enabled',146,0,0,0,'',1593006953,0,1,8,36,99999,27,99999,99999,99999,23,99999,99999,24,99999,99999,14,99999,99999,99999,99999,40,30483,'no',0,'enabled',6,0,1000000000,'enabled','enabled',0,0,0,0,0,4,3,0,0,22,0,0,0,0,0),(59,'871','bigjstud','bigjstud87','0','74.128.71.196','74-128-71-196.dhcp.insightbb.com','769add32c7ebbb0d6615e3682a18847b','','normal','none','yes','0','0','normal',3750,25000,2000,0,0,0,0,0,0,0,0,0,0,0,63220250,55125000,0,0,10,0,0,0,1000,0,0,1000,0,0,0,0,0,1000,1000,0,100,100,100,250000,250000,0,250000,250000,10,0,10,0,10,0,0,1000,1000,0,0,0,0,0,4,0,0,'',1328926960,0,0,'','','','','',0,0,0,0,0,0,0,0,0,0,'enabled',5,'enabled','Whosonline','enabled',97,0,0,0,'',0,0,1,7,58,99999,42,99999,99999,99999,39,99999,99999,37,99999,99999,39,99999,99999,99999,99999,56,0,'no',0,'enabled',0,0,0,'enabled','enabled',0,0,0,0,0,0,1,0,0,0,0,0,0,0,0),(58,'HoWyABeEn','Scurvy','mvtmvt666','0','178.84.185.177','178-84-185-177.dynamic.upc.nl','ae9a946977fa5434ac0b2f92b1bf8c4e','','normal','none','yes','0','0','normal',3750,25000,2000,0,0,0,0,0,0,0,0,0,0,0,63220250,55125000,0,0,10,0,0,0,1000,0,0,1000,0,0,0,0,0,1000,1000,0,100,100,100,250000,250000,0,250000,250000,10,0,10,0,10,0,0,1000,1000,0,0,0,0,0,2,0,0,'',1328905649,0,0,'http://americanfraud.com/images/Allan%20Dorfman2.JPG','','','','',0,0,0,0,0,0,0,0,0,0,'enabled',5,'enabled','Global Ranks','enabled',98,0,0,0,'',0,0,1,10,59,99999,43,99999,99999,99999,40,99999,99999,38,99999,99999,40,99999,99999,99999,99999,57,0,'no',0,'enabled',0,0,0,'enabled','enabled',0,0,0,0,0,0,0,0,0,0,0,0,0,0,0),(60,'Freddy','freddymac','mobstercrime','0','197.250.1.118','197.250.1.118','9f856288c02cbbdd12cc47628b339af3','','normal','none','yes','0','0','normal',3750,25000,2000,0,0,0,0,0,0,0,0,0,0,0,60595250,52500000,0,0,10,0,0,0,1000,0,0,1000,0,0,0,0,0,1000,1000,0,100,100,100,250000,250000,0,250000,250000,10,0,10,0,10,0,0,1000,1000,0,0,0,0,0,5,0,0,'',1328995111,0,0,'','','','','',0,0,0,0,0,0,0,0,0,0,'enabled',5,'enabled','Inbox','enabled',66,0,0,0,'',0,0,1,30,60,99999,44,99999,99999,99999,41,99999,99999,39,99999,99999,41,99999,99999,99999,99999,58,0,'no',0,'enabled',0,0,0,'enabled','enabled',0,0,0,0,0,0,2,0,0,0,0,0,0,0,0);

--
-- Table structure for table `r269_city`
--

CREATE TABLE `r269_city` (
  `id` tinyint(1) NOT NULL AUTO_INCREMENT,
  `name` varchar(255) NOT NULL DEFAULT '',
  `country` varchar(32) NOT NULL DEFAULT '',
  PRIMARY KEY (`id`)
) ENGINE=MyISAM AUTO_INCREMENT=6 DEFAULT CHARSET=latin1;

--
-- Dumping data for table `r269_city`
--

INSERT INTO `r269_city` VALUES (1,'New York',''),(2,'Chicago',''),(3,'Miami',''),(4,'Los Angeles',''),(5,'Las Vegas','');

--
-- Table structure for table `r269_crew`
--

CREATE TABLE `r269_crew` (
  `id` int(6) unsigned NOT NULL AUTO_INCREMENT,
  `name` varchar(18) NOT NULL DEFAULT '',
  `don` varchar(18) NOT NULL DEFAULT '',
  `founder` varchar(18) NOT NULL DEFAULT '',
  `members` smallint(6) NOT NULL DEFAULT '1',
  `profile` varchar(255) NOT NULL DEFAULT '',
  `icon` varchar(255) NOT NULL DEFAULT '',
  `city` tinyint(3) unsigned NOT NULL DEFAULT '1',
  `rank` decimal(65,0) unsigned NOT NULL DEFAULT '99999',
  `networth` decimal(65,0) unsigned NOT NULL DEFAULT '0',
  `cofounder` varchar(18) NOT NULL DEFAULT '',
  `money` decimal(65,0) unsigned NOT NULL DEFAULT '50000',
  `condom` decimal(65,0) unsigned NOT NULL DEFAULT '500',
  `crack` decimal(65,0) unsigned NOT NULL DEFAULT '500',
  `medicine` decimal(65,0) unsigned NOT NULL DEFAULT '500',
  `thug` decimal(65,0) unsigned NOT NULL DEFAULT '500',
  `beer` decimal(65,0) unsigned NOT NULL DEFAULT '0',
  `weed` decimal(65,0) unsigned NOT NULL DEFAULT '0',
  `glock` decimal(65,0) unsigned NOT NULL DEFAULT '0',
  `shotgun` decimal(65,0) unsigned NOT NULL DEFAULT '0',
  `uzi` decimal(65,0) unsigned NOT NULL DEFAULT '0',
  `ak47` decimal(65,0) unsigned NOT NULL DEFAULT '0',
  `bank` decimal(65,0) unsigned NOT NULL DEFAULT '50000',
  `lowrider` decimal(65,0) unsigned NOT NULL DEFAULT '0',
  `cbank` decimal(65,0) unsigned NOT NULL DEFAULT '0',
  `title` varchar(255) NOT NULL DEFAULT '',
  `tnetworth` decimal(65,0) NOT NULL DEFAULT '0',
  `finalrank` decimal(65,0) unsigned NOT NULL DEFAULT '0',
  `motd` text NOT NULL,
  `tbank` decimal(65,0) unsigned NOT NULL DEFAULT '2000',
  `exten` smallint(6) NOT NULL DEFAULT '0',
  `ivt` tinyint(3) unsigned NOT NULL DEFAULT '0',
  `uploads` smallint(6) NOT NULL DEFAULT '0',
  `totaldus` double unsigned NOT NULL DEFAULT '0',
  `totalops` double unsigned NOT NULL DEFAULT '0',
  `totalkills` double unsigned NOT NULL DEFAULT '0',
  PRIMARY KEY (`id`)
) ENGINE=MyISAM AUTO_INCREMENT=8 DEFAULT CHARSET=latin1;

--
-- Dumping data for table `r269_crew`
--

INSERT INTO `r269_crew` VALUES (1,'Fearless_Army','8sec','8sec',9,'','../images/icons/269/fearlessgrn.gif1329087646',5,3,731841846347,'FoXy_BrOwN',50000,500,500,500,500,0,0,0,0,0,0,50000,0,0,'',3983027657590,2,'',2000,0,0,1,1504902,3388425,655552),(2,'GrInD_HoUsE','Deadman','Deadman',9,'','../images/icons/269/Skull.gif1329095395',3,5,515917026851,'Frank',50000,500,500,500,500,0,0,0,0,0,0,50000,0,0,'',1523883150850,4,'',2000,0,0,1,624854,2612175,635384),(4,'Flying_Solo','HawkY','HawkY',10,'','../images/icons/269/FlyingSolo.gif1329093623',5,2,1710165875470,'aNdRe',50000,500,500,500,500,0,0,0,0,0,0,50000,0,77445847721,'',2775553330750,3,'',2000,0,0,1,1836936,3568118,5476216),(5,'No_Mercy','DoWn4LiFe','DoWn4LiFe',8,'','../images/icons/269/NMinverted.gif1329087793',5,4,568009884657,'dakota',50000,500,500,500,500,0,0,0,0,0,0,50000,0,53000004428,'',1309929779340,5,'',2000,0,0,1,609286,3014931,583708),(6,'The_Office','Lith','Lith',8,'','../images/icons/269/IM.gif1329087857',5,1,3130177248590,'HOLE_PUNCH',50000,500,500,500,500,0,0,0,0,0,0,50000,0,0,'',14995602457300,1,'',2000,0,0,1,2092118,5638958,450694),(7,'x','e','e',1,'','',3,6,0,'',50000,500,500,500,500,0,0,0,0,0,0,50000,0,0,'',60595250,6,'',2000,0,0,0,1000,1000,0);

--
-- Table structure for table `r269_extens`
--

CREATE TABLE `r269_extens` (
  `id` int(6) unsigned NOT NULL AUTO_INCREMENT,
  `name` varchar(18) NOT NULL DEFAULT '',
  `don` varchar(18) NOT NULL DEFAULT '',
  `founder` varchar(18) NOT NULL DEFAULT '',
  `cofounder` varchar(18) NOT NULL DEFAULT '',
  `members` smallint(6) NOT NULL DEFAULT '1',
  `profile` varchar(255) NOT NULL DEFAULT '',
  `icon` varchar(255) NOT NULL DEFAULT '',
  `city` tinyint(3) unsigned NOT NULL DEFAULT '1',
  `networth` decimal(65,0) unsigned NOT NULL DEFAULT '0',
  `tnetworth` decimal(65,0) NOT NULL DEFAULT '0',
  `bank` decimal(65,0) unsigned NOT NULL DEFAULT '50000',
  `cbank` decimal(65,0) unsigned NOT NULL DEFAULT '0',
  `title` varchar(255) NOT NULL DEFAULT '',
  `rank` decimal(65,0) unsigned NOT NULL DEFAULT '99999',
  `finalrank` decimal(65,0) unsigned NOT NULL DEFAULT '0',
  `motd` text NOT NULL,
  `tbank` decimal(65,0) unsigned NOT NULL DEFAULT '2000',
  `exten` smallint(6) NOT NULL DEFAULT '0',
  PRIMARY KEY (`id`)
) ENGINE=MyISAM DEFAULT CHARSET=latin1;

--
-- Dumping data for table `r269_extens`
--


--
-- Table structure for table `r269_pimp`
--

CREATE TABLE `r269_pimp` (
  `id` mediumint(8) unsigned NOT NULL AUTO_INCREMENT,
  `pimp` varchar(18) NOT NULL DEFAULT '',
  `user` varchar(255) NOT NULL DEFAULT '',
  `pass` varchar(32) NOT NULL DEFAULT '',
  `email` varchar(255) NOT NULL DEFAULT '',
  `ip` varchar(15) NOT NULL DEFAULT '0.0.0.0',
  `host` varchar(255) NOT NULL DEFAULT '',
  `code` varchar(43) NOT NULL DEFAULT '',
  `pin` varchar(32) NOT NULL DEFAULT '',
  `status` varchar(12) NOT NULL DEFAULT 'normal',
  `staffstatus` varchar(12) NOT NULL DEFAULT 'none',
  `showstaff` varchar(12) NOT NULL DEFAULT 'yes',
  `subscribe` varchar(12) NOT NULL DEFAULT '0',
  `minisubscribe` varchar(12) NOT NULL DEFAULT '0',
  `workstatus` varchar(12) NOT NULL DEFAULT 'normal',
  `trn` int(10) unsigned NOT NULL DEFAULT '1000',
  `res` int(10) unsigned NOT NULL DEFAULT '2000',
  `tbank` decimal(65,0) unsigned NOT NULL DEFAULT '2000',
  `maxadd` decimal(65,0) unsigned NOT NULL DEFAULT '0',
  `transfered` decimal(55,0) NOT NULL DEFAULT '0',
  `cadd` decimal(65,0) unsigned NOT NULL DEFAULT '0',
  `fadd` decimal(65,0) unsigned NOT NULL DEFAULT '0',
  `madd` decimal(65,0) unsigned NOT NULL DEFAULT '0',
  `sub` decimal(65,0) unsigned NOT NULL DEFAULT '0',
  `minisub` decimal(65,0) unsigned NOT NULL DEFAULT '0',
  `maxed` decimal(65,0) unsigned NOT NULL DEFAULT '0',
  `minimaxed` decimal(65,0) unsigned NOT NULL DEFAULT '0',
  `money` decimal(65,0) unsigned NOT NULL DEFAULT '0',
  `networth` decimal(65,0) unsigned NOT NULL DEFAULT '0',
  `totnet` decimal(65,0) unsigned NOT NULL DEFAULT '0',
  `bank` decimal(65,0) unsigned NOT NULL DEFAULT '50000000',
  `bank2` decimal(65,0) unsigned NOT NULL DEFAULT '0',
  `bank3` decimal(65,0) unsigned NOT NULL DEFAULT '0',
  `payout` tinyint(3) unsigned NOT NULL DEFAULT '10',
  `whore` decimal(65,0) unsigned NOT NULL DEFAULT '0',
  `dealers` decimal(65,0) unsigned NOT NULL DEFAULT '0',
  `bootleggers` decimal(65,0) unsigned NOT NULL DEFAULT '0',
  `hustlers` decimal(65,0) unsigned NOT NULL DEFAULT '1000',
  `punks` decimal(65,0) unsigned NOT NULL DEFAULT '0',
  `punk` decimal(65,0) unsigned NOT NULL DEFAULT '0',
  `hitmen` decimal(65,0) unsigned NOT NULL DEFAULT '1000',
  `bodyguards` decimal(65,0) unsigned NOT NULL DEFAULT '0',
  `thug` decimal(65,0) unsigned NOT NULL DEFAULT '0',
  `associates` decimal(65,0) unsigned NOT NULL DEFAULT '0',
  `soldiers` decimal(65,0) unsigned NOT NULL DEFAULT '0',
  `enforcers` decimal(65,0) unsigned NOT NULL DEFAULT '0',
  `totaldus` double unsigned NOT NULL DEFAULT '1000',
  `totalops` double unsigned NOT NULL DEFAULT '1000',
  `totaloffensives` double unsigned NOT NULL DEFAULT '0',
  `whappy` tinyint(3) unsigned NOT NULL DEFAULT '100',
  `thappy` tinyint(3) unsigned NOT NULL DEFAULT '100',
  `phappy` tinyint(3) unsigned NOT NULL DEFAULT '100',
  `condom` decimal(65,0) unsigned NOT NULL DEFAULT '250000',
  `crack` decimal(65,0) unsigned NOT NULL DEFAULT '250000',
  `medicine` decimal(65,0) unsigned NOT NULL DEFAULT '0',
  `weed` decimal(65,0) unsigned NOT NULL DEFAULT '250000',
  `beer` decimal(65,0) unsigned NOT NULL DEFAULT '250000',
  `lowrider` decimal(65,0) unsigned NOT NULL DEFAULT '10',
  `hummer` decimal(65,0) unsigned NOT NULL DEFAULT '0',
  `viper` decimal(65,0) unsigned NOT NULL DEFAULT '10',
  `bmxbike` decimal(65,0) unsigned NOT NULL DEFAULT '0',
  `glock` decimal(65,0) unsigned NOT NULL DEFAULT '10',
  `shotgun` decimal(65,0) unsigned NOT NULL DEFAULT '0',
  `uzi` decimal(65,0) unsigned NOT NULL DEFAULT '0',
  `ak47` decimal(65,0) unsigned NOT NULL DEFAULT '1000',
  `vests` decimal(65,0) unsigned NOT NULL DEFAULT '1000',
  `attin` int(10) unsigned NOT NULL DEFAULT '0',
  `revattin` int(10) unsigned NOT NULL DEFAULT '0',
  `attout` int(10) unsigned NOT NULL DEFAULT '0',
  `attackout` decimal(65,0) NOT NULL DEFAULT '0',
  `attackin` decimal(65,0) NOT NULL DEFAULT '0',
  `city` tinyint(3) unsigned NOT NULL DEFAULT '1',
  `crew` bigint(20) unsigned NOT NULL DEFAULT '0',
  `crewext` bigint(20) unsigned NOT NULL DEFAULT '0',
  `ctitle` varchar(18) NOT NULL DEFAULT '',
  `online` int(12) unsigned NOT NULL DEFAULT '0',
  `lastattack` int(12) unsigned NOT NULL DEFAULT '0',
  `lastattackby` int(11) unsigned NOT NULL DEFAULT '0',
  `profile` varchar(255) NOT NULL DEFAULT '',
  `description` varchar(255) NOT NULL DEFAULT '',
  `descriptionfont` varchar(255) NOT NULL DEFAULT '',
  `descriptioncolor` varchar(255) NOT NULL DEFAULT '',
  `descriptionstyle` varchar(255) NOT NULL DEFAULT '',
  `whorek` decimal(65,0) NOT NULL DEFAULT '0',
  `thugk` decimal(65,0) NOT NULL DEFAULT '0',
  `infok` decimal(65,0) NOT NULL DEFAULT '0',
  `punkk` decimal(65,0) NOT NULL DEFAULT '0',
  `hitmenk` decimal(65,0) NOT NULL DEFAULT '0',
  `bodyguardsk` decimal(65,0) NOT NULL DEFAULT '0',
  `protection` int(11) NOT NULL DEFAULT '0',
  `protectstarted` int(12) NOT NULL DEFAULT '0',
  `newprotection` int(11) NOT NULL DEFAULT '0',
  `nprotectstarted` int(12) NOT NULL DEFAULT '0',
  `postpriv` varchar(12) NOT NULL DEFAULT 'enabled',
  `defaultturns` int(12) NOT NULL DEFAULT '5',
  `sounds` varchar(18) NOT NULL DEFAULT 'enabled',
  `page` varchar(200) NOT NULL DEFAULT '',
  `postalerts` varchar(15) NOT NULL DEFAULT 'enabled',
  `posts` int(11) NOT NULL DEFAULT '0',
  `recposts` int(11) NOT NULL DEFAULT '0',
  `helpposts` int(11) NOT NULL DEFAULT '0',
  `newalert` tinyint(1) NOT NULL DEFAULT '0',
  `alert` text NOT NULL,
  `cashstolen` decimal(65,0) NOT NULL DEFAULT '0',
  `ganked` decimal(65,0) unsigned NOT NULL DEFAULT '0',
  `level` int(4) NOT NULL DEFAULT '1',
  `rank` decimal(65,0) unsigned NOT NULL DEFAULT '99999',
  `nrank` decimal(65,0) unsigned NOT NULL DEFAULT '99999',
  `frank` int(5) NOT NULL DEFAULT '99999',
  `farank` decimal(65,0) unsigned NOT NULL DEFAULT '99999',
  `srank` int(5) NOT NULL DEFAULT '99999',
  `sarank` decimal(65,0) unsigned NOT NULL DEFAULT '99999',
  `killrank` int(5) NOT NULL DEFAULT '99999',
  `lvl1rank` decimal(65,0) unsigned NOT NULL DEFAULT '99999',
  `lvl2rank` decimal(65,0) unsigned NOT NULL DEFAULT '99999',
  `lvl3rank` decimal(65,0) unsigned NOT NULL DEFAULT '99999',
  `lvl1frank` decimal(65,0) unsigned NOT NULL DEFAULT '99999',
  `lvl2frank` decimal(65,0) unsigned NOT NULL DEFAULT '99999',
  `lvl3frank` decimal(65,0) unsigned NOT NULL DEFAULT '99999',
  `lvl1krank` decimal(65,0) unsigned NOT NULL DEFAULT '99999',
  `lvl2krank` decimal(65,0) unsigned NOT NULL DEFAULT '99999',
  `lvl3krank` decimal(65,0) unsigned NOT NULL DEFAULT '99999',
  `skillrank` int(5) NOT NULL DEFAULT '99999',
  `fkillrank` int(5) NOT NULL DEFAULT '99999',
  `arank` decimal(65,0) unsigned NOT NULL DEFAULT '99999',
  `totalkills` double unsigned NOT NULL DEFAULT '0',
  `transfers` char(3) NOT NULL DEFAULT 'no',
  `trans` tinyint(3) unsigned NOT NULL DEFAULT '0',
  `medals` varchar(255) NOT NULL DEFAULT 'enabled',
  `cbmsg` tinyint(3) unsigned NOT NULL DEFAULT '0',
  `recmoney` decimal(65,0) unsigned NOT NULL DEFAULT '0',
  `cmoney` decimal(65,0) unsigned NOT NULL DEFAULT '0',
  `callies` varchar(255) NOT NULL DEFAULT 'enabled',
  `images` varchar(255) NOT NULL DEFAULT 'enabled',
  `amsg` tinyint(3) unsigned NOT NULL DEFAULT '0',
  `stfmsg` tinyint(3) unsigned NOT NULL DEFAULT '0',
  `ctrans` tinyint(3) unsigned NOT NULL DEFAULT '0',
  `rmsg` tinyint(3) unsigned NOT NULL DEFAULT '0',
  `camsg` tinyint(3) unsigned NOT NULL DEFAULT '0',
  `msg` tinyint(3) unsigned NOT NULL DEFAULT '0',
  `msgsent` bigint(20) NOT NULL DEFAULT '0',
  `atk` tinyint(3) unsigned NOT NULL DEFAULT '0',
  `ivt` tinyint(3) unsigned NOT NULL DEFAULT '0',
  `cmsg` tinyint(3) unsigned NOT NULL DEFAULT '0',
  `bonusres` int(10) unsigned NOT NULL DEFAULT '0',
  `BONUS1` int(10) unsigned NOT NULL DEFAULT '0',
  `BONUS2` int(10) unsigned NOT NULL DEFAULT '0',
  `BONUS3` int(10) unsigned NOT NULL DEFAULT '0',
  `BONUS4` int(10) unsigned NOT NULL DEFAULT '0',
  PRIMARY KEY (`id`),
  KEY `rank` (`rank`),
  KEY `nrank` (`nrank`)
) ENGINE=MyISAM AUTO_INCREMENT=57 DEFAULT CHARSET=latin1;

--
-- Dumping data for table `r269_pimp`
--

INSERT INTO `r269_pimp` VALUES (1,'Admin','slay','M&tT..2.05.2','0','151.203.216.95','pool-151-203-216-95.bos.east.verizon.net','7a89d9867e077c7921bce0fb61b763d0','','admin','none','yes','0','0','normal',3750,25000,2000,0,0,0,0,0,0,0,0,0,0,0,78450271,70355021,0,0,10,0,0,0,1000,0,0,1000,0,0,0,0,0,1000,1000,0,100,100,100,250000,250000,0,250000,250000,10,0,10,0,10,0,0,1000,1000,0,0,0,0,0,5,0,0,'',1329692412,0,0,'','','','','',0,0,0,0,0,0,0,0,0,0,'enabled',5,'enabled','Whosonline','enabled',0,0,0,0,'',0,0,1,17,48,99999,99999,99999,99999,99999,30,99999,99999,30,99999,99999,27,99999,99999,99999,99999,48,0,'no',0,'enabled',0,0,0,'enabled','enabled',0,0,0,0,0,0,39,0,0,0,0,0,0,0,0),(2,'Deadman','The_Deadman','august30','0','98.237.223.166','c-98-237-223-166.hsd1.wa.comcast.net','2dd4f3d7d65bb461bcca36e7aac5eaf6','','supporter','none','yes','3','0','normal',0,0,0,0,0,0,0,0,3,0,15000,0,301405093353,377391099655,830511733405,75353910850,0,0,1,0,0,0,621972,0,0,173,0,0,0,0,0,173,621972,0,0,100,100,0,0,0,2402238,250000,10,0,10,0,10,0,0,120832168,1000,20,0,0,0,56,3,2,0,'',1329692405,1329691630,25,'','','','','',0,0,0,0,0,0,60,1329692381,0,0,'enabled',5,'enabled','GrInD_HoUsE Family','enabled',0,0,0,0,'',6985471454,0,2,1,3,99999,99999,99999,5,99999,99999,2,99999,99999,3,99999,2,9,99999,99999,99999,5,341787,'no',0,'enabled',0,0,7000000000,'enabled','enabled',0,0,0,0,0,0,1,0,0,0,0,0,0,0,0),(3,'GeneralHaven','generalhaven','kernalfro','0','173.30.155.152','173-30-155-152.client.mchsi.com','37be41b6c262ed9fc5b10b196c9f5374','','normal','none','yes','0','0','normal',760,0,0,0,0,0,0,0,0,0,0,0,389,28392360852,92116497102,27926748623,0,0,1,0,0,0,337285,0,0,122892,0,0,0,0,0,122892,337285,0,95,100,100,843213,843213,0,430122,250000,10,0,10,0,10,0,0,16993102,1000,0,0,0,0,14,1,1,0,'',1329683385,1329446638,38,'','','','','',0,0,0,0,0,0,60,1329683246,0,0,'enabled',5,'enabled','Main Menu','enabled',3,0,0,0,'',1735,0,1,5,24,99999,13,99999,99999,99999,11,99999,99999,10,99999,99999,10,99999,99999,99999,99999,25,38468,'no',0,'enabled',0,0,0,'enabled','enabled',0,0,0,0,0,0,2,0,0,11,0,0,0,0,0),(4,'TommyGold','kryptyk','barrie','0','216.36.150.158','cm216036150158.wcgwave.ca','86f7c3284d52d98f225f4f4d30ec5ecb','','supporter','none','yes','0','0','normal',0,0,0,0,0,0,0,0,0,0,0,0,143995781185,149053190286,159336230286,4551905601,0,0,0,0,0,0,303979,0,0,201183,0,0,0,0,0,201183,303979,0,50,90,100,0,0,0,0,250000,10,0,10,0,10,0,0,2742143,1000,0,0,0,0,0,5,4,0,'',1329692400,0,0,'http://www.youtube.com/v/rFQc7VRJowk&autoplay=1.swf','','','','',0,0,0,0,0,0,60,1329692367,0,0,'enabled',5,'enabled','Level 1 Ranks','enabled',0,0,0,0,'',0,0,1,6,7,99999,99999,99999,12,99999,1,99999,99999,1,99999,99999,28,99999,99999,99999,99999,13,0,'no',0,'enabled',0,0,10000000000,'enabled','enabled',0,0,0,0,0,0,24,0,0,0,0,0,0,0,0),(5,'Eli','NaRko','mike1990','3','68.204.45.43','43.45.204.68.cfl.res.rr.com','5d36a1a61e564f50e70df5c7887a30d9','','supporter','none','yes','0','0','normal',550,0,0,0,0,75000,75000,0,3,0,0,0,426,131992456215,429955722465,131453504021,0,0,3,0,0,0,431753,0,0,101124,0,0,0,0,0,101124,431753,0,92,100,100,1079383,1079383,0,353934,250000,10,0,10,0,0,0,0,79456871,1000,0,0,0,0,18,4,1,0,'',1329685357,1329446495,38,'','','','','',0,0,0,0,0,0,60,1329685327,0,0,'enabled',5,'enabled','Main Menu','enabled',1,0,0,0,'',0,0,2,1,8,99999,99999,99999,8,99999,99999,5,99999,99999,5,99999,5,8,99999,99999,99999,9,555,'no',0,'enabled',0,0,0,'enabled','enabled',0,0,0,0,0,0,8,0,0,11,0,0,0,0,0),(6,'Lith','me3','955253a','0','76.77.94.101','76.77.94.101','d039ee8dadae7dd742d1b6be0d5ce6ef','','supporter','none','yes','4','0','normal',609,0,0,0,0,680000,680000,0,4,0,30000,0,2,2619595431520,13191149451500,2615517229536,0,0,0,0,0,0,2357809,0,0,1696005,15400,17372,0,0,0,1728777,2357809,0,74,96,100,1000327,1000000,0,1000000,250000,1,0,0,0,0,0,0,2819081072,1000,0,0,0,0,0,5,6,0,'',1329693020,0,0,'','      not going for pot, for those of you who\'re asking','','','',0,0,0,0,0,0,60,1329691946,0,0,'enabled',5,'enabled','Level 3 Ranks','enabled',3,0,0,0,'',0,0,3,1,1,99999,99999,99999,1,99999,99999,99999,1,99999,99999,1,6,99999,5,99999,99999,1,0,'no',0,'enabled',0,0,0,'enabled','enabled',0,0,0,0,0,1,88,0,0,0,0,0,0,0,0),(7,'KILL_YOU_DEAD','MidNight','chrisbenoit','0','183.83.201.5','ras.beamtele.net','a82d280685f3e20cdca85934d968410f','','normal','none','yes','0','0','normal',2800,0,0,0,0,0,0,0,0,0,0,0,4295,242005476,1251422976,70355021,0,0,1,0,0,0,110225,0,0,0,44635,71517,0,0,0,116152,110225,0,100,100,100,275563,275563,0,475352,250000,10,0,10,0,10,0,0,269177,1000,0,0,0,22,26,5,4,0,'',1329674744,1329446783,38,'','      ROFLMAO ... i just found myself a new bitch','','','',180850,0,0,0,0,0,60,1329658302,0,0,'enabled',5,'enabled','Main Menu','enabled',5,0,0,0,'',2742,869,1,15,41,99999,24,99999,99999,99999,25,99999,99999,22,99999,99999,6,99999,99999,99999,99999,39,66837,'no',0,'enabled',0,0,0,'enabled','enabled',0,0,0,0,0,0,2,0,0,1,0,0,0,0,0),(8,'SBdaK','Skebo','dafucup','0','65.112.145.53','65.112.145.53','b243be193f7c2eedaf2810c2c4a3a553','','normal','none','yes','0','0','normal',0,0,0,0,0,0,0,0,0,0,0,0,68672485579,70347088287,99087962037,1468249208,0,0,1,0,0,0,200818,0,0,5194,0,0,0,0,0,5194,200818,0,1,90,100,0,0,0,0,250000,10,0,10,0,10,0,0,7664232,1000,0,0,0,0,14,4,1,0,'',1329692404,1329446520,38,'','','','','',0,0,0,0,0,0,60,1329692389,0,0,'enabled',5,'enabled','Level 1 Ranks','enabled',0,0,0,0,'',1500,0,1,6,19,99999,12,99999,99999,99999,8,99999,99999,9,99999,99999,9,99999,99999,99999,99999,24,39233,'no',0,'enabled',0,0,0,'enabled','enabled',0,0,0,0,0,0,0,0,0,0,0,0,0,0,0),(9,'Death_Reaper','Darkangel666','820817','0','24.181.59.64','24-181-59-64.dhcp.gnvl.sc.charter.com','092d867ad7f2421ec87f5c0d3e28d6f1','','supporter','none','yes','0','0','normal',0,0,0,0,0,74000,74000,0,0,0,0,0,45432326448,91478016665,358711615415,45221605717,0,0,0,0,0,0,500514,0,0,323229,0,0,0,0,0,323229,500080,0,50,90,100,0,0,0,0,250000,10,0,10,0,10,0,0,71262292,1000,0,0,0,0,0,5,2,0,'Underboss',1329692400,0,0,'http://i88.photobucket.com/albums/k189/ArchAngel555/deathreaper-1.swf','Death comes on the wings of the Reaper.','','','',0,0,0,0,0,0,60,1329692346,0,0,'enabled',5,'enabled','Main Menu','enabled',0,0,0,0,'',0,0,2,4,18,99999,99999,99999,9,99999,99999,7,99999,99999,6,99999,11,10,99999,99999,99999,10,0,'no',0,'enabled',0,0,0,'enabled','enabled',0,0,0,0,0,0,3,0,0,0,0,0,0,0,0),(10,'StRaTeGo','paytokill','18111971','0','83.81.48.252','535130FC.cm-6-2a.dynamic.ziggo.nl','5499894099ecd0a472b858ddd71de9ac','','normal','none','yes','0','0','normal',3650,25000,2000,0,0,0,0,0,0,0,0,0,4320,436914041,1883660291,70355021,0,0,10,0,0,0,285383,0,0,80799,0,0,0,0,0,80799,285383,0,7,91,100,0,0,0,7800,250000,10,0,10,0,10,0,0,385798,1000,0,0,0,0,8,5,2,0,'',1340141315,1329446193,38,'','','','','',0,0,0,0,0,0,60,1329684245,0,0,'enabled',5,'enabled','GrInD_HoUsE Family','enabled',206,0,0,0,'',674,0,1,13,37,99999,23,99999,99999,99999,22,99999,99999,21,99999,99999,14,99999,99999,99999,99999,37,23911,'no',0,'enabled',0,0,0,'enabled','enabled',0,0,0,0,0,0,0,0,0,7,0,0,0,0,0),(11,'dave','dewacko','dewacko','0','213.118.181.95','dD576B55F.access.telenet.be','39685946ad3620ebe0c9c8ed74cfcb49','','normal','none','yes','0','0','normal',2050,0,2000,0,0,0,0,0,0,0,0,0,3,17311250550,59848705800,16429493046,0,0,1,0,0,0,315242,0,0,79207,12320,12409,0,0,0,103936,315242,0,94,100,100,103399618,59421521,0,48319955,250000,0,0,0,0,1009404,0,0,11242381,1000,0,0,0,0,18,2,2,0,'',1329667750,1329446698,38,'','','','','',0,0,0,0,0,0,60,1329667750,0,0,'enabled',5,'enabled','Recruiting','enabled',206,0,0,0,'',0,0,1,3,27,99999,16,99999,99999,99999,14,99999,99999,14,99999,99999,8,99999,99999,99999,99999,29,40414,'no',0,'enabled',10,0,0,'enabled','enabled',0,0,0,0,0,0,0,0,0,58,0,0,0,0,0),(12,'CAZ','CAZ','123abc','0','188.222.38.77','188-222-38-77.zone13.bethere.co.uk','0a43742177aea60edbf211c1f553572c','','supporter','none','yes','0','0','normal',0,0,0,0,0,0,0,0,0,0,0,0,5678457620,5842813600,64051959850,0,0,0,1,0,0,0,161795,0,0,2053,0,0,0,0,0,2053,161795,0,0,100,100,0,0,0,41620,250000,10,0,10,0,0,0,0,15522439,1000,0,0,0,0,16,3,2,0,'Underboss',1329692406,1329448932,43,'','','','','',0,0,0,0,0,0,60,1329692394,0,0,'enabled',5,'enabled','Main Menu','enabled',14,0,0,0,'',0,0,1,6,30,99999,99999,99999,13,99999,17,99999,99999,13,99999,99999,21,99999,99999,99999,99999,28,55,'no',0,'enabled',0,0,0,'enabled','enabled',0,0,0,0,0,0,9,0,0,0,0,0,0,0,0),(13,'SinIsTer','tiddlywinks','aeriansab','0','122.150.192.223','122.150.192.223','1dffd7a7b62bd5d935e26ac304695687','','normal','none','yes','0','0','normal',0,0,2000,0,0,0,0,0,0,0,0,0,2418,438708418,69970255918,0,0,0,1,0,0,0,348351,0,0,90355,0,0,0,0,0,90355,348351,0,6,90,100,0,0,0,0,250000,0,0,0,0,0,0,0,18541746,1000,0,0,0,0,22,1,5,0,'Underboss',1329692486,1329447445,38,'http://www.mobstercrimes.com/tru/images/mobsterprofile.jpg','      ://youtube/watch?v=qynUNPrMAwU','','','',0,0,0,0,0,0,60,1329692295,0,0,'enabled',5,'enabled','Global Ranks','enabled',0,0,0,0,'',1050,0,1,6,36,99999,15,99999,99999,99999,21,99999,99999,12,99999,99999,17,99999,99999,99999,99999,27,1777,'no',0,'enabled',0,0,0,'enabled','enabled',0,0,0,0,0,0,9,0,0,0,0,0,0,0,0),(14,'Mr_Pink','MeatMan03','samdaman123','0','24.0.163.36','c-24-0-163-36.hsd1.nj.comcast.net','e5822f2c4701b43816a498b1288d4dd4','','normal','none','yes','0','0','normal',0,0,0,0,0,0,0,0,0,0,0,0,116390935674,117730192414,119158368664,0,0,0,1,247365,356019,0,1000,0,0,1000,0,0,0,0,0,1000,604384,0,86,100,100,1510960,1510960,0,190600,250000,0,0,0,0,0,0,0,380847,1000,0,0,0,0,0,1,5,0,'Underboss',1329692401,0,0,'','Mr. Pink: Yeah, \"Mr. Pink\" sounds like \"Mr. Pussy\". Tell you what, let me be Mr. Purple. That sounds good to me. I\'m Mr. Purple. \r<br>\r<br>Joe: You\'re not Mr. Purple. Somebody from another job\'s Mr. Purple. You\'re Mr. Pink!','','','',0,0,0,0,0,0,60,1329692354,0,0,'enabled',5,'enabled','Level 1 Ranks','enabled',0,0,0,0,'',0,0,1,3,12,99999,6,99999,99999,99999,3,99999,99999,4,99999,99999,29,99999,99999,99999,99999,18,0,'no',0,'enabled',0,0,10000000000,'enabled','enabled',0,0,0,0,0,0,22,0,0,0,0,0,0,0,0),(15,'DoWn4LiFe','Cisco14','bronx718','2','50.29.160.71','50.29.160.71.res-cmts.snh.ptd.net','247199dbf9348c66888f1a323a28bd35','','supporter','none','yes','2','0','normal',0,0,0,0,0,75000,75000,0,2,0,7500,0,84550360453,174343560132,535078350132,88291450219,0,0,1,0,0,0,701515,0,0,289389,0,0,0,0,0,289389,701515,0,96,100,100,36966814,54255398,0,77607363,250000,20,0,20,0,10,0,0,96195943,1000,0,0,0,36,0,2,5,0,'',1329692406,0,0,'http://img148.imageshack.us/img148/7339/12810721.gif','','','','',0,0,0,0,0,0,60,1329692328,0,0,'enabled',5,'enabled','No_Mercy Family','enabled',3,0,0,0,'',0,1888,2,2,5,99999,99999,99999,7,99999,99999,4,99999,99999,4,99999,15,2,99999,99999,99999,7,500422,'no',0,'enabled',0,0,9200000000,'enabled','enabled',0,0,1,0,0,0,16,0,0,7,0,0,0,0,0),(16,'Yogi','yogi','redruby','0','124.182.100.34','CPE-124-182-100-34.lns4.fli.bigpond.net.au','118a4555b5ad614013b3260af52d363d','','normal','none','yes','0','0','normal',3794,0,0,0,0,17000,17000,0,0,0,0,0,335,117935846,4479827096,75870512,0,0,1,0,0,0,0,0,0,0,0,80047,0,0,0,80047,0,0,0,90,100,499999,400000,0,0,250000,10,0,10,0,20,0,0,1163169,1000,0,0,0,94,16,5,0,0,'',1329623450,1329356742,32,'http://www.youtube.com/v/tl9yP_llY8s&autoplay=1.swf','','','','',179365,0,0,0,0,0,0,0,0,0,'enabled',5,'enabled','Yogi profile','enabled',6,0,0,0,'',0,7042,2,11,44,99999,21,99999,99999,99999,99999,12,99999,99999,11,99999,1,1,99999,99999,99999,35,914536,'no',0,'enabled',0,0,0,'enabled','enabled',0,0,0,0,0,0,10,0,0,0,0,0,0,0,0),(17,'HOLE_PUNCH','rustyucsd537','catcat537','0','70.179.29.53','ip70-179-29-53.sd.sd.cox.net','51b9542a1ea6c06b33a76b82a55495f3','','normal','none','yes','0','0','normal',0,0,0,0,0,0,0,0,0,0,0,0,19520483526,24105895908,46113348408,4151111002,0,0,10,0,0,0,287831,0,0,1024,0,0,0,0,0,1024,287831,0,86,100,100,102308926,8930832,0,4085827,250000,1,0,0,0,0,0,0,5868654,1000,0,0,0,0,50,5,6,0,'',1329692401,1329683670,39,'','','','','',0,0,0,0,0,0,26,1329692367,0,0,'enabled',5,'enabled','Global Ranks','enabled',0,0,0,0,'',4882,0,1,9,26,99999,18,99999,99999,99999,13,99999,99999,16,99999,99999,3,99999,99999,99999,99999,31,120358,'no',0,'enabled',0,0,10000000000,'enabled','enabled',0,0,0,0,0,0,35,0,0,0,0,0,0,0,0),(18,'HeadHunTer','plow187','jiondae2469','0','66.87.93.180','66-87-93-180.pools.spcsdns.net','e32be35584a6fddf0f50e56d3256199b','','normal','none','yes','0','0','normal',0,0,0,0,0,0,0,0,0,0,0,0,44123115672,46328173776,46328173776,2013539604,0,0,99,0,0,0,139253,0,0,30286,21560,21716,0,0,0,73562,139253,0,13,0,100,0,0,0,0,250000,10,0,10,0,0,0,0,0,1000,0,0,0,0,4,5,5,0,'',1329692417,1329446265,38,'','','','','',0,0,0,0,0,0,60,1329692256,0,0,'enabled',5,'enabled','No_Mercy Family','enabled',0,0,0,0,'',0,0,1,8,23,99999,17,99999,99999,99999,10,99999,99999,15,99999,99999,16,99999,99999,99999,99999,30,10003,'no',0,'enabled',0,0,0,'enabled','enabled',0,0,0,0,0,0,2,0,0,0,0,0,0,0,0),(19,'i_pLaY_nAkEd','iplaynaked','252007','0','70.126.184.63','63-184.126-70.tampabay.res.rr.com','a5949003c7754a4cb3803199037fac0b','','normal','none','yes','0','0','normal',3750,25000,3000,0,0,0,0,0,0,0,0,0,1217,307199557,874116307,0,0,0,1,0,0,0,260140,0,0,43633,0,0,0,0,0,43633,260140,0,89,100,100,592183,592183,0,178777,250000,10,0,10,0,10,117324,0,127712,1000,0,0,0,0,8,3,6,0,'',1329601678,1329446420,38,'','','','','',0,0,0,0,0,0,60,1329582542,0,0,'enabled',5,'enabled','Main Menu','enabled',39,0,0,0,'',105,0,1,7,39,99999,25,99999,99999,99999,24,99999,99999,23,99999,99999,13,99999,99999,99999,99999,40,24666,'no',0,'enabled',0,0,0,'enabled','enabled',0,0,0,0,0,0,2,0,0,0,0,0,0,0,0),(20,'Demize','shaggy','centennial','0','70.188.134.175','ip70-188-134-175.ri.ri.cox.net','64da40937e0379b98f037a9315c11877','','normal','none','yes','0','0','normal',0,0,0,0,0,1,1,0,0,0,0,0,92177180108,95240342414,111821031164,2568717806,0,0,1,12012,12099,0,263084,0,0,176791,0,0,0,0,0,176791,287195,0,50,90,100,0,0,0,0,250000,10,0,10,0,0,0,0,4421517,1000,0,0,0,0,28,4,4,0,'',1329692406,1329167913,47,'','','','','',0,0,0,0,0,0,60,1329692376,0,0,'enabled',5,'enabled','Main Menu','enabled',5,0,0,0,'',0,0,2,4,16,99999,8,99999,99999,99999,99999,6,99999,99999,10,99999,22,99999,99999,99999,99999,20,50,'no',0,'enabled',0,0,0,'enabled','enabled',0,0,0,0,0,0,1,0,0,0,0,0,0,0,0),(21,'Specdro','Specdro','SurfStile82','0','74.67.231.100','cpe-74-67-231-100.twcny.res.rr.com','c622f057567507fa29146e891688bf92','','normal','none','yes','0','0','normal',3,0,0,0,0,0,0,0,0,0,0,0,129652240871,130124352392,134448728642,70355021,0,0,0,0,0,0,320207,0,0,81208,0,0,0,0,0,81208,309659,0,6,90,100,0,0,0,0,250000,10,0,10,0,10,0,0,1153166,1000,0,0,0,0,14,4,1,0,'Underboss',1329692400,1329446532,38,'http://www.youtube.com/v/OI8b3l5gvsQ&autoplay=1.swf','','','','',0,0,0,0,0,0,60,1329692359,0,0,'enabled',5,'enabled','Level 1 Ranks','enabled',0,0,0,0,'',2280,0,1,2,9,99999,3,99999,99999,99999,2,99999,99999,2,99999,99999,7,99999,99999,99999,99999,15,40772,'no',0,'enabled',0,0,10000000000,'enabled','enabled',0,0,1,0,0,0,4,0,0,0,0,0,0,0,0),(22,'Mikevman','mikevman','vmanvv','0','68.8.123.70','ip68-8-123-70.sd.sd.cox.net','35d496e116829280377cd80e8d27d639','','normal','none','yes','0','0','normal',0,0,0,0,0,0,0,0,0,0,0,0,116109493863,116657996532,118011015282,70355021,0,0,1,0,0,0,274374,0,0,181795,8026,10718,0,0,0,200539,274374,0,100,90,100,7424672,1613492,0,0,250000,10,0,10,0,0,0,0,360805,1000,0,0,0,0,28,4,4,0,'Underboss',1329692443,1329167863,47,'http://www.youtube.com/v/yjmtpp7GzhY&feature=related&autoplay=1.swf','','','','',0,0,0,0,0,0,60,1329692389,0,0,'enabled',5,'enabled','Global Ranks','enabled',193,0,0,0,'',3027,0,1,3,13,99999,7,99999,99999,99999,5,99999,99999,5,99999,99999,20,99999,99999,99999,99999,19,83,'no',0,'enabled',0,0,10000000000,'enabled','enabled',0,0,1,0,0,0,1,0,0,0,0,0,0,0,0),(23,'Blood_On_Ur_Shirt','whiteboy0679','bruno','3','74.198.164.75','74.198.164.75','3e80d0caf079d7b82fbadb8d111f75e4','','supporter','none','yes','3','0','normal',0,0,0,0,0,0,0,0,3,0,15000,0,115760935804,262653700955,971460787205,146131780955,0,0,10,0,0,0,701810,0,0,0,42315,59156,0,0,0,101471,701810,0,90,100,100,1754525,1754525,0,355149,250000,0,0,0,0,10,0,0,189015222,1000,0,0,0,0,36,2,6,0,'Underboss',1329692419,1329505241,15,'','','','','',0,0,0,0,0,0,60,1329692391,0,0,'enabled',5,'enabled','Global Ranks','enabled',3,0,0,0,'',1888,0,2,1,4,99999,99999,99999,4,99999,99999,3,99999,99999,2,99999,23,3,99999,99999,99999,4,276929,'no',0,'enabled',0,0,0,'enabled','enabled',0,0,0,0,0,0,11,0,0,0,0,0,0,0,0),(24,'DreamKiller','koldhands','austin615','0','74.236.254.86','adsl-074-236-254-086.sip.owb.bellsouth.net','9faae356580524dc2b1ccf61c38aaf7b','','normal','none','yes','0','0','normal',0,0,0,0,0,0,0,0,0,0,0,0,1064584856,12369682613,44819568863,11004182618,0,0,0,0,0,0,188311,0,0,110105,0,0,0,0,0,110105,188311,0,100,100,100,183871,261544,0,297284,250000,10,0,10,0,10,0,0,8653302,1000,0,0,0,0,16,5,2,0,'Underboss',1329692378,1329445884,38,'','','','','',0,0,0,0,0,0,60,1329692357,0,0,'enabled',5,'enabled','Main Menu','enabled',0,0,0,0,'',0,0,1,10,28,99999,19,99999,99999,99999,15,99999,99999,17,99999,99999,12,99999,99999,99999,99999,32,31034,'no',0,'enabled',0,0,0,'enabled','enabled',0,0,0,0,0,0,17,0,0,0,0,0,0,0,0),(25,'BMF','bishop54','paulie69','0','141.0.9.247','s32-09.opera-mini.net','75d1bba5d44dc343603f2e5d4c9912b5','','normal','none','yes','0','0','normal',100,0,0,0,0,0,0,0,0,0,0,0,27316309779,48891807512,105440780012,21184992171,0,0,1,0,0,0,301156,0,0,71404,0,0,0,0,0,71404,301156,0,92,100,100,752890,752890,0,3733088,250000,1,0,0,0,10,0,0,15079725,1000,0,0,13,30,26,3,5,0,'Underboss',1329692412,1329446755,38,'','      How you blowing money fast you ain\'t in the crew, oh you in the fam shit I neva knew','','','',0,0,0,0,0,0,60,1329692363,0,0,'enabled',5,'enabled','No_Mercy Family','enabled',0,0,0,0,'',949,6985471735,1,5,22,99999,10,99999,99999,99999,9,99999,99999,7,99999,99999,5,99999,99999,99999,99999,22,70113,'no',0,'enabled',0,0,0,'enabled','enabled',0,0,0,0,0,0,0,0,0,0,0,0,0,0,0),(26,'Lord_Kris','Lord_Kris','qwer111','0','50.131.236.192','c-50-131-236-192.hsd1.ca.comcast.net','b3fab57b5cc98585da0860afc1a891a6','','normal','none','yes','0','0','normal',238,0,0,0,0,0,0,0,0,0,0,0,668,26400571774,90242435524,25575123556,0,0,0,0,0,0,305521,0,0,192947,0,0,0,0,0,192947,305521,0,100,90,100,159437391,55733553,0,0,250000,10,0,10,0,0,0,0,17024497,1000,0,0,0,0,14,4,4,0,'',1329691154,1329167599,47,'','','','','',0,0,0,0,0,0,60,1329691139,0,0,'enabled',5,'enabled','Level 1 Ranks','enabled',206,0,0,0,'',0,0,1,7,25,99999,14,99999,99999,99999,12,99999,99999,11,99999,99999,18,99999,99999,99999,99999,26,1006,'no',0,'enabled',0,0,0,'enabled','enabled',0,0,0,0,0,0,2,0,0,29,0,0,0,0,0),(27,'FoXy_BrOwN','Gotti_Girl','Back2School2','4','99.190.186.96','99-190-186-96.lightspeed.lsvlky.sbcglobal.net','ea46fa9dd6aa2c24be749e2fb959bca6','','supporter','none','yes','4','0','normal',0,0,0,0,0,0,0,0,4,0,30000,0,15000000001,165415941044,2901703427290,135249693806,0,0,1,0,0,0,1021980,0,0,727628,9837,13595,0,0,0,751060,1021980,0,100,100,100,1454544333,1590877074,0,1794436508,250000,1,0,0,0,0,0,0,729676663,1000,0,0,0,4,0,1,1,0,'',1329692400,0,0,'http://www.youtube.com/v/8xqrdlAH4Pg&feature=related&autoplay=1.swf','      Brooklyn beef! Who want that?\r<br>\r<br>~The Godmother~  \r<br>','','','',0,0,0,0,0,0,60,1329691917,0,0,'enabled',5,'enabled','Main Menu','enabled',0,0,0,0,'',0,733,3,1,6,99999,99999,99999,2,99999,99999,99999,2,99999,99999,2,27,99999,3,99999,99999,2,1000,'no',0,'enabled',0,0,0,'enabled','enabled',0,0,0,0,0,0,19,0,0,0,0,0,0,0,0),(28,'aNdRe','zmac_dre','nikola*ljilj','0','99.253.145.83','CPE00222dd7f8f9-CM00222dd7f8f5.cpe.net.cable.rogers.com','50471b039d096a0592f4fba29b4a850c','','supporter','none','yes','0','0','normal',400,0,0,0,0,78000,78000,0,3,0,15000,0,610,50397660281,611477036531,49528460843,0,0,1,0,0,0,866362,0,0,0,0,0,0,0,0,0,866362,0,0,0,100,0,0,0,709207,250000,0,0,0,0,0,0,0,149621167,1000,1,0,16,82,18,3,4,0,'',1329726271,1329691426,25,'http://www.youtube.com/v/4MGsOT0w0gY&feature=fvst&autoplay=1.swf','Fast Life','','','',528715,0,0,0,0,0,60,1329690963,0,0,'enabled',5,'enabled','Main Menu','enabled',5,0,0,0,'',108,3479,3,2,21,99999,99999,99999,6,99999,99999,99999,5,99999,99999,3,23,3,1,99999,99999,6,2062736,'no',0,'enabled',0,0,0,'enabled','enabled',0,0,0,0,0,1,76,1,0,1,0,0,0,0,0),(29,'8sec','busaguy','lilguy01','4','24.15.216.151','c-24-15-216-151.hsd1.il.comcast.net','d6f7e80e16e4cebd67acfc5dc13ee9da','','supporter','none','yes','0','0','normal',0,0,0,0,0,0,0,0,4,0,0,0,41321402022,94766020883,212239252133,52820391361,0,0,0,0,0,0,367263,0,0,256623,0,0,0,0,0,256623,367263,0,50,90,100,0,0,0,0,250000,10,0,10,0,10,0,0,31326194,1000,0,0,0,0,0,5,1,0,'',1329789442,0,0,'http://www.youtube.com/v/7EKenI91Uog&feature=fvst&autoplay=1.swf','','','','',0,0,0,0,0,0,60,1329692342,0,0,'enabled',5,'enabled','Main Menu','enabled',0,0,0,0,'',0,0,3,5,17,99999,99999,99999,11,99999,99999,99999,4,99999,99999,5,29,99999,6,99999,99999,12,0,'no',0,'enabled',0,0,10000000000,'enabled','enabled',0,0,0,0,0,0,23,0,0,0,0,0,0,0,0),(30,'HawkY','glockman','Thrilla1!','0','168.30.128.198','cas1.ngcsu.edu','000a971ebca8b488f3ba96e2d8f371a4','','supporter','none','yes','3','0','normal',0,0,0,0,0,75000,75000,0,3,0,15000,0,1206699351985,1275403515540,1596461576780,67366820684,0,0,1,0,0,0,854475,0,0,470212,0,0,0,0,0,470212,854475,0,100,100,100,1488415,1663853,0,1458598,250000,10,0,10,0,10,0,0,85615482,1000,0,0,0,0,18,5,4,0,'',1329750534,1329168696,47,'','','','','',0,0,0,0,0,0,60,1329692374,0,0,'enabled',5,'enabled','Global Ranks','enabled',0,0,0,0,'',0,0,2,2,2,99999,99999,99999,3,99999,99999,1,99999,99999,1,99999,24,5,99999,99999,99999,3,60863,'no',0,'enabled',0,0,0,'enabled','enabled',0,0,0,0,0,0,43,0,0,0,0,0,0,0,0),(31,'mR_BrOwN','DoNkEyKoNg','Lakes2010','2','82.132.243.34','82.132.243.34','e0695db23c713df00d94ec4d1f3d132c','','supporter','none','yes','0','0','normal',1350,24000,0,0,0,0,0,0,2,0,0,0,1391,601307843,1285446593,77315664,0,0,99,0,0,0,408333,0,0,112368,0,0,0,0,0,112368,408333,0,75,100,100,385378,385378,0,351694,250000,10,0,10,0,10,0,0,182436,1000,0,0,0,0,12,5,1,0,'',1329729158,1329446301,38,'','','','','',0,0,0,0,0,0,60,1329676102,0,0,'enabled',5,'enabled','Family board','enabled',5,0,0,0,'',1746,0,2,14,32,99999,99999,99999,15,99999,99999,9,99999,99999,12,99999,31,6,99999,99999,99999,38,39350,'no',0,'enabled',0,0,0,'enabled','enabled',0,0,0,0,0,0,10,0,0,0,0,0,0,0,0),(32,'ViolentJ','ViolentJ','master2006','0','71.230.142.8','c-71-230-142-8.hsd1.pa.comcast.net','e0fa3d8e798d2b71f0037964de6a3de3','','normal','none','yes','0','0','normal',3770,0,3000,0,0,0,0,0,0,0,0,0,2835,2835,702066585,0,0,0,1,0,0,0,0,0,0,0,0,0,0,0,0,0,0,0,0,0,100,0,0,0,0,250000,0,0,0,0,0,0,0,187217,1000,0,0,0,40,76,1,1,0,'',1329624427,1329609139,38,'http://www.fileden.com/files/2009/10/27/2622509/violentJ.swf','      ~~Godfather of No Mercy~~     \r<br>        ~~Fearless For Life~~      \r<br>\r<br>             Yogi, U Mad Bro? lol','','','',0,0,0,0,0,0,0,0,0,0,'enabled',5,'enabled','Main Menu','enabled',6,0,0,0,'',4051,892,1,9,47,99999,27,99999,99999,99999,29,99999,99999,24,99999,99999,2,99999,99999,99999,99999,42,462830,'no',0,'enabled',0,0,0,'enabled','enabled',0,0,0,0,0,0,55,0,0,11,0,0,0,0,0),(33,'Dougi3','slug','rangers','0','82.41.99.35','cpc1-dund3-0-0-cust802.sgyl.cable.virginmedia.com','c0b823533b37a22bbc921c1ab5b0d1b0','','normal','none','yes','0','0','normal',0,0,0,0,0,0,0,0,0,0,0,0,100690915425,102072954778,103294989778,70355021,0,0,1,228639,366744,0,1930,0,0,1677,0,0,0,0,0,1677,597313,0,0,100,100,0,0,0,662583,250000,10,0,10,0,10,0,0,325875,1000,0,0,0,0,0,1,6,0,'',1329692405,0,0,'','','','','',0,0,0,0,0,0,60,1329692376,0,0,'enabled',5,'enabled','Main Menu','enabled',0,0,0,0,'',0,0,1,4,15,99999,11,99999,99999,99999,7,99999,99999,8,99999,99999,30,99999,99999,99999,99999,23,0,'no',0,'enabled',0,0,0,'enabled','enabled',0,0,0,0,0,0,0,0,0,0,0,0,0,0,0),(34,'LeatherNutz','mcjimmy','xp1deltamong','0','188.29.203.73','188.29.203.73.threembb.co.uk','9659c76617ebb008b2fd2e6e43fc4a66','','normal','none','yes','0','0','normal',0,0,0,0,0,0,0,0,0,0,0,0,109805159500,110202315996,111488554746,0,0,0,10,0,0,0,311334,0,0,84905,0,0,0,0,0,84905,311334,0,7,100,100,0,0,0,143999,250000,10,0,10,0,10,0,0,342996,1000,0,0,0,0,12,4,1,0,'Underboss',1329692411,1329446509,38,'','','','','',0,0,0,0,0,0,60,1329692376,0,0,'enabled',5,'enabled','Transfers','enabled',0,0,0,0,'',976,0,1,5,14,99999,9,99999,99999,99999,6,99999,99999,6,99999,99999,11,99999,99999,99999,99999,21,33344,'no',0,'enabled',0,0,10000000000,'enabled','enabled',0,0,0,0,0,0,0,0,0,0,0,0,0,0,0),(35,'Frank','ankh','copper','0','72.198.24.135','ip72-198-24-135.ok.ok.cox.net','7f676e71e1d5ae0ca8f8f9ef4c6fc80b','','normal','none','yes','0','0','normal',50,0,0,0,0,0,0,0,0,0,0,0,0,10678939536,35562762036,10423391868,0,0,0,0,0,0,203100,0,0,4928,0,0,0,0,0,4928,203100,0,87,100,100,555830,507750,0,66397,250000,0,0,0,278,0,0,0,6635686,1000,8,0,0,20,34,1,2,0,'',1329693172,1329690888,38,'','','','','',420,0,0,0,0,0,60,1329691532,0,0,'enabled',5,'enabled','GrInD_HoUsE Family','enabled',43,0,0,0,'',0,3450,1,7,29,99999,20,99999,99999,99999,16,99999,99999,18,99999,99999,4,99999,99999,99999,99999,33,135642,'no',0,'enabled',0,0,0,'enabled','enabled',0,0,0,0,0,0,37,0,0,1,0,0,0,0,0),(36,'Oichi','NDNathan','mosher12569','0','90.208.201.60','5ad0c93c.bb.sky.com','bc83f487aeeba93b2b4aa7888799bb7b','','normal','none','yes','0','0','normal',3200,0,3000,0,0,25500,25500,0,0,0,0,0,1981,267475613,128352310613,0,0,0,5,0,0,0,261613,0,0,0,0,0,0,0,0,0,261613,0,75,0,100,654033,654033,0,725750,250000,10,0,10,0,10,0,0,34155955,1000,0,0,0,0,20,3,2,0,'Underboss',1329678066,1329448901,43,'','','','','',0,0,0,0,0,0,60,1329610656,0,0,'enabled',5,'enabled','Main Menu','enabled',5,0,0,0,'',2430,0,2,4,40,99999,5,99999,99999,99999,99999,11,99999,99999,9,99999,29,4,99999,99999,99999,17,62491,'no',0,'enabled',0,0,0,'enabled','enabled',0,0,0,0,0,0,0,0,0,7,0,0,0,0,0),(37,'Noodles','8-BALL','bobdog','0','173.87.113.188','static-173-87-113-188.dr02.rvra.az.frontiernet.net','614f868dd691e836e9682383a44a3ba6','','normal','none','yes','0','0','normal',1300,0,0,0,0,117404,117404,0,0,0,0,0,982,120531818934,526323702684,117774638071,0,0,1,360973,481748,0,1000,0,0,0,0,0,0,0,0,0,843721,0,75,0,100,35208669,5176272,0,209793099,250000,10,0,10,0,10,0,0,108211168,1000,0,0,0,0,8,5,6,0,'',1329693479,1329686077,25,'','','','','',0,0,0,0,0,0,60,1329676715,0,0,'enabled',5,'enabled','collecting','enabled',186,0,0,0,'',906,0,3,3,11,99999,1,99999,99999,99999,99999,99999,3,99999,99999,4,30,5,4,99999,99999,8,91,'no',0,'enabled',0,0,0,'enabled','enabled',0,0,0,0,0,0,0,2,0,0,0,0,0,0,0),(38,'Suspect','Yahway616','monojayz1','0','71.205.64.142','c-71-205-64-142.hsd1.mi.comcast.net','69f6edbcd4aff3c55a22281aec1aed06','','supporter','none','yes','0','0','normal',175,0,0,0,0,0,0,0,0,0,0,0,1237,81874887,8496504387,0,0,0,10,0,0,0,0,0,0,0,49389,114335,0,0,0,163724,0,0,0,100,100,2500,2500,0,0,250000,1,0,0,0,40666,58643,0,2228106,1000,0,0,16,360,44,1,4,0,'Underboss',1329692428,1329545245,32,'http://www.youtube.com/v/zh7UFi2b9xU&autoplay=1.swf','dead leaves and the dirty ground','','','',497179,0,0,0,0,0,0,0,0,0,'enabled',5,'enabled','Global Ranks','enabled',0,0,0,0,'',4342,17803,1,8,46,99999,99999,99999,14,99999,28,99999,99999,19,99999,99999,1,99999,99999,99999,99999,34,3284541,'no',0,'enabled',0,0,4259522886,'enabled','enabled',0,0,0,0,0,0,60,0,0,1,0,0,0,0,0),(41,'dakota','jdsquires','laci','2','68.226.9.13','ip68-226-9-13.ga.at.cox.net','09c407bd20bccaf2f9b212085e815e15','','supporter','none','yes','2','0','normal',7500,0,2000,0,0,72000,72000,0,2,0,7500,0,1568,53113442109,251987495859,51846106977,0,0,10,213026,363298,0,1000,0,0,1000,0,0,0,0,0,1000,577324,0,86,100,100,1443310,1443310,0,14456,250000,10,0,10,0,10,0,0,53033080,1000,0,0,0,0,0,1,5,0,'',1329619814,0,0,'','','','','',0,0,0,0,0,0,60,1329572280,0,0,'enabled',5,'enabled',' Board','enabled',8,0,0,0,'',0,0,2,2,20,99999,99999,99999,10,99999,99999,8,99999,99999,7,99999,99999,11,99999,99999,99999,11,0,'no',0,'enabled',0,0,0,'enabled','enabled',0,0,0,0,0,0,1,0,0,13,0,0,0,0,0),(39,'laplace','BunnyBoy','coskunas26','0','78.180.231.111','78.180.231.111.dynamic.ttnet.com.tr','54e2fbc416e11319c2a72c2d82b8b62d','','normal','none','yes','0','0','normal',0,0,0,0,0,0,0,0,0,0,0,0,126733035825,127164000296,128900374046,0,0,0,0,0,0,0,338324,0,0,81517,25,34,0,0,0,81576,338324,0,42,100,100,0,412697,0,2378595,250000,10,0,10,0,0,0,0,463033,1000,0,0,0,2,16,5,5,0,'Underboss',1329692413,1329446617,38,'','','','','',0,0,0,0,0,0,60,1329692392,0,0,'enabled',5,'enabled','No_Mercy Family','enabled',1,0,0,0,'',0,596,1,7,10,99999,4,99999,99999,99999,4,99999,99999,3,99999,99999,19,99999,99999,99999,99999,16,1393,'no',0,'enabled',0,0,10000000000,'enabled','enabled',0,0,1,0,0,0,23,0,0,0,0,0,0,0,0),(40,'SUPERBAD','jack_schitt','magview','0','24.116.204.46','24-116-204-46.cpe.cableone.net','e601b59da2d901c809e36b2c7d0a80fe','','normal','none','yes','0','0','normal',3750,25000,3000,0,0,0,0,0,0,0,0,0,4002249,349230377,570682877,0,0,0,10,0,0,0,274563,0,0,68273,0,0,0,0,0,68273,274563,0,91,98,100,300000,332976,0,187925,250000,10,0,10,0,0,0,0,59054,1000,0,0,0,0,22,2,6,0,'',1329618516,1329446711,38,'http://www.youtube.com/v/Vj5dM3K_8dE&autoplay=1.swf','','','','',0,0,0,0,0,0,60,1329589026,0,0,'enabled',5,'enabled','Recruiting','enabled',133,0,0,0,'',1351,0,1,4,38,99999,28,99999,99999,99999,23,99999,99999,25,99999,99999,15,99999,99999,99999,99999,43,15132,'no',0,'enabled',0,0,0,'enabled','enabled',0,0,0,0,0,0,2,0,0,2,0,0,0,0,0),(42,'Pimptress','pimptress','lucky44','0','65.35.93.37','37-93.35-65.tampabay.res.rr.com','9383540494967c16eecd740db46058a1','','normal','none','yes','0','0','normal',1300,25000,3000,0,0,0,0,0,0,0,0,0,0,465772521,465772521,70355021,0,0,10,0,0,0,249959,0,0,143117,0,0,0,0,0,143117,249959,0,100,0,100,250000,250000,0,250000,250000,10,0,10,0,0,0,0,0,1000,0,0,0,0,14,2,4,0,'',1329676381,1329167501,47,'','','','','',0,0,0,0,0,0,60,1329676334,0,0,'enabled',5,'enabled','Flying_Solo Family','enabled',43,0,0,0,'',0,0,1,5,35,99999,29,99999,99999,99999,20,99999,99999,27,99999,99999,23,99999,99999,99999,99999,45,50,'no',0,'enabled',0,0,0,'enabled','enabled',0,0,0,0,0,0,1,0,0,1,0,0,0,0,0),(43,'Killer','caponeboss','hiphop12','0','75.36.252.131','adsl-75-36-252-131.dsl.pltn13.sbcglobal.net','cdd6440c5dc287e0a2eb12847940596a','','normal','none','yes','0','0','normal',1600,0,0,0,0,35000,35000,0,0,0,0,0,3336,530991044,155815378544,0,0,0,1,0,0,0,306665,0,0,147940,0,0,0,0,0,147940,306665,0,62,100,100,14293364,0,0,15436961,250000,10,0,10,0,0,0,0,41409170,1000,0,0,0,8,14,3,6,0,'',1332823143,1329352567,16,'','','','','',66144,0,0,0,0,0,60,1329672647,0,0,'enabled',5,'enabled','Killer profile','enabled',5,0,0,0,'',0,161,2,3,34,99999,2,99999,99999,99999,99999,10,99999,99999,8,99999,3,7,99999,99999,99999,14,13518,'no',0,'enabled',0,0,10000000000,'enabled','enabled',0,0,0,0,0,0,35,0,0,0,0,0,0,0,0),(44,'Steven','Voltage','strong18','0','166.205.11.105','mobile-166-205-011-105.mycingular.net','549f81777acb1665e435d9d5ea12d561','','supporter','none','yes','0','0','normal',2800,0,0,0,0,0,0,0,0,0,0,0,0,544457576,544457576,0,0,0,1,15400,27145,0,273483,0,0,172271,0,0,0,0,0,172271,316028,0,100,0,100,790070,790070,0,602949,250000,10,0,10,0,0,0,0,0,1000,0,0,0,0,6,1,4,0,'Underboss',1329710587,1329168091,47,'','','','','',0,0,0,0,0,0,60,1329658592,0,0,'enabled',5,'enabled','Global Ranks','enabled',39,0,0,0,'',0,0,1,10,33,99999,99999,99999,16,99999,19,99999,99999,26,99999,99999,24,99999,99999,99999,99999,44,50,'no',0,'enabled',0,0,0,'enabled','enabled',0,0,0,0,0,0,0,0,0,1,0,0,0,0,0),(45,'stoner','killerme10','shaun','0','82.132.138.225','82.132.138.225','35ebe593f0f10ef6eee567b24c0f931d','','normal','none','yes','0','0','normal',3752,0,0,0,0,0,0,0,0,0,0,0,2280,1186557197,3110179697,70355021,0,0,10,0,0,0,145762,0,0,83126,49281,66184,0,0,0,198591,145762,0,100,100,100,364405,364405,0,695069,250000,500010,0,10,0,10,0,0,512965,1000,0,0,0,0,0,5,0,0,'',1329621685,0,0,'','','','','',0,0,0,0,0,0,60,1329621404,0,0,'enabled',5,'enabled','Main Menu','enabled',194,0,0,0,'',0,0,1,12,31,99999,22,99999,99999,99999,18,99999,99999,20,99999,99999,31,99999,99999,99999,99999,36,0,'no',0,'enabled',0,0,0,'enabled','enabled',0,0,0,0,0,0,0,0,0,0,0,0,0,0,0),(46,'f','freddymac','mobstercrime','0','197.250.1.112','197.250.1.112','9f856288c02cbbdd12cc47628b339af3','','normal','none','yes','0','0','normal',3750,25000,2000,0,0,0,0,0,0,0,0,0,0,0,75100032,67004782,0,0,10,0,0,0,1000,0,0,1000,0,0,0,0,0,1000,1000,0,100,100,100,250000,250000,0,250000,250000,10,0,10,0,10,0,0,1000,1000,0,0,0,0,0,5,0,0,'',1329151192,0,0,'','','','','',0,0,0,0,0,0,0,0,0,0,'enabled',5,'enabled',' Board','enabled',192,0,0,0,'',0,0,1,18,49,99999,32,99999,99999,99999,31,99999,99999,31,99999,99999,32,99999,99999,99999,99999,49,0,'no',0,'enabled',0,0,0,'enabled','enabled',0,0,0,0,0,0,2,0,0,0,0,0,0,0,0),(47,'G','Scurvy','mvtmvt666','0','178.84.185.177','178-84-185-177.dynamic.upc.nl','ae9a946977fa5434ac0b2f92b1bf8c4e','','normal','none','yes','0','0','normal',3792,0,2000,0,0,120000,120000,0,0,0,0,0,479,138922694,755497694,98691134,0,0,10,0,0,0,0,0,0,0,0,0,0,0,0,0,0,0,0,0,100,606206,868637,0,9169366,250000,10,0,10,0,60,0,0,164414,1000,0,0,0,124,50,5,0,0,'',1329170031,1329169955,28,'http://www.youtube.com/v/CX-wQlTSD9Y&feature=fvst&autoplay=1.swf','','','','',231297,0,0,0,0,0,60,1329169897,0,0,'enabled',5,'enabled','Global Ranks','enabled',184,0,0,0,'',3479,3027,3,16,43,99999,26,99999,99999,99999,99999,99999,6,99999,99999,6,34,1,2,99999,99999,41,1063380,'no',0,'enabled',0,0,0,'enabled','enabled',0,0,0,0,0,2,2,13,1,0,0,0,0,0,0),(50,'InCoGnItO','scar_face_84','nissan','0','166.216.162.38','alpnggts202-dmz.mycingular.net','46e39435c76db4598e845021afb39ca7','','normal','none','yes','0','0','normal',3750,25000,2000,0,0,0,0,0,0,0,0,0,0,140834578,140834578,63814078,0,0,10,0,0,0,74679,0,0,0,0,0,0,0,0,0,74679,0,75,0,100,250000,250000,0,250000,250000,10,0,10,0,0,0,0,0,1000,8,0,0,0,22,1,2,0,'Underboss',1329693298,1329690898,38,'','','','','',0,0,0,0,0,0,60,1329571077,0,0,'enabled',5,'enabled','Main Menu','enabled',0,0,0,0,'',0,0,1,11,42,99999,30,99999,99999,99999,26,99999,99999,28,99999,99999,25,99999,99999,99999,99999,46,50,'no',0,'enabled',0,0,0,'enabled','enabled',0,0,0,0,0,0,1,8,0,5,0,0,0,0,0),(48,'871','bigjstud','bigjstud87','0','74.128.24.48','74-128-24-48.dhcp.insightbb.com','769add32c7ebbb0d6615e3682a18847b','','normal','none','yes','0','0','normal',3750,25000,2000,0,0,0,0,0,0,0,0,0,0,0,75100032,67004782,0,0,10,0,0,0,1000,0,0,1000,0,0,0,0,0,1000,1000,0,100,100,100,250000,250000,0,250000,250000,10,0,10,0,10,0,0,1000,1000,0,0,0,0,0,5,0,0,'',1329168014,0,0,'','','','','',0,0,0,0,0,0,0,0,0,0,'enabled',5,'enabled','Family Ranks','enabled',185,0,0,0,'',0,0,1,19,50,99999,33,99999,99999,99999,32,99999,99999,32,99999,99999,33,99999,99999,99999,99999,50,0,'no',0,'enabled',0,0,0,'enabled','enabled',0,0,0,0,0,0,0,0,0,0,0,0,0,0,0),(49,'AMW','x-man93','pussy1','0','24.105.208.178','24-105-208-178.cm.mhcable.com','96a6bfc76c782134c8f2313d3d540cc8','','normal','none','yes','0','0','normal',3750,25000,0,0,0,0,0,0,0,0,0,0,0,111969282,111969282,67004782,0,0,10,0,0,0,42623,0,0,0,0,0,0,0,0,0,42623,0,75,0,100,250000,250000,0,250000,250000,10,0,10,0,0,0,0,0,1000,0,0,0,0,4,1,0,0,'',1329372236,1329446568,38,'','','','','',0,0,0,0,0,0,60,1329170441,0,0,'enabled',5,'enabled','AMW profile','enabled',184,0,0,0,'',0,0,1,12,45,99999,31,99999,99999,99999,27,99999,99999,29,99999,99999,26,99999,99999,99999,99999,47,50,'no',0,'enabled',0,0,0,'enabled','enabled',0,0,0,0,0,0,0,2,2,0,0,0,0,0,0),(51,'GH','godshand','scottb86','0','174.251.242.190','190.sub-174-251-242.myvzw.com','65f0149e32db44ebba8c9b920efab31c','','normal','none','yes','0','0','normal',3750,25000,2000,0,0,0,0,0,0,0,0,0,0,0,71909328,63814078,0,0,10,0,0,0,1000,0,0,1000,0,0,0,0,0,1000,1000,0,100,100,100,250000,250000,0,250000,250000,10,0,10,0,10,0,0,1000,1000,0,0,0,0,0,5,0,0,'',1329269278,0,0,'','','','','',0,0,0,0,0,0,0,0,0,0,'enabled',5,'enabled','Main Menu','enabled',148,0,0,0,'',0,0,1,20,51,99999,34,99999,99999,99999,33,99999,99999,33,99999,99999,34,99999,99999,99999,99999,51,0,'no',0,'enabled',0,0,0,'enabled','enabled',0,0,0,0,0,1,0,0,0,0,0,0,0,0,0),(52,'West_Coast_Killa','Ice_Cube','Paul34Pierce','0','207.216.136.52','d207-216-136-52.bchsia.telus.net','bf84a7db8e2f17a375e8af68a8e47f56','','normal','none','yes','0','0','normal',3750,25000,2000,0,0,0,0,0,0,0,0,0,0,0,65976500,57881250,0,0,10,0,0,0,1000,0,0,1000,0,0,0,0,0,1000,1000,0,100,100,100,250000,250000,0,250000,250000,10,0,10,0,10,0,0,1000,1000,0,0,0,0,0,5,5,0,'',1329523651,0,0,'','','','','',0,0,0,0,0,0,0,0,0,0,'enabled',5,'enabled',' Board','enabled',43,0,0,0,'',0,0,1,21,52,99999,35,99999,99999,99999,34,99999,99999,34,99999,99999,35,99999,99999,99999,99999,52,0,'no',0,'enabled',0,0,0,'enabled','enabled',0,0,0,0,0,0,0,0,0,19,0,0,0,0,0),(53,'e','East_1999','wzt21a','0','173.89.175.109','cpe-173-89-175-109.neo.res.rr.com','840b194932da22c7e5c70c3fb7a7a439','','normal','none','yes','0','0','normal',3750,25000,2000,0,0,0,0,0,0,0,0,0,0,0,60595250,52500000,0,0,10,0,0,0,1000,0,0,1000,0,0,0,0,0,1000,1000,0,100,100,100,250000,250000,0,250000,250000,10,0,10,0,10,0,0,1000,1000,0,0,0,0,0,3,7,0,'',1329678381,0,0,'http://www.mobstercrimes.com/tru/images/mobsterprofile.jpg','','','','',0,0,0,0,0,0,0,0,0,0,'enabled',5,'enabled','Options','enabled',42,0,0,0,'',0,0,1,8,53,99999,36,99999,99999,99999,35,99999,99999,35,99999,99999,36,99999,99999,99999,99999,53,0,'no',0,'enabled',0,0,0,'enabled','enabled',0,0,0,0,0,0,0,0,0,0,0,0,0,0,0),(54,'TKO','zayah','mafia','0','203.193.211.123','203.193.211.123','4d16810200f55cf3a8030673420f907b','','normal','none','yes','0','0','normal',3750,25000,2000,0,0,0,0,0,0,0,0,0,0,0,60595250,52500000,0,0,10,0,0,0,1000,0,0,1000,0,0,0,0,0,1000,1000,0,100,100,100,250000,250000,0,250000,250000,10,0,10,0,10,0,0,1000,1000,0,0,0,0,0,3,0,0,'',1329557418,0,0,'','','','','',0,0,0,0,0,0,0,0,0,0,'enabled',5,'enabled','Main Menu','enabled',42,0,0,0,'',0,0,1,9,54,99999,37,99999,99999,99999,36,99999,99999,36,99999,99999,37,99999,99999,99999,99999,54,0,'no',0,'enabled',0,0,0,'enabled','enabled',0,0,0,0,0,0,0,0,0,0,0,0,0,0,0),(55,'Christizm','Christizm','ace187','0','58.106.246.147','d58-106-246-147.riv800.nsw.optusnet.com.au','fb7fcbb03443377108fb94002ecd2376','','normal','none','yes','0','0','normal',3750,25000,2000,0,0,0,0,0,0,0,0,0,0,0,60595250,52500000,0,0,10,0,0,0,1000,0,0,1000,0,0,0,0,0,1000,1000,0,100,100,100,250000,250000,0,250000,250000,10,0,10,0,10,0,0,1000,1000,0,0,0,0,0,5,0,0,'',1329650878,0,0,'http://www.mobstercrimes.com/tru/images/mobsterprofile.jpg','','','','',0,0,0,0,0,0,0,0,0,0,'enabled',5,'enabled','Christizm profile','enabled',6,0,0,0,'',0,0,1,22,55,99999,38,99999,99999,99999,37,99999,99999,37,99999,99999,38,99999,99999,99999,99999,55,0,'no',0,'enabled',0,0,0,'enabled','enabled',0,0,0,0,0,0,1,0,0,0,0,0,0,0,0),(56,'pandora','jaydejohnson','mobster1969','0','174.131.53.196','h196.53.131.174.dynamic.ip.windstream.net','86e748bcb47e72926fe94f2e7a29e23e','','normal','none','yes','0','0','normal',3750,25000,2000,0,0,0,0,0,0,0,0,0,0,0,58095250,50000000,0,0,10,0,0,0,1000,0,0,1000,0,0,0,0,0,1000,1000,0,100,100,100,250000,250000,0,250000,250000,10,0,10,0,10,0,0,1000,1000,0,0,0,0,0,1,0,0,'',1329689893,0,0,'','','','','',0,0,0,0,0,0,0,0,0,0,'enabled',5,'enabled',' Board','enabled',0,0,0,0,'',0,0,1,13,56,99999,39,99999,99999,99999,38,99999,99999,38,99999,99999,39,99999,99999,99999,99999,56,0,'no',0,'enabled',0,0,0,'enabled','enabled',0,0,0,0,0,0,1,0,0,0,0,0,0,0,0);

--
-- Table structure for table `r26_city`
--

CREATE TABLE `r26_city` (
  `id` tinyint(1) NOT NULL AUTO_INCREMENT,
  `name` varchar(255) NOT NULL DEFAULT '',
  `country` varchar(32) NOT NULL DEFAULT '',
  PRIMARY KEY (`id`)
) ENGINE=MyISAM AUTO_INCREMENT=5 DEFAULT CHARSET=latin1;

--
-- Dumping data for table `r26_city`
--

INSERT INTO `r26_city` VALUES (1,'New York',''),(2,'Chicago',''),(3,'Miami',''),(4,'Los Angeles','');

--
-- Table structure for table `r26_crew`
--

CREATE TABLE `r26_crew` (
  `id` int(6) unsigned NOT NULL AUTO_INCREMENT,
  `name` varchar(255) NOT NULL DEFAULT '',
  `founder` varchar(18) NOT NULL DEFAULT '',
  `members` smallint(6) NOT NULL DEFAULT '1',
  `profile` varchar(255) NOT NULL DEFAULT '',
  `icon` varchar(255) NOT NULL DEFAULT '',
  `city` tinyint(3) unsigned NOT NULL DEFAULT '1',
  `rank` decimal(65,0) unsigned NOT NULL DEFAULT '99999',
  `networth` decimal(65,0) unsigned NOT NULL DEFAULT '0',
  `cofounder` varchar(18) NOT NULL DEFAULT '',
  `money` decimal(65,0) unsigned NOT NULL DEFAULT '50000',
  `condom` decimal(65,0) unsigned NOT NULL DEFAULT '500',
  `crack` decimal(65,0) unsigned NOT NULL DEFAULT '500',
  `medicine` decimal(65,0) unsigned NOT NULL DEFAULT '500',
  `thug` decimal(65,0) unsigned NOT NULL DEFAULT '500',
  `beer` decimal(65,0) unsigned NOT NULL DEFAULT '0',
  `weed` decimal(65,0) unsigned NOT NULL DEFAULT '0',
  `glock` decimal(65,0) unsigned NOT NULL DEFAULT '0',
  `shotgun` decimal(65,0) unsigned NOT NULL DEFAULT '0',
  `uzi` decimal(65,0) unsigned NOT NULL DEFAULT '0',
  `ak47` decimal(65,0) unsigned NOT NULL DEFAULT '0',
  `bank` decimal(65,0) unsigned NOT NULL DEFAULT '50000',
  `lowrider` decimal(65,0) unsigned NOT NULL DEFAULT '0',
  `cbank` decimal(65,0) unsigned NOT NULL DEFAULT '0',
  `title` varchar(255) NOT NULL DEFAULT '',
  `tnetworth` decimal(65,0) NOT NULL DEFAULT '0',
  `finalrank` decimal(65,0) unsigned NOT NULL DEFAULT '0',
  `motd` text NOT NULL,
  PRIMARY KEY (`id`)
) ENGINE=MyISAM AUTO_INCREMENT=27 DEFAULT CHARSET=latin1;

--
-- Dumping data for table `r26_crew`
--

INSERT INTO `r26_crew` VALUES (1,'CuseBallers','xxxSpader79',16,'','../images/icons/26/small_basketball.gif1213912900',2,2,357139860188,'Specdro',50000,500,500,500,500,0,0,0,0,0,0,50000,0,49470310907,'',819214466095,3,''),(2,'D3ATH_L3G3NDZ','InCoGnItO',20,'','../images/icons/26/mobstercrimes.gif1213941256',3,5,88066609766,'TigerWoods',50000,500,500,500,500,0,0,0,0,0,0,50000,0,1689443023,'',437264421352,5,'AS OF THIS POSTING THESE ARE THE TOP PEOPLE IN THE FAMILY: \r<br>1.TIGER WOODS \r<br>2.CHOSEN_2_KILL \r<br>3.MARG IN \r<br>4.HANNY \r<br>5.TOPKILL4\r<br>6. TONY_2_TRIGGER \r<br>'),(3,'FeaRLeSS_ArmY','GOTTI_GIRL',19,'','../images/icons/26/locoincubus(1).gif1213992552',1,1,720836459330,'YaKillaCJ',50000,500,500,500,500,0,0,0,0,0,0,50000,0,11000000,'',2047987831110,1,''),(4,'Grand_Mafia','WreC',20,'','../images/icons/26/th_thgmred.gif1198795557.gif1213916838',3,4,164873154444,'',50000,500,500,500,500,0,0,0,0,0,0,50000,0,47384185696,'',574873912508,4,''),(26,'godys','theegodfather',1,'','',1,12,16874591,'',50000,500,500,500,500,0,0,0,0,0,0,50000,0,0,'',65729966,11,''),(8,'IO','JoeyBallz',12,'','../images/icons/26/antdogg.gif1213927438',1,3,322993622763,'B_for_Bojan',50000,500,500,500,500,0,0,0,0,0,0,50000,0,8054000000,'',1509511937100,2,''),(9,'theinvader2468','homid24',1,'','',2,11,51771090,'',50000,500,500,500,500,0,0,0,0,0,0,50000,0,0,'',53252340,14,''),(18,'im_so_cool-_-V','Love_You',1,'','',4,9,75475748,'',50000,500,500,500,500,0,0,0,0,0,0,50000,0,226089000,'',301564748,8,''),(19,'187','1010901',1,'','',1,8,86761332,'',50000,500,500,500,500,0,0,0,0,0,0,50000,0,0,'',378301332,7,''),(17,'DaRk_DS','Tha_dopeman-DS',7,'','../images/icons/26/th_DARKHEAD.gif1214100205',2,6,12618042538,'Aerosol',50000,500,500,500,500,0,0,0,0,0,0,50000,0,4280386010,'',64542918423,6,'DS is here now'),(13,'thekillingofurheart','stephy',1,'','',3,13,0,'',50000,500,500,500,500,0,0,0,0,0,0,50000,0,0,'',58095250,12,''),(20,'test','Admin',1,'','',4,14,0,'',50000,500,500,500,500,0,0,0,0,0,0,50000,0,0,'',45733893,15,'testing'),(21,'DeathMob','darkness',1,'','',1,10,58842037,'',50000,500,500,500,500,0,0,0,0,0,0,50000,0,0,'',67513516,10,''),(23,'vannerop','mv',1,'','',1,15,0,'',50000,500,500,500,500,0,0,0,0,0,0,50000,0,0,'',58095250,13,''),(25,'G00DF3LLAZ_INC','cannibiz_OG',1,'','',4,7,110683091,'',50000,500,500,500,500,0,0,0,0,0,0,50000,0,0,'',123493091,9,'');

--
-- Table structure for table `r26_pimp`
--

CREATE TABLE `r26_pimp` (
  `id` mediumint(8) unsigned NOT NULL AUTO_INCREMENT,
  `pimp` varchar(18) NOT NULL DEFAULT '',
  `user` varchar(255) NOT NULL DEFAULT '',
  `pass` varchar(32) NOT NULL DEFAULT '',
  `email` varchar(255) NOT NULL DEFAULT '',
  `trn` int(10) unsigned NOT NULL DEFAULT '1000',
  `res` int(10) unsigned NOT NULL DEFAULT '2000',
  `money` decimal(65,0) unsigned NOT NULL DEFAULT '0',
  `payout` tinyint(3) unsigned NOT NULL DEFAULT '10',
  `whore` decimal(65,0) unsigned NOT NULL DEFAULT '0',
  `dealers` decimal(65,0) unsigned NOT NULL DEFAULT '0',
  `bootleggers` decimal(65,0) unsigned NOT NULL DEFAULT '0',
  `hustlers` decimal(65,0) unsigned NOT NULL DEFAULT '1000',
  `punks` decimal(65,0) unsigned NOT NULL DEFAULT '0',
  `hitmen` decimal(65,0) unsigned NOT NULL DEFAULT '1000',
  `bodyguards` decimal(65,0) unsigned NOT NULL DEFAULT '0',
  `thug` decimal(65,0) unsigned NOT NULL DEFAULT '0',
  `informant` decimal(65,0) unsigned NOT NULL DEFAULT '0',
  `whappy` tinyint(3) unsigned NOT NULL DEFAULT '100',
  `ihappy` tinyint(3) unsigned NOT NULL DEFAULT '100',
  `condom` decimal(65,0) unsigned NOT NULL DEFAULT '250000',
  `crack` decimal(65,0) unsigned NOT NULL DEFAULT '250000',
  `medicine` decimal(65,0) unsigned NOT NULL DEFAULT '0',
  `punk` decimal(65,0) unsigned NOT NULL DEFAULT '0',
  `thappy` tinyint(3) unsigned NOT NULL DEFAULT '100',
  `phappy` tinyint(3) unsigned NOT NULL DEFAULT '100',
  `weed` decimal(65,0) unsigned NOT NULL DEFAULT '250000',
  `beer` decimal(65,0) unsigned NOT NULL DEFAULT '250000',
  `lowrider` decimal(65,0) unsigned NOT NULL DEFAULT '10',
  `hummer` decimal(65,0) unsigned NOT NULL DEFAULT '0',
  `viper` decimal(65,0) unsigned NOT NULL DEFAULT '10',
  `bmxbike` decimal(65,0) unsigned NOT NULL DEFAULT '0',
  `glock` decimal(65,0) unsigned NOT NULL DEFAULT '10',
  `shotgun` decimal(65,0) unsigned NOT NULL DEFAULT '0',
  `uzi` decimal(65,0) unsigned NOT NULL DEFAULT '0',
  `ak47` decimal(65,0) unsigned NOT NULL DEFAULT '1000',
  `explosive` decimal(65,0) unsigned NOT NULL DEFAULT '10',
  `pepperspray` decimal(65,0) unsigned NOT NULL DEFAULT '0',
  `dildo` decimal(65,0) unsigned NOT NULL DEFAULT '0',
  `gernade` decimal(65,0) unsigned NOT NULL DEFAULT '0',
  `attin` int(10) unsigned NOT NULL DEFAULT '0',
  `revattin` int(10) unsigned NOT NULL DEFAULT '0',
  `attout` int(10) unsigned NOT NULL DEFAULT '0',
  `attackout` decimal(65,0) NOT NULL DEFAULT '0',
  `attackin` decimal(65,0) NOT NULL DEFAULT '0',
  `city` tinyint(3) unsigned NOT NULL DEFAULT '1',
  `crew` bigint(20) unsigned NOT NULL DEFAULT '0',
  `networth` decimal(65,0) unsigned NOT NULL DEFAULT '0',
  `bank` decimal(65,0) unsigned NOT NULL DEFAULT '50000000',
  `tbank` decimal(65,0) unsigned NOT NULL DEFAULT '2000',
  `maxadd` decimal(65,0) unsigned NOT NULL DEFAULT '0',
  `rank` decimal(65,0) unsigned NOT NULL DEFAULT '99999',
  `nrank` decimal(65,0) unsigned NOT NULL DEFAULT '99999',
  `online` int(12) unsigned NOT NULL DEFAULT '0',
  `lastattack` int(12) unsigned NOT NULL DEFAULT '0',
  `lastattackby` int(11) unsigned NOT NULL DEFAULT '0',
  `profile` varchar(255) NOT NULL DEFAULT '',
  `description` varchar(255) NOT NULL DEFAULT '',
  `msg` tinyint(3) unsigned NOT NULL DEFAULT '0',
  `msgsent` bigint(20) NOT NULL DEFAULT '0',
  `atk` tinyint(3) unsigned NOT NULL DEFAULT '0',
  `ivt` tinyint(3) unsigned NOT NULL DEFAULT '0',
  `cmsg` tinyint(3) unsigned NOT NULL DEFAULT '0',
  `whorek` decimal(65,0) NOT NULL DEFAULT '0',
  `thugk` decimal(65,0) NOT NULL DEFAULT '0',
  `infok` decimal(65,0) NOT NULL DEFAULT '0',
  `punkk` decimal(65,0) NOT NULL DEFAULT '0',
  `newalert` tinyint(1) NOT NULL DEFAULT '0',
  `alert` text NOT NULL,
  `ip` varchar(15) NOT NULL DEFAULT '0.0.0.0',
  `host` varchar(255) NOT NULL DEFAULT '',
  `code` varchar(43) NOT NULL DEFAULT '',
  `pin` varchar(32) NOT NULL DEFAULT '',
  `status` varchar(12) NOT NULL DEFAULT 'normal',
  `subscribe` varchar(12) NOT NULL DEFAULT '0',
  `workstatus` varchar(12) NOT NULL DEFAULT 'normal',
  `protection` int(11) NOT NULL DEFAULT '0',
  `protectstarted` int(12) NOT NULL DEFAULT '0',
  `postpriv` varchar(12) NOT NULL DEFAULT 'enabled',
  `defaultturns` int(12) NOT NULL DEFAULT '5',
  `sounds` varchar(18) NOT NULL DEFAULT 'enabled',
  `page` varchar(200) NOT NULL DEFAULT '',
  `lottonum` varchar(100) NOT NULL DEFAULT '',
  `posts` int(11) NOT NULL DEFAULT '0',
  `cashstolen` decimal(65,0) NOT NULL DEFAULT '0',
  `hitmenk` decimal(65,0) NOT NULL DEFAULT '0',
  `bodyguardsk` decimal(65,0) NOT NULL DEFAULT '0',
  `ctitle` varchar(100) NOT NULL DEFAULT '',
  `ganked` decimal(65,0) unsigned NOT NULL DEFAULT '0',
  `frank` int(5) NOT NULL DEFAULT '99999',
  `srank` int(5) NOT NULL DEFAULT '99999',
  `skillrank` int(5) NOT NULL DEFAULT '99999',
  `fkillrank` int(5) NOT NULL DEFAULT '99999',
  `totalkills` double unsigned NOT NULL DEFAULT '0',
  `transfers` char(3) NOT NULL DEFAULT 'no',
  `trans` tinyint(3) unsigned NOT NULL DEFAULT '0',
  `totaldus` double unsigned NOT NULL DEFAULT '1000',
  `totalops` double unsigned NOT NULL DEFAULT '1000',
  `medals` varchar(255) NOT NULL DEFAULT 'enabled',
  `cbmsg` tinyint(3) unsigned NOT NULL DEFAULT '0',
  `totnet` decimal(65,0) unsigned NOT NULL DEFAULT '0',
  `arank` decimal(65,0) unsigned NOT NULL DEFAULT '99999',
  `callies` varchar(255) NOT NULL DEFAULT 'enabled',
  `amsg` tinyint(3) unsigned NOT NULL DEFAULT '0',
  `images` varchar(255) NOT NULL DEFAULT 'enabled',
  `cmoney` decimal(65,0) unsigned NOT NULL DEFAULT '0',
  `farank` decimal(65,0) unsigned NOT NULL DEFAULT '99999',
  `sarank` decimal(65,0) unsigned NOT NULL DEFAULT '99999',
  `newprotection` int(11) NOT NULL DEFAULT '0',
  `killrank` int(5) NOT NULL DEFAULT '99999',
  `recmoney` decimal(65,0) unsigned NOT NULL DEFAULT '0',
  `stfmsg` tinyint(3) unsigned NOT NULL DEFAULT '0',
  `ctrans` tinyint(3) unsigned NOT NULL DEFAULT '0',
  `level` int(4) NOT NULL DEFAULT '1',
  `lvl1rank` decimal(65,0) unsigned NOT NULL DEFAULT '99999',
  `lvl2rank` decimal(65,0) unsigned NOT NULL DEFAULT '99999',
  `lvl3rank` decimal(65,0) unsigned NOT NULL DEFAULT '99999',
  `lvl1frank` decimal(65,0) unsigned NOT NULL DEFAULT '99999',
  `lvl2frank` decimal(65,0) unsigned NOT NULL DEFAULT '99999',
  `lvl3frank` decimal(65,0) unsigned NOT NULL DEFAULT '99999',
  `cadd` decimal(65,0) unsigned NOT NULL DEFAULT '0',
  `fadd` decimal(65,0) unsigned NOT NULL DEFAULT '0',
  `sub` decimal(65,0) unsigned NOT NULL DEFAULT '0',
  `lvl1krank` decimal(55,0) unsigned NOT NULL DEFAULT '99999',
  `lvl2krank` decimal(55,0) unsigned NOT NULL DEFAULT '99999',
  `lvl3krank` decimal(55,0) unsigned NOT NULL DEFAULT '99999',
  PRIMARY KEY (`id`),
  KEY `rank` (`rank`),
  KEY `nrank` (`nrank`)
) ENGINE=MyISAM AUTO_INCREMENT=159 DEFAULT CHARSET=latin1;

--
-- Dumping data for table `r26_pimp`
--

INSERT INTO `r26_pimp` VALUES (1,'Admin','slay','forsetup','0',375,15000,12685,1,66,62,5,1008,8,1004,6,5,0,100,100,249971,249983,0,0,100,100,249822,250000,10,0,10,0,10,0,0,10949,10,0,0,0,0,0,0,0,0,4,20,0,0,2000,0,26,125,1245770888,0,0,'','',0,107,0,0,0,0,0,0,0,0,'','68.163.253.60','','c629583ab18b6877b45fc9f1711bce12','','admin','0','normal',1,1214238583,'enabled',5,'enabled','Main Menu','',0,0,0,0,'',0,86,99999,99999,99999,0,'no',0,1015,1149,'enabled',0,45733893,156,'enabled',0,'enabled',0,99999,99999,0,99999,0,0,0,1,99999,99999,99999,99999,99999,99999,0,0,0,99999,99999,99999),(2,'Aerosol','Embryonic','domeness1','0',1100,0,4560,0,0,0,0,116967,0,89385,0,0,0,55,100,0,0,0,0,77,100,0,250000,10,0,10,0,10,2739,1015,5724668,10,0,0,0,0,0,0,8,1,2,17,3012547651,2805849591,0,0,9,39,1214491173,1214285163,133,'','',0,34,0,1,0,0,0,0,0,0,'','196.25.80.133','','91a010fc26b3b214d08c6ac9f6439e80','','normal','0','normal',60,1214491018,'enabled',5,'enabled','Voting','',0,9875034,0,0,'',0,26,99999,99999,46,16395,'no',0,89385,116967,'enabled',0,24484013776,27,'enabled',0,'enabled',0,19,99999,0,99999,0,0,0,1,99999,99999,99999,99999,99999,99999,0,0,0,99999,99999,99999),(3,'fuzzman','fuzzman','dipstick29','0',1300,0,0,0,0,0,0,162310,0,117000,41900,58875,0,100,100,405775,405775,0,0,6,100,762641,250000,10,0,10,0,10,0,0,11055,10,0,0,0,0,0,0,0,0,4,1,4333355571,3998642907,0,0,6,31,1214485876,0,0,'','',0,0,0,0,8,0,0,0,0,0,'','74.47.55.231','','f07589eae5e0d38a25f9a9c8dc8e8c4a','','supporter','0','normal',60,1214485826,'enabled',5,'enabled','Supporter Ranks','',0,0,0,0,'',0,99999,11,12,99999,0,'yes',0,217775,162310,'enabled',0,4374815571,62,'enabled',0,'enabled',0,99999,15,0,99999,0,0,0,2,99999,99999,99999,99999,99999,99999,0,8975,0,99999,99999,99999),(4,'mb','MBNasty','akforty7','0',3022,0,1022691,0,0,0,0,0,0,0,0,0,0,0,100,148032,340245,0,0,0,100,236697,250000,0,0,0,0,10,0,0,2058526,10,0,0,0,1,0,0,4,31,3,8,3776213812,3773075566,0,0,10,33,1214423802,1214517442,43,'','',0,1,4,0,16,0,0,0,0,0,'','71.172.84.83','','080cad1a12fb0a12d5aa79ceffd87d51','','supporter','0','normal',60,1214360097,'enabled',5,'enabled','IO Family','',0,1059543,0,0,'',0,99999,12,7,99999,49766,'no',0,0,0,'enabled',0,11495690062,44,'enabled',0,'enabled',0,99999,13,0,99999,0,0,0,1,99999,99999,99999,99999,99999,99999,0,0,0,99999,99999,99999),(5,'TommyGold','kryptyk','2726don','0',3002,0,152378805,0,0,0,0,123043,0,104777,0,0,0,100,100,1000000,1000000,0,0,100,100,808433,250000,10,0,10,0,10,0,0,7152368,10,0,0,0,0,0,0,9,0,2,3,387774037,0,0,0,15,67,1214437347,0,0,'','',0,3,0,0,1,0,0,0,0,0,'','99.239.10.82','','86f7c3284d52d98f225f4f4d30ec5ecb','','normal','0','normal',60,1214426422,'enabled',5,'enabled','The Board','',0,914275999,0,0,'',0,53,99999,99999,16,116000,'no',0,104777,123043,'enabled',0,27209157787,26,'enabled',0,'enabled',0,18,99999,0,99999,0,0,0,1,99999,99999,99999,99999,99999,99999,0,0,0,99999,99999,99999),(6,'InCoGnItO','scar_face_84','nissan','0',3000,0,0,0,0,0,0,109221,0,85176,44434,58162,0,55,100,0,0,0,0,75,100,0,250000,0,0,0,0,10,0,0,1304025,10,0,0,0,0,0,0,0,0,3,2,245695000,0,0,0,20,80,1214402354,0,0,'','One Man Lost !s Another Man Treasure\r<br>             ! see u^_^dont run\r<br>',7,137,0,0,10,0,0,0,0,0,'','64.12.116.195','','46e39435c76db4598e845021afb39ca7','','normal','0','normal',60,1214363515,'enabled',5,'enabled','D3ATH_L3G3NDZ Family','',0,0,0,0,'',0,64,99999,99999,90,0,'no',0,187772,109221,'enabled',8,5135792500,59,'enabled',0,'enabled',0,45,99999,0,99999,0,0,0,1,99999,99999,99999,99999,99999,99999,0,0,0,99999,99999,99999),(7,'YaKillaCJ','DaBoiCJ','word2pass','2',0,0,249067132031,0,0,0,0,1200010,0,739161,3,0,0,100,100,110159769,321725312,0,0,100,100,266897287,250000,1,0,0,0,10,0,0,248675006,10,0,0,0,0,0,0,50,1,3,3,589110928967,335961697933,0,0,1,1,1214517607,1214228309,69,'','CJ &#1090;&#1085;&#1108; 1&#1084;&#945;&#1080; &#945;&#1103;&#1084;&#1091;\r<br>\r <br>Dont ask w/o Paragraph either...',0,100,0,0,0,0,1,0,0,0,'','71.196.19.31','','93c9ebca589a22408ab0269610e3e28d','','supporter','2','normal',60,1214517596,'enabled',5,'enabled','Main Menu','',0,570933304057,0,0,'',0,99999,1,1,99999,1343296,'yes',0,739164,1200010,'enabled',0,1521642205220,1,'disabled',0,'enabled',2000000001,99999,1,0,99999,0,0,0,3,99999,99999,99999,99999,99999,99999,0,210000,1,99999,99999,99999),(8,'chosen-1','da-assassin','amiin93','0',3000,0,410,0,0,0,0,56224,0,0,0,0,0,75,100,1026155,1566522,0,0,0,100,1507542,250000,0,0,10,0,0,0,0,434613,10,0,0,0,0,0,0,0,37,2,1,271432783,203127484,0,0,19,77,1214409258,1214455912,135,'','',2,11,24,0,10,0,2550,0,0,0,'','79.78.68.91','','e4042aca44b4ed831d4ba654b6427b37','','normal','0','normal',60,1214406974,'enabled',5,'enabled','Main Menu','',0,0,0,0,'',0,62,99999,99999,38,32064,'no',0,0,56224,'enabled',1,1901231533,70,'enabled',0,'enabled',0,55,99999,0,99999,0,0,0,2,99999,99999,99999,99999,99999,99999,0,8000,0,99999,99999,99999),(9,'50','lilaj123','pilates','0',1081,0,99524752,1,0,0,0,114421,0,87471,29045,33797,0,55,100,0,0,0,0,0,100,0,250000,6,0,10,0,0,0,0,0,10,0,0,0,0,0,0,18,15,2,4,333172652,0,2000,0,17,73,1215330164,1213930232,68,'','',1,1,0,0,0,0,113,0,0,0,'','86.11.193.107','','172a2b5b6ead58c1fd1b95fb8d77d3a3','','normal','0','normal',60,1214494623,'enabled',5,'enabled','50 profile','',0,104026063,0,0,'',0,58,99999,99999,34,37504,'no',0,150313,114421,'enabled',0,333172652,91,'enabled',0,'enabled',0,76,99999,0,99999,0,0,0,1,99999,99999,99999,99999,99999,99999,0,0,0,99999,99999,99999),(10,'mikeanator','mike','cheese','0',3000,15000,0,10,0,0,0,1000,0,1000,0,0,0,100,100,250000,250000,0,0,100,100,250000,250000,10,0,10,0,10,0,0,1000,10,0,0,0,0,0,0,0,0,3,0,0,50000000,2000,0,35,126,1213806274,0,0,'','',0,0,0,1,0,0,0,0,0,0,'','0.0.0.0','','d52f895208059eb7f6e20897b0862813','','normal','0','normal',0,0,'enabled',5,'enabled','','',0,0,0,0,'',0,109,99999,99999,91,0,'no',0,1000,1000,'enabled',0,58095250,116,'enabled',1,'enabled',0,99,99999,0,99999,0,0,0,1,99999,99999,99999,99999,99999,99999,0,0,0,99999,99999,99999),(11,'Tha_dopeman-DS','Tha_Dopeman','desiree','0',125,0,56619067,0,0,0,0,124176,0,106892,18828,34356,0,55,100,0,0,0,0,75,100,0,250000,10,0,10,0,10,0,0,3332774,10,0,0,0,0,0,0,2,3,2,17,1864178200,1549557633,0,0,11,43,1214514687,1214038848,9,'','',0,13,0,0,0,0,35,0,0,0,'','220.71.81.29','','e76bdf4faf869a1ee7a576299a55cde6','','normal','0','normal',60,1214514624,'enabled',5,'enabled','Whosonline','',0,3677353500,0,0,'',0,30,99999,99999,45,17005,'no',0,160076,124176,'enabled',0,14362084450,37,'enabled',0,'enabled',0,27,99999,0,99999,0,0,0,1,99999,99999,99999,99999,99999,99999,0,0,0,99999,99999,99999),(12,'ReSpEcT','dub1013','cw1013','0',675,0,1806,0,0,0,0,143570,0,115610,0,0,0,55,100,0,0,0,0,75,100,0,250000,0,0,0,0,0,0,0,6964234,10,0,0,0,0,0,0,30,0,3,1,3092533433,2833351627,0,0,14,38,1214506120,0,0,'','',0,11,0,0,8,0,0,0,0,0,'','71.200.21.8','','27583e476f86ab2ce9c48196972e835d','','normal','0','normal',60,1214500865,'enabled',5,'enabled','CuseBallers Family','',0,3466634260,0,0,'',0,25,99999,99999,8,198079,'no',0,115610,143570,'enabled',0,29208410933,24,'enabled',0,'enabled',0,16,99999,0,99999,0,0,0,2,99999,99999,99999,99999,99999,99999,0,8000,0,99999,99999,99999),(13,'Pennywise','suttercain','unsane','0',237,0,1423,0,19000,30250,0,39025,0,0,0,0,0,60,100,8635980,0,0,0,0,100,69229,250000,0,0,1,0,49024,25000,0,1037230,10,0,0,0,9,0,0,48,27,1,4,1562222717,1406250898,0,0,13,45,1214512003,1214516763,135,'','',0,1,9,0,0,0,32,0,0,0,'','151.202.13.187','','d1e25e9c14a08dae9467049d20cf9837','','normal','0','normal',60,1214511950,'enabled',5,'enabled','Grand_Mafia Family','',0,671389380,0,0,'',0,32,99999,99999,15,121489,'no',0,0,88275,'enabled',0,5488969217,58,'enabled',0,'enabled',0,44,99999,0,99999,0,0,0,2,99999,99999,99999,99999,99999,99999,0,1000,0,99999,99999,99999),(14,'MadAndy','MadAndy','myname23','0',3000,0,634,0,0,0,0,195410,0,140200,0,0,0,55,100,0,0,0,0,75,100,0,250000,0,0,0,0,0,0,0,812798,10,0,0,0,0,0,0,0,0,4,4,335610634,0,0,0,16,72,1214397259,0,0,'','',0,0,0,0,14,0,0,0,0,0,'','65.190.53.181','','c293e5859a3858fb8ae0f45492cfeae9','','normal','0','normal',60,1214395833,'enabled',5,'enabled','Main Menu','',0,0,0,0,'',0,57,99999,99999,92,0,'no',0,140200,195410,'enabled',1,3383603134,66,'enabled',0,'enabled',0,51,99999,0,99999,0,0,0,1,99999,99999,99999,99999,99999,99999,0,0,0,99999,99999,99999),(15,'Platano','audis4b6','claudia','0',3000,15000,0,10,0,0,0,1000,0,1000,0,0,0,100,100,250000,250000,0,0,100,100,250000,250000,10,0,10,0,10,0,0,1000,10,0,0,0,0,0,0,0,0,1,0,0,50000000,2000,0,39,127,1213813218,0,0,'','',0,0,0,0,0,0,0,0,0,0,'','0.0.0.0','','8d4c81439ae4220b9cccf4f7b0f1ceb9','','normal','0','normal',0,0,'enabled',5,'enabled','','',0,0,0,0,'',0,110,99999,99999,93,0,'no',0,1000,1000,'enabled',0,58095250,117,'enabled',1,'enabled',0,100,99999,0,99999,0,0,0,1,99999,99999,99999,99999,99999,99999,0,0,0,99999,99999,99999),(16,'MeatMan03','MeatMan03','samdaman','0',25,0,3087,0,58607,101803,0,0,0,0,0,0,0,60,100,3106423,0,0,0,0,100,210565,250000,0,0,0,0,0,0,0,172655,10,0,0,0,7,0,0,6,55,1,4,354075270,0,0,0,22,69,1214517063,1214516732,135,'','',1,38,0,0,0,0,0,0,0,0,'','138.89.221.139','','e5822f2c4701b43816a498b1288d4dd4','','normal','0','normal',60,1214516858,'enabled',5,'enabled','Main Menu','',0,3368,0,0,'',0,55,99999,99999,57,3492,'yes',0,0,160410,'enabled',0,1001531520,78,'enabled',0,'enabled',0,63,99999,0,99999,0,0,0,1,99999,99999,99999,99999,99999,99999,0,0,0,99999,99999,99999),(17,'Lady_M','Lady_Madonna','queenb','0',697,0,4769,1,48442,96581,0,0,0,0,41361,75547,0,100,100,169430392,362558,0,0,100,100,409178,250000,0,0,0,0,10,0,0,2691018,10,0,0,0,0,0,0,77,20,1,4,1737843952,1192963405,0,0,12,44,1214512148,1214020321,107,'','',1,26,0,0,0,0,0,0,0,0,'','68.80.26.173','','125c6e1e8bccf8a51074bd3f3d1d7181','','normal','0','normal',60,1214503671,'enabled',5,'enabled','Inbox','',0,9241912029,0,0,'',0,31,99999,99999,5,247529,'no',0,116908,145023,'enabled',0,11829165202,43,'enabled',0,'enabled',0,31,99999,0,99999,0,0,0,2,99999,99999,99999,99999,99999,99999,0,8000,0,99999,99999,99999),(18,'zeroday','zer0day','password616','0',50,0,6141250003,10,0,0,0,56196,0,0,0,0,0,75,100,140578,140576,0,0,0,100,21681,250000,0,0,10,0,10,0,0,6335910,10,0,0,0,3,0,0,0,40,1,4,6198420033,0,0,0,7,22,1214516325,1214517549,42,'','',0,1,3,0,20,0,0,0,0,0,'','222.155.66.178','','1b0232232673d965a2a81156c723ee78','','normal','0','normal',60,1214516197,'enabled',5,'enabled','Global Ranks','',0,0,0,0,'',0,14,99999,99999,31,42796,'no',0,0,56196,'enabled',3,29958086283,23,'enabled',0,'enabled',10000000000,15,99999,0,99999,0,0,0,2,99999,99999,99999,99999,99999,99999,0,20000,0,99999,99999,99999),(19,'frankf','frankf','skippy','0',270,0,669546499,1,0,0,0,20979,0,0,15039,19792,0,100,100,33240343,11619872,0,0,100,100,8166012,250000,241,159,26,86,20,658,15000,31978,10,0,0,0,0,0,38,123,30,4,8,829090156,0,0,0,11,58,1214517684,1214474937,145,'','',0,2,0,0,0,0,0,0,0,0,'','76.197.204.44','','969861d22228fcc355bdce77429591ee','','normal','0','normal',60,1214517003,'enabled',5,'enabled','Main Menu','',0,5914920112,0,0,'',0,44,99999,99999,7,229768,'no',0,34831,20979,'enabled',0,977633656,79,'enabled',0,'enabled',0,64,99999,0,99999,0,0,0,1,99999,99999,99999,99999,99999,99999,0,0,0,99999,99999,99999),(20,'Specdro','Specdro','Blueadept','0',60,0,0,0,0,0,0,180569,0,140025,25000,30000,0,55,100,0,0,0,0,75,100,0,250000,0,0,0,0,0,0,0,8909647,10,0,0,0,0,0,0,0,0,4,1,348094000,0,0,0,15,70,1214520331,0,0,'','Not really going for anything but I will take bronze if I can ;)',2,28,0,0,6,0,0,0,0,0,'','74.79.213.36','','c622f057567507fa29146e891688bf92','','supporter','0','normal',60,1214515734,'enabled',5,'enabled','Main Menu','',0,0,0,0,'',0,99999,15,13,99999,0,'no',0,195025,180569,'enabled',0,33759270250,22,'enabled',0,'enabled',10000000000,99999,8,0,99999,0,0,0,2,99999,99999,99999,99999,99999,99999,0,13000,0,99999,99999,99999),(21,'JoeyGz','intafada923','ghandour','0',3000,15000,0,10,0,0,0,1000,0,1000,0,0,0,100,100,250000,250000,0,0,100,100,250000,250000,10,0,10,0,10,0,0,1000,10,0,0,0,0,0,0,0,0,2,8,0,50000000,2000,0,28,128,1214520937,0,0,'','',0,1,0,0,12,0,0,0,0,0,'','24.12.197.64','','540cf423c55d97100ffc1744b6cd7aef','','normal','0','normal',0,0,'enabled',5,'enabled','Main Menu','',0,0,0,0,'',0,111,99999,99999,94,0,'no',0,1000,1000,'enabled',0,58095250,118,'enabled',0,'enabled',0,101,99999,0,99999,0,0,0,1,99999,99999,99999,99999,99999,99999,0,0,0,99999,99999,99999),(22,'KiLLeRWu','asian','K2g6a7&&','0',3000,0,0,1,0,0,0,101000,0,0,0,0,0,75,100,1000000,1000000,0,0,0,100,1000000,250000,10,0,10,0,10,0,0,122500,10,0,0,0,0,0,0,0,3,1,8,109341500,0,0,0,34,104,1214255903,1214308152,79,'','',0,0,3,0,21,0,0,0,0,0,'','99.224.41.82','','8e512c94d4f21492323e558544cbc186','','normal','0','normal',60,1214255857,'enabled',5,'enabled','Global Ranks','',0,0,0,0,'',0,88,99999,99999,35,37318,'no',0,0,101000,'enabled',0,568720250,86,'enabled',1,'enabled',0,71,99999,0,99999,0,0,0,1,99999,99999,99999,99999,99999,99999,0,0,0,99999,99999,99999),(23,'vampyrekin','vampyre69fru','diamond69','0',3000,15000,0,10,1605,31507,0,0,0,0,0,0,0,75,100,67484,118202,0,0,0,100,111993,250000,0,0,10,0,10,0,0,0,10,0,0,0,0,0,0,0,29,1,0,118221562,50000000,2000,0,32,101,1213999819,1214446213,154,'','',0,0,26,2,0,0,0,0,0,0,'','71.119.180.235','','cd91edeac9a9f0cda65278b3f4a56f8b','','normal','0','normal',60,1213999819,'enabled',5,'enabled','Recruiting','',0,0,0,0,'',0,85,99999,99999,72,150,'no',0,0,33112,'enabled',0,118225312,107,'enabled',1,'enabled',0,91,99999,0,99999,0,0,0,1,99999,99999,99999,99999,99999,99999,0,0,0,99999,99999,99999),(24,'lilsergio','wuzup_sergio','9810385','0',3000,15000,0,10,0,0,0,1000,0,1000,0,0,0,100,100,250000,250000,0,0,100,100,250000,250000,10,0,10,0,10,0,0,1000,10,0,0,0,0,0,0,0,0,1,0,0,50000000,2000,0,40,129,1213842613,0,0,'','',0,0,0,2,0,0,0,0,0,0,'','0.0.0.0','','31fb7e20956afab51cf7cf503ef26362','','normal','0','normal',0,0,'enabled',5,'enabled','','',0,0,0,0,'',0,112,99999,99999,95,0,'no',0,1000,1000,'enabled',0,58095250,119,'enabled',1,'enabled',0,102,99999,0,99999,0,0,0,1,99999,99999,99999,99999,99999,99999,0,0,0,99999,99999,99999),(25,'painted','enarus','dragon91','0',3000,15000,0,10,0,0,0,1000,0,1000,0,0,0,100,100,250000,250000,0,0,100,100,250000,250000,10,0,10,0,10,0,0,1000,10,0,0,0,0,0,0,0,0,1,0,0,50000000,2000,0,41,130,1213842681,0,0,'','',0,0,0,1,0,0,0,0,0,0,'','0.0.0.0','','bcb01d2a76f95d11da03b4759780c96a','','normal','0','normal',0,0,'enabled',5,'enabled','','',0,0,0,0,'',0,113,99999,99999,96,0,'no',0,1000,1000,'enabled',0,58095250,120,'enabled',1,'enabled',0,103,99999,0,99999,0,0,0,1,99999,99999,99999,99999,99999,99999,0,0,0,99999,99999,99999),(26,'WreC','racerx','honda','0',2810,0,19610582500,0,0,0,0,342000,0,252000,0,0,0,100,100,855000,855000,0,0,100,100,882000,250000,0,0,0,0,0,0,0,27053032,10,0,0,0,0,0,0,0,0,3,4,70429772800,50218242300,0,0,3,6,1214519304,0,0,'','',0,60,0,0,0,0,0,0,0,0,'','65.82.214.179','','39786ad6ba478df528c61fb005629b51','','supporter','0','normal',60,1214517534,'enabled',5,'enabled','Main Menu','',0,0,0,0,'',0,99999,5,14,99999,0,'no',0,252000,342000,'enabled',0,171878642800,4,'enabled',0,'enabled',10000000000,99999,4,0,99999,0,0,0,2,99999,99999,99999,99999,99999,99999,0,49000,0,99999,99999,99999),(27,'SuPeRMaN_','superman','hinera','0',2050,0,4383,1,0,0,0,136000,0,104000,5000,7000,0,100,100,1000000,0,0,0,100,100,1000000,250000,10,0,10,0,10,0,0,5901006,10,0,0,0,0,0,0,0,0,2,3,251345883,0,0,0,20,79,1214468029,0,0,'','',0,1,0,0,1,0,0,0,0,0,'','122.57.119.45','','5a594f05263b5da04324ae3e227b655c','','normal','0','normal',60,1214467945,'enabled',5,'enabled','Making Purchases','',0,0,0,0,'',0,63,99999,99999,97,0,'yes',0,116000,136000,'enabled',0,22380122133,29,'enabled',0,'enabled',0,21,99999,0,99999,0,0,0,1,99999,99999,99999,99999,99999,99999,0,0,0,99999,99999,99999),(28,'mast','chelsea12','briana','0',3000,0,93,10,0,0,0,150400,0,118350,32000,37999,0,100,100,0,2838974,0,0,100,100,0,250000,0,0,0,0,21679388,0,0,1002150,10,0,0,0,0,0,0,0,1,4,2,362266515,50000000,0,0,14,68,1214480662,1214252718,62,'','',0,0,0,0,6,0,5,0,0,0,'','91.179.162.63','','02dd06d7da1d01f35e7e8fd071aeed29','','normal','0','normal',60,1214441296,'enabled',5,'enabled','D3ATH_L3G3NDZ Family','',0,0,0,0,'',0,54,99999,99999,88,5,'no',0,188349,150400,'enabled',2,12250099515,42,'enabled',0,'enabled',0,30,99999,0,99999,0,0,0,2,99999,99999,99999,99999,99999,99999,0,6000,0,99999,99999,99999),(29,'ThisIsMyName','ThisIsMyName','DDNAME','0',14,0,10449118232,0,0,0,0,228650,0,106509,0,0,0,55,100,0,0,0,0,75,100,0,250000,10,0,10,0,10,0,0,2657614,10,0,0,0,0,0,24,29,2,2,4,11858751291,1074132559,0,0,3,14,1214517612,1213929249,68,'','',0,3,0,0,0,0,60,0,0,0,'','80.162.5.133','','86af190d64fcb3bbb1affeca26cab696','','normal','0','normal',60,1214517546,'enabled',5,'enabled','Main Menu','',0,64288465309,0,0,'',0,8,99999,99999,6,236048,'no',0,106509,228650,'enabled',0,21824807541,31,'enabled',0,'enabled',0,23,99999,0,99999,0,0,0,1,99999,99999,99999,99999,99999,99999,0,0,0,99999,99999,99999),(30,'Reject','dontplay','tippman','0',3000,0,664,0,0,0,0,0,0,0,0,0,0,0,100,818199,873484,0,0,0,100,625999,250000,0,0,10,0,0,0,0,1637497,10,0,0,0,0,0,0,8,44,1,8,1004967441,998699130,0,0,19,55,1214249255,1214457075,135,'','',2,19,14,0,21,0,3,0,0,0,'','75.69.22.172','','7deba150db9a043f7ed290169c19343d','','normal','0','normal',60,1214249176,'enabled',5,'enabled','Global Ranks','',0,3666,0,0,'',0,42,99999,99999,18,87761,'no',0,0,0,'enabled',0,7145581191,54,'enabled',1,'enabled',0,40,99999,0,99999,0,0,0,2,99999,99999,99999,99999,99999,99999,0,8000,0,99999,99999,99999),(31,'BetterOffAlone','theteacher','dan4carly','0',3000,15000,0,10,0,0,0,1000,0,1000,0,0,0,100,100,250000,250000,0,0,100,100,250000,250000,10,0,10,0,10,0,0,1000,10,0,0,0,0,0,0,0,0,1,0,0,50000000,2000,0,42,131,1213884920,0,0,'','',0,0,0,2,0,0,0,0,0,0,'','0.0.0.0','','5fb904d1241259fcfdf0aabb83828998','','normal','0','normal',0,0,'enabled',5,'enabled','','',0,0,0,0,'',0,114,99999,99999,98,0,'no',0,1000,1000,'enabled',0,58095250,121,'enabled',1,'enabled',0,104,99999,0,99999,0,0,0,1,99999,99999,99999,99999,99999,99999,0,0,0,99999,99999,99999),(32,'Jacekooschow','jacekooschow','colt45','0',475,0,0,0,194804,274317,0,1000,0,0,0,0,0,0,100,0,0,0,0,0,100,990033,250000,0,0,0,0,0,0,0,0,10,0,0,0,2,0,0,0,3,4,1,1040604132,0,0,0,9,53,1214506177,1214517303,19,'','',0,7,2,0,8,0,0,0,0,0,'','70.226.29.40','','5715d6cc04946245f664242461d56621','','normal','0','normal',60,1214506127,'enabled',5,'enabled','ignessnox profile','',0,0,0,0,'',0,40,99999,99999,71,152,'no',0,0,470121,'enabled',0,1040604132,77,'enabled',0,'enabled',0,62,99999,0,99999,0,0,0,1,99999,99999,99999,99999,99999,99999,0,0,0,99999,99999,99999),(33,'Cornelion','Cornelion','tripleog','0',3000,15000,0,10,0,0,0,4226,0,0,0,0,0,75,100,77396,126856,0,0,0,100,118713,250000,0,0,0,0,0,0,0,0,10,0,0,0,0,0,0,0,22,3,0,55158816,50000000,2000,0,29,112,1214023195,1214446704,154,'','',0,1,22,0,39,0,0,0,0,0,'','68.11.144.91','','b807bbea02c5a05ea2ae1e0636c7178f','','normal','0','normal',60,1214012710,'enabled',5,'enabled','D3ATH_L3G3NDZ Family','',0,0,0,0,'',0,96,99999,99999,85,90,'no',0,0,4226,'enabled',0,55158816,150,'enabled',1,'enabled',0,133,99999,0,99999,0,0,0,1,99999,99999,99999,99999,99999,99999,0,0,0,99999,99999,99999),(34,'Concarster','Concarster','cg072100','0',5,0,1508752311,10,0,0,0,195690,0,153200,55519,73008,0,56,100,0,0,0,0,11,100,0,250000,0,0,0,0,26,10,54002,0,10,0,0,0,0,0,0,0,1,2,2,5538846405,3616940594,2000,0,6,24,1214517611,1213934450,68,'','',0,35,0,0,0,0,0,0,0,0,'','69.1.20.192','','0e39b18f8530258e5e8000893a6a6e03','','normal','0','normal',60,1214516578,'enabled',5,'enabled','Global Ranks','',0,0,0,0,'',0,16,99999,99999,54,5085,'no',0,281,195690,'enabled',0,5640117405,57,'enabled',0,'enabled',10000000000,43,99999,0,99999,0,0,0,1,99999,99999,99999,99999,99999,99999,0,0,0,99999,99999,99999),(35,'GOD_OF_WAR','iloveasad1','password','0',185,0,243969861,10,0,0,0,125471,0,117650,42000,45000,0,56,100,0,0,0,0,0,100,0,250000,10,0,10,0,10,0,0,0,10,0,0,0,0,0,0,0,0,4,2,530932361,0,0,0,12,63,1214513708,0,0,'','',0,3,0,0,10,0,0,0,0,0,'','84.9.149.174','','d4fb9a5d2690785f51a1e9f752da8f99','','normal','0','normal',60,1214513461,'enabled',5,'enabled','The Bank','',0,0,0,0,'',0,49,99999,99999,99,0,'no',0,204650,125471,'enabled',8,530936111,88,'enabled',0,'enabled',0,73,99999,0,99999,0,0,0,2,99999,99999,99999,99999,99999,99999,0,8000,0,99999,99999,99999),(36,'eLAdg','eladg23','a3511g','0',360,0,44481348936,0,0,0,0,263100,0,87342,0,0,0,100,100,0,675950,0,0,100,100,644677,250000,10,0,10,0,0,0,0,119095,10,0,0,0,2,0,0,0,16,3,1,44836738994,0,0,0,4,7,1214517610,1214517580,46,'','',0,27,2,0,0,0,0,0,0,0,'','77.127.5.228','','3ac2eecaa68348ea2e59acdc1911036c','','normal','0','normal',30,1214517597,'enabled',5,'enabled','Main Menu','',0,0,0,0,'',0,2,99999,99999,55,44993,'no',0,87342,263100,'enabled',0,45283345244,19,'enabled',0,'enabled',0,12,99999,0,99999,0,0,0,1,99999,99999,99999,99999,99999,99999,0,0,0,99999,99999,99999),(37,'xxxSpader79','xxxSpader79','stinknugget','0',150,0,3,0,0,0,0,83005,0,45006,0,0,0,100,100,207514,207513,0,0,100,100,157535,250000,0,0,0,0,2,9,2,10679220,10,0,0,0,0,0,0,0,17,2,1,20357723679,20228252483,0,0,2,10,1214513778,1214284354,11,'','Cuse 4  Life !',0,100,0,0,6,0,0,0,0,0,'','24.59.63.161','','cadda84e52f0f1985efe545fe21eaa68','','supporter','0','normal',60,1214513665,'enabled',5,'enabled','CuseBallers Family','',0,0,0,0,'',0,99999,6,6,99999,66933,'yes',0,45006,83005,'enabled',0,60404809929,12,'enabled',0,'enabled',10000000000,99999,6,0,99999,0,0,0,3,99999,99999,99999,99999,99999,99999,0,69200,0,99999,99999,99999),(38,'twizzybreezy55','twizzybreezy55','987789','0',3008,0,3972526,10,0,12000,1963,1997,2500,0,0,0,0,75,100,146341,2702583,0,0,0,100,118676,250000,0,0,0,0,22548,0,0,0,10,0,0,0,0,0,0,3,34,1,0,130532736,90584416,0,0,29,95,1213922869,1214445897,154,'','',0,4,33,0,52,0,50,0,0,0,'','75.120.77.176','','c608aa45ca9391b3051a309eb325df20','','normal','0','normal',60,1213922610,'enabled',5,'enabled','Main Menu','',0,1398,0,0,'',0,79,99999,99999,42,22500,'no',0,0,18460,'enabled',16,141932736,100,'enabled',1,'enabled',0,84,99999,0,99999,0,0,0,1,99999,99999,99999,99999,99999,99999,0,0,0,99999,99999,99999),(40,'Margin','mosconi','marijuana','0',1350,0,10000004383,0,0,0,0,125180,0,35622,0,0,0,100,100,312950,312950,0,0,100,100,124677,250000,10,0,10,0,0,0,0,9483851,10,0,0,0,0,0,0,0,22,3,2,11164103368,1001204977,0,0,7,16,1214485160,1214456627,135,'','',0,11,0,0,6,0,5,0,0,0,'','66.158.154.144','','2d584450b93d7857a7a85e5b7ec3060a','','normal','0','normal',60,1214485138,'enabled',5,'enabled','Transfers','',0,0,0,0,'',0,9,99999,99999,19,74541,'yes',0,35622,125180,'disabled',2,46728544618,18,'enabled',0,'enabled',10000000000,11,99999,0,99999,0,0,0,1,99999,99999,99999,99999,99999,99999,0,0,0,99999,99999,99999),(39,'PaPa-tee','Tommel','rocky666','0',25,0,10000000003,0,0,0,0,36960,0,0,0,0,0,75,100,857533,150785,0,0,0,100,566323,250000,0,0,0,0,0,0,0,2575664,10,0,0,0,7,0,0,12,70,1,4,12879248847,2838713664,2000,0,4,13,1214517763,1214517469,43,'','',1,3,7,0,0,0,0,0,0,0,'','85.166.181.216','','dea130990b8a095b4f057e08e68d4b1e','','normal','0','normal',60,1214516979,'enabled',5,'enabled','Main Menu','',0,0,0,0,'',0,7,99999,99999,39,31894,'no',0,0,36960,'enabled',0,22537988847,28,'enabled',0,'enabled',10000000000,20,99999,0,99999,0,0,0,1,99999,99999,99999,99999,99999,99999,0,0,0,99999,99999,99999),(41,'GOTTI_GIRL','Gotti_Girl','nopass2008','0',0,0,1,0,0,0,0,305130,0,239640,40000,67000,0,100,100,29878236,37004219,0,0,100,100,23277550,250000,1,0,0,0,0,0,0,33736982,10,0,0,0,0,0,0,0,0,1,3,7782407691,6950134947,0,0,6,21,1214517607,0,0,'','        Bronze? Hopefully! ;)',0,77,0,0,0,0,0,0,0,0,'','74.129.64.100','','ea46fa9dd6aa2c24be749e2fb959bca6','','normal','0','normal',60,1214517100,'enabled',5,'enabled','FeaRLeSS_ArmY Family','',0,0,0,0,'',0,13,99999,99999,100,0,'no',0,346640,305130,'enabled',0,134296090191,7,'disabled',0,'enabled',0,3,99999,0,99999,0,0,0,2,99999,99999,99999,99999,99999,99999,0,49000,0,99999,99999,99999),(42,'TopKi114','badboyed','lakers7','0',88,0,6691183063,45,0,0,0,160700,0,115655,23846,34834,0,100,100,39344693,47090433,0,0,100,100,34634259,250000,1,0,5,5,101999087,0,0,173329,10,0,0,0,0,0,3,11,1,1,2,13630045090,6313037349,2000,0,3,12,1214517604,1214252642,62,'','  No cash on hand no cars and just little bit of drugs to keep my workers happy :)',0,85,0,0,0,0,6,0,0,0,'','77.86.2.179','','8a3db1dcd6b09650cad9f8bc1ca5935c','','normal','0','normal',60,1214517429,'enabled',5,'enabled','Traveling','',0,1409730374,0,0,'',0,6,99999,99999,32,42002,'yes',0,174335,160700,'enabled',0,52529686465,13,'enabled',0,'enabled',10000000000,7,99999,0,99999,0,0,0,1,99999,99999,99999,99999,99999,99999,0,0,0,99999,99999,99999),(46,'Suspect','Yahway616','monojayz','0',233,0,72385400057,1,0,0,0,253487,0,160500,0,0,0,67,100,0,164767,0,0,78,100,55008,250000,2,0,0,0,0,0,0,1024028,10,0,0,0,0,0,2,50,0,3,3,90482919313,17682814623,0,0,2,5,1214688956,0,0,'','Respect Few Fear None',0,4,0,0,0,0,0,0,0,0,'','75.40.251.98','','69f6edbcd4aff3c55a22281aec1aed06','','supporter','0','normal',60,1214517588,'enabled',5,'enabled','Global Ranks','',0,136321379056,0,0,'',0,99999,4,10,99999,65439,'no',0,160500,253487,'enabled',0,94323024313,11,'disabled',0,'enabled',0,99999,5,0,99999,0,0,0,1,99999,99999,99999,99999,99999,99999,0,0,0,99999,99999,99999),(43,'TriNiTy','TriNiTy','ci1313','0',478,0,1088215725,1,0,0,0,195185,0,150104,41790,61288,0,55,100,0,0,0,0,75,100,0,250000,1,0,0,0,50,0,0,359993,10,0,0,0,0,0,2,41,0,4,3,1485045375,0,1500,0,8,46,1214517967,0,0,'','',0,13,0,0,0,0,2,0,0,0,'','81.193.135.54','','5f1811622f0e08a2303a3599e8b64145','','normal','0','normal',60,1214517381,'enabled',5,'enabled','Inbox','',0,29616199,0,0,'Underboss',0,33,99999,99999,29,48480,'yes',0,253182,195185,'enabled',0,2835037875,67,'enabled',0,'enabled',500000000,52,99999,0,99999,0,0,0,1,99999,99999,99999,99999,99999,99999,0,0,0,99999,99999,99999),(44,'CHOSEN-2-KILL','osama','ambertrimble','0',50,0,2811604383,10,0,0,0,204150,0,168312,7509,45485,0,100,100,374275,425313,0,0,100,100,608592,250000,10,0,10,0,16,0,0,25279012,10,0,0,0,0,0,0,2,0,2,2,8372926334,5157936869,0,0,4,20,1214515906,0,0,'','  ! see u^_^dont run',4,86,0,0,0,0,0,0,0,0,'','84.9.149.174','','28aa7be3c2b314772727cecedd96ff0a','','normal','0','normal',25,1214515902,'enabled',5,'enabled','Main Menu','',0,1884,0,0,'',0,12,99999,99999,24,59989,'yes',1,221306,204150,'enabled',0,103169227334,9,'enabled',0,'enabled',10000000000,5,99999,0,99999,0,0,0,2,99999,99999,99999,99999,99999,99999,0,14800,0,99999,99999,99999),(45,'ignessnox','ignessnox','firenight','1',365,0,0,0,0,0,0,172979,0,93869,0,0,0,55,100,0,0,0,0,0,100,0,250000,0,0,0,0,0,0,0,0,10,0,0,0,0,0,0,0,2,4,1,266848000,0,1000,0,18,78,1214511941,1214074813,96,'','',0,10,0,0,6,0,0,0,0,0,'','150.70.84.48','','45dac45aeaf11ea77c24a29a7a796bdd','','supporter','0','normal',60,1214510487,'enabled',5,'enabled','CuseBallers Family','',0,0,0,0,'',0,99999,16,8,99999,13640,'yes',0,93869,172979,'enabled',0,266848000,92,'enabled',0,'enabled',10000000000,99999,16,0,99999,0,0,0,1,99999,99999,99999,99999,99999,99999,0,0,0,99999,99999,99999),(47,'B_for_Bojan','b0j4n','bojan','0',10000,0,2512,1,0,0,0,0,0,0,0,0,0,0,100,2315858,2418988,0,0,0,100,3014265,250000,0,0,10,0,0,0,0,289019422,10,0,0,0,0,0,0,0,56,2,8,304876643211,304854685817,0,0,1,2,1214543962,1214233252,7,'','',0,17,0,0,0,0,5,0,0,0,'','193.77.82.155','','71d2d5fe635b6f855f7c29f58abaad00','','supporter','2','normal',60,1214228804,'enabled',5,'enabled','Main Menu','',0,0,0,0,'',0,99999,2,2,99999,433399,'no',0,0,0,'enabled',0,1388699475710,2,'enabled',0,'enabled',0,99999,2,0,99999,0,0,0,3,99999,99999,99999,99999,99999,99999,0,254000,1,99999,99999,99999),(48,'KingHenry30','rouss35','slipknot35','0',300,0,333,0,0,0,0,165557,0,150675,0,0,0,100,100,413893,413893,0,0,100,100,527363,250000,0,0,0,0,0,0,0,5567077,10,0,0,0,0,0,0,0,0,4,1,430531427,110534070,0,0,13,64,1214510060,0,0,'','',2,12,0,0,7,0,0,0,0,0,'','24.97.107.10','','35337b06359b7db63595a3d1ab4a8d29','','supporter','0','normal',60,1214510038,'enabled',5,'enabled','CuseBallers Family','',0,0,0,0,'Underboss',0,99999,14,15,99999,0,'no',0,150675,165557,'enabled',0,21307070177,32,'enabled',0,'enabled',10000000000,99999,9,0,99999,0,0,0,1,99999,99999,99999,99999,99999,99999,0,0,0,99999,99999,99999),(49,'Kimbo_Slice','steetfury','jose626','0',70,0,1840801068,0,0,0,0,212949,0,154220,0,27,0,55,100,0,0,0,0,75,100,0,250000,10,0,10,0,10,0,0,2135422,10,0,0,0,0,0,0,11,0,1,3,2208325068,0,0,0,11,41,1214533385,0,0,'','',0,4,0,0,0,0,0,0,0,0,'','68.192.36.57','','88197583d535275b6da3e6c1355b4b0e','','normal','0','normal',60,1214517476,'enabled',5,'enabled','Main Menu','',0,24,0,0,'',0,28,99999,99999,14,123818,'no',0,154247,212949,'enabled',0,10216161318,45,'enabled',0,'enabled',1,32,99999,0,99999,0,0,0,1,99999,99999,99999,99999,99999,99999,0,0,0,99999,99999,99999),(50,'RoBo','eugenechuasy','t5kquyuu','0',400,0,1182,1,0,0,0,102298,0,0,0,0,0,75,100,1000000,1000000,0,0,0,100,1000000,250000,10,0,10,0,0,0,0,1961749,10,0,0,0,0,0,0,0,8,2,4,160640682,50000000,0,0,23,90,1214507780,1214508547,145,'','',0,1,2,0,14,0,5050,0,0,0,'','218.186.9.6','','3e35c37fb5e7577a659d84f717d722ed','','normal','0','normal',60,1214507760,'enabled',5,'enabled','Making Purchases','',0,0,0,0,'',0,74,99999,99999,28,49480,'no',0,0,102298,'enabled',1,7517199432,52,'enabled',0,'enabled',0,38,99999,0,99999,0,0,0,1,99999,99999,99999,99999,99999,99999,0,0,0,99999,99999,99999),(51,'chekm8king','chekm8king','iamnumber1','0',450,0,4480,0,0,0,0,118645,0,105744,14672,23028,0,55,100,0,0,0,0,75,100,0,250000,10,0,10,1000,10,0,0,13161954,10,0,0,0,0,0,0,22,1,1,4,2754911068,2348826088,0,0,10,40,1214515197,1214207312,125,'','',0,108,0,0,0,0,8,0,0,0,'','24.196.94.145','','1071c3a8f8d1f502156e0f4b76364fbf','','normal','0','normal',60,1214506224,'enabled',5,'enabled','Main Menu','',0,12275618,0,0,'',0,27,99999,99999,43,21725,'yes',0,143444,118645,'enabled',0,52112242318,14,'enabled',0,'enabled',10000000000,8,99999,0,99999,0,0,0,2,99999,99999,99999,99999,99999,99999,0,9000,0,99999,99999,99999),(53,'TigerWoods','bigflakedog','monica0201','0',0,0,35044185973,1,0,0,0,234850,0,179050,0,0,0,55,100,0,0,0,0,75,100,0,250000,10,0,10,0,10,0,0,26293153,10,0,0,0,0,0,0,0,0,1,2,41125181796,5666754323,0,0,1,8,1214517606,0,0,'','',0,123,0,0,0,0,0,0,0,0,'','74.130.177.168','','be7285f2b122880d9fec84535ac8650e','','normal','0','normal',60,1214517575,'enabled',5,'enabled','G-Soldier profile','',0,0,0,0,'Underboss',0,3,99999,99999,101,0,'yes',0,179050,234850,'disabled',0,139724509296,6,'enabled',0,'enabled',10000000000,2,99999,0,99999,0,0,0,2,99999,99999,99999,99999,99999,99999,0,17000,0,99999,99999,99999),(52,'FareWell _4_Now','Mad_Hatter','oscar4','0',3015,0,163032659,0,0,0,0,37400,0,0,0,0,0,0,100,0,0,0,0,0,100,1981389,250000,10,0,10,0,20,50000,0,142982,10,0,0,0,0,0,0,64,17,4,8,208699715,0,0,0,20,83,1214501029,1214356908,135,'','Just wait until i come back Spader\r<br>you better keep those little account turns you got you will need them',0,28,9,0,13,0,8,0,0,0,'','142.166.229.28','','f49ba63faaab546d618190ff4b15fa80','','normal','0','normal',60,1214237235,'enabled',5,'enabled','Pennywise profile','',0,37852728861,0,0,'',0,67,99999,99999,2,561503,'no',0,0,37400,'enabled',0,782389715,83,'enabled',0,'enabled',5000000000,68,99999,0,99999,0,0,0,2,99999,99999,99999,99999,99999,99999,0,1000,0,99999,99999,99999),(54,'KrAzY','zayah','mafia','0',3008,0,18450277,10,0,0,0,0,0,0,0,0,0,0,100,0,0,0,0,0,100,0,250000,0,0,0,0,10,0,0,3711527,10,0,0,0,0,0,0,32,42,1,4,5074543432,5056093155,0,0,8,26,1214439417,1214453451,133,'','',0,6,1,0,5,0,0,0,0,0,'','58.169.194.83','','4d16810200f55cf3a8030673420f907b','','normal','0','normal',60,1214117954,'enabled',5,'enabled','Grand_Mafia Family Bank Log','',0,3389598725,0,0,'',0,17,99999,99999,11,176169,'no',0,0,0,'enabled',3,18992773432,33,'enabled',0,'enabled',10000000000,24,99999,0,99999,0,0,0,2,99999,99999,99999,99999,99999,99999,0,32000,0,99999,99999,99999),(74,'SA','YoungBlood','unique2213','0',750,0,813,0,0,0,0,42945,0,0,0,0,0,0,100,0,0,0,0,0,100,0,250000,0,0,0,0,0,0,0,428524,10,0,0,0,0,0,0,0,10,3,4,312236083,269290270,2000,0,19,74,1214499094,1214422368,145,'','',0,6,0,0,5,0,0,0,0,0,'','62.198.137.163','','14a739073db60fce248e7ed38a598f8e','','normal','0','normal',60,1214499007,'enabled',5,'enabled','Making Purchases','',0,0,0,0,'',0,59,99999,99999,20,70760,'no',0,0,42945,'enabled',3,1919201083,69,'enabled',0,'enabled',0,54,99999,0,99999,0,0,0,1,99999,99999,99999,99999,99999,99999,0,0,0,99999,99999,99999),(55,'Capps','Capps','password','0',275,0,200,0,0,0,0,74728,0,70925,37000,51999,0,55,100,0,0,0,0,75,100,0,250000,0,0,0,0,10,0,0,1852347,10,0,0,0,0,0,0,0,1,2,2,596844341,406691641,2000,0,12,60,1214510666,1213933262,30,'','',1,5,0,0,52,0,5,0,0,0,'','67.173.150.238','','8d5ace71d52517af3f9b7f8f82dd862b','','normal','0','normal',25,1214510624,'enabled',5,'enabled','Main Menu','',0,0,0,0,'',0,46,99999,99999,89,2,'no',0,159924,74728,'enabled',8,7543149341,51,'enabled',0,'enabled',0,37,99999,0,99999,0,0,0,1,99999,99999,99999,99999,99999,99999,0,0,0,99999,99999,99999),(56,'MasterMind','ucz24badest','andre23','0',3000,15000,667,1,0,0,0,20600,0,15000,0,0,0,100,100,140133,181333,0,0,70,100,160000,250000,10,0,10,0,10,0,0,11190,10,0,0,0,0,0,0,0,0,1,4,87266299,50000000,2000,0,35,105,1213933386,0,0,'','',0,4,0,0,95,0,0,0,0,0,'','70.21.184.43','','7be9deee8262940f9049b1097f358bfe','','normal','0','normal',60,1213932174,'enabled',5,'enabled','spamming InCoGnItO','',0,0,0,0,'',0,89,99999,99999,102,0,'no',0,15000,20600,'enabled',3,129232549,104,'enabled',1,'enabled',0,88,99999,0,99999,0,0,0,1,99999,99999,99999,99999,99999,99999,0,0,0,99999,99999,99999),(57,'JONDOE','SERPENTOR','JONDOE','0',175,0,4266,0,0,0,0,62568,0,52584,0,0,0,100,100,156420,156420,0,0,100,100,184044,250000,10,0,10,0,10,0,0,2583751,10,0,0,0,0,0,0,0,0,1,3,166859622,50000000,0,0,26,89,1214513435,0,0,'','',0,3,0,0,1,0,0,0,0,0,'','71.74.73.146','','0d81fc918923cf8b8950f09ff70737c7','','normal','0','normal',60,1214513346,'enabled',5,'enabled','Main Menu','',0,0,0,0,'',0,73,99999,99999,103,0,'no',0,52584,62568,'enabled',0,9855929622,46,'enabled',0,'enabled',0,33,99999,0,99999,0,0,0,1,99999,99999,99999,99999,99999,99999,0,0,0,99999,99999,99999),(61,'mizzy','mizzyville','moreno','0',3000,15000,0,10,0,0,0,1000,0,1000,0,0,0,100,100,250000,250000,0,0,100,100,250000,250000,10,0,10,0,10,0,0,1000,10,0,0,0,0,0,0,0,0,1,0,0,50000000,2000,0,43,132,1213920562,0,0,'','',0,0,0,0,0,0,0,0,0,0,'','0.0.0.0','','db952c76b700ee49870c691a3116229c','','normal','0','normal',0,0,'enabled',5,'enabled','','',0,0,0,0,'',0,115,99999,99999,104,0,'no',0,1000,1000,'enabled',0,58095250,122,'enabled',1,'enabled',0,105,99999,0,99999,0,0,0,1,99999,99999,99999,99999,99999,99999,0,0,0,99999,99999,99999),(58,'Blaze','blazeaces1','kuno','0',350,0,4,10,12770,19280,0,2500,0,0,150,125,0,100,100,72984605,67700893,0,0,0,100,50090118,250000,0,0,0,0,0,0,0,0,10,0,0,0,0,0,0,0,26,3,2,549570260,0,0,0,18,62,1214512042,1214456736,135,'','',0,3,0,0,2,0,0,0,0,0,'','130.13.222.152','','f25578028e584a11545f6feb8e9892ae','','normal','0','normal',25,1214508988,'enabled',5,'enabled','Main Menu','',0,0,0,0,'',0,48,99999,99999,60,2242,'no',0,275,34550,'enabled',0,549570260,87,'enabled',0,'enabled',0,72,99999,0,99999,0,0,0,2,99999,99999,99999,99999,99999,99999,0,2000,0,99999,99999,99999),(60,'uLtRaS','belgrado','12345678','0',550,0,2394,10,0,0,0,230770,0,197484,0,0,0,100,100,74850048,10000000,0,0,100,100,5154880,250000,10,0,10,0,0,0,0,22144067,10,0,0,0,0,0,0,0,3,1,4,16931629508,16377562046,0,0,2,11,1214504467,1213921851,38,'','',0,5,0,0,4,0,0,0,0,0,'','89.216.20.6','','6327701ba5930219444b61b8a7476265','','normal','0','normal',60,1214504133,'enabled',5,'enabled','Main Menu','',0,0,0,0,'',0,5,99999,99999,86,90,'no',0,197484,230770,'enabled',0,99971880758,10,'enabled',0,'enabled',10000000000,6,99999,0,99999,0,0,0,2,99999,99999,99999,99999,99999,99999,0,27000,0,99999,99999,99999),(59,'wyett','wyett','bullfighter','0',3000,15000,0,10,0,0,0,1000,0,1000,0,0,0,100,100,250000,250000,0,0,100,100,250000,250000,10,0,10,0,10,0,0,1000,10,0,0,0,0,0,0,0,0,1,0,0,50000000,2000,0,44,133,1213919240,0,0,'','',0,0,0,0,0,0,0,0,0,0,'','72.92.186.179','','5df80a9c546014562ba533d9859a8400','','normal','0','normal',0,0,'enabled',5,'enabled','Whosonline','',0,0,0,0,'',0,116,99999,99999,105,0,'no',0,1000,1000,'enabled',0,58095250,123,'enabled',1,'enabled',0,106,99999,0,99999,0,0,0,1,99999,99999,99999,99999,99999,99999,0,0,0,99999,99999,99999),(62,'TheSlayer','che','Hamburg3r','0',1206,0,10051809610,0,0,0,0,203540,0,150563,1031,950,0,100,100,200000,200000,0,0,90,100,153938,250000,1,0,10,247,10,17000,0,7109000,10,0,0,0,0,0,0,54,0,3,4,21906130305,11457347293,0,0,5,9,1214514441,0,0,'','Lmao',1,21,0,0,0,0,4,0,0,0,'','70.53.143.192','','87072e09dbc5ae139c4435529886c2f1','','normal','0','normal',60,1214511979,'enabled',5,'enabled','Global Ranks','',0,289566668,0,0,'',0,4,99999,99999,33,41173,'no',0,152544,203540,'enabled',0,48577634055,16,'enabled',0,'enabled',10000000000,9,99999,0,99999,0,0,0,1,99999,99999,99999,99999,99999,99999,0,0,0,99999,99999,99999),(63,'Ice_Man','Ice_Man','rolyat','0',3000,0,4,10,34,42486,0,36606,0,0,0,0,0,1,100,0,0,0,0,0,100,0,250000,0,0,0,0,10,0,0,459690,10,0,0,0,0,0,0,0,13,1,0,121663004,0,0,0,31,98,1214073252,1214364813,19,'','',0,0,10,0,0,0,50,0,0,0,'','81.132.180.64','','a53311aec282539f39e6e0991a47aaf2','','normal','0','normal',60,1214073229,'enabled',5,'enabled','Main Menu','',0,0,0,0,'',0,82,99999,99999,50,8391,'no',0,0,79126,'enabled',0,1845504254,72,'enabled',1,'enabled',0,57,99999,0,99999,0,0,0,1,99999,99999,99999,99999,99999,99999,0,0,0,99999,99999,99999),(127,'Genko','zell09','killer9','0',3000,16000,59634994,20,1100,1100,1800,7800,2000,6435,1663,17191,0,100,100,332543,303148,0,0,52,100,0,250000,5040,51,20,0,5040,9020,10020,1585,10,0,0,0,0,0,0,56,4,3,2,119641152,18528671,2000,0,24,99,1214461383,1214297036,131,'','        Don\'t mess with the best or bleed like the rest. one man wise words once said \"ever man dies but not ever man truly lives\"\r<br>',0,6,0,0,6,0,2172,0,0,0,'','24.158.145.27','','a98c302e441e8a154d4df1c1fe6d8d08','','normal','0','normal',25,1214297584,'enabled',5,'enabled','attacking ViolentJ','',0,34769334,0,0,'',0,83,99999,99999,51,8337,'no',0,25289,13800,'enabled',8,155727402,99,'enabled',0,'enabled',0,83,99999,0,99999,0,0,0,2,99999,99999,99999,99999,99999,99999,0,1000,0,99999,99999,99999),(64,'tHe_hiTmaN','ryan_22','ryan3693','0',434,0,2,0,0,0,0,74975,0,39439,416,3251,0,55,100,0,0,0,0,8,100,1450079,250000,0,0,10,0,0,0,0,2838,10,0,0,0,0,0,0,7,3,3,2,122372818,0,0,0,23,97,1214513062,1213947518,79,'','',0,12,0,0,1,0,0,0,0,0,'','67.189.233.157','','2fddb3d02356b4941eb31239e8fe393b','','normal','0','normal',60,1214503931,'enabled',5,'enabled','D3ATH_L3G3NDZ Family','',0,9194109,0,0,'',0,81,99999,99999,37,32370,'yes',0,43106,74975,'enabled',0,133015318,103,'enabled',0,'enabled',10000000000,87,99999,0,99999,0,0,0,1,99999,99999,99999,99999,99999,99999,0,0,0,99999,99999,99999),(115,'LOKO187','LOKO187','kalani','0',3000,15000,0,10,0,0,0,1000,0,1000,0,0,0,100,100,250000,250000,0,0,100,100,250000,250000,10,0,10,0,10,0,0,1000,10,0,0,0,0,0,0,0,0,4,0,0,50000000,2000,0,27,134,1214124132,0,0,'','',1,1,0,0,0,0,0,0,0,0,'','98.150.58.33','','3ed61333f919a1471135336130980a4e','','normal','0','normal',0,0,'enabled',5,'enabled','Main Menu','',0,0,0,0,'',0,117,99999,99999,106,0,'no',0,1000,1000,'enabled',0,58095250,124,'enabled',1,'enabled',0,107,99999,0,99999,0,0,0,1,99999,99999,99999,99999,99999,99999,0,0,0,99999,99999,99999),(65,'Bizzarro','Bizzarro','141676z','0',1771,0,496,0,0,0,0,67316,0,61596,0,0,0,55,100,0,0,0,0,75,100,0,250000,10,0,10,0,0,0,0,3551579,10,0,0,0,0,0,0,0,15,2,1,4502775827,4373521831,0,0,7,30,1214476022,1214239589,52,'','',0,8,0,0,8,0,0,0,0,0,'','63.134.134.160','','9190631daf0dd13c3a0b3c852c0f87e1','','supporter','0','normal',60,1214475983,'enabled',5,'enabled','CuseBallers Family','',0,0,0,0,'Underboss',0,99999,10,11,99999,90,'no',0,61596,67316,'enabled',0,17821197077,34,'enabled',0,'enabled',0,99999,10,0,99999,0,0,0,2,99999,99999,99999,99999,99999,99999,0,18000,0,99999,99999,99999),(66,'JoeyBallz','JoeyBallz','charlie730','2',374,0,4135,0,0,0,0,0,0,0,0,0,0,0,100,296115,276110,0,0,0,100,241648,250000,0,0,0,0,0,0,0,10178358,10,0,0,0,0,0,0,27,23,3,8,11681372142,11679276970,1899,0,6,15,1214510393,1214512121,62,'','',3,65,1,0,0,0,0,0,0,0,'','67.83.37.165','','93e50071cbb147e0b20334881bccf86f','','supporter','0','normal',60,1214509963,'enabled',5,'enabled','Main Menu','',0,602545043,0,0,'',0,99999,7,3,99999,154476,'yes',0,0,0,'enabled',0,49850214642,15,'enabled',0,'enabled',10000000000,99999,7,0,99999,0,0,0,2,99999,99999,99999,99999,99999,99999,0,12000,0,99999,99999,99999),(67,'homid24','deathjr148','werty123','0',3009,15000,726,10,0,0,0,0,0,0,0,0,0,0,100,193615,218467,0,0,0,100,214087,250000,0,0,2,0,10,0,0,394,10,0,0,0,0,0,0,4,32,2,9,51771090,50000000,2000,0,26,118,1213928175,1214005756,98,'','',1,1,31,2,0,0,94,0,0,0,'','202.137.112.9','','7f389bae63a349699b3ad285c114c943','','normal','0','normal',0,0,'enabled',5,'enabled','InCoGnItO profile','',0,0,0,0,'',0,102,99999,99999,66,446,'no',0,0,0,'enabled',0,53252340,152,'enabled',1,'enabled',0,135,99999,0,99999,0,0,0,1,99999,99999,99999,99999,99999,99999,0,0,0,99999,99999,99999),(68,'Metrophile','Metrophile','Whitesox','0',3000,16000,2965895,10,150,975,295,10330,315,4000,9000,14000,0,100,100,302975,347972,0,0,53,100,0,250000,140,46,63,12,22900,7261,534,1000,10,0,0,0,0,0,0,42,4,2,8,49849207,11500421,2000,0,27,121,1214018738,1213944928,2,'','  check out my homepage to learn more.\r<br>\r<br>://metrophile.googlep ages/homepage',1,0,0,0,27,0,27,0,0,0,'','68.250.187.72','','e884ef1613e5ffc56e96d3f252c73317','','normal','0','normal',25,1214018714,'enabled',5,'enabled','Main Menu','',0,2218923,0,0,'',0,105,99999,99999,59,2880,'yes',0,27000,12065,'enabled',0,69076207,112,'enabled',1,'enabled',0,95,99999,0,99999,0,0,0,2,99999,99999,99999,99999,99999,99999,0,1000,0,99999,99999,99999),(69,'dakota','jdsquires','laci','0',58,0,60303788298,0,0,0,0,355294,0,278715,229105,284908,0,55,100,0,0,0,0,75,100,0,250000,10,0,10,0,0,0,0,56072795,10,0,0,0,0,0,0,2,0,4,1,115015879735,53820734437,0,0,2,4,1214517603,0,0,'','',0,40,0,0,0,0,0,0,0,0,'','72.70.191.150','','09c407bd20bccaf2f9b212085e815e15','','supporter','2','normal',60,1214517163,'enabled',5,'enabled','Traveling','',0,73510822076,0,0,'',0,99999,3,4,99999,132777,'yes',0,792728,355294,'enabled',0,325288860985,3,'enabled',0,'enabled',10000000000,99999,3,0,99999,0,0,0,3,99999,99999,99999,99999,99999,99999,0,51000,1,99999,99999,99999),(70,'WhiteBoy','whiteboy0679','bruno','0',470,0,2681,1,0,0,0,36360,0,30700,45200,57650,0,55,100,0,0,0,0,75,100,0,250000,10,0,10,0,20,0,0,453005,10,0,0,0,0,0,0,22,8,1,3,168829181,50000000,2000,0,25,88,1214506833,1213970548,52,'','',0,11,0,0,1,0,5,0,0,0,'','99.239.214.226','','3e80d0caf079d7b82fbadb8d111f75e4','','normal','0','normal',60,1214506718,'enabled',5,'enabled','FeaRLeSS_ArmY Family','',0,1030027,0,0,'',0,72,99999,99999,12,154234,'no',0,133550,36360,'enabled',0,1867605431,71,'enabled',0,'enabled',0,56,99999,0,99999,0,0,0,1,99999,99999,99999,99999,99999,99999,0,0,0,99999,99999,99999),(71,'black2345','black2345','159753','0',2025,0,0,10,0,0,0,20312,0,13794,0,521,0,56,100,0,0,0,0,0,100,200987,250000,0,0,0,0,0,0,0,0,10,0,0,0,0,0,0,0,50,1,2,35170448,0,0,0,38,122,1214468822,1214446475,154,'','',0,38,5,0,6,0,0,0,0,0,'','75.177.82.179','','f0854901c7b1493f954762f3f7f18352','','normal','0','normal',60,1214468819,'enabled',5,'enabled','D3ATH_L3G3NDZ Family','',0,0,0,0,'',0,106,99999,99999,73,150,'no',1,14315,20312,'enabled',5,35170448,157,'enabled',0,'enabled',0,139,99999,0,99999,0,0,0,2,99999,99999,99999,99999,99999,99999,0,9000,0,99999,99999,99999),(149,'Lazza','Lazza','buster','0',3000,15000,0,10,0,0,0,1000,0,1000,0,0,0,100,100,250000,250000,0,0,100,100,250000,250000,10,0,10,0,10,0,0,1000,10,0,0,0,0,0,0,0,0,1,0,0,50000000,2000,0,45,135,1214414743,0,0,'','',0,0,0,0,0,0,0,0,0,0,'','86.154.112.104','','007bd4b4aa6438a792d955e0655cf978','','normal','0','normal',0,0,'enabled',5,'enabled','Main Menu','',0,0,0,0,'',0,118,99999,99999,107,0,'no',0,1000,1000,'enabled',0,58095250,125,'enabled',0,'enabled',0,108,99999,0,99999,0,0,0,1,99999,99999,99999,99999,99999,99999,0,0,0,99999,99999,99999),(72,'CBR','plonkey','gogogo','0',1793,0,4225,0,4000,5000,0,146677,0,0,0,0,0,75,100,343078,363083,0,0,0,100,39,250000,0,0,0,0,0,0,0,10587492,10,0,0,0,0,0,0,0,30,3,1,8596180611,8428066903,2000,0,9,19,1214486547,1214509992,66,'','',0,5,4,0,8,0,0,0,0,0,'','121.45.224.199','','857b6c7d41b5ae3b066395710cbf0c4a','','normal','0','normal',60,1214476714,'enabled',5,'enabled','Winnings','',0,0,0,0,'',0,11,99999,99999,41,23693,'no',4,0,155677,'enabled',0,48299275611,17,'enabled',0,'enabled',0,10,99999,0,99999,0,0,0,2,99999,99999,99999,99999,99999,99999,0,12000,0,99999,99999,99999),(91,'Death_Reaper','Darkangel666','820817','0',1075,0,7536892981,0,0,0,0,124494,0,91600,54250,45400,0,100,100,1000000,1000000,0,0,100,100,1000000,250000,10,0,10,0,10,0,0,802976,10,0,0,0,0,0,0,0,0,3,3,10122484414,2311330933,0,0,8,18,1214491849,0,0,'','  I\'m what you wish you could be.',0,10,0,0,1,0,0,0,0,0,'','209.7.181.3','','092d867ad7f2421ec87f5c0d3e28d6f1','','supporter','0','normal',60,1214491609,'enabled',5,'enabled','Main Menu','',0,0,0,0,'',0,99999,8,16,99999,0,'no',0,191250,124494,'enabled',0,13133648164,40,'enabled',0,'enabled',0,99999,11,0,99999,0,0,0,1,99999,99999,99999,99999,99999,99999,0,0,0,99999,99999,99999),(73,'ViolentJ','ViolentJ','master2006','0',3000,0,0,0,0,0,0,53060,0,0,0,0,0,75,100,2000000,2000000,0,0,0,100,2000000,250000,10,0,10,0,10,0,0,199320,10,0,0,0,0,0,0,0,27,3,8,119401500,50000000,0,0,25,100,1214517604,1214447340,131,'','',0,7,0,0,0,0,0,0,0,0,'','68.80.28.74','','e0fa3d8e798d2b71f0037964de6a3de3','','normal','0','normal',60,1213935945,'enabled',5,'enabled','Main Menu','',0,0,0,0,'',0,84,99999,99999,40,25490,'no',0,0,53060,'enabled',0,866855250,81,'enabled',0,'enabled',0,66,99999,0,99999,0,0,0,1,99999,99999,99999,99999,99999,99999,0,0,0,99999,99999,99999),(75,'playa','trevvdogg','playa333','0',420,0,1825003600,1,0,0,0,137589,0,101750,0,0,0,55,100,0,0,0,0,66,100,0,250000,10,0,10,0,10,0,0,112113,10,0,0,0,0,0,0,0,0,2,2,2064684100,0,0,0,10,42,1214514822,0,0,'','',1,37,0,0,2,0,0,0,0,0,'','72.0.173.192','','968cd34ca3903b2d833ae75dfaee92ca','','normal','0','normal',60,1214504940,'enabled',5,'enabled','The Bank','',0,0,0,0,'',0,29,99999,99999,108,0,'yes',0,101750,137589,'enabled',2,2485111600,68,'enabled',0,'enabled',0,53,99999,0,99999,0,0,0,2,99999,99999,99999,99999,99999,99999,0,2000,0,99999,99999,99999),(133,'armyreject','armyreject','afj648','0',2500,0,22293844,0,2100,3650,0,56269,0,0,0,0,0,75,100,93925089,2819918,0,0,0,100,3371685,250000,5110,100,0,0,10,0,0,2558,10,0,0,0,0,0,0,99,42,1,17,1211864279,993198352,2000,0,17,51,1214457736,1214486817,51,'','',0,2,10,0,0,0,4033,0,0,0,'','222.152.132.189','','85c7220364d741949b1b646b3012860a','','normal','0','normal',25,1214457040,'enabled',5,'enabled','armyreject profile','',0,19303760063,0,0,'',0,38,99999,99999,13,127690,'no',0,0,62019,'enabled',0,1221460529,76,'enabled',0,'enabled',269362982,61,99999,0,99999,0,0,0,2,99999,99999,99999,99999,99999,99999,0,2000,0,99999,99999,99999),(76,'Tony_2_Trigger','tacobell71690','tacobell1','0',1850,0,1,0,0,0,0,0,0,0,18000,24000,0,0,100,412,0,0,0,0,100,1691533,250000,0,0,0,0,0,0,0,716488,10,0,0,0,0,0,0,24,40,1,2,4701023457,4673256912,0,0,9,28,1214473433,1214410129,51,'',' $~No Mercy~$\r<br>\r<br>...We Kill At Will...',0,17,0,0,6,0,0,0,0,0,'','99.139.205.142','','64b5dd46b843f200fe269cbe246c3504','','normal','0','normal',60,1214473090,'enabled',5,'enabled','Voting','',0,0,0,0,'',0,19,99999,99999,22,67310,'yes',0,42000,0,'enabled',3,7387853457,53,'enabled',0,'enabled',0,39,99999,0,99999,0,0,0,2,99999,99999,99999,99999,99999,99999,0,22000,0,99999,99999,99999),(77,'interdamn','interdamn','5690696','0',1735,0,3626,1,0,0,0,130570,0,99590,0,0,0,100,100,1000000,1000000,0,0,100,100,1000000,250000,0,0,0,0,0,0,0,2455915,10,0,0,0,0,0,0,0,0,4,2,3978361501,3740197875,2000,0,7,32,1215079338,0,0,'','',0,2,0,0,76,0,0,0,0,0,'','218.208.36.190','','c60c680bb07911878087893f1ac60e05','','normal','0','normal',60,1214476987,'enabled',5,'enabled','TigerWoods profile','',0,0,0,0,'',0,21,99999,99999,109,0,'no',0,99590,130570,'enabled',13,13188042751,38,'enabled',1,'enabled',0,28,99999,0,99999,0,0,0,1,99999,99999,99999,99999,99999,99999,0,0,0,99999,99999,99999),(78,'Death_Angel','Death_Angel','naked67','0',3000,0,4934,0,0,0,0,74744,0,53000,78000,85000,0,100,100,300000,300000,0,0,89,100,300000,250000,10,0,10,0,10,0,0,2247414,10,0,0,0,0,0,0,0,9,4,3,211990434,0,0,0,19,82,1214443411,1213958168,84,'','',0,0,0,0,1,0,0,0,0,0,'','75.176.168.89','','0073057b7c2c645695526f50588fa75d','','normal','0','normal',60,1214443386,'enabled',5,'enabled','Making Purchases','',0,0,0,0,'',0,66,99999,99999,74,150,'yes',0,216000,74744,'enabled',0,8639796684,48,'enabled',0,'enabled',0,34,99999,0,99999,0,0,0,2,99999,99999,99999,99999,99999,99999,0,9000,0,99999,99999,99999),(89,'LeatherNutz','mcjimmy','mcjimmy','0',0,0,224058429,10,0,0,0,108819,0,0,0,0,0,1,100,0,0,0,0,0,100,1210000,250000,1,0,10,0,10,0,0,10802652,10,0,0,0,0,0,0,2,5,2,8,338044079,0,0,0,16,71,1214517609,1214308247,79,'','  ~LeatherNutz~',0,10,0,0,0,0,2,0,0,0,'','86.134.164.99','','9659c76617ebb008b2fd2e6e43fc4a66','','normal','0','normal',60,1214517523,'enabled',5,'enabled','Main Menu','',0,0,0,0,'',0,56,99999,99999,26,55745,'no',0,0,108819,'enabled',0,40847992829,20,'enabled',0,'enabled',0,13,99999,0,99999,0,0,0,2,99999,99999,99999,99999,99999,99999,0,5000,0,99999,99999,99999),(81,'Lord_Kris','Lord_Kris','qwer111','0',2220,0,2188,0,0,0,0,155050,0,127750,0,0,0,100,100,0,4416750,0,0,75,100,0,250000,10,0,10,0,10,0,0,4413524,10,0,0,0,0,0,0,0,0,2,3,5751868000,5455474062,1900,0,5,23,1214465586,0,0,'','',0,0,0,0,2,0,0,0,0,0,'','4.232.135.154','','b3fab57b5cc98585da0860afc1a891a6','','normal','0','normal',60,1214465515,'enabled',5,'enabled','Making Purchases','',0,0,0,0,'',0,15,99999,99999,110,0,'no',0,127750,155050,'enabled',0,22302586750,30,'enabled',0,'enabled',0,22,99999,0,99999,0,0,0,1,99999,99999,99999,99999,99999,99999,0,0,0,99999,99999,99999),(79,'smattle','smattle','jihad','0',2292,0,3362833537,0,0,0,0,51180,0,19617,62932,238074,0,100,100,127950,127950,0,0,100,100,1122181,250000,10,0,10,0,10,0,0,1248352,10,0,0,0,0,0,0,31,1,3,3,3589475561,0,0,0,12,35,1214473433,1213958966,84,'','',0,0,0,0,1,0,0,0,0,0,'','80.235.62.196','','d07269eea1467cea3d04d0cf385c8077','','normal','0','normal',60,1214473180,'enabled',5,'enabled','smattle profile','',0,21962949415,0,0,'',0,23,99999,99999,1,1186915,'no',0,320623,51180,'enabled',0,8270799311,49,'enabled',0,'enabled',0,35,99999,0,99999,0,0,0,2,99999,99999,99999,99999,99999,99999,0,19000,0,99999,99999,99999),(80,'BEST_BUDDY','osva991','airija','0',0,0,3014441253,0,0,0,0,104600,0,76000,0,0,0,100,100,4445200,208250,0,0,75,100,0,250000,0,0,0,0,0,0,0,6070099,10,0,0,0,0,0,0,0,9,4,1,4738395078,1538283875,0,0,4,27,1214517606,1213958327,84,'','',0,0,0,0,0,0,5,0,0,0,'','86.41.70.152','','db654783c783251dbf619cd457a42c3d','','normal','0','normal',60,1214517597,'enabled',5,'enabled','CuseBallers Family','',0,0,0,0,'',0,18,99999,99999,84,91,'no',0,76000,104600,'enabled',0,27501266328,25,'enabled',0,'enabled',0,17,99999,0,99999,0,0,0,1,99999,99999,99999,99999,99999,99999,0,0,0,99999,99999,99999),(82,'Tubaman','Tubaman','directorab','0',3000,15000,0,99,0,0,0,0,0,0,0,0,0,0,100,161652,188134,0,0,0,100,185092,250000,10,0,0,0,10,0,0,0,10,0,0,0,0,0,0,0,17,4,0,51482922,50000000,2000,0,25,119,1214137477,1214394274,146,'','',0,0,6,0,0,0,0,0,0,0,'','62.49.22.244','','bec03a683a04265b0d563a774c64caa2','','normal','0','normal',60,1213954585,'enabled',5,'enabled','Making Purchases','',0,0,0,0,'',0,103,99999,99999,75,150,'no',0,0,0,'enabled',0,51486672,154,'enabled',1,'enabled',0,137,99999,0,99999,0,0,0,1,99999,99999,99999,99999,99999,99999,0,0,0,99999,99999,99999),(83,'ajmob1084','ajmob10','jhutty','0',3400,15000,0,10,0,0,0,1000,0,1000,0,0,0,100,100,250000,250000,0,0,100,100,250000,250000,10,0,10,0,10,0,0,1000,10,0,0,0,0,0,0,0,0,1,0,0,50000000,2000,0,46,136,1213955664,0,0,'','',0,0,0,0,0,0,0,0,0,0,'','82.110.149.218','','87391ba36619e7336ec69c7b02c3386d','','normal','0','normal',0,0,'enabled',5,'enabled','Voting','',0,0,0,0,'',0,119,99999,99999,111,0,'no',0,1000,1000,'enabled',0,58095250,126,'enabled',1,'enabled',0,109,99999,0,99999,0,0,0,1,99999,99999,99999,99999,99999,99999,0,0,0,99999,99999,99999),(84,'Cheese','Jesus','36361993','0',3003,0,3,100,0,0,0,74568,0,18000,0,0,0,10,100,0,0,0,0,0,100,152,250000,0,0,1,0,0,0,0,1027012,10,0,0,0,0,0,0,161,33,2,0,142601111,50000000,0,0,24,92,1214298736,1214293900,133,'','',0,0,0,0,0,0,8089,0,0,0,'','82.110.149.218','','1f590035161602bb9dc82e6eb697fe46','','normal','0','normal',60,1214298675,'enabled',5,'enabled','Main Menu','',0,316059970,0,0,'',0,76,99999,99999,17,100067,'no',0,18000,74568,'enabled',0,3993896111,64,'enabled',1,'enabled',0,49,99999,0,99999,0,0,0,1,99999,99999,99999,99999,99999,99999,0,0,0,99999,99999,99999),(85,'DK','DoNkEyKoNg','GUNITX','0',0,0,372709862,0,0,0,0,294799,0,199991,1600,2400,0,55,100,0,0,0,0,75,100,0,250000,1,0,1,0,10,0,0,35154378,10,0,0,0,0,0,0,0,0,4,3,869534012,0,0,0,10,56,1214517608,0,0,'','',0,22,0,0,0,0,0,0,0,0,'','195.93.21.38','','e0695db23c713df00d94ec4d1f3d132c','','normal','0','normal',60,1214517608,'enabled',5,'enabled','collecting','',0,0,0,0,'',0,50,99999,99999,112,0,'yes',0,203991,295056,'enabled',0,132698455262,8,'enabled',0,'enabled',0,4,99999,0,99999,0,0,0,2,99999,99999,99999,99999,99999,99999,0,49000,0,99999,99999,99999),(86,'collegedropout01','collegedropout01','kanyewest','0',175,0,418,0,0,0,0,146224,0,0,0,0,0,57,100,150000,150000,0,0,0,100,1200000,250000,0,0,0,0,10,0,0,2536828,10,0,0,0,0,0,0,0,28,3,17,3644628685,3493004267,0,0,11,34,1214513469,1214473133,79,'','',1,4,0,0,0,0,0,0,0,0,'','90.203.31.201','','15fa0557ebdab02f64b44ee171079bb1','','normal','0','normal',60,1214513403,'enabled',5,'enabled','D3ATH_L3G3NDZ Family','',0,0,0,0,'Capo',0,22,99999,99999,30,47023,'no',0,0,146224,'enabled',0,13157737435,39,'enabled',0,'enabled',0,29,99999,0,99999,0,0,0,1,99999,99999,99999,99999,99999,99999,0,0,0,99999,99999,99999),(87,'BillBogan','Vlad_Brtickhawk','knozzo','0',3000,15000,290536,10,0,0,0,0,0,0,0,0,0,0,100,20939,62464,0,0,0,100,58299,250000,0,0,0,0,10,0,0,0,10,0,0,0,0,0,0,0,52,1,0,50732063,50000000,2000,0,37,120,1213958444,1214445637,154,'','',0,0,52,0,0,0,0,0,0,0,'','220.237.145.6','','d06e9dd41b50e02cf6a84696af710eaf','','normal','0','normal',60,1213958444,'enabled',5,'enabled','collecting','',0,0,0,0,'',0,104,99999,99999,76,150,'no',0,0,0,'enabled',0,50735813,155,'enabled',1,'enabled',0,138,99999,0,99999,0,0,0,1,99999,99999,99999,99999,99999,99999,0,0,0,99999,99999,99999),(88,'hanny','hanver','blubdevis','0',620,0,2681,0,0,0,0,129372,0,91104,0,0,0,100,100,401085090,42910396,0,0,100,100,19327830,250000,1020,1000,1000,1000,0,0,0,9785439,10,0,0,0,0,0,0,80,0,1,2,1056789279,0,0,0,18,52,1214503553,0,0,'','noob',0,8,0,0,3,0,0,0,0,0,'','81.245.124.79','','db5edb348249d9d869b7283074d614ef','','normal','0','normal',60,1214503492,'enabled',5,'enabled','Attack','',0,178634709,0,0,'',0,39,99999,99999,21,69513,'no',0,91104,129372,'enabled',2,37752185529,21,'enabled',0,'enabled',0,14,99999,0,99999,0,0,0,1,99999,99999,99999,99999,99999,99999,0,0,0,99999,99999,99999),(90,'POLICE','POLICE','rap17','0',1700,0,10000003000,0,0,0,0,195300,0,146750,0,0,0,100,100,488250,488250,0,0,100,100,513625,250000,10,0,10,0,10,0,0,1268743,10,0,0,0,0,0,0,0,0,1,4,10346402000,0,0,0,5,17,1214499359,0,0,'','',1,1,0,0,4,0,0,0,0,0,'','41.196.94.221','','26c1fbe20d1ab109d4ac9a208c5f13fe','','normal','0','normal',60,1214476536,'enabled',5,'enabled','Main Menu','',0,0,0,0,'',0,10,99999,99999,113,0,'yes',0,146750,195300,'enabled',0,15104192000,36,'enabled',0,'enabled',10000000000,26,99999,0,99999,0,0,0,1,99999,99999,99999,99999,99999,99999,0,0,0,99999,99999,99999),(92,'K0SPR3','k0spr3','ilikemoney','0',3000,15000,0,10,0,0,0,1000,0,1000,0,0,0,100,100,250000,250000,0,0,100,100,250000,250000,10,0,10,0,10,0,0,1000,10,0,0,0,0,0,0,0,0,3,0,0,50000000,2000,0,36,137,1214423309,0,0,'','',0,0,0,0,0,0,0,0,0,0,'','64.107.166.2','','9dd1112770a9c6fe7d2aa6eafc98a4a7','','normal','0','normal',0,0,'enabled',5,'enabled','Main Menu','',0,0,0,0,'',0,120,99999,99999,114,0,'no',0,1000,1000,'enabled',0,58095250,127,'enabled',1,'enabled',0,110,99999,0,99999,0,0,0,1,99999,99999,99999,99999,99999,99999,0,0,0,99999,99999,99999),(93,'Rev_Road','kimojava','roadhouse','0',8300,0,0,0,0,0,0,233108,0,340,0,0,0,75,100,581283,581283,0,0,0,100,77805,250000,10,0,0,0,0,0,0,1041747,10,0,0,0,0,0,0,0,18,4,1,5115995505,4879894653,2000,0,3,25,1214490149,1214403064,29,'','',0,3,0,0,8,0,0,0,0,0,'','70.7.182.0','','026a14f89a9215fdd86da89fcf8ceff8','','supporter','2','normal',60,1214455480,'enabled',5,'enabled','Main Menu','',0,0,0,0,'',0,48,9,5,9,114867,'yes',0,340,233108,'enabled',0,9022546755,47,'enabled',0,'enabled',0,99999,14,0,99999,0,0,0,2,99999,99999,99999,99999,99999,99999,0,21500,1,99999,99999,99999),(152,'fiendish','radders1980','newcastle','0',575,0,12,0,0,0,0,68503,0,0,0,0,0,50,100,0,39905010,0,0,0,100,41,250000,0,0,0,0,0,0,0,301940,10,0,0,0,0,0,0,0,42,2,0,199219709,11001503,2000,0,21,85,1214503575,1214455093,135,'','',0,7,0,0,0,0,0,0,0,0,'','87.102.93.108','','e975b49b7ed225304e5a1555ac896b44','','normal','0','normal',60,1214503472,'enabled',5,'enabled','D3ATH_L3G3NDZ Family','',0,0,0,0,'',0,69,99999,99999,53,6623,'yes',0,0,68503,'enabled',0,1331494709,75,'enabled',0,'enabled',0,60,99999,0,99999,0,0,0,1,99999,99999,99999,99999,99999,99999,0,0,0,99999,99999,99999),(94,'Voltage','Voltage','strong18','0',3010,0,475,10,0,0,0,0,0,0,0,0,0,0,100,879096,937760,0,0,0,100,925163,250000,0,0,0,0,10,0,0,723958,10,0,0,0,0,0,0,0,18,1,3,1355654187,1348260684,0,0,15,48,1213988638,1214486678,51,'','',1,0,11,0,8,0,0,0,0,0,'','67.76.212.10','','549f81777acb1665e435d9d5ea12d561','','normal','0','normal',60,1213976155,'enabled',5,'enabled','Voltage profile','',0,0,0,0,'',0,35,99999,99999,36,33549,'no',0,0,0,'enabled',0,4070500437,63,'enabled',1,'enabled',0,48,99999,0,99999,0,0,0,1,99999,99999,99999,99999,99999,99999,0,0,0,99999,99999,99999),(95,'ThaPricklyComedian','RappKid','lebadabeata','0',3021,15000,220691,10,13,4699,1859,1774,3600,0,0,0,0,75,100,44561,97603,0,0,0,100,717,250000,0,0,0,0,0,0,0,0,10,0,0,0,0,0,0,1,46,3,0,63565429,50000000,2000,0,27,110,1213979337,1214506969,64,'','',0,0,45,0,0,0,0,0,0,0,'','78.96.76.13','','7dfe224ec4631a3dd13909938f903e85','','normal','0','normal',60,1213979088,'enabled',5,'enabled','The Bank','',0,0,0,0,'',0,94,99999,99999,83,127,'no',0,0,11945,'enabled',0,66353929,114,'enabled',1,'enabled',0,97,99999,0,99999,0,0,0,1,99999,99999,99999,99999,99999,99999,0,0,0,99999,99999,99999),(96,'Kingkilla','kingalex','tracyjas','0',2400,0,0,0,0,1,0,61240,0,0,0,0,0,0,100,0,0,0,0,0,100,0,250000,0,0,0,0,0,0,0,0,10,0,0,0,0,0,0,45,39,3,2,202912625,141670625,0,0,21,84,1214459497,1214456556,135,'','',0,38,0,0,6,0,0,0,0,0,'','86.133.220.215','','43a22494af5ced8ecb2d9622ecc9e6af','','normal','0','normal',60,1214459440,'enabled',5,'enabled','D3ATH_L3G3NDZ Family Bank Log','',0,101316054,0,0,'',0,68,99999,99999,3,509092,'no',0,0,61241,'enabled',7,202912625,94,'enabled',0,'enabled',500000000,78,99999,0,99999,0,0,0,2,99999,99999,99999,99999,99999,99999,0,5000,0,99999,99999,99999),(97,'stephy','stephiee990','sora96','0',3000,15000,0,10,0,0,0,1000,0,1000,0,0,0,100,100,250000,250000,0,0,100,100,250000,250000,10,0,10,0,10,0,0,1000,10,0,0,0,0,0,0,0,0,3,13,0,50000000,2000,0,37,138,1213980003,0,0,'','',0,0,0,3,0,0,0,0,0,0,'','70.45.171.111','','01285b1ba431763c5bd38d676b55e1f8','','normal','0','normal',0,0,'enabled',5,'enabled','Main Menu','',0,0,0,0,'',0,121,99999,99999,115,0,'no',0,1000,1000,'enabled',0,58095250,128,'enabled',1,'enabled',0,111,99999,0,99999,0,0,0,1,99999,99999,99999,99999,99999,99999,0,0,0,99999,99999,99999),(100,'BattaglioClan','Jigsaw1964','djgaad6','0',1500,0,5349314,75,3000,4500,3000,18000,10682,0,0,0,0,75,100,2617197,4533784,0,0,0,100,5328236,250000,2500,100,25,1,26158,12426,0,0,10,0,0,0,5,0,0,0,74,1,0,141071807,50000000,0,0,27,93,1214482341,1214516919,19,'','',0,0,72,0,0,0,100,0,0,0,'','205.188.117.141','','1a2c645c7750ee9142974f6ae3c26fa8','','normal','0','normal',60,1214482332,'enabled',5,'enabled','collecting','',0,0,0,0,'',0,77,99999,99999,44,20635,'no',0,0,39182,'enabled',0,164700557,97,'enabled',0,'enabled',0,81,99999,0,99999,0,0,0,1,99999,99999,99999,99999,99999,99999,0,0,0,99999,99999,99999),(99,'matt','kawasakimatt','mattgleave','0',430,0,407771084,10,0,0,0,69196,0,71000,25000,39997,0,56,100,0,0,0,0,0,100,0,250000,10,0,10,0,10,0,0,0,10,0,0,0,0,0,0,0,3,1,17,630807084,50000000,0,0,20,59,1214513882,1214252462,62,'','',0,1,0,0,0,0,15,0,0,0,'','84.9.149.174','','191491fef4d248ad0e28c6d2a7f97a9e','','normal','0','normal',60,1214513853,'enabled',5,'enabled','The Bank','',0,0,0,0,'',0,45,99999,99999,87,11,'no',0,135997,69196,'enabled',0,630810834,84,'enabled',0,'enabled',0,69,99999,0,99999,0,0,0,2,99999,99999,99999,99999,99999,99999,0,2000,0,99999,99999,99999),(98,'TommyGunn','TommyGunn','system15','0',3010,0,0,10,30470,56171,0,0,0,0,0,0,0,42,100,58153,76194,0,0,0,100,77945,250000,0,0,0,0,0,0,0,0,10,0,0,0,0,0,0,5,59,2,2,189115515,0,2000,0,22,86,1214443386,1214455022,135,'','',0,3,29,0,9,0,0,0,0,0,'','71.194.22.41','','34b18cb63e3cc052f305d79f6f8a16fc','','normal','0','normal',60,1214388056,'enabled',5,'enabled','Main Menu','',0,0,0,0,'',0,70,99999,99999,77,150,'no',0,0,86641,'enabled',5,189115515,95,'enabled',0,'enabled',0,79,99999,0,99999,0,0,0,1,99999,99999,99999,99999,99999,99999,0,0,0,99999,99999,99999),(101,'G-Soldier','G-Soldier','14ditishet','0',0,0,141537219742,1,243308,314400,0,1000,0,0,505,707,0,0,100,0,0,0,0,75,100,0,250000,10,0,10,0,10,0,0,19153,10,0,0,0,0,0,0,0,1,4,1,142826237242,50000000,0,0,1,3,1214517603,1214252694,62,'','if you look at my profile you will turn into stone, HAH, you\'re stone now, hard to attack me now you turned to stone isn\'t it?',0,5,0,0,0,0,0,0,0,0,'','91.178.102.204','','7502d902e7f3ad3ca45f16ec3712f69f','','normal','0','normal',60,1214517561,'enabled',5,'enabled','Main Menu','',0,0,0,0,'',0,1,99999,99999,78,150,'no',0,1212,558708,'enabled',0,142898064742,5,'enabled',0,'enabled',0,1,99999,0,99999,0,0,0,2,99999,99999,99999,99999,99999,99999,0,30000,0,99999,99999,99999),(102,'Locust','Locust','282828','0',3000,15000,0,10,0,0,0,1000,0,1000,0,0,0,100,100,250000,250000,0,0,100,100,250000,250000,10,0,10,0,10,0,0,1000,10,0,0,0,0,0,0,0,0,1,0,0,50000000,2000,0,47,139,1213993674,0,0,'','',0,0,0,1,0,0,0,0,0,0,'','69.136.2.173','','df148b0f1def911eba9953c0f7dd1d49','','normal','0','normal',0,0,'enabled',5,'enabled','Locust profile','',0,0,0,0,'',0,122,99999,99999,116,0,'no',0,1000,1000,'enabled',0,58095250,129,'enabled',1,'enabled',0,112,99999,0,99999,0,0,0,1,99999,99999,99999,99999,99999,99999,0,0,0,99999,99999,99999),(110,'Mac17','Mac17','posse','0',3000,15000,39750000,10,0,7500,0,1000,0,1000,5500,6500,0,100,100,150000,688000,0,0,51,100,0,250000,10,0,10,0,10,0,0,11000,10,0,0,0,0,0,0,0,0,2,0,65305500,0,2000,0,25,109,1214048277,0,0,'','',0,0,0,0,0,0,0,0,0,0,'','68.190.90.106','','0737c4ef1c9566394fb452e0d2b0ab53','','normal','0','normal',60,1214048247,'enabled',5,'enabled','The Bank','',0,0,0,0,'',0,93,99999,99999,117,0,'no',0,13000,8500,'enabled',0,106559250,109,'enabled',1,'enabled',0,93,99999,0,99999,0,0,0,1,99999,99999,99999,99999,99999,99999,0,0,0,99999,99999,99999),(103,'Down4Life','Cisco14','bronx718','0',1300,0,3,0,0,0,0,164600,0,127800,5000,6000,0,100,100,200000,200000,0,0,89,100,200333,250000,10,0,10,0,10,0,0,1742592,10,0,0,0,0,0,0,0,0,4,4,299842835,0,0,0,17,75,1214490352,0,0,'','',0,1,0,0,5,0,0,0,0,0,'','209.173.6.202','','247199dbf9348c66888f1a323a28bd35','','normal','0','normal',60,1214487766,'enabled',5,'enabled','Main Menu','',0,0,0,0,'',0,60,99999,99999,118,0,'no',0,138800,164600,'enabled',0,6834566585,55,'enabled',0,'enabled',0,41,99999,0,99999,0,0,0,1,99999,99999,99999,99999,99999,99999,0,0,0,99999,99999,99999),(114,'LLDC','LLDC','seamless','0',2610,0,2453,0,0,0,0,150029,0,112400,949,6428,0,100,100,150000,150000,0,0,89,100,150000,250000,0,0,20,0,2005,0,0,2350719,10,0,0,0,0,0,0,41,0,3,3,3495713801,3227743848,2000,0,13,36,1214489412,0,0,'','',0,2,0,0,1,0,0,0,0,0,'','70.244.103.204','','59b375b8cc1c7d2735a652d6ef5d8cc1','','supporter','0','normal',60,1214406947,'enabled',5,'enabled','Turn Bank','',0,0,0,0,'',0,99999,13,9,99999,7000,'no',0,119777,150029,'enabled',0,12311661926,41,'enabled',0,'enabled',0,99999,12,0,99999,0,0,0,1,99999,99999,99999,99999,99999,99999,0,0,0,99999,99999,99999),(106,'fuck','Mistical3','tsrp','0',3020,0,2858610,10,0,42478,0,0,0,0,0,0,0,1,100,0,0,0,0,0,100,89001,250000,0,0,0,0,10,0,0,0,10,0,0,0,0,0,0,0,38,1,0,138170614,50000000,2000,0,28,94,1214019722,1214279397,127,'','',0,0,37,0,0,0,0,0,0,0,'','75.176.96.63','','bce701ed7154196ae3a38fe23a4d9ee1','','normal','0','normal',60,1214019600,'enabled',5,'enabled','Main Menu','',0,0,0,0,'',0,78,99999,99999,79,150,'no',0,0,42478,'enabled',0,138174364,101,'enabled',1,'enabled',0,85,99999,0,99999,0,0,0,2,99999,99999,99999,99999,99999,99999,0,2000,0,99999,99999,99999),(104,'ROCK','BOZILLA','6969420','0',3000,15000,0,10,0,0,0,1000,0,1000,0,0,0,100,100,250000,250000,0,0,100,100,250000,250000,10,0,10,0,10,0,0,1000,10,0,0,0,0,0,0,0,0,1,0,0,50000000,2000,0,48,140,1214010956,0,0,'','',0,0,0,0,0,0,0,0,0,0,'','75.93.216.48','','c932fd368bc9714cdc57ff5f1b41becd','','normal','0','normal',0,0,'enabled',5,'enabled','ROCK profile','',0,0,0,0,'',0,123,99999,99999,119,0,'no',0,1000,1000,'enabled',0,58095250,130,'enabled',1,'enabled',0,113,99999,0,99999,0,0,0,1,99999,99999,99999,99999,99999,99999,0,0,0,99999,99999,99999),(105,'Lee-Loo','Tilywinks','aazhane22','0',384,10000,4191,10,0,0,0,81943,0,61192,25080,34200,0,100,100,119920,119920,0,0,100,100,332665,250000,10,0,10,0,10,0,0,213338,10,0,0,0,0,0,0,0,0,1,3,174931031,0,0,0,24,87,1214509809,0,0,'','',0,2,0,0,1,0,0,0,0,0,'','207.233.90.1','','7abca9fcd9bed90584ca531d0cef5378','','normal','0','normal',60,1214509668,'enabled',5,'enabled','The Board','',0,0,0,0,'Capo',0,71,99999,99999,120,0,'no',0,120472,81943,'enabled',0,974952281,80,'enabled',0,'enabled',50000000,65,99999,0,99999,0,0,0,1,99999,99999,99999,99999,99999,99999,0,0,0,99999,99999,99999),(109,'BLeeK','hellsent','malik3','0',3000,15000,0,10,0,0,0,1000,0,1000,0,0,0,100,100,250000,250000,0,0,100,100,250000,250000,10,0,10,0,10,0,0,1000,10,0,0,0,0,0,0,0,0,1,0,0,50000000,2000,0,49,141,1214048259,0,0,'','',1,1,0,1,0,0,0,0,0,0,'','71.48.80.103','','046187edefb9f7bb8ede261f40164344','','normal','0','normal',0,0,'enabled',5,'enabled','BLeeK profile','',0,0,0,0,'',0,124,99999,99999,121,0,'no',0,1000,1000,'enabled',0,58095250,131,'enabled',1,'enabled',0,114,99999,0,99999,0,0,0,1,99999,99999,99999,99999,99999,99999,0,0,0,99999,99999,99999),(107,'Love_You','aefan34','2131510a','0',3000,0,252,10,0,0,0,45000,0,21310,0,0,0,56,100,0,0,0,0,0,100,2291374,250000,0,0,0,0,0,0,0,0,10,0,0,0,0,0,0,20,54,4,18,75475748,0,0,0,22,107,1214275518,1214444408,135,'','This Mobsters description has been reset by Admin',0,1,10,0,0,0,5,0,0,0,'','76.187.217.77','','3d1e6783a64b3bd14010b1c45eb1fb34','','normal','0','normal',60,1214275481,'enabled',5,'enabled','Main Menu','',0,52325,0,0,'',0,91,99999,99999,10,177837,'no',0,21310,45000,'enabled',0,75475748,111,'enabled',1,'enabled',0,94,99999,0,99999,0,0,0,1,99999,99999,99999,99999,99999,99999,0,0,0,99999,99999,99999),(119,'NM786','NM786','unlock786','0',3000,15000,0,10,0,0,0,1000,0,1000,0,0,0,100,100,250000,250000,0,0,100,100,250000,250000,10,0,10,0,10,0,0,1000,10,0,0,0,0,0,0,0,0,1,0,0,50000000,2000,0,50,142,1214140221,0,0,'','',0,0,0,0,0,0,0,0,0,0,'','78.145.21.54','','75a8629f49512ced69388f275bc9fff2','','normal','0','normal',0,0,'enabled',5,'enabled','Main Menu','',0,0,0,0,'',0,125,99999,99999,122,0,'no',0,1000,1000,'enabled',0,58095250,132,'enabled',1,'enabled',0,115,99999,0,99999,0,0,0,1,99999,99999,99999,99999,99999,99999,0,0,0,99999,99999,99999),(108,'siccness','siccness','siccmade','2',3000,15000,0,10,0,0,0,1000,0,1000,0,0,0,100,100,250000,250000,0,0,100,100,250000,250000,10,0,10,0,10,0,0,1000,10,0,0,0,0,0,0,0,0,1,8,0,88117084,2000,0,51,143,1214442694,0,0,'','',0,7,0,0,15,0,0,0,0,0,'','68.0.147.46','','ad742552ada13314a0b9b9363506ca4f','','supporter','0','normal',0,0,'enabled',5,'enabled','TheSlayer profile','',0,0,0,0,'',0,99999,17,17,99999,0,'no',0,1000,1000,'enabled',0,96212334,110,'enabled',0,'enabled',0,99999,17,0,99999,0,0,0,1,99999,99999,99999,99999,99999,99999,0,0,0,99999,99999,99999),(142,'Godz-Ghost','homie55','lickdat','0',3000,0,7,10,0,0,0,29000,0,13500,0,48152,0,100,100,103333,59063333,0,0,0,100,0,250000,10,0,10,0,0,0,0,0,10,0,0,0,0,0,0,0,24,1,2,244210839,0,0,0,23,81,1214444940,1214431092,19,'','',0,1,0,0,9,0,0,0,0,0,'','98.165.6.200','','85c1349f4e92bd71090ce180e3b61818','','normal','0','normal',60,1214444862,'enabled',5,'enabled','Main Menu','',0,0,0,0,'',0,65,99999,99999,48,12716,'no',0,61652,29000,'enabled',5,244210839,93,'enabled',0,'enabled',0,77,99999,0,99999,0,0,0,1,99999,99999,99999,99999,99999,99999,0,0,0,99999,99999,99999),(126,'NOYB','trpletrouble','opps123','0',1825,0,0,0,40000,56512,0,0,0,0,0,0,0,0,100,0,0,0,0,0,100,122105,250000,0,0,0,0,0,0,0,986569,10,0,0,0,0,0,0,0,15,3,17,1238677730,1025165310,2000,0,15,50,1214473466,1214456515,135,'','',0,1,0,0,0,0,0,0,0,0,'','65.69.69.235','','8f918c12e4b8b3f82c3ded0508a78b2b','','normal','0','normal',60,1214473388,'enabled',5,'enabled','Making Purchases','',0,0,0,0,'',0,37,99999,99999,80,150,'no',0,0,96512,'enabled',0,4938311480,61,'enabled',0,'enabled',0,47,99999,0,99999,0,0,0,1,99999,99999,99999,99999,99999,99999,0,0,0,99999,99999,99999),(113,'hi','flounder','password','0',3000,15000,0,10,0,0,0,1000,0,0,0,0,0,75,100,217197,233282,0,0,0,100,232191,250000,0,0,0,0,10,0,0,0,10,0,0,0,0,0,0,0,16,3,0,52845807,50000000,2000,0,32,117,1214097500,1214297304,131,'','',0,0,16,0,0,0,0,0,0,0,'','70.188.167.11','','b424f68e7b4b4b12debc69bda6ffb74c','','normal','0','normal',0,0,'enabled',5,'enabled','hi profile','',0,0,0,0,'',0,101,99999,99999,65,694,'no',0,0,1000,'enabled',0,52849557,153,'enabled',1,'enabled',0,136,99999,0,99999,0,0,0,1,99999,99999,99999,99999,99999,99999,0,0,0,99999,99999,99999),(111,'Blue_Wolf','zorro44','malatya','0',3000,15000,0,10,0,0,0,1000,0,1000,0,0,0,100,100,250000,250000,0,0,100,100,250000,250000,10,0,10,0,10,0,0,1000,10,0,0,0,0,0,0,0,0,1,0,0,50000000,2000,0,52,144,1214057175,0,0,'','',0,1,0,0,0,0,0,0,0,0,'','88.255.8.170','','cbcf05bb3e093c8e789610a3e30d99da','','normal','0','normal',0,0,'enabled',5,'enabled','Main Menu','',0,0,0,0,'',0,126,99999,99999,123,0,'no',0,1000,1000,'enabled',0,58095250,133,'enabled',1,'enabled',0,116,99999,0,99999,0,0,0,1,99999,99999,99999,99999,99999,99999,0,0,0,99999,99999,99999),(112,'1010901','manofsteel','manofsteel','0',3021,0,0,10,0,0,0,26497,0,0,0,0,0,75,100,2222221,2222221,0,0,0,100,258487,250000,10,0,10,0,10,0,0,77743,10,0,0,0,0,0,0,53,20,1,19,86761332,50000000,0,0,36,106,1214428554,1214431122,19,'','        no dus no ops',0,3,7,1,0,0,35,0,0,0,'','63.239.116.147','','b4a0b7bf86bf6752ae8d9bef206b5dc7','','normal','0','normal',60,1214317245,'enabled',5,'enabled','Main Menu','',0,0,0,0,'',0,90,99999,99999,23,62798,'no',0,0,26497,'enabled',0,378301332,90,'enabled',0,'enabled',0,75,99999,0,99999,0,0,0,1,99999,99999,99999,99999,99999,99999,0,0,0,99999,99999,99999),(122,'deidman','deidman','ZACK','0',3000,15000,0,10,0,0,0,1000,0,1000,0,0,0,100,100,250000,250000,0,0,100,100,250000,250000,10,0,10,0,10,0,0,1000,10,0,0,0,0,0,0,0,0,4,0,0,50000000,2000,0,99999,99999,1214174738,0,0,'','',0,0,0,0,0,0,0,0,0,0,'','75.69.22.172','','ffa93e7559f5cdd534011a41b511cc2d','','banned','0','normal',0,0,'enabled',5,'enabled','Attack','',0,0,0,0,'',0,99999,99999,99999,122,0,'no',0,1000,1000,'enabled',0,58095250,99999,'enabled',1,'enabled',0,99999,99999,0,99999,0,0,0,1,99999,99999,99999,99999,99999,99999,0,0,0,99999,99999,99999),(135,'ndysaxt','ndysaxt','junior','0',5,0,902912,10,242,6184,235,18479,1101,0,0,0,0,75,100,61208128,51294305,0,0,0,100,26154059,250000,0,0,0,0,0,0,0,59803,10,0,0,0,17,0,157,252,45,1,0,402612690,49999999,0,0,21,66,1214517613,1214517214,19,'','',0,1,0,0,0,0,5065,0,0,0,'','207.68.247.93','','c90ddfd7925c1f23ae61e8aebd0371dd','','normal','0','normal',5,1214517409,'enabled',5,'enabled','Recruiting','',0,745130448,0,0,'',0,52,99999,99999,9,184144,'no',0,0,26241,'enabled',0,627226440,85,'enabled',0,'enabled',0,70,99999,0,99999,0,0,0,1,99999,99999,99999,99999,99999,99999,0,0,0,99999,99999,99999),(116,'BadDad','BadDad','qwertyuiop','0',3000,5000,1995286,10,0,0,18800,1000,34400,863,7727,13506,0,100,100,135500,135500,0,0,97,100,80500,250000,10,0,10,0,10,20664,0,10367,10,0,0,0,0,0,0,0,2,3,0,32880286,0,2000,0,33,123,1214131622,1214362539,131,'','',0,0,2,0,0,0,0,0,0,0,'','72.150.227.69','','251437d2194525eb6372256c36379baa','','normal','0','normal',60,1214131367,'enabled',5,'enabled','Main Menu','',0,0,0,0,'',0,107,99999,99999,56,3553,'yes',0,22096,54200,'enabled',0,115458286,108,'enabled',1,'enabled',0,92,99999,0,99999,0,0,0,1,99999,99999,99999,99999,99999,99999,0,0,0,99999,99999,99999),(121,'idle','bangbang','bangbang','0',3000,15000,0,10,0,0,0,1000,0,811,0,0,0,100,100,250000,250000,0,0,86,100,250000,250000,10,0,10,0,10,0,0,819,10,0,0,0,0,0,0,0,2,4,0,54152500,50000000,2000,0,23,113,1214331108,1214349690,136,'','',0,3,2,0,0,0,50,0,0,0,'','86.17.83.200','','5fc3a11f0bf99b45249de5aa9d74deec','','normal','0','normal',0,0,'enabled',5,'enabled','Inbox','',0,0,0,0,'',0,97,99999,99999,69,199,'no',0,811,1000,'enabled',0,57227500,149,'enabled',0,'enabled',0,132,99999,0,99999,0,0,0,1,99999,99999,99999,99999,99999,99999,0,0,0,99999,99999,99999),(117,'Scar_Face','omniscient','metallica','0',3000,15000,0,10,0,0,0,1000,0,0,0,0,0,75,100,250000,250000,0,0,0,100,250000,250000,10,0,10,0,10,0,0,98,10,0,0,0,0,0,0,0,12,3,0,53341500,50000000,2000,0,31,116,1214135137,1214297381,131,'','',0,0,11,0,0,0,85,0,0,0,'','58.169.236.253','','1fa8a350f73ca0dbee8f58487967113f','','normal','0','normal',0,0,'enabled',5,'enabled','Recruiting','',0,0,0,0,'',0,100,99999,99999,64,724,'no',0,0,1000,'enabled',0,53712750,151,'enabled',1,'enabled',0,134,99999,0,99999,0,0,0,1,99999,99999,99999,99999,99999,99999,0,0,0,99999,99999,99999),(118,'Mafia','PRINCEE','Rachelle','0',3018,15000,0,10,0,0,0,1000,0,303,0,0,0,100,100,250000,250000,0,0,100,100,248425,250000,10,0,10,0,10,0,0,1076,10,0,0,0,0,0,0,8,0,3,0,53638200,50000000,2000,0,30,115,1214135816,0,0,'','',0,0,0,0,0,0,8,0,0,0,'','82.3.208.231','','a5f8437cdcb5b664710e3307ebee7be5','','normal','0','normal',0,0,'enabled',5,'enabled','Recruiting','',0,0,0,0,'',0,99,99999,99999,63,731,'no',0,303,1000,'enabled',0,57676950,148,'enabled',1,'enabled',0,131,99999,0,99999,0,0,0,1,99999,99999,99999,99999,99999,99999,0,0,0,99999,99999,99999),(120,'RAFA','Dondal','woodsyhill','0',3000,15000,0,10,0,0,0,1000,0,1000,0,0,0,100,100,250000,250000,0,0,100,100,250000,250000,10,0,10,0,10,0,0,1000,10,0,0,0,0,0,0,0,0,1,0,0,50000000,2000,0,53,145,1214153509,0,0,'','',0,0,0,0,0,0,0,0,0,0,'','217.171.129.70','','cd10a7e2f5691be328659621eb1bbcf5','','normal','0','normal',0,0,'enabled',5,'enabled','Main Menu','',0,0,0,0,'',0,127,99999,99999,124,0,'no',0,1000,1000,'enabled',0,58095250,134,'enabled',1,'enabled',0,117,99999,0,99999,0,0,0,1,99999,99999,99999,99999,99999,99999,0,0,0,99999,99999,99999),(125,'el_patron','el_patron','poopy2','0',2673,2000,214161,0,0,0,0,0,0,0,15000,12500,0,0,100,106885,121701,0,0,98,100,63190,250000,0,0,20,0,10,0,0,120739,10,0,0,0,0,0,0,15,14,3,17,1015338909,1000000000,0,0,16,54,1214465726,1214456816,135,'','',0,17,0,0,1,0,0,0,0,0,'','71.173.160.159','','4bc4d5b153c46bb0c5d1ea0619d50182','','normal','0','normal',60,1214465323,'enabled',5,'enabled','Traveling','',0,5386873,0,0,'',0,41,99999,99999,62,833,'yes',0,27500,0,'enabled',0,1468113909,73,'enabled',0,'enabled',0,58,99999,0,99999,0,0,0,2,99999,99999,99999,99999,99999,99999,0,2000,0,99999,99999,99999),(145,'The_D','Flabbi','hiphop','0',442,0,4207,10,0,0,0,96953,0,83683,22977,118419,0,100,100,1000000,767929,0,0,100,100,9806967,250000,10,0,10,0,3862,1465,0,1448758,10,0,0,0,0,0,0,40,0,2,3,294211362,0,0,0,18,76,1214508618,0,0,'','',0,1,0,0,1,0,0,0,0,0,'','85.80.194.163','','613949919684ffa583b5a71156583df8','','normal','0','normal',60,1214508562,'enabled',5,'enabled','The Board','',0,5547859895,0,0,'',0,61,99999,99999,4,408940,'no',0,225079,96953,'enabled',0,5729600862,56,'enabled',0,'enabled',1103249998,42,99999,0,99999,0,0,0,2,99999,99999,99999,99999,99999,99999,0,15000,0,99999,99999,99999),(123,'JodyBreeze','JodyBreeze','987654321t','0',3000,15000,0,10,0,0,0,1000,0,1000,0,0,0,100,100,250000,250000,0,0,100,100,250000,250000,10,0,10,0,10,0,0,1000,10,0,0,0,0,0,0,0,0,3,0,0,50000000,2000,0,38,146,1214196955,0,0,'','',0,0,0,0,0,0,0,0,0,0,'','72.187.230.32','','bc649855dd7691032240f5baa48f9869','','normal','0','normal',0,0,'enabled',5,'enabled','Main Menu','',0,0,0,0,'',0,128,99999,99999,125,0,'no',0,1000,1000,'enabled',0,58095250,135,'enabled',1,'enabled',0,118,99999,0,99999,0,0,0,1,99999,99999,99999,99999,99999,99999,0,0,0,99999,99999,99999),(124,'MIKEYG','mikegz','garcia3652','0',3000,15000,0,10,0,0,0,1000,0,1000,0,0,0,100,100,250000,250000,0,0,100,100,250000,250000,10,0,10,0,10,0,0,1000,10,0,0,0,0,0,0,0,0,2,0,0,50000000,2000,0,29,147,1214197506,0,0,'','',0,0,0,0,0,0,0,0,0,0,'','96.230.65.3','','c754c021058a1432ce1c0640edd2f1a8','','normal','0','normal',0,0,'enabled',5,'enabled','I AM G0D profile','',0,0,0,0,'',0,129,99999,99999,126,0,'no',0,1000,1000,'enabled',0,58095250,136,'enabled',1,'enabled',0,119,99999,0,99999,0,0,0,1,99999,99999,99999,99999,99999,99999,0,0,0,99999,99999,99999),(130,'FTP','FTP','putos','0',1500,0,112132295,0,0,0,0,160947,0,0,0,0,0,60,100,500000,0,0,0,0,100,0,250000,0,0,10,0,0,0,0,3178903,10,0,0,0,24,0,0,0,24,2,3,3298609295,3024705000,0,0,8,37,1214481335,1214517498,29,'','',0,2,24,0,1,0,0,0,0,0,'','72.56.160.112','','aa03dd2765ed63ae3161bf2bbde83939','','normal','0','normal',60,1214481276,'enabled',5,'enabled','Whosonline','',0,0,0,0,'',0,24,99999,99999,25,59113,'no',0,0,160947,'enabled',0,15219495545,35,'enabled',0,'enabled',10000000000,25,99999,0,99999,0,0,0,1,99999,99999,99999,99999,99999,99999,0,0,0,99999,99999,99999),(128,'phochonk','bluenred','171001','0',3000,15000,0,10,0,0,0,1000,0,1000,0,0,0,100,100,250000,250000,0,0,100,100,250000,250000,10,0,10,0,10,0,0,1000,10,0,0,0,0,0,0,0,0,3,0,0,50000000,2000,0,39,148,1214355631,0,0,'','',0,0,0,0,0,0,0,0,0,0,'','118.137.58.187','','53a336cfb776b40b9e56a9c91be29ac5','','normal','0','normal',0,0,'enabled',5,'enabled','Inbox','',0,0,0,0,'',0,130,99999,99999,127,0,'no',0,1000,1000,'enabled',0,58095250,137,'enabled',0,'enabled',0,120,99999,0,99999,0,0,0,1,99999,99999,99999,99999,99999,99999,0,0,0,99999,99999,99999),(132,'weezy','weezy','iamed','0',3000,0,3,10,28767,53604,0,23,0,0,0,0,0,61,100,4214907,0,0,0,0,100,0,250000,0,0,0,0,10,0,0,0,10,0,0,0,0,0,0,0,53,1,1,1366534171,1183170761,2000,0,14,47,1214354621,1214486647,51,'','',0,9,24,0,13,0,0,0,0,0,'','24.218.99.169','','10b7c2741514115dd217db133d9bfd18','','normal','0','normal',60,1214354324,'enabled',5,'enabled','CuseBallers Family','',0,0,0,0,'',0,34,99999,99999,68,212,'no',0,0,82394,'enabled',2,1366537921,74,'enabled',0,'enabled',0,59,99999,0,99999,0,0,0,1,99999,99999,99999,99999,99999,99999,0,0,0,99999,99999,99999),(131,'darkness','darthedragon','knight','0',3002,15000,16052224,50,389,1673,3140,6095,3993,1261,0,0,0,100,100,154307,193192,0,0,57,100,1492683,250000,40,40,366,35,0,0,0,682,10,0,0,0,0,0,0,23,5,3,21,60246016,4869677,2000,0,28,111,1214447421,1214280320,127,'','',0,2,0,0,0,0,237,0,0,0,'','24.158.149.19','','10dfd6d8ef72cad75c12aced34dc28f6','','normal','0','normal',60,1214447421,'enabled',5,'enabled','collecting','',0,48986216,0,0,'',0,95,99999,99999,61,1641,'no',0,1261,15290,'enabled',0,67513516,113,'enabled',0,'enabled',0,96,99999,0,99999,0,0,0,1,99999,99999,99999,99999,99999,99999,0,0,0,99999,99999,99999),(157,'HOLE_PUNCH','yahway','money1','0',350,0,341609426,0,0,0,47000,1000,62749,1000,0,0,0,0,100,0,0,0,0,85,100,41500,250000,10,0,10,0,10,0,0,1000,10,0,0,0,0,0,0,0,0,2,0,425491426,50000000,2000,0,14,65,1214509419,0,0,'','',0,4,0,0,0,0,0,0,0,0,'','69.119.109.80','','9b6e34fa2c2877b91eb95c697515c477','','normal','0','normal',60,1214508510,'enabled',5,'enabled','Lady_M profile','',0,0,0,0,'',0,51,99999,99999,128,0,'yes',0,1000,110749,'enabled',0,499745176,89,'enabled',0,'enabled',0,74,99999,0,99999,0,0,0,1,99999,99999,99999,99999,99999,99999,0,0,0,99999,99999,99999),(129,'Sativa','Sativa','Mygreybe4rd','0',3000,15000,0,10,0,0,0,1000,0,1000,0,0,0,100,100,250000,250000,0,0,100,100,250000,250000,10,0,10,0,10,0,0,1000,10,0,0,0,0,0,0,0,0,1,0,0,50000000,2000,0,54,149,1214259458,0,0,'','',0,0,0,0,0,0,0,0,0,0,'','203.152.124.208','','7f872c72753118196226790f28ba54b7','','normal','0','normal',0,0,'enabled',5,'enabled','Main Menu','',0,0,0,0,'',0,131,99999,99999,129,0,'no',0,1000,1000,'enabled',0,58095250,138,'enabled',1,'enabled',0,121,99999,0,99999,0,0,0,1,99999,99999,99999,99999,99999,99999,0,0,0,99999,99999,99999),(136,'Young_Rick','adrenalyne77','ricky','0',3017,15000,5000,10,0,0,0,1350,0,290,0,0,0,100,100,250000,250000,0,0,100,100,249355,250000,10,0,10,0,20,0,0,1032,10,0,0,0,0,0,0,2,0,4,0,53973920,49990000,2000,0,24,114,1214349690,0,0,'','',0,0,0,0,0,0,8,0,0,0,'','76.102.5.127','','fbc14fc640da7d7577b20e59377ce69c','','normal','0','normal',50,1214349549,'enabled',5,'enabled','attacking idle','',0,5000,0,0,'',0,98,99999,99999,70,189,'no',0,290,1350,'enabled',0,57851420,147,'enabled',0,'enabled',0,130,99999,0,99999,0,0,0,1,99999,99999,99999,99999,99999,99999,0,0,0,99999,99999,99999),(153,'Ranger11b','ranger11b','baseball','0',3800,15000,0,10,0,0,0,1000,0,1000,0,0,0,100,100,250000,250000,0,0,100,100,250000,250000,10,0,10,0,10,0,0,1000,10,0,0,0,0,0,0,0,0,3,0,0,50000000,2000,0,40,150,1214426232,0,0,'','',0,0,0,0,0,0,0,0,0,0,'','75.18.137.213','','2e48a216a7524c9216871dc2c7ee6353','','normal','0','normal',0,0,'enabled',5,'enabled','Main Menu','',0,0,0,0,'',0,132,99999,99999,130,0,'no',0,1000,1000,'enabled',0,58095250,139,'enabled',0,'enabled',0,122,99999,0,99999,0,0,0,1,99999,99999,99999,99999,99999,99999,0,0,0,99999,99999,99999),(156,'timboi','timboi','gaming','0',3000,15000,0,10,0,0,0,1000,0,1000,0,0,0,100,100,250000,250000,0,0,100,100,250000,250000,10,0,10,0,10,0,0,1000,10,0,0,0,0,0,0,0,0,1,0,0,50000000,2000,0,55,151,1214497939,0,0,'','',0,0,0,0,0,0,0,0,0,0,'','92.3.233.25','','075ab4fb4affc58a106e80a91de5a63d','','normal','0','normal',0,0,'enabled',5,'enabled','Recruiting','',0,0,0,0,'',0,133,99999,99999,131,0,'no',0,1000,1000,'enabled',0,58095250,140,'enabled',0,'enabled',0,123,99999,0,99999,0,0,0,1,99999,99999,99999,99999,99999,99999,0,0,0,99999,99999,99999),(134,'mv','martinvannierop','martin','0',3000,15000,0,10,0,0,0,1000,0,1000,0,0,0,100,100,250000,250000,0,0,100,100,250000,250000,10,0,10,0,10,0,0,1000,10,0,0,0,0,0,0,0,0,1,23,0,50000000,2000,0,56,152,1214297231,0,0,'','',0,0,0,0,0,0,0,0,0,0,'','58.164.226.131','','353836d3cf5f76bedcfc317bea945150','','normal','0','normal',0,0,'enabled',5,'enabled','mv profile','',0,0,0,0,'',0,134,99999,99999,132,0,'no',0,1000,1000,'enabled',0,58095250,141,'enabled',1,'enabled',0,124,99999,0,99999,0,0,0,1,99999,99999,99999,99999,99999,99999,0,0,0,99999,99999,99999),(137,'godamno0b','ShadePilot','bobafett','0',3004,0,1250,10,37518,79817,0,0,0,0,0,0,0,1,100,0,0,0,0,0,100,38092,250000,0,0,0,0,10,0,0,620730,10,0,0,0,4,0,0,13,36,1,0,1288155224,1034572606,2000,0,16,49,1214420700,1214517232,19,'','',1,13,28,0,0,0,0,0,0,0,'','76.214.45.134','','a9d87420cc47edaab83de5554d02368c','','normal','0','normal',2,1214420598,'enabled',5,'enabled','Main Menu','',0,1002,0,0,'',0,36,99999,99999,58,3091,'no',0,0,117335,'enabled',0,3615896474,65,'enabled',0,'enabled',0,50,99999,0,99999,0,0,0,1,99999,99999,99999,99999,99999,99999,0,0,0,99999,99999,99999),(138,'Crazy_Killa','regis10940','bitches','0',175,0,0,100,0,0,0,90139,0,66000,0,0,0,65,100,0,0,0,0,0,100,0,250000,0,0,10,0,0,0,0,0,10,0,0,0,0,0,0,0,0,3,4,156464000,0,0,0,22,91,1214514059,0,0,'','',1,41,0,0,0,0,0,0,0,0,'','76.15.2.100','','9c34b5617e390b4cec078cb31fec6a9e','','normal','0','normal',60,1214513193,'enabled',5,'enabled','Main Menu','',0,0,0,0,'',0,75,99999,99999,133,0,'yes',0,66000,90139,'enabled',0,156464000,98,'enabled',0,'enabled',271281386,82,99999,0,99999,0,0,0,2,99999,99999,99999,99999,99999,99999,0,3000,0,99999,99999,99999),(139,'Precious_Jess','jessiekahhh','T3alpuck','0',0,0,3578698153,0,0,0,0,111301,0,109800,0,0,0,100,100,0,177089,0,0,75,100,0,250000,0,0,0,0,0,0,0,865380,10,0,0,0,0,0,0,0,0,4,4,4693198404,892867984,2000,0,5,29,1214517605,0,0,'','',0,7,0,0,0,0,0,0,0,0,'','68.125.51.198','','6ca69939945a00c54c70f2a183ad256d','','normal','0','normal',60,1214517597,'enabled',5,'enabled','Main Menu','',0,0,0,0,'',0,20,99999,99999,134,0,'no',0,109800,111301,'enabled',0,7938373404,50,'enabled',0,'enabled',0,36,99999,0,99999,0,0,0,1,99999,99999,99999,99999,99999,99999,0,0,0,99999,99999,99999),(140,'Shark_Attack','Shark_Attack','slayer','0',3015,5000,3,0,0,0,0,0,0,0,0,0,0,0,100,10501360,10051958,0,0,0,100,4694350,250000,0,0,10,0,10,0,0,2678,10,0,0,0,0,0,0,0,31,1,0,109759637,50000000,2000,0,33,103,1214360103,1214446132,154,'','',0,0,27,0,0,0,0,0,0,0,'','76.6.30.162','','be760bda4e0074e1dabbaa7f4b5426f4','','normal','0','normal',60,1214360033,'enabled',5,'enabled','Aerosol profile','',0,0,0,0,'',0,87,99999,99999,67,286,'no',0,0,0,'enabled',0,119805887,106,'enabled',0,'enabled',0,90,99999,0,99999,0,0,0,1,99999,99999,99999,99999,99999,99999,0,0,0,99999,99999,99999),(144,'MichaelPlaya','feyenoordking123','mikmik','0',3000,15000,0,10,0,0,0,1000,0,1000,0,0,0,100,100,250000,250000,0,0,100,100,250000,250000,10,0,10,0,10,0,0,1000,10,0,0,0,0,0,0,0,0,1,0,0,50000000,2000,0,57,153,1214377971,0,0,'','',0,0,0,0,0,0,0,0,0,0,'','0.0.0.0','','c897b627ecc6f44e0da9707454163333','','normal','0','normal',0,0,'enabled',5,'enabled','','',0,0,0,0,'',0,135,99999,99999,135,0,'no',0,1000,1000,'enabled',0,58095250,142,'enabled',0,'enabled',0,125,99999,0,99999,0,0,0,1,99999,99999,99999,99999,99999,99999,0,0,0,99999,99999,99999),(141,'Ninja','NINJA','1Qaz2Wsx3E','0',3000,15000,0,10,0,0,0,1000,0,1000,0,0,0,100,100,250000,250000,0,0,100,100,250000,250000,10,0,10,0,10,0,0,1000,10,0,0,0,0,0,0,0,0,1,0,0,50000000,2000,0,58,154,1214359825,0,0,'','',0,0,0,0,0,0,0,0,0,0,'','0.0.0.0','','a9692905491682165a27433b6cde8d86','','normal','0','normal',0,0,'enabled',5,'enabled','','',0,0,0,0,'',0,136,99999,99999,136,0,'no',0,1000,1000,'enabled',0,58095250,143,'enabled',0,'enabled',0,126,99999,0,99999,0,0,0,1,99999,99999,99999,99999,99999,99999,0,0,0,99999,99999,99999),(143,'CPT','birdpusher','briana','0',3000,15000,0,10,0,0,0,1000,0,1000,0,0,0,100,100,250000,250000,0,0,100,100,250000,250000,10,0,10,0,10,0,0,1000,10,0,0,0,0,0,0,0,0,1,0,0,50000000,2000,0,59,155,1214366972,0,0,'','',0,0,0,0,0,0,0,0,0,0,'','71.138.53.246','','f47884619630cab0eac12cbb52967da7','','normal','0','normal',0,0,'enabled',5,'enabled','Main Menu','',0,0,0,0,'',0,137,99999,99999,137,0,'no',0,1000,1000,'enabled',0,58095250,144,'enabled',0,'enabled',0,127,99999,0,99999,0,0,0,1,99999,99999,99999,99999,99999,99999,0,0,0,99999,99999,99999),(148,'dangermouse','dangermouse','dangermouse','0',3000,15000,0,10,0,0,0,1000,0,1000,0,0,0,100,100,250000,250000,0,0,100,100,250000,250000,10,0,10,0,10,0,0,1000,10,0,0,0,0,0,0,0,0,1,0,0,50000000,2000,0,60,156,1214515066,0,0,'','',0,0,0,0,0,0,0,0,0,0,'','79.67.201.115','','ca113ab1b07344eeee59b3032664a198','','normal','0','normal',0,0,'enabled',5,'enabled','Global Ranks','',0,0,0,0,'',0,138,99999,99999,138,0,'no',0,1000,1000,'enabled',0,58095250,145,'enabled',0,'enabled',0,128,99999,0,99999,0,0,0,1,99999,99999,99999,99999,99999,99999,0,0,0,99999,99999,99999),(146,'cannibiz_OG','cannibiz_OG','weed','0',3021,0,21556591,100,0,6976,8540,18478,13393,0,0,0,0,10,100,0,0,0,0,0,100,0,250000,0,0,0,0,0,0,0,0,10,0,0,0,0,0,0,19,19,4,25,110683091,50000000,2000,0,21,102,1214395726,1214434525,135,'','',0,0,19,1,0,0,9347,0,0,0,'','76.189.147.179','','457c7296c989eac87072a8a7633e1c54','','normal','0','normal',60,1214394956,'enabled',5,'enabled','The Board','',0,0,0,0,'',0,86,99999,99999,49,9347,'yes',0,0,47387,'enabled',0,123493091,105,'enabled',0,'enabled',0,89,99999,0,99999,0,0,0,1,99999,99999,99999,99999,99999,99999,0,0,0,99999,99999,99999),(147,'BALLER','BALLER','bunit','0',3020,0,37642215,10,0,0,45621,224,42311,0,0,0,0,1,100,0,0,0,0,0,100,1957200,250000,10,0,0,0,10,0,0,0,10,0,0,0,0,0,0,0,5,3,0,66867015,0,2000,0,26,108,1214395396,1214506899,64,'','',0,0,5,1,0,0,0,0,0,0,'','58.111.142.37','','d75979b19c50d4f2d845035532926b00','','normal','0','normal',60,1214395268,'enabled',5,'enabled','Main Menu','',0,0,0,0,'',0,92,99999,99999,81,150,'no',0,0,88156,'enabled',0,135302265,102,'enabled',0,'enabled',0,86,99999,0,99999,0,0,0,1,99999,99999,99999,99999,99999,99999,0,0,0,99999,99999,99999),(150,'Mikey','bluedragon84','jewelmiek','0',1100,0,79,10,0,0,0,15075,0,7049,0,0,0,100,100,18556636,2796329,0,0,100,100,4085016,250000,10,0,20,80,0,0,0,12840,10,0,0,0,2,0,0,9,40,1,0,129076266,50000000,2000,0,30,96,1214490907,1214516934,19,'','',1,4,36,0,0,0,8,0,0,0,'','216.165.159.223','','e9a8e91401eabdeb30e3eb4133ef48ff','','normal','0','normal',60,1214490897,'enabled',5,'enabled','Main Menu','',0,199089236,0,0,'',0,80,99999,99999,27,49721,'no',0,7049,15075,'enabled',0,177226266,96,'enabled',0,'enabled',0,80,99999,0,99999,0,0,0,1,99999,99999,99999,99999,99999,99999,0,0,0,99999,99999,99999),(151,'wyattearp','WyattEarp','tnt1974','0',3002,0,1660,10,0,0,0,0,0,0,0,0,0,0,100,201303,213791,0,0,0,100,195220,250000,0,0,0,0,10,0,0,1126693,10,0,0,0,0,0,0,2,12,3,0,858150216,856525000,2000,0,17,57,1214420218,1214465529,125,'','',0,0,11,0,0,0,0,0,0,0,'','65.169.186.93','','82e2bb010e35ccd4a8610df69d77a4e4','','normal','0','normal',60,1214419614,'enabled',5,'enabled','Main Menu','',0,28613741,0,0,'',0,43,99999,99999,47,16137,'no',0,0,0,'enabled',0,5083252716,60,'enabled',0,'enabled',0,46,99999,0,99999,0,0,0,2,99999,99999,99999,99999,99999,99999,0,1000,0,99999,99999,99999),(154,'theegodfather','alesana11','hi282063','0',14067,0,2732211,10,486,555,1300,2630,1730,1685,1012,1514,0,100,100,518160,505543,0,0,100,100,428626,250000,39,0,20,0,7258,4014,6995,7482,10,0,0,0,0,0,18,98,0,3,26,16874591,910737,2000,0,34,124,1214446772,0,0,'','',0,1,0,0,0,0,145,0,0,0,'','24.20.79.39','','ff6f2f154bc41b969e580df49934ca6a','','normal','0','normal',60,1214446428,'enabled',5,'enabled','The Bank','',0,0,0,0,'',0,108,99999,99999,82,145,'no',0,4211,6701,'enabled',0,65729966,115,'enabled',0,'enabled',0,98,99999,0,99999,0,0,0,1,99999,99999,99999,99999,99999,99999,0,0,0,99999,99999,99999),(155,'baby','baby','thecreator','0',1175,0,482755789,10,0,0,0,53195,0,0,0,0,0,51,100,0,2631626,0,0,0,100,0,250000,10,0,10,0,10,0,0,67265,10,0,0,0,0,0,0,0,14,2,0,594187167,50000000,2000,0,13,61,1214489523,1214492195,145,'','',0,1,14,0,0,0,0,0,0,0,'','76.6.128.10','','b00a54c2f1e75d369b698d44bbcd5a0a','','normal','0','normal',60,1214489371,'enabled',5,'enabled','Main Menu','',0,0,0,0,'',0,47,99999,99999,52,6978,'no',0,0,53195,'enabled',0,846434667,82,'enabled',0,'enabled',0,67,99999,0,99999,0,0,0,1,99999,99999,99999,99999,99999,99999,0,0,0,99999,99999,99999),(158,'big_kash','big_kash','blood2','0',3000,15000,0,10,0,0,0,1000,0,1000,0,0,0,100,100,250000,250000,0,0,100,100,250000,250000,10,0,10,0,10,0,0,1000,10,0,0,0,0,0,0,0,0,2,0,0,50000000,2000,0,30,157,1214509607,0,0,'','',0,0,0,0,0,0,0,0,0,0,'','0.0.0.0','','21dee593a9ef0be342dfbcd38ea849dd','','normal','0','normal',0,0,'enabled',5,'enabled','','',0,0,0,0,'',0,139,99999,99999,139,0,'no',0,1000,1000,'enabled',0,58095250,146,'enabled',0,'enabled',0,129,99999,0,99999,0,0,0,1,99999,99999,99999,99999,99999,99999,0,0,0,99999,99999,99999);

--
-- Table structure for table `r270_city`
--

CREATE TABLE `r270_city` (
  `id` tinyint(1) NOT NULL AUTO_INCREMENT,
  `name` varchar(255) NOT NULL DEFAULT '',
  `country` varchar(32) NOT NULL DEFAULT '',
  PRIMARY KEY (`id`)
) ENGINE=MyISAM AUTO_INCREMENT=6 DEFAULT CHARSET=latin1;

--
-- Dumping data for table `r270_city`
--

INSERT INTO `r270_city` VALUES (1,'New York',''),(2,'Chicago',''),(3,'Miami',''),(4,'Los Angeles',''),(5,'Las Vegas','');

--
-- Table structure for table `r270_crew`
--

CREATE TABLE `r270_crew` (
  `id` int(6) unsigned NOT NULL AUTO_INCREMENT,
  `name` varchar(18) NOT NULL DEFAULT '',
  `don` varchar(18) NOT NULL DEFAULT '',
  `founder` varchar(18) NOT NULL DEFAULT '',
  `members` smallint(6) NOT NULL DEFAULT '1',
  `profile` varchar(255) NOT NULL DEFAULT '',
  `icon` varchar(255) NOT NULL DEFAULT '',
  `city` tinyint(3) unsigned NOT NULL DEFAULT '1',
  `rank` decimal(65,0) unsigned NOT NULL DEFAULT '99999',
  `networth` decimal(65,0) unsigned NOT NULL DEFAULT '0',
  `cofounder` varchar(18) NOT NULL DEFAULT '',
  `money` decimal(65,0) unsigned NOT NULL DEFAULT '50000',
  `condom` decimal(65,0) unsigned NOT NULL DEFAULT '500',
  `crack` decimal(65,0) unsigned NOT NULL DEFAULT '500',
  `medicine` decimal(65,0) unsigned NOT NULL DEFAULT '500',
  `thug` decimal(65,0) unsigned NOT NULL DEFAULT '500',
  `beer` decimal(65,0) unsigned NOT NULL DEFAULT '0',
  `weed` decimal(65,0) unsigned NOT NULL DEFAULT '0',
  `glock` decimal(65,0) unsigned NOT NULL DEFAULT '0',
  `shotgun` decimal(65,0) unsigned NOT NULL DEFAULT '0',
  `uzi` decimal(65,0) unsigned NOT NULL DEFAULT '0',
  `ak47` decimal(65,0) unsigned NOT NULL DEFAULT '0',
  `bank` decimal(65,0) unsigned NOT NULL DEFAULT '50000',
  `lowrider` decimal(65,0) unsigned NOT NULL DEFAULT '0',
  `cbank` decimal(65,0) unsigned NOT NULL DEFAULT '0',
  `title` varchar(255) NOT NULL DEFAULT '',
  `tnetworth` decimal(65,0) NOT NULL DEFAULT '0',
  `finalrank` decimal(65,0) unsigned NOT NULL DEFAULT '0',
  `motd` text NOT NULL,
  `tbank` decimal(65,0) unsigned NOT NULL DEFAULT '2000',
  `exten` smallint(6) NOT NULL DEFAULT '0',
  `ivt` tinyint(3) unsigned NOT NULL DEFAULT '0',
  `uploads` smallint(6) NOT NULL DEFAULT '0',
  `totaldus` double unsigned NOT NULL DEFAULT '0',
  `totalops` double unsigned NOT NULL DEFAULT '0',
  `totalkills` double unsigned NOT NULL DEFAULT '0',
  PRIMARY KEY (`id`)
) ENGINE=MyISAM AUTO_INCREMENT=8 DEFAULT CHARSET=latin1;

--
