--
-- Host: localhost    Database: mobsterc_mobsterc
-- ------------------------------------------------------


--
-- Current Database: `mobsterc_mobsterc`
--

CREATE DATABASE /*!32312 IF NOT EXISTS*/ `mobsterc_mobsterc` /*!40100 DEFAULT CHARACTER SET latin1 */;

USE `mobsterc_mobsterc`;

--
-- Table structure for table `r127_pimp`
--

CREATE TABLE `r127_pimp` (
  `id` mediumint(8) unsigned NOT NULL AUTO_INCREMENT,
  `pimp` varchar(18) NOT NULL DEFAULT '',
  `user` varchar(255) NOT NULL DEFAULT '',
  `pass` varchar(32) NOT NULL DEFAULT '',
  `email` varchar(255) NOT NULL DEFAULT '',
  `trn` int(10) unsigned NOT NULL DEFAULT '1000',
  `res` int(10) unsigned NOT NULL DEFAULT '2000',
  `money` decimal(65,0) unsigned NOT NULL DEFAULT '0',
  `payout` tinyint(3) unsigned NOT NULL DEFAULT '10',
  `whore` decimal(65,0) unsigned NOT NULL DEFAULT '0',
  `dealers` decimal(65,0) unsigned NOT NULL DEFAULT '0',
  `bootleggers` decimal(65,0) unsigned NOT NULL DEFAULT '0',
  `hustlers` decimal(65,0) unsigned NOT NULL DEFAULT '1000',
  `punks` decimal(65,0) unsigned NOT NULL DEFAULT '0',
  `hitmen` decimal(65,0) unsigned NOT NULL DEFAULT '1000',
  `bodyguards` decimal(65,0) unsigned NOT NULL DEFAULT '0',
  `thug` decimal(65,0) unsigned NOT NULL DEFAULT '0',
  `whappy` tinyint(3) unsigned NOT NULL DEFAULT '100',
  `condom` decimal(65,0) unsigned NOT NULL DEFAULT '250000',
  `crack` decimal(65,0) unsigned NOT NULL DEFAULT '250000',
  `medicine` decimal(65,0) unsigned NOT NULL DEFAULT '0',
  `punk` decimal(65,0) unsigned NOT NULL DEFAULT '0',
  `thappy` tinyint(3) unsigned NOT NULL DEFAULT '100',
  `phappy` tinyint(3) unsigned NOT NULL DEFAULT '100',
  `weed` decimal(65,0) unsigned NOT NULL DEFAULT '250000',
  `beer` decimal(65,0) unsigned NOT NULL DEFAULT '250000',
  `lowrider` decimal(65,0) unsigned NOT NULL DEFAULT '10',
  `hummer` decimal(65,0) unsigned NOT NULL DEFAULT '0',
  `viper` decimal(65,0) unsigned NOT NULL DEFAULT '10',
  `bmxbike` decimal(65,0) unsigned NOT NULL DEFAULT '0',
  `glock` decimal(65,0) unsigned NOT NULL DEFAULT '10',
  `shotgun` decimal(65,0) unsigned NOT NULL DEFAULT '0',
  `uzi` decimal(65,0) unsigned NOT NULL DEFAULT '0',
  `ak47` decimal(65,0) unsigned NOT NULL DEFAULT '1000',
  `attin` int(10) unsigned NOT NULL DEFAULT '0',
  `revattin` int(10) unsigned NOT NULL DEFAULT '0',
  `attout` int(10) unsigned NOT NULL DEFAULT '0',
  `attackout` decimal(65,0) NOT NULL DEFAULT '0',
  `attackin` decimal(65,0) NOT NULL DEFAULT '0',
  `city` tinyint(3) unsigned NOT NULL DEFAULT '1',
  `crew` bigint(20) unsigned NOT NULL DEFAULT '0',
  `networth` decimal(65,0) unsigned NOT NULL DEFAULT '0',
  `bank` decimal(65,0) unsigned NOT NULL DEFAULT '50000000',
  `tbank` decimal(65,0) unsigned NOT NULL DEFAULT '2000',
  `maxadd` decimal(65,0) unsigned NOT NULL DEFAULT '0',
  `rank` decimal(65,0) unsigned NOT NULL DEFAULT '99999',
  `nrank` decimal(65,0) unsigned NOT NULL DEFAULT '99999',
  `online` int(12) unsigned NOT NULL DEFAULT '0',
  `lastattack` int(12) unsigned NOT NULL DEFAULT '0',
  `lastattackby` int(11) unsigned NOT NULL DEFAULT '0',
  `profile` varchar(255) NOT NULL DEFAULT '',
  `description` varchar(255) NOT NULL DEFAULT '',
  `msg` tinyint(3) unsigned NOT NULL DEFAULT '0',
  `msgsent` bigint(20) NOT NULL DEFAULT '0',
  `atk` tinyint(3) unsigned NOT NULL DEFAULT '0',
  `ivt` tinyint(3) unsigned NOT NULL DEFAULT '0',
  `cmsg` tinyint(3) unsigned NOT NULL DEFAULT '0',
  `whorek` decimal(65,0) NOT NULL DEFAULT '0',
  `thugk` decimal(65,0) NOT NULL DEFAULT '0',
  `infok` decimal(65,0) NOT NULL DEFAULT '0',
  `punkk` decimal(65,0) NOT NULL DEFAULT '0',
  `newalert` tinyint(1) NOT NULL DEFAULT '0',
  `alert` text NOT NULL,
  `ip` varchar(15) NOT NULL DEFAULT '0.0.0.0',
  `host` varchar(255) NOT NULL DEFAULT '',
  `code` varchar(43) NOT NULL DEFAULT '',
  `pin` varchar(32) NOT NULL DEFAULT '',
  `status` varchar(12) NOT NULL DEFAULT 'normal',
  `subscribe` varchar(12) NOT NULL DEFAULT '0',
  `workstatus` varchar(12) NOT NULL DEFAULT 'normal',
  `protection` int(11) NOT NULL DEFAULT '0',
  `protectstarted` int(12) NOT NULL DEFAULT '0',
  `postpriv` varchar(12) NOT NULL DEFAULT 'enabled',
  `defaultturns` int(12) NOT NULL DEFAULT '5',
  `sounds` varchar(18) NOT NULL DEFAULT 'enabled',
  `page` varchar(200) NOT NULL DEFAULT '',
  `postalerts` varchar(15) NOT NULL DEFAULT 'enabled',
  `posts` int(11) NOT NULL DEFAULT '0',
  `recposts` int(11) NOT NULL DEFAULT '0',
  `helpposts` int(11) NOT NULL DEFAULT '0',
  `cashstolen` decimal(65,0) NOT NULL DEFAULT '0',
  `hitmenk` decimal(65,0) NOT NULL DEFAULT '0',
  `bodyguardsk` decimal(65,0) NOT NULL DEFAULT '0',
  `ctitle` varchar(18) NOT NULL DEFAULT '',
  `ganked` decimal(65,0) unsigned NOT NULL DEFAULT '0',
  `frank` int(5) NOT NULL DEFAULT '99999',
  `srank` int(5) NOT NULL DEFAULT '99999',
  `skillrank` int(5) NOT NULL DEFAULT '99999',
  `fkillrank` int(5) NOT NULL DEFAULT '99999',
  `totalkills` double unsigned NOT NULL DEFAULT '0',
  `transfers` char(3) NOT NULL DEFAULT 'no',
  `trans` tinyint(3) unsigned NOT NULL DEFAULT '0',
  `totaldus` double unsigned NOT NULL DEFAULT '1000',
  `totalops` double unsigned NOT NULL DEFAULT '1000',
  `medals` varchar(255) NOT NULL DEFAULT 'enabled',
  `cbmsg` tinyint(3) unsigned NOT NULL DEFAULT '0',
  `totnet` decimal(65,0) unsigned NOT NULL DEFAULT '0',
  `arank` decimal(65,0) unsigned NOT NULL DEFAULT '99999',
  `callies` varchar(255) NOT NULL DEFAULT 'enabled',
  `amsg` tinyint(3) unsigned NOT NULL DEFAULT '0',
  `images` varchar(255) NOT NULL DEFAULT 'enabled',
  `cmoney` decimal(65,0) unsigned NOT NULL DEFAULT '0',
  `farank` decimal(65,0) unsigned NOT NULL DEFAULT '99999',
  `sarank` decimal(65,0) unsigned NOT NULL DEFAULT '99999',
  `newprotection` int(11) NOT NULL DEFAULT '0',
  `nprotectstarted` int(12) NOT NULL DEFAULT '0',
  `killrank` int(5) NOT NULL DEFAULT '99999',
  `recmoney` decimal(65,0) unsigned NOT NULL DEFAULT '0',
  `stfmsg` tinyint(3) unsigned NOT NULL DEFAULT '0',
  `ctrans` tinyint(3) unsigned NOT NULL DEFAULT '0',
  `level` int(4) NOT NULL DEFAULT '1',
  `lvl1rank` decimal(65,0) unsigned NOT NULL DEFAULT '99999',
  `lvl2rank` decimal(65,0) unsigned NOT NULL DEFAULT '99999',
  `lvl3rank` decimal(65,0) unsigned NOT NULL DEFAULT '99999',
  `lvl1frank` decimal(65,0) unsigned NOT NULL DEFAULT '99999',
  `lvl2frank` decimal(65,0) unsigned NOT NULL DEFAULT '99999',
  `lvl3frank` decimal(65,0) unsigned NOT NULL DEFAULT '99999',
  `lvl1krank` decimal(65,0) unsigned NOT NULL DEFAULT '99999',
  `lvl2krank` decimal(65,0) unsigned NOT NULL DEFAULT '99999',
  `lvl3krank` decimal(65,0) unsigned NOT NULL DEFAULT '99999',
  `cadd` decimal(65,0) unsigned NOT NULL DEFAULT '0',
  `fadd` decimal(65,0) unsigned NOT NULL DEFAULT '0',
  `sub` decimal(65,0) unsigned NOT NULL DEFAULT '0',
  `maxed` decimal(65,0) unsigned NOT NULL DEFAULT '0',
  `rmsg` tinyint(3) unsigned NOT NULL DEFAULT '0',
  `crewext` bigint(20) unsigned NOT NULL DEFAULT '0',
  `camsg` tinyint(3) unsigned NOT NULL DEFAULT '0',
  PRIMARY KEY (`id`),
  KEY `rank` (`rank`),
  KEY `nrank` (`nrank`)
) ENGINE=MyISAM AUTO_INCREMENT=101 DEFAULT CHARSET=latin1;

--
-- Dumping data for table `r127_pimp`
--

INSERT INTO `r127_pimp` VALUES (1,'Admin','slay','tia14369','0',2523,15000,0,10,0,0,0,1000,0,253,0,0,92,250000,250000,0,0,100,100,247586,250000,10,0,10,0,10,0,0,1041,0,0,0,28,0,1,0,0,70355021,2000,0,43,85,1268015693,0,0,'','',0,45,0,0,0,0,0,0,0,0,'','151.203.219.254','pool-151-203-219-254.bos.east.verizon.net','c629583ab18b6877b45fc9f1711bce12','','admin','0','normal',0,0,'enabled',5,'enabled',' Board','enabled',0,0,0,0,0,0,'',0,99999,99999,99999,99999,58,'no',0,253,1000,'enabled',0,77847365,86,'enabled',0,'enabled',0,99999,99999,0,0,99999,0,0,0,1,54,99999,99999,55,99999,99999,38,99999,99999,0,0,0,0,0,0,0),(2,'Teflon','wicked','admin','3',1218,0,507,0,0,0,0,0,0,0,0,0,0,8629638,754528,0,0,0,100,689801,250000,10,0,10,0,10,0,0,21456205,0,0,0,0,59,1,2,32883105607,32869111174,2500,0,6,10,1267973731,1267953535,17,'','Damn ,where was this one last round,,lol',0,4,10,0,13,0,0,0,0,0,'','75.207.102.224','224.sub-75-207-102.myvzw.com','415be94915514e6df03e5c5f9d3c85c8','','supporter','0','normal',60,1267882551,'enabled',5,'enabled','Global Ranks','enabled',40,5,0,90,0,0,'',0,99999,99999,99999,99999,145909,'no',0,0,0,'enabled',0,113343878107,10,'enabled',0,'enabled',0,99999,3,0,0,99999,0,0,0,2,99999,4,99999,99999,4,99999,99999,6,99999,50000,50000,3,0,0,0,0),(3,'ZiLLaWaR','thentherewerenone1','PRETORIA','0',0,0,6396913652,1,0,0,0,77970,0,46750,0,0,50,0,0,0,0,90,100,0,250000,0,0,0,0,0,0,0,91521,0,0,0,104,58,1,4,6521633652,0,2000,0,19,28,1268002828,1267928559,99,'','',0,3,0,0,0,7204,0,0,0,0,'','96.61.182.87','h96-61-182-87.mtjltn.dsl.dynamic.tds.net','6d8efe5f2e2ec0fb626f85ed75e7d100','','normal','0','normal',60,1268002789,'enabled',5,'enabled','Main Menu','enabled',8,0,0,107,0,0,'',730905,99999,99999,99999,99999,123484,'no',0,26218,59704,'enabled',0,6864837402,39,'enabled',0,'enabled',0,34,99999,0,0,99999,0,0,0,1,13,99999,99999,20,99999,99999,7,99999,99999,0,0,0,0,0,0,0),(4,'TKO','zayah','mafia','0',2500,0,87,10,0,0,0,0,0,0,0,6107,0,115304,151784,0,0,90,100,0,250000,10,0,10,0,10,0,0,270298,0,0,0,6,35,1,2,3965743,0,1288,0,28,81,1268002800,1267649003,43,'','',0,12,0,0,0,0,0,0,0,0,'','203.193.211.123','203.193.211.123','4d16810200f55cf3a8030673420f907b','','normal','0','normal',0,0,'enabled',5,'enabled','Global Ranks','enabled',0,0,0,0,0,0,'',0,99999,99999,99999,99999,139240,'no',0,6107,0,'enabled',0,1017586993,60,'enabled',0,'enabled',2000000000,55,99999,0,0,99999,0,0,0,1,50,99999,99999,31,99999,99999,5,99999,99999,0,0,0,0,0,0,0),(5,'i_pLaY_nAkEd','iplaynaked','252007','0',2500,15000,0,10,0,0,0,1000,0,1000,0,0,100,250000,250000,0,0,100,100,250000,250000,10,0,10,0,10,0,0,1000,0,0,0,0,0,3,2,0,70355021,2000,0,17,86,1267805553,0,0,'','',0,0,0,0,35,0,0,0,0,0,'','97.106.184.83','83-184.106-97.tampabay.res.rr.com','a5949003c7754a4cb3803199037fac0b','','normal','0','normal',0,0,'enabled',5,'enabled','Global Ranks','enabled',327,7,0,0,0,0,'',0,99999,99999,99999,99999,0,'no',0,1000,1000,'enabled',1,78450271,81,'enabled',0,'enabled',0,76,99999,0,0,99999,0,0,0,1,55,99999,99999,50,99999,99999,46,99999,99999,0,0,0,0,0,0,0),(6,'The_Deadman','The_Deadman','5322216','0',5400,0,2091,0,0,0,0,0,0,0,109941,177328,0,501555,501555,0,0,100,100,379020,250000,10,0,10,0,10,0,0,19564312,0,0,0,0,56,1,6,13268688252,13121187861,0,0,8,20,1267985431,1267830198,55,'','Started my schooling finally, wont be around that much. In about a month and half i should be heading to the fleet. =)',0,3,0,0,0,0,0,0,0,0,'','69.171.163.46','ord-69-171-163-46.evdo.leapwireless.net','2dd4f3d7d65bb461bcca36e7aac5eaf6','','supporter','3','normal',60,1267969931,'enabled',5,'enabled','Main Menu','enabled',8,0,0,262,0,0,'',0,99999,99999,99999,99999,127748,'no',0,287269,0,'enabled',0,86634862002,12,'enabled',0,'enabled',0,99999,4,0,0,99999,0,0,0,2,99999,8,99999,99999,6,99999,21,7,99999,20000,20000,3,10000,0,0,0),(7,'West_Coast_Killa','Ice_Cube','green1','0',0,0,220299057476,1,0,0,0,436867,0,307558,0,0,100,1079185,1079185,0,0,99,100,1063339,250000,0,0,0,0,0,0,0,330000,0,0,0,0,0,4,5,221052052572,0,0,0,3,4,1268002810,0,0,'','',0,27,0,0,0,0,0,0,0,0,'','207.81.27.21','d207-81-27-21.bchsia.telus.net','bf84a7db8e2f17a375e8af68a8e47f56','','normal','0','normal',60,1268002760,'enabled',5,'enabled','Punks Family','enabled',0,0,0,0,0,0,'',0,99999,99999,99999,99999,0,'no',0,307558,436325,'enabled',0,222289552572,6,'enabled',0,'enabled',0,5,99999,0,0,99999,0,0,0,2,99999,2,99999,99999,2,99999,47,99999,99999,45000,45000,0,0,0,0,0),(8,'InCoGnItO','scar_face_84','nissan','0',0,0,7207417862,1,0,0,0,228837,0,172011,0,0,50,0,0,0,0,90,100,0,250000,10,0,10,0,10,0,0,7999252,0,0,0,0,1,1,5,21408455613,13799848251,1660,0,11,15,1268002811,1267658876,59,'','',0,10,0,0,2,0,0,0,0,0,'','69.78.70.6','6.sub-69-78-70.myvzw.com','46e39435c76db4598e845021afb39ca7','','normal','0','normal',60,1268002779,'enabled',5,'enabled','Main Menu','enabled',12,0,0,0,0,0,'Underboss',0,99999,99999,99999,99999,15,'no',0,172011,228837,'enabled',0,51405654363,19,'enabled',0,'enabled',0,15,99999,0,0,99999,0,0,0,1,5,99999,99999,6,99999,99999,43,99999,99999,0,0,0,0,0,0,0),(9,'Veritas','Khair','wassupk','0',1125,0,229,1,0,0,0,25598,0,1539,197627,263172,100,150000,150000,0,0,52,100,150000,250000,0,0,0,0,10,0,0,333922,0,0,0,0,14,2,6,258736729,0,0,0,2,47,1267998914,1267639332,26,'','://youtube/watch?v=3o0ExGXfs2o',0,3,0,0,0,0,0,0,0,0,'','201.160.145.102','201.160.145.102.cable.dyn.cableonline.com.mx','dc8d242c0f017aced9ec4925ffd42cfd','','normal','0','normal',60,1267998902,'enabled',5,'enabled','Attack','enabled',6,0,0,0,0,0,'',0,99999,99999,99999,99999,17571,'no',0,462338,25598,'enabled',0,1510947979,56,'enabled',0,'enabled',0,51,99999,0,0,99999,0,0,0,1,28,99999,99999,27,99999,99999,16,99999,99999,0,0,0,0,0,0,0),(10,'Berzerker','8-BALL','bobdog','0',500,0,4342,1,83416,121828,0,0,0,0,0,0,75,513110,513110,0,0,0,100,250000,250000,10,0,10,0,10,0,0,3331938,0,0,0,0,10,2,7,2539761954,2084167672,0,0,1,34,1267990300,1267659060,59,'','',0,1,0,0,0,0,0,0,0,0,'','98.234.132.34','c-98-234-132-34.hsd1.ca.comcast.net','614f868dd691e836e9682383a44a3ba6','','normal','0','normal',60,1267990264,'enabled',5,'enabled','CuseBallers Family','enabled',327,0,0,0,0,0,'',0,99999,99999,99999,99999,90,'no',0,0,205244,'enabled',0,15034533204,32,'enabled',0,'enabled',0,28,99999,0,0,99999,0,0,0,1,16,99999,99999,16,99999,99999,34,99999,99999,0,0,0,0,0,0,0),(11,'UnFoRgOtTeN','darksoldier19','jason1','0',100,0,2125,1,0,0,0,136335,0,95991,0,0,100,31385607,32853231,0,0,90,100,0,250000,10,0,10,0,10,0,0,6240321,0,0,0,0,0,3,1,2365075893,2002460968,2000,0,7,35,1268000998,0,0,'','',0,9,0,0,0,0,0,0,0,0,'','98.70.35.99','adsl-70-35-99.gnv.bellsouth.net','58fc3c37b642bc2007c78ddce40c2deb','','normal','0','normal',60,1268000167,'enabled',5,'enabled','Main Menu','enabled',121,0,0,0,0,0,'WHO???',0,99999,99999,99999,99999,0,'no',0,95991,136335,'enabled',0,25766283393,27,'enabled',0,'enabled',0,23,99999,0,0,99999,0,0,0,1,17,99999,99999,12,99999,99999,48,99999,99999,0,0,0,0,0,0,0),(12,'Lee-Loo','Tilywinks','aazhane22','0',2516,0,4814,10,814,0,0,0,0,0,16756,32269,100,324665,324665,0,0,90,100,0,250000,10,0,10,0,10,0,0,516478,0,0,0,74,17,3,2,28192474,0,0,0,13,73,1267995651,1267715073,40,'','yawn yawn\r<br>YES I suicided ON JoeyMafia On purpose:P',0,20,0,0,1,302634,0,0,0,0,'','71.130.206.214','adsl-71-130-206-214.dsl.irvnca.pacbell.net','7abca9fcd9bed90584ca531d0cef5378','','normal','0','normal',0,0,'enabled',5,'enabled','Main Menu','enabled',6,0,0,0,0,0,'',0,99999,99999,99999,99999,278513,'no',0,49025,814,'enabled',0,1964988724,53,'enabled',0,'enabled',200000000,48,99999,0,0,99999,0,0,0,2,99999,22,99999,99999,21,99999,8,4,99999,10000,10000,0,0,0,0,0),(13,'DreamKiller','koldhands','austin316','0',2506,0,2127,1,0,0,0,0,0,0,0,19954,0,0,0,0,0,100,100,42482,250000,10,0,10,0,10,0,0,473683,0,0,0,59,25,3,6,10490555,0,0,0,14,75,1268001336,1267748261,48,'','',0,0,0,0,0,0,0,0,0,0,'','74.236.254.86','adsl-074-236-254-086.sip.owb.bellsouth.net','9faae356580524dc2b1ccf61c38aaf7b','','normal','0','normal',0,0,'enabled',5,'enabled','TCF Family','enabled',114,5,0,1917,0,0,'',2849,99999,99999,99999,99999,355330,'no',0,19954,0,'enabled',0,1786805555,54,'enabled',0,'enabled',500000000,49,99999,0,0,99999,0,0,0,2,99999,23,99999,99999,22,99999,23,3,99999,12000,12000,0,0,0,0,0),(14,'JoeyMafia','JoeyMafia','ladym','0',0,0,3,10,28489,44148,0,0,0,0,384,618,86,181593,181593,0,0,100,100,634893,250000,10,0,10,0,10,0,0,1444793,0,0,0,17,78,1,6,233981968,70355021,0,0,20,50,1268002786,1267891910,26,'','',0,0,0,0,0,0,0,0,0,0,'','68.149.184.214','S0106001ee537bfa5.ed.shawcable.net','bfe02c005688e78e0a1222a5e03ae96c','','normal','0','normal',25,1268002283,'enabled',5,'enabled','Main Menu','enabled',327,7,0,0,0,0,'',0,99999,99999,99999,99999,121392,'no',0,1002,72637,'enabled',0,5651959468,41,'enabled',0,'enabled',0,36,99999,0,0,99999,0,0,0,2,99999,16,99999,99999,14,99999,12,8,99999,25000,25000,0,0,0,0,0),(15,'Mr_KillahMic','jhazy','mobster3','0',2521,0,1193,100,0,0,0,0,0,0,0,0,0,6547016,0,0,0,0,100,47655,250000,0,0,0,0,10,0,0,51283,0,0,0,0,26,2,6,503104233,496365404,3000,0,3,41,1268022586,1267853295,93,'','',0,1,0,0,2,0,0,0,0,0,'','166.217.206.181','mobile-166-217-206-181.mycingular.net','d4e3b7e5987c0f9623e1bbcb058fc0a9','','normal','0','normal',60,1267799273,'enabled',5,'enabled','Main Menu','enabled',14,0,0,211,0,0,'',0,99999,99999,99999,99999,36969,'no',0,0,0,'enabled',2,695419233,64,'enabled',0,'enabled',0,59,99999,0,0,99999,0,0,0,1,22,99999,99999,34,99999,99999,13,99999,99999,0,0,0,0,0,0,0),(16,'Urkeyt','East_1999','wzt21a','0',2522,0,0,10,0,0,0,0,0,0,0,0,0,0,0,0,0,0,100,0,250000,0,0,0,0,10,0,0,856591,0,0,0,96,0,4,8,0,0,0,0,13,87,1267899822,0,0,'','',1,5,0,0,0,378245,0,0,0,0,'','24.165.146.236','cpe-24-165-146-236.neo.res.rr.com','840b194932da22c7e5c70c3fb7a7a439','','normal','0','normal',0,0,'enabled',5,'enabled','Urkeyt profile','enabled',61,7,0,0,0,0,'',10192490,99999,99999,99999,99999,650073,'no',0,0,0,'enabled',0,3212220000,48,'enabled',0,'enabled',0,43,99999,0,0,99999,0,0,0,1,56,99999,99999,24,99999,99999,1,99999,99999,0,0,0,0,0,0,0),(17,'Osva991','osva991','airija','0',0,0,5877898165,5,0,0,0,373380,0,70333,0,0,91,613410,700088,0,0,100,100,372212,250000,10,0,10,0,10,0,0,49300305,3,0,0,66,18,1,4,61518691977,55192536790,0,0,3,5,1268002801,1268002678,51,'','',0,0,0,0,0,565269,0,0,0,0,'','83.71.87.206','83-71-87-206-dynamic.b-ras1.chf.cork.eircom.net','db654783c783251dbf619cd457a42c3d','','normal','0','normal',60,1268002777,'enabled',5,'enabled','Level 3 Ranks','enabled',29,0,0,1535,0,0,'',1080,99999,99999,99999,99999,109644,'no',0,70333,373380,'enabled',0,246394839477,4,'enabled',0,'enabled',5000000000,3,99999,0,0,99999,0,0,1,3,99999,99999,3,99999,99999,4,16,10,3,143000,143000,0,0,0,0,0),(18,'Zerox','Phynx','firestorm','0',850,0,5,1,0,0,0,0,0,0,152385,282987,0,0,0,0,0,81,100,208,250000,0,0,0,0,0,0,0,572761,0,0,0,18,15,1,4,217686837,0,0,0,25,51,1267990441,1267657146,48,'','Give me a reason',0,0,0,0,0,38043,0,0,0,0,'','78.109.183.69','customers.jenbirm.mainstay.ask4.co.uk','a75e78570f275afbf780b27e2eac1802','','normal','0','normal',60,1267990439,'enabled',5,'enabled','Global Ranks','enabled',327,7,0,0,0,0,'',0,99999,99999,99999,99999,249014,'no',0,435372,0,'enabled',0,2365540587,51,'enabled',0,'enabled',0,46,99999,0,0,99999,0,0,0,1,30,99999,99999,26,99999,99999,3,99999,99999,0,0,0,0,0,0,0),(19,'LeGeNdArY_CAZ','CAZ','123abc','0',935,0,3221,1,0,0,0,583647,0,429272,0,0,100,1459118,1459118,0,0,100,100,1502452,250000,10,0,10,0,0,0,0,61344938,0,0,0,3,10,4,5,46545615802,45520505801,0,0,1,7,1269284586,1267659099,59,'','WTF is with the Op Killing. i aitn touched no1 and neither has any Punk....FUCK SAKE!',0,19,0,0,2,0,0,0,0,0,'','95.145.135.155','95.145.135.155','0a43742177aea60edbf211c1f553572c','','normal','0','normal',60,1267980136,'enabled',5,'enabled','Main Menu','enabled',9,0,0,0,0,0,'',0,99999,99999,99999,99999,87291,'no',0,429272,583647,'enabled',0,276589133302,2,'enabled',0,'enabled',0,1,99999,0,0,99999,0,0,0,3,99999,99999,4,99999,99999,2,19,99999,4,90000,90000,0,0,0,0,0),(20,'brmbrm','belgrado','12345678','0',1061,0,4719,10,9240,11168,0,36193,0,28233,0,0,98,1155305,1248660,0,0,100,100,1613757,250000,10,0,10,0,10,0,0,849825,0,0,0,0,10,1,6,4000456805,3878892273,0,0,18,31,1267977417,1267638984,26,'','',0,0,0,0,0,0,0,0,0,0,'','89.216.251.126','cable-89-216-251-126.dynamic.sbb.rs','6327701ba5930219444b61b8a7476265','','normal','0','normal',60,1267977399,'enabled',5,'enabled','Making Purchases','enabled',54,5,0,0,0,0,'',0,99999,99999,99999,99999,19084,'no',0,28233,56601,'enabled',2,7187304305,37,'enabled',0,'enabled',0,32,99999,0,0,99999,0,0,0,1,15,99999,99999,18,99999,99999,15,99999,99999,0,0,0,0,0,0,0),(21,'Dirty','shleprock','davedog','0',0,0,14353504329,1,0,0,0,245342,0,126618,0,0,99,16018303,18450719,0,0,100,100,25517007,250000,10,0,10,0,20,0,0,30286201,0,0,0,126,31,1,4,33964342857,19065098540,0,0,5,9,1268002815,1267638698,26,'','',0,4,0,0,0,0,0,0,0,0,'','72.241.224.50','cblmdm72-241-224-50.buckeyecom.net','a36c5f6cf6ff82f9fda46dbf40c22925','','normal','0','normal',60,1268002756,'enabled',5,'enabled','Dirty profile','enabled',327,7,0,0,0,0,'',590,99999,99999,99999,99999,1058796,'no',0,126618,245342,'enabled',0,147537604107,9,'enabled',0,'enabled',0,7,99999,0,0,99999,0,0,0,3,99999,99999,5,99999,99999,6,3,99999,2,170000,170000,0,0,0,0,0),(22,'cyber','cyber','andreas','0',1750,0,3496,1,0,0,0,157741,0,39782,128,155,92,200000,200000,0,0,100,100,195750,250000,0,0,0,0,10,0,0,5962317,0,0,0,0,27,4,1,199250996,0,2000,0,7,52,1267960446,1267820405,45,'','',0,0,0,0,16,0,0,0,0,0,'','193.90.175.104','c68AF5AC1.dhcp.bluecom.no','2ba77c8b2375269f0894779fc75b396c','','normal','0','normal',60,1267960419,'enabled',5,'enabled','Kill_You_Dead Family','enabled',109,5,0,0,0,0,'',0,99999,99999,99999,99999,66330,'no',0,40065,157741,'enabled',1,22557943496,28,'enabled',0,'enabled',0,24,99999,0,0,99999,0,0,0,2,99999,17,99999,99999,10,99999,21,10,99999,14000,14000,0,0,0,0,0),(23,'tight_lipps_toni','moodymama','jessica1','0',3625,15000,0,1,10266,14477,0,1000,0,1000,0,0,87,1222557,1229893,0,0,100,100,1249000,250000,10,0,10,0,10,0,0,7238,0,0,0,0,0,2,4,137223757,70355021,2000,0,6,56,1267881796,0,0,'','',0,0,0,0,2,0,0,0,0,0,'','99.49.135.226','adsl-99-49-135-226.dsl.rcfril.sbcglobal.net','71e64a73b09bfe541054877bb2012738','','normal','0','normal',60,1267881589,'enabled',5,'enabled','Main Menu','disabled',326,7,0,0,0,0,'',0,99999,99999,99999,99999,0,'no',0,1000,25743,'enabled',0,164370007,74,'enabled',0,'enabled',0,69,99999,0,0,99999,0,0,0,1,33,99999,99999,43,99999,99999,49,99999,99999,0,0,0,0,0,0,0),(24,'59FIFTY','59FIFTY','june19','3',70,1000,5625046297,1,60573,76354,0,0,0,0,205,310,0,0,0,0,0,100,100,1029700,250000,10,0,10,0,10,0,0,840567,0,0,0,0,37,4,6,7808920029,1875015432,2000,0,10,26,1268002800,1267816230,12,'','Wat a Bitch Move, its ok though i got my eye on you',0,6,0,0,0,0,0,0,0,0,'','24.45.239.184','ool-182defb8.dyn.optonline.net','6f1fe1f275c63f20f1c5a04554da4605','','supporter','0','normal',60,1268002725,'enabled',5,'enabled','Main Menu','enabled',327,7,0,0,0,0,'Underboss',0,99999,99999,99999,99999,130,'no',0,515,136927,'enabled',0,10961050029,34,'enabled',0,'enabled',0,99999,5,0,0,99999,0,0,0,2,99999,10,99999,99999,11,99999,99999,21,99999,3000,3000,3,0,0,0,0),(25,'vit0000','donfather','biggin','0',2500,15000,0,10,0,0,0,1000,0,1000,0,0,100,250000,250000,0,0,100,100,250000,250000,10,0,10,0,10,0,0,1000,0,0,0,0,0,2,1,0,70355021,2000,0,8,88,1267459577,0,0,'','',0,0,0,0,107,0,0,0,0,0,'','66.90.163.118','66-90-163-118.dyn.grandenetworks.net','077292495321ee2b85c3f8be11d5f948','','normal','0','normal',0,0,'enabled',5,'enabled','Main Menu','enabled',284,5,0,0,0,0,'',0,99999,99999,99999,99999,0,'no',0,1000,1000,'enabled',21,78450271,82,'enabled',0,'enabled',0,77,99999,0,0,99999,0,0,0,1,57,99999,99999,51,99999,99999,50,99999,99999,0,0,0,0,0,0,0),(26,'X-Ray','Clover','1TBaM','0',2031,0,519,1,0,0,0,0,0,0,369,6884,0,0,0,0,0,100,100,254584,250000,10,0,10,0,10,0,0,44155560,0,0,0,216,102,3,2,4986855,0,2500,0,1,79,1268002801,1267904008,13,'','im sick of getting my ops killed ... its pay back time  ... thanks to eladg ... YOU WERE SICK OF GETTING YOUR OPS KILLED ... NOW ELADG FEAR ME YOU WILL FEEL THE ATOMIC PAIN',0,31,0,0,0,214022,0,0,0,0,'','173.176.45.37','modemcable037.45-176-173.mc.videotron.ca','148b8fb49d2466d26814394fff825a59','','normal','0','normal',60,1268002739,'enabled',5,'enabled','Global Ranks','enabled',327,7,0,2120,0,0,'',291,99999,99999,99999,99999,2220071,'no',0,7253,0,'enabled',0,165588340605,8,'enabled',0,'enabled',0,6,99999,0,0,99999,0,0,0,3,99999,99999,6,99999,99999,5,3,99999,1,190000,190000,0,0,0,0,0),(27,'Pimptress','pimptress','ilovescott','4',5325,15000,110,10,0,0,0,24163,0,0,0,0,75,250000,250000,0,0,0,100,250000,250000,0,0,0,0,0,0,0,0,0,0,0,0,7,2,6,26163110,0,4500,0,12,74,1268029108,1267639294,26,'','',0,2,0,0,0,0,0,0,0,0,'','68.200.45.4','4-45.200-68.tampabay.res.rr.com','9383540494967c16eecd740db46058a1','','supporter','0','normal',60,1267636905,'enabled',5,'enabled','Main Menu','enabled',327,7,0,0,0,0,'',0,99999,99999,99999,99999,578,'no',0,0,24163,'enabled',0,26163110,97,'enabled',0,'enabled',0,99999,7,0,0,99999,0,0,0,1,47,99999,99999,66,99999,99999,30,99999,99999,0,0,0,0,0,0,0),(28,'NaRko','NaRko','mjk990','0',2500,15000,0,10,0,0,0,48568,0,0,0,0,75,245025,235225,0,0,0,100,240100,250000,0,0,0,0,0,0,0,0,0,0,0,0,17,1,5,120834121,70355021,0,0,38,59,1267877130,1267772522,45,'','',0,0,0,0,2,0,0,0,0,0,'','97.102.174.21','21.174.102.97.cfl.res.rr.com','5d36a1a61e564f50e70df5c7887a30d9','','normal','0','normal',60,1267682957,'enabled',5,'enabled','Punks Family','enabled',193,5,0,0,0,0,'',0,99999,99999,99999,99999,0,'no',0,0,48568,'enabled',0,120834121,77,'enabled',0,'enabled',0,72,99999,0,0,99999,0,0,0,1,36,99999,99999,46,99999,99999,51,99999,99999,0,0,0,0,0,0,0),(29,'Blind_Cleaner','freakydead','443881387617','0',2500,15000,0,10,74688,85710,0,0,0,0,0,0,75,250000,250000,0,0,0,100,250000,250000,10,0,10,0,10,0,0,0,0,0,0,0,9,2,1,430836521,70355021,2000,0,4,43,1268229577,1267658976,59,'','',0,0,0,0,0,0,0,0,0,0,'','118.101.93.61','118.101.93.61','413882cb606f87ab42f0956ec27b0f2a','','normal','0','normal',60,1267844942,'enabled',5,'enabled','Family board','enabled',327,7,0,0,0,0,'WINDEX_BIGGEST_FAN',0,99999,99999,99999,99999,90,'no',0,0,160398,'enabled',1,430840271,69,'enabled',0,'enabled',0,64,99999,0,0,99999,0,0,0,1,24,99999,99999,38,99999,99999,35,99999,99999,0,0,0,0,0,0,0),(30,'DEFENDER','natureboy','son1988','0',900,0,3289,1,0,0,0,118962,0,8943,0,0,52,1922060,0,0,0,90,100,0,250000,10,0,10,0,10,0,0,14868252,0,0,0,0,28,3,1,130171849,0,0,0,3,58,1267980677,1267967969,100,'','',0,12,0,0,1,0,0,0,0,0,'','117.204.130.39','117.204.130.39','75804435bca8098a5736c580e584c2eb','','normal','0','normal',25,1267980629,'enabled',5,'enabled','Main Menu','enabled',9,0,0,855,0,0,'',0,99999,99999,99999,99999,57171,'no',0,8943,118962,'enabled',1,55886120599,17,'enabled',0,'enabled',0,13,99999,0,0,99999,0,0,0,1,35,99999,99999,4,99999,99999,10,99999,99999,0,0,0,0,0,0,0),(31,'Ladys_Busy','Lady_Madonna','queenb','0',2518,0,167,1,0,0,0,28796,0,0,0,0,75,378893,378893,0,0,0,100,421330,250000,10,0,10,0,10,0,0,641999,0,0,0,0,37,3,6,32338559,0,0,0,11,72,1267800188,1267891961,26,'','',0,1,11,0,3,0,0,0,0,0,'','69.141.191.239','c-69-141-191-239.hsd1.pa.comcast.net','125c6e1e8bccf8a51074bd3f3d1d7181','','normal','0','normal',60,1267799962,'enabled',5,'enabled','Voting','enabled',44,5,0,1541,0,0,'Underboss',0,99999,99999,99999,99999,1066,'no',0,0,28796,'enabled',5,2439838559,49,'enabled',0,'enabled',0,44,99999,0,0,99999,0,0,0,1,46,99999,99999,25,99999,99999,28,99999,99999,0,0,0,0,0,0,0),(32,'mr_furly','dcurt305','dudman11','0',1250,0,786,0,0,0,0,314737,0,93819,0,0,7,0,0,0,0,90,100,0,250000,0,0,0,0,10,0,0,14845459,0,0,0,0,24,3,1,24093285381,23684728595,0,0,2,14,1267985750,1267820565,45,'','',0,35,0,0,0,0,0,0,0,0,'','24.10.90.127','c-24-10-90-127.hsd1.ca.comcast.net','0303e462810d68e66213ba0ac385b47d','','normal','0','normal',60,1267972621,'enabled',5,'enabled','Whosonline','enabled',8,0,0,3278,0,0,'',0,99999,99999,99999,99999,1747,'no',0,93819,314737,'enabled',1,79763760381,13,'enabled',0,'enabled',0,9,99999,0,0,99999,0,0,0,2,99999,5,99999,99999,7,99999,26,18,99999,20000,20000,0,0,0,0,0),(33,'GOTTI_GIRL','Gotti_Girl','nopass2008','0',2500,15000,0,10,0,0,0,1000,0,1000,0,0,100,250000,250000,0,0,100,100,250000,250000,10,0,10,0,10,0,0,1000,0,0,0,0,0,1,4,0,70355021,2000,0,41,89,1267992857,0,0,'','',0,0,0,0,0,0,0,0,0,0,'','206.53.157.70','206.53.157.70','ea46fa9dd6aa2c24be749e2fb959bca6','','normal','0','normal',0,0,'enabled',5,'enabled','Main Menu','enabled',6,0,0,0,0,0,'Underboss',0,99999,99999,99999,99999,0,'no',0,1000,1000,'enabled',0,78450271,83,'enabled',0,'enabled',0,78,99999,0,0,99999,0,0,0,1,58,99999,99999,52,99999,99999,52,99999,99999,0,0,0,0,0,0,0),(34,'generalhaven','generalhaven','kakarot','0',75,0,25623698,1,0,0,0,224528,0,23100,34265,47284,98,1000000,1000000,0,0,100,100,1270596,250000,0,0,0,0,0,0,0,10349399,0,0,0,0,22,1,5,14289258664,13966150082,0,0,10,19,1268002807,1267757246,85,'','',0,5,0,0,0,0,0,0,0,0,'','173.30.175.22','173-30-175-22.client.mchsi.com','37be41b6c262ed9fc5b10b196c9f5374','','normal','0','normal',60,1268000704,'enabled',5,'enabled','attacking Osva991','enabled',0,0,0,1957,0,0,'',0,99999,99999,99999,99999,0,'no',0,104649,224528,'enabled',0,53099504914,18,'enabled',0,'enabled',0,14,99999,0,0,99999,0,0,0,1,7,99999,99999,5,99999,99999,53,99999,99999,0,0,0,0,0,0,0),(35,'NOTORIOUS','codyh_23','137115c','0',2500,0,3940,10,0,0,0,179385,0,131900,0,0,100,448463,448463,0,0,100,100,461661,250000,10,0,10,0,10,0,0,245658,0,0,0,0,1,1,1,385625957,70355021,2500,0,26,44,1267540948,1267658891,59,'','',0,1,1,0,121,0,0,0,0,0,'','98.148.87.147','cpe-98-148-87-147.socal.res.rr.com','d6eecb3853732441a3a228fdb19093e9','','normal','0','normal',60,1267455572,'enabled',5,'enabled','Turn Bank','enabled',327,7,0,0,0,0,'',0,99999,99999,99999,99999,14,'no',0,131900,179385,'enabled',21,1306847207,58,'enabled',0,'enabled',0,53,99999,0,0,99999,0,0,0,1,25,99999,99999,29,99999,99999,44,99999,99999,0,0,0,0,0,0,0),(36,'CrZyGrL','lilmama','acer06','0',0,0,14480190715,0,0,0,0,104924,0,615,0,0,86,409469,509819,0,0,0,100,235306,250000,0,0,0,0,0,0,0,0,9,0,0,0,49,1,2,14588609865,0,0,0,16,18,1268003019,1268002562,43,'','',0,3,0,0,0,0,0,0,0,0,'','66.56.205.217','cpe-066-056-205-217.ec.res.rr.com','e2abd7bcbedbaee12e1f737fb00882c9','','normal','0','normal',60,1268002768,'enabled',5,'enabled','Main Menu','enabled',0,0,0,803,0,0,'Underboss',0,99999,99999,99999,99999,6195,'no',0,615,104924,'enabled',0,14588609865,33,'enabled',0,'enabled',2000000000,29,99999,0,0,99999,0,0,1,1,6,99999,99999,17,99999,99999,23,99999,99999,0,0,0,0,0,0,0),(37,'MidNight','MidNight','4493966','0',6,0,34688511521,1,0,0,0,228314,0,9,615,868,86,6953486,10486916,0,0,100,100,20162433,250000,10,0,10,0,10,0,0,8146906,0,0,0,0,43,4,1,35036981487,0,0,0,5,8,1268083705,1267899660,16,'','',0,28,0,0,0,0,0,0,0,0,'','86.96.226.14','86.96.226.14','a82d280685f3e20cdca85934d968410f','','normal','0','normal',60,1268002776,'enabled',5,'enabled','Voting','enabled',0,0,0,2000,0,0,'Underboss',0,99999,99999,99999,99999,126407,'no',0,751,228314,'enabled',0,65587882737,15,'enabled',0,'enabled',5000000000,11,99999,0,0,99999,0,0,0,1,1,99999,99999,2,99999,99999,6,99999,99999,0,0,0,0,0,0,0),(38,'noob_101','pimp_2800','price28','0',575,0,507,10,0,0,0,202987,0,30850,17864,22957,95,498420,498420,0,0,100,100,240069,250000,0,0,0,0,0,0,0,6784851,0,0,0,0,12,3,5,5596414874,5339212911,0,0,6,30,1267989008,1267757067,85,'','',0,2,0,0,2,0,0,0,0,0,'','67.215.156.181','dhcp-0-1f-e2-5b-32-4b.cpe.quickclic.net','9bee1f2b07b1506e19da4d9f84406bcb','','normal','0','normal',60,1267988996,'enabled',5,'enabled','Level 1 Ranks','enabled',6,0,0,2748,0,0,'',0,99999,99999,99999,99999,1737,'no',0,71671,202987,'enabled',0,31039606124,24,'enabled',0,'enabled',0,20,99999,0,0,99999,0,0,0,1,14,99999,99999,9,99999,99999,26,99999,99999,0,0,0,0,0,0,0),(39,'HawkY','glockman','CLU091488!','0',1015,0,220,0,0,0,0,0,0,0,0,13874,0,424863,424863,0,0,90,100,0,250000,1,0,10,0,20,0,0,193327,0,0,0,107,78,4,2,8963322,0,2500,0,17,76,1268003998,1267903905,13,'','',0,12,0,0,1,121828,0,0,0,0,'','71.199.142.224','c-71-199-142-224.hsd1.ga.comcast.net','000a971ebca8b488f3ba96e2d8f371a4','','normal','0','normal',60,1267888888,'enabled',5,'enabled','Main Menu','enabled',0,0,0,3876,0,0,'',366,99999,99999,99999,99999,981363,'no',0,13874,0,'enabled',0,733947072,62,'enabled',0,'enabled',0,57,99999,0,0,99999,0,0,0,2,99999,24,99999,99999,24,99999,4,1,99999,26000,26000,0,0,0,0,0),(40,'eladg','eladg23','a3511g','0',2521,0,183304,10,0,0,0,0,0,0,17406,100395,0,250000,250000,0,0,100,100,831866,250000,10,0,10,0,10,0,0,629711,0,0,0,81,2,4,4,63752768,0,0,0,14,69,1267993738,1267479480,26,'','i\'m shaking',0,10,0,0,0,0,0,0,0,0,'','77.127.126.177','77.127.126.177','3ac2eecaa68348ea2e59acdc1911036c','','normal','0','normal',60,1267909158,'enabled',5,'enabled','FeaRLeSS_ArmY Family','enabled',6,0,0,0,0,0,'Underboss',3147,99999,99999,99999,99999,843079,'no',0,117801,0,'enabled',0,2425172768,50,'enabled',0,'enabled',1666666665,45,99999,0,0,99999,0,0,4,2,99999,21,99999,99999,19,99999,1,2,99999,100,100,0,0,0,0,0),(41,'Pussbag','joebutcher','mobster','0',2500,0,1050,1,0,0,0,0,0,0,0,0,0,597530,597530,0,0,0,100,540918,250000,0,0,0,0,10,0,0,8029129,0,0,0,8,32,1,2,16871960703,16867405861,0,0,13,17,1267623551,1267632423,21,'','I wish I could say it was fun...',1,7,3,0,28,0,0,0,0,0,'','68.112.230.67','68-112-230-67.dhcp.oxfr.ma.charter.com','5fa020fb56ca0ee175fef1b0f4e5f764','','normal','0','normal',60,1267623511,'enabled',5,'enabled','Main Menu','enabled',305,7,0,0,0,0,'',0,99999,99999,99999,99999,113587,'no',0,0,0,'enabled',1,46981198203,21,'enabled',0,'enabled',0,17,99999,0,0,99999,0,0,0,2,99999,7,99999,99999,8,99999,14,9,99999,30000,30000,0,0,0,0,0),(42,'mashedPOOtato','monkeyboy_7_182','tensor','0',0,0,30444501560,1,0,0,0,187222,0,102,25,41,86,410997,426450,0,0,100,100,95114,250000,0,0,0,0,0,0,0,5400391,0,0,0,0,36,1,3,30633929363,0,0,0,12,11,1268002800,1267928295,99,'','',0,5,0,0,0,0,0,0,0,0,'','195.194.178.157','halls7-x.derby.ac.uk','7e92307540432c4dfc4c7d2edee256cf','','normal','0','normal',60,1268002783,'enabled',5,'enabled','Main Menu','enabled',0,0,0,923,0,0,'',0,99999,99999,99999,99999,3825,'no',0,168,187222,'enabled',0,50885395613,20,'enabled',0,'enabled',0,16,99999,0,0,99999,0,0,0,1,2,99999,99999,7,99999,99999,21,99999,99999,0,0,0,0,0,0,0),(43,'YaKillaCJ','DaBoiCJ','word2pass','0',11,0,12779993499,0,0,0,0,117611,0,80023,74935,127098,100,9576341,0,0,0,100,100,3364292,250000,1,0,0,0,10,0,0,923921,0,0,11,58,7,1,4,13101679158,0,0,0,15,22,1268076575,1267508740,39,'','CJ The 1Man ARMY\r<br>\r<br>Even attempt at Robs Gold and I tack on another 2Round Penalty.\r<br>Yall choice. 2Rounds of more 00s or yall play normal next round.\r<br>\r<br>^_^',0,18,0,0,0,160634,0,0,0,0,'','65.34.186.197','c-65-34-186-197.hsd1.fl.comcast.net','93c9ebca589a22408ab0269610e3e28d','','normal','0','normal',60,1268002784,'enabled',5,'enabled','Main Menu','enabled',0,0,0,0,0,0,'',829,99999,99999,99999,99999,136339,'no',0,282056,117611,'enabled',0,16566386658,31,'enabled',0,'enabled',5000000000,27,99999,0,0,99999,0,0,0,1,9,99999,99999,15,99999,99999,14,99999,99999,0,0,0,0,0,0,0),(44,'killswitch','bigjstud','bigjstud87','0',580,0,0,1,0,0,0,64998,0,54494,0,0,50,0,0,0,0,0,100,0,250000,10,0,10,0,0,0,0,0,0,0,0,0,8,2,1,119833500,0,0,0,7,60,1268000272,1267659110,59,'','',0,3,0,0,57,0,0,0,0,0,'','74.129.204.59','74-129-204-59.dhcp.insightbb.com','769add32c7ebbb0d6615e3682a18847b','','normal','0','normal',60,1268000208,'enabled',5,'enabled','Main Menu','enabled',323,7,0,0,0,0,'',0,99999,99999,99999,99999,50,'no',0,54494,64998,'enabled',0,119833500,78,'enabled',0,'enabled',0,73,99999,0,0,99999,0,0,0,1,37,99999,99999,47,99999,99999,39,99999,99999,0,0,0,0,0,0,0),(45,'Mafia_Inc','utopiajj','jmoney','0',2520,1000,2282,1,0,0,0,16412,0,0,24883,53605,100,51914,604616,0,0,100,100,109556,250000,1,0,1,0,110270,0,0,134925,0,0,0,259,14,1,6,57996418,0,0,0,29,71,1268802671,1267639563,26,'','im jsut an innocent lil mobster dude- minding my own business. 0:) but then you went and fucked yourself good this time around didnt you... >:[ you want no mercy? you got it motherfuckers!',0,2,0,0,2,0,0,0,0,0,'','173.89.6.104','cpe-173-89-6-104.wi.res.rr.com','0018f30a0b8bdda0e6effc71eaa206ef','','normal','0','normal',60,1267820906,'enabled',5,'enabled','TCF Family','enabled',94,7,0,0,0,0,'',5748,99999,99999,99999,99999,195952,'no',0,78488,16412,'enabled',5,605316418,65,'enabled',0,'enabled',0,60,99999,0,0,99999,0,12,0,1,45,99999,99999,35,99999,99999,4,99999,99999,0,0,0,0,0,0,0),(46,'Flame','ankh','petey','0',1221,0,0,1,5899,8868,0,304162,0,17468,0,0,87,288818452,54872959,0,0,100,100,58960760,250000,0,0,0,0,10,0,0,7618428,0,0,0,0,28,3,1,13201821943,12158428074,0,0,5,21,1268004200,1267953281,74,'','',0,60,0,0,0,0,0,0,0,0,'','24.253.215.41','ip24-253-215-41.ok.ok.cox.net','7f676e71e1d5ae0ca8f8f9ef4c6fc80b','','normal','0','normal',26,1267977659,'enabled',5,'enabled','Main Menu','enabled',12,0,0,0,0,0,'HOTTIE_WITH_A_BODY',0,99999,99999,99999,99999,11589,'no',0,17468,318929,'enabled',0,41770930693,23,'enabled',0,'enabled',0,19,99999,0,0,99999,0,0,0,1,8,99999,99999,8,99999,99999,18,99999,99999,0,0,0,0,0,0,0),(51,'OUTLAW','DoNkEyKoNg','GUNITX','0',0,0,4461294656,100,0,0,0,237619,0,0,0,0,75,54158583,74080050,0,0,0,100,60585810,250000,10,0,10,0,10,0,0,12441472,8,0,5,10,17,1,1,11320103104,6102105975,0,0,9,23,1268002794,1268002719,53,'','',0,9,0,0,0,0,0,0,0,0,'','92.11.130.12','host-92-11-130-12.as43234.net','e0695db23c713df00d94ec4d1f3d132c','','normal','0','normal',60,1268002721,'enabled',5,'enabled','Level 1 Ranks','enabled',0,0,0,11507708946,0,0,'',1922,99999,99999,99999,99999,94158,'no',0,0,237619,'enabled',0,57975626854,16,'enabled',0,'enabled',5000000000,12,99999,0,0,99999,0,0,0,1,10,99999,99999,3,99999,99999,45,99999,99999,0,0,0,0,0,0,0),(47,'NONE','napie1','426234','0',1885,0,0,1,0,0,0,112120,0,12821,0,0,89,1227033,3835195,0,0,100,100,7160237,250000,10,0,10,0,10,0,0,141748,0,0,0,0,27,3,1,166656066,0,0,0,16,53,1267966536,1267899374,16,'','',2,30,0,0,16,0,0,0,0,0,'','203.82.92.65','203.82.92.65','55e35c44787a15a496eef47c69bf7d49','','normal','0','normal',60,1267966285,'enabled',5,'enabled','Main Menu','enabled',13,0,0,1949,0,0,'Underboss',0,99999,99999,99999,99999,75589,'no',0,12821,112120,'enabled',1,698214816,63,'enabled',0,'enabled',0,58,99999,0,0,99999,0,0,0,1,31,99999,99999,33,99999,99999,8,99999,99999,0,0,0,0,0,0,0),(48,'Specdro','Specdro','SurfStile82','0',0,0,3116369780,0,0,0,123,96809,217,770,0,0,0,0,0,0,0,94,100,0,250000,0,0,0,0,70,0,0,1812789,0,0,0,64,64,1,7,3214241780,0,0,0,17,32,1268002823,1267951258,3,'','LETS GO ORANGE! IM: specdro@yahoo',0,29,0,0,0,0,0,0,0,0,'','24.59.174.109','cpe-24-59-174-109.twcny.res.rr.com','c622f057567507fa29146e891688bf92','','normal','0','normal',60,1268002757,'enabled',5,'enabled','Main Menu','enabled',0,0,0,6080,0,0,'',1917,99999,99999,99999,99999,9424,'no',0,770,97149,'enabled',0,10012226780,35,'enabled',0,'enabled',0,30,99999,0,0,99999,0,0,0,2,99999,12,99999,99999,12,99999,45,17,99999,7000,7000,0,0,0,0,0),(49,'JuSt_A_nOoB','htownsb','sb52100','0',951,0,3602,1,0,0,0,200467,0,25,0,0,0,0,0,0,0,100,100,115852,250000,1,0,0,0,0,0,0,8390173,0,0,0,0,20,3,5,11240381860,11039421200,0,0,4,24,1268003687,1267967912,100,'','',0,0,0,0,2,0,0,0,0,0,'','207.210.49.250','dhcp-0-1e-58-6-d8-6e.cpe.quickclic.net','49d00cc280e6c5ecd7480d5d8867e12c','','normal','0','normal',60,1267979678,'enabled',5,'enabled','Main Menu','enabled',327,7,0,4424,0,0,'',0,99999,99999,99999,99999,1702,'no',0,25,200467,'enabled',0,42703530610,22,'enabled',0,'enabled',0,18,99999,0,0,99999,0,0,0,2,99999,9,99999,99999,9,99999,27,19,99999,1,1,0,0,0,0,0),(50,'COLD','COLD','22362236','0',2522,0,1611,10,0,0,0,0,0,0,0,0,0,1244351,1914161,0,0,0,100,3649939,250000,0,0,0,0,0,0,0,100401,0,0,0,1,63,1,0,91943222,70355021,0,0,31,65,1267810047,1267772558,45,'','',0,6,0,0,0,0,0,0,0,0,'','88.89.251.27','ti0009a380-dhcp2578.bb.online.no','faa02cdcc16b60c294d13cb836489ca1','','normal','0','normal',0,0,'enabled',5,'enabled','recruit Board','enabled',44,0,0,284,0,0,'',0,99999,99999,99999,99999,27938,'no',0,0,0,'enabled',0,468446972,67,'enabled',0,'enabled',0,62,99999,0,0,99999,0,0,0,2,99999,20,99999,99999,25,99999,50,14,99999,6000,6000,0,0,0,0,0),(52,'CK','regis10940','bitches','0',7410,0,256154956929,0,0,0,0,427685,0,308000,0,0,50,0,0,0,0,1,100,0,250000,0,0,0,0,0,0,0,3600,0,0,0,0,0,1,2,256890641929,0,0,0,2,2,1268002820,0,0,'','Funny how even first round noobs are turns whores Lmao',1,31,0,0,0,0,0,0,0,0,'','76.15.16.114','user-160u43i.cable.mindspring.com','9c34b5617e390b4cec078cb31fec6a9e','','normal','0','normal',60,1268002796,'enabled',5,'enabled','Whosonline','enabled',0,0,0,0,0,0,'Underboss',0,99999,99999,99999,99999,0,'no',0,308000,429157,'enabled',0,256904141929,3,'enabled',0,'enabled',30000000,2,99999,0,0,99999,0,0,0,3,99999,99999,2,99999,99999,3,54,99999,99999,90000,90000,0,0,0,0,0),(55,'ViolentJ','ViolentJ','master2006','0',278,0,2923,1,0,0,0,0,0,0,62291,153852,0,0,0,0,0,100,100,1478336,250000,0,0,0,0,10,0,0,1239687,0,0,0,64,11,1,4,113987767,0,0,0,21,61,1268002805,1267594599,4,'','&#9758; &#9786;',0,22,0,0,0,210706,0,0,0,0,'','69.141.191.249','c-69-141-191-249.hsd1.pa.comcast.net','e0fa3d8e798d2b71f0037964de6a3de3','','normal','0','normal',60,1268002294,'enabled',5,'enabled','CK profile','enabled',0,0,0,0,0,0,'Underboss',94338,99999,99999,99999,99999,58977,'no',0,216143,0,'enabled',0,4762817767,44,'enabled',0,'enabled',5000000000,39,99999,0,0,99999,0,0,0,2,99999,19,99999,99999,15,99999,6,12,99999,12900,12900,0,0,0,0,0),(54,'Eddie','weezy','iamed','0',2500,0,5348,1,0,0,0,644,0,0,0,0,41,243835,243835,0,0,0,100,205408,250000,10,0,10,0,0,0,0,0,0,0,0,0,110,1,2,2787820,0,3000,0,51,82,1267994740,1267766689,55,'','',0,1,0,0,1,0,0,0,0,0,'','72.73.118.220','pool-72-73-118-220.ptldme.east.myfairpoint.net','10b7c2741514115dd217db133d9bfd18','','normal','0','normal',60,1267744073,'enabled',5,'enabled','Flying_Solo Family','enabled',38,5,0,2180781,0,0,'',0,99999,99999,99999,99999,0,'no',0,0,644,'enabled',0,2787820,99,'enabled',0,'enabled',0,91,99999,0,0,99999,0,0,0,1,51,99999,99999,68,99999,99999,55,99999,99999,0,0,0,0,0,0,0),(53,'Jacekooschow','jacekooschow','colt45','0',253,0,18867977120,0,0,0,0,307482,0,156028,0,0,99,768705,768705,0,0,100,100,297283,250000,0,0,0,0,0,0,0,12961925,0,0,8,16,3,4,5,25226704571,5890953499,0,0,4,13,1268002805,1268002704,51,'','I give everyone their due respect and I expect the same for me =)',0,55,1,0,0,0,0,0,0,0,'','99.167.77.105','99.167.77.105','5715d6cc04946245f664242461d56621','','normal','0','normal',0,0,'enabled',5,'enabled','attacking MidNight','enabled',0,0,0,0,0,0,'',11507708946,99999,99999,99999,99999,133198,'no',0,156028,307482,'enabled',0,73833923321,14,'enabled',0,'enabled',0,10,99999,0,0,99999,0,0,0,1,4,99999,99999,1,99999,99999,41,99999,99999,0,0,0,0,0,0,0),(56,'cadbury','cadbury','football','0',20,0,239895905827,1,0,0,0,429525,0,351188,0,0,86,0,4024567,0,0,100,100,7446739,250000,10,0,10,0,10,0,0,498321,0,0,0,0,1,4,5,240718820984,0,0,0,2,3,1268002804,1267658884,59,'','',0,7,0,0,0,0,0,0,0,0,'','68.106.1.119','ip68-106-1-119.ph.ph.cox.net','e6a264a11d02251447c7ffe75d2d3472','','normal','0','normal',60,1268002632,'enabled',5,'enabled','Global Ranks','enabled',0,0,0,0,0,0,'',0,99999,99999,99999,99999,20,'no',0,351188,429525,'enabled',0,242587528484,5,'enabled',0,'enabled',0,4,99999,0,0,99999,0,0,0,2,99999,1,99999,99999,1,99999,42,99999,99999,50000,50000,0,0,0,0,0),(57,'Cato','cato','ds24b','0',59,0,2493012852,1,0,0,0,94946,0,43730,7840,10183,50,0,0,0,0,90,100,0,250000,0,0,0,0,0,0,0,402624,0,0,0,115,55,1,5,2640700352,0,0,0,23,33,1268002811,1267772497,45,'','',0,41,0,0,0,0,0,0,0,0,'','66.108.133.242','cpe-66-108-133-242.nyc.res.rr.com','7606a66aea0dd5ca12610b08c10e1d21','','normal','0','normal',60,1268002749,'enabled',5,'enabled','Global Ranks','disabled',0,5,0,772,0,0,'',0,99999,99999,99999,99999,10264,'no',0,61753,95382,'enabled',0,4150540352,46,'disabled',0,'enabled',0,41,99999,0,0,99999,0,0,0,2,99999,13,99999,99999,17,99999,11,16,99999,22000,22000,0,0,0,0,0),(58,'shitty_attitude','ray44837','janice','0',750,15000,1,10,0,0,0,172503,0,19737,0,0,89,301463974,40431258,0,0,0,100,50131148,250000,0,0,0,0,0,0,0,0,0,0,0,0,24,3,12,815522341,0,2000,0,15,37,1267985985,1267820518,45,'','',0,2,0,0,0,0,0,0,0,0,'','75.233.176.33','33.sub-75-233-176.myvzw.com','c9e6473d0693f0d8cdee0087e73cf029','','normal','0','normal',60,1267984613,'enabled',5,'enabled','Main Menu','enabled',14,0,0,1304,0,0,'',0,99999,99999,99999,99999,0,'no',0,19737,172503,'enabled',0,815522341,61,'enabled',0,'enabled',0,56,99999,0,0,99999,0,0,0,1,19,99999,99999,32,99999,99999,56,99999,99999,0,0,0,0,0,0,0),(59,'StOrM','The_book_keeper','jose12','0',2522,0,2415,1,0,0,0,1262,0,0,0,0,75,211892,222213,0,0,0,100,0,250000,10,0,10,0,20,0,0,396349,0,0,0,72,18,4,2,2484446,0,0,0,16,83,1267837387,1267663337,19,'','',0,8,0,0,16,0,0,0,0,0,'','71.191.50.180','pool-71-191-50-180.washdc.fios.verizon.net','1e10daa919c1bcc6349863492ee5b603','','normal','0','normal',0,0,'enabled',5,'enabled','Global Ranks','enabled',312,7,0,0,0,0,'',0,99999,99999,99999,99999,320298,'no',0,0,1262,'enabled',0,1488800696,57,'enabled',0,'enabled',2000000000,52,99999,0,0,99999,0,0,0,1,52,99999,99999,28,99999,99999,2,99999,99999,0,0,0,0,0,0,0),(60,'TommyGold','kryptyk','barrie','0',0,0,26718272838,1,0,0,0,151359,0,53688,0,0,9,0,0,0,0,100,100,1411447,250000,0,0,0,0,0,0,0,550000,0,0,0,0,14,1,5,26928965626,0,0,0,14,12,1268002806,1267772605,45,'','',0,0,0,0,0,0,0,0,0,0,'','206.47.201.190','206.47.201.190','86f7c3284d52d98f225f4f4d30ec5ecb','','normal','0','normal',60,1268002794,'enabled',5,'enabled','Global Ranks','enabled',0,0,0,0,0,0,'',0,99999,99999,99999,99999,0,'no',0,53688,151454,'enabled',0,28991465626,25,'enabled',0,'enabled',0,21,99999,0,0,99999,0,0,0,1,3,99999,99999,10,99999,99999,57,99999,99999,0,0,0,0,0,0,0),(76,'Psychotic','TwiGa','jaxter13','0',2500,15000,0,10,0,0,0,1000,0,1000,0,0,100,250000,250000,0,0,100,100,250000,250000,10,0,10,0,10,0,0,1000,0,0,0,0,0,4,0,0,67004782,2000,0,18,90,1267422562,0,0,'','',1,0,0,0,0,0,0,0,0,0,'','211.31.251.101','d211-31-251-101.dsl.nsw.optusnet.com.au','0b4bada93e025c765305eb44afc8343b','','normal','0','normal',0,0,'enabled',5,'enabled','Level 1 Ranks','enabled',292,5,0,0,0,0,'',0,99999,99999,99999,99999,0,'no',0,1000,1000,'enabled',0,75100032,87,'enabled',0,'enabled',0,81,99999,0,0,99999,0,0,0,1,59,99999,99999,56,99999,99999,58,99999,99999,0,0,0,0,0,0,0),(62,'FullonFours','yogi','redruby','0',1317,0,4645,1,59134,77705,0,0,0,0,0,0,75,250000,250000,0,0,0,100,130748,250000,10,0,10,0,10,0,0,1338549,0,0,0,14,16,3,7,305114137,0,2000,0,10,46,1267987206,1267953354,74,'','',0,6,0,0,0,63728,0,0,0,0,'','124.182.220.142','CPE-124-182-220-142.lns4.way.bigpond.net.au','118a4555b5ad614013b3260af52d363d','','normal','0','normal',60,1267973791,'enabled',5,'enabled','Specdro profile','enabled',7,5,0,943,0,0,'',357,99999,99999,99999,99999,9743,'no',0,0,136839,'enabled',0,5324676637,43,'enabled',0,'enabled',0,38,99999,0,0,99999,0,0,0,1,27,99999,99999,23,99999,99999,19,99999,99999,0,0,0,0,0,0,0),(61,'8sec','busaguy','lilguy','0',2500,0,1114,10,0,0,0,0,0,0,134648,182366,0,250000,0,0,0,90,100,0,250000,10,0,10,0,30,0,0,1108219,0,0,0,59,14,1,4,159099614,0,0,0,22,54,1267980729,1267508577,39,'','',1,33,0,0,0,0,0,0,0,0,'','24.14.185.73','c-24-14-185-73.hsd1.il.comcast.net','d6f7e80e16e4cebd67acfc5dc13ee9da','','normal','0','normal',60,1267935964,'enabled',5,'enabled','Main Menu','enabled',8,0,0,0,0,0,'Underboss',1361632,99999,99999,99999,99999,18043,'no',0,317014,0,'enabled',0,4314932114,45,'enabled',0,'enabled',5000000000,40,99999,0,0,99999,0,0,0,2,99999,18,99999,99999,16,99999,59,15,99999,6000,6000,0,0,0,0,0),(63,'Renegade','Yahway616','monojayz1','0',1617,0,2190,0,0,0,0,0,0,0,0,0,0,49467390,12801624,0,0,0,100,413707,250000,0,0,0,0,10,0,0,33911153,1,0,0,0,115,1,2,48487612761,48398083481,2500,0,4,6,1268004224,1268002498,51,'','youre too late like your girl\'s period after I nuted in her\r<br>\r<br>nvm I forgot none of you have a girlfriend',0,20,1,0,1,0,0,0,0,0,'','71.205.152.160','c-71-205-152-160.hsd1.mi.comcast.net','69f6edbcd4aff3c55a22281aec1aed06','','supporter','0','normal',60,1267901857,'enabled',5,'enabled','Main Menu','enabled',2,0,0,4534,0,0,'Underboss',0,99999,99999,99999,99999,62982,'no',0,0,0,'enabled',0,175654440261,7,'enabled',0,'enabled',0,99999,2,0,0,99999,0,0,0,2,99999,3,99999,99999,3,99999,31,11,99999,50000,50000,0,0,0,0,0),(64,'STALIN','wriath','mustangs','0',2500,0,964,10,0,0,0,3908,0,0,0,0,36,0,44259,0,0,0,100,140986,250000,10,0,10,0,10,0,0,74978,0,0,0,0,29,1,2,4947185,0,0,0,34,80,1267722876,1267549052,57,'','',0,0,8,0,48,0,0,0,0,0,'','173.188.22.41','h41.22.188.173.dynamic.ip.windstream.net','5e6a64b04c5213d427b0374bdcf78684','','normal','0','normal',60,1267455041,'enabled',5,'enabled','Main Menu','enabled',306,7,0,0,0,0,'',0,99999,99999,99999,99999,49819,'no',0,0,3908,'enabled',1,286118435,71,'enabled',0,'enabled',0,66,99999,0,0,99999,0,0,0,1,49,99999,99999,40,99999,99999,11,99999,99999,0,0,0,0,0,0,0),(65,'DoWn4LiFe','Cisco14','bronx718','0',2500,0,1388,1,0,0,0,513889,0,373241,0,0,100,500000,500000,0,0,100,100,500000,250000,0,0,0,0,0,0,0,20813585,0,0,0,0,0,1,5,21203445767,20312314379,3000,0,7,16,1267972206,0,0,'','',0,1,0,0,2,0,0,0,0,0,'','216.189.209.126','216.189.209.126','247199dbf9348c66888f1a323a28bd35','','normal','0','normal',60,1267864309,'enabled',5,'enabled','Main Menu','enabled',12,0,0,0,0,0,'',0,99999,99999,99999,99999,0,'no',0,373241,513889,'enabled',0,99254389517,11,'enabled',0,'enabled',0,8,99999,0,0,99999,0,0,0,2,99999,6,99999,99999,5,99999,59,23,99999,50000,50000,0,0,0,0,0),(66,'AIDS','frescatti','manortx','0',2500,15000,0,100,44786,61111,0,20647,0,0,0,0,75,250000,250000,0,0,0,100,250000,250000,10,0,10,0,0,0,0,0,0,0,0,0,6,1,0,327530521,70355021,3000,0,33,45,1267942264,1267895374,92,'','',0,1,0,0,0,0,0,0,0,0,'','72.177.93.57','cpe-72-177-93-57.austin.res.rr.com','ce3028730aaf2e1a1048c1c27a3fee6e','','normal','0','normal',60,1267738824,'enabled',5,'enabled','Main Menu','enabled',96,0,0,0,0,0,'',0,99999,99999,99999,99999,50,'no',0,0,126544,'enabled',0,327530521,70,'enabled',0,'enabled',0,65,99999,0,0,99999,0,0,0,1,26,99999,99999,39,99999,99999,40,99999,99999,0,0,0,0,0,0,0),(70,'Steven','Voltage','strong18','0',2500,15000,0,10,0,0,0,51361,0,10266,0,0,75,250000,250000,0,0,0,100,250000,250000,10,0,10,0,0,0,0,0,0,0,0,0,6,1,5,134323521,70355021,2000,0,36,57,1267931588,1267757433,85,'','',0,1,0,0,25,0,0,0,0,0,'','166.128.239.121','mobile-166-128-239-121.mycingular.net','549f81777acb1665e435d9d5ea12d561','','normal','0','normal',60,1267931583,'enabled',5,'enabled','Main Menu','enabled',293,7,0,0,0,0,'Underboss',0,99999,99999,99999,99999,0,'no',0,10266,51361,'enabled',2,134323521,75,'enabled',0,'enabled',0,70,99999,0,0,99999,0,0,0,1,34,99999,99999,44,99999,99999,59,99999,99999,0,0,0,0,0,0,0),(67,'CheKm8KinG','chekm8king','iamnumber1','0',2500,15000,0,10,0,0,0,1000,0,1000,0,0,100,250000,250000,0,0,100,100,250000,250000,10,0,10,0,10,0,0,1000,0,0,0,0,0,1,5,0,70355021,3000,0,42,91,1267992190,0,0,'','',0,0,0,0,2,0,0,0,0,0,'','97.87.1.130','97-87-1-130.dhcp.mdsn.wi.charter.com','1071c3a8f8d1f502156e0f4b76364fbf','','normal','0','normal',0,0,'enabled',5,'enabled','Global Ranks','enabled',305,7,0,0,0,0,'Underboss',0,99999,99999,99999,99999,0,'no',0,1000,1000,'enabled',0,78450271,84,'enabled',0,'enabled',0,79,99999,0,0,99999,0,0,0,1,60,99999,99999,53,99999,99999,60,99999,99999,0,0,0,0,0,0,0),(68,'HOLE_PUNCH','yahway','money1','0',2500,15000,67,0,0,0,0,0,0,0,0,0,0,179262,175641,0,0,0,100,186415,250000,0,0,0,0,10,0,0,16251,0,0,0,0,31,1,2,71806933,70355021,3000,0,37,66,1267982068,1267834599,43,'','',0,2,0,0,1,0,0,0,0,0,'','69.124.219.157','ool-457cdb9d.dyn.optonline.net','9b6e34fa2c2877b91eb95c697515c477','','normal','0','normal',60,1267834153,'enabled',5,'enabled','Main Menu','enabled',8,0,0,26,0,0,'Underboss',0,99999,99999,99999,99999,2079,'no',0,0,0,'enabled',0,132751933,76,'enabled',0,'enabled',0,71,99999,0,0,99999,0,0,0,1,41,99999,99999,45,99999,99999,24,99999,99999,0,0,0,0,0,0,0),(69,'Canadian_Mountie','JJAZ','AmelieZach','0',2500,14000,2364,10,130427,169345,0,45,0,0,0,0,75,1217748,1333685,0,0,0,100,1243113,250000,10,0,10,0,10,0,0,1240301,0,0,0,0,14,3,1,675337619,0,2000,0,9,38,1267910832,1267969691,100,'','-- That\'s a big 10/4 Rubber Duck --',1,37,2,0,51,0,0,0,0,0,'','209.213.225.199','node199.wl-a.pppoe.execulink.com','57def45e69e2606cc9376eddcb2071d2','','normal','0','normal',60,1267910798,'enabled',5,'enabled','spamming Flame','enabled',90,5,0,774,0,0,'THEY_DESERVED_IT',0,99999,99999,99999,99999,131,'no',0,0,299817,'enabled',1,5326470119,42,'enabled',0,'enabled',0,37,99999,0,0,99999,0,0,0,1,20,99999,99999,22,99999,99999,33,99999,99999,0,0,0,0,0,0,0),(88,'GH','godshand','scottb86','0',2500,15000,0,10,0,0,0,1000,0,1000,0,0,100,250000,250000,0,0,100,100,250000,250000,10,0,10,0,10,0,0,1000,0,0,0,0,0,1,0,0,63814078,2000,0,44,92,1267636856,0,0,'','',0,4,0,0,0,0,0,0,0,0,'','68.200.45.4','4-45.200-68.tampabay.res.rr.com','65f0149e32db44ebba8c9b920efab31c','','normal','0','normal',0,0,'enabled',5,'enabled','Main Menu','enabled',118,5,0,0,0,0,'',0,99999,99999,99999,99999,0,'no',0,1000,1000,'enabled',0,71909328,88,'enabled',0,'enabled',0,82,99999,0,0,99999,0,0,0,1,61,99999,99999,57,99999,99999,61,99999,99999,0,0,0,0,0,0,0),(78,'Lord_Kris','Lord_Kris','qwer111','0',2295,0,4500,1,0,0,0,99450,0,53387,0,0,99,78428432,24046457,0,0,90,100,0,250000,10,0,10,0,0,0,0,1213217,0,0,0,0,31,4,4,2325780636,2022029833,2000,0,12,36,1267996442,1267888862,39,'','',0,0,9,0,3,0,0,0,0,0,'','169.229.81.22','tow-81-22.ResHall.Berkeley.EDU','b3fab57b5cc98585da0860afc1a891a6','','normal','0','normal',60,1267954503,'enabled',5,'enabled','Main Menu','enabled',292,5,0,1570,0,0,'',0,99999,99999,99999,99999,12205,'no',0,53387,99450,'enabled',1,6875344386,38,'enabled',0,'enabled',0,33,99999,0,0,99999,0,0,0,1,18,99999,99999,19,99999,99999,17,99999,99999,0,0,0,0,0,0,0),(73,'lala_busy','Mad_Hatter','oscar4','0',2500,15000,0,10,0,0,0,21682,0,0,0,0,75,247500,242500,0,0,0,100,245000,250000,0,0,0,0,0,0,0,0,0,0,0,0,9,1,5,93992021,70355021,2000,0,40,64,1267996302,1267772343,45,'','',0,0,5,0,2,0,0,0,0,0,'','24.224.198.50','blk-224-198-50.eastlink.ca','f49ba63faaab546d618190ff4b15fa80','','normal','0','normal',60,1267501101,'enabled',5,'enabled','Global Ranks','enabled',29,6,0,0,0,0,'Underboss',0,99999,99999,99999,99999,0,'no',0,0,21682,'enabled',0,93992021,80,'enabled',0,'enabled',0,75,99999,0,0,99999,0,7,0,1,40,99999,99999,49,99999,99999,62,99999,99999,0,0,0,0,0,0,0),(71,'AMW','x-man93','pussy1','0',2500,15000,0,10,0,0,0,1000,0,1000,0,0,100,250000,250000,0,0,100,100,250000,250000,10,0,10,0,10,0,0,1000,0,0,0,0,0,2,0,0,70355021,2000,0,9,93,1267726620,0,0,'','',0,0,0,0,0,0,0,0,0,0,'','163.153.6.126','163.153.6.126','96a6bfc76c782134c8f2313d3d540cc8','','normal','0','normal',0,0,'enabled',5,'enabled','recruit Board','enabled',69,4,0,0,0,0,'',0,99999,99999,99999,99999,0,'no',0,1000,1000,'enabled',0,78450271,85,'enabled',0,'enabled',0,80,99999,0,0,99999,0,0,0,1,62,99999,99999,54,99999,99999,63,99999,99999,0,0,0,0,0,0,0),(72,'ROB','rob','walmartmob','0',1186,0,291428502473,1,0,0,0,1515221,0,1074298,0,0,100,30609954,59981028,0,0,100,100,110650114,250000,10,0,10,50000,10,0,0,534878989,0,0,0,0,0,1,4,745096720426,442300203959,0,0,1,1,1268002812,0,0,'','try me .....you wont like the outcome',0,31,0,0,0,0,0,0,0,0,'','208.54.86.57','m395636d0.tmodns.net','96b95de17ee2822a94516baa68ee9678','','supporter','4','normal',60,1268002506,'enabled',5,'enabled','Global Ranks','enabled',6,0,0,0,0,0,'',0,99999,99999,99999,99999,0,'no',0,1074298,1515221,'enabled',0,2750892932930,1,'enabled',0,'enabled',0,99999,1,0,0,99999,0,0,0,3,99999,99999,1,99999,99999,1,70,99999,5,194000,194000,4,20000,0,0,0),(74,'paytokill','paytokill','18111971','0',1775,0,342328,10,596,15,0,34604,0,20535,144478,239763,50,0,0,0,0,76,100,0,250000,0,0,0,0,10,0,0,517110,0,0,0,20,10,3,6,249121828,0,0,0,12,48,1267960319,1267639164,26,'','',0,1,0,0,0,0,0,0,0,0,'','83.81.49.213','535131D5.cable.casema.nl','5499894099ecd0a472b858ddd71de9ac','','normal','0','normal',60,1267959824,'enabled',5,'enabled','TCF Family','enabled',292,5,0,0,0,0,'',943,99999,99999,99999,99999,235399,'no',0,404776,35215,'enabled',0,2188288078,52,'enabled',0,'enabled',0,47,99999,0,0,99999,0,0,0,2,99999,15,99999,99999,20,99999,24,5,99999,6000,6000,0,0,0,0,0),(75,'tourette_syndrom','Outlaw','skater13','0',465,0,0,1,12320,12409,5133,168522,6204,121120,75972,111163,100,4646282889,0,0,0,74,100,0,250000,10,0,10,0,10,0,0,381000,0,0,0,0,1,4,7,6360969374,1264715985,2000,0,11,29,1267993553,1267659137,59,'','',0,9,0,0,0,0,0,0,0,0,'','12.191.124.135','12-191-124-135.att-inc.com','13034c273c13ed210aaa702c1e99c665','','normal','0','normal',60,1267993536,'enabled',5,'enabled','Main Menu','enabled',6,0,0,0,0,0,'',0,99999,99999,99999,99999,20,'no',0,308255,204588,'enabled',0,7789723124,36,'enabled',0,'enabled',0,31,99999,0,0,99999,0,0,0,2,99999,11,99999,99999,13,99999,38,22,99999,22000,22000,0,0,0,0,0),(77,'KingKong','mrash','jamespayne','0',150,0,1436,1,140455,147514,0,0,0,0,11,14,8,0,123448,0,0,100,100,69892,250000,0,0,0,0,10,0,0,4098861,0,0,0,0,11,4,1,6660181541,6013352193,0,0,8,27,1268001393,1267820447,45,'','',0,1,0,0,0,0,0,0,0,0,'','84.13.63.59','host-84-13-63-59.opaltelecom.net','64d8c3fa5620bb77f39c32242b921a1a','','normal','0','normal',60,1267999013,'enabled',5,'enabled','Kill_You_Dead Family','enabled',0,5,0,229,0,0,'IN_BED',0,99999,99999,99999,99999,1900,'no',0,25,287969,'enabled',0,22030914041,29,'enabled',0,'enabled',0,25,99999,0,0,99999,0,0,0,1,12,99999,99999,13,99999,99999,25,99999,99999,0,0,0,0,0,0,0),(80,'BlackaneseBoY','bangbang','bangbang','0',2500,15000,0,10,0,0,0,34608,0,0,0,0,75,247500,242500,0,0,0,100,245000,250000,0,0,0,0,0,0,0,0,0,0,0,0,14,1,0,103567782,67004782,2000,0,39,63,1267569779,1267772582,45,'','',0,0,8,0,2,0,0,0,0,0,'','82.28.68.203','cpc5-barn6-0-0-cust202.brnt.cable.ntl.com','5fc3a11f0bf99b45249de5aa9d74deec','','normal','0','normal',60,1267569720,'enabled',5,'enabled','Main Menu','enabled',118,5,0,0,0,0,'',0,99999,99999,99999,99999,0,'no',0,0,34608,'enabled',0,103567782,79,'enabled',0,'enabled',0,74,99999,0,0,99999,0,0,0,1,39,99999,99999,48,99999,99999,64,99999,99999,0,0,0,0,0,0,0),(79,'Dougi3','slug','rangers','0',125,0,1496,10,0,0,0,0,0,0,0,0,0,0,0,0,0,0,100,18852,250000,0,0,0,0,10,0,0,262092,2,0,0,0,28,1,2,67081686,67004782,0,0,27,68,1268002887,1268000129,43,'','',0,1,2,0,1,0,0,0,0,0,'','94.194.126.16','94-194-126-16.zone8.bethere.co.uk','c0b823533b37a22bbc921c1ab5b0d1b0','','normal','0','normal',60,1267999779,'enabled',5,'enabled','Main Menu','enabled',290,5,0,0,0,0,'',0,99999,99999,99999,99999,38412,'no',0,0,0,'enabled',0,1049930436,59,'enabled',0,'enabled',0,54,99999,0,0,99999,0,0,0,1,43,99999,99999,30,99999,99999,12,99999,99999,0,0,0,0,0,0,0),(81,'bubbles','matty451','tigger22','0',250,0,4320,1,146859,210930,0,1000,0,0,41,72,86,839300,882824,0,0,100,100,999960,250000,0,0,0,0,0,0,0,5408862,0,0,0,0,1,4,1,8581672362,7784116430,0,0,6,25,1267997932,1267617668,48,'','',0,7,0,0,0,0,0,0,0,0,'','78.150.36.36','78.150.36.36','56c96b1d8d093bf9e47bcc78433b17f7','','normal','0','normal',60,1267996324,'enabled',5,'enabled','Main Menu','enabled',6,0,0,0,0,0,'',0,99999,99999,99999,99999,90,'no',0,113,358789,'enabled',0,28864904862,26,'enabled',0,'enabled',0,22,99999,0,0,99999,0,0,0,1,11,99999,99999,11,99999,99999,36,99999,99999,0,0,0,0,0,0,0),(86,'LeatherNutz','mcjimmy','mcjimmy','0',2500,15000,0,10,0,0,0,1000,0,1000,0,0,100,250000,250000,0,0,100,100,250000,250000,10,0,10,0,10,0,0,1000,0,0,0,0,0,1,0,0,63814078,2000,0,45,94,1267541945,0,0,'','',0,0,0,0,0,0,0,0,0,0,'','0.0.0.0','','9659c76617ebb008b2fd2e6e43fc4a66','','normal','0','normal',0,0,'enabled',5,'enabled','','enabled',155,5,0,0,0,0,'',0,99999,99999,99999,99999,0,'no',0,1000,1000,'enabled',0,71909328,89,'enabled',0,'enabled',0,83,99999,0,0,99999,0,0,0,1,63,99999,99999,58,99999,99999,65,99999,99999,0,0,0,0,0,0,0),(82,'SCOTS','gandy89','oscar93','0',2500,15000,0,10,0,0,0,1000,0,0,0,0,75,247500,242500,0,0,0,100,245000,250000,0,0,0,0,10,0,0,125,0,0,0,0,36,1,0,69959782,67004782,2000,0,46,67,1267559319,1267772253,45,'','',0,0,18,0,0,0,0,0,0,0,'','139.153.13.59','daer.stir.ac.uk','4f30ede6a3c06c10b260472e8cce7672','','normal','0','normal',0,0,'enabled',5,'enabled',' Board','enabled',121,5,0,0,0,0,'',0,99999,99999,99999,99999,77,'no',0,0,1000,'enabled',0,70432282,92,'enabled',0,'enabled',0,85,99999,0,0,99999,0,0,0,1,42,99999,99999,61,99999,99999,37,99999,99999,0,0,0,0,0,0,0),(84,'TheDrugLord','natorious1','june20','0',2500,15000,0,10,0,0,0,1000,0,1000,0,0,100,250000,250000,0,0,100,100,250000,250000,10,0,10,0,10,0,0,1000,0,0,0,0,0,1,0,0,67004782,2000,0,99999,99999,1267491135,0,0,'','',0,4,0,0,0,0,0,0,0,0,'','76.110.34.172','c-76-110-34-172.hsd1.fl.comcast.net','dc29d3621d8e55bd66fee0af40baece3','','banned','0','normal',0,0,'enabled',5,'enabled','Main Menu','enabled',196,5,0,0,0,0,'',0,99999,99999,99999,99999,0,'no',0,1000,1000,'enabled',0,0,99999,'enabled',0,'enabled',0,99999,99999,0,0,99999,0,0,0,1,64,99999,99999,99999,99999,99999,66,99999,99999,0,0,0,0,0,0,0),(85,'McLovin','hoopenmj','emach1','0',2523,0,526,10,0,0,0,7030,0,0,0,0,0,0,0,0,0,0,100,0,250000,0,0,0,0,30,0,0,929289,0,0,0,169,40,1,11,7030526,0,0,0,24,78,1267934618,1267928617,99,'','',0,6,0,0,0,0,0,0,0,0,'','67.49.205.136','cpe-67-49-205-136.bak.res.rr.com','765ad5cc27df2672965c28b4bd33b439','','normal','0','normal',0,0,'enabled',5,'enabled','Satans_Hitmen Family','enabled',155,5,0,1743,0,0,'',17166,99999,99999,99999,99999,32645,'no',0,0,7030,'enabled',0,3491875526,47,'enabled',0,'enabled',0,42,99999,0,0,99999,0,0,0,2,99999,25,99999,99999,18,99999,74,13,99999,2000,2000,0,0,0,0,0),(83,'junior','lexes','lildirky','0',2500,15000,0,10,0,0,0,5164,0,0,0,0,75,247500,242500,0,0,0,100,245000,250000,0,0,0,0,0,0,0,0,0,0,0,0,35,1,9,7119000,0,2000,0,50,77,1267487267,1267928660,99,'','',1,2,18,0,0,0,0,0,0,0,'','68.44.106.234','c-68-44-106-234.hsd1.de.comcast.net','8a3461952884d85bc485645a65cc6ee9','','normal','0','normal',60,1267484761,'enabled',5,'disabled','Main Menu','enabled',196,5,0,0,0,0,'',0,99999,99999,99999,99999,573,'no',0,0,5164,'enabled',0,7119000,98,'enabled',0,'enabled',0,90,99999,86400,1267483988,99999,0,0,0,1,48,99999,99999,67,99999,99999,31,99999,99999,0,0,0,0,0,0,0),(91,'Jimmy','toolow50','vaio420','0',2500,15000,0,10,0,0,0,1000,0,1000,0,0,100,250000,250000,0,0,100,100,250000,250000,10,0,10,0,10,0,0,1000,0,0,0,0,0,1,0,0,60775312,2000,0,47,95,1267645061,0,0,'','',0,0,0,0,0,0,0,0,0,0,'','69.23.100.130','CPE-69-23-100-130.new.res.rr.com','9931d8f40c6dfc2a6d38c7ac354e90dc','','normal','0','normal',0,0,'enabled',5,'enabled','Global Ranks','enabled',114,5,0,0,0,0,'',0,99999,99999,99999,99999,0,'no',0,1000,1000,'enabled',0,68870562,93,'enabled',0,'enabled',0,86,99999,0,0,99999,0,0,0,1,65,99999,99999,62,99999,99999,67,99999,99999,0,0,0,0,0,0,0),(87,'GJ','JACK_DANIELS','munchie','0',2500,15000,0,10,0,0,0,1000,0,1000,0,0,100,250000,250000,0,0,100,100,250000,250000,10,0,10,0,10,0,0,1000,0,0,0,0,0,2,0,0,63814078,4500,0,10,96,1267550739,0,0,'','',0,0,0,1,0,0,0,0,0,0,'','12.106.52.226','12.106.52.226','411145c5878993c7f01a5de5ccb56f4c','','supporter','0','normal',0,0,'enabled',5,'enabled','Making Purchases','enabled',145,5,0,0,0,0,'',0,99999,99999,99999,99999,0,'no',0,1000,1000,'enabled',0,71909328,90,'enabled',0,'enabled',0,99999,6,0,0,99999,0,7,0,1,66,99999,99999,59,99999,99999,68,99999,99999,0,0,0,0,0,0,0),(89,'Pussy','The_Grudge','itsmine','0',2215,0,1005,1,78543,112813,0,1000,0,0,0,0,75,537437,526090,0,0,0,100,483653,250000,0,0,10,0,10,0,0,5218249,0,0,0,0,17,4,11,670429008,243069184,0,0,9,39,1268020198,1267971150,100,'','',0,3,0,0,0,0,0,0,0,0,'','76.88.151.109','cpe-76-88-151-109.hawaii.res.rr.com','9e5eb71f86ce9f6a806f61417f26dfd9','','normal','0','normal',60,1267949641,'enabled',5,'enabled','Recruiting','enabled',114,5,0,1017,0,0,'',0,99999,99999,99999,99999,908,'no',0,0,192356,'enabled',0,20238866508,30,'enabled',0,'enabled',0,26,99999,0,0,99999,0,0,0,1,21,99999,99999,14,99999,99999,29,99999,99999,0,0,0,0,0,0,0),(94,'marvpi','Marvpi','124578963','0',2500,15000,0,10,0,0,0,1000,0,1000,0,0,100,250000,250000,0,0,100,100,250000,250000,10,0,10,0,10,0,0,1000,0,0,0,0,0,1,0,0,55125000,2000,0,48,97,1267798939,0,0,'','',1,0,0,0,0,0,0,0,0,0,'','189.4.12.224','189.4.12.224','cdfa8c7c1e35cac36272c50311dc211a','','normal','0','normal',0,0,'enabled',5,'enabled','Main Menu','enabled',44,0,0,0,0,0,'',0,99999,99999,99999,99999,0,'no',0,1000,1000,'enabled',0,63220250,95,'enabled',0,'enabled',0,88,99999,86400,1267798910,99999,0,0,0,1,67,99999,99999,64,99999,99999,69,99999,99999,0,0,0,0,0,0,0),(90,'jacob1414','liljaj','baseball14','0',2500,15000,0,10,0,0,0,1000,0,1000,0,0,100,250000,250000,0,0,100,100,250000,250000,10,0,10,0,10,0,0,1000,0,0,0,0,0,3,0,0,63814078,2000,0,18,98,1267587575,0,0,'','',1,0,0,0,0,0,0,0,0,0,'','71.210.130.14','71-210-130-14.mpls.qwest.net','49a637c04ad1a7e7c7e0c19e67d40e52','','normal','0','normal',0,0,'enabled',5,'enabled','Main Menu','enabled',117,5,0,0,0,0,'',0,99999,99999,99999,99999,0,'no',0,1000,1000,'enabled',0,71909328,91,'enabled',0,'enabled',0,84,99999,86400,1267587564,99999,0,0,0,1,68,99999,99999,60,99999,99999,70,99999,99999,0,0,0,0,0,0,0),(92,'CHECKING','drsash7','mnisfa','0',2521,15000,4891,1,0,0,0,69443,0,37263,0,0,99,177338,191489,0,0,100,100,216354,250000,0,0,0,0,10,0,0,40894,0,0,0,2,20,1,0,108328112,0,2000,0,35,62,1267919163,1267772435,45,'','',0,0,0,0,0,0,0,0,0,0,'','81.25.142.211','81.25.142.211','aea29b0267f697874cd57d83a3da684b','','normal','0','normal',60,1267919163,'enabled',5,'enabled','Recruiting','enabled',14,0,0,120,0,0,'',0,99999,99999,99999,99999,3112,'no',0,37263,69443,'enabled',0,261684362,73,'enabled',0,'enabled',0,68,99999,0,0,99999,0,0,0,1,38,99999,99999,42,99999,99999,22,99999,99999,0,0,0,0,0,0,0),(95,'Ganstamoney','GanstaMoney','james123','0',2500,15000,0,10,61,72,61,1000,72,1000,163,216,100,250000,250000,0,0,96,100,250000,250000,10,0,10,0,10,0,0,1000,0,0,0,0,0,2,0,60080000,55125000,2000,0,11,70,1267803536,0,0,'','',0,0,0,0,0,0,0,0,0,0,'','174.36.146.66','ans55.midphase.com','80cb4dbd876c3aa75ec8ff25aa91f99e','','normal','0','normal',10,1267803536,'enabled',5,'enabled','Recruiting','enabled',44,0,0,0,0,0,'',0,99999,99999,99999,99999,0,'no',0,1379,1266,'enabled',0,63833750,94,'enabled',0,'enabled',0,87,99999,86400,1267803334,99999,0,0,0,1,44,99999,99999,63,99999,99999,71,99999,99999,0,0,0,0,0,0,0),(97,'xxxSpader79','xxxSpader79','stinknugget','0',3600,0,1,1,0,0,0,72044,0,61187,0,0,100,1650136,1744955,0,0,100,100,1844017,250000,10,0,10,0,13,3,3,1570855,0,0,0,0,0,3,0,147834692,1122,0,0,8,55,1267932542,0,0,'','',0,2,0,0,0,0,0,0,0,0,'','76.106.157.39','c-76-106-157-39.hsd1.fl.comcast.net','cadda84e52f0f1985efe545fe21eaa68','','normal','0','normal',60,1267932030,'enabled',5,'enabled','Main Menu','enabled',14,0,0,0,0,0,'',0,99999,99999,99999,99999,0,'no',0,61187,72044,'enabled',0,6038553692,40,'enabled',0,'enabled',0,35,99999,0,0,99999,0,0,0,1,32,99999,99999,21,99999,99999,72,99999,99999,0,0,0,0,0,0,0),(93,'MercerRed','MercerAsp','mercer','0',2500,15000,38526604,10,19398,27250,1539,4948,2067,77,4772,7185,91,2194257,1285863,0,0,100,100,2934266,250000,110,10,20,1,10010,3500,3000,5378,0,0,0,2,6,2,0,234913044,59938030,2000,0,5,49,1268021007,1267881652,16,'','',0,5,0,2,0,0,0,0,0,0,'','68.12.253.25','ip68-12-253-25.ok.ok.cox.net','f16c0f653b739f8464297399510eaf1f','','normal','0','normal',50,1267884284,'enabled',5,'enabled','Global Ranks','enabled',57,0,0,10187686,0,0,'',211,99999,99999,99999,99999,6036,'no',0,12034,55202,'enabled',0,267084294,72,'enabled',0,'enabled',0,67,99999,0,0,99999,0,0,0,1,29,99999,99999,41,99999,99999,20,99999,99999,0,0,0,0,0,0,0),(96,'k4z3','Flavius007','manele','0',2500,15000,0,10,0,0,0,1000,0,1000,0,0,100,250000,250000,0,0,100,100,250000,250000,10,0,10,0,10,0,0,1000,0,0,0,0,0,1,0,0,55125000,2000,0,49,99,1267819232,0,0,'','',1,0,0,0,0,0,0,0,0,0,'','188.216.228.189','net-188-216-228-189.cust.dsl.vodafone.it','a3c1e7b4dba62d4ccd919b70859d02aa','','normal','0','normal',0,0,'enabled',5,'enabled','Reading Quick Start','enabled',43,0,0,0,0,0,'',0,99999,99999,99999,99999,0,'no',0,1000,1000,'enabled',0,63220250,96,'enabled',0,'enabled',0,89,99999,86400,1267818905,99999,0,0,0,1,69,99999,99999,65,99999,99999,73,99999,99999,0,0,0,0,0,0,0),(99,'Default','Battousai','kileigh','0',2507,0,3,10,0,0,0,0,0,0,0,0,0,94113,132916,0,0,0,100,0,250000,10,0,10,0,10,0,0,123853,0,0,0,76,28,1,0,834364,0,2000,0,32,84,1267928690,1267941979,3,'','',0,0,14,0,0,87680,0,0,0,0,'','68.154.225.91','adsl-154-225-91.jax.bellsouth.net','20f6b97a3dac7ef6dc3a86b7e7e1274a','','normal','0','normal',0,0,'enabled',5,'enabled','Making Purchases','enabled',14,0,0,1,0,0,'',2,99999,99999,99999,99999,59234,'no',0,0,0,'enabled',0,465286864,68,'enabled',0,'enabled',0,63,99999,0,0,99999,0,0,0,1,53,99999,99999,37,99999,99999,9,99999,99999,0,0,0,0,0,0,0),(98,'ant','SHOTTA15','bigant','0',2450,0,715,40,15399,20681,13345,21681,19646,17457,13391,23795,100,103645,10310821,0,0,100,100,1000000,250000,8150,4050,2250,450,19234,19976,15000,16000,0,0,0,0,2,1,0,493790323,0,2000,0,30,42,1267992468,1267928587,99,'','',0,0,0,0,0,0,0,0,0,0,'','69.171.163.187','ord-69-171-163-187.evdo.leapwireless.net','88b5d5cda6fea691ed16fa9f2039c482','','normal','0','normal',60,1267984429,'enabled',5,'enabled',' Board','enabled',6,0,0,0,0,0,'',0,99999,99999,99999,99999,262,'no',0,54643,90752,'enabled',0,604110073,66,'enabled',0,'enabled',0,61,99999,0,0,99999,0,0,0,1,23,99999,99999,36,99999,99999,32,99999,99999,0,0,0,0,0,0,0),(100,'Gmoneyballa','WillEmmett23','123456789','0',1300,0,1567,10,9502,14832,15554,53706,15515,30259,9749,9355,97,277479,14196888,0,0,100,100,93375,250000,55010,300,310,200,803609,105000,75500,124670,0,0,0,20,0,4,3,571281405,206922195,950,0,15,40,1267971208,0,0,'','',0,0,0,0,0,5526,0,0,0,0,'','70.15.82.99','70.15.82.99.res-cmts.blo.ptd.net','e33aa59cb0940b64c3c2e685c83f9fb9','','normal','0','normal',0,0,'enabled',5,'enabled','Making Purchases','enabled',12,0,0,0,0,0,'',1677,99999,99999,99999,99999,1304,'no',0,49363,109109,'enabled',0,1560459780,55,'enabled',0,'enabled',0,50,99999,0,0,99999,0,0,0,2,99999,14,99999,99999,23,99999,99999,20,99999,15000,15000,0,0,0,0,0);

--
-- Table structure for table `r157_crew`
--

CREATE TABLE `r157_crew` (
  `id` int(6) unsigned NOT NULL AUTO_INCREMENT,
  `name` varchar(18) NOT NULL DEFAULT '',
  `don` varchar(18) NOT NULL DEFAULT '',
  `founder` varchar(18) NOT NULL DEFAULT '',
  `members` smallint(6) NOT NULL DEFAULT '1',
  `profile` varchar(255) NOT NULL DEFAULT '',
  `icon` varchar(255) NOT NULL DEFAULT '',
  `city` tinyint(3) unsigned NOT NULL DEFAULT '1',
  `rank` decimal(65,0) unsigned NOT NULL DEFAULT '99999',
  `networth` decimal(65,0) unsigned NOT NULL DEFAULT '0',
  `cofounder` varchar(18) NOT NULL DEFAULT '',
  `money` decimal(65,0) unsigned NOT NULL DEFAULT '50000',
  `condom` decimal(65,0) unsigned NOT NULL DEFAULT '500',
  `crack` decimal(65,0) unsigned NOT NULL DEFAULT '500',
  `medicine` decimal(65,0) unsigned NOT NULL DEFAULT '500',
  `thug` decimal(65,0) unsigned NOT NULL DEFAULT '500',
  `beer` decimal(65,0) unsigned NOT NULL DEFAULT '0',
  `weed` decimal(65,0) unsigned NOT NULL DEFAULT '0',
  `glock` decimal(65,0) unsigned NOT NULL DEFAULT '0',
  `shotgun` decimal(65,0) unsigned NOT NULL DEFAULT '0',
  `uzi` decimal(65,0) unsigned NOT NULL DEFAULT '0',
  `ak47` decimal(65,0) unsigned NOT NULL DEFAULT '0',
  `bank` decimal(65,0) unsigned NOT NULL DEFAULT '50000',
  `lowrider` decimal(65,0) unsigned NOT NULL DEFAULT '0',
  `cbank` decimal(65,0) unsigned NOT NULL DEFAULT '0',
  `title` varchar(255) NOT NULL DEFAULT '',
  `tnetworth` decimal(65,0) NOT NULL DEFAULT '0',
  `finalrank` decimal(65,0) unsigned NOT NULL DEFAULT '0',
  `motd` text NOT NULL,
  `tbank` decimal(65,0) unsigned NOT NULL DEFAULT '2000',
  `exten` smallint(6) NOT NULL DEFAULT '0',
  `ivt` tinyint(3) unsigned NOT NULL DEFAULT '0',
  `uploads` smallint(6) NOT NULL DEFAULT '0',
  PRIMARY KEY (`id`)
) ENGINE=MyISAM AUTO_INCREMENT=12 DEFAULT CHARSET=latin1;

--
-- Dumping data for table `r157_crew`
--

INSERT INTO `r157_crew` VALUES (1,'Legacy','Flame','Flame',12,'http://i44.photobucket.com/albums/f40/Ryustar/Legacy.jpg','../images/icons/157/legacy_gif1263739235.gif128191 0091',1,5,105353462730,'Flames_Big_Daddy',50000,500,500,500,500,0,0,0,0,0,0,50000,0,10423360980,'',292980941085,4,'',2000,0,0,1),(2,'PunkS','Haven','Haven',9,'','../images/icons/157/th_PUNKSgif1235001127.gif12819 10060',4,2,870116221657,'',50000,500,500,500,500,0,0,0,0,0,0,50000,0,10062834885,'',2793949489040,1,'',2000,0,0,1),(3,'GrInD_HoUsE','LeatherNutz','LeatherNutz',6,'','../images/icons/157/SKULL.gif1268513008.gif.gif128 1910442',5,3,392099784904,'The_Deadman',50000,500,500,500,500,0,0,0,0,0,0,50000,0,10195632542,'',998713989978,3,'',2000,0,0,1),(7,'zzz','zeroday','zeroday',1,'','../images/icons/157/124.jpg1281914964',1,8,0,'',50000,500,500,500,500,0,0,0,0,0,0,50000,0,0,'',78450271,8,'',2000,0,0,1),(6,'Flying_Solo','100_Medals','100_Medals',13,'','../images/icons/157/FlyingSolo.gif1281910807',1,1,1240336209750,'75_Medals',50000,500,500,500,500,0,0,0,0,0,0,50000,0,22326364192,'',1777370528720,2,'',2000,0,0,1),(8,'CuseBallers','Specdro','Specdro',8,'','',4,4,201604021749,'xxxSpader79',50000,500,500,500,500,0,0,0,0,0,0,50000,0,0,'',227929775124,5,'',2000,0,0,0),(9,'FeaRLeSS_ArmY','YaKillaCJ','YaKillaCJ',9,'','../images/icons/157/Fearless.gif1281934246',3,6,5718683006,'ROB',50000,500,500,500,500,0,0,0,0,0,0,50000,0,0,'',12278058134,6,'',2000,0,0,1),(11,'FaRnBrOOkS','AlBeRtDcOsTa','AlBeRtDcOsTa',1,'','../images/icons/157/90.gif1282212720',3,7,1109514474,'',50000,500,500,500,500,0,0,0,0,0,0,50000,0,0,'',1177160224,7,'',2000,0,0,1);

--
-- Table structure for table `r157_extens`
--

CREATE TABLE `r157_extens` (
  `id` int(6) unsigned NOT NULL AUTO_INCREMENT,
  `name` varchar(18) NOT NULL DEFAULT '',
  `don` varchar(18) NOT NULL DEFAULT '',
  `founder` varchar(18) NOT NULL DEFAULT '',
  `cofounder` varchar(18) NOT NULL DEFAULT '',
  `members` smallint(6) NOT NULL DEFAULT '1',
  `profile` varchar(255) NOT NULL DEFAULT '',
  `icon` varchar(255) NOT NULL DEFAULT '',
  `city` tinyint(3) unsigned NOT NULL DEFAULT '1',
  `networth` decimal(65,0) unsigned NOT NULL DEFAULT '0',
  `tnetworth` decimal(65,0) NOT NULL DEFAULT '0',
  `bank` decimal(65,0) unsigned NOT NULL DEFAULT '50000',
  `cbank` decimal(65,0) unsigned NOT NULL DEFAULT '0',
  `title` varchar(255) NOT NULL DEFAULT '',
  `rank` decimal(65,0) unsigned NOT NULL DEFAULT '99999',
  `finalrank` decimal(65,0) unsigned NOT NULL DEFAULT '0',
  `motd` text NOT NULL,
  `tbank` decimal(65,0) unsigned NOT NULL DEFAULT '2000',
  `exten` smallint(6) NOT NULL DEFAULT '0',
  PRIMARY KEY (`id`)
) ENGINE=MyISAM DEFAULT CHARSET=latin1;

--
-- Dumping data for table `r157_extens`
--


--
-- Table structure for table `r157_pimp`
--

CREATE TABLE `r157_pimp` (
  `id` mediumint(8) unsigned NOT NULL AUTO_INCREMENT,
  `pimp` varchar(18) NOT NULL DEFAULT '',
  `user` varchar(255) NOT NULL DEFAULT '',
  `pass` varchar(32) NOT NULL DEFAULT '',
  `email` varchar(255) NOT NULL DEFAULT '',
  `ip` varchar(15) NOT NULL DEFAULT '0.0.0.0',
  `host` varchar(255) NOT NULL DEFAULT '',
  `code` varchar(43) NOT NULL DEFAULT '',
  `pin` varchar(32) NOT NULL DEFAULT '',
  `status` varchar(12) NOT NULL DEFAULT 'normal',
  `staffstatus` varchar(12) NOT NULL DEFAULT 'none',
  `showstaff` varchar(12) NOT NULL DEFAULT 'yes',
  `subscribe` varchar(12) NOT NULL DEFAULT '0',
  `workstatus` varchar(12) NOT NULL DEFAULT 'normal',
  `trn` int(10) unsigned NOT NULL DEFAULT '1000',
  `res` int(10) unsigned NOT NULL DEFAULT '2000',
  `tbank` decimal(65,0) unsigned NOT NULL DEFAULT '2000',
  `maxadd` decimal(65,0) unsigned NOT NULL DEFAULT '0',
  `cadd` decimal(65,0) unsigned NOT NULL DEFAULT '0',
  `fadd` decimal(65,0) unsigned NOT NULL DEFAULT '0',
  `sub` decimal(65,0) unsigned NOT NULL DEFAULT '0',
  `maxed` decimal(65,0) unsigned NOT NULL DEFAULT '0',
  `money` decimal(65,0) unsigned NOT NULL DEFAULT '0',
  `networth` decimal(65,0) unsigned NOT NULL DEFAULT '0',
  `totnet` decimal(65,0) unsigned NOT NULL DEFAULT '0',
  `bank` decimal(65,0) unsigned NOT NULL DEFAULT '50000000',
  `bank2` decimal(65,0) unsigned NOT NULL DEFAULT '0',
  `bank3` decimal(65,0) unsigned NOT NULL DEFAULT '0',
  `payout` tinyint(3) unsigned NOT NULL DEFAULT '10',
  `whore` decimal(65,0) unsigned NOT NULL DEFAULT '0',
  `dealers` decimal(65,0) unsigned NOT NULL DEFAULT '0',
  `bootleggers` decimal(65,0) unsigned NOT NULL DEFAULT '0',
  `hustlers` decimal(65,0) unsigned NOT NULL DEFAULT '1000',
  `punks` decimal(65,0) unsigned NOT NULL DEFAULT '0',
  `punk` decimal(65,0) unsigned NOT NULL DEFAULT '0',
  `hitmen` decimal(65,0) unsigned NOT NULL DEFAULT '1000',
  `bodyguards` decimal(65,0) unsigned NOT NULL DEFAULT '0',
  `thug` decimal(65,0) unsigned NOT NULL DEFAULT '0',
  `associates` decimal(65,0) unsigned NOT NULL DEFAULT '0',
  `soldiers` decimal(65,0) unsigned NOT NULL DEFAULT '0',
  `enforcers` decimal(65,0) unsigned NOT NULL DEFAULT '0',
  `totaldus` double unsigned NOT NULL DEFAULT '1000',
  `totalops` double unsigned NOT NULL DEFAULT '1000',
  `totaloffensives` double unsigned NOT NULL DEFAULT '0',
  `whappy` tinyint(3) unsigned NOT NULL DEFAULT '100',
  `thappy` tinyint(3) unsigned NOT NULL DEFAULT '100',
  `phappy` tinyint(3) unsigned NOT NULL DEFAULT '100',
  `condom` decimal(65,0) unsigned NOT NULL DEFAULT '250000',
  `crack` decimal(65,0) unsigned NOT NULL DEFAULT '250000',
  `medicine` decimal(65,0) unsigned NOT NULL DEFAULT '0',
  `weed` decimal(65,0) unsigned NOT NULL DEFAULT '250000',
  `beer` decimal(65,0) unsigned NOT NULL DEFAULT '250000',
  `lowrider` decimal(65,0) unsigned NOT NULL DEFAULT '10',
  `hummer` decimal(65,0) unsigned NOT NULL DEFAULT '0',
  `viper` decimal(65,0) unsigned NOT NULL DEFAULT '10',
  `bmxbike` decimal(65,0) unsigned NOT NULL DEFAULT '0',
  `glock` decimal(65,0) unsigned NOT NULL DEFAULT '10',
  `shotgun` decimal(65,0) unsigned NOT NULL DEFAULT '0',
  `uzi` decimal(65,0) unsigned NOT NULL DEFAULT '0',
  `ak47` decimal(65,0) unsigned NOT NULL DEFAULT '1000',
  `vests` decimal(65,0) unsigned NOT NULL DEFAULT '1000',
  `attin` int(10) unsigned NOT NULL DEFAULT '0',
  `revattin` int(10) unsigned NOT NULL DEFAULT '0',
  `attout` int(10) unsigned NOT NULL DEFAULT '0',
  `attackout` decimal(65,0) NOT NULL DEFAULT '0',
  `attackin` decimal(65,0) NOT NULL DEFAULT '0',
  `city` tinyint(3) unsigned NOT NULL DEFAULT '1',
  `crew` bigint(20) unsigned NOT NULL DEFAULT '0',
  `crewext` bigint(20) unsigned NOT NULL DEFAULT '0',
  `ctitle` varchar(18) NOT NULL DEFAULT '',
  `online` int(12) unsigned NOT NULL DEFAULT '0',
  `lastattack` int(12) unsigned NOT NULL DEFAULT '0',
  `lastattackby` int(11) unsigned NOT NULL DEFAULT '0',
  `profile` varchar(255) NOT NULL DEFAULT '',
  `description` varchar(255) NOT NULL DEFAULT '',
  `descriptionfont` varchar(255) NOT NULL DEFAULT '',
  `descriptioncolor` varchar(255) NOT NULL DEFAULT '',
  `descriptionstyle` varchar(255) NOT NULL DEFAULT '',
  `whorek` decimal(65,0) NOT NULL DEFAULT '0',
  `thugk` decimal(65,0) NOT NULL DEFAULT '0',
  `infok` decimal(65,0) NOT NULL DEFAULT '0',
  `punkk` decimal(65,0) NOT NULL DEFAULT '0',
  `hitmenk` decimal(65,0) NOT NULL DEFAULT '0',
  `bodyguardsk` decimal(65,0) NOT NULL DEFAULT '0',
  `protection` int(11) NOT NULL DEFAULT '0',
  `protectstarted` int(12) NOT NULL DEFAULT '0',
  `newprotection` int(11) NOT NULL DEFAULT '0',
  `nprotectstarted` int(12) NOT NULL DEFAULT '0',
  `postpriv` varchar(12) NOT NULL DEFAULT 'enabled',
  `defaultturns` int(12) NOT NULL DEFAULT '5',
  `sounds` varchar(18) NOT NULL DEFAULT 'enabled',
  `page` varchar(200) NOT NULL DEFAULT '',
  `postalerts` varchar(15) NOT NULL DEFAULT 'enabled',
  `posts` int(11) NOT NULL DEFAULT '0',
  `recposts` int(11) NOT NULL DEFAULT '0',
  `helpposts` int(11) NOT NULL DEFAULT '0',
  `newalert` tinyint(1) NOT NULL DEFAULT '0',
  `alert` text NOT NULL,
  `cashstolen` decimal(65,0) NOT NULL DEFAULT '0',
  `ganked` decimal(65,0) unsigned NOT NULL DEFAULT '0',
  `level` int(4) NOT NULL DEFAULT '1',
  `rank` decimal(65,0) unsigned NOT NULL DEFAULT '99999',
  `nrank` decimal(65,0) unsigned NOT NULL DEFAULT '99999',
  `frank` int(5) NOT NULL DEFAULT '99999',
  `farank` decimal(65,0) unsigned NOT NULL DEFAULT '99999',
  `srank` int(5) NOT NULL DEFAULT '99999',
  `sarank` decimal(65,0) unsigned NOT NULL DEFAULT '99999',
  `killrank` int(5) NOT NULL DEFAULT '99999',
  `lvl1rank` decimal(65,0) unsigned NOT NULL DEFAULT '99999',
  `lvl2rank` decimal(65,0) unsigned NOT NULL DEFAULT '99999',
  `lvl3rank` decimal(65,0) unsigned NOT NULL DEFAULT '99999',
  `lvl1frank` decimal(65,0) unsigned NOT NULL DEFAULT '99999',
  `lvl2frank` decimal(65,0) unsigned NOT NULL DEFAULT '99999',
  `lvl3frank` decimal(65,0) unsigned NOT NULL DEFAULT '99999',
  `lvl1krank` decimal(65,0) unsigned NOT NULL DEFAULT '99999',
  `lvl2krank` decimal(65,0) unsigned NOT NULL DEFAULT '99999',
  `lvl3krank` decimal(65,0) unsigned NOT NULL DEFAULT '99999',
  `skillrank` int(5) NOT NULL DEFAULT '99999',
  `fkillrank` int(5) NOT NULL DEFAULT '99999',
  `arank` decimal(65,0) unsigned NOT NULL DEFAULT '99999',
  `totalkills` double unsigned NOT NULL DEFAULT '0',
  `transfers` char(3) NOT NULL DEFAULT 'no',
  `trans` tinyint(3) unsigned NOT NULL DEFAULT '0',
  `medals` varchar(255) NOT NULL DEFAULT 'enabled',
  `cbmsg` tinyint(3) unsigned NOT NULL DEFAULT '0',
  `recmoney` decimal(65,0) unsigned NOT NULL DEFAULT '0',
  `cmoney` decimal(65,0) unsigned NOT NULL DEFAULT '0',
  `callies` varchar(255) NOT NULL DEFAULT 'enabled',
  `images` varchar(255) NOT NULL DEFAULT 'enabled',
  `amsg` tinyint(3) unsigned NOT NULL DEFAULT '0',
  `stfmsg` tinyint(3) unsigned NOT NULL DEFAULT '0',
  `ctrans` tinyint(3) unsigned NOT NULL DEFAULT '0',
  `rmsg` tinyint(3) unsigned NOT NULL DEFAULT '0',
  `camsg` tinyint(3) unsigned NOT NULL DEFAULT '0',
  `msg` tinyint(3) unsigned NOT NULL DEFAULT '0',
  `msgsent` bigint(20) NOT NULL DEFAULT '0',
  `atk` tinyint(3) unsigned NOT NULL DEFAULT '0',
  `ivt` tinyint(3) unsigned NOT NULL DEFAULT '0',
  `cmsg` tinyint(3) unsigned NOT NULL DEFAULT '0',
  PRIMARY KEY (`id`),
  KEY `rank` (`rank`),
  KEY `nrank` (`nrank`)
) ENGINE=MyISAM AUTO_INCREMENT=75 DEFAULT CHARSET=latin1;

--
-- Dumping data for table `r157_pimp`
--

INSERT INTO `r157_pimp` VALUES (1,'Admin','slay','M&tT..2.05.2','0','141.149.183.40','pool-141-149-183-40.bos.east.verizon.net','7a89d9867e077c7921bce0fb61b763d0','','admin','none','yes','0','normal',2700,15000,2000,0,0,0,0,0,0,0,78450271,70355021,0,0,10,0,0,0,1000,0,0,1000,0,0,0,0,0,1000,1000,0,100,100,100,250000,250000,0,250000,250000,10,0,10,0,10,0,0,1000,1000,0,0,0,0,0,2,0,0,'',1282514427,0,0,'','','','','',0,0,0,0,0,0,0,0,0,0,'enabled',5,'enabled','Whosonline','enabled',0,0,0,0,'',0,0,1,8,59,99999,99999,99999,99999,99999,41,99999,99999,38,99999,99999,16,99999,99999,99999,99999,57,0,'no',0,'enabled',0,0,0,'enabled','enabled',0,0,0,0,0,0,50,0,0,0),(2,'Destroyr_of_Worlds','MeatMan03','samdaman123','0','24.0.163.36','c-24-0-163-36.hsd1.nj.comcast.net','e5822f2c4701b43816a498b1288d4dd4','','normal','none','yes','0','normal',0,0,0,0,0,0,0,0,87776651761,91996196522,104417505272,3737423111,0,0,0,0,0,0,286375,0,0,195745,0,0,0,0,0,195745,286375,0,50,90,100,0,0,0,0,250000,1,0,0,0,0,0,0,3312349,1000,0,0,0,0,0,5,8,0,'Underboss',1282514504,0,0,'','Destruction has begun!','','','',0,0,0,0,0,0,60,1282514346,0,0,'enabled',5,'enabled','Main Menu','enabled',0,0,0,0,'',0,0,1,2,9,99999,7,99999,99999,99999,2,99999,99999,2,99999,99999,17,99999,99999,99999,99999,11,0,'no',0,'enabled',0,0,10000000000,'enabled','enabled',0,0,0,0,0,0,27,0,0,0),(3,'2_JDM_Medals','NaRko','mike1990','0','97.102.174.21','21.174.102.97.cfl.res.rr.com','5d36a1a61e564f50e70df5c7887a30d9','','normal','none','yes','0','normal',314,0,0,0,20999,20999,0,0,122753496394,123242558394,124171497144,0,0,0,1,0,0,0,283347,0,0,203056,1907,2728,0,0,0,207691,288411,0,50,71,100,0,0,0,0,250000,10,0,10,0,10,0,0,247716,1000,0,0,0,0,0,1,6,0,'',1282514404,0,0,'','i may not be Mr.Right, but ill fuck you til he shows up ;)','','','',0,0,0,0,0,0,60,1282514386,0,0,'enabled',5,'enabled','Level 2 Ranks','enabled',0,0,0,0,'',0,0,2,6,6,99999,5,99999,99999,99999,99999,3,99999,99999,5,99999,19,99999,99999,99999,99999,9,0,'no',0,'enabled',0,0,0,'enabled','enabled',0,0,0,0,0,0,3,0,0,0),(4,'Haven','generalhaven','kernalfro','0','173.26.225.210','173-26-225-210.client.mchsi.com','37be41b6c262ed9fc5b10b196c9f5374','','normal','none','yes','0','normal',0,0,0,0,300000,300000,0,0,22662601347,602069670654,2341861560650,577058159308,0,0,1,0,0,0,1362880,0,0,964959,0,0,0,0,0,964959,1362880,0,100,100,100,2109219,2460756,0,2894878,250000,0,0,0,0,0,0,0,463944504,1000,0,0,0,0,0,1,2,0,'',1282514404,0,0,'','going for my first gold... lets not make it hard please ;)','','','',0,0,0,0,0,0,60,1282514363,0,0,'enabled',5,'enabled','Global Ranks','enabled',0,0,0,0,'',0,0,3,1,1,99999,1,99999,99999,99999,99999,99999,1,99999,99999,1,10,99999,1,99999,99999,1,0,'no',0,'enabled',0,0,0,'enabled','enabled',0,0,0,0,0,0,21,0,0,0),(5,'21_Medals','Lady_Madonna','01queenb22','0','69.141.191.239','c-69-141-191-239.hsd1.pa.comcast.net','125c6e1e8bccf8a51074bd3f3d1d7181','','normal','none','yes','0','normal',1919,0,0,0,0,0,0,0,0,7680378867,13605547617,7445015447,0,0,1,0,0,0,134598,0,0,97710,0,0,0,0,0,97710,134598,0,100,100,100,336495,336495,0,341985,250000,10,0,10,0,10,0,0,1580044,1000,0,0,0,0,0,1,6,0,'',1282477365,0,0,'','','','','',0,0,0,0,0,0,60,1282477313,0,0,'enabled',5,'enabled','Main Menu','enabled',28,0,0,0,'',0,0,1,12,29,99999,24,99999,99999,99999,16,99999,99999,15,99999,99999,18,99999,99999,99999,99999,29,0,'no',0,'enabled',0,0,0,'enabled','enabled',1,0,0,0,0,1,25,0,0,7),(6,'West_Coast_Killa','Ice_Cube','Paul34Pierce','0','207.81.27.206','d207-81-27-206.bchsia.telus.net','bf84a7db8e2f17a375e8af68a8e47f56','','normal','none','yes','0','normal',0,0,0,0,0,0,0,0,93444373197,101240280063,116917766313,7321651866,0,0,0,0,0,0,276894,0,0,197361,0,0,0,0,0,197361,276894,0,50,90,100,0,0,0,0,250000,0,0,0,0,0,0,0,4180663,1000,0,0,0,0,0,4,2,0,'',1282514416,0,0,'','','','','',0,0,0,0,0,0,60,1282514364,0,0,'enabled',5,'enabled','Inbox','enabled',0,0,0,0,'',0,0,1,2,8,99999,6,99999,99999,99999,1,99999,99999,1,99999,99999,19,99999,99999,99999,99999,10,0,'no',0,'enabled',0,0,10000000000,'enabled','enabled',0,0,0,0,0,0,12,0,0,0),(7,'K','faisal','pakistan','0','90.218.208.194','5adad0c2.bb.sky.com','a8ed53f35a1cea256db8af8570e4652d','','normal','none','yes','0','normal',275,0,2000,0,67500,67500,0,0,802,25491001635,49774925385,17390515107,0,0,10,140319,123547,0,1000,0,0,1000,0,0,0,0,0,1000,264866,0,86,100,100,99016414,1000282800,0,1100096978,250000,10,0,10,0,10,0,0,6475712,1000,0,0,0,0,0,1,1,0,'',1282507208,0,0,'','','','','',0,0,0,0,0,0,60,1282507208,0,0,'enabled',5,'enabled','Recruiting','enabled',80,2,0,0,'',0,0,2,9,18,99999,13,99999,99999,99999,99999,8,99999,99999,8,99999,23,7,99999,99999,99999,18,0,'no',0,'enabled',4,0,0,'enabled','enabled',1,0,0,0,0,0,1,0,0,4),(8,'DEFENDER','natureboy','son1988','0','122.178.147.197','ABTS-TN-dynamic-197.147.178.122.airtelbroadband.in','75804435bca8098a5736c580e584c2eb','','normal','none','yes','0','normal',1451,0,0,0,0,0,0,0,580,260337101,289054601,70355021,0,0,10,0,0,0,110001,0,0,79639,0,0,0,0,0,79639,110001,0,50,6,100,0,0,0,0,250000,10,0,10,0,10,0,0,7657,1000,0,0,0,0,0,2,8,0,'',1282481779,0,0,'','','','','',0,0,0,0,0,0,60,1282481753,0,0,'enabled',5,'enabled','Making Purchases','enabled',80,2,7,0,'',0,0,1,6,45,99999,44,99999,99999,99999,29,99999,99999,33,99999,99999,20,99999,99999,99999,99999,52,0,'no',0,'enabled',0,0,0,'enabled','enabled',1,0,0,0,0,0,0,0,0,4),(9,'Flames_Big_Daddy','koldhands','austin615','0','74.236.254.86','adsl-074-236-254-086.sip.owb.bellsouth.net','9faae356580524dc2b1ccf61c38aaf7b','','normal','none','yes','0','normal',0,0,0,0,0,0,0,0,2388722122,17126955966,53206782216,14248092479,0,0,0,0,0,0,280957,0,0,207333,0,0,0,0,0,207333,280957,0,51,100,100,0,19511,0,362833,250000,10,0,10,0,10,0,0,9621286,1000,0,0,0,0,0,1,1,0,'',1282514397,0,0,'','','','','',0,0,0,0,0,0,60,1282514351,0,0,'enabled',5,'enabled','spamming Flame','enabled',7,0,0,0,'',0,0,1,8,21,99999,12,99999,99999,99999,9,99999,99999,6,99999,99999,21,99999,99999,99999,99999,17,0,'no',0,'enabled',4,0,0,'enabled','enabled',0,0,0,0,0,1,22,0,0,0),(10,'2_medals','Missy','999999999','0','99.128.40.234','adsl-99-128-40-234.dsl.chi2ca.sbcglobal.net','4571fc9240996f49598f783e239715c7','','normal','none','yes','0','normal',400,0,0,0,0,0,0,0,728858848,17908271917,55107379417,16364601692,0,0,1,0,0,0,306086,0,0,201873,0,0,0,0,0,201873,306086,0,100,100,100,28617125,34746864,0,43413290,250000,10,0,10,0,10,0,0,9919761,1000,0,0,0,0,0,3,6,0,'',1282504704,0,0,'','','','','',0,0,0,0,0,0,60,1282504667,0,0,'enabled',5,'enabled','Whosonline','enabled',80,2,7,0,'',0,0,1,3,20,99999,11,99999,99999,99999,8,99999,99999,5,99999,99999,22,99999,99999,99999,99999,16,0,'no',0,'enabled',0,0,0,'enabled','enabled',0,0,0,0,0,0,0,0,0,7),(11,'Specdro','Specdro','SurfStile82','0','74.71.93.40','cpe-74-71-93-40.twcny.res.rr.com','c622f057567507fa29146e891688bf92','','normal','none','yes','0','normal',325,0,3000,0,0,0,0,0,0,286098521,664852271,70355021,0,0,10,0,0,0,127393,0,0,88009,0,0,0,0,0,88009,127393,0,50,69,100,0,0,0,0,250000,10,0,10,0,10,0,0,101000,1000,0,0,0,0,0,4,8,0,'',1282507400,0,0,'','','','','',0,0,0,0,0,0,60,1282506431,0,0,'enabled',5,'enabled','Main Menu','enabled',0,0,0,0,'',0,0,1,13,44,99999,40,99999,99999,99999,28,99999,99999,29,99999,99999,23,99999,99999,99999,99999,47,0,'no',0,'enabled',0,0,0,'enabled','enabled',0,0,0,0,0,1,3,0,0,0),(12,'AlBeRtDcOsTa','albertdcosta','maya786','0','115.117.226.250','115.117.226.250.static-hyderabad.vsnl.net.in','06074101648fd9d65a3d5cbf51a90b10','','normal','none','yes','0','normal',15500,0,2000,0,0,0,0,0,1085179374,1173406474,1177160224,0,0,0,10,12320,16546,10266,1000,11370,0,1000,0,0,0,0,0,1000,22636,0,1,100,100,0,0,0,227400,250000,10,0,10,0,10,0,0,1000,1000,0,0,0,0,0,3,11,0,'',1282514400,0,0,'','','','','',0,0,0,0,0,0,60,1282514377,0,0,'enabled',5,'enabled','collecting','enabled',80,2,0,0,'',0,0,1,7,37,99999,35,99999,99999,99999,22,99999,99999,24,99999,99999,24,99999,99999,99999,99999,42,0,'no',0,'enabled',0,0,1014824353,'enabled','enabled',1,0,1,0,0,0,0,0,0,0),(13,'LeatherNutz','mcjimmy','mcjimmy','0','188.28.200.151','188.28.200.151.threembb.co.uk','9659c76617ebb008b2fd2e6e43fc4a66','','supporter','none','yes','0','normal',0,0,0,0,125000,125000,0,0,9383184212,218501256551,628229886551,208268236839,0,0,10,0,0,0,505832,0,0,343662,0,0,0,0,0,343662,505832,0,50,90,100,0,0,0,0,250000,10,0,10,0,10,0,0,109260967,1000,0,0,0,0,0,5,3,0,'',1282514437,0,0,'','Meh, Dont Ask.','','','',0,0,0,0,0,0,60,1282514354,0,0,'enabled',5,'enabled','Main Menu','enabled',0,0,0,0,'',0,0,3,1,4,99999,99999,99999,1,99999,99999,99999,3,99999,99999,2,20,99999,2,99999,99999,2,0,'no',0,'enabled',0,0,0,'enabled','enabled',0,0,0,0,0,0,14,0,0,0),(14,'7_MeDaLzzzz','gsrcolt','brown2053','0','74.194.135.15','r74-194-135-15.rsvlcmta01.rlvlar.lr.dh.suddenlink.net','f486e0beb89a2959ce9aad5d5cdc8c7a','','supporter','none','yes','0','normal',0,0,0,0,75000,75000,0,0,381409589199,382672425625,383517941875,0,0,0,1,0,0,0,588128,0,0,420076,0,0,0,0,0,420076,588128,0,86,64,100,0,11864122,0,54674640,250000,10,0,10,0,10,0,0,225470,1000,0,0,0,0,0,1,6,0,'',1282514413,0,0,'','','','','',0,0,0,0,0,0,60,1282514380,0,0,'enabled',5,'enabled','Level 2 Ranks','enabled',80,2,7,0,'',0,0,2,3,3,99999,99999,99999,2,99999,99999,1,99999,99999,1,99999,27,99999,99999,99999,99999,4,0,'no',0,'enabled',0,0,0,'enabled','enabled',0,0,0,0,0,0,12,0,0,0),(15,'bia','bia','marius','0','85.167.34.183','ti0117a380-0695.bb.online.no','3ac6a843848bda23268510fb735e8630','','supporter','none','yes','0','normal',0,0,0,0,1,1,0,0,89518370258,90208350725,90212104100,70355021,0,0,1,0,0,0,281754,0,0,223449,0,0,0,0,0,222936,281031,0,100,0,100,3903287,11038797,0,19265317,250000,10,0,10,0,9,0,0,1000,1000,0,0,0,0,0,3,8,0,'Underboss',1282514405,0,0,'','','','','',0,0,0,0,0,0,60,1282514353,0,0,'enabled',5,'enabled','CuseBallers Family','enabled',0,0,0,0,'',0,0,2,2,10,99999,99999,99999,5,99999,99999,5,99999,99999,6,99999,28,99999,99999,99999,99999,12,0,'no',0,'enabled',0,0,10000000000,'enabled','enabled',0,0,1,0,0,0,20,0,0,0),(16,'KingKong','mrash','fiesta89','0','78.147.21.122','78.147.21.122','64d8c3fa5620bb77f39c32242b921a1a','','normal','none','yes','0','normal',335,0,0,0,0,0,0,0,830,10733666483,42790578983,9961223609,0,0,1,143523,203247,0,1000,0,0,0,10,15,0,0,0,25,347770,0,86,100,100,700000,700000,0,746636,250000,10,0,10,0,10,0,0,8548509,1000,0,0,0,0,2,3,1,0,'Underboss',1282508148,1282170712,26,'','','','','',0,0,0,0,0,0,60,1282507960,0,0,'enabled',5,'enabled','Main Menu','enabled',0,0,0,0,'',656,0,1,4,25,99999,15,99999,99999,99999,12,99999,99999,8,99999,99999,14,99999,99999,99999,99999,20,90,'no',0,'enabled',2,0,0,'enabled','enabled',0,0,0,0,0,0,2,0,0,4),(17,'The_Deadman','The_Deadman','august30','0','97.113.9.32','97-113-9-32.tukw.qwest.net','2dd4f3d7d65bb461bcca36e7aac5eaf6','','supporter','none','yes','0','normal',0,0,0,0,75000,75000,0,0,117228873792,163831669724,318985778474,45703478432,0,0,0,0,0,0,510120,0,0,388856,0,0,0,0,0,388856,510120,0,50,90,100,0,0,0,0,250000,10,0,10,0,10,0,0,41374428,1000,0,0,0,0,0,3,3,0,'',1282514401,0,0,'','','','','',0,0,0,0,0,0,60,1282514381,0,0,'enabled',5,'enabled','Level 2 Ranks','enabled',0,0,0,0,'',0,0,2,1,5,99999,99999,99999,3,99999,99999,2,99999,99999,3,99999,24,8,99999,99999,99999,6,0,'no',0,'enabled',0,0,0,'enabled','enabled',0,0,0,0,0,0,11,0,0,0),(18,'i_pLaY_nAKEd','iplaynaked','252007','0','97.106.184.83','83-184.106-97.tampabay.res.rr.com','a5949003c7754a4cb3803199037fac0b','','normal','none','yes','0','normal',200,100,0,0,100,100,0,0,33865285762,34196794262,34794923012,0,0,0,1,0,0,0,200476,0,0,130691,0,0,0,0,0,130691,200476,0,50,73,100,0,0,0,0,250000,10,0,10,0,10,0,0,159500,1000,0,0,0,0,20,3,6,0,'',1282514408,1281923466,29,'','','','','',0,0,0,0,0,0,60,1282514346,0,0,'enabled',5,'enabled','Level 1 Ranks','enabled',0,0,0,0,'',0,0,2,6,15,99999,18,99999,99999,99999,99999,99999,99999,99999,10,99999,10,99999,99999,99999,99999,23,3404,'no',0,'enabled',0,0,0,'enabled','enabled',0,0,0,0,0,0,2,0,0,0),(19,'9_Medals','Khair','K.pussaw','0','201.160.154.230','201.160.154.230.cable.dyn.cableonline.com.mx','dc8d242c0f017aced9ec4925ffd42cfd','','normal','none','yes','0','normal',0,0,0,0,0,0,0,0,38038167664,38475084613,38478838363,70355021,0,0,0,0,0,0,200060,0,0,140363,0,0,0,0,0,140363,200060,0,86,0,100,0,1108448,0,5618021,250000,10,0,10,0,10,0,0,1000,1000,0,0,0,0,0,2,6,0,'',1282514406,0,0,'','','','','',0,0,0,0,0,0,60,1282514391,0,0,'enabled',5,'enabled','Main Menu','enabled',0,0,0,0,'',0,0,1,1,14,99999,17,99999,99999,99999,4,99999,99999,9,99999,99999,25,99999,99999,99999,99999,22,0,'no',0,'enabled',0,0,0,'enabled','enabled',0,0,0,0,0,0,2,0,0,0),(20,'17_Medals','zayah','mafia','0','203.193.211.123','203.193.211.123','4d16810200f55cf3a8030673420f907b','','normal','none','yes','0','normal',2500,15000,3000,0,0,0,0,0,0,154915521,158669271,70355021,0,0,10,0,0,0,49008,0,0,33211,0,0,0,0,0,33211,49008,0,100,6,100,250000,250000,0,250000,250000,10,0,10,0,10,0,0,1000,1000,0,0,0,0,0,2,6,0,'',1282436306,0,0,'','','','','',0,0,0,0,0,0,60,1282287253,0,0,'enabled',5,'enabled','Global Ranks','enabled',39,0,0,0,'',0,0,1,7,50,99999,47,99999,99999,99999,34,99999,99999,36,99999,99999,26,99999,99999,99999,99999,55,0,'no',0,'enabled',0,0,0,'enabled','enabled',1,0,0,0,0,0,0,0,0,7),(21,'Pimptress','pimptress','KNPIMPTRESS1','0','68.200.45.4','4-45.200-68.tampabay.res.rr.com','9383540494967c16eecd740db46058a1','','supporter','none','yes','1','normal',81,0,0,0,5000,5000,1,0,856518268,1097363088,2632661838,0,0,0,1,0,0,0,75487,0,0,47222,76955,149462,0,0,0,273639,75487,0,100,100,100,188718,188718,0,957737,250000,10,0,10,0,10,0,0,409412,1000,0,0,0,36,40,4,9,0,'',1282514411,1282220988,61,'','','','','',49000,0,0,0,0,0,60,1282514221,0,0,'enabled',5,'enabled','Main Menu','enabled',0,0,0,0,'',2745,577636619,2,9,38,99999,99999,99999,7,99999,99999,12,99999,99999,14,99999,5,3,99999,99999,99999,39,158544,'no',0,'enabled',0,0,0,'enabled','enabled',0,0,0,0,0,0,8,0,0,0),(22,'SuWu','codyh_23','137115c','0','98.148.93.120','cpe-98-148-93-120.socal.res.rr.com','d6eecb3853732441a3a228fdb19093e9','','normal','none','yes','0','normal',151,0,0,0,0,0,0,0,1941,84788248,442403248,0,0,0,1,0,0,0,1000,0,0,1000,73915,84790,0,0,0,159705,1000,0,100,71,100,250000,202145,0,558968,250000,10,0,10,0,10,0,0,95363,1000,0,0,0,0,0,4,1,0,'Underboss',1282513257,0,0,'','','','','',0,0,0,0,0,0,60,1282510576,0,0,'enabled',5,'enabled','Main Menu','enabled',80,2,7,0,'',0,0,1,14,53,99999,41,99999,99999,99999,37,99999,99999,30,99999,99999,27,99999,99999,99999,99999,48,0,'no',0,'enabled',1,0,0,'enabled','enabled',0,0,0,0,0,0,1,0,0,3),(23,'Starlito','Kinglito','spellman10','0','69.119.46.186','ool-45772eba.dyn.optonline.net','b23920282f06d2eee56783acbd2698a8','','normal','none','yes','0','normal',0,0,0,0,0,0,0,0,65341620032,65759830980,86163569730,0,0,0,1,0,0,0,247658,0,0,165419,0,0,0,0,0,165419,247658,0,100,100,100,619145,619145,0,578967,250000,10,0,10,0,10,0,0,5440996,1000,0,0,0,0,26,1,2,0,'',1282514400,1281924004,29,'','','','','',0,0,0,0,0,0,60,1282514356,0,0,'enabled',5,'enabled','Main Menu','enabled',0,0,0,0,'',0,0,1,7,12,99999,8,99999,99999,99999,3,99999,99999,3,99999,99999,11,99999,99999,99999,99999,13,3373,'no',0,'enabled',0,0,0,'enabled','enabled',0,0,0,0,0,0,1,0,0,0),(24,'kdogg','trukdogg','123456789','0','98.250.40.68','c-98-250-40-68.hsd1.mi.comcast.net','69656c323d7e9c75dcc134feb989e479','','normal','none','yes','0','normal',0,0,0,0,7000,7000,0,0,657549631,2880002052,5847999552,70355021,0,0,1,0,0,0,203212,0,0,78955,0,0,0,0,0,78955,203212,0,10,90,100,0,0,0,0,250000,26,0,10,11505,10,0,0,791465,1000,0,0,0,0,14,2,1,0,'Underboss',1282514409,1281935096,25,'','go hard or go home','','','',0,0,0,0,0,0,60,1282514241,0,0,'enabled',5,'enabled','Legacy Family','enabled',65,0,0,0,'',56725788,0,2,3,35,99999,30,99999,99999,99999,99999,11,99999,99999,13,99999,28,6,99999,99999,99999,36,29344,'no',0,'enabled',0,0,0,'enabled','enabled',0,0,0,0,0,0,0,0,0,0),(25,'1_Medals','paytokill','18111971','0','86.81.33.55','ip56512137.adsl-surfen.hetnet.nl','5499894099ecd0a472b858ddd71de9ac','','normal','none','yes','0','normal',225,0,2000,0,47500,47500,0,0,4,26467259800,70976531050,24018724144,0,0,10,0,0,0,288734,0,0,166451,119023,162334,0,0,0,447808,288734,0,100,100,100,1672909296,0,0,44855339,250000,10,0,10,0,10,0,0,11869138,1000,0,0,0,38,0,4,6,0,'',1282509111,0,0,'','','','','',0,0,0,0,0,0,60,1282508556,0,0,'enabled',5,'enabled','Flying_Solo Family','enabled',65,2,7,0,'',0,56725943,2,3,17,99999,9,99999,99999,99999,99999,7,99999,99999,7,99999,29,2,99999,99999,99999,14,201971,'no',0,'enabled',0,0,0,'enabled','enabled',0,0,0,0,0,0,0,0,0,5),(26,'Killa','TheKilla','tekee09','0','207.98.176.97','dynamic-207-98-176-97.knology.net','4b956f376e2dfd91336e417fe99b4212','','normal','none','yes','0','normal',2500,0,2000,0,0,0,0,0,66163031,119180054,329401304,42213012,0,0,10,0,0,0,0,0,0,0,0,0,0,0,0,0,0,0,0,0,100,1669478,1076703,0,1390731,250000,10,0,10,0,10,100000,0,36058,1000,0,0,0,8,36,3,3,0,'',1282502832,1282229249,21,'','','','','',0,0,0,0,0,0,60,1282170805,0,0,'enabled',5,'enabled','KingKong profile','enabled',65,0,0,0,'',577983050,656,1,9,52,99999,43,99999,99999,99999,36,99999,99999,32,99999,99999,5,99999,99999,99999,99999,50,36998,'no',0,'enabled',0,0,0,'enabled','enabled',1,0,0,0,0,0,1,0,0,11),(27,'Mikevman','mikevman','vmanvv','0','68.7.107.185','ip68-7-107-185.sd.sd.cox.net','35d496e116829280377cd80e8d27d639','','normal','none','yes','0','normal',850,0,0,0,0,0,0,0,4,607318364,7575882239,70355021,0,0,20,10363,14675,150732,63735,212143,0,46981,25450,35866,0,0,0,108297,451648,0,92,100,100,1129819,1129120,0,379040,250000,10,0,10,11,10,1,1,1858282,1000,0,0,0,0,0,5,1,0,'Underboss',1282493882,0,0,'','','','','',0,0,0,0,0,0,60,1282493430,0,0,'enabled',5,'enabled','Legacy Family','enabled',7,0,0,0,'',0,0,1,8,41,99999,28,99999,99999,99999,25,99999,99999,18,99999,99999,28,99999,99999,99999,99999,34,0,'no',0,'enabled',4,0,0,'enabled','enabled',1,0,0,0,0,1,2,0,0,6),(28,'Mr_KillahMic','jhazy','mobster1','0','71.54.180.117','fl-71-54-180-117.dhcp.embarqhsd.net','d4e3b7e5987c0f9623e1bbcb058fc0a9','','normal','none','yes','0','normal',2375,0,3000,0,0,0,0,0,4348,9647676601,33153947851,9496957655,0,0,0,0,0,0,0,0,0,0,0,0,0,0,0,0,0,0,0,0,100,15892558,21955824,0,17153267,250000,10,0,10,0,10,0,0,6268338,1000,0,0,0,0,46,4,3,0,'',1282526464,1282504636,47,'','','','','',0,0,0,0,0,0,60,1282457004,0,0,'enabled',5,'enabled','Main Menu','enabled',7,0,0,0,'',104,0,1,4,28,99999,19,99999,99999,99999,15,99999,99999,10,99999,99999,7,99999,99999,99999,99999,24,30043,'no',0,'enabled',0,0,0,'enabled','enabled',0,0,0,0,0,0,3,0,0,2),(29,'HEADHUNTER','plow187','jiondae2469','0','208.54.35.86','m562336d0.tmodns.net','e32be35584a6fddf0f50e56d3256199b','','normal','none','yes','0','normal',500,5000,3000,0,0,0,0,0,232558,609999028,1133964028,0,0,0,99,0,0,0,69200,0,0,48571,17296,30109,0,0,0,95976,69200,0,100,100,100,85230,85230,0,231350,250000,1,0,0,2874,10,0,0,139723,1000,0,0,0,66,0,4,1,0,'',1283661018,0,0,'','','','','',0,0,0,0,0,0,60,1282502259,0,0,'enabled',5,'enabled','Attack','enabled',80,2,7,0,'',0,3022048,1,11,40,99999,36,99999,99999,99999,24,99999,99999,25,99999,99999,8,99999,99999,99999,99999,43,29656,'no',0,'enabled',6,0,0,'enabled','enabled',1,0,0,0,0,0,1,0,0,6),(30,'100_Medals','glockman','C001690559','0','68.209.16.202','adsl-068-209-016-202.sip.asm.bellsouth.net','000a971ebca8b488f3ba96e2d8f371a4','','normal','none','yes','0','normal',875,0,0,0,75000,75000,0,0,4939,104975686462,339434048962,104213895315,0,0,1,0,0,0,436612,0,0,316042,0,0,0,0,0,316042,436612,0,100,100,100,1091530,1091530,0,1106147,250000,10,0,10,0,10,0,0,62522229,1000,0,0,0,0,0,1,6,0,'',1282515733,0,0,'','','','','',0,0,0,0,0,0,60,1282492926,0,0,'enabled',5,'enabled','Main Menu','enabled',7,0,0,0,'',0,0,2,4,7,99999,3,99999,99999,99999,99999,4,99999,99999,2,99999,34,9,99999,99999,99999,5,0,'no',0,'enabled',0,0,0,'enabled','enabled',1,0,0,0,0,1,26,0,0,7),(31,'Flame','ankh','copper','0','24.253.215.41','ip24-253-215-41.ok.ok.cox.net','7f676e71e1d5ae0ca8f8f9ef4c6fc80b','','normal','none','yes','0','normal',0,0,0,0,0,0,0,0,10917728641,27463717162,59957849662,14317012894,0,0,0,0,0,0,301824,0,0,214843,0,0,0,0,0,214474,301328,0,100,100,100,180134405,119715562,0,293256884,250000,0,0,0,0,0,0,0,8665102,1000,0,0,0,0,0,5,1,0,'',1282514405,0,0,'','','','','',0,0,0,0,0,0,60,1282514380,0,0,'enabled',5,'enabled','spamming Flames_Big_Daddy','enabled',28,0,0,0,'',0,0,1,3,16,99999,10,99999,99999,99999,6,99999,99999,4,99999,99999,29,99999,99999,99999,99999,15,0,'no',0,'enabled',0,0,0,'enabled','enabled',0,0,0,0,0,1,42,0,0,1),(32,'75_Medals','Yahway616','monojayz1','0','71.205.146.143','c-71-205-146-143.hsd1.mi.comcast.net','69f6edbcd4aff3c55a22281aec1aed06','','normal','none','yes','0','normal',49,0,0,0,75001,75001,0,0,406788409739,407829821419,412908933919,0,0,0,0,0,0,0,601447,0,0,427622,0,0,0,0,0,427622,601447,0,100,100,100,1503618,1503618,0,1496677,250000,10,0,10,0,10,0,0,1354429,1000,0,0,0,0,0,1,6,0,'',1282514404,0,0,'','','','','',0,0,0,0,0,0,60,1282514353,0,0,'enabled',5,'enabled','Haven profile','enabled',0,0,0,0,'',0,0,3,2,2,99999,2,99999,99999,99999,99999,99999,2,99999,99999,3,32,10,99999,99999,99999,3,0,'no',0,'enabled',0,0,0,'enabled','enabled',0,0,0,0,0,0,26,0,0,0),(33,'price_28','pimp_2800','193728465','0','67.215.156.181','dhcp-0-1f-e2-5b-32-4b.cpe.quickclic.net','9bee1f2b07b1506e19da4d9f84406bcb','','normal','none','yes','0','normal',375,0,0,0,50000,50000,0,0,164,48153050757,156679877007,47615416721,0,0,10,0,0,0,339977,0,0,190705,349,703,0,0,0,191757,339977,0,100,100,100,849943,849943,0,671150,250000,10,0,10,0,10,0,0,28940486,1000,0,0,0,0,14,4,2,0,'',1282505165,1281935379,25,'','','','','',0,0,0,0,0,0,60,1282505151,0,0,'enabled',5,'enabled','Making Purchases','enabled',0,0,0,0,'',83,0,2,1,13,99999,4,99999,99999,99999,99999,6,99999,99999,4,99999,4,4,99999,99999,99999,8,48045,'no',0,'enabled',0,0,0,'enabled','enabled',0,0,0,0,0,0,2,0,0,2),(34,'stoneFIRE','freakydead','443881387617','0','124.82.0.78','82.124.in-addr.arpa.tm.net.my','413882cb606f87ab42f0956ec27b0f2a','','normal','none','yes','0','normal',34,0,2000,0,1,1,0,0,2470,12731766460,38618567710,11509577490,0,0,1,230715,318424,0,1000,0,0,0,9,16,0,0,0,25,550139,0,86,100,100,600000,600000,0,1199250,250000,10,0,10,0,10,0,0,6903146,1000,0,0,0,0,2,3,1,0,'Underboss',1282513679,1282170737,26,'','','','','',0,0,0,0,0,0,60,1282513482,0,0,'enabled',5,'enabled','Level 2 Ranks','enabled',80,2,7,0,'',0,0,2,5,23,99999,16,99999,99999,99999,99999,9,99999,99999,9,99999,15,99999,99999,99999,99999,21,90,'no',0,'enabled',1,0,0,'enabled','enabled',0,0,0,0,0,1,0,0,0,3),(35,'GuessWho','TrippZ','jamie13','0','64.186.50.139','64-186-50-139.ussignalcom.net','b4f63f184893ee4db4fde23f9c23c780','','normal','none','yes','0','normal',0,0,0,0,0,0,0,0,17830547181,18028434702,18032188452,70355021,0,0,1,0,0,0,72293,0,0,54898,0,0,0,0,0,54898,72790,0,50,1,100,0,0,0,0,250000,10,0,10,0,10,0,0,1000,1000,0,0,0,0,0,5,2,0,'',1282514400,0,0,'','','','','',0,0,0,0,0,0,60,1282514383,0,0,'enabled',5,'enabled','Global Ranks','enabled',0,0,0,0,'',0,0,1,6,19,99999,23,99999,99999,99999,7,99999,99999,14,99999,99999,30,99999,99999,99999,99999,28,0,'no',0,'enabled',0,0,0,'enabled','enabled',0,0,0,0,0,0,1,0,0,0),(36,'CBR','plonkey','gogogo','0','118.208.177.124','ppp118-208-177-124.lns20.bne4.internode.on.net','857b6c7d41b5ae3b066395710cbf0c4a','','normal','none','yes','0','normal',160,0,0,0,0,0,0,0,10000004580,12412643644,24570019894,2106349608,0,0,0,0,0,0,173693,0,0,128716,0,0,0,0,0,128716,173693,0,100,100,100,434233,434233,0,450506,250000,10,0,10,0,10,0,0,3241966,1000,0,0,0,0,0,5,8,0,'',1282512734,0,0,'','','','','',0,0,0,0,0,0,60,1282512724,0,0,'enabled',5,'enabled','Making Purchases','enabled',79,2,7,0,'',0,0,1,4,24,99999,20,99999,99999,99999,11,99999,99999,11,99999,99999,31,99999,99999,99999,99999,25,0,'no',0,'enabled',0,0,10000000000,'enabled','enabled',1,0,1,0,0,0,4,0,1,0),(37,'8sec','busaguy','lilguy01','0','24.14.185.73','c-24-14-185-73.hsd1.il.comcast.net','d6f7e80e16e4cebd67acfc5dc13ee9da','','normal','none','yes','0','normal',525,15000,3000,0,0,0,0,0,226,195374648,717370898,0,0,0,1,31440,54161,0,6211,0,0,0,0,0,0,0,0,0,91812,0,75,0,100,323211,452341,0,54922,250000,10,0,10,0,10,0,0,139198,1000,0,0,0,0,62,2,9,0,'Underboss',1282505643,1282308689,61,'','','','','',0,0,0,0,0,0,60,1282501662,0,0,'enabled',5,'enabled',' Board','enabled',0,0,0,0,'',2357,0,1,5,49,99999,39,99999,99999,99999,33,99999,99999,28,99999,99999,2,99999,99999,99999,99999,46,71391,'no',0,'enabled',0,0,0,'enabled','enabled',0,0,0,0,0,0,2,0,0,0),(39,'Fry','FryDaMan','Fryman','0','68.83.113.59','c-68-83-113-59.hsd1.nj.comcast.net','ae4e360b88c421ce23cc033cadc56973','','normal','none','yes','0','normal',2500,15000,2000,0,0,0,0,0,0,197838500,239092250,0,0,0,10,0,0,0,111466,0,0,84031,0,0,0,0,0,84031,111466,0,100,18,100,250000,250000,0,250000,250000,10,0,10,0,10,0,0,11000,1000,0,0,0,0,0,1,8,0,'',1282142248,0,0,'','','','','',0,0,0,0,0,0,60,1282142224,0,0,'enabled',5,'enabled','Main Menu','enabled',72,2,2,0,'',0,0,1,15,48,99999,46,99999,99999,99999,32,99999,99999,35,99999,99999,32,99999,99999,99999,99999,54,0,'no',0,'enabled',0,0,0,'enabled','enabled',1,0,0,0,0,0,1,0,0,9),(38,'Sophie24','sophie24','4colbychad4','0','155.42.102.252','155.42.102.252','86f4a40089e8dc233fc2f8461349096a','','normal','none','yes','0','normal',650,15000,0,0,0,0,0,0,5361895794,5811803454,7102639704,0,0,0,10,0,0,0,284438,0,0,162683,0,0,0,0,0,162683,284438,0,100,100,100,300000,311800,0,302440,250000,10,0,10,0,10,0,0,344222,1000,0,0,0,0,18,4,8,0,'',1282498633,1281924426,29,'','','','','',0,0,0,0,0,0,60,1282498587,0,0,'enabled',5,'enabled','CuseBallers Family','enabled',7,0,0,0,'',2675173,0,1,6,30,99999,29,99999,99999,99999,17,99999,99999,19,99999,99999,9,99999,99999,99999,99999,35,5495,'no',0,'enabled',0,0,5361891874,'enabled','enabled',1,0,1,0,0,0,0,0,0,3),(40,'EOR_OOPS','cato','ds24b','0','68.175.44.189','cpe-68-175-44-189.nyc.res.rr.com','7606a66aea0dd5ca12610b08c10e1d21','','normal','none','yes','0','normal',808,0,0,0,0,0,0,0,4698,13979245650,43272400650,13018958232,0,0,1,176491,258301,0,1000,0,0,133,0,0,0,0,0,133,435792,0,0,100,100,0,0,0,244680,250000,10,0,10,0,10,0,0,7811507,1000,0,0,0,0,2,1,2,0,'',1282497483,1281923733,29,'','','','','',0,0,0,0,0,0,60,1282497456,0,0,'enabled',5,'enabled','Level 1 Ranks','enabled',7,0,0,0,'',0,0,1,10,22,99999,14,99999,99999,99999,10,99999,99999,7,99999,99999,15,99999,99999,99999,99999,19,90,'no',0,'enabled',0,0,0,'enabled','enabled',1,0,0,0,0,0,9,0,0,2),(52,'kimbo','paul244','168020','0','72.26.161.31','31-161-26-72-txabi.xanadoo.com','b08e4e2ac60975355a747228bfe0864c','','normal','none','yes','0','normal',2500,15000,2000,0,0,0,0,0,0,0,75100032,67004782,0,0,10,0,0,0,1000,0,0,1000,0,0,0,0,0,1000,1000,0,100,100,100,250000,250000,0,250000,250000,10,0,10,0,10,0,0,1000,1000,0,0,0,0,0,2,0,0,'',1282409376,0,0,'','','','','',0,0,0,0,0,0,0,0,0,0,'enabled',5,'enabled','Main Menu','enabled',65,2,1,0,'',0,0,1,9,60,99999,53,99999,99999,99999,42,99999,99999,43,99999,99999,33,99999,99999,99999,99999,62,0,'no',0,'enabled',0,0,0,'enabled','enabled',1,0,0,0,0,0,0,0,0,0),(41,'DOLLA-50','DOLLA-50','JUSTIN123','0','207.255.85.218','207-255-85-218-dhcp.aoo.pa.atlanticbb.net','12cefca09e08d95d6d8a0a5ea3556101','','normal','none','yes','0','normal',2500,0,2000,0,0,0,0,0,3173,1159211254,3119767504,788173581,0,0,1,0,0,0,189442,0,0,134742,31245,46456,0,0,0,212443,189442,0,100,100,100,1000000,1000000,0,1000000,250000,0,0,0,0,10,0,0,522814,1000,0,0,0,10,0,4,1,0,'Underboss',1282449129,0,0,'','','','','',0,0,0,0,0,0,60,1282448931,0,0,'enabled',5,'enabled','Main Menu','enabled',28,0,0,0,'',0,32,1,8,36,99999,32,99999,99999,99999,21,99999,99999,21,99999,99999,6,99999,99999,99999,99999,38,35113,'no',0,'enabled',4,0,0,'enabled','enabled',1,0,0,0,0,0,5,0,0,8),(42,'KiLLeRWu','asian','asianasian','0','99.224.177.121','CPE00222d550554-CM00222d550550.cpe.net.cable.rogers.com','8e512c94d4f21492323e558544cbc186','','normal','none','yes','0','normal',2500,15000,2000,0,0,0,0,0,0,0,78450271,70355021,0,0,10,0,0,0,1000,0,0,1000,0,0,0,0,0,1000,1000,0,100,100,100,250000,250000,0,250000,250000,10,0,10,0,10,0,0,1000,1000,0,0,0,0,0,1,0,0,'',1281912244,0,0,'','','','','',0,0,0,0,0,0,0,0,0,0,'enabled',5,'enabled','Main Menu','enabled',72,2,1,0,'',0,0,1,17,61,99999,49,99999,99999,99999,43,99999,99999,39,99999,99999,34,99999,99999,99999,99999,58,0,'no',0,'enabled',0,0,0,'enabled','enabled',1,0,0,0,0,0,0,0,2,0),(43,'Ferrari','gsijuade','780celeto','0','72.47.110.26','72.47.110.26','f89ec3b1b8ca41dcfa9e553394ad857f','','normal','none','yes','0','normal',2500,15000,2000,0,0,0,0,0,0,0,78450271,70355021,0,0,10,0,0,0,1000,0,0,1000,0,0,0,0,0,1000,1000,0,100,100,100,250000,250000,0,250000,250000,10,0,10,0,10,0,0,1000,1000,0,0,0,0,0,1,0,0,'',1281913078,0,0,'','','','','',0,0,0,0,0,0,0,0,0,0,'enabled',5,'enabled','Main Menu','enabled',72,2,1,0,'',0,0,1,18,62,99999,50,99999,99999,99999,44,99999,99999,40,99999,99999,35,99999,99999,99999,99999,59,0,'no',0,'enabled',0,0,0,'enabled','enabled',1,0,0,0,0,0,0,0,0,0),(44,'zeroday','zer0day','password616','0','122.58.217.191','122-58-217-191.jetstream.xtra.co.nz','1b0232232673d965a2a81156c723ee78','','normal','none','yes','0','normal',2500,15000,2000,0,0,0,0,0,0,0,78450271,70355021,0,0,10,0,0,0,1000,0,0,1000,0,0,0,0,0,1000,1000,0,100,100,100,250000,250000,0,250000,250000,10,0,10,0,10,0,0,1000,1000,0,0,0,0,0,1,7,0,'',1281915021,0,0,'','','','','',0,0,0,0,0,0,0,0,0,0,'enabled',5,'enabled','Main Menu','enabled',72,2,1,0,'',0,0,1,19,63,99999,51,99999,99999,99999,45,99999,99999,41,99999,99999,36,99999,99999,99999,99999,60,0,'no',0,'enabled',0,0,0,'enabled','enabled',1,0,0,0,0,0,0,0,2,0),(45,'YaKillaCJ','DaBoiCJ','yaboipass','0','98.242.128.137','c-98-242-128-137.hsd1.fl.comcast.net','93c9ebca589a22408ab0269610e3e28d','','supporter','none','yes','1','normal',3021,15000,5500,0,0,0,1,0,2928,14864928,315213678,0,0,0,0,0,0,0,0,0,0,0,12063,16978,0,0,0,29041,0,0,0,90,100,0,0,0,0,250000,10,0,10,0,10,0,0,80092,1000,0,0,0,0,44,3,9,0,'',1282581297,1282308579,61,'','CJ The 1Man ARMY\r<br>\r<br>My 1 DUs > Others &#8734; OPs & DUs\r<br>\r<br>^_^','','','',0,0,0,0,0,0,60,1282321981,0,0,'enabled',5,'enabled','Global Ranks','enabled',65,0,0,0,'',1160,0,2,10,55,99999,99999,99999,8,99999,99999,13,99999,99999,15,99999,5,5,99999,99999,99999,51,41061,'no',0,'enabled',0,0,0,'enabled','enabled',0,0,0,0,0,0,2,0,0,0),(58,'8-BALL','8-BALL','bobdog','0','98.234.132.34','c-98-234-132-34.hsd1.ca.comcast.net','614f868dd691e836e9682383a44a3ba6','','normal','none','yes','0','normal',2500,15000,3000,0,0,0,0,0,7,737674869,1581428619,67004782,0,0,1,0,0,0,255019,0,0,167985,0,0,0,0,0,167985,255019,0,100,100,100,25518206,20909078,0,39769785,250000,10,0,10,0,10,0,0,225000,1000,0,0,0,0,0,1,1,0,'',1282514466,0,0,'','','','','',0,0,0,0,0,0,60,1282478997,0,0,'enabled',5,'enabled','Main Menu','enabled',65,2,0,0,'',0,0,1,14,39,99999,33,99999,99999,99999,23,99999,99999,22,99999,99999,37,99999,99999,99999,99999,40,0,'no',0,'enabled',4,0,0,'enabled','enabled',1,0,0,0,0,0,0,0,0,6),(46,'sss','napie1','426234','0','218.111.157.125','111.218.in-addr.arpa.static.tm.net.my','55e35c44787a15a496eef47c69bf7d49','','normal','none','yes','0','normal',2500,15000,2000,0,0,0,0,0,0,0,78450271,70355021,0,0,10,0,0,0,1000,0,0,1000,0,0,0,0,0,1000,1000,0,100,100,100,250000,250000,0,250000,250000,10,0,10,0,10,0,0,1000,1000,0,0,0,0,0,1,0,0,'',1282105448,0,0,'','','','','',0,0,0,0,0,0,0,0,0,0,'enabled',5,'enabled','Flame profile','enabled',71,2,0,0,'',0,0,1,20,64,99999,52,99999,99999,99999,46,99999,99999,42,99999,99999,38,99999,99999,99999,99999,61,0,'no',0,'enabled',0,0,0,'enabled','enabled',1,0,0,0,0,0,0,0,0,0),(51,'eladg','eladg23','a3511g23','0','84.229.180.13','IGLD-84-229-180-13.inter.net.il','3ac2eecaa68348ea2e59acdc1911036c','','normal','none','yes','0','normal',2365,0,0,0,0,0,0,0,1287,206680607,1122254357,0,0,0,1,0,0,0,48909,0,0,35560,95470,141658,0,0,0,272688,48909,0,100,88,100,80908,80908,0,745297,250000,10,0,10,0,10,0,0,244152,1000,0,0,0,0,0,4,9,0,'',1282539415,0,0,'','','','','',0,0,0,0,0,0,60,1282462331,0,0,'enabled',5,'enabled','Level 3 Ranks','enabled',71,2,1,0,'',0,0,1,12,47,99999,37,99999,99999,99999,31,99999,99999,26,99999,99999,39,99999,99999,99999,99999,44,0,'no',0,'enabled',0,0,0,'enabled','enabled',0,0,0,0,0,0,5,0,0,0),(47,'mashedPOOtato','monkeyboy_7_182','randalthor','0','82.17.100.115','cpc3-derb1-0-0-cust114.8-3.cable.virginmedia.com','7e92307540432c4dfc4c7d2edee256cf','','normal','none','yes','0','normal',409,0,0,0,0,0,0,0,3681343875,3807525375,5023485375,0,0,0,1,0,0,0,40273,0,0,19182,27613,105157,0,0,0,151952,40273,0,50,90,100,0,0,0,0,250000,10,0,10,0,10,0,0,324255,1000,0,0,0,26,0,4,9,0,'',1282514405,0,0,'','','','','',201484,0,0,0,0,0,60,1282513938,0,0,'enabled',5,'enabled','Level 1 Ranks','enabled',0,0,1,0,'',0,0,1,7,34,99999,31,99999,99999,99999,20,99999,99999,20,99999,99999,3,99999,99999,99999,99999,37,70570,'no',0,'enabled',0,0,0,'enabled','enabled',0,0,0,0,0,0,0,0,0,0),(48,'Bending_U_Over','only1stacks','youngmoney','0','24.218.100.254','c-24-218-100-254.hsd1.ma.comcast.net','5548c80f066117647be5c804b6e3f313','','supporter','none','yes','4','normal',600,0,2000,0,57500,57500,4,20000,55000003009,88808685012,252293951262,33024751003,0,0,1,0,0,0,459389,0,0,315744,3812,6001,0,0,0,325557,459389,0,90,100,100,50000,500000,0,500000,250000,10,0,10,0,10,0,0,43596070,1000,0,0,0,0,0,1,6,0,'',1282512612,0,0,'','','','','',0,0,0,0,0,0,60,1282512415,0,0,'enabled',5,'enabled','ROB profile','enabled',0,0,0,0,'',0,0,3,5,11,99999,99999,99999,4,99999,99999,99999,4,99999,99999,4,45,99999,3,99999,99999,7,0,'no',0,'enabled',0,0,0,'enabled','enabled',0,0,0,0,0,3,40,0,0,0),(49,'Lord_Kris','Lord_Kris','qwer111','0','99.167.93.214','99-167-93-214.lightspeed.irvnca.sbcglobal.net','b3fab57b5cc98585da0860afc1a891a6','','normal','none','yes','0','normal',2500,15000,2000,0,0,0,0,0,0,2341500,2341500,0,0,0,10,0,0,0,0,0,0,0,0,0,0,0,0,0,0,0,0,0,100,250000,250000,0,250000,250000,10,0,10,0,0,0,0,0,1000,0,0,0,0,22,4,9,0,'',1282031925,1282220858,61,'','','','','',0,0,0,0,0,0,60,1282031925,0,0,'enabled',5,'enabled','Recruiting','enabled',71,2,1,0,'',0,0,1,15,57,99999,64,99999,99999,99999,40,99999,99999,55,99999,99999,12,99999,99999,99999,99999,74,550,'no',0,'enabled',0,0,0,'enabled','enabled',1,0,0,0,0,0,0,11,1,0),(55,'AlCapone','DoNkEyKoNg','Lakes2010','0','92.8.234.112','host-92-8-234-112.as43234.net','e0695db23c713df00d94ec4d1f3d132c','','normal','none','yes','0','normal',2500,15000,0,0,0,0,0,0,0,124947282,128701032,67004782,0,0,100,0,0,0,30988,0,0,24613,0,0,0,0,0,24613,30988,0,100,8,100,250000,250000,0,250000,250000,10,0,10,0,10,0,0,1000,1000,0,0,0,0,0,1,0,0,'',1281951975,0,0,'','','','','',0,0,0,0,0,0,60,1281951973,0,0,'enabled',5,'enabled','Global Ranks','enabled',71,2,0,0,'',0,0,1,16,51,99999,48,99999,99999,99999,35,99999,99999,37,99999,99999,40,99999,99999,99999,99999,56,0,'no',0,'enabled',0,0,0,'enabled','enabled',1,0,0,0,0,0,0,0,1,0),(53,'Zerox','Phynx','firestorm','0','90.219.51.20','5adb3314.bb.sky.com','a75e78570f275afbf780b27e2eac1802','','normal','none','yes','0','normal',125,0,0,0,0,0,0,0,832,83990832,1565735832,0,0,0,1,0,0,0,0,0,0,0,64409,102888,0,0,0,167297,0,0,0,90,100,0,0,0,0,250000,10,0,10,0,0,0,0,395132,1000,0,0,0,32,100,4,9,0,'',1282510845,1282439138,61,'','','','','',0,0,0,0,0,0,60,1282510843,0,0,'enabled',5,'enabled','Voting','enabled',71,2,1,0,'',7062,1462,1,10,54,99999,34,99999,99999,99999,38,99999,99999,23,99999,99999,1,99999,99999,99999,99999,41,89774,'no',0,'enabled',0,0,0,'enabled','enabled',0,0,0,0,0,0,2,0,1,0),(50,'xxxSpader79','xxxSpader79','stinknugget','0','76.106.157.62','c-76-106-157-62.hsd1.fl.comcast.net','cadda84e52f0f1985efe545fe21eaa68','','normal','none','yes','0','normal',2500,15000,2000,0,0,0,0,0,0,430753282,434507032,67004782,0,0,10,0,0,0,207923,0,0,153484,0,0,0,0,0,153484,207923,0,100,0,100,250000,250000,0,250000,250000,10,0,10,0,10,0,0,1000,1000,0,0,0,0,0,3,8,0,'',1282355670,0,0,'','','','','',0,0,0,0,0,0,60,1282355547,0,0,'enabled',5,'enabled','Main Menu','enabled',28,0,0,0,'',0,0,1,8,42,99999,42,99999,99999,99999,26,99999,99999,31,99999,99999,41,99999,99999,99999,99999,49,0,'no',0,'enabled',0,0,0,'enabled','enabled',1,0,0,0,0,0,0,0,0,6),(61,'Back2School','Gotti_Girl','Back2School2','0','99.190.186.96','99-190-186-96.lightspeed.lsvlky.sbcglobal.net','ea46fa9dd6aa2c24be749e2fb959bca6','','supporter','none','yes','0','normal',680,4000,3500,0,30000,30000,0,0,324,1974,7744243224,0,0,0,100,0,0,0,0,0,0,0,0,0,0,0,0,0,0,0,0,0,100,0,0,0,0,250000,1,0,0,0,0,0,0,2065131,1000,0,0,0,334,36,4,3,0,'Underboss',1282844503,1282471517,53,'','Back to school for me so won\'t have much time to play here but will def log in here and there to 00 any1 I choose or any1 that touches my fam just for laughs in the little spare time I have :P','','','',1056863,0,0,0,0,0,0,0,0,0,'enabled',5,'enabled','Main Menu','enabled',7,0,0,0,'',1906,16680,2,5,58,99999,99999,99999,6,99999,99999,14,99999,99999,12,99999,50,1,99999,99999,99999,33,834394,'no',0,'enabled',0,0,10000000000,'enabled','enabled',1,0,0,0,0,0,0,0,0,11),(56,'CAZ','CAZ','123abc','0','95.145.134.13','95.145.134.13','0a43742177aea60edbf211c1f553572c','','normal','none','yes','0','normal',2500,15000,0,0,0,0,0,0,0,245335282,249089032,67004782,0,0,10,0,0,0,111338,0,0,64651,0,0,0,0,0,64651,111338,0,100,2,100,250000,250000,0,250000,250000,10,0,10,0,10,0,0,1000,1000,0,0,0,0,0,5,2,0,'',1282391361,0,0,'','','','','',0,0,0,0,0,0,60,1282344704,0,0,'enabled',5,'enabled','Main Menu','enabled',39,0,0,0,'',0,0,1,9,46,99999,45,99999,99999,99999,30,99999,99999,34,99999,99999,42,99999,99999,99999,99999,53,0,'no',0,'enabled',0,0,0,'enabled','enabled',1,0,0,0,0,0,1,0,0,2),(54,'ROB','rob','hmichmic','0','71.41.149.142','fiber.ranchwireless.com','96b95de17ee2822a94516baa68ee9678','','normal','none','yes','0','normal',3,0,0,0,0,0,0,0,1011,296850656,892253156,0,0,0,1,0,0,0,169856,0,0,107653,9240,10858,0,0,0,127751,169856,0,100,100,100,1000000,1101831,0,1161163,250000,10,0,10,0,10,0,0,158773,1000,0,0,0,0,36,2,9,0,'',1282514421,1282220548,61,'','','','','',0,0,0,0,0,0,60,1282513836,0,0,'enabled',5,'enabled','Global Ranks','enabled',28,2,0,0,'',3356,0,1,4,43,99999,38,99999,99999,99999,27,99999,99999,27,99999,99999,4,99999,99999,99999,99999,45,46144,'no',0,'enabled',0,0,0,'enabled','enabled',0,0,0,0,0,0,1,0,0,0),(57,'InCoGnItO','scar_face_84','nissan','0','97.243.64.227','227.sub-97-243-64.myvzw.com','46e39435c76db4598e845021afb39ca7','','normal','none','yes','0','normal',2500,15000,2000,0,0,0,0,0,0,0,75100032,67004782,0,0,10,0,0,0,1000,0,0,1000,0,0,0,0,0,1000,1000,0,100,100,100,250000,250000,0,250000,250000,10,0,10,0,10,0,0,1000,1000,0,0,0,0,0,1,3,0,'Underboss',1282484654,0,0,'','Very buzy no time to play much ...','','','',0,0,0,0,0,0,0,0,0,0,'enabled',5,'enabled','Family Ranks','enabled',71,2,0,0,'',0,0,1,21,65,99999,54,99999,99999,99999,47,99999,99999,44,99999,99999,43,99999,99999,99999,99999,63,0,'no',0,'enabled',0,0,0,'enabled','enabled',1,0,0,0,0,0,0,0,0,14),(64,'2_Face','steetfury','jose626','0','71.255.83.102','pool-71-255-83-102.nwrknj.east.verizon.net','88197583d535275b6da3e6c1355b4b0e','','normal','none','yes','0','normal',2500,15000,2000,0,0,0,0,0,0,0,71909328,63814078,0,0,10,0,0,0,1000,0,0,1000,0,0,0,0,0,1000,1000,0,100,100,100,250000,250000,0,250000,250000,10,0,10,0,10,0,0,1000,1000,0,0,0,0,0,1,0,0,'',1282055448,0,0,'','','','','',0,0,0,0,0,0,0,0,0,0,'enabled',5,'enabled','Main Menu','enabled',66,1,0,0,'',0,0,1,22,66,99999,56,99999,99999,99999,48,99999,99999,46,99999,99999,44,99999,99999,99999,99999,65,0,'no',0,'enabled',0,0,0,'enabled','enabled',1,0,0,0,0,1,0,0,1,0),(59,'slut_puppie','ray44837','janice','0','209.188.100.2','ats100-2.cloudnet.com','c9e6473d0693f0d8cdee0087e73cf029','','normal','none','yes','0','normal',700,0,0,0,0,0,0,0,0,5727361209,18507430959,5467929568,0,0,0,0,0,0,146621,0,0,112469,0,0,0,0,0,112469,146621,0,50,100,100,141,0,0,0,250000,10,0,10,0,10,16403788,0,127260,1000,0,0,0,0,0,5,1,0,'Underboss',1282497377,0,0,'','','','','',0,0,0,0,0,0,60,1282497319,0,0,'enabled',5,'enabled','Level 1 Ranks','enabled',7,0,0,0,'',0,0,1,5,31,99999,22,99999,99999,99999,18,99999,99999,13,99999,99999,45,99999,99999,99999,99999,27,0,'no',0,'enabled',4,0,0,'enabled','enabled',1,0,0,0,0,0,0,0,0,6),(60,'F','The_book_keeper','candy167','0','74.96.144.246','pool-74-96-144-246.washdc.fios.verizon.net','1e10daa919c1bcc6349863492ee5b603','','normal','none','yes','0','normal',2500,15000,2000,0,0,0,0,0,0,0,75100032,67004782,0,0,10,0,0,0,1000,0,0,1000,0,0,0,0,0,1000,1000,0,100,100,100,250000,250000,0,250000,250000,10,0,10,0,10,0,0,1000,1000,0,0,0,0,0,2,0,0,'',1281978962,0,0,'','','','','',0,0,0,0,0,0,0,0,0,0,'enabled',5,'enabled','Global Ranks','enabled',70,2,0,0,'',0,0,1,10,67,99999,55,99999,99999,99999,49,99999,99999,45,99999,99999,46,99999,99999,99999,99999,64,0,'no',0,'enabled',0,0,0,'enabled','enabled',1,0,0,0,0,0,0,0,1,0),(66,'Morphy','Morph','morpheus','0','79.114.221.253','79-114-221-253.rdsnet.ro','4d86a1604a4f8369f1625cedc9795712','','normal','none','yes','0','normal',2500,0,0,0,0,0,0,0,10000003465,10283387889,10311962889,60775312,0,0,1,0,0,0,128315,0,0,91390,0,0,0,0,0,91390,128315,0,100,10,100,320788,320788,0,319865,250000,10,0,10,0,10,0,0,7619,1000,0,0,0,0,0,1,2,0,'',1282329828,0,0,'','','','','',0,0,0,0,0,0,60,1282329775,0,0,'enabled',5,'enabled','Main Menu','enabled',28,0,0,0,'',0,0,1,13,27,99999,27,99999,99999,99999,14,99999,99999,17,99999,99999,47,99999,99999,99999,99999,32,0,'no',0,'enabled',0,0,10000000000,'enabled','enabled',1,0,1,0,0,0,0,0,0,2),(62,'chelsea12','chelsea12','briana','0','81.241.72.210','210.72-241-81.adsl-dyn.isp.belgacom.be','02dd06d7da1d01f35e7e8fd071aeed29','','normal','none','yes','0','normal',2500,0,2000,0,28000,28000,0,0,5,3874807275,11002139775,67004782,0,0,10,0,0,0,294708,0,0,204279,0,0,0,0,0,204279,294708,0,86,90,100,0,197645496,0,0,250000,10,0,10,16711,10,0,0,1900621,1000,0,0,0,0,0,5,6,0,'',1282391038,0,0,'','','','','',0,0,0,0,0,0,60,1282390908,0,0,'enabled',5,'enabled','Main Menu','enabled',28,0,0,0,'',0,0,2,7,33,99999,25,99999,99999,99999,99999,10,99999,99999,11,99999,58,11,99999,99999,99999,30,0,'no',0,'enabled',0,0,0,'enabled','enabled',1,0,0,0,0,0,0,0,0,9),(65,'Bizzarro','Bizzarro','141676z','0','71.114.188.111','pool-71-114-188-111.trrhin.dsl-w.verizon.net','9190631daf0dd13c3a0b3c852c0f87e1','','normal','none','yes','0','normal',2500,15000,2000,0,0,0,0,0,0,0,68870562,60775312,0,0,10,0,0,0,1000,0,0,1000,0,0,0,0,0,1000,1000,0,100,100,100,250000,250000,0,250000,250000,10,0,10,0,10,0,0,1000,1000,0,0,0,0,0,3,0,0,'',1282150900,0,0,'','','','','',0,0,0,0,0,0,0,0,0,0,'enabled',5,'enabled','17_Medals profile','enabled',65,1,0,0,'',0,0,1,11,68,99999,57,99999,99999,99999,50,99999,99999,47,99999,99999,48,99999,99999,99999,99999,66,0,'no',0,'enabled',0,0,0,'enabled','enabled',1,0,0,0,0,0,0,0,0,0),(63,'Osva991','osva991','anglija','0','109.76.102.51','109.76.102.51','db654783c783251dbf619cd457a42c3d','','normal','none','yes','0','normal',2500,15000,2000,0,0,0,0,0,0,6741500,6741500,0,0,0,100,0,0,0,0,0,0,0,0,0,0,0,0,0,0,0,0,0,100,1250000,1250000,0,350000,250000,10,0,10,0,0,0,0,0,1000,0,0,0,0,30,1,9,0,'',1282232493,1282220772,61,'','','','','',0,0,0,0,0,0,60,1282167924,0,0,'enabled',5,'enabled','GrInD_HoUsE Family','enabled',65,1,0,0,'',0,0,1,26,56,99999,63,99999,99999,99999,39,99999,99999,54,99999,99999,13,99999,99999,99999,99999,73,340,'no',0,'enabled',0,0,0,'enabled','enabled',1,0,0,0,0,0,0,0,0,0),(74,'UnKnOwN','ChrisCorleone','letmein','0','78.147.90.72','78.147.90.72','28d6e06ce8fa2704ade95c9d7a7a4ec9','','normal','none','yes','0','normal',2500,15000,2000,0,0,0,0,0,0,0,58095250,50000000,0,0,10,0,0,0,1000,0,0,1000,0,0,0,0,0,1000,1000,0,100,100,100,250000,250000,0,250000,250000,10,0,10,0,10,0,0,1000,1000,0,0,0,0,0,5,0,0,'',1282513143,0,0,'','','','','',0,0,0,0,0,0,0,0,0,0,'enabled',5,'enabled','Main Menu','enabled',0,0,0,0,'',0,0,1,10,69,99999,62,99999,99999,99999,51,99999,99999,53,99999,99999,49,99999,99999,99999,99999,72,0,'no',0,'enabled',0,0,0,'enabled','enabled',0,0,0,0,0,0,0,0,1,0),(70,'pc','drsash7','mnisfa','0','77.246.75.133','77.246.75.133','aea29b0267f697874cd57d83a3da684b','','normal','none','yes','0','normal',2500,15000,2000,0,0,0,0,0,0,0,63220250,55125000,0,0,10,0,0,0,1000,0,0,1000,0,0,0,0,0,1000,1000,0,100,100,100,250000,250000,0,250000,250000,10,0,10,0,10,0,0,1000,1000,0,0,0,0,0,1,0,0,'',1282313006,0,0,'','','','','',0,0,0,0,0,0,0,0,0,0,'enabled',5,'enabled','CuseBallers Family','enabled',38,0,0,0,'',0,0,1,24,70,99999,60,99999,99999,99999,52,99999,99999,50,99999,99999,50,99999,99999,99999,99999,69,0,'no',0,'enabled',0,0,0,'enabled','enabled',1,0,0,0,0,0,0,0,0,0),(67,'Steven','Voltage','strong18','0','166.187.110.75','mobile-166-187-110-075.mycingular.net','549f81777acb1665e435d9d5ea12d561','','normal','none','yes','0','normal',800,0,0,0,0,0,0,0,4617,5108256609,18593762859,4833511112,0,0,1,0,0,0,156707,0,0,114522,0,0,0,0,0,114522,156707,0,100,100,100,391768,391768,0,400827,250000,10,0,10,0,10,0,0,3596134,1000,0,0,0,0,0,1,6,0,'',1282494675,0,0,'','','','','',0,0,0,0,0,0,60,1282494656,0,0,'enabled',5,'enabled','Flying_Solo Family','enabled',65,0,0,0,'',0,0,1,11,32,99999,21,99999,99999,99999,19,99999,99999,12,99999,99999,51,99999,99999,99999,99999,26,0,'no',0,'enabled',0,0,0,'enabled','enabled',1,0,0,0,0,1,2,0,0,7),(72,'KillU4Fun','godshand','scottb86','0','68.200.45.4','4-45.200-68.tampabay.res.rr.com','65f0149e32db44ebba8c9b920efab31c','','supporter','none','yes','0','normal',2500,15000,2000,0,0,0,0,0,0,0,60595250,52500000,0,0,10,0,0,0,1000,0,0,1000,0,0,0,0,0,1000,1000,0,100,100,100,250000,250000,0,250000,250000,10,0,10,0,10,0,0,1000,1000,0,0,0,0,0,3,0,0,'',1282423831,0,0,'','','','','',0,0,0,0,0,0,0,0,0,0,'enabled',5,'enabled','Main Menu','enabled',28,0,0,0,'',0,0,1,12,71,99999,99999,99999,9,99999,53,99999,99999,52,99999,99999,52,99999,99999,99999,99999,71,0,'no',0,'enabled',0,0,0,'enabled','enabled',1,0,0,0,0,0,1,0,0,0),(68,'tight_lipps_toni','moodymama','05072010','0','99.152.2.131','adsl-99-152-2-131.dsl.rcfril.sbcglobal.net','71e64a73b09bfe541054877bb2012738','','normal','none','yes','0','normal',2500,15000,2000,0,0,0,0,0,0,0,65976500,57881250,0,0,10,0,0,0,1000,0,0,1000,0,0,0,0,0,1000,1000,0,100,100,100,250000,250000,0,250000,250000,10,0,10,0,10,0,0,1000,1000,0,0,0,0,0,2,0,0,'',1282329864,0,0,'','','','','',0,0,0,0,0,0,0,0,0,0,'enabled',5,'enabled','spamming YaKillaCJ','enabled',44,0,0,0,'',0,0,1,11,72,99999,58,99999,99999,99999,54,99999,99999,48,99999,99999,53,99999,99999,99999,99999,67,0,'no',0,'enabled',0,0,0,'enabled','enabled',1,0,0,0,0,0,1,0,1,0),(69,'ViolentJ','ViolentJ','master2006','0','69.141.191.249','c-69-141-191-249.hsd1.pa.comcast.net','e0fa3d8e798d2b71f0037964de6a3de3','','normal','none','yes','0','normal',2500,15000,3000,0,0,0,0,0,0,0,65976500,57881250,0,0,10,0,0,0,1000,0,0,1000,0,0,0,0,0,1000,1000,0,100,100,100,250000,250000,0,250000,250000,10,0,10,0,10,0,0,1000,1000,0,0,0,0,0,1,0,0,'',1282548500,0,0,'','','','','',0,0,0,0,0,0,0,0,0,0,'enabled',5,'enabled','Main Menu','enabled',28,0,0,0,'',0,0,1,23,73,99999,59,99999,99999,99999,55,99999,99999,49,99999,99999,54,99999,99999,99999,99999,68,0,'no',0,'enabled',0,0,0,'enabled','enabled',1,0,0,0,0,0,0,0,0,0),(71,'Omar','vhb','pitbull22','0','69.232.85.192','adsl-69-232-85-192.dsl.sndg02.pacbell.net','32659f086f6f46d568cea7d1832b3bf8','','normal','none','yes','0','normal',2500,15000,2000,0,0,0,0,0,0,0,63220250,55125000,0,0,10,0,0,0,1000,0,0,1000,0,0,0,0,0,1000,1000,0,100,100,100,250000,250000,0,250000,250000,10,0,10,0,10,0,0,1000,1000,0,0,0,0,0,1,0,0,'',1282347813,0,0,'','','','','',0,0,0,0,0,0,0,0,0,0,'enabled',5,'enabled','Main Menu','enabled',28,0,0,0,'',0,0,1,25,74,99999,61,99999,99999,99999,56,99999,99999,51,99999,99999,55,99999,99999,99999,99999,70,0,'no',0,'enabled',0,0,0,'enabled','enabled',1,0,0,0,0,0,0,0,0,0),(73,'Grim','bangbang','bangbang','0','78.146.205.57','78.146.205.57','5fc3a11f0bf99b45249de5aa9d74deec','','normal','none','yes','0','normal',300,0,0,0,0,0,0,0,10000000000,10356985680,10398239430,0,0,0,1,60774,100508,0,1434,0,0,1369,0,0,0,0,0,1369,162716,0,0,100,100,0,0,0,222545,250000,10,0,10,0,10,0,0,11000,1000,0,0,0,0,0,2,2,0,'',1282506944,0,0,'','','','','',0,0,0,0,0,0,60,1282506902,0,0,'enabled',5,'enabled','Family board','enabled',0,0,0,0,'',0,0,1,2,26,99999,26,99999,99999,99999,13,99999,99999,16,99999,99999,56,99999,99999,99999,99999,31,0,'no',0,'enabled',0,0,10000000000,'enabled','enabled',0,0,1,0,0,1,3,0,0,1);

--
-- Table structure for table `r158_city`
--

CREATE TABLE `r158_city` (
  `id` tinyint(1) NOT NULL AUTO_INCREMENT,
  `name` varchar(255) NOT NULL DEFAULT '',
  `country` varchar(32) NOT NULL DEFAULT '',
  PRIMARY KEY (`id`)
) ENGINE=MyISAM AUTO_INCREMENT=6 DEFAULT CHARSET=latin1;

--
-- Dumping data for table `r158_city`
--

INSERT INTO `r158_city` VALUES (1,'New York',''),(2,'Chicago',''),(3,'Miami',''),(4,'Los Angeles',''),(5,'Las Vegas','');

--
-- Table structure for table `r158_crew`
--

CREATE TABLE `r158_crew` (
  `id` int(6) unsigned NOT NULL AUTO_INCREMENT,
  `name` varchar(18) NOT NULL DEFAULT '',
  `don` varchar(18) NOT NULL DEFAULT '',
  `founder` varchar(18) NOT NULL DEFAULT '',
  `members` smallint(6) NOT NULL DEFAULT '1',
  `profile` varchar(255) NOT NULL DEFAULT '',
  `icon` varchar(255) NOT NULL DEFAULT '',
  `city` tinyint(3) unsigned NOT NULL DEFAULT '1',
  `rank` decimal(65,0) unsigned NOT NULL DEFAULT '99999',
  `networth` decimal(65,0) unsigned NOT NULL DEFAULT '0',
  `cofounder` varchar(18) NOT NULL DEFAULT '',
  `money` decimal(65,0) unsigned NOT NULL DEFAULT '50000',
  `condom` decimal(65,0) unsigned NOT NULL DEFAULT '500',
  `crack` decimal(65,0) unsigned NOT NULL DEFAULT '500',
  `medicine` decimal(65,0) unsigned NOT NULL DEFAULT '500',
  `thug` decimal(65,0) unsigned NOT NULL DEFAULT '500',
  `beer` decimal(65,0) unsigned NOT NULL DEFAULT '0',
  `weed` decimal(65,0) unsigned NOT NULL DEFAULT '0',
  `glock` decimal(65,0) unsigned NOT NULL DEFAULT '0',
  `shotgun` decimal(65,0) unsigned NOT NULL DEFAULT '0',
  `uzi` decimal(65,0) unsigned NOT NULL DEFAULT '0',
  `ak47` decimal(65,0) unsigned NOT NULL DEFAULT '0',
  `bank` decimal(65,0) unsigned NOT NULL DEFAULT '50000',
  `lowrider` decimal(65,0) unsigned NOT NULL DEFAULT '0',
  `cbank` decimal(65,0) unsigned NOT NULL DEFAULT '0',
  `title` varchar(255) NOT NULL DEFAULT '',
  `tnetworth` decimal(65,0) NOT NULL DEFAULT '0',
  `finalrank` decimal(65,0) unsigned NOT NULL DEFAULT '0',
  `motd` text NOT NULL,
  `tbank` decimal(65,0) unsigned NOT NULL DEFAULT '2000',
  `exten` smallint(6) NOT NULL DEFAULT '0',
  `ivt` tinyint(3) unsigned NOT NULL DEFAULT '0',
  `uploads` smallint(6) NOT NULL DEFAULT '0',
  PRIMARY KEY (`id`)
) ENGINE=MyISAM AUTO_INCREMENT=16 DEFAULT CHARSET=latin1;

--
-- Dumping data for table `r158_crew`
--

INSERT INTO `r158_crew` VALUES (1,'LEGACY','Flame','Flame',5,'','../images/icons/158/legacy_gif1263739235.gif128216 9570',4,8,194646704544,'DreamKiller',50000,500,500,500,500,0,0,0,0,0,0,50000,0,0,'',1053685591040,4,'',2000,0,0,1),(2,'Flying_Solo','HawkY','HawkY',5,'','../images/icons/158/FlyingSolo.gif1282169277',1,1,1323411990460,'Renegade',50000,500,500,500,500,0,0,0,0,0,0,50000,0,0,'',1728354178870,1,'Everyone needs to be active.  In order to win the family ranks this mini all 5 of us need to do what we can.  Turns max every 12 hours and I\'m not gonna be very generous for inactive people.  Let\'s take this round :)',2000,0,0,1),(3,'CuseBallers','xxxSpader79','xxxSpader79',4,'','',4,2,1053510998199,'',50000,500,500,500,500,0,0,0,0,0,0,50000,0,0,'',1058950181950,3,'',2000,0,0,0),(4,'PunkS','West_Coast_Killa','West_Coast_Killa',5,'','../images/icons/158/th_PUNKSgif1235001127.gif12821 80914',4,7,261169282903,'',50000,500,500,500,500,0,0,0,0,0,0,50000,0,0,'',701705070403,7,'',2000,0,0,1),(5,'FEARLESS_ARMY','8sec','8sec',5,'','../images/icons/158/fearlessgrn.gif1282188637',2,3,986864902678,'YaKillaCJ',50000,500,500,500,500,0,0,0,0,0,0,50000,0,0,'',1352398673630,2,'',2000,0,0,1),(12,'Creeps','Mikevman','Mikevman',1,'','../images/icons/158/toilet-kilrytlt.gif1282301378',5,12,4029215507,'',50000,500,500,500,500,0,0,0,0,0,0,50000,0,0,'',310014383507,10,'',2000,0,0,2),(11,'Killa_The_Legend','Killa','Killa',1,'','',4,14,382117508,'',50000,500,500,500,500,0,0,0,0,0,0,50000,0,0,'',1285871258,13,'',2000,0,0,0),(7,'GAMBINO','lucky','lucky',5,'','../images/icons/158/Ganga_Blowers.gif1282224437',2,6,369674810823,'DOLLA-50',50000,500,500,500,500,0,0,0,0,0,0,50000,0,0,'',489455927373,9,'',2000,0,0,1),(8,'GrInD_HoUsE','The_Deadman','The_Deadman',5,'','../images/icons/158/SKULL.gif1268513008.gif.gif128 2201278',1,5,410893920376,'LeatherNutz',50000,500,500,500,500,0,0,0,0,0,0,50000,0,0,'',1023307282290,5,'',2000,0,0,1),(9,'Blackout','Lady_M','Lady_M',5,'','../images/icons/158/th_Drink.gif1282216725',5,4,558060013978,'',50000,500,500,500,500,0,0,0,0,0,0,50000,0,0,'',857101826560,6,'',2000,0,0,1),(10,'No_exCuse','Specdro','Specdro',1,'','',4,13,478105750,'',50000,500,500,500,500,0,0,0,0,0,0,50000,0,0,'',481859500,14,'',2000,0,0,0),(13,'Mehhh','CAZ','CAZ',1,'','../images/icons/158/FU2.gif1282343660',3,11,7259397155,'',50000,500,500,500,500,0,0,0,0,0,0,50000,0,0,'',80911013405,12,'',2000,0,0,1),(14,'Dark_Stalkers','K','K',3,'','../images/icons/158/DARKHEAD_gif1231302451BLUE.gif 1282347748',1,9,155716021958,'missy',50000,500,500,500,500,0,0,0,0,0,0,50000,0,0,'',599619732458,8,'',2000,0,0,1),(15,'F_A','mashedpootato','mashedpootato',1,'','',1,10,77878206224,'',50000,500,500,500,500,0,0,0,0,0,0,50000,0,0,'',239594109974,11,'',2000,0,0,0);

--
-- Table structure for table `r158_extens`
--

CREATE TABLE `r158_extens` (
  `id` int(6) unsigned NOT NULL AUTO_INCREMENT,
  `name` varchar(18) NOT NULL DEFAULT '',
  `don` varchar(18) NOT NULL DEFAULT '',
  `founder` varchar(18) NOT NULL DEFAULT '',
  `cofounder` varchar(18) NOT NULL DEFAULT '',
  `members` smallint(6) NOT NULL DEFAULT '1',
  `profile` varchar(255) NOT NULL DEFAULT '',
  `icon` varchar(255) NOT NULL DEFAULT '',
  `city` tinyint(3) unsigned NOT NULL DEFAULT '1',
  `networth` decimal(65,0) unsigned NOT NULL DEFAULT '0',
  `tnetworth` decimal(65,0) NOT NULL DEFAULT '0',
  `bank` decimal(65,0) unsigned NOT NULL DEFAULT '50000',
  `cbank` decimal(65,0) unsigned NOT NULL DEFAULT '0',
  `title` varchar(255) NOT NULL DEFAULT '',
  `rank` decimal(65,0) unsigned NOT NULL DEFAULT '99999',
  `finalrank` decimal(65,0) unsigned NOT NULL DEFAULT '0',
  `motd` text NOT NULL,
  `tbank` decimal(65,0) unsigned NOT NULL DEFAULT '2000',
  `exten` smallint(6) NOT NULL DEFAULT '0',
  PRIMARY KEY (`id`)
) ENGINE=MyISAM DEFAULT CHARSET=latin1;

--
-- Dumping data for table `r158_extens`
--


--
-- Table structure for table `r158_pimp`
--

CREATE TABLE `r158_pimp` (
  `id` mediumint(8) unsigned NOT NULL AUTO_INCREMENT,
  `pimp` varchar(18) NOT NULL DEFAULT '',
  `user` varchar(255) NOT NULL DEFAULT '',
  `pass` varchar(32) NOT NULL DEFAULT '',
  `email` varchar(255) NOT NULL DEFAULT '',
  `ip` varchar(15) NOT NULL DEFAULT '0.0.0.0',
  `host` varchar(255) NOT NULL DEFAULT '',
  `code` varchar(43) NOT NULL DEFAULT '',
  `pin` varchar(32) NOT NULL DEFAULT '',
  `status` varchar(12) NOT NULL DEFAULT 'normal',
  `staffstatus` varchar(12) NOT NULL DEFAULT 'none',
  `showstaff` varchar(12) NOT NULL DEFAULT 'yes',
  `subscribe` varchar(12) NOT NULL DEFAULT '0',
  `workstatus` varchar(12) NOT NULL DEFAULT 'normal',
  `trn` int(10) unsigned NOT NULL DEFAULT '1000',
  `res` int(10) unsigned NOT NULL DEFAULT '2000',
  `tbank` decimal(65,0) unsigned NOT NULL DEFAULT '2000',
  `maxadd` decimal(65,0) unsigned NOT NULL DEFAULT '0',
  `cadd` decimal(65,0) unsigned NOT NULL DEFAULT '0',
  `fadd` decimal(65,0) unsigned NOT NULL DEFAULT '0',
  `sub` decimal(65,0) unsigned NOT NULL DEFAULT '0',
  `maxed` decimal(65,0) unsigned NOT NULL DEFAULT '0',
  `money` decimal(65,0) unsigned NOT NULL DEFAULT '0',
  `networth` decimal(65,0) unsigned NOT NULL DEFAULT '0',
  `totnet` decimal(65,0) unsigned NOT NULL DEFAULT '0',
  `bank` decimal(65,0) unsigned NOT NULL DEFAULT '50000000',
  `bank2` decimal(65,0) unsigned NOT NULL DEFAULT '0',
  `bank3` decimal(65,0) unsigned NOT NULL DEFAULT '0',
  `payout` tinyint(3) unsigned NOT NULL DEFAULT '10',
  `whore` decimal(65,0) unsigned NOT NULL DEFAULT '0',
  `dealers` decimal(65,0) unsigned NOT NULL DEFAULT '0',
  `bootleggers` decimal(65,0) unsigned NOT NULL DEFAULT '0',
  `hustlers` decimal(65,0) unsigned NOT NULL DEFAULT '1000',
  `punks` decimal(65,0) unsigned NOT NULL DEFAULT '0',
  `punk` decimal(65,0) unsigned NOT NULL DEFAULT '0',
  `hitmen` decimal(65,0) unsigned NOT NULL DEFAULT '1000',
  `bodyguards` decimal(65,0) unsigned NOT NULL DEFAULT '0',
  `thug` decimal(65,0) unsigned NOT NULL DEFAULT '0',
  `associates` decimal(65,0) unsigned NOT NULL DEFAULT '0',
  `soldiers` decimal(65,0) unsigned NOT NULL DEFAULT '0',
  `enforcers` decimal(65,0) unsigned NOT NULL DEFAULT '0',
  `totaldus` double unsigned NOT NULL DEFAULT '1000',
  `totalops` double unsigned NOT NULL DEFAULT '1000',
  `totaloffensives` double unsigned NOT NULL DEFAULT '0',
  `whappy` tinyint(3) unsigned NOT NULL DEFAULT '100',
  `thappy` tinyint(3) unsigned NOT NULL DEFAULT '100',
  `phappy` tinyint(3) unsigned NOT NULL DEFAULT '100',
  `condom` decimal(65,0) unsigned NOT NULL DEFAULT '250000',
  `crack` decimal(65,0) unsigned NOT NULL DEFAULT '250000',
  `medicine` decimal(65,0) unsigned NOT NULL DEFAULT '0',
  `weed` decimal(65,0) unsigned NOT NULL DEFAULT '250000',
  `beer` decimal(65,0) unsigned NOT NULL DEFAULT '250000',
  `lowrider` decimal(65,0) unsigned NOT NULL DEFAULT '10',
  `hummer` decimal(65,0) unsigned NOT NULL DEFAULT '0',
  `viper` decimal(65,0) unsigned NOT NULL DEFAULT '10',
  `bmxbike` decimal(65,0) unsigned NOT NULL DEFAULT '0',
  `glock` decimal(65,0) unsigned NOT NULL DEFAULT '10',
  `shotgun` decimal(65,0) unsigned NOT NULL DEFAULT '0',
  `uzi` decimal(65,0) unsigned NOT NULL DEFAULT '0',
  `ak47` decimal(65,0) unsigned NOT NULL DEFAULT '1000',
  `vests` decimal(65,0) unsigned NOT NULL DEFAULT '1000',
  `attin` int(10) unsigned NOT NULL DEFAULT '0',
  `revattin` int(10) unsigned NOT NULL DEFAULT '0',
  `attout` int(10) unsigned NOT NULL DEFAULT '0',
  `attackout` decimal(65,0) NOT NULL DEFAULT '0',
  `attackin` decimal(65,0) NOT NULL DEFAULT '0',
  `city` tinyint(3) unsigned NOT NULL DEFAULT '1',
  `crew` bigint(20) unsigned NOT NULL DEFAULT '0',
  `crewext` bigint(20) unsigned NOT NULL DEFAULT '0',
  `ctitle` varchar(18) NOT NULL DEFAULT '',
  `online` int(12) unsigned NOT NULL DEFAULT '0',
  `lastattack` int(12) unsigned NOT NULL DEFAULT '0',
  `lastattackby` int(11) unsigned NOT NULL DEFAULT '0',
  `profile` varchar(255) NOT NULL DEFAULT '',
  `description` varchar(255) NOT NULL DEFAULT '',
  `descriptionfont` varchar(255) NOT NULL DEFAULT '',
  `descriptioncolor` varchar(255) NOT NULL DEFAULT '',
  `descriptionstyle` varchar(255) NOT NULL DEFAULT '',
  `whorek` decimal(65,0) NOT NULL DEFAULT '0',
  `thugk` decimal(65,0) NOT NULL DEFAULT '0',
  `infok` decimal(65,0) NOT NULL DEFAULT '0',
  `punkk` decimal(65,0) NOT NULL DEFAULT '0',
  `hitmenk` decimal(65,0) NOT NULL DEFAULT '0',
  `bodyguardsk` decimal(65,0) NOT NULL DEFAULT '0',
  `protection` int(11) NOT NULL DEFAULT '0',
  `protectstarted` int(12) NOT NULL DEFAULT '0',
  `newprotection` int(11) NOT NULL DEFAULT '0',
  `nprotectstarted` int(12) NOT NULL DEFAULT '0',
  `postpriv` varchar(12) NOT NULL DEFAULT 'enabled',
  `defaultturns` int(12) NOT NULL DEFAULT '5',
  `sounds` varchar(18) NOT NULL DEFAULT 'enabled',
  `page` varchar(200) NOT NULL DEFAULT '',
  `postalerts` varchar(15) NOT NULL DEFAULT 'enabled',
  `posts` int(11) NOT NULL DEFAULT '0',
  `recposts` int(11) NOT NULL DEFAULT '0',
  `helpposts` int(11) NOT NULL DEFAULT '0',
  `newalert` tinyint(1) NOT NULL DEFAULT '0',
  `alert` text NOT NULL,
  `cashstolen` decimal(65,0) NOT NULL DEFAULT '0',
  `ganked` decimal(65,0) unsigned NOT NULL DEFAULT '0',
  `level` int(4) NOT NULL DEFAULT '1',
  `rank` decimal(65,0) unsigned NOT NULL DEFAULT '99999',
  `nrank` decimal(65,0) unsigned NOT NULL DEFAULT '99999',
  `frank` int(5) NOT NULL DEFAULT '99999',
  `farank` decimal(65,0) unsigned NOT NULL DEFAULT '99999',
  `srank` int(5) NOT NULL DEFAULT '99999',
  `sarank` decimal(65,0) unsigned NOT NULL DEFAULT '99999',
  `killrank` int(5) NOT NULL DEFAULT '99999',
  `lvl1rank` decimal(65,0) unsigned NOT NULL DEFAULT '99999',
  `lvl2rank` decimal(65,0) unsigned NOT NULL DEFAULT '99999',
  `lvl3rank` decimal(65,0) unsigned NOT NULL DEFAULT '99999',
  `lvl1frank` decimal(65,0) unsigned NOT NULL DEFAULT '99999',
  `lvl2frank` decimal(65,0) unsigned NOT NULL DEFAULT '99999',
  `lvl3frank` decimal(65,0) unsigned NOT NULL DEFAULT '99999',
  `lvl1krank` decimal(65,0) unsigned NOT NULL DEFAULT '99999',
  `lvl2krank` decimal(65,0) unsigned NOT NULL DEFAULT '99999',
  `lvl3krank` decimal(65,0) unsigned NOT NULL DEFAULT '99999',
  `skillrank` int(5) NOT NULL DEFAULT '99999',
  `fkillrank` int(5) NOT NULL DEFAULT '99999',
  `arank` decimal(65,0) unsigned NOT NULL DEFAULT '99999',
  `totalkills` double unsigned NOT NULL DEFAULT '0',
  `transfers` char(3) NOT NULL DEFAULT 'no',
  `trans` tinyint(3) unsigned NOT NULL DEFAULT '0',
  `medals` varchar(255) NOT NULL DEFAULT 'enabled',
  `cbmsg` tinyint(3) unsigned NOT NULL DEFAULT '0',
  `recmoney` decimal(65,0) unsigned NOT NULL DEFAULT '0',
  `cmoney` decimal(65,0) unsigned NOT NULL DEFAULT '0',
  `callies` varchar(255) NOT NULL DEFAULT 'enabled',
  `images` varchar(255) NOT NULL DEFAULT 'enabled',
  `amsg` tinyint(3) unsigned NOT NULL DEFAULT '0',
  `stfmsg` tinyint(3) unsigned NOT NULL DEFAULT '0',
  `ctrans` tinyint(3) unsigned NOT NULL DEFAULT '0',
  `rmsg` tinyint(3) unsigned NOT NULL DEFAULT '0',
  `camsg` tinyint(3) unsigned NOT NULL DEFAULT '0',
  `msg` tinyint(3) unsigned NOT NULL DEFAULT '0',
  `msgsent` bigint(20) NOT NULL DEFAULT '0',
  `atk` tinyint(3) unsigned NOT NULL DEFAULT '0',
  `ivt` tinyint(3) unsigned NOT NULL DEFAULT '0',
  `cmsg` tinyint(3) unsigned NOT NULL DEFAULT '0',
  PRIMARY KEY (`id`),
  KEY `rank` (`rank`),
  KEY `nrank` (`nrank`)
) ENGINE=MyISAM AUTO_INCREMENT=58 DEFAULT CHARSET=latin1;

--
-- Dumping data for table `r158_pimp`
--

INSERT INTO `r158_pimp` VALUES (1,'Admin','slay','M&tT..2.05.2','0','141.149.183.40','pool-141-149-183-40.bos.east.verizon.net','7a89d9867e077c7921bce0fb61b763d0','','admin','none','yes','0','normal',14400,50000,2000,0,0,0,0,0,0,0,58095250,50000000,0,0,10,0,0,0,1000,0,0,1000,0,0,0,0,0,1000,1000,0,100,100,100,250000,250000,0,250000,250000,10,0,10,0,10,0,0,1000,1000,0,0,0,0,0,1,0,0,'',1282428026,0,0,'','','','','',0,0,0,0,0,0,0,0,0,0,'enabled',5,'enabled','Whosonline','enabled',0,0,0,0,'',0,0,1,23,52,99999,99999,99999,99999,99999,99999,99999,99999,49,99999,99999,99999,99999,99999,99999,99999,55,0,'no',0,'enabled',0,0,0,'enabled','enabled',0,0,0,0,0,0,1,0,0,0),(2,'Cato','cato','ds24b','0','68.175.44.189','cpe-68-175-44-189.nyc.res.rr.com','7606a66aea0dd5ca12610b08c10e1d21','','normal','none','yes','0','normal',7715,0,0,0,0,0,0,0,2052,44733626402,142037823902,43254642350,0,0,1,273649,386955,0,1000,0,0,1000,0,0,0,0,0,1000,661604,0,86,100,100,1500000,1500000,0,3152000,250000,10,0,10,0,10,0,0,25947785,1000,0,0,0,0,0,2,9,0,'',1282404815,0,0,'','','','','',0,0,0,0,0,0,60,1282404793,0,0,'enabled',5,'enabled','Free Ranks','enabled',0,0,1,0,'',0,0,1,6,26,21,24,99999,99999,99999,99999,99999,99999,25,99999,99999,99999,99999,99999,99999,2,30,0,'no',0,'enabled',0,0,0,'enabled','enabled',0,0,0,0,0,0,0,0,0,0),(3,'West_Coast_Killa','Ice_Cube','Paul34Pierce','0','207.81.27.206','d207-81-27-206.bchsia.telus.net','bf84a7db8e2f17a375e8af68a8e47f56','','normal','none','yes','0','normal',4610,50000,3000,0,0,0,0,0,0,21830328811,68959207561,20944501773,0,0,0,0,0,0,485320,0,0,390123,0,0,0,0,0,390123,485320,0,100,100,100,1282414,1213300,0,1365431,250000,0,0,0,0,0,0,0,12567701,1000,0,0,0,0,0,4,4,0,'',1282413859,0,0,'','','','','',0,0,0,0,0,0,60,1282413825,0,0,'enabled',5,'enabled','Main Menu','enabled',0,0,0,0,'',0,0,1,3,34,27,31,99999,99999,99999,99999,99999,99999,33,99999,99999,99999,99999,99999,99999,3,38,0,'no',0,'enabled',0,0,0,'enabled','enabled',0,0,0,0,0,0,0,0,0,0),(4,'InCoGnItO','scar_face_84','nissan','0','0.0.0.0','','46e39435c76db4598e845021afb39ca7','','normal','none','yes','0','normal',14400,50000,2000,0,0,0,0,0,0,0,65976500,57881250,0,0,10,0,0,0,1000,0,0,1000,0,0,0,0,0,1000,1000,0,100,100,100,250000,250000,0,250000,250000,10,0,10,0,10,0,0,1000,1000,0,0,0,0,0,1,0,0,'',1281971154,0,0,'','','','','',0,0,0,0,0,0,0,0,0,0,'enabled',5,'enabled','','enabled',19,0,4,0,'',0,0,1,21,53,44,44,99999,99999,99999,99999,99999,99999,46,99999,99999,99999,99999,99999,99999,4,52,0,'no',0,'enabled',0,0,0,'enabled','enabled',0,0,0,0,0,0,0,0,2,0),(5,'Destroyr_of_Worlds','MeatMan03','samdaman123','0','24.0.163.36','c-24-0-163-36.hsd1.nj.comcast.net','e5822f2c4701b43816a498b1288d4dd4','','normal','none','yes','0','normal',0,0,0,0,30000,30000,0,0,581393297421,582804593043,585655459293,0,0,0,0,0,0,0,814741,0,0,592995,0,0,0,0,0,592995,814741,0,50,92,100,0,0,0,889493,250000,1,0,0,0,0,0,0,760231,1000,0,0,0,0,0,3,3,0,'',1282428012,0,0,'','Destruction has begun!','','','',0,0,0,0,0,0,60,1282427949,0,0,'enabled',5,'enabled','Whosonline','enabled',0,0,0,0,'',0,0,2,1,1,1,1,99999,99999,99999,99999,99999,99999,99999,1,99999,99999,99999,99999,99999,5,1,0,'no',0,'enabled',0,0,0,'enabled','enabled',0,0,0,0,0,0,10,0,0,0),(6,'Veritas','Khair','K.pussaw','0','201.160.154.230','201.160.154.230.cable.dyn.cableonline.com.mx','dc8d242c0f017aced9ec4925ffd42cfd','','normal','none','yes','0','normal',0,0,0,0,0,0,0,0,393499897604,394903777731,394907531481,57881250,0,0,0,0,0,0,672468,0,0,463615,0,0,0,0,0,463615,672468,0,100,0,100,2438217,0,0,51784040,250000,10,0,10,0,10,0,0,1000,1000,0,0,0,0,0,1,9,0,'',1282428011,0,0,'','','','','',0,0,0,0,0,0,60,1282427990,0,0,'enabled',5,'enabled','Main Menu','enabled',0,0,0,0,'',0,0,1,4,7,5,6,99999,99999,99999,99999,99999,99999,5,99999,99999,99999,99999,99999,99999,6,8,0,'no',0,'enabled',0,0,0,'enabled','enabled',0,0,0,0,0,0,0,0,0,0),(7,'Haven','generalhaven','kernalfro','0','173.26.225.210','173-26-225-210.client.mchsi.com','37be41b6c262ed9fc5b10b196c9f5374','','normal','none','yes','0','normal',7600,50000,3000,0,0,0,0,0,690,1067435102,2782508852,0,0,0,1,0,0,0,622428,0,0,436656,0,0,0,0,0,436656,622428,0,100,100,100,1085548,1085548,0,1002055,250000,0,0,0,0,0,0,0,457353,1000,0,0,0,0,0,1,4,0,'',1282405271,0,0,'','','','','',0,0,0,0,0,0,60,1282405140,0,0,'enabled',5,'enabled','PunkS Family','enabled',0,0,0,0,'',0,0,1,18,40,33,36,99999,99999,99999,99999,99999,99999,38,99999,99999,99999,99999,99999,99999,7,44,0,'no',0,'enabled',0,0,0,'enabled','enabled',0,0,0,0,0,0,0,0,0,0),(8,'lucky','paytokill','18111971','0','213.46.83.222','d83222.upc-d.chello.nl','5499894099ecd0a472b858ddd71de9ac','','normal','none','yes','0','normal',14401,0,0,0,0,0,0,0,3172,23949522490,115044342490,23048720510,0,0,10,0,0,0,237489,0,0,183544,164374,249087,0,0,0,597005,237489,0,100,100,100,54879360,758352,0,53884848,250000,10,0,10,0,10,0,0,24291951,1000,0,0,0,0,0,2,7,0,'',1282379363,0,0,'','','','','',0,0,0,0,0,0,60,1282379218,0,0,'enabled',5,'enabled','Voting','enabled',13,0,4,0,'',0,0,1,7,31,24,26,99999,99999,99999,99999,99999,99999,28,99999,99999,99999,99999,99999,99999,8,33,0,'no',0,'enabled',0,0,0,'enabled','enabled',0,0,0,0,0,0,5,0,0,0),(9,'KingKong','mrash','fiesta89','0','78.146.14.4','78.146.14.4','64d8c3fa5620bb77f39c32242b921a1a','','normal','none','yes','0','normal',2600,0,0,0,0,0,0,0,772,43130054289,143343411789,41253711657,0,0,10,324900,527512,0,1000,0,0,1000,0,0,0,0,0,1000,853412,0,86,100,100,1000000,1000000,0,681590,250000,10,0,10,0,10,0,0,26723561,1000,0,0,0,0,0,2,1,0,'Underboss',1282419938,0,0,'','','','','',0,0,0,0,0,0,60,1282419660,0,0,'enabled',5,'enabled','Global Ranks Sorted','enabled',0,0,0,0,'',0,0,1,5,27,22,23,99999,99999,99999,99999,99999,99999,24,99999,99999,99999,99999,99999,99999,9,29,0,'no',0,'enabled',0,0,0,'enabled','enabled',0,0,0,0,0,0,0,0,0,0),(10,'LeatherNutz','mcjimmy','mcjimmy','0','188.28.253.133','188.28.253.133.threembb.co.uk','9659c76617ebb008b2fd2e6e43fc4a66','','supporter','none','yes','0','normal',298,1,0,0,1,1,0,0,4989,26852576490,216343436490,26835366181,0,0,10,0,0,0,6083,0,0,5,6160,9307,0,0,0,15472,6083,0,86,100,100,300000,300000,0,460580,250000,10,0,10,0,10,0,0,50530895,1000,13,0,0,0,34,2,8,0,'',1282428049,1282422794,57,'','Finish the rest of my ops, Someone Did a bad job at it.','','','',0,0,0,0,0,0,60,1282427459,0,0,'enabled',5,'enabled','Main Menu','enabled',0,0,0,0,'',1132433663,0,2,3,29,99999,99999,6,5,99999,99999,99999,99999,99999,5,99999,99999,99999,99999,6,99999,25,65137,'no',0,'enabled',0,0,0,'enabled','enabled',0,0,0,0,0,0,10,0,0,0),(11,'YaKillaCJ','DaBoiCJ','yaboipass','0','98.242.128.137','c-98-242-128-137.hsd1.fl.comcast.net','93c9ebca589a22408ab0269610e3e28d','','supporter','none','yes','1','normal',576,0,0,0,0,0,1,3000,19498370779,80246925235,228768416485,60563515749,0,0,0,0,0,0,0,0,0,0,59547,65148,0,0,0,0,0,0,0,100,100,15400743,0,0,26737241,250000,10,0,10,0,10,0,0,39605730,1000,11,0,6,12,56,3,5,0,'',1282502202,1282411203,14,'','','','','',0,0,0,0,0,0,0,0,0,0,'enabled',5,'enabled','Main Menu','enabled',6,0,4,0,'',4179190911,17933044291,2,4,17,4,99999,3,4,99999,99999,99999,99999,99999,4,99999,99999,99999,99999,4,9,20,129361,'no',0,'enabled',0,0,0,'enabled','enabled',0,0,0,0,0,0,0,28,0,0),(12,'stetson-man','ray44837','janice','0','209.188.100.2','ats100-2.cloudnet.com','c9e6473d0693f0d8cdee0087e73cf029','','normal','none','yes','0','normal',5215,0,2000,0,0,0,0,0,3,27900717705,109195885455,27450249071,0,0,0,0,0,0,249542,0,0,200585,0,0,0,0,0,200585,249542,0,50,100,100,131,0,0,0,250000,10,0,10,0,164701504,25599840,0,88593,1000,0,0,0,0,0,3,1,0,'Underboss',1282412351,0,0,'','','','','',0,0,0,0,0,0,60,1282412291,0,0,'enabled',5,'enabled','Main Menu','enabled',19,0,4,0,'',0,0,1,6,28,23,28,99999,99999,99999,99999,99999,99999,30,99999,99999,99999,99999,99999,99999,10,35,0,'no',0,'enabled',0,0,0,'enabled','enabled',0,0,0,0,0,0,0,0,0,1),(13,'StarMcFly','Kinglito','spellman10','0','69.119.46.186','ool-45772eba.dyn.optonline.net','b23920282f06d2eee56783acbd2698a8','','normal','none','yes','0','normal',27400,0,0,0,0,0,0,0,161460812923,162195284673,223122989673,57881250,0,0,1,0,0,0,394971,0,0,281278,0,0,0,0,0,281278,404089,0,50,90,100,0,0,0,0,250000,10,0,10,0,10,0,0,16247387,1000,0,0,0,0,0,1,4,0,'',1282428001,0,0,'','','','','',0,0,0,0,0,0,60,1282427993,0,0,'enabled',5,'enabled','Making Purchases','enabled',0,0,1,0,'',0,0,1,11,11,9,17,99999,99999,99999,99999,99999,99999,17,99999,99999,99999,99999,99999,99999,11,21,0,'no',0,'enabled',0,0,0,'enabled','enabled',0,0,0,0,0,0,0,0,0,0),(14,'The_Deadman','The_Deadman','august30','0','97.113.9.32','97-113-9-32.tukw.qwest.net','2dd4f3d7d65bb461bcca36e7aac5eaf6','','supporter','none','yes','0','normal',1438,0,0,0,0,0,0,0,17587799565,60979135647,180047380647,42909737430,0,0,0,0,0,0,480246,0,0,0,0,0,0,0,0,0,489466,0,0,0,100,0,0,0,252788,250000,10,0,10,0,10,0,0,31751531,1000,0,0,12,56,34,3,8,0,'',1282428003,1282428003,11,'','','','','',428490,0,0,0,0,0,60,1282427990,0,0,'enabled',5,'enabled','Attacks','enabled',0,0,0,0,'',17933046161,4179190911,1,5,22,99999,99999,5,6,99999,99999,99999,99999,22,99999,99999,99999,99999,99999,2,99999,27,320720,'no',0,'enabled',0,0,0,'enabled','enabled',0,0,0,0,0,0,1,1,0,0),(15,'F','The_book_keeper','candy167','0','74.96.144.246','pool-74-96-144-246.washdc.fios.verizon.net','1e10daa919c1bcc6349863492ee5b603','','normal','none','yes','0','normal',14400,50000,2000,0,0,0,0,0,0,433978750,437732500,57881250,0,0,10,0,0,0,214649,0,0,159107,0,0,0,0,0,159107,214649,0,100,0,100,250000,250000,0,250000,250000,10,0,10,0,10,0,0,1000,1000,0,0,0,0,0,1,0,0,'',1282332324,0,0,'','','','','',0,0,0,0,0,0,60,1282332310,0,0,'enabled',5,'enabled','F profile','enabled',19,0,4,0,'',0,0,1,20,48,41,43,99999,99999,99999,99999,99999,99999,45,99999,99999,99999,99999,99999,99999,12,51,0,'no',0,'enabled',0,0,0,'enabled','enabled',0,0,0,0,0,0,0,0,0,0),(16,'Back2School','Gotti_Girl','Back2School2','0','99.190.186.96','99-190-186-96.lightspeed.lsvlky.sbcglobal.net','ea46fa9dd6aa2c24be749e2fb959bca6','','supporter','none','yes','0','normal',2000,0,0,0,0,0,0,0,2,24885261214,128620326214,23829657808,0,0,1,0,0,0,200818,0,0,0,0,0,0,0,0,0,200818,0,75,0,100,75601448,111548430,0,111134254,250000,1,0,0,0,0,0,0,27662684,1000,10,0,0,0,40,1,8,0,'Underboss',1282430447,1282422946,57,'','','','','',0,0,0,0,0,0,60,1282421618,0,0,'enabled',5,'enabled','Main Menu','enabled',0,0,0,0,'',0,0,1,14,30,99999,99999,7,7,99999,99999,99999,99999,27,99999,99999,99999,99999,99999,5,99999,32,96701,'no',0,'enabled',0,0,0,'enabled','enabled',0,0,0,0,0,0,0,20,0,6),(17,'CAZ','CAZ','123abc','0','95.145.134.13','95.145.134.13','0a43742177aea60edbf211c1f553572c','','normal','none','yes','0','normal',12091,0,0,0,0,0,0,0,1763,7259397155,80911013405,6470315512,0,0,1,0,0,0,464032,0,0,315647,0,0,0,0,0,315647,464032,0,100,100,100,1160080,1160080,0,1104765,250000,10,0,10,0,10,0,0,19640430,1000,0,0,0,0,0,3,13,0,'',1282391474,0,0,'','','','','',0,0,0,0,0,0,60,1282391409,0,0,'enabled',5,'enabled','TKO profile','enabled',0,0,4,0,'',0,0,1,7,37,30,30,99999,99999,99999,99999,99999,99999,32,99999,99999,99999,99999,99999,99999,13,37,0,'no',0,'enabled',0,0,0,'enabled','enabled',0,0,0,0,0,0,0,0,0,0),(18,'NaRko','NaRko','mike1990','0','97.102.174.21','21.174.102.97.cfl.res.rr.com','5d36a1a61e564f50e70df5c7887a30d9','','normal','none','yes','0','normal',0,0,0,0,0,0,0,0,254872012223,259291617315,265063962315,0,0,0,5,0,0,0,449389,0,0,323759,90620,127551,0,0,0,541930,449389,0,100,100,100,418681995,440705655,0,449057783,250000,10,0,10,0,10,0,0,1539291,1000,0,0,0,0,0,1,7,0,'Underboss',1282428014,0,0,'','i wonder what happens if i click this button... (oops, did i just hit you?)','','','',0,0,0,0,0,0,60,1282427943,0,0,'enabled',5,'enabled','Main Menu','enabled',0,0,0,0,'',0,0,1,9,10,8,14,99999,99999,99999,99999,99999,99999,13,99999,99999,99999,99999,99999,99999,14,16,0,'no',0,'enabled',0,0,0,'enabled','enabled',0,0,0,0,0,0,0,0,0,0),(19,'eladg','eladg23','a3511g23','0','84.229.180.13','IGLD-84-229-180-13.inter.net.il','3ac2eecaa68348ea2e59acdc1911036c','','normal','none','yes','0','normal',6202,0,0,0,0,0,0,0,6308184,89807544353,292064833103,89050234805,0,0,1,0,0,0,556249,0,0,187234,0,0,0,0,0,187234,556249,0,94,100,100,1390623,1390623,0,403593,250000,10,0,10,0,10,0,0,53935276,1000,0,0,0,26,0,3,5,0,'Underboss',1282409489,0,0,'','','','','',0,0,0,0,0,0,0,0,0,0,'enabled',5,'enabled','Global Ranks','enabled',19,0,4,0,'',0,350,1,2,14,12,10,99999,99999,99999,99999,99999,99999,9,99999,99999,99999,99999,99999,99999,1,12,333130,'no',0,'enabled',0,0,0,'enabled','enabled',0,0,0,0,0,1,0,0,0,0),(20,'Specdro','Specdro','SurfStile82','0','76.106.157.62','c-76-106-157-62.hsd1.fl.comcast.net','c622f057567507fa29146e891688bf92','','normal','none','yes','0','normal',14400,50000,2000,0,0,0,0,0,0,478105750,481859500,57881250,0,0,10,0,0,0,240707,0,0,177176,0,0,0,0,0,177176,240707,0,100,0,100,250000,250000,0,250000,250000,10,0,10,0,10,0,0,1000,1000,0,0,0,0,0,4,10,0,'',1282341917,0,0,'','','','','',0,0,0,0,0,0,60,1282235734,0,0,'enabled',5,'enabled','Main Menu','enabled',19,0,4,0,'',0,0,1,6,47,40,42,99999,99999,99999,99999,99999,99999,44,99999,99999,99999,99999,99999,99999,15,50,0,'no',0,'enabled',0,0,0,'enabled','enabled',0,1,0,0,0,1,0,0,1,0),(21,'HawkY','glockman','C001690559','0','68.209.16.202','adsl-068-209-016-202.sip.asm.bellsouth.net','000a971ebca8b488f3ba96e2d8f371a4','','normal','none','yes','0','normal',0,0,0,0,0,0,0,0,463679741484,464740612984,468015052984,0,0,0,1,0,0,0,619324,0,0,441206,0,0,0,0,0,441206,619324,0,50,90,100,0,0,0,0,250000,10,0,10,0,10,0,0,873183,1000,0,0,0,0,0,1,2,0,'',1282428005,0,0,'','','','','',0,0,0,0,0,0,60,1282427990,0,0,'enabled',5,'enabled','bia profile','enabled',0,0,0,0,'',0,0,1,2,3,2,2,99999,99999,99999,99999,99999,99999,2,99999,99999,99999,99999,99999,99999,16,3,0,'no',0,'enabled',0,0,0,'enabled','enabled',0,0,0,0,0,0,6,0,0,0),(22,'missy','Missy','999999999','0','99.128.40.234','adsl-99-128-40-234.dsl.chi2ca.sbcglobal.net','4571fc9240996f49598f783e239715c7','','normal','none','yes','0','normal',10000,0,0,0,0,0,0,0,4963,23696637738,111806873988,23207523191,0,0,1,0,0,0,267802,0,0,185801,0,0,0,0,0,185801,267802,0,100,100,100,5000000,5000000,0,3791271,250000,10,0,10,0,10,0,0,23496062,1000,0,0,0,0,0,5,14,0,'',1282397490,0,0,'','','','','',0,0,0,0,0,0,60,1282397476,0,0,'enabled',5,'enabled','Main Menu','enabled',19,0,4,0,'',0,0,1,6,32,25,27,99999,99999,99999,99999,99999,99999,29,99999,99999,99999,99999,99999,99999,17,34,0,'no',0,'enabled',0,0,0,'enabled','enabled',0,0,0,0,0,0,0,0,0,1),(23,'Renegade','Yahway616','monojayz1','0','71.205.146.143','c-71-205-146-143.hsd1.mi.comcast.net','69f6edbcd4aff3c55a22281aec1aed06','','normal','none','yes','0','normal',112,0,3000,0,0,0,0,0,409112817238,410071936738,428821940488,0,0,0,0,0,0,0,556352,0,0,402426,0,0,0,0,0,402426,556352,0,50,90,100,0,0,0,0,250000,10,0,10,0,10,0,0,5000000,1000,0,0,0,0,0,1,2,0,'',1282428388,0,0,'','','','','',0,0,0,0,0,0,60,1282427967,0,0,'enabled',5,'enabled','Global Ranks','enabled',0,0,0,0,'',0,0,1,3,5,3,3,99999,99999,99999,99999,99999,99999,3,99999,99999,99999,99999,99999,99999,18,4,0,'no',0,'enabled',0,0,0,'enabled','enabled',0,0,0,0,0,0,1,0,0,0),(24,'bia','bia','marius','0','85.167.34.183','ti0117a380-0695.bb.online.no','3ac6a843848bda23268510fb735e8630','','supporter','none','yes','0','normal',0,0,0,0,0,0,0,0,467891395885,469442211156,472023021156,0,0,0,1,0,0,0,617845,0,0,397809,0,0,0,0,0,397809,617225,0,86,100,100,0,45755441,0,99388362,250000,10,0,10,0,10,0,0,688215,1000,0,0,0,0,0,1,3,0,'',1282427987,0,0,'','','','','',0,0,0,0,0,0,60,1282427968,0,0,'enabled',5,'enabled','Supporter Ranks','enabled',0,0,0,0,'',0,0,1,1,2,25,99999,1,1,99999,99999,99999,99999,1,99999,99999,99999,99999,99999,7,19,2,0,'no',0,'enabled',0,0,0,'enabled','enabled',0,0,0,0,0,0,8,0,0,0),(25,'Osva991','osva991','anglija','0','109.78.40.91','109.78.40.91','db654783c783251dbf619cd457a42c3d','','normal','none','yes','0','normal',14400,0,0,0,0,0,0,0,1,17870051261,221613825011,16174835341,0,0,1,315471,445871,0,1000,0,0,1000,0,0,0,0,0,1000,762342,0,86,100,100,1906162,1905855,0,1207798,250000,10,0,10,0,10,0,0,54331672,1000,0,0,0,0,0,1,0,0,'',1282377522,0,0,'','','','','',0,0,0,0,0,0,60,1282377483,0,0,'enabled',5,'enabled','Global Ranks','enabled',19,0,4,0,'',0,0,1,12,36,29,19,99999,99999,99999,99999,99999,99999,19,99999,99999,99999,99999,99999,99999,20,23,0,'no',0,'enabled',0,0,0,'enabled','enabled',0,0,0,0,0,0,0,0,1,0),(26,'COLT','gsrcolt','brown2053','0','74.194.135.15','r74-194-135-15.rsvlcmta01.rlvlar.lr.dh.suddenlink.net','f486e0beb89a2959ce9aad5d5cdc8c7a','','supporter','none','yes','0','normal',13965,0,3000,0,0,0,0,0,52,75520802299,257828173549,68618353455,0,0,1,2053,3619,0,521485,0,0,0,0,0,0,0,0,0,527157,0,75,0,100,6359634293,1317893,0,1165955,250000,10,0,10,0,10,0,0,48615298,1000,0,0,0,0,26,3,4,0,'',1282428067,1282409258,19,'','','','','',0,0,0,0,0,0,60,1282404776,0,0,'enabled',5,'enabled','Supporter Ranks','enabled',19,0,4,0,'',350,0,1,3,19,14,99999,4,3,99999,99999,99999,99999,14,99999,99999,99999,99999,99999,3,22,17,186994,'no',0,'enabled',0,0,0,'enabled','enabled',0,0,0,0,0,0,3,0,0,0),(27,'StAcKs','only1stacks','cashrules','0','174.214.72.133','133.sub-174-214-72.myvzw.com','5548c80f066117647be5c804b6e3f313','','normal','none','yes','0','normal',6800,0,2000,0,0,0,0,0,852,49186239107,218316894107,48063344755,0,0,1,0,0,0,635027,0,0,454458,2053,2481,0,0,0,458992,635027,0,100,100,100,700000,700000,0,7000000,250000,10,0,10,0,0,0,0,45101508,1000,0,0,0,0,0,1,2,0,'',1282425186,0,0,'','','','','',0,0,0,0,0,0,60,1282407602,0,0,'enabled',5,'enabled','The_Deadman profile','enabled',0,0,2,0,'',0,0,1,13,24,19,20,99999,99999,99999,99999,99999,99999,20,99999,99999,99999,99999,99999,99999,21,24,0,'no',0,'enabled',0,0,0,'enabled','enabled',0,0,0,0,0,0,6,0,0,2),(28,'killykillykillykil','pimp_2800','193728465','0','67.215.156.181','dhcp-0-1f-e2-5b-32-4b.cpe.quickclic.net','9bee1f2b07b1506e19da4d9f84406bcb','','normal','none','yes','0','normal',0,0,0,0,0,0,0,0,1612,555432018,149012190768,57881250,0,0,10,0,0,0,281422,0,0,210031,0,0,0,0,0,210031,281422,0,100,100,100,703555,703555,0,735109,250000,10,0,10,0,10,0,0,39588468,1000,0,0,0,0,0,5,4,0,'',1282427716,0,0,'','','','','',0,0,0,0,0,0,60,1282427693,0,0,'enabled',5,'enabled','Global Ranks','enabled',1,0,4,0,'',0,0,1,5,46,39,22,99999,99999,99999,99999,99999,99999,23,99999,99999,99999,99999,99999,99999,22,28,0,'no',0,'enabled',0,0,0,'enabled','enabled',0,0,0,0,0,0,0,0,0,0),(29,'8sec','busaguy','lilguy01','0','67.206.83.194','gro-auto-dc1.groauto.com','d6f7e80e16e4cebd67acfc5dc13ee9da','','normal','none','yes','0','normal',0,0,0,0,0,0,0,0,399711020145,400679931895,403529388145,57881250,0,0,1,0,0,0,523439,0,0,387250,0,0,0,0,0,387250,523439,0,50,90,100,0,0,0,0,250000,10,0,10,0,10,0,0,759854,1000,0,0,0,0,0,2,5,0,'',1282428008,0,0,'','','','','',0,0,0,0,0,0,60,1282427944,0,0,'enabled',5,'enabled','Attack','enabled',0,0,0,0,'',0,0,1,2,6,4,5,99999,99999,99999,99999,99999,99999,4,99999,99999,99999,99999,99999,99999,23,7,0,'no',0,'enabled',0,0,0,'enabled','enabled',0,0,0,0,0,0,0,0,0,0),(30,'i_pLaY_nAkEd','iplaynaked','252007','0','97.106.184.83','83-184.106-97.tampabay.res.rr.com','a5949003c7754a4cb3803199037fac0b','','normal','none','yes','0','normal',400,0,0,0,0,0,0,0,329784267877,330830333377,333504604627,0,0,0,1,0,0,0,596921,0,0,431276,14372,20682,0,0,0,466330,597993,0,50,100,100,0,0,0,0,250000,10,0,10,0,10,400500,0,633038,1000,0,0,0,0,0,1,2,0,'',1282428001,0,0,'','','','','',0,0,0,0,0,0,60,1282427979,0,0,'enabled',5,'enabled','attacking Berzerkster','enabled',0,0,4,0,'',0,0,1,5,8,6,7,99999,99999,99999,99999,99999,99999,6,99999,99999,99999,99999,99999,99999,24,9,0,'no',0,'enabled',0,0,0,'enabled','enabled',0,0,0,0,0,0,0,0,0,2),(31,'Mr_KillahMic','jhazy','mobster1','0','71.54.180.117','fl-71-54-180-117.dhcp.embarqhsd.net','d4e3b7e5987c0f9623e1bbcb058fc0a9','','normal','none','yes','0','normal',5025,0,0,0,0,0,0,0,2398,21406934247,222330655497,19500927291,0,0,0,328049,467424,0,1000,0,0,1000,0,0,0,0,0,1000,796473,0,86,100,100,10637911,27858653,0,13619672,250000,10,0,10,0,10,0,0,53579658,1000,0,0,0,0,0,5,8,0,'',1282412799,0,0,'','','','','',0,0,0,0,0,0,60,1282412778,0,0,'enabled',5,'enabled','Making Purchases','enabled',2,0,4,0,'',0,0,1,4,35,28,18,99999,99999,99999,99999,99999,99999,18,99999,99999,99999,99999,99999,99999,25,22,0,'no',0,'enabled',0,0,0,'enabled','enabled',0,0,0,0,0,0,2,0,0,7),(32,'Fry','FryDaMan','Fryman','0','68.83.113.59','c-68-83-113-59.hsd1.nj.comcast.net','ae4e360b88c421ce23cc033cadc56973','','normal','none','yes','0','normal',14400,50000,2000,0,0,0,0,0,0,626939250,630693000,57881250,0,0,10,108413,146842,0,1000,0,0,1000,0,0,0,0,0,1000,256255,0,86,100,100,250000,250000,0,250000,250000,10,0,10,0,10,0,0,1000,1000,0,0,0,0,0,1,3,0,'',1282192205,0,0,'','','','','',0,0,0,0,0,0,60,1282190621,0,0,'enabled',5,'enabled','Main Menu','enabled',19,0,4,0,'',0,0,1,19,44,37,41,99999,99999,99999,99999,99999,99999,43,99999,99999,99999,99999,99999,99999,26,49,0,'no',0,'enabled',1,0,0,'enabled','enabled',0,0,0,0,0,0,0,0,0,0),(33,'kdogg','trukdogg','123456789','0','98.250.40.68','c-98-250-40-68.hsd1.mi.comcast.net','69656c323d7e9c75dcc134feb989e479','','normal','none','yes','0','normal',600,0,2000,0,0,0,0,0,2470,716081470,201185928970,0,0,0,1,0,0,0,374005,0,0,270597,59545,82726,0,0,0,412868,374005,0,50,90,100,0,0,0,0,250000,10,0,10,0,0,0,0,53458626,1000,0,0,0,0,0,2,1,0,'Underboss',1282428009,0,0,'','','','','',0,0,0,0,0,0,60,1282427680,0,0,'enabled',5,'enabled','Main Menu','enabled',10,0,4,0,'',0,0,1,4,42,35,21,99999,99999,99999,99999,99999,99999,21,99999,99999,99999,99999,99999,99999,27,26,0,'no',0,'enabled',0,0,0,'enabled','enabled',0,0,0,0,0,0,12,0,0,0),(34,'Zerox','Phynx','firestorm','0','90.210.202.216','5ad2cad8.bb.sky.com','a75e78570f275afbf780b27e2eac1802','','normal','none','yes','0','normal',0,0,0,0,0,0,0,0,137046954830,137602964330,137938563080,0,0,0,1,0,0,0,327774,0,0,227894,0,0,0,0,0,227894,331504,0,50,24,100,0,0,0,0,250000,10,0,10,0,10,0,0,89492,1000,0,0,0,0,0,4,0,0,'',1282428026,0,0,'','','','','',0,0,0,0,0,0,60,1282427970,0,0,'enabled',5,'enabled','Global Ranks','enabled',19,0,4,0,'',0,0,1,2,12,10,25,99999,99999,99999,99999,99999,99999,26,99999,99999,99999,99999,99999,99999,28,31,0,'no',0,'enabled',0,0,0,'enabled','enabled',0,0,0,0,0,0,0,0,0,0),(35,'xxxSpader79','xxxSpader79','stinknugget','0','76.106.157.62','c-76-106-157-62.hsd1.fl.comcast.net','cadda84e52f0f1985efe545fe21eaa68','','normal','none','yes','0','normal',14400,50000,2000,0,0,0,0,0,0,637254750,641008500,57881250,0,0,10,0,0,0,355911,0,0,221121,0,0,0,0,0,221121,355911,0,94,0,100,250000,250000,0,250000,250000,10,0,10,0,10,0,0,1000,1000,0,0,0,0,0,3,3,0,'',1282355982,0,0,'','','','','',0,0,0,0,0,0,60,1282355729,0,0,'enabled',5,'enabled','Main Menu','enabled',0,0,4,0,'',0,0,1,10,43,36,40,99999,99999,99999,99999,99999,99999,42,99999,99999,99999,99999,99999,99999,29,48,0,'no',0,'enabled',0,0,0,'enabled','enabled',0,0,0,0,0,0,0,0,0,0),(36,'K','faisal','pakistan','0','90.218.208.194','5adad0c2.bb.sky.com','a8ed53f35a1cea256db8af8570e4652d','','normal','none','yes','0','normal',2800,0,2000,0,0,0,0,0,55,22424810735,59651964485,17524461200,0,0,10,226926,247648,0,1000,0,0,1000,0,0,0,0,0,1000,475574,0,86,100,100,103777310,1095733454,0,111104827,250000,10,0,10,0,10,0,0,9927240,1000,0,0,0,0,0,1,14,0,'',1282420977,0,0,'','','','','',0,0,0,0,0,0,60,1282420272,0,0,'enabled',5,'enabled','Main Menu','enabled',19,0,4,0,'',0,0,1,16,33,26,33,99999,99999,99999,99999,99999,99999,35,99999,99999,99999,99999,99999,99999,30,40,0,'no',0,'enabled',0,0,0,'enabled','enabled',0,0,0,0,0,1,5,0,0,0),(37,'TKO','zayah','mafia','0','203.193.211.123','203.193.211.123','4d16810200f55cf3a8030673420f907b','','normal','none','yes','0','normal',13000,0,0,0,62000,62000,0,0,984,109594573485,428160893985,108630152973,0,0,1,0,0,0,576640,0,0,376402,0,0,0,0,0,376402,576640,0,100,100,100,1441600,1441600,0,1317407,250000,10,0,10,0,11,1,1,84951017,1000,0,0,0,0,0,5,14,0,'',1282389958,0,0,'','JUST FOR FUN','','','',0,0,0,0,0,0,60,1282388709,0,0,'enabled',5,'enabled','Global Ranks','enabled',0,0,1,0,'',0,0,2,1,13,11,4,99999,99999,99999,99999,99999,99999,99999,2,99999,99999,99999,99999,99999,31,5,0,'no',0,'enabled',0,0,0,'enabled','enabled',0,0,0,0,0,0,2,0,0,1),(38,'Pimptress','pimptress','KNPIMPTRESS1','0','68.200.45.4','4-45.200-68.tampabay.res.rr.com','9383540494967c16eecd740db46058a1','','supporter','none','yes','1','normal',470,0,0,0,5000,5000,1,3000,328431503654,418416738890,420643563890,88927700428,0,0,1,0,0,0,596466,0,0,424984,0,0,0,0,0,424984,596862,0,100,100,100,4473495,4473495,0,4462332,250000,10,0,10,0,10,0,0,593819,1000,0,0,0,0,0,2,5,0,'',1282428020,0,0,'','','','','',0,0,0,0,0,0,60,1282427983,0,0,'enabled',5,'enabled','collecting','enabled',11,0,0,0,'',0,0,2,1,4,2,99999,2,2,99999,99999,99999,99999,99999,3,99999,99999,99999,99999,99999,32,6,0,'no',0,'enabled',0,0,0,'enabled','enabled',0,0,0,0,0,0,0,0,0,0),(39,'XxXxXxXxXxXxXxXxXx','napie1','426234','0','121.121.195.194','121.121.195.194','55e35c44787a15a496eef47c69bf7d49','','normal','none','yes','0','normal',14400,50000,2000,0,0,0,0,0,4400,210758452,1720849702,0,0,0,1,0,0,0,123016,0,0,87234,0,0,0,0,0,87234,123016,0,50,95,100,0,0,0,40638,250000,10,0,10,0,10,0,0,402690,1000,0,0,0,0,0,3,7,0,'',1282216521,0,0,'','','','','',0,0,0,0,0,0,60,1282216364,0,0,'enabled',5,'enabled',' Board','enabled',13,0,4,0,'',0,0,1,9,50,43,38,99999,99999,99999,99999,99999,99999,40,99999,99999,99999,99999,99999,99999,33,46,0,'no',0,'enabled',0,0,0,'enabled','enabled',0,0,0,0,0,0,0,0,0,1),(40,'ROB','rob','hmichmic','0','71.41.149.142','fiber.ranchwireless.com','96b95de17ee2822a94516baa68ee9678','','normal','none','yes','0','normal',14474,50000,2000,0,0,0,0,0,4594,817342008,7392472008,57881250,0,0,1,0,0,0,428390,0,0,322659,0,0,0,0,0,322659,428390,0,100,100,100,1000000,1079964,0,956443,250000,10,0,10,0,10,0,0,1753367,1000,0,0,0,0,0,2,5,0,'',1282493871,0,0,'','','','','',0,0,0,0,0,0,60,1282372138,0,0,'enabled',5,'enabled','Main Menu','enabled',0,0,4,0,'',0,0,1,9,41,34,35,99999,99999,99999,99999,99999,99999,37,99999,99999,99999,99999,99999,99999,34,43,0,'no',0,'enabled',0,0,0,'enabled','enabled',0,0,0,0,0,0,0,0,0,0),(41,'Flame','ankh','copper','0','24.253.215.41','ip24-253-215-41.ok.ok.cox.net','7f676e71e1d5ae0ca8f8f9ef4c6fc80b','','normal','none','yes','0','normal',8200,0,0,0,0,0,0,0,0,64494156376,319765836376,61017104427,0,0,0,0,0,0,557450,0,0,391082,0,0,0,0,0,391082,557450,0,100,100,100,672389860,386254435,0,174341696,250000,0,0,0,0,10,0,0,68072447,1000,0,0,0,0,0,4,1,0,'',1282443830,0,0,'','','','','',0,0,0,0,0,0,60,1282402824,0,0,'enabled',5,'enabled','LEGACY Family','enabled',0,0,1,0,'',0,0,1,1,21,17,8,99999,99999,99999,99999,99999,99999,7,99999,99999,99999,99999,99999,99999,35,10,0,'no',0,'enabled',0,0,0,'enabled','enabled',0,0,0,0,0,3,46,0,0,1),(42,'DOLLA-50','DOLLA-50','JUSTIN123','0','207.255.85.218','207-255-85-218-dhcp.aoo.pa.atlanticbb.net','12cefca09e08d95d6d8a0a5ea3556101','','normal','none','yes','0','normal',885,0,2000,0,0,0,0,0,81405753849,85513821349,104892111349,0,0,0,1,0,0,0,1336147,0,0,950642,58373,82601,0,0,0,1091616,1336147,0,50,90,100,0,0,0,0,250000,10,0,10,10772,10,0,0,5167543,1000,0,0,0,0,0,1,7,0,'',1282428022,0,0,'','','','','',0,0,0,0,0,0,60,1282427901,0,0,'enabled',5,'enabled','Main Menu','enabled',0,0,2,0,'',0,0,1,15,16,14,29,99999,99999,99999,99999,99999,99999,31,99999,99999,99999,99999,99999,99999,36,36,0,'no',0,'enabled',0,0,0,'enabled','enabled',0,0,0,0,0,0,7,0,0,0),(43,'DreamKiller','koldhands','austin615','0','74.236.254.86','adsl-074-236-254-086.sip.owb.bellsouth.net','9faae356580524dc2b1ccf61c38aaf7b','','normal','none','yes','0','normal',1800,0,0,0,0,0,0,0,4623,58405694704,280194528454,57441649509,0,0,0,0,0,0,534997,0,0,417507,0,0,0,0,0,417507,534997,0,100,100,100,1337493,1337493,0,1461275,250000,10,0,10,0,10,0,0,59143688,1000,0,0,0,0,0,1,1,0,'',1282422381,0,0,'','','','','',0,0,0,0,0,0,60,1282422366,0,0,'enabled',5,'enabled','Free Ranks','enabled',0,0,1,0,'',0,0,1,6,23,18,11,99999,99999,99999,99999,99999,99999,10,99999,99999,99999,99999,99999,99999,37,13,0,'no',0,'enabled',0,0,0,'enabled','enabled',0,0,0,0,0,0,17,0,0,1),(44,'Steven','Voltage','strong18','0','166.187.40.194','mobile-166-187-040-194.mycingular.net','549f81777acb1665e435d9d5ea12d561','','normal','none','yes','0','normal',6285,0,0,0,0,0,0,0,383,86801697913,279695686663,85739590222,0,0,1,0,0,0,617952,0,0,431592,0,0,0,0,0,431592,617952,0,100,100,100,1544880,1544880,0,1510572,250000,10,0,10,0,10,0,0,51438396,1000,0,0,0,0,0,1,2,0,'',1282410233,0,0,'','','','','',0,0,0,0,0,0,60,1282409355,0,0,'enabled',5,'enabled','Main Menu','enabled',0,0,0,0,'',0,0,1,7,15,13,12,99999,99999,99999,99999,99999,99999,11,99999,99999,99999,99999,99999,99999,38,14,0,'no',0,'enabled',0,0,0,'enabled','enabled',0,0,0,0,0,0,1,0,0,1),(45,'CBR','plonkey','gogogo','0','118.208.177.124','ppp118-208-177-124.lns20.bne4.internode.on.net','857b6c7d41b5ae3b066395710cbf0c4a','','normal','none','yes','0','normal',12089,30000,2000,0,0,0,0,0,3085,3478463749,9521472499,2576200016,0,0,0,0,0,0,522167,0,0,375718,0,0,0,0,0,375718,522167,0,100,100,100,509185,509185,0,499352,250000,10,0,10,0,10,0,0,1611468,1000,0,0,0,0,0,2,9,0,'',1282398792,0,0,'','','','','',0,0,0,0,0,0,60,1282398716,0,0,'enabled',5,'enabled','Family board','enabled',16,0,4,0,'',0,0,1,8,39,32,34,99999,99999,99999,99999,99999,99999,36,99999,99999,99999,99999,99999,99999,39,42,0,'no',0,'enabled',0,0,0,'enabled','enabled',0,0,0,0,0,0,1,0,1,0),(46,'Sophie24','sophie24','4colbychad4','0','65.96.121.212','c-65-96-121-212.hsd1.vt.comcast.net','86f4a40089e8dc233fc2f8461349096a','','normal','none','yes','0','normal',14400,50000,0,0,0,0,0,0,4267,595822767,2734661517,0,0,0,10,0,0,0,338120,0,0,253357,0,0,0,0,0,253357,338120,0,100,100,100,500000,500000,0,500000,250000,10,0,10,0,10,0,0,570356,1000,0,0,0,0,0,4,7,0,'',1282276798,0,0,'','','','','',0,0,0,0,0,0,60,1282276758,0,0,'enabled',5,'enabled','GAMBINO Family','enabled',2,0,4,0,'',0,0,1,4,45,38,37,99999,99999,99999,99999,99999,99999,39,99999,99999,99999,99999,99999,99999,40,45,0,'no',0,'enabled',0,0,0,'enabled','enabled',0,0,0,0,0,0,0,0,0,0),(47,'Mikevman','mikevman','vmanvv','0','68.7.107.185','ip68-7-107-185.sd.sd.cox.net','35d496e116829280377cd80e8d27d639','','normal','none','yes','0','normal',4400,0,0,0,0,0,0,0,0,4029215507,310014383507,57881250,0,0,20,0,0,0,728638,0,0,510655,0,0,0,0,0,510655,728638,0,100,100,100,163523188,105791839,0,235994013,250000,10,0,10,8042,10,4,0,81596043,1000,0,0,0,0,0,5,12,0,'',1282414355,0,0,'','','','','',0,0,0,0,0,0,60,1282414224,0,0,'enabled',5,'enabled','Mehhh Family','enabled',0,0,0,0,'',0,0,1,2,38,31,9,99999,99999,99999,99999,99999,99999,8,99999,99999,99999,99999,99999,99999,41,11,0,'no',0,'enabled',0,0,0,'enabled','enabled',0,0,0,0,0,0,3,0,1,0),(51,'blackNIGGER','freakydead','443881387617','0','124.82.0.78','82.124.in-addr.arpa.tm.net.my','413882cb606f87ab42f0956ec27b0f2a','','banned','none','yes','0','normal',14551,50000,2000,0,0,0,0,0,1500,0,0,52500000,0,0,1,30800,41365,0,1000,0,0,1000,165700,217362,0,0,0,384062,73165,0,100,4,100,233238,237778,0,250000,250000,0,0,0,0,10,0,0,12228,1000,0,0,0,0,0,2,0,0,'',1282414903,0,0,'','','','','',0,0,0,0,0,0,60,1282341396,0,0,'enabled',5,'enabled','Main Menu','enabled',13,0,4,0,'',0,0,1,99999,99999,99999,99999,99999,99999,99999,99999,99999,99999,99999,99999,99999,99999,99999,99999,99999,44,99999,0,'no',0,'enabled',0,0,0,'enabled','enabled',0,0,0,0,0,0,1,0,0,0),(48,'Berzerkster','8-BALL','bobdog','0','98.234.132.34','c-98-234-132-34.hsd1.ca.comcast.net','614f868dd691e836e9682383a44a3ba6','','normal','none','yes','0','normal',40,0,0,0,0,0,0,0,272801003693,273666283443,275965483443,57881250,0,0,1,0,0,0,466580,0,0,340477,0,0,0,0,0,340477,465440,0,50,90,100,0,0,0,0,250000,10,0,10,0,10,0,0,613119,1000,0,0,0,0,0,1,8,0,'',1282428003,0,0,'','','','','',0,0,0,0,0,0,60,1282427994,0,0,'enabled',5,'enabled','Global Ranks','enabled',14,0,4,0,'',0,0,1,8,9,7,13,99999,99999,99999,99999,99999,99999,12,99999,99999,99999,99999,99999,99999,42,15,0,'no',0,'enabled',0,0,0,'enabled','enabled',0,0,0,0,0,0,0,0,0,7),(49,'Lady_M','Lady_Madonna','01queenb22','0','69.141.191.239','c-69-141-191-239.hsd1.pa.comcast.net','125c6e1e8bccf8a51074bd3f3d1d7181','','normal','none','yes','0','normal',11070,0,0,0,0,0,0,0,318,75306271700,245862031700,74401239546,0,0,1,0,0,0,531199,0,0,363096,0,0,0,0,0,363096,531199,0,100,100,100,1327998,1327998,0,1270836,250000,10,0,10,0,10,0,0,45481535,1000,0,0,0,0,0,5,9,0,'',1282396083,0,0,'','','','','',0,0,0,0,0,0,60,1282395963,0,0,'enabled',5,'enabled','Family board','enabled',0,0,4,0,'',0,0,1,3,20,16,15,99999,99999,99999,99999,99999,99999,15,99999,99999,99999,99999,99999,99999,43,18,0,'no',0,'enabled',0,0,0,'enabled','enabled',0,0,0,0,0,0,2,0,1,0),(50,'HEADHUNTER','plow187','jiondae2469','0','208.54.35.86','m562336d0.tmodns.net','e32be35584a6fddf0f50e56d3256199b','','normal','none','yes','0','normal',4000,0,2000,0,0,0,0,0,3686,46162605728,64772966978,9339177958,0,0,10,246381,317026,0,1000,0,0,1000,170393,251220,0,0,0,422613,564407,0,100,100,100,1411018,1411018,0,1256878,250000,10,0,10,217536,10,0,0,4962762,1000,0,0,0,0,0,3,9,0,'',1282415843,0,0,'','','','','',0,0,0,0,0,0,60,1282415781,0,0,'enabled',5,'enabled','Blackout Family','enabled',13,0,4,0,'',0,0,1,8,25,20,32,99999,99999,99999,99999,99999,99999,34,99999,99999,99999,99999,99999,99999,44,39,0,'no',0,'enabled',0,0,0,'enabled','enabled',0,0,0,0,0,0,0,0,0,0),(53,'tight_lipps_toni','moodymama','05072010','0','99.152.2.131','adsl-99-152-2-131.dsl.rcfril.sbcglobal.net','71e64a73b09bfe541054877bb2012738','','normal','none','yes','0','normal',14400,50000,2000,0,0,0,0,0,0,0,63220250,55125000,0,0,10,0,0,0,1000,0,0,1000,0,0,0,0,0,1000,1000,0,100,100,100,250000,250000,0,250000,250000,10,0,10,0,10,0,0,1000,1000,0,0,0,0,0,2,0,0,'',1282329905,0,0,'','','','','',0,0,0,0,0,0,0,0,0,0,'enabled',5,'enabled','Main Menu','enabled',5,0,4,0,'',0,0,1,10,54,45,45,99999,99999,99999,99999,99999,99999,47,99999,99999,99999,99999,99999,99999,45,53,0,'no',0,'enabled',0,0,0,'enabled','enabled',0,0,0,0,0,0,1,0,1,0),(56,'NOTORIOUS','codyh_23','137115c','0','0.0.0.0','','d6eecb3853732441a3a228fdb19093e9','','normal','none','yes','0','normal',14400,50000,2000,0,0,0,0,0,0,0,58095250,50000000,0,0,10,0,0,0,1000,0,0,1000,0,0,0,0,0,1000,1000,0,100,100,100,250000,250000,0,250000,250000,10,0,10,0,10,0,0,1000,1000,0,0,0,0,0,1,0,0,'',1282376797,0,0,'','','','','',0,0,0,0,0,0,0,0,0,0,'enabled',5,'enabled','','enabled',0,0,2,0,'',0,0,1,24,55,46,47,99999,99999,99999,99999,99999,99999,50,99999,99999,99999,99999,99999,99999,46,56,0,'no',0,'enabled',0,0,0,'enabled','enabled',0,0,0,0,0,0,0,0,0,0),(52,'mashedpootato','monkeyboy_7_182','randalthor','0','82.17.100.115','cpc3-derb1-0-0-cust114.8-3.cable.virginmedia.com','7e92307540432c4dfc4c7d2edee256cf','','normal','none','yes','0','normal',2800,0,0,0,0,0,0,0,6390765272,77878206224,239594109974,70818003284,0,0,1,0,0,0,401823,0,0,266495,0,0,0,0,0,266495,401823,0,50,97,100,0,0,0,194542,250000,10,0,10,0,10,0,0,43124240,1000,0,0,0,0,0,1,15,0,'',1282465306,0,0,'','','','','',0,0,0,0,0,0,60,1282419277,0,0,'enabled',5,'enabled','Global Ranks','enabled',8,0,4,0,'',0,0,1,10,18,15,16,99999,99999,99999,99999,99999,99999,16,99999,99999,99999,99999,99999,99999,47,19,0,'no',0,'enabled',0,0,0,'enabled','enabled',0,0,0,0,0,0,3,0,1,0),(55,'Killa','TheKilla','tekee09','0','207.98.176.97','dynamic-207-98-176-97.knology.net','4b956f376e2dfd91336e417fe99b4212','','normal','none','yes','0','normal',14400,29000,2000,0,0,0,0,0,1655200,382117508,1285871258,33075000,0,0,10,0,0,0,154257,0,0,106337,71867,93069,0,0,0,271273,154257,0,100,82,100,319935,436411,0,588660,250000,10,0,10,0,10,0,79000,201500,1000,0,0,0,0,0,4,11,0,'',1282274648,0,0,'','','','','',0,0,0,0,0,0,60,1282274626,0,0,'enabled',5,'enabled','Making Purchases','enabled',2,0,4,0,'',0,0,1,5,49,42,39,99999,99999,99999,99999,99999,99999,41,99999,99999,99999,99999,99999,99999,48,47,0,'no',0,'enabled',0,0,0,'enabled','enabled',0,0,0,0,0,0,0,0,0,0),(54,'ViolentJ','ViolentJ','master2006','0','69.141.191.249','c-69-141-191-249.hsd1.pa.comcast.net','e0fa3d8e798d2b71f0037964de6a3de3','','normal','none','yes','0','normal',14400,50000,2000,0,0,0,0,0,0,0,63220250,55125000,0,0,10,0,0,0,1000,0,0,1000,0,0,0,0,0,1000,1000,0,100,100,100,250000,250000,0,250000,250000,10,0,10,0,10,0,0,1000,1000,0,0,0,0,0,1,0,0,'',1282333653,0,0,'','','','','',0,0,0,0,0,0,0,0,0,0,'enabled',5,'enabled','Main Menu','enabled',0,0,4,0,'',0,0,1,22,56,47,46,99999,99999,99999,99999,99999,99999,48,99999,99999,99999,99999,99999,99999,49,54,0,'no',0,'enabled',0,0,0,'enabled','enabled',0,1,0,0,0,0,0,0,0,0),(57,'KillU4Fun','godshand','scottb86','0','68.200.45.4','4-45.200-68.tampabay.res.rr.com','65f0149e32db44ebba8c9b920efab31c','','supporter','none','yes','0','normal',1600,0,0,0,20000,20000,0,0,1935,119994163,11985515413,0,0,0,1,0,0,0,105441,0,0,0,632,24962,0,0,0,25594,105441,0,92,100,100,263603,263603,0,89579,250000,10,0,10,0,10,0,0,3164138,1000,0,0,44,96,0,1,0,0,'',1282425311,0,0,'','','','','',530325,0,0,0,0,0,0,0,0,0,'enabled',5,'enabled','Main Menu','enabled',0,0,0,0,'',0,1132435533,2,17,51,99999,99999,8,8,99999,99999,99999,99999,99999,6,99999,99999,99999,99999,1,99999,41,466089,'no',0,'enabled',0,0,0,'enabled','enabled',0,0,0,0,0,0,9,0,0,0);

--
-- Table structure for table `r159_city`
--

CREATE TABLE `r159_city` (
  `id` tinyint(1) NOT NULL AUTO_INCREMENT,
  `name` varchar(255) NOT NULL DEFAULT '',
  `country` varchar(32) NOT NULL DEFAULT '',
  PRIMARY KEY (`id`)
) ENGINE=MyISAM AUTO_INCREMENT=6 DEFAULT CHARSET=latin1;

--
-- Dumping data for table `r159_city`
--

INSERT INTO `r159_city` VALUES (1,'New York',''),(2,'Chicago',''),(3,'Miami',''),(4,'Los Angeles',''),(5,'Las Vegas','');

--
-- Table structure for table `r159_crew`
--

CREATE TABLE `r159_crew` (
  `id` int(6) unsigned NOT NULL AUTO_INCREMENT,
  `name` varchar(18) NOT NULL DEFAULT '',
  `don` varchar(18) NOT NULL DEFAULT '',
  `founder` varchar(18) NOT NULL DEFAULT '',
  `members` smallint(6) NOT NULL DEFAULT '1',
  `profile` varchar(255) NOT NULL DEFAULT '',
  `icon` varchar(255) NOT NULL DEFAULT '',
  `city` tinyint(3) unsigned NOT NULL DEFAULT '1',
  `rank` decimal(65,0) unsigned NOT NULL DEFAULT '99999',
  `networth` decimal(65,0) unsigned NOT NULL DEFAULT '0',
  `cofounder` varchar(18) NOT NULL DEFAULT '',
  `money` decimal(65,0) unsigned NOT NULL DEFAULT '50000',
  `condom` decimal(65,0) unsigned NOT NULL DEFAULT '500',
  `crack` decimal(65,0) unsigned NOT NULL DEFAULT '500',
  `medicine` decimal(65,0) unsigned NOT NULL DEFAULT '500',
  `thug` decimal(65,0) unsigned NOT NULL DEFAULT '500',
  `beer` decimal(65,0) unsigned NOT NULL DEFAULT '0',
  `weed` decimal(65,0) unsigned NOT NULL DEFAULT '0',
  `glock` decimal(65,0) unsigned NOT NULL DEFAULT '0',
  `shotgun` decimal(65,0) unsigned NOT NULL DEFAULT '0',
  `uzi` decimal(65,0) unsigned NOT NULL DEFAULT '0',
  `ak47` decimal(65,0) unsigned NOT NULL DEFAULT '0',
  `bank` decimal(65,0) unsigned NOT NULL DEFAULT '50000',
  `lowrider` decimal(65,0) unsigned NOT NULL DEFAULT '0',
  `cbank` decimal(65,0) unsigned NOT NULL DEFAULT '0',
  `title` varchar(255) NOT NULL DEFAULT '',
  `tnetworth` decimal(65,0) NOT NULL DEFAULT '0',
  `finalrank` decimal(65,0) unsigned NOT NULL DEFAULT '0',
  `motd` text NOT NULL,
  `tbank` decimal(65,0) unsigned NOT NULL DEFAULT '2000',
  `exten` smallint(6) NOT NULL DEFAULT '0',
  `ivt` tinyint(3) unsigned NOT NULL DEFAULT '0',
  `uploads` smallint(6) NOT NULL DEFAULT '0',
  PRIMARY KEY (`id`)
) ENGINE=MyISAM AUTO_INCREMENT=15 DEFAULT CHARSET=latin1;

--
-- Dumping data for table `r159_crew`
--

INSERT INTO `r159_crew` VALUES (1,'PunkS','West_Coast_Killa','West_Coast_Killa',8,'','../images/icons/159/th_PUNKSgif1235001127.gif12825 14454',4,6,60635096420,'Haven',50000,500,500,500,500,0,0,0,0,0,0,50000,0,0,'',140689816109,5,'',2000,0,0,1),(2,'Flying_SOLO','HawkY','HawkY',12,'','../images/icons/159/Flying_solo.gif1282514485',1,1,343522028915,'Renegade',50000,500,500,500,500,0,0,0,0,0,0,50000,0,18374365738,'',1684424052150,1,'',2000,0,0,1),(3,'CuseBallers','bia','bia',10,'','',3,5,45572561202,'Destroyr_of_Worlds',50000,500,500,500,500,0,0,0,0,0,0,50000,0,2000000000,'',75597261327,6,'',2000,0,0,0),(4,'LEGACY','Flame','Flame',15,'','../images/icons/159/legacy_gif1263739235.gif128251 4993',5,3,114174407786,'DreamKiller',50000,500,500,500,500,0,0,0,0,0,0,50000,0,0,'',367924503807,4,'',2000,0,0,1),(5,'FaRnBrOOkS','albertdcosta','albertdcosta',1,'','',4,8,27462317,'',50000,500,500,500,500,0,0,0,0,0,0,50000,0,151810017,'',179272334,8,'',2000,0,0,0),(6,'Fearless_Army','ROB','ROB',9,'','../images/icons/159/locoincubus(1).gif1228691670.g if1282519368',2,2,145858463712,'BaitCJ',50000,500,500,500,500,0,0,0,0,0,0,50000,0,4813409163,'',419297970375,3,'We best of the Best of Best. So lets act like it.',2000,0,0,1),(7,'GrInD_HoUsE','LeatherNutz','LeatherNutz',5,'','../images/icons/159/SKULL.gif1268513008.gif.gif128 2515365',4,4,103625943080,'Rampage_Jackson',50000,500,500,500,500,0,0,0,0,0,0,50000,0,20004106,'',450488211936,2,'',2000,0,0,1),(13,'Mafia','gangsterg','gangsterg',1,'','',1,9,17600199,'',50000,500,500,500,500,0,0,0,0,0,0,50000,0,0,'',20907699,10,'',2000,0,0,0),(12,'da','pp','pp',1,'','',3,10,2335,'',50000,500,500,500,500,0,0,0,0,0,0,50000,0,0,'',190681585,7,'',2000,0,0,0),(14,'lol','eminem','eminem',1,'','',1,7,46766386,'',50000,500,500,500,500,0,0,0,0,0,0,50000,0,0,'',107636386,9,'',2000,0,0,0);

--
-- Table structure for table `r159_extens`
--

CREATE TABLE `r159_extens` (
  `id` int(6) unsigned NOT NULL AUTO_INCREMENT,
  `name` varchar(18) NOT NULL DEFAULT '',
  `don` varchar(18) NOT NULL DEFAULT '',
  `founder` varchar(18) NOT NULL DEFAULT '',
  `cofounder` varchar(18) NOT NULL DEFAULT '',
  `members` smallint(6) NOT NULL DEFAULT '1',
  `profile` varchar(255) NOT NULL DEFAULT '',
  `icon` varchar(255) NOT NULL DEFAULT '',
  `city` tinyint(3) unsigned NOT NULL DEFAULT '1',
  `networth` decimal(65,0) unsigned NOT NULL DEFAULT '0',
  `tnetworth` decimal(65,0) NOT NULL DEFAULT '0',
  `bank` decimal(65,0) unsigned NOT NULL DEFAULT '50000',
  `cbank` decimal(65,0) unsigned NOT NULL DEFAULT '0',
  `title` varchar(255) NOT NULL DEFAULT '',
  `rank` decimal(65,0) unsigned NOT NULL DEFAULT '99999',
  `finalrank` decimal(65,0) unsigned NOT NULL DEFAULT '0',
  `motd` text NOT NULL,
  `tbank` decimal(65,0) unsigned NOT NULL DEFAULT '2000',
  `exten` smallint(6) NOT NULL DEFAULT '0',
  PRIMARY KEY (`id`)
) ENGINE=MyISAM DEFAULT CHARSET=latin1;

--
-- Dumping data for table `r159_extens`
--


--
-- Table structure for table `r159_pimp`
--

CREATE TABLE `r159_pimp` (
  `id` mediumint(8) unsigned NOT NULL AUTO_INCREMENT,
  `pimp` varchar(18) NOT NULL DEFAULT '',
  `user` varchar(255) NOT NULL DEFAULT '',
  `pass` varchar(32) NOT NULL DEFAULT '',
  `email` varchar(255) NOT NULL DEFAULT '',
  `ip` varchar(15) NOT NULL DEFAULT '0.0.0.0',
  `host` varchar(255) NOT NULL DEFAULT '',
  `code` varchar(43) NOT NULL DEFAULT '',
  `pin` varchar(32) NOT NULL DEFAULT '',
  `status` varchar(12) NOT NULL DEFAULT 'normal',
  `staffstatus` varchar(12) NOT NULL DEFAULT 'none',
  `showstaff` varchar(12) NOT NULL DEFAULT 'yes',
  `subscribe` varchar(12) NOT NULL DEFAULT '0',
  `workstatus` varchar(12) NOT NULL DEFAULT 'normal',
  `trn` int(10) unsigned NOT NULL DEFAULT '1000',
  `res` int(10) unsigned NOT NULL DEFAULT '2000',
  `tbank` decimal(65,0) unsigned NOT NULL DEFAULT '2000',
  `maxadd` decimal(65,0) unsigned NOT NULL DEFAULT '0',
  `cadd` decimal(65,0) unsigned NOT NULL DEFAULT '0',
  `fadd` decimal(65,0) unsigned NOT NULL DEFAULT '0',
  `sub` decimal(65,0) unsigned NOT NULL DEFAULT '0',
  `maxed` decimal(65,0) unsigned NOT NULL DEFAULT '0',
  `money` decimal(65,0) unsigned NOT NULL DEFAULT '0',
  `networth` decimal(65,0) unsigned NOT NULL DEFAULT '0',
  `totnet` decimal(65,0) unsigned NOT NULL DEFAULT '0',
  `bank` decimal(65,0) unsigned NOT NULL DEFAULT '50000000',
  `bank2` decimal(65,0) unsigned NOT NULL DEFAULT '0',
  `bank3` decimal(65,0) unsigned NOT NULL DEFAULT '0',
  `payout` tinyint(3) unsigned NOT NULL DEFAULT '10',
  `whore` decimal(65,0) unsigned NOT NULL DEFAULT '0',
  `dealers` decimal(65,0) unsigned NOT NULL DEFAULT '0',
  `bootleggers` decimal(65,0) unsigned NOT NULL DEFAULT '0',
  `hustlers` decimal(65,0) unsigned NOT NULL DEFAULT '1000',
  `punks` decimal(65,0) unsigned NOT NULL DEFAULT '0',
  `punk` decimal(65,0) unsigned NOT NULL DEFAULT '0',
  `hitmen` decimal(65,0) unsigned NOT NULL DEFAULT '1000',
  `bodyguards` decimal(65,0) unsigned NOT NULL DEFAULT '0',
  `thug` decimal(65,0) unsigned NOT NULL DEFAULT '0',
  `associates` decimal(65,0) unsigned NOT NULL DEFAULT '0',
  `soldiers` decimal(65,0) unsigned NOT NULL DEFAULT '0',
  `enforcers` decimal(65,0) unsigned NOT NULL DEFAULT '0',
  `totaldus` double unsigned NOT NULL DEFAULT '1000',
  `totalops` double unsigned NOT NULL DEFAULT '1000',
  `totaloffensives` double unsigned NOT NULL DEFAULT '0',
  `whappy` tinyint(3) unsigned NOT NULL DEFAULT '100',
  `thappy` tinyint(3) unsigned NOT NULL DEFAULT '100',
  `phappy` tinyint(3) unsigned NOT NULL DEFAULT '100',
  `condom` decimal(65,0) unsigned NOT NULL DEFAULT '250000',
  `crack` decimal(65,0) unsigned NOT NULL DEFAULT '250000',
  `medicine` decimal(65,0) unsigned NOT NULL DEFAULT '0',
  `weed` decimal(65,0) unsigned NOT NULL DEFAULT '250000',
  `beer` decimal(65,0) unsigned NOT NULL DEFAULT '250000',
  `lowrider` decimal(65,0) unsigned NOT NULL DEFAULT '10',
  `hummer` decimal(65,0) unsigned NOT NULL DEFAULT '0',
  `viper` decimal(65,0) unsigned NOT NULL DEFAULT '10',
  `bmxbike` decimal(65,0) unsigned NOT NULL DEFAULT '0',
  `glock` decimal(65,0) unsigned NOT NULL DEFAULT '10',
  `shotgun` decimal(65,0) unsigned NOT NULL DEFAULT '0',
  `uzi` decimal(65,0) unsigned NOT NULL DEFAULT '0',
  `ak47` decimal(65,0) unsigned NOT NULL DEFAULT '1000',
  `vests` decimal(65,0) unsigned NOT NULL DEFAULT '1000',
  `attin` int(10) unsigned NOT NULL DEFAULT '0',
  `revattin` int(10) unsigned NOT NULL DEFAULT '0',
  `attout` int(10) unsigned NOT NULL DEFAULT '0',
  `attackout` decimal(65,0) NOT NULL DEFAULT '0',
  `attackin` decimal(65,0) NOT NULL DEFAULT '0',
  `city` tinyint(3) unsigned NOT NULL DEFAULT '1',
  `crew` bigint(20) unsigned NOT NULL DEFAULT '0',
  `crewext` bigint(20) unsigned NOT NULL DEFAULT '0',
  `ctitle` varchar(18) NOT NULL DEFAULT '',
  `online` int(12) unsigned NOT NULL DEFAULT '0',
  `lastattack` int(12) unsigned NOT NULL DEFAULT '0',
  `lastattackby` int(11) unsigned NOT NULL DEFAULT '0',
  `profile` varchar(255) NOT NULL DEFAULT '',
  `description` varchar(255) NOT NULL DEFAULT '',
  `descriptionfont` varchar(255) NOT NULL DEFAULT '',
  `descriptioncolor` varchar(255) NOT NULL DEFAULT '',
  `descriptionstyle` varchar(255) NOT NULL DEFAULT '',
  `whorek` decimal(65,0) NOT NULL DEFAULT '0',
  `thugk` decimal(65,0) NOT NULL DEFAULT '0',
  `infok` decimal(65,0) NOT NULL DEFAULT '0',
  `punkk` decimal(65,0) NOT NULL DEFAULT '0',
  `hitmenk` decimal(65,0) NOT NULL DEFAULT '0',
  `bodyguardsk` decimal(65,0) NOT NULL DEFAULT '0',
  `protection` int(11) NOT NULL DEFAULT '0',
  `protectstarted` int(12) NOT NULL DEFAULT '0',
  `newprotection` int(11) NOT NULL DEFAULT '0',
  `nprotectstarted` int(12) NOT NULL DEFAULT '0',
  `postpriv` varchar(12) NOT NULL DEFAULT 'enabled',
  `defaultturns` int(12) NOT NULL DEFAULT '5',
  `sounds` varchar(18) NOT NULL DEFAULT 'enabled',
  `page` varchar(200) NOT NULL DEFAULT '',
  `postalerts` varchar(15) NOT NULL DEFAULT 'enabled',
  `posts` int(11) NOT NULL DEFAULT '0',
  `recposts` int(11) NOT NULL DEFAULT '0',
  `helpposts` int(11) NOT NULL DEFAULT '0',
  `newalert` tinyint(1) NOT NULL DEFAULT '0',
  `alert` text NOT NULL,
  `cashstolen` decimal(65,0) NOT NULL DEFAULT '0',
  `ganked` decimal(65,0) unsigned NOT NULL DEFAULT '0',
  `level` int(4) NOT NULL DEFAULT '1',
  `rank` decimal(65,0) unsigned NOT NULL DEFAULT '99999',
  `nrank` decimal(65,0) unsigned NOT NULL DEFAULT '99999',
  `frank` int(5) NOT NULL DEFAULT '99999',
  `farank` decimal(65,0) unsigned NOT NULL DEFAULT '99999',
  `srank` int(5) NOT NULL DEFAULT '99999',
  `sarank` decimal(65,0) unsigned NOT NULL DEFAULT '99999',
  `killrank` int(5) NOT NULL DEFAULT '99999',
  `lvl1rank` decimal(65,0) unsigned NOT NULL DEFAULT '99999',
  `lvl2rank` decimal(65,0) unsigned NOT NULL DEFAULT '99999',
  `lvl3rank` decimal(65,0) unsigned NOT NULL DEFAULT '99999',
  `lvl1frank` decimal(65,0) unsigned NOT NULL DEFAULT '99999',
  `lvl2frank` decimal(65,0) unsigned NOT NULL DEFAULT '99999',
  `lvl3frank` decimal(65,0) unsigned NOT NULL DEFAULT '99999',
  `lvl1krank` decimal(65,0) unsigned NOT NULL DEFAULT '99999',
  `lvl2krank` decimal(65,0) unsigned NOT NULL DEFAULT '99999',
  `lvl3krank` decimal(65,0) unsigned NOT NULL DEFAULT '99999',
  `skillrank` int(5) NOT NULL DEFAULT '99999',
  `fkillrank` int(5) NOT NULL DEFAULT '99999',
  `arank` decimal(65,0) unsigned NOT NULL DEFAULT '99999',
  `totalkills` double unsigned NOT NULL DEFAULT '0',
  `transfers` char(3) NOT NULL DEFAULT 'no',
  `trans` tinyint(3) unsigned NOT NULL DEFAULT '0',
  `medals` varchar(255) NOT NULL DEFAULT 'enabled',
  `cbmsg` tinyint(3) unsigned NOT NULL DEFAULT '0',
  `recmoney` decimal(65,0) unsigned NOT NULL DEFAULT '0',
  `cmoney` decimal(65,0) unsigned NOT NULL DEFAULT '0',
  `callies` varchar(255) NOT NULL DEFAULT 'enabled',
  `images` varchar(255) NOT NULL DEFAULT 'enabled',
  `amsg` tinyint(3) unsigned NOT NULL DEFAULT '0',
  `stfmsg` tinyint(3) unsigned NOT NULL DEFAULT '0',
  `ctrans` tinyint(3) unsigned NOT NULL DEFAULT '0',
  `rmsg` tinyint(3) unsigned NOT NULL DEFAULT '0',
  `camsg` tinyint(3) unsigned NOT NULL DEFAULT '0',
  `msg` tinyint(3) unsigned NOT NULL DEFAULT '0',
  `msgsent` bigint(20) NOT NULL DEFAULT '0',
  `atk` tinyint(3) unsigned NOT NULL DEFAULT '0',
  `ivt` tinyint(3) unsigned NOT NULL DEFAULT '0',
  `cmsg` tinyint(3) unsigned NOT NULL DEFAULT '0',
  PRIMARY KEY (`id`),
  KEY `rank` (`rank`),
  KEY `nrank` (`nrank`)
) ENGINE=MyISAM AUTO_INCREMENT=84 DEFAULT CHARSET=latin1;

--
-- Dumping data for table `r159_pimp`
--

INSERT INTO `r159_pimp` VALUES (1,'Admin','slay','M&tT..2.05.2','0','141.149.183.40','pool-141-149-183-40.bos.east.verizon.net','7a89d9867e077c7921bce0fb61b763d0','','admin','none','yes','0','normal',2500,15000,2000,0,0,0,0,0,0,0,78450271,70355021,0,0,10,0,0,0,1000,0,0,1000,0,0,0,0,0,1000,1000,0,100,100,100,250000,250000,0,250000,250000,10,0,10,0,10,0,0,1000,1000,0,0,0,0,0,2,0,0,'',1283119254,0,0,'','','','','',0,0,0,0,0,0,0,0,0,0,'enabled',5,'enabled','Whosonline','enabled',0,0,0,0,'',0,0,1,12,68,99999,99999,99999,99999,99999,42,99999,99999,28,99999,99999,41,99999,99999,99999,99999,54,0,'no',0,'enabled',0,0,0,'enabled','enabled',0,0,0,0,0,0,65,0,0,0),(2,'i_pLaY_nAkEd','iplaynaked','252007','0','97.106.184.83','83-184.106-97.tampabay.res.rr.com','a5949003c7754a4cb3803199037fac0b','','normal','none','yes','0','normal',2500,15000,3000,0,0,0,0,0,0,64869500,64869500,0,0,0,10,0,0,0,62528,0,0,0,0,0,0,0,0,0,62528,0,75,0,100,250000,250000,0,250000,250000,10,0,10,0,0,0,0,0,1000,0,0,0,0,68,3,2,0,'',1282763016,1282763345,46,'','','','','',0,0,0,0,0,0,60,1282763016,0,0,'enabled',5,'enabled','Recruiting','enabled',120,5,0,0,'',0,0,1,10,50,99999,62,99999,99999,99999,30,99999,99999,45,99999,99999,17,99999,99999,99999,99999,71,1088,'no',0,'enabled',0,0,0,'enabled','enabled',0,0,0,0,0,0,10,10,1,100),(3,'K','faisal','pakistan','0','94.9.102.151','5e096697.bb.sky.com','a8ed53f35a1cea256db8af8570e4652d','','normal','none','yes','0','normal',2510,0,0,0,0,0,0,0,290,4714051373,10505067623,3594972591,0,0,10,91886,88511,0,1000,0,0,0,0,0,0,0,0,0,181397,0,75,0,100,9999999,99999999,0,100249999,250000,10,0,10,0,10,0,0,1544270,1000,0,0,0,0,2,1,4,0,'Underboss',1283053538,1282560279,34,'','','','','',0,0,0,0,0,0,60,1282976257,0,0,'enabled',5,'enabled','Family board','enabled',143,5,0,0,'',0,0,1,8,24,99999,22,99999,99999,99999,9,99999,99999,11,99999,99999,26,99999,99999,99999,99999,28,90,'no',0,'enabled',5,0,0,'enabled','enabled',0,0,0,0,0,0,0,0,0,16),(4,'Haven','generalhaven','kernalfro','0','173.26.225.210','173-26-225-210.client.mchsi.com','37be41b6c262ed9fc5b10b196c9f5374','','normal','none','yes','0','normal',0,0,0,0,0,0,0,0,14366354951,14486813417,15586954667,0,0,0,1,0,0,0,93830,0,0,25667,0,0,0,0,0,25667,98659,0,93,100,100,145213,169415,0,77002,250000,0,0,0,0,0,0,0,293371,1000,0,0,0,0,290,1,1,0,'',1283119205,1283078204,26,'','','','','',0,0,0,0,0,0,60,1283119194,0,0,'enabled',5,'enabled','Global Ranks','enabled',0,0,0,0,'',6353,0,1,7,11,99999,18,99999,99999,99999,2,99999,99999,8,99999,99999,6,99999,99999,99999,99999,24,45207,'no',0,'enabled',0,0,0,'enabled','enabled',0,0,0,0,0,0,3,0,0,0),(5,'kdogg','trukdogg','123456789','0','98.250.40.68','c-98-250-40-68.hsd1.mi.comcast.net','69656c323d7e9c75dcc134feb989e479','','normal','none','yes','0','normal',1000,0,2000,0,14000,14000,0,0,1945,5947851304,22672498804,1891101478,0,0,0,0,0,0,135045,0,0,0,0,0,0,0,0,0,135045,0,75,0,100,38705521,1764444,0,9859382,250000,10,0,10,23618,10,0,0,4459905,1000,0,0,0,0,58,2,4,0,'Underboss',1283095186,1283019239,21,'','','','','',0,0,0,0,0,0,60,1283095173,0,0,'enabled',5,'enabled','Making Purchases','enabled',55,3,0,0,'',81342,0,2,4,20,99999,15,99999,99999,99999,99999,9,99999,99999,10,99999,10,8,99999,99999,99999,21,58733,'no',0,'enabled',5,0,0,'enabled','enabled',0,0,0,0,0,0,0,6,0,16),(6,'xxxSpader79','xxxSpader79','stinknugget','0','76.106.157.62','c-76-106-157-62.hsd1.fl.comcast.net','cadda84e52f0f1985efe545fe21eaa68','','normal','none','yes','0','normal',2500,15000,2000,0,0,0,0,0,0,117852521,117852521,70355021,0,0,10,0,0,0,45156,0,0,0,0,0,0,0,0,0,45156,0,75,0,100,250000,250000,0,250000,250000,10,0,10,0,0,0,0,0,1000,0,0,0,0,20,3,3,0,'',1282602506,1282602980,8,'','','','','',0,0,0,0,0,0,60,1282601929,0,0,'enabled',5,'enabled','Main Menu','enabled',86,5,0,0,'',0,0,1,6,41,99999,43,99999,99999,99999,21,99999,99999,27,99999,99999,33,99999,99999,99999,99999,51,50,'no',0,'enabled',1,0,0,'enabled','enabled',0,0,0,0,0,1,0,10,0,12),(7,'NaRko','NaRko','mike1990','0','97.102.174.21','21.174.102.97.cfl.res.rr.com','5d36a1a61e564f50e70df5c7887a30d9','','normal','none','yes','0','normal',57,0,0,0,98500,98500,0,0,46,11517163,78837163,0,0,0,1,0,0,0,0,0,0,0,0,0,0,0,0,0,0,0,0,0,100,1039027,2837346,0,406138,250000,10,0,10,0,520,200,100,17810,1000,0,0,28,668,234,1,2,0,'',1283713658,1283117940,8,'','i aint no killer but dont push me\r<br>revenge is the sweetest joy next to gettin pussy','','','',1000,0,0,0,0,0,0,0,0,0,'enabled',5,'enabled','Flying_SOLO Family','enabled',1,0,0,0,'',86114155,239282545,3,17,61,99999,45,99999,99999,99999,99999,99999,6,99999,99999,7,1,2,3,99999,99999,53,2093328,'no',0,'enabled',0,0,5000000001,'enabled','enabled',0,0,0,0,0,0,55,0,0,0),(8,'Rampage_Jackson','The_Deadman','august30','0','97.113.9.32','97-113-9-32.tukw.qwest.net','2dd4f3d7d65bb461bcca36e7aac5eaf6','','supporter','none','yes','3','normal',182,0,0,0,10000,10000,3,10000,4197,137634197,4521552947,0,0,0,10,36,55,0,0,0,0,0,68137,206723,0,0,0,274860,91,0,42,91,100,0,0,0,0,250000,0,0,0,0,150,0,7268,1165396,1000,0,0,9,770,88,4,7,0,'',1283119193,1283117938,7,'','I\'ll be back sunday before eor. Dont get any ideas or i\'ll 00 you and your family. =)','','','',36659,0,0,0,0,0,0,0,0,0,'enabled',5,'enabled','Global Ranks','enabled',0,0,0,0,'',20687641,296861905,2,6,40,99999,99999,99999,8,99999,99999,14,99999,99999,13,99999,8,1,99999,99999,99999,33,2783882,'no',0,'enabled',0,0,5000000001,'enabled','enabled',0,0,0,0,0,0,61,0,0,1),(9,'StAcKs','only1stacks','cashrules','0','69.102.102.91','91.sub-69-102-102.myvzw.com','5548c80f066117647be5c804b6e3f313','','supporter','none','yes','4','normal',75,0,2000,0,221500,221500,4,20000,7043452332,140598610450,1171407460450,131445898706,0,0,1,0,0,0,1461530,0,0,150234,250621,700936,0,0,0,1101791,1461530,0,100,100,100,1772906,2376078,0,3118568,250000,10,0,10,0,0,0,0,274882360,1000,0,0,0,30,22,5,2,0,'',1283119207,1282757197,21,'','me on a site= 0 account turns and you in debt i have money to spend getting bored no more easy wins!.................. thanks for the heads up distroyer','','','',835372,0,0,0,0,0,60,1283119207,0,0,'enabled',5,'enabled','collecting','enabled',0,0,0,0,'',1820,5079,3,1,2,99999,99999,99999,1,99999,99999,99999,1,99999,99999,1,9,99999,4,99999,99999,1,1013463,'no',0,'enabled',0,0,0,'enabled','enabled',0,0,0,0,0,0,117,0,0,0),(10,'Berzerkster','8-BALL','bobdog','0','98.234.132.34','c-98-234-132-34.hsd1.ca.comcast.net','614f868dd691e836e9682383a44a3ba6','','normal','none','yes','0','normal',836,0,0,0,1,1,0,0,1395,13510525192,43042682692,13099050465,0,0,1,0,0,0,272253,0,0,2258,0,0,0,0,0,2258,272253,0,86,100,100,25350951,2392755,0,26022904,250000,10,0,10,0,0,0,0,7875242,1000,0,0,0,0,116,1,4,0,'Underboss',1283109526,1283061069,26,'','','','','',0,0,0,0,0,0,60,1283101476,0,0,'enabled',5,'enabled','Family business board','enabled',128,5,0,0,'',2067,0,2,4,16,99999,10,99999,99999,99999,99999,7,99999,99999,5,99999,11,11,99999,99999,99999,15,39501,'no',0,'enabled',0,0,0,'enabled','enabled',0,0,0,0,0,0,0,7,0,8),(11,'HEADHUNTER','plow187','jiondae2469','0','208.54.35.36','m242336d0.tmodns.net','e32be35584a6fddf0f50e56d3256199b','','normal','none','yes','0','normal',2500,0,2000,0,0,0,0,0,0,515448021,515451771,70355021,0,0,10,89835,108582,0,1000,0,0,0,0,0,0,0,0,0,199417,0,75,0,100,250000,250000,0,250000,250000,10,0,10,0,10,0,0,0,1000,0,0,0,0,2,2,4,0,'Underboss',1282689651,1282694868,7,'','','','','',0,0,0,0,0,0,60,1282687729,0,0,'enabled',5,'enabled','LEGACY Family','enabled',143,5,0,0,'',0,0,1,10,33,99999,34,99999,99999,99999,14,99999,99999,19,99999,99999,27,99999,99999,99999,99999,42,90,'no',0,'enabled',7,0,0,'enabled','enabled',0,0,0,0,0,1,0,1,0,55),(12,'lucky','paytokill','18111971','0','86.81.33.55','ip56512137.adsl-surfen.hetnet.nl','5499894099ecd0a472b858ddd71de9ac','','normal','none','yes','0','normal',700,0,0,0,26500,26500,0,0,526,40791526,4203951526,0,0,0,10,0,0,0,0,0,0,0,0,80899,0,0,0,80899,0,0,0,90,100,0,0,0,0,250000,10,0,10,0,10,0,0,1110175,1000,6,0,0,84,176,1,2,0,'',1283102781,1283118029,8,'','when you hit ops,i will hit you fam ops','','','',437238,0,0,0,0,0,60,1283102341,0,0,'enabled',5,'enabled','Flying_SOLO Family','enabled',143,5,0,0,'',7642,56,2,9,56,99999,26,99999,99999,99999,99999,16,99999,99999,14,99999,3,6,99999,99999,99999,34,165025,'no',0,'enabled',0,0,0,'enabled','enabled',0,0,0,0,0,0,0,6,0,20),(13,'Mikevman','mikevman','vmanvv','0','68.7.107.185','ip68-7-107-185.sd.sd.cox.net','35d496e116829280377cd80e8d27d639','','normal','none','yes','0','normal',475,0,0,0,0,0,0,0,4310,1094354102,44171913602,0,0,0,80,185516,302631,0,8002,0,0,0,0,0,0,0,0,0,496149,0,75,0,100,1272772,1662484,0,2673517,250000,10,0,10,0,9735957,0,931869,10047819,1000,0,0,0,0,12,5,4,0,'Underboss',1283108168,1282533582,7,'','','','','',0,0,0,0,0,0,60,1283107657,0,0,'enabled',5,'enabled','LEGACY Family','enabled',30,3,0,0,'',0,0,1,4,31,99999,8,99999,99999,99999,12,99999,99999,5,99999,99999,21,99999,99999,99999,99999,13,351,'no',0,'enabled',0,0,0,'enabled','enabled',0,0,0,0,0,1,16,0,0,3),(14,'Osva991','osva991','anglija','0','109.78.126.99','109.78.126.99','db654783c783251dbf619cd457a42c3d','','normal','none','yes','0','normal',25,0,0,0,1,1,0,0,0,11376546153,52066044903,10706036821,0,0,5,121375,180867,0,976,0,0,0,10,15,0,0,0,25,303218,0,86,100,100,758201,758045,0,243874,250000,10,0,10,0,10,0,0,10850532,1000,0,0,0,0,10,1,6,0,'',1283118627,1282602512,61,'','','','','',0,0,0,0,0,0,60,1283118556,0,0,'enabled',5,'enabled','Level 2 Ranks','enabled',143,5,0,0,'',0,0,2,3,18,99999,6,99999,99999,99999,99999,8,99999,99999,4,99999,25,16,99999,99999,99999,11,152,'no',0,'enabled',0,0,0,'enabled','enabled',0,0,0,0,0,0,0,0,0,0),(15,'Starlito','Kinglito','spellman10','0','136.183.230.184','136.183.230.184','b23920282f06d2eee56783acbd2698a8','','normal','none','yes','0','normal',2500,15000,3000,0,0,0,0,0,0,72696521,72696521,70355021,0,0,10,0,0,0,0,0,0,0,0,0,0,0,0,0,0,0,0,0,100,250000,250000,0,250000,250000,10,0,10,0,0,0,0,0,1000,0,0,0,0,96,1,1,0,'',1282767435,1282989089,12,'','','','','',0,0,0,0,0,0,60,1282678720,0,0,'enabled',5,'enabled','Main Menu','enabled',81,3,0,0,'',0,0,1,22,45,99999,52,99999,99999,99999,25,99999,99999,35,99999,99999,34,99999,99999,99999,99999,61,50,'no',0,'enabled',0,0,0,'enabled','enabled',0,0,0,0,0,0,2,32,0,3),(16,'LeatherNutz','mcjimmy','mcjimmy','0','188.28.24.60','188.28.24.60.threembb.co.uk','9659c76617ebb008b2fd2e6e43fc4a66','','supporter','none','yes','1','normal',180,1,0,0,75001,75001,1,3000,570,43659825595,250519223845,43156307769,0,0,15,0,0,0,437194,0,0,4866,0,0,0,0,0,4866,437194,0,86,100,100,500000,500000,0,14778939,250000,10,0,10,0,12,0,0,55162505,1000,0,0,0,0,58,4,7,0,'',1283119200,1282616747,7,'','','','','',0,0,0,0,0,0,60,1283115307,0,0,'enabled',5,'enabled','LeatherNutz profile','enabled',12,2,0,0,'',3837,0,3,1,6,99999,99999,99999,4,99999,99999,99999,99999,99999,99999,2,3,5,99999,99999,99999,4,247352,'no',0,'enabled',0,0,0,'enabled','enabled',0,0,0,0,0,0,33,0,0,1),(17,'KingKong','mrash','fiesta89','0','78.147.184.109','78.147.184.109','64d8c3fa5620bb77f39c32242b921a1a','','normal','none','yes','0','normal',235,0,0,0,0,0,0,0,2019,10349744034,52327784034,9566832339,0,0,1,141344,208001,0,1000,0,0,0,12,13,0,0,0,25,350345,0,86,100,100,1000000,1000000,0,2048419,250000,10,0,10,0,10,0,0,11194143,1000,0,0,0,0,4,3,4,0,'Underboss',1283116246,1282848998,7,'','','','','',0,0,0,0,0,0,60,1283116095,0,0,'enabled',5,'enabled','LEGACY Family','enabled',22,2,0,0,'',727,0,1,2,19,99999,5,99999,99999,99999,7,99999,99999,3,99999,99999,25,99999,99999,99999,99999,10,91,'no',0,'enabled',0,0,0,'enabled','enabled',0,0,0,0,0,0,2,0,0,3),(18,'Back2School','Gotti_Girl','Back2School2','0','99.190.186.96','99-190-186-96.lightspeed.lsvlky.sbcglobal.net','ea46fa9dd6aa2c24be749e2fb959bca6','','normal','none','yes','0','normal',30,0,0,0,1,1,0,0,541,21837191,1378197191,0,0,0,100,0,0,0,0,0,0,0,18570,25100,0,0,0,43670,0,0,0,90,100,0,0,0,0,250000,1,0,0,0,0,0,0,361696,1000,0,0,54,430,183,1,7,0,'Underboss',1283120108,1283116037,7,'','','','','',2545,0,0,0,0,0,60,1283119134,0,0,'enabled',5,'enabled','Main Menu','enabled',0,0,0,0,'',19192,28125965,2,11,58,99999,28,99999,99999,99999,99999,17,99999,99999,15,99999,2,2,99999,99999,99999,36,849065,'no',0,'enabled',0,0,2500000000,'enabled','enabled',0,0,0,0,0,0,9,0,0,1),(19,'COLT','gsrcolt','brown2053','0','74.194.135.15','r74-194-135-15.rsvlcmta01.rlvlar.lr.dh.suddenlink.net','f486e0beb89a2959ce9aad5d5cdc8c7a','','supporter','none','yes','0','normal',0,0,0,0,75000,75000,0,0,133374412894,155294515191,305491041441,21413380458,0,0,1,0,0,0,496070,0,0,2053,10,13,0,0,0,2076,496070,0,86,100,100,960486,1036235,0,1044162,250000,10,0,10,0,10,0,0,40052406,1000,0,0,0,0,34,3,2,0,'',1283119205,1282844576,21,'','going for lv2 silver to fill my lv2 medals','','','',0,0,0,0,0,0,60,1283119189,0,0,'enabled',5,'enabled','Main Menu','enabled',143,5,0,0,'',2205,0,2,1,1,99999,99999,99999,2,99999,99999,1,99999,99999,1,99999,37,5,99999,99999,99999,2,211888,'no',0,'enabled',0,0,5000000000,'enabled','enabled',0,0,0,0,0,0,9,0,0,8),(20,'bia','bia','marius','0','85.167.34.183','ti0117a380-0695.bb.online.no','3ac6a843848bda23268510fb735e8630','','supporter','none','yes','0','normal',0,0,0,0,9,9,0,0,32194006758,32430569140,33577600390,0,0,0,1,0,0,0,164513,0,0,68925,0,0,0,0,0,68309,164438,0,10,100,100,0,0,0,696133,250000,9,0,10,0,0,0,0,305875,1000,0,0,0,0,148,3,3,0,'',1283119201,1283107849,18,'','','','','',0,0,0,0,0,0,60,1283119168,0,0,'enabled',5,'enabled','CuseBallers Family','enabled',23,2,0,0,'',72,0,2,3,8,99999,99999,99999,6,99999,99999,4,99999,99999,8,99999,9,10,99999,99999,99999,19,46896,'no',0,'enabled',0,0,5000000000,'enabled','enabled',0,0,1,0,0,0,52,0,0,0),(21,'Destroyr_of_Worlds','MeatMan03','samdaman123','0','24.0.163.36','c-24-0-163-36.hsd1.nj.comcast.net','e5822f2c4701b43816a498b1288d4dd4','','normal','none','yes','0','normal',117,0,0,0,136000,136000,0,0,2000000003,2008528085,19260282710,0,0,0,0,246,434,0,0,0,0,0,4475,8769,0,0,0,13244,0,0,0,100,100,5358,5358,0,100000,250000,1,0,0,0,0,2,5,4600465,1000,21,0,0,400,298,1,3,0,'',1283119201,1283115542,18,'','Destruction has begun!\r<br>\r<br>To renegade and his family, you\'ve already lost.','','','',9577,0,0,0,0,0,60,1283119152,0,0,'enabled',5,'enabled','Level 1 Kill Ranks','enabled',0,0,0,0,'',113275,357850530,3,6,26,99999,17,99999,99999,99999,99999,99999,5,99999,99999,6,5,2,1,99999,99999,23,2713950,'no',0,'enabled',0,0,5000000000,'enabled','enabled',0,0,0,0,0,0,108,0,0,0),(22,'Renegade','Yahway616','monojayz1','0','71.205.146.143','c-71-205-146-143.hsd1.mi.comcast.net','69f6edbcd4aff3c55a22281aec1aed06','','normal','none','yes','0','normal',169,0,0,0,106999,106999,0,0,303768910,5316687191,22188330941,4567716803,0,0,0,0,0,0,175785,0,0,116369,0,291165,0,0,0,407534,175785,0,100,100,100,439463,439463,0,1426369,250000,1,0,0,0,50,0,0,4499100,1000,0,0,4,262,58,2,2,0,'',1283137071,1282755516,21,'','','','','',1471626,0,0,0,0,0,60,1283116469,0,0,'enabled',5,'enabled','Global Ranks','enabled',11,1,0,0,'',13922874,1916307,3,5,21,99999,16,99999,99999,99999,99999,99999,4,99999,99999,5,2,99999,2,99999,99999,22,2269914,'no',0,'enabled',0,0,4876306565,'enabled','enabled',0,0,0,0,0,0,63,0,0,0),(23,'Veritas','Khair','K.pussaw','0','201.160.154.230','201.160.154.230.cable.dyn.cableonline.com.mx','dc8d242c0f017aced9ec4925ffd42cfd','','normal','none','yes','0','normal',1965,0,3000,0,0,0,0,0,0,186428961,186428961,70355021,0,0,0,0,0,0,111351,0,0,0,0,0,0,0,0,0,111351,0,0,0,100,0,0,0,1095360,250000,10,0,10,0,0,0,0,0,1000,11,0,0,0,316,3,2,0,'',1283071933,1283087820,46,'','','','','',0,0,0,0,0,0,60,1283071921,0,0,'enabled',5,'enabled','Family board','enabled',34,2,0,0,'',0,0,1,5,36,99999,39,99999,99999,99999,17,99999,99999,23,99999,99999,35,99999,99999,99999,99999,47,50,'no',0,'enabled',0,0,0,'enabled','enabled',0,0,0,0,0,0,6,43,0,22),(24,'Cutthroat','pimptress','KNPIMPTRESS1','1','68.200.45.4','4-45.200-68.tampabay.res.rr.com','9383540494967c16eecd740db46058a1','','supporter','none','yes','0','normal',381,0,0,0,75000,75000,1,0,3372,67174895504,262046244254,65918523313,0,0,1,230983,335033,0,1000,0,0,0,10,14,0,0,0,24,567016,0,86,100,100,1681521,1610026,0,245055,250000,10,0,10,0,10,0,0,51965692,1000,0,0,0,0,4,2,6,0,'',1283136159,1282694875,7,'','I\'ll Take a sub :)','','','',0,0,0,0,0,0,60,1283110699,0,0,'enabled',5,'enabled','Main Menu','enabled',34,2,0,0,'',484,0,2,1,3,99999,99999,99999,3,99999,99999,2,99999,99999,2,99999,24,18,99999,99999,99999,3,91,'no',0,'enabled',0,0,0,'enabled','enabled',0,0,0,0,0,1,9,0,0,0),(25,'BaitCJ','DaBoiCJ','yaboipass','1','98.242.128.137','c-98-242-128-137.hsd1.fl.comcast.net','93c9ebca589a22408ab0269610e3e28d','','supporter','none','yes','0','normal',3011,15000,6000,0,0,0,1,0,3034,1332016902,5334556902,1330662902,0,0,0,0,0,0,0,0,0,0,0,0,0,0,0,0,0,0,0,0,100,123175,123175,0,132904,250000,1,0,10,0,10,0,0,1067343,1000,0,0,0,2,50,4,6,0,'',1283107005,1282970835,22,'','CJ The 1Man ARMY\r<br>\r<br>Enough is Enough\r<br>I was nice to not kill the game. But ppl push it.\r<br>Build or Do ANYTHING that gets in our way = Die\r<br>\r<br>^_^','','','',0,0,0,0,0,0,60,1282849411,0,0,'enabled',5,'enabled','BaitCJ profile','enabled',55,2,0,0,'',193140,0,2,5,30,99999,99999,99999,7,99999,99999,13,99999,99999,12,99999,25,15,99999,99999,99999,32,16818,'no',0,'enabled',0,0,5000000000,'enabled','enabled',0,0,0,0,0,0,11,0,0,1),(26,'TKO','zayah','mafia','0','203.193.211.123','203.193.211.123','4d16810200f55cf3a8030673420f907b','','normal','none','yes','0','normal',1869,0,0,0,0,0,0,0,1953,326953,530993203,0,0,0,1,0,0,0,0,0,0,0,0,0,0,0,0,0,0,0,0,0,100,0,0,0,0,250000,0,10,0,0,30,0,0,141508,1000,0,0,0,184,78,2,2,0,'',1283119204,1283090686,18,'','','','','',0,0,0,0,0,0,0,0,0,0,'enabled',5,'enabled','Main Menu','enabled',1,2,0,0,'',25484637,13533,1,9,66,99999,33,99999,99999,99999,40,99999,99999,18,99999,99999,2,99999,99999,99999,99999,41,339790,'no',0,'enabled',0,0,0,'enabled','enabled',0,0,0,0,0,0,12,0,0,0),(27,'Lady','Lady_Madonna','01queenb22','0','69.141.191.239','c-69-141-191-239.hsd1.pa.comcast.net','125c6e1e8bccf8a51074bd3f3d1d7181','','normal','none','yes','0','normal',2511,0,0,0,0,0,0,0,11,246774379,37444468129,0,0,0,1,72058,30520,0,0,0,0,0,0,0,0,0,0,0,102578,0,75,0,100,1100785,1100785,0,211182,250000,10,0,10,0,10,0,0,9919384,1000,0,0,0,0,26,5,2,0,'Underboss',1283023991,1282985311,49,'','','','','',0,0,0,0,0,0,60,1283023980,0,0,'enabled',5,'enabled','collecting','enabled',42,2,0,0,'',2,0,1,5,34,99999,12,99999,99999,99999,15,99999,99999,7,99999,99999,28,99999,99999,99999,99999,17,90,'no',0,'enabled',0,0,0,'enabled','enabled',0,0,0,0,0,0,38,0,0,32),(28,'Flame','ankh','copper','0','24.253.215.41','ip24-253-215-41.ok.ok.cox.net','7f676e71e1d5ae0ca8f8f9ef4c6fc80b','','normal','none','yes','0','normal',0,0,0,0,0,0,0,0,3473961221,14400979029,45690829029,9570973721,0,0,0,0,0,0,208669,0,0,3757,0,0,0,0,0,2464,207305,0,86,100,100,227081999,93848820,0,158747407,250000,0,0,0,0,0,0,0,8343960,1000,0,0,0,0,92,5,4,0,'',1283119208,1283019268,21,'','','','','',0,0,0,0,0,0,60,1283119208,0,0,'enabled',5,'enabled','collecting','enabled',37,0,0,0,'',1,0,1,3,12,99999,7,99999,99999,99999,5,99999,99999,4,99999,99999,9,99999,99999,99999,99999,12,20372,'no',0,'enabled',0,0,0,'enabled','enabled',0,0,0,0,0,0,78,0,0,0),(29,'DreamKiller','koldhands','austin615','0','74.236.254.86','adsl-074-236-254-086.sip.owb.bellsouth.net','9faae356580524dc2b1ccf61c38aaf7b','','normal','none','yes','0','normal',0,0,0,0,1,1,0,0,2853557151,13851013479,40783040979,10799033240,0,0,0,0,0,0,197618,0,0,0,10,15,0,0,0,25,197618,0,0,100,100,0,0,0,112772,250000,10,0,10,0,0,0,0,7181874,1000,0,0,0,0,132,1,4,0,'',1283119204,1282971041,22,'','','','','',0,0,0,0,0,0,60,1283119187,0,0,'enabled',5,'enabled','Level 1 Ranks','enabled',0,0,0,0,'',6630,0,2,5,15,99999,11,99999,99999,99999,99999,6,99999,99999,6,99999,7,12,99999,99999,99999,16,34927,'no',0,'enabled',0,0,0,'enabled','enabled',0,0,0,0,0,0,34,0,0,0),(30,'West_Coast_Killa','Ice_Cube','Paul34Pierce','0','207.81.27.206','d207-81-27-206.bchsia.telus.net','bf84a7db8e2f17a375e8af68a8e47f56','','normal','none','yes','0','normal',2500,15000,3000,0,0,0,0,0,3,73174072,73174072,70355021,0,0,100,0,0,0,0,0,0,0,0,0,0,0,0,0,0,0,0,0,100,250000,523016,0,250000,250000,0,0,0,0,0,0,0,0,1000,0,0,0,0,142,4,1,0,'',1283059050,1282989839,12,'','1 	20,000 Turns  	   West_Coast_Killa  	$ 116,917,766,313','','','',0,0,0,0,0,0,60,1282936068,0,0,'enabled',5,'enabled','Main Menu','enabled',37,2,0,0,'',7,0,1,10,44,99999,51,99999,99999,99999,24,99999,99999,34,99999,99999,42,99999,99999,99999,99999,60,0,'no',0,'enabled',0,0,0,'enabled','enabled',0,0,0,0,0,0,7,0,0,0),(31,'Sophie24','sophie24','4colbychad4','0','65.96.121.212','c-65-96-121-212.hsd1.vt.comcast.net','86f4a40089e8dc233fc2f8461349096a','','normal','none','yes','0','normal',2500,15000,0,0,0,0,0,0,3,165643907,583221407,0,0,0,10,0,0,0,162547,0,0,0,0,0,0,0,0,0,162547,0,75,0,100,300000,300000,0,388851,250000,10,0,10,0,10,0,0,111353,1000,0,0,0,0,126,5,3,0,'',1283055474,1283057325,46,'','','','','',0,0,0,0,0,0,60,1283055472,0,0,'enabled',5,'enabled','Main Menu','enabled',37,2,0,0,'',4380,0,1,9,38,99999,32,99999,99999,99999,19,99999,99999,17,99999,99999,5,99999,99999,99999,99999,40,52660,'no',0,'enabled',0,0,0,'enabled','enabled',0,0,0,0,0,0,0,19,0,3),(32,'Grim','bangbang','bangbang','0','78.149.241.50','78.149.241.50','5fc3a11f0bf99b45249de5aa9d74deec','','normal','none','yes','0','normal',2500,15000,2000,0,0,0,0,0,0,14952500,17802500,0,0,0,10,0,0,0,12611,0,0,0,0,0,0,0,0,0,12611,0,75,0,100,250000,250000,0,250000,250000,10,0,10,0,10,0,0,759,1000,0,0,0,0,4,4,1,0,'',1282686393,1282989894,12,'','','','','',0,0,0,0,0,0,60,1282684104,0,0,'enabled',5,'enabled','Main Menu','enabled',143,3,0,0,'',0,0,1,14,60,99999,72,99999,99999,99999,37,99999,99999,55,99999,99999,18,99999,99999,99999,99999,81,1014,'no',0,'enabled',0,0,0,'enabled','enabled',0,0,0,0,0,0,0,2,0,3),(33,'albertdcosta','albertdcosta','maya786','0','115.117.252.6','115.117.252.6.static-hyderabad.vsnl.net.in','06074101648fd9d65a3d5cbf51a90b10','','normal','none','yes','0','normal',2500,15000,2000,0,0,0,0,0,0,27462317,27462317,0,0,0,10,0,0,12320,1000,15098,0,0,0,0,0,0,0,0,28418,0,50,0,100,108317,0,0,0,250000,0,0,10,0,0,0,0,0,1000,0,0,0,0,4,4,5,0,'',1282645066,1282603498,7,'','','','','',0,0,0,0,0,0,60,1282644999,0,0,'enabled',5,'enabled','Level 1 Ranks','enabled',141,5,0,0,'',0,0,1,12,57,99999,70,99999,99999,99999,35,99999,99999,53,99999,99999,43,99999,99999,99999,99999,79,0,'no',0,'enabled',0,0,0,'enabled','enabled',0,0,0,0,0,0,0,0,0,0),(34,'mashedpootato','monkeyboy_7_182','randalthor','0','195.194.178.251','uodx.derby.ac.uk','7e92307540432c4dfc4c7d2edee256cf','','normal','none','yes','0','normal',2500,0,0,0,19000,19000,0,0,456,341956,791464456,0,0,0,1,0,0,0,0,0,0,0,0,0,0,0,0,0,0,0,0,0,100,0,0,0,0,250000,10,0,10,0,90,0,0,210957,1000,0,0,0,110,58,3,6,0,'',1282568197,1282587860,7,'','','','','',129747,0,0,0,0,0,0,0,0,0,'enabled',5,'enabled','Making Purchases','enabled',90,5,0,0,'',27678598,2854,2,4,65,99999,31,99999,99999,99999,99999,19,99999,99999,17,99999,1,4,99999,99999,99999,39,613141,'no',0,'enabled',0,0,0,'enabled','enabled',0,0,0,0,0,0,5,13,0,1),(35,'ZW','thentherewerenone1','PRETORIA','0','0.0.0.0','','6d8efe5f2e2ec0fb626f85ed75e7d100','','normal','none','yes','0','normal',2500,15000,2000,0,0,0,0,0,0,0,78450271,70355021,0,0,10,0,0,0,1000,0,0,1000,0,0,0,0,0,1000,1000,0,100,100,100,250000,250000,0,250000,250000,10,0,10,0,10,0,0,1000,1000,0,0,0,0,0,1,0,0,'',1282501010,0,0,'','','','','',0,0,0,0,0,0,0,0,0,0,'enabled',5,'enabled','','enabled',143,5,0,0,'',0,0,1,18,69,99999,46,99999,99999,99999,43,99999,99999,29,99999,99999,44,99999,99999,99999,99999,55,0,'no',0,'enabled',0,0,0,'enabled','enabled',0,0,0,0,0,0,0,0,3,0),(36,'Killa','TheKilla','tekee09','0','0.0.0.0','','4b956f376e2dfd91336e417fe99b4212','','normal','none','yes','0','normal',2500,15000,2000,0,0,0,0,0,0,0,78450271,70355021,0,0,10,0,0,0,1000,0,0,1000,0,0,0,0,0,1000,1000,0,100,100,100,250000,250000,0,250000,250000,10,0,10,0,10,0,0,1000,1000,0,0,0,0,0,1,0,0,'',1282841700,0,0,'','','','','',0,0,0,0,0,0,0,0,0,0,'enabled',5,'enabled','','enabled',143,5,0,0,'',0,0,1,19,70,99999,47,99999,99999,99999,44,99999,99999,30,99999,99999,45,99999,99999,99999,99999,56,0,'no',0,'enabled',0,0,0,'enabled','enabled',0,0,0,0,0,0,0,0,1,0),(37,'NOTORIOUS','codyh_23','137115c','0','98.148.87.147','cpe-98-148-87-147.socal.res.rr.com','d6eecb3853732441a3a228fdb19093e9','','normal','none','yes','0','normal',9700,15000,2000,0,0,0,0,0,0,0,78450271,70355021,0,0,10,0,0,0,1000,0,0,1000,0,0,0,0,0,1000,1000,0,100,100,100,250000,250000,0,250000,250000,10,0,10,0,10,0,0,1000,1000,0,0,0,0,0,1,4,0,'Underboss',1282718501,0,0,'','','','','',0,0,0,0,0,0,0,0,0,0,'enabled',5,'enabled','Main Menu','enabled',143,5,0,0,'',0,0,1,20,71,99999,48,99999,99999,99999,45,99999,99999,31,99999,99999,46,99999,99999,99999,99999,57,0,'no',0,'enabled',7,0,0,'enabled','enabled',0,0,0,0,0,0,0,0,0,51),(38,'Zerox','Phynx','firestorm','0','90.219.51.29','5adb331d.bb.sky.com','a75e78570f275afbf780b27e2eac1802','','normal','none','yes','0','normal',2025,15000,0,0,0,0,0,0,194,97855058,10397031308,0,0,0,1,0,0,0,95479,0,0,0,0,0,0,0,0,0,95479,0,75,0,100,330345,330345,0,178246,250000,10,0,10,0,0,0,0,2746447,1000,1,0,0,0,116,4,6,0,'',1283070581,1283118419,8,'','','','','',0,0,0,0,0,0,60,1283070571,0,0,'enabled',5,'enabled','Global Ranks','enabled',143,5,0,0,'',5883,0,1,4,42,99999,23,99999,99999,99999,22,99999,99999,12,99999,99999,8,99999,99999,99999,99999,29,23262,'no',0,'enabled',0,0,0,'enabled','enabled',0,0,0,0,0,0,2,1,0,1),(39,'ROB','rob','hmichmic','0','71.41.149.142','fiber.ranchwireless.com','96b95de17ee2822a94516baa68ee9678','','supporter','none','yes','4','normal',6497,0,6000,0,12000,12000,4,20000,555,64014800490,76198126740,23723430385,0,0,1,0,0,0,0,0,0,0,0,0,0,0,0,0,0,0,0,0,100,13064922,14943172,0,8978778,250000,0,0,1236848,0,0,0,0,3248887,1000,0,0,0,0,176,2,6,0,'',1283134748,1283101952,22,'','','','','',0,0,0,0,0,0,60,1283099596,0,0,'enabled',5,'enabled','Main Menu','enabled',40,2,0,0,'',38394187,0,3,3,4,99999,99999,99999,5,99999,99999,99999,2,99999,99999,4,8,99999,5,99999,99999,7,717375,'no',0,'enabled',0,0,0,'enabled','enabled',0,0,0,0,0,2,32,11,0,1),(40,'NeedASub','TrippZ','jamie13','0','64.186.50.139','64-186-50-139.ussignalcom.net','b4f63f184893ee4db4fde23f9c23c780','','normal','none','yes','0','normal',0,0,0,0,0,0,0,0,12820816293,12993223165,12993223165,70355021,0,0,1,0,0,0,83727,0,0,17451,0,0,0,0,0,17451,83727,0,67,0,100,57812,98845,0,44501,250000,10,0,10,0,0,0,0,0,1000,0,0,0,0,128,5,1,0,'',1283119200,1283087933,46,'','','','','',0,0,0,0,0,0,60,1283119171,0,0,'enabled',5,'enabled','attacking Flame','enabled',0,0,0,0,'',0,0,1,8,17,99999,21,99999,99999,99999,6,99999,99999,10,99999,99999,14,99999,99999,99999,99999,27,2408,'no',0,'enabled',0,0,0,'enabled','enabled',0,0,0,0,0,0,5,0,0,0),(46,'pp','East_1999','wzt21a','0','76.188.209.17','cpe-76-188-209-17.neo.res.rr.com','840b194932da22c7e5c70c3fb7a7a439','','normal','none','yes','0','normal',1026,0,0,0,0,0,0,0,685,2335,190681585,0,0,0,10,0,0,0,0,0,0,0,0,0,0,0,0,0,0,0,0,0,100,0,0,0,0,250000,1,0,0,0,38,0,0,50844,1000,0,0,344,1776,186,1,12,0,'',1283094238,1283115750,18,'','','','','',0,0,0,0,0,0,0,0,0,0,'enabled',5,'enabled','Making Purchases','enabled',55,5,0,0,'',73754406,56581959,1,15,67,99999,37,99999,99999,99999,41,99999,99999,21,99999,99999,1,99999,99999,99999,99999,45,1165804,'no',0,'enabled',0,0,0,'enabled','enabled',0,0,0,0,0,2,31,1,0,0),(41,'Cato','cato','ds24b','0','96.224.78.168','pool-96-224-78-168.nycmny.east.verizon.net','7606a66aea0dd5ca12610b08c10e1d21','','normal','none','yes','0','normal',1251,15000,2500,0,0,0,0,0,4269,71980790,1356175790,70355021,0,0,1,0,0,0,0,0,0,0,0,0,0,0,0,0,0,0,0,0,100,70000,70000,0,250000,250000,10,0,10,0,10,0,0,342451,1000,0,0,0,0,26,1,2,0,'',1283114726,1283042669,80,'','','','','',0,0,0,0,0,0,60,1283025508,0,0,'enabled',5,'enabled','Global Ranks','enabled',42,2,0,0,'',0,0,1,12,47,99999,30,99999,99999,99999,27,99999,99999,16,99999,99999,29,99999,99999,99999,99999,38,90,'no',0,'enabled',0,0,0,'enabled','enabled',0,0,0,0,0,0,2,0,0,8),(42,'HawkY','glockman','C001690559','0','68.209.16.202','adsl-068-209-016-202.sip.asm.bellsouth.net','000a971ebca8b488f3ba96e2d8f371a4','','normal','none','yes','0','normal',250,0,0,0,0,0,0,0,2127,14309373272,57637285772,14086162421,0,0,1,0,0,0,219355,0,0,687,0,0,0,0,0,687,219355,0,86,100,100,548388,548388,0,157918,250000,10,0,10,0,0,0,0,11554110,1000,0,0,0,0,42,1,2,0,'',1283121325,1282883578,46,'','','','','',0,0,0,0,0,0,60,1283112717,0,0,'enabled',5,'enabled','Global Ranks','enabled',25,2,0,0,'',1252,0,1,2,13,99999,4,99999,99999,99999,3,99999,99999,2,99999,99999,10,99999,99999,99999,99999,9,15872,'no',0,'enabled',0,0,5000000000,'enabled','enabled',0,0,0,0,0,1,46,0,0,8),(43,'Christizm','Christizm','ace187','0','202.68.75.194','202.68.75.194','fb7fcbb03443377108fb94002ecd2376','','normal','none','yes','0','normal',2500,15000,2000,0,0,0,0,0,0,0,78450271,70355021,0,0,10,0,0,0,1000,0,0,1000,0,0,0,0,0,1000,1000,0,100,100,100,250000,250000,0,250000,250000,10,0,10,0,10,0,0,1000,1000,0,0,0,0,0,5,0,0,'',1282522356,0,0,'','','','','',0,0,0,0,0,0,0,0,0,0,'enabled',5,'enabled','Main Menu','enabled',125,5,0,0,'',0,0,1,11,72,99999,49,99999,99999,99999,46,99999,99999,32,99999,99999,47,99999,99999,99999,99999,58,0,'no',0,'enabled',0,0,0,'enabled','enabled',0,0,0,0,0,0,0,0,0,0),(44,'stetson_man','ray44837','janice','0','75.196.102.141','141.sub-75-196-102.myvzw.com','c9e6473d0693f0d8cdee0087e73cf029','','normal','none','yes','0','normal',675,15000,3000,0,0,0,0,0,0,189617521,189617521,70355021,0,0,10,0,0,0,116921,0,0,0,0,0,0,0,0,0,116921,0,75,0,100,250000,250000,0,250000,250000,10,0,10,0,0,0,0,0,1000,0,0,0,0,52,5,4,0,'Underboss',1283103514,1283107539,18,'','','','','',0,0,0,0,0,0,60,1283102668,0,0,'enabled',5,'enabled','Level 3 Ranks','enabled',40,2,0,0,'',0,0,1,10,35,99999,38,99999,99999,99999,16,99999,99999,22,99999,99999,36,99999,99999,99999,99999,46,50,'no',0,'enabled',5,0,0,'enabled','enabled',0,0,0,0,0,1,1,5,0,8),(45,'Steven','Voltage','strong18','0','24.162.151.189','cpe-24-162-151-189.hot.res.rr.com','549f81777acb1665e435d9d5ea12d561','','normal','none','yes','0','normal',50,0,0,0,0,0,0,0,17543845076,27380153539,65459843539,9619387735,0,0,1,0,0,0,212054,0,0,308,1180,1756,0,0,0,3244,212054,0,86,100,100,530135,530135,0,157172,250000,10,0,10,0,0,0,0,10154584,1000,0,0,0,0,184,1,2,0,'Underboss',1283119199,1283003367,46,'','','','','',0,0,0,0,0,0,60,1283119173,0,0,'enabled',5,'enabled','Haven profile','enabled',0,0,0,0,'',886,0,1,1,10,99999,3,99999,99999,99999,1,99999,99999,1,99999,99999,12,99999,99999,99999,99999,8,4421,'no',0,'enabled',0,0,5000000000,'enabled','enabled',0,0,0,0,0,0,6,0,0,0),(47,'UNGAMBINO','UNGAMBINO','NJdocSOG112','0','76.117.202.40','c-76-117-202-40.hsd1.nj.comcast.net','3c7c3f374d1a7a0dfd3dbafaab339719','','normal','none','yes','0','normal',100,0,0,0,21000,21000,0,0,83334594,1795336343,27312417593,1259058757,0,0,10,55318,73426,0,104473,0,0,513,0,0,0,0,0,513,233217,0,86,100,100,3802970,2820748,0,9183557,250000,767,386,0,0,0,0,0,6804555,1000,0,0,58,246,218,4,4,0,'Underboss',1283119244,1283099147,18,'','','','','',1345,0,0,0,0,0,60,1283116451,0,0,'enabled',5,'enabled','Main Menu','enabled',22,2,0,0,'',261513678,31775008,2,3,27,99999,14,99999,99999,99999,99999,11,99999,99999,9,99999,99999,7,99999,99999,99999,20,79608,'no',0,'enabled',0,0,0,'enabled','enabled',0,0,0,0,0,0,10,0,0,3),(48,'Mr_KillahMic','jhazy','mobster1','0','71.54.180.117','fl-71-54-180-117.dhcp.embarqhsd.net','d4e3b7e5987c0f9623e1bbcb058fc0a9','','normal','none','yes','0','normal',40,0,0,0,62000,62000,0,0,4410,59807316097,193983257347,58394063136,0,0,0,251130,360106,0,9248,0,0,394,0,0,0,0,0,394,620484,0,86,100,100,22938940,6784853,0,2983638,250000,10,0,10,0,0,0,0,35780251,1000,0,0,0,0,4,5,7,0,'',1283119445,1282583968,22,'','','','','',0,0,0,0,0,0,60,1283118564,0,0,'enabled',5,'enabled','Main Menu','enabled',0,0,0,0,'',0,0,2,2,5,99999,1,99999,99999,99999,99999,3,99999,99999,3,99999,40,19,99999,99999,99999,5,50,'no',0,'enabled',0,0,0,'enabled','enabled',0,0,0,0,0,0,6,0,0,0),(49,'price_28','pimp_2800','193728465','0','67.215.156.181','dhcp-0-1f-e2-5b-32-4b.cpe.quickclic.net','9bee1f2b07b1506e19da4d9f84406bcb','','normal','none','yes','0','normal',150,0,0,0,108500,108500,0,0,1250,33155798324,111804709574,32911450734,0,0,10,0,0,0,236130,0,0,256,0,0,0,0,0,256,236130,0,86,100,100,590325,590325,0,1314385,250000,10,0,10,0,0,0,0,20973043,1000,0,0,0,70,106,2,1,0,'',1283119237,1283101980,22,'','','','','',1189051,0,0,0,0,0,60,1283115159,0,0,'enabled',5,'enabled','Main Menu','enabled',0,0,0,0,'',2986,19,3,2,7,99999,2,99999,99999,99999,99999,99999,3,99999,99999,3,38,99999,6,99999,99999,6,150386,'no',0,'enabled',0,0,0,'enabled','enabled',0,0,0,0,0,0,1,0,0,0),(51,'eladg','eladg23','a3511g23','0','84.229.180.13','IGLD-84-229-180-13.inter.net.il','3ac2eecaa68348ea2e59acdc1911036c','','normal','none','yes','0','normal',2900,1,0,0,1,1,0,0,1653724,3253228,446480728,0,0,0,10,0,0,0,0,0,0,0,0,0,0,0,0,0,0,0,0,0,100,250000,250000,0,64501,250000,10,0,10,0,20,0,0,118192,1000,0,0,0,318,112,1,6,0,'Underboss',1283119241,1282980838,7,'','','','','',0,0,0,0,0,0,0,0,0,0,'enabled',5,'enabled','Global Ranks','enabled',82,3,0,0,'',6054476,23336274,2,13,64,99999,35,99999,99999,99999,99999,18,99999,99999,18,99999,3,3,99999,99999,99999,43,706233,'no',0,'enabled',0,0,1000000000,'enabled','enabled',0,0,1,0,0,0,3,0,0,0),(50,'fng','busaguy','lilguy01','0','24.14.185.73','c-24-14-185-73.hsd1.il.comcast.net','d6f7e80e16e4cebd67acfc5dc13ee9da','','normal','none','yes','0','normal',1175,15000,3000,0,0,0,0,0,1768,879404920,15191606170,0,0,0,1,160159,230081,0,13487,0,0,0,14,20,0,0,0,34,403727,0,86,100,100,500000,500000,0,749538,250000,10,0,10,0,10,0,0,3816586,1000,0,0,0,0,4,2,0,0,'',1283090699,1282692344,8,'','','','','',0,0,0,0,0,0,60,1283090681,0,0,'enabled',5,'enabled','Main Menu','enabled',31,2,0,0,'',0,0,1,6,32,99999,19,99999,99999,99999,13,99999,99999,9,99999,99999,19,99999,99999,99999,99999,25,887,'no',0,'enabled',0,0,0,'enabled','enabled',0,0,0,0,0,0,3,0,0,0),(71,'InCoGnItO','scar_face_84','nissan','0','97.1.167.14','14.sub-97-1-167.myvzw.com','46e39435c76db4598e845021afb39ca7','','normal','none','yes','0','normal',2500,15000,2000,0,0,0,0,0,0,0,65976500,57881250,0,0,10,0,0,0,1000,0,0,1000,0,0,0,0,0,1000,1000,0,100,100,100,250000,250000,0,250000,250000,10,0,10,0,10,0,0,1000,1000,0,0,0,0,0,1,7,0,'Underboss',1283089241,0,0,'','','','','',0,0,0,0,0,0,0,0,0,0,'enabled',5,'enabled','StAcKs profile','enabled',31,2,0,0,'',0,0,1,25,73,99999,58,99999,99999,99999,47,99999,99999,41,99999,99999,48,99999,99999,99999,99999,67,0,'no',0,'enabled',0,0,0,'enabled','enabled',0,0,0,0,0,1,2,0,0,5),(52,'stonemason','freakydead','443881387617','0','124.82.0.78','82.124.in-addr.arpa.tm.net.my','413882cb606f87ab42f0956ec27b0f2a','','normal','none','yes','0','normal',409,0,2000,0,0,0,0,0,3,14282250767,43740859517,13095380720,0,0,1,229739,302988,0,1000,0,0,0,5,6,0,0,0,11,533727,0,86,100,100,650000,650000,0,649886,250000,10,0,10,0,10,0,0,7855628,1000,0,0,0,0,2,4,4,0,'Underboss',1283174505,1282603449,7,'','','','','',0,0,0,0,0,0,60,1283109829,0,0,'enabled',5,'enabled','Level 2 Ranks','enabled',90,3,0,0,'',0,0,1,2,14,99999,9,99999,99999,99999,4,99999,99999,6,99999,99999,30,99999,99999,99999,99999,14,90,'no',0,'enabled',0,0,0,'enabled','enabled',0,0,0,0,0,0,0,0,0,3),(53,'liveordie','capa','t160sony','0','203.214.45.147','203-214-45-147.dyn.iinet.net.au','0dcd6e01eee8cb5fff6612eb0998539a','','normal','none','yes','0','normal',2500,15000,2000,0,0,0,0,0,0,69346282,69346282,67004782,0,0,10,0,0,0,0,0,0,0,0,0,0,0,0,0,0,0,0,0,100,250000,250000,0,250000,250000,10,0,10,0,0,0,0,0,1000,0,0,0,0,8,1,0,0,'',1282557277,1282795814,7,'','','','','',0,0,0,0,0,0,60,1282557277,0,0,'enabled',5,'enabled','Recruiting','enabled',90,3,0,0,'',0,0,1,24,48,99999,55,99999,99999,99999,28,99999,99999,38,99999,99999,37,99999,99999,99999,99999,64,50,'no',0,'enabled',0,0,0,'enabled','enabled',0,0,0,0,0,0,0,4,0,0),(54,'CBR','plonkey','gogogo','0','118.208.177.124','ppp118-208-177-124.lns20.bne4.internode.on.net','857b6c7d41b5ae3b066395710cbf0c4a','','normal','none','yes','0','normal',2500,0,2000,0,0,0,0,0,5000000104,5183354602,6320215852,67004782,0,0,0,0,0,0,114575,0,0,0,0,0,0,0,0,0,114575,0,75,0,100,286438,286438,0,71866,250000,10,0,10,0,0,0,0,303163,1000,0,0,0,0,72,2,3,0,'',1282833152,1282833225,46,'','','','','',0,0,0,0,0,0,60,1282833075,0,0,'enabled',5,'enabled','Family business board','enabled',90,3,0,0,'',1537,0,1,8,23,99999,25,99999,99999,99999,8,99999,99999,14,99999,99999,11,99999,99999,99999,99999,31,13742,'no',0,'enabled',0,0,5000000000,'enabled','enabled',0,0,1,0,0,0,1,17,0,8),(55,'Dude007','panshul','eminem','0','59.164.4.197','59.164.4.197.man-dynamic.vsnl.net.in','e60edb824abf7043d93e459546fa1bbc','','normal','none','yes','0','normal',2500,15000,2000,0,0,0,0,0,0,0,75100032,67004782,0,0,10,0,0,0,1000,0,0,1000,0,0,0,0,0,1000,1000,0,100,100,100,250000,250000,0,250000,250000,10,0,10,0,10,0,0,1000,1000,0,0,0,0,0,1,0,0,'',1282566403,0,0,'','','','','',0,0,0,0,0,0,0,0,0,0,'enabled',5,'enabled','personal ranks','enabled',89,3,0,0,'',0,0,1,21,74,99999,50,99999,99999,99999,48,99999,99999,33,99999,99999,49,99999,99999,99999,99999,59,0,'no',0,'enabled',0,0,0,'enabled','enabled',0,0,0,0,0,0,0,0,1,0),(56,'CAZ','CAZ','123abc','0','95.145.134.13','95.145.134.13','0a43742177aea60edbf211c1f553572c','','normal','none','yes','0','normal',2500,15000,2500,0,0,0,0,0,0,69346282,69346282,67004782,0,0,10,0,0,0,0,0,0,0,0,0,0,0,0,0,0,0,0,0,100,250000,250000,0,250000,250000,10,0,10,0,0,0,0,0,1000,0,0,0,0,56,3,1,0,'',1283004772,1282989630,12,'','','','','',0,0,0,0,0,0,60,1282909871,0,0,'enabled',5,'enabled','Turn Bank','enabled',49,2,0,0,'',0,0,1,7,49,99999,56,99999,99999,99999,29,99999,99999,39,99999,99999,38,99999,99999,99999,99999,65,50,'no',0,'enabled',0,0,0,'enabled','enabled',0,0,0,0,0,0,2,0,0,2),(57,'DEFENDER','natureboy','son1988','0','122.178.164.180','ABTS-TN-dynamic-180.164.178.122.airtelbroadband.in','75804435bca8098a5736c580e584c2eb','','normal','none','yes','0','normal',1880,0,0,0,0,0,0,0,134,159657416,159657416,67004782,0,0,1,0,0,0,92311,0,0,0,0,0,0,0,0,0,92311,0,0,0,100,0,0,0,0,250000,10,0,10,0,0,0,0,0,1000,0,0,0,0,46,4,3,0,'',1283075864,1283078066,26,'',' ...... BUSY .........','','','',0,0,0,0,0,0,60,1283075654,0,0,'enabled',5,'enabled','Main Menu','enabled',88,3,0,0,'',4665,0,1,8,39,99999,41,99999,99999,99999,20,99999,99999,25,99999,99999,13,99999,99999,99999,99999,49,3068,'no',0,'enabled',0,0,0,'enabled','enabled',0,0,0,0,0,0,0,23,0,3),(62,'Lord_Kris','Lord_Kris','qwer111','0','71.202.235.228','c-71-202-235-228.hsd1.ca.comcast.net','b3fab57b5cc98585da0860afc1a891a6','','normal','none','yes','0','normal',2500,15000,2000,0,0,0,0,0,0,72575078,72578828,63814078,0,0,10,463,2631,0,0,0,0,0,0,0,0,0,0,0,3094,0,75,0,100,250000,250000,0,250000,250000,10,0,10,0,10,0,0,0,1000,0,0,0,0,10,4,6,0,'',1282936401,1283021182,78,'','','','','',0,0,0,0,0,0,60,1282936401,0,0,'enabled',5,'enabled','Recruiting','enabled',86,3,0,0,'',0,0,1,11,46,99999,53,99999,99999,99999,26,99999,99999,36,99999,99999,24,99999,99999,99999,99999,62,128,'no',0,'enabled',0,0,0,'enabled','enabled',0,0,0,0,0,0,0,3,0,1),(58,'tight_lipps_toni','moodymama','05072010','0','99.152.2.131','adsl-99-152-2-131.dsl.rcfril.sbcglobal.net','71e64a73b09bfe541054877bb2012738','','normal','none','yes','0','normal',75,0,2000,0,0,0,0,0,3,1786179343,7132033093,1547398223,0,0,0,31883,43366,67,1000,79,0,0,112,158,0,0,0,270,76395,0,86,100,100,6773612,7714051,0,10202338,250000,10,0,10,0,10,0,0,1425560,1000,0,0,0,0,8,2,6,0,'',1283117594,1283016133,46,'','','','','',0,0,0,0,0,0,60,1283117138,0,0,'enabled',5,'enabled','Main Menu','enabled',87,3,0,0,'',1,0,1,7,28,99999,24,99999,99999,99999,11,99999,99999,13,99999,99999,22,99999,99999,99999,99999,30,269,'no',0,'enabled',0,0,0,'enabled','enabled',0,0,0,0,0,0,1,4,0,0),(59,'COLD','COLD','22362236','0','88.88.168.63','ti0009a380-dhcp2868.bb.online.no','faa02cdcc16b60c294d13cb836489ca1','','normal','none','yes','0','normal',16065,0,0,0,0,0,0,0,2497129085,2699493567,2802989817,67004782,0,0,1,0,0,0,131538,0,0,2566,0,0,0,0,0,0,127489,0,0,100,100,0,0,0,228550,250000,10,0,10,0,0,0,0,27599,1000,16,0,0,0,102,1,4,0,'',1283119229,1283118129,8,'','','','','',0,0,0,0,0,0,60,1283119193,0,0,'enabled',5,'enabled','collecting','enabled',0,0,0,0,'',75912792,0,1,10,25,99999,27,99999,99999,99999,10,99999,99999,15,99999,99999,15,99999,99999,99999,99999,35,1990,'no',0,'enabled',0,0,0,'enabled','enabled',0,0,0,0,0,0,13,0,0,0),(60,'eminem','asian','asianasian','0','99.224.177.121','CPE00222d550554-CM00222d550550.cpe.net.cable.rogers.com','8e512c94d4f21492323e558544cbc186','','normal','none','yes','0','normal',2500,1,2000,0,1,1,0,0,1386,46766386,107636386,0,0,0,10,0,0,0,38765,0,0,0,0,0,0,0,0,0,38765,0,75,0,100,1000000,1000000,0,1000000,250000,0,0,0,0,0,0,0,16232,1000,0,0,0,0,140,1,14,0,'',1283034880,1283026758,18,'','','','','',0,0,0,0,0,0,60,1283026521,0,0,'enabled',5,'enabled','Level 2 Kill Ranks','enabled',42,2,0,0,'',4438,0,2,16,55,99999,44,99999,99999,99999,99999,15,99999,99999,19,99999,16,13,99999,99999,99999,52,21423,'no',0,'enabled',0,0,0,'enabled','enabled',0,0,0,0,0,0,0,0,1,0),(61,'BlackHeartGang','BlackHeartGang','7042935526','0','75.176.43.123','cpe-075-176-043-123.carolina.res.rr.com','40255752e320a638dd9f5ad2e8671907','','normal','none','yes','0','normal',2518,15000,2000,0,0,0,0,0,0,3334256,3334256,0,0,0,10,0,0,0,1000,0,0,0,0,0,0,0,0,0,1000,0,75,0,100,250000,250000,0,248189,250000,10,0,10,0,0,0,0,0,1000,1,0,0,11,58,1,0,0,'',1282620632,1283115686,18,'','','','','',115,0,0,0,0,0,60,1282602641,0,0,'enabled',5,'enabled','attacking Rampage_Jackson','enabled',86,3,0,0,'',0,0,1,33,63,99999,74,99999,99999,99999,39,99999,99999,57,99999,99999,16,99999,99999,99999,99999,83,1405,'no',0,'enabled',1,0,0,'enabled','enabled',0,0,0,0,0,0,0,24,0,52),(63,'DOLLA-50','DOLLA-50','JUSTIN123','0','207.255.78.109','207-255-78-109-dhcp.aoo.pa.atlanticbb.net','12cefca09e08d95d6d8a0a5ea3556101','','normal','none','yes','0','normal',17792,0,2000,0,0,0,0,0,97996,85498980,127652730,25844603,0,0,1,410,620,0,49397,0,0,0,0,0,0,0,0,0,50427,0,75,0,100,965453,948416,0,817795,250000,0,0,0,5,10,0,0,11240,1000,0,0,0,64,34,4,4,0,'Underboss',1283050226,1282902291,21,'','','','','',0,0,0,0,0,0,60,1282880114,0,0,'enabled',5,'enabled','Main Menu','enabled',49,2,0,0,'',161837,170078,1,9,43,99999,42,99999,99999,99999,23,99999,99999,26,99999,99999,3,99999,99999,99999,99999,50,154177,'no',0,'enabled',5,0,0,'enabled','enabled',0,0,0,0,0,0,1,0,0,17),(64,'Freak','tgerevini','yoshioka','0','201.1.137.143','201-1-137-143.dsl.telesp.net.br','36100050131a6c3075f9d22edc8bcc9f','','normal','none','yes','0','normal',2500,15000,2000,0,0,0,0,0,0,0,71909328,63814078,0,0,10,0,0,0,1000,0,0,1000,0,0,0,0,0,1000,1000,0,100,100,100,250000,250000,0,250000,250000,10,0,10,0,10,0,0,1000,1000,0,0,0,0,0,1,1,0,'Underboss',1282704865,0,0,'','','','','',0,0,0,0,0,0,0,0,0,0,'enabled',5,'enabled',' Board','enabled',72,3,0,0,'',0,0,1,23,75,99999,54,99999,99999,99999,49,99999,99999,37,99999,99999,50,99999,99999,99999,99999,63,0,'no',0,'enabled',0,0,0,'enabled','enabled',0,0,0,0,0,0,0,0,0,3),(65,'mast','chelsea12','briana','0','81.240.151.27','27.151-240-81.adsl-dyn.isp.belgacom.be','02dd06d7da1d01f35e7e8fd071aeed29','','normal','none','yes','0','normal',2500,0,2000,0,9000,9000,0,0,5000003577,5223062389,13134782389,60775312,0,0,10,0,0,0,161942,0,0,0,0,0,0,0,0,0,161942,0,0,0,100,0,0,0,0,250000,10,0,10,0,0,0,0,2109792,1000,0,0,0,0,10,5,3,0,'',1283008517,1282783602,22,'','','','','',0,0,0,0,0,0,60,1283008466,0,0,'enabled',5,'enabled','Renegade profile','enabled',58,2,0,0,'',1124,0,2,7,22,99999,20,99999,99999,99999,99999,10,99999,99999,11,99999,99999,14,99999,99999,99999,26,18099,'no',0,'enabled',0,0,5000000000,'enabled','enabled',0,0,1,0,0,1,0,0,0,5),(66,'krackman','krackman','0805218022','0','75.142.65.179','75-142-65-179.dhcp.knwc.wa.charter.com','46d4d9b018486c92c7ce39af5c93190e','','normal','none','yes','0','normal',2500,15000,2000,0,0,0,0,0,416518,11113631,12101756,0,0,0,10,0,0,0,0,0,0,0,0,0,0,0,0,0,0,0,0,0,100,249562,259681,0,259252,250000,110,100,110,10,0,1000,127,0,1000,0,0,0,0,56,1,0,0,'',1282757079,1283099221,18,'','','','','',0,0,0,0,0,0,50,1282756759,86400,1282756619,'enabled',5,'enabled','Main Menu','enabled',66,3,0,0,'',33104868,0,1,32,62,99999,73,99999,99999,99999,38,99999,99999,56,99999,99999,23,99999,99999,99999,99999,82,142,'no',0,'enabled',0,0,0,'enabled','enabled',0,0,0,0,0,0,0,28,0,0),(68,'kiyko','kiyko','lawrence0','0','190.93.109.154','190-93-109-154.rev.greendottt.net','e6590806996001a281196ae521e85583','','normal','none','yes','0','normal',2500,15000,2000,0,0,0,0,0,0,61177750,61177750,57881250,0,0,10,0,0,0,1000,0,0,0,0,0,0,0,0,0,1000,0,75,0,100,247500,242500,0,245000,250000,10,0,10,0,0,0,0,0,1000,0,0,0,0,36,1,0,0,'',1282811948,1282953411,7,'','','','','',0,0,0,0,0,0,60,1282811948,0,0,'enabled',5,'enabled','Recruiting','enabled',55,3,0,0,'',0,0,1,28,51,99999,65,99999,99999,99999,31,99999,99999,48,99999,99999,32,99999,99999,99999,99999,74,56,'no',0,'enabled',0,0,0,'enabled','enabled',0,0,0,0,0,0,0,18,0,0),(67,'Nobody','dahurricane','slash','0','86.152.65.8','host86-152-65-8.range86-152.btcentralplus.com','7f9be0d8040c9718e1217f877accfb40','','normal','none','yes','0','normal',2500,15000,2000,0,0,0,0,0,0,0,68870562,60775312,0,0,10,0,0,0,1000,0,0,1000,0,0,0,0,0,1000,1000,0,100,100,100,250000,250000,0,250000,250000,10,0,10,0,10,0,0,1000,1000,0,0,0,0,0,2,0,0,'',1282781098,0,0,'','','','','',0,0,0,0,0,0,0,0,0,0,'enabled',5,'enabled','Nobody profile','enabled',58,3,0,0,'',0,0,1,13,76,99999,57,99999,99999,99999,50,99999,99999,40,99999,99999,51,99999,99999,99999,99999,66,0,'no',0,'enabled',0,0,0,'enabled','enabled',0,0,0,0,0,0,0,0,0,0),(69,'BOLT','cyber','andreas','0','193.90.61.203','cCB3D5AC1.dhcp.bluecom.no','2ba77c8b2375269f0894779fc75b396c','','normal','none','yes','0','normal',0,0,0,0,9500,9500,0,0,30449473124,30738244074,33963247824,57881250,0,0,1,0,0,0,224649,0,0,4157,0,0,0,0,0,4157,224029,0,0,100,100,0,0,0,435550,250000,10,0,10,0,10,0,0,860000,1000,0,0,0,0,108,5,4,0,'Underboss',1283119200,1283078262,26,'','','','','',0,0,0,0,0,0,60,1283119147,0,0,'enabled',5,'enabled','LEGACY Family','enabled',19,0,0,0,'',6725,0,2,6,9,99999,13,99999,99999,99999,99999,5,99999,99999,7,99999,7,9,99999,99999,99999,18,55718,'no',0,'enabled',0,0,0,'enabled','enabled',0,0,0,0,0,0,0,0,0,0),(70,'jump','kinddevil','chrisbenoit','0','27.106.15.88','27.106.15.88','c35f44f10477bab44a31ef7e46a656f4','','normal','none','yes','0','normal',2500,15000,2000,0,0,0,0,0,0,0,65976500,57881250,0,0,10,0,0,0,1000,0,0,1000,0,0,0,0,0,1000,1000,0,100,100,100,250000,250000,0,250000,250000,10,0,10,0,10,0,0,1000,1000,0,0,0,0,0,3,0,0,'',1282824456,0,0,'','','','','',0,0,0,0,0,0,0,0,0,0,'enabled',5,'enabled','Haven profile','enabled',55,2,0,0,'',0,0,1,8,77,99999,59,99999,99999,99999,51,99999,99999,42,99999,99999,52,99999,99999,99999,99999,68,0,'no',0,'enabled',0,0,0,'enabled','enabled',0,0,0,0,0,0,0,0,0,0),(72,'pierrot','peter09','comasua','0','112.198.64.156','112.198.64.156','2e050852186d91a1ec923b51874ac763','','normal','none','yes','0','normal',1975,15000,2000,0,0,0,0,0,0,171794750,171794750,57881250,0,0,10,0,0,0,111572,0,0,0,0,0,0,0,0,0,111572,0,75,0,100,250000,250000,0,250000,250000,10,0,10,0,0,0,0,0,1000,0,0,0,0,52,2,3,0,'',1283071370,1283078327,26,'','any invite???','','','',0,0,0,0,0,0,60,1283071370,86400,1282859950,'enabled',5,'enabled','Recruiting','enabled',34,2,0,0,'',0,0,1,11,37,99999,40,99999,99999,99999,18,99999,99999,24,99999,99999,39,99999,99999,99999,99999,48,50,'no',0,'enabled',0,0,0,'enabled','enabled',0,0,0,0,0,0,4,3,0,3),(73,'huhu','napie1','426234','0','218.111.157.125','111.218.in-addr.arpa.static.tm.net.my','55e35c44787a15a496eef47c69bf7d49','','normal','none','yes','0','normal',2500,15000,2000,0,0,0,0,0,0,0,65976500,57881250,0,0,10,0,0,0,1000,0,0,1000,0,0,0,0,0,1000,1000,0,100,100,100,250000,250000,0,250000,250000,10,0,10,0,10,0,0,1000,1000,0,0,0,0,0,3,0,0,'',1283046385,0,0,'','','','','',0,0,0,0,0,0,0,0,0,0,'enabled',5,'enabled','CuseBallers Family','enabled',50,2,0,0,'',0,0,1,9,78,99999,60,99999,99999,99999,52,99999,99999,43,99999,99999,53,99999,99999,99999,99999,69,0,'no',0,'enabled',0,0,0,'enabled','enabled',0,0,0,0,0,0,3,0,0,0),(74,'AMW','x-man93','pussy1','0','96.236.6.133','pool-96-236-6-133.albyny.east.verizon.net','96a6bfc76c782134c8f2313d3d540cc8','','normal','none','yes','0','normal',2500,15000,2000,0,0,0,0,0,0,0,65976500,57881250,0,0,10,0,0,0,1000,0,0,1000,0,0,0,0,0,1000,1000,0,100,100,100,250000,250000,0,250000,250000,10,0,10,0,10,0,0,1000,1000,0,0,0,0,0,1,0,0,'',1282876504,0,0,'','','','','',0,0,0,0,0,0,0,0,0,0,'enabled',5,'enabled','Main Menu','enabled',55,2,0,0,'',0,0,1,26,79,99999,61,99999,99999,99999,53,99999,99999,44,99999,99999,54,99999,99999,99999,99999,70,0,'no',0,'enabled',0,0,0,'enabled','enabled',0,0,0,0,0,0,0,0,0,0),(75,'SD_KiLLa','vhb','pitbull22','0','69.232.85.192','adsl-69-232-85-192.dsl.sndg02.pacbell.net','32659f086f6f46d568cea7d1832b3bf8','','normal','none','yes','0','normal',2500,15000,2000,0,0,0,0,0,0,0,63220250,55125000,0,0,10,0,0,0,1000,0,0,1000,0,0,0,0,0,1000,1000,0,100,100,100,250000,250000,0,250000,250000,10,0,10,0,10,0,0,1000,1000,0,0,0,0,0,1,0,0,'',1282960572,0,0,'','','','','',0,0,0,0,0,0,0,0,0,0,'enabled',5,'enabled','Options','enabled',50,2,0,0,'',0,0,1,27,80,99999,63,99999,99999,99999,54,99999,99999,46,99999,99999,55,99999,99999,99999,99999,72,0,'no',0,'enabled',0,0,0,'enabled','enabled',0,0,0,0,0,0,0,0,0,0),(83,'Arod','arod3342','milkman','0','173.18.184.175','173-18-184-175.client.mchsi.com','cda2a76816fb5bf7e5aa18f24025ca5a','','normal','none','yes','0','normal',1255,15000,2000,0,0,0,0,0,40862,54755929,54755929,50000000,0,0,10,154,180,154,1000,155,0,0,0,0,0,0,0,0,1643,0,75,0,100,245587,306748,0,280309,250000,30,0,10,0,0,0,0,0,1000,0,0,0,2,2,1,0,0,'',1283114773,1283114661,7,'','','','','',127,0,0,0,0,0,0,0,0,0,'enabled',5,'enabled','Attacks','enabled',23,2,0,0,'',7211,0,1,31,54,99999,69,99999,99999,99999,34,99999,99999,52,99999,99999,31,99999,99999,99999,99999,78,65,'no',0,'enabled',0,0,0,'enabled','enabled',0,0,0,0,0,0,0,0,0,0),(77,'Silence','yogi','redruby','0','121.214.205.251','CPE-121-214-205-251.lns6.fli.bigpond.net.au','118a4555b5ad614013b3260af52d363d','','normal','none','yes','0','normal',2500,15000,2000,0,0,0,0,0,0,55714500,55714500,52500000,0,0,10,0,0,0,873,0,0,0,0,0,0,0,0,0,873,0,75,0,100,250000,250000,0,250000,250000,10,0,10,0,0,0,0,0,1000,0,0,0,0,6,1,3,0,'',1283091770,1283114653,83,'','','','','',0,0,0,0,0,0,60,1283060113,0,0,'enabled',5,'enabled',' Board','enabled',31,2,0,0,'',0,0,1,30,53,99999,68,99999,99999,99999,33,99999,99999,51,99999,99999,40,99999,99999,99999,99999,77,50,'no',0,'enabled',0,0,0,'enabled','enabled',0,0,0,0,0,1,7,1,0,2),(76,'blah','z_103','goldfish68','0','124.184.180.175','CPE-124-184-180-175.lns17.cht.bigpond.net.au','470901b642301aafdbdb544b758602a3','','normal','none','yes','0','normal',2500,15000,2000,0,0,0,0,0,0,0,63220250,55125000,0,0,10,0,0,0,1000,0,0,1000,0,0,0,0,0,1000,1000,0,100,100,100,250000,250000,0,250000,250000,10,0,10,0,10,0,0,1000,1000,0,0,0,0,0,2,0,0,'',1282961563,0,0,'','','','','',0,0,0,0,0,0,0,0,0,0,'enabled',5,'enabled','HawkY profile','enabled',50,2,0,0,'',0,0,1,14,81,99999,64,99999,99999,99999,55,99999,99999,47,99999,99999,56,99999,99999,99999,99999,73,0,'no',0,'enabled',0,0,0,'enabled','enabled',0,0,0,0,0,0,0,0,0,0),(78,'gangsterg','gangsterg','griffin','0','99.238.78.135','CPE00226b646c8a-CM00080d413c84.cpe.net.cable.rogers.com','3fc888f18643fd18eeeda84c57a9d2a9','','normal','none','yes','0','normal',2500,15000,2000,0,0,0,0,0,495650,17600199,20907699,0,0,0,10,1232,1761,246,7535,495,0,0,0,0,0,0,0,0,11269,0,75,0,100,258065,244212,0,238462,250000,10,2,10,0,0,0,0,882,1000,0,0,0,4,12,4,13,0,'',1283021370,1283025121,7,'','','','','',0,0,0,0,0,0,3,1283021296,0,0,'enabled',5,'enabled','Attacks','enabled',44,2,0,0,'',7714164,0,1,13,59,99999,71,99999,99999,99999,36,99999,99999,54,99999,99999,20,99999,99999,99999,99999,80,561,'no',0,'enabled',0,0,0,'enabled','enabled',0,0,0,0,0,0,0,1,1,0),(79,'iamqueen','iamqueen','gangster','0','75.17.88.126','75-17-88-126.lightspeed.hstntx.sbcglobal.net','28f53e0d0ae7c4363e8cf034514b02b3','','normal','none','yes','0','normal',2502,0,2000,0,2000,2000,0,0,6385985,1376397253,1378077253,52500000,0,0,10,0,0,0,82382,0,0,0,0,0,0,0,0,0,82382,0,75,0,100,1924702,4357190,0,5472624,250000,0,1009,15,7169,10,0,0,447,1000,11,0,0,76,274,4,0,0,'',1283020346,1283112132,47,'','','','','',31838,0,0,0,0,0,0,0,0,0,'enabled',5,'enabled','Global Ranks','enabled',44,2,0,0,'',364939450,185,2,7,29,99999,29,99999,99999,99999,99999,12,99999,99999,16,99999,99999,17,99999,99999,99999,37,140,'no',0,'enabled',0,0,0,'enabled','enabled',0,0,0,0,0,0,0,137,0,0),(80,'BARTENDER','BARTENDER','monarch420','0','76.179.105.243','cpe-76-179-105-243.maine.res.rr.com','8d02f92a225068ec286ec4d1c3605599','','normal','none','yes','0','normal',25,0,2000,0,0,0,0,0,50,57866892,216139392,52500000,0,0,1,0,0,0,1000,0,0,0,0,0,0,0,0,0,1000,0,75,0,100,247143,247917,0,758612,250000,10,0,10,0,10,0,0,42205,1000,4,0,0,8,60,1,3,0,'',1283118682,1283118720,18,'','','','','',82150,0,0,0,0,0,60,1283118557,0,0,'enabled',5,'enabled','Main Menu','enabled',31,2,0,0,'',4650,0,1,14,52,99999,36,99999,99999,99999,32,99999,99999,20,99999,99999,4,99999,99999,99999,99999,44,141155,'no',0,'enabled',0,0,1500000000,'enabled','enabled',0,0,0,0,0,1,11,4,0,0),(81,'PiLlOwPaNtS','fingerpuppet','0000000','0','99.246.234.164','CPE001e37d8e3f4-CM0018c0c611c0.cpe.net.cable.rogers.com','c7885492c4a9a8bcffec6995ab3658a0','','normal','none','yes','0','normal',2500,15000,2000,0,0,0,0,0,0,0,60595250,52500000,0,0,10,0,0,0,1000,0,0,1000,0,0,0,0,0,1000,1000,0,100,100,100,250000,250000,0,250000,250000,10,0,10,0,10,0,0,1000,1000,0,0,0,0,0,2,0,0,'',1283033234,0,0,'','','','','',0,0,0,0,0,0,0,0,86400,1283033216,'enabled',5,'enabled','Main Menu','enabled',40,2,0,0,'',0,0,1,15,82,99999,66,99999,99999,99999,56,99999,99999,49,99999,99999,57,99999,99999,99999,99999,75,0,'no',0,'enabled',0,0,0,'enabled','enabled',0,0,0,0,0,1,0,0,0,0),(82,'prettypinky09','pinksexy09','midnightmax1','0','68.253.224.149','adsl-68-253-224-149.dsl.dytnoh.ameritech.net','33cf98a3b98ba9b002957efc915c7d9e','','normal','none','yes','0','normal',2500,15000,2000,0,0,0,0,0,0,0,58095250,50000000,0,0,10,0,0,0,1000,0,0,1000,0,0,0,0,0,1000,1000,0,100,100,100,250000,250000,0,250000,250000,10,0,10,0,10,0,0,1000,1000,0,0,0,0,0,1,0,0,'',1283102788,0,0,'','','','','',0,0,0,0,0,0,0,0,86400,1283102702,'enabled',5,'enabled','Attack','enabled',30,2,0,0,'',0,0,1,29,83,99999,67,99999,99999,99999,57,99999,99999,50,99999,99999,58,99999,99999,99999,99999,76,0,'no',0,'enabled',0,0,0,'enabled','enabled',0,0,0,0,0,1,0,0,0,0);

--
-- Table structure for table `r160_city`
--

CREATE TABLE `r160_city` (
  `id` tinyint(1) NOT NULL AUTO_INCREMENT,
  `name` varchar(255) NOT NULL DEFAULT '',
  `country` varchar(32) NOT NULL DEFAULT '',
  PRIMARY KEY (`id`)
) ENGINE=MyISAM AUTO_INCREMENT=6 DEFAULT CHARSET=latin1;

--
-- Dumping data for table `r160_city`
--

INSERT INTO `r160_city` VALUES (1,'New York',''),(2,'Chicago',''),(3,'Miami',''),(4,'Los Angeles',''),(5,'Las Vegas','');

--
-- Table structure for table `r160_crew`
--

CREATE TABLE `r160_crew` (
  `id` int(6) unsigned NOT NULL AUTO_INCREMENT,
  `name` varchar(18) NOT NULL DEFAULT '',
  `don` varchar(18) NOT NULL DEFAULT '',
  `founder` varchar(18) NOT NULL DEFAULT '',
  `members` smallint(6) NOT NULL DEFAULT '1',
  `profile` varchar(255) NOT NULL DEFAULT '',
  `icon` varchar(255) NOT NULL DEFAULT '',
  `city` tinyint(3) unsigned NOT NULL DEFAULT '1',
  `rank` decimal(65,0) unsigned NOT NULL DEFAULT '99999',
  `networth` decimal(65,0) unsigned NOT NULL DEFAULT '0',
  `cofounder` varchar(18) NOT NULL DEFAULT '',
  `money` decimal(65,0) unsigned NOT NULL DEFAULT '50000',
  `condom` decimal(65,0) unsigned NOT NULL DEFAULT '500',
  `crack` decimal(65,0) unsigned NOT NULL DEFAULT '500',
  `medicine` decimal(65,0) unsigned NOT NULL DEFAULT '500',
  `thug` decimal(65,0) unsigned NOT NULL DEFAULT '500',
  `beer` decimal(65,0) unsigned NOT NULL DEFAULT '0',
  `weed` decimal(65,0) unsigned NOT NULL DEFAULT '0',
  `glock` decimal(65,0) unsigned NOT NULL DEFAULT '0',
  `shotgun` decimal(65,0) unsigned NOT NULL DEFAULT '0',
  `uzi` decimal(65,0) unsigned NOT NULL DEFAULT '0',
  `ak47` decimal(65,0) unsigned NOT NULL DEFAULT '0',
  `bank` decimal(65,0) unsigned NOT NULL DEFAULT '50000',
  `lowrider` decimal(65,0) unsigned NOT NULL DEFAULT '0',
  `cbank` decimal(65,0) unsigned NOT NULL DEFAULT '0',
  `title` varchar(255) NOT NULL DEFAULT '',
  `tnetworth` decimal(65,0) NOT NULL DEFAULT '0',
  `finalrank` decimal(65,0) unsigned NOT NULL DEFAULT '0',
  `motd` text NOT NULL,
  `tbank` decimal(65,0) unsigned NOT NULL DEFAULT '2000',
  `exten` smallint(6) NOT NULL DEFAULT '0',
  `ivt` tinyint(3) unsigned NOT NULL DEFAULT '0',
  `uploads` smallint(6) NOT NULL DEFAULT '0',
  PRIMARY KEY (`id`)
) ENGINE=MyISAM AUTO_INCREMENT=9 DEFAULT CHARSET=latin1;

--
-- Dumping data for table `r160_crew`
--

INSERT INTO `r160_crew` VALUES (1,'GrInD_HoUsE','GOTTI_GIRL','GOTTI_GIRL',7,'http://lostatsea.net/LAS/archives/features/cinema/grindhouse/grindhouse_ban.gif','../images/icons/160/SKULL.gif1268513008.gif1283119 260',1,3,370651337956,'Birthday-Nutz',50000,500,500,500,500,0,0,0,0,0,0,50000,0,20000000000,'',1185250555210,3,'',2000,0,0,1),(2,'LEGACY','Flame','Flame',15,'http://i44.photobucket.com/albums/f40/Ryustar/Legacy.jpg','../images/icons/160/legacy_gif1263739235.gif128311 9420',5,2,612310345465,'DreamKiller',50000,500,500,500,500,0,0,0,0,0,0,50000,0,0,'',1416587869750,2,'RD 159..FAM  4TH.. LEVEL 2..BERZ  5th.. DK  6th.. BOLT  7th..UNGAMBINO  9th..K DOGG  10th..LEVEL 1..KK BRONZE..FLAME  4th..MIKEVMAN  5th..STONEMASON  6th..LEVEL 1 KILLER..DOLLA-50 BRONZE..KUDOS',2000,0,0,1),(4,'Zer0_Tol3rance','Destroyr_of_Worlds','Destroyr_of_Worlds',5,'','../images/icons/160/Zerotolerance.gif1268501173.gi f1283119389',1,6,243946934,'COLD',50000,500,500,500,500,0,0,0,0,0,0,50000,0,876336749,'',5996813683,6,'',2000,0,0,1),(5,'Flying_Solo','HawkY','HawkY',14,'','../images/icons/160/FlyingSolo.gif1283121381',1,4,227961166871,'Renegade',50000,500,500,500,500,0,0,0,0,0,0,50000,0,38000000000,'',879482785621,4,'',2000,0,0,1),(6,'PunkS','Haven','Haven',5,'','../images/icons/160/th_PUNKSgif1235001127.gif12831 28254',4,5,119090418111,'noob_101',50000,500,500,500,500,0,0,0,0,0,0,50000,0,0,'',235521590861,5,'',2000,0,0,1),(7,'FEARLESS_WARRIORS','8sec','8sec',9,'','../images/icons/160/fearlessgrn.gif1283143462',2,1,1827975679943,'ROB',50000,500,500,500,500,0,0,0,0,0,0,50000,0,0,'',8239909463960,1,'',2000,0,0,1),(8,'test','Admin','Admin',1,'','',2,7,0,'',50000,500,500,500,500,0,0,0,0,0,0,50000,0,0,'',78450271,7,'',2000,0,0,0);

--
-- Table structure for table `r160_extens`
--

CREATE TABLE `r160_extens` (
  `id` int(6) unsigned NOT NULL AUTO_INCREMENT,
  `name` varchar(18) NOT NULL DEFAULT '',
  `don` varchar(18) NOT NULL DEFAULT '',
  `founder` varchar(18) NOT NULL DEFAULT '',
  `cofounder` varchar(18) NOT NULL DEFAULT '',
  `members` smallint(6) NOT NULL DEFAULT '1',
  `profile` varchar(255) NOT NULL DEFAULT '',
  `icon` varchar(255) NOT NULL DEFAULT '',
  `city` tinyint(3) unsigned NOT NULL DEFAULT '1',
  `networth` decimal(65,0) unsigned NOT NULL DEFAULT '0',
  `tnetworth` decimal(65,0) NOT NULL DEFAULT '0',
  `bank` decimal(65,0) unsigned NOT NULL DEFAULT '50000',
  `cbank` decimal(65,0) unsigned NOT NULL DEFAULT '0',
  `title` varchar(255) NOT NULL DEFAULT '',
  `rank` decimal(65,0) unsigned NOT NULL DEFAULT '99999',
  `finalrank` decimal(65,0) unsigned NOT NULL DEFAULT '0',
  `motd` text NOT NULL,
  `tbank` decimal(65,0) unsigned NOT NULL DEFAULT '2000',
  `exten` smallint(6) NOT NULL DEFAULT '0',
  PRIMARY KEY (`id`)
) ENGINE=MyISAM DEFAULT CHARSET=latin1;

--
-- Dumping data for table `r160_extens`
--


--
-- Table structure for table `r160_pimp`
--

CREATE TABLE `r160_pimp` (
  `id` mediumint(8) unsigned NOT NULL AUTO_INCREMENT,
  `pimp` varchar(18) NOT NULL DEFAULT '',
  `user` varchar(255) NOT NULL DEFAULT '',
  `pass` varchar(32) NOT NULL DEFAULT '',
  `email` varchar(255) NOT NULL DEFAULT '',
  `ip` varchar(15) NOT NULL DEFAULT '0.0.0.0',
  `host` varchar(255) NOT NULL DEFAULT '',
  `code` varchar(43) NOT NULL DEFAULT '',
  `pin` varchar(32) NOT NULL DEFAULT '',
  `status` varchar(12) NOT NULL DEFAULT 'normal',
  `staffstatus` varchar(12) NOT NULL DEFAULT 'none',
  `showstaff` varchar(12) NOT NULL DEFAULT 'yes',
  `subscribe` varchar(12) NOT NULL DEFAULT '0',
  `workstatus` varchar(12) NOT NULL DEFAULT 'normal',
  `trn` int(10) unsigned NOT NULL DEFAULT '1000',
  `res` int(10) unsigned NOT NULL DEFAULT '2000',
  `tbank` decimal(65,0) unsigned NOT NULL DEFAULT '2000',
  `maxadd` decimal(65,0) unsigned NOT NULL DEFAULT '0',
  `cadd` decimal(65,0) unsigned NOT NULL DEFAULT '0',
  `fadd` decimal(65,0) unsigned NOT NULL DEFAULT '0',
  `sub` decimal(65,0) unsigned NOT NULL DEFAULT '0',
  `maxed` decimal(65,0) unsigned NOT NULL DEFAULT '0',
  `money` decimal(65,0) unsigned NOT NULL DEFAULT '0',
  `networth` decimal(65,0) unsigned NOT NULL DEFAULT '0',
  `totnet` decimal(65,0) unsigned NOT NULL DEFAULT '0',
  `bank` decimal(65,0) unsigned NOT NULL DEFAULT '50000000',
  `bank2` decimal(65,0) unsigned NOT NULL DEFAULT '0',
  `bank3` decimal(65,0) unsigned NOT NULL DEFAULT '0',
  `payout` tinyint(3) unsigned NOT NULL DEFAULT '10',
  `whore` decimal(65,0) unsigned NOT NULL DEFAULT '0',
  `dealers` decimal(65,0) unsigned NOT NULL DEFAULT '0',
  `bootleggers` decimal(65,0) unsigned NOT NULL DEFAULT '0',
  `hustlers` decimal(65,0) unsigned NOT NULL DEFAULT '1000',
  `punks` decimal(65,0) unsigned NOT NULL DEFAULT '0',
  `punk` decimal(65,0) unsigned NOT NULL DEFAULT '0',
  `hitmen` decimal(65,0) unsigned NOT NULL DEFAULT '1000',
  `bodyguards` decimal(65,0) unsigned NOT NULL DEFAULT '0',
  `thug` decimal(65,0) unsigned NOT NULL DEFAULT '0',
  `associates` decimal(65,0) unsigned NOT NULL DEFAULT '0',
  `soldiers` decimal(65,0) unsigned NOT NULL DEFAULT '0',
  `enforcers` decimal(65,0) unsigned NOT NULL DEFAULT '0',
  `totaldus` double unsigned NOT NULL DEFAULT '1000',
  `totalops` double unsigned NOT NULL DEFAULT '1000',
  `totaloffensives` double unsigned NOT NULL DEFAULT '0',
  `whappy` tinyint(3) unsigned NOT NULL DEFAULT '100',
  `thappy` tinyint(3) unsigned NOT NULL DEFAULT '100',
  `phappy` tinyint(3) unsigned NOT NULL DEFAULT '100',
  `condom` decimal(65,0) unsigned NOT NULL DEFAULT '250000',
  `crack` decimal(65,0) unsigned NOT NULL DEFAULT '250000',
  `medicine` decimal(65,0) unsigned NOT NULL DEFAULT '0',
  `weed` decimal(65,0) unsigned NOT NULL DEFAULT '250000',
  `beer` decimal(65,0) unsigned NOT NULL DEFAULT '250000',
  `lowrider` decimal(65,0) unsigned NOT NULL DEFAULT '10',
  `hummer` decimal(65,0) unsigned NOT NULL DEFAULT '0',
  `viper` decimal(65,0) unsigned NOT NULL DEFAULT '10',
  `bmxbike` decimal(65,0) unsigned NOT NULL DEFAULT '0',
  `glock` decimal(65,0) unsigned NOT NULL DEFAULT '10',
  `shotgun` decimal(65,0) unsigned NOT NULL DEFAULT '0',
  `uzi` decimal(65,0) unsigned NOT NULL DEFAULT '0',
  `ak47` decimal(65,0) unsigned NOT NULL DEFAULT '1000',
  `vests` decimal(65,0) unsigned NOT NULL DEFAULT '1000',
  `attin` int(10) unsigned NOT NULL DEFAULT '0',
  `revattin` int(10) unsigned NOT NULL DEFAULT '0',
  `attout` int(10) unsigned NOT NULL DEFAULT '0',
  `attackout` decimal(65,0) NOT NULL DEFAULT '0',
  `attackin` decimal(65,0) NOT NULL DEFAULT '0',
  `city` tinyint(3) unsigned NOT NULL DEFAULT '1',
  `crew` bigint(20) unsigned NOT NULL DEFAULT '0',
  `crewext` bigint(20) unsigned NOT NULL DEFAULT '0',
  `ctitle` varchar(18) NOT NULL DEFAULT '',
  `online` int(12) unsigned NOT NULL DEFAULT '0',
  `lastattack` int(12) unsigned NOT NULL DEFAULT '0',
  `lastattackby` int(11) unsigned NOT NULL DEFAULT '0',
  `profile` varchar(255) NOT NULL DEFAULT '',
  `description` varchar(255) NOT NULL DEFAULT '',
  `descriptionfont` varchar(255) NOT NULL DEFAULT '',
  `descriptioncolor` varchar(255) NOT NULL DEFAULT '',
  `descriptionstyle` varchar(255) NOT NULL DEFAULT '',
  `whorek` decimal(65,0) NOT NULL DEFAULT '0',
  `thugk` decimal(65,0) NOT NULL DEFAULT '0',
  `infok` decimal(65,0) NOT NULL DEFAULT '0',
  `punkk` decimal(65,0) NOT NULL DEFAULT '0',
  `hitmenk` decimal(65,0) NOT NULL DEFAULT '0',
  `bodyguardsk` decimal(65,0) NOT NULL DEFAULT '0',
  `protection` int(11) NOT NULL DEFAULT '0',
  `protectstarted` int(12) NOT NULL DEFAULT '0',
  `newprotection` int(11) NOT NULL DEFAULT '0',
  `nprotectstarted` int(12) NOT NULL DEFAULT '0',
  `postpriv` varchar(12) NOT NULL DEFAULT 'enabled',
  `defaultturns` int(12) NOT NULL DEFAULT '5',
  `sounds` varchar(18) NOT NULL DEFAULT 'enabled',
  `page` varchar(200) NOT NULL DEFAULT '',
  `postalerts` varchar(15) NOT NULL DEFAULT 'enabled',
  `posts` int(11) NOT NULL DEFAULT '0',
  `recposts` int(11) NOT NULL DEFAULT '0',
  `helpposts` int(11) NOT NULL DEFAULT '0',
  `newalert` tinyint(1) NOT NULL DEFAULT '0',
  `alert` text NOT NULL,
  `cashstolen` decimal(65,0) NOT NULL DEFAULT '0',
  `ganked` decimal(65,0) unsigned NOT NULL DEFAULT '0',
  `level` int(4) NOT NULL DEFAULT '1',
  `rank` decimal(65,0) unsigned NOT NULL DEFAULT '99999',
  `nrank` decimal(65,0) unsigned NOT NULL DEFAULT '99999',
  `frank` int(5) NOT NULL DEFAULT '99999',
  `farank` decimal(65,0) unsigned NOT NULL DEFAULT '99999',
  `srank` int(5) NOT NULL DEFAULT '99999',
  `sarank` decimal(65,0) unsigned NOT NULL DEFAULT '99999',
  `killrank` int(5) NOT NULL DEFAULT '99999',
  `lvl1rank` decimal(65,0) unsigned NOT NULL DEFAULT '99999',
  `lvl2rank` decimal(65,0) unsigned NOT NULL DEFAULT '99999',
  `lvl3rank` decimal(65,0) unsigned NOT NULL DEFAULT '99999',
  `lvl1frank` decimal(65,0) unsigned NOT NULL DEFAULT '99999',
  `lvl2frank` decimal(65,0) unsigned NOT NULL DEFAULT '99999',
  `lvl3frank` decimal(65,0) unsigned NOT NULL DEFAULT '99999',
  `lvl1krank` decimal(65,0) unsigned NOT NULL DEFAULT '99999',
  `lvl2krank` decimal(65,0) unsigned NOT NULL DEFAULT '99999',
  `lvl3krank` decimal(65,0) unsigned NOT NULL DEFAULT '99999',
  `skillrank` int(5) NOT NULL DEFAULT '99999',
  `fkillrank` int(5) NOT NULL DEFAULT '99999',
  `arank` decimal(65,0) unsigned NOT NULL DEFAULT '99999',
  `totalkills` double unsigned NOT NULL DEFAULT '0',
  `transfers` char(3) NOT NULL DEFAULT 'no',
  `trans` tinyint(3) unsigned NOT NULL DEFAULT '0',
  `medals` varchar(255) NOT NULL DEFAULT 'enabled',
  `cbmsg` tinyint(3) unsigned NOT NULL DEFAULT '0',
  `recmoney` decimal(65,0) unsigned NOT NULL DEFAULT '0',
  `cmoney` decimal(65,0) unsigned NOT NULL DEFAULT '0',
  `callies` varchar(255) NOT NULL DEFAULT 'enabled',
  `images` varchar(255) NOT NULL DEFAULT 'enabled',
  `amsg` tinyint(3) unsigned NOT NULL DEFAULT '0',
  `stfmsg` tinyint(3) unsigned NOT NULL DEFAULT '0',
  `ctrans` tinyint(3) unsigned NOT NULL DEFAULT '0',
  `rmsg` tinyint(3) unsigned NOT NULL DEFAULT '0',
  `camsg` tinyint(3) unsigned NOT NULL DEFAULT '0',
  `msg` tinyint(3) unsigned NOT NULL DEFAULT '0',
  `msgsent` bigint(20) NOT NULL DEFAULT '0',
  `atk` tinyint(3) unsigned NOT NULL DEFAULT '0',
  `ivt` tinyint(3) unsigned NOT NULL DEFAULT '0',
  `cmsg` tinyint(3) unsigned NOT NULL DEFAULT '0',
  PRIMARY KEY (`id`),
  KEY `rank` (`rank`),
  KEY `nrank` (`nrank`)
) ENGINE=MyISAM AUTO_INCREMENT=76 DEFAULT CHARSET=latin1;

--
