--
-- Host: localhost    Database: luniz_iso
-- ------------------------------------------------------


--
-- Current Database: `luniz_iso`
--

CREATE DATABASE /*!32312 IF NOT EXISTS*/ `luniz_iso` /*!40100 DEFAULT CHARACTER SET latin1 */;

USE `luniz_iso`;

--
-- Table structure for table `phpbb_acl_groups`
--

CREATE TABLE `phpbb_acl_groups` (
  `group_id` mediumint(8) unsigned NOT NULL DEFAULT '0',
  `forum_id` mediumint(8) unsigned NOT NULL DEFAULT '0',
  `auth_option_id` mediumint(8) unsigned NOT NULL DEFAULT '0',
  `auth_role_id` mediumint(8) unsigned NOT NULL DEFAULT '0',
  `auth_setting` tinyint(2) NOT NULL DEFAULT '0',
  KEY `group_id` (`group_id`),
  KEY `auth_opt_id` (`auth_option_id`),
  KEY `auth_role_id` (`auth_role_id`)
) ENGINE=MyISAM DEFAULT CHARSET=latin1;

--
-- Dumping data for table `phpbb_acl_groups`
--

INSERT INTO `phpbb_acl_groups` VALUES (699,24,0,14,0),(696,76,23,0,1),(696,76,18,0,1),(696,76,15,0,1),(696,76,27,0,1),(696,76,8,0,1),(696,76,25,0,1),(696,54,23,0,1),(699,25,0,14,0),(696,54,18,0,1),(696,54,15,0,1),(696,75,23,0,1),(696,75,18,0,1),(696,54,27,0,1),(696,54,8,0,1),(696,54,25,0,1),(696,54,24,0,1),(696,54,13,0,1),(696,75,15,0,1),(696,0,94,0,1),(699,26,0,14,0),(696,54,7,0,1),(696,54,4,0,1),(696,0,116,0,1),(696,0,92,0,1),(699,96,0,14,0),(696,95,1,0,1),(699,95,1,0,1),(699,95,14,0,1),(698,95,0,14,0),(696,54,21,0,1),(696,54,20,0,1),(696,54,17,0,1),(696,54,14,0,1),(696,54,11,0,1),(696,0,91,0,1),(696,0,89,0,1),(699,27,0,14,0),(696,56,23,0,1),(696,56,18,0,1),(696,0,87,0,1),(696,0,114,0,1),(699,95,0,14,0),(696,95,11,0,1),(696,95,14,0,1),(696,95,17,0,1),(696,95,20,0,1),(696,95,21,0,1),(696,95,4,0,1),(696,95,7,0,1),(696,95,13,0,1),(696,95,24,0,1),(696,95,25,0,1),(696,95,8,0,1),(696,95,27,0,1),(696,95,15,0,1),(696,95,18,0,1),(696,95,23,0,1),(696,56,15,0,1),(696,56,27,0,1),(696,56,8,0,1),(696,56,25,0,1),(696,56,24,0,1),(696,0,109,0,1),(696,0,93,0,1),(699,30,0,14,0),(696,56,13,0,1),(696,56,7,0,1),(696,0,88,0,1),(696,63,1,0,1),(696,94,1,0,1),(699,94,1,0,1),(699,94,14,0,1),(698,94,0,14,0),(699,94,0,14,0),(696,94,11,0,1),(696,94,14,0,1),(696,94,17,0,1),(696,94,20,0,1),(696,94,21,0,1),(696,94,4,0,1),(696,94,7,0,1),(696,94,13,0,1),(696,94,24,0,1),(696,94,25,0,1),(696,94,8,0,1),(696,56,4,0,1),(696,56,21,0,1),(696,56,20,0,1),(696,56,17,0,1),(696,56,14,0,1),(696,63,23,0,1),(696,63,18,0,1),(699,31,0,14,0),(696,74,23,0,1),(696,74,18,0,1),(696,74,15,0,1),(696,74,27,0,1),(696,94,27,0,1),(696,94,15,0,1),(696,94,18,0,1),(696,94,23,0,1),(696,93,11,0,1),(696,93,14,0,1),(696,93,17,0,1),(696,93,20,0,1),(696,93,21,0,1),(696,93,4,0,1),(696,93,7,0,1),(696,93,13,0,1),(696,93,24,0,1),(696,93,1,0,1),(699,93,1,0,1),(696,74,8,0,1),(696,74,25,0,1),(696,74,24,0,1),(696,74,13,0,1),(696,74,7,0,1),(696,74,4,0,1),(696,74,21,0,1),(699,38,0,14,0),(696,57,23,0,1),(696,57,18,0,1),(696,57,15,0,1),(696,57,27,0,1),(699,93,14,0,1),(698,93,0,14,0),(699,93,0,14,0),(696,93,25,0,1),(696,93,8,0,1),(696,93,27,0,1),(696,93,15,0,1),(696,93,18,0,1),(696,93,23,0,1),(696,92,11,0,1),(696,92,14,0,1),(696,92,17,0,1),(696,92,20,0,1),(696,92,21,0,1),(696,92,4,0,1),(696,92,7,0,1),(696,57,8,0,1),(696,57,25,0,1),(696,57,24,0,1),(696,57,13,0,1),(696,57,7,0,1),(696,57,4,0,1),(696,57,21,0,1),(699,39,0,14,0),(696,53,29,0,1),(696,53,16,0,1),(696,53,23,0,1),(696,53,18,0,1),(696,92,13,0,1),(696,92,24,0,1),(696,92,25,0,1),(696,92,8,0,1),(696,92,27,0,1),(696,92,15,0,1),(696,92,18,0,1),(696,92,23,0,1),(696,92,1,0,1),(699,92,1,0,1),(699,92,14,0,1),(698,92,0,14,0),(699,92,0,14,0),(696,91,11,0,1),(696,91,14,0,1),(696,91,17,0,1),(696,53,15,0,1),(696,53,27,0,1),(696,53,8,0,1),(696,53,25,0,1),(696,53,24,0,1),(696,53,13,0,1),(696,53,7,0,1),(699,42,0,14,0),(696,30,23,0,1),(696,30,18,0,1),(696,30,15,0,1),(696,30,27,0,1),(696,91,20,0,1),(696,91,21,0,1),(696,91,4,0,1),(696,91,7,0,1),(696,91,13,0,1),(696,91,24,0,1),(696,91,25,0,1),(696,91,8,0,1),(696,91,27,0,1),(696,91,15,0,1),(696,91,18,0,1),(696,91,23,0,1),(696,91,1,0,1),(699,91,1,0,1),(699,91,14,0,1),(698,91,0,14,0),(696,30,8,0,1),(696,30,25,0,1),(696,30,24,0,1),(696,30,13,0,1),(696,30,7,0,1),(696,30,4,0,1),(696,30,21,0,1),(699,43,0,14,0),(696,26,23,0,1),(696,26,18,0,1),(696,25,23,0,1),(696,25,18,0,1),(699,91,0,14,0),(696,90,23,0,1),(696,90,18,0,1),(696,90,15,0,1),(696,90,27,0,1),(696,90,8,0,1),(696,90,25,0,1),(696,90,24,0,1),(696,90,13,0,1),(696,90,7,0,1),(696,90,4,0,1),(696,90,21,0,1),(696,90,20,0,1),(696,90,17,0,1),(696,90,14,0,1),(696,90,11,0,1),(696,26,15,0,1),(696,26,27,0,1),(696,24,23,0,1),(696,24,18,0,1),(696,24,15,0,1),(696,25,15,0,1),(696,25,27,0,1),(699,52,0,14,0),(696,26,8,0,1),(696,26,25,0,1),(696,25,8,0,1),(696,25,25,0,1),(699,90,0,14,0),(698,90,0,14,0),(699,90,14,0,1),(699,90,1,0,1),(696,90,1,0,1),(696,89,23,0,1),(696,89,18,0,1),(696,89,15,0,1),(696,89,27,0,1),(696,89,8,0,1),(696,89,25,0,1),(696,89,24,0,1),(696,89,13,0,1),(696,89,7,0,1),(696,89,4,0,1),(696,89,21,0,1),(696,26,24,0,1),(696,26,13,0,1),(696,24,27,0,1),(696,24,8,0,1),(696,24,25,0,1),(696,25,24,0,1),(696,25,13,0,1),(699,53,0,14,0),(696,56,11,0,1),(696,42,23,0,1),(696,63,20,0,1),(696,63,14,0,1),(696,89,20,0,1),(696,89,17,0,1),(696,89,14,0,1),(696,89,11,0,1),(699,89,0,14,0),(698,89,0,14,0),(699,89,14,0,1),(699,89,1,0,1),(696,89,1,0,1),(696,88,23,0,1),(696,88,18,0,1),(696,88,15,0,1),(696,88,27,0,1),(696,88,8,0,1),(696,88,25,0,1),(696,88,24,0,1),(696,88,13,0,1),(696,88,7,0,1),(696,42,18,0,1),(696,42,15,0,1),(696,42,27,0,1),(696,42,8,0,1),(696,42,25,0,1),(696,55,23,0,1),(696,55,18,0,1),(699,54,0,14,0),(696,30,20,0,1),(696,30,17,0,1),(696,30,14,0,1),(696,0,101,0,1),(696,88,4,0,1),(696,88,21,0,1),(696,88,20,0,1),(696,88,17,0,1),(696,88,14,0,1),(696,88,11,0,1),(699,88,0,14,0),(698,88,0,14,0),(699,88,14,0,1),(699,88,1,0,1),(696,88,1,0,1),(696,87,23,0,1),(696,87,18,0,1),(696,87,15,0,1),(696,87,27,0,1),(696,87,8,0,1),(696,0,100,0,1),(696,0,99,0,1),(696,0,98,0,1),(696,0,97,0,1),(696,0,96,0,1),(696,0,112,0,1),(696,0,111,0,1),(699,55,0,14,0),(696,42,24,0,1),(696,42,13,0,1),(696,55,15,0,1),(696,55,27,0,1),(696,87,25,0,1),(696,87,24,0,1),(696,87,13,0,1),(696,87,7,0,1),(696,87,4,0,1),(696,87,21,0,1),(696,87,20,0,1),(696,87,17,0,1),(696,87,14,0,1),(696,87,11,0,1),(699,87,0,14,0),(698,87,0,14,0),(699,87,14,0,1),(699,87,1,0,1),(696,87,1,0,1),(696,86,23,0,1),(696,42,7,0,1),(696,42,4,0,1),(696,42,21,0,1),(696,42,20,0,1),(696,42,17,0,1),(696,55,8,0,1),(696,55,25,0,1),(699,56,0,14,0),(696,0,110,0,1),(696,27,1,0,1),(696,27,23,0,1),(696,27,18,0,1),(696,86,18,0,1),(696,86,15,0,1),(696,86,27,0,1),(696,86,8,0,1),(696,86,25,0,1),(696,86,24,0,1),(696,86,13,0,1),(696,86,7,0,1),(696,86,4,0,1),(696,86,21,0,1),(696,86,20,0,1),(696,86,17,0,1),(696,86,14,0,1),(696,86,11,0,1),(699,86,0,14,0),(698,86,0,14,0),(696,27,20,0,1),(696,27,14,0,1),(696,27,11,0,1),(696,57,20,0,1),(696,57,17,0,1),(696,57,14,0,1),(696,57,11,0,1),(699,57,0,14,0),(696,42,14,0,1),(696,42,11,0,1),(696,55,24,0,1),(696,55,13,0,1),(699,86,14,0,1),(699,86,1,0,1),(696,86,1,0,1),(696,85,23,0,1),(696,85,18,0,1),(696,85,15,0,1),(696,85,27,0,1),(696,85,8,0,1),(696,85,25,0,1),(696,85,24,0,1),(696,85,13,0,1),(696,85,7,0,1),(696,85,4,0,1),(696,85,21,0,1),(696,85,20,0,1),(696,85,17,0,1),(696,75,27,0,1),(696,75,8,0,1),(696,75,25,0,1),(696,75,24,0,1),(696,75,13,0,1),(696,55,7,0,1),(696,55,4,0,1),(699,60,0,14,0),(696,53,4,0,1),(696,53,21,0,1),(696,53,20,0,1),(696,53,17,0,1),(696,85,14,0,1),(696,85,11,0,1),(699,85,0,14,0),(698,85,0,14,0),(699,85,14,0,1),(699,85,1,0,1),(696,85,1,0,1),(696,84,23,0,1),(696,84,18,0,1),(696,84,15,0,1),(696,84,27,0,1),(696,84,8,0,1),(696,84,25,0,1),(696,84,24,0,1),(696,84,13,0,1),(696,84,7,0,1),(696,53,14,0,1),(696,53,11,0,1),(696,26,7,0,1),(696,26,4,0,1),(696,26,21,0,1),(696,26,20,0,1),(696,26,17,0,1),(699,62,0,14,0),(696,26,14,0,1),(696,26,11,0,1),(696,25,7,0,1),(696,24,24,0,1),(696,84,4,0,1),(696,84,21,0,1),(696,84,20,0,1),(696,84,17,0,1),(696,84,14,0,1),(696,84,11,0,1),(699,84,0,14,0),(698,84,0,14,0),(699,84,14,0,1),(699,84,1,0,1),(696,84,1,0,1),(696,82,23,0,1),(696,82,18,0,1),(696,82,15,0,1),(696,82,27,0,1),(696,82,8,0,1),(696,25,4,0,1),(696,25,21,0,1),(696,24,13,0,1),(696,24,7,0,1),(696,74,20,0,1),(696,24,4,0,1),(696,24,21,0,1),(699,63,0,14,0),(696,75,7,0,1),(696,75,4,0,1),(696,55,21,0,1),(696,55,20,0,1),(696,82,25,0,1),(696,82,24,0,1),(696,82,13,0,1),(696,82,7,0,1),(696,82,4,0,1),(696,82,21,0,1),(696,82,20,0,1),(696,82,17,0,1),(696,82,14,0,1),(696,82,11,0,1),(699,82,0,14,0),(698,82,0,14,0),(699,82,14,0,1),(699,82,1,0,1),(696,82,1,0,1),(696,81,1,0,1),(696,75,21,0,1),(696,75,20,0,1),(696,75,17,0,1),(696,75,14,0,1),(696,75,11,0,1),(696,55,17,0,1),(696,55,14,0,1),(699,69,0,14,0),(696,25,20,0,1),(696,25,17,0,1),(696,24,20,0,1),(696,24,17,0,1),(699,81,1,0,1),(699,81,14,0,1),(698,81,0,14,0),(699,81,0,14,0),(696,81,11,0,1),(696,81,14,0,1),(696,81,17,0,1),(696,81,20,0,1),(696,81,21,0,1),(696,81,4,0,1),(696,81,7,0,1),(696,81,13,0,1),(696,81,24,0,1),(696,81,25,0,1),(696,81,8,0,1),(696,81,27,0,1),(696,25,14,0,1),(696,25,11,0,1),(696,74,17,0,1),(696,74,14,0,1),(696,74,11,0,1),(696,24,14,0,1),(696,24,11,0,1),(695,0,93,0,0),(695,0,88,0,0),(695,0,86,0,0),(699,0,0,5,0),(698,0,0,5,0),(699,0,0,4,0),(696,0,86,0,1),(697,0,0,6,0),(698,0,0,10,0),(699,74,0,14,0),(698,74,0,14,0),(699,75,0,14,0),(698,75,0,14,0),(699,76,0,14,0),(698,76,0,14,0),(699,77,0,14,0),(698,77,0,14,0),(699,78,0,14,0),(698,78,0,14,0),(696,81,15,0,1),(696,81,18,0,1),(699,74,14,0,1),(699,74,1,0,1),(696,81,23,0,1),(696,80,1,0,1),(699,75,14,0,1),(699,75,1,0,1),(699,80,1,0,1),(699,80,14,0,1),(699,76,14,0,1),(699,76,1,0,1),(698,80,0,14,0),(699,80,0,14,0),(699,77,14,0,1),(699,77,1,0,1),(696,80,11,0,1),(696,80,14,0,1),(699,78,14,0,1),(699,78,1,0,1),(696,80,17,0,1),(696,80,20,0,1),(696,80,21,0,1),(696,80,4,0,1),(696,80,7,0,1),(696,55,11,0,1),(696,30,11,0,1),(696,80,13,0,1),(696,80,24,0,1),(696,80,25,0,1),(696,80,8,0,1),(696,80,27,0,1),(696,80,15,0,1),(696,80,18,0,1),(696,80,23,0,1),(696,31,1,0,1),(696,78,1,0,1),(696,69,1,0,1),(696,62,1,0,1),(696,52,1,0,1),(696,43,1,0,1),(696,77,1,0,1),(696,39,1,0,1),(696,38,1,0,1),(696,60,1,0,1),(696,76,1,0,1),(696,54,1,0,1),(696,56,1,0,1),(696,42,1,0,1),(696,75,1,0,1),(696,55,1,0,1),(696,30,1,0,1),(696,57,1,0,1),(696,53,1,0,1),(696,26,1,0,1),(696,25,1,0,1),(696,24,1,0,1),(696,74,1,0,1),(696,0,85,0,1),(696,0,113,0,1),(696,0,108,0,1),(696,0,107,0,1),(696,0,106,0,1),(696,0,105,0,1),(696,31,23,0,1),(696,31,18,0,1),(696,31,15,0,1),(696,31,27,0,1),(696,31,8,0,1),(696,31,25,0,1),(696,31,24,0,1),(696,31,13,0,1),(696,31,7,0,1),(696,31,4,0,1),(696,31,21,0,1),(696,31,20,0,1),(696,31,17,0,1),(696,31,14,0,1),(696,31,11,0,1),(696,78,23,0,1),(696,78,18,0,1),(696,78,15,0,1),(696,78,27,0,1),(696,78,8,0,1),(696,78,25,0,1),(696,78,24,0,1),(696,78,13,0,1),(696,78,7,0,1),(696,78,4,0,1),(696,78,21,0,1),(696,78,20,0,1),(696,78,17,0,1),(696,78,14,0,1),(696,78,11,0,1),(696,69,23,0,1),(696,69,18,0,1),(696,69,15,0,1),(696,69,27,0,1),(696,69,8,0,1),(696,69,25,0,1),(696,69,24,0,1),(696,69,13,0,1),(696,69,7,0,1),(696,69,4,0,1),(696,69,21,0,1),(696,69,20,0,1),(696,69,17,0,1),(696,69,14,0,1),(696,69,11,0,1),(696,62,23,0,1),(696,62,18,0,1),(696,62,15,0,1),(696,62,27,0,1),(696,62,8,0,1),(696,62,25,0,1),(696,62,24,0,1),(696,62,13,0,1),(696,62,7,0,1),(696,62,4,0,1),(696,62,21,0,1),(696,62,20,0,1),(696,62,17,0,1),(696,62,14,0,1),(696,62,11,0,1),(696,52,23,0,1),(696,52,18,0,1),(696,52,15,0,1),(696,52,27,0,1),(696,52,8,0,1),(696,52,25,0,1),(696,52,24,0,1),(696,52,13,0,1),(696,52,7,0,1),(696,52,4,0,1),(696,52,21,0,1),(696,52,20,0,1),(696,52,17,0,1),(696,52,14,0,1),(696,52,11,0,1),(696,43,23,0,1),(696,43,18,0,1),(696,43,15,0,1),(696,43,27,0,1),(696,43,8,0,1),(696,43,25,0,1),(696,43,24,0,1),(696,43,13,0,1),(696,43,7,0,1),(696,43,4,0,1),(696,43,21,0,1),(696,43,20,0,1),(696,43,17,0,1),(696,43,14,0,1),(696,43,11,0,1),(696,77,23,0,1),(696,77,18,0,1),(696,77,15,0,1),(696,77,27,0,1),(696,77,8,0,1),(696,77,25,0,1),(696,77,24,0,1),(696,77,13,0,1),(696,77,7,0,1),(696,77,4,0,1),(696,77,21,0,1),(696,77,20,0,1),(696,77,17,0,1),(696,77,14,0,1),(696,77,11,0,1),(696,39,23,0,1),(696,39,18,0,1),(696,39,15,0,1),(696,39,27,0,1),(696,39,8,0,1),(696,39,25,0,1),(696,39,24,0,1),(696,39,13,0,1),(696,39,7,0,1),(696,39,4,0,1),(696,39,21,0,1),(696,39,20,0,1),(696,39,17,0,1),(696,39,14,0,1),(696,39,11,0,1),(696,38,23,0,1),(696,38,18,0,1),(696,38,15,0,1),(696,38,27,0,1),(696,38,8,0,1),(696,38,25,0,1),(696,38,24,0,1),(696,38,13,0,1),(696,38,7,0,1),(696,38,4,0,1),(696,38,21,0,1),(696,38,20,0,1),(696,38,17,0,1),(696,38,14,0,1),(696,38,11,0,1),(696,60,23,0,1),(696,60,18,0,1),(696,60,15,0,1),(696,60,27,0,1),(696,60,8,0,1),(696,60,25,0,1),(696,60,24,0,1),(696,0,104,0,1),(696,0,102,0,1),(699,79,0,14,0),(699,70,0,14,0),(699,71,0,14,0),(699,72,0,14,0),(696,60,13,0,1),(696,60,7,0,1),(696,60,4,0,1),(696,60,21,0,1),(696,60,20,0,1),(696,60,17,0,1),(696,60,14,0,1),(696,60,11,0,1),(696,76,24,0,1),(696,76,13,0,1),(696,76,7,0,1),(696,76,4,0,1),(696,76,21,0,1),(696,76,20,0,1),(696,76,17,0,1),(696,76,14,0,1),(696,76,11,0,1),(699,73,0,14,0),(696,97,23,0,1),(696,97,18,0,1),(696,97,15,0,1),(696,97,27,0,1),(696,97,8,0,1),(696,97,25,0,1),(696,97,24,0,1),(696,97,13,0,1),(696,97,7,0,1),(696,97,4,0,1),(696,97,21,0,1),(696,97,20,0,1),(696,97,17,0,1),(696,97,14,0,1),(696,97,11,0,1),(699,97,0,14,0),(698,97,0,14,0),(699,97,14,0,1),(699,97,1,0,1),(696,97,1,0,1),(696,98,23,0,1),(696,98,18,0,1),(696,98,15,0,1),(696,98,27,0,1),(696,98,8,0,1),(696,98,25,0,1),(696,98,24,0,1),(696,98,13,0,1),(696,98,7,0,1),(696,98,4,0,1),(696,98,21,0,1),(696,98,20,0,1),(696,98,17,0,1),(696,98,14,0,1),(696,98,11,0,1),(699,98,0,14,0),(698,98,0,14,0),(699,98,14,0,1),(699,98,1,0,1),(696,98,1,0,1),(696,99,11,0,1),(696,99,14,0,1),(696,99,17,0,1),(696,99,20,0,1),(696,99,21,0,1),(696,99,4,0,1),(696,99,7,0,1),(696,99,13,0,1),(696,99,24,0,1),(696,99,25,0,1),(696,99,8,0,1),(696,99,27,0,1),(696,99,15,0,1),(696,99,18,0,1),(696,99,23,0,1),(696,99,1,0,1),(699,99,1,0,1),(699,99,14,0,1),(698,99,0,14,0),(699,99,0,14,0),(696,100,23,0,1),(696,100,18,0,1),(696,100,15,0,1),(696,100,27,0,1),(696,100,8,0,1),(696,100,25,0,1),(696,100,24,0,1),(696,100,13,0,1),(696,100,7,0,1),(696,100,4,0,1),(696,100,21,0,1),(696,100,20,0,1),(696,100,17,0,1),(696,100,14,0,1),(696,100,11,0,1),(699,100,0,14,0),(698,100,0,14,0),(699,100,14,0,1),(699,100,1,0,1),(696,100,1,0,1),(695,0,109,0,0),(695,0,114,0,0),(695,0,87,0,0),(695,0,89,0,0),(695,0,90,0,0),(695,0,91,0,0),(695,0,92,0,0),(695,0,116,0,0),(695,0,119,0,0),(695,0,94,0,0),(695,0,95,0,0),(695,0,110,0,0),(695,0,111,0,0),(695,0,112,0,0),(695,0,115,0,0),(695,0,96,0,0),(695,0,97,0,0),(695,0,98,0,0),(695,0,99,0,0),(695,0,100,0,0),(695,0,101,0,0),(695,0,102,0,0),(695,0,103,0,0),(695,0,104,0,0),(695,0,105,0,0),(695,0,106,0,0),(695,0,107,0,0),(695,0,108,0,0),(695,0,113,0,0),(699,101,0,14,0),(696,101,1,0,1),(696,101,23,0,1),(696,101,18,0,1),(696,101,15,0,1),(696,101,27,0,1),(696,101,8,0,1),(696,101,25,0,1),(696,101,24,0,1),(696,101,13,0,1),(696,101,7,0,1),(696,101,4,0,1),(696,101,21,0,1),(696,101,20,0,1),(696,101,17,0,1),(696,101,14,0,1),(696,101,11,0,1),(699,102,0,14,0),(696,102,1,0,1),(696,102,23,0,1),(696,102,18,0,1),(696,102,15,0,1),(696,102,27,0,1),(696,102,8,0,1),(696,102,25,0,1),(696,102,24,0,1),(696,102,13,0,1),(696,102,7,0,1),(696,102,4,0,1),(696,102,21,0,1),(696,102,20,0,1),(696,102,17,0,1),(696,102,14,0,1),(696,102,11,0,1),(696,0,124,0,1),(695,0,124,0,0),(701,0,0,23,0),(701,74,0,24,0),(701,75,0,24,0),(701,76,0,24,0),(701,77,0,24,0),(701,78,0,24,0),(701,79,0,24,0),(701,24,0,24,0),(701,25,0,24,0),(701,26,0,24,0),(701,53,0,24,0),(701,57,0,24,0),(701,27,0,24,0),(701,30,0,24,0),(701,55,0,24,0),(701,63,0,24,0),(701,31,0,24,0),(701,60,0,24,0),(701,38,0,24,0),(701,39,0,24,0),(701,70,0,24,0),(701,71,0,24,0),(701,72,0,24,0),(701,73,0,24,0),(701,43,0,24,0),(701,52,0,24,0),(701,62,0,24,0),(701,69,0,24,0),(701,42,0,24,0),(701,56,0,24,0),(701,54,0,24,0),(701,89,0,24,0),(701,88,0,24,0),(701,87,0,24,0),(701,86,0,24,0),(701,80,0,24,0),(701,82,0,24,0),(701,94,0,24,0),(701,92,0,24,0),(701,91,0,24,0),(701,90,0,24,0),(701,84,0,24,0),(701,85,0,24,0),(701,81,0,24,0),(701,93,0,24,0),(701,95,0,24,0),(701,96,0,24,0),(701,98,0,24,0),(701,99,0,24,0),(701,97,0,24,0),(701,100,0,24,0),(701,101,0,24,0),(701,102,0,24,0),(699,103,0,14,0),(702,103,0,14,0),(699,104,0,14,0),(702,104,0,14,0),(699,105,0,14,0),(702,105,0,14,0),(699,106,0,14,0),(702,106,0,14,0);

--
-- Table structure for table `phpbb_acl_options`
--

CREATE TABLE `phpbb_acl_options` (
  `auth_option_id` mediumint(8) unsigned NOT NULL AUTO_INCREMENT,
  `auth_option` varchar(50) CHARACTER SET latin1 COLLATE latin1_bin NOT NULL DEFAULT '',
  `is_global` tinyint(1) unsigned NOT NULL DEFAULT '0',
  `is_local` tinyint(1) unsigned NOT NULL DEFAULT '0',
  `founder_only` tinyint(1) unsigned NOT NULL DEFAULT '0',
  PRIMARY KEY (`auth_option_id`),
  UNIQUE KEY `auth_option` (`auth_option`)
) ENGINE=MyISAM AUTO_INCREMENT=126 DEFAULT CHARSET=latin1;

--
-- Dumping data for table `phpbb_acl_options`
--

INSERT INTO `phpbb_acl_options` VALUES (1,'f_',0,1,0),(2,'f_announce',0,1,0),(3,'f_attach',0,1,0),(4,'f_bbcode',0,1,0),(5,'f_bump',0,1,0),(6,'f_delete',0,1,0),(7,'f_download',0,1,0),(8,'f_edit',0,1,0),(9,'f_email',0,1,0),(10,'f_flash',0,1,0),(11,'f_icons',0,1,0),(12,'f_ignoreflood',0,1,0),(13,'f_img',0,1,0),(14,'f_list',0,1,0),(15,'f_noapprove',0,1,0),(16,'f_poll',0,1,0),(17,'f_post',0,1,0),(18,'f_postcount',0,1,0),(19,'f_print',0,1,0),(20,'f_read',0,1,0),(21,'f_reply',0,1,0),(22,'f_report',0,1,0),(23,'f_search',0,1,0),(24,'f_sigs',0,1,0),(25,'f_smilies',0,1,0),(26,'f_sticky',0,1,0),(27,'f_subscribe',0,1,0),(28,'f_user_lock',0,1,0),(29,'f_vote',0,1,0),(30,'f_votechg',0,1,0),(31,'m_',1,1,0),(32,'m_approve',1,1,0),(33,'m_chgposter',1,1,0),(34,'m_delete',1,1,0),(35,'m_edit',1,1,0),(36,'m_info',1,1,0),(37,'m_lock',1,1,0),(38,'m_merge',1,1,0),(39,'m_move',1,1,0),(40,'m_report',1,1,0),(41,'m_split',1,1,0),(42,'m_ban',1,0,0),(43,'m_warn',1,0,0),(44,'a_',1,0,0),(45,'a_aauth',1,0,0),(46,'a_attach',1,0,0),(47,'a_authgroups',1,0,0),(48,'a_authusers',1,0,0),(49,'a_backup',1,0,0),(50,'a_ban',1,0,0),(51,'a_bbcode',1,0,0),(52,'a_board',1,0,0),(53,'a_bots',1,0,0),(54,'a_clearlogs',1,0,0),(55,'a_email',1,0,0),(56,'a_fauth',1,0,0),(57,'a_forum',1,0,0),(58,'a_forumadd',1,0,0),(59,'a_forumdel',1,0,0),(60,'a_group',1,0,0),(61,'a_groupadd',1,0,0),(62,'a_groupdel',1,0,0),(63,'a_icons',1,0,0),(64,'a_jabber',1,0,0),(65,'a_language',1,0,0),(66,'a_mauth',1,0,0),(67,'a_modules',1,0,0),(68,'a_names',1,0,0),(69,'a_phpinfo',1,0,0),(70,'a_profile',1,0,0),(71,'a_prune',1,0,0),(72,'a_ranks',1,0,0),(73,'a_reasons',1,0,0),(74,'a_roles',1,0,0),(75,'a_search',1,0,0),(76,'a_server',1,0,0),(77,'a_styles',1,0,0),(78,'a_switchperm',1,0,0),(79,'a_uauth',1,0,0),(80,'a_user',1,0,0),(81,'a_userdel',1,0,0),(82,'a_viewauth',1,0,0),(83,'a_viewlogs',1,0,0),(84,'a_words',1,0,0),(85,'u_',1,0,0),(86,'u_attach',1,0,0),(87,'u_chgavatar',1,0,0),(88,'u_chgcensors',1,0,0),(89,'u_chgemail',1,0,0),(90,'u_chggrp',1,0,0),(91,'u_chgname',1,0,0),(92,'u_chgpasswd',1,0,0),(93,'u_download',1,0,0),(94,'u_hideonline',1,0,0),(95,'u_ignoreflood',1,0,0),(96,'u_masspm',1,0,0),(97,'u_pm_attach',1,0,0),(98,'u_pm_bbcode',1,0,0),(99,'u_pm_delete',1,0,0),(100,'u_pm_download',1,0,0),(101,'u_pm_edit',1,0,0),(102,'u_pm_emailpm',1,0,0),(103,'u_pm_flash',1,0,0),(104,'u_pm_forward',1,0,0),(105,'u_pm_img',1,0,0),(106,'u_pm_printpm',1,0,0),(107,'u_pm_smilies',1,0,0),(108,'u_readpm',1,0,0),(109,'u_savedrafts',1,0,0),(110,'u_search',1,0,0),(111,'u_sendemail',1,0,0),(112,'u_sendim',1,0,0),(113,'u_sendpm',1,0,0),(114,'u_sig',1,0,0),(115,'u_viewonline',1,0,0),(116,'u_viewprofile',1,0,0),(117,'a_add_user',1,0,0),(123,'u_express',1,0,0),(122,'a_express',1,0,0),(124,'u_masspm_group',1,0,0),(125,'a_portal_manage',1,0,0);

--
-- Table structure for table `phpbb_acl_roles`
--

CREATE TABLE `phpbb_acl_roles` (
  `role_id` mediumint(8) unsigned NOT NULL AUTO_INCREMENT,
  `role_name` blob NOT NULL,
  `role_description` blob NOT NULL,
  `role_type` varchar(10) CHARACTER SET latin1 COLLATE latin1_bin NOT NULL DEFAULT '',
  `role_order` smallint(4) unsigned NOT NULL DEFAULT '0',
  PRIMARY KEY (`role_id`),
  KEY `role_type` (`role_type`),
  KEY `role_order` (`role_order`)
) ENGINE=MyISAM AUTO_INCREMENT=25 DEFAULT CHARSET=latin1;

--
-- Dumping data for table `phpbb_acl_roles`
--

INSERT INTO `phpbb_acl_roles` VALUES (1,'ROLE_ADMIN_STANDARD','ROLE_DESCRIPTION_ADMIN_STANDARD','a_',1),(2,'ROLE_ADMIN_FORUM','ROLE_DESCRIPTION_ADMIN_FORUM','a_',3),(3,'ROLE_ADMIN_USERGROUP','ROLE_DESCRIPTION_ADMIN_USERGROUP','a_',4),(4,'ROLE_ADMIN_FULL','ROLE_DESCRIPTION_ADMIN_FULL','a_',2),(5,'ROLE_USER_FULL','ROLE_DESCRIPTION_USER_FULL','u_',3),(6,'ROLE_USER_STANDARD','ROLE_DESCRIPTION_USER_STANDARD','u_',1),(7,'ROLE_USER_LIMITED','ROLE_DESCRIPTION_USER_LIMITED','u_',2),(8,'ROLE_USER_NOPM','ROLE_DESCRIPTION_USER_NOPM','u_',4),(9,'ROLE_USER_NOAVATAR','ROLE_DESCRIPTION_USER_NOAVATAR','u_',5),(10,'ROLE_MOD_FULL','ROLE_DESCRIPTION_MOD_FULL','m_',3),(11,'ROLE_MOD_STANDARD','ROLE_DESCRIPTION_MOD_STANDARD','m_',1),(12,'ROLE_MOD_SIMPLE','ROLE_DESCRIPTION_MOD_SIMPLE','m_',2),(13,'ROLE_MOD_QUEUE','ROLE_DESCRIPTION_MOD_QUEUE','m_',4),(14,'ROLE_FORUM_FULL','ROLE_DESCRIPTION_FORUM_FULL','f_',7),(15,'ROLE_FORUM_STANDARD','ROLE_DESCRIPTION_FORUM_STANDARD','f_',5),(16,'ROLE_FORUM_NOACCESS','ROLE_DESCRIPTION_FORUM_NOACCESS','f_',1),(17,'ROLE_FORUM_READONLY','ROLE_DESCRIPTION_FORUM_READONLY','f_',2),(18,'ROLE_FORUM_LIMITED','ROLE_DESCRIPTION_FORUM_LIMITED','f_',3),(19,'ROLE_FORUM_BOT','ROLE_DESCRIPTION_FORUM_BOT','f_',9),(20,'ROLE_FORUM_ONQUEUE','ROLE_DESCRIPTION_FORUM_ONQUEUE','f_',8),(21,'ROLE_FORUM_POLLS','ROLE_DESCRIPTION_FORUM_POLLS','f_',6),(22,'ROLE_FORUM_LIMITED_POLLS','ROLE_DESCRIPTION_FORUM_LIMITED_POLLS','f_',4),(23,'ROLE_USER_NEW_MEMBER','ROLE_DESCRIPTION_USER_NEW_MEMBER','u_',6),(24,'ROLE_FORUM_NEW_MEMBER','ROLE_DESCRIPTION_FORUM_NEW_MEMBER','f_',10);

--
-- Table structure for table `phpbb_acl_roles_data`
--

CREATE TABLE `phpbb_acl_roles_data` (
  `role_id` mediumint(8) unsigned NOT NULL DEFAULT '0',
  `auth_option_id` mediumint(8) unsigned NOT NULL DEFAULT '0',
  `auth_setting` tinyint(2) NOT NULL DEFAULT '0',
  PRIMARY KEY (`role_id`,`auth_option_id`),
  KEY `ath_op_id` (`auth_option_id`)
) ENGINE=MyISAM DEFAULT CHARSET=latin1;

--
-- Dumping data for table `phpbb_acl_roles_data`
--

INSERT INTO `phpbb_acl_roles_data` VALUES (1,44,1),(1,46,1),(1,47,1),(1,48,1),(1,50,1),(1,51,1),(1,52,1),(1,56,1),(1,57,1),(1,58,1),(1,59,1),(1,60,1),(1,61,1),(1,62,1),(1,63,1),(1,66,1),(1,68,1),(1,70,1),(1,71,1),(1,72,1),(1,73,1),(1,79,1),(1,80,1),(1,81,1),(1,82,1),(1,83,1),(1,84,1),(2,44,1),(2,47,1),(2,48,1),(2,56,1),(2,57,1),(2,58,1),(2,59,1),(2,66,1),(2,71,1),(2,79,1),(2,82,1),(2,83,1),(3,44,1),(3,47,1),(3,48,1),(3,50,1),(3,60,1),(3,61,1),(3,62,1),(3,72,1),(3,79,1),(3,80,1),(3,82,1),(3,83,1),(4,44,1),(4,45,1),(4,46,1),(4,47,1),(4,48,1),(4,49,1),(4,50,1),(4,51,1),(4,52,1),(4,53,1),(4,54,1),(4,55,1),(4,56,1),(4,57,1),(4,58,1),(4,59,1),(4,60,1),(4,61,1),(4,62,1),(4,63,1),(4,64,1),(4,65,1),(4,66,1),(4,67,1),(4,68,1),(4,69,1),(4,70,1),(4,71,1),(4,72,1),(4,73,1),(4,74,1),(4,75,1),(4,76,1),(4,77,1),(4,78,1),(4,79,1),(4,80,1),(4,81,1),(4,82,1),(4,83,1),(4,84,1),(5,85,1),(5,86,1),(5,87,1),(5,88,1),(5,89,1),(5,90,1),(5,91,1),(5,92,1),(5,93,1),(5,94,1),(5,95,1),(5,96,1),(5,97,1),(5,98,1),(5,99,1),(5,100,1),(5,101,1),(5,102,1),(5,103,1),(5,104,1),(5,105,1),(5,106,1),(5,107,1),(5,108,1),(5,109,1),(5,110,1),(5,111,1),(5,112,1),(5,113,1),(5,114,1),(5,115,1),(5,116,1),(6,85,1),(6,86,1),(6,87,1),(6,88,1),(6,89,1),(6,92,1),(6,93,1),(6,94,1),(6,96,1),(6,97,1),(6,98,1),(6,99,1),(6,100,1),(6,101,1),(6,102,1),(6,105,1),(6,106,1),(6,107,1),(6,108,1),(6,109,1),(6,110,1),(6,111,1),(6,112,1),(6,113,1),(6,114,1),(6,116,1),(7,85,1),(7,87,1),(7,88,1),(7,89,1),(7,92,1),(7,93,1),(7,94,1),(7,96,1),(7,98,1),(7,99,1),(7,100,1),(7,101,1),(7,104,1),(7,105,1),(7,106,1),(7,107,1),(7,108,1),(7,113,1),(7,114,1),(7,116,1),(8,85,1),(8,87,1),(8,88,1),(8,89,1),(8,92,1),(8,93,1),(8,94,1),(8,114,1),(8,116,1),(8,96,0),(8,108,0),(8,113,0),(9,85,1),(9,88,1),(9,89,1),(9,92,1),(9,93,1),(9,94,1),(9,96,1),(9,98,1),(9,99,1),(9,100,1),(9,101,1),(9,104,1),(9,105,1),(9,106,1),(9,107,1),(9,108,1),(9,113,1),(9,114,1),(9,116,1),(9,87,0),(10,31,1),(10,32,1),(10,42,1),(10,33,1),(10,34,1),(10,35,1),(10,36,1),(10,37,1),(10,38,1),(10,39,1),(10,40,1),(10,41,1),(10,43,1),(11,31,1),(11,32,1),(11,34,1),(11,35,1),(11,36,1),(11,37,1),(11,38,1),(11,39,1),(11,40,1),(11,41,1),(11,43,1),(12,31,1),(12,34,1),(12,35,1),(12,36,1),(12,40,1),(13,31,1),(13,32,1),(13,35,1),(14,1,1),(14,2,1),(14,3,1),(14,4,1),(14,5,1),(14,6,1),(14,7,1),(14,8,1),(14,9,1),(14,10,1),(14,11,1),(14,12,1),(14,13,1),(14,14,1),(14,15,1),(14,16,1),(14,17,1),(14,18,1),(14,19,1),(14,20,1),(14,21,1),(14,22,1),(14,23,1),(14,24,1),(14,25,1),(14,26,1),(14,27,1),(14,28,1),(14,29,1),(14,30,1),(15,1,1),(15,3,1),(15,4,1),(15,5,1),(15,6,1),(15,7,1),(15,8,1),(15,9,1),(15,11,1),(15,13,1),(15,14,1),(15,15,1),(15,17,1),(15,18,1),(15,19,1),(15,20,1),(15,21,1),(15,22,1),(15,23,1),(15,24,1),(15,25,1),(15,27,1),(15,29,1),(15,30,1),(16,1,0),(17,1,1),(17,7,1),(17,14,1),(17,19,1),(17,20,1),(17,23,1),(17,27,1),(18,1,1),(18,4,1),(18,7,1),(18,8,1),(18,9,1),(18,13,1),(18,14,1),(18,15,1),(18,17,1),(18,18,1),(18,19,1),(18,20,1),(18,21,1),(18,22,1),(18,23,1),(18,24,1),(18,25,1),(18,27,1),(18,29,1),(19,1,1),(19,7,1),(19,14,1),(19,19,1),(19,20,1),(20,1,1),(20,3,1),(20,4,1),(20,7,1),(20,8,1),(20,9,1),(20,13,1),(20,14,1),(20,17,1),(20,18,1),(20,19,1),(20,20,1),(20,21,1),(20,22,1),(20,23,1),(20,24,1),(20,25,1),(20,27,1),(20,29,1),(20,15,0),(21,1,1),(21,3,1),(21,4,1),(21,5,1),(21,6,1),(21,7,1),(21,8,1),(21,9,1),(21,11,1),(21,13,1),(21,14,1),(21,15,1),(21,16,1),(21,17,1),(21,18,1),(21,19,1),(21,20,1),(21,21,1),(21,22,1),(21,23,1),(21,24,1),(21,25,1),(21,27,1),(21,29,1),(21,30,1),(22,1,1),(22,4,1),(22,7,1),(22,8,1),(22,9,1),(22,13,1),(22,14,1),(22,15,1),(22,16,1),(22,17,1),(22,18,1),(22,19,1),(22,20,1),(22,21,1),(22,22,1),(22,23,1),(22,24,1),(22,25,1),(22,27,1),(22,29,1),(5,124,1),(6,124,1),(7,124,1),(8,124,0),(9,124,1),(23,96,0),(23,124,0),(23,113,0),(24,15,0);

--
-- Table structure for table `phpbb_acl_users`
--

CREATE TABLE `phpbb_acl_users` (
  `user_id` mediumint(8) unsigned NOT NULL DEFAULT '0',
  `forum_id` mediumint(8) unsigned NOT NULL DEFAULT '0',
  `auth_option_id` mediumint(8) unsigned NOT NULL DEFAULT '0',
  `auth_role_id` mediumint(8) unsigned NOT NULL DEFAULT '0',
  `auth_setting` tinyint(2) NOT NULL DEFAULT '0',
  KEY `user_id` (`user_id`),
  KEY `auth_option_id` (`auth_option_id`),
  KEY `auth_role_id` (`auth_role_id`)
) ENGINE=MyISAM DEFAULT CHARSET=latin1;

--
-- Dumping data for table `phpbb_acl_users`
--

INSERT INTO `phpbb_acl_users` VALUES (32,24,0,11,0),(32,24,0,15,0),(32,24,2,0,1),(32,24,1,0,1),(32,25,0,11,0),(32,25,0,15,0),(32,25,2,0,1),(32,25,1,0,1),(32,26,0,11,0),(32,26,0,15,0),(32,26,2,0,1),(32,26,1,0,1),(32,27,0,11,0),(32,27,0,15,0),(32,27,2,0,1),(32,27,1,0,1),(32,30,0,11,0),(32,30,0,15,0),(32,30,2,0,1),(32,30,1,0,1),(32,31,0,11,0),(32,31,0,15,0),(32,31,2,0,1),(32,31,1,0,1),(32,38,0,11,0),(32,38,0,15,0),(32,38,2,0,1),(32,38,1,0,1),(32,39,0,11,0),(32,39,0,15,0),(32,39,2,0,1),(32,39,1,0,1),(32,42,0,11,0),(32,42,0,15,0),(32,42,2,0,1),(32,42,1,0,1),(32,43,0,11,0),(32,43,0,15,0),(32,43,2,0,1),(32,43,1,0,1),(32,52,0,11,0),(32,52,0,15,0),(32,52,2,0,1),(32,52,1,0,1),(32,53,0,11,0),(32,53,0,15,0),(32,53,2,0,1),(32,53,1,0,1),(32,54,0,11,0),(32,54,0,15,0),(32,54,2,0,1),(32,54,1,0,1),(32,55,0,11,0),(32,55,0,15,0),(32,55,2,0,1),(32,55,1,0,1),(32,56,0,11,0),(32,56,0,15,0),(32,56,2,0,1),(32,56,1,0,1),(32,57,0,11,0),(32,57,0,15,0),(32,57,2,0,1),(32,57,1,0,1),(32,60,0,11,0),(32,60,0,15,0),(32,60,2,0,1),(32,60,1,0,1),(32,62,0,11,0),(32,62,0,15,0),(32,62,2,0,1),(32,62,1,0,1),(32,63,0,11,0),(32,63,0,15,0),(32,63,2,0,1),(32,63,1,0,1),(32,69,0,11,0),(32,69,0,15,0),(32,69,2,0,1),(32,69,1,0,1),(32,81,32,0,1),(32,81,33,0,1),(32,81,34,0,1),(32,81,35,0,1),(32,81,40,0,1),(32,81,36,0,1),(32,81,37,0,1),(32,81,38,0,1),(32,81,39,0,1),(32,81,41,0,1),(32,81,31,0,1),(32,82,32,0,1),(32,82,33,0,1),(32,82,34,0,1),(32,82,35,0,1),(32,82,40,0,1),(32,82,36,0,1),(32,82,37,0,1),(32,82,38,0,1),(32,82,39,0,1),(32,82,41,0,1),(32,82,31,0,1),(32,84,32,0,1),(32,84,33,0,1),(32,84,34,0,1),(32,84,35,0,1),(32,84,40,0,1),(32,84,36,0,1),(32,84,37,0,1),(32,84,38,0,1),(32,84,39,0,1),(32,84,41,0,1),(32,84,31,0,1),(32,87,32,0,1),(32,87,33,0,1),(32,87,34,0,1),(32,87,35,0,1),(32,87,40,0,1),(32,87,36,0,1),(32,87,37,0,1),(32,87,38,0,1),(32,87,39,0,1),(32,87,41,0,1),(32,87,31,0,1),(32,88,32,0,1),(32,88,33,0,1),(32,88,34,0,1),(32,88,35,0,1),(32,88,40,0,1),(32,88,36,0,1),(32,88,37,0,1),(32,88,38,0,1),(32,88,39,0,1),(32,88,41,0,1),(32,88,31,0,1),(32,86,32,0,1),(32,86,33,0,1),(32,86,34,0,1),(32,86,35,0,1),(32,86,40,0,1),(32,86,36,0,1),(32,86,37,0,1),(32,86,38,0,1),(32,86,39,0,1),(32,86,41,0,1),(32,86,31,0,1),(32,85,32,0,1),(32,85,33,0,1),(32,85,34,0,1),(32,85,35,0,1),(32,85,40,0,1),(32,85,36,0,1),(32,85,37,0,1),(32,85,38,0,1),(32,85,39,0,1),(32,85,41,0,1),(32,85,31,0,1),(32,89,32,0,1),(32,89,33,0,1),(32,89,34,0,1),(32,89,35,0,1),(32,89,40,0,1),(32,89,36,0,1),(32,89,37,0,1),(32,89,38,0,1),(32,89,39,0,1),(32,89,41,0,1),(32,89,31,0,1),(32,70,32,0,1),(32,70,33,0,1),(32,70,34,0,1),(32,70,35,0,1),(32,70,40,0,1),(32,70,36,0,1),(32,70,37,0,1),(32,70,38,0,1),(32,70,39,0,1),(32,70,41,0,1),(32,70,31,0,1),(32,71,32,0,1),(32,71,33,0,1),(32,71,34,0,1),(32,71,35,0,1),(32,71,40,0,1),(32,71,36,0,1),(32,71,37,0,1),(32,71,38,0,1),(32,71,39,0,1),(32,71,41,0,1),(32,71,31,0,1),(32,72,32,0,1),(32,72,33,0,1),(32,72,34,0,1),(32,72,35,0,1),(32,72,40,0,1),(32,72,36,0,1),(32,72,37,0,1),(32,72,38,0,1),(32,72,39,0,1),(32,72,41,0,1),(32,72,31,0,1),(32,73,32,0,1),(32,73,33,0,1),(32,73,34,0,1),(32,73,35,0,1),(32,73,40,0,1),(32,73,36,0,1),(32,73,37,0,1),(32,73,38,0,1),(32,73,39,0,1),(32,73,41,0,1),(32,73,31,0,1),(32,98,32,0,1),(32,98,33,0,1),(32,98,34,0,1),(32,98,35,0,1),(32,98,40,0,1),(32,98,36,0,1),(32,98,37,0,1),(32,98,38,0,1),(32,98,39,0,1),(32,98,41,0,1),(32,98,31,0,1),(32,100,32,0,1),(32,100,33,0,1),(32,100,34,0,1),(32,100,35,0,1),(32,100,40,0,1),(32,100,36,0,1),(32,100,37,0,1),(32,100,38,0,1),(32,100,39,0,1),(32,100,41,0,1),(32,100,31,0,1),(32,101,0,11,0),(32,101,0,15,0),(32,101,2,0,1),(32,101,1,0,1),(32,102,0,11,0),(32,102,0,15,0),(32,102,2,0,1),(32,102,1,0,1);

--
-- Table structure for table `phpbb_attachments`
--

CREATE TABLE `phpbb_attachments` (
  `attach_id` mediumint(8) unsigned NOT NULL AUTO_INCREMENT,
  `post_msg_id` mediumint(8) unsigned NOT NULL DEFAULT '0',
  `topic_id` mediumint(8) unsigned NOT NULL DEFAULT '0',
  `in_message` tinyint(1) unsigned NOT NULL DEFAULT '0',
  `poster_id` mediumint(8) unsigned NOT NULL DEFAULT '0',
  `is_orphan` tinyint(1) unsigned NOT NULL DEFAULT '1',
  `physical_filename` varchar(255) CHARACTER SET latin1 COLLATE latin1_bin NOT NULL DEFAULT '',
  `real_filename` varchar(255) CHARACTER SET latin1 COLLATE latin1_bin NOT NULL DEFAULT '',
  `download_count` mediumint(8) unsigned NOT NULL DEFAULT '0',
  `attach_comment` blob NOT NULL,
  `extension` varchar(100) CHARACTER SET latin1 COLLATE latin1_bin NOT NULL DEFAULT '',
  `mimetype` varchar(100) CHARACTER SET latin1 COLLATE latin1_bin NOT NULL DEFAULT '',
  `filesize` int(20) unsigned NOT NULL DEFAULT '0',
  `filetime` int(11) unsigned NOT NULL DEFAULT '0',
  `thumbnail` tinyint(1) unsigned NOT NULL DEFAULT '0',
  PRIMARY KEY (`attach_id`),
  KEY `filetime` (`filetime`),
  KEY `post_msg_id` (`post_msg_id`),
  KEY `topic_id` (`topic_id`),
  KEY `poster_id` (`poster_id`),
  KEY `is_orphan` (`is_orphan`)
) ENGINE=MyISAM AUTO_INCREMENT=37 DEFAULT CHARSET=latin1;

--
-- Dumping data for table `phpbb_attachments`
--

INSERT INTO `phpbb_attachments` VALUES (1,378,136,0,32,0,'32_2c53b2c5b1252aae40f99ebe8b7c77a1','cfg.1.9s.us.rar',0,'','rar','application/octet-stream',7274579,1208370389,0),(2,378,136,0,32,0,'32_bc649121b35fb8a638d9f1d14ba36b50','cfg.1.9s.pal.rar',0,'','rar','application/octet-stream',7274588,1208370489,0),(3,378,136,0,32,0,'32_96682569213fa1b342aa1dde88a1eb26','cfg.1.9s.jap.rar',0,'','rar','application/octet-stream',7274595,1208370582,0),(4,379,137,0,32,0,'32_cd66e058029fe5bfe6afa251f0aacd4e','wiikey.1.9s.us.rar',1,'','rar','application/octet-stream',367085,1208370718,0),(5,379,137,0,32,0,'32_bc87ae86b44e37e7b0d4033f1b7479e6','wiikey.1.9s.pal.rar',0,'','rar','application/octet-stream',367081,1208370732,0),(6,379,137,0,32,0,'32_f16409a8a30f6f4ae55588ea8029c82a','wiikey.1.9s.jap.rar',0,'','rar','application/octet-stream',367090,1208370744,0),(7,380,138,0,32,0,'32_76a7daffd29e2f146630d83b29efa254','WPatcherP5575987.rar',12,'','rar','application/octet-stream',628681,1208371460,0),(11,382,141,0,32,0,'32_9b39c5d711c88cc151efb80654fbb3f5','RegionFrii V1.2.1 Wip By Klausus-Kun.zip',1,'','zip','application/x-zip-compressed',243374,1208646992,0),(10,382,141,0,32,0,'32_f4f7f4ad144b17a820e6d588b6d62a5c','WiiBrickBlocker_v1_3R2.rar',1,'','rar','application/octet-stream',2109029,1208646975,0),(12,386,145,0,32,0,'32_46b1e4c6c7d0ae7cbf00bbce9738fdd9','twilight-hack-v0.1-alpha3a.zip',0,'','zip','application/x-zip-compressed',499897,1209349104,0),(13,386,145,0,32,0,'32_d5b349b2dfa139669e955972a1e5e5b0','WAD-Installer_v2.1.zip',2,'','zip','application/x-zip-compressed',178394,1209349443,0),(14,386,145,0,32,0,'32_413257a8ebc3985c62bcd0cd85d60fb8','WAD-Uninstaller_v1.zip',0,'','zip','application/x-zip-compressed',173029,1209349460,0),(15,391,148,0,32,0,'32_aeae1b6c7c94e41b2cf8dd09b144e9bc','WAD-Installer_v2.1.zip',1,'','zip','application/x-zip-compressed',178394,1222988720,0),(16,391,148,0,32,0,'32_c3d51d66b1dea2bcb0fe1aadedd0a59e','WAD-Uninstaller_v1.1.zip',1,'','zip','application/x-zip-compressed',175462,1222988748,0),(26,394,151,0,32,0,'32_5c0c79b438fc4a0f94263ff3a1e6008f','OpenSSL 0.9.8l DLLs.zip',11,'','zip','application/x-zip-compressed',580293,1259208218,0),(18,395,152,0,32,0,'32_2b2f4546d37b64ad6f8e5a512023eaad','Win7_Movie.rar',3,'Startup Movie','rar','application/octet-stream',2876517,1230510933,0),(22,404,158,0,32,0,'32_50d47bf2a28a7daf0f23242727e9e13c','7loader by Orbit30 + Hazar v1.2.zip',3,'','zip','application/x-zip-compressed',10351122,1250448385,0),(23,404,158,0,32,0,'32_99b2bc5a53058f6db9eb53c901a6ca9d','7loader by Orbit30 + Hazar v1.4.zip',1,'','zip','application/x-zip-compressed',2945560,1250448558,0),(27,400,156,0,32,0,'32_13cb72b251542a0fd346c43560ec7fe9','BannerBomb_BootMii6.rar',2,'','rar','application/octet-stream',1526911,1262717938,0),(30,413,165,0,32,0,'32_a488d0c045d55e15c495649ecf43a780','Invision.zip',26,'','zip','application/x-zip-compressed',6475654,1294453257,0),(36,404,158,0,32,0,'32_a59c938aeb52a5169c8137004dd03ed8','Windows Loader v2.1.zip',0,'','zip','application/x-zip-compressed',1636259,1327185758,0);

--
-- Table structure for table `phpbb_banlist`
--

CREATE TABLE `phpbb_banlist` (
  `ban_id` mediumint(8) unsigned NOT NULL AUTO_INCREMENT,
  `ban_userid` mediumint(8) unsigned NOT NULL DEFAULT '0',
  `ban_ip` varchar(40) CHARACTER SET latin1 COLLATE latin1_bin NOT NULL DEFAULT '',
  `ban_email` blob NOT NULL,
  `ban_start` int(11) unsigned NOT NULL DEFAULT '0',
  `ban_end` int(11) unsigned NOT NULL DEFAULT '0',
  `ban_exclude` tinyint(1) unsigned NOT NULL DEFAULT '0',
  `ban_reason` blob NOT NULL,
  `ban_give_reason` blob NOT NULL,
  PRIMARY KEY (`ban_id`),
  KEY `ban_end` (`ban_end`),
  KEY `ban_user` (`ban_userid`,`ban_exclude`),
  KEY `ban_email` (`ban_email`(255),`ban_exclude`),
  KEY `ban_ip` (`ban_ip`,`ban_exclude`)
) ENGINE=MyISAM DEFAULT CHARSET=latin1;

--
-- Dumping data for table `phpbb_banlist`
--


--
-- Table structure for table `phpbb_bbcodes`
--

CREATE TABLE `phpbb_bbcodes` (
  `bbcode_id` smallint(4) unsigned NOT NULL DEFAULT '0',
  `bbcode_tag` varchar(16) CHARACTER SET latin1 COLLATE latin1_bin NOT NULL DEFAULT '',
  `bbcode_helpline` blob NOT NULL,
  `display_on_posting` tinyint(1) unsigned NOT NULL DEFAULT '0',
  `bbcode_match` blob NOT NULL,
  `bbcode_tpl` mediumblob NOT NULL,
  `first_pass_match` mediumblob NOT NULL,
  `first_pass_replace` mediumblob NOT NULL,
  `second_pass_match` mediumblob NOT NULL,
  `second_pass_replace` mediumblob NOT NULL,
  PRIMARY KEY (`bbcode_id`),
  KEY `display_on_post` (`display_on_posting`)
) ENGINE=MyISAM DEFAULT CHARSET=latin1;

--
-- Dumping data for table `phpbb_bbcodes`
--


--
-- Table structure for table `phpbb_bookmarks`
--

CREATE TABLE `phpbb_bookmarks` (
  `topic_id` mediumint(8) unsigned NOT NULL DEFAULT '0',
  `user_id` mediumint(8) unsigned NOT NULL DEFAULT '0',
  PRIMARY KEY (`topic_id`,`user_id`)
) ENGINE=MyISAM DEFAULT CHARSET=latin1;

--
-- Dumping data for table `phpbb_bookmarks`
--


--
-- Table structure for table `phpbb_bots`
--

CREATE TABLE `phpbb_bots` (
  `bot_id` mediumint(8) unsigned NOT NULL AUTO_INCREMENT,
  `bot_active` tinyint(1) unsigned NOT NULL DEFAULT '1',
  `bot_name` blob NOT NULL,
  `user_id` mediumint(8) unsigned NOT NULL DEFAULT '0',
  `bot_agent` varchar(255) CHARACTER SET latin1 COLLATE latin1_bin NOT NULL DEFAULT '',
  `bot_ip` varchar(255) CHARACTER SET latin1 COLLATE latin1_bin NOT NULL DEFAULT '',
  PRIMARY KEY (`bot_id`),
  KEY `bot_active` (`bot_active`)
) ENGINE=MyISAM AUTO_INCREMENT=52 DEFAULT CHARSET=latin1;

--
-- Dumping data for table `phpbb_bots`
--

INSERT INTO `phpbb_bots` VALUES (1,0,'AdsBot [Google]',693,'AdsBot-Google',''),(2,0,'Alexa [Bot]',694,'ia_archiver',''),(3,0,'Alta Vista [Bot]',695,'Scooter/',''),(4,0,'Ask Jeeves [Bot]',696,'Ask Jeeves',''),(5,0,'Baidu [Spider]',697,'Baiduspider+(',''),(6,0,'Exabot [Bot]',698,'Exabot/',''),(7,0,'FAST Enterprise [Crawler]',699,'FAST Enterprise Crawler',''),(8,0,'FAST WebCrawler [Crawler]',700,'FAST-WebCrawler/',''),(9,0,'Francis [Bot]',701,'http://www.neomo.de/',''),(10,0,'Gigabot [Bot]',702,'Gigabot/',''),(11,0,'Google Adsense [Bot]',703,'Mediapartners-Google',''),(12,0,'Google Desktop',704,'Google Desktop',''),(13,0,'Google Feedfetcher',705,'Feedfetcher-Google',''),(14,0,'Google [Bot]',706,'Googlebot',''),(15,0,'Heise IT-Markt [Crawler]',707,'heise-IT-Markt-Crawler',''),(16,0,'Heritrix [Crawler]',708,'heritrix/1.',''),(17,0,'IBM Research [Bot]',709,'ibm.com/cs/crawler',''),(18,0,'ICCrawler - ICjobs',710,'ICCrawler - ICjobs',''),(19,0,'ichiro [Crawler]',711,'ichiro/',''),(20,0,'Majestic-12 [Bot]',712,'MJ12bot/',''),(21,0,'Metager [Bot]',713,'MetagerBot/',''),(22,0,'MSN NewsBlogs',714,'msnbot-NewsBlogs/',''),(23,0,'MSN [Bot]',715,'msnbot/',''),(24,0,'MSNbot Media',716,'msnbot-media/',''),(25,0,'NG-Search [Bot]',717,'NG-Search/',''),(26,0,'Nutch [Bot]',718,'http://lucene.apache.org/nutch/',''),(27,0,'Nutch/CVS [Bot]',719,'NutchCVS/',''),(28,0,'OmniExplorer [Bot]',720,'OmniExplorer_Bot/',''),(29,0,'Online link [Validator]',721,'online link validator',''),(30,0,'psbot [Picsearch]',722,'psbot/0',''),(31,0,'Seekport [Bot]',723,'Seekbot/',''),(32,0,'Sensis [Crawler]',724,'Sensis Web Crawler',''),(33,0,'SEO Crawler',725,'SEO search Crawler/',''),(34,0,'Seoma [Crawler]',726,'Seoma [SEO Crawler]',''),(35,0,'SEOSearch [Crawler]',727,'SEOsearch/',''),(36,0,'Snappy [Bot]',728,'Snappy/1.1 ( http://www.urltrends.com/ )',''),(37,0,'Steeler [Crawler]',729,'http://www.tkl.iis.u-tokyo.ac.jp/~crawler/',''),(38,0,'Synoo [Bot]',730,'SynooBot/',''),(39,0,'Telekom [Bot]',731,'crawleradmin.t-info@telekom.de',''),(40,0,'TurnitinBot [Bot]',732,'TurnitinBot/',''),(41,0,'Voyager [Bot]',733,'voyager/1.0',''),(42,0,'W3 [Sitesearch]',734,'W3 SiteSearch Crawler',''),(43,0,'W3C [Linkcheck]',735,'W3C-checklink/',''),(44,0,'W3C [Validator]',736,'W3C_*Validator',''),(45,0,'WiseNut [Bot]',737,'http://www.WISEnutbot.com',''),(46,0,'YaCy [Bot]',738,'yacybot',''),(47,0,'Yahoo MMCrawler [Bot]',739,'Yahoo-MMCrawler/',''),(48,0,'Yahoo Slurp [Bot]',740,'Yahoo! DE Slurp',''),(49,0,'Yahoo [Bot]',741,'Yahoo! Slurp',''),(50,0,'YahooSeeker [Bot]',742,'YahooSeeker/',''),(51,1,'Bing [Bot]',745,'bingbot/','');

--
-- Table structure for table `phpbb_config`
--

CREATE TABLE `phpbb_config` (
  `config_name` varchar(255) CHARACTER SET latin1 COLLATE latin1_bin NOT NULL DEFAULT '',
  `config_value` blob NOT NULL,
  `is_dynamic` tinyint(1) unsigned NOT NULL DEFAULT '0',
  PRIMARY KEY (`config_name`),
  KEY `is_dynamic` (`is_dynamic`)
) ENGINE=MyISAM DEFAULT CHARSET=latin1;

--
-- Dumping data for table `phpbb_config`
--

INSERT INTO `phpbb_config` VALUES ('active_sessions','0',0),('allow_attachments','1',0),('allow_autologin','1',0),('allow_avatar_local','1',0),('allow_avatar_remote','1',0),('allow_avatar_upload','1',0),('allow_bbcode','1',0),('allow_birthdays','1',0),('allow_bookmarks','1',0),('allow_emailreuse','0',0),('allow_forum_notify','1',0),('allow_mass_pm','1',0),('allow_name_chars','USERNAME_CHARS_ANY',0),('allow_namechange','1',0),('allow_nocensors','1',0),('allow_pm_attach','0',0),('allow_post_flash','1',0),('allow_post_links','1',0),('allow_privmsg','1',0),('allow_sig','1',0),('allow_sig_bbcode','1',0),('allow_sig_flash','0',0),('allow_sig_img','1',0),('allow_sig_links','1',0),('allow_sig_pm','1',0),('allow_sig_smilies','1',0),('allow_smilies','1',0),('allow_topic_notify','1',0),('attachment_quota','209715200',0),('auth_bbcode_pm','1',0),('auth_flash_pm','0',0),('auth_img_pm','1',0),('auth_method','db',0),('auth_smilies_pm','1',0),('avatar_filesize','204800',0),('avatar_gallery_path','images/avatars/gallery',0),('avatar_max_height','100',0),('avatar_max_width','100',0),('avatar_min_height','20',0),('avatar_min_width','20',0),('avatar_path','images/avatars/upload',0),('avatar_salt','465378d07fe8720673f3c4d3f6d42527',0),('board_contact','isosrus_team@luniz.org',0),('board_disable','0',0),('board_disable_msg','',0),('board_dst','1',0),('board_email','isosrus_team@luniz.org',0),('board_email_form','1',0),('board_email_sig','Thanks, The Management\nhttp://forums.luniz.org/ISOsRus/',0),('board_hide_emails','1',0),('board_timezone','-5',0),('browser_check','1',0),('bump_interval','10',0),('bump_type','d',0),('cache_gc','7200',0),('captcha_gd','1',0),('captcha_gd_foreground_noise','0',0),('captcha_gd_x_grid','25',0),('captcha_gd_y_grid','25',0),('check_dnsbl','0',0),('chg_passforce','0',0),('cookie_domain','forums.luniz.org',0),('cookie_name','phpbb3_649cc',0),('cookie_path','/',0),('cookie_secure','0',0),('coppa_enable','0',0),('coppa_fax','',0),('coppa_mail','',0),('database_gc','604800',0),('default_dateformat','F jS, Y, g:i a',0),('default_style','1',0),('display_last_edited','1',0),('display_order','0',0),('edit_time','0',0),('email_check_mx','1',0),('email_enable','1',0),('email_function_name','mail',0),('email_package_size','100',0),('enable_confirm','1',0),('enable_pm_icons','1',0),('enable_post_confirm','1',0),('flood_interval','5',0),('force_server_vars','0',0),('form_token_lifetime','7200',0),('form_token_mintime','0',0),('form_token_sid_guests','1',0),('forward_pm','1',0),('forwarded_for_check','0',0),('full_folder_action','2',0),('fulltext_mysql_max_word_len','254',0),('fulltext_mysql_min_word_len','4',0),('fulltext_native_common_thres','5',0),('fulltext_native_load_upd','1',0),('fulltext_native_max_chars','14',0),('fulltext_native_min_chars','3',0),('gzip_compress','1',0),('hot_threshold','25',0),('icons_path','images/icons',0),('img_create_thumbnail','0',0),('img_display_inlined','1',0),('img_imagick','',0),('img_link_height','0',0),('img_link_width','0',0),('img_max_height','0',0),('img_max_thumb_width','400',0),('img_max_width','0',0),('img_min_thumb_filesize','12000',0),('ip_check','3',0),('jab_enable','0',0),('jab_host','',0),('jab_password','',0),('jab_package_size','20',0),('jab_port','5222',0),('jab_use_ssl','0',0),('jab_username','',0),('ldap_base_dn','',0),('ldap_email','',0),('ldap_password','',0),('ldap_port','',0),('ldap_server','',0),('ldap_uid','',0),('ldap_user','',0),('ldap_user_filter','',0),('limit_load','0',0),('limit_search_load','0',0),('load_anon_lastread','0',0),('load_birthdays','1',0),('load_cpf_memberlist','1',0),('load_cpf_viewprofile','1',0),('load_cpf_viewtopic','1',0),('load_db_lastread','1',0),('load_db_track','1',0),('load_jumpbox','1',0),('load_moderators','1',0),('load_online','1',0),('load_online_guests','1',0),('load_online_time','360',0),('load_onlinetrack','1',0),('load_search','1',0),('load_tplcompile','0',0),('load_user_activity','1',0),('max_attachments','3',0),('max_attachments_pm','1',0),('max_autologin_time','0',0),('max_filesize','262144',0),('max_filesize_pm','262144',0),('max_login_attempts','3',0),('max_name_chars','20',0),('max_pass_chars','30',0),('max_poll_options','50',0),('max_post_chars','60000',0),('max_post_font_size','200',0),('max_post_img_height','0',0),('max_post_img_width','0',0),('max_post_smilies','0',0),('max_post_urls','0',0),('max_quote_depth','3',0),('max_reg_attempts','5',0),('max_sig_chars','500',0),('max_sig_font_size','200',0),('max_sig_img_height','0',0),('max_sig_img_width','0',0),('max_sig_smilies','0',0),('max_sig_urls','50',0),('min_name_chars','3',0),('min_pass_chars','6',0),('min_search_author_chars','3',0),('min_time_reg','0',0),('min_time_terms','0',0),('override_user_style','1',0),('pass_complex','PASS_TYPE_ANY',0),('pm_edit_time','0',0),('pm_max_boxes','20',0),('pm_max_msgs','1000',0),('posts_per_page','100',0),('print_pm','1',0),('queue_interval','60',0),('ranks_path','images/ranks',0),('require_activation','3',0),('script_path','/ISOsRus',0),('search_block_size','250',0),('search_gc','7200',0),('search_indexing_state','',1),('search_interval','0',0),('search_anonymous_interval','0',0),('search_type','fulltext_native',0),('search_store_results','1800',0),('secure_allow_deny','1',0),('secure_allow_empty_referer','1',0),('secure_downloads','0',0),('server_name','forums.luniz.org',0),('server_port','80',0),('server_protocol','http://',0),('session_gc','3600',0),('session_length','3600',0),('site_desc','',0),('sitename','ISOsRus',0),('smilies_path','images/smilies',0),('smtp_auth_method','PLAIN',0),('smtp_delivery','0',0),('smtp_host','',0),('smtp_password','',0),('smtp_port','25',0),('smtp_username','',0),('topics_per_page','100',0),('tpl_allow_php','0',0),('upload_icons_path','images/upload_icons',0),('upload_path','files',0),('version','3.0.9',0),('warnings_expire_days','90',0),('warnings_gc','14400',0),('cache_last_gc','1463370481',1),('cron_lock','0',1),('database_last_gc','1463370493',1),('last_queue_run','1343873265',1),('newest_user_colour','',1),('newest_user_id','744',1),('newest_username','xoraclez',1),('num_files','26',1),('num_posts','315',1),('num_topics','106',1),('num_users','41',1),('rand_seed','740526b5c588530d696aac851919ff88',1),('rand_seed_last_update','1463371746',1),('record_online_date','1336339245',1),('record_online_users','8',1),('search_last_gc','1463370497',1),('session_last_gc','1463370839',1),('upload_dir_size','73558981',1),('warnings_last_gc','1463370488',1),('board_startdate','1154097516',0),('default_lang','en_us',0),('increment_user_id','692',1),('add_user_version','1.1.0',0),('express_index_articles','1',0),('block_poll_topic_id','99',0),('express_icons_path','images/express/icons',0),('express_article_images_path','images/express/article_images',0),('express_ads_path','images/express/ads',0),('express_last_updated','1226208450',0),('express_articles_per_cat','3',0),('express_articles_per_page','10',0),('express_more_articles_limit','20',0),('express_feed_limit','20',0),('express_items_per_toplist','10',0),('express_ads_contact','',0),('express_copyright','',0),('counter_digits_path','images/counter/digits',0),('counter_digits_ani_path','images/counter/digits_ani',0),('counter_ip_logfile','images/counter/ip.txt',0),('counter_digits_number','6',0),('counter_block_ip','1',0),('counter_block_time','60',0),('counter_startdate','1226208450',0),('counter_display_mode','1',0),('counter_display_stats','1',0),('block_hot_news','1',0),('block_latest_news','1',0),('block_latest_topics','1',0),('block_latest_posts','1',0),('block_newest_users','1',0),('block_last_visited_bots','1',0),('block_top_posters','1',0),('block_top_topics','1',0),('block_express_cats','1',0),('block_express_pages','1',0),('block_express_ads','1',0),('block_special_articles','1',0),('block_counter','1',0),('block_paypal','1',0),('block_paypal_name','ISOsRus Forum',0),('block_paypal_email','gluniz@luniz.org',0),('block_paypal_country','US',0),('block_online','1',0),('block_board','1',0),('block_poll','1',0),('block_rss','1',0),('block_rss_publishers','http://www.newegg.com/Product/RSS.aspx?Submit=RSSDailyDeals,http://www.techbargains.com/rss.xml',0),('express_feed_content_limit','255',0),('block_rss_limit','5',0),('block_rss_time','15',0),('block_search','1',0),('block_timer','1',0),('block_visited_today','1',0),('block_announcements','1',0),('block_latest_files','1',0),('block_top_files','1',0),('block_quotes','1',0),('block_welcome','1',0),('block_website_info','1',0),('block_express_links','1',0),('counter_hits','886',1),('num_express_cats','0',1),('num_express_articles','0',1),('num_express_pages','1',1),('num_express_blocks','33',1),('num_express_links','2',1),('block_checkdns','1',0),('block_opendns','1',0),('referer_validation','1',0),('check_attachment_content','1',0),('mime_triggers','body|head|html|img|plaintext|a href|pre|script|table|title',0),('block_chipin','',0),('dbms_version','4.0.22-standard',0),('ip_login_limit_max','50',0),('enable_queue_trigger','0',0),('queue_trigger_posts','3',0),('pm_max_recipients','0',0),('captcha_gd_wave','0',0),('captcha_gd_3d_noise','1',0),('captcha_gd_fonts','1',0),('confirm_refresh','1',0),('max_num_search_keywords','10',0),('captcha_plugin','phpbb_captcha_gd',0),('feed_enable','0',0),('feed_limit','10',0),('feed_overall_forums','1',0),('feed_overall_forums_limit','15',0),('feed_overall_topics','0',0),('feed_overall_topics_limit','15',0),('feed_forum','1',0),('feed_topic','1',0),('feed_item_statistics','1',0),('smilies_per_page','50',0),('allow_pm_report','1',0),('new_member_post_limit','0',0),('new_member_group_default','0',0),('allow_avatar','1',0),('allow_avatar_remote_upload','1',0),('min_post_chars','1',0),('allow_quick_reply','1',0),('delete_time','0',0),('feed_overall','1',0),('feed_http_auth','0',0),('feed_limit_post','10',0),('feed_limit_topic','15',0),('feed_topics_new','0',0),('feed_topics_active','0',0),('load_unreads_search','1',0),('ip_login_limit_time','21600',0),('ip_login_limit_use_forwarded','0',0),('easyportal_welcome','Testing out a new portal...',0),('easyportal_num_news','5',0),('easyportal_news_len','200',0),('easyportal_num_recent','10',0),('easyportal_recent_len','19',0),('easyportal_bbcode','1',0),('easyportal_smilies','1',0),('easyportal_announce','a:0:{}',0),('easyportal_poll','a:0:{}',0),('easyportal_recent','a:52:{i:0;i:74;i:1;i:95;i:2;i:24;i:3;i:25;i:4;i:26;i:5;i:53;i:6;i:57;i:7;i:27;i:8;i:30;i:9;i:55;i:10;i:63;i:11;i:75;i:12;i:94;i:13;i:42;i:14;i:56;i:15;i:54;i:16;i:76;i:17;i:93;i:18;i:60;i:19;i:38;i:20;i:39;i:21;i:77;i:22;i:91;i:23;i:69;i:24;i:43;i:25;i:99;i:26;i:52;i:27;i:62;i:28;i:101;i:29;i:80;i:30;i:90;i:31;i:81;i:32;i:82;i:33;i:97;i:34;i:84;i:35;i:98;i:36;i:100;i:37;i:87;i:38;i:88;i:39;i:86;i:40;i:85;i:41;i:89;i:42;i:78;i:43;i:92;i:44;i:31;i:45;i:102;i:46;i:79;i:47;i:96;i:48;i:70;i:49;i:71;i:50;i:72;i:51;i:73;}',0),('questionnaire_unique_id','19c7a6d1d8918743',0),('auto_backup_enable','1',0),('auto_backup_copies','14',0),('auto_backup_gc','1',0),('auto_backup_last_gc','1463371746',1),('auto_backup_filetype','gzip',0),('auto_backup_version','1.0.2',0);

--
-- Table structure for table `phpbb_confirm`
--

CREATE TABLE `phpbb_confirm` (
  `confirm_id` varchar(32) CHARACTER SET latin1 COLLATE latin1_bin NOT NULL DEFAULT '',
  `session_id` varchar(32) CHARACTER SET latin1 COLLATE latin1_bin NOT NULL DEFAULT '',
  `confirm_type` tinyint(3) NOT NULL DEFAULT '0',
  `code` varchar(8) CHARACTER SET latin1 COLLATE latin1_bin NOT NULL DEFAULT '',
  `seed` int(10) unsigned NOT NULL DEFAULT '0',
  `attempts` mediumint(8) unsigned NOT NULL DEFAULT '0',
  PRIMARY KEY (`session_id`,`confirm_id`),
  KEY `confirm_type` (`confirm_type`)
) ENGINE=MyISAM DEFAULT CHARSET=latin1;

--
-- Dumping data for table `phpbb_confirm`
--


--
-- Table structure for table `phpbb_disallow`
--

CREATE TABLE `phpbb_disallow` (
  `disallow_id` mediumint(8) unsigned NOT NULL AUTO_INCREMENT,
  `disallow_username` blob NOT NULL,
  PRIMARY KEY (`disallow_id`)
) ENGINE=MyISAM DEFAULT CHARSET=latin1;

--
-- Dumping data for table `phpbb_disallow`
--


--
-- Table structure for table `phpbb_drafts`
--

CREATE TABLE `phpbb_drafts` (
  `draft_id` mediumint(8) unsigned NOT NULL AUTO_INCREMENT,
  `user_id` mediumint(8) unsigned NOT NULL DEFAULT '0',
  `topic_id` mediumint(8) unsigned NOT NULL DEFAULT '0',
  `forum_id` mediumint(8) unsigned NOT NULL DEFAULT '0',
  `save_time` int(11) unsigned NOT NULL DEFAULT '0',
  `draft_subject` blob NOT NULL,
  `draft_message` mediumblob NOT NULL,
  PRIMARY KEY (`draft_id`),
  KEY `save_time` (`save_time`)
) ENGINE=MyISAM AUTO_INCREMENT=2 DEFAULT CHARSET=latin1;

--
-- Dumping data for table `phpbb_drafts`
--

INSERT INTO `phpbb_drafts` VALUES (1,681,0,0,1375145731,'Servers unlinked to network','Hey, \n\nWhats up, I\'ve had many power outages recently, and since i got back up I see my server is not tagged to yours anymore, can you link it back ? \n\nKeep me posted');

--
-- Table structure for table `phpbb_express_ads`
--

CREATE TABLE `phpbb_express_ads` (
  `ads_id` mediumint(8) unsigned NOT NULL AUTO_INCREMENT,
  `ads_title` varchar(255) CHARACTER SET latin1 COLLATE latin1_bin NOT NULL DEFAULT '',
  `ads_url` varchar(255) CHARACTER SET latin1 COLLATE latin1_bin NOT NULL DEFAULT '',
  `ads_image` varchar(255) CHARACTER SET latin1 COLLATE latin1_bin NOT NULL DEFAULT '',
  `ads_width` smallint(4) unsigned NOT NULL DEFAULT '0',
  `ads_height` smallint(4) unsigned NOT NULL DEFAULT '0',
  `ads_order` mediumint(8) unsigned NOT NULL DEFAULT '0',
  `ads_display` tinyint(1) unsigned NOT NULL DEFAULT '1',
  `ads_clicks` mediumint(8) unsigned NOT NULL DEFAULT '0',
  `ads_text` mediumblob NOT NULL,
  PRIMARY KEY (`ads_id`),
  KEY `ads_display` (`ads_display`),
  KEY `ads_order` (`ads_order`)
) ENGINE=MyISAM AUTO_INCREMENT=7 DEFAULT CHARSET=latin1;

--
-- Dumping data for table `phpbb_express_ads`
--

INSERT INTO `phpbb_express_ads` VALUES (6,'Newegg','http://www.newegg.com/','newegg.gif',235,68,3,1,3,'Best online source for hardware.'),(5,'Fedora','http://fedoraproject.org/','header-fedora_logo01.png',110,40,2,1,2,'.'),(4,'DD-WRT','http://www.dd-wrt.com/','dd-wrt_logo.gif',210,40,1,1,2,'Custom 3rd party firmware for broadcom based routers.');

--
-- Table structure for table `phpbb_express_articles`
--

CREATE TABLE `phpbb_express_articles` (
  `article_id` mediumint(8) unsigned NOT NULL AUTO_INCREMENT,
  `article_cat` mediumint(8) unsigned NOT NULL DEFAULT '0',
  `article_title` varchar(255) CHARACTER SET latin1 COLLATE latin1_bin NOT NULL DEFAULT '',
  `article_intro` mediumblob NOT NULL,
  `article_content` mediumblob NOT NULL,
  `article_content_bitfield` varchar(255) CHARACTER SET latin1 COLLATE latin1_bin NOT NULL DEFAULT '',
  `article_content_options` int(11) unsigned NOT NULL DEFAULT '7',
  `article_content_uid` varchar(8) CHARACTER SET latin1 COLLATE latin1_bin NOT NULL DEFAULT '',
  `article_views` mediumint(8) unsigned NOT NULL DEFAULT '0',
  `article_rates` tinyint(2) unsigned NOT NULL DEFAULT '0',
  `article_ratings` mediumint(8) unsigned NOT NULL DEFAULT '0',
  `article_comments` mediumint(8) unsigned NOT NULL DEFAULT '0',
  `article_image` varchar(255) CHARACTER SET latin1 COLLATE latin1_bin NOT NULL DEFAULT '',
  `article_similar` varchar(255) CHARACTER SET latin1 COLLATE latin1_bin NOT NULL DEFAULT '',
  `article_source` varchar(255) CHARACTER SET latin1 COLLATE latin1_bin NOT NULL DEFAULT '',
  `article_time` int(11) unsigned NOT NULL DEFAULT '0',
  PRIMARY KEY (`article_id`)
) ENGINE=MyISAM DEFAULT CHARSET=latin1;

--
-- Dumping data for table `phpbb_express_articles`
--


--
-- Table structure for table `phpbb_express_blocks`
--

CREATE TABLE `phpbb_express_blocks` (
  `block_id` mediumint(8) unsigned NOT NULL AUTO_INCREMENT,
  `block_title` varchar(255) CHARACTER SET latin1 COLLATE latin1_bin NOT NULL DEFAULT '',
  `block_type` varchar(40) CHARACTER SET latin1 COLLATE latin1_bin NOT NULL DEFAULT '',
  `block_position` tinyint(1) unsigned NOT NULL DEFAULT '0',
  `block_order` mediumint(8) unsigned NOT NULL DEFAULT '0',
  `block_icon` varchar(255) CHARACTER SET latin1 COLLATE latin1_bin NOT NULL DEFAULT '',
  `block_text` mediumblob NOT NULL,
  `block_text_bitfield` varchar(255) CHARACTER SET latin1 COLLATE latin1_bin NOT NULL DEFAULT '',
  `block_text_options` int(11) unsigned NOT NULL DEFAULT '7',
  `block_text_uid` varchar(8) CHARACTER SET latin1 COLLATE latin1_bin NOT NULL DEFAULT '',
  PRIMARY KEY (`block_id`),
  KEY `block_order` (`block_order`)
) ENGINE=MyISAM AUTO_INCREMENT=37 DEFAULT CHARSET=latin1;

--
-- Dumping data for table `phpbb_express_blocks`
--

INSERT INTO `phpbb_express_blocks` VALUES (1,'BLOCK_EXPRESS_CATS','express_cats',0,1,'newspaper.png','','',7,''),(2,'BLOCK_BOARD','board',0,2,'arrow_refresh.png','','',7,''),(3,'BLOCK_EXPRESS_LINKS','express_links',1,3,'world.png','','',7,''),(4,'BLOCK_EXPRESS_PAGES','express_pages',0,4,'information.png','','',7,''),(5,'BLOCK_SPECIAL_ARTICLES','special_articles',0,5,'asterisk_orange.png','','',7,''),(6,'BLOCK_WELCOME','welcome',2,6,'vcard.png','','',7,''),(7,'BLOCK_LATEST_NEWS','latest_news',0,7,'new.png','','',7,''),(8,'BLOCK_HOT_NEWS','hot_news',0,8,'heart.png','','',7,''),(9,'BLOCK_ANNOUNCEMENTS','announcements',0,9,'sound.png','','',7,''),(10,'BLOCK_LATEST_TOPICS','latest_topics',0,10,'comment.png','','',7,''),(11,'BLOCK_LATEST_POSTS','latest_posts',0,11,'comments.png','','',7,''),(12,'BLOCK_TOP_TOPICS','top_topics',0,12,'lightning.png','','',7,''),(13,'BLOCK_LATEST_FILES','latest_files',0,13,'box.png','','',7,''),(14,'BLOCK_TOP_FILES','top_files',0,14,'disk.png','','',7,''),(15,'BLOCK_TOP_POSTERS','top_posters',0,15,'group.png','','',7,''),(16,'BLOCK_NEWEST_USERS','newest_users',0,16,'user.png','','',7,''),(17,'BLOCK_LAST_VISITED_BOTS','last_visited_bots',0,17,'bug.png','','',7,''),(18,'BLOCK_POLL','poll',0,18,'chart_bar.png','','',7,''),(19,'BLOCK_RSS','rss',0,19,'transmit.png','','',7,''),(20,'BLOCK_ONLINE','online',4,20,'emoticon_smile.png','','',7,''),(21,'BLOCK_VISITED_TODAY','visited_today',4,21,'flag_red.png','','',7,''),(22,'BLOCK_COUNTER','counter',0,22,'chart_pie.png','','',7,''),(23,'BLOCK_STATISTICS','statistics',1,25,'bricks.png','','',7,''),(24,'BLOCK_BIRTHDAY','birthday',1,26,'cake.png','','',7,''),(25,'BLOCK_QUOTES','quotes',0,27,'script.png','','',7,''),(26,'BLOCK_SEARCH','search',0,28,'zoom.png','','',7,''),(27,'BLOCK_EXPRESS_ADS','express_ads',2,29,'star.png','','',7,''),(28,'BLOCK_TIMER','timer',0,30,'clock.png','','',7,''),(29,'BLOCK_WEBSITE_INFO','website_info',0,31,'building.png','','',7,''),(30,'BLOCK_PAYPAL','paypal',1,23,'money.png','','',7,''),(31,'ISOsRus Forum','custom',3,32,'application_double.png','08/07/11 - No news is good news.','',7,''),(32,'CHECKDNS','checkdns',0,33,'asterisk_yellow.png','','',7,''),(33,'OPENDNS','opendns',1,24,'cog.png','','',7,''),(36,'CHIPIN','chipin',5,33,'coins.png','','',7,'');

--
-- Table structure for table `phpbb_express_categories`
--

CREATE TABLE `phpbb_express_categories` (
  `cat_id` mediumint(8) unsigned NOT NULL AUTO_INCREMENT,
  `cat_name` varchar(255) CHARACTER SET latin1 COLLATE latin1_bin NOT NULL DEFAULT '',
  `cat_order` mediumint(8) unsigned NOT NULL DEFAULT '0',
  `cat_icon` varchar(255) CHARACTER SET latin1 COLLATE latin1_bin NOT NULL DEFAULT '',
  `cat_articles` mediumint(8) unsigned NOT NULL DEFAULT '0',
  `cat_desc` varchar(255) CHARACTER SET latin1 COLLATE latin1_bin NOT NULL DEFAULT '',
  `display_on_index` tinyint(1) unsigned NOT NULL DEFAULT '1',
  PRIMARY KEY (`cat_id`),
  KEY `cat_order` (`cat_order`)
) ENGINE=MyISAM DEFAULT CHARSET=latin1;

--
-- Dumping data for table `phpbb_express_categories`
--


--
-- Table structure for table `phpbb_express_comments`
--

CREATE TABLE `phpbb_express_comments` (
  `comment_id` mediumint(8) unsigned NOT NULL AUTO_INCREMENT,
  `article_id` mediumint(8) unsigned NOT NULL DEFAULT '0',
  `poster_id` mediumint(8) unsigned NOT NULL DEFAULT '0',
  `poster_username` varchar(255) CHARACTER SET latin1 COLLATE latin1_bin NOT NULL DEFAULT '',
  `poster_colour` varchar(6) CHARACTER SET latin1 COLLATE latin1_bin NOT NULL DEFAULT '',
  `poster_ip` varchar(40) CHARACTER SET latin1 COLLATE latin1_bin NOT NULL DEFAULT '',
  `comment` mediumblob NOT NULL,
  `comment_bitfield` varchar(255) CHARACTER SET latin1 COLLATE latin1_bin NOT NULL DEFAULT '',
  `comment_options` int(11) unsigned NOT NULL DEFAULT '7',
  `comment_uid` varchar(8) CHARACTER SET latin1 COLLATE latin1_bin NOT NULL DEFAULT '',
  `comment_time` int(11) unsigned NOT NULL DEFAULT '0',
  PRIMARY KEY (`comment_id`)
) ENGINE=MyISAM DEFAULT CHARSET=latin1;

--
-- Dumping data for table `phpbb_express_comments`
--


--
-- Table structure for table `phpbb_express_links`
--

CREATE TABLE `phpbb_express_links` (
  `link_id` mediumint(8) unsigned NOT NULL AUTO_INCREMENT,
  `link_title` varchar(255) CHARACTER SET latin1 COLLATE latin1_bin NOT NULL DEFAULT '',
  `link_is_cat` tinyint(1) unsigned NOT NULL DEFAULT '0',
  `link_url` varchar(255) CHARACTER SET latin1 COLLATE latin1_bin NOT NULL DEFAULT '',
  `link_icon` varchar(255) CHARACTER SET latin1 COLLATE latin1_bin NOT NULL DEFAULT '',
  `link_order` mediumint(8) unsigned NOT NULL DEFAULT '0',
  PRIMARY KEY (`link_id`),
  KEY `link_order` (`link_order`)
) ENGINE=MyISAM AUTO_INCREMENT=9 DEFAULT CHARSET=latin1;

--
-- Dumping data for table `phpbb_express_links`
--

INSERT INTO `phpbb_express_links` VALUES (8,'Memberlist',0,'memberlist.php','bullet_blue.png',2),(7,'Forums',0,'board.php','bullet_black.png',1);

--
-- Table structure for table `phpbb_express_pages`
--

CREATE TABLE `phpbb_express_pages` (
  `page_id` mediumint(8) unsigned NOT NULL AUTO_INCREMENT,
  `page_basename` varchar(40) CHARACTER SET latin1 COLLATE latin1_bin NOT NULL DEFAULT '',
  `page_name` varchar(255) CHARACTER SET latin1 COLLATE latin1_bin NOT NULL DEFAULT '',
  `page_custom` tinyint(1) unsigned NOT NULL DEFAULT '0',
  `page_order` mediumint(8) unsigned NOT NULL DEFAULT '0',
  `page_icon` varchar(255) CHARACTER SET latin1 COLLATE latin1_bin NOT NULL DEFAULT '',
  `page_views` mediumint(8) unsigned NOT NULL DEFAULT '0',
  `page_content` mediumblob NOT NULL,
  `page_content_bitfield` varchar(255) CHARACTER SET latin1 COLLATE latin1_bin NOT NULL DEFAULT '',
  `page_content_options` int(11) unsigned NOT NULL DEFAULT '7',
  `page_content_uid` varchar(8) CHARACTER SET latin1 COLLATE latin1_bin NOT NULL DEFAULT '',
  `page_time` int(11) unsigned NOT NULL DEFAULT '0',
  `template_file` varchar(255) CHARACTER SET latin1 COLLATE latin1_bin NOT NULL DEFAULT '',
  `language_file` varchar(255) CHARACTER SET latin1 COLLATE latin1_bin NOT NULL DEFAULT '',
  PRIMARY KEY (`page_id`),
  KEY `page_order` (`page_order`)
) ENGINE=MyISAM AUTO_INCREMENT=2 DEFAULT CHARSET=latin1;

--
-- Dumping data for table `phpbb_express_pages`
--

INSERT INTO `phpbb_express_pages` VALUES (1,'phpbb','Why phpBB is not a software?',1,1,'application_home.png',0,'Because it is just my breakfast...\n\n[img:1ddmma73]http&#58;//vinabb&#46;com/data/images/misc/phpbb_nuixao&#46;jpg[/img:1ddmma73]','CA==',7,'1ddmma73',1226208450,'','');

--
-- Table structure for table `phpbb_express_rates`
--

CREATE TABLE `phpbb_express_rates` (
  `rate_id` mediumint(8) unsigned NOT NULL AUTO_INCREMENT,
  `article_id` mediumint(8) unsigned NOT NULL DEFAULT '0',
  `user_id` mediumint(8) unsigned NOT NULL DEFAULT '0',
  `user_ip` varchar(40) CHARACTER SET latin1 COLLATE latin1_bin NOT NULL DEFAULT '',
  `rates` tinyint(2) unsigned NOT NULL DEFAULT '0',
  PRIMARY KEY (`rate_id`)
) ENGINE=MyISAM DEFAULT CHARSET=latin1;

--
-- Dumping data for table `phpbb_express_rates`
--


--
-- Table structure for table `phpbb_extension_groups`
--

CREATE TABLE `phpbb_extension_groups` (
  `group_id` mediumint(8) unsigned NOT NULL AUTO_INCREMENT,
  `group_name` blob NOT NULL,
  `cat_id` tinyint(2) NOT NULL DEFAULT '0',
  `allow_group` tinyint(1) unsigned NOT NULL DEFAULT '0',
  `download_mode` tinyint(1) unsigned NOT NULL DEFAULT '1',
  `upload_icon` varchar(255) CHARACTER SET latin1 COLLATE latin1_bin NOT NULL DEFAULT '',
  `max_filesize` int(20) unsigned NOT NULL DEFAULT '0',
  `allowed_forums` blob NOT NULL,
  `allow_in_pm` tinyint(1) unsigned NOT NULL DEFAULT '0',
  PRIMARY KEY (`group_id`)
) ENGINE=MyISAM AUTO_INCREMENT=10 DEFAULT CHARSET=latin1;

--
-- Dumping data for table `phpbb_extension_groups`
--

INSERT INTO `phpbb_extension_groups` VALUES (1,'IMAGES',1,1,1,'',0,'',0),(2,'ARCHIVES',0,1,1,'',0,'',0),(3,'PLAIN_TEXT',0,0,1,'',0,'',0),(4,'DOCUMENTS',0,0,1,'',0,'',0),(5,'REAL_MEDIA',3,0,1,'',0,'',0),(6,'WINDOWS_MEDIA',2,0,1,'',0,'',0),(7,'FLASH_FILES',5,0,1,'',0,'',0),(8,'QUICKTIME_MEDIA',6,0,1,'',0,'',0),(9,'DOWNLOADABLE_FILES',0,0,1,'',0,'',0);

--
-- Table structure for table `phpbb_extensions`
--

CREATE TABLE `phpbb_extensions` (
  `extension_id` mediumint(8) unsigned NOT NULL AUTO_INCREMENT,
  `group_id` mediumint(8) unsigned NOT NULL DEFAULT '0',
  `extension` varchar(100) CHARACTER SET latin1 COLLATE latin1_bin NOT NULL DEFAULT '',
  PRIMARY KEY (`extension_id`)
) ENGINE=MyISAM AUTO_INCREMENT=67 DEFAULT CHARSET=latin1;

--
-- Dumping data for table `phpbb_extensions`
--

INSERT INTO `phpbb_extensions` VALUES (1,1,'gif'),(2,1,'png'),(3,1,'jpeg'),(4,1,'jpg'),(5,1,'tif'),(6,1,'tiff'),(7,1,'tga'),(8,2,'gtar'),(9,2,'gz'),(10,2,'tar'),(11,2,'zip'),(12,2,'rar'),(13,2,'ace'),(14,2,'torrent'),(15,2,'tgz'),(16,2,'bz2'),(17,2,'7z'),(18,3,'txt'),(19,3,'c'),(20,3,'h'),(21,3,'cpp'),(22,3,'hpp'),(23,3,'diz'),(24,3,'csv'),(25,3,'ini'),(26,3,'log'),(27,3,'js'),(28,3,'xml'),(29,4,'xls'),(30,4,'xlsx'),(31,4,'xlsm'),(32,4,'xlsb'),(33,4,'doc'),(34,4,'docx'),(35,4,'docm'),(36,4,'dot'),(37,4,'dotx'),(38,4,'dotm'),(39,4,'pdf'),(40,4,'ai'),(41,4,'ps'),(42,4,'ppt'),(43,4,'pptx'),(44,4,'pptm'),(45,4,'odg'),(46,4,'odp'),(47,4,'ods'),(48,4,'odt'),(49,4,'rtf'),(50,5,'rm'),(51,5,'ram'),(52,6,'wma'),(53,6,'wmv'),(54,7,'swf'),(55,8,'mov'),(56,8,'m4v'),(57,8,'m4a'),(58,8,'mp4'),(59,8,'3gp'),(60,8,'3g2'),(61,8,'qt'),(62,9,'mpeg'),(63,9,'mpg'),(64,9,'mp3'),(65,9,'ogg'),(66,9,'ogm');

--
-- Table structure for table `phpbb_forums`
--

CREATE TABLE `phpbb_forums` (
  `forum_id` mediumint(8) unsigned NOT NULL AUTO_INCREMENT,
  `parent_id` mediumint(8) unsigned NOT NULL DEFAULT '0',
  `left_id` mediumint(8) unsigned NOT NULL DEFAULT '0',
  `right_id` mediumint(8) unsigned NOT NULL DEFAULT '0',
  `forum_parents` mediumblob NOT NULL,
  `forum_name` blob NOT NULL,
  `forum_desc` blob NOT NULL,
  `forum_desc_bitfield` varchar(255) CHARACTER SET latin1 COLLATE latin1_bin NOT NULL DEFAULT '',
  `forum_desc_options` int(11) unsigned NOT NULL DEFAULT '7',
  `forum_desc_uid` varchar(8) CHARACTER SET latin1 COLLATE latin1_bin NOT NULL DEFAULT '',
  `forum_link` blob NOT NULL,
  `forum_password` varchar(120) CHARACTER SET latin1 COLLATE latin1_bin NOT NULL DEFAULT '',
  `forum_style` mediumint(8) unsigned NOT NULL DEFAULT '0',
  `forum_image` varchar(255) CHARACTER SET latin1 COLLATE latin1_bin NOT NULL DEFAULT '',
  `forum_rules` blob NOT NULL,
  `forum_rules_link` blob NOT NULL,
  `forum_rules_bitfield` varchar(255) CHARACTER SET latin1 COLLATE latin1_bin NOT NULL DEFAULT '',
  `forum_rules_options` int(11) unsigned NOT NULL DEFAULT '7',
  `forum_rules_uid` varchar(8) CHARACTER SET latin1 COLLATE latin1_bin NOT NULL DEFAULT '',
  `forum_topics_per_page` tinyint(4) NOT NULL DEFAULT '0',
  `forum_type` tinyint(4) NOT NULL DEFAULT '0',
  `forum_status` tinyint(4) NOT NULL DEFAULT '0',
  `forum_posts` mediumint(8) unsigned NOT NULL DEFAULT '0',
  `forum_topics` mediumint(8) unsigned NOT NULL DEFAULT '0',
  `forum_topics_real` mediumint(8) unsigned NOT NULL DEFAULT '0',
  `forum_last_post_id` mediumint(8) unsigned NOT NULL DEFAULT '0',
  `forum_last_poster_id` mediumint(8) unsigned NOT NULL DEFAULT '0',
  `forum_last_post_subject` blob NOT NULL,
  `forum_last_post_time` int(11) unsigned NOT NULL DEFAULT '0',
  `forum_last_poster_name` blob NOT NULL,
  `forum_last_poster_colour` varchar(6) CHARACTER SET latin1 COLLATE latin1_bin NOT NULL DEFAULT '',
  `forum_flags` tinyint(4) NOT NULL DEFAULT '32',
  `display_subforum_list` tinyint(1) unsigned NOT NULL DEFAULT '1',
  `display_on_index` tinyint(1) unsigned NOT NULL DEFAULT '1',
  `enable_indexing` tinyint(1) unsigned NOT NULL DEFAULT '1',
  `enable_icons` tinyint(1) unsigned NOT NULL DEFAULT '1',
  `enable_prune` tinyint(1) unsigned NOT NULL DEFAULT '0',
  `prune_next` int(11) unsigned NOT NULL DEFAULT '0',
  `prune_days` mediumint(8) unsigned NOT NULL DEFAULT '0',
  `prune_viewed` mediumint(8) unsigned NOT NULL DEFAULT '0',
  `prune_freq` mediumint(8) unsigned NOT NULL DEFAULT '0',
  `forum_options` int(20) unsigned NOT NULL DEFAULT '0',
  PRIMARY KEY (`forum_id`),
  KEY `left_right_id` (`left_id`,`right_id`),
  KEY `forum_lastpost_id` (`forum_last_post_id`)
) ENGINE=MyISAM AUTO_INCREMENT=107 DEFAULT CHARSET=latin1;

--
-- Dumping data for table `phpbb_forums`
--

INSERT INTO `phpbb_forums` VALUES (74,0,1,22,'','General','','',7,'','','',0,'','','','',7,'',0,0,0,0,0,0,0,0,'',0,'','',32,1,1,1,1,0,0,0,0,0,0),(75,0,23,32,'','mIRC','','',7,'','','',0,'','','','',7,'',0,0,0,0,0,0,0,0,'',0,'','',32,1,1,1,1,0,0,0,0,0,0),(76,0,33,42,'','Gaming','','',7,'','','',0,'','','','',7,'',0,0,0,0,0,0,0,0,'',0,'','',32,1,1,1,1,0,0,0,0,0,0),(77,0,43,58,'','Hardware/Software/OS','','',7,'','','',0,'','','','',7,'',0,0,0,0,0,0,0,0,'',0,'','',32,1,1,1,1,0,0,0,0,0,0),(78,0,85,92,'','Private Sections','','',7,'','','',0,'','','','',7,'',0,0,0,0,0,0,0,0,'',0,'','',48,1,1,1,1,0,0,0,0,0,0),(79,0,101,112,'','Administration','','',7,'','','',0,'','','','',7,'',0,0,0,0,0,0,0,0,'',0,'','',32,1,1,1,1,0,0,0,0,0,0),(24,95,3,4,'a:2:{i:74;a:2:{i:0;s:7:\"General\";i:1;i:0;}i:95;a:2:{i:0;s:7:\"General\";i:1;i:0;}}','Discussion','Talk about anything and nothing!','',7,'','','',0,'','','','',7,'',0,1,0,110,12,12,410,538,'PSU Dead waiting for replacement',1281536464,'hydro007','',50,1,1,1,1,0,0,0,0,0,0),(25,95,5,6,'a:2:{i:74;a:2:{i:0;s:7:\"General\";i:1;i:0;}i:95;a:2:{i:0;s:7:\"General\";i:1;i:0;}}','Tag and Graph','Show us your new tag or ask for a tag in here.','',7,'','','',0,'','','','',7,'',0,1,0,39,10,10,336,681,'Does someone still do tag\'s ?',1175790585,'L3sT4T','',50,1,1,1,1,0,0,0,0,0,0),(26,95,7,8,'a:2:{i:74;a:2:{i:0;s:7:\"General\";i:1;i:0;}i:95;a:2:{i:0;s:7:\"General\";i:1;i:0;}}','Help','Ask for help on anything in here, we will try to help!','',7,'','','',0,'','','','',7,'',0,1,0,5,1,1,134,10,'Useful FlashFXP Settings',1100145420,'The_Deceiver','',50,1,1,1,1,0,0,0,0,0,0),(53,95,9,10,'a:2:{i:74;a:2:{i:0;s:7:\"General\";i:1;i:0;}i:95;a:2:{i:0;s:7:\"General\";i:1;i:0;}}','Polls','Post Your Polls In Here.','',7,'','','',0,'','','','',7,'',0,1,0,1,1,1,298,32,'Is Liquid_Cooled Gay?',1154204293,'Luniz2k1','AA0000',50,1,1,1,1,0,0,0,0,0,0),(57,95,11,12,'a:2:{i:74;a:2:{i:0;s:7:\"General\";i:1;i:0;}i:95;a:2:{i:0;s:7:\"General\";i:1;i:0;}}','Funny Sites','Share Your Amusing Sites That You Have Discovered While Surfing.','',7,'','','',0,'','','','',7,'',0,1,0,0,0,0,0,0,'',0,'','',50,1,1,1,1,0,0,0,0,0,0),(27,95,13,14,'a:2:{i:74;a:2:{i:0;s:7:\"General\";i:1;i:0;}i:95;a:2:{i:0;s:7:\"General\";i:1;i:0;}}','#ISOsRus Group News','Channel &amp; Server Information In Here.','',7,'','','',0,'','','','',7,'',0,1,0,3,3,3,296,32,'Login Names',1154115666,'Luniz2k1','AA0000',50,1,1,1,1,0,0,0,0,0,0),(30,95,15,16,'a:2:{i:74;a:2:{i:0;s:7:\"General\";i:1;i:0;}i:95;a:2:{i:0;s:7:\"General\";i:1;i:0;}}','Suggestions','Post Board Suggestion In Here.','',7,'','','',0,'','','','',7,'',0,1,0,0,0,0,0,0,'',0,'','',50,1,1,1,1,0,0,0,0,0,0),(55,95,17,18,'a:2:{i:74;a:2:{i:0;s:7:\"General\";i:1;i:0;}i:95;a:2:{i:0;s:7:\"General\";i:1;i:0;}}','Vacation/Away','Make A Post In Here If You Are Going To Be Away For A While.','',7,'','','',0,'','','','',7,'',0,1,0,4,2,2,424,32,'Re: Still Alive',1321129679,'Luniz2k1','AA0000',50,1,1,1,1,0,0,0,0,0,0),(63,95,19,20,'a:2:{i:74;a:2:{i:0;s:7:\"General\";i:1;i:0;}i:95;a:2:{i:0;s:7:\"General\";i:1;i:0;}}','Board News','Board News Will Be Posted In Here.','',7,'','','',0,'','','','',7,'',0,1,0,1,1,1,418,32,'New Portal - 2011-08-09',1312917606,'Luniz2k1','AA0000',50,1,1,1,1,0,0,0,0,0,0),(31,92,87,88,'a:2:{i:78;a:2:{i:0;s:16:\"Private Sections\";i:1;i:0;}i:92;a:2:{i:0;s:16:\"Private Sections\";i:1;i:0;}}','Discussion','','',7,'','','',0,'','','','',7,'',0,1,0,6,5,5,413,32,'Invision 3.2 + mIRC 7.17 cracked for Luniz IRC',1294450894,'Luniz2k1','AA0000',50,1,1,1,1,0,0,0,0,0,0),(60,93,35,36,'a:2:{i:76;a:2:{i:0;s:6:\"Gaming\";i:1;i:0;}i:93;a:2:{i:0;s:6:\"Gaming\";i:1;i:0;}}','Discussion','General Gaming Discussion Forum.','',7,'','','',0,'','','','',7,'',0,1,0,14,2,2,353,122,'',1181688768,'feist','',50,1,1,1,1,0,0,0,0,0,0),(38,93,37,38,'a:2:{i:76;a:2:{i:0;s:6:\"Gaming\";i:1;i:0;}i:93;a:2:{i:0;s:6:\"Gaming\";i:1;i:0;}}','Multiplayer Gaming','','',7,'','','',0,'','','','',7,'',0,1,0,37,10,10,431,643,'Re: Age of Empires Online',1342444003,'skeletor','',50,1,1,1,1,0,0,0,0,0,0),(39,93,39,40,'a:2:{i:76;a:2:{i:0;s:6:\"Gaming\";i:1;i:0;}i:93;a:2:{i:0;s:6:\"Gaming\";i:1;i:0;}}','Game Reviews','Post your reviews of games in here!','',7,'','','',0,'','','','',7,'',0,1,0,11,4,4,354,122,'',1181688948,'feist','',50,1,1,1,1,0,0,0,0,0,0),(70,96,103,104,'','Admin Discussion','','',7,'','','',0,'','','','',7,'',0,1,0,1,1,1,399,32,'How to upgrade your Wii to use the USB Loader',1242577411,'Luniz2k1','AA0000',50,1,1,1,1,0,0,0,0,0,0),(71,96,105,106,'','Recycle Bin','Deleted Posts Get Moved Here.','',7,'','','',0,'','','','',7,'',0,1,0,12,12,12,405,32,'XII and BWB Scene releases',1254347576,'Luniz2k1','AA0000',50,1,1,1,1,0,0,0,0,0,0),(72,96,107,108,'','Test','','',7,'','','',0,'','','','',7,'',0,1,0,24,14,14,392,32,'testhgfhhghgdhgfdhgfdhgfd',1223411076,'Luniz2k1','AA0000',50,1,1,1,1,0,0,0,0,0,0),(105,104,97,98,'a:2:{i:103;a:2:{i:0;s:17:\"Luniz IRC Network\";i:1;i:0;}i:104;a:2:{i:0;s:17:\"Luniz IRC Network\";i:1;i:0;}}','IRC Network Info','','',7,'','','',0,'','','','',7,'',0,1,0,2,2,2,420,32,'New IRC Server Information - 2015-02-07',1314714671,'Luniz2k1','AA0000',50,1,1,1,1,0,0,0,0,0,0),(73,96,109,110,'','News','','',7,'','','',0,'','','','',7,'',0,1,0,0,0,0,0,0,'',0,'','',50,1,1,1,1,0,0,0,0,0,0),(104,103,94,99,'a:1:{i:103;a:2:{i:0;s:17:\"Luniz IRC Network\";i:1;i:0;}}','Luniz IRC Network','','',7,'','','',0,'','','','',7,'',0,0,0,0,0,0,0,0,'',0,'','',32,1,0,1,0,0,0,7,7,1,0),(43,91,47,48,'a:2:{i:77;a:2:{i:0;s:20:\"Hardware/Software/OS\";i:1;i:0;}i:91;a:2:{i:0;s:20:\"Hardware/Software/OS\";i:1;i:0;}}','Hardware Reviews','Post Hardware Reviews In Here.','',7,'','','',0,'','','','',7,'',0,1,0,0,0,0,0,0,'',0,'','',50,1,1,1,1,0,0,0,0,0,0),(52,91,51,52,'a:2:{i:77;a:2:{i:0;s:20:\"Hardware/Software/OS\";i:1;i:0;}i:91;a:2:{i:0;s:20:\"Hardware/Software/OS\";i:1;i:0;}}','Software Updates','Post Software Updates In Here.','',7,'','','',0,'','','','',7,'',0,1,0,1,1,1,423,32,'FlashFXP 4.1 stable released - 2011-09-13',1316060936,'Luniz2k1','AA0000',50,1,1,1,1,0,0,0,0,0,0),(62,91,53,54,'a:2:{i:77;a:2:{i:0;s:20:\"Hardware/Software/OS\";i:1;i:0;}i:91;a:2:{i:0;s:20:\"Hardware/Software/OS\";i:1;i:0;}}','Swap Shop','Post Hardware That You Have Laying Around That You Would Like To Swap With Members In Here.','',7,'','','',0,'','','','',7,'',0,1,0,1,1,1,279,32,'How To Use This Forum',1040360340,'Luniz2k1','AA0000',50,1,1,1,1,0,0,0,0,0,0),(69,91,45,46,'a:2:{i:77;a:2:{i:0;s:20:\"Hardware/Software/OS\";i:1;i:0;}i:91;a:2:{i:0;s:20:\"Hardware/Software/OS\";i:1;i:0;}}','Building A New PC','Interested in building a new PC? Take a look at some new PC\'s that have been built by members here.','',7,'','','',0,'','','','',7,'',0,1,0,11,5,5,430,32,'Re: My Current PC - 05/02/12',1336491366,'Luniz2k1','AA0000',50,1,1,1,1,0,0,0,0,0,0),(42,94,25,26,'a:2:{i:75;a:2:{i:0;s:4:\"mIRC\";i:1;i:0;}i:94;a:2:{i:0;s:4:\"mIRC\";i:1;i:0;}}','Invision Help','Invision Help Can Be Found Here.','',7,'','','',0,'','','','',7,'',0,1,0,13,3,3,415,16,'N/M',1299217232,'Kite','',50,1,1,1,1,0,0,0,0,0,0),(56,94,27,28,'a:2:{i:75;a:2:{i:0;s:4:\"mIRC\";i:1;i:0;}i:94;a:2:{i:0;s:4:\"mIRC\";i:1;i:0;}}','Excursion Help','Excursion Help Can Be Found Here.','',7,'','','',0,'','','','',7,'',0,1,0,4,2,2,337,6,'',1175837873,'DrDukes','',50,1,1,1,1,0,0,0,0,0,0),(54,94,29,30,'a:2:{i:75;a:2:{i:0;s:4:\"mIRC\";i:1;i:0;}i:94;a:2:{i:0;s:4:\"mIRC\";i:1;i:0;}}','mIRC General Help','General Help For mIRC Is Posted In Here.','',7,'','','',0,'','','','',7,'',0,1,0,1,1,1,228,32,'Getting DCC sends to work, especially behind a router',1027314300,'Luniz2k1','AA0000',50,1,1,1,1,0,0,0,0,0,0),(89,90,81,82,'a:2:{i:80;a:2:{i:0;s:24:\"Console/Handheld Modding\";i:1;i:0;}i:90;a:2:{i:0;s:24:\"Console/Handheld Modding\";i:1;i:0;}}','PSP','','',7,'','','',0,'','','','',7,'',0,1,0,0,0,0,0,0,'',0,'','',48,1,1,1,1,0,0,7,7,1,0),(88,90,75,76,'a:2:{i:80;a:2:{i:0;s:24:\"Console/Handheld Modding\";i:1;i:0;}i:90;a:2:{i:0;s:24:\"Console/Handheld Modding\";i:1;i:0;}}','PS3','','',7,'','','',0,'','','','',7,'',0,1,0,0,0,0,0,0,'',0,'','',48,1,1,1,1,0,0,7,7,1,0),(87,90,73,74,'a:2:{i:80;a:2:{i:0;s:24:\"Console/Handheld Modding\";i:1;i:0;}i:90;a:2:{i:0;s:24:\"Console/Handheld Modding\";i:1;i:0;}}','PS2','','',7,'','','',0,'','','','',7,'',0,1,0,2,1,1,412,32,'Re: PS2 emulation',1282972920,'Luniz2k1','AA0000',48,1,1,1,1,0,0,7,7,1,0),(86,90,77,78,'a:2:{i:80;a:2:{i:0;s:24:\"Console/Handheld Modding\";i:1;i:0;}i:90;a:2:{i:0;s:24:\"Console/Handheld Modding\";i:1;i:0;}}','GB/GBC/GBA','','',7,'','','',0,'','','','',7,'',0,1,0,0,0,0,0,0,'',0,'','',48,1,1,1,1,0,0,7,7,1,0),(80,0,59,84,'','Console/Handheld Modding','','',7,'','','',0,'','','','',7,'',0,0,0,0,0,0,0,0,'',0,'','',48,1,0,1,0,0,0,7,7,1,0),(82,90,63,64,'a:2:{i:80;a:2:{i:0;s:24:\"Console/Handheld Modding\";i:1;i:0;}i:90;a:2:{i:0;s:24:\"Console/Handheld Modding\";i:1;i:0;}}','XBOX360','','',7,'','','',0,'','','','',7,'',0,1,0,0,0,0,0,0,'',0,'','',48,1,1,1,1,0,0,7,7,1,0),(94,75,24,31,'a:1:{i:75;a:2:{i:0;s:4:\"mIRC\";i:1;i:0;}}','mIRC','','',7,'','','',0,'','','','',7,'',0,0,0,0,0,0,0,0,'',0,'','',32,1,0,1,0,0,0,7,7,1,0),(92,78,86,91,'a:1:{i:78;a:2:{i:0;s:16:\"Private Sections\";i:1;i:0;}}','Private Sections','','',7,'','','',0,'','','','',7,'',0,0,0,0,0,0,0,0,'',0,'','',32,1,0,1,0,0,0,7,7,1,0),(91,77,44,57,'a:1:{i:77;a:2:{i:0;s:20:\"Hardware/Software/OS\";i:1;i:0;}}','Hardware/Software/OS','','',7,'','','',0,'','','','',7,'',0,0,0,0,0,0,0,0,'',0,'','',32,1,0,1,0,0,0,7,7,1,0),(90,80,60,83,'a:1:{i:80;a:2:{i:0;s:24:\"Console/Handheld Modding\";i:1;i:0;}}','Console/Handheld Modding','','',7,'','','',0,'','','','',7,'',0,0,0,0,0,0,0,0,'',0,'','',32,1,1,1,1,0,0,7,7,1,0),(84,97,66,67,'a:3:{i:80;a:2:{i:0;s:24:\"Console/Handheld Modding\";i:1;i:0;}i:90;a:2:{i:0;s:24:\"Console/Handheld Modding\";i:1;i:0;}i:97;a:2:{i:0;s:3:\"Wii\";i:1;i:0;}}','Wii - Discussion','','',7,'','','',0,'','','','',7,'',0,1,0,2,2,2,417,32,'Chicken.Riot.USA.WII-SUSHi',1312697602,'Luniz2k1','AA0000',48,1,1,1,1,0,0,7,7,1,0),(85,90,79,80,'a:2:{i:80;a:2:{i:0;s:24:\"Console/Handheld Modding\";i:1;i:0;}i:90;a:2:{i:0;s:24:\"Console/Handheld Modding\";i:1;i:0;}}','DS','','',7,'','','',0,'','','','',7,'',0,1,0,0,0,0,0,0,'',0,'','',48,1,1,1,1,0,0,7,7,1,0),(81,90,61,62,'a:2:{i:80;a:2:{i:0;s:24:\"Console/Handheld Modding\";i:1;i:0;}i:90;a:2:{i:0;s:24:\"Console/Handheld Modding\";i:1;i:0;}}','XBOX','','',7,'','','',0,'','','','',7,'',0,1,0,0,0,0,0,0,'',0,'','',48,1,1,1,1,0,0,7,7,1,0),(93,76,34,41,'a:1:{i:76;a:2:{i:0;s:6:\"Gaming\";i:1;i:0;}}','Gaming','','',7,'','','',0,'','','','',7,'',0,0,0,0,0,0,0,0,'',0,'','',32,1,0,1,0,0,0,7,7,1,0),(95,74,2,21,'a:1:{i:74;a:2:{i:0;s:7:\"General\";i:1;i:0;}}','General','','',7,'','','',0,'','','','',7,'',0,0,0,0,0,0,0,0,'',0,'','',32,1,0,1,0,0,0,7,7,1,0),(96,79,102,111,'','Administration','','',7,'','','',0,'','','','',7,'',0,0,0,0,0,0,0,0,'',0,'','',32,1,0,1,0,0,0,7,7,1,0),(106,104,95,96,'a:2:{i:103;a:2:{i:0;s:17:\"Luniz IRC Network\";i:1;i:0;}i:104;a:2:{i:0;s:17:\"Luniz IRC Network\";i:1;i:0;}}','Discussion','','',7,'','','',0,'','','','',7,'',0,1,0,1,1,1,422,32,'IRC Servers updated',1315378488,'Luniz2k1','AA0000',50,1,1,1,1,0,0,0,0,0,0),(98,97,68,69,'a:3:{i:80;a:2:{i:0;s:24:\"Console/Handheld Modding\";i:1;i:0;}i:90;a:2:{i:0;s:24:\"Console/Handheld Modding\";i:1;i:0;}i:97;a:2:{i:0;s:3:\"Wii\";i:1;i:0;}}','Wii - WiiKey','','',7,'','','',0,'','','','',7,'',0,1,0,2,2,2,379,32,'WiiKey 1.9s Update',1208370768,'Luniz2k1','AA0000',48,1,1,1,1,0,0,7,7,1,0),(99,91,49,50,'a:2:{i:77;a:2:{i:0;s:20:\"Hardware/Software/OS\";i:1;i:0;}i:91;a:2:{i:0;s:20:\"Hardware/Software/OS\";i:1;i:0;}}','Software','','',7,'','','',0,'','','','',7,'',0,1,0,3,3,3,404,32,'Microsoft Windows 7 Ultimate',1250448189,'Luniz2k1','AA0000',48,1,1,1,1,0,0,7,7,1,0),(97,90,65,72,'a:2:{i:80;a:2:{i:0;s:24:\"Console/Handheld Modding\";i:1;i:0;}i:90;a:2:{i:0;s:24:\"Console/Handheld Modding\";i:1;i:0;}}','Wii','','',7,'','','',0,'','','','',7,'',0,0,0,0,0,0,0,0,'',0,'','',32,1,0,1,0,0,0,7,7,1,0),(100,97,70,71,'a:3:{i:80;a:2:{i:0;s:24:\"Console/Handheld Modding\";i:1;i:0;}i:90;a:2:{i:0;s:24:\"Console/Handheld Modding\";i:1;i:0;}i:97;a:2:{i:0;s:3:\"Wii\";i:1;i:0;}}','Wii - Utilities','','',7,'','','',0,'','','','',7,'',0,1,0,1,1,1,382,32,'Wii Utilities',1208647007,'Luniz2k1','AA0000',48,1,1,1,1,0,0,7,7,1,0),(101,91,55,56,'a:2:{i:77;a:2:{i:0;s:20:\"Hardware/Software/OS\";i:1;i:0;}i:91;a:2:{i:0;s:20:\"Hardware/Software/OS\";i:1;i:0;}}','Wireless Routers','Wireless Routers','',7,'','','',0,'','','','',7,'',0,1,0,1,1,1,390,32,'Linksys WRT54G-TM T-Mobile Edition Router',1222987694,'Luniz2k1','AA0000',50,1,1,1,1,0,0,0,0,0,0),(102,92,89,90,'a:2:{i:78;a:2:{i:0;s:16:\"Private Sections\";i:1;i:0;}i:92;a:2:{i:0;s:16:\"Private Sections\";i:1;i:0;}}','Torrents','Torrent Information','',7,'','','',0,'','','','',7,'',0,1,0,2,2,2,407,32,'TvTorrents Invites - 06/29/11 - 3 Available',1254347722,'Luniz2k1','AA0000',50,1,1,1,1,0,0,0,0,0,0),(103,0,93,100,'','Luniz IRC Network','','',7,'','','',0,'','','','',7,'',0,0,0,0,0,0,0,0,'',0,'','',48,1,0,1,0,0,0,7,7,1,0);

--
-- Table structure for table `phpbb_forums_access`
--

CREATE TABLE `phpbb_forums_access` (
  `forum_id` mediumint(8) unsigned NOT NULL DEFAULT '0',
  `user_id` mediumint(8) unsigned NOT NULL DEFAULT '0',
  `session_id` char(32) CHARACTER SET latin1 COLLATE latin1_bin NOT NULL DEFAULT '',
  PRIMARY KEY (`forum_id`,`user_id`,`session_id`)
) ENGINE=MyISAM DEFAULT CHARSET=latin1;

--
-- Dumping data for table `phpbb_forums_access`
--


--
-- Table structure for table `phpbb_forums_track`
--

CREATE TABLE `phpbb_forums_track` (
  `user_id` mediumint(8) unsigned NOT NULL DEFAULT '0',
  `forum_id` mediumint(8) unsigned NOT NULL DEFAULT '0',
  `mark_time` int(11) unsigned NOT NULL DEFAULT '0',
  PRIMARY KEY (`user_id`,`forum_id`)
) ENGINE=MyISAM DEFAULT CHARSET=latin1;

--
-- Dumping data for table `phpbb_forums_track`
--

INSERT INTO `phpbb_forums_track` VALUES (643,55,1327650632),(486,0,1252337325),(130,0,1250391228),(486,31,1321742730),(130,31,1209336786),(115,55,1230384196),(115,0,1282872158),(115,63,1344598910),(115,27,1208254276),(115,31,1253417737),(629,63,1208258457),(629,0,1232809626),(39,27,1208273747),(39,0,1303399539),(39,63,1423332114),(23,63,1208274983),(23,0,1227924775),(553,27,1208282185),(553,0,1225762038),(106,63,1208311295),(106,0,1223504636),(629,55,1219789086),(681,63,1219088249),(643,24,1303874674),(561,98,1208409540),(561,0,1295955200),(561,99,1230542218),(629,99,1232809626),(215,56,1208633424),(215,0,1208871395),(215,31,1208633443),(23,24,1227924775),(688,55,1218517526),(39,84,1243777024),(629,84,1217966304),(561,84,1243195377),(475,84,1243092885),(475,0,1303729147),(475,98,1208722507),(475,100,1208722531),(643,63,1313367838),(643,0,1304053587),(215,42,1208871359),(215,60,1208871395),(30,63,1327703025),(30,0,1306263111),(643,81,1208913614),(643,82,1208913614),(643,97,1208913614),(643,84,1208913614),(643,98,1208913614),(643,100,1208913614),(643,87,1304053587),(643,88,1208913614),(643,86,1208913614),(643,85,1208913614),(643,89,1208913614),(643,99,1254099823),(690,31,1209339188),(690,0,1209339188),(561,31,1295955200),(681,31,1223422861),(681,0,1284263794),(39,31,1303399539),(475,31,1303729147),(581,31,1209342721),(581,0,1209342721),(6,84,1209342997),(6,0,1280804370),(106,31,1223504636),(689,31,1280864020),(689,0,1280864020),(61,31,1209362169),(61,0,1209362169),(115,84,1282871630),(115,100,1209379779),(553,31,1223460074),(629,31,1228574102),(4,31,1224092316),(4,0,1224092316),(271,31,1264790717),(271,0,1264790717),(688,31,1294467542),(688,0,1294467542),(553,63,1209430062),(643,31,1294457239),(23,31,1209480948),(16,31,1299212982),(16,0,1299217233),(16,98,1209537877),(675,31,1209590363),(675,0,1209590363),(3,63,1209862954),(3,0,1209863009),(3,31,1209863009),(677,31,1223734543),(677,0,1223734543),(681,99,1361837264),(538,24,1210121524),(538,0,1281536226),(538,63,1314820976),(538,31,1228786429),(687,31,1212081047),(687,0,1212081047),(115,24,1282872158),(10,31,1246413715),(10,0,1246413715),(629,24,1212167022),(10,99,1230524319),(629,100,1217966335),(538,55,1322138991),(681,101,1223423392),(115,101,1223458994),(39,101,1223648895),(677,63,1223734498),(561,101,1224019431),(271,101,1224092748),(629,101,1224362083),(10,101,1224737321),(643,101,1225498404),(688,101,1225688552),(553,101,1225762038),(6,39,1280804370),(30,69,1387751961),(637,31,1233782893),(637,0,1233782996),(637,63,1233782905),(637,55,1233782913),(637,56,1233782922),(637,99,1233782996),(30,55,1281173888),(30,31,1306263111),(688,84,1242965426),(10,84,1243100725),(10,39,1243100801),(115,69,1243187745),(561,100,1243314442),(39,98,1243778217),(130,69,1244265766),(130,84,1250391228),(6,60,1280804307),(643,102,1254348013),(475,102,1254360517),(115,102,1260235901),(39,102,1261353018),(39,55,1328391787),(538,84,1262738000),(39,24,1275213312),(16,69,1336577652),(538,100,1281536161),(538,98,1281536226),(115,87,1282871391),(32,105,1314714672),(681,69,1284263794),(39,87,1288907309),(115,99,1316113664),(32,106,1315378489),(16,42,1299217233),(32,52,1316060937),(643,42,1302035674),(32,55,1321129679),(486,63,1328149284),(32,38,1343873403),(32,69,1336491366),(225,56,1339290033),(225,42,1339291516),(225,31,1339292203),(225,102,1341198727),(225,38,1341199044),(225,63,1341364651),(643,38,1342444003),(130,63,1344544648),(681,106,1356555046),(30,42,1356643363),(30,102,1356643435);

--
-- Table structure for table `phpbb_forums_watch`
--

CREATE TABLE `phpbb_forums_watch` (
  `forum_id` mediumint(8) unsigned NOT NULL DEFAULT '0',
  `user_id` mediumint(8) unsigned NOT NULL DEFAULT '0',
  `notify_status` tinyint(1) unsigned NOT NULL DEFAULT '0',
  KEY `forum_id` (`forum_id`),
  KEY `user_id` (`user_id`),
  KEY `notify_stat` (`notify_status`)
) ENGINE=MyISAM DEFAULT CHARSET=latin1;

--
-- Dumping data for table `phpbb_forums_watch`
--


--
-- Table structure for table `phpbb_groups`
--

CREATE TABLE `phpbb_groups` (
  `group_id` mediumint(8) unsigned NOT NULL AUTO_INCREMENT,
  `group_type` tinyint(4) NOT NULL DEFAULT '1',
  `group_founder_manage` tinyint(1) unsigned NOT NULL DEFAULT '0',
  `group_name` blob NOT NULL,
  `group_desc` blob NOT NULL,
  `group_desc_bitfield` varchar(255) CHARACTER SET latin1 COLLATE latin1_bin NOT NULL DEFAULT '',
  `group_desc_options` int(11) unsigned NOT NULL DEFAULT '7',
  `group_desc_uid` varchar(8) CHARACTER SET latin1 COLLATE latin1_bin NOT NULL DEFAULT '',
  `group_display` tinyint(1) unsigned NOT NULL DEFAULT '0',
  `group_avatar` varchar(255) CHARACTER SET latin1 COLLATE latin1_bin NOT NULL DEFAULT '',
  `group_avatar_type` tinyint(2) NOT NULL DEFAULT '0',
  `group_avatar_width` smallint(4) unsigned NOT NULL DEFAULT '0',
  `group_avatar_height` smallint(4) unsigned NOT NULL DEFAULT '0',
  `group_rank` mediumint(8) unsigned NOT NULL DEFAULT '0',
  `group_colour` varchar(6) CHARACTER SET latin1 COLLATE latin1_bin NOT NULL DEFAULT '',
  `group_sig_chars` mediumint(8) unsigned NOT NULL DEFAULT '0',
  `group_receive_pm` tinyint(1) unsigned NOT NULL DEFAULT '0',
  `group_message_limit` mediumint(8) unsigned NOT NULL DEFAULT '0',
  `group_legend` tinyint(1) unsigned NOT NULL DEFAULT '1',
  `group_max_recipients` mediumint(8) unsigned NOT NULL DEFAULT '0',
  `group_skip_auth` tinyint(1) unsigned NOT NULL DEFAULT '0',
  PRIMARY KEY (`group_id`),
  KEY `group_legend_name` (`group_legend`,`group_name`(255))
) ENGINE=MyISAM AUTO_INCREMENT=703 DEFAULT CHARSET=latin1;

--
-- Dumping data for table `phpbb_groups`
--

INSERT INTO `phpbb_groups` VALUES (695,3,1,'GUESTS','','',7,'',0,'',0,0,0,0,'',0,0,0,0,5,0),(696,3,1,'REGISTERED','','',7,'',0,'',0,0,0,2,'',0,0,0,1,5,0),(697,3,1,'REGISTERED_COPPA','','',7,'',0,'',0,0,0,0,'',0,0,0,0,5,0),(698,3,1,'GLOBAL_MODERATORS','','',7,'',0,'',0,0,0,7,'00AA00',0,0,0,1,0,0),(699,3,1,'ADMINISTRATORS','','',7,'',0,'',0,0,0,1,'AA0000',0,0,0,1,0,0),(700,3,1,'BOTS','','',7,'',0,'',0,0,0,0,'9E8DA7',0,0,0,0,5,0),(701,3,0,'NEWLY_REGISTERED','','',7,'',0,'',0,0,0,0,'',0,0,0,0,5,0),(702,0,1,'IRC Server Operators','','',7,'',0,'',0,0,0,13,'FF9900',0,0,0,1,0,0);

--
-- Table structure for table `phpbb_icons`
--

CREATE TABLE `phpbb_icons` (
  `icons_id` mediumint(8) unsigned NOT NULL AUTO_INCREMENT,
  `icons_url` varchar(255) CHARACTER SET latin1 COLLATE latin1_bin NOT NULL DEFAULT '',
  `icons_width` tinyint(4) NOT NULL DEFAULT '0',
  `icons_height` tinyint(4) NOT NULL DEFAULT '0',
  `icons_order` mediumint(8) unsigned NOT NULL DEFAULT '0',
  `display_on_posting` tinyint(1) unsigned NOT NULL DEFAULT '1',
  PRIMARY KEY (`icons_id`),
  KEY `display_on_posting` (`display_on_posting`)
) ENGINE=MyISAM AUTO_INCREMENT=11 DEFAULT CHARSET=latin1;

--
-- Dumping data for table `phpbb_icons`
--

INSERT INTO `phpbb_icons` VALUES (1,'misc/fire.gif',16,16,1,1),(2,'smile/redface.gif',16,16,9,1),(3,'smile/mrgreen.gif',16,16,10,1),(4,'misc/heart.gif',16,16,4,1),(5,'misc/star.gif',16,16,2,1),(6,'misc/radioactive.gif',16,16,3,1),(7,'misc/thinking.gif',16,16,5,1),(8,'smile/info.gif',16,16,8,1),(9,'smile/question.gif',16,16,6,1),(10,'smile/alert.gif',16,16,7,1);

--
-- Table structure for table `phpbb_lang`
--

CREATE TABLE `phpbb_lang` (
  `lang_id` tinyint(4) NOT NULL AUTO_INCREMENT,
  `lang_iso` varchar(30) CHARACTER SET latin1 COLLATE latin1_bin NOT NULL DEFAULT '',
  `lang_dir` varchar(30) CHARACTER SET latin1 COLLATE latin1_bin NOT NULL DEFAULT '',
  `lang_english_name` blob NOT NULL,
  `lang_local_name` blob NOT NULL,
  `lang_author` blob NOT NULL,
  PRIMARY KEY (`lang_id`),
  KEY `lang_iso` (`lang_iso`)
) ENGINE=MyISAM AUTO_INCREMENT=3 DEFAULT CHARSET=latin1;

--
-- Dumping data for table `phpbb_lang`
--

INSERT INTO `phpbb_lang` VALUES (1,'en','en','British English','British English','phpBB Group'),(2,'en_us','en_us','English (United States)','English (United States)','Xaph0s');

--
-- Table structure for table `phpbb_log`
--

CREATE TABLE `phpbb_log` (
  `log_id` mediumint(8) unsigned NOT NULL AUTO_INCREMENT,
  `log_type` tinyint(4) NOT NULL DEFAULT '0',
  `user_id` mediumint(8) unsigned NOT NULL DEFAULT '0',
  `forum_id` mediumint(8) unsigned NOT NULL DEFAULT '0',
  `topic_id` mediumint(8) unsigned NOT NULL DEFAULT '0',
  `reportee_id` mediumint(8) unsigned NOT NULL DEFAULT '0',
  `log_ip` varchar(40) CHARACTER SET latin1 COLLATE latin1_bin NOT NULL DEFAULT '',
  `log_time` int(11) unsigned NOT NULL DEFAULT '0',
  `log_operation` blob NOT NULL,
  `log_data` mediumblob NOT NULL,
  PRIMARY KEY (`log_id`),
  KEY `log_type` (`log_type`),
  KEY `forum_id` (`forum_id`),
  KEY `topic_id` (`topic_id`),
  KEY `reportee_id` (`reportee_id`),
  KEY `user_id` (`user_id`)
) ENGINE=MyISAM AUTO_INCREMENT=2069 DEFAULT CHARSET=latin1;

--
-- Dumping data for table `phpbb_log`
--

INSERT INTO `phpbb_log` VALUES (137,3,115,0,0,115,'76.98.46.42',1208254463,'LOG_USER_NEW_PASSWORD','a:1:{i:0;s:7:\"maddawg\";}'),(311,3,475,0,0,475,'142.162.93.132',1208722672,'LOG_USER_UPDATE_NAME','a:2:{i:0;s:10:\"Dusty_Zues\";i:1;s:5:\"Hodge\";}'),(485,3,32,0,0,61,'72.241.124.19',1209362135,'LOG_USER_NEW_PASSWORD','a:1:{i:0;s:9:\"danishppl\";}'),(487,3,61,0,0,61,'90.184.169.247',1209362253,'LOG_USER_NEW_PASSWORD','a:1:{i:0;s:9:\"danishppl\";}'),(488,3,115,0,0,115,'76.98.46.42',1209379374,'LOG_USER_NEW_PASSWORD','a:1:{i:0;s:7:\"maddawg\";}'),(539,3,486,0,0,486,'24.70.95.205',1209441177,'LOG_USER_NEW_PASSWORD','a:1:{i:0;s:9:\"The-_-Pro\";}'),(893,3,32,0,0,486,'72.241.126.73',1249466924,'LOG_USER_UPDATE_EMAIL','a:3:{i:0;s:9:\"The-_-Pro\";i:1;s:16:\"wmspinks@shaw.ca\";i:2;s:30:\"the_0_professional@hotmail.com\";}'),(896,3,32,0,0,686,'72.241.126.73',1249510142,'LOG_USER_INACTIVE_USER',''),(898,3,32,0,0,225,'72.241.126.73',1249510188,'LOG_USER_INACTIVE_USER',''),(900,3,32,0,0,215,'72.241.126.73',1249510220,'LOG_USER_INACTIVE_USER',''),(902,3,32,0,0,676,'72.241.126.73',1249510244,'LOG_USER_INACTIVE_USER',''),(904,3,32,0,0,30,'72.241.126.73',1249510258,'LOG_USER_INACTIVE_USER',''),(906,3,32,0,0,581,'72.241.126.73',1249510307,'LOG_USER_INACTIVE_USER',''),(908,3,32,0,0,689,'72.241.126.73',1249510322,'LOG_USER_INACTIVE_USER',''),(910,3,32,0,0,675,'72.241.126.73',1249510350,'LOG_USER_INACTIVE_USER',''),(912,3,32,0,0,61,'72.241.126.73',1249510372,'LOG_USER_INACTIVE_USER',''),(914,3,32,0,0,3,'72.241.126.73',1249510393,'LOG_USER_INACTIVE_USER',''),(916,3,32,0,0,106,'72.241.126.73',1249510419,'LOG_USER_INACTIVE_USER',''),(918,3,32,0,0,629,'72.241.126.73',1249510490,'LOG_USER_INACTIVE_USER',''),(920,3,32,0,0,637,'72.241.126.73',1249510503,'LOG_USER_INACTIVE_USER',''),(922,3,32,0,0,743,'72.241.126.73',1249510559,'LOG_USER_INACTIVE_USER',''),(944,3,32,0,0,637,'72.241.127.45',1260253648,'LOG_USER_ACTIVE_USER',''),(968,3,115,0,0,115,'173.161.237.25',1275417374,'LOG_USER_NEW_PASSWORD','a:1:{i:0;s:7:\"maddawg\";}'),(974,3,32,0,0,30,'72.241.113.133',1280710275,'LOG_USER_ACTIVE_USER',''),(978,3,30,0,0,30,'88.110.137.59',1281038553,'LOG_USER_UPDATE_EMAIL','a:3:{i:0;s:9:\"Richy1972\";i:1;s:26:\"amigoworks2001@yahoo.co.uk\";i:2;s:20:\"iwinfo@hotmail.co.uk\";}'),(1007,3,16,0,0,16,'24.67.179.146',1297547038,'LOG_USER_NEW_PASSWORD','a:1:{i:0;s:4:\"Kite\";}'),(1008,3,16,0,0,16,'24.67.179.146',1297547038,'LOG_USER_UPDATE_EMAIL','a:3:{i:0;s:4:\"Kite\";i:1;s:18:\"rich.10d@gmail.com\";i:2;s:19:\"rich.1d12@gmail.com\";}'),(1015,3,16,0,0,16,'24.67.179.146',1303616671,'LOG_USER_NEW_PASSWORD','a:1:{i:0;s:4:\"Kite\";}'),(1173,3,32,0,0,743,'72.241.112.139',1312917365,'LOG_USER_ACTIVE_USER',''),(1176,3,32,0,0,743,'72.241.112.139',1312917380,'LOG_USER_NEW_PASSWORD','a:1:{i:0;s:4:\"Test\";}'),(1955,2,32,0,0,0,'72.241.112.139',1322384680,'LOG_IP_BROWSER_FORWARDED_CHECK','a:6:{i:0;s:10:\"72.241.112\";i:1;s:10:\"72.241.120\";i:2;s:70:\"mozilla/5.0 (compatible; msie 9.0; windows nt 6.1; wow64; trident/5.0)\";i:3;s:70:\"mozilla/5.0 (compatible; msie 9.0; windows nt 6.1; wow64; trident/5.0)\";i:4;s:0:\"\";i:5;s:0:\"\";}'),(1954,0,32,0,0,0,'72.241.120.95',1322330906,'LOG_CONFIG_SETTINGS',''),(1952,0,39,0,0,0,'78.129.56.88',1322305257,'LOG_DB_BACKUP',''),(1953,0,32,0,0,0,'72.241.120.95',1322330866,'LOG_ADMIN_AUTH_SUCCESS',''),(1951,0,538,0,0,0,'72.39.23.217',1322138993,'LOG_DB_BACKUP',''),(1950,0,32,0,0,0,'72.241.112.139',1321742306,'LOG_USER_USER_UPDATE','a:1:{i:0;s:9:\"The-_-Pro\";}'),(1949,3,32,0,0,486,'72.241.112.139',1321742305,'LOG_USER_NEW_PASSWORD','a:1:{i:0;s:9:\"The-_-Pro\";}'),(1947,0,32,0,0,0,'72.241.112.139',1321742039,'LOG_ADMIN_AUTH_SUCCESS',''),(1948,0,32,0,0,0,'72.241.112.139',1321742282,'LOG_ADMIN_AUTH_SUCCESS',''),(1946,0,1,0,0,0,'174.3.155.254',1321738544,'LOG_DB_BACKUP',''),(1944,0,32,0,0,0,'72.241.120.95',1321577437,'LOG_DB_BACKUP',''),(1945,2,32,0,0,0,'72.241.112.139',1321689298,'LOG_IP_BROWSER_FORWARDED_CHECK','a:6:{i:0;s:10:\"72.241.112\";i:1;s:10:\"72.241.120\";i:2;s:70:\"mozilla/5.0 (compatible; msie 9.0; windows nt 6.1; wow64; trident/5.0)\";i:3;s:70:\"mozilla/5.0 (compatible; msie 9.0; windows nt 6.1; wow64; trident/5.0)\";i:4;s:0:\"\";i:5;s:0:\"\";}'),(1942,0,32,0,0,0,'72.241.112.139',1321409582,'LOG_DB_BACKUP',''),(1943,2,32,0,0,0,'72.241.120.95',1321576914,'LOG_IP_BROWSER_FORWARDED_CHECK','a:6:{i:0;s:10:\"72.241.120\";i:1;s:10:\"72.241.112\";i:2;s:70:\"mozilla/5.0 (compatible; msie 9.0; windows nt 6.1; wow64; trident/5.0)\";i:3;s:70:\"mozilla/5.0 (compatible; msie 9.0; windows nt 6.1; wow64; trident/5.0)\";i:4;s:0:\"\";i:5;s:0:\"\";}'),(1941,2,32,0,0,0,'72.241.112.139',1321409545,'LOG_IP_BROWSER_FORWARDED_CHECK','a:6:{i:0;s:10:\"72.241.112\";i:1;s:8:\"99.18.44\";i:2;s:70:\"mozilla/5.0 (compatible; msie 9.0; windows nt 6.1; wow64; trident/5.0)\";i:3;s:70:\"mozilla/5.0 (compatible; msie 9.0; windows nt 6.1; wow64; trident/5.0)\";i:4;s:0:\"\";i:5;s:0:\"\";}'),(1940,2,32,0,0,0,'99.18.44.216',1321144955,'LOG_IP_BROWSER_FORWARDED_CHECK','a:6:{i:0;s:8:\"99.18.44\";i:1;s:10:\"72.241.112\";i:2;s:70:\"mozilla/5.0 (compatible; msie 9.0; windows nt 6.1; wow64; trident/5.0)\";i:3;s:70:\"mozilla/5.0 (compatible; msie 9.0; windows nt 6.1; wow64; trident/5.0)\";i:4;s:0:\"\";i:5;s:0:\"\";}'),(1939,0,32,0,0,0,'72.241.112.139',1321127765,'LOG_ADMIN_AUTH_SUCCESS',''),(1938,0,32,0,0,0,'72.241.112.139',1321126887,'LOG_DB_BACKUP',''),(1936,0,32,0,0,0,'136.1.1.104',1320782118,'LOG_DB_BACKUP',''),(1937,2,32,0,0,0,'136.1.1.102',1320873078,'LOG_IP_BROWSER_FORWARDED_CHECK','a:6:{i:0;s:7:\"136.1.1\";i:1;s:7:\"136.1.1\";i:2;s:63:\"mozilla/5.0 (windows nt 5.1; rv:8.0) gecko/20100101 firefox/8.0\";i:3;s:67:\"mozilla/5.0 (windows nt 5.1; rv:7.0.1) gecko/20100101 firefox/7.0.1\";i:4;s:0:\"\";i:5;s:0:\"\";}'),(1935,0,32,0,0,0,'72.241.112.139',1320603393,'LOG_PURGE_CACHE',''),(1933,0,32,0,0,0,'72.241.112.139',1320603365,'LOG_DB_BACKUP',''),(1934,0,32,0,0,0,'72.241.112.139',1320603376,'LOG_ADMIN_AUTH_SUCCESS',''),(1932,3,1,0,0,30,'213.105.102.201',1319138182,'LOG_USER_NEW_PASSWORD','a:1:{i:0;s:9:\"Richy1972\";}'),(1931,0,32,0,0,0,'136.1.1.105',1319127674,'LOG_DB_BACKUP',''),(1930,2,32,0,0,0,'136.1.1.105',1319127560,'LOG_IP_BROWSER_FORWARDED_CHECK','a:6:{i:0;s:7:\"136.1.1\";i:1;s:7:\"136.1.1\";i:2;s:67:\"mozilla/5.0 (windows nt 5.1; rv:7.0.1) gecko/20100101 firefox/7.0.1\";i:3;s:63:\"mozilla/5.0 (windows nt 5.1; rv:7.0) gecko/20100101 firefox/7.0\";i:4;s:0:\"\";i:5;s:0:\"\";}'),(1929,2,32,0,0,0,'72.241.112.139',1318741824,'LOG_IP_BROWSER_FORWARDED_CHECK','a:6:{i:0;s:10:\"72.241.112\";i:1;s:10:\"108.73.171\";i:2;s:70:\"mozilla/5.0 (compatible; msie 9.0; windows nt 6.1; wow64; trident/5.0)\";i:3;s:70:\"mozilla/5.0 (compatible; msie 9.0; windows nt 6.1; wow64; trident/5.0)\";i:4;s:0:\"\";i:5;s:0:\"\";}'),(1928,2,32,0,0,0,'108.73.171.204',1317519890,'LOG_IP_BROWSER_FORWARDED_CHECK','a:6:{i:0;s:10:\"108.73.171\";i:1;s:10:\"72.241.112\";i:2;s:70:\"mozilla/5.0 (compatible; msie 9.0; windows nt 6.1; wow64; trident/5.0)\";i:3;s:70:\"mozilla/5.0 (compatible; msie 9.0; windows nt 6.1; wow64; trident/5.0)\";i:4;s:0:\"\";i:5;s:0:\"\";}'),(1927,2,32,0,0,0,'136.1.1.102',1317220043,'LOG_IP_BROWSER_FORWARDED_CHECK','a:6:{i:0;s:7:\"136.1.1\";i:1;s:7:\"136.2.1\";i:2;s:63:\"mozilla/5.0 (windows nt 5.1; rv:7.0) gecko/20100101 firefox/7.0\";i:3;s:67:\"mozilla/5.0 (windows nt 5.1; rv:6.0.2) gecko/20100101 firefox/6.0.2\";i:4;s:0:\"\";i:5;s:0:\"\";}'),(1926,0,32,0,0,0,'72.241.112.139',1316060919,'LOG_DB_BACKUP',''),(1925,2,32,0,0,0,'72.241.120.95',1316017042,'LOG_IP_BROWSER_FORWARDED_CHECK','a:6:{i:0;s:10:\"72.241.120\";i:1;s:7:\"136.2.1\";i:2;s:67:\"mozilla/5.0 (windows nt 5.1; rv:6.0.2) gecko/20100101 firefox/6.0.2\";i:3;s:67:\"mozilla/5.0 (windows nt 5.1; rv:6.0.2) gecko/20100101 firefox/6.0.2\";i:4;s:0:\"\";i:5;s:0:\"\";}'),(1924,0,32,0,0,0,'72.241.112.139',1315908858,'LOG_DB_BACKUP',''),(1922,0,32,0,0,0,'72.241.112.139',1315378519,'LOG_DB_BACKUP',''),(1923,0,32,0,0,0,'72.241.112.139',1315908776,'LOG_ADMIN_AUTH_SUCCESS',''),(1920,0,538,0,0,0,'38.99.142.25',1314817811,'LOG_DB_BACKUP',''),(1921,0,538,0,0,0,'38.99.142.25',1314910657,'LOG_DB_BACKUP',''),(1919,1,32,105,172,0,'72.241.112.139',1314714683,'LOG_LOCK','a:1:{i:0;s:39:\"New IRC Server Information - 2011-08-30\";}'),(1918,0,32,0,0,0,'72.241.112.139',1314714531,'LOG_FORUM_MOVE_UP','a:2:{i:0;s:10:\"Discussion\";i:1;s:16:\"IRC Network Info\";}'),(1917,0,32,0,0,0,'72.241.112.139',1314714463,'LOG_FORUM_COPIED_PERMISSIONS','a:2:{i:0;s:16:\"IRC Network Info\";i:1;s:10:\"Discussion\";}'),(1916,0,32,0,0,0,'72.241.112.139',1314714463,'LOG_FORUM_ADD','a:1:{i:0;s:10:\"Discussion\";}'),(1915,0,32,0,0,0,'72.241.112.139',1314714308,'LOG_ACL_RESTORE_PERMISSIONS','a:1:{i:0;s:4:\"Test\";}'),(1914,0,32,0,0,0,'72.241.112.139',1314714290,'LOG_ACL_TRANSFER_PERMISSIONS','a:1:{i:0;s:4:\"Test\";}'),(1913,1,32,105,171,0,'72.241.112.139',1314714150,'LOG_LOCK','a:1:{i:0;s:35:\"Current Network Layout - 2011-08-30\";}'),(1912,0,32,0,0,0,'72.241.112.139',1314713959,'LOG_ACL_ADD_FORUM_LOCAL_F_','a:2:{i:0;s:16:\"IRC Network Info\";i:1;s:61:\"<span class=\"sep\">Administrators</span>, IRC Server Operators\";}'),(1911,0,32,0,0,0,'72.241.112.139',1314713934,'LOG_ACL_ADD_FORUM_LOCAL_F_','a:2:{i:0;s:17:\"Luniz IRC Network\";i:1;s:61:\"<span class=\"sep\">Administrators</span>, IRC Server Operators\";}'),(1910,0,32,0,0,0,'72.241.112.139',1314713909,'LOG_ACL_ADD_FORUM_LOCAL_F_','a:2:{i:0;s:17:\"Luniz IRC Network\";i:1;s:20:\"IRC Server Operators\";}'),(1909,0,32,0,0,0,'72.241.112.139',1314713797,'LOG_GROUP_PROMOTED','a:2:{i:0;s:20:\"IRC Server Operators\";i:1;s:8:\"Luniz2k1\";}'),(1908,0,32,0,0,0,'72.241.112.139',1314713763,'LOG_USERS_ADDED','a:2:{i:0;s:20:\"IRC Server Operators\";i:1;s:4:\"Kite\";}'),(1907,0,32,0,0,0,'72.241.112.139',1314713723,'LOG_USERS_ADDED','a:2:{i:0;s:20:\"IRC Server Operators\";i:1;s:6:\"L3sT4T\";}'),(1906,0,32,0,0,0,'72.241.112.139',1314713688,'LOG_USERS_ADDED','a:2:{i:0;s:20:\"IRC Server Operators\";i:1;s:8:\"Luniz2k1\";}'),(1905,0,32,0,0,0,'72.241.112.139',1314713607,'LOG_GROUP_CREATED','a:1:{i:0;s:20:\"IRC Server Operators\";}'),(1904,0,32,0,0,0,'72.241.112.139',1314713229,'LOG_ACL_ADD_FORUM_LOCAL_F_','a:2:{i:0;s:17:\"Luniz IRC Network\";i:1;s:39:\"<span class=\"sep\">Administrators</span>\";}'),(1903,0,32,0,0,0,'72.241.112.139',1314713217,'LOG_ACL_ADD_FORUM_LOCAL_F_','a:2:{i:0;s:17:\"Luniz IRC Network\";i:1;s:39:\"<span class=\"sep\">Administrators</span>\";}'),(1902,0,32,0,0,0,'72.241.112.139',1314713024,'LOG_FORUM_ADD','a:1:{i:0;s:16:\"IRC Network Info\";}'),(1901,0,32,0,0,0,'72.241.112.139',1314712914,'LOG_FORUM_ADD','a:1:{i:0;s:17:\"Luniz IRC Network\";}'),(1900,0,32,0,0,0,'72.241.112.139',1314712790,'LOG_FORUM_MOVE_UP','a:2:{i:0;s:17:\"Luniz IRC Network\";i:1;s:14:\"Administration\";}'),(1899,0,32,0,0,0,'72.241.112.139',1314712781,'LOG_FORUM_ADD','a:1:{i:0;s:17:\"Luniz IRC Network\";}'),(1897,0,32,0,0,0,'72.241.112.139',1314712625,'LOG_ADMIN_AUTH_SUCCESS',''),(1898,0,32,0,0,0,'72.241.112.139',1314712672,'LOG_DB_BACKUP',''),(1896,2,32,0,0,0,'72.241.112.139',1313640605,'LOG_IP_BROWSER_FORWARDED_CHECK','a:6:{i:0;s:10:\"72.241.112\";i:1;s:9:\"99.34.210\";i:2;s:70:\"mozilla/5.0 (compatible; msie 9.0; windows nt 6.1; wow64; trident/5.0)\";i:3;s:70:\"mozilla/5.0 (compatible; msie 9.0; windows nt 6.1; wow64; trident/5.0)\";i:4;s:0:\"\";i:5;s:0:\"\";}'),(1895,2,32,0,0,0,'99.34.210.18',1313517394,'LOG_IP_BROWSER_FORWARDED_CHECK','a:6:{i:0;s:9:\"99.34.210\";i:1;s:10:\"72.241.112\";i:2;s:70:\"mozilla/5.0 (compatible; msie 9.0; windows nt 6.1; wow64; trident/5.0)\";i:3;s:70:\"mozilla/5.0 (compatible; msie 9.0; windows nt 6.1; wow64; trident/5.0)\";i:4;s:0:\"\";i:5;s:0:\"\";}'),(1894,0,643,0,0,0,'173.86.45.37',1313367845,'LOG_DB_BACKUP',''),(1892,0,32,0,0,0,'72.241.112.139',1313157845,'LOG_PURGE_CACHE',''),(1893,0,32,0,0,0,'72.241.112.139',1313163528,'LOG_PURGE_CACHE',''),(1891,0,1,0,0,0,'72.241.112.139',1313157681,'LOG_DB_BACKUP',''),(1890,0,32,0,0,0,'72.241.112.139',1313157656,'LOG_PURGE_CACHE',''),(1888,0,32,0,0,0,'72.241.112.139',1313157077,'LOG_PURGE_CACHE',''),(1889,0,1,0,0,0,'72.241.112.139',1313157443,'LOG_IMAGESET_LANG_REFRESHED','a:2:{i:0;s:9:\"prosilver\";i:1;s:5:\"en_us\";}'),(1887,0,32,0,0,0,'72.241.112.139',1313157071,'LOG_THEME_REFRESHED','a:1:{i:0;s:9:\"prosilver\";}'),(1886,0,32,0,0,0,'72.241.112.139',1313157002,'LOG_TEMPLATE_CACHE_CLEARED','a:2:{i:0;s:9:\"prosilver\";i:1;s:9:\"All files\";}'),(1884,0,32,0,0,0,'72.241.112.139',1313154706,'LOG_PURGE_CACHE',''),(1885,0,32,0,0,0,'72.241.112.139',1313155483,'LOG_PURGE_CACHE',''),(1883,0,32,0,0,0,'72.241.112.139',1313154663,'LOG_MODULE_REMOVED','a:1:{i:0;s:25:\"ACP_CAT_PROFILE_GUESTBOOK\";}'),(1882,0,32,0,0,0,'72.241.112.139',1313154663,'LOG_MODULE_REMOVED','a:1:{i:0;s:25:\"ACP_CAT_PROFILE_GUESTBOOK\";}'),(1881,0,32,0,0,0,'72.241.112.139',1313154663,'LOG_MODULE_REMOVED','a:1:{i:0;s:21:\"ACP_PROFILE_GUESTBOOK\";}'),(1880,0,32,0,0,0,'72.241.112.139',1313154663,'LOG_MODULE_REMOVED','a:1:{i:0;s:21:\"ACP_PROFILE_GUESTBOOK\";}'),(1879,0,32,0,0,0,'72.241.112.139',1313154662,'LOG_MODULE_REMOVED','a:1:{i:0;s:30:\"ACP_PROFILE_GUESTBOOK_SETTINGS\";}'),(1878,0,32,0,0,0,'72.241.112.139',1313154662,'LOG_MODULE_REMOVED','a:1:{i:0;s:30:\"ACP_PROFILE_GUESTBOOK_SETTINGS\";}'),(1877,0,32,0,0,0,'72.241.112.139',1313154662,'LOG_MODULE_REMOVED','a:1:{i:0;s:25:\"UCP_CAT_PROFILE_GUESTBOOK\";}'),(1876,0,32,0,0,0,'72.241.112.139',1313154662,'LOG_MODULE_REMOVED','a:1:{i:0;s:25:\"UCP_CAT_PROFILE_GUESTBOOK\";}'),(1875,0,32,0,0,0,'72.241.112.139',1313154662,'LOG_MODULE_REMOVED','a:1:{i:0;s:30:\"UCP_PROFILE_GUESTBOOK_SETTINGS\";}'),(1873,0,32,0,0,0,'72.241.112.139',1313154573,'LOG_PURGE_CACHE',''),(1874,0,32,0,0,0,'72.241.112.139',1313154662,'LOG_MODULE_REMOVED','a:1:{i:0;s:30:\"UCP_PROFILE_GUESTBOOK_SETTINGS\";}'),(1872,0,32,0,0,0,'72.241.112.139',1313154557,'LOG_MODULE_ADD','a:1:{i:0;s:30:\"UCP_PROFILE_GUESTBOOK_SETTINGS\";}'),(1871,0,32,0,0,0,'72.241.112.139',1313154557,'LOG_MODULE_ADD','a:1:{i:0;s:25:\"UCP_CAT_PROFILE_GUESTBOOK\";}'),(1870,0,32,0,0,0,'72.241.112.139',1313154557,'LOG_MODULE_ADD','a:1:{i:0;s:30:\"ACP_PROFILE_GUESTBOOK_SETTINGS\";}'),(1869,0,32,0,0,0,'72.241.112.139',1313154557,'LOG_MODULE_ADD','a:1:{i:0;s:21:\"ACP_PROFILE_GUESTBOOK\";}'),(1868,0,32,0,0,0,'72.241.112.139',1313154557,'LOG_MODULE_ADD','a:1:{i:0;s:25:\"ACP_CAT_PROFILE_GUESTBOOK\";}'),(1867,0,32,0,0,0,'72.241.112.139',1313154194,'LOG_AUTO_BACKUP_SETTINGS_CHANGED',''),(1865,0,32,0,0,0,'72.241.112.139',1313154089,'LOG_PURGE_CACHE',''),(1866,0,32,0,0,0,'72.241.112.139',1313154175,'LOG_AUTO_BACKUP_SETTINGS_CHANGED',''),(1864,0,32,0,0,0,'72.241.112.139',1313154068,'LOG_MODULE_ADD','a:1:{i:0;s:11:\"Auto Backup\";}'),(1862,0,32,0,0,0,'72.241.112.139',1313153074,'LOG_PURGE_CACHE',''),(1863,0,32,0,0,0,'72.241.112.139',1313153167,'LOG_MODULE_ENABLE','a:1:{i:0;s:16:\"ACP Add User Mod\";}'),(1861,0,32,0,0,0,'72.241.112.139',1313152045,'LOG_PURGE_CACHE',''),(1859,0,32,0,0,0,'72.241.112.139',1313152019,'LOG_CONFIG_LOAD',''),(1860,0,32,0,0,0,'72.241.112.139',1313152037,'LOG_CONFIG_LOAD',''),(1858,0,32,0,0,0,'72.241.112.139',1313151955,'LOG_PURGE_CACHE',''),(1856,0,32,0,0,0,'72.241.112.139',1313151881,'LOG_ADMIN_AUTH_SUCCESS',''),(1857,0,32,0,0,0,'72.241.112.139',1313151925,'LOG_CONFIG_LOAD',''),(1854,0,32,0,0,0,'136.1.1.105',1313011772,'LOG_CLEAR_ADMIN',''),(1855,2,32,0,0,0,'136.2.1.105',1313086918,'LOG_IP_BROWSER_FORWARDED_CHECK','a:6:{i:0;s:7:\"136.2.1\";i:1;s:7:\"136.1.1\";i:2;s:63:\"mozilla/5.0 (windows nt 5.1; rv:5.0) gecko/20100101 firefox/5.0\";i:3;s:63:\"mozilla/5.0 (windows nt 5.1; rv:5.0) gecko/20100101 firefox/5.0\";i:4;s:0:\"\";i:5;s:0:\"\";}'),(1956,0,32,0,0,0,'72.241.112.139',1322444061,'LOG_ADMIN_AUTH_SUCCESS',''),(1957,0,32,0,0,0,'72.241.112.139',1322444070,'LOG_PURGE_CACHE',''),(1958,0,32,0,0,0,'72.241.112.139',1322444082,'LOG_CONFIG_SETTINGS',''),(1959,0,32,0,0,0,'136.1.1.104',1322662206,'LOG_DB_BACKUP',''),(1960,0,32,0,0,0,'72.241.112.139',1323565500,'LOG_DB_BACKUP',''),(1961,2,32,0,0,0,'99.99.94.42',1323567075,'LOG_IP_BROWSER_FORWARDED_CHECK','a:6:{i:0;s:8:\"99.99.94\";i:1;s:10:\"72.241.112\";i:2;s:70:\"mozilla/5.0 (compatible; msie 9.0; windows nt 6.1; wow64; trident/5.0)\";i:3;s:70:\"mozilla/5.0 (compatible; msie 9.0; windows nt 6.1; wow64; trident/5.0)\";i:4;s:0:\"\";i:5;s:0:\"\";}'),(1962,2,32,0,0,0,'72.241.120.95',1324017592,'LOG_IP_BROWSER_FORWARDED_CHECK','a:6:{i:0;s:10:\"72.241.120\";i:1;s:8:\"99.99.94\";i:2;s:70:\"mozilla/5.0 (compatible; msie 9.0; windows nt 6.1; wow64; trident/5.0)\";i:3;s:70:\"mozilla/5.0 (compatible; msie 9.0; windows nt 6.1; wow64; trident/5.0)\";i:4;s:0:\"\";i:5;s:0:\"\";}'),(1963,2,32,0,0,0,'72.241.112.139',1325379677,'LOG_IP_BROWSER_FORWARDED_CHECK','a:6:{i:0;s:10:\"72.241.112\";i:1;s:10:\"72.241.120\";i:2;s:70:\"mozilla/5.0 (compatible; msie 9.0; windows nt 6.1; wow64; trident/5.0)\";i:3;s:70:\"mozilla/5.0 (compatible; msie 9.0; windows nt 6.1; wow64; trident/5.0)\";i:4;s:0:\"\";i:5;s:0:\"\";}'),(1964,0,32,0,0,0,'72.241.112.139',1326777755,'LOG_DB_BACKUP',''),(1965,0,561,0,0,0,'69.181.249.189',1326898904,'LOG_DB_BACKUP',''),(1966,2,32,0,0,0,'72.241.120.95',1327185069,'LOG_IP_BROWSER_FORWARDED_CHECK','a:6:{i:0;s:10:\"72.241.120\";i:1;s:10:\"72.241.112\";i:2;s:70:\"mozilla/5.0 (compatible; msie 9.0; windows nt 6.1; wow64; trident/5.0)\";i:3;s:70:\"mozilla/5.0 (compatible; msie 9.0; windows nt 6.1; wow64; trident/5.0)\";i:4;s:0:\"\";i:5;s:0:\"\";}'),(1967,0,32,0,0,0,'72.241.120.95',1327185080,'LOG_DB_BACKUP',''),(1968,2,32,0,0,0,'72.241.112.139',1327185554,'LOG_IP_BROWSER_FORWARDED_CHECK','a:6:{i:0;s:10:\"72.241.112\";i:1;s:10:\"72.241.120\";i:2;s:70:\"mozilla/5.0 (compatible; msie 9.0; windows nt 6.1; wow64; trident/5.0)\";i:3;s:70:\"mozilla/5.0 (compatible; msie 9.0; windows nt 6.1; wow64; trident/5.0)\";i:4;s:0:\"\";i:5;s:0:\"\";}'),(1969,0,561,0,0,0,'69.181.249.189',1327614960,'LOG_DB_BACKUP',''),(1970,0,32,0,0,0,'72.241.112.139',1327625117,'LOG_ADMIN_AUTH_SUCCESS',''),(1971,0,32,0,0,0,'72.241.112.139',1327625127,'LOG_PURGE_CACHE',''),(1972,0,32,0,0,0,'72.241.112.139',1327625915,'LOG_PURGE_CACHE',''),(1973,0,30,0,0,0,'213.105.102.201',1327703060,'LOG_DB_BACKUP',''),(1974,2,32,0,0,0,'72.241.112.139',1327750846,'LOG_IP_BROWSER_FORWARDED_CHECK','a:6:{i:0;s:10:\"72.241.112\";i:1;s:10:\"72.241.120\";i:2;s:105:\"mozilla/5.0 (windows nt 6.1; wow64) applewebkit/535.7 (khtml, like gecko) chrome/16.0.912.77 safari/535.7\";i:3;s:105:\"mozilla/5.0 (windows nt 6.1; wow64) applewebkit/535.7 (khtml, like gecko) chrome/16.0.912.77 safari/535.7\";i:4;s:0:\"\";i:5;s:0:\"\";}'),(1975,0,1,0,0,0,'50.66.93.95',1327976089,'LOG_DB_BACKUP',''),(1976,0,32,0,0,0,'72.241.112.139',1328054522,'LOG_ADMIN_AUTH_SUCCESS',''),(1977,3,32,0,0,486,'72.241.112.139',1328054656,'LOG_USER_NEW_PASSWORD','a:1:{i:0;s:9:\"The-_-Pro\";}'),(1978,0,32,0,0,0,'72.241.112.139',1328054656,'LOG_USER_USER_UPDATE','a:1:{i:0;s:9:\"The-_-Pro\";}'),(1979,0,486,0,0,0,'174.3.155.254',1328149285,'LOG_DB_BACKUP',''),(1980,0,32,0,0,0,'72.241.112.139',1328416709,'LOG_ADMIN_AUTH_SUCCESS',''),(1981,0,32,0,0,0,'72.241.112.139',1328416744,'LOG_PURGE_CACHE',''),(1982,0,32,0,0,0,'72.241.112.139',1328417817,'LOG_DB_BACKUP',''),(1983,0,32,0,0,0,'72.241.112.139',1328747929,'LOG_DB_BACKUP',''),(1984,0,32,0,0,0,'72.241.112.139',1329452489,'LOG_DB_BACKUP',''),(1985,0,32,0,0,0,'72.241.112.139',1331345799,'LOG_DB_BACKUP',''),(1986,0,32,0,0,0,'136.2.1.102',1331580946,'LOG_DB_BACKUP',''),(1987,2,32,0,0,0,'136.2.1.102',1331580998,'LOG_GENERAL_ERROR','a:2:{i:0;s:13:\"General Error\";i:1;s:846:\"SQL ERROR [ mysql4 ]<br /><br />Field \'topic_last_poster_name\' doesn\'t have a default value [1364]<br /><br />SQL<br /><br />INSERT INTO phpbb_topics  (topic_poster, topic_time, topic_last_view_time, forum_id, icon_id, topic_approved, topic_title, topic_first_poster_name, topic_first_poster_colour, topic_type, topic_time_limit, topic_attachment) VALUES (32, 1331580998, 1331580998, 38, 0, 1, \'Age of Empires Online\', \'Luniz2k1\', \'AA0000\', 0, 0, 0)<br /><br />BACKTRACE<br /><div style=\"font-family: monospace;\"><br /><b>FILE:</b> includes/db/mysql.php<br /><b>LINE:</b> 175<br /><b>CALL:</b> dbal-&gt;sql_error()<br /><br /><b>FILE:</b> includes/functions_posting.php<br /><b>LINE:</b> 1964<br /><b>CALL:</b> dbal_mysql-&gt;sql_query()<br /><br /><b>FILE:</b> posting.php<br /><b>LINE:</b> 1116<br /><b>CALL:</b> submit_post()<br /></div><br />\";}'),(1988,2,32,0,0,0,'136.2.1.102',1331580998,'LOG_GENERAL_ERROR','a:2:{i:0;s:13:\"General Error\";i:1;s:846:\"SQL ERROR [ mysql4 ]<br /><br />Field \'topic_last_poster_name\' doesn\'t have a default value [1364]<br /><br />SQL<br /><br />INSERT INTO phpbb_topics  (topic_poster, topic_time, topic_last_view_time, forum_id, icon_id, topic_approved, topic_title, topic_first_poster_name, topic_first_poster_colour, topic_type, topic_time_limit, topic_attachment) VALUES (32, 1331580998, 1331580998, 38, 0, 1, \'Age of Empires Online\', \'Luniz2k1\', \'AA0000\', 0, 0, 0)<br /><br />BACKTRACE<br /><div style=\"font-family: monospace;\"><br /><b>FILE:</b> includes/db/mysql.php<br /><b>LINE:</b> 175<br /><b>CALL:</b> dbal-&gt;sql_error()<br /><br /><b>FILE:</b> includes/functions_posting.php<br /><b>LINE:</b> 1964<br /><b>CALL:</b> dbal_mysql-&gt;sql_query()<br /><br /><b>FILE:</b> posting.php<br /><b>LINE:</b> 1116<br /><b>CALL:</b> submit_post()<br /></div><br />\";}'),(1989,0,32,0,0,0,'136.2.1.102',1331581025,'LOG_ADMIN_AUTH_SUCCESS',''),(1990,2,32,0,0,0,'136.2.1.102',1331581051,'LOG_GENERAL_ERROR','a:2:{i:0;s:13:\"General Error\";i:1;s:846:\"SQL ERROR [ mysql4 ]<br /><br />Field \'topic_last_poster_name\' doesn\'t have a default value [1364]<br /><br />SQL<br /><br />INSERT INTO phpbb_topics  (topic_poster, topic_time, topic_last_view_time, forum_id, icon_id, topic_approved, topic_title, topic_first_poster_name, topic_first_poster_colour, topic_type, topic_time_limit, topic_attachment) VALUES (32, 1331581051, 1331581051, 38, 0, 1, \'Age of Empires Online\', \'Luniz2k1\', \'AA0000\', 0, 0, 0)<br /><br />BACKTRACE<br /><div style=\"font-family: monospace;\"><br /><b>FILE:</b> includes/db/mysql.php<br /><b>LINE:</b> 175<br /><b>CALL:</b> dbal-&gt;sql_error()<br /><br /><b>FILE:</b> includes/functions_posting.php<br /><b>LINE:</b> 1964<br /><b>CALL:</b> dbal_mysql-&gt;sql_query()<br /><br /><b>FILE:</b> posting.php<br /><b>LINE:</b> 1116<br /><b>CALL:</b> submit_post()<br /></div><br />\";}'),(1991,2,32,0,0,0,'136.2.1.102',1331581051,'LOG_GENERAL_ERROR','a:2:{i:0;s:13:\"General Error\";i:1;s:846:\"SQL ERROR [ mysql4 ]<br /><br />Field \'topic_last_poster_name\' doesn\'t have a default value [1364]<br /><br />SQL<br /><br />INSERT INTO phpbb_topics  (topic_poster, topic_time, topic_last_view_time, forum_id, icon_id, topic_approved, topic_title, topic_first_poster_name, topic_first_poster_colour, topic_type, topic_time_limit, topic_attachment) VALUES (32, 1331581051, 1331581051, 38, 0, 1, \'Age of Empires Online\', \'Luniz2k1\', \'AA0000\', 0, 0, 0)<br /><br />BACKTRACE<br /><div style=\"font-family: monospace;\"><br /><b>FILE:</b> includes/db/mysql.php<br /><b>LINE:</b> 175<br /><b>CALL:</b> dbal-&gt;sql_error()<br /><br /><b>FILE:</b> includes/functions_posting.php<br /><b>LINE:</b> 1964<br /><b>CALL:</b> dbal_mysql-&gt;sql_query()<br /><br /><b>FILE:</b> posting.php<br /><b>LINE:</b> 1116<br /><b>CALL:</b> submit_post()<br /></div><br />\";}'),(1992,2,32,0,0,0,'136.2.1.102',1331581397,'LOG_GENERAL_ERROR','a:2:{i:0;s:13:\"General Error\";i:1;s:847:\"SQL ERROR [ mysql4 ]<br /><br />Field \'topic_last_post_subject\' doesn\'t have a default value [1364]<br /><br />SQL<br /><br />INSERT INTO phpbb_topics  (topic_poster, topic_time, topic_last_view_time, forum_id, icon_id, topic_approved, topic_title, topic_first_poster_name, topic_first_poster_colour, topic_type, topic_time_limit, topic_attachment) VALUES (32, 1331581397, 1331581397, 38, 0, 1, \'Age of Empires Online\', \'Luniz2k1\', \'AA0000\', 0, 0, 0)<br /><br />BACKTRACE<br /><div style=\"font-family: monospace;\"><br /><b>FILE:</b> includes/db/mysql.php<br /><b>LINE:</b> 175<br /><b>CALL:</b> dbal-&gt;sql_error()<br /><br /><b>FILE:</b> includes/functions_posting.php<br /><b>LINE:</b> 1964<br /><b>CALL:</b> dbal_mysql-&gt;sql_query()<br /><br /><b>FILE:</b> posting.php<br /><b>LINE:</b> 1116<br /><b>CALL:</b> submit_post()<br /></div><br />\";}'),(1993,2,32,0,0,0,'136.2.1.102',1331581397,'LOG_GENERAL_ERROR','a:2:{i:0;s:13:\"General Error\";i:1;s:847:\"SQL ERROR [ mysql4 ]<br /><br />Field \'topic_last_post_subject\' doesn\'t have a default value [1364]<br /><br />SQL<br /><br />INSERT INTO phpbb_topics  (topic_poster, topic_time, topic_last_view_time, forum_id, icon_id, topic_approved, topic_title, topic_first_poster_name, topic_first_poster_colour, topic_type, topic_time_limit, topic_attachment) VALUES (32, 1331581397, 1331581397, 38, 0, 1, \'Age of Empires Online\', \'Luniz2k1\', \'AA0000\', 0, 0, 0)<br /><br />BACKTRACE<br /><div style=\"font-family: monospace;\"><br /><b>FILE:</b> includes/db/mysql.php<br /><b>LINE:</b> 175<br /><b>CALL:</b> dbal-&gt;sql_error()<br /><br /><b>FILE:</b> includes/functions_posting.php<br /><b>LINE:</b> 1964<br /><b>CALL:</b> dbal_mysql-&gt;sql_query()<br /><br /><b>FILE:</b> posting.php<br /><b>LINE:</b> 1116<br /><b>CALL:</b> submit_post()<br /></div><br />\";}'),(1994,2,32,0,0,0,'136.2.1.102',1331581427,'LOG_GENERAL_ERROR','a:2:{i:0;s:13:\"General Error\";i:1;s:834:\"SQL ERROR [ mysql4 ]<br /><br />Field \'poll_title\' doesn\'t have a default value [1364]<br /><br />SQL<br /><br />INSERT INTO phpbb_topics  (topic_poster, topic_time, topic_last_view_time, forum_id, icon_id, topic_approved, topic_title, topic_first_poster_name, topic_first_poster_colour, topic_type, topic_time_limit, topic_attachment) VALUES (32, 1331581427, 1331581427, 38, 0, 1, \'Age of Empires Online\', \'Luniz2k1\', \'AA0000\', 0, 0, 0)<br /><br />BACKTRACE<br /><div style=\"font-family: monospace;\"><br /><b>FILE:</b> includes/db/mysql.php<br /><b>LINE:</b> 175<br /><b>CALL:</b> dbal-&gt;sql_error()<br /><br /><b>FILE:</b> includes/functions_posting.php<br /><b>LINE:</b> 1964<br /><b>CALL:</b> dbal_mysql-&gt;sql_query()<br /><br /><b>FILE:</b> posting.php<br /><b>LINE:</b> 1116<br /><b>CALL:</b> submit_post()<br /></div><br />\";}'),(1995,2,32,0,0,0,'136.2.1.102',1331581427,'LOG_GENERAL_ERROR','a:2:{i:0;s:13:\"General Error\";i:1;s:834:\"SQL ERROR [ mysql4 ]<br /><br />Field \'poll_title\' doesn\'t have a default value [1364]<br /><br />SQL<br /><br />INSERT INTO phpbb_topics  (topic_poster, topic_time, topic_last_view_time, forum_id, icon_id, topic_approved, topic_title, topic_first_poster_name, topic_first_poster_colour, topic_type, topic_time_limit, topic_attachment) VALUES (32, 1331581427, 1331581427, 38, 0, 1, \'Age of Empires Online\', \'Luniz2k1\', \'AA0000\', 0, 0, 0)<br /><br />BACKTRACE<br /><div style=\"font-family: monospace;\"><br /><b>FILE:</b> includes/db/mysql.php<br /><b>LINE:</b> 175<br /><b>CALL:</b> dbal-&gt;sql_error()<br /><br /><b>FILE:</b> includes/functions_posting.php<br /><b>LINE:</b> 1964<br /><b>CALL:</b> dbal_mysql-&gt;sql_query()<br /><br /><b>FILE:</b> posting.php<br /><b>LINE:</b> 1116<br /><b>CALL:</b> submit_post()<br /></div><br />\";}'),(1996,2,32,0,0,0,'136.2.1.102',1331581465,'LOG_GENERAL_ERROR','a:2:{i:0;s:13:\"General Error\";i:1;s:1174:\"SQL ERROR [ mysql4 ]<br /><br />Field \'post_edit_reason\' doesn\'t have a default value [1364]<br /><br />SQL<br /><br />INSERT INTO phpbb_posts  (forum_id, poster_id, icon_id, poster_ip, post_time, post_approved, enable_bbcode, enable_smilies, enable_magic_url, enable_sig, post_username, post_subject, post_text, post_checksum, post_attachment, bbcode_bitfield, bbcode_uid, post_postcount, post_edit_locked, topic_id) VALUES (38, 32, 0, \'136.2.1.102\', 1331581465, 1, 1, 1, 1, 1, \'\', \'Age of Empires Online\', \'&lt;!-- m --&gt;&lt;a class=\\&quot;postlink\\&quot; href=\\&quot;http://ageofempiresonline.com/\\&quot;&gt;http://ageofempiresonline.com/&lt;/a&gt;&lt;!-- m --&gt;\\n\\nLet\\\'s get some multiplayer going...\', \'873c11c4266439d66c9b153199870800\', 0, \'\', \'2vxg2asq\', 1, 0, 176)<br /><br />BACKTRACE<br /><div style=\"font-family: monospace;\"><br /><b>FILE:</b> includes/db/mysql.php<br /><b>LINE:</b> 175<br /><b>CALL:</b> dbal-&gt;sql_error()<br /><br /><b>FILE:</b> includes/functions_posting.php<br /><b>LINE:</b> 1985<br /><b>CALL:</b> dbal_mysql-&gt;sql_query()<br /><br /><b>FILE:</b> posting.php<br /><b>LINE:</b> 1116<br /><b>CALL:</b> submit_post()<br /></div><br />\";}'),(1997,2,32,0,0,0,'136.2.1.102',1331581465,'LOG_GENERAL_ERROR','a:2:{i:0;s:13:\"General Error\";i:1;s:1174:\"SQL ERROR [ mysql4 ]<br /><br />Field \'post_edit_reason\' doesn\'t have a default value [1364]<br /><br />SQL<br /><br />INSERT INTO phpbb_posts  (forum_id, poster_id, icon_id, poster_ip, post_time, post_approved, enable_bbcode, enable_smilies, enable_magic_url, enable_sig, post_username, post_subject, post_text, post_checksum, post_attachment, bbcode_bitfield, bbcode_uid, post_postcount, post_edit_locked, topic_id) VALUES (38, 32, 0, \'136.2.1.102\', 1331581465, 1, 1, 1, 1, 1, \'\', \'Age of Empires Online\', \'&lt;!-- m --&gt;&lt;a class=\\&quot;postlink\\&quot; href=\\&quot;http://ageofempiresonline.com/\\&quot;&gt;http://ageofempiresonline.com/&lt;/a&gt;&lt;!-- m --&gt;\\n\\nLet\\\'s get some multiplayer going...\', \'873c11c4266439d66c9b153199870800\', 0, \'\', \'1gan6e6g\', 1, 0, 177)<br /><br />BACKTRACE<br /><div style=\"font-family: monospace;\"><br /><b>FILE:</b> includes/db/mysql.php<br /><b>LINE:</b> 175<br /><b>CALL:</b> dbal-&gt;sql_error()<br /><br /><b>FILE:</b> includes/functions_posting.php<br /><b>LINE:</b> 1985<br /><b>CALL:</b> dbal_mysql-&gt;sql_query()<br /><br /><b>FILE:</b> posting.php<br /><b>LINE:</b> 1116<br /><b>CALL:</b> submit_post()<br /></div><br />\";}'),(1998,1,32,38,178,0,'136.2.1.102',1331581552,'LOG_DELETE_POST','a:2:{i:0;s:25:\"Re: Age of Empires Online\";i:1;s:8:\"Luniz2k1\";}'),(1999,1,32,38,179,0,'136.2.1.102',1331583939,'LOG_DELETE_TOPIC','a:2:{i:0;s:4:\"Test\";i:1;s:8:\"Luniz2k1\";}'),(2000,2,32,0,0,0,'136.2.1.102',1331828983,'LOG_IP_BROWSER_FORWARDED_CHECK','a:6:{i:0;s:7:\"136.2.1\";i:1;s:7:\"136.2.1\";i:2;s:65:\"mozilla/5.0 (windows nt 5.1; rv:11.0) gecko/20100101 firefox/11.0\";i:3;s:69:\"mozilla/5.0 (windows nt 5.1; rv:10.0.2) gecko/20100101 firefox/10.0.2\";i:4;s:0:\"\";i:5;s:0:\"\";}'),(2001,0,32,0,0,0,'72.241.112.139',1331876503,'LOG_DB_BACKUP',''),(2002,0,32,0,0,0,'72.241.112.139',1335079154,'LOG_DB_BACKUP',''),(2003,0,32,0,0,0,'136.1.1.105',1335370218,'LOG_DB_BACKUP',''),(2004,0,1,0,0,0,'213.105.102.201',1335734367,'LOG_DB_BACKUP',''),(2005,3,1,0,0,30,'213.105.102.201',1335734608,'LOG_USER_NEW_PASSWORD','a:1:{i:0;s:9:\"Richy1972\";}'),(2006,0,32,0,0,0,'136.1.1.105',1335984392,'LOG_DB_BACKUP',''),(2007,0,32,0,0,0,'72.241.112.139',1336099131,'LOG_DB_BACKUP',''),(2008,0,32,0,0,0,'72.241.112.139',1336329207,'LOG_DB_BACKUP',''),(2009,0,32,0,0,0,'72.241.112.139',1336338636,'LOG_ADMIN_AUTH_SUCCESS',''),(2010,3,1,0,0,16,'50.66.93.95',1336339175,'LOG_USER_NEW_PASSWORD','a:1:{i:0;s:4:\"Kite\";}'),(2011,3,16,0,0,16,'50.66.93.95',1336339343,'LOG_USER_NEW_PASSWORD','a:1:{i:0;s:4:\"Kite\";}'),(2012,0,32,0,0,0,'136.1.1.105',1336491313,'LOG_DB_BACKUP',''),(2013,2,32,0,0,0,'136.2.1.104',1336577116,'LOG_IP_BROWSER_FORWARDED_CHECK','a:6:{i:0;s:7:\"136.2.1\";i:1;s:7:\"136.1.1\";i:2;s:65:\"mozilla/5.0 (windows nt 5.1; rv:12.0) gecko/20100101 firefox/12.0\";i:3;s:65:\"mozilla/5.0 (windows nt 5.1; rv:12.0) gecko/20100101 firefox/12.0\";i:4;s:0:\"\";i:5;s:0:\"\";}'),(2014,0,1,0,0,0,'50.66.93.95',1336578171,'LOG_DB_BACKUP',''),(2015,0,1,0,0,0,'213.105.102.201',1336686575,'LOG_DB_BACKUP',''),(2016,0,32,0,0,0,'72.241.112.139',1336798881,'LOG_DB_BACKUP',''),(2017,0,32,0,0,0,'76.190.230.46',1338003342,'LOG_DB_BACKUP',''),(2018,3,1,0,0,225,'24.20.132.250',1339289787,'LOG_USER_NEW_PASSWORD','a:1:{i:0;s:5:\"Death\";}'),(2019,0,225,0,0,0,'24.20.132.250',1339289809,'LOG_DB_BACKUP',''),(2020,2,225,0,0,0,'24.20.132.250',1339915451,'LOG_IP_BROWSER_FORWARDED_CHECK','a:6:{i:0;s:9:\"24.20.132\";i:1;s:9:\"24.20.132\";i:2;s:106:\"mozilla/5.0 (windows nt 5.2; wow64) applewebkit/536.5 (khtml, like gecko) chrome/19.0.1084.56 safari/536.5\";i:3;s:106:\"mozilla/5.0 (windows nt 5.2; wow64) applewebkit/536.5 (khtml, like gecko) chrome/19.0.1084.52 safari/536.5\";i:4;s:0:\"\";i:5;s:0:\"\";}'),(2021,0,225,0,0,0,'24.20.132.250',1341198729,'LOG_DB_BACKUP',''),(2022,2,32,0,0,0,'72.241.120.95',1342199128,'LOG_IP_BROWSER_FORWARDED_CHECK','a:6:{i:0;s:10:\"72.241.120\";i:1;s:10:\"72.241.112\";i:2;s:70:\"mozilla/5.0 (compatible; msie 9.0; windows nt 6.1; wow64; trident/5.0)\";i:3;s:70:\"mozilla/5.0 (compatible; msie 9.0; windows nt 6.1; wow64; trident/5.0)\";i:4;s:0:\"\";i:5;s:0:\"\";}'),(2023,0,32,0,0,0,'72.241.120.95',1342199203,'LOG_DB_BACKUP',''),(2024,0,643,0,0,0,'173.86.8.89',1342443853,'LOG_DB_BACKUP',''),(2025,0,561,0,0,0,'69.181.249.189',1344023323,'LOG_DB_BACKUP',''),(2026,0,32,0,0,0,'72.241.120.95',1344198233,'LOG_DB_BACKUP',''),(2027,0,130,0,0,0,'71.173.45.73',1344544712,'LOG_DB_BACKUP',''),(2028,3,1,0,0,115,'50.78.133.73',1344598654,'LOG_USER_NEW_PASSWORD','a:1:{i:0;s:7:\"maddawg\";}'),(2029,0,32,0,0,0,'72.241.120.95',1349162591,'LOG_DB_BACKUP',''),(2030,0,32,0,0,0,'72.241.120.95',1355067402,'LOG_DB_BACKUP',''),(2031,0,561,0,0,0,'76.102.52.232',1355474442,'LOG_DB_BACKUP',''),(2032,0,130,0,0,0,'108.57.50.189',1355601467,'LOG_DB_BACKUP',''),(2033,0,32,0,0,0,'72.241.120.95',1356135046,'LOG_DB_BACKUP',''),(2034,0,32,0,0,0,'72.241.120.95',1356135049,'LOG_ADMIN_AUTH_SUCCESS',''),(2035,0,32,0,0,0,'72.241.120.95',1356135240,'LOG_MASS_EMAIL','a:1:{i:0;s:9:\"All users\";}'),(2036,0,30,0,0,0,'213.105.102.201',1356643360,'LOG_DB_BACKUP',''),(2037,2,32,0,0,0,'72.241.120.95',1357887959,'LOG_IP_BROWSER_FORWARDED_CHECK','a:6:{i:0;s:10:\"72.241.120\";i:1;s:10:\"72.241.116\";i:2;s:70:\"mozilla/5.0 (compatible; msie 9.0; windows nt 6.1; wow64; trident/5.0)\";i:3;s:70:\"mozilla/5.0 (compatible; msie 9.0; windows nt 6.1; wow64; trident/5.0)\";i:4;s:0:\"\";i:5;s:0:\"\";}'),(2038,0,32,0,0,0,'72.241.120.95',1359149190,'LOG_ADMIN_AUTH_SUCCESS',''),(2039,0,32,0,0,0,'72.241.120.95',1359149199,'LOG_PURGE_CACHE',''),(2040,0,32,0,0,0,'72.241.120.95',1359151523,'LOG_DB_BACKUP',''),(2041,0,32,0,0,0,'72.241.120.95',1360370073,'LOG_DB_BACKUP',''),(2042,0,681,0,0,0,'184.163.161.186',1361837255,'LOG_DB_BACKUP',''),(2043,0,32,0,0,0,'72.241.120.95',1364358395,'LOG_DB_BACKUP',''),(2044,0,681,0,0,0,'184.163.161.186',1375145637,'LOG_DB_BACKUP',''),(2045,2,681,0,0,0,'184.163.161.186',1375145715,'LOG_GENERAL_ERROR','a:2:{i:0;s:13:\"General Error\";i:1;s:1422:\"SQL ERROR [ mysql4 ]<br /><br />Field \'message_edit_reason\' doesn\'t have a default value [1364]<br /><br />SQL<br /><br />INSERT INTO phpbb_privmsgs  (root_level, author_id, icon_id, author_ip, message_time, enable_bbcode, enable_smilies, enable_magic_url, enable_sig, message_subject, message_text, message_attachment, bbcode_bitfield, bbcode_uid, to_address, bcc_address, message_reported) VALUES (0, \'681\', 0, \'184.163.161.186\', 1375145715, 1, 1, 1, 1, \'Servers unlinked to network\', \'Hey, \\n\\nWhats up, I\\\'ve had many power outages recently, and since i got back up I see my server is not tagged to yours anymore, can you link it back ? \\n\\nKeep me posted\', 0, \'\', \'lgji0dyz\', \'u_32\', \'\', 0)<br /><br />BACKTRACE<br /><div style=\"font-family: monospace;\"><br /><b>FILE:</b> includes/db/mysql.php<br /><b>LINE:</b> 175<br /><b>CALL:</b> dbal-&gt;sql_error()<br /><br /><b>FILE:</b> includes/functions_privmsgs.php<br /><b>LINE:</b> 1451<br /><b>CALL:</b> dbal_mysql-&gt;sql_query()<br /><br /><b>FILE:</b> includes/ucp/ucp_pm_compose.php<br /><b>LINE:</b> 742<br /><b>CALL:</b> submit_pm()<br /><br /><b>FILE:</b> includes/ucp/ucp_pm.php<br /><b>LINE:</b> 133<br /><b>CALL:</b> compose_pm()<br /><br /><b>FILE:</b> includes/functions_module.php<br /><b>LINE:</b> 507<br /><b>CALL:</b> ucp_pm-&gt;main()<br /><br /><b>FILE:</b> ucp.php<br /><b>LINE:</b> 327<br /><b>CALL:</b> p_master-&gt;load_active()<br /></div><br />\";}'),(2046,3,681,0,0,681,'184.163.161.186',1375145906,'LOG_USER_UPDATE_EMAIL','a:3:{i:0;s:6:\"L3sT4T\";i:1;s:22:\"lestat_667@hotmail.com\";i:2;s:28:\"eric.montmarquette@gmail.com\";}'),(2047,2,32,0,0,0,'72.240.65.104',1376621176,'LOG_IP_BROWSER_FORWARDED_CHECK','a:6:{i:0;s:9:\"72.240.65\";i:1;s:9:\"66.72.209\";i:2;s:71:\"mozilla/5.0 (compatible; msie 10.0; windows nt 6.1; wow64; trident/6.0)\";i:3;s:71:\"mozilla/5.0 (compatible; msie 10.0; windows nt 6.1; wow64; trident/6.0)\";i:4;s:0:\"\";i:5;s:0:\"\";}'),(2048,0,30,0,0,0,'213.105.102.201',1380749823,'LOG_DB_BACKUP',''),(2049,2,32,0,0,0,'72.241.217.74',1384060456,'LOG_IP_BROWSER_FORWARDED_CHECK','a:6:{i:0;s:10:\"72.241.217\";i:1;s:9:\"68.73.215\";i:2;s:68:\"mozilla/5.0 (windows nt 6.1; wow64; trident/7.0; rv:11.0) like gecko\";i:3;s:68:\"mozilla/5.0 (windows nt 6.1; wow64; trident/7.0; rv:11.0) like gecko\";i:4;s:0:\"\";i:5;s:0:\"\";}'),(2050,2,32,0,0,0,'72.241.217.74',1385593280,'LOG_IP_BROWSER_FORWARDED_CHECK','a:6:{i:0;s:10:\"72.241.217\";i:1;s:10:\"72.241.217\";i:2;s:28:\"mozilla/4.05 [en] (winxp; i)\";i:3;s:68:\"mozilla/5.0 (windows nt 6.1; wow64; trident/7.0; rv:11.0) like gecko\";i:4;s:0:\"\";i:5;s:0:\"\";}'),(2051,0,32,0,0,0,'72.241.217.74',1393557488,'LOG_DB_BACKUP',''),(2052,2,32,0,0,0,'72.241.217.74',1399023809,'LOG_IP_BROWSER_FORWARDED_CHECK','a:6:{i:0;s:10:\"72.241.217\";i:1;s:10:\"72.241.217\";i:2;s:28:\"mozilla/4.05 [en] (winxp; i)\";i:3;s:68:\"mozilla/5.0 (windows nt 6.1; wow64; trident/7.0; rv:11.0) like gecko\";i:4;s:0:\"\";i:5;s:0:\"\";}'),(2053,2,32,0,0,0,'72.241.45.189',1406195660,'LOG_IP_BROWSER_FORWARDED_CHECK','a:6:{i:0;s:9:\"72.241.45\";i:1;s:10:\"72.241.217\";i:2;s:68:\"mozilla/5.0 (windows nt 6.1; wow64; trident/7.0; rv:11.0) like gecko\";i:3;s:28:\"mozilla/4.05 [en] (winxp; i)\";i:4;s:0:\"\";i:5;s:0:\"\";}'),(2054,0,32,0,0,0,'72.241.45.189',1406777710,'LOG_DB_BACKUP',''),(2055,0,32,0,0,0,'72.241.45.189',1408873857,'LOG_DB_BACKUP',''),(2056,0,32,0,0,0,'72.241.45.189',1412386211,'LOG_DB_BACKUP',''),(2057,0,32,0,0,0,'72.241.45.189',1415433306,'LOG_ADMIN_AUTH_SUCCESS',''),(2058,0,32,0,0,0,'71.66.117.180',1415501658,'LOG_ADMIN_AUTH_SUCCESS',''),(2059,0,1,0,0,0,'71.66.117.180',1415501728,'LOG_DB_BACKUP',''),(2060,2,32,0,0,0,'71.74.114.84',1415567674,'LOG_IP_BROWSER_FORWARDED_CHECK','a:6:{i:0;s:9:\"71.74.114\";i:1;s:9:\"71.66.117\";i:2;s:68:\"mozilla/5.0 (windows nt 6.1; wow64; trident/7.0; rv:11.0) like gecko\";i:3;s:68:\"mozilla/5.0 (windows nt 6.1; wow64; trident/7.0; rv:11.0) like gecko\";i:4;s:0:\"\";i:5;s:0:\"\";}'),(2061,0,32,0,0,0,'72.241.45.189',1415656758,'LOG_DB_BACKUP',''),(2062,2,32,0,0,0,'72.241.45.189',1417637771,'LOG_IP_BROWSER_FORWARDED_CHECK','a:6:{i:0;s:9:\"72.241.45\";i:1;s:9:\"72.241.45\";i:2;s:68:\"mozilla/5.0 (windows nt 6.1; wow64; trident/7.0; rv:11.0) like gecko\";i:3;s:149:\"mozilla/4.0 (compatible; msie 8.0; windows nt 6.1; wow64; trident/4.0; slcc2; .net clr 2.0.50727; .net clr 3.5.30729; .net clr 3.0.30729; media cente\";i:4;s:0:\"\";i:5;s:0:\"\";}'),(2063,0,39,0,0,0,'85.27.17.93',1423332006,'LOG_DB_BACKUP',''),(2064,0,1,0,0,0,'31.53.19.213',1425044012,'LOG_DB_BACKUP',''),(2065,0,1,0,0,0,'86.128.158.228',1426372959,'LOG_DB_BACKUP',''),(2066,0,32,0,0,0,'72.241.45.189',1443693224,'LOG_ADMIN_AUTH_SUCCESS',''),(2067,0,561,0,0,0,'162.224.85.111',1451023300,'LOG_DB_BACKUP',''),(2068,0,32,0,0,0,'72.240.200.76',1463371747,'LOG_DB_BACKUP','');

--
-- Table structure for table `phpbb_login_attempts`
--

CREATE TABLE `phpbb_login_attempts` (
  `attempt_ip` varchar(40) CHARACTER SET latin1 COLLATE latin1_bin NOT NULL DEFAULT '',
  `attempt_browser` varchar(150) CHARACTER SET latin1 COLLATE latin1_bin NOT NULL DEFAULT '',
  `attempt_forwarded_for` varchar(255) CHARACTER SET latin1 COLLATE latin1_bin NOT NULL DEFAULT '',
  `attempt_time` int(11) unsigned NOT NULL DEFAULT '0',
  `user_id` mediumint(8) unsigned NOT NULL DEFAULT '0',
  `username` blob NOT NULL,
  `username_clean` blob NOT NULL,
  KEY `att_ip` (`attempt_ip`,`attempt_time`),
  KEY `att_for` (`attempt_forwarded_for`,`attempt_time`),
  KEY `att_time` (`attempt_time`),
  KEY `user_id` (`user_id`)
) ENGINE=MyISAM DEFAULT CHARSET=latin1;

--
-- Dumping data for table `phpbb_login_attempts`
--


--
-- Table structure for table `phpbb_moderator_cache`
--

CREATE TABLE `phpbb_moderator_cache` (
  `forum_id` mediumint(8) unsigned NOT NULL DEFAULT '0',
  `user_id` mediumint(8) unsigned NOT NULL DEFAULT '0',
  `username` blob NOT NULL,
  `group_id` mediumint(8) unsigned NOT NULL DEFAULT '0',
  `group_name` blob NOT NULL,
  `display_on_index` tinyint(1) unsigned NOT NULL DEFAULT '1',
  KEY `disp_idx` (`display_on_index`),
  KEY `forum_id` (`forum_id`)
) ENGINE=MyISAM DEFAULT CHARSET=latin1;

--
-- Dumping data for table `phpbb_moderator_cache`
--

INSERT INTO `phpbb_moderator_cache` VALUES (70,32,'Luniz2k1',0,'',1),(71,32,'Luniz2k1',0,'',1),(72,32,'Luniz2k1',0,'',1),(73,32,'Luniz2k1',0,'',1),(81,32,'Luniz2k1',0,'',1),(82,32,'Luniz2k1',0,'',1),(84,32,'Luniz2k1',0,'',1),(85,32,'Luniz2k1',0,'',1),(86,32,'Luniz2k1',0,'',1),(87,32,'Luniz2k1',0,'',1),(88,32,'Luniz2k1',0,'',1),(89,32,'Luniz2k1',0,'',1),(98,32,'Luniz2k1',0,'',1),(100,32,'Luniz2k1',0,'',1),(24,32,'Luniz2k1',0,'',1),(25,32,'Luniz2k1',0,'',1),(26,32,'Luniz2k1',0,'',1),(27,32,'Luniz2k1',0,'',1),(30,32,'Luniz2k1',0,'',1),(31,32,'Luniz2k1',0,'',1),(38,32,'Luniz2k1',0,'',1),(39,32,'Luniz2k1',0,'',1),(42,32,'Luniz2k1',0,'',1),(43,32,'Luniz2k1',0,'',1),(52,32,'Luniz2k1',0,'',1),(53,32,'Luniz2k1',0,'',1),(54,32,'Luniz2k1',0,'',1),(55,32,'Luniz2k1',0,'',1),(56,32,'Luniz2k1',0,'',1),(57,32,'Luniz2k1',0,'',1),(60,32,'Luniz2k1',0,'',1),(62,32,'Luniz2k1',0,'',1),(63,32,'Luniz2k1',0,'',1),(69,32,'Luniz2k1',0,'',1),(101,32,'Luniz2k1',0,'',1),(102,32,'Luniz2k1',0,'',1);

--
-- Table structure for table `phpbb_modules`
--

CREATE TABLE `phpbb_modules` (
  `module_id` mediumint(8) unsigned NOT NULL AUTO_INCREMENT,
  `module_enabled` tinyint(1) unsigned NOT NULL DEFAULT '1',
  `module_display` tinyint(1) unsigned NOT NULL DEFAULT '1',
  `module_basename` varchar(255) CHARACTER SET latin1 COLLATE latin1_bin NOT NULL DEFAULT '',
  `module_class` varchar(10) CHARACTER SET latin1 COLLATE latin1_bin NOT NULL DEFAULT '',
  `parent_id` mediumint(8) unsigned NOT NULL DEFAULT '0',
  `left_id` mediumint(8) unsigned NOT NULL DEFAULT '0',
  `right_id` mediumint(8) unsigned NOT NULL DEFAULT '0',
  `module_langname` varchar(255) CHARACTER SET latin1 COLLATE latin1_bin NOT NULL DEFAULT '',
  `module_mode` varchar(255) CHARACTER SET latin1 COLLATE latin1_bin NOT NULL DEFAULT '',
  `module_auth` varchar(255) CHARACTER SET latin1 COLLATE latin1_bin NOT NULL DEFAULT '',
  PRIMARY KEY (`module_id`),
  KEY `left_right_id` (`left_id`,`right_id`),
  KEY `module_enabled` (`module_enabled`),
  KEY `class_left_id` (`module_class`,`left_id`)
) ENGINE=MyISAM AUTO_INCREMENT=240 DEFAULT CHARSET=latin1;

--
-- Dumping data for table `phpbb_modules`
--

INSERT INTO `phpbb_modules` VALUES (1,1,1,'','acp',0,1,68,'ACP_CAT_GENERAL','',''),(2,1,1,'','acp',1,4,17,'ACP_QUICK_ACCESS','',''),(3,1,1,'','acp',1,18,45,'ACP_BOARD_CONFIGURATION','',''),(4,1,1,'','acp',1,46,53,'ACP_CLIENT_COMMUNICATION','',''),(5,1,1,'','acp',1,54,67,'ACP_SERVER_CONFIGURATION','',''),(6,1,1,'','acp',0,69,88,'ACP_CAT_FORUMS','',''),(7,1,1,'','acp',6,70,75,'ACP_MANAGE_FORUMS','',''),(8,1,1,'','acp',6,76,87,'ACP_FORUM_BASED_PERMISSIONS','',''),(9,1,1,'','acp',0,89,116,'ACP_CAT_POSTING','',''),(10,1,1,'','acp',9,90,103,'ACP_MESSAGES','',''),(11,1,1,'','acp',9,104,115,'ACP_ATTACHMENTS','',''),(12,1,1,'','acp',0,117,176,'ACP_CAT_USERGROUP','',''),(13,1,1,'','acp',12,118,155,'ACP_CAT_USERS','',''),(14,1,1,'','acp',12,156,163,'ACP_GROUPS','',''),(15,1,1,'','acp',12,164,175,'ACP_USER_SECURITY','',''),(16,1,1,'','acp',0,177,226,'ACP_CAT_PERMISSIONS','',''),(17,1,1,'','acp',16,180,189,'ACP_GLOBAL_PERMISSIONS','',''),(18,1,1,'','acp',16,190,201,'ACP_FORUM_BASED_PERMISSIONS','',''),(19,1,1,'','acp',16,202,211,'ACP_PERMISSION_ROLES','',''),(20,1,1,'','acp',16,212,225,'ACP_PERMISSION_MASKS','',''),(21,1,1,'','acp',0,227,240,'ACP_CAT_STYLES','',''),(22,1,1,'','acp',21,228,231,'ACP_STYLE_MANAGEMENT','',''),(23,1,1,'','acp',21,232,239,'ACP_STYLE_COMPONENTS','',''),(24,1,1,'','acp',0,241,262,'ACP_CAT_MAINTENANCE','',''),(25,1,1,'','acp',24,242,251,'ACP_FORUM_LOGS','',''),(26,1,1,'','acp',24,252,261,'ACP_CAT_DATABASE','',''),(27,1,1,'','acp',0,263,288,'ACP_CAT_SYSTEM','',''),(28,1,1,'','acp',27,264,267,'ACP_AUTOMATION','',''),(29,1,1,'','acp',27,268,279,'ACP_GENERAL_TASKS','',''),(30,1,1,'','acp',27,280,287,'ACP_MODULE_MANAGEMENT','',''),(222,1,1,'portal','acp',221,291,292,'ACP_PORTAL_GENERAL_INFO','general','acl_a_portal_manage'),(32,1,1,'attachments','acp',3,19,20,'ACP_ATTACHMENT_SETTINGS','attach','acl_a_attach'),(33,1,1,'attachments','acp',11,105,106,'ACP_ATTACHMENT_SETTINGS','attach','acl_a_attach'),(34,1,1,'attachments','acp',11,107,108,'ACP_MANAGE_EXTENSIONS','extensions','acl_a_attach'),(35,1,1,'attachments','acp',11,109,110,'ACP_EXTENSION_GROUPS','ext_groups','acl_a_attach'),(36,1,1,'attachments','acp',11,111,112,'ACP_ORPHAN_ATTACHMENTS','orphan','acl_a_attach'),(37,1,1,'ban','acp',15,165,166,'ACP_BAN_EMAILS','email','acl_a_ban'),(38,1,1,'ban','acp',15,167,168,'ACP_BAN_IPS','ip','acl_a_ban'),(39,1,1,'ban','acp',15,169,170,'ACP_BAN_USERNAMES','user','acl_a_ban'),(40,1,1,'bbcodes','acp',10,91,92,'ACP_BBCODES','bbcodes','acl_a_bbcode'),(41,1,1,'board','acp',3,21,22,'ACP_BOARD_SETTINGS','settings','acl_a_board'),(42,1,1,'board','acp',3,23,24,'ACP_BOARD_FEATURES','features','acl_a_board'),(43,1,1,'board','acp',3,25,26,'ACP_AVATAR_SETTINGS','avatar','acl_a_board'),(44,1,1,'board','acp',3,27,28,'ACP_MESSAGE_SETTINGS','message','acl_a_board'),(45,1,1,'board','acp',10,93,94,'ACP_MESSAGE_SETTINGS','message','acl_a_board'),(46,1,1,'board','acp',3,29,30,'ACP_POST_SETTINGS','post','acl_a_board'),(47,1,1,'board','acp',3,31,32,'ACP_SIGNATURE_SETTINGS','signature','acl_a_board'),(48,1,1,'board','acp',3,35,36,'ACP_REGISTER_SETTINGS','registration','acl_a_board'),(49,1,1,'board','acp',4,47,48,'ACP_AUTH_SETTINGS','auth','acl_a_server'),(50,1,1,'board','acp',4,49,50,'ACP_EMAIL_SETTINGS','email','acl_a_server'),(51,1,1,'board','acp',5,55,56,'ACP_COOKIE_SETTINGS','cookie','acl_a_server'),(52,1,1,'board','acp',5,57,58,'ACP_SERVER_SETTINGS','server','acl_a_server'),(53,1,1,'board','acp',5,59,60,'ACP_SECURITY_SETTINGS','security','acl_a_server'),(54,1,1,'board','acp',5,61,62,'ACP_LOAD_SETTINGS','load','acl_a_server'),(55,1,1,'bots','acp',29,269,270,'ACP_BOTS','bots','acl_a_bots'),(56,1,1,'captcha','acp',3,37,38,'ACP_VC_SETTINGS','visual','acl_a_board'),(57,1,0,'captcha','acp',3,39,40,'ACP_VC_CAPTCHA_DISPLAY','img','acl_a_board'),(58,1,1,'database','acp',26,253,254,'ACP_BACKUP','backup','acl_a_backup'),(59,1,1,'database','acp',26,255,256,'ACP_RESTORE','restore','acl_a_backup'),(60,1,1,'disallow','acp',15,171,172,'ACP_DISALLOW_USERNAMES','usernames','acl_a_names'),(61,1,1,'email','acp',29,271,272,'ACP_MASS_EMAIL','email','acl_a_email && cfg_email_enable'),(62,1,1,'forums','acp',7,71,72,'ACP_MANAGE_FORUMS','manage','acl_a_forum'),(63,1,1,'groups','acp',14,157,158,'ACP_GROUPS_MANAGE','manage','acl_a_group'),(64,1,1,'icons','acp',10,97,98,'ACP_ICONS','icons','acl_a_icons'),(65,1,1,'icons','acp',10,99,100,'ACP_SMILIES','smilies','acl_a_icons'),(66,1,1,'inactive','acp',13,123,124,'ACP_INACTIVE_USERS','list','acl_a_user'),(67,1,1,'jabber','acp',4,51,52,'ACP_JABBER_SETTINGS','settings','acl_a_jabber'),(68,1,1,'language','acp',29,273,274,'ACP_LANGUAGE_PACKS','lang_packs','acl_a_language'),(69,1,1,'logs','acp',25,243,244,'ACP_ADMIN_LOGS','admin','acl_a_viewlogs'),(70,1,1,'logs','acp',25,245,246,'ACP_MOD_LOGS','mod','acl_a_viewlogs'),(71,1,1,'logs','acp',25,247,248,'ACP_USERS_LOGS','users','acl_a_viewlogs'),(72,1,1,'logs','acp',25,249,250,'ACP_CRITICAL_LOGS','critical','acl_a_viewlogs'),(73,1,1,'main','acp',1,2,3,'ACP_INDEX','main',''),(74,1,1,'modules','acp',30,281,282,'ACP','acp','acl_a_modules'),(75,1,1,'modules','acp',30,283,284,'UCP','ucp','acl_a_modules'),(76,1,1,'modules','acp',30,285,286,'MCP','mcp','acl_a_modules'),(77,1,1,'permission_roles','acp',19,203,204,'ACP_ADMIN_ROLES','admin_roles','acl_a_roles && acl_a_aauth'),(78,1,1,'permission_roles','acp',19,205,206,'ACP_USER_ROLES','user_roles','acl_a_roles && acl_a_uauth'),(79,1,1,'permission_roles','acp',19,207,208,'ACP_MOD_ROLES','mod_roles','acl_a_roles && acl_a_mauth'),(80,1,1,'permission_roles','acp',19,209,210,'ACP_FORUM_ROLES','forum_roles','acl_a_roles && acl_a_fauth'),(81,1,1,'permissions','acp',16,178,179,'ACP_PERMISSIONS','intro','acl_a_authusers || acl_a_authgroups || acl_a_viewauth'),(82,1,0,'permissions','acp',20,213,214,'ACP_PERMISSION_TRACE','trace','acl_a_viewauth'),(83,1,1,'permissions','acp',18,191,192,'ACP_FORUM_PERMISSIONS','setting_forum_local','acl_a_fauth && (acl_a_authusers || acl_a_authgroups)'),(84,1,1,'permissions','acp',18,195,196,'ACP_FORUM_MODERATORS','setting_mod_local','acl_a_mauth && (acl_a_authusers || acl_a_authgroups)'),(85,1,1,'permissions','acp',17,181,182,'ACP_USERS_PERMISSIONS','setting_user_global','acl_a_authusers && (acl_a_aauth || acl_a_mauth || acl_a_uauth)'),(86,1,1,'permissions','acp',13,127,128,'ACP_USERS_PERMISSIONS','setting_user_global','acl_a_authusers && (acl_a_aauth || acl_a_mauth || acl_a_uauth)'),(87,1,1,'permissions','acp',18,197,198,'ACP_USERS_FORUM_PERMISSIONS','setting_user_local','acl_a_authusers && (acl_a_mauth || acl_a_fauth)'),(88,1,1,'permissions','acp',13,129,130,'ACP_USERS_FORUM_PERMISSIONS','setting_user_local','acl_a_authusers && (acl_a_mauth || acl_a_fauth)'),(89,1,1,'permissions','acp',17,183,184,'ACP_GROUPS_PERMISSIONS','setting_group_global','acl_a_authgroups && (acl_a_aauth || acl_a_mauth || acl_a_uauth)'),(90,1,1,'permissions','acp',14,159,160,'ACP_GROUPS_PERMISSIONS','setting_group_global','acl_a_authgroups && (acl_a_aauth || acl_a_mauth || acl_a_uauth)'),(91,1,1,'permissions','acp',18,199,200,'ACP_GROUPS_FORUM_PERMISSIONS','setting_group_local','acl_a_authgroups && (acl_a_mauth || acl_a_fauth)'),(92,1,1,'permissions','acp',14,161,162,'ACP_GROUPS_FORUM_PERMISSIONS','setting_group_local','acl_a_authgroups && (acl_a_mauth || acl_a_fauth)'),(93,1,1,'permissions','acp',17,185,186,'ACP_ADMINISTRATORS','setting_admin_global','acl_a_aauth && (acl_a_authusers || acl_a_authgroups)'),(94,1,1,'permissions','acp',17,187,188,'ACP_GLOBAL_MODERATORS','setting_mod_global','acl_a_mauth && (acl_a_authusers || acl_a_authgroups)'),(95,1,1,'permissions','acp',20,215,216,'ACP_VIEW_ADMIN_PERMISSIONS','view_admin_global','acl_a_viewauth'),(96,1,1,'permissions','acp',20,217,218,'ACP_VIEW_USER_PERMISSIONS','view_user_global','acl_a_viewauth'),(97,1,1,'permissions','acp',20,219,220,'ACP_VIEW_GLOBAL_MOD_PERMISSIONS','view_mod_global','acl_a_viewauth'),(98,1,1,'permissions','acp',20,221,222,'ACP_VIEW_FORUM_MOD_PERMISSIONS','view_mod_local','acl_a_viewauth'),(99,1,1,'permissions','acp',20,223,224,'ACP_VIEW_FORUM_PERMISSIONS','view_forum_local','acl_a_viewauth'),(100,1,1,'php_info','acp',29,275,276,'ACP_PHP_INFO','info','acl_a_phpinfo'),(101,1,1,'profile','acp',13,131,132,'ACP_CUSTOM_PROFILE_FIELDS','profile','acl_a_profile'),(102,1,1,'prune','acp',7,73,74,'ACP_PRUNE_FORUMS','forums','acl_a_prune'),(103,1,1,'prune','acp',15,173,174,'ACP_PRUNE_USERS','users','acl_a_userdel'),(104,1,1,'ranks','acp',13,133,134,'ACP_MANAGE_RANKS','ranks','acl_a_ranks'),(105,1,1,'reasons','acp',29,277,278,'ACP_MANAGE_REASONS','main','acl_a_reasons'),(106,1,1,'search','acp',5,63,64,'ACP_SEARCH_SETTINGS','settings','acl_a_search'),(107,1,1,'search','acp',26,257,258,'ACP_SEARCH_INDEX','index','acl_a_search'),(108,1,1,'styles','acp',22,229,230,'ACP_STYLES','style','acl_a_styles'),(109,1,1,'styles','acp',23,233,234,'ACP_TEMPLATES','template','acl_a_styles'),(110,1,1,'styles','acp',23,235,236,'ACP_THEMES','theme','acl_a_styles'),(111,1,1,'styles','acp',23,237,238,'ACP_IMAGESETS','imageset','acl_a_styles'),(112,1,1,'update','acp',28,265,266,'ACP_VERSION_CHECK','version_check','acl_a_board'),(113,1,1,'users','acp',13,119,120,'ACP_MANAGE_USERS','overview','acl_a_user'),(114,1,0,'users','acp',13,135,136,'ACP_USER_FEEDBACK','feedback','acl_a_user'),(115,1,0,'users','acp',13,139,140,'ACP_USER_PROFILE','profile','acl_a_user'),(116,1,0,'users','acp',13,141,142,'ACP_USER_PREFS','prefs','acl_a_user'),(117,1,0,'users','acp',13,143,144,'ACP_USER_AVATAR','avatar','acl_a_user'),(118,1,0,'users','acp',13,145,146,'ACP_USER_RANK','rank','acl_a_user'),(119,1,0,'users','acp',13,147,148,'ACP_USER_SIG','sig','acl_a_user'),(120,1,0,'users','acp',13,149,150,'ACP_USER_GROUPS','groups','acl_a_user && acl_a_group'),(121,1,0,'users','acp',13,151,152,'ACP_USER_PERM','perm','acl_a_user && acl_a_viewauth'),(122,1,0,'users','acp',13,153,154,'ACP_USER_ATTACH','attach','acl_a_user'),(123,1,1,'words','acp',10,101,102,'ACP_WORDS','words','acl_a_words'),(124,1,1,'users','acp',2,5,6,'ACP_MANAGE_USERS','overview','acl_a_user'),(125,1,1,'groups','acp',2,7,8,'ACP_GROUPS_MANAGE','manage','acl_a_group'),(126,1,1,'forums','acp',2,9,10,'ACP_MANAGE_FORUMS','manage','acl_a_forum'),(127,1,1,'logs','acp',2,11,12,'ACP_MOD_LOGS','mod','acl_a_viewlogs'),(128,1,1,'bots','acp',2,13,14,'ACP_BOTS','bots','acl_a_bots'),(129,1,1,'php_info','acp',2,15,16,'ACP_PHP_INFO','info','acl_a_phpinfo'),(130,1,1,'permissions','acp',8,77,78,'ACP_FORUM_PERMISSIONS','setting_forum_local','acl_a_fauth && (acl_a_authusers || acl_a_authgroups)'),(131,1,1,'permissions','acp',8,81,82,'ACP_FORUM_MODERATORS','setting_mod_local','acl_a_mauth && (acl_a_authusers || acl_a_authgroups)'),(132,1,1,'permissions','acp',8,83,84,'ACP_USERS_FORUM_PERMISSIONS','setting_user_local','acl_a_authusers && (acl_a_mauth || acl_a_fauth)'),(133,1,1,'permissions','acp',8,85,86,'ACP_GROUPS_FORUM_PERMISSIONS','setting_group_local','acl_a_authgroups && (acl_a_mauth || acl_a_fauth)'),(134,1,1,'','mcp',0,1,10,'MCP_MAIN','',''),(135,1,1,'','mcp',0,11,18,'MCP_QUEUE','',''),(136,1,1,'','mcp',0,19,32,'MCP_REPORTS','',''),(137,1,1,'','mcp',0,33,38,'MCP_NOTES','',''),(138,1,1,'','mcp',0,39,48,'MCP_WARN','',''),(139,1,1,'','mcp',0,49,56,'MCP_LOGS','',''),(140,1,1,'','mcp',0,57,64,'MCP_BAN','',''),(141,1,1,'ban','mcp',140,58,59,'MCP_BAN_USERNAMES','user','acl_m_ban'),(142,1,1,'ban','mcp',140,60,61,'MCP_BAN_IPS','ip','acl_m_ban'),(143,1,1,'ban','mcp',140,62,63,'MCP_BAN_EMAILS','email','acl_m_ban'),(144,1,1,'logs','mcp',139,50,51,'MCP_LOGS_FRONT','front','acl_m_ || aclf_m_'),(145,1,1,'logs','mcp',139,52,53,'MCP_LOGS_FORUM_VIEW','forum_logs','acl_m_,$id'),(146,1,1,'logs','mcp',139,54,55,'MCP_LOGS_TOPIC_VIEW','topic_logs','acl_m_,$id'),(147,1,1,'main','mcp',134,2,3,'MCP_MAIN_FRONT','front',''),(148,1,1,'main','mcp',134,4,5,'MCP_MAIN_FORUM_VIEW','forum_view','acl_m_,$id'),(149,1,1,'main','mcp',134,6,7,'MCP_MAIN_TOPIC_VIEW','topic_view','acl_m_,$id'),(150,1,1,'main','mcp',134,8,9,'MCP_MAIN_POST_DETAILS','post_details','acl_m_,$id || (!$id && aclf_m_)'),(151,1,1,'notes','mcp',137,34,35,'MCP_NOTES_FRONT','front',''),(152,1,1,'notes','mcp',137,36,37,'MCP_NOTES_USER','user_notes',''),(153,1,1,'queue','mcp',135,12,13,'MCP_QUEUE_UNAPPROVED_TOPICS','unapproved_topics','aclf_m_approve'),(154,1,1,'queue','mcp',135,14,15,'MCP_QUEUE_UNAPPROVED_POSTS','unapproved_posts','aclf_m_approve'),(155,1,1,'queue','mcp',135,16,17,'MCP_QUEUE_APPROVE_DETAILS','approve_details','acl_m_approve,$id || (!$id && aclf_m_approve)'),(156,1,1,'reports','mcp',136,20,21,'MCP_REPORTS_OPEN','reports','aclf_m_report'),(157,1,1,'reports','mcp',136,22,23,'MCP_REPORTS_CLOSED','reports_closed','aclf_m_report'),(158,1,1,'reports','mcp',136,24,25,'MCP_REPORT_DETAILS','report_details','acl_m_report,$id || (!$id && aclf_m_report)'),(159,1,1,'warn','mcp',138,40,41,'MCP_WARN_FRONT','front','aclf_m_warn'),(160,1,1,'warn','mcp',138,42,43,'MCP_WARN_LIST','list','aclf_m_warn'),(161,1,1,'warn','mcp',138,44,45,'MCP_WARN_USER','warn_user','aclf_m_warn'),(162,1,1,'warn','mcp',138,46,47,'MCP_WARN_POST','warn_post','acl_m_warn && acl_f_read,$id'),(163,1,1,'','ucp',0,1,12,'UCP_MAIN','',''),(164,1,1,'','ucp',0,13,22,'UCP_PROFILE','',''),(165,1,1,'','ucp',0,23,30,'UCP_PREFS','',''),(166,1,1,'','ucp',0,31,42,'UCP_PM','',''),(167,1,1,'','ucp',0,43,48,'UCP_USERGROUPS','',''),(168,1,1,'','ucp',0,49,54,'UCP_ZEBRA','',''),(169,1,1,'attachments','ucp',163,10,11,'UCP_MAIN_ATTACHMENTS','attachments','acl_u_attach'),(170,1,1,'groups','ucp',167,44,45,'UCP_USERGROUPS_MEMBER','membership',''),(171,1,1,'groups','ucp',167,46,47,'UCP_USERGROUPS_MANAGE','manage',''),(172,1,1,'main','ucp',163,2,3,'UCP_MAIN_FRONT','front',''),(173,1,1,'main','ucp',163,4,5,'UCP_MAIN_SUBSCRIBED','subscribed',''),(174,1,1,'main','ucp',163,6,7,'UCP_MAIN_BOOKMARKS','bookmarks','cfg_allow_bookmarks'),(175,1,1,'main','ucp',163,8,9,'UCP_MAIN_DRAFTS','drafts',''),(176,1,0,'pm','ucp',166,32,33,'UCP_PM_VIEW','view','cfg_allow_privmsg'),(177,1,1,'pm','ucp',166,34,35,'UCP_PM_COMPOSE','compose','cfg_allow_privmsg'),(178,1,1,'pm','ucp',166,36,37,'UCP_PM_DRAFTS','drafts','cfg_allow_privmsg'),(179,1,1,'pm','ucp',166,38,39,'UCP_PM_OPTIONS','options','cfg_allow_privmsg'),(180,1,0,'pm','ucp',166,40,41,'UCP_PM_POPUP_TITLE','popup','cfg_allow_privmsg'),(181,1,1,'prefs','ucp',165,24,25,'UCP_PREFS_PERSONAL','personal',''),(182,1,1,'prefs','ucp',165,26,27,'UCP_PREFS_POST','post',''),(183,1,1,'prefs','ucp',165,28,29,'UCP_PREFS_VIEW','view',''),(184,1,1,'profile','ucp',164,14,15,'UCP_PROFILE_PROFILE_INFO','profile_info',''),(185,1,1,'profile','ucp',164,16,17,'UCP_PROFILE_SIGNATURE','signature',''),(186,1,1,'profile','ucp',164,18,19,'UCP_PROFILE_AVATAR','avatar','cfg_allow_avatar && (cfg_allow_avatar_local || cfg_allow_avatar_remote || cfg_allow_avatar_upload || cfg_allow_avatar_remote_upload)'),(187,1,1,'profile','ucp',164,20,21,'UCP_PROFILE_REG_DETAILS','reg_details',''),(188,1,1,'zebra','ucp',168,50,51,'UCP_ZEBRA_FRIENDS','friends',''),(189,1,1,'zebra','ucp',168,52,53,'UCP_ZEBRA_FOES','foes',''),(190,1,1,'add_user','acp',13,121,122,'ACP_ADD_USER','add_user','acl_a_add_user'),(191,0,1,'manage_attachments','acp',11,113,114,'ACP_MANAGE_ATTACHMENTS','attachments','acl_a_attach'),(224,1,1,'portal','acp',221,295,296,'ACP_PORTAL_ANNOUNCEMENTS_INFO','announcements','acl_a_portal_manage'),(223,1,1,'portal','acp',221,293,294,'ACP_PORTAL_NEWS_INFO','news','acl_a_portal_manage'),(220,1,1,'','acp',0,289,326,'ACP_CAT_DOT_MODS','',''),(221,1,1,'','acp',220,290,325,'ACP_PORTAL_INFO','',''),(202,0,1,'board','acp',3,43,44,'ACP_EXPRESS_SETTINGS','express','acl_a_board'),(201,0,1,'inactive_users','acp',13,125,126,'INACTIVE_USERS_LIST','list','acl_a_user'),(225,1,1,'portal','acp',221,297,298,'ACP_PORTAL_WELCOME_INFO','welcome','acl_a_portal_manage'),(210,1,1,'board','acp',3,33,34,'ACP_FEED_SETTINGS','feed','acl_a_board'),(211,1,0,'users','acp',13,137,138,'ACP_USER_WARNINGS','warnings','acl_a_user'),(212,1,1,'send_statistics','acp',5,65,66,'ACP_SEND_STATISTICS','send_statistics','acl_a_server'),(213,1,1,'permissions','acp',8,79,80,'ACP_FORUM_PERMISSIONS_COPY','setting_forum_copy','acl_a_fauth && acl_a_authusers && acl_a_authgroups && acl_a_mauth'),(214,1,1,'permissions','acp',18,193,194,'ACP_FORUM_PERMISSIONS_COPY','setting_forum_copy','acl_a_fauth && acl_a_authusers && acl_a_authgroups && acl_a_mauth'),(215,1,1,'pm_reports','mcp',136,26,27,'MCP_PM_REPORTS_OPEN','pm_reports','aclf_m_report'),(216,1,1,'pm_reports','mcp',136,28,29,'MCP_PM_REPORTS_CLOSED','pm_reports_closed','aclf_m_report'),(217,1,1,'pm_reports','mcp',136,30,31,'MCP_PM_REPORT_DETAILS','pm_report_details','aclf_m_report'),(218,1,1,'board','acp',10,95,96,'ACP_POST_SETTINGS','post','acl_a_board'),(226,1,1,'portal','acp',221,299,300,'ACP_PORTAL_RECENT_INFO','recent','acl_a_portal_manage'),(227,1,1,'portal','acp',221,301,302,'ACP_PORTAL_WORDGRAPH_INFO','wordgraph','acl_a_portal_manage'),(228,1,1,'portal','acp',221,303,304,'ACP_PORTAL_PAYPAL_INFO','paypal','acl_a_portal_manage'),(229,1,1,'portal','acp',221,305,306,'ACP_PORTAL_ATTACHMENTS_INFO','attachments','acl_a_portal_manage'),(230,1,1,'portal','acp',221,307,308,'ACP_PORTAL_MEMBERS_INFO','members','acl_a_portal_manage'),(231,1,1,'portal','acp',221,309,310,'ACP_PORTAL_POLLS_INFO','polls','acl_a_portal_manage'),(232,1,1,'portal','acp',221,311,312,'ACP_PORTAL_BOTS_INFO','bots','acl_a_portal_manage'),(233,1,1,'portal','acp',221,313,314,'ACP_PORTAL_POSTER_INFO','poster','acl_a_portal_manage'),(234,1,1,'portal','acp',221,315,316,'ACP_PORTAL_MINICALENDAR_INFO','minicalendar','acl_a_portal_manage'),(235,1,1,'portal','acp',221,317,318,'ACP_PORTAL_CUSTOMBLOCK_INFO','customblock','acl_a_portal_manage'),(236,1,1,'portal','acp',221,319,320,'ACP_PORTAL_LINKS_INFO','links','acl_a_portal_manage'),(237,1,1,'portal','acp',221,321,322,'ACP_PORTAL_FRIENDS_INFO','friends','acl_a_portal_manage'),(238,1,1,'portal','acp',221,323,324,'ACP_PORTAL_BIRTHDAYS_INFO','birthdays','acl_a_portal_manage'),(239,1,1,'auto_backup','acp',26,259,260,'ACP_AUTO_BACKUP_INDEX_TITLE','index','acl_a_board');

--
-- Table structure for table `phpbb_poll_options`
--

CREATE TABLE `phpbb_poll_options` (
  `poll_option_id` tinyint(4) NOT NULL DEFAULT '0',
  `topic_id` mediumint(8) unsigned NOT NULL DEFAULT '0',
  `poll_option_text` blob NOT NULL,
  `poll_option_total` mediumint(8) unsigned NOT NULL DEFAULT '0',
  KEY `poll_opt_id` (`poll_option_id`),
  KEY `topic_id` (`topic_id`)
) ENGINE=MyISAM DEFAULT CHARSET=latin1;

--
-- Dumping data for table `phpbb_poll_options`
--

INSERT INTO `phpbb_poll_options` VALUES (1,99,'Yes',21),(2,99,'No',4);

--
-- Table structure for table `phpbb_poll_votes`
--

CREATE TABLE `phpbb_poll_votes` (
  `topic_id` mediumint(8) unsigned NOT NULL DEFAULT '0',
  `poll_option_id` tinyint(4) NOT NULL DEFAULT '0',
  `vote_user_id` mediumint(8) unsigned NOT NULL DEFAULT '0',
  `vote_user_ip` varchar(40) CHARACTER SET latin1 COLLATE latin1_bin NOT NULL DEFAULT '',
  KEY `topic_id` (`topic_id`),
  KEY `vote_user_id` (`vote_user_id`),
  KEY `vote_user_ip` (`vote_user_ip`)
) ENGINE=MyISAM DEFAULT CHARSET=latin1;

--
-- Dumping data for table `phpbb_poll_votes`
--

INSERT INTO `phpbb_poll_votes` VALUES (99,127,1,'72.240.81.83'),(99,127,32,'72.240.81.83'),(99,127,687,'81.64.201.111'),(99,127,1,'85.226.252.140'),(99,127,629,'80.3.0.42'),(99,127,686,'12.10.223.44'),(99,127,692,'24.200.86.178'),(99,127,643,'68.238.41.169'),(99,127,10,'72.10.135.138'),(99,127,30,'84.9.72.210'),(99,127,553,'84.104.161.23'),(99,127,475,'142.163.167.118'),(99,127,16,'24.67.161.73'),(99,127,271,'85.235.18.6'),(99,127,29,'213.112.223.173'),(99,127,561,'24.6.212.195'),(99,127,486,'24.70.95.203'),(99,127,115,'68.81.76.220'),(99,127,681,'24.203.71.155'),(99,127,538,'142.107.100.31'),(99,127,225,'66.25.3.199'),(99,127,23,'24.20.25.83'),(99,127,4,'213.112.222.13'),(99,127,39,'85.27.57.217'),(99,1,743,'72.241.124.19');

--
-- Table structure for table `phpbb_portal_config`
--

CREATE TABLE `phpbb_portal_config` (
  `config_name` varchar(255) CHARACTER SET latin1 COLLATE latin1_bin NOT NULL DEFAULT '',
  `config_value` mediumblob NOT NULL,
  PRIMARY KEY (`config_name`)
) ENGINE=MyISAM DEFAULT CHARSET=latin1;

--
-- Dumping data for table `phpbb_portal_config`
--

INSERT INTO `phpbb_portal_config` VALUES ('portal_welcome_intro','Welcome to ISOsRus.'),('portal_max_online_friends','8'),('portal_max_most_poster','8'),('portal_max_last_member','8'),('portal_welcome','1'),('portal_links','1'),('portal_link_us','0'),('portal_clock','1'),('portal_random_member','1'),('portal_latest_members','1'),('portal_top_posters','1'),('portal_leaders','1'),('portal_advanced_stat','1'),('portal_welcome_guest','1'),('portal_birthdays','1'),('portal_search','0'),('portal_friends','1'),('portal_whois_online','1'),('portal_change_style','0'),('portal_main_menu','1'),('portal_user_menu','1'),('portal_right_column_width','180'),('portal_left_column_width','180'),('portal_poll_topic','0'),('portal_poll_topic_id','53'),('portal_last_visited_bots_number','1'),('portal_load_last_visited_bots','1'),('portal_pay_acc','gluniz@luniz.org'),('portal_pay_s_block','1'),('portal_pay_c_block','1'),('portal_recent','0'),('portal_recent_title_limit','100'),('portal_max_topics','10'),('portal_news_forum','24,25,26,53,57,30,55,42,56,54,60,38,39,69,43,99,52,62,101,81,82,84,98,100,87,88,86,85,89,31,102,70,71,72,73'),('portal_news_length','250'),('portal_number_of_news','5'),('portal_show_all_news','1'),('portal_news','1'),('portal_news_style','1'),('portal_announcements','0'),('portal_announcements_style','0'),('portal_number_of_announcements','1'),('portal_announcements_day','0'),('portal_announcements_length','200'),('portal_global_announcements_forum','24,25,26,53,57,27,30,55,42,56,54,60,38,39,69,43,99,52,62,101,81,82,84,98,100,87,88,86,85,89,31,102,70,71,72,73'),('portal_wordgraph_word_counts','0'),('portal_wordgraph_max_words','80'),('portal_wordgraph','0'),('portal_wordgraph_ratio','18'),('portal_minicalendar','1'),('portal_minicalendar_today_color','#000000'),('portal_attachments','1'),('portal_attachments_number','8'),('portal_poll_limit','3'),('portal_poll_allow_vote','1'),('portal_birthdays_ahead','30'),('portal_attachments_forum_ids',''),('portal_announcements_permissions','1'),('portal_news_permissions','1'),('portal_custom_center','0'),('portal_custom_small','0'),('portal_custom_code_center',''),('portal_custom_code_small',''),('portal_custom_center_bbcode','0'),('portal_custom_small_bbcode','0'),('portal_custom_center_headline','Headline center box'),('portal_custom_small_headline','Headline small box'),('portal_forum_index','1'),('portal_news_show_last','1'),('portal_news_archive','1'),('portal_announcements_archive','1'),('portal_links_array','a:2:{i:1;a:2:{s:3:\"url\";s:22:\"http://www.dd-wrt.com/\";s:4:\"text\";s:6:\"DD-WRT\";}i:2;a:2:{s:3:\"url\";s:22:\"http://www.newegg.com/\";s:4:\"text\";s:6:\"Newegg\";}}'),('portal_leaders_ext','0'),('portal_show_announcements_replies_views','1'),('portal_show_news_replies_views','1'),('portal_enable','1'),('portal_phpbb_menu','1'),('portal_poll_hide','0'),('portal_minicalendar_sunday_color','#FF0000'),('portal_sunday_first','1'),('portal_long_month','0'),('portal_attach_max_length','15'),('portal_version_check','1'),('version_check_time','1463370479'),('version_check_version','2.0.2'),('portal_left_column','1'),('portal_right_column','1'),('portal_news_exclude','1'),('portal_announcements_forum_exclude','1'),('portal_exclude_forums','1'),('portal_recent_forum',''),('portal_attachments_forum_exclude','0'),('portal_attachments_filetype',''),('portal_attachments_exclude','0'),('portal_poll_exclude_id','0'),('acp_parent_module','221'),('portal_version','1.0.6');

--
-- Table structure for table `phpbb_posts`
--

CREATE TABLE `phpbb_posts` (
  `post_id` mediumint(8) unsigned NOT NULL AUTO_INCREMENT,
  `topic_id` mediumint(8) unsigned NOT NULL DEFAULT '0',
  `forum_id` mediumint(8) unsigned NOT NULL DEFAULT '0',
  `poster_id` mediumint(8) unsigned NOT NULL DEFAULT '0',
  `icon_id` mediumint(8) unsigned NOT NULL DEFAULT '0',
  `poster_ip` varchar(40) CHARACTER SET latin1 COLLATE latin1_bin NOT NULL DEFAULT '',
  `post_time` int(11) unsigned NOT NULL DEFAULT '0',
  `post_approved` tinyint(1) unsigned NOT NULL DEFAULT '1',
  `post_reported` tinyint(1) unsigned NOT NULL DEFAULT '0',
  `enable_bbcode` tinyint(1) unsigned NOT NULL DEFAULT '1',
  `enable_smilies` tinyint(1) unsigned NOT NULL DEFAULT '1',
  `enable_magic_url` tinyint(1) unsigned NOT NULL DEFAULT '1',
  `enable_sig` tinyint(1) unsigned NOT NULL DEFAULT '1',
  `post_username` blob,
  `post_subject` text NOT NULL,
  `post_text` mediumtext NOT NULL,
  `post_checksum` varchar(32) CHARACTER SET latin1 COLLATE latin1_bin NOT NULL DEFAULT '',
  `post_attachment` tinyint(1) unsigned NOT NULL DEFAULT '0',
  `bbcode_bitfield` varchar(255) CHARACTER SET latin1 COLLATE latin1_bin NOT NULL DEFAULT '',
  `bbcode_uid` varchar(8) CHARACTER SET latin1 COLLATE latin1_bin NOT NULL DEFAULT '',
  `post_postcount` tinyint(1) unsigned NOT NULL DEFAULT '1',
  `post_edit_time` int(11) unsigned NOT NULL DEFAULT '0',
  `post_edit_reason` blob,
  `post_edit_user` mediumint(8) unsigned NOT NULL DEFAULT '0',
  `post_edit_count` smallint(4) unsigned NOT NULL DEFAULT '0',
  `post_edit_locked` tinyint(1) unsigned NOT NULL DEFAULT '0',
  PRIMARY KEY (`post_id`),
  KEY `forum_id` (`forum_id`),
  KEY `topic_id` (`topic_id`),
  KEY `poster_ip` (`poster_ip`),
  KEY `poster_id` (`poster_id`),
  KEY `post_approved` (`post_approved`),
  KEY `tid_post_time` (`topic_id`,`post_time`),
  KEY `post_username` (`post_username`(255)),
  FULLTEXT KEY `post_subject` (`post_subject`),
  FULLTEXT KEY `post_text` (`post_text`),
  FULLTEXT KEY `post_content` (`post_subject`,`post_text`)
) ENGINE=MyISAM AUTO_INCREMENT=432 DEFAULT CHARSET=latin1;

--
-- Dumping data for table `phpbb_posts`
--

INSERT INTO `phpbb_posts` VALUES (1,1,24,16,0,'24.81.76.14',1018989360,1,0,1,0,1,0,'','In Memory of one of our own.....','Goodbye Kenney {Shock} Rivers.\n\nIt was a pleasure knowing you and I will miss you dearly.If they have the INET where you are.....stop by and say Hi   [img]images/smiles/icon_smile.gif[/img]   . Love ya man.\n\nRest in Peace','',0,'CA==','2i6gn3pk',1,0,'',16,0,0),(2,1,24,106,0,'65.92.19.115',1018999200,1,0,1,0,1,0,'','In Memory of one of our own.....','Goodbye my friend, I didnt know you much but what I remember is that you are a great guy. We played some Ghost Recon together and I enjoyed every minute of it. So long buddy. I hope you can play some Unreal Tournament where you are, I\'m sure you can kick God\'s ass at it up there  [img]images/smiles/icon_smile.gif[/img] . See ya dude. Take care of us from up there.\n\ntayeule','',0,'CA==','3bb5wjan',1,0,'',106,0,0),(3,1,24,637,0,'217.136.189.175',1019001360,1,0,1,0,1,0,'','In Memory of one of our own.....','A friend is gone to another time in Space, on a journey to another world. His friends where stunned when we here the news, its sure the leaving of Shock let a great empty place behind...\nSome known him well, others from the channel, but its sure, he was a great guy with a optimistic view on life. A guy who was helpfull, and respected all members here, as well we respected him. We all feel with the family-members and his close friends... but i\'m sure what he wants what we do.. remember him, and give a smile instead of tears, remember all good moments with him, enjoy life and never forget what a great friend he was.   We can say one thing to him... life is not over yet...  we meet each other again  [img]images/smiles/icon_smile.gif[/img]','',0,'CA==','1k04h02p',1,0,'',637,0,0),(4,1,24,632,0,'162.83.217.194',1019001480,1,0,1,0,1,0,'','In Memory of one of our own.....','Hey, Shock, I Didn\'t Even Know You. You\'re probably as great as all of the guys on IsosRus. Rest In Peace and Watch out for us. PEACE','',0,'CA==','2urt40ct',1,0,'',632,0,0),(5,1,24,115,0,'216.158.7.18',1019003220,1,0,1,0,1,0,'','In Memory of one of our own.....','I didnt know you very well Shock, but that doesnt mean we weren\'t friends.  We had a fun time in JKII, with you as ObeShock.  I can say that we will all miss you.  Goodbye Shock.','',0,'CA==','3lp0wiev',1,0,'',115,0,0),(6,1,24,661,0,'193.251.31.209',1019016900,1,0,1,0,1,0,'','In Memory of one of our own.....','Shock, I Didn\'t Even Know You But ....\nRIP','',0,'CA==','3gf3jbi2',1,0,'',661,0,0),(7,1,24,25,0,'148.78.244.14',1019020860,1,0,1,0,1,0,'','In Memory of one of our own.....','I\'m posting for all the ppl who havent paid their respects yet....we loved you man and were gunna miss you.','',0,'CA==','54cgctsa',1,0,'',25,0,0),(8,1,24,202,0,'213.93.155.48',1019047260,1,0,1,0,1,0,'','In Memory of one of our own.....','R.I.P my hommie, we will miss ya.','',0,'CA==','3pggvvb4',1,0,'',202,0,0),(9,1,24,649,0,'213.66.75.232',1019051400,1,0,1,0,1,0,'','In Memory of one of our own.....','I dont know you! But take care were you are. We are all going the same way when the time comes.\nPEACE','',0,'CA==','1kxjzpeq',1,0,'',649,0,0),(10,1,24,476,0,'66.168.89.51',1019113140,1,0,1,0,1,0,'','In Memory of one of our own.....','Being the quiet & shy one, I didn\'t really know you Shock. That was my loss. It doesn\'t mean I\'m not sad to see you go. You will be missed by all of us and I\'m sure no one will forget you. Rest in peace bro.','',0,'CA==','1awyte7z',1,0,'',476,0,0),(11,1,24,80,0,'128.253.108.184',1019200680,1,0,1,0,1,0,'','In Memory of one of our own.....','I know I haven\'t talked to you recently, but I remember our times together on the battleground, battling the minions of the lords of hell and emerging triumphant into the light of the holy.  I am sorry that I have not been able to share any other experiences with you before your departure.  May That which is All shine upon your kind spirit and guide you in the paths that you will take in the coming times.  I thank you for being a great friend to me and to all of us, and for the memories without which a part of my life would be incomplete.\n\nzalas','',0,'CA==','140y6aiq',1,0,'',80,0,0),(12,1,24,561,0,'66.1.155.13',1019277600,1,0,1,0,1,0,'','In Memory of one of our own.....','Shock,\nI remember you telling me that the 277 after your name stood for the most voltage you\'ve ever accidently taken.  I feel you have passed that energy back to us.  You will be missed.  Now go play all of those games that none of us down here has time for!\n\nLager','',0,'CA==','1ztpws8b',1,0,'',561,0,0),(13,1,24,6,0,'24.114.49.243',1019808600,1,0,1,0,1,0,'','In Memory of one of our own.....','I made a short flash movie. It\'s not perfect, but I think Shock would\'ve liked it.\n\n[url=http&#58;//www&#46;sympc&#46;com/wtf/Shock&#46;html:fifo8zjo]Watch it here.[/url:fifo8zjo]','',0,'EA==','fifo8zjo',1,0,'',6,0,0),(14,1,24,1,0,'66.157.216.169',1021352820,1,0,1,0,1,0,'Phaded Illusion','In Memory of one of our own.....','Hey Shock was one of ym best friends in person, as some of you know already. To let you know he is a very wonderful guy, he always looked out for me and I always looked out for him. Even the little things like when he couldn\'t afford any food and was tight on money I\'d treat him to as much as I could afford, and he did the same for me in my rough times. We always use to have LAN parties at his old place playing UT. Playing with Cyanide when he was known as Kite when we use to be on Dalnet. I\'ve had a lot of great time with him, playing paintball was pretty fun too we built our own tree forts for snipers. Figures me and him always liked to sniper other people. His father died a week later from a stroke as well a lot of you didn\'t know that yet. They are buried next to each other at the gravesite. I went to visit kenney\'s grave the other week it was pretty hard. But I am going to be visiting him more often there. I will get pics of his grave stone if they put it down if anyone wants a copy. I\'ve also had a lot of other BIG TIME personal problems going on that is affecting the way I am. If I seem to be an asshole it is just I have a lot of stress lately. I will always miss kenney, it just sucks to see him go before he got to experience all of life. Well I will end this for now.   [img]images/smiles/icon_sad.gif[/img]','',0,'CA==','1b4am26e',1,0,'',1,0,0),(15,2,24,130,0,'209.158.57.155',1058882400,1,0,1,0,1,0,'','Putting a face to the name','hi guys, thought it was about time i posted a pic of myself like boneyard did, will post some of kids when i get digital pics of them the next time i have them...peace out bros.  [img]images/smiles/icon_smile.gif[/img]   [img:3lfsefx7]http&#58;//www&#46;luniz&#46;org/tag/cainn1970/cainn1970-1&#46;jpg[/img:3lfsefx7]','',0,'CA==','3lfsefx7',1,0,'',130,0,0),(16,2,24,1,0,'66.177.11.117',1059182820,1,0,1,0,1,0,'Phaded Illusion','Putting a face to the name','Well, some of you may have seen what I look like. But here is a pic to get an idea....\n [img:1ypx4d04]http&#58;//www&#46;clanwtf&#46;com/members/phaded/dsc00037&#46;jpg[/img:1ypx4d04]','',0,'CA==','1ypx4d04',1,0,'',1,0,0),(17,2,24,553,0,'212.127.159.230',1059187200,1,0,1,0,1,0,'','Putting a face to the name','well this is me out snowboarding in austria\n\n [img:hedhnyy4]http&#58;//www&#46;clanwtf&#46;com/members/phaded/themager&#46;jpg[/img:hedhnyy4]','',0,'CA==','hedhnyy4',1,0,'',553,0,0),(18,2,24,1,0,'194.236.120.82',1059224580,1,0,1,0,1,0,'Worfen','Putting a face to the name','[img:2tsu4vbm]http&#58;//www&#46;clanwtf&#46;com/members/phaded/worfen&#46;jpg[/img:2tsu4vbm]','',0,'CA==','2tsu4vbm',1,0,'',1,0,0),(19,2,24,4,0,'194.236.145.134',1059281460,1,0,1,0,1,0,'','Putting a face to the name','Well here is my lovley face......\n\n  [img:23057j96]http&#58;//www&#46;gbg&#46;bonet&#46;se/dtype/ja&#46;jpg[/img:23057j96]','',0,'CA==','23057j96',1,0,'',4,0,0),(20,2,24,581,0,'156.34.67.179',1059247800,1,0,1,0,1,0,'','Putting a face to the name','Well I would post a pic of myself but I am too dumb to do it.  How would I go about doing it?\nBeefy','',0,'CA==','2oyojlfh',1,0,'',581,0,0),(21,2,24,1,0,'66.177.11.117',1059249060,1,0,1,0,1,0,'Phaded Illusion','Putting a face to the name','have someone host your pic on their website, and then I can tell you in the channel how to display the image','',0,'CA==','1zzlm93r',1,0,'',1,0,0),(22,2,24,1,0,'66.177.11.117',1059537120,1,0,1,0,1,0,'Phaded Illusion','Putting a face to the name','testing........','',0,'CA==','y9dby8xd',1,0,'',1,0,0),(23,2,24,1,0,'194.236.120.82',1059666540,1,0,1,0,1,0,'Worfen','Putting a face to the name','testing...','',0,'CA==','1xirtr2i',1,0,'',1,0,0),(24,2,24,681,0,'65.94.132.80',1060444140,1,0,1,0,1,0,'','Putting a face to the name','well here\'s my contribution for the Isosrus Museum of Horrors  [img]images/smiles/icon_wink.gif[/img]  !\n [img:hparybyb]http&#58;//www&#46;nounours&#46;ca/Images/rickdaprick1&#46;jpg[/img:hparybyb]','',0,'CA==','hparybyb',1,0,'',681,0,0),(25,2,24,32,0,'63.162.21.245',1060460700,1,0,1,0,1,0,'','Putting a face to the name','Ugly fuckers if you ask me ;^)','',0,'CA==','3iplnuhd',1,0,'',32,0,0),(26,2,24,115,0,'216.158.7.18',1061925960,1,0,1,0,1,0,'','Putting a face to the name','ai, watch the movie, im in that  [img]images/smiles/icon_wink.gif[/img]  im Matt','',0,'CA==','31nwyds8',1,0,'',115,0,0),(27,2,24,122,0,'213.15.86.21',1061967300,1,0,1,0,1,0,'','Putting a face to the name','Hilarious   [img]images/smiles/icon_biggrin.gif[/img]  \nThink dType got some Swedish \"snus\" under his lip...?\n//feist','',0,'CA==','20bsgsbt',1,0,'',122,0,0),(28,2,24,4,0,'194.236.145.134',1062330180,1,0,1,0,1,0,'','Putting a face to the name','yep... \"general\"','',0,'CA==','3qjqv7pd',1,0,'',4,0,0),(29,2,24,72,0,'68.99.93.213',1062367980,1,0,1,0,1,0,'','Putting a face to the name','Can anyone host my pic?','',0,'CA==','1btivkvl',1,0,'',72,0,0),(30,2,24,32,0,'63.162.21.245',1062371820,1,0,1,0,1,0,'','Putting a face to the name','As I have said many times, i can host all pics/tags on luniz.org...all you need to do is send me the pic','',0,'CA==','rddti1hi',1,0,'',32,0,0),(31,2,24,1,0,'66.177.11.117',1063570140,1,0,1,0,1,0,'Phaded Illusion','Putting a face to the name','ok another one of me during a game decided to take a pic.\n\n [img:nqvknpwg]http&#58;//clanwtf&#46;com/members/phaded/megaming&#46;jpg[/img:nqvknpwg]','',0,'CA==','nqvknpwg',1,0,'',1,0,0),(32,2,24,1,0,'66.177.11.117',1063570200,1,0,1,0,1,0,'Phaded Illusion','Putting a face to the name','also changed my sig.....','',0,'CA==','1o7wesxo',1,0,'',1,0,0),(33,2,24,115,0,'216.158.7.18',1064116260,1,0,1,0,1,0,'','Putting a face to the name','fresh from the Promo i just finished for a movie theatre and resturaunt.\n\n [img:oh1g2gf8]http&#58;//www&#46;luniz&#46;org/images/maddawg/me&#46;jpg[/img:oh1g2gf8]','',0,'CA==','oh1g2gf8',1,0,'',115,0,0),(34,2,24,115,0,'216.158.7.18',1064116740,1,0,1,0,1,0,'','Putting a face to the name','Promo, NOT PORNO you sick fucks.','',0,'CA==','bi465fzx',1,0,'',115,0,0),(35,2,24,16,0,'63.162.21.245',1064127660,1,0,1,0,1,0,'','Putting a face to the name','','',0,'0','1gny8d57',1,0,'',16,0,0),(36,2,24,486,0,'24.70.95.205',1066592220,1,0,1,0,1,0,'','Putting a face to the name','[img:1udbpxxw]ftp&#58;//Picture&#58;Group@24&#46;67&#46;37&#46;76&#58;65535/016_16&#46;JPG[/img:1udbpxxw]  \n\nMe with the fast and the furious car in california. Bad Pic Nice  CAR!!!\n\nThe-_-Pro','',0,'CA==','1udbpxxw',1,0,'',486,0,0),(37,2,24,32,0,'63.162.21.245',1066598340,1,0,1,0,1,0,'','Putting a face to the name','PPL, learn to resize ur pics b4 posting them.','',0,'CA==','3lffq0eb',1,0,'',32,0,0),(38,2,24,1,0,'66.177.168.4',1075263000,1,0,1,0,1,0,'Phaded Illusion','Putting a face to the name','Well I am bored and figured I\'d post more pics.\n\n [img:t8txtfcq]http&#58;//www&#46;clanwtf&#46;com/members/phaded/chuck2&#46;jpg[/img:t8txtfcq]\n\n [img:t8txtfcq]http&#58;//www&#46;clanwtf&#46;com/members/phaded/chuck8&#46;jpg[/img:t8txtfcq]\nThis is a tattoo of a skull on my back, in the flames it spells out my name.\n\n [img:t8txtfcq]http&#58;//www&#46;clanwtf&#46;com/members/phaded/chuck9&#46;jpg[/img:t8txtfcq]\nThese are for RIP KER, Rest In Peace Kenneth Eugene Rivers, aka Shock. Some of you know he was my real life best friend.','',0,'CA==','t8txtfcq',1,0,'',1,0,0),(39,2,24,6,0,'204.153.10.193',1081376940,1,0,1,0,1,0,'','Putting a face to the name','Phaded, I swear you\'re an exhibitionist   [img]images/smiles/icon_razz.gif[/img]  \n\nthemager, do you know the guy in the background in the red jacket?? That looks exactly like a friend of mine..\n\nL3sT4T, do you live in Ottawa? I swear I\'ve seen you somewhere before...\n\n  [img]images/smiles/icon_confused.gif[/img]','',0,'CA==','y9slozop',1,0,'',6,0,0),(40,2,24,6,0,'204.153.10.193',1082774640,1,0,1,0,1,0,'','Putting a face to the name','I guess no one reads the forums anymore except Luniz, Cyanide, and myself    [img]images/smiles/icon_sad.gif[/img]','',0,'CA==','2zad2zwx',1,0,'',6,0,0),(41,2,24,629,0,'80.3.0.44',1082915520,1,0,1,0,1,0,'','Putting a face to the name','i read em, just seems no one uses this great facility.','',0,'CA==','22yblnde',1,0,'',629,0,0),(42,2,24,1,0,'66.177.168.4',1083030660,1,0,1,0,1,0,'Phaded Illusion','Putting a face to the name','I read them at least once a day','',0,'CA==','15wfsprj',1,0,'',1,0,0),(43,2,24,6,0,'204.153.10.193',1083108240,1,0,1,0,1,0,'','Putting a face to the name','Let\'s discuss something   [img]images/smiles/icon_razz.gif[/img]','',0,'CA==','26e3w00m',1,0,'',6,0,0),(44,2,24,1,0,'66.177.168.4',1083110640,1,0,1,0,1,0,'Phaded Illusion','Putting a face to the name','well I quit WTF','',0,'CA==','3001ri2f',1,0,'',1,0,0),(45,2,24,6,0,'204.153.10.193',1083190080,1,0,1,0,1,0,'','Putting a face to the name','I heard, what did you tell them? I want to see the post and their reactions   [img]images/smiles/icon_razz.gif[/img]','',0,'CA==','3hvvy584',1,0,'',6,0,0),(46,2,24,122,0,'213.112.40.53',1083334980,1,0,1,0,1,0,'','Putting a face to the name','Hmm seems there is a lack of moderators. Shouldnt you guys star a different thread?!\n//feist','',0,'CA==','2sth4g9h',1,0,'',122,0,0),(54,4,24,1,0,'81.139.132.229',1108745820,1,0,1,0,1,0,'[_Giant_]','Who is the youngest and oldest','Well while i was sitting here bored at work I was wondering who was the youngest and who was the oldest in the chan.\n\nI\'ll go first, D.O.B - 23/07/78\n\nI still think Liquid is the oldest in the chan  [img]images/smiles/icon_smile.gif[/img]','',0,'CA==','2pfisevv',1,0,'',1,0,0),(55,4,24,271,0,'83.72.196.8',1108745880,1,0,1,0,1,0,'','Who is the youngest and oldest','26/6/73','',0,'CA==','xctewfx9',1,0,'',271,0,0),(56,4,24,553,0,'84.104.163.195',1108789560,1,0,1,0,1,0,'','Who is the youngest and oldest','11 december 1987','',0,'CA==','35pz0k44',1,0,'',553,0,0),(57,4,24,681,0,'24.37.215.50',1108789620,1,0,1,0,1,0,'','Who is the youngest and oldest','01/02/77  [img]images/smiles/icon_eek.gif[/img]','',0,'CA==','3cdf6ine',1,0,'',681,0,0),(58,4,24,30,0,'217.15.171.230',1108791240,1,0,1,0,1,0,'','Who is the youngest and oldest','erm...Born in 1972 ?\n\n03 September 1972','',0,'CA==','1r7vzzsa',1,0,'',30,0,0),(59,4,24,1,0,'66.177.169.125',1108759440,1,0,1,0,1,0,'Phaded Illusion','Who is the youngest and oldest','October 12, 1980','',0,'CA==','5ktrrp29',1,0,'',1,0,0),(60,4,24,643,0,'24.229.135.45',1108775040,1,0,1,0,1,0,'','Who is the youngest and oldest','10/27/65','',0,'CA==','d20qogvc',1,0,'',643,0,0),(61,4,24,32,0,'204.118.178.77',1108780320,1,0,1,0,1,0,'','Who is the youngest and oldest','09/15/74','',0,'CA==','3865wr1p',1,0,'',32,0,0),(62,4,24,561,0,'24.6.214.207',1108810140,1,0,1,0,1,0,'','Who is the youngest and oldest','7-29-68\nclose maybe?','',0,'CA==','83586iki',1,0,'',561,0,0),(63,4,24,538,0,'24.42.211.184',1108811760,1,0,1,0,1,0,'','Who is the youngest and oldest','08/21/83  think im in the middle','',0,'CA==','3l3zk1pt',1,0,'',538,0,0),(64,4,24,4,0,'82.182.108.184',1108902000,1,0,1,0,1,0,'','Who is the youngest and oldest','dtype 1974-06-27\n\n= 30 years','',0,'CA==','12i9rdjc',1,0,'',4,0,0),(65,4,24,629,0,'62.252.64.18',1108906320,1,0,1,0,1,0,'','Who is the youngest and oldest','its the 14/09/1982 for me.   [img]images/smiles/icon_biggrin.gif[/img]    [img]images/smiles/icon_biggrin.gif[/img]','',0,'CA==','1wbr4jbs',1,0,'',629,0,0),(66,4,24,1,0,'66.177.169.125',1108916760,1,0,1,0,1,0,'Phaded Illusion','Who is the youngest and oldest','Shock\'s is October 13, 1976 I believe','',0,'CA==','17bhk88n',1,0,'',1,0,0),(67,4,24,581,0,'24.215.105.63',1108930620,1,0,1,0,1,0,'','Who is the youngest and oldest','June 30, 1980','',0,'CA==','ij1dd1e5',1,0,'',581,0,0),(68,4,24,122,0,'85.224.197.45',1109020260,1,0,1,0,1,0,'','Who is the youngest and oldest','Feb 21st, 1974\n(31 today!!)\n//feist','',0,'CA==','ndxnpwyg',1,0,'',122,0,0),(69,4,24,10,0,'216.239.86.93',1109128260,1,0,1,0,1,0,'','Who is the youngest and oldest','Woot, Happy B-Day Feist!!!\n\n6/24/81 for myself...\n\nSo, yeah I am not even close to the oldest...','',0,'CA==','3is6esm5',1,0,'',10,0,0),(70,4,24,688,0,'68.66.6.67',1109128920,1,0,1,0,1,0,'','Who is the youngest and oldest','09/13/67\n\nNot even close to Liquid!!!','',0,'CA==','2j3792f4',1,0,'',688,0,0),(71,4,24,1,0,'67.160.1.149',1109194560,1,0,1,0,1,0,'Uranium234','Who is the youngest and oldest','09/14/76','',0,'CA==','37qktp2t',1,0,'',1,0,0),(72,4,24,107,0,'69.60.224.44',1109652660,1,0,1,0,1,0,'','Who is the youngest and oldest','05/12/84','',0,'CA==','1vols645',1,0,'',107,0,0),(73,4,24,475,0,'142.162.167.90',1109918700,1,0,1,0,1,0,'','Who is the youngest and oldest','09.11.74','',0,'CA==','gvhbtmi9',1,0,'',475,0,0),(74,4,24,6,0,'161.114.64.71',1110100500,1,0,1,0,1,0,'','Who is the youngest and oldest','\'80   [img]images/smiles/icon_biggrin.gif[/img]','',0,'CA==','118w81a0',1,0,'',6,0,0),(75,4,24,1,0,'213.112.41.93',1110580920,1,0,1,0,1,0,'SubZero_','Who is the youngest and oldest','1981-10-03 23    [img]images/smiles/icon_smile.gif[/img]','',0,'CA==','1l3zd7gp',1,0,'',1,0,0),(76,4,24,486,0,'24.70.95.204',1110905100,1,0,1,0,1,0,'','Who is the youngest and oldest','06/24/86 so far I am the youngest but I know for sure i am not there is one person younger then me lets see if he enters','',0,'CA==','2kd0dnr7',1,0,'',486,0,0),(77,4,24,629,0,'62.252.64.18',1110941220,1,0,1,0,1,0,'','Who is the youngest and oldest','&lt;/font&gt;&lt;blockquote&gt;&lt;font size=\"1\" face=\"Verdana, Helvetica, sans-serif\"&gt;quote:&lt;/font&gt;&lt;hr /&gt;&lt;font size=\"2\" face=\"Verdana, Helvetica, sans-serif\"&gt;Originally posted by The-_-Pro:\n&lt;strong&gt; 06/24/86 so far I am the youngest but I know for sure i am not there is one person younger then me lets see if he enters &lt;/strong&gt;&lt;/font&gt;&lt;hr /&gt;&lt;/blockquote&gt;&lt;font size=\"2\" face=\"Verdana, Helvetica, sans-serif\"&gt;u mean Themager? who\'s already posted 11 december 1987    [img]images/smiles/icon_biggrin.gif[/img]    [img]images/smiles/icon_biggrin.gif[/img]    [img]images/smiles/icon_biggrin.gif[/img]','',0,'CA==','11kti3gz',1,0,'',629,0,0),(78,4,24,130,0,'209.158.53.140',1111192560,1,0,1,0,1,0,'','Who is the youngest and oldest','04/21/70','',0,'CA==','2krrluy3',1,0,'',130,0,0),(79,4,24,115,0,'68.81.76.220',1111693860,1,0,1,0,1,0,'','Who is the youngest and oldest','3/20/84 - towards the end... towards...','',0,'CA==','3scpv2wj',1,0,'',115,0,0),(80,4,24,689,0,'66.177.65.153',1111711800,1,0,1,0,1,0,'','Who is the youngest and oldest','3-15-81','',0,'CA==','26bysri4',1,0,'',689,0,0),(81,4,24,23,0,'24.21.115.226',1112811000,1,0,1,0,1,0,'','Who is the youngest and oldest','Ok I am the oldest....somewhere in the age of dirt.','',0,'CA==','17hn6xf2',1,0,'',23,0,0),(82,4,24,16,0,'24.70.5.138',1114316400,1,0,1,0,1,0,'','Who is the youngest and oldest','02-10-70','',0,'CA==','23te7zl8',1,0,'',16,0,0),(83,4,24,32,0,'204.118.178.77',1115089260,1,0,1,0,1,0,'','Who is the youngest and oldest','Liquid_Cooled turns 40 on 5/2/05.  Happy Birthday you old fucker.  Now get the fuck out.','',0,'CA==','kstven8a',1,0,'',32,0,0),(84,4,24,106,0,'24.200.64.134',1135749060,1,0,1,0,1,0,'','Who is the youngest and oldest','21-01-1977\n\nI think the oldest was freaksterz, but now it must be Liquid... hey, the guy survived WWII.','',0,'CA==','1ar11ggm',1,0,'',106,0,0),(85,5,24,115,0,'68.81.76.220',1140578760,1,0,1,0,1,0,'','So I got a mac...','Well, I am a digital designer, so at my current internship/job I had the luck of getting an old PowerMac G3.  Its only 400 MHz with 384MB PC100 Ram, but it runs MacOSX 10.4.4.  Why am I revealing this?\n\nWell, I am new to owning a Mac, and playing around with OSX (aside from the programs I use at school/work), and I was wondering if anyone could just give me some basic information, or links for good Mac OSX programs like FTP Clients, IRC programs, stuff like that.\n\nAnyone?','',0,'CA==','25cyvkhv',1,0,'',115,0,0),(86,5,24,32,0,'72.240.74.231',1140669600,1,0,1,0,1,0,'','So I got a mac...','Good luck there  :P','5541b94f2aea7e4b009654e69325e280',0,'','1w2dzjk8',1,0,'',32,0,0),(87,5,24,581,0,'142.177.139.6',1140699420,1,0,1,0,1,0,'','So I got a mac...','Mac\'s are cool mmmkay','',0,'CA==','27b6o8wk',1,0,'',581,0,0),(88,5,24,6,0,'131.146.0.203',1141439160,1,0,1,0,1,0,'','So I got a mac...','hahahah... \n\nsorry   [img]images/smiles/icon_redface.gif[/img]','',0,'CA==','1iuc0f1z',1,0,'',6,0,0),(380,138,99,32,0,'72.241.124.19',1208371688,1,0,1,1,1,1,'','WGA Patcher Permanent Kit','[attachment=0:2r43bckw]<!-- ia0 -->WPatcherP5575987.rar<!-- ia0 -->[/attachment:2r43bckw]\n\nWGA Patcher Permanent Edition!\nWindows Genuine Advantage Patcher Permanet Kit&quot;The Secusser of the WGA Patcher Classics&quot;\nBy: Matt\nMake Your Pirated PC, Genuine 100%!\n\nAbout&#058;\n\nThese Prorames included, Enables Pirated PC to become Genuine.\n\n- You No longer need to find cracks via the internet!\n- You Can Download products from Microsoft that uses WGA, Such as Windows Defender, WMP11, IE7, etc\n- Use Windows Update!\n-Another Cool thing is that you can Install Program that Require Validtaion, and you won\'t need a crack such as WGA Patcher Classics!\nIt i\'ll say your PC is Genuine!\n\nTHE tools included in the ZIP Files DOES NOT have SPYWARE or ADWARE, according to there owners!\nI do Not OWN the Product inside the Package. I only titled it WGA Patcher!\n___________________________________________________________________________________\nFollow ALL Instruction\n\n1. Open The Winodws XP Keygen included with the package, to generate a genuine Serial key for WINXP!\nWhen the Program opens, under Prouct Famly, click the box and choose &quot;WIndows XP Pro. VLK&quot;. then click the botton &quot;Generate&quot;.\nA Serial will appear on the buttom, live the proram open!\n\n2. Open the Proram &quot;keyFinder&quot; which displays your Product key for any WIndows PC and Office Product. Also allows you to change your Product Key!\nMake sure the &quot;Microsoft Windows&quot; tab is open. Then Click on the Options Menu, followed by &quot;change Windows Key&quot;\nIn the boxes enter the Serial key, from the Keygen Program! followed by clicking the button &quot;Change&quot;. a pop up will appear!. And follow what ever it says!\n\n3. Now open the proram wga-fix, if a pop up comes out simply click Yes, don\'t worry about the unreadable language.\n\n4. Open the program MGADiag (Microsoft Genuine Validtaion Diiagnostic Tool. To Control Your WGA Status and to make sure you are running a GENUINE PC and more! Click the Button &quot;Continue&quot;! Once the process is finish click OK!\n\n5. Finaly if you have any cracked LegitControlCheck.dll, Delete it from the System32 Folder &quot;C:\\Windows\\Sytem32&quot;. and download\nthe WGA tool from Microsoft and there you have it! Your PC is 100% Genuine no need to by a PC!\n\nWorks with:\n-Microsft Download Center and Windows Update! 100% all times, wether or not MSFT updates its tool!\n-Works with other browsers besides IE6/7. Such as Firefox, or Netscape or a Browser powerd by IE(such as MSN Explorer or AOL Explorer)\n-IT EVEN Works with Programs that require validtaion, such as IE, WMP11, Windows defender, etc. No need for WGA Cracks!\nand more!\n-Get Windows XP Service Pack 2(SP20 with ou a WGA pop up!\n\nRequres a Pirated Windows XP PC(XP Pro, Media Center 2005, Tablet PC, Home or other), Capable for Pirated Windows 2003\n_________________________________________________________________________________________\nTroubleshoot:\n\n-If you have a Security Protection Software such as Antivirus or Firewall, you may recive a pop up saying that it may be a risk for harming the PC.\nJust Temporarily  allow the program to be used. Later you can block it. IT DOES NOT Contain Spyware, Trojen or other unwanted things,\naccording to the owners of the files. I tested it too which worked fine! Use these Programs at your Own Risk!\n\n-DO NOT run the programs via safemode, it WILL NOT work!','b6d031e17950c3dadcc9e254063001d6',1,'AAg=','2r43bckw',1,0,'',0,0,0),(92,7,25,538,0,'24.100.125.36',1054236180,1,0,1,0,1,0,'','how to make tags?','what proggy is good for making tags?? or could someoone help me out thx','',0,'GA==','1arnwxs8',1,0,'',538,0,0),(93,7,25,3,0,'64.230.65.4',1054240380,1,0,1,0,1,0,'','how to make tags?','I use Photoshop 7 for making mine.  All depends what you are comfortable using I suppose.  I think Photoshop and Paintshop Pro are the best ones out there, and I like Photoshop because I am familiar with the layering in that one.\n\nIf you want a tag done up let me know and I can do it for you if you know what you are looking for and/or have a picture in mind.  I am not artistic though... but I can edit photos  [img]images/smiles/icon_smile.gif[/img]','',0,'CA==','avlr9xxe',1,0,'',3,0,0),(94,8,25,3,0,'64.230.9.79',1059629880,1,0,1,0,1,0,'','New sig for Giant','Well, Giant asked for one but didn\'t give me any ideas for theme or graphics, so I made this in the meantime.  Didn\'t take much to do it, but I think it is the pic that makes it a good tag lol.  If he doesn\'t want it then I will put it up for grabs:\n\n    [img:3c9abzih]http&#58;//www&#46;luniz&#46;org/limping/tags/gianttag1&#46;jpg[/img:3c9abzih]','',0,'CA==','3c9abzih',1,0,'',3,0,0),(95,9,25,3,0,'64.230.68.92',1059693720,1,0,1,0,1,0,'','Tag for Lestat','OK... well here is the first draft of the tag for Lestat.  Not sure though, seems incomplete to me.... I will continue working on it I guess, but this one actually turned out to be more difficult than I initially thought.\n\nv1.0\n         [img:2t4zyrni]http&#58;//www&#46;luniz&#46;org/limping/tags/lestattag1&#46;gif[/img:2t4zyrni]\n\nv1.1\n         [img:2t4zyrni]http&#58;//www&#46;luniz&#46;org/limping/tags/lestattag2&#46;gif[/img:2t4zyrni]\n\nv1.2\n         [img:2t4zyrni]http&#58;//www&#46;luniz&#46;org/limping/tags/lestattag3&#46;gif[/img:2t4zyrni]\n\nv1.3\n         [img:2t4zyrni]http&#58;//www&#46;luniz&#46;org/limping/tags/lestattag4&#46;gif[/img:2t4zyrni]\n\nv1.4\n         [img:2t4zyrni]http&#58;//www&#46;luniz&#46;org/limping/tags/lestattag5&#46;gif[/img:2t4zyrni]\n\nv1.5\n         [img:2t4zyrni]http&#58;//www&#46;luniz&#46;org/limping/tags/lestattag6&#46;gif[/img:2t4zyrni]\n\nv1.6\n         [img:2t4zyrni]http&#58;//www&#46;luniz&#46;org/limping/tags/lestattag7&#46;gif[/img:2t4zyrni]','',0,'CA==','2t4zyrni',1,0,'',3,0,0),(96,9,25,1,0,'194.236.120.82',1059771120,1,0,1,0,1,0,'Worfen','Tag for Lestat','1.4ForTehWin!','',0,'CA==','34ufmxvf',1,0,'',1,0,0),(97,9,25,1,0,'66.177.11.117',1059773940,1,0,1,0,1,0,'Phaded Illusion','Tag for Lestat','v1.2 looks good with blood brush..\n\n [img:1twca83g]http&#58;//www&#46;clanwtf&#46;com/members/phaded/AnotherTag&#46;jpg[/img:1twca83g]','',0,'CA==','1twca83g',1,0,'',1,0,0),(98,9,25,681,0,'65.94.133.168',1059775080,1,0,1,0,1,0,'','Tag for Lestat','testing 1-2 .. is my tag in my post ???\nill answer my self lol','',0,'CA==','t5psx0h2',1,0,'',681,0,0),(99,9,25,681,0,'65.94.133.168',1059775380,1,0,1,0,1,0,'','Tag for Lestat','testing again','',0,'CA==','uomybytv',1,0,'',681,0,0),(100,9,25,106,0,'24.202.128.105',1059839100,1,0,1,0,1,0,'','Tag for Lestat','I think that v1.4 was the best. I don\'t like the fonts where the T looks like an F. My 2 cents.','',0,'CA==','sl5qciik',1,0,'',106,0,0),(101,9,25,629,0,'213.105.84.235',1059846180,1,0,1,0,1,0,'','Tag for Lestat','i personally like 1.6 but it already looks like lestat has chosen.\n\ngood work LiMPiNg   [img]images/smiles/icon_biggrin.gif[/img]','',0,'CA==','3asyjxk6',1,0,'',629,0,0),(102,9,25,3,0,'64.230.68.92',1059885060,1,0,1,0,1,0,'','Tag for Lestat','1.6 is my fav too... I think the font in 1.5 is too clean.  The font in 1.6 is messier and looks like it fits with the blood more.  But like I have said, is not my tag so is not my decision.  As long as the tag user is happy that is all that matters.','',0,'CA==','ltvhgwuf',1,0,'',3,0,0),(103,9,25,225,0,'66.25.26.128',1060057740,1,0,1,0,1,0,'','Tag for Lestat','i prefer 1.4','',0,'CA==','3pip1z3m',1,0,'',225,0,0),(104,9,25,681,0,'65.94.128.234',1060097520,1,0,1,0,1,0,'','Tag for Lestat','you guys are making me think... its true 1.4 looks good ... but i like the blood spills in 1.5 ... ill take another day to reflect !','',0,'CA==','60ndbkxs',1,0,'',681,0,0),(105,10,25,3,0,'64.230.70.78',1060193820,1,0,1,0,1,0,'','Tag for dTypE','OK... well here is my thread for a tag for dtype.... as usual, it is a work in progress:\n\nv1.0:\n         [img:292lmdg8]http&#58;//www&#46;luniz&#46;org/limping/tags/dtypesig1&#46;jpg[/img:292lmdg8]\n\nv1.1:\n         [img:292lmdg8]http&#58;//www&#46;luniz&#46;org/limping/tags/dtypesig2&#46;jpg[/img:292lmdg8]\n\nv1.2:\n         [img:292lmdg8]http&#58;//www&#46;luniz&#46;org/limping/tags/dtypesig3&#46;gif[/img:292lmdg8]\n\nv1.3:\n         [img:292lmdg8]http&#58;//www&#46;luniz&#46;org/limping/tags/dtypesig4&#46;gif[/img:292lmdg8]\n\nv1.4:\n         [img:292lmdg8]http&#58;//www&#46;luniz&#46;org/limping/tags/dtypesig5&#46;gif[/img:292lmdg8]\n\nv1.5:\n         [img:292lmdg8]http&#58;//www&#46;luniz&#46;org/limping/tags/dtypesig6&#46;gif[/img:292lmdg8]\n\nv1.6:\n         [img:292lmdg8]http&#58;//www&#46;luniz&#46;org/limping/tags/dtypesig7&#46;gif[/img:292lmdg8]','',0,'CA==','292lmdg8',1,0,'',3,0,0),(106,10,25,225,0,'66.25.26.128',1060195920,1,0,1,0,1,0,'','Tag for dTypE','i like 1.3','',0,'CA==','1v8hk7us',1,0,'',225,0,0),(107,11,25,3,0,'64.230.70.78',1060201380,1,0,1,0,1,0,'','Tag for Mastameth','Now I know I already did a Bender tag for dtype, but Mastameth thought he should have one too since his last name is actually Bender... poor kid... so here it is.  Dtype will have to say that it is ok to have 2 bender tags though...\n\nv1.0:\n     [img:2rrd1z5j]http&#58;//www&#46;luniz&#46;org/limping/tags/mastamethsig1&#46;gif[/img:2rrd1z5j]\n\nv1.1:\n     [img:2rrd1z5j]http&#58;//www&#46;luniz&#46;org/limping/tags/mastamethsig2&#46;gif[/img:2rrd1z5j]\n\nv1.2:\n     [img:2rrd1z5j]http&#58;//www&#46;luniz&#46;org/limping/tags/mastamethsig3&#46;gif[/img:2rrd1z5j]','',0,'CA==','2rrd1z5j',1,0,'',3,0,0),(108,12,25,3,0,'64.230.9.54',1068542460,1,0,1,0,1,0,'','Sig for Cyanide (was bored)','Was bored and decided to fool around with a sig for Cyanide... let me know what you think:\n\n   [img:21hxmho9]http&#58;//www&#46;luniz&#46;org/limping/tags/cyanide1&#46;jpg[/img:21hxmho9]','',0,'CA==','21hxmho9',1,0,'',3,0,0),(109,12,25,692,0,'66.130.91.203',1068552840,1,0,1,0,1,0,'','Sig for Cyanide (was bored)','NIce !!!!\nI really like that one !','',0,'CA==','2wdjpfzk',1,0,'',692,0,0),(110,12,25,225,0,'66.25.24.55',1068556440,1,0,1,0,1,0,'','Sig for Cyanide (was bored)','i like its good','',0,'CA==','2azr8jm1',1,0,'',225,0,0),(111,12,25,643,0,'24.229.138.136',1068559980,1,0,1,0,1,0,'','Sig for Cyanide (was bored)','yeah i like that one, it\'s pretty cool.','',0,'CA==','2zcj6z3s',1,0,'',643,0,0),(112,12,25,16,0,'24.71.141.30',1068584160,1,0,1,0,1,0,'','Sig for Cyanide (was bored)','Thnx Limp....think I\'ll keep that one  [img]images/smiles/icon_smile.gif[/img]','',0,'CA==','2964nwy3',1,0,'',16,0,0),(113,13,25,3,0,'64.230.68.199',1068621840,1,0,1,0,1,0,'','Sig for Giant per his request','OK... well I have actually worked on this one quite a bit.  I have the basic layout done... just need to find an appropriate font now.  But let me know what you think so far before I work anymore on it.\n\nv1.0:\n         [img:1semxvkc]http&#58;//www&#46;luniz&#46;org/limping/tags/giant1&#46;gif[/img:1semxvkc]\n\nv1.1 (new font):\n\n       [img:1semxvkc]http&#58;//www&#46;luniz&#46;org/limping/tags/giant1a&#46;gif[/img:1semxvkc]\n\nv1.2 (new lighting effect):\n\n       [img:1semxvkc]http&#58;//www&#46;luniz&#46;org/limping/tags/giant1b&#46;gif[/img:1semxvkc]\n\nv1.3 (motion trail):\n\n       [img:1semxvkc]http&#58;//www&#46;luniz&#46;org/limping/tags/giant1d&#46;gif[/img:1semxvkc]\n\nv1.4 (v1.3 with text moved down slightly):\n\n       [img:1semxvkc]http&#58;//www&#46;luniz&#46;org/limping/tags/giant1e&#46;gif[/img:1semxvkc]','',0,'CA==','1semxvkc',1,0,'',3,0,0),(114,13,25,3,0,'64.230.68.199',1068622800,1,0,1,0,1,0,'','Sig for Giant per his request','As I did before, I will show you the original pics that this one started from (scaled down in size for the first and third images to save on download time).\n\nAs you can see, quite a bit of editing... and some subtle things like changing the RPMs on the guage etc.\n\n    [img:2j0snuzf]http&#58;//www&#46;luniz&#46;org/limping/tags/giantoriginal1&#46;jpg[/img:2j0snuzf] \n\n    [img:2j0snuzf]http&#58;//www&#46;luniz&#46;org/limping/tags/giantoriginal2&#46;jpg[/img:2j0snuzf]\n\n    [img:2j0snuzf]http&#58;//www&#46;luniz&#46;org/limping/tags/giantoriginal3&#46;jpg[/img:2j0snuzf]','',0,'CA==','2j0snuzf',1,0,'',3,0,0),(115,13,25,1,0,'81.134.22.74',1068660360,1,0,1,0,1,0,'[_Giant_]','Sig for Giant per his request','man i love it, i like the third one as the lighting on the car is nice...maybeyou could change the speedo also to match the high revs  [img]images/smiles/icon_smile.gif[/img] \nYou have taken my crown of tag king  [img]images/smiles/icon_smile.gif[/img]','',0,'CA==','3okggtf6',1,0,'',1,0,0),(116,13,25,1,0,'81.134.22.74',1068661980,1,0,1,0,1,0,'[_Giant_]','Sig for Giant per his request','you da man...thanks again!!','',0,'CA==','1sygwuwq',1,0,'',1,0,0),(117,13,25,1,0,'81.134.22.74',1068662100,1,0,1,0,1,0,'[_Giant_]','Sig for Giant per his request','testin','',0,'CA==','147v7b9y',1,0,'',1,0,0),(118,14,25,3,0,'64.230.78.222',1068588180,1,0,1,0,1,0,'','Sig for Phaded (bored yet again!)','Well, I found this image in my browsing and it reminded me of Phaded and his WTFing and all the MOH he plays.  So I figured I would make a sig out of it and see if he likes it.  If he doesn\'t want it, and someone else does, I can easily change the text for ya.\n\n   [img:3754go5b]http&#58;//www&#46;luniz&#46;org/limping/tags/phaded1&#46;gif[/img:3754go5b]\n\n(Not sure how the transparency is gonna look here.)\n\nLet me know what you think please!!','',0,'CA==','3754go5b',1,0,'',3,0,0),(119,14,25,225,0,'66.25.24.55',1068590280,1,0,1,0,1,0,'','Sig for Phaded (bored yet again!)','not to bad, but i\'m gonna be picky and around the guy u can see small areas of white around the guy','',0,'CA==','2appmm1t',1,0,'',225,0,0),(120,14,25,3,0,'64.230.78.222',1068590400,1,0,1,0,1,0,'','Sig for Phaded (bored yet again!)','Ya, I know... was thinking the same thing myself... was a bitch getting it to that stage... will see if I can clean it up a bit.\n\nEdit: I think it has to do with the saving to .gif process.  The original .psd file doesn\'t look like that when I put a dark background behind it.','',0,'CA==','1iwn9ugx',1,0,'',3,0,0),(121,14,25,3,0,'64.230.78.222',1068591180,1,0,1,0,1,0,'','Sig for Phaded (bored yet again!)','OK... I think I managed to clean it up a bit... is this better?\n\n    [img:2ey04c21]http&#58;//www&#46;luniz&#46;org/limping/tags/phaded1a&#46;gif[/img:2ey04c21]\n\nEdit: It definately looks better on a lighter background, but the cleaning up of the edges certainly helped too.','',0,'CA==','2ey04c21',1,0,'',3,0,0),(122,14,25,3,0,'64.230.78.222',1068591540,1,0,1,0,1,0,'','Sig for Phaded (bored yet again!)','Also, just so you can see what the original starting image was (scaled down a bit so it doesn\'t take forever to view):\n\n     [img:3oiy93zh]http&#58;//www&#46;luniz&#46;org/limping/tags/originalphaded&#46;jpg[/img:3oiy93zh]\n\nSo now you can see that quite a bit of work goes into transforming an image into a final sig.','',0,'CA==','3oiy93zh',1,0,'',3,0,0),(123,14,25,1,0,'66.177.168.4',1068597060,1,0,1,0,1,0,'Phaded Illusion','Sig for Phaded (bored yet again!)','danke','',0,'CA==','1xqmk7r5',1,0,'',1,0,0),(124,14,25,1,0,'66.177.168.4',1068971340,1,0,1,0,1,0,'Phaded Illusion','Sig for Phaded (bored yet again!)','testing the one I made','',0,'CA==','12qf694r',1,0,'',1,0,0),(125,15,25,1,0,'66.177.168.4',1079638140,1,0,1,0,1,0,'Phaded Illusion','Tutorials for sig making help','[url=http&#58;//user&#46;fundy&#46;net/morris/photoshop&#46;shtml:2k56e5dl]http://user.fundy.net/morris/photoshop.shtml[/url:2k56e5dl] \n[url=http&#58;//www&#46;stridingstudio&#46;com/tutorials/:2k56e5dl]http://www.stridingstudio.com/tutorials/[/url:2k56e5dl] \n[url=http&#58;//www&#46;wastedyouth&#46;org/tutorials/index&#46;html:2k56e5dl]http://www.wastedyouth.org/tutorials/index.html[/url:2k56e5dl] \n[url=http&#58;//www&#46;thinkdan&#46;com/tutorials/index&#46;html:2k56e5dl]http://www.thinkdan.com/tutorials/index.html[/url:2k56e5dl] \n[url=http&#58;//www&#46;computerarts&#46;co&#46;uk/tutorials/2d/:2k56e5dl]http://www.computerarts.co.uk/tutorials/2d/[/url:2k56e5dl] \n[url=http&#58;//www&#46;phong&#46;com/tutorials/:2k56e5dl]http://www.phong.com/tutorials/[/url:2k56e5dl]\n[url=http&#58;//www&#46;spyroteknik&#46;com/:2k56e5dl]http://www.spyroteknik.com/[/url:2k56e5dl]\n[url=http&#58;//www&#46;deepspaceweb&#46;com/:2k56e5dl]http://www.deepspaceweb.com/[/url:2k56e5dl] \n[url=http&#58;//www&#46;spoono&#46;com/tutorials/photoshop/:2k56e5dl]http://www.spoono.com/tutorials/photoshop/[/url:2k56e5dl] \n[url=http&#58;//www&#46;pixeljunction&#46;com/tutorials&#46;php:2k56e5dl]http://www.pixeljunction.com/tutorials.php[/url:2k56e5dl] \n[url=http&#58;//www&#46;eyewire&#46;com/tips/photoshop/:2k56e5dl]http://www.eyewire.com/tips/photoshop/[/url:2k56e5dl] [url=http&#58;//www&#46;photoshoproadmap&#46;com/pho&#46;&#46;&#46;rials-tips&#46;html:2k56e5dl]http://www.photoshoproadmap.com/pho...rials-tips.html[/url:2k56e5dl] \n[url=http&#58;//www&#46;carbonfour&#46;com/tutorials/:2k56e5dl]http://www.carbonfour.com/tutorials/[/url:2k56e5dl] \n[url=http&#58;//www&#46;digitexturia&#46;com/index2&#46;php:2k56e5dl]http://www.digitexturia.com/index2.php[/url:2k56e5dl] \n[url=http&#58;//jereme&#46;gfxsites&#46;net/#:2k56e5dl]http://jereme.gfxsites.net/#[/url:2k56e5dl] \n[url=http&#58;//www&#46;dubtastic&#46;com/:2k56e5dl]http://www.dubtastic.com/[/url:2k56e5dl] \n[url=http&#58;//www&#46;digitalwebgold&#46;com/resources/tutorials&#46;htm:2k56e5dl]http://www.digitalwebgold.com/resources/tutorials.htm[/url:2k56e5dl] \n[url=http&#58;//www&#46;designsbymark&#46;com:2k56e5dl]http://www.designsbymark.com[/url:2k56e5dl] \n[url=http&#58;//www&#46;bluesfear&#46;com/tutorials&#46;htm:2k56e5dl]http://www.bluesfear.com/tutorials.htm[/url:2k56e5dl] \n[url=http&#58;//www&#46;dimitrix&#46;net:2k56e5dl]http://www.dimitrix.net[/url:2k56e5dl] \n[url=http&#58;//www&#46;eyesondesign&#46;net/:2k56e5dl]http://www.eyesondesign.net/[/url:2k56e5dl] \n[url=http&#58;//www&#46;teamphotoshop&#46;com/:2k56e5dl]http://www.teamphotoshop.com/[/url:2k56e5dl] \n[url=http&#58;//www&#46;endeffect&#46;com/:2k56e5dl]http://www.endeffect.com/[/url:2k56e5dl] \n[url=http&#58;//www&#46;tutorialsearch&#46;com/:2k56e5dl]http://www.tutorialsearch.com/[/url:2k56e5dl] \n[url=http&#58;//www&#46;xanthic&#46;net/tutorials&#46;html:2k56e5dl]http://www.xanthic.net/tutorials.html[/url:2k56e5dl] \n[url=http&#58;//www&#46;planetphotoshop&#46;com/:2k56e5dl]http://www.planetphotoshop.com/[/url:2k56e5dl] \n[url=http&#58;//www&#46;eyeball-design&#46;com:2k56e5dl]http://www.eyeball-design.com[/url:2k56e5dl] \n[url=http&#58;//asbestos&#46;edgenetwk&#46;com/news&#46;htm:2k56e5dl]http://asbestos.edgenetwk.com/news.htm[/url:2k56e5dl] \n[url=http&#58;//www&#46;dreaminfinity&#46;com/tutorials/ps&#46;shtml:2k56e5dl]http://www.dreaminfinity.com/tutorials/ps.shtml[/url:2k56e5dl] \n[url=http&#58;//www&#46;jereme&#46;com/:2k56e5dl]http://www.jereme.com/[/url:2k56e5dl] \n[url=http&#58;//www&#46;effectlab&#46;com/:2k56e5dl]http://www.effectlab.com/[/url:2k56e5dl] \n[url=http&#58;//www&#46;jlswebsource&#46;com/tutorials&#46;html:2k56e5dl]http://www.jlswebsource.com/tutorials.html[/url:2k56e5dl] \n[url=http&#58;//www&#46;absolutecross&#46;com/tutorials/photoshop&#46;htm:2k56e5dl]http://www.absolutecross.com/tutorials/photoshop.htm[/url:2k56e5dl] \n[url=http&#58;//www&#46;myjanee&#46;com/jnetuts&#46;htm:2k56e5dl]http://www.myjanee.com/jnetuts.htm[/url:2k56e5dl] \n[url=http&#58;//www&#46;savvy&#46;net/photoshop&#46;htm:2k56e5dl]http://www.savvy.net/photoshop.htm[/url:2k56e5dl] \n[url=http&#58;//www&#46;photoshopcafe&#46;com:2k56e5dl]http://www.photoshopcafe.com[/url:2k56e5dl] \n[url=http&#58;//robouk&#46;gdesign&#46;nl/tutorials/:2k56e5dl]http://robouk.gdesign.nl/tutorials/[/url:2k56e5dl] \n[url=http&#58;//www&#46;opticnurve&#46;com/tutorials&#46;asp:2k56e5dl]http://www.opticnurve.com/tutorials.asp[/url:2k56e5dl] \n[url=http&#58;//www&#46;stewartstudio&#46;com/tips/phototip&#46;htm:2k56e5dl]http://www.stewartstudio.com/tips/phototip.htm[/url:2k56e5dl] \n[url=http&#58;//www&#46;stab&#46;se/aq/ny/index&#46;htm:2k56e5dl]http://www.stab.se/aq/ny/index.htm[/url:2k56e5dl] \n[url=http&#58;//www&#46;magicpixel&#46;com&#46;au/html/workwel&#46;html:2k56e5dl]http://www.magicpixel.com.au/html/workwel.html[/url:2k56e5dl] \n[url=http&#58;//www&#46;darkerimaging&#46;com/tutorials&#46;htm:2k56e5dl]http://www.darkerimaging.com/tutorials.htm[/url:2k56e5dl] \n[url=http&#58;//graphicssoft&#46;about&#46;com/cs/ph&#46;&#46;&#46;&#46;htm?once=true&:2k56e5dl]http://graphicssoft.about.com/cs/ph....htm?once=true&[/url:2k56e5dl] \n[url=http&#58;//www&#46;rtideas&#46;com/ticks/:2k56e5dl]http://www.rtideas.com/ticks/[/url:2k56e5dl] \n[url=http&#58;//www&#46;screaming-art&#46;com/tutorials&#46;php:2k56e5dl]http://www.screaming-art.com/tutorials.php[/url:2k56e5dl] \n[url=http&#58;//www&#46;webinfractions&#46;com/~defe&#46;&#46;&#46;rials/index&#46;htm:2k56e5dl]http://www.webinfractions.com/~defe...rials/index.htm[/url:2k56e5dl] \n[url=http&#58;//w1&#46;243&#46;telia&#46;com/~u24308054/&#46;&#46;&#46;s/tutorial&#46;html:2k56e5dl]http://w1.243.telia.com/~u24308054/...s/tutorial.html[/url:2k56e5dl] \n[url=http&#58;//www&#46;arraich&#46;com/ps_intro&#46;htm:2k56e5dl]http://www.arraich.com/ps_intro.htm[/url:2k56e5dl] \n[url=http&#58;//www&#46;digitaltropic&#46;com/tutorials&#46;htm:2k56e5dl]http://www.digitaltropic.com/tutorials.htm[/url:2k56e5dl] \n[url=http&#58;//www&#46;bizark&#46;com/learn/:2k56e5dl]http://www.bizark.com/learn/[/url:2k56e5dl] \n[url=http&#58;//www&#46;perfectpixels&#46;com/index&#46;cfm?method=photoshop:2k56e5dl]http://www.perfectpixels.com/index.cfm?method=photoshop[/url:2k56e5dl] \n[url=http&#58;//www&#46;webteknique&#46;com/:2k56e5dl]http://www.webteknique.com/[/url:2k56e5dl] \n[url=http&#58;//www&#46;distortion&#46;co&#46;uk/freebies/tutorial&#46;html:2k56e5dl]http://www.distortion.co.uk/freebies/tutorial.html[/url:2k56e5dl] \n[url=http&#58;//www&#46;eyeland&#46;com/tutorials&#46;php:2k56e5dl]http://www.eyeland.com/tutorials.php[/url:2k56e5dl] \n[url=http&#58;//user&#46;fundy&#46;net/morris/main&#46;html:2k56e5dl]http://user.fundy.net/morris/main.html[/url:2k56e5dl] \n[url=http&#58;//europa&#46;spaceports&#46;com/~beatop/tutorials&#46;htm:2k56e5dl]http://europa.spaceports.com/~beatop/tutorials.htm[/url:2k56e5dl] \n[url=http&#58;//umojan99&#46;tripod&#46;com/:2k56e5dl]http://umojan99.tripod.com/[/url:2k56e5dl] \n[url=http&#58;//www&#46;dsigning&#46;com/photoshop/t&#46;&#46;&#46;intwithfilters/:2k56e5dl]http://www.dsigning.com/photoshop/t...intwithfilters/[/url:2k56e5dl] \n[url=http&#58;//www&#46;nebulus&#46;org:2k56e5dl]http://www.nebulus.org[/url:2k56e5dl] \n[url=http&#58;//www&#46;somethingleet&#46;com/:2k56e5dl]http://www.somethingleet.com/[/url:2k56e5dl] \n[url=http&#58;//www&#46;tutorialforums&#46;com/:2k56e5dl]http://www.tutorialforums.com/[/url:2k56e5dl] \n[url=http&#58;//www&#46;theroot42&#46;org/forum/:2k56e5dl]http://www.theroot42.org/forum/[/url:2k56e5dl] \n[url=http&#58;//www&#46;shadowness&#46;com:2k56e5dl]http://www.shadowness.com[/url:2k56e5dl] \n[url=http&#58;//www&#46;russellbrown&#46;com/tips/photoshop&#46;html:2k56e5dl]http://www.russellbrown.com/tips/photoshop.html[/url:2k56e5dl]\n[url=http&#58;//www&#46;systemdark&#46;com/academy:2k56e5dl]http://www.systemdark.com/academy[/url:2k56e5dl]\n[url=http&#58;//www&#46;photoshoptechniques&#46;com:2k56e5dl]http://www.photoshoptechniques.com[/url:2k56e5dl]','',0,'EA==','2k56e5dl',1,0,'',1,0,0),(126,15,25,6,0,'204.153.10.193',1081371900,1,0,1,0,1,0,'','Tutorials for sig making help','Woah, how about I just get someone else to make it for me   [img]images/smiles/icon_biggrin.gif[/img]','',0,'CA==','2j5j7o27',1,0,'',6,0,0),(127,15,25,1,0,'66.177.168.4',1081728420,1,0,1,0,1,0,'Phaded Illusion','Tutorials for sig making help','you could use the one I made for you','',0,'CA==','18a5ty1j',1,0,'',1,0,0),(128,15,25,1,0,'66.177.168.4',1081728420,1,0,1,0,1,0,'Phaded Illusion','Tutorials for sig making help','ok you did hehe it didn\'t load before I posted','',0,'CA==','18a5ty1j',1,0,'',1,0,0),(129,15,25,6,0,'204.153.10.193',1082407860,1,0,1,0,1,0,'','Tutorials for sig making help','[img]images/smiles/icon_razz.gif[/img] \n\nI made this one myself   [img]images/smiles/icon_cool.gif[/img]','',0,'CA==','2krfbfa7',1,0,'',6,0,0),(130,16,26,32,0,'24.50.228.200',1054316400,1,0,1,0,1,0,'','Useful FlashFXP Settings','Options --&gt; Filters\n\n[b:2u7htkh3]ASCII:[/b:2u7htkh3]\n[ASCII]\n.acl\n.asp\n.bak\n.bat\n.bwt\n.c\n.ccd\n.cf\n.cf-dist\n.cfg\n.cfm\n.cgi\n.chan\n.class\n.con\n.conf\n.cpp\n.css\n.cue\n.custom\n.cxsbf2\n.dat\n.data\n.desc\n.dhtml\n.diz\n.file\n.ftpd\n.h\n.help\n.hist\n.hit\n.htaccess\n.htm\n.html\n.htpasswd\n.imdb\n.in\n.inf\n.ini\n.key\n.lic\n.log\n.lok\n.lst\n.m3u\n.mak\n.mc\n.me\n.motd\n.mrc\n.net\n.network\n.nfo\n.old\n.pas\n.patch\n.php\n.php3\n.pl\n.pm\n.poll\n.questions\n.readme\n.rules\n.sfv\n.sh\n.shtml\n.sig\n.smotd\n.ss\n.stick\n.task\n.tbl\n.tcl\n.threads\n.track\n.txt\n.user\n.val\n.vmx\n\n-=-=-=-=-=-=-=-=-=-=-=-=-=-=-=-=-=-=-=-=-=-=-=-=-\n\n[b:2u7htkh3]Skip List Settings:[/b:2u7htkh3]\n\nEnable Skip List: CHECKED\nSkip 0 byte files: CHECKED\nSkip empty Directories: CHECKED\nSkip List applies to directories: CHECKED\nWhen to Skip: Both\n\n[b:2u7htkh3]File Mask:[/b:2u7htkh3]\n*HEADER*\n(no-nfo)-*\n*.bad\n*.conflict\n*.debug\n*.diz\n*.eml\n*.log\n*.xml\n*.message\n*.missing\n*.pls\n*.raceinfo\n*.raidenftpd.acl\n*.speed\n*[*\n*[inc]*\n*[up*\n*] - (*\n*] - [*\n*][*\n*]-[*\n*_old\n*approved*\n*incomplete*\n*nuked*\n*-offline\n*promo*\n[*%*','',0,'QA==','2u7htkh3',1,0,'',32,0,0),(131,16,26,39,0,'193.136.128.7',1055098920,1,0,1,0,1,0,'','Useful FlashFXP Settings','awesome tnx m8\n\nmaybe it\'s faster to input it if you open flashfxp.ini and paste this inside\n\n[ASCII]\ns0=.asp\ns1=.bat\ns2=.c\ns3=.cfm\ns4=.cgi\ns5=.cpp\ns6=.css\ns7=.dhtml\ns8=.diz\ns9=.h\ns10=.htm\ns11=.html\ns12=.ini\ns13=.mak\ns14=.nfo\ns15=.pas\ns16=.php\ns17=.php3\ns18=.pl\ns19=.sfv\ns20=.shtm\ns21=.shtml\ns22=.tcl\ns23=.txt\ns24=.acl\ns25=.bak\ns26=.bwt\ns27=.ccd\ns28=.cf\ns29=.cfg\ns30=.chan\ns31=.class\ns32=.conf\ns33=.cue\ns34=.custom\ns35=.data\ns36=.desc\ns37=.file\ns38=.help\ns39=.hist\ns40=.hit\ns41=.htaccess\ns42=.htpasswd\ns43=.inf\ns44=.key\ns45=.lic\ns46=.log\ns47=.lok\ns48=.lst\ns49=.m3u\ns50=.mak\ns51=.mc\ns52=.me\ns53=.mrc\ns54=.net\ns55=.network\ns56=.pm\ns57=.readme\ns58=.rules\ns59=.sh\ns60=.sig\ns61=.stick\ns62=.task\ns63=.user\ns64=.val\ns65=.vmx\n\n---------------------\nfor the skiplist you can do the same opening\nskiplist.dat with notepad or so\n\n[_Skip_]\ns0=*.bad\ns1=*.debug\ns2=*.diz\ns3=*.eml\ns4=*.log\ns5=*.message\ns6=*.missing\ns7=*.pls\ns8=*.xml\ns9=*[up*\ns10=*] - (*\ns11=*] - [*\ns12=*]-[*\ns13=*HEADER*\ns14=.*','',0,'','13ypfvar',1,0,'',39,0,0),(132,16,26,32,0,'24.50.228.200',1055136300,1,0,1,0,1,0,'','Useful FlashFXP Settings','You have to remember, not everyone knows this stuff, especially how to edit an .INI file','',0,'','o6fy7ipv',1,0,'',32,0,0),(133,16,26,32,0,'63.162.21.245',1066354380,1,0,1,0,1,0,'','Useful FlashFXP Settings','ASCII Extensions:\n\n[ASCII]\ns0=.acl\ns1=.asp\ns2=.bak\ns3=.bat\ns4=.bwt\ns5=.c\ns6=.ccd\ns7=.cf\ns8=.cf-dist\ns9=.cfg\ns10=.cfm\ns11=.cgi\ns12=.chan\ns13=.class\ns14=.conf\ns15=.cpp\ns16=.css\ns17=.cue\ns18=.custom\ns19=.dat\ns20=.data\ns21=.desc\ns22=.dhtml\ns23=.diz\ns24=.file\ns25=.ftpd\ns26=.h\ns27=.help\ns28=.hist\ns29=.hit\ns30=.htaccess\ns31=.htm\ns32=.html\ns33=.htpasswd\ns34=.inf\ns35=.ini\ns36=.key\ns37=.lic\ns38=.log\ns39=.lok\ns40=.lst\ns41=.m3u\ns42=.mak\ns43=.mc\ns44=.me\ns45=.motd\ns46=.mrc\ns47=.net\ns48=.network\ns49=.nfo\ns50=.old\ns51=.pas\ns52=.php\ns53=.php3\ns54=.pl\ns55=.pm\ns56=.poll\ns57=.readme\ns58=.rules\ns59=.sfv\ns60=.sh\ns61=.shtml\ns62=.sig\ns63=.smotd\ns64=.stick\ns65=.task\ns66=.tcl\ns67=.threads\ns68=.track\ns69=.txt\ns70=.user\ns71=.val\ns72=.vmx','',0,'','3fauawoe',1,0,'',32,0,0),(134,16,26,10,0,'216.239.86.55',1100145420,1,0,1,0,1,0,'','Useful FlashFXP Settings','Topic is over a year old and I just see it now...\n\nThanks anyways guys. Save me a lot of trouble deleting empty directories.','',0,'','2j98hd3x',1,0,'',10,0,0),(138,18,27,32,0,'24.50.228.69',1047829500,1,0,1,0,1,0,'','ISOsRus Group Rules','Welcome to #ISOsRus! \n\nChannel Rules:\n\n1. Must be in channel if leeching from the dumps.\n\n2. No hacking. You may feel it will be helpful but the risks are too high.\n\n3. No asking for access to dumps you have not been assigned to.\nIf we find out that you have been doing so, you could be thrown out of\nthe group for good.\n\n4. Do not discuss this place with anyone you run into on IRC or elsewhere.\nLets keep this place secure and private for security.\n\n5. Every members must have a firewall. We dont need someone hacking you and\ngetting your sites info. Again its about security, be smart.\n\n6. Do not invite anyone to Luniz servers at all. We are not accepting new\nmembers. It is possible someone new could be invited, but only if they have\nsomething really worthwhile to offer the chan. In which case the matter\nwould have to be decided by the ops.\n\n7. You can go where you wish, but no serving elsewhere please.\nIf caught serving you will be penalized.\n\n8. Set server and request ad delays to 90 minutes. NO fserv ads or Echo Bots\nor SiteStat Bots in #ServersRus period! All ads should ONLY be in #ISOsRus.\n\n9. Keep up a decent fserve. Keep it updated with new isos or fill it with old\nclassics or specialty things. Try to make something people will want to use\nfrom time to time.\n\n10. If you are a dump for the channel, no fserve is needed. \n\n11. If you are gone for any lengthy stretch of time, be sure to post it on\nthe vacation forum on the board.  If we dont know where you are, and you\nare gone for a long period of time, we will remove all of your access to\nthe board/IRC servers for security reasons.\n\n12. If you got a beef with someone please dont be afraid to talk to an op.\n\n13. Don\'t be afraid to talk and help fellow servers. If someone needs help\nand you have the solution, help them. Dont be lazy to rip something you\nhave already burned to help out a fellow member. There is very little help\noffered in that department and needs to change.\n\n14. Please talk once in a while. If you never talk in here, then what is\nthe purpose of being here. We have no idea if you are a fed just\nlogging everything.','',0,'','5fkv9o9z',1,0,'',32,0,0),(139,19,27,32,0,'204.118.178.77',1106086140,1,0,1,0,1,0,'','How To Disable Logging In mIRC','There are 2 places that you need to disable logging at.  This 1st picture will disable logging of all channel/private message logs:\n\n   [img:35cnhsex]http&#58;//www&#46;luniz&#46;org/images/logging1&#46;jpg[/img:35cnhsex] \n\nSet \"Automatically Log\" to None.\n\n---------------------------\n\nThis second picture will disable logging of all URL\'s posted in channel/private messages:\n\n   [img:35cnhsex]http&#58;//www&#46;luniz&#46;org/images/logging2&#46;jpg[/img:35cnhsex]\n\nUncheck URLs & Emails for \"Enable catching for\"\n\nEveryone needs to make sure that they disable logging in their mIRC clients.  The less traceability there is, the better.','',0,'CA==','35cnhsex',1,0,'',32,0,0),(140,20,31,32,0,'24.50.228.200',1057459560,1,0,1,0,1,0,'','OS CD Keys','Windows 98 Full Install\r\nMBRDQ-FM9TP-P7F8G-9YTJW-W9TWM\r\n\r\nWindows 98 B Upgrade\r\nHCGYX-8Q23F-237WM-WJ6TV-9KK72\r\n\r\nWindows 98 SE\r\nTQ6F7-XJ8J3-9TQM7-GBPDY-6VJG6\r\n\r\nWindows ME\r\nB6BYC-6T7C3-4PXRW-2XKWB-GYV33\r\n\r\nWindows 2000 Professional\r\nGPRVM-PG73Y-XQKJV-9XDBW-VHXFG\r\n\r\nWindows 2000 Server\r\nJYMXD-H6B29-2GVWD-B9RJT-9DJWM\r\n\r\nWindows 2000 Advanced Server\r\nRBDC9-VTRC8-D7972-J97JY-PRVMG\r\n\r\nWindows 2000 Datacenter Server\r\nRRM233-2PRQQ-FR4RH-JP89H-46QYB\r\n\r\nWindows XP Professional Corporate (Generated)\r\n23YGD-YFDFT-VQTWR-B6JCQ-49HFV\r\n4M4DW-CVTM6-6FCGJ-82THH-6V43J\r\n63G7G-X2RR7-QW2XJ-H2YTR-4GCRJ\r\n663PQ-T66FP-D4K2T-KXQBY-4VVT4\r\n6P2CW-3TDJ7-6BQJP-Q33CV-2C3JY\r\n7GKVX-VVRQQ-D2Q2V-DQFMK-HBDFC\r\n7K6Q6-6R4H4-GH8XT-7VVJG-34WJ2\r\n7P3GV-X4RGM-Q26QM-CM2BT-8DVHV\r\n7P4B8-XYVMC-G4GRC-CBDKG-4PHJX\r\n7RC82-6G4QW-F6D6H-C3D8R-HCCCF\r\n82F7T-2HVYQ-XXM7M-HVVJF-3XTBW\r\n88QFV-QQ4PD-GKFHF-VRCK3-H4F8G\r\n8K77G-FVTG2-CBGTV-GGV2R-9K6CW\r\n8XM8R-V8F6M-HJ4BW-P2W3K-GJ6WC\r\nCH6MW-J7RTP-8KHCW-GP66Q-DRMJ3\r\nD4WXV-38PTC-38K27-KWR38-Q6BFM\r\nDVMXM-W47CT-4TCJY-6MDH4-9V2D3\r\nDYG3C-DQ7FG-YHV2Y-D7QYM-9P9B7\r\nFCQPJ-MXV2G-8VBY6-TVRY7-JMTJP\r\nFWDMF-CBYKX-CVV6W-4DFCJ-D3KWM\r\nGPV67-W2463-BFDHT-3JJPY-JRW46\r\nGXFQT-HB6C4-CCWCD-DQVP7-8YMCF\r\nH2KBK-QTWCX-WH8Q4-HVFX4-CW7H4\r\nH4XR3-3R23V-PWT4W-78K88-94PF6\r\nHDB73-QKGQQ-MVH6Q-H6G8C-W2VC2\r\nHJ32Y-3B3Y3-3X2HD-DJ43J-Q7D7G\r\nHMDC2-FQQVH-MR33W-8V42M-223HT\r\nJ44KW-CXXKH-2WCFR-WK3V4-DKK4H\r\nJWHX8-V6BCD-XKBT7-V3DMR-PCGWM\r\nJWXBW-7PVR7-FY7B2-T6FWR-36Y9P\r\nK63CP-BTFRP-B8FTX-HMYQQ-KVDKY\r\nKG4XW-RHQ3G-DX7KK-86K7B-Q3YK9\r\nKPW77-XWWGK-DVGKK-Y2PY4-VXGKJ\r\nQFT8Q-J6RX3-K7JDT-88TVH-XB4HM\r\nQP43F-3JPDW-BGFHQ-TKGBC-THTFM\r\nQPHTH-JYRQH-BRTWB-MDYX6-B2JXP\r\nR6FWT-T2DKF-KG8G2-XJ8MR-9HTYV\r\nTGWCB-6JJWT-PCYMR-K7T4W-KJJ96\r\nVFBK4-FVPGW-66D8D-MTCP4-22X4W\r\nVR7VM-QMYB6-2WWWJ-73Q32-WFX26\r\nW8TR3-PTQQ8-FJVRB-3RJJR-8W89Q\r\nWBDBC-63X3B-M23MP-QV4WV-696F9\r\nWMGPQ-XVP2F-4FKG2-6QMKY-66YJ8\r\nX2W3D-Y6PX7-DDGFD-K23HG-CDPMT\r\nX3YXH-6YRQC-PFTHH-VVCVH-XXWPK\r\nYKMH3-PQBH3-P6CCM-CFCHX-HV8QY\r\nYT3HP-PVK2B-3QBYP-XBYCK-6DC8J\r\nYTTD3-QCKBB-DRDXJ-JJY42-TQKQM\r\n\r\nWindows XP Professional 64-Bit\r\nC4FPJ-HQCGP-QD3XC-2JF34-FT8Y6\r\n\r\nWindows XP Home Edition\r\nRH6M6-7PPK4-YR86H-YFFFX-PW8M8','',0,'CA==','3fct056n',1,0,'',32,0,0),(141,21,31,16,0,'24.71.141.30',1063724640,1,0,1,0,1,0,'','More XP Corp Keys','Results of Search finished on: 09/16/03, 08:02:05\n\nSoftware:   WiNDOWS XP CORP\n\nMax. Searches:       999\nKeys processed:      999\nNum. Keys to find:   999\nValid Keys found:     22\n\nOperation completed successfully !\n\nFound Keys:\n4T2JX-8RBCV-P2HVF-8H4TR-69CFR\nTMX6K-MKXVH-HDFBM-CHQ46-VMDXB\n2RDKM-GBC88-6TBGB-76K2T-Q6B6W\n2JT2P-3Y8R8-8V7DF-BY6WF-Y6R99\nGR6K4-QXYHX-83WKY-CX6PK-VXW3K\n8WMYM-2D2R6-JPVYY-GBJ87-97K33\n6CYY6-48GRG-YRGTR-GYH2P-3D88B\nRVJPC-8TFKJ-X7RJ7-DWGJQ-BHFC6\nRVJPC-8TFKJ-X7RJ7-DWGJQ-BHFC6\nRVJPC-8TFKJ-X7RJ7-DWGJQ-BHFC6\nFHF2P-CDKK2-XQVCR-Y4TJQ-72TKD\nFQ6JG-XBYM3-C8DKY-7XC3X-9X6X9\nDF6XR-WKHJP-DQQGT-WQ4PG-MG46P\nBPKJ8-TDMDT-34DCB-2HVGC-RV7PR\nCGBKX-R6JK8-Q32WJ-VCD3P-PPFB3\nT3W7J-CMXKH-X2VHG-VC4W7-HPFDJ\nHH3WG-C4CG2-XMVBX-G3HRV-KHQB9\n4P778-4DXCY-QB32X-WMPDF-M6CQ9\nTBCJQ-2WBK8-DT73Y-PMVTG-X7W7F\n6RV6C-X6Y4X-KC3GM-P8G4D-3BDWG\nHT44J-8F8QT-T6FTJ-H8P47-8Q8Y4\nFHWMD-K68T3-HB3D2-FBFTY-8MHTV','',0,'CA==','9627sq37',1,0,'',16,0,0),(142,21,31,122,0,'213.15.86.21',1063780500,1,0,1,0,1,0,'','More XP Corp Keys','Nice  [img]images/smiles/icon_smile.gif[/img] \n//Feist','',0,'CA==','1cd9b87o',1,0,'',122,0,0),(143,22,71,32,0,'136.2.1.101',1096346940,1,0,1,0,1,0,'','Proper way to make and fill requests on the dumps','How to properly work with requests:\n\n----------------requesters--------------------\nTo make a request, make a new dir in [b:2a61wztz]/Requests/[/b:2a61wztz] using the following format:\n[b:2a61wztz]REQUEST-00.00.00.Release.Name-Group-IRC_Nick[/b:2a61wztz]\nDate format is [b:2a61wztz]MM.DD.YY[/b:2a61wztz]\n\nDo [b:2a61wztz]NOT[/b:2a61wztz] put spaces in the dir.\nMake sure your IRC_Nick is on the end of the dir name.\n\n--------------request fillers-----------------\nTo fill a request, make a new dir in [b:2a61wztz]/Requests/[/b:2a61wztz] using the following format:\n[b:2a61wztz]FILLED-00.00.00.Release.Name-Group[/b:2a61wztz]\nand u/l the files inside of it.\n\nDo not u/l the the main folder inside of it either.  For Example\nWhat not to do --&gt; [b:2a61wztz]/Requests/FILLED-00.00.00.Release.Name-Group/00.00.00.Release.Name-Group/(Files)[/b:2a61wztz]\n\nWhat not to do --&gt; [b:2a61wztz]/Requests/REQUEST-00.00.00.Release.Name-Group/00.00.00.Release.Name-Group/(Files)[/b:2a61wztz]\n\n\nWhat you should do --&gt; [b:2a61wztz]/Requests/FILLED-00.00.00.Release.Name-Group/(Files)[/b:2a61wztz]\n\n[b:2a61wztz]/Requests/FILLED-00.00.00.Release.Name-Group/CD1/(Files)[/b:2a61wztz]\n\n[b:2a61wztz]/Requests/FILLED-00.00.00.Release.Name-Group/CD2/(Files)[/b:2a61wztz]\n\n[b:2a61wztz]/Requests/FILLED-00.00.00.Release.Name-Group/Sample/(Files)[/b:2a61wztz]\n\n[b:2a61wztz]/Requests/FILLED-00.00.00.Release.Name-Group/DVD1/(Files)[/b:2a61wztz]\n\n[b:2a61wztz]/Requests/FILLED-00.00.00.Release.Name-Group/DVD2/(Files)[/b:2a61wztz]\n\netc...','',0,'QA==','2a61wztz',1,0,'',32,0,0),(144,23,71,32,0,'204.118.178.77',1107102720,1,0,1,0,1,0,'','DUMP SITE RULES','The following can be found on each dump by issuing a raw command [b:1ufp1ala]site rules[/b:1ufp1ala].  Everyone needs to read and follow these rules.\n\n ----------------------------[ SITE RULES ]-------------------------------------\n -\n -\n - If you cannot log on due to a ghost login, then hold down the left shift\n - button while logging in with FlashFXP.  This will add a ! in front of\n - your username which will kick off any ghost logins of your account.\n -\n - NO FXP\'ing between dumps.  We do not need help filling the dumps.\n -\n - NO FXP\'ing to your friends.  Your account is for you to d/l with ONLY.\n - Anyone found abusing this rule WILL BE KICKED OUT PERIOD.  No Refund.\n -\n - Normal users may only upload to /Requests/ and /Uploads/\n -\n - Do NOT complain about speeds if you are not using BBB port trick.\n -   [url=http&#58;//www&#46;luniz&#46;org/lunatic/RaidenFTPD/:1ufp1ala]http://www.luniz.org/lunatic/RaidenFTPD/[/url:1ufp1ala]   for RaidenFTPD users.\n - If you need RaidenFTPD, either go buy it, or ask for the latest\n - cracked version.\n -\n - Cap your d/l\'s to 200KB/s.  Dump speed is for everyone, so share.\n -\n - To make a request, go into the /Requests/ dir and make a new folder\n - using the following format:\n - REQUEST-00.00.00.Release.Name-Group-Your_Nick\n - For example:\n - REQUEST-09.22.04.Shadow_Ops_Red_Mercury_DVD-VENGEANCE-Liquid_Cooled\n - This will make it easier for us to locate your request and to notify\n - us who made the request.\n -\n - 1 Request per person.  This means 1 item, not a whole season.\n -\n - [b:1ufp1ala]NO REQUESTING ANYTHING THAT ISNT 1 MONTH OLD[/b:1ufp1ala].\n - There is no reason for you to request something that just came out\n - that wasnt instantly sent to the site.  If something that just came\n - out is not on the site, ask someone to send it there.\n - DO NOT MAKE A REQUEST!\n -\n ----------------------------[Courier Rules]------------------------------------\n -\n -\n - NO FXP\'ing between dumps.\n -\n - Date uploads if everything else in the directory is dated.\n -\n - Upload older stuff 1st before new stuff.\n -\n -\n ----------------------------[ SITE RULES ]-------------------------------------','',0,'UA==','1ufp1ala',1,0,'',32,0,0),(145,24,71,32,0,'72.240.74.231',1121827320,1,0,1,0,1,0,'','New IRC Server Information - 11/28/06','-=-=-=-=-=-=-=-=-=-=-\r\nIRC Servers\r\n-=-=-=-=-=-=-=-=-=-=-\r\n\r\n=============\r\nServer: lunatic2k.dyndns.org [b:1dohuyfy](ONLINE)[/b:1dohuyfy]\r\nSSL Encrypted Ports: 10121-10124\r\nPassword: SJhBXMVqLPo6PRGzF3QfZ8yK7UWOVr\r\n\r\nServer: liquid.is-a-geek.org [b:1dohuyfy](ONLINE)[/b:1dohuyfy]\r\nSSL Encrypted Ports: 10121-10124\r\nPassword: VrkgEHQYOHV2boYwPlBXK27xpQyoj0\r\n=============\r\n\r\n-=-=-=-=-=-=-=-=-=-=-\r\nTeamspeak Servers\r\n-=-=-=-=-=-=-=-=-=-=-\r\n\r\n=============\r\nTS Server: luniz.dyndns.org:3786\r\nPassword: iRnOMibE4JAh9Fslo9CzLYprNyEdS\r\nClient:   [url=http&#58;//www&#46;goteamspeak&#46;com/downloads&#46;php:1dohuyfy]http://www.goteamspeak.com/downloads.php[/url:1dohuyfy]  \r\n=============','',0,'UA==','1dohuyfy',1,0,'',32,0,0),(146,25,71,32,0,'72.240.74.231',1129956600,1,0,1,0,1,0,'','FXP Speeds - SSL testing','Some of you feel that since we switched to SSL, that your FXP speeds have slowed down.  Here is a test I ran using every possible scenario:\n\n[b:376hame6]AbuserFTP (Normal) (ALT FXP) - Luniz (Normal) (NO ALT FXP)[/b:376hame6]\n[00:26:55] Transferred: zmast801.r03 15,000,000 bytes in 1 minute 45 seconds (138.6 KB/s)\n\n[b:376hame6]AbuserFTP (Explicit Auth SSL) (ALT FXP) - Luniz (Normal) (NO ALT FXP)[/b:376hame6]\n[00:28:32] Transferred: zmast801.r04 15,000,000 bytes in 1 minute 28 seconds (165.0 KB/s)\n\n[b:376hame6]AbuserFTP (Implicit) (ALT FXP) - Luniz (Normal) (NO ALT FXP)[/b:376hame6]\n[00:30:15] Transferred: zmast801.r05 15,000,000 bytes in 1 minute 37 seconds (150.0 KB/s)\n\n[b:376hame6]AbuserFTP (Normal) (ALT FXP) - Luniz (Explicit Auth SSL) (NO ALT FXP)[/b:376hame6]\n[00:32:59] Transferred: zmast801.r06 15,000,000 bytes in 1 minute 33 seconds (157.2 KB/s)\n\n[b:376hame6]AbuserFTP (Explicit Auth SSL) (ALT FXP) - Luniz (Explicit Auth SSL) (NO ALT FXP)[/b:376hame6]\n[00:34:30] Transferred: zmast801.r07 15,000,000 bytes in 1 minute 25 seconds (171.7 KB/s)\n\n[b:376hame6]AbuserFTP (Implicit) (ALT FXP) - Luniz (Explicit Auth SSL) (NO ALT FXP)[/b:376hame6]\n[00:36:10] Transferred: zmast801.r08 15,000,000 bytes in 1 minute 34 seconds (155.2 KB/s)\n\n[b:376hame6]AbuserFTP (Normal) (ALT FXP) - Luniz (Implicit) (NO ALT FXP)[/b:376hame6]\n[00:37:57] Transferred: zmast801.r09 15,000,000 bytes in 1 minute 42 seconds (143.4 KB/s)\n\n[b:376hame6]AbuserFTP (Explicit Auth SSL) (ALT FXP) - Luniz (Implicit) (NO ALT FXP)[/b:376hame6]\n[00:39:43] Transferred: zmast801.r10 15,000,000 bytes in 1 minute 40 seconds (145.2 KB/s)\n\n[b:376hame6]AbuserFTP (Implicit) (ALT FXP) - Luniz (Implicit) (NO ALT FXP)[/b:376hame6]\n[00:41:15] Transferred: zmast801.r11 15,000,000 bytes in 1 minute 26 seconds (169.0 KB/s)\n\n[b:376hame6]Average transfer speed: 155.0333 KB/s[/b:376hame6]\n\nSo as you can see, with or without SSL, the transfers were all around the same speed.  So if you want to blame SSL, go right ahead.  You can see above that it isnt SSL at all.','',0,'QA==','376hame6',1,0,'',32,0,0),(149,28,38,6,0,'206.24.48.105',1096503660,1,0,1,0,1,0,'','www.multiplayerstrategies.com','I know at least one of you has an account here   [img]images/smiles/icon_razz.gif[/img]  \n\nShare the wealth!','',0,'CA==','o2alqfek',1,0,'',6,0,0),(150,28,38,10,0,'216.239.86.55',1100145540,1,0,1,0,1,0,'','www.multiplayerstrategies.com','I do...\n\nHow do you think I knew the Empire trick so quick to get loads of faction points  [img]images/smiles/icon_smile.gif[/img] \n\nOnly problem is you cant cut and paste, everything has to be copied by taking pictures.','',0,'CA==','l8pd5rkt',1,0,'',10,0,0),(151,29,38,6,0,'204.153.10.193',1081377900,1,0,1,0,1,0,'','World Of Warcraft','Anyone been following this?\n\n[url=http&#58;//www&#46;worldofwarcraft&#46;com:10en8az0]www.worldofwarcraft.com[/url:10en8az0]\n\nLooks and sounds pretty damn cool so far. Phase 2 of beta is due to begin soon.\n\nI\'m just wondering who (if anyone) will be playing this when it comes out. I\'ll be starting a Horde Guild with some other people I know. \n\nIf anyone\'s interested just let me know and I\'ll give you the link once our webpage is up.\n\n  [img]images/smiles/icon_cool.gif[/img]','',0,'GA==','10en8az0',1,0,'',6,0,0),(152,29,38,6,0,'204.153.10.193',1082775000,1,0,1,0,1,0,'','World Of Warcraft','Did anyone get in the beta?','',0,'GA==','3rusabu9',1,0,'',6,0,0),(153,29,38,122,0,'213.112.40.59',1083644760,1,0,1,0,1,0,'','World Of Warcraft','Nope. I live in Sweden so I guess we will join in on phase 453 or sumthin... But I will get the game when it gets out and maybe we can form a clan if they allow players from different continents play on the same server  [img]images/smiles/icon_razz.gif[/img] \n//feist','',0,'CA==','280bq0dy',1,0,'',122,0,0),(154,29,38,643,0,'24.229.137.35',1083667980,1,0,1,0,1,0,'','World Of Warcraft','i\'ll look into it buti can\'t guarantee anything.','',0,'CA==','34yidigg',1,0,'',643,0,0),(155,29,38,6,0,'204.153.10.193',1083696600,1,0,1,0,1,0,'','World Of Warcraft','I\'ll be running a guild, \"Blood Guard\", with a few other people.\n\nIt\'s a Horde-only guild (since Alliance and Horde cannot be grouped together).\n\nI\'ll be setting up some basic forums in the next little while. Stop on by if you\'re curious.   [img]images/smiles/icon_cool.gif[/img]','',0,'CA==','2z1k9ki6',1,0,'',6,0,0),(156,29,38,643,0,'24.229.137.35',1083716580,1,0,1,0,1,0,'','World Of Warcraft','sure thing','',0,'CA==','b2z5z6op',1,0,'',643,0,0),(157,29,38,10,0,'216.239.86.228',1084077360,1,0,1,0,1,0,'','World Of Warcraft','I\'ll be there...','',0,'CA==','2mft4vll',1,0,'',10,0,0),(158,29,38,6,0,'204.153.10.193',1084230600,1,0,1,0,1,0,'','World Of Warcraft','I was supposed to be able to get some free hosting space through a friend of a friend, but he\'s not responding to my emails...   [img]images/smiles/icon_mad.gif[/img]','',0,'CA==','megbaxyg',1,0,'',6,0,0),(159,29,38,122,0,'213.15.86.21',1094020380,1,0,1,0,1,0,'','World Of Warcraft','Still nutting new Dukes? I have my hopes that i get picked in the European Beta phase....\n//feist','',0,'CA==','2wpuorfv',1,0,'',122,0,0),(160,29,38,6,0,'206.24.48.105',1095992820,1,0,1,0,1,0,'','World Of Warcraft','Nope, not sure if it\'s even going to happen anymore.   [img]images/smiles/icon_redface.gif[/img]  \n\nI\'ve been playing a lot of SWG lately (well not the past week or so due to HW issues)','',0,'CA==','1ieyyai5',1,0,'',6,0,0),(161,29,38,122,0,'82.193.170.250',1096011480,1,0,1,0,1,0,'','World Of Warcraft','SWG is so good ?? You dont think Blizzard will whip some ass with World of Warcraft? Well we could probably not play on same servers anyways as Blizzard seems to divide North America and Europe on different realms.','',0,'CA==','3fnqxgtx',1,0,'',122,0,0),(162,29,38,6,0,'206.24.48.105',1096502940,1,0,1,0,1,0,'','World Of Warcraft','I\'m sure BLizzard will do an amazing job, but I\'ve always been more into Star Wars than Warcraft. If I was into Elves \'n stuff I\'d probably be playign Everquest   [img]images/smiles/icon_razz.gif[/img]','',0,'CA==','3u49k8zi',1,0,'',6,0,0),(163,29,38,10,0,'216.239.86.55',1100145840,1,0,1,0,1,0,'','World Of Warcraft','I am pretty sure I will play, going to wait for to read a bit about it after it comes out. Then decide whether I want to devote my winter off to Everquest 2 or WoW.\n\nAlthough, EQ2 is SOE and I am on bad terms with them right now. Still haven\'t forgave them for fucking up a droid patch in SWG.\n\nBastards...\n\nLike you said though Feist, will not be able to play in same server anyways, which kinda sucks.\n\n\"Tauren Hunter 4eva\"','',0,'CA==','18zsncf0',1,0,'',10,0,0),(164,29,38,122,0,'82.193.170.250',1100506140,1,0,1,0,1,0,'','World Of Warcraft','Over here in Europe Blizzard is advertising for the pre-order of WoW. Opens on the 26th of November and ensures you a copy of it when its out. Seems like they will only release a certain amount not to bust the servers which sounds pretty wise to me. Better have happy people playing from start  [img]images/smiles/icon_smile.gif[/img] \n\nI like the idea of a short learning curve and that you dont have to be online every day to get along in the game. I wont have time for that...\nToo bad we cant be on the same server Boney cause we would have made one heckuva a team I am sure  [img]images/smiles/icon_wink.gif[/img]','',0,'CA==','2wghapnj',1,0,'',122,0,0),(165,29,38,10,0,'216.239.86.55',1100649660,1,0,1,0,1,0,'','World Of Warcraft','Well, I am a sucker and caved in to SOE. Bought Evercrack 2 on Sunday and I am liking it so far.\n\nPretty good as expected, but seems like it will take a long time to do anything. The more powerful you get, the more you can explore...\n\nI will still get World of Warcraft though. Just so I can pick the one I like more and stick with it. \n\nWhat made me buy EQ2, was actually browsing user opinions on [url=http&#58;//www&#46;gamefaqs&#46;com:2asuhj7n]www.gamefaqs.com[/url:2asuhj7n] and seeing how immature the users on WoW forum were. I swear the avg. age group of WoW players is 14. I went through that in SWG, where for the first month there was TONNES of kiddies ruining the game. Then after the first month they seemed to disappear though (maybe when payment was due  [img]images/smiles/icon_smile.gif[/img]  ), hopefully same happens in WOW, because it does seem I would like it more for reviews on game sites. (except no player housing at start?)\n\nAnyways, time will tell....and if you don\'t like WoW, EQ2 is pretty good (so far).\n\n[url=http&#58;//eq2players&#46;station&#46;sony&#46;com/en/pplayer&#46;vm?characterId=126508110:2asuhj7n]http://eq2players.station.sony.com/en/pplayer.vm?characterId=126508110[/url:2asuhj7n]\n\n^my cool Ogre - Rohling was babelfished for Brute in German  [img]images/smiles/icon_wink.gif[/img]','',0,'GA==','2asuhj7n',1,0,'',10,0,0),(166,29,38,122,0,'82.193.170.250',1101111420,1,0,1,0,1,0,'','World Of Warcraft','I played EQ1 but never really liked it. I guess I will get WoW due to the fact that I played all the games in the series and like the storyline. Saw an interview with one of the creators behind the game and he said they will put much focus on sticking to this immersive story and the fight between the two factions - Horde and Allied. They will create certain battle fields where you conquer eachothers castles - kinda like being a soldier in a battle of Warcraft 3  [img]images/smiles/icon_wink.gif[/img]','',0,'CA==','1kbabx24',1,0,'',122,0,0),(167,30,38,122,0,'83.227.74.66',1105508100,1,0,1,0,1,0,'','World of Warcraft BETA','Finally got into the beta in Europe and gotta tell you this game rocks. At least if you are a bit into RPG games. Lots of quests and cool features. Blizzard has also put much effort into the intuitive interface which makes the startup easier. \nTry and buy!\n\n//feist','',0,'CA==','369j2mo6',1,0,'',122,0,0),(168,31,38,122,0,'82.193.170.250',1101974640,1,0,1,0,1,0,'','WoW in Europe','I signed up for a copy of WoW and will receive it in January I expect. Wondered perhaps if any of you Euros out there are interested in creating a guild of players? If so just sign here  [img]images/smiles/icon_smile.gif[/img] \n//feist','',0,'CA==','2y1bhjlw',1,0,'',122,0,0),(169,31,38,122,0,'82.193.170.250',1102498500,1,0,1,0,1,0,'','WoW in Europe','Seems Blizzard will make Europeans able to play in USA too...','',0,'CA==','fr04swyd',1,0,'',122,0,0),(170,31,38,122,0,'82.193.170.250',1109086740,1,0,1,0,1,0,'','WoW in Europe','Just wanted to tell any interested that I am playing WoW on European servers now. If any more Euros wanna coop just give me a PM  [img]images/smiles/icon_smile.gif[/img] \n//feist','',0,'CA==','2lkxacqw',1,0,'',122,0,0),(171,31,38,6,0,'161.114.64.71',1110100680,1,0,1,0,1,0,'','WoW in Europe','I don\'t play WoW, but I think BoneYard\'s on a US server. \n\nI forget the name of it... for some reason I\'m thinking \"Sausage\"   [img]images/smiles/icon_redface.gif[/img]','',0,'CA==','3balsjzt',1,0,'',6,0,0),(172,32,38,6,0,'161.114.64.71',1110100800,1,0,1,0,1,0,'','Matrix Online','Anyone here in beta?\n\nAnyone going to try it?','',0,'CA==','lh83yy5u',1,0,'',6,0,0),(173,32,38,6,0,'161.114.64.71',1111911180,1,0,1,0,1,0,'','Matrix Online','I guess that\'s a No   [img]images/smiles/icon_sad.gif[/img]','',0,'CA==','2e0hur3w',1,0,'',6,0,0),(174,32,38,10,0,'216.239.84.242',1114383540,1,0,1,0,1,0,'','Matrix Online','Doesn\'t sound too good, not that I have read a whole lot about it. \n\nWorld of Warcraft has just got good, but worse. They introduced an incentive to PvP last Tuesday, so now that is all everyone does. Can not venture out of your main city without a few other people or you are dead meat now. So no more solo play until people get bored of killing each other, which probably won\'t be for a month or 2 when the next content patch introduces Battlegrounds (warcraft 3 style play within the game).\n\nWhere is Element now Dukes? Is he back in SWG? Just wondering cause he hasn\'t logged into WoW for 2 months now....','',0,'CA==','srhnbxlm',1,0,'',10,0,0),(175,32,38,6,0,'24.114.30.76',1114438260,1,0,1,0,1,0,'','Matrix Online','Yeah I played SWG with him last night   [img]images/smiles/icon_razz.gif[/img]','',0,'CA==','2fgq3mzg',1,0,'',6,0,0),(176,32,38,122,0,'213.114.98.21',1114506000,1,0,1,0,1,0,'','Matrix Online','Havent played Matrix BETA but is playing WoW and the new Honor system works better on normal servers than on the PvP servers... On normal servers you can choose to go PvP for awhile and then switch back to normal when you wanna do normal questing. Of course you are PvP able for at least 5 min after attacking a person or NPC of other side..\n\nYou guys been checking out Guild Wars? Seems to be a kewl new morpg with more coooperative nature from some old Blizzard ppl.','',0,'CA==','91bu1vnk',1,0,'',122,0,0),(177,33,38,122,0,'213.114.98.56',1114899540,1,0,1,0,1,0,'','Guild Wars','Anyone tried this game? Multiplayer game without monthly payments. Doesnt it sound cool?','',0,'CA==','3qbhjkzh',1,0,'',122,0,0),(178,33,38,6,0,'24.114.30.76',1115121300,1,0,1,0,1,0,'','Guild Wars','Don\'t know much about it personally   [img]images/smiles/icon_redface.gif[/img]','',0,'CA==','17ky32xr',1,0,'',6,0,0),(179,34,38,6,0,'156.153.255.134',1116839040,1,0,1,0,1,0,'','Call of Duty: United Offensive','Just curious if anyone\'s playing this.','',0,'CA==','23sn3tmt',1,0,'',6,0,0),(180,35,38,6,0,'72.139.29.190',1152215940,1,0,1,0,1,0,'','What\'s everyone playing these days?','Just like the title says... What\'s everyone playing these days?\n\nRight now I\'m playing:\n\n-Call of Duty 2\n-EVE Online\n-Age of Empires 3','',0,'CA==','1ut0krx9',1,0,'',6,0,0),(181,35,38,106,0,'24.200.64.134',1152367980,1,0,1,0,1,0,'','What\'s everyone playing these days?','Playing:\n\n- Titan Quest\n- Splinter Cell Chaos Theory\n- SWAT 4 (on and off)','',0,'CA==','268tkilc',1,0,'',106,0,0),(182,36,39,10,0,'216.239.85.11',1079292780,1,0,1,0,1,0,'','Xbox - The Suffering','Short Non-Review...\n\nJust had to give kudos to this game. There is nothing really revolutionary about the graphics or sound or gameplay, but the story...wow. I haven\'t been this moved by a video game since Resident Evil 1 (even if I sound girly saying that)  [img]images/smiles/icon_smile.gif[/img]  \n\nThe way the story has unfolded so far is great, also the way they involve you within the story is just fantastic. I don\'t want to give away any part of it, but think Half-Life, just done better, in a horror setting.\n\nAnyways, just had to say it, very well done and I highly recommend what they say at the start of the game. Playing in a dark atmosphere and getting really into the game makes it that more enjoyable.\n\nps. Guy\'s who made this must be so f*cked up...lol','',0,'CA==','2979dbrz',1,0,'',10,0,0),(183,36,39,30,0,'217.15.169.45',1080953940,1,0,1,0,1,0,'','Xbox - The Suffering','Man how can u like this resident evil sub standard crap...please do not post lies here that may result in people downloading or even worse buying ballox games.','',0,'CA==','3pv62l0u',1,0,'',30,0,0),(184,37,39,6,0,'204.153.10.193',1082762400,1,0,1,0,1,0,'','City Of Heros','It is a hell of a lot better than I knew. Screenshots didn\'t do much for me, filled as they were with other people\'s heroes, and like many others I was interested in creating villains with underworld cartels as opposed to righteous servants of justice. I had seen a very good number of banal characters produced with the much touted character creation tools, but let me make clear that you can get out what you put into that thing. The likelihood is very high that the do-gooder in your mind\'s eye can be coaxed into existence. \n\nScreenshots also don\'t communicate the animations and special effects, and believe me when I say that in a game where a single screen can hold a hundred superheroes one does tend to see an effect or two. You\'ll also see, though it might depend on your machine, tons of ambient characters crossing plazas and filling sidewalks - presumably, these are the consumers of your heroism. The city is broken up into different neighborhoods with their own feel, and while running, flying, or floating to your next mission you might see some young punks trying to cut an old lady. These essentially amount to random encounters you can take or not take, though looking on while someone\'s grandmother is brutalized isn\'t particularly heroic. They can reward you with \"influence\" which is called \"money\" in any other game. \n\nAfter creating a character that combines the Science origin with the Scrapper archetype - essentially, a Minotaur type - I ran my character \"Corganno\" through their perfectly sensible tutorial section. It was here I found that the crime infested buildings in the game represent instanced dungeons - that is to say, upon entering one alone or in a group, a \"shard\" of it is spun off for your exclusive use. You never see higher level heroes in there camping the Kingpin or his carefully distinguished equivalent. As you fight and defeat jackholes, if an enemy has a powerup - either an \"Inspiration,\" the equivalent of a temporary stat increase, or an \"Enhancement,\" which can improve your powers in any number of ways - there is no need to go pick it up off the body. That\'s right, no kneeling down, no stopping or waiting. This game is absolutely, completely, and entirely about kicking guys, or frying them, or controlling their minds or whatever. If something gets in the way of that, I have a feeling that the developer did everything they could to remove it. \n\nWhich is, oddly, where my problem comes in. I wouldn\'t say that the game lacks depth, as laying your enemies low is the thrust of virtually every MMO, and indeed most videogames. No, it is almost as though the game lacks width. Compared to other games of the genre, outside of conflict with enemies there isn\'t anything to do. I mean it, there\'s nothing. Some people write in and they say that\'s perfectly fine with them, and others - perhaps ones that have spent a fair amount of time in other Massive worlds - come away expecting other in-game activities like crafting or canasta. Certainly, though, if jolting thugs with your arm cannon strikes you as a good way to spend a Saturday afternoon, you might want to leave one free. There is an endless supply of criminals so stupid as to commit crimes in broad daylight, in a city with seven superheroes per square foot, all for a purse that contains some gum and a bottle of multivitamins the label takes great pains to establish are only appropriate for senior citizens.','',0,'CA==','1g8svugx',1,0,'',6,0,0),(185,38,39,122,0,'82.193.170.250',1095756180,1,0,1,0,1,0,'','Fable - Xbox','Fable is possibly the most hyped game for xbox since Halo and much due to the help of the marketing genius Peter Molyneux (behind hyped games such as Populous, Black & White, Dungeon Keeper, Syndicate). The game is basically an RPG but it is pretty much story driven which is ok by my standards. I dont have time to just wander the world and explore everything. I like a good story combined with good gameplay and this is what Fable brings. Graphics is ok but nothing exceptional. Sound is good and music varies throughout the world depending where you at. \nCharacter development is really nice in the game and your character becomes older and even show battle scars. You can also alter pretty much everything (except your gender) on your character. Nice clothes and haircuts and tatoos makes it easier to find yourself a nice woman in every village...\nLike in Star Wars: KOTOR you also pick a good or an evil way of doing things. This also affects how your character look (you get horns on your forehead if you are bad enough !).\nLots of cool stuff to explore so just grab a copy and start playing!\n\nTotal score: 9/10\n//Feist','',0,'CA==','r8uzwp8j',1,0,'',122,0,0),(186,39,39,30,0,'217.15.169.45',1080954600,1,0,1,0,1,0,'','Short review of Games @April 2004','A few I have tried and mostly deleted of hardrive as quickly as i have tested.\n\nFar Cry         ---Superb ---dont delete\nCounter Strike  ---Crap   ---delete\nCastle Strike   ---Play AOE ---delete\nDead mans Hand  ---average  ---play and try\nColin McCrae 04 ---crap   ---delete unless you are sad\nSyberia 2       ---superb---better than orginal\nSpartan         ---shit  ---delete\nNemisis of Rome ---Play AOE ---delete\nSacred          ---Superb ---Germans have done something right for a change\nSplinter Cell 2 --Superb  ---You must be gay if you dont like this\nKnights if the Temple ---average---you will soon be bored\nLords of the Realm III ---average--- useless trilogy\nGangland   ----crap---delete\n\nMmmmm\nnow im even more bored than before i started writing this crap\nanyhow if anyone disagrees with my review\nplease feel free to say so..though you will be wrong!!','',0,'CA==','amiyp0fx',1,0,'',30,0,0),(187,39,39,629,0,'62.252.64.7',1081018500,1,0,1,0,1,0,'','Short review of Games @April 2004','how do u make time to play all these games, i mean i\'m a student who does nothing for most of the day and i still can\'t find the time for gaming.','',0,'CA==','6p15qnqk',1,0,'',629,0,0),(188,39,39,30,0,'217.15.169.45',1081117080,1,0,1,0,1,0,'','Short review of Games @April 2004','Quite obvious to me...\nI dont spend half my life whacking off to clothes catelogues!','',0,'CA==','35b0mcym',1,0,'',30,0,0),(189,39,39,122,0,'82.193.170.250',1095756300,1,0,1,0,1,0,'','Short review of Games @April 2004','Why not list games of the last summer Richy? You suddenly stopped gaming?\n//feist','',0,'CA==','306pskhb',1,0,'',122,0,0),(190,39,39,6,0,'206.24.48.105',1095993120,1,0,1,0,1,0,'','Short review of Games @April 2004','Only games I\'ve played in the past year:\n\nCall of Duty - not bad/good\nCity of Heroes - good, but I didn\'t know anyone at the time (solo-MMORPG = boring)\nMedal of Honor - Classic, although old\nKnights of the Old Republic - Awesome\nStar Wars Galaxies - Good & Improves all the time\n\nYep, that\'s about it   [img]images/smiles/icon_razz.gif[/img]','',0,'CA==','3aradoxt',1,0,'',6,0,0),(191,39,39,122,0,'82.193.170.250',1096014480,1,0,1,0,1,0,'','Short review of Games @April 2004','My most played games this year:\n\nWarcraft 3 Frozen Throne - As usual a great addon from Blizzard. Lots of kewl new units that adds spice to the action especially online.\n\nLinks 2004 (xbox) - best golf game ever. No doubt about it. Just like in the real world Tiger Woods aint no 1 anymore  [img]images/smiles/icon_wink.gif[/img] \n\nFable (xbox) - share 1st place with Starwars: KOTOR for the best xbox RPG. Lots of kewl features and action. Revolutionary NPC AI.\n\nRiddick (xbox) - best gfx on xbox and immense storyline. Better than the movie in fact  [img]images/smiles/icon_wink.gif[/img] \n\nFight Night (xbox) - best fighting game I have played. Revolutionary analog fighting technology. Kewl stuff!','',0,'CA==','3slaiewp',1,0,'',122,0,0),(192,40,42,16,0,'24.81.76.14',1015726680,1,0,1,0,1,0,'','Plz Post any Invision  questions or problems here.Will do my','[img]images/smiles/icon_smile.gif[/img]','',0,'CA==','2p4n3zs9',1,0,'',16,0,0),(193,40,42,106,0,'24.202.122.112',1057810500,1,0,1,0,1,0,'','Plz Post any Invision  questions or problems here.Will do my','16 months later, the first invision question. Cyanide, I recently lost my sounds in invision, dunno what happened. But there\'s no sound like for the PMs and nick alert and aways, etc. What is odd is that the enable sounds option is checked in the options... And if I remember, it\'s not the first time that happens. I think it may have happened to someone else in the chan, but can\'t remember who exactly. Maybe you can help.\n\nThanks a lot.\n\ntayeule','',0,'CA==','1a43za3y',1,0,'',106,0,0),(194,40,42,32,0,'63.162.21.245',1060460820,1,0,1,0,1,0,'','Plz Post any Invision  questions or problems here.Will do my','Top menu bar, Invision, Sound Manager, check all boxes.','',0,'CA==','3bpfmo9a',1,0,'',32,0,0),(195,41,42,271,0,'129.142.205.76',1089244140,1,0,1,0,1,0,'','autogreetings','ok , i have this problem .For some reason i cant remove autogreetings from my invision\neven after i remove it in invision its still there\nis there a sure way to remove it ?','',0,'CA==','1fumj4a1',1,0,'',271,0,0),(196,41,42,32,0,'63.162.21.249',1089340500,1,0,1,0,1,0,'','autogreetings','Close Invision completely, and delete the AutoGreetMessages.i2d file.','',0,'CA==','1a9p002x',1,0,'',32,0,0),(197,41,42,271,0,'129.142.205.76',1092343380,1,0,1,0,1,0,'','autogreetings','i forgot to say thank you (and sorry for slow reply)','',0,'CA==','abkkfnpe',1,0,'',271,0,0),(228,61,54,32,0,'192.168.0.2',1027314300,1,0,1,0,1,0,'','Getting DCC sends to work, especially behind a router','Go into the mIRC options to the Local Info section and make sure you set it to what you see in the pic below:\n\n [img:1crx467n]http&#58;//www&#46;luniz&#46;org/images/irc/mirc-local_info&#46;jpg[/img:1crx467n]\n\nThen go to the DCC/Options section and set a range of DCC ports to use for DCC sends, as you see in the pic below:\n\n [img:1crx467n]http&#58;//www&#46;luniz&#46;org/images/irc/mirc-dcc&#46;jpg[/img:1crx467n]\n\nNow, if you have a router, you will need to open (port forwarding) this range of ports to your LAN ip.  Also note to use a range of ports that something else isnt going to be using.  That is why I use 2500-5000.  But you dont need to use such a large range, but enough to be able to send more than 1 dcc at a time.  Once you set these options up, you should not have any problems with DCC sends.','',0,'CA==','1crx467n',1,0,'',32,0,0),(241,68,56,72,0,'68.3.181.159',1040965920,1,0,1,0,1,0,'','Pop Up Notices','Recently I have been gettin notices in whatever window I am currently clicked in so for almost 2 days I have been seeing this \n\"««ñötîÇË»»[10:01pm] «Satan-Claus(#isosrus)» (File Servers Online) Triggers:(Pro Apps!!! & GAMESCORNER! & PANDORA BOX !! & !!MOVIELAND!! & !!BANGBUS XXX!!) Snagged:(1.56Gb in 69 files) Min CPS:(250b/s) Record CPS:(12.7Kb/s by rat25364{clone}) Online:(0/4) Sends:(0/1) Queues:(0/10) Accessed:(76 times) Note:(BANGBUS movies collection HERE!--- GAMESCORNER LATEST!!!) «~{Polaris IRC 2001}~\"  \nEvery 5 minutes in servers.  Anyone have any idea what it is doing this all of a sudden?  Or how to get rid of it?','',0,'','3fvn6ad2',1,0,'',72,0,0),(251,75,72,3,0,'24.114.213.131',1021526580,1,0,1,0,1,0,'','iRS Standards for SVCDs [Update 10.01.02]','The follow standards should be adhered to as close as possible to maintain\nconsistency and quality of all the rips produced by the group. We all have\ndownloaded a bad quality rip before and know the disappointment when we do.\nThe standards outlined below are for both ripping quality and for naming\nconventions. \n\nQUALITY\n--------\n\n1. All rips should be a minimum of 4 pass VBR.\n\n2. Rips should be in widescreen when available, unless you feel the fullscreen\nversion is necessary or wanted.\n\n3. All .cue files should have chapters, made by dvd2svcd using the DVD chapters.\n\n4. All audio will use a bitrate of 224.\n\n5. All audio will be downsampled from 48Khz to 44.1Khz to adhere to svcd standards.\n\n6. Force film shall be ON with all NTSC DVDs to pulldown to 23.97fps.\n\n7. The average video bitrate shall be minimum 1750 and the maximum 2230.\n\n8. CD sizes shall be either 737 or 800MB, depending on the bitrate and length of movie.\n\n9. If unsure of any other settings/requirements ask first!!\n\nFILENAMES AND NFOS\n-------------------\n\n1. All releases should have an .nfo file.\n\n2. All .nfo files shall follow the format of the template provided.\n\n3. All rar files shall be labelled as follows:\n\nMovie.Name.CD#-iRS.partXX.rar\n\n4. All movies shall be rarred with WinRAR v3.0\n\n5. All dirs when upload shall be labelled as follows:\n\nMovie.Name.Year.WS/FS.DVDRip.SVCD.iNTERNAL-iRS\n\n6. Subdirecties shall be labelled CD1, CD2, CD3 and so on and Sample.\n\n7. Samples shall be labelled moviename.sample-iRS.mpg, shall be in SVCD format,\nand are to be 15-20MB in size.\n\n8. All bin/cues shall be labelled \"movie-iRS.bin/cue\" and svcd volume label shall\nbe the movie title.\n\n9. All uploads shall include an .sfv file.','',0,'','ont7mpue',1,0,'',3,0,0),(252,76,72,3,0,'24.114.213.131',1021526640,1,0,1,0,1,0,'','DVD2SVCD Settings Guide [Updated 10.01.02]','NOTE: Every DVD is different and setting\'s may have to be changed according to the\n      DVD format itself.\n\n        TABS:  INSTRUCTIONS:\n \n      bbMPEG:  Check \"CD Overlap seconds\" and set to 2\n\n   Subtitles:  None\n\n    CD Image:  Select VCDXBuild. Check \"Use EntrySVD\" and \"DVD Chapters\". Set\n               PBC type set to \"PBC Use Selections\".\n\n    Finalize:  None\n\n       Misc.:  Check \"Don\'t delete any files\" (This is incase you need to recover)\n\n  Conversion:  Click CD icon to load DVD, dvd2svcd SHOULD choose proper aspect \n               ratio automatically, but check to make sure.\n\n               You can click on \"GO\" and choose \"Preview video (still picture)\" to  \n               make sure aspect ratio is correct.If it is not you may want to consult\n               with someone on the matter before proceeding.\n\n               Be carefull if you have a DVD with WS and FS on same side of disc.\n\n     DVD Rip:  Check \"Activate DVD ripping\"\n\n     DVD2AVI:  NTSC Field Operation should be set to \"ON\"\n\n               You can set your folder to rip to here, it will be changed globally \n               thru the program.\n               \n       Audio:  Audio Bitrate should be set to 224 and \"Audio 1 downsample 48 -&gt; 44.1\" \n               should be checked. Max should be 2230, Min 300, Max Avg 2230.\n\n Frameserver:  None\n\n     BitRate:  Bitrates will vary depending on length of movie being ripped and # of \n               CD\'s chosen. \n\n     Encoder:  This is where you point DVD2SVCD to Cinemecraft EXE file.\n	       Minimum 4 passes set.\n\n    Pulldown:  None','',0,'','1atug4s6',1,0,'',3,0,0),(253,77,72,32,0,'192.168.0.2',1025241540,1,0,1,0,1,0,'','iRS Ripping Guide - Basic Settings [1 of 2]','[b:1gs9k8mm]!!!ATTENTION!!!  This Guide in still being made, do no use this information until it has been reviewed  !!!ATTENTION!!![/b:1gs9k8mm]\n\n[b:1gs9k8mm]Note:[/b:1gs9k8mm] This part of the guide only covers the basic settings and does not cover the actual ripping process.\n\n[b:1gs9k8mm]Software Needed:[/b:1gs9k8mm]\nDVD2SVCD\nCinema Craft Encoder SP 2.5\nTMPGEnc\nPowerDVD\n\n[b:1gs9k8mm]Guide:[/b:1gs9k8mm]\nInstall all of the required software listed above.\n\nRun DVD2SVCD and go to the \"Misc\" tab.\n\nYou will see the following:\n\n    [img:1gs9k8mm]http&#58;//www&#46;luniz&#46;org/images/dvd2svcd/misc&#46;jpg[/img:1gs9k8mm]\n\nOn this tab, you can set the default output folder (save to folder) used throughout DVD2SVCD.\n\nMake sure \"Don\'t delete any files\" is checked.\n\n\"Input file type\" should be set to \"DVD\".\n\n\"Output file type\" should be set to \"MPEG-2\".\n\n\"Process priority for all used programs\" sets the cpu priority of the ripping software.\n\nNow go to the \"DVD Rip\" tab.\n\nYou will see the following:\n\n    [img:1gs9k8mm]http&#58;//www&#46;luniz&#46;org/images/dvd2svcd/dvd%20rip&#46;jpg[/img:1gs9k8mm]\n\n\"Activate DVD Ripping\" should be checked if u are copying the VOB files off the dvd, which you will most likely be doing.\n\nMake sure any other options are set like the picture above.\n\nNow go to the \"DVD2AVI\" tab.\n\nYou will see the following:\n\n    [img:1gs9k8mm]http&#58;//www&#46;luniz&#46;org/images/dvd2svcd/dvd2avi&#46;jpg[/img:1gs9k8mm]\n\n\"NTSC Field Operation (Force Film)\" should be set to \"ON\".\n\nMake sure any other options are set like the picture above.\n\nNow go to the \"Audio\" tab.\n\nYou will see the following:\n\n    [img:1gs9k8mm]http&#58;//www&#46;luniz&#46;org/images/dvd2svcd/audio&#46;jpg[/img:1gs9k8mm]\n\n\"Audio 1 Bitrate\" should be set to 224.\n\n\"Audio 1 downsample 48 -&gt; 44.1\" should be checked.\n\nMake sure any other options are set like the picture above.\n\nNow go to the \"Frameserver\" tab.\n\nYou will see the following:\n\n    [img:1gs9k8mm]http&#58;//www&#46;luniz&#46;org/images/dvd2svcd/frameserver&#46;jpg[/img:1gs9k8mm]\n\nMake sure any other options are set like the picture above.\n\nNow go to the \"Encoder\" tab.\n\nYou will see the following:\n\n    [img:1gs9k8mm]http&#58;//www&#46;luniz&#46;org/images/dvd2svcd/encoder&#46;jpg[/img:1gs9k8mm]\n\n\"Cinema Craft Encoder\" should be selected.\n\n\"Multipass VBR\" should be a minimum of 4.\n\nMake sure any other options are set like the picture above.\n\nNow go to the \"Pulldown\" tab.\n\nYou will see the following:\n\n    [img:1gs9k8mm]http&#58;//www&#46;luniz&#46;org/images/dvd2svcd/pulldown&#46;jpg[/img:1gs9k8mm]\n\nMake sure any other options are set like the picture above.\n\nNow go to the \"bbMPEG\" tab.\n\nYou will see the following:\n\n    [img:1gs9k8mm]http&#58;//www&#46;luniz&#46;org/images/dvd2svcd/bbmpeg&#46;jpg[/img:1gs9k8mm]\n\nMake sure any other options are set like the picture above.\n\nGo on to the \"iRS Ripping Guide - Basic Settings [2 of 2]\".','',0,'SA==','1gs9k8mm',1,0,'',32,0,0),(254,78,72,32,0,'192.168.0.2',1025310540,1,0,1,0,1,0,'','iRS Ripping Guide  - Basic Settings [2 of 2]','[b:rg1nrjyk]!!!ATTENTION!!!  This Guide in still being made, do no use this information until it has been reviewed  !!!ATTENTION!!![/b:rg1nrjyk]\n\n[b:rg1nrjyk]Note:[/b:rg1nrjyk] This part of the guide only covers the basic settings and does not cover the actual ripping process.\n\nNow go to the \"CD Image\" tab.\n\nYou will see the following:\n\n    [img:rg1nrjyk]http&#58;//www&#46;luniz&#46;org/images/dvd2svcd/cd%20image&#46;jpg[/img:rg1nrjyk]\n\n\"Use Entrysvd\" should be selected.\n\n\"VCDXBuild\" should be selected.\n\nMake sure any other options are set like the picture above.\n\nNow go to the \"Misc\" tab.\n\nClick on the \"Save settings\" and close DVD2SVCD.\nThis completes the basic settings of DVD2SVCD.','',0,'SA==','rg1nrjyk',1,0,'',32,0,0),(255,79,72,32,0,'192.168.0.2',1029655680,1,0,1,0,1,0,'','Who Stays, Who Goes','Who Stays, Who Goes','',0,'SA==','2znapnpz',1,0,'',32,0,0),(256,79,72,20,0,'12.225.180.52',1029659400,1,0,1,0,1,0,'','Who Stays, Who Goes','I abstain from the vote due to the fact that i am here far too little too have any kind of idea who is worthwhile asset to the channel.','',0,'SA==','108yx9n5',1,0,'',20,0,0),(257,79,72,23,0,'12.231.202.146',1029660060,1,0,1,0,1,0,'','Who Stays, Who Goes','Fine, whatever.','',0,'SA==','1undgq6g',1,0,'',23,0,0),(258,79,72,30,0,'217.15.169.45',1029671460,1,0,1,0,1,0,'','Who Stays, Who Goes','No you dont......no abstaining.....vote or I dont.........I dont like this either.....','',0,'SA==','3nijqqe3',1,0,'',30,0,0),(259,79,72,16,0,'24.81.76.14',1029683640,1,0,1,0,1,0,'','Who Stays, Who Goes','My Vote Done','',0,'SA==','1qqbqaon',1,0,'',16,0,0),(260,79,72,3,0,'216.58.90.36',1029730380,1,0,1,0,1,0,'','Who Stays, Who Goes','OK... I have voted','',0,'SA==','1j3e96bb',1,0,'',3,0,0),(261,79,72,6,0,'24.112.215.190',1029690900,1,0,1,0,1,0,'','Who Stays, Who Goes','What happens if it\'s a tie? Or if it\'s 5-4?','',0,'SA==','24s35z92',1,0,'',6,0,0),(262,79,72,41,0,'24.162.131.54',1029702720,1,0,1,0,1,0,'','Who Stays, Who Goes','OK Freak has voted.','',0,'SA==','3ahmdnav',1,0,'',41,0,0),(263,80,72,32,0,'68.70.200.190',1029706200,1,0,1,0,1,0,'','Who Stays, Who Goes Part 2','Who Stays, Who Goes Part 2','',0,'SA==','1w6n7s61',1,0,'',32,0,0),(264,81,72,32,0,'68.70.200.190',1029707700,1,0,1,0,1,0,'','Who Stays, Who Goes Part 3','Who Stays, Who Goes Part 3','',0,'SA==','2dc39z4f',1,0,'',32,0,0),(265,82,72,32,0,'68.70.200.190',1029711300,1,0,1,0,1,0,'','Totals of the poll so far','======================\nFinal Results of the 58 user poll\n======================\n100% go as of 13 votes\n----------------------\nAwRoN\nStays  0% (0)\nGoes  100% (13)\n\nCeres02  \nStays  0% (0)\nGoes  100% (13)\n\nCobra  \nStays  0% (0)\nGoes  100% (13)\n\nDrSills  \nStays  0% (0)\nGoes  100% (13)\n\nDz|_|ma  \nStays  0% (0)\nGoes  100% (13)\n\nFung-Hwang  \nStays  0% (0)\nGoes  100% (13)\n\nJimmyJoeB  \nStays  0% (0)\nGoes  100% (13)\n\nMriadd][  \nStays  0% (0)\nGoes  100% (13)\n\nZonar  \nStays  0% (0)\nGoes  100% (13)\n======================\n8%/92% as of 13 votes (1 vote to stay/12 votes to go)\n----------------------\nAJT2002\nStays  8% (1)\nGoes  92% (12)\n\nArtemus/Txie/Eyessoh\nStays  8% (1)\nGoes  92% (12)\n\nBadAim  \nStays  8% (1)\nGoes  92% (12)\n\nDjGolden  \nStays  8% (1)\nGoes  92% (12)\n\nNatraj [b:2maw4afx](UPP is keeping)[/b:2maw4afx]\nStays  8% (1)\nGoes  92% (12)\n\nPlasmaAct  \nStays  8% (1)\nGoes  92% (12)\n\nSarke - iRS Member  \nStays  8% (1)\nGoes  92% (12)\n======================\n15%/85% as of 13 votes (2 vote to stay/11 votes to go)\n----------------------\nDusty_Zues [b:2maw4afx](Karma is keeping)[/b:2maw4afx]\nStays  15% (2)\nGoes  85% (11)\n\nisotrader  \nStays  15% (2)\nGoes  85% (11)\n\nLuther\nStays (2)\nGoes (10)\n\nMurderOne  \nStays  15% (2)\nGoes  85% (11)\n\nTeeklee  \nStays  15% (2)\nGoes  85% (11)\n======================\n23%/77% as of 13 votes (3 vote to stay/10 votes to go)\n----------------------\ncophin  [b:2maw4afx](Giant is keeping)[/b:2maw4afx]\nStays  23% (3)\nGoes  77% (10)\n\nFocker911  \nStays  23% (3)\nGoes  77% (10)\n\nR27K\nStays (3)\nGoes (9)\n\nSy5tem  \nStays  23% (3)\nGoes  77% (10)\n\nTechsystem  [b:2maw4afx](CyaNide is keeping)[/b:2maw4afx]\nStays  23% (3)\nGoes  77% (10)\n======================\n31%/69% as of 13 votes (4 vote to stay/9 votes to go)\n----------------------\n^PLPreDaToR3^\nStays  31% (4)\nGoes  69% (9)\n\nbakerboy [u:2maw4afx](Liquid is keeping)[/u:2maw4afx]\nStays  31% (4)\nGoes  69% (9)\n\nDB_GOD_III  \nStays  31% (4)\nGoes  69% (9)\n\nMik_018  [b:2maw4afx](Richy is keeping)[/b:2maw4afx]\nStays  31% (4)\nGoes  69% (9)\n\nThemage  \nStays  31% (4)\nGoes  69% (9)\n======================\n38%/62% as of 13 votes (5 vote to stay/8 votes to go)\n----------------------\nISoDeathscar  \nStays  38% (5)\nGoes  62% (8)\n\nskeletor  [b:2maw4afx](Dukes is keeping)[/b:2maw4afx]\nStays  38% (5)\nGoes  62% (8)\n======================\n46%/54% as of 13 votes (6 vote to stay/7 votes to go)\n----------------------\nDalnese - Non-OP Dump  \nStays  46% (6)\nGoes  54% (7)\n\nDopper3|w  \nStays  46% (6)\nGoes  54% (7)\n\nLocololo  \nStays  46% (6)\nGoes  54% (7)','',0,'QQ==','2maw4afx',1,0,'',32,0,0),(266,83,72,3,0,'216.58.91.77',1033010100,1,0,1,0,1,0,'','SVCD Council Rules','OK.. well a while back, a bunch of svcd ripping groups got together to come up with some scene rules since everyone was doing their own thing. You will note at the bottom of the rules, the people that were involved in the council.  They are good guidelines, and we follow most of them, but I don\'t think we will follow ALL of them.  We will be having an iRS meeting soon, and we will be going over some format changes.  In the meantime, here is the SVCD Council nfo of the standards for the scene... look em over and think of some comments/questions for the meeting:\n\nSVCD__Scene Rules - SVCD.CR.v200.nfo \n\nÚÄÄÄÄÄÄÄÄÄÄÄÄÄÄÄÄÄÄÄÄÄÄÄÄ\nÄÄÄÄÄÄÄÄÄÄÄÄÄÄÄÄÄÄÄÄÄÄÄÄÄ\nÄÄÄÄÄÄÄÄÄÄÄÄÄÄÄÄÄÄÄÄÄÄÄÄÄ\nÄÄ¿ \n³ ³ \n³ The SVCD Releasing Standards 2002 ³ \n³ ³ \nÚÄÄÄÄÄÄÄÄÄÄÄÄÄÄÄÄÄÄÄÄÄÄÄÄ\nÄÄÄÄÄÄÄÄÄÄÄÄÄÄÄÄÄÄÄÄÄÄÄÄÄ\nÄÄÄÄÄÄÄÄÄÄÄÄÄÄÄÄÄÄÄÄÄÄÄÄÄ\nÄÄ¿ \n³ ³ \n³ ÀÄÄÄ[ RELEASE RULES ]ÄÄÄÙ ³ \n³ ³ \n³ PROPERS: ³ \n³ ³ \n³ - No previous releases may be propered based on audio or video bitrate. ³ \n³ - Propers will be allowed in the case of technical problems, bad aspect ³ \n³ ratio, sync problems, skipping/freezing, interlaced, bad ivtc, etc ³ \n³ ³ \n³ VIDEO: ³ \n³ ³ \n³ - Must be at least 1750kbit average, with a maximum of 2450kbit. ³ \n³ - TMPGENC: 2 pass minimum ³ \n³ - CCE: 4 pass minimum ³ \n³ - Menus allowed. (see notes) ³ \n³ - Subtitles allowed (and encouraged for foreign releases) ³ \n³ ³ \n³ AUDIO: ³ \n³ ³ \n³ - Minimum 224kbit @ 44.1khz (regardless of source) ³ \n³ - Secondary tracks shall be 224 or LESS ³ \n³ ³ \n³ PACKAGING: ³ \n³ ³ \n³ - All releases must be BIN/CUE. (remove path from cue files) ³ \n³ - Must be packed with RAR, compression is NOT ALLOWED ³ \n³ and broken into 15 or 20 MB volumes ³ \n³ - Recovery record recommended. ³ \n³ - Must have SFV ³ \n³ - Must have NFO ³ \n³ - NFO MUST INCLUDE: ³ \n³ Group name ³ \n³ Title ³ \n³ Actual SVCD release date ³ \n³ DVD release date ³ \n³ US theater release date ³ \n³ Audio bitrate ³ \n³ Video minimum/average/maximum bitrate ³ \n³ Movie runtime/length ³ \n³ IMDB/adultdvdempire link ³ \n³ Number of rars per cd (eg. 44x15MB) ³ \n³ ³ \n³ SAMPLES: ³ \n³ ³ \n³ - REQUIRED ³ \n³ - Minimum 30 seconds, maximum 1 full minute in length and in separate ³ \n³ folder marked \'SAMPLE\'. ³ \n³ - MUST be taken from the movie - NOT encoded separately. ³ \n³ ³ \n³ DIRECTORY NAMING: ³ \n³ ³ \n³ - Directory names shall NOT exceed 64 characters. ³ \n³ - All releases are to include production year. ³ \n³ - DO NOT indicate Ripping method (CBR/VBR/CCE/TMPGENC and so on), ³ \n³ WS (widescreen), DVD/SVCD release DATE, GENRE or anything else ³ \n³ in the directory name (ONLY within the NFO). ³ \n³ - Acceptable characters in naming a directory include (NO spaces or ³ \n³ double dots - single dots or underscores ONLY): ³ \n³ ³ \n³ ABCDEFGHIJKLMNOPQRSTUVWXY\nZ ³ \n³ abcdefghijklmnopqrstuvwxy\nz ³ \n³ 0123456789 . -_ ³ \n³ ³ \n³ - All Release directories, regardless of year, shall be named ³ \n³ according to Movie.Name.Year.Source.Codec-Group ³ \n³ (i.e. Movie.Name.Year.DVDRip.SVCD-Group) ³ \n³ ³ \n³ - Releases that are more than 1 CD will follow these specs: ³ \n³ - MUST be named CD1, CD2, CD3 and so on. (\'disc1\', etc will NOT ³ \n³ be allowed). ³ \n³ - There MUST be a SFV included for each CD. ³ \n³ ³ \nÀÄÄÄÄÄÄÄÂÂÄÄÄÄÄÄÄÄÄÄÄÄÄÄÄ\nÄÄÄÄÄÄÄÄÄÄÄÄÄÄÄÄÄÄÄÄÄÄÄÄÄ\nÄÄÄÄÄÄÄÄÄÄÄÄÄÄÄÄÄÄÂÂÄÄÄÄÄ\nÄÄÙ \n³ ³ \n³ ÀÄÄÄ[ NOTES TO THE RULES ]ÄÄÄÙ ³ \n³ ³ \n³ Source related notes: ³ \n³ - Source shall be DVD Only, no exceptions! ³ \n³ - DVD Screeners shall be clearly marked in the directory name and the ³ \n³ nfo shall contain presence of studio watermarking, or lack thereof. ³ \n³ ³ \n³ Ripping related notes: ³ \n³ - Movies should be ripped in their most widescreen format available. ³ \n³ - Group Watermarks WILL NOT BE ALLOWED IN ANY CASE. ³ \n³ - NO intros, outros, betweenos, or any other form of defacement of the ³ \n³ movie including possible menus will be tolerated. ³ \n³ ³ \nÀÄÄÄÄÄÄÄÂÂÄÄÄÄÄÄÄÄÄÄÄÄÄÄÄ\nÄÄÄÄÄÄÄÄÄÄÄÄÄÄÄÄÄÄÄÄÄÄÄÄÄ\nÄÄÄÄÄÄÄÄÄÄÄÄÄÄÄÄÄÄÂÂÄÄÄÄÄ\nÄÄÙ \n³ ³ \n³ ÀÄÄÄ[ GROUPS & MEMBERS ]ÄÄÄÙ ³ \n³ ³ \n³ SVCD 2002 revision was organized by: ³ \n³ - vimVam - ne14a69 - ³ \n³ ³ \n³ Respects to the original SVCD council organizers: ³ \n³ ³ \n³ iV - V4F - 4HM - XPD - DvCS - PTi - TBH - TWiLiGHT ³ \n³ ³ \n³ SVCD 2002 has been approved by the following groups: ³ \n³ ³ \n³ EPiC - V4F - aNBc - DEiTY - TheWretched - iFO - WiDE ³ \n³ ³ \n³ DvCS - PMM - TBH - SChiZO - ESVCD - PTi ³ \n³ ³ \n³ Also signed by: ³ \n³ ³ \n³ DMR - VCDWS - tNB - SportsVCD - iNFiNiTY ³ \n³ ³ \nÀÄÄÄÄÄÄÄÂÂÄÄÄÄÄÄÄÄÄÄÄÄÄÄÄ\nÄÄÄÄÄÄÄÄÄÄÄÄÄÄÄÄÄÄÄÄÄÄÄÄÄ\nÄÄÄÄÄÄÄÄÄÄÄÄÄÄÄÄÄÄÂÂÄÄÄÄÄ\nÄÄÙ \n³ Special thanks to the TDX 2002 rules for their layout and guidelines. ³ \nÀÄÄÄÄÄÄÄÂÂÄÄÄÄÄÄÄÄÄÄÄÄÄÄÄ\nÄÄÄÄÄÄÄÄÄÄÄÄÄÄÄÄÄÄÄÄÄÄÄÄÄ\nÄÄÄÄÄÄÄÄÄÄÄÄÄÄÄÄÄÄÂÂÄÄÄÄÄ\nÄÄÙ','',0,'','369fu374',1,0,'',3,0,0),(267,84,72,3,0,'216.58.114.217',1033452300,1,0,1,0,1,0,'','Notes from iRS Meeting on 30 Sept, 2002','Things that were discussed and decided in the iRS meeting:\n\n1. There is a new nfo format.  Lager sent it to everyone that was in the chan, but if you need it, PM LiMP and he will send it to you. Noticable changes to it:\n\n	a. No more casts or plot listings... is what the imdb link is for.\n	b. US theater release date to be added. It can be found at amazon.com\n\n2. No more non-chapter cue files.  Everyone should be having dvd2svcd use the dvd chapters. No need for .cue files without chapters anymore, no one else includes them anymore, and just causes more hassle for people here.  As well, with the new iRS intro movie everyone should be adding now, it requires a chaptered .cue file we found out. (The hard way too!)\n\n3. EDIT YOUR CUE FILES!!!! Take the 10 secs to edit your cue files made by dvd2svcd.  You should be renaming both the bin and cue files to an appropriate name for the movie, and then editing the .cue file to remove the path and change the .bin name in it.  It looks bad when someone goes to burn it and the program says it is an invalid cue point.\n\n4. Make your filesizes on the bitrate tab 3MB smaller. When adding the iRS Intro movie, it requires space on the first CD, and so we have to drop the CD sizes so that the first CD isn\'t an overburn.  If you are using 740 then manually edit it to 737, or if using 800 to 797.  This will make the first CD the right size and 3MB on the other ones is not a big deal.\n\n5. Use WinRAR 3.0 to package your movies.  WinRAR 3.0 is to be used from now on for all movies.  There is to be NO COMPRESSION... only use the STORE function.  As well, we are switching to the partXX format for naming. I will go over naming conventions later in this briefing.\n\n6. Be careful when making your .nfo files.  It should be easier now that we have removed a lot of the information in them, so take your time.  I have seen some with the wrong movie title in the nfo, or wrong runtimes etc.  Also, no TABs are to be used in the .nfo files... only spaces. I probably have to edit 1 out of 4 .nfo files.\n\n7. iRS discussions only in #iRS. Sometimes iRS discussions have started in servers and gone on for a bit. If you are chatting with someone in there and mention iRS for a bit, no biggie.. but if you realize it is getting involved please move to #iRS. Some people have mentioned they don\'t like the iRS chat too much in #serversrus.\n\n8. Last CDs in the movie should be atleast 1/2 full. So if you rip a movie using 3 cds that should be 2... your last cd will probably be less than 1/2 full... please do not up it. As a rull of thumb.. the last CD should be at least 400MB or more... preferably full.. but can\'t always happen.\n\n9. 16:9 ripping does not mean the aspect ratio is 16:9. When filling out your nfo, use amazon.com to find out the actual aspect ratio.  WS movies are usually 2.35:1 or 1.85:1 and are rarely 16:9.  Take the second to look while you are at amazon.com getting the release dates.\n\n10. Watch your DVDs in PowerDVD before ripping.  Before you rip, watch the movie in a windowed PowerDVD (not fullscreen).  There is a post on the board about what methods (4:3 or 16:9) should be used in dvd2svcd depending on how it looks in PowerDVD.\n\n11. The following changes for format and packaging are to be followed from now on:\n\n	a. VIDEO: Must be at least 1750kbit average with a 2230kbit max average and a 2450kbit max.\n\n	b. AUDIO: Minimum 224kbit @ 44.1khz (regardless of source).\n\n	c. PACKAGING: All releases must be BIN/CUE. (remove path from cue files)Must be packed with RAR,\n                      compression is NOT ALLOWED and broken into 15 or 20 MB volumes.\n\n	d. SAMPLES: Minimum 30 seconds, maximum 1 full minute in length.\n\n	e. FILENAMES: All filenames should be labeled as follows:\n\n			[b:2r2y89b6]Movie.Name.CD#-iRS.partXX.rar[/b:2r2y89b6]\n\n        e. DIRECTORY NAMING: Directory names shall NOT exceed 64 characters.All releases are to include production year:\n\n			[b:2r2y89b6]Movie.Name.Year.WS/FS.DVDRip.SVCD.iNTERNAL-iRS[/b:2r2y89b6]\n		          \n\n12. Do not move movies to complete folder. I will do that once i have checked the release. I usually check a couple of times a day if i know a lot of uploading is going on. Once i have checked filenames and nfos etc.. and the sample, and it looks good, I will move it... and i usually PM people if there is a bad file or something in case they don\'t realize.\n\n13. It is suggested that you have a different nick in your nfos than you use on iRC.  This is for security reasons and is for your own benefit.  PM LiMP to tell him what your iRS nick is once you have it.\n\n14.  Lastly, we run our group on trust, and that is what keeps us a tight bunch.  However, we do not have the resources for pubs/dumps and so everyone has to contribute to keep things going.  We can\'t afford having people leeching and not uploading movies.  This hasn\'t been too much of a problem yet, but if it does become one we may have to switch to a ratio system.  All we ask is that you try to rip 2 movies a month. We don\'t think that is unreasonable, and if everyone does 2 a month, that is plenty of movies for our viewing pleasure.\n\nYou may be wondering why all these changes.  They are either things that we have thought about for a bit but haven\'t implemented yet, or for adherence to the svcd council standards.  The svcd council was a meeting of a bunch of svcd groups to discuss scene standards.  They have released a (very-hard-to-find) document with the results, and we are going to follow 99% of them.  There is also another reason why all these changes are coming, but I am not posting it here on the board.  PM me on iRC if you want to know why, or have any questions about this post.\n\n[b:2r2y89b6] Movies will not be accepted if they don\'t follow these rules.  You are warned.  Do no bitch at me if I don\'t accept your release for any of these reasons.  Taking the 5 mins extra while setting up a rip or packaging can save you a big headache! [/b:2r2y89b6]','',0,'QA==','2r2y89b6',1,0,'',3,0,0),(268,85,72,32,0,'63.162.19.152',1094010180,1,0,1,0,1,0,'','Donations for new hardware','Many of you dont know yet, but we are in the process of setting up 2 new dumps for the channel.  In order to do this, we need to get some donations together towards new hardware.\n\nOne of the dumps is 12mbit/9mbit and the other is 12mbit/8mbit.  There may be a 3rd dump joining also which is a 26mbit.\n\nWe want everyone in the channel to have the chance to be able to download new releases.  Smaller fserves/dumps can only spread around so much.  Everyone that helps out will get access to them.  We want to make it fair for everyone.\n\nThis is your chance to help the entire channel.  All we are asking is that everyone donate at least $15 USD each.  We urge that you help out with this donation as it builds up these 2 fast dumps for the channel, which in turn helps you. It is a small price to pay for not having to worry about having access again.\n\nYou can send in your donation by using the Paypal link that is at the top right of the board.  If you are unable to donate this way, and cant find someone to send yours in, you can contact me to set up an alternate way.\n\nThere is no deadline, but we would like to get them set up as quick as possible.\n\n[b:2fmin3bs]PLEASE PUT YOUR IRC NICK IN THE DONATION SO I KNOW WHO IT IS FROM[/b:2fmin3bs]\n\n-=-=-=-=-=-=-=-=-=-=-=-=-=-=-=-=-=-=-=-=-\nPeople who have donated so far:\n\n[b:2fmin3bs]CyaN1de[/b:2fmin3bs]\n[b:2fmin3bs]WhiteBlade[/b:2fmin3bs]\n[b:2fmin3bs]Lithium[/b:2fmin3bs]\n[b:2fmin3bs]Feist (2x)[/b:2fmin3bs]\n[b:2fmin3bs]Subzero_[/b:2fmin3bs]\n[b:2fmin3bs]Hodge[/b:2fmin3bs]\n[b:2fmin3bs]mr_beefy[/b:2fmin3bs]\n[b:2fmin3bs]skeletor[/b:2fmin3bs]\n[b:2fmin3bs]Unparalleled[/b:2fmin3bs]\n[b:2fmin3bs]Liquid_Cooled[/b:2fmin3bs]\n[b:2fmin3bs]UPP[/b:2fmin3bs]\n[b:2fmin3bs]dTypE[/b:2fmin3bs]\n[b:2fmin3bs]Danishppl[/b:2fmin3bs]\n[b:2fmin3bs]Mardigan[/b:2fmin3bs]\n[b:2fmin3bs]naufrost[/b:2fmin3bs]\n[b:2fmin3bs]Themager[/b:2fmin3bs]\n[b:2fmin3bs]Cainn1970[/b:2fmin3bs]\n[b:2fmin3bs]HD[/b:2fmin3bs]\n[b:2fmin3bs]Richy1972[/b:2fmin3bs]\n[b:2fmin3bs]phaded[/b:2fmin3bs]\n[b:2fmin3bs]Death[/b:2fmin3bs]\n[b:2fmin3bs]Lagerhowen[/b:2fmin3bs]\n[b:2fmin3bs]Natraj[/b:2fmin3bs]\n[b:2fmin3bs]DjGolden (2x) (Top Donation)[/b:2fmin3bs]\n[b:2fmin3bs]Bone_Yard[/b:2fmin3bs]\n[b:2fmin3bs]Lithgow[/b:2fmin3bs]\n[b:2fmin3bs]CitizenQ[/b:2fmin3bs]\n[b:2fmin3bs][_Giant_][/b:2fmin3bs]\n[b:2fmin3bs]Tayeule[/b:2fmin3bs]\n[b:2fmin3bs]Mik[/b:2fmin3bs]\n[b:2fmin3bs]L3sT4T[/b:2fmin3bs]\n-=-=-=-=-=-=-=-=-=-=-=-=-=-=-=-=-=-=-=-=-','',0,'QA==','2fmin3bs',1,0,'',32,0,0),(269,86,72,32,0,'72.240.74.231',1131389760,1,0,1,0,1,0,'','Partial PC for sale - All new parts','PC for sale.  Includes the following:\n\n[url=http&#58;//www&#46;newegg&#46;com/product/product&#46;asp?item=N82E16820146970:2h9jax9l]OCZ Peroformance 2GB (2 x 1GB) 184-Pin DDR SDRAM Unbuffered DDR 400 (PC 3200) Dual Channel Kit System Memory[/url:2h9jax9l]\n[url=http&#58;//www&#46;zipzoomfly&#46;com/jsp/ProductDetail&#46;jsp?ProductCode=241789:2h9jax9l]Gigabyte GA-K8NXP-SLI Socket 939 NVIDIA nForce4 SLI mobo[/url:2h9jax9l]\n[url=http&#58;//www&#46;newegg&#46;com/product/product&#46;asp?item=N82E16811144068:2h9jax9l]ASPIRE ATXA7A-BK/420 Black Aluminum Server Computer Case[/url:2h9jax9l]\n[url=http&#58;//www&#46;newegg&#46;com/product/product&#46;asp?item=N82E16817711001:2h9jax9l]OCZ OCZ600ADJSLI ATX12V 600W Power Supply 115/230V[/url:2h9jax9l]\n[url=http&#58;//www&#46;newegg&#46;com/product/product&#46;asp?item=N82E16821152005:2h9jax9l]NEC Black 1.44MB 3.5\" Internal Floppy Drive Model FD1231H-302[/url:2h9jax9l]\n[url=http&#58;//www&#46;newegg&#46;com/product/product&#46;asp?item=N82E16827129164:2h9jax9l]Pioneer Black IDE DVD Burner Model DVR-110DBK[/url:2h9jax9l]\n\nSpent $763 on it.  Hasnt been powered on once since it wasnt completed yet.  PM me to make an offer.\n\n              [img:2h9jax9l]http&#58;//www&#46;luniz&#46;org/images/new_pc/memory1&#46;jpg[/img:2h9jax9l]\n\n              [img:2h9jax9l]http&#58;//www&#46;luniz&#46;org/images/new_pc/memory2&#46;jpg[/img:2h9jax9l]\n\n              [img:2h9jax9l]http&#58;//www&#46;luniz&#46;org/images/new_pc/mobo1&#46;jpg[/img:2h9jax9l]\n\n              [img:2h9jax9l]http&#58;//www&#46;luniz&#46;org/images/new_pc/mobo1b&#46;jpg[/img:2h9jax9l]\n\n              [img:2h9jax9l]http&#58;//www&#46;luniz&#46;org/images/new_pc/mobo1c&#46;jpg[/img:2h9jax9l]\n\n              [img:2h9jax9l]http&#58;//www&#46;luniz&#46;org/images/new_pc/mobo2&#46;jpg[/img:2h9jax9l]\n\n              [img:2h9jax9l]http&#58;//www&#46;luniz&#46;org/images/new_pc/mobo3&#46;jpg[/img:2h9jax9l]\n\n              [img:2h9jax9l]http&#58;//www&#46;luniz&#46;org/images/new_pc/mobo4&#46;jpg[/img:2h9jax9l]\n\n              [img:2h9jax9l]http&#58;//www&#46;luniz&#46;org/images/new_pc/mobo5&#46;jpg[/img:2h9jax9l]\n\n              [img:2h9jax9l]http&#58;//www&#46;luniz&#46;org/images/new_pc/mobo6&#46;jpg[/img:2h9jax9l]\n\n              [img:2h9jax9l]http&#58;//www&#46;luniz&#46;org/images/new_pc/mobo7&#46;jpg[/img:2h9jax9l]\n\n              [img:2h9jax9l]http&#58;//www&#46;luniz&#46;org/images/new_pc/case1&#46;jpg[/img:2h9jax9l]\n\n              [img:2h9jax9l]http&#58;//www&#46;luniz&#46;org/images/new_pc/case2&#46;jpg[/img:2h9jax9l]\n\n              [img:2h9jax9l]http&#58;//www&#46;luniz&#46;org/images/new_pc/case3&#46;jpg[/img:2h9jax9l]\n\n              [img:2h9jax9l]http&#58;//www&#46;luniz&#46;org/images/new_pc/case4&#46;jpg[/img:2h9jax9l]\n\n              [img:2h9jax9l]http&#58;//www&#46;luniz&#46;org/images/new_pc/case5&#46;jpg[/img:2h9jax9l]\n\n              [img:2h9jax9l]http&#58;//www&#46;luniz&#46;org/images/new_pc/case6&#46;jpg[/img:2h9jax9l]\n\n              [img:2h9jax9l]http&#58;//www&#46;luniz&#46;org/images/new_pc/case7&#46;jpg[/img:2h9jax9l]\n\n              [img:2h9jax9l]http&#58;//www&#46;luniz&#46;org/images/new_pc/dvd1&#46;jpg[/img:2h9jax9l]\n\n              [img:2h9jax9l]http&#58;//www&#46;luniz&#46;org/images/new_pc/floppy1&#46;jpg[/img:2h9jax9l]\n\n              [img:2h9jax9l]http&#58;//www&#46;luniz&#46;org/images/new_pc/psu1&#46;jpg[/img:2h9jax9l]\n\n              [img:2h9jax9l]http&#58;//www&#46;luniz&#46;org/images/new_pc/psu2&#46;jpg[/img:2h9jax9l]\n\n              [img:2h9jax9l]http&#58;//www&#46;luniz&#46;org/images/new_pc/psu3&#46;jpg[/img:2h9jax9l]\n\n              [img:2h9jax9l]http&#58;//www&#46;luniz&#46;org/images/new_pc/psu4&#46;jpg[/img:2h9jax9l]\n\n              [img:2h9jax9l]http&#58;//www&#46;luniz&#46;org/images/new_pc/psu5&#46;jpg[/img:2h9jax9l]\n\n              [img:2h9jax9l]http&#58;//www&#46;luniz&#46;org/images/new_pc/psu6&#46;jpg[/img:2h9jax9l]\n\n              [img:2h9jax9l]http&#58;//www&#46;luniz&#46;org/images/new_pc/psu7&#46;jpg[/img:2h9jax9l]\n\n              [img:2h9jax9l]http&#58;//www&#46;luniz&#46;org/images/new_pc/psu8&#46;jpg[/img:2h9jax9l]','',0,'GA==','2h9jax9l',1,0,'',32,0,0),(270,87,60,122,0,'82.193.170.250',1096028340,1,0,1,0,1,0,'','What games are you looking forward to?','Any games coming up that you are looking forward to? Any surprises?\n\nMy list:\n1. World of Warcraft\n2. Starcraft Ghost\n3. Outrun 2 - oh yes!! \n4. GTA: San Andreas - only PS2?!','',0,'GA==','1jwkzasj',1,0,'',122,0,0),(271,87,60,215,0,'24.57.106.230',1096029360,1,0,1,0,1,0,'','What games are you looking forward to?','Half-life 2','',0,'GA==','m11hzrju',1,0,'',215,0,0),(272,87,60,115,0,'68.81.76.220',1096033800,1,0,1,0,1,0,'','What games are you looking forward to?','Half-Life 2 - i only know one person who isnt\nGTA: SA of corse, once its PC.\nStar Ocean 3 - if it ever comes on PC  [img]images/smiles/icon_sad.gif[/img] \nQuake 4 - yeah its in the works.\nEmpire Earth 2 - the first one was the only RTS i liked, and now theres a huge second coming.\nNFS: Underground 2 - yeah.\nBrunout 3 - again, if it comes to PC.','',0,'CA==','htt17fo2',1,0,'',115,0,0),(273,87,60,115,0,'68.81.76.220',1096034040,1,0,1,0,1,0,'','What games are you looking forward to?','Tony Hawks Underground 2!','',0,'CA==','27dxrmzx',1,0,'',115,0,0),(274,87,60,6,0,'206.24.48.105',1096503300,1,0,1,0,1,0,'','What games are you looking forward to?','Star Wars: Jump to Lightspeed\n\n(I just got my Beta 1 invite!   [img]images/smiles/icon_biggrin.gif[/img]   )','',0,'CA==','isyljhcd',1,0,'',6,0,0),(275,87,60,107,0,'69.60.239.191',1096563840,1,0,1,0,1,0,'','What games are you looking forward to?','call of duty 2\nmoh: pacific assault\nroller coaster tycoon 3','',0,'CA==','pqg63w6t',1,0,'',107,0,0),(276,87,60,10,0,'216.239.86.55',1100146020,1,0,1,0,1,0,'','What games are you looking forward to?','SW: KOTOR 2 (xbox)\nJade Empire (xbox)\nHalf-Life 2 (of course)\nWorld of Warcraft\nThe Settlers: Heritage of Kings (still my favourite RTS-esque game)','',0,'CA==','3uajsknn',1,0,'',10,0,0),(277,87,60,6,0,'156.153.255.134',1123504140,1,0,1,0,1,0,'','What games are you looking forward to?','&lt;/font&gt;&lt;blockquote&gt;&lt;font size=\"1\" face=\"Verdana, Helvetica, sans-serif\"&gt;quote:&lt;/font&gt;&lt;hr /&gt;&lt;font size=\"2\" face=\"Verdana, Helvetica, sans-serif\"&gt;Originally posted by Dopper3:\n&lt;strong&gt; call of duty 2\n&lt;/strong&gt;&lt;/font&gt;&lt;hr /&gt;&lt;/blockquote&gt;&lt;font size=\"2\" face=\"Verdana, Helvetica, sans-serif\"&gt;Won\'t be long now   [img]images/smiles/icon_biggrin.gif[/img]','',0,'CA==','3r466os3',1,0,'',6,0,0),(278,88,60,6,0,'72.139.29.190',1152769080,1,0,1,0,1,0,'','Axis &amp; Allies','Does anyone happen to have a copy of the old  board game version of \'Axis & Allies\'?\n\nBy: Hasbro Interactive \nGenre: Strategy \nRelease Date: Sep 30, 1998 \n\nI know, ooold   [img]images/smiles/icon_redface.gif[/img]','',0,'CA==','2syjls15',1,0,'',6,0,0),(279,89,62,32,0,'192.168.0.2',1040360340,1,0,1,0,1,0,'','How To Use This Forum','Just post any hardware that you have laying around collecting dust that you would like to trade/sell/donate to others.  One person\'s garbage is another person\'s treasure.','',0,'CA==','1hi6ow36',1,0,'',32,0,0),(282,92,71,32,0,'136.2.1.153',1080748860,1,0,1,0,1,0,'','Latest PC\'s that I have built','Here is the latest PC that I have built for myself:\n\n[url=http&#58;//www&#46;newegg&#46;com/app/ViewProductDesc&#46;asp?description=13-152-031&depa=0:rdp2bgnb]$156 - CHAINTECH nForce3 150 Chipset Motherboard for AMD Socket 754 CPU, Model \"ZNF3-150 ZENITH\" -RETAIL[/url:rdp2bgnb]\n[url=http&#58;//www&#46;newegg&#46;com/app/ViewProductDesc&#46;asp?description=19-103-416&depa=0:rdp2bgnb]$285 - AMD Athlon 64 3200+, 1MB L2 Cache, The Only 64-bit Windows Compatible Processor - Retail[/url:rdp2bgnb]\n[url=http&#58;//www&#46;newegg&#46;com/app/viewproduct&#46;asp?description=20-146-833:rdp2bgnb]$210 - 1gb OCZ Performance Series 184 Pin 2x512MB DDR PC-3200[/url:rdp2bgnb]\n[url=http&#58;//www&#46;newegg&#46;com/app/ViewProductDesc&#46;asp?description=14-145-060&depa=0:rdp2bgnb]$122 - CHAINTECH nVIDIA GeForce FX5600XT Video Card, 256MB DDR, 128-bit, DVI/TV-Out, 8X AGP, Model \"A-FX60-X 256\" -RETAIL[/url:rdp2bgnb]\n[url=http&#58;//www&#46;newegg&#46;com/app/ViewProductDesc&#46;asp?description=11-144-068&depa=0:rdp2bgnb]$80 - ASPIRE X-ALIEN Black Heavy Duty Aluminum Server Case with 420W Power Supply, Model \"ATXA7A/420\" -RETAIL[/url:rdp2bgnb]\n\nAnd here is one I built for my brother:\n\n[url=http&#58;//www&#46;newegg&#46;com/app/ViewProductDesc&#46;asp?description=13-152-031&depa=0:rdp2bgnb]$80 - MSI 865PE Chipset Motherboard for Intel Socket 478 CPU, Model \"865PE NEO2-PLS\" -RETAIL[/url:rdp2bgnb]\n[url=http&#58;//www&#46;newegg&#46;com/app/ViewProductDesc&#46;asp?description=19-103-416&depa=0:rdp2bgnb]$228 - Intel Pentium 4/ 3.0C GHz 800MHz FSB, 512KB L2 Cache, Hyper Threading Technology - Retail[/url:rdp2bgnb]\n[url=http&#58;//www&#46;newegg&#46;com/app/viewproduct&#46;asp?description=20-146-833:rdp2bgnb]$143 - Corsair XMS Extreme Memory Speed Series, (Twin Pack) 184 Pin 512MB(256MBx2) DualDDR PC-3200 with Platinum-Silver Heat Spreader - Retail[/url:rdp2bgnb]\n[url=http&#58;//www&#46;newegg&#46;com/app/ViewProductDesc&#46;asp?description=14-127-115&depa=0:rdp2bgnb]$45 - MSI nVIDIA GeForce4 MX440-8X Video Card, 64MB DDR, TV-Out, 8X AGP, Model \"MX440-T8X\" -RETAIL[/url:rdp2bgnb]\n[url=http&#58;//www&#46;newegg&#46;com/app/ViewProductDesc&#46;asp?description=11-133-126&depa=0:rdp2bgnb]$113 - Thermaltake Silver XASER III LanFire ATX MID Tower Chassis with 420W power Supply, Model \"VM2420AU\" -RETAIL[/url:rdp2bgnb]\n[url=http&#58;//www&#46;newegg&#46;com/app/ViewProductDesc&#46;asp?description=27-131-603&depa=0:rdp2bgnb]$29 - Lite-On Black 16X DVD-ROM Drive, Model XJ-HD166, OEM[/url:rdp2bgnb]\n\n(Note: Prices are from time of purchase and may not be current)','',0,'EA==','rdp2bgnb',1,0,'',32,0,0),(287,95,69,32,0,'72.240.74.231',1118700960,1,0,1,0,1,0,'','Luniz\'s PC\'s','My PC on the right, server on the left:\n [img:3qt733ar]http&#58;//www&#46;luniz&#46;org/images/luniz/100_0433&#46;JPG[/img:3qt733ar]\nWife\'s PC on the left:\n  [img:3qt733ar]http&#58;//www&#46;luniz&#46;org/images/luniz/100_0434&#46;JPG[/img:3qt733ar]\n  [img:3qt733ar]http&#58;//www&#46;luniz&#46;org/images/luniz/100_0435&#46;JPG[/img:3qt733ar]\n  [img:3qt733ar]http&#58;//www&#46;luniz&#46;org/images/luniz/100_0436&#46;JPG[/img:3qt733ar]\n  [img:3qt733ar]http&#58;//www&#46;luniz&#46;org/images/luniz/100_0437&#46;JPG[/img:3qt733ar]\n  [img:3qt733ar]http&#58;//www&#46;luniz&#46;org/images/luniz/100_0438&#46;JPG[/img:3qt733ar]','',0,'CA==','3qt733ar',1,0,'',32,0,0),(289,96,69,32,0,'72.240.74.231',1126277400,1,0,1,0,1,0,'','My Current PC - 09/09/05','Here are the specs for my current PC:\n\n2x - ViewSonic VP191b 19&quot; 8ms LCD\n1x - AMD Athlon 64 X2 4800+ Toledo 1GHz FSB Socket 939 Dual Core Processor Model ADA4800CDBOX\n2x - [url=http&#58;//www&#46;newegg&#46;com/product/product&#46;asp?item=N82E16820146970:3a7odaui]OCZ Peroformance 2GB (2 x 1GB) 184-Pin DDR SDRAM Unbuffered DDR 400 (PC 3200) Dual Channel Kit System Memory (4gb total)[/url:3a7odaui]\n2x - [url=http&#58;//www&#46;xfxforce&#46;com/web/product/listConfigurationDetails&#46;jspa?series=GeForce%26trade%3B+7800&amp;productConfigurationId=16997:3a7odaui]XFX 7800GTX OC 256mb - SLI[/url:3a7odaui]\n1x - [url=http&#58;//www&#46;gigabyte&#46;com&#46;tw/Products/Motherboard/Products_Overview&#46;aspx?ProductID=1859:3a7odaui]Gigabyte GA-K8NXP-SLI Socket 939 NVIDIA nForce4 SLI mobo[/url:3a7odaui]\n1x - ASPIRE ATXA7A-BK/420 Black Aluminum Server Computer Case\n1x - OCZ OCZ600ADJSLI ATX12V 600W Power Supply 115/230V\n1x - NEC Black 1.44MB 3.5&quot; Internal Floppy Drive Model FD1231H-302\n1x - Pioneer Black IDE DVD Burner Model DVR-110DBK\n1x - [url=http&#58;//www&#46;newegg&#46;com/Product/Product&#46;asp?Item=N82E16836121120:3a7odaui]Logitech Z-5500 505 Watts 5.1 Speaker - Retail[/url:3a7odaui]\n2x - Maxtor MaxLine III 7V300F0 300GB 7200 RPM SATA 3.0Gb/s Hard Drive w/16MB Buffer 5yr - OEM\n4x - Maxtor DiamondMax 10 6B300S0 300GB 7200RPM SATA 1.5Gb/s Hard Drive w/16MB Buffer\n\nTotal cost: $4773.31\n\n                [img:3a7odaui]http&#58;//www&#46;luniz&#46;org/images/new_pc/cpu1&#46;jpg[/img:3a7odaui]\n\n                [img:3a7odaui]http&#58;//www&#46;luniz&#46;org/images/new_pc/memory1&#46;jpg[/img:3a7odaui]\n\n                [img:3a7odaui]http&#58;//www&#46;luniz&#46;org/images/new_pc/memory2&#46;jpg[/img:3a7odaui]\n\n                [img:3a7odaui]http&#58;//www&#46;luniz&#46;org/images/new_pc/mobo1&#46;jpg[/img:3a7odaui]\n\n                [img:3a7odaui]http&#58;//www&#46;luniz&#46;org/images/new_pc/mobo1b&#46;jpg[/img:3a7odaui]\n\n                [img:3a7odaui]http&#58;//www&#46;luniz&#46;org/images/new_pc/mobo1c&#46;jpg[/img:3a7odaui]\n\n                [img:3a7odaui]http&#58;//www&#46;luniz&#46;org/images/new_pc/mobo2&#46;jpg[/img:3a7odaui]\n\n                [img:3a7odaui]http&#58;//www&#46;luniz&#46;org/images/new_pc/mobo3&#46;jpg[/img:3a7odaui]\n\n                [img:3a7odaui]http&#58;//www&#46;luniz&#46;org/images/new_pc/mobo4&#46;jpg[/img:3a7odaui]\n\n                [img:3a7odaui]http&#58;//www&#46;luniz&#46;org/images/new_pc/mobo5&#46;jpg[/img:3a7odaui]\n\n                [img:3a7odaui]http&#58;//www&#46;luniz&#46;org/images/new_pc/mobo6&#46;jpg[/img:3a7odaui]\n\n                [img:3a7odaui]http&#58;//www&#46;luniz&#46;org/images/new_pc/mobo7&#46;jpg[/img:3a7odaui]\n\n                [img:3a7odaui]http&#58;//www&#46;luniz&#46;org/images/new_pc/case1&#46;jpg[/img:3a7odaui]\n\n                [img:3a7odaui]http&#58;//www&#46;luniz&#46;org/images/new_pc/case2&#46;jpg[/img:3a7odaui]\n\n                [img:3a7odaui]http&#58;//www&#46;luniz&#46;org/images/new_pc/case3&#46;jpg[/img:3a7odaui]\n\n                [img:3a7odaui]http&#58;//www&#46;luniz&#46;org/images/new_pc/case4&#46;jpg[/img:3a7odaui]\n\n                [img:3a7odaui]http&#58;//www&#46;luniz&#46;org/images/new_pc/case5&#46;jpg[/img:3a7odaui]\n\n                [img:3a7odaui]http&#58;//www&#46;luniz&#46;org/images/new_pc/case6&#46;jpg[/img:3a7odaui]\n\n                [img:3a7odaui]http&#58;//www&#46;luniz&#46;org/images/new_pc/case7&#46;jpg[/img:3a7odaui]\n\n                [img:3a7odaui]http&#58;//www&#46;luniz&#46;org/images/new_pc/dvd1&#46;jpg[/img:3a7odaui]\n\n                [img:3a7odaui]http&#58;//www&#46;luniz&#46;org/images/new_pc/floppy1&#46;jpg[/img:3a7odaui]\n\n                [img:3a7odaui]http&#58;//www&#46;luniz&#46;org/images/new_pc/psu1&#46;jpg[/img:3a7odaui]\n\n                [img:3a7odaui]http&#58;//www&#46;luniz&#46;org/images/new_pc/psu2&#46;jpg[/img:3a7odaui]\n\n                [img:3a7odaui]http&#58;//www&#46;luniz&#46;org/images/new_pc/psu3&#46;jpg[/img:3a7odaui]\n\n                [img:3a7odaui]http&#58;//www&#46;luniz&#46;org/images/new_pc/psu4&#46;jpg[/img:3a7odaui]\n\n                [img:3a7odaui]http&#58;//www&#46;luniz&#46;org/images/new_pc/psu5&#46;jpg[/img:3a7odaui]\n\n                [img:3a7odaui]http&#58;//www&#46;luniz&#46;org/images/new_pc/psu6&#46;jpg[/img:3a7odaui]\n\n                [img:3a7odaui]http&#58;//www&#46;luniz&#46;org/images/new_pc/psu7&#46;jpg[/img:3a7odaui]\n\n                [img:3a7odaui]http&#58;//www&#46;luniz&#46;org/images/new_pc/psu8&#46;jpg[/img:3a7odaui]\n\n                [img:3a7odaui]http&#58;//www&#46;luniz&#46;org/images/new_pc/vid_card1&#46;jpg[/img:3a7odaui]\n\n                [img:3a7odaui]http&#58;//www&#46;luniz&#46;org/images/new_pc/vid_card2&#46;jpg[/img:3a7odaui]\n\n                [img:3a7odaui]http&#58;//www&#46;luniz&#46;org/images/new_pc/speakers1&#46;jpg[/img:3a7odaui]\n\n                [img:3a7odaui]http&#58;//www&#46;luniz&#46;org/images/new_pc/speakers2&#46;jpg[/img:3a7odaui]\n\n                [img:3a7odaui]http&#58;//www&#46;luniz&#46;org/images/new_pc/speakers3&#46;jpg[/img:3a7odaui]\n\n                [img:3a7odaui]http&#58;//www&#46;luniz&#46;org/images/new_pc/speakers4&#46;jpg[/img:3a7odaui]\n\n                [img:3a7odaui]http&#58;//www&#46;luniz&#46;org/images/new_pc/speakers5&#46;jpg[/img:3a7odaui]\n\n                [img:3a7odaui]http&#58;//www&#46;luniz&#46;org/images/new_pc/speakers6&#46;jpg[/img:3a7odaui]\n\n                [img:3a7odaui]http&#58;//www&#46;luniz&#46;org/images/new_pc/speakers7&#46;jpg[/img:3a7odaui]\n\n                [img:3a7odaui]http&#58;//www&#46;luniz&#46;org/images/new_pc/speakers8&#46;jpg[/img:3a7odaui]\n\n                [img:3a7odaui]http&#58;//www&#46;luniz&#46;org/images/new_pc/speakers9&#46;jpg[/img:3a7odaui]\n\n                [img:3a7odaui]http&#58;//www&#46;luniz&#46;org/images/new_pc/speakers10&#46;jpg[/img:3a7odaui]\n\n                [img:3a7odaui]http&#58;//www&#46;luniz&#46;org/images/new_pc/speakers11&#46;jpg[/img:3a7odaui]','437b0b8eb2f24acb16ff7192342061ef',0,'GA==','3a7odaui',1,1170962842,'',32,12,0),(398,154,69,32,0,'65.116.203.66',1234200400,1,0,1,1,1,1,'','My Current PC - 02/09/09','Here are the specs for my current PC:\n\n1x - Dell 2407WFP-HC 24&quot; WS 6ms\n1x - [url=http&#58;//www&#46;newegg&#46;com/Product/Product&#46;aspx?Item=N82E16819103471:2z7j3tlf]AMD Phenom II X4 940 Deneb 3.0GHz 4 x 512KB L2 Cache 6MB L3 Cache Socket AM2+ 125W Quad-Core Black Edition Processor[/url:2z7j3tlf]\n2x - [url=http&#58;//www&#46;newegg&#46;com/Product/Product&#46;aspx?Item=N82E16820227289:2z7j3tlf]OCZ Reaper HPC 4GB (2 x 2GB) 240-Pin DDR2 SDRAM DDR2 1066 (PC2 8500) Dual Channel Kit Desktop Memory[/url:2z7j3tlf]\n1x - [url=http&#58;//www&#46;newegg&#46;com/Product/Product&#46;aspx?Item=N82E16814150464:2z7j3tlf]XFX HD-577A-ZNDC Radeon HD 5770 XXX Edition 1GB 128-bit DDR5 PCI Express 2.1 x16 HDCP Ready CrossFireX Support Video Card - Retail[/url:2z7j3tlf]\n1x - [url=http&#58;//www&#46;newegg&#46;com/Product/Product&#46;aspx?Item=N82E16815116036:2z7j3tlf]Hauppauge WinTV-HVR-2250 Media Center Kit Dual TV Tuner 1213 PCI-Express x1 Interface - Retail[/url:2z7j3tlf]\n1x - [url=http&#58;//www&#46;newegg&#46;com/Product/Product&#46;aspx?Item=N82E16813128376:2z7j3tlf]GIGABYTE GA-MA770-UD3 AM2+/AM2 AMD 770 ATX AMD Motherboard[/url:2z7j3tlf]\n1x - [url=http&#58;//www&#46;newegg&#46;com/Product/Product&#46;aspx?Item=N82E16811144068:2z7j3tlf]ASPIRE ATXA7A-BK/420 Black Aluminum Server Computer Case[/url:2z7j3tlf]\n1x - [url=http&#58;//www&#46;newegg&#46;com/Product/Product&#46;aspx?Item=N82E16817341023:2z7j3tlf]OCZ Fatal1ty OCZ700FTY 700W ATX12V / EPS12V SLI Ready CrossFire Ready 80 PLUS Certified Active PFC Power Supply[/url:2z7j3tlf]\n1x - [url=http&#58;//www&#46;newegg&#46;com/Product/Product&#46;aspx?Item=N82E16821152005:2z7j3tlf]NEC Black 1.44MB 3.5&quot; Internal Floppy Drive Model FD1231H-302[/url:2z7j3tlf]\n1x - [url=http&#58;//www&#46;newegg&#46;com/Product/Product&#46;aspx?Item=N82E16827129032:2z7j3tlf]Pioneer Black 20X DVD+R 8X DVD+RW 12X DVD+R DL 20X DVD-R 6X DVD-RW 16X DVD-ROM 40X CD-R 32X CD-RW 40X CD-ROM 2MB Cache SATA 20X DVD±R DVD Burner[/url:2z7j3tlf]\n1x - [url=http&#58;//www&#46;newegg&#46;com/Product/Product&#46;asp?Item=N82E16836121120:2z7j3tlf]Logitech Z-5500 505 Watts 5.1 Speaker - Retail[/url:2z7j3tlf]\n3x - [url=http&#58;//www&#46;newegg&#46;com/Product/Product&#46;aspx?Item=N82E16822148337:2z7j3tlf]Seagate Barracuda 7200.11 ST31500341AS 1.5TB 7200 RPM 32MB Cache SATA 3.0Gb/s Hard Drive[/url:2z7j3tlf]\n1x - Seagate Barracuda 7200.10 ST3750640AS 750GB 7200 RPM 16MB Cache SATA 3.0Gb/s Hard Drive\n\n                [img:2z7j3tlf]http&#58;//www&#46;luniz&#46;org/images/new_pc2/cpu-01&#46;jpg[/img:2z7j3tlf]\n\n                [img:2z7j3tlf]http&#58;//www&#46;luniz&#46;org/images/new_pc2/memory-01&#46;jpg[/img:2z7j3tlf]\n\n                [img:2z7j3tlf]http&#58;//www&#46;luniz&#46;org/images/new_pc2/memory-02&#46;jpg[/img:2z7j3tlf]\n\n                [img:2z7j3tlf]http&#58;//www&#46;luniz&#46;org/images/new_pc2/mobo-01&#46;jpg[/img:2z7j3tlf]\n\n                [img:2z7j3tlf]http&#58;//www&#46;luniz&#46;org/images/new_pc2/mobo-02&#46;jpg[/img:2z7j3tlf]\n\n                [img:2z7j3tlf]http&#58;//www&#46;luniz&#46;org/images/new_pc2/case-01&#46;jpg[/img:2z7j3tlf]\n\n                [img:2z7j3tlf]http&#58;//www&#46;luniz&#46;org/images/new_pc2/case-02&#46;jpg[/img:2z7j3tlf]\n\n                [img:2z7j3tlf]http&#58;//www&#46;luniz&#46;org/images/new_pc2/case-03&#46;jpg[/img:2z7j3tlf]\n\n                [img:2z7j3tlf]http&#58;//www&#46;luniz&#46;org/images/new_pc2/case-04&#46;jpg[/img:2z7j3tlf]\n\n                [img:2z7j3tlf]http&#58;//www&#46;luniz&#46;org/images/new_pc2/case-05&#46;jpg[/img:2z7j3tlf]\n\n                [img:2z7j3tlf]http&#58;//www&#46;luniz&#46;org/images/new_pc2/case-06&#46;jpg[/img:2z7j3tlf]\n\n                [img:2z7j3tlf]http&#58;//www&#46;luniz&#46;org/images/new_pc2/case-07&#46;jpg[/img:2z7j3tlf]\n\n                [img:2z7j3tlf]http&#58;//www&#46;luniz&#46;org/images/new_pc2/dvd-01&#46;jpg[/img:2z7j3tlf]\n\n                [img:2z7j3tlf]http&#58;//www&#46;luniz&#46;org/images/new_pc2/dvd-02&#46;jpg[/img:2z7j3tlf]\n\n                [img:2z7j3tlf]http&#58;//www&#46;luniz&#46;org/images/new_pc2/dvd-03&#46;jpg[/img:2z7j3tlf]\n\n                [img:2z7j3tlf]http&#58;//www&#46;luniz&#46;org/images/new_pc2/floppy-01&#46;jpg[/img:2z7j3tlf]\n\n                [img:2z7j3tlf]http&#58;//www&#46;luniz&#46;org/images/new_pc2/psu-01&#46;jpg[/img:2z7j3tlf]\n\n                [img:2z7j3tlf]http&#58;//www&#46;luniz&#46;org/images/new_pc2/psu-02&#46;jpg[/img:2z7j3tlf]\n\n                [img:2z7j3tlf]http&#58;//www&#46;luniz&#46;org/images/new_pc2/psu-03&#46;jpg[/img:2z7j3tlf]\n\n                [img:2z7j3tlf]http&#58;//www&#46;luniz&#46;org/images/new_pc2/psu-04&#46;jpg[/img:2z7j3tlf]\n\n                [img:2z7j3tlf]http&#58;//www&#46;luniz&#46;org/images/new_pc2/psu-05&#46;jpg[/img:2z7j3tlf]\n\n                [img:2z7j3tlf]http&#58;//www&#46;luniz&#46;org/images/new_pc2/psu-06&#46;jpg[/img:2z7j3tlf]\n\n                [img:2z7j3tlf]http&#58;//www&#46;luniz&#46;org/images/new_pc2/psu-07&#46;jpg[/img:2z7j3tlf]\n\n                [img:2z7j3tlf]http&#58;//www&#46;luniz&#46;org/images/new_pc2/psu-08&#46;jpg[/img:2z7j3tlf]\n\n                [img:2z7j3tlf]http&#58;//www&#46;luniz&#46;org/images/new_pc2/psu-11&#46;jpg[/img:2z7j3tlf]\n\n                [img:2z7j3tlf]http&#58;//www&#46;luniz&#46;org/images/new_pc2/vid_card-01&#46;jpg[/img:2z7j3tlf]\n\n                [img:2z7j3tlf]http&#58;//www&#46;luniz&#46;org/images/new_pc2/vid_card-02&#46;jpg[/img:2z7j3tlf]\n\n                [img:2z7j3tlf]http&#58;//www&#46;luniz&#46;org/images/new_pc2/vid_card-03&#46;jpg[/img:2z7j3tlf]\n\n                [img:2z7j3tlf]http&#58;//www&#46;luniz&#46;org/images/new_pc2/tv_card-01&#46;jpg[/img:2z7j3tlf]\n\n                [img:2z7j3tlf]http&#58;//www&#46;luniz&#46;org/images/new_pc2/tv_card-02&#46;jpg[/img:2z7j3tlf]\n\n                [img:2z7j3tlf]http&#58;//www&#46;luniz&#46;org/images/new_pc2/tv_card-03&#46;jpg[/img:2z7j3tlf]\n\n                [img:2z7j3tlf]http&#58;//www&#46;luniz&#46;org/images/new_pc2/speakers-01&#46;jpg[/img:2z7j3tlf]\n\n                [img:2z7j3tlf]http&#58;//www&#46;luniz&#46;org/images/new_pc2/speakers-02&#46;jpg[/img:2z7j3tlf]\n\n                [img:2z7j3tlf]http&#58;//www&#46;luniz&#46;org/images/new_pc2/speakers-03&#46;jpg[/img:2z7j3tlf]\n\n                [img:2z7j3tlf]http&#58;//www&#46;luniz&#46;org/images/new_pc2/speakers-04&#46;jpg[/img:2z7j3tlf]\n\n                [img:2z7j3tlf]http&#58;//www&#46;luniz&#46;org/images/new_pc2/speakers-05&#46;jpg[/img:2z7j3tlf]\n\n                [img:2z7j3tlf]http&#58;//www&#46;luniz&#46;org/images/new_pc2/speakers-06&#46;jpg[/img:2z7j3tlf]\n\n                [img:2z7j3tlf]http&#58;//www&#46;luniz&#46;org/images/new_pc2/speakers-07&#46;jpg[/img:2z7j3tlf]\n\n                [img:2z7j3tlf]http&#58;//www&#46;luniz&#46;org/images/new_pc2/speakers-08&#46;jpg[/img:2z7j3tlf]\n\n                [img:2z7j3tlf]http&#58;//www&#46;luniz&#46;org/images/new_pc2/speakers-09&#46;jpg[/img:2z7j3tlf]','ea0ffdfd4ac2661b1d8c5de142fca4ba',0,'GA==','2z7j3tlf',1,0,'',0,0,0),(428,180,69,32,0,'136.1.1.105',1335986308,1,0,1,1,1,1,'','My Current PC - 05/02/12','Here are the specs for my current PC:\n\n1x - Dell 2407WFP-HC 24&quot; WS 6ms\n1x - [url=http&#58;//www&#46;newegg&#46;com/Product/Product&#46;aspx?Item=N82E16819103960:10ueylk4]AMD FX-8150 Zambezi 3.6GHz Socket AM3+ 125W Eight-Core Desktop Processor FD8150FRGUBOX[/url:10ueylk4]\n1x - [url=http&#58;//www&#46;newegg&#46;com/Product/Product&#46;aspx?Item=N82E16813128514:10ueylk4]GIGABYTE GA-990FXA-UD3 AM3+ AMD 990FX SATA 6Gb/s USB 3.0 ATX AMD Motherboard[/url:10ueylk4]\n1x - [url=http&#58;//www&#46;newegg&#46;com/Product/Product&#46;aspx?Item=N82E16820231487:10ueylk4]G.SKILL Ripjaws X Series 32GB (4 x 8GB) 240-Pin DDR3 SDRAM DDR3 1333 (PC3 10666) Desktop Memory Model F3-10666CL9Q-32GBXL[/url:10ueylk4]\n1x - [url=http&#58;//www&#46;newegg&#46;com/Product/Product&#46;aspx?Item=N82E16820227791:10ueylk4]OCZ Vertex 4 VTX4-25SAT3-128G 2.5&quot; 128GB SATA III MLC Internal Solid State Drive (SSD)[/url:10ueylk4]\n1x - [url=http&#58;//www&#46;newegg&#46;com/Product/Product&#46;aspx?Item=N82E16814150464:10ueylk4]XFX HD-577A-ZNDC Radeon HD 5770 XXX Edition 1GB 128-bit DDR5 PCI Express 2.1 x16 HDCP Ready CrossFireX Support Video Card - Retail[/url:10ueylk4]\n1x - [url=http&#58;//www&#46;newegg&#46;com/Product/Product&#46;aspx?Item=N82E16815116036:10ueylk4]Hauppauge WinTV-HVR-2250 Media Center Kit Dual TV Tuner 1213 PCI-Express x1 Interface - Retail[/url:10ueylk4]\n1x - [url=http&#58;//www&#46;newegg&#46;com/Product/Product&#46;aspx?Item=N82E16811144068:10ueylk4]ASPIRE ATXA7A-BK/420 Black Aluminum Server Computer Case[/url:10ueylk4]\n1x - [url=http&#58;//www&#46;newegg&#46;com/Product/Product&#46;aspx?Item=N82E16817341023:10ueylk4]OCZ Fatal1ty OCZ700FTY 700W ATX12V / EPS12V SLI Ready CrossFire Ready 80 PLUS Certified Active PFC Power Supply[/url:10ueylk4]\n1x - [url=http&#58;//www&#46;newegg&#46;com/Product/Product&#46;aspx?Item=N82E16821152005:10ueylk4]NEC Black 1.44MB 3.5&quot; Internal Floppy Drive Model FD1231H-302[/url:10ueylk4]\n1x - [url=http&#58;//www&#46;newegg&#46;com/Product/Product&#46;aspx?Item=N82E16827129032:10ueylk4]Pioneer Black 20X DVD+R 8X DVD+RW 12X DVD+R DL 20X DVD-R 6X DVD-RW 16X DVD-ROM 40X CD-R 32X CD-RW 40X CD-ROM 2MB Cache SATA 20X DVD±R DVD Burner[/url:10ueylk4]\n1x - [url=http&#58;//www&#46;newegg&#46;com/Product/Product&#46;asp?Item=N82E16836121120:10ueylk4]Logitech Z-5500 505 Watts 5.1 Speaker - Retail[/url:10ueylk4]\n4x - [url=http&#58;//www&#46;newegg&#46;com/Product/Product&#46;aspx?Item=N82E16822148844:10ueylk4]Seagate Barracuda ST3000DM001 3TB 7200 RPM 64MB Cache SATA 6.0Gb/s 3.5&quot; Internal Hard Drive -Bare Drive[/url:10ueylk4]\n2x - [url=http&#58;//www&#46;newegg&#46;com/Product/Product&#46;aspx?Item=N82E16822148337:10ueylk4]Seagate Barracuda 7200.11 ST31500341AS 1.5TB 7200 RPM 32MB Cache SATA 3.0Gb/s Hard Drive[/url:10ueylk4]\n\n                [img:10ueylk4]http&#58;//www&#46;luniz&#46;org/images/new_pc3/cpu-01&#46;jpg[/img:10ueylk4]\n\n                [img:10ueylk4]http&#58;//www&#46;luniz&#46;org/images/new_pc3/memory-01&#46;jpg[/img:10ueylk4]\n\n                [img:10ueylk4]http&#58;//www&#46;luniz&#46;org/images/new_pc3/memory-02&#46;jpg[/img:10ueylk4]\n\n                [img:10ueylk4]http&#58;//www&#46;luniz&#46;org/images/new_pc3/memory-03&#46;jpg[/img:10ueylk4]\n\n                [img:10ueylk4]http&#58;//www&#46;luniz&#46;org/images/new_pc3/mobo-01&#46;jpg[/img:10ueylk4]\n\n                [img:10ueylk4]http&#58;//www&#46;luniz&#46;org/images/new_pc3/mobo-02&#46;jpg[/img:10ueylk4]\n\n                [img:10ueylk4]http&#58;//www&#46;luniz&#46;org/images/new_pc3/ssd-01&#46;jpg[/img:10ueylk4]\n\n                [img:10ueylk4]http&#58;//www&#46;luniz&#46;org/images/new_pc3/ssd-02&#46;jpg[/img:10ueylk4]\n\n                [img:10ueylk4]http&#58;//www&#46;luniz&#46;org/images/new_pc3/ssd-03&#46;jpg[/img:10ueylk4]\n\n                [img:10ueylk4]http&#58;//www&#46;luniz&#46;org/images/new_pc3/ssd-04&#46;jpg[/img:10ueylk4]\n\n                [img:10ueylk4]http&#58;//www&#46;luniz&#46;org/images/new_pc3/case-01&#46;jpg[/img:10ueylk4]\n\n                [img:10ueylk4]http&#58;//www&#46;luniz&#46;org/images/new_pc3/case-02&#46;jpg[/img:10ueylk4]\n\n                [img:10ueylk4]http&#58;//www&#46;luniz&#46;org/images/new_pc3/case-03&#46;jpg[/img:10ueylk4]\n\n                [img:10ueylk4]http&#58;//www&#46;luniz&#46;org/images/new_pc3/case-04&#46;jpg[/img:10ueylk4]\n\n                [img:10ueylk4]http&#58;//www&#46;luniz&#46;org/images/new_pc3/case-05&#46;jpg[/img:10ueylk4]\n\n                [img:10ueylk4]http&#58;//www&#46;luniz&#46;org/images/new_pc3/case-06&#46;jpg[/img:10ueylk4]\n\n                [img:10ueylk4]http&#58;//www&#46;luniz&#46;org/images/new_pc3/case-07&#46;jpg[/img:10ueylk4]\n\n                [img:10ueylk4]http&#58;//www&#46;luniz&#46;org/images/new_pc3/dvd-01&#46;jpg[/img:10ueylk4]\n\n                [img:10ueylk4]http&#58;//www&#46;luniz&#46;org/images/new_pc3/dvd-02&#46;jpg[/img:10ueylk4]\n\n                [img:10ueylk4]http&#58;//www&#46;luniz&#46;org/images/new_pc3/dvd-03&#46;jpg[/img:10ueylk4]\n\n                [img:10ueylk4]http&#58;//www&#46;luniz&#46;org/images/new_pc3/floppy-01&#46;jpg[/img:10ueylk4]\n\n                [img:10ueylk4]http&#58;//www&#46;luniz&#46;org/images/new_pc3/psu-01&#46;jpg[/img:10ueylk4]\n\n                [img:10ueylk4]http&#58;//www&#46;luniz&#46;org/images/new_pc3/psu-02&#46;jpg[/img:10ueylk4]\n\n                [img:10ueylk4]http&#58;//www&#46;luniz&#46;org/images/new_pc3/psu-03&#46;jpg[/img:10ueylk4]\n\n                [img:10ueylk4]http&#58;//www&#46;luniz&#46;org/images/new_pc3/psu-04&#46;jpg[/img:10ueylk4]\n\n                [img:10ueylk4]http&#58;//www&#46;luniz&#46;org/images/new_pc3/psu-05&#46;jpg[/img:10ueylk4]\n\n                [img:10ueylk4]http&#58;//www&#46;luniz&#46;org/images/new_pc3/psu-06&#46;jpg[/img:10ueylk4]\n\n                [img:10ueylk4]http&#58;//www&#46;luniz&#46;org/images/new_pc3/psu-07&#46;jpg[/img:10ueylk4]\n\n                [img:10ueylk4]http&#58;//www&#46;luniz&#46;org/images/new_pc3/psu-08&#46;jpg[/img:10ueylk4]\n\n                [img:10ueylk4]http&#58;//www&#46;luniz&#46;org/images/new_pc3/psu-11&#46;jpg[/img:10ueylk4]\n\n                [img:10ueylk4]http&#58;//www&#46;luniz&#46;org/images/new_pc3/vid_card-01&#46;jpg[/img:10ueylk4]\n\n                [img:10ueylk4]http&#58;//www&#46;luniz&#46;org/images/new_pc3/vid_card-02&#46;jpg[/img:10ueylk4]\n\n                [img:10ueylk4]http&#58;//www&#46;luniz&#46;org/images/new_pc3/vid_card-03&#46;jpg[/img:10ueylk4]\n\n                [img:10ueylk4]http&#58;//www&#46;luniz&#46;org/images/new_pc3/tv_card-01&#46;jpg[/img:10ueylk4]\n\n                [img:10ueylk4]http&#58;//www&#46;luniz&#46;org/images/new_pc3/tv_card-02&#46;jpg[/img:10ueylk4]\n\n                [img:10ueylk4]http&#58;//www&#46;luniz&#46;org/images/new_pc3/tv_card-03&#46;jpg[/img:10ueylk4]\n\n                [img:10ueylk4]http&#58;//www&#46;luniz&#46;org/images/new_pc3/speakers-01&#46;jpg[/img:10ueylk4]\n\n                [img:10ueylk4]http&#58;//www&#46;luniz&#46;org/images/new_pc3/speakers-02&#46;jpg[/img:10ueylk4]\n\n                [img:10ueylk4]http&#58;//www&#46;luniz&#46;org/images/new_pc3/speakers-03&#46;jpg[/img:10ueylk4]\n\n                [img:10ueylk4]http&#58;//www&#46;luniz&#46;org/images/new_pc3/speakers-04&#46;jpg[/img:10ueylk4]\n\n                [img:10ueylk4]http&#58;//www&#46;luniz&#46;org/images/new_pc3/speakers-05&#46;jpg[/img:10ueylk4]\n\n                [img:10ueylk4]http&#58;//www&#46;luniz&#46;org/images/new_pc3/speakers-06&#46;jpg[/img:10ueylk4]\n\n                [img:10ueylk4]http&#58;//www&#46;luniz&#46;org/images/new_pc3/speakers-07&#46;jpg[/img:10ueylk4]\n\n                [img:10ueylk4]http&#58;//www&#46;luniz&#46;org/images/new_pc3/speakers-08&#46;jpg[/img:10ueylk4]\n\n                [img:10ueylk4]http&#58;//www&#46;luniz&#46;org/images/new_pc3/speakers-09&#46;jpg[/img:10ueylk4]','2b9968fed310de1565cb5a699fe905a3',0,'GA==','10ueylk4',1,0,'',0,0,0),(290,96,69,687,0,'81.67.209.104',1126285620,1,0,1,0,1,0,'','My Next PC','Like i say now you can play BF 2 like MAN','',0,'GA==','1kiy5c01',1,0,'',687,0,0),(291,96,69,681,0,'24.37.215.50',1126308900,1,0,1,0,1,0,'','My Next PC','So when will you play BF2 like a man DjGolden   [img]images/smiles/icon_biggrin.gif[/img]','',0,'CA==','2ybtg0xu',1,0,'',681,0,0),(292,96,69,1,0,'87.74.42.234',1128813060,1,0,1,0,1,0,'[_Giant_]','My Next PC','There are some issues with dual core procs on bf2 btw  [img]images/smiles/icon_smile.gif[/img]  Although i have seen it running on the 4800 i built with 2 x 7800 gtx graphics. And my it looks and runs smoooooooooth!!!!!','',0,'CA==','2dax5dyi',1,0,'',1,0,0),(293,96,69,32,0,'72.240.74.231',1128830040,1,0,1,0,1,0,'','My Next PC','Have not read about any issues.  And I am not building this pc just for BF2.','',0,'CA==','14xraadz',1,0,'',32,0,0),(295,35,38,271,0,'85.235.18.6',1154106232,1,0,1,1,1,0,'','','TOCA3\r\nC&amp;C Generals','',0,'CA==','1d2sb9zq',1,0,'',271,0,0),(296,98,27,32,0,'136.1.1.101',1154115666,1,0,1,1,1,1,'','Login Names','If you would like me to rename your login name, then contact me in IRC and I will make the change.','',0,'CA==','25widu1g',1,0,'',32,0,0),(298,99,53,32,0,'72.240.81.83',1154204293,1,0,1,1,1,1,'','Is Liquid_Cooled Gay?','Is Liquid_Cooled Gay?','',0,'CA==','3npcgj4s',1,0,'',32,0,0),(379,137,98,32,0,'72.241.124.19',1208370768,1,0,1,1,1,1,'','WiiKey 1.9s Update','[attachment=2:2l1yb4cf]<!-- ia2 -->wiikey.1.9s.us.rar<!-- ia2 -->[/attachment:2l1yb4cf]\n[attachment=1:2l1yb4cf]<!-- ia1 -->wiikey.1.9s.pal.rar<!-- ia1 -->[/attachment:2l1yb4cf]\n[attachment=0:2l1yb4cf]<!-- ia0 -->wiikey.1.9s.jap.rar<!-- ia0 -->[/attachment:2l1yb4cf]','dac74f4c6932bc81da13e720158430fb',1,'AAg=','2l1yb4cf',1,0,'',0,0,0),(301,5,24,689,0,'66.177.65.121',1155938735,1,0,1,1,1,0,'','','pm me in irc some time i will hook you up with some mac software\r\n\r\ni dont have alot.. but some stuff.','',0,'CA==','vr3fd7g8',1,0,'',689,0,0),(378,136,98,32,0,'72.241.124.19',1208370641,1,0,1,1,1,1,'','WiiKey 1.9s Config Discs','[attachment=2:1c5v1vhl]<!-- ia2 -->cfg.1.9s.us.rar<!-- ia2 -->[/attachment:1c5v1vhl]\n[attachment=1:1c5v1vhl]<!-- ia1 -->cfg.1.9s.pal.rar<!-- ia1 -->[/attachment:1c5v1vhl]\n[attachment=0:1c5v1vhl]<!-- ia0 -->cfg.1.9s.jap.rar<!-- ia0 -->[/attachment:1c5v1vhl]','85b4155a4e769d46573c961ff60706db',1,'AAg=','1c5v1vhl',1,0,'',0,0,0),(304,102,38,6,0,'72.139.29.190',1157490222,1,0,1,1,1,1,'','CoD2 and &quot;WTF&quot;','If any of you are any good and looking for a little competition check out my team  <!-- s:wink: --><img src=\"{SMILIES_PATH}/icon_wink.gif\" alt=\":wink:\" title=\"Wink\" /><!-- s:wink: --> \r\n\r\n<!-- w --><a class=\"postlink\" href=\"http://www.WTFers.com\">www.WTFers.com</a><!-- w -->','',0,'CA==','1t4bcfe6',1,0,'',6,0,0),(305,88,60,6,0,'72.139.29.190',1157490330,1,0,1,1,1,1,'','','Still haven\'t been able to find it  <!-- s:cry: --><img src=\"{SMILIES_PATH}/icon_cry.gif\" alt=\":cry:\" title=\"Crying or Very sad\" /><!-- s:cry: -->','',0,'CA==','2dk5avsk',1,0,'',6,0,0),(306,103,24,30,0,'84.9.81.208',1158016036,1,0,1,1,1,1,'','Why is there no conversation in the channel anymore?','Its got bad hasnt it?\r\nWhy has it got so bad...any ideas?\r\nIs it the easy access to software?\r\nHas real life taken over?\r\nPost your ideas here','',0,'CA==','1a3ysr5f',1,0,'',30,0,0),(308,103,24,32,0,'72.240.76.89',1158144916,1,0,1,1,1,1,'','Re: Why is there no conversation in the channel anymore?','[quote=&quot;Richy1972&quot;:2vu48dr9]Its got bad hasnt it?[/quote:2vu48dr9]\nSomewhat\n\n[quote=&quot;Richy1972&quot;:2vu48dr9]Why has it got so bad...any ideas?[/quote:2vu48dr9]\nLeech\n\n[quote=&quot;Richy1972&quot;:2vu48dr9]Is it the easy access to software?[/quote:2vu48dr9]\nLeech\n\n[quote=&quot;Richy1972&quot;:2vu48dr9]Has real life taken over?[/quote:2vu48dr9]\r\nI would have to say school/RL/WoW/L2','',0,'gA==','2vu48dr9',1,0,'',32,0,0),(309,103,24,581,0,'142.177.127.50',1158282713,1,0,1,1,1,1,'','','real life has kinda taken over for me.  It was easy to hang a round in the channel when I was a student sitting at home studying.  Now that I work I find I just don\'t have as much time.  It sucks ass.  Oh well I do what I can\r\nKirk','',0,'gA==','3fkwej34',1,0,'',581,0,0),(310,103,24,538,0,'70.30.51.170',1159232691,1,0,1,1,1,0,'','','Yeah, works taking up most of my time, and after staring at a screen all day doesnt realy make u stare at another for a few more hours.\r\n\r\nGots a few things on the go after school, plus real life is settling makes it kinda hard.\r\n\r\nHavent played any games, only time for a movie or two once in a while','',0,'gA==','19i8zcx1',1,0,'',538,0,0),(311,103,24,553,0,'84.104.161.23',1159263132,1,0,1,1,1,0,'','','school 9 hours a day, work all weekends ;/ leaves little time left to chat! <!-- s:( --><img src=\"{SMILIES_PATH}/icon_sad.gif\" alt=\":(\" title=\"Sad\" /><!-- s:( -->','',0,'gA==','29wkbf8m',1,0,'',553,0,0),(312,103,24,115,0,'68.81.76.220',1159922953,1,0,1,1,1,1,'','','my only free time is from 5-10 on Thursday nights, in which I spend it with my fiancee.  Real Life is a bitch, otherwise I chat every now and then when I can.  I know, I am annoying, sorry!','',0,'gA==','1mhn4abx',1,0,'',115,0,0),(313,5,24,115,0,'68.81.76.220',1159923014,1,0,1,1,1,1,'','','oo, speaking of macs, I also just got a Pismo laptop (old 333 G3!), tis very nice.','',0,'gA==','2qldig79',1,0,'',115,0,0),(314,103,24,10,0,'72.10.130.240',1159964201,1,0,1,1,1,1,'','','I am lurking 50% of the day, but one-sided conversations are not much fun <!-- s:) --><img src=\"{SMILIES_PATH}/icon_smile.gif\" alt=\":)\" title=\"Smile\" /><!-- s:) -->','',0,'gA==','1vc1qw1u',1,0,'',10,0,0),(315,103,24,637,0,'81.245.39.182',1160041060,1,0,1,1,1,1,'','','work, RL, sports, girlfriend... not much time anymore for pc.\r\nmaybe during the winter there is more time again','',0,'gA==','1l6pkg7g',1,0,'',637,0,0),(316,103,24,681,0,'24.203.71.155',1160375429,1,0,1,1,1,1,'','','id say in my case its the fact in dont have the computer shop anymore , so real life , and lineage2 have most my time when im not prepping one of my bikes for the races . but i try and hop in as much as possible  <!-- s:shock: --><img src=\"{SMILIES_PATH}/icon_eek.gif\" alt=\":shock:\" title=\"Shocked\" /><!-- s:shock: -->','',0,'gA==','191cxvbd',1,0,'',681,0,0),(320,103,24,643,0,'71.245.12.194',1162780029,1,0,1,1,1,1,'','','yeah i been working 7 days a week and when im home im usually playing NWN.','',0,'gA==','26f9e0oj',1,1163378492,'',643,1,0),(321,103,24,106,0,'24.200.64.134',1163255757,1,0,1,1,1,1,'','','Same as Hydro and Beefy. Work work work... I\'m also pissed that I dont have time to go to talk to you as much as I would like to. It\'s bad, but I guess we\'re growing up. I\'ll try to do my best to come chat more often in the future.','',0,'gA==','1t9afi95',1,0,'',106,0,0),(326,103,24,4,0,'213.112.222.22',1171048781,1,0,1,1,1,0,'','','well im been a lazy biatch the last mounths just trying to get into the idle top 10 <!-- s:P --><img src=\"{SMILIES_PATH}/icon_razz.gif\" alt=\":P\" title=\"Razz\" /><!-- s:P -->\r\n\r\nwell i hope i´ll get the thubs out of my ass end be a bit more active in the chan','',0,'gA==','3kkrckcg',1,0,'',4,0,0),(327,103,24,16,0,'24.67.161.73',1171249890,1,0,1,1,1,1,'','','I\'m always here, I just can\'t stand talking to most of you. LOL J/K','',0,'gA==','17j1vj9u',1,0,'',16,0,0),(332,113,56,6,0,'74.104.91.27',1175661165,1,0,1,1,1,1,'','Yeah... SSL','[quote:3fx4sskm]* Connecting to liquid.is-a-geek.org (+10121)\n-\n* SSL error: ssl not available\n-\n* Connect cancelled[/quote:3fx4sskm]\r\n\r\nYeah it\'s been so freakin\' long since I\'ve had to redo all of this from scratch and I don\'t remember how to do it or where to find it...  <!-- s:oops: --><img src=\"{SMILIES_PATH}/icon_redface.gif\" alt=\":oops:\" title=\"Embarassed\" /><!-- s:oops: -->','',0,'gA==','3fx4sskm',1,0,'',6,0,0),(334,113,56,32,0,'72.240.72.205',1175790329,1,0,1,1,1,1,'','','<!-- m --><a class=\"postlink\" href=\"http://www.luniz.org/lunatic/winssl/\">http://www.luniz.org/lunatic/winssl/</a><!-- m -->\r\n\r\nAlso make note that you need mIRC v6.14 or newer, and to put the 3 DLL files in the same directory that you are running mIRC from.\r\n\r\nssleay32.dll\r\nlibeay32.dll\r\nlibssl32.dll','',0,'gA==','s8vkpkkf',1,0,'',32,0,0),(336,115,25,681,0,'24.203.71.155',1175790585,1,0,1,1,1,1,'','Does someone still do tag\'s ?','If anyone is  still doing them id want a new tag for my MMORPG nick ,\r\n Illuminatu  and i got a few pics i could send to help ,  coz i have a few special request to go with it <!-- s:P --><img src=\"{SMILIES_PATH}/icon_razz.gif\" alt=\":P\" title=\"Razz\" /><!-- s:P --> \r\n\r\n keep me posted plix','',0,'gA==','1iz7032h',1,0,'',681,0,0),(337,113,56,6,0,'74.122.216.105',1175837873,1,0,1,1,1,1,'','','Thanks Luniz, you da man  <!-- s8) --><img src=\"{SMILIES_PATH}/icon_cool.gif\" alt=\"8)\" title=\"Cool\" /><!-- s8) -->','',0,'gA==','3ou881we',1,0,'',6,0,0),(338,40,42,538,0,'74.96.227.148',1175995527,1,0,1,1,1,0,'','Error message with SSL/mirc/invision','[9:22pm] * Connecting to lunatic2k.dyndns.org (+10122)\r\n————————————————————\r\n[9:22pm] * SSL error: ssl not available\r\n————————————————————\r\n[9:22pm] * Connect cancelled\r\n\r\nCopied DLLs to system32 and invision dir and mirc dir','',0,'','8dbrxl52',1,0,'',538,0,0),(339,40,42,6,0,'74.122.216.105',1176001582,1,0,1,1,1,1,'','','You have to use the new mIRC.exe from mIRC installation.','',0,'','rwt89pt7',1,0,'',6,0,0),(340,40,42,538,0,'74.96.227.148',1176004237,1,0,1,1,1,0,'','new error','[10053] Software caused connection abort','',0,'','hs0juzbx',1,0,'',538,0,0),(341,40,42,538,0,'74.96.227.148',1176004873,1,0,1,1,1,0,'','','back to above error message after reinstall and version update to 6.16','',0,'','2e0gpn1j',1,0,'',538,0,0),(342,40,42,6,0,'74.122.216.105',1176008722,1,0,1,1,1,1,'','','All three DLLs to the same directory as the mirc.exe?','',0,'','1x5s5x66',1,0,'',6,0,0),(343,40,42,538,0,'74.96.227.148',1176040972,1,0,1,1,1,0,'','','yeah all 3 are in the mirc dir, still cannot connect same sll error message','',0,'','3iutv15m',1,0,'',538,0,0),(344,87,60,122,0,'213.114.98.37',1176227760,1,0,1,1,1,1,'','Re: What games are you looking forward to?','[quote=&quot;DrDukes&quot;:34zv48lu]&lt;/font&gt;&lt;blockquote&gt;&lt;font size=&quot;1&quot; face=&quot;Verdana, Helvetica, sans-serif&quot;&gt;quote:&lt;/font&gt;&lt;hr /&gt;&lt;font size=&quot;2&quot; face=&quot;Verdana, Helvetica, sans-serif&quot;&gt;Originally posted by Dopper3:\n&lt;strong&gt; call of duty 2\n&lt;/strong&gt;&lt;/font&gt;&lt;hr /&gt;&lt;/blockquote&gt;&lt;font size=&quot;2&quot; face=&quot;Verdana, Helvetica, sans-serif&quot;&gt;Won\'t be long now   [img]images/smiles/icon_biggrin.gif[/img][/quote:34zv48lu]\r\n\r\nHe he.. this forum aint used much.. CoD 3 is out already <!-- s:P --><img src=\"{SMILIES_PATH}/icon_razz.gif\" alt=\":P\" title=\"Razz\" /><!-- s:P -->','',0,'iA==','34zv48lu',1,0,'',122,0,0),(346,87,60,10,0,'66.158.149.32',1176362829,1,0,1,1,1,1,'','','Heh, almost 2 years between your posts.\r\n\r\nNew List!!\r\n\r\n1. Warhammer Online\r\n2. Mass Effect\r\n3. Bioshock\r\n4. Spore\r\n5. World of Warcraft 2? I dont know...','',0,'iA==','16cuh76t',1,0,'',10,0,0),(350,87,60,115,0,'76.98.46.42',1180351814,1,0,1,1,1,1,'','','[b:1z9dcymv]Half-Life 2 [/b:1z9dcymv]- It was good, but this new no HL:orange bullshit...\r\n[b:1z9dcymv]GTA: SA [/b:1z9dcymv] - It was worth the wait, good stuff, played it for a long time!\r\n[b:1z9dcymv]Star Ocean 3[/b:1z9dcymv] - didn\'t come to PC, bought a PS2, and this, and it wasn\'t that great\r\n[b:1z9dcymv]Quake 4[/b:1z9dcymv] - didn\'t bother\r\n[b:1z9dcymv]Empire Earth 2[/b:1z9dcymv] - neh.\r\n[b:1z9dcymv]NFS: Underground 2[/b:1z9dcymv] - muchos betteros than the first, but then came Most Wanted, and now Carbon... so soon.\r\n[b:1z9dcymv]Brunout 3[/b:1z9dcymv] - didn\'t, but again, bought PS2, and this, and it was/is awesome\r\n\r\nNow:\r\n\r\nHL2 Ep2 and friends - Have to buy the $50 full version with HL2/ep1, thats bullshit.\r\nGTA IV - PC version, **** the PS3/360.\r\nStar Ocean 1 &amp; 2 PSP - You know it, currently playing SO2 PSX on my PSP.\r\nCrysis - if I can run it.\r\n\r\nNothing else really peaks my interest at the moment, not much time to play games.','',0,'QA==','1z9dcymv',1,0,'',115,0,0),(353,87,60,122,0,'213.114.98.57',1181688768,1,0,1,1,1,1,'','','That was a good idea Maddawg - how did the games turn out?\r\n1. World of Warcraft \r\nOh yes was even better than expected. Still play it a lot!\r\n\r\n2. Starcraft Ghost \r\nStill under development.. or?! Seems like BLizzard wont make it afterall.\r\n\r\n3. Outrun 2 - oh yes!! \r\nHehe dunno why I put this down. Cant even rember trying it...\r\n\r\n4. GTA: San Andreas - only PS2?!\'\r\nOh yes this game rocked!!\r\n\r\nLooking forward coming year?\r\n1. Starcraft 2\r\n- can it be anything but good?\r\n\r\n2. Assassin\'s Creed\r\n- Been already waiting for this game. The released movie looks awesome though!\r\n\r\n3. GTA 4\r\n- Will probably rock - especially on my xbox360\r\n\r\n4. Halo 3\r\n- Xbox Live here I come <!-- s:) --><img src=\"{SMILIES_PATH}/icon_smile.gif\" alt=\":)\" title=\"Smile\" /><!-- s:) -->','',0,'QA==','3ufdpvn3',1,0,'',122,0,0),(354,39,39,122,0,'213.114.98.57',1181688948,1,0,1,1,1,1,'','','As noone probably reads these forums anymore I will add some games:\r\n\r\nGuitar Hero 2 Xbox 360\r\n- Best game I played this year. Not due to its complexity or graphics but just simply cause its soo much fun!!\r\n\r\nGRAW 2\r\n- Better than the first one. Awesome action and ultra realistic - yeah me `Jonny Rambo!','',0,'QA==','t8so15dt',1,0,'',122,0,0),(356,120,24,486,0,'24.70.95.205',1184184261,1,0,1,1,1,1,'','Windows Vista worth the switch?','Who is using windows vista and what release. I am currently dual booting windows xp with a NoPe release of vista 32 bit version (which updates work fine) seems alright but same problem with sound as of the beta stage will be looking for new driver hopefully that fixes it. the best feature of vista would be the sidebar I think. It runs fine on my current setup which is nothing to brag about  only a 2800+ with 768 megs of ram and ati 9800 pro video card. i havent tested any games on it as of yet but will later. \r\n\r\nThe-_-Pro <!-- s:P --><img src=\"{SMILIES_PATH}/icon_razz.gif\" alt=\":P\" title=\"Razz\" /><!-- s:P --> [/b]','',0,'','7arb3r6i',1,0,'',486,0,0),(358,120,24,681,0,'24.202.11.177',1186188851,1,0,1,1,1,1,'','','i dont like Vista ... for some reasons its sluggish on my box , and i dont like that <!-- s:D --><img src=\"{SMILIES_PATH}/icon_biggrin.gif\" alt=\":D\" title=\"Very Happy\" /><!-- s:D -->','',0,'','8je34v7g',1,0,'',681,0,0),(361,123,24,32,0,'72.240.72.205',1193770382,1,0,1,1,1,1,'','L3st4t finally got a fucking haircut!','Before:\r\n\r\n[img:3thbs2fo]http&#58;//www&#46;luniz&#46;org/lestat/before&#46;jpg[/img:3thbs2fo]\r\n\r\nAfter:\r\n\r\n[img:3thbs2fo]http&#58;//www&#46;luniz&#46;org/lestat/after&#46;jpg[/img:3thbs2fo]','',0,'CA==','3thbs2fo',1,0,'',32,0,0),(362,123,24,115,0,'76.98.46.42',1194432605,1,0,1,1,1,1,'','','you going to donate that hair... to a hippy?  Seriously though, you look much better with short hair, not to mention the first picture looks as though you have the plague, or just haven\'t seen the light of day in 3 months.','',0,'CA==','311emjnm',1,0,'',115,0,0),(363,124,24,690,0,'66.177.28.158',1196562996,1,0,1,1,1,1,'','I am back!','to those who read this forum','',0,'CA==','1podokh0',1,0,'',690,0,0),(386,145,71,32,0,'72.241.124.19',1209349633,1,0,1,1,1,1,'','Guide to installing VC games','[u:3vl8skh1][b:3vl8skh1]Installing Virtual Console games[/b:3vl8skh1][/u:3vl8skh1]\n\n[b:3vl8skh1]Step 1:[/b:3vl8skh1] Download the following items:\nThe virtual console titles you would like to install\nThe WAD Installer V2\n[attachment=1:3vl8skh1]<!-- ia1 -->WAD-Installer_v2.1.zip<!-- ia1 -->[/attachment:3vl8skh1]\nThe Twilight hack (NOTE: You must use the Twilight hack file for your games region)\n[attachment=2:3vl8skh1]<!-- ia2 -->twilight-hack-v0.1-alpha3a.zip<!-- ia2 -->[/attachment:3vl8skh1]\nRegion: Europe/Australia | Inner circle text: RVL-RZDP-0A-0 JPN | File: rzdp0.bin\nRegion: Asia | Inner circle text: RVL-RZDJ-0A-0 JPN | File: rzdj0.bin\nRegion: America | Inner circle text: RVL-RZDE-0A-0 JPN | File: rzde0.bin\nRegion: America | Inner circle text: RVL-RZDE-0A-0 USA | File: rzde0.bin\nRegion: America | Inner circle text: RVL-RZDE-0A-2 USA | File: rzde2.bin\n\n\n[b:3vl8skh1]Step 2:[/b:3vl8skh1] Extract the .rar file that the WAD installer comes in and rename the file\n\'wad-installer.elf\' to \'boot.elf\'. You can get rid of the other files, the .elf file\nis all you need.\n\n[b:3vl8skh1]Step 3:[/b:3vl8skh1] Connect SD Card to computer.\n\n[b:3vl8skh1]Step 4:[/b:3vl8skh1] If it does not already exist, make a directory called &quot;/private/wii/title/RZDx/&quot;\non your SD card; replace &quot;RZDx&quot; with RZDE, RZDP or RZDJ as appropriate for your\nversion of the twilight hack file.\n\n[b:3vl8skh1]Step 5:[/b:3vl8skh1] Rename your Twilight hack file to \'data.bin\' and put it in the &quot;private/wii/title/RZDx/&quot;\ndirectory on your SD Card.\n\n[b:3vl8skh1]Step 6:[/b:3vl8skh1] Move boot.elf to the root of your SD Card. (NOT TO THE \'private\' FOLDER!)\n\n[b:3vl8skh1]Step 7:[/b:3vl8skh1] Extract the Virtual Console titles you downloaded if they are in .rar files.\nYou should get .wad files. The .wad files will probably all be named \'title.wad\', \nrename them to whatever you want but make sure they have different names.\n\n[b:3vl8skh1]Step 8:[/b:3vl8skh1] Create a folder on the root of your SD Card called \'wad\' in this folder put \nall the .wad files you have for all the VC games you want to install.\n\n[b:3vl8skh1]Step 9:[/b:3vl8skh1] Now that all the necesary files are on the SD Card we can begin. Unplug the\nSD Card from the computer and plug it into the SD Card slot on the front of the Wii\n(which is located next to the disc slot, behind a panel).\n\n[u:3vl8skh1][b:3vl8skh1]NOTE:[/b:3vl8skh1][/u:3vl8skh1] If you already have a Twilight Princess save file on your wii, skip the next\nsection.\n\n[b:3vl8skh1]Step 10:[/b:3vl8skh1] Insert the Twilight Princess disc into the Wii. Start the game. After\nstarting the game it will ask you if you want to create a save data on your wii,\n(this only happens if you don\'t have a Twilight Princess save data already).\nSelect yes and it will create a save file.\n\n[u:3vl8skh1][b:3vl8skh1]NOTE:[/b:3vl8skh1][/u:3vl8skh1] If you already have a Twilight Princess save file on your wii that you want to\nkeep, back it up on an SD Card before continuing to the next step, as you will be\nerasing the save data from the Wii.\n\n[b:3vl8skh1]Step 11:[/b:3vl8skh1] Go back to the Wii Menu, click on the Wii button in the bottom left of the\nWii Menu, go to Data Management, go to Save Data, go to Wii.\n\n[b:3vl8skh1]Step 12:[/b:3vl8skh1] Erase the Twilight Princess Save Data from the Wii.\n\n[b:3vl8skh1]Step 13:[/b:3vl8skh1] click on the SD Card tab, you will see an icon that says \'Wiibrew loader\'\non it, click on it, click copy and it will copy to the Wii memory.\n\n[b:3vl8skh1]Step 14:[/b:3vl8skh1] Go back to the Wii Menu.\n\n[b:3vl8skh1]Step 15:[/b:3vl8skh1] Start Twilight Princess again, this time there will be a save file called\n\'Twilight Hack\' and it will have all 20 hearts, load this save file.\n\n[b:3vl8skh1]Step 16:[/b:3vl8skh1] You will see a man standing in front of you in the game, go up to him and\nspeak to him. The game will immediatly freeze as you speak to him and lines of code\nwill appear on a black background. DO NOT BE ALARMED! THIS IS NORMAL!\n\n[b:3vl8skh1]Step 17:[/b:3vl8skh1] Eventually it will ask you to press the reset button on the wii, press the\nbutton and it will begin to install the VC games.\n\n[b:3vl8skh1]Step 18:[/b:3vl8skh1] When it is finished it will inform you that it is going to go back to the\nWii Menu in 10 seconds and count down.\n\n[b:3vl8skh1]Step 19:[/b:3vl8skh1] When it reaches 0 it will either reset to the Wii Menu or the screen will\ngo black and the console will freeze, if this happens it DOES NOT matter, just\nswitch off the console and switch it back on.\n\n[b:3vl8skh1]Step 20:[/b:3vl8skh1] When you return to the Wii Menu you will find your brand new FREE Virtual\nConsole games sitting proudly in your Wii Menu. Congratz.\n\n[b:3vl8skh1]WARNING!!! DO NOT INSTALL MORE VC GAMES THAN YOUR WII HAS SPACE FOR![/b:3vl8skh1]\n\n\n\n\n[u:3vl8skh1][b:3vl8skh1]Uninstalling Virtual Console games[/b:3vl8skh1][/u:3vl8skh1]\n\nTo remove VC games from your Wii you must use the WAD Uninstaller program, its not \nenough to simply remove them from the Wii via the Wii data management as removing\nthem this way leaves behind a ticket.\n[attachment=0:3vl8skh1]<!-- ia0 -->WAD-Uninstaller_v1.zip<!-- ia0 -->[/attachment:3vl8skh1]\n\nUsing the WAD Uninstall is exactly the same as using the WAD Installer, simply \nrename the WAD Uninstaller to \'boot.elf\' and move it to the root of your SD card.\nThen create a folder called \'wad\' on the root of your SD card and in that folder put\nthe .wad files of all the games you want to uninstall.\nThen just run the wad uninstaller using the twilight hack, the exact same way you did\nwith the WAD Installer.','4deb9c10de35f5d767d58ccdce0ac0ed',1,'QQg=','3vl8skh1',1,0,'',0,0,0),(388,146,55,538,0,'38.99.142.25',1218204730,1,0,1,1,1,0,'','Formated my pc','Hey guys,\n\nI just reformated my pc and haven\'t had a chance to get everything setup again. Busy at work and at the house haven\'t spent a lot of time at my machine. \nHopefully this weekend I can do some work on the comp.\n\nJust a heads up im still alive \n\nHydro','1a855e0b1e0d42b15723475882356cf5',0,'','241ymj1d',1,0,'',0,0,0),(366,127,71,32,0,'72.241.124.1',1205298239,1,0,1,1,1,1,'','ISOsRus News - 03-12-08','I really hate to say this, but I think that I am going to have to shut down the channel for a while.  At this point in time, I just can\'t afford to have my server running 24/7.  Being unemployed for this long has been hard, especially with the bills.\r\n\r\nI am still waiting for the new company to start up, but in the meantime I am going to have to sacrifice a few things until I start working again.\r\n\r\nThe board will remain up during this time (well at least until August 1st, thanks to [b:117ul63u]tdk_ratboy[/b:117ul63u] &amp; [b:117ul63u]Cainn1970[/b:117ul63u] for their donations).  I ask that everyone check their profile on the board and make sure your email address is current and that it is one you check often.  I will send out any updates from the board.\r\n\r\nI will check in from time to time using my neighbor\'s unsecured wireless.  If you need to get in touch with me, here is some info:\r\n\r\nemail: <!-- e --><a href=\"mailto:gluniz@luniz.org\">gluniz@luniz.org</a><!-- e -->\r\nYahoo Messenger: <!-- e --><a href=\"mailto:gluniz@yahoo.com\">gluniz@yahoo.com</a><!-- e -->\r\nAIM: gluniz\r\nMSN: <!-- e --><a href=\"mailto:gluniz@hotmail.com\">gluniz@hotmail.com</a><!-- e -->\r\n\r\nIf during this time some of you decide to leave for good, then I would like to say that it\'s been fun these many last years that we have been a group.\r\n\r\n<!-- s:( --><img src=\"{SMILIES_PATH}/icon_sad.gif\" alt=\":(\" title=\"Sad\" /><!-- s:( -->','',0,'QA==','117ul63u',1,0,'',32,0,0),(367,128,72,32,0,'72.241.124.19',1208234946,1,0,1,1,1,1,'','Test','Test','0cbc6611f5540bd0809a388dc95a615b',0,'','227o8tuh',1,0,'',0,0,0),(368,128,72,32,0,'72.241.124.19',1208239728,1,0,1,1,1,1,'','Re: Test','Test2','c454552d52d55d3ef56408742887362b',0,'','12w7ynum',1,0,'',0,0,0),(369,128,72,32,0,'72.241.124.19',1208239783,1,0,1,1,1,1,'','Re: Test','fssfda','67091fc231b8e52350516516a04d63c7',0,'','heqro0xi',1,0,'',0,0,0),(370,128,72,32,0,'72.241.124.19',1208240206,1,0,1,1,1,1,'','Re: Test','<!-- s:D --><img src=\"{SMILIES_PATH}/icon_biggrin.gif\" alt=\":D\" title=\"Very Happy\" /><!-- s:D -->  <!-- s:) --><img src=\"{SMILIES_PATH}/icon_smile.gif\" alt=\":)\" title=\"Smile\" /><!-- s:) -->  <!-- s:( --><img src=\"{SMILIES_PATH}/icon_sad.gif\" alt=\":(\" title=\"Sad\" /><!-- s:( -->  <!-- s:o --><img src=\"{SMILIES_PATH}/icon_surprised.gif\" alt=\":o\" title=\"Surprised\" /><!-- s:o -->  <!-- s:shock: --><img src=\"{SMILIES_PATH}/icon_eek.gif\" alt=\":shock:\" title=\"Shocked\" /><!-- s:shock: -->  <!-- s:? --><img src=\"{SMILIES_PATH}/icon_confused.gif\" alt=\":?\" title=\"Confused\" /><!-- s:? -->  <!-- s8) --><img src=\"{SMILIES_PATH}/icon_cool.gif\" alt=\"8)\" title=\"Cool\" /><!-- s8) -->  <!-- s:lol: --><img src=\"{SMILIES_PATH}/icon_lol.gif\" alt=\":lol:\" title=\"Laughing\" /><!-- s:lol: -->  <!-- s:x --><img src=\"{SMILIES_PATH}/icon_mad.gif\" alt=\":x\" title=\"Mad\" /><!-- s:x -->  <!-- s:P --><img src=\"{SMILIES_PATH}/icon_razz.gif\" alt=\":P\" title=\"Razz\" /><!-- s:P -->  <!-- s:oops: --><img src=\"{SMILIES_PATH}/icon_redface.gif\" alt=\":oops:\" title=\"Embarassed\" /><!-- s:oops: -->  <!-- s:cry: --><img src=\"{SMILIES_PATH}/icon_cry.gif\" alt=\":cry:\" title=\"Crying or Very sad\" /><!-- s:cry: -->  <!-- s:evil: --><img src=\"{SMILIES_PATH}/icon_evil.gif\" alt=\":evil:\" title=\"Evil or Very Mad\" /><!-- s:evil: -->  <!-- s:twisted: --><img src=\"{SMILIES_PATH}/icon_twisted.gif\" alt=\":twisted:\" title=\"Twisted Evil\" /><!-- s:twisted: -->  <!-- s:roll: --><img src=\"{SMILIES_PATH}/icon_rolleyes.gif\" alt=\":roll:\" title=\"Rolling Eyes\" /><!-- s:roll: -->  <!-- s:wink: --><img src=\"{SMILIES_PATH}/icon_wink.gif\" alt=\":wink:\" title=\"Wink\" /><!-- s:wink: -->  <!-- s:!: --><img src=\"{SMILIES_PATH}/icon_exclaim.gif\" alt=\":!:\" title=\"Exclamation\" /><!-- s:!: -->  <!-- s:?: --><img src=\"{SMILIES_PATH}/icon_question.gif\" alt=\":?:\" title=\"Question\" /><!-- s:?: -->  <!-- s:idea: --><img src=\"{SMILIES_PATH}/icon_idea.gif\" alt=\":idea:\" title=\"Idea\" /><!-- s:idea: -->  <!-- s:arrow: --><img src=\"{SMILIES_PATH}/icon_arrow.gif\" alt=\":arrow:\" title=\"Arrow\" /><!-- s:arrow: -->  <!-- s:| --><img src=\"{SMILIES_PATH}/icon_neutral.gif\" alt=\":|\" title=\"Neutral\" /><!-- s:| -->  <!-- s:mrgreen: --><img src=\"{SMILIES_PATH}/icon_mrgreen.gif\" alt=\":mrgreen:\" title=\"Mr. Green\" /><!-- s:mrgreen: -->','5b92e11e51fa2399317bd6606716528b',0,'','nfzl0nh2',1,0,'',0,0,0),(372,130,71,32,0,'72.241.124.19',1208248313,1,0,1,1,1,1,'','ISOsRus News - 04-15-08','I\'ve just finished updating the board to the latest version.  Make sure that you update your profile settings, as there are many more options to set now.\n\nNOTE: I have enabled the option so that you are allowed to change your username on the board if you want to.  Please keep it the same as your nick in the channel.','bfb99c59b5d52a13b1ffb187c30e272c',0,'','1gmzukxd',1,0,'',0,0,0),(382,141,100,32,0,'72.241.124.19',1208647007,1,0,1,1,1,1,'','Wii Utilities','[attachment=1:1u2w6uuk]<!-- ia1 -->WiiBrickBlocker_v1_3R2.rar<!-- ia1 -->[/attachment:1u2w6uuk]\n[attachment=0:1u2w6uuk]<!-- ia0 -->RegionFrii V1.2.1 Wip By Klausus-Kun.zip<!-- ia0 -->[/attachment:1u2w6uuk]','be388f42dda51b8cdb3518e1a4646c48',1,'AAg=','1u2w6uuk',1,0,'',0,0,0),(383,142,71,32,0,'72.241.124.19',1208647811,1,0,1,1,1,1,'','Mario Kart PAL WII-MOMENT','Wii NTSC 3.2U | WiiKey 1.9s\n\nTo play this on your NTSC Wii, do the following:\n\n[list:3c73j6gv]1. WiiBrickBlocker - Run this program and select the ISO file, click [b:3c73j6gv]Read Info[/b:3c73j6gv], then click [b:3c73j6gv]Patch[/b:3c73j6gv].[/list:u:3c73j6gv]\n[list:3c73j6gv]2. RegionFrii - Run this program and select the ISO file, then under [b:3c73j6gv]New Region[/b:3c73j6gv] select [b:3c73j6gv]USA (RSRE8P-Standard)[/b:3c73j6gv] and then select [b:3c73j6gv]Update ISO[/b:3c73j6gv].[/list:u:3c73j6gv]\n[list:3c73j6gv]3. Burn with ImgBurn and play![/list:u:3c73j6gv]\n\nI was not prompted to install any Wii update, which is how it should be after running WiiBrickBlocker on the ISO, which removes any updates from the ISO.  The game runs fine here on my Wii.','bc1de4dfe9a2827e4d7849257bc06afa',0,'QEA=','3c73j6gv',1,0,'',0,0,0),(385,144,71,32,0,'72.241.124.19',1209330934,1,0,1,1,1,1,'','New IRC Server Information - 04/27/08','-=-=-=-=-=-=-=-=-=-=-\nIRC Servers\n-=-=-=-=-=-=-=-=-=-=-\n\n=============\nServer: lunatic2k.dyndns.org [b:1ypv9x3c]([color=#00BF00:1ypv9x3c]ONLINE[/color:1ypv9x3c])[/b:1ypv9x3c]\nSSL Encrypted Ports: +10121-10124\nPassword: vACRatRERufres8WRafr6maHecATh5\n\nServer: liquid.is-a-geek.org [b:1ypv9x3c]([color=#00BF00:1ypv9x3c]ONLINE[/color:1ypv9x3c])[/b:1ypv9x3c]\nSSL Encrypted Ports: +10121-10124\nPassword: ma9uxuvafrAy7rAtuwrecr4v7bras9\n=============\n[color=#FF0000:1ypv9x3c][b:1ypv9x3c]NOTE: You MUST add the + sign with the ports so that mIRC knows to connect with SSL.[/b:1ypv9x3c][/color:1ypv9x3c]','53657d4a4fe4cb4c2e549f10b56be0de',0,'Qg==','1ypv9x3c',1,0,'',0,0,0),(387,124,24,538,0,'99.227.151.71',1210121524,1,0,1,1,1,0,'','Re: I am back!','hey,\n\nWelcome back,\n\nand some people like me read these forums  <!-- s:D --><img src=\"{SMILIES_PATH}/icon_biggrin.gif\" alt=\":D\" title=\"Very Happy\" /><!-- s:D -->','20889a2d50a89ad1e312ffb32853601d',0,'','3h9neff6',1,0,'',0,0,0),(389,146,55,32,0,'72.241.116.103',1218243709,1,0,1,1,1,1,'','Re: Formated my pc','No Problem.','875aa51c9ea4ea5b4754b2d53606e143',0,'','2tj9xevt',1,0,'',0,0,0),(390,147,101,32,0,'72.241.121.52',1222987694,1,0,1,1,1,1,'','Linksys WRT54G-TM T-Mobile Edition Router','If anyone is looking for a really good router that DD-WRT now supports, you can go to any T-Mobile Retail Store (<!-- m --><a class=\"postlink\" href=\"http://locator.t-mobile.com/Locator.aspx\">http://locator.t-mobile.com/Locator.aspx</a><!-- m -->) and buy a Linksys WRT54G-TM T-Mobile Edition router for $30. This router has 32mb of RAM and 8mb of flash space, so you can fit any DD-WRT build on it. Here is my Flashing Guide for the WRT54G-TM: <!-- m --><a class=\"postlink\" href=\"http://www.dd-wrt.com/phpBB2/viewtopic.php?p=212455#212455\">http://www.dd-wrt.com/phpBB2/viewtopic. ... 455#212455</a><!-- m -->\n\n1x 10/100 WAN port &amp; 4x 10/100 LAN ports\nDual removable antennas\n\nI replaced my antennas with these: <!-- m --><a class=\"postlink\" href=\"http://www.hyperlinktech.com/item.aspx?id=2068\">http://www.hyperlinktech.com/item.aspx?id=2068</a><!-- m -->','352703d949d6e0ac5637eb2dace71dfe',0,'','8ihtn7qs',1,0,'',0,0,0),(391,148,71,32,0,'72.241.121.52',1222990738,1,0,1,1,1,1,'','Revised Guide to installing VC/WiiWare games','The previous [url=http&#58;//forums&#46;luniz&#46;org/ISOsRus/viewtopic&#46;php?f=84&amp;t=145:1rpy3cpr]Guide to installing VC games[/url:1rpy3cpr] required you to have a copy of The Legend of Zelda: Twilight Princess and a hacked save game (Twilight Hack) on the Wii to be able to install VC/WiiWare games.  This method is no longer needed.  Also, the latest Wii system updates have disabled the Twilight Hack from working.  So here is the latest guide.\n\n[u:1rpy3cpr][b:1rpy3cpr]Requirements:[/b:1rpy3cpr][/u:1rpy3cpr]\n1x SD flash card (2gb max)\n1x USB SD Card Reader for your PC\n1x Wii Modchip installed in your Wii\n[url=http&#58;//hbc&#46;hackmii&#46;com/download/:1rpy3cpr]The Homebrew Channel ISO image[/url:1rpy3cpr] (NOTE: make sure to d/l the correct ISO image for your Wii\'s region - USA/EUR/JAP | [color=#FF0000:1rpy3cpr][b:1rpy3cpr]!! Only works on systemmenu &lt;= 3.2 and requires a modchip !![/b:1rpy3cpr][/color:1rpy3cpr])\n[attachment=1:1rpy3cpr]<!-- ia1 -->WAD-Installer_v2.1.zip<!-- ia1 -->[/attachment:1rpy3cpr][attachment=0:1rpy3cpr]<!-- ia0 -->WAD-Uninstaller_v1.1.zip<!-- ia0 -->[/attachment:1rpy3cpr]\n1. Connect the SD card to your PC and browse to the SD card in Windows Explorer.\n2. In the root of the SD card, make a [b:1rpy3cpr]wad[/b:1rpy3cpr] folder &amp; an [b:1rpy3cpr]apps[/b:1rpy3cpr] folder.\n3. Inside the [b:1rpy3cpr]apps[/b:1rpy3cpr] folder, make a [b:1rpy3cpr]WAD-Installer_v2.1[/b:1rpy3cpr] folder &amp; a [b:1rpy3cpr]WAD-Uninstaller_v1.1[/b:1rpy3cpr] folder.\n4. Extract both the [b:1rpy3cpr]WAD-Installer_v2.1.zip[/b:1rpy3cpr] &amp; [b:1rpy3cpr]WAD-Uninstaller_v1.1.zip[/b:1rpy3cpr] on your PC.\n5. Rename the [b:1rpy3cpr]wad-installer.elf[/b:1rpy3cpr] from the [b:1rpy3cpr]WAD-Installer_v2.1.zip[/b:1rpy3cpr] to [b:1rpy3cpr]boot.elf[/b:1rpy3cpr] and copy it to the [b:1rpy3cpr]SD:\\apps\\WAD-Installer_v2.1\\[/b:1rpy3cpr] folder.\n6. Rename the [b:1rpy3cpr]wad-uninstaller.elf[/b:1rpy3cpr] from the [b:1rpy3cpr]WAD-Uninstaller_v1.1.zip[/b:1rpy3cpr] to [b:1rpy3cpr]boot.elf[/b:1rpy3cpr] and copy it to the [b:1rpy3cpr]SD:\\apps\\WAD-Uninstaller_v1.1\\[/b:1rpy3cpr] folder.\n7. Unzip &amp; copy any VC/WiiWare games to the [b:1rpy3cpr]SD:\\wad\\[/b:1rpy3cpr] folder that you want to install.  I suggest only installing 1 VC/WiiWare game at a time just to make sure that you do not run out of space on the Wii.\n8. Burn the Homebrew Channel ISO to a DVD with [url=http&#58;//www&#46;imgburn&#46;com:1rpy3cpr]ImgBurn[/url:1rpy3cpr].\n9. Put the SD card into the Wii and turn it on.\n10. Insert the HomeBrew Channel DVD and run it from the Wii menu to install it.  Once installed it should reboot the Wii and you will have a new Wii menu item called The Homebrew Channel.\n11. Run The Homebrew Channel and it will read the programs that are on the SD card and display them on the screen.\n12. Load the WAD-Installer_v2.1 and it will come up with a black DOS like screen.  Press the RESET button on the Wii to begin the installation of the VC/WiiWare games you copied to the [b:1rpy3cpr]SD:\\wad\\[/b:1rpy3cpr] folder.\n[color=#FF0000:1rpy3cpr][b:1rpy3cpr]WARNING!!! DO NOT INSTALL MORE VC/WiiWare GAMES THAN YOUR WII HAS SPACE FOR![/b:1rpy3cpr][/color:1rpy3cpr] I suggest only installing 1 VC/WiiWare game at a time just to make sure that you do not run out of space on the Wii.\n\nWhen it is done installing the VC/WiiWare games, it will tell you to RESET the Wii.  Your VC/WiiWare games will now be on the Wii system menu.\nTo uninstall any VC/WiiWare game, copy the game wad file to the [b:1rpy3cpr]SD:\\wad\\[/b:1rpy3cpr] folder and run the [b:1rpy3cpr]WAD-Uninstaller_v1.1[/b:1rpy3cpr] from The Homebrew Channel.\n\nNOTE: Any wad files that are in the [b:1rpy3cpr]SD:\\wad\\[/b:1rpy3cpr] folder will be uninstalled when you run the [b:1rpy3cpr]WAD-Uninstaller_v1.1[/b:1rpy3cpr].  The same goes for when you run the [b:1rpy3cpr]WAD-Installer_v2.1[/b:1rpy3cpr].','5609c2ea5430d1b4e698d88f6afa1f4b',1,'Uwg=','1rpy3cpr',1,0,'',0,0,0),(392,149,72,32,0,'72.241.121.52',1223411076,1,0,1,1,1,1,'','testhgfhhghgdhgfdhgfdhgfd','testuiklsfdklsgfdgfsgfdklsgfd','81610fb63e99bd930a7a19f1b3a843c5',0,'','3rxkx1pp',1,0,'',0,0,0),(393,150,31,32,0,'72.241.121.52',1223422750,1,0,1,1,1,1,'','New IRC Server Information - 2015-02-07','-=-=-=-=-=-=-=-=-=-=-\nIRC Servers\n-=-=-=-=-=-=-=-=-=-=-\n\n=============\nServer: [b:1hsuvpw3]luniz.noip.me[/b:1hsuvpw3] [b:1hsuvpw3]([color=#00BF00:1hsuvpw3]ONLINE[/color:1hsuvpw3])[/b:1hsuvpw3]\nSSL Encrypted Ports: [b:1hsuvpw3]+10121-10124[/b:1hsuvpw3]\nPassword: [b:1hsuvpw3]2h3wRaTaBEh278T9eKuchethAPEthE[/b:1hsuvpw3]\n\nServer: [b:1hsuvpw3]l3st4t.dyndns.org[/b:1hsuvpw3] [b:1hsuvpw3]([color=#FF0000:1hsuvpw3]OFFLINE[/color:1hsuvpw3])[/b:1hsuvpw3]\nSSL Encrypted Ports: [b:1hsuvpw3]+10121-10124[/b:1hsuvpw3]\nPassword: [b:1hsuvpw3]Rz75w9fUjFknNw2yXvxVefT9T3GfXM[/b:1hsuvpw3]\n=============\n[color=#FF0000:1hsuvpw3][b:1hsuvpw3]NOTE: You MUST add the + sign with the ports so that mIRC knows to connect with SSL.[/b:1hsuvpw3][/color:1hsuvpw3]','6790eb7969ec8df33a63be16bb38b9ff',0,'Qg==','1hsuvpw3',1,0,'',0,0,0),(394,151,31,32,0,'72.241.117.243',1226274591,1,0,1,1,1,1,'','OpenSSL 0.9.8l - 11/05/2009','Here are the latest SSL dll\'s.\n[attachment=0:1n64lu9n]<!-- ia0 -->OpenSSL 0.9.8l DLLs.zip<!-- ia0 -->[/attachment:1n64lu9n]','e246a474b2a3bf85ae6c74b92d06e6c4',1,'AAg=','1n64lu9n',1,0,'',0,0,0),(395,152,99,32,0,'72.241.117.243',1230511433,1,0,1,1,1,1,'','Microsoft.Windows.7.Beta.1.Build.7000.x86.DVD.REPACK-WinBeta','Here is a movie capture of Windows 7 starting up:\n[attachment=0:2qj167ji]<!-- ia0 -->Win7_Movie.rar<!-- ia0 -->[/attachment:2qj167ji]\nTaskbar &amp; Start Menu Properties:\n[img:2qj167ji]http&#58;//www&#46;luniz&#46;org/images/win7/Win7-2008-12-28-19-26-31&#46;png[/img:2qj167ji]\n\nHere you can see what the Taskbar looks like after selecting &quot;[b:2qj167ji]Use Small Icons[/b:2qj167ji]&quot;:\n[img:2qj167ji]http&#58;//www&#46;luniz&#46;org/images/win7/Win7-2008-12-28-19-26-54&#46;png[/img:2qj167ji]\nThe icons look smaller, but they are not pushed together like they were in previous versions of windows.\n\nInternet Explorer:\n[img:2qj167ji]http&#58;//www&#46;luniz&#46;org/images/win7/Win7-2008-12-28-19-29-58&#46;png[/img:2qj167ji]\n\nWindows Explorer:\n[img:2qj167ji]http&#58;//www&#46;luniz&#46;org/images/win7/Win7-2008-12-28-19-30-40&#46;png[/img:2qj167ji]\n\nStart Menu:\n[img:2qj167ji]http&#58;//www&#46;luniz&#46;org/images/win7/Win7-2008-12-28-19-45-30&#46;png[/img:2qj167ji]\n\nControl Panel:\n[img:2qj167ji]http&#58;//www&#46;luniz&#46;org/images/win7/Win7-2008-12-28-19-46-59&#46;png[/img:2qj167ji]\nI do not see the option to change to [b:2qj167ji]Classic View[/b:2qj167ji].\n\nDesktop Gadgets:\n[img:2qj167ji]http&#58;//www&#46;luniz&#46;org/images/win7/Win7-2008-12-28-19-54-25&#46;png[/img:2qj167ji]\nThese can be placed anywhere on the desktop and do not need the Gadget Bar running to be displayed.  I believe the Gadget bar is no more.\n\nWindows Homegroup:\n[img:2qj167ji]http&#58;//www&#46;luniz&#46;org/images/win7/Win7-2008-12-28-20-00-34&#46;png[/img:2qj167ji]\n[img:2qj167ji]http&#58;//www&#46;luniz&#46;org/images/win7/Win7-2008-12-28-20-01-32&#46;png[/img:2qj167ji]\n[img:2qj167ji]http&#58;//www&#46;luniz&#46;org/images/win7/Win7-2008-12-28-20-01-48&#46;png[/img:2qj167ji]\n\nMore to come...','0000b90d2f5ed342e95bdf668b3a426d',1,'SAg=','2qj167ji',1,0,'',0,0,0),(396,153,24,637,0,'81.247.111.152',1233783400,1,0,1,1,1,1,'','LONG TIME not seen','hello guys,\n\nhopefully you still remember me.. some people may not known me maybe...\nlong time ago i was normally for a smal period offline, due moving to another home, work and more...\nafter a time... it gets longer.. and longer..and longer....  very busy with work and do competition sports again, so much training, less computer.\nknow, i think i will return if possible....  i have some more time.\nit will be not 24h a day, but as much as possible i guess..\nagain searching all needed tools together to get online and make the correct settings  <!-- s:D --><img src=\"{SMILIES_PATH}/icon_biggrin.gif\" alt=\":D\" title=\"Very Happy\" /><!-- s:D --> \ntill soon !!!','08642fce3e45f5f2d244906216531a9e',0,'','335zzbtb',1,0,'',0,0,0),(397,153,24,32,0,'72.241.117.243',1234075586,1,0,1,1,1,1,'','Re: LONG TIME not seen','[url=http&#58;//forums&#46;luniz&#46;org/ISOsRus/viewtopic&#46;php?f=31&amp;t=151:2w3i967f]SSL DLL\'s[/url:2w3i967f]\n[url=http&#58;//forums&#46;luniz&#46;org/ISOsRus/viewtopic&#46;php?f=31&amp;t=150:2w3i967f]IRC Client Connection Settings[/url:2w3i967f]\n[url=http&#58;//www&#46;luniz&#46;org/lunatic/winssl/:2w3i967f]How to set up your IRC Client[/url:2w3i967f]','86a69546aa8feb7e5944471b55f6f985',0,'EA==','2w3i967f',1,0,'',0,0,0),(399,155,70,32,0,'72.241.116.57',1242577411,1,0,1,1,1,1,'','How to upgrade your Wii to use the USB Loader','[b:2xku392k][u:2xku392k]Description:[/u:2xku392k][/b:2xku392k]\nThis guide will prepare your NTSC USA Wii to be able to use a USB Loader so that you can play Wii games from an external HD.\n\n[color=#FF0000:2xku392k][b:2xku392k][u:2xku392k]Attention:[/u:2xku392k][/b:2xku392k]\n[b:2xku392k]Do not attempt to use this guide on a Wii that is set up for another region, e.g. PAL/JPN/KOR.[/b:2xku392k]\n[b:2xku392k]Do not attempt to use this guide on a Wii with a serial number that begins with LU64 or LU65.[/b:2xku392k][/color:2xku392k]\n\n[b:2xku392k][u:2xku392k]Requirements:[/u:2xku392k][/b:2xku392k]\nWii with any System Menu version\n1x SD card - 1GB-2GB in size\n\n[b:2xku392k][u:2xku392k]The Guide:[/u:2xku392k][/b:2xku392k]\n\n01. Move everything off of your SD card so that it is empty.\n02. Download the attached files and unrar them.\n03. Copy the contents of the SD folder onto your SD card.  The layout of the SD card should be like so:\n[code:2xku392k]SD&#58;\\\n   apps\n   wad\n   boot&#46;dol\n   hacks&#46;ini\n   IOS36-64-v1042&#46;wad[/code:2xku392k]\n04. Insert the SD card into your Wii and power it on.\n05. On the main menu, click on the Wii circle at the bottom left, then go into [b:2xku392k]Data Management[/b:2xku392k], then [b:2xku392k]Channels[/b:2xku392k], and then click on the [b:2xku392k]SD Card[/b:2xku392k] tab at the top right.  Click [b:2xku392k]Yes[/b:2xku392k] when it asks &quot;Load boot.dol/elf?&quot;.  This step is what is called the [b:2xku392k]BannerBomb[/b:2xku392k] exploit which allows you to run any homebrew application file named [b:2xku392k]boot.dol[/b:2xku392k] or [b:2xku392k]boot.elf[/b:2xku392k] that is stored in the root of your SD card.  The [b:2xku392k]boot.elf[/b:2xku392k] file that I have prepared in the attachment is the [b:2xku392k]BootMii[/b:2xku392k] installer.  With the [b:2xku392k]BootMii[/b:2xku392k] installer, you can install both [b:2xku392k]BootMii[/b:2xku392k] &amp; [b:2xku392k]Homebrew Channel v1.0.2[/b:2xku392k].  When the [b:2xku392k]BootMii[/b:2xku392k] installer starts press the 1 button on the Wii remote when prompted to.  The next screen will show the test results on what can be installed.\n\n[color=#FF0000:2xku392k][b:2xku392k]PLEASE NOTE:[/b:2xku392k][/color:2xku392k] If the [b:2xku392k]BootMii[/b:2xku392k] option displays &quot;[color=#008000:2xku392k]Can be installed[/color:2xku392k]&quot;, then it will be installed into the boot2 section of the Wii\'s NAND, which is the only way for you to have 100% brick protection.  If it displays anything different, then please contact me.  When [b:2xku392k]BootMii[/b:2xku392k] is installed into boot2 (which is like the boot sector of a hard drive), no matter what you do to your Wii you will be able to restore from a NAND backup, which we will be performing 1st before we attempt any other modifications in this guide.\n\nIf the [b:2xku392k]BootMii[/b:2xku392k] option displays &quot;[color=#008000:2xku392k]Can be installed[/color:2xku392k]&quot;, you may proceed with this guide.  Press A on the Wii remote to continue.  If you already have the Homebrew Channel installed on your Wii, then use the Up button on the remote and select &quot;[b:2xku392k]Uninstall The Homebew Channel[/b:2xku392k]&quot; and press A.  Arrow up to &quot;[b:2xku392k]Yes, continue[/b:2xku392k]&quot; and press A, and then press A to continue when it says [color=#008000:2xku392k]success[/color:2xku392k].  Then select &quot;[b:2xku392k]Install The Homebrew Channel[/b:2xku392k]&quot; and press A, and then press A to contine when it says [color=#008000:2xku392k]success[/color:2xku392k].  You now have the [b:2xku392k]Homebrew Channel v1.0.2[/b:2xku392k] installed.\n\nNow go down to &quot;[b:2xku392k]BootMii...[/b:2xku392k]&quot; and press A.  Then choose &quot;[b:2xku392k]Install BootMii as boot2[/b:2xku392k]&quot; and press A, arrow up to &quot;[b:2xku392k]Yes, continue[/b:2xku392k]&quot; and press A, and then press A to continue.  Then choose &quot;[b:2xku392k]Install BootMii as IOS[/b:2xku392k]&quot; and press A, arrow up to &quot;[b:2xku392k]Yes, continue[/b:2xku392k]&quot; and press A, and then press A to continue.  Then choose &quot;[b:2xku392k]Prepare a SD card[/b:2xku392k]&quot; and press A, arrow up to &quot;[b:2xku392k]Yes, continue[/b:2xku392k]&quot; and press A, and then press A to continue.  If any of these 3 do not say &quot;&quot;[color=#008000:2xku392k]success[/color:2xku392k]&quot;, then please contact me, otherwise continue.  Now select &quot;[b:2xku392k]Return to the main menu[/b:2xku392k]&quot; and press A, and then select &quot;[b:2xku392k]Exit[/b:2xku392k]&quot; and press A.\n\n06. Now power off the Wii and then turn it back on.  The Wii will now boot into BootMii by default.  You will be able to change how the Wii boots up later on in this guide.  Also note that currently with BootMii the Wii remote will not work until they add support for it.  But for now you can navigate the BootMii menu with a Gamecube remote or the Power/Reset/Eject buttons on the Wii.  The Power button is used to advance to the next option, and the Reset button is used to select that option.\n\nHere is what the main BootMii screen looks like:\n[img:2xku392k]http&#58;//www&#46;luniz&#46;org/images/bootmii1&#46;png[/img:2xku392k]\n\nPress the power button 3 times until the [b:2xku392k]BootMii Settings[/b:2xku392k] box is highlighted and press the reset button to select it.\n\nHere is what the [b:2xku392k]BootMii Settings[/b:2xku392k] screen looks like:\n[img:2xku392k]http&#58;//www&#46;luniz&#46;org/images/bootmii2&#46;png[/img:2xku392k]\n\nPress the reset button on the &quot;[b:2xku392k]NAND Backup to SD[/b:2xku392k]&quot; option so that we can make a backup of your Wii\'s NAND to the SD card.  Now press [b:2xku392k]Eject[/b:2xku392k] to contine.  If [b:2xku392k]BootMii[/b:2xku392k] says that it needs to format the SD card, then follow the directions to do so.  Once it is ready, press reset to continue with the NAND backup.  You will now see a screen that looks like a defrag program.  It is now making a backup of the NAND to the SD card.  You may see some black boxes which are Factory Bad Blocks that have been marked as unuseable by the NAND makers.  This is NORMAL to see and is nothing to worry about.  Once this is done it will verify the backup.  If everything goes good, then you will now have a complete backup of the Wii\'s NAND on your SD card as a file named [b:2xku392k]nand.bin[/b:2xku392k].  You should make a backup copy of this file onto your PC to store for safe keeping.  Doesnt hurt to have copies stored in different places as you never know if something will happen to any of the copies.  You can now power off the Wii.\n\n07. Put the SD card in your PC and rename the [b:2xku392k]bootmii[/b:2xku392k] folder to [b:2xku392k]!bootmii[/b:2xku392k]\nLet me explain this step.  If there is an SD card in the Wii that has this [b:2xku392k]bootmii[/b:2xku392k] folder on it, the Wii will automatically boot into [b:2xku392k]BootMii[/b:2xku392k].  If the folder is renamed or deleted, or if there is no SD card in the Wii when you power it on, the Wii will boot normally to the System Menu.  There is also an option of editing the [b:2xku392k]bootmii.ini[/b:2xku392k] in the [b:2xku392k]bootmii[/b:2xku392k] folder on the SD card and removing the [b:2xku392k]#[/b:2xku392k] in front of the line that says [b:2xku392k]#AUTOBOOT=SYSMENU[/b:2xku392k].  When the Wii is booted with this option set, and the [b:2xku392k]bootmii[/b:2xku392k] folder wasnt renamed to [b:2xku392k]!bootmii[/b:2xku392k] or deleted, then the Wii will boot into [b:2xku392k]BootMii[/b:2xku392k] and you will see 5 small boxes under the [b:2xku392k]System Menu[/b:2xku392k] box, which is a 5 second countdown until [b:2xku392k]BootMii[/b:2xku392k] automatically boots into the [b:2xku392k]System Menu[/b:2xku392k].  You could also edit the [b:2xku392k]bootmii.ini[/b:2xku392k] file so that it says [b:2xku392k]AUTOBOOT=HBC[/b:2xku392k] to set [b:2xku392k]BootMii[/b:2xku392k] to autoboot into the Homebrew Channel after the 5 second countdown.  Some people may not want their Wii\'s to show the [b:2xku392k]BootMii[/b:2xku392k] screen at all, incase they have kids that like to mess with things.  So for those that do not want the [b:2xku392k]BootMii[/b:2xku392k] screen to display at all when turning on the Wii, then just rename the [b:2xku392k]bootmii[/b:2xku392k] folder on the SD to [b:2xku392k]!bootmii[/b:2xku392k], and just rename it back to [b:2xku392k]bootmii[/b:2xku392k] if and when you do need to get into [b:2xku392k]BootMii[/b:2xku392k].\n\n08. If [b:2xku392k]BootMii[/b:2xku392k] formatted your SD card, then you will need to copy the contents of the attached file back onto the Wii before you continue with this guide.\n\n09. Power on the Wii and go into the [b:2xku392k]Homebrew Channel[/b:2xku392k].  Then go into [b:2xku392k]WAD-Manager_v1.4[/b:2xku392k] and press A to continue.  Now press the left or right button on the Wii remote until &quot;[b:2xku392k]Selected IOS version: &lt; IOS35 &gt;[/b:2xku392k]&quot; is displayed at the top.  Then press A on the &quot;[b:2xku392k]Wii SD Slot[/b:2xku392k]&quot; menu option.  Arrow down to the [b:2xku392k]WAD[/b:2xku392k] folder and press A.  Then arrow down until [b:2xku392k]CIOS_FIX.WAD[/b:2xku392k] is selected and press A.  Now press A to install it.','ad96dde02caa1f1c3f651bb2bacb0f5c',0,'S4A=','2xku392k',1,0,'',0,0,0),(400,156,84,32,5,'72.241.116.57',1242588752,1,0,1,1,1,1,'','Installing BootMii on your Wii - 01/05/2010','[b:1moeykn2][u:1moeykn2]Description:[/u:1moeykn2][/b:1moeykn2]\nThis guide will show you how to install BootMii so that you can make a complete backup of your Wii\'s NAND to an SD card.\n\n[color=#FF0000:1moeykn2][b:1moeykn2][u:1moeykn2]Attention:[/u:1moeykn2][/b:1moeykn2]\n[b:1moeykn2]Do not attempt to use this guide on a Wii with a serial number that begins with LU64 or LU65.\n!!!This is ONLY for Wii\'s with system menu version 4.2!!![/b:1moeykn2][/color:1moeykn2]\n\n[b:1moeykn2][u:1moeykn2]Requirements:[/u:1moeykn2][/b:1moeykn2]\nWii with any System Menu version\n1x SD card - 1GB-2GB in size\n\n[attachment=0:1moeykn2]<!-- ia0 -->BannerBomb_BootMii6.rar<!-- ia0 -->[/attachment:1moeykn2]\n[b:1moeykn2][u:1moeykn2]Contents of attachment:[/u:1moeykn2][/b:1moeykn2]\nBannerBomb alpha v200\nHackMii Installer v0.6 (capable of installing: •BootMii public beta 4 •The Homebrew Channel 1.0.6 •DVDx v2)\n\n[b:1moeykn2][u:1moeykn2]The Guide:[/u:1moeykn2][/b:1moeykn2]\n\n01. Move everything off of your SD card so that it is empty.\n02. Download the attached files and unrar them.\n03. Copy the contents of the BannerBomb_BootMii folder onto your SD card.  The layout of the SD card should be like so:\n[code:1moeykn2]SD&#58;\\\n   private\n   boot&#46;elf[/code:1moeykn2]\n04. Insert the SD card into your Wii and power it on.\n05. On the main menu, click on the Wii circle at the bottom left, then go into [b:1moeykn2]Data Management[/b:1moeykn2], then [b:1moeykn2]Channels[/b:1moeykn2], and then click on the [b:1moeykn2]SD Card[/b:1moeykn2] tab at the top right.  Click [b:1moeykn2]Yes[/b:1moeykn2] when it asks &quot;Load boot.dol/elf?&quot;.  This step is what is called the [b:1moeykn2]BannerBomb[/b:1moeykn2] exploit which allows you to run any homebrew application file named [b:1moeykn2]boot.dol[/b:1moeykn2] or [b:1moeykn2]boot.elf[/b:1moeykn2] that is stored in the root of your SD card.  The [b:1moeykn2]boot.elf[/b:1moeykn2] file that I have prepared in the attachment is the [b:1moeykn2]BootMii[/b:1moeykn2] installer.  With the [b:1moeykn2]BootMii[/b:1moeykn2] installer, you can install both [b:1moeykn2]BootMii[/b:1moeykn2] &amp; [b:1moeykn2]Homebrew Channel[/b:1moeykn2].  When the [b:1moeykn2]BootMii[/b:1moeykn2] installer starts press the 1 button on the Wii remote when prompted to.  The next screen will show the test results on what can be installed.\n\n[color=#FF0000:1moeykn2][b:1moeykn2]PLEASE NOTE:[/b:1moeykn2][/color:1moeykn2] If the [b:1moeykn2]BootMii[/b:1moeykn2] option displays &quot;[color=#008000:1moeykn2]Can be installed[/color:1moeykn2]&quot;, then it will be installed into the boot2 section of the Wii\'s NAND, which is the only way for you to have 100% brick protection.  If it displays anything different, then please contact me.  When [b:1moeykn2]BootMii[/b:1moeykn2] is installed into boot2 (which is like the boot sector of a hard drive), no matter what you do to your Wii you will be able to restore from the NAND backup that we will be making below.\n\nIf the [b:1moeykn2]BootMii[/b:1moeykn2] option displays &quot;[color=#008000:1moeykn2]Can be installed[/color:1moeykn2]&quot;, you may proceed with this guide.  Press A on the Wii remote to continue.  If you already have the Homebrew Channel installed on your Wii, then use the Up button on the remote and select &quot;[b:1moeykn2]Uninstall The Homebew Channel[/b:1moeykn2]&quot; and press A.  Arrow up to &quot;[b:1moeykn2]Yes, continue[/b:1moeykn2]&quot; and press A, and then press A to continue when it says [color=#008000:1moeykn2]success[/color:1moeykn2].  Then select &quot;[b:1moeykn2]Install The Homebrew Channel[/b:1moeykn2]&quot; and press A, and then press A to contine when it says [color=#008000:1moeykn2]success[/color:1moeykn2].  You now have the [b:1moeykn2]Homebrew Channel v1.0.6[/b:1moeykn2] installed.\n\nNow go down to &quot;[b:1moeykn2]BootMii...[/b:1moeykn2]&quot; menu option and press A.  Then choose &quot;[b:1moeykn2]Install BootMii as boot2[/b:1moeykn2]&quot; and press A, arrow up to &quot;[b:1moeykn2]Yes, continue[/b:1moeykn2]&quot; and press A, and then press A to continue.  Then choose &quot;[b:1moeykn2]Install BootMii as IOS[/b:1moeykn2]&quot; and press A, arrow up to &quot;[b:1moeykn2]Yes, continue[/b:1moeykn2]&quot; and press A, and then press A to continue.  Then choose &quot;[b:1moeykn2]Prepare a SD card[/b:1moeykn2]&quot; and press A, arrow up to &quot;[b:1moeykn2]Yes, continue[/b:1moeykn2]&quot; and press A, and then press A to continue.  If any of these 3 do not say &quot;&quot;[color=#008000:1moeykn2]success[/color:1moeykn2]&quot;, then please contact me, otherwise continue.  Now select &quot;[b:1moeykn2]Return to the main menu[/b:1moeykn2]&quot; and press A, and then select &quot;[b:1moeykn2]Exit[/b:1moeykn2]&quot; and press A.\n\n06. Now power off the Wii and then turn it back on.  The Wii will now boot into BootMii by default.  You will be able to change how the Wii boots up later on in this guide.  Also note that currently with BootMii the Wii remote will not work until they add support for it.  But for now you can navigate the BootMii menu with a Gamecube remote or the Power/Reset/Eject buttons on the Wii.  The Power button is used to advance to the next option, and the Reset button is used to select that option.\n\nHere is what the main BootMii screen looks like:\n[img:1moeykn2]http&#58;//www&#46;luniz&#46;org/images/bootmii1&#46;png[/img:1moeykn2]\n\nPress the power button 3 times until the [b:1moeykn2]BootMii Settings[/b:1moeykn2] box is highlighted and press the reset button to select it.\n\nHere is what the [b:1moeykn2]BootMii Settings[/b:1moeykn2] screen looks like:\n[img:1moeykn2]http&#58;//www&#46;luniz&#46;org/images/bootmii2&#46;png[/img:1moeykn2]\n\nPress the reset button on the &quot;[b:1moeykn2]NAND Backup to SD[/b:1moeykn2]&quot; option so that we can make a backup of your Wii\'s NAND to the SD card.  Now press [b:1moeykn2]Eject[/b:1moeykn2] to contine.  If [b:1moeykn2]BootMii[/b:1moeykn2] says that it needs to format the SD card, then follow the directions to do so.  Once it is ready, press reset to continue with the NAND backup.  You will now see a screen that looks like a defrag program.  It is now making a backup of the NAND to the SD card.  You may see some black boxes which are Factory Bad Blocks that have been marked as unuseable by the NAND makers.  This is NORMAL to see and is nothing to worry about.  Once this is done it will verify the backup.  If everything goes good, then you will now have a complete backup of the Wii\'s NAND on your SD card as a file named [b:1moeykn2]nand.bin[/b:1moeykn2].  You should make a backup copy of this file onto your PC to store for safe keeping.  Doesnt hurt to have copies stored in different places as you never know if something will happen to any of the copies.  You can now power off the Wii.\n\n07. Put the SD card in your PC and rename the [b:1moeykn2]bootmii[/b:1moeykn2] folder to [b:1moeykn2]!bootmii[/b:1moeykn2]\nLet me explain this step.  If there is an SD card in the Wii that has this [b:1moeykn2]bootmii[/b:1moeykn2] folder/files on it, the Wii will automatically boot into [b:1moeykn2]BootMii[/b:1moeykn2].  If the folder is renamed or deleted, or if there is no SD card in the Wii when you power it on, the Wii will boot normally to the System Menu.  There are 3 options that you can set in the [b:1moeykn2]bootmii.ini[/b:1moeykn2] file:\n\nVIDEO=NTSC (or PAL50/PAL60/PROGRESSIVE)\nAUTOBOOT=HBC (or SYSMENU)\nBOOTDELAY=5 (or any other number)\n\n[b:1moeykn2]VIDEO=NTSC[/b:1moeykn2] for NTSC\n[b:1moeykn2]AUTOBOOT=SYSMENU[/b:1moeykn2] to autoboot to the Wii System Menu\n[b:1moeykn2]BOOTDELAY=5[/b:1moeykn2] The number of seconds until it autoboots\n\nSome people may not want their Wii\'s to show the [b:1moeykn2]BootMii[/b:1moeykn2] screen at all, incase they have kids that like to mess with things.  So for those that do not want the [b:1moeykn2]BootMii[/b:1moeykn2] screen to display at all when turning on the Wii, then just rename the [b:1moeykn2]bootmii[/b:1moeykn2] folder on the SD to [b:1moeykn2]!bootmii[/b:1moeykn2], and just rename it back to [b:1moeykn2]bootmii[/b:1moeykn2] if and when you do need to get into [b:1moeykn2]BootMii[/b:1moeykn2].','f451d1302dadda0f11dc87788c0139f7',1,'S4g=','1moeykn2',1,0,'',0,0,0),(401,157,24,475,0,'142.162.185.129',1248659712,1,0,1,1,1,0,'','can\'t Connect','Cant connect to either liquid.is-a-geek.org or lunatic2k.dyndns.org since earlier today. Anything on the go?','5386ed92f6f3bd9db845584a6063d08a',0,'','1qw21hl8',1,0,'',0,0,0),(402,157,24,32,0,'72.241.123.66',1248662603,1,0,1,1,1,1,'','Re: can\'t Connect','[quote=&quot;Hodge&quot;:25gp4w88]Cant connect to either liquid.is-a-geek.org or lunatic2k.dyndns.org since earlier today. Anything on the go?[/quote:25gp4w88]\n[b:25gp4w88]lunatic2k.dyndns.org[/b:25gp4w88] isnt connectable atm because the wireless I am connected to I dont have access to port mappings.\n\n[b:25gp4w88]liquid.is-a-geek.org[/b:25gp4w88] wasnt connectable because HD\'s dyndns account wasnt there anymore, so I had to set it up again so that it would resolve.  It\'s current IP address is [b:25gp4w88]71.236.151.251[/b:25gp4w88].  Earlier today it was pointing to [b:25gp4w88]208.69.32.132[/b:25gp4w88], which resolves to [b:25gp4w88]hit-nxdomain.opendns.com[/b:25gp4w88].\n\nTo check what [b:25gp4w88]liquid.is-a-geek.org[/b:25gp4w88] is currently pointing to, open a command prompt and run [b:25gp4w88]ping liquid.is-a-geek.org[/b:25gp4w88] and if it doesnt show [b:25gp4w88]71.236.151.251[/b:25gp4w88] then your DNS hasnt updated yet.  To flush your DNS cache, in the command prompt run [b:25gp4w88]ipconfig /flushdns[/b:25gp4w88] and then try the [b:25gp4w88]ping liquid.is-a-geek.org[/b:25gp4w88] and see if it points to [b:25gp4w88]71.236.151.251[/b:25gp4w88].','a14df82266b4c96f0a10272aaa00c94b',0,'wA==','25gp4w88',1,0,'',0,0,0),(403,157,24,475,0,'142.162.185.129',1248669865,1,0,1,1,1,0,'','Re: can\'t Connect','DNS updated itself....able to connect fine now.','d32aac04fff909782e2d38ce3e508e4b',0,'','1l297es6',1,0,'',0,0,0),(404,158,99,32,0,'72.241.126.73',1250448189,1,0,1,1,1,1,'','Microsoft Windows 7 Ultimate','[u:1w1wd3cl][b:1w1wd3cl]Old Info:[/b:1w1wd3cl][/u:1w1wd3cl]\nSo I finally switched from Vista to Windows 7.  I installed [b:1w1wd3cl]MICROSOFT.WINDOWS.7.ULTIMATE.7600.16385.RTM.X64.RETAIL.ENGLISH.DVD-WZT[/b:1w1wd3cl] (ZWTiSO?) and tried to activate it with [b:1w1wd3cl]7loader by Orbit30 + Hazar v1.4[/b:1w1wd3cl], but that did not work.  But [b:1w1wd3cl]7loader by Orbit30 + Hazar v1.2[/b:1w1wd3cl] did.  There are a few noticeable changes, but for the better.  You can read about some of them in the tips below.\n\nOne thing I did notice was with Windows Firewall.  I usually have this disabled because my router is my firewall.  But what if you have a laptop and connect to a public network?  Well in Windows 7 you can set the firewall settings based on network type (private/public).  So you can have the firewall turned off while connected to private networks and on when on public networks.\n\n[u:1w1wd3cl][b:1w1wd3cl]New Info:[/b:1w1wd3cl][/u:1w1wd3cl]\n1. Install [url=http&#58;//www&#46;torrentleech&#46;org/torrent/275750:1w1wd3cl]MICROSOFT.WINDOWS.7.ULTIMATE.RTM.WITH.SP1.X64.RETAIL.ENGLISH.DVD-WZT[/url:1w1wd3cl]\n2. skip Windows key\n3. disable updates\n4. Install Windows Loader v2.1\n5. reboot\n6. Install [url=http&#58;//support&#46;microsoft&#46;com/kb/971033:1w1wd3cl]KB971033[/url:1w1wd3cl]\n7. reboot\n8. visit <!-- m --><a class=\"postlink\" href=\"http://www.microsoft.com/genuine/validate/\">http://www.microsoft.com/genuine/validate/</a><!-- m --> &amp; install\n9. Genuine\n10. profit!\n\n[u:1w1wd3cl][b:1w1wd3cl]Needed Software:[/b:1w1wd3cl][/u:1w1wd3cl]\n[attachment=0:1w1wd3cl]<!-- ia0 -->Windows Loader v2.1.zip<!-- ia0 -->[/attachment:1w1wd3cl]\n[attachment=1:1w1wd3cl]<!-- ia1 -->7loader by Orbit30 + Hazar v1.4.zip<!-- ia1 -->[/attachment:1w1wd3cl]\n[attachment=2:1w1wd3cl]<!-- ia2 -->7loader by Orbit30 + Hazar v1.2.zip<!-- ia2 -->[/attachment:1w1wd3cl]\nNote:  check [url=http&#58;//forums&#46;mydigitallife&#46;info/threads/24901-Windows-Loader-Current-release-information:1w1wd3cl]here[/url:1w1wd3cl] for the latest DAZ Windows 7 loader.\n\n[u:1w1wd3cl][b:1w1wd3cl]Windows 7 Tips:[/b:1w1wd3cl][/u:1w1wd3cl]\n[url=http&#58;//www&#46;sevenforums&#46;com/tutorials/888-quick-launch-enable-disable&#46;html:1w1wd3cl]Quick Launch - Enable or Disable[/url:1w1wd3cl]\n[url=http&#58;//www&#46;mydigitallife&#46;info/2009/01/15/workaround-to-hide-and-minimize-windows-live-messenger-iconbutton-to-notification-area-system-tray-in-windows-7/:1w1wd3cl]Workaround to Hide and Minimize Windows Live Messenger Icon/Button to Notification Area (System Tray) in Windows 7[/url:1w1wd3cl]\n[url=http&#58;//www&#46;techradar&#46;com/news/software/operating-systems/50-windows-7-tips-tricks-and-secrets-528483:1w1wd3cl]50 Windows 7 tips, tricks and secrets[/url:1w1wd3cl]\n[url=http&#58;//www&#46;softsailor&#46;com/news/887-70-useful-windows-7-tips-tricks&#46;html:1w1wd3cl]70 Useful Windows 7 Tips And Tricks[/url:1w1wd3cl]\n[url=http&#58;//blogs&#46;msdn&#46;com/tims/archive/2009/01/12/the-bumper-list-of-windows-7-secrets&#46;aspx:1w1wd3cl]The Bumper List of Windows 7 Secrets[/url:1w1wd3cl]\n\nMore to come...','8646a9cc0fa4fb0694c6473e2145a8c9',1,'UQg=','1w1wd3cl',1,0,'',0,0,0),(405,159,71,32,0,'72.241.126.73',1254347576,1,0,1,1,1,1,'','XII and BWB Scene releases','Both XII and BWB are bad about having issues with their releases.  They won\'t stream to xbox360, play on standalone (DivX enabled) DVD Players, or many computer media players.\n\nGet [url=http&#58;//divfixpp&#46;sourceforge&#46;net/:13s9gn9h]DivFix++[/url:13s9gn9h] to fix this issue.  This is for the standard .avi releases, may not work on the 720p .mkv releases.','c5821dcb319726db69da31f06e585825',0,'EA==','13s9gn9h',1,0,'',0,0,0),(406,160,102,32,0,'72.241.126.73',1254347682,1,0,1,1,1,1,'','TorrentLeech Invites - 06/29/11 - 4 Available','I currently have a few invites available on TorrentLeech.  If you do not have an account yet then send me a pm in irc.','aa2ba48a18a1eba795aab51a17d67976',0,'','2q3m7pw2',1,0,'',0,0,0),(407,161,102,32,0,'72.241.126.73',1254347722,1,0,1,1,1,1,'','TvTorrents Invites - 06/29/11 - 3 Available','6I currently have a few invites available on TvTorrents. If you do not have an account yet then send me a pm in irc.','e73266b5093c11b973ccf8ba7158200c',0,'','1l49jkau',1,0,'',0,0,0),(413,165,31,32,0,'99.110.105.231',1294450894,1,0,1,1,1,1,'','Invision 3.2 + mIRC 7.17 cracked for Luniz IRC','[attachment=0:2z2znqzq]<!-- ia0 -->Invision.zip<!-- ia0 -->[/attachment:2z2znqzq]\n1. Download the attached zip file and save it to your C:\\\n2. Right click on it and select &quot;Extract Here&quot; (with WinRAR or WinZIP)\n\nYou should now have a [b:2z2znqzq]C:\\Invision\\[/b:2z2znqzq] folder.\n\n3. Go into [b:2z2znqzq]C:\\Invision\\[/b:2z2znqzq] and right-click on mirc.exe, Send To -&gt; Desktop (create shortcut)\n4. Double-click on [b:2z2znqzq]mIRC.reg[/b:2z2znqzq] and click Yes.\n5. On your desktop double-click the mIRC icon.  Invision will start up and will open the options window automatically.  \n6. Go to Connect -&gt; Servers, highlight [b:2z2znqzq]luniz.dyndns.org[/b:2z2znqzq] and click edit and put in the current password for [b:2z2znqzq]luniz.dyndns.org[/b:2z2znqzq] which can be found [url=http&#58;//forums&#46;luniz&#46;org/ISOsRus/viewtopic&#46;php?f=31&amp;t=150:2z2znqzq]here[/url:2z2znqzq] and click OK.\n7. Go to Connect and put in your IRC nickname in all 4 boxes and click the Connect button at the bottom.\n\nIf you know the password for your IRC nickname, press ALT+O and go to Connect -&gt; Options and click on the Perform button.  Check the box &quot;Enable perform on connect&quot; and select &quot;Luniz&quot; from the dropdown and change the text &quot;your_password&quot; to your real password and click OK.','bf3983d7c4275e587f17c6cb2256bd1b',1,'UAg=','2z2znqzq',1,0,'',0,0,0),(408,162,24,691,0,'62.172.98.157',1280823620,1,0,1,1,1,1,'','Hey Guys','To whom may read this, I will pop on this evening when I get in from work. Download the ol IRC and try and remember how the feck to use it haha.\n\nSee ya then\n\nGIant','9b137fe73ecfff1c573febbd7138706c',0,'','5f386jmc',1,0,'',0,0,0),(409,162,24,30,0,'88.110.137.59',1281045684,1,0,1,1,1,1,'','Re: Hey Guys','No gays allowed anymore...so stay clear','0776cf28738791de64906dbfa04f463a',0,'','17thzp6j',1,0,'',0,0,0),(410,163,24,538,0,'38.99.142.25',1281536464,1,0,1,1,1,0,'','PSU Dead waiting for replacement','PSU just died, waiting to get a replacement, should be very soon i hope, dam RMA takes a little while.\nsee you soon','aff5a2db9298b2916e229fc1af79ce1b',0,'','1jn3svlz',1,0,'',0,0,0),(411,164,87,115,0,'96.245.161.19',1282871390,1,0,1,1,1,0,'','PS2 emulation','Does anyone currently play with any PS2 emulators?\n\nI am looking into the PCSX2 (which works on mac too) so I can play Star Ocean 3 to/from work.  Anyone have any success with this or any other emulator?  Also anyone know where a BIOS might be?  I saw an article on how to get one off of your own PS2, but I am a little lost.\n\nAny good games too?','c5ddf9000c14400cf83247dd81dcab60',0,'','3oy8oc41',1,0,'',0,0,0),(412,164,87,32,0,'72.241.115.139',1282972920,1,0,1,1,1,0,'','Re: PS2 emulation','Just from a quick Google search, PS2 BIOS\n<!-- m --><a class=\"postlink\" href=\"http://www.megaupload.com/?d=09x1ilps\">http://www.megaupload.com/?d=09x1ilps</a><!-- m -->\n<!-- m --><a class=\"postlink\" href=\"http://thepiratebay.org/torrent/4170684/PS2_Bios_Files\">http://thepiratebay.org/torrent/4170684/PS2_Bios_Files</a><!-- m -->','caf81e72792f37dfdf2511e646f971f1',0,'','2z0c9pnp',1,0,'',0,0,0),(417,169,84,32,0,'99.99.94.113',1312697602,1,0,1,1,1,1,'','Chicken.Riot.USA.WII-SUSHi','Anyone still have [b:2j93gby0]Chicken.Riot.USA.WII-SUSHi[/b:2j93gby0], I am missing file [b:2j93gby0]su-crusa.r24[/b:2j93gby0]','972d479a6b0f9bf8d67dbeb178b8716f',0,'QA==','2j93gby0',1,0,'',0,0,0),(414,166,69,16,0,'24.67.179.146',1297547734,1,0,1,1,1,1,'','My Current PC','AMD Athlon II X4 640 Quad Core Processor AM3 3.0GHZ 2MB L2 Cache 95W 45NM Retail Box\n1 x [url:2jho1uav]http&#58;//www&#46;ncix&#46;com/products/?sku=53854&amp;vpn=ADX640WFGMBOX&amp;manufacture=AMD[/url:2jho1uav]\n[img:2jho1uav]http&#58;//img&#46;ncix&#46;com/images/53854_l&#46;jpg[/img:2jho1uav]\n\nMushkin Enhanced Silverline Stiletto 4GB 2X2GB PC3-10666 DDR3-1333 9-9-9-24 Dual Channel Memory Kit\n2 x [url:2jho1uav]http&#58;//www&#46;ncix&#46;com/products/?sku=55546&amp;vpn=996768&amp;manufacture=Mushkin%20Enhanced[/url:2jho1uav]\n[img:2jho1uav]http&#58;//img&#46;ncix&#46;com/images/55544_l&#46;jpg[/img:2jho1uav]\n\nASUS M4A87TD/USB3 AM3 DDR3 ATX AMD 870GX SB850 PCI-E16 PCI-E1 2PCI SATA 6GB/S USB3.0 Motherboard \n[url:2jho1uav]http&#58;//www&#46;ncix&#46;com/products/?sku=52677&amp;vpn=M4A87TD%2FUSB3&amp;manufacture=ASUS[/url:2jho1uav]\n[img:2jho1uav]http&#58;//img&#46;ncix&#46;com/images/52677_2&#46;jpg[/img:2jho1uav]\n\nZotac GeForce GTX 560 Ti OC 850MHZ 1GB GDDR5 Dual DVI Mini-HDMI DX11 PCI-E Video Card\n[url:2jho1uav]http&#58;//www&#46;ncix&#46;com/products/index&#46;php?sku=58454&amp;vpn=ZT-50303-10M&amp;manufacture=Zotac[/url:2jho1uav]\n[img:2jho1uav]http&#58;//img&#46;ncix&#46;com/images/58454_l&#46;jpg[/img:2jho1uav]','1b586ef361a3eecbf0d0d2256da7c000',0,'GA==','2jho1uav',1,0,'',0,0,0),(415,167,42,16,0,'24.67.179.146',1299217232,1,0,1,1,1,1,'','N/M','N/M \n <!-- s:idea: --><img src=\"{SMILIES_PATH}/icon_idea.gif\" alt=\":idea:\" title=\"Idea\" /><!-- s:idea: -->  <!-- s:arrow: --><img src=\"{SMILIES_PATH}/icon_arrow.gif\" alt=\":arrow:\" title=\"Arrow\" /><!-- s:arrow: -->  <!-- s:| --><img src=\"{SMILIES_PATH}/icon_neutral.gif\" alt=\":|\" title=\"Neutral\" /><!-- s:| -->  <!-- s:mrgreen: --><img src=\"{SMILIES_PATH}/icon_mrgreen.gif\" alt=\":mrgreen:\" title=\"Mr. Green\" /><!-- s:mrgreen: -->  <!-- s:angry: --><img src=\"{SMILIES_PATH}/angry.gif\" alt=\":angry:\" title=\"angry\" /><!-- s:angry: -->  <!-- s:biggrin: --><img src=\"{SMILIES_PATH}/biggrin.gif\" alt=\":biggrin:\" title=\"biggrin\" /><!-- s:biggrin: -->  <!-- s:cheerleader: --><img src=\"{SMILIES_PATH}/cheerleader.gif\" alt=\":cheerleader:\" title=\"cheerleader\" /><!-- s:cheerleader: -->  <!-- s:choccake: --><img src=\"{SMILIES_PATH}/choccake.gif\" alt=\":choccake:\" title=\"choccake\" /><!-- s:choccake: -->  <!-- s:cry: --><img src=\"{SMILIES_PATH}/icon_cry.gif\" alt=\":cry:\" title=\"Crying or Very sad\" /><!-- s:cry: -->  <!-- s:crackup: --><img src=\"{SMILIES_PATH}/crackup.gif\" alt=\":crackup:\" title=\"crackup\" /><!-- s:crackup: -->  <!-- s8) --><img src=\"{SMILIES_PATH}/icon_cool.gif\" alt=\"8)\" title=\"Cool\" /><!-- s8) -->  <!-- s:? --><img src=\"{SMILIES_PATH}/icon_confused.gif\" alt=\":?\" title=\"Confused\" /><!-- s:? -->  <!-- s:cloud9: --><img src=\"{SMILIES_PATH}/cloud9.gif\" alt=\":cloud9:\" title=\"cloud9\" /><!-- s:cloud9: -->  <!-- s:clap: --><img src=\"{SMILIES_PATH}/clap.gif\" alt=\":clap:\" title=\"clap\" /><!-- s:clap: -->  <!-- s:crybaby: --><img src=\"{SMILIES_PATH}/crybaby.gif\" alt=\":crybaby:\" title=\"crybaby\" /><!-- s:crybaby: -->  <!-- s:devilish: --><img src=\"{SMILIES_PATH}/devilish.gif\" alt=\":devilish:\" title=\"devilish\" /><!-- s:devilish: -->  <!-- s:devily: --><img src=\"{SMILIES_PATH}/devily.gif\" alt=\":devily:\" title=\"devily\" /><!-- s:devily: -->  <!-- s:disgust: --><img src=\"{SMILIES_PATH}/disgust.gif\" alt=\":disgust:\" title=\"disgust\" /><!-- s:disgust: -->  <!-- s:dizzy: --><img src=\"{SMILIES_PATH}/dizzy.gif\" alt=\":dizzy:\" title=\"dizzy\" /><!-- s:dizzy: -->  <!-- s:embarassed: --><img src=\"{SMILIES_PATH}/embarassed.gif\" alt=\":embarassed:\" title=\"embarassed\" /><!-- s:embarassed: -->  <!-- s:envy: --><img src=\"{SMILIES_PATH}/envy.gif\" alt=\":envy:\" title=\"envy\" /><!-- s:envy: -->  <!-- s:frogwink: --><img src=\"{SMILIES_PATH}/frogwink.gif\" alt=\":frogwink:\" title=\"frogwink\" /><!-- s:frogwink: -->  <!-- s:lipssealed: --><img src=\"{SMILIES_PATH}/lipssealed.gif\" alt=\":lipssealed:\" title=\"lipssealed\" /><!-- s:lipssealed: -->  <!-- s:letterlove: --><img src=\"{SMILIES_PATH}/letterlove.gif\" alt=\":letterlove:\" title=\"letterlove\" /><!-- s:letterlove: -->  <!-- s:hehe: --><img src=\"{SMILIES_PATH}/hehe.gif\" alt=\":hehe:\" title=\"hehe\" /><!-- s:hehe: -->  <!-- s:heart: --><img src=\"{SMILIES_PATH}/heart.gif\" alt=\":heart:\" title=\"heart\" /><!-- s:heart: -->  <!-- s:happy: --><img src=\"{SMILIES_PATH}/happy.gif\" alt=\":happy:\" title=\"happy\" /><!-- s:happy: -->  <!-- s:grouphug: --><img src=\"{SMILIES_PATH}/grouphug.gif\" alt=\":grouphug:\" title=\"grouphug\" /><!-- s:grouphug: -->  <!-- s:gift: --><img src=\"{SMILIES_PATH}/gift.gif\" alt=\":gift:\" title=\"gift\" /><!-- s:gift: -->  <!-- s:naughty: --><img src=\"{SMILIES_PATH}/naughty.gif\" alt=\":naughty:\" title=\"naughty\" /><!-- s:naughty: -->  <!-- s:oops: --><img src=\"{SMILIES_PATH}/icon_redface.gif\" alt=\":oops:\" title=\"Embarassed\" /><!-- s:oops: -->  <!-- s:Peace: --><img src=\"{SMILIES_PATH}/Peace.gif\" alt=\":Peace:\" title=\"Peace\" /><!-- s:Peace: -->  <!-- s:pray: --><img src=\"{SMILIES_PATH}/pray.gif\" alt=\":pray:\" title=\"pray\" /><!-- s:pray: -->  <!-- s:P --><img src=\"{SMILIES_PATH}/icon_razz.gif\" alt=\":P\" title=\"Razz\" /><!-- s:P -->  <!-- s:rolleyes: --><img src=\"{SMILIES_PATH}/rolleyes.gif\" alt=\":rolleyes:\" title=\"rolleyes\" /><!-- s:rolleyes: -->  <!-- s:rose: --><img src=\"{SMILIES_PATH}/rose.gif\" alt=\":rose:\" title=\"rose\" /><!-- s:rose: -->  <!-- s:( --><img src=\"{SMILIES_PATH}/icon_sad.gif\" alt=\":(\" title=\"Sad\" /><!-- s:( -->  <!-- s:sneaky2: --><img src=\"{SMILIES_PATH}/sneaky2.gif\" alt=\":sneaky2:\" title=\"sneaky2\" /><!-- s:sneaky2: -->  <!-- s:) --><img src=\"{SMILIES_PATH}/icon_smile.gif\" alt=\":)\" title=\"Smile\" /><!-- s:) -->  <!-- s:smartass: --><img src=\"{SMILIES_PATH}/smartass.gif\" alt=\":smartass:\" title=\"smartass\" /><!-- s:smartass: -->  <!-- s:smart: --><img src=\"{SMILIES_PATH}/smart.gif\" alt=\":smart:\" title=\"smart\" /><!-- s:smart: -->  <!-- s:shout: --><img src=\"{SMILIES_PATH}/shout.gif\" alt=\":shout:\" title=\"shout\" /><!-- s:shout: -->  <!-- s:shock: --><img src=\"{SMILIES_PATH}/icon_eek.gif\" alt=\":shock:\" title=\"Shocked\" /><!-- s:shock: -->  <!-- s:shifty: --><img src=\"{SMILIES_PATH}/shifty.gif\" alt=\":shifty:\" title=\"shifty\" /><!-- s:shifty: -->  <!-- s:scream: --><img src=\"{SMILIES_PATH}/scream.gif\" alt=\":scream:\" title=\"scream\" /><!-- s:scream: -->  <!-- s:snooty: --><img src=\"{SMILIES_PATH}/snooty.gif\" alt=\":snooty:\" title=\"snooty\" /><!-- s:snooty: -->  <!-- s:sundae: --><img src=\"{SMILIES_PATH}/sundae.gif\" alt=\":sundae:\" title=\"sundae\" /><!-- s:sundae: -->  <!-- s:sunny: --><img src=\"{SMILIES_PATH}/sunny.gif\" alt=\":sunny:\" title=\"sunny\" /><!-- s:sunny: -->  <!-- s:-o --><img src=\"{SMILIES_PATH}/icon_surprised.gif\" alt=\":-o\" title=\"Surprised\" /><!-- s:-o -->  <!-- s:trophy: --><img src=\"{SMILIES_PATH}/trophy.gif\" alt=\":trophy:\" title=\"trophy\" /><!-- s:trophy: -->  <!-- s:wacky: --><img src=\"{SMILIES_PATH}/wacky.gif\" alt=\":wacky:\" title=\"wacky\" /><!-- s:wacky: -->  <!-- s:wink: --><img src=\"{SMILIES_PATH}/icon_wink.gif\" alt=\":wink:\" title=\"Wink\" /><!-- s:wink: -->  <!-- s:ziplip: --><img src=\"{SMILIES_PATH}/ziplip.gif\" alt=\":ziplip:\" title=\"ziplip\" /><!-- s:ziplip: -->  <!-- s:cya: --><img src=\"{SMILIES_PATH}/cya.gif\" alt=\":cya:\" title=\"cya\" /><!-- s:cya: -->  <!-- s:no: --><img src=\"{SMILIES_PATH}/no.gif\" alt=\":no:\" title=\"no\" /><!-- s:no: -->  <!-- s:note: --><img src=\"{SMILIES_PATH}/note.gif\" alt=\":note:\" title=\"note\" /><!-- s:note: -->  <!-- s:notworthy: --><img src=\"{SMILIES_PATH}/notworthy.gif\" alt=\":notworthy:\" title=\"notworthy\" /><!-- s:notworthy: -->  <!-- s:obsessed: --><img src=\"{SMILIES_PATH}/obsessed.gif\" alt=\":obsessed:\" title=\"obsessed\" /><!-- s:obsessed: -->  <!-- s:pac1: --><img src=\"{SMILIES_PATH}/pac1.gif\" alt=\":pac1:\" title=\"pac1\" /><!-- s:pac1: -->  <!-- s:pac3: --><img src=\"{SMILIES_PATH}/pac3.gif\" alt=\":pac3:\" title=\"pac3\" /><!-- s:pac3: -->  <!-- s:panic: --><img src=\"{SMILIES_PATH}/panic.gif\" alt=\":panic:\" title=\"panic\" /><!-- s:panic: -->  <!-- s:party: --><img src=\"{SMILIES_PATH}/party.gif\" alt=\":party:\" title=\"party\" /><!-- s:party: -->  <!-- s:party2: --><img src=\"{SMILIES_PATH}/party2.gif\" alt=\":party2:\" title=\"party2\" /><!-- s:party2: -->  <!-- s:peek: --><img src=\"{SMILIES_PATH}/peek.gif\" alt=\":peek:\" title=\"peek\" /><!-- s:peek: -->  <!-- s:sleepy2: --><img src=\"{SMILIES_PATH}/sleepy2.gif\" alt=\":sleepy2:\" title=\"sleepy2\" /><!-- s:sleepy2: -->  <!-- s:skull: --><img src=\"{SMILIES_PATH}/skull.gif\" alt=\":skull:\" title=\"skull\" /><!-- s:skull: -->  <!-- s:shocked: --><img src=\"{SMILIES_PATH}/shocked.gif\" alt=\":shocked:\" title=\"shocked\" /><!-- s:shocked: -->  <!-- s:shhh: --><img src=\"{SMILIES_PATH}/shhh.gif\" alt=\":shhh:\" title=\"shhh\" /><!-- s:shhh: -->  <!-- s:popcorn: --><img src=\"{SMILIES_PATH}/popcorn.gif\" alt=\":popcorn:\" title=\"popcorn\" /><!-- s:popcorn: -->  <!-- s:pjs: --><img src=\"{SMILIES_PATH}/pjs.gif\" alt=\":pjs:\" title=\"pjs\" /><!-- s:pjs: -->  <!-- s:love2: --><img src=\"{SMILIES_PATH}/love2.gif\" alt=\":love2:\" title=\"love2\" /><!-- s:love2: -->','54ee68950fcda8db02bef551a62361d8',0,'','1oj4s7cn',1,0,'',0,0,0),(418,170,63,32,0,'72.241.112.139',1312917606,1,0,1,1,1,1,'','New Portal - 2011-08-09','I have updated the forum to the latest version and installed a new portal page.  Let me know if you run into any issues.','20b3c967fff9e372d681bbbba8798769',0,'','frh4i6v2',1,0,'',0,0,0),(419,171,105,32,0,'72.241.112.139',1314714131,1,0,1,1,1,1,'','Current Network Layout - 2014-10-03','[code:frxqs464]luniz&#46;noip&#46;me (Main)\n   |\n   +--- services&#46;luniz&#46;noip&#46;me (IRC Services)\n   |\n   +--- l3st4t&#46;dyndns&#46;org (Hub)[/code:frxqs464]','d1defbff312d76e3a67aacf3e3d9fa94',0,'AIA=','frxqs464',1,0,'',0,0,0),(420,172,105,32,0,'72.241.112.139',1314714671,1,0,1,1,1,1,'','New IRC Server Information - 2015-02-07','-=-=-=-=-=-=-=-=-=-=-\nIRC Servers\n-=-=-=-=-=-=-=-=-=-=-\n\n=============\nServer: [b:7l0r3b2x]luniz.noip.me[/b:7l0r3b2x] [b:7l0r3b2x]([color=#00BF00:7l0r3b2x]ONLINE[/color:7l0r3b2x])[/b:7l0r3b2x]\nSSL Encrypted Ports: [b:7l0r3b2x]+10121-10124[/b:7l0r3b2x]\nPassword: [b:7l0r3b2x]2h3wRaTaBEh278T9eKuchethAPEthE[/b:7l0r3b2x]\n\nServer: [b:7l0r3b2x]l3st4t.dyndns.org[/b:7l0r3b2x] [b:7l0r3b2x]([color=#FF0000:7l0r3b2x]OFFLINE[/color:7l0r3b2x])[/b:7l0r3b2x]\nSSL Encrypted Ports: [b:7l0r3b2x]+10121-10124[/b:7l0r3b2x]\nPassword: [b:7l0r3b2x]Rz75w9fUjFknNw2yXvxVefT9T3GfXM[/b:7l0r3b2x]\n=============\n[color=#FF0000:7l0r3b2x][b:7l0r3b2x]NOTE: You MUST add the + sign with the ports so that mIRC knows to connect with SSL.[/b:7l0r3b2x][/color:7l0r3b2x]','6790eb7969ec8df33a63be16bb38b9ff',0,'Qg==','7l0r3b2x',1,0,'',0,0,0),(421,173,55,538,0,'38.99.142.25',1314820861,1,0,1,1,1,0,'','Still Alive','Im still alive just havent gotten around to setting up the new connection info.','02ce1d8cd8b246086e8826bf3cf0c5f2',0,'','2wdfettf',1,0,'',0,0,0),(422,174,106,32,0,'72.241.112.139',1315378488,1,0,1,1,1,1,'','IRC Servers updated','Updated all of the irc servers to Unreal3.2.9-rc2','6b2a015cb70b36627cf4d4516d56bbc3',0,'','1d86e3ys',1,0,'',0,0,0),(423,175,52,32,0,'72.241.112.139',1316060936,1,0,1,1,1,1,'','FlashFXP 4.1 stable released - 2011-09-13','<!-- m --><a class=\"postlink\" href=\"http://www.flashfxp.com/forum/news-releases/15106-flashfxp-4-1-stable-released.html#post79697\">http://www.flashfxp.com/forum/news-rele ... #post79697</a><!-- m -->\n<!-- m --><a class=\"postlink\" href=\"http://www.flashfxp.com/\">http://www.flashfxp.com/</a><!-- m -->','e27e4270e85b92ba1628b90a65601a69',0,'','3aa04ewb',1,0,'',0,0,0),(424,173,55,32,0,'72.241.112.139',1321129679,1,0,1,1,1,1,'','Re: Still Alive','Slacker!','5b7875e1499127ab19fb670343902db2',0,'','1pwrvi93',1,0,'',0,0,0),(425,178,38,32,0,'136.2.1.102',1331581531,1,0,1,1,1,1,'','Age of Empires Online','<!-- m --><a class=\"postlink\" href=\"http://ageofempiresonline.com/\">http://ageofempiresonline.com/</a><!-- m -->\n\nLet\'s get some multiplayer going...','873c11c4266439d66c9b153199870800',0,'','2kyjjj8r',1,0,NULL,0,0,0),(429,180,69,16,0,'50.66.93.95',1336348066,1,0,1,1,1,1,'','Re: My Current PC - 05/02/12','So upgrade of RAM, CPU and Board?\n\nNot a bad upgrade for $550','011d10c7a6770bdebda5c550b529be99',0,'','3ht8rs9s',1,0,NULL,0,0,0),(430,180,69,32,0,'136.1.1.105',1336491366,1,0,1,1,1,1,'','Re: My Current PC - 05/02/12','[quote=&quot;Kite&quot;:2vafdtej]So upgrade of RAM, CPU and Board?\n\nNot a bad upgrade for $550[/quote:2vafdtej]\nMobo/cpu/ram/OS HD (now SSD)','56d12ce7e8a7f8f4229bd8337de4d511',0,'gA==','2vafdtej',1,0,NULL,0,0,0),(431,178,38,643,0,'173.86.8.89',1342444003,1,0,1,1,1,1,'','Re: Age of Empires Online','I\'ve been playing this one. <!-- m --><a class=\"postlink\" href=\"http://vindictus.nexon.net/\">http://vindictus.nexon.net/</a><!-- m -->','53f9b898657702c63b1bd1601cad7ee8',0,'','27f4xu7c',1,0,NULL,0,0,0);

--
