--
-- Host: localhost    Database: hamshawl_hldata
-- ------------------------------------------------------


--
-- Current Database: `hamshawl_hldata`
--

CREATE DATABASE /*!32312 IF NOT EXISTS*/ `hamshawl_hldata` /*!40100 DEFAULT CHARACTER SET latin1 */;

USE `hamshawl_hldata`;

--
-- Table structure for table `tbl_cart`
--

CREATE TABLE `tbl_cart` (
  `cart_Line_ID` int(11) NOT NULL AUTO_INCREMENT,
  `cart_custcart_ID` varchar(50) DEFAULT NULL,
  `cart_sku_ID` int(11) DEFAULT NULL,
  `cart_sku_qty` int(11) DEFAULT NULL,
  `cart_dateadded` datetime DEFAULT NULL,
  PRIMARY KEY (`cart_Line_ID`),
  KEY `cart_custcart_ID` (`cart_custcart_ID`),
  KEY `sku_ID` (`cart_sku_ID`)
) ENGINE=MyISAM AUTO_INCREMENT=1394 DEFAULT CHARSET=latin1;

--
-- Dumping data for table `tbl_cart`
--

INSERT INTO `tbl_cart` VALUES (1,'1728422',79,1,'2014-04-06 10:54:00'),(2,'2524642',79,1,'2014-04-06 10:54:02'),(3,'4168634',79,1,'2014-04-06 10:54:06'),(4,'1469990',-1,1,'2014-04-06 10:54:07'),(5,'2899525',79,1,'2014-04-06 10:54:09'),(6,'3685157',79,1,'2014-04-06 10:54:10'),(7,'3052743',79,1,'2014-04-06 10:54:11'),(8,'2907851',76,1,'2014-04-17 01:22:52'),(9,'2383187',76,1,'2014-04-17 01:22:53'),(10,'4909242',79,1,'2014-04-24 18:06:50'),(11,'3323100',79,1,'2014-04-24 18:06:50'),(12,'1106166',79,1,'2014-04-24 18:06:53'),(13,'4340622',-1,1,'2014-04-24 18:06:53'),(14,'3726569',79,1,'2014-04-24 18:06:55'),(15,'2028193',79,1,'2014-04-24 18:06:56'),(16,'1187624',79,1,'2014-04-24 18:06:57'),(17,'2980760',69,1,'2014-05-23 22:01:37'),(18,'1503015',69,1,'2014-05-23 22:01:38'),(19,'4362487',69,1,'2014-05-23 22:01:39'),(20,'1589190',69,1,'2014-05-23 22:01:41'),(21,'4282679',69,1,'2014-05-23 22:01:47'),(22,'2005171',-1,1,'2014-05-23 22:01:48'),(23,'2107273',69,1,'2014-05-23 22:01:49'),(24,'4635609',69,1,'2014-05-23 22:01:51'),(25,'3326823',69,1,'2014-05-23 22:01:52'),(26,'3586876',79,1,'2014-06-30 09:31:27'),(27,'4819794',79,1,'2014-06-30 09:31:29'),(28,'1670930',79,1,'2014-06-30 09:31:31'),(29,'2078462',79,1,'2014-06-30 09:31:36'),(30,'2725287',-1,1,'2014-06-30 09:31:38'),(31,'3718164',79,1,'2014-06-30 09:31:39'),(32,'4459039',79,1,'2014-06-30 09:31:40'),(33,'1638343',79,1,'2014-06-30 09:31:42'),(34,'4620352',63,1,'2014-07-25 14:13:37'),(35,'1741448',63,1,'2014-07-25 14:13:39'),(36,'2591996',63,1,'2014-07-25 14:13:42'),(37,'3185777',63,1,'2014-07-25 14:13:42'),(38,'4697154',63,1,'2014-07-25 14:13:47'),(39,'1924355',-1,1,'2014-07-25 14:13:48'),(40,'3140200',63,1,'2014-07-25 14:13:49'),(41,'2820501',63,1,'2014-07-25 14:13:51'),(42,'3458009',63,1,'2014-07-25 14:13:54'),(43,'3827625',66,1,'2014-07-25 14:40:57'),(44,'2326074',66,1,'2014-07-25 14:40:58'),(45,'1400925',66,1,'2014-07-25 14:40:58'),(46,'3276798',66,1,'2014-07-25 14:40:59'),(47,'1688340',66,1,'2014-07-25 14:41:01'),(48,'4968864',-1,1,'2014-07-25 14:41:02'),(49,'4929571',66,1,'2014-07-25 14:41:02'),(50,'1633904',66,1,'2014-07-25 14:41:03'),(51,'2855513',66,1,'2014-07-25 14:41:04'),(52,'1844041',69,1,'2014-07-30 09:54:15'),(53,'1174695',69,1,'2014-07-30 09:54:16'),(54,'4860999',69,1,'2014-07-30 09:54:18'),(55,'1247595',69,1,'2014-07-30 09:54:26'),(56,'3726709',-1,1,'2014-07-30 09:54:27'),(57,'4011954',69,1,'2014-07-30 09:54:28'),(58,'4598404',69,1,'2014-07-30 09:54:30'),(59,'2762989',69,1,'2014-07-30 09:54:31'),(60,'3856818',69,1,'2014-08-17 17:25:15'),(61,'3908813',69,1,'2014-08-17 17:25:16'),(62,'1093211',69,1,'2014-08-17 17:25:17'),(63,'3138534',69,1,'2014-08-17 17:25:18'),(64,'1344204',69,1,'2014-08-17 17:25:23'),(65,'3693999',-1,1,'2014-08-17 17:25:24'),(66,'4419791',69,1,'2014-08-17 17:25:25'),(67,'2023840',69,1,'2014-08-17 17:25:26'),(68,'4218391',69,1,'2014-08-17 17:25:29'),(69,'2350368',80,1,'2014-08-19 11:42:28'),(70,'2622609',80,1,'2014-08-19 11:42:29'),(71,'2234189',80,1,'2014-08-19 11:42:29'),(72,'4036864',80,1,'2014-08-19 11:42:30'),(73,'1653018',80,1,'2014-08-19 11:42:36'),(74,'2248135',-1,1,'2014-08-19 11:42:36'),(75,'2925631',80,1,'2014-08-19 11:42:37'),(76,'1883470',80,1,'2014-08-19 11:42:37'),(77,'2488071',80,1,'2014-08-19 11:42:38'),(78,'3756024',69,1,'2014-09-02 19:19:16'),(79,'1358927',69,1,'2014-09-02 19:19:17'),(80,'1252454',69,1,'2014-09-02 19:19:18'),(81,'2220724',69,1,'2014-09-02 19:19:18'),(82,'2911610',69,1,'2014-09-02 19:19:21'),(83,'2661709',-1,1,'2014-09-02 19:19:21'),(84,'4376324',69,1,'2014-09-02 19:19:22'),(85,'3221982',69,1,'2014-09-02 19:19:23'),(86,'1723155',69,1,'2014-09-02 19:19:24'),(87,'1333965',69,1,'2014-09-03 04:48:20'),(88,'1584845',69,1,'2014-09-03 04:48:21'),(89,'4460878',69,1,'2014-09-03 04:48:22'),(90,'1595163',69,1,'2014-09-03 04:48:23'),(91,'2252828',69,1,'2014-09-03 04:48:25'),(92,'2867342',-1,1,'2014-09-03 04:48:25'),(93,'2453395',69,1,'2014-09-03 04:48:26'),(94,'2040909',69,1,'2014-09-03 04:48:27'),(95,'1376312',69,1,'2014-09-03 04:48:27'),(96,'2795341',69,1,'2014-09-08 13:28:49'),(97,'4267424',69,1,'2014-09-08 13:28:50'),(98,'3794812',69,1,'2014-09-08 13:28:51'),(99,'2602638',69,1,'2014-09-08 13:28:52'),(100,'2642353',69,1,'2014-09-08 13:28:55'),(101,'4213618',-1,1,'2014-09-08 13:28:55'),(102,'4121691',69,1,'2014-09-08 13:28:56'),(103,'2717835',69,1,'2014-09-08 13:28:57'),(104,'4018256',69,1,'2014-09-08 13:28:58'),(105,'2727133',63,1,'2014-09-08 14:08:09'),(106,'2589496',63,1,'2014-09-08 14:08:10'),(107,'3437976',63,1,'2014-09-08 14:08:11'),(108,'2730328',63,1,'2014-09-08 14:08:12'),(109,'4870837',63,1,'2014-09-08 14:08:15'),(110,'2940419',-1,1,'2014-09-08 14:08:15'),(111,'4158493',63,1,'2014-09-08 14:08:16'),(112,'1537176',63,1,'2014-09-08 14:08:17'),(113,'1854514',63,1,'2014-09-08 14:08:18'),(114,'3065946',79,1,'2014-09-09 12:31:56'),(115,'1413185',79,1,'2014-09-09 12:31:57'),(116,'3552981',79,1,'2014-09-09 12:31:57'),(117,'1786225',79,1,'2014-09-09 12:31:58'),(118,'1854728',79,1,'2014-09-09 12:32:02'),(119,'4143220',-1,1,'2014-09-09 12:32:03'),(120,'2253079',79,1,'2014-09-09 12:32:04'),(121,'2618716',79,1,'2014-09-09 12:32:05'),(122,'1761510',79,1,'2014-09-09 12:32:05'),(123,'2624516',79,1,'2014-09-17 14:21:55'),(124,'2397897',-1,1,'2014-09-17 14:21:55'),(125,'1984863',79,1,'2014-09-17 14:21:57'),(126,'1791827',79,1,'2014-09-17 14:21:57'),(127,'1727258',79,1,'2014-09-17 14:21:58'),(128,'2293106',79,1,'2014-09-27 12:22:03'),(129,'1682027',79,1,'2014-09-27 12:22:06'),(130,'2641311',-1,1,'2014-09-27 12:22:07'),(131,'2480450',79,1,'2014-09-27 12:22:08'),(132,'4519725',79,1,'2014-09-27 12:22:09'),(133,'2306777',79,1,'2014-09-27 12:22:09'),(134,'3145872',76,1,'2014-09-28 09:48:28'),(135,'1475709',76,1,'2014-09-28 09:48:33'),(136,'1826820',-1,1,'2014-09-28 09:48:34'),(137,'4879054',76,1,'2014-09-28 09:48:35'),(138,'4155888',76,1,'2014-09-28 09:48:37'),(139,'3184334',76,1,'2014-09-28 09:48:38'),(140,'1595546',69,1,'2014-10-04 17:58:41'),(141,'3958905',69,1,'2014-10-04 17:58:41'),(142,'4189680',69,1,'2014-10-04 17:58:41'),(143,'4098597',69,1,'2014-10-04 17:58:43'),(144,'1919545',-1,1,'2014-10-04 17:58:43'),(145,'4678235',69,1,'2014-10-04 17:58:44'),(146,'3470989',69,1,'2014-10-04 17:58:44'),(147,'1654571',69,1,'2014-10-04 17:58:44'),(148,'1168164',79,1,'2014-10-06 03:42:42'),(149,'4579718',-1,1,'2014-10-06 03:42:43'),(150,'4558099',79,1,'2014-10-06 03:42:44'),(151,'2923172',79,1,'2014-10-06 03:42:45'),(152,'1085742',79,1,'2014-10-06 03:42:46'),(153,'2938094',71,1,'2014-10-08 15:48:40'),(154,'3942150',71,1,'2014-10-08 15:48:41'),(155,'2908934',71,1,'2014-10-08 15:48:42'),(156,'4705354',71,1,'2014-10-08 15:48:43'),(157,'4254505',71,1,'2014-10-08 15:48:46'),(158,'1476760',-1,1,'2014-10-08 15:48:47'),(159,'4581370',71,1,'2014-10-08 15:48:47'),(160,'3205158',71,1,'2014-10-08 15:48:48'),(161,'2249280',71,1,'2014-10-08 15:48:49'),(162,'2220118',80,1,'2014-10-11 10:57:53'),(163,'2101108',80,1,'2014-10-11 10:57:54'),(164,'1762153',80,1,'2014-10-11 10:57:55'),(165,'3273786',80,1,'2014-10-11 10:57:57'),(166,'4232399',-1,1,'2014-10-11 10:57:57'),(167,'1698589',80,1,'2014-10-11 10:57:58'),(168,'3592762',80,1,'2014-10-11 10:57:59'),(169,'1618099',80,1,'2014-10-11 10:57:59'),(170,'1697591',73,1,'2014-10-12 22:41:06'),(171,'1328050',73,1,'2014-10-12 22:41:10'),(172,'2767863',73,1,'2014-10-12 22:41:12'),(173,'4264963',73,1,'2014-10-12 22:41:14'),(174,'3490949',80,1,'2014-10-20 15:25:58'),(175,'3715496',80,1,'2014-10-20 15:26:00'),(176,'4569240',-1,1,'2014-10-20 15:26:01'),(177,'4054447',80,1,'2014-10-20 15:26:02'),(178,'3844026',80,1,'2014-10-20 15:26:03'),(179,'1901440',80,1,'2014-10-20 15:26:04'),(180,'4508760',80,1,'2014-10-31 03:22:50'),(181,'2505200',80,1,'2014-10-31 03:22:53'),(182,'4221706',-1,1,'2014-10-31 03:22:53'),(183,'4041692',80,1,'2014-10-31 03:22:54'),(184,'1642023',80,1,'2014-10-31 03:22:55'),(185,'2664144',80,1,'2014-10-31 03:22:56'),(186,'2389666',79,1,'2014-10-31 03:54:20'),(187,'2943753',79,1,'2014-10-31 03:54:20'),(188,'2759520',79,1,'2014-10-31 03:54:21'),(189,'1417364',81,1,'2014-10-31 10:05:07'),(190,'2377908',81,1,'2014-10-31 10:05:07'),(191,'3673397',81,1,'2014-10-31 10:05:09'),(192,'2589177',-1,1,'2014-10-31 10:05:09'),(193,'1130890',81,1,'2014-10-31 10:05:10'),(194,'3871961',81,1,'2014-10-31 10:05:10'),(195,'4153224',81,1,'2014-10-31 10:05:11'),(196,'3261922',80,1,'2014-10-31 10:55:17'),(197,'2004060',80,1,'2014-10-31 10:55:18'),(198,'1084686',80,1,'2014-10-31 10:55:19'),(199,'4551129',80,1,'2014-10-31 10:55:21'),(200,'3941634',80,1,'2014-10-31 10:55:24'),(201,'3972084',-1,1,'2014-10-31 10:55:25'),(202,'1236977',80,1,'2014-10-31 10:55:26'),(203,'4808460',80,1,'2014-10-31 10:55:27'),(204,'3377100',80,1,'2014-10-31 10:55:28'),(205,'1231489',79,1,'2014-10-31 10:59:44'),(206,'1187372',79,1,'2014-10-31 10:59:44'),(207,'2078319',79,1,'2014-10-31 10:59:45'),(208,'4702419',79,1,'2014-10-31 10:59:47'),(209,'1482392',-1,1,'2014-10-31 10:59:48'),(210,'2794255',79,1,'2014-10-31 10:59:48'),(211,'3703956',79,1,'2014-10-31 10:59:49'),(212,'4643779',79,1,'2014-10-31 10:59:50'),(213,'1254721',79,1,'2014-11-03 00:29:57'),(214,'4534326',79,1,'2014-11-03 00:29:58'),(215,'1957640',79,1,'2014-11-03 00:30:00'),(216,'2523512',79,1,'2014-11-03 00:30:05'),(217,'4652057',-1,1,'2014-11-03 00:30:06'),(218,'2241366',79,1,'2014-11-03 00:30:08'),(219,'1693571',79,1,'2014-11-03 00:30:09'),(220,'1923709',79,1,'2014-11-03 00:30:10'),(221,'2717117',79,1,'2014-11-04 16:36:51'),(222,'4547165',79,1,'2014-11-04 16:36:52'),(223,'1561213',79,1,'2014-11-04 16:36:53'),(224,'2651987',79,1,'2014-11-04 16:36:54'),(225,'4112282',79,1,'2014-11-04 16:36:58'),(226,'3364008',-1,1,'2014-11-04 16:36:59'),(227,'2016659',79,1,'2014-11-04 16:37:00'),(228,'1581297',79,1,'2014-11-04 16:37:02'),(229,'1394167',79,1,'2014-11-04 16:37:03'),(230,'2587790',73,1,'2014-11-09 18:10:50'),(231,'3727762',73,1,'2014-11-09 18:10:51'),(232,'1645606',73,1,'2014-11-09 18:10:52'),(233,'3146479',73,1,'2014-11-09 18:10:52'),(234,'3185079',73,1,'2014-11-09 18:10:55'),(235,'4316862',-1,1,'2014-11-09 18:10:55'),(236,'1840320',73,1,'2014-11-09 18:10:56'),(237,'4717892',73,1,'2014-11-09 18:10:57'),(238,'3912844',73,1,'2014-11-09 18:10:58'),(239,'4923840',79,1,'2014-11-10 11:16:57'),(240,'3791565',79,1,'2014-11-10 11:16:57'),(241,'4176943',79,1,'2014-11-10 11:16:58'),(242,'2139108',79,1,'2014-11-10 11:16:58'),(243,'3495781',79,1,'2014-11-10 11:17:00'),(244,'3061077',-1,1,'2014-11-10 11:17:01'),(245,'4276476',79,1,'2014-11-10 11:17:01'),(246,'3727126',79,1,'2014-11-10 11:17:02'),(247,'1741609',79,1,'2014-11-10 11:17:03'),(248,'1160690',79,1,'2014-11-13 13:20:25'),(249,'1951170',-1,1,'2014-11-13 13:20:25'),(250,'3246961',79,1,'2014-11-13 13:20:26'),(251,'4384589',79,1,'2014-11-13 13:20:27'),(252,'1618620',79,1,'2014-11-13 13:20:27'),(253,'4539940',79,1,'2014-11-16 20:19:57'),(254,'2622127',-1,1,'2014-11-16 20:19:58'),(255,'2500741',79,1,'2014-11-16 20:19:59'),(256,'3779607',79,1,'2014-11-16 20:19:59'),(257,'4986667',79,1,'2014-11-16 20:20:00'),(258,'1541458',80,1,'2014-11-18 06:54:14'),(259,'4771060',80,1,'2014-11-18 06:54:15'),(260,'2382522',79,1,'2014-11-18 07:15:13'),(261,'1705949',79,1,'2014-11-18 07:15:13'),(262,'1061764',79,1,'2014-11-18 07:15:14'),(263,'2250188',79,1,'2014-11-18 07:15:15'),(264,'3084681',-1,1,'2014-11-18 07:15:15'),(265,'2898798',79,1,'2014-11-18 07:15:16'),(266,'4598855',79,1,'2014-11-18 07:15:16'),(267,'3416947',79,1,'2014-11-18 07:15:16'),(268,'1319406',79,1,'2014-11-24 01:36:40'),(269,'4569596',79,1,'2014-11-24 01:36:41'),(270,'2472831',79,1,'2014-11-24 01:36:42'),(271,'3410740',79,1,'2014-11-24 01:36:45'),(272,'2966517',-1,1,'2014-11-24 01:36:45'),(273,'3264868',79,1,'2014-11-24 01:36:46'),(274,'3712950',79,1,'2014-11-24 01:36:47'),(275,'2567648',79,1,'2014-11-24 01:36:48'),(276,'2693204',79,1,'2014-11-26 10:10:58'),(277,'1273099',79,1,'2014-11-26 10:10:59'),(278,'3513974',79,1,'2014-11-26 10:11:01'),(279,'3143804',79,1,'2014-11-26 10:11:02'),(280,'1421092',79,1,'2014-11-26 10:11:05'),(281,'1745379',-1,1,'2014-11-26 10:11:07'),(282,'2738090',79,1,'2014-11-26 10:11:08'),(283,'2217812',79,1,'2014-11-26 10:11:09'),(284,'2845708',79,1,'2014-11-26 10:11:10'),(285,'3232293',80,1,'2014-11-27 00:04:04'),(286,'2460496',80,1,'2014-11-27 00:04:08'),(287,'1773854',80,1,'2014-11-27 00:06:19'),(288,'3005360',81,1,'2014-11-27 07:36:38'),(289,'2700635',-1,1,'2014-11-27 07:36:40'),(290,'3752155',81,1,'2014-11-27 07:36:41'),(291,'4622306',81,1,'2014-11-27 07:36:43'),(292,'3856710',81,1,'2014-11-27 07:36:44'),(293,'3713585',80,1,'2014-11-27 18:45:33'),(294,'4122692',80,1,'2014-11-27 18:45:34'),(295,'3965203',80,1,'2014-11-27 18:45:35'),(296,'2890950',80,1,'2014-11-27 18:45:39'),(297,'1165487',-1,1,'2014-11-27 18:45:41'),(298,'4194597',80,1,'2014-11-27 18:45:42'),(299,'2034874',80,1,'2014-11-27 18:45:43'),(300,'3216005',80,1,'2014-11-27 18:45:45'),(301,'2953698',79,1,'2014-11-29 06:51:26'),(302,'4527609',79,1,'2014-11-29 06:51:27'),(303,'1916742',79,1,'2014-11-29 06:51:28'),(304,'4924314',79,1,'2014-11-29 06:51:34'),(305,'2728313',-1,1,'2014-11-29 06:51:36'),(306,'1895371',79,1,'2014-11-29 06:51:37'),(307,'2845624',79,1,'2014-11-29 06:51:39'),(308,'4270717',79,1,'2014-11-29 06:51:40'),(309,'4145107',81,1,'2014-12-01 06:50:58'),(310,'3654672',81,1,'2014-12-01 06:50:59'),(311,'1110714',81,1,'2014-12-01 06:51:00'),(312,'2250972',81,1,'2014-12-01 06:51:01'),(313,'4283428',81,1,'2014-12-01 06:51:04'),(314,'4271491',-1,1,'2014-12-01 06:51:04'),(315,'1042513',81,1,'2014-12-01 06:51:05'),(316,'4559798',81,1,'2014-12-01 06:51:06'),(317,'4974303',81,1,'2014-12-01 06:51:07'),(318,'4800772',80,1,'2014-12-02 01:52:43'),(319,'2607495',80,1,'2014-12-02 01:52:43'),(320,'1312976',80,1,'2014-12-02 01:52:44'),(321,'3581568',80,1,'2014-12-02 01:52:44'),(322,'2130357',80,1,'2014-12-02 01:52:47'),(323,'4173998',-1,1,'2014-12-02 01:52:48'),(324,'2370820',80,1,'2014-12-02 01:52:48'),(325,'2470579',80,1,'2014-12-02 01:52:49'),(326,'4466583',80,1,'2014-12-02 01:52:50'),(327,'2636831',79,1,'2014-12-02 02:00:22'),(328,'2159809',79,1,'2014-12-02 02:00:23'),(329,'1379855',79,1,'2014-12-02 02:00:24'),(330,'4730391',79,1,'2014-12-02 02:00:25'),(331,'2668886',79,1,'2014-12-02 02:00:28'),(332,'1068871',-1,1,'2014-12-02 02:00:29'),(333,'3014782',79,1,'2014-12-02 02:00:30'),(334,'2104589',79,1,'2014-12-02 02:00:31'),(335,'3057227',79,1,'2014-12-02 02:00:31'),(336,'1805899',80,1,'2014-12-02 19:41:05'),(337,'4803973',80,1,'2014-12-02 19:41:06'),(338,'4805188',80,1,'2014-12-02 19:41:08'),(339,'4857390',80,1,'2014-12-02 19:41:09'),(340,'4614072',80,1,'2014-12-02 19:41:12'),(341,'3840044',-1,1,'2014-12-02 19:41:13'),(342,'1102206',80,1,'2014-12-02 19:41:15'),(343,'1394866',80,1,'2014-12-02 19:41:16'),(344,'3522597',80,1,'2014-12-02 19:41:17'),(345,'1358624',79,1,'2014-12-02 22:05:41'),(346,'2848081',79,1,'2014-12-02 22:05:44'),(347,'2947460',-1,1,'2014-12-02 22:05:45'),(348,'2187388',79,1,'2014-12-02 22:05:45'),(349,'3729258',79,1,'2014-12-02 22:05:46'),(350,'3504618',79,1,'2014-12-02 22:05:47'),(351,'2869040',-1,1,'2014-12-05 18:08:23'),(352,'2291593',81,1,'2014-12-05 18:08:24'),(353,'3163096',81,1,'2014-12-05 18:08:24'),(354,'2167559',81,1,'2014-12-05 18:08:25'),(355,'2034469',80,1,'2014-12-05 19:33:16'),(356,'3643538',80,1,'2014-12-05 19:33:21'),(357,'1404537',80,1,'2014-12-05 19:33:23'),(358,'4869080',80,1,'2014-12-05 19:34:54'),(359,'4342377',80,1,'2014-12-05 19:34:55'),(360,'3064359',80,1,'2014-12-05 22:27:29'),(361,'3945433',80,1,'2014-12-05 22:27:31'),(362,'2647547',80,1,'2014-12-05 22:27:33'),(363,'1299815',80,1,'2014-12-05 22:27:34'),(364,'1420180',80,1,'2014-12-05 22:27:39'),(365,'2469084',-1,1,'2014-12-05 22:27:40'),(366,'3141629',80,1,'2014-12-05 22:27:42'),(367,'3166405',80,1,'2014-12-05 22:27:43'),(368,'2209081',80,1,'2014-12-05 22:27:44'),(369,'4448166',81,1,'2014-12-07 05:42:34'),(370,'4885658',81,1,'2014-12-07 05:42:35'),(371,'2722434',81,1,'2014-12-07 05:42:39'),(372,'1288559',-1,1,'2014-12-07 05:42:40'),(373,'1352844',81,1,'2014-12-07 05:42:41'),(374,'3776655',81,1,'2014-12-07 05:42:42'),(375,'3706411',81,1,'2014-12-07 05:42:44'),(376,'3328725',79,1,'2014-12-07 10:44:41'),(377,'3431923',79,1,'2014-12-07 10:44:42'),(378,'3367664',79,1,'2014-12-07 10:44:43'),(379,'4218870',79,1,'2014-12-07 10:44:44'),(380,'3435720',79,1,'2014-12-07 10:44:47'),(381,'3652474',-1,1,'2014-12-07 10:44:48'),(382,'3844444',79,1,'2014-12-07 10:44:49'),(383,'1172092',79,1,'2014-12-07 10:44:50'),(384,'4866889',79,1,'2014-12-07 10:44:51'),(385,'2138750',80,1,'2014-12-08 13:14:43'),(386,'4256146',-1,1,'2014-12-08 13:14:43'),(387,'4257721',80,1,'2014-12-08 13:14:44'),(388,'1263226',80,1,'2014-12-08 13:14:44'),(389,'2688656',80,1,'2014-12-08 13:14:44'),(390,'2222175',80,1,'2014-12-10 12:17:25'),(391,'4576902',80,1,'2014-12-10 12:17:25'),(392,'3885832',80,1,'2014-12-10 12:17:26'),(393,'3198128',80,1,'2014-12-10 12:17:28'),(394,'4573806',-1,1,'2014-12-10 12:17:28'),(395,'4188472',80,1,'2014-12-10 12:17:29'),(396,'3331709',80,1,'2014-12-10 12:17:30'),(397,'3535205',80,1,'2014-12-10 12:17:30'),(398,'1030473',-1,1,'2014-12-10 16:27:37'),(399,'4425071',80,1,'2014-12-10 16:27:38'),(400,'3377631',80,1,'2014-12-10 16:27:39'),(401,'3870700',80,1,'2014-12-10 16:27:40'),(402,'2065932',79,1,'2014-12-10 17:23:32'),(403,'3536387',79,1,'2014-12-10 17:23:33'),(404,'2943050',79,1,'2014-12-10 17:23:36'),(405,'1687390',-1,1,'2014-12-10 17:23:37'),(406,'2114125',79,1,'2014-12-10 17:23:38'),(407,'4400725',79,1,'2014-12-10 17:23:39'),(408,'1950245',79,1,'2014-12-10 17:23:40'),(409,'2452432',81,1,'2014-12-13 01:35:50'),(410,'4411865',81,1,'2014-12-13 01:35:53'),(411,'3355145',81,1,'2014-12-13 01:35:54'),(412,'4126570',81,1,'2014-12-13 01:35:56'),(413,'4935155',81,1,'2014-12-13 01:36:01'),(414,'2726463',-1,1,'2014-12-13 01:36:02'),(415,'2867971',81,1,'2014-12-13 01:36:03'),(416,'4556937',81,1,'2014-12-13 01:36:05'),(417,'1428482',81,1,'2014-12-13 01:36:06'),(418,'4362466',76,1,'2014-12-14 20:27:10'),(419,'2419193',76,1,'2014-12-14 20:27:11'),(420,'3513838',76,1,'2014-12-14 20:27:13'),(421,'3817859',73,1,'2014-12-21 11:54:18'),(422,'1390802',73,1,'2014-12-21 11:54:19'),(423,'3862781',73,1,'2014-12-21 11:54:22'),(424,'3044224',-1,1,'2014-12-21 11:54:23'),(425,'3462047',73,1,'2014-12-21 11:54:24'),(426,'1255627',73,1,'2014-12-21 11:54:25'),(427,'4713487',73,1,'2014-12-21 11:54:26'),(428,'1162640',63,1,'2014-12-23 17:13:32'),(429,'2715225',63,1,'2014-12-23 17:13:32'),(430,'4822631',63,1,'2014-12-23 17:13:35'),(431,'2181195',-1,1,'2014-12-23 17:13:36'),(432,'1144537',63,1,'2014-12-23 17:13:37'),(433,'3282885',63,1,'2014-12-23 17:13:37'),(434,'1541007',63,1,'2014-12-23 17:13:38'),(435,'2851488',79,1,'2014-12-24 06:17:30'),(436,'3758480',79,1,'2014-12-24 06:17:34'),(437,'3508878',-1,1,'2014-12-24 06:17:35'),(438,'1560753',79,1,'2014-12-24 06:17:35'),(439,'2697061',79,1,'2014-12-24 06:17:37'),(440,'2501682',79,1,'2014-12-24 06:17:38'),(441,'3956056',80,1,'2014-12-26 00:37:40'),(442,'3215228',80,1,'2014-12-26 00:37:41'),(443,'3393171',80,1,'2014-12-26 00:37:42'),(444,'2754927',80,1,'2014-12-26 00:37:43'),(445,'4687459',80,1,'2014-12-26 00:37:46'),(446,'2731820',-1,1,'2014-12-26 00:37:48'),(447,'4707317',80,1,'2014-12-26 00:37:49'),(448,'4403055',80,1,'2014-12-26 00:37:50'),(449,'4474211',80,1,'2014-12-26 00:37:51'),(450,'3676365',81,1,'2014-12-26 00:42:14'),(451,'4699745',81,1,'2014-12-26 00:42:15'),(452,'2431709',81,1,'2014-12-26 00:42:16'),(453,'4870654',81,1,'2014-12-26 00:42:18'),(454,'4124245',81,1,'2014-12-26 00:42:22'),(455,'4993821',-1,1,'2014-12-26 00:42:23'),(456,'2566069',81,1,'2014-12-26 00:42:24'),(457,'1258725',81,1,'2014-12-26 00:42:26'),(458,'3562120',81,1,'2014-12-26 00:42:27'),(459,'3405624',62,1,'2014-12-30 16:40:41'),(460,'4908704',62,1,'2014-12-30 16:40:42'),(461,'2601486',62,1,'2014-12-30 16:40:42'),(462,'3726225',62,1,'2014-12-30 16:40:43'),(463,'4912846',62,1,'2014-12-30 16:40:45'),(464,'2397381',-1,1,'2014-12-30 16:40:46'),(465,'2531712',62,1,'2014-12-30 16:40:47'),(466,'2041518',62,1,'2014-12-30 16:40:48'),(467,'3394670',62,1,'2014-12-30 16:40:48'),(468,'3887254',63,1,'2014-12-30 16:48:22'),(469,'2548894',-1,1,'2014-12-30 16:48:23'),(470,'2751269',63,1,'2014-12-30 16:48:24'),(471,'3137275',63,1,'2014-12-30 16:48:25'),(472,'2902611',63,1,'2014-12-30 16:48:26'),(473,'2729194',81,1,'2014-12-31 12:37:03'),(474,'3630817',81,1,'2014-12-31 12:37:05'),(475,'3888713',-1,1,'2014-12-31 12:37:06'),(476,'3682639',81,1,'2014-12-31 12:37:07'),(477,'2386295',81,1,'2014-12-31 12:37:07'),(478,'1290566',81,1,'2014-12-31 12:37:08'),(479,'3008466',79,1,'2015-01-04 00:56:37'),(480,'2479462',79,1,'2015-01-04 00:56:38'),(481,'2620683',79,1,'2015-01-04 00:56:40'),(482,'1922633',79,1,'2015-01-04 00:56:41'),(483,'3339379',79,1,'2015-01-04 00:56:45'),(484,'3946669',-1,1,'2015-01-04 00:56:46'),(485,'2629092',79,1,'2015-01-04 00:56:47'),(486,'3598410',79,1,'2015-01-04 00:56:48'),(487,'3408804',79,1,'2015-01-04 00:56:49'),(488,'1805100',79,1,'2015-01-07 02:36:12'),(489,'3659922',79,1,'2015-01-07 02:36:14'),(490,'3118266',79,1,'2015-01-07 02:36:15'),(491,'4593979',79,1,'2015-01-07 02:36:19'),(492,'1677494',-1,1,'2015-01-07 02:36:20'),(493,'1347334',79,1,'2015-01-07 02:36:21'),(494,'1221812',79,1,'2015-01-07 02:36:22'),(495,'2218752',79,1,'2015-01-07 02:36:24'),(496,'2390772',-1,1,'2015-01-08 00:51:32'),(497,'1234409',81,1,'2015-01-08 00:51:33'),(498,'1741296',81,1,'2015-01-08 00:51:35'),(499,'3437761',81,1,'2015-01-08 00:51:36'),(500,'3233860',79,1,'2015-01-12 10:33:05'),(501,'1562444',79,1,'2015-01-12 10:33:06'),(502,'4883608',79,1,'2015-01-12 10:33:06'),(503,'1653686',79,1,'2015-01-12 10:33:07'),(504,'2296182',79,1,'2015-01-12 10:33:09'),(505,'3361184',-1,1,'2015-01-12 10:33:10'),(506,'3381271',79,1,'2015-01-12 10:33:10'),(507,'4150945',79,1,'2015-01-12 10:33:11'),(508,'1945594',79,1,'2015-01-12 10:33:12'),(509,'2732703',82,1,'2015-01-12 18:56:53'),(510,'4483015',82,1,'2015-01-12 18:56:58'),(511,'1798486',-1,1,'2015-01-12 18:56:59'),(512,'4238455',82,1,'2015-01-12 18:57:00'),(513,'1866101',82,1,'2015-01-12 18:57:02'),(514,'4160120',82,1,'2015-01-12 18:57:03'),(515,'4339468',81,1,'2015-01-14 10:11:00'),(516,'1805098',-1,1,'2015-01-14 10:11:00'),(517,'1741520',81,1,'2015-01-14 10:11:01'),(518,'2583839',81,1,'2015-01-14 10:11:01'),(519,'3980755',81,1,'2015-01-14 10:11:01'),(520,'3618393',81,1,'2015-01-14 14:42:46'),(521,'2014182',81,1,'2015-01-14 14:42:46'),(522,'2094070',81,1,'2015-01-14 14:42:46'),(523,'2565769',81,1,'2015-01-14 14:42:48'),(524,'3842262',-1,1,'2015-01-14 14:42:48'),(525,'4402362',81,1,'2015-01-14 14:42:48'),(526,'1899832',81,1,'2015-01-14 14:42:49'),(527,'1992621',81,1,'2015-01-14 14:42:49'),(528,'3218591',80,1,'2015-01-16 05:22:46'),(529,'3699635',80,1,'2015-01-16 05:22:46'),(530,'1481481',80,1,'2015-01-16 05:22:47'),(531,'3734106',80,1,'2015-01-17 09:44:51'),(532,'4546974',-1,1,'2015-01-17 09:44:52'),(533,'2353879',80,1,'2015-01-17 09:44:53'),(534,'2911608',80,1,'2015-01-17 09:44:55'),(535,'2472049',80,1,'2015-01-17 09:44:56'),(536,'1085926',69,1,'2015-01-17 15:34:35'),(537,'1997255',69,1,'2015-01-17 15:34:36'),(538,'4423329',69,1,'2015-01-17 15:34:37'),(539,'1087834',69,1,'2015-01-17 15:34:40'),(540,'1105464',-1,1,'2015-01-17 15:34:41'),(541,'3228422',69,1,'2015-01-17 15:34:42'),(542,'3656361',69,1,'2015-01-17 15:34:43'),(543,'4642105',69,1,'2015-01-17 15:34:44'),(544,'4773156',81,1,'2015-01-17 15:54:50'),(545,'1237335',81,1,'2015-01-17 15:54:50'),(546,'3322315',81,1,'2015-01-17 15:54:51'),(547,'4312988',81,1,'2015-01-17 15:54:52'),(548,'1236829',-1,1,'2015-01-17 15:54:52'),(549,'3332575',81,1,'2015-01-17 15:54:53'),(550,'1528967',81,1,'2015-01-17 15:54:53'),(551,'4512602',81,1,'2015-01-17 15:54:53'),(552,'1810206',81,1,'2015-01-17 21:51:59'),(553,'1150395',81,1,'2015-01-17 21:52:00'),(554,'3351552',81,1,'2015-01-17 21:52:01'),(555,'1114160',81,1,'2015-01-17 21:52:02'),(556,'4204975',81,1,'2015-01-17 21:52:04'),(557,'2195869',-1,1,'2015-01-17 21:52:05'),(558,'1996255',81,1,'2015-01-17 21:52:06'),(559,'2366874',81,1,'2015-01-17 21:52:07'),(560,'3840406',81,1,'2015-01-17 21:52:08'),(561,'3930099',79,1,'2015-01-18 05:58:07'),(562,'4435363',79,1,'2015-01-18 05:58:07'),(563,'4355699',79,1,'2015-01-18 05:58:09'),(564,'1667531',-1,1,'2015-01-18 05:58:09'),(565,'4785285',79,1,'2015-01-18 05:58:09'),(566,'3173858',79,1,'2015-01-18 05:58:10'),(567,'1676754',79,1,'2015-01-18 05:58:10'),(568,'1606927',81,1,'2015-01-18 10:39:55'),(569,'3250296',81,1,'2015-01-18 10:39:57'),(570,'3737016',-1,1,'2015-01-18 10:39:58'),(571,'3730233',81,1,'2015-01-18 10:39:59'),(572,'2303725',81,1,'2015-01-18 10:40:00'),(573,'3083544',81,1,'2015-01-18 10:40:01'),(574,'4595441',80,1,'2015-01-18 11:34:46'),(575,'3871694',80,1,'2015-01-18 11:34:47'),(576,'2857283',80,1,'2015-01-18 11:34:47'),(577,'3049296',80,1,'2015-01-18 11:34:48'),(578,'2753862',80,1,'2015-01-18 11:34:49'),(579,'2262025',-1,1,'2015-01-18 11:34:50'),(580,'1104176',80,1,'2015-01-18 11:34:50'),(581,'1880521',80,1,'2015-01-18 11:34:51'),(582,'4264539',80,1,'2015-01-18 11:34:51'),(583,'3906127',63,1,'2015-01-18 14:28:38'),(584,'2505753',63,1,'2015-01-18 14:28:38'),(585,'2777645',63,1,'2015-01-18 14:28:38'),(586,'4954766',63,1,'2015-01-18 14:28:39'),(587,'1336481',63,1,'2015-01-18 14:28:40'),(588,'4130522',-1,1,'2015-01-18 14:28:41'),(589,'3302079',63,1,'2015-01-18 14:28:41'),(590,'2897730',63,1,'2015-01-18 14:28:42'),(591,'3821549',63,1,'2015-01-18 14:28:42'),(592,'3459211',80,1,'2015-01-18 22:46:33'),(593,'2287884',80,1,'2015-01-18 22:46:33'),(594,'4250188',80,1,'2015-01-18 22:46:34'),(595,'4333431',80,1,'2015-01-18 22:46:35'),(596,'1625111',80,1,'2015-01-18 22:46:38'),(597,'1770967',-1,1,'2015-01-18 22:46:38'),(598,'3423563',80,1,'2015-01-18 22:46:39'),(599,'1122610',80,1,'2015-01-18 22:46:40'),(600,'3089020',80,1,'2015-01-18 22:46:41'),(601,'3054919',81,1,'2015-01-18 23:24:24'),(602,'1584300',81,1,'2015-01-18 23:24:26'),(603,'4176921',81,1,'2015-01-18 23:24:27'),(604,'4921771',81,1,'2015-01-18 23:24:30'),(605,'4903518',-1,1,'2015-01-18 23:24:32'),(606,'2803687',81,1,'2015-01-18 23:24:33'),(607,'4692412',81,1,'2015-01-18 23:24:34'),(608,'3418773',81,1,'2015-01-18 23:24:35'),(609,'1284764',80,1,'2015-01-19 03:11:43'),(610,'3926079',80,1,'2015-01-19 03:11:44'),(611,'4222544',80,1,'2015-01-19 03:11:45'),(612,'4920541',80,1,'2015-01-19 03:11:49'),(613,'1022825',-1,1,'2015-01-19 03:11:50'),(614,'1081696',80,1,'2015-01-19 03:11:51'),(615,'2532022',80,1,'2015-01-19 03:11:52'),(616,'2234308',80,1,'2015-01-19 03:11:53'),(617,'1089403',81,1,'2015-01-21 18:48:50'),(618,'4809441',76,1,'2015-01-21 20:20:24'),(619,'2551771',76,1,'2015-01-21 20:20:26'),(620,'4102947',76,1,'2015-01-21 20:20:27'),(621,'2489589',76,1,'2015-01-21 20:20:29'),(622,'1848251',-1,1,'2015-01-26 15:27:21'),(623,'3824959',81,1,'2015-01-26 15:27:21'),(624,'3956795',81,1,'2015-01-26 15:27:21'),(625,'4301317',81,1,'2015-01-26 15:27:22'),(626,'1325895',80,1,'2015-01-26 15:36:53'),(627,'4254927',-1,1,'2015-01-26 15:36:53'),(628,'2781802',80,1,'2015-01-26 15:36:53'),(629,'4471033',80,1,'2015-01-26 15:36:54'),(630,'2875218',80,1,'2015-01-26 15:36:55'),(631,'3225242',81,1,'2015-01-26 20:14:12'),(632,'2405297',80,1,'2015-01-26 20:26:15'),(633,'1317680',80,1,'2015-01-26 20:26:16'),(634,'4340124',80,1,'2015-01-27 11:38:05'),(635,'4603402',80,1,'2015-01-27 11:38:06'),(636,'4871302',80,1,'2015-01-27 11:38:08'),(637,'2905128',-1,1,'2015-01-27 11:38:09'),(638,'3864392',80,1,'2015-01-27 11:38:10'),(639,'2937344',80,1,'2015-01-27 11:38:11'),(640,'1322901',80,1,'2015-01-27 11:38:12'),(641,'4021414',81,1,'2015-01-28 02:44:23'),(642,'1630388',81,1,'2015-01-28 02:44:25'),(643,'1019288',81,1,'2015-01-28 02:44:26'),(644,'2589215',81,1,'2015-01-29 08:51:41'),(645,'1306090',81,1,'2015-01-29 08:51:41'),(646,'3099558',81,1,'2015-01-29 08:51:42'),(647,'2787636',81,1,'2015-01-29 08:51:42'),(648,'3090151',81,1,'2015-01-29 08:51:44'),(649,'1960638',-1,1,'2015-01-29 08:51:44'),(650,'2564269',81,1,'2015-01-29 08:51:45'),(651,'3311412',81,1,'2015-01-29 08:51:45'),(652,'3159309',81,1,'2015-01-29 08:51:45'),(653,'4123131',62,1,'2015-01-30 11:53:42'),(654,'1432504',62,1,'2015-01-30 11:53:43'),(655,'4821135',62,1,'2015-01-30 11:53:44'),(656,'1008903',62,1,'2015-01-30 11:54:17'),(657,'1006321',62,1,'2015-01-30 11:54:17'),(658,'2643177',62,1,'2015-01-30 11:54:17'),(659,'3242592',69,1,'2015-01-31 03:39:08'),(660,'3077783',-1,1,'2015-01-31 03:39:08'),(661,'1100281',69,1,'2015-01-31 03:39:09'),(662,'2209127',69,1,'2015-01-31 03:39:09'),(663,'4214372',69,1,'2015-01-31 03:39:10'),(664,'1997647',79,1,'2015-02-02 02:30:44'),(665,'4507613',-1,1,'2015-02-02 02:30:45'),(666,'2399229',79,1,'2015-02-02 02:30:47'),(667,'3144430',79,1,'2015-02-02 02:30:50'),(668,'3612121',79,1,'2015-02-02 02:30:51'),(669,'2470615',-1,1,'2015-02-03 03:21:40'),(670,'4052336',79,1,'2015-02-03 03:21:40'),(671,'1594363',79,1,'2015-02-03 03:21:41'),(672,'2432120',79,1,'2015-02-03 03:21:41'),(673,'4210083',82,1,'2015-02-04 14:07:09'),(674,'2603476',82,1,'2015-02-04 14:07:10'),(675,'4388127',82,1,'2015-02-04 14:07:11'),(676,'3618820',81,1,'2015-02-04 16:00:02'),(677,'2554807',81,1,'2015-02-04 16:00:03'),(678,'1793350',81,1,'2015-02-04 16:00:07'),(679,'2573552',-1,1,'2015-02-04 16:00:08'),(680,'4786527',81,1,'2015-02-04 16:00:09'),(681,'3648322',81,1,'2015-02-04 16:00:10'),(682,'2175895',81,1,'2015-02-04 16:00:12'),(683,'1429295',80,1,'2015-02-04 16:25:47'),(684,'4143581',80,1,'2015-02-04 16:25:49'),(685,'2842002',80,1,'2015-02-04 16:25:51'),(686,'4754494',81,1,'2015-02-04 20:38:43'),(687,'2935987',81,1,'2015-02-04 20:38:44'),(688,'1545510',81,1,'2015-02-04 20:38:44'),(689,'2378380',81,1,'2015-02-04 20:38:44'),(690,'2285778',81,1,'2015-02-04 20:38:46'),(691,'1885881',-1,1,'2015-02-04 20:38:46'),(692,'4362419',81,1,'2015-02-04 20:38:47'),(693,'1872416',81,1,'2015-02-04 20:38:47'),(694,'3170424',81,1,'2015-02-04 20:38:48'),(695,'4025464',81,1,'2015-02-05 02:30:23'),(696,'2417167',81,1,'2015-02-05 02:30:24'),(697,'4687686',81,1,'2015-02-05 02:30:26'),(698,'3750414',-1,1,'2015-02-05 02:30:26'),(699,'2120856',81,1,'2015-02-05 02:30:27'),(700,'3307715',81,1,'2015-02-05 02:30:28'),(701,'4076549',81,1,'2015-02-05 02:30:28'),(702,'2081866',81,1,'2015-02-05 11:03:38'),(703,'2025429',81,1,'2015-02-05 11:03:38'),(704,'4793560',81,1,'2015-02-05 11:03:39'),(705,'3138903',79,1,'2015-02-09 19:28:07'),(706,'3865384',79,1,'2015-02-09 19:28:08'),(707,'2440766',-1,1,'2015-02-09 19:28:09'),(708,'3125269',79,1,'2015-02-09 19:28:09'),(709,'1137214',79,1,'2015-02-09 19:28:10'),(710,'1187061',79,1,'2015-02-09 19:28:11'),(711,'3356643',82,1,'2015-02-10 17:53:10'),(712,'2961788',82,1,'2015-02-10 17:53:10'),(713,'1452947',82,1,'2015-02-10 17:53:10'),(714,'1995887',82,1,'2015-02-10 17:53:11'),(715,'3623997',82,1,'2015-02-10 17:53:13'),(716,'2060402',-1,1,'2015-02-10 17:53:13'),(717,'4610575',82,1,'2015-02-10 17:53:13'),(718,'2123423',82,1,'2015-02-10 17:53:14'),(719,'3111766',82,1,'2015-02-10 17:53:14'),(720,'1777729',70,1,'2015-02-11 22:21:13'),(721,'4342411',70,1,'2015-02-11 22:21:13'),(722,'4014475',-1,1,'2015-02-11 22:21:16'),(723,'1104689',70,1,'2015-02-11 22:21:16'),(724,'3900953',70,1,'2015-02-11 22:21:17'),(725,'2364369',69,1,'2015-02-11 22:27:13'),(726,'2061264',69,1,'2015-02-11 22:27:17'),(727,'1971450',79,1,'2015-02-13 18:57:29'),(728,'2347081',79,1,'2015-02-13 18:57:31'),(729,'1108029',-1,1,'2015-02-13 18:57:32'),(730,'2743988',79,1,'2015-02-13 18:57:32'),(731,'1164333',79,1,'2015-02-13 18:57:33'),(732,'4970887',79,1,'2015-02-13 18:57:34'),(733,'3692655',79,1,'2015-02-18 18:04:34'),(734,'4278457',79,1,'2015-02-18 18:04:35'),(735,'2472334',79,1,'2015-02-18 18:04:35'),(736,'2133896',79,1,'2015-02-18 18:04:37'),(737,'4340811',-1,1,'2015-02-18 18:04:38'),(738,'1531681',79,1,'2015-02-18 18:04:38'),(739,'1879615',79,1,'2015-02-18 18:04:39'),(740,'3294080',79,1,'2015-02-18 18:04:40'),(741,'3259441',80,1,'2015-03-07 18:40:12'),(742,'4811267',80,1,'2015-03-07 18:40:12'),(743,'2461461',80,1,'2015-03-07 18:40:13'),(744,'1244909',80,1,'2015-03-07 18:40:14'),(745,'4948858',-1,1,'2015-03-07 18:40:15'),(746,'2591721',80,1,'2015-03-07 18:40:15'),(747,'1095227',80,1,'2015-03-07 18:40:15'),(748,'2328385',80,1,'2015-03-07 18:40:16'),(749,'1188499',79,1,'2015-03-15 17:59:57'),(750,'2417503',79,1,'2015-03-15 17:59:58'),(751,'1618840',79,1,'2015-03-15 17:59:58'),(752,'3288614',79,1,'2015-03-15 17:59:59'),(753,'4859352',79,1,'2015-03-15 18:00:01'),(754,'1338966',-1,1,'2015-03-15 18:00:02'),(755,'2337100',79,1,'2015-03-15 18:00:03'),(756,'4887189',79,1,'2015-03-15 18:00:03'),(757,'1708506',79,1,'2015-03-15 18:00:04'),(758,'3950735',76,1,'2015-03-29 00:40:02'),(759,'4246142',76,1,'2015-03-29 00:40:03'),(760,'3978140',76,1,'2015-03-29 00:40:04'),(761,'1273419',76,1,'2015-03-29 00:40:10'),(762,'1701767',-1,1,'2015-03-29 00:40:12'),(763,'1297113',76,1,'2015-03-29 00:40:13'),(764,'1386210',76,1,'2015-03-29 00:40:15'),(765,'2742169',76,1,'2015-03-29 00:40:16'),(766,'2078403',63,1,'2015-04-03 00:04:11'),(767,'3403196',63,1,'2015-04-03 00:04:11'),(768,'1458877',63,1,'2015-04-03 00:04:12'),(769,'4789618',63,1,'2015-04-03 00:04:12'),(770,'4501944',63,1,'2015-04-03 00:04:14'),(771,'3915765',-1,1,'2015-04-03 00:04:14'),(772,'4706760',63,1,'2015-04-03 00:04:15'),(773,'2828116',63,1,'2015-04-03 00:04:16'),(774,'2574383',63,1,'2015-04-03 00:04:16'),(775,'4576923',69,1,'2015-04-23 23:08:18'),(776,'3658213',69,1,'2015-04-23 23:08:18'),(777,'2681934',69,1,'2015-04-23 23:08:20'),(778,'3743078',-1,1,'2015-04-23 23:08:21'),(779,'2801685',69,1,'2015-04-23 23:08:21'),(780,'1224332',69,1,'2015-04-23 23:08:22'),(781,'4136541',69,1,'2015-04-23 23:08:22'),(782,'1294615',80,1,'2015-04-27 08:58:11'),(783,'4358378',80,1,'2015-04-27 08:58:12'),(784,'3798515',80,1,'2015-04-27 08:58:13'),(785,'4398494',80,1,'2015-04-27 08:58:14'),(786,'2937434',80,1,'2015-04-27 08:58:17'),(787,'1324154',-1,1,'2015-04-27 08:58:18'),(788,'2967252',80,1,'2015-04-27 08:58:19'),(789,'3428018',80,1,'2015-04-27 08:58:20'),(790,'2599072',80,1,'2015-04-27 08:58:21'),(791,'3073171',81,1,'2015-04-27 09:38:49'),(792,'1044123',81,1,'2015-04-27 09:38:51'),(793,'2325924',-1,1,'2015-04-27 09:38:51'),(794,'2262588',81,1,'2015-04-27 09:38:52'),(795,'4999633',81,1,'2015-04-27 09:38:52'),(796,'2510898',81,1,'2015-04-27 09:38:53'),(797,'3446607',80,1,'2015-04-28 05:53:50'),(798,'3023387',80,1,'2015-04-28 05:53:51'),(799,'1780581',69,1,'2015-04-29 01:13:03'),(800,'4996750',69,1,'2015-04-29 01:13:06'),(801,'2191050',-1,1,'2015-04-29 01:13:07'),(802,'1202649',69,1,'2015-04-29 01:13:08'),(803,'1745502',69,1,'2015-04-29 01:13:09'),(804,'4012436',69,1,'2015-04-29 01:13:10'),(805,'2824948',63,1,'2015-04-29 01:19:36'),(806,'3410725',63,1,'2015-04-29 01:19:37'),(807,'1480634',63,1,'2015-04-29 01:19:38'),(808,'1454993',63,1,'2015-04-29 01:19:39'),(809,'4667898',63,1,'2015-04-29 01:19:43'),(810,'4856405',-1,1,'2015-04-29 01:19:44'),(811,'2635738',63,1,'2015-04-29 01:19:45'),(812,'1654764',63,1,'2015-04-29 01:19:46'),(813,'3081079',63,1,'2015-04-29 01:19:47'),(814,'1474121',80,1,'2015-04-29 13:29:12'),(815,'3131755',80,1,'2015-04-29 13:29:13'),(816,'1508869',80,1,'2015-04-29 13:29:13'),(817,'4268275',80,1,'2015-04-29 13:29:15'),(818,'3156440',-1,1,'2015-04-29 13:29:16'),(819,'3059842',80,1,'2015-04-29 13:29:16'),(820,'4913435',80,1,'2015-04-29 13:29:17'),(821,'3200299',80,1,'2015-04-29 13:29:17'),(822,'4057915',79,1,'2015-04-29 16:40:38'),(823,'4874062',79,1,'2015-04-29 16:40:39'),(824,'1949139',79,1,'2015-04-29 16:40:39'),(825,'3460667',79,1,'2015-04-29 16:40:40'),(826,'2515539',79,1,'2015-04-29 16:40:43'),(827,'4488270',-1,1,'2015-04-29 16:40:43'),(828,'2044711',79,1,'2015-04-29 16:40:45'),(829,'4893053',79,1,'2015-04-29 16:40:45'),(830,'1226767',79,1,'2015-04-29 16:40:46'),(831,'4623922',80,1,'2015-05-07 01:45:14'),(832,'3939021',80,1,'2015-05-07 01:45:15'),(833,'3011262',80,1,'2015-05-07 01:45:15'),(834,'4078249',80,1,'2015-05-17 03:04:50'),(835,'4899874',80,1,'2015-05-17 03:04:50'),(836,'1870797',80,1,'2015-05-17 03:04:51'),(837,'3447188',80,1,'2015-05-17 03:04:51'),(838,'3712129',80,1,'2015-05-17 03:04:54'),(839,'2404995',-1,1,'2015-05-17 03:04:54'),(840,'3245167',80,1,'2015-05-17 03:04:55'),(841,'3489202',80,1,'2015-05-17 03:04:55'),(842,'1704500',80,1,'2015-05-17 03:04:56'),(843,'1551060',79,1,'2015-05-17 22:28:05'),(844,'2370455',79,1,'2015-05-17 22:28:06'),(845,'1322222',80,1,'2015-05-17 23:35:28'),(846,'4843075',80,1,'2015-05-17 23:35:34'),(847,'4781022',-1,1,'2015-05-17 23:35:36'),(848,'3758275',80,1,'2015-05-17 23:35:37'),(849,'2710969',80,1,'2015-05-17 23:35:38'),(850,'3919977',80,1,'2015-05-17 23:35:40'),(851,'1800834',80,1,'2015-05-20 04:09:58'),(852,'2468168',81,1,'2015-05-20 04:25:09'),(853,'4810730',81,1,'2015-05-20 04:25:10'),(854,'3907116',81,1,'2015-05-20 04:25:11'),(855,'4681606',81,1,'2015-05-20 04:25:12'),(856,'2617238',81,1,'2015-05-20 04:25:17'),(857,'3542204',-1,1,'2015-05-20 04:25:18'),(858,'2204038',81,1,'2015-05-20 04:25:19'),(859,'3991697',81,1,'2015-05-20 04:25:20'),(860,'3350830',81,1,'2015-05-20 04:25:21'),(861,'4424598',80,1,'2015-05-22 22:36:07'),(862,'2923077',80,1,'2015-05-22 22:36:08'),(863,'4901868',80,1,'2015-05-22 22:36:09'),(864,'3119058',80,1,'2015-05-22 22:36:12'),(865,'2791674',-1,1,'2015-05-22 22:36:13'),(866,'2351857',80,1,'2015-05-22 22:36:14'),(867,'2613653',80,1,'2015-05-22 22:36:15'),(868,'3552361',80,1,'2015-05-22 22:36:15'),(869,'3718013',80,1,'2015-05-24 05:45:05'),(870,'1949214',80,1,'2015-05-24 05:45:05'),(871,'3086645',80,1,'2015-05-24 05:45:07'),(872,'3719999',-1,1,'2015-05-24 05:45:07'),(873,'2162377',80,1,'2015-05-24 05:45:08'),(874,'2151294',80,1,'2015-05-24 05:45:08'),(875,'3541161',80,1,'2015-05-24 05:45:09'),(876,'3775310',79,1,'2015-05-24 13:01:06'),(877,'2276827',-1,1,'2015-05-24 13:01:07'),(878,'2282384',79,1,'2015-05-24 13:01:07'),(879,'3375318',79,1,'2015-05-24 13:01:07'),(880,'2419344',79,1,'2015-05-24 13:01:08'),(881,'2664845',62,1,'2015-05-24 13:04:21'),(882,'4081645',62,1,'2015-05-24 13:04:21'),(883,'2347599',62,1,'2015-05-24 13:04:24'),(884,'4481363',-1,1,'2015-05-24 13:04:24'),(885,'2902226',62,1,'2015-05-24 13:04:25'),(886,'3020835',62,1,'2015-05-24 13:04:25'),(887,'1783100',62,1,'2015-05-24 13:04:26'),(888,'3786249',80,1,'2015-05-25 11:28:27'),(889,'2162320',80,1,'2015-05-25 11:28:28'),(890,'2372609',80,1,'2015-05-25 11:28:29'),(891,'2887932',80,1,'2015-05-25 11:28:30'),(892,'4185304',-1,1,'2015-05-25 11:29:01'),(893,'4167437',80,1,'2015-05-25 11:29:01'),(894,'2426064',80,1,'2015-05-25 11:29:02'),(895,'2966839',80,1,'2015-05-25 11:29:02'),(896,'4614392',81,1,'2015-05-25 11:35:54'),(897,'4390790',-1,1,'2015-05-25 11:35:55'),(898,'3646492',81,1,'2015-05-25 11:35:57'),(899,'3196355',81,1,'2015-05-25 11:35:59'),(900,'3325336',81,1,'2015-05-25 11:36:00'),(901,'2189262',80,1,'2015-05-25 17:46:31'),(902,'2897988',80,1,'2015-05-25 17:46:31'),(903,'3050988',80,1,'2015-05-25 17:46:32'),(904,'4255252',80,1,'2015-05-25 17:46:32'),(905,'4809183',80,1,'2015-05-25 17:46:33'),(906,'1233515',-1,1,'2015-05-25 17:46:34'),(907,'4974428',80,1,'2015-05-25 17:46:34'),(908,'2638289',80,1,'2015-05-25 17:46:35'),(909,'4058977',80,1,'2015-05-25 17:46:35'),(910,'1863459',81,1,'2015-05-25 18:08:55'),(911,'2963022',81,1,'2015-05-25 18:08:55'),(912,'4201995',81,1,'2015-05-25 18:08:56'),(913,'4774176',81,1,'2015-05-25 18:08:58'),(914,'1679462',-1,1,'2015-05-25 18:08:59'),(915,'4450674',81,1,'2015-05-25 18:08:59'),(916,'2407597',81,1,'2015-05-25 18:09:00'),(917,'3824891',81,1,'2015-05-25 18:09:00'),(918,'4425697',80,1,'2015-05-26 20:06:59'),(919,'3810242',80,1,'2015-05-26 20:07:00'),(920,'3217646',80,1,'2015-05-26 20:07:04'),(921,'1997403',-1,1,'2015-05-26 20:07:05'),(922,'1328901',80,1,'2015-05-26 20:07:06'),(923,'1889578',80,1,'2015-05-26 20:07:07'),(924,'4268077',80,1,'2015-05-26 20:07:09'),(925,'2199761',81,1,'2015-05-26 20:53:09'),(926,'1644714',81,1,'2015-05-26 20:53:10'),(927,'3841726',81,1,'2015-05-26 20:53:11'),(928,'4176165',81,1,'2015-05-26 20:53:11'),(929,'2967737',81,1,'2015-05-26 20:53:14'),(930,'4895376',-1,1,'2015-05-26 20:53:14'),(931,'2185156',81,1,'2015-05-26 20:53:15'),(932,'4927328',81,1,'2015-05-26 20:53:15'),(933,'4979954',81,1,'2015-05-26 20:53:16'),(934,'4933701',80,1,'2015-05-28 02:41:46'),(935,'2016973',80,1,'2015-05-28 02:41:50'),(936,'3308890',80,1,'2015-05-28 02:41:52'),(937,'2000958',80,1,'2015-05-28 02:41:56'),(938,'2863071',80,1,'2015-05-28 02:42:06'),(939,'3421508',-1,1,'2015-05-28 02:42:10'),(940,'3565913',80,1,'2015-05-28 02:42:12'),(941,'1612721',80,1,'2015-05-28 02:42:16'),(942,'1477280',80,1,'2015-05-28 02:42:18'),(943,'3478587',81,1,'2015-05-28 13:08:41'),(944,'4881304',81,1,'2015-05-28 13:08:42'),(945,'3622172',81,1,'2015-05-28 13:08:43'),(946,'3309563',81,1,'2015-05-28 13:08:45'),(947,'1336624',-1,1,'2015-05-28 13:08:46'),(948,'3852228',81,1,'2015-05-28 13:08:47'),(949,'4645293',81,1,'2015-05-28 13:08:47'),(950,'4174348',81,1,'2015-05-28 13:08:48'),(951,'4225757',80,1,'2015-06-03 20:36:32'),(952,'4123603',80,1,'2015-06-03 20:36:33'),(953,'4776373',80,1,'2015-06-03 20:36:33'),(954,'3110983',80,1,'2015-06-03 20:36:35'),(955,'2094954',-1,1,'2015-06-03 20:36:36'),(956,'4504571',80,1,'2015-06-03 20:36:36'),(957,'2528508',80,1,'2015-06-03 20:36:37'),(958,'2871544',80,1,'2015-06-03 20:36:38'),(959,'1363664',63,1,'2015-06-04 07:33:48'),(960,'2916012',79,1,'2015-06-04 07:33:50'),(961,'2572403',63,1,'2015-06-04 07:33:51'),(962,'2955100',-1,1,'2015-06-04 07:33:52'),(963,'3893577',63,1,'2015-06-04 07:33:52'),(964,'1454279',63,1,'2015-06-04 07:33:53'),(965,'1804885',63,1,'2015-06-04 07:33:54'),(966,'1428031',80,1,'2015-06-04 08:06:57'),(967,'4873123',80,1,'2015-06-04 08:06:57'),(968,'4200781',80,1,'2015-06-04 08:06:58'),(969,'4001123',80,1,'2015-06-04 08:06:58'),(970,'2570061',80,1,'2015-06-04 08:06:59'),(971,'4488121',-1,1,'2015-06-04 08:07:00'),(972,'4298184',80,1,'2015-06-04 08:07:00'),(973,'1871988',80,1,'2015-06-04 08:07:00'),(974,'4765841',80,1,'2015-06-04 08:07:01'),(975,'3513544',69,1,'2015-06-04 08:46:39'),(976,'4996862',-1,1,'2015-06-04 08:46:40'),(977,'1887729',69,1,'2015-06-04 08:46:41'),(978,'2279713',69,1,'2015-06-04 08:46:42'),(979,'4552769',80,1,'2015-06-04 12:50:17'),(980,'4580194',80,1,'2015-06-04 12:50:18'),(981,'2676569',80,1,'2015-06-04 12:50:19'),(982,'1674801',80,1,'2015-06-04 12:50:20'),(983,'1298738',80,1,'2015-06-04 12:50:22'),(984,'1478158',-1,1,'2015-06-04 12:50:22'),(985,'4117237',80,1,'2015-06-04 12:50:23'),(986,'3008845',80,1,'2015-06-04 12:50:24'),(987,'4114784',80,1,'2015-06-04 12:50:24'),(988,'4808978',80,1,'2015-06-06 21:16:25'),(989,'2305156',80,1,'2015-06-06 21:16:25'),(990,'1353732',80,1,'2015-06-06 21:16:26'),(991,'4450012',80,1,'2015-06-06 21:16:26'),(992,'2383939',80,1,'2015-06-06 21:16:28'),(993,'1776447',-1,1,'2015-06-06 21:16:29'),(994,'2081709',80,1,'2015-06-06 21:16:29'),(995,'3490259',80,1,'2015-06-06 21:16:30'),(996,'3345739',80,1,'2015-06-06 21:16:30'),(997,'4438695',81,1,'2015-06-06 21:24:00'),(998,'4451249',-1,1,'2015-06-06 21:24:01'),(999,'4470076',81,1,'2015-06-06 21:24:02'),(1000,'4993996',81,1,'2015-06-06 21:24:03'),(1001,'4220224',81,1,'2015-06-06 21:24:04'),(1002,'3981751',-1,1,'2015-06-07 22:31:53'),(1003,'1246129',81,1,'2015-06-07 22:31:54'),(1004,'2231595',81,1,'2015-06-07 22:31:55'),(1005,'3249156',81,1,'2015-06-07 22:31:56'),(1006,'3027938',79,1,'2015-06-07 22:41:56'),(1007,'4158750',-1,1,'2015-06-07 22:41:57'),(1008,'1187036',79,1,'2015-06-07 22:41:58'),(1009,'4969237',79,1,'2015-06-07 22:41:59'),(1010,'4923191',79,1,'2015-06-07 22:42:00'),(1011,'2520707',80,1,'2015-06-08 07:03:18'),(1012,'1245318',-1,1,'2015-06-08 07:03:19'),(1013,'1653647',80,1,'2015-06-08 07:03:19'),(1014,'3547520',80,1,'2015-06-08 07:03:20'),(1015,'4499046',80,1,'2015-06-08 07:03:21'),(1016,'3090638',81,1,'2015-06-08 07:20:34'),(1017,'2248219',-1,1,'2015-06-08 07:20:34'),(1018,'3809691',81,1,'2015-06-08 07:20:35'),(1019,'3202757',81,1,'2015-06-08 07:20:36'),(1020,'2252598',81,1,'2015-06-08 07:20:36'),(1021,'2082303',63,1,'2015-06-09 12:12:15'),(1022,'2171371',63,1,'2015-06-09 12:12:16'),(1023,'1955216',63,1,'2015-06-09 12:12:16'),(1024,'1214488',63,1,'2015-06-09 12:12:17'),(1025,'4872828',63,1,'2015-06-09 12:12:18'),(1026,'3992590',-1,1,'2015-06-09 12:12:19'),(1027,'4834256',63,1,'2015-06-09 12:12:20'),(1028,'4955710',63,1,'2015-06-09 12:12:20'),(1029,'4958851',63,1,'2015-06-09 12:12:21'),(1030,'3078144',80,1,'2015-06-09 20:31:38'),(1031,'1115411',80,1,'2015-06-09 20:31:38'),(1032,'4061420',81,1,'2015-06-09 20:53:26'),(1033,'1161644',81,1,'2015-06-09 20:53:28'),(1034,'3461375',81,1,'2015-06-09 20:53:29'),(1035,'1912917',81,1,'2015-06-09 20:53:35'),(1036,'4418777',-1,1,'2015-06-09 20:53:36'),(1037,'4690860',81,1,'2015-06-09 20:53:37'),(1038,'3721546',81,1,'2015-06-09 20:53:38'),(1039,'1822046',81,1,'2015-06-09 20:53:40'),(1040,'1210206',62,1,'2015-06-12 08:10:17'),(1041,'2476283',62,1,'2015-06-12 08:10:18'),(1042,'1034856',62,1,'2015-06-12 08:10:19'),(1043,'2357609',62,1,'2015-06-12 08:10:22'),(1044,'3646237',-1,1,'2015-06-12 08:10:22'),(1045,'3134184',62,1,'2015-06-12 08:10:23'),(1046,'1241184',62,1,'2015-06-12 08:10:24'),(1047,'3174512',62,1,'2015-06-12 08:10:25'),(1048,'1743547',80,1,'2015-06-13 15:35:54'),(1049,'2106206',80,1,'2015-06-13 15:35:54'),(1050,'2453911',81,1,'2015-06-13 15:39:29'),(1051,'3824571',81,1,'2015-06-13 15:39:30'),(1052,'4809018',81,1,'2015-06-13 15:39:31'),(1053,'2362214',81,1,'2015-06-13 15:39:33'),(1054,'4592749',-1,1,'2015-06-13 15:39:34'),(1055,'2218470',81,1,'2015-06-13 15:39:35'),(1056,'3739982',81,1,'2015-06-13 15:39:35'),(1057,'3249810',81,1,'2015-06-13 15:39:36'),(1058,'2250400',80,1,'2015-06-13 19:19:30'),(1059,'4325967',80,1,'2015-06-13 19:19:31'),(1060,'1209768',80,1,'2015-06-13 19:19:31'),(1061,'2143454',80,1,'2015-06-13 19:19:32'),(1062,'1353683',80,1,'2015-06-13 19:19:36'),(1063,'4778147',-1,1,'2015-06-13 19:19:37'),(1064,'1987415',80,1,'2015-06-13 19:19:38'),(1065,'1338605',80,1,'2015-06-13 19:19:39'),(1066,'2534206',80,1,'2015-06-13 19:19:40'),(1067,'1376237',80,1,'2015-06-14 16:51:37'),(1068,'4521769',-1,1,'2015-06-14 16:51:37'),(1069,'3553584',80,1,'2015-06-14 16:51:38'),(1070,'1130666',80,1,'2015-06-14 16:51:38'),(1071,'1225209',80,1,'2015-06-14 16:51:39'),(1072,'2138858',80,1,'2015-06-15 13:17:13'),(1073,'2682529',80,1,'2015-06-15 13:17:13'),(1074,'2784381',80,1,'2015-06-15 13:17:13'),(1075,'2946638',80,1,'2015-06-15 13:17:15'),(1076,'3448175',-1,1,'2015-06-15 13:17:15'),(1077,'3375160',80,1,'2015-06-15 13:17:16'),(1078,'4035584',80,1,'2015-06-15 13:17:16'),(1079,'2642583',80,1,'2015-06-15 13:17:17'),(1080,'3055443',79,1,'2015-06-17 06:45:29'),(1081,'3518843',79,1,'2015-06-17 06:45:31'),(1082,'2032274',79,1,'2015-06-17 06:45:32'),(1083,'3306727',79,1,'2015-06-17 06:45:35'),(1084,'3096209',-1,1,'2015-06-17 06:45:36'),(1085,'4095239',79,1,'2015-06-17 06:45:37'),(1086,'2849885',79,1,'2015-06-17 06:45:38'),(1087,'2574410',79,1,'2015-06-17 06:45:39'),(1088,'4042852',80,1,'2015-06-17 10:41:53'),(1089,'4028966',80,1,'2015-06-17 10:41:53'),(1090,'3826783',80,1,'2015-06-17 10:41:54'),(1091,'3444290',80,1,'2015-06-17 10:41:54'),(1092,'2203297',80,1,'2015-06-17 10:41:56'),(1093,'3585107',-1,1,'2015-06-17 10:41:56'),(1094,'1811169',80,1,'2015-06-17 10:41:57'),(1095,'3612658',80,1,'2015-06-17 10:41:57'),(1096,'2934764',80,1,'2015-06-17 10:41:57'),(1097,'2806143',80,1,'2015-06-18 15:21:08'),(1098,'3271587',80,1,'2015-06-18 15:21:09'),(1099,'3676145',80,1,'2015-06-18 15:21:09'),(1100,'2157493',80,1,'2015-06-18 15:21:10'),(1101,'4276818',80,1,'2015-06-18 15:21:11'),(1102,'1579771',-1,1,'2015-06-18 15:21:12'),(1103,'4095358',80,1,'2015-06-18 15:21:12'),(1104,'4792454',80,1,'2015-06-18 15:21:13'),(1105,'1721393',80,1,'2015-06-18 15:21:13'),(1106,'2848158',81,1,'2015-06-18 15:24:29'),(1107,'3625858',81,1,'2015-06-18 15:24:33'),(1108,'3402112',81,1,'2015-06-18 15:24:36'),(1109,'3491058',81,1,'2015-06-18 15:24:40'),(1110,'1998550',81,1,'2015-06-18 15:24:44'),(1111,'1289292',-1,1,'2015-06-18 15:24:45'),(1112,'2216981',81,1,'2015-06-18 15:24:46'),(1113,'1879383',81,1,'2015-06-18 15:24:47'),(1114,'4188324',81,1,'2015-06-18 15:24:48'),(1115,'4365281',79,1,'2015-06-20 05:09:51'),(1116,'4295548',79,1,'2015-06-20 05:09:52'),(1117,'4027097',79,1,'2015-06-20 05:09:52'),(1118,'3444470',79,1,'2015-06-20 05:09:53'),(1119,'2310279',79,1,'2015-06-20 05:09:54'),(1120,'4923498',-1,1,'2015-06-20 05:09:54'),(1121,'2378428',79,1,'2015-06-20 05:09:55'),(1122,'4379565',79,1,'2015-06-20 05:09:55'),(1123,'4782316',79,1,'2015-06-20 05:09:55'),(1124,'1115550',79,1,'2015-06-21 01:07:03'),(1125,'4361236',79,1,'2015-06-21 01:07:44'),(1126,'4129204',79,1,'2015-06-21 01:07:45'),(1127,'2939608',79,1,'2015-06-21 01:07:46'),(1128,'2031133',80,1,'2015-06-21 11:37:54'),(1129,'4978793',80,1,'2015-06-21 11:37:55'),(1130,'4078655',80,1,'2015-06-21 11:37:56'),(1131,'1387401',80,1,'2015-06-21 11:37:56'),(1132,'3470164',80,1,'2015-06-21 11:37:58'),(1133,'3409497',-1,1,'2015-06-21 11:37:59'),(1134,'2275086',80,1,'2015-06-21 11:38:00'),(1135,'1156031',80,1,'2015-06-21 11:38:00'),(1136,'4737729',80,1,'2015-06-21 11:38:01'),(1137,'1636705',-1,1,'2015-06-21 12:02:45'),(1138,'4843591',79,1,'2015-06-21 12:02:45'),(1139,'2190614',79,1,'2015-06-21 12:02:46'),(1140,'4056596',79,1,'2015-06-21 12:02:46'),(1141,'1882754',69,1,'2015-06-22 12:08:10'),(1142,'2284994',69,1,'2015-06-22 12:08:10'),(1143,'2589850',69,1,'2015-06-22 12:08:11'),(1144,'2051000',69,1,'2015-06-22 12:08:11'),(1145,'2762477',69,1,'2015-06-22 12:08:12'),(1146,'1518399',-1,1,'2015-06-22 12:08:13'),(1147,'3185103',69,1,'2015-06-22 12:08:13'),(1148,'1317464',69,1,'2015-06-22 12:08:13'),(1149,'2406106',69,1,'2015-06-22 12:08:14'),(1150,'4808002',69,1,'2015-06-23 02:32:17'),(1151,'3891245',69,1,'2015-06-23 05:41:04'),(1152,'4554420',69,1,'2015-06-23 05:41:07'),(1153,'3547358',69,1,'2015-06-23 05:41:35'),(1154,'1329618',-1,1,'2015-06-23 05:41:36'),(1155,'1102436',69,1,'2015-06-23 05:41:38'),(1156,'3410932',69,1,'2015-06-23 05:41:39'),(1157,'3736863',69,1,'2015-06-23 05:41:40'),(1158,'4579686',80,1,'2015-06-23 13:27:14'),(1159,'4164095',80,1,'2015-06-23 13:27:15'),(1160,'1717035',80,1,'2015-06-23 13:27:17'),(1161,'2257844',-1,1,'2015-06-23 13:27:17'),(1162,'1046599',80,1,'2015-06-23 13:27:18'),(1163,'1476021',80,1,'2015-06-23 13:27:18'),(1164,'4983717',80,1,'2015-06-23 13:27:19'),(1165,'3013902',-1,1,'2015-06-23 13:32:57'),(1166,'2315942',81,1,'2015-06-23 13:33:00'),(1167,'3534476',81,1,'2015-06-23 13:33:02'),(1168,'2398133',81,1,'2015-06-23 13:33:04'),(1169,'1017837',80,1,'2015-06-23 17:44:25'),(1170,'1857674',81,1,'2015-06-23 18:04:58'),(1171,'2179725',81,1,'2015-06-23 18:04:58'),(1172,'4892762',81,1,'2015-06-23 18:04:59'),(1173,'3393902',81,1,'2015-06-23 18:04:59'),(1174,'3199296',81,1,'2015-06-23 18:05:01'),(1175,'2707637',-1,1,'2015-06-23 18:05:01'),(1176,'2214086',81,1,'2015-06-23 18:05:02'),(1177,'3540613',81,1,'2015-06-23 18:05:02'),(1178,'2174318',81,1,'2015-06-23 18:05:03'),(1179,'3885084',81,1,'2015-06-25 15:24:20'),(1180,'1124681',81,1,'2015-06-25 15:24:20'),(1181,'1703271',81,1,'2015-06-25 15:24:22'),(1182,'2712570',-1,1,'2015-06-25 15:24:22'),(1183,'1614339',81,1,'2015-06-25 15:24:23'),(1184,'1295308',81,1,'2015-06-25 15:24:23'),(1185,'4372233',81,1,'2015-06-25 15:24:24'),(1186,'4312857',80,1,'2015-06-25 16:38:34'),(1187,'1407890',80,1,'2015-06-25 16:38:35'),(1188,'3970113',-1,1,'2015-06-25 16:38:35'),(1189,'1122542',80,1,'2015-06-25 16:38:36'),(1190,'2193530',80,1,'2015-06-25 16:38:36'),(1191,'2173760',80,1,'2015-06-25 16:38:37'),(1192,'4248391',80,1,'2015-06-26 10:46:41'),(1193,'3646097',-1,1,'2015-06-26 10:46:41'),(1194,'2283994',80,1,'2015-06-26 10:46:41'),(1195,'3902582',80,1,'2015-06-26 10:46:42'),(1196,'2610311',80,1,'2015-06-26 10:46:42'),(1197,'2292971',81,1,'2015-06-26 10:56:30'),(1198,'2538751',81,1,'2015-06-26 10:56:31'),(1199,'4734603',81,1,'2015-06-26 10:56:32'),(1200,'2038852',81,1,'2015-06-26 10:56:33'),(1201,'1948302',81,1,'2015-06-26 10:56:40'),(1202,'3711494',-1,1,'2015-06-26 10:56:41'),(1203,'4162986',81,1,'2015-06-26 10:56:41'),(1204,'1529839',81,1,'2015-06-26 10:56:43'),(1205,'2201599',81,1,'2015-06-26 10:56:44'),(1206,'4238762',80,1,'2015-06-26 11:12:35'),(1207,'3521526',80,1,'2015-06-26 11:12:36'),(1208,'4049411',80,1,'2015-06-26 11:12:37'),(1209,'2020326',80,1,'2015-06-26 11:12:41'),(1210,'4499677',-1,1,'2015-06-26 11:12:41'),(1211,'1801564',80,1,'2015-06-26 11:12:42'),(1212,'3158889',80,1,'2015-06-26 11:12:43'),(1213,'4320515',80,1,'2015-06-26 11:12:43'),(1214,'4520412',81,1,'2015-06-26 11:20:14'),(1215,'4582641',81,1,'2015-06-26 11:20:16'),(1216,'1331181',-1,1,'2015-06-26 11:20:16'),(1217,'3766994',81,1,'2015-06-26 11:20:17'),(1218,'1284918',81,1,'2015-06-26 11:20:17'),(1219,'4932996',81,1,'2015-06-26 11:20:17'),(1220,'2274780',69,1,'2015-06-28 16:35:17'),(1221,'1336921',69,1,'2015-06-28 16:35:17'),(1222,'1094088',69,1,'2015-06-29 11:28:09'),(1223,'1654904',69,1,'2015-06-29 11:28:11'),(1224,'4351154',-1,1,'2015-06-29 11:28:11'),(1225,'3626421',69,1,'2015-06-29 11:28:11'),(1226,'3460323',69,1,'2015-06-29 11:28:12'),(1227,'1481976',69,1,'2015-06-29 11:28:12'),(1228,'1514925',69,1,'2015-06-29 11:33:30'),(1229,'1770901',69,1,'2015-06-29 11:34:28'),(1230,'2797225',69,1,'2015-06-29 11:34:28'),(1231,'4077735',69,1,'2015-06-29 11:34:29'),(1232,'3186336',80,1,'2015-06-30 05:43:07'),(1233,'4537877',80,1,'2015-06-30 05:43:07'),(1234,'1786517',80,1,'2015-06-30 05:43:07'),(1235,'2045389',80,1,'2015-06-30 05:43:08'),(1236,'2178284',80,1,'2015-06-30 05:43:09'),(1237,'2363385',-1,1,'2015-06-30 05:43:10'),(1238,'3111017',80,1,'2015-06-30 05:43:10'),(1239,'3669425',80,1,'2015-06-30 05:43:11'),(1240,'3214286',80,1,'2015-06-30 05:43:11'),(1241,'3700034',79,1,'2015-06-30 07:07:54'),(1242,'3933959',-1,1,'2015-06-30 07:07:55'),(1243,'3484510',79,1,'2015-06-30 07:07:55'),(1244,'2002050',79,1,'2015-06-30 07:07:56'),(1245,'2876198',79,1,'2015-06-30 07:07:57'),(1246,'2929042',63,1,'2015-06-30 16:30:52'),(1247,'1336570',63,1,'2015-06-30 16:30:53'),(1248,'2040528',63,1,'2015-06-30 16:30:54'),(1249,'1022590',63,1,'2015-06-30 16:30:56'),(1250,'1313286',-1,1,'2015-06-30 16:30:56'),(1251,'2988126',63,1,'2015-06-30 16:30:57'),(1252,'4033996',63,1,'2015-06-30 16:30:58'),(1253,'2224252',63,1,'2015-06-30 16:30:59'),(1254,'1201137',80,1,'2015-07-01 12:25:10'),(1255,'4962047',-1,1,'2015-07-01 12:25:11'),(1256,'1683819',80,1,'2015-07-01 12:25:12'),(1257,'1764746',80,1,'2015-07-01 12:25:13'),(1258,'2895014',80,1,'2015-07-01 12:25:14'),(1259,'3166613',79,1,'2015-07-03 17:39:30'),(1260,'3367469',79,1,'2015-07-03 17:39:32'),(1261,'4749132',79,1,'2015-07-03 17:39:34'),(1262,'3162864',79,1,'2015-07-03 17:39:39'),(1263,'1010119',79,1,'2015-07-03 17:39:50'),(1264,'3632908',-1,1,'2015-07-03 17:39:54'),(1265,'1622160',79,1,'2015-07-03 17:39:56'),(1266,'4686555',79,1,'2015-07-03 17:39:58'),(1267,'1080794',79,1,'2015-07-03 17:40:03'),(1268,'4782312',80,1,'2015-07-06 20:27:55'),(1269,'1402083',-1,1,'2015-07-06 20:27:56'),(1270,'3419722',80,1,'2015-07-06 20:27:56'),(1271,'2854584',80,1,'2015-07-06 20:27:56'),(1272,'3201302',80,1,'2015-07-06 20:27:57'),(1273,'3003540',81,1,'2015-07-06 20:50:35'),(1274,'2451901',81,1,'2015-07-06 20:50:36'),(1275,'1276925',81,1,'2015-07-06 20:50:37'),(1276,'1542036',81,1,'2015-07-06 20:50:39'),(1277,'4662380',-1,1,'2015-07-06 20:50:40'),(1278,'2436502',81,1,'2015-07-06 20:50:40'),(1279,'1294657',81,1,'2015-07-06 20:50:41'),(1280,'2058821',81,1,'2015-07-06 20:50:41'),(1281,'3088954',79,1,'2015-07-08 04:37:49'),(1282,'3218153',79,1,'2015-07-08 04:37:50'),(1283,'2872170',79,1,'2015-07-08 04:37:51'),(1284,'2155473',79,1,'2015-07-08 04:37:52'),(1285,'3012310',79,1,'2015-07-08 04:37:55'),(1286,'4051077',-1,1,'2015-07-08 04:37:56'),(1287,'3646940',79,1,'2015-07-08 04:37:56'),(1288,'4354461',79,1,'2015-07-08 04:37:57'),(1289,'4734548',79,1,'2015-07-08 04:37:58'),(1290,'3580948',80,1,'2015-07-08 09:54:59'),(1291,'1307724',80,1,'2015-07-08 09:54:59'),(1292,'1629443',80,1,'2015-07-08 09:55:00'),(1293,'4617709',80,1,'2015-07-08 09:55:00'),(1294,'1313733',80,1,'2015-07-08 09:55:02'),(1295,'1056682',-1,1,'2015-07-08 09:55:03'),(1296,'1431002',80,1,'2015-07-08 09:55:04'),(1297,'3441305',80,1,'2015-07-08 09:55:04'),(1298,'4106916',80,1,'2015-07-08 09:55:05'),(1299,'1537982',81,1,'2015-07-08 10:02:11'),(1300,'3187469',81,1,'2015-07-08 10:02:12'),(1301,'4753559',81,1,'2015-07-08 10:02:13'),(1302,'4691820',81,1,'2015-07-08 10:02:14'),(1303,'2927911',81,1,'2015-07-08 10:02:18'),(1304,'3435964',-1,1,'2015-07-08 10:02:19'),(1305,'1864990',81,1,'2015-07-08 10:02:20'),(1306,'2995050',81,1,'2015-07-08 10:02:21'),(1307,'4908657',81,1,'2015-07-08 10:02:22'),(1308,'1614154',80,1,'2015-07-09 21:37:50'),(1309,'2060770',80,1,'2015-07-09 21:37:51'),(1310,'2134594',80,1,'2015-07-09 21:37:52'),(1311,'2277673',80,1,'2015-07-09 21:37:58'),(1312,'2327462',-1,1,'2015-07-09 21:38:00'),(1313,'2905134',80,1,'2015-07-09 21:38:01'),(1314,'4247963',80,1,'2015-07-09 21:38:02'),(1315,'3913081',80,1,'2015-07-09 21:38:03'),(1316,'2368892',80,1,'2015-07-10 20:22:52'),(1317,'3457843',80,1,'2015-07-10 20:22:52'),(1318,'2307309',80,1,'2015-07-10 20:22:53'),(1319,'4286285',80,1,'2015-07-10 20:22:53'),(1320,'4580297',80,1,'2015-07-10 20:22:54'),(1321,'4696769',-1,1,'2015-07-10 20:22:55'),(1322,'3109026',80,1,'2015-07-10 20:22:55'),(1323,'4526208',80,1,'2015-07-10 20:22:55'),(1324,'2044970',80,1,'2015-07-10 20:22:56'),(1325,'4170083',81,1,'2015-07-10 20:47:47'),(1326,'1727025',81,1,'2015-07-10 20:47:48'),(1327,'2456024',81,1,'2015-07-10 20:47:49'),(1328,'1771978',81,1,'2015-07-11 04:27:19'),(1329,'3465297',-1,1,'2015-07-11 04:27:44'),(1330,'1158982',81,1,'2015-07-11 04:27:45'),(1331,'3329823',81,1,'2015-07-11 04:27:45'),(1332,'4583180',81,1,'2015-07-11 04:27:46'),(1333,'3403807',80,1,'2015-07-12 13:28:06'),(1334,'2484373',81,1,'2015-07-22 16:41:14'),(1335,'4775273',81,1,'2015-07-22 16:41:15'),(1336,'3878906',80,1,'2015-07-22 16:46:48'),(1337,'4980434',80,1,'2015-07-22 16:46:51'),(1338,'2126720',-1,1,'2015-07-22 16:46:52'),(1339,'3022344',80,1,'2015-07-22 16:46:52'),(1340,'2246363',80,1,'2015-07-22 16:46:53'),(1341,'1975798',80,1,'2015-07-22 16:46:53'),(1342,'4784243',79,1,'2015-08-08 14:42:13'),(1343,'1612950',79,1,'2015-08-08 14:42:13'),(1344,'3935631',79,1,'2015-08-08 14:42:14'),(1345,'4046038',79,1,'2015-08-08 14:42:14'),(1346,'2850352',79,1,'2015-08-08 14:42:15'),(1347,'1477079',-1,1,'2015-08-08 14:42:16'),(1348,'3702315',79,1,'2015-08-08 14:42:16'),(1349,'1610318',79,1,'2015-08-08 14:42:17'),(1350,'3910253',79,1,'2015-08-08 14:42:17'),(1351,'3884891',79,1,'2015-09-09 10:43:54'),(1352,'4667908',79,1,'2015-09-09 10:43:55'),(1353,'2734366',79,1,'2015-09-09 10:43:56'),(1354,'3479401',79,1,'2015-09-09 10:43:59'),(1355,'2044668',-1,1,'2015-09-09 10:44:00'),(1356,'4648647',79,1,'2015-09-09 10:44:01'),(1357,'4725818',79,1,'2015-09-09 10:44:02'),(1358,'3993066',79,1,'2015-09-09 10:44:02'),(1359,'2271999',79,1,'2015-09-26 01:48:04'),(1360,'2415169',79,1,'2015-09-26 01:48:05'),(1361,'3027573',79,1,'2015-09-26 01:48:06'),(1362,'1606758',-1,1,'2015-09-26 01:48:07'),(1363,'3787247',79,1,'2015-09-26 01:48:07'),(1364,'1355671',79,1,'2015-09-26 01:48:08'),(1365,'1699710',79,1,'2015-09-26 01:48:08'),(1366,'1609480',79,1,'2015-10-22 02:46:18'),(1367,'1192658',79,1,'2015-10-22 02:46:22'),(1368,'2431453',79,1,'2015-10-22 02:46:23'),(1369,'1261252',-1,1,'2015-11-08 00:23:41'),(1370,'2017482',81,1,'2015-11-08 00:23:42'),(1371,'4685018',81,1,'2015-11-08 00:23:42'),(1372,'1901171',81,1,'2015-11-08 00:23:43'),(1373,'4128202',80,1,'2015-11-08 00:50:09'),(1374,'1976221',80,1,'2015-11-08 00:50:11'),(1375,'3143657',-1,1,'2015-11-08 00:50:12'),(1376,'3416753',80,1,'2015-11-08 00:50:12'),(1377,'2803932',80,1,'2015-11-08 00:50:13'),(1378,'1017275',80,1,'2015-11-08 00:50:14'),(1379,'1607400',79,1,'2015-11-11 07:17:31'),(1380,'1868500',-1,1,'2015-11-11 07:17:32'),(1381,'3587520',79,1,'2015-11-11 07:17:32'),(1382,'1819147',79,1,'2015-11-11 07:17:32'),(1383,'4254615',79,1,'2015-11-11 07:17:33'),(1384,'4783394',80,1,'2015-11-16 11:54:46'),(1385,'4565878',-1,1,'2015-11-16 11:54:47'),(1386,'2845123',80,1,'2015-11-16 11:54:47'),(1387,'2656965',80,1,'2015-11-16 11:54:48'),(1388,'3951851',80,1,'2015-11-16 11:54:48'),(1389,'3771879',81,1,'2016-04-01 01:44:58'),(1390,'3924701',-1,1,'2016-04-01 01:44:58'),(1391,'1446095',81,1,'2016-04-01 01:44:59'),(1392,'1959854',81,1,'2016-04-01 01:45:00'),(1393,'4765903',81,1,'2016-04-01 01:45:00');

--
-- Table structure for table `tbl_config`
--

CREATE TABLE `tbl_config` (
  `config_id` int(11) NOT NULL AUTO_INCREMENT,
  `config_groupid` int(11) DEFAULT '0',
  `config_variable` varchar(50) DEFAULT NULL,
  `config_name` varchar(50) DEFAULT NULL,
  `config_value` varchar(50) DEFAULT NULL,
  `config_type` varchar(50) DEFAULT NULL,
  `config_description` text,
  `config_possibles` text,
  `config_showmerchant` tinyint(4) DEFAULT '0',
  `config_sort` int(11) DEFAULT '0',
  `config_protected` tinyint(4) DEFAULT NULL,
  PRIMARY KEY (`config_id`),
  KEY `config_groupid` (`config_groupid`)
) ENGINE=MyISAM AUTO_INCREMENT=63 DEFAULT CHARSET=latin1;

--
-- Dumping data for table `tbl_config`
--

INSERT INTO `tbl_config` VALUES (8,3,'CompanyName','Company Name','Hamshaw Lumber, Inc.','text','This is the name of the store, used on invoices and in email confirmations.','',1,0,1),(9,3,'CompanyAddress1','Address 1','PO Box 725','text','The first line of the company address','',1,2,1),(10,3,'CompanyAddress2','Address 2','3 Bradco Street','text','The second line of the company address (if necessary).','',1,3,1),(11,3,'CompanyCity','City','Keene','text','The company\'s city.','',1,4,1),(12,3,'CompanyState','State / Prov','NH','text','The state or province the company is located in.','',1,5,1),(13,3,'CompanyZip','Postal Code','03431','text','The company\'s postal or zip code.','',1,6,1),(14,3,'CompanyCountry','Country','USA','text','The company\'s country.','',1,7,1),(15,3,'CompanyPhone','Phone','603-352-6506','text','The company phone number.','',1,8,1),(16,3,'CompanyFax','Fax','603-352-8455','text','The company fax number.','',1,9,1),(17,3,'CompanyEmail','Email','info@hamshawlumber.com','text','This is the company email. All automated emails are sent from this address, and order confirmations are sent to this address.','',1,10,1),(18,5,'ChargeTaxonShipping','Charge Tax on Shipping','False','boolean','Determines whether tax is charged on the shipping total for an order.','',1,0,1),(19,5,'DisplayLineItemTaxes','Display Line Item Taxes','False','boolean','Determines whether line item taxes are displayed in the customer\'s shopping cart.','',1,0,1),(20,5,'DisplayTaxOnProduct','Display Product Price Including and Excluding Tax','False','boolean','Determines whether prices including taxes are displayed on the product detail pages.','',1,0,1),(21,5,'TaxIDNumber','Tax ID Number','','text','Tax ID Number, or VAT number. Can be displayed on the customer invoice if necessary.','',1,0,1),(22,5,'DisplayTaxID','Display TAX ID Number on Invoice','False','boolean','Determines whether the Tax ID Number is displayed on the customer\'s invoice.','',1,0,1),(25,6,'EnableShipping','Enable Shipping','False','boolean','Determines if shipping calculations are performed during checkout.','',1,1,1),(26,6,'ChargeShipBase','Charge Base','False','boolean','Determines if a base rate is charged during shipping calculations.','',1,2,1),(28,6,'ChargeShipExtension','Charge Location Extension','False','boolean','Determines if an additional charge is added to the shipping costs based on the user\'s geographical location.','',1,4,1),(29,7,'AllowBackOrders','Allow Backorders','True','boolean','Determines if backorders are allowed in the application. If this option is disabled, all products must have a positive stock count in order to display on the site.','',1,0,1),(30,7,'showupsell','Show Upsell','True','boolean','Determines whether upsell products are displayed on the product details pages.','',1,0,1),(31,7,'shipcalctype','Ship Calculation Type','localcalc','text','Determines the type of shipping calculation to perform. The default application only supports local shipping calculations.','',0,0,1),(32,8,'NumberOfColumns','Number of Columns','3','text','The number of columns to be displayed on the product results page. Set this value to 1 to show the product short description and image. Set this value to any number greater than 1 to show only the product name and image in multiple columns.','',1,0,1),(33,8,'ResultsPerPage','Results per Page','12','text','This value should be evenly divisible by the Number of Columns in order to ensure correct display for multi-column results.','',1,0,1),(34,8,'DetailsDisplay','Details Display','Tables','select','Determines how product option details are displayed.','Advanced|Advanced\r\nSimple|Simple\r\nTables|Tables',1,0,1),(36,10,'ShowENV','Show Environment Variables','True','boolean','Show environment variables when debugging is turned on','NULL',0,1,1),(37,10,'ShowSession','Show Session Variables','True','boolean','Show session variables when debugging is turned on','NULL',0,2,1),(38,10,'ShowRequest','Show Request Variables','True','boolean','Show request variables when debugging is turned on','NULL',0,3,1),(39,10,'ShowServer','Show Server Variables','False','boolean','Show server variables when debugging is turned on','NULL',0,4,1),(40,10,'ShowURL','Show URL Variables','False','boolean','Show URL variables when debugging is turned on','NULL',0,5,1),(41,10,'ShowLocal','Show Local Variables (and queries)','False','boolean','Show local variables when debugging is turned on','NULL',0,6,1),(42,10,'ShowForm','Show Form Variables','False','boolean','Show form variables when debugging is turned on','NULL',0,7,1),(43,10,'ShowCookie','Show Cookie Variables','False','boolean','Show cookie variables when debugging is turned on','NULL',0,8,1),(44,10,'ShowFile','Show File Variables','False','boolean','Show File variables when debugging is turned on','NULL',0,9,1),(45,10,'ShowDebugLink','Show Debug Link','False','boolean','If debugging is turned on, should the cart show a link?','',0,0,1),(46,10,'EnableDebugging','Enable Debugging','True','boolean','Enable debugging during development.','NULL',0,0,1),(47,11,'DisplayLineItemDiscount','Display Line Item Discount','True','boolean','Displays a line item discount in the shopping cart if checked and if the product is discounted','NULL',1,0,0),(48,11,'EnableDiscounts','Enable Discounts','True','boolean','Enables the discount feature in the store. If unchecked, discounts are disabled.','NULL',1,0,0),(50,11,'DisplayDiscountNotes','Display Discount Notes on Cart','True','boolean','Show an asterisk in the cart line item and tie it to a discount description below.','NULL',1,5,0),(51,8,'ShowImageInCart','Show Small Image in Cart','False','boolean','Determines whether the extra small images are displayed in the\r\nuser\'s cart.\r\n','NULL',1,0,0),(52,6,'ChargeShipBy','Charge Range Based On','None','select','This value determines how shipping ranges are calculated. This value is either ignored (if set to \"None\"), or shipping ranges are calculated on the Cart Subtotal or total Cart Weight','None|None\r\nCart Subtotal|Subtotal\r\nCart Weight|Weight',1,0,0),(53,8,'RelateCategoriesSecondaries','Relate Categories/Secondaries','False','boolean','Check the box if your categories and secondary categories are related. Relationships are handled at the product level.','NULL',1,0,0),(54,8,'ShowImagePopup','Show Expanded Image Popup','True','boolean','Determines whether a popup image is shown on the details page.','NULL',1,0,0),(55,7,'VersionNumber','Cartweaver Version Number','3.1.16','text','The current Cartweaver version number is stored here for ','NULL',1,100,0),(57,3,'DeveloperEmail','Developer Email','webmaster@cheshirehorse.com','text','Debugging and error emails will go to this address. If not defined, emails will go to the CompanyEmail','NULL',0,100,NULL),(58,10,'EnableErrorHandling','Enable Error Handling','False','boolean','Determines whether or not error handling will be enabled on the site.','NULL',0,0,1),(59,5,'TaxSystem','Tax System','General','radio','Determine which tax system to use -- tax groups or general tax','Groups|Groups\r\nGeneral|General',0,10,NULL),(60,5,'ChargeTaxBasedOn','ChargeTaxBasedOn','Shipping','radio','Taxes can be charged based on billing or shipping address, depending on state/country laws','Shipping Address|Shipping\r\nBilling Address|Billing',0,10,NULL),(61,7,'ContinueShopping','Continue Shopping','Details','radio','When the user clicks Continue Shopping on the cart page after adding an item, they can return to details, results, or home page','Details|Details\r\nResults|Results\r\nHome|Home',1,10,NULL),(62,6,'ShowShippingInfo','Show Shipping Information','False','boolean','Shows the shipping form fields on the order form if checked','',1,100,0);

--
-- Table structure for table `tbl_configgroup`
--

CREATE TABLE `tbl_configgroup` (
  `configgroup_id` int(11) NOT NULL AUTO_INCREMENT,
  `configgroup_name` varchar(50) DEFAULT NULL,
  `configgroup_sort` int(11) DEFAULT '0',
  `configgroup_showmerchant` tinyint(4) DEFAULT '0',
  `configgroup_protected` tinyint(4) DEFAULT NULL,
  PRIMARY KEY (`configgroup_id`)
) ENGINE=MyISAM AUTO_INCREMENT=12 DEFAULT CHARSET=latin1;

--
-- Dumping data for table `tbl_configgroup`
--

INSERT INTO `tbl_configgroup` VALUES (3,'Company Info.',0,1,1),(5,'Tax Settings',0,1,1),(6,'Shipping Settings',0,1,1),(7,'Misc. Settings',0,1,1),(8,'Display Settings',0,1,1),(10,'Debug Settings',0,0,0),(11,'Discount Settings',0,1,1);

--
-- Table structure for table `tbl_custstate`
--

CREATE TABLE `tbl_custstate` (
  `CustSt_ID` int(11) NOT NULL AUTO_INCREMENT,
  `CustSt_Cust_ID` varchar(50) NOT NULL DEFAULT '',
  `CustSt_StPrv_ID` int(11) DEFAULT NULL,
  `CustSt_Destination` varchar(50) DEFAULT NULL,
  PRIMARY KEY (`CustSt_ID`),
  KEY `tbl_Customerstbl_Cust_State` (`CustSt_Cust_ID`),
  KEY `tbl_StateProvtbl_Cust_StProvCntry_relation` (`CustSt_StPrv_ID`)
) ENGINE=MyISAM AUTO_INCREMENT=128 DEFAULT CHARSET=latin1;

--
-- Dumping data for table `tbl_custstate`
--

INSERT INTO `tbl_custstate` VALUES (117,'1',1,'BillTo'),(118,'1',1,'ShipTo'),(126,'D3970516-11-10-06',6,'BillTo'),(127,'D3970516-11-10-06',6,'ShipTo');

--
-- Table structure for table `tbl_custtype`
--

CREATE TABLE `tbl_custtype` (
  `custtype_ID` int(11) NOT NULL AUTO_INCREMENT,
  `custtype_Name` varchar(50) DEFAULT NULL,
  PRIMARY KEY (`custtype_ID`)
) ENGINE=MyISAM AUTO_INCREMENT=3 DEFAULT CHARSET=latin1;

--
-- Dumping data for table `tbl_custtype`
--

INSERT INTO `tbl_custtype` VALUES (1,'Retail'),(2,'Wholesale');

--
-- Table structure for table `tbl_discount_amounts`
--

CREATE TABLE `tbl_discount_amounts` (
  `discountAmount_id` int(11) NOT NULL AUTO_INCREMENT,
  `discountAmount_discount_id` int(11) NOT NULL DEFAULT '0',
  `discountAmount_discount` decimal(20,4) NOT NULL DEFAULT '0.0000',
  `discountAmount_minimumQty` int(11) DEFAULT NULL,
  `discountAmount_minimumAmount` decimal(20,4) DEFAULT NULL,
  `discountAmount_rateType` varchar(50) DEFAULT NULL,
  PRIMARY KEY (`discountAmount_id`)
) ENGINE=MyISAM AUTO_INCREMENT=38 DEFAULT CHARSET=latin1;

--
-- Dumping data for table `tbl_discount_amounts`
--

INSERT INTO `tbl_discount_amounts` VALUES (35,64,10.0000,0,0.0000,'0'),(36,65,15.0000,0,0.0000,'0'),(37,66,10.0000,0,0.0000,'0');

--
-- Table structure for table `tbl_discount_apply_types`
--

CREATE TABLE `tbl_discount_apply_types` (
  `discountApplyType_id` int(11) NOT NULL AUTO_INCREMENT,
  `discountApplyType_desc` varchar(100) NOT NULL DEFAULT '',
  `discountApplyType_archive` tinyint(4) NOT NULL DEFAULT '0',
  PRIMARY KEY (`discountApplyType_id`)
) ENGINE=MyISAM AUTO_INCREMENT=2 DEFAULT CHARSET=latin1;

--
-- Dumping data for table `tbl_discount_apply_types`
--

INSERT INTO `tbl_discount_apply_types` VALUES (1,'Purchase',0);

--
-- Table structure for table `tbl_discount_types`
--

CREATE TABLE `tbl_discount_types` (
  `discountType_id` int(11) NOT NULL AUTO_INCREMENT,
  `discountType_desc` varchar(100) DEFAULT NULL,
  `discountType_archive` tinyint(4) DEFAULT NULL,
  PRIMARY KEY (`discountType_id`)
) ENGINE=MyISAM AUTO_INCREMENT=2 DEFAULT CHARSET=latin1;

--
-- Dumping data for table `tbl_discount_types`
--

INSERT INTO `tbl_discount_types` VALUES (1,'Flat Rate',0);

--
-- Table structure for table `tbl_discount_usage`
--

CREATE TABLE `tbl_discount_usage` (
  `discountUsage_id` int(11) NOT NULL AUTO_INCREMENT,
  `discountUsage_customer` varchar(50) DEFAULT NULL,
  `discountUsage_discount_id` int(11) DEFAULT '0',
  `discountUsage_count` int(11) DEFAULT '0',
  PRIMARY KEY (`discountUsage_id`),
  KEY `discountUsage_discount_id` (`discountUsage_discount_id`)
) ENGINE=MyISAM AUTO_INCREMENT=7 DEFAULT CHARSET=latin1;

--
-- Dumping data for table `tbl_discount_usage`
--

INSERT INTO `tbl_discount_usage` VALUES (4,'1',64,1),(5,'D3970516-11-10-06',65,1),(6,'1',65,1);

--
-- Table structure for table `tbl_discounts`
--

CREATE TABLE `tbl_discounts` (
  `discount_id` int(11) NOT NULL AUTO_INCREMENT,
  `discount_reference_id` varchar(50) DEFAULT NULL,
  `discount_name` varchar(100) DEFAULT NULL,
  `discount_description` varchar(100) DEFAULT NULL,
  `discount_promotionalCode` varchar(100) DEFAULT NULL,
  `discount_startDate` datetime DEFAULT NULL,
  `discount_endDate` datetime DEFAULT NULL,
  `discount_archive` tinyint(4) DEFAULT NULL,
  `discount_type` int(11) DEFAULT NULL,
  `discount_applyType` int(11) DEFAULT NULL,
  `discount_usage` int(11) DEFAULT NULL,
  `discount_limit` int(11) DEFAULT NULL,
  `discount_showDesc` int(11) DEFAULT NULL,
  `discount_applyTo` varchar(50) DEFAULT NULL,
  PRIMARY KEY (`discount_id`)
) ENGINE=MyISAM AUTO_INCREMENT=67 DEFAULT CHARSET=latin1;

--
-- Dumping data for table `tbl_discounts`
--

INSERT INTO `tbl_discounts` VALUES (64,'test','test','test','','2006-10-01 00:00:00','2006-11-07 00:00:00',0,1,1,NULL,0,1,'specific'),(65,'MailerDiscount_001','Mailer Discount','Discount code sent out in mailer','MailerDiscount_11032006','2006-11-03 00:00:00','2008-11-24 00:00:00',0,1,1,NULL,0,1,'all'),(66,'GlobalDiscount001','Global Discount','Your discount \"Description\" is displayed here. \"For a limited time 10% everything!\"','','2006-11-03 00:00:00','2009-11-10 00:00:00',0,1,1,NULL,0,1,'all');

--
-- Table structure for table `tbl_discounts_products_rel`
--

CREATE TABLE `tbl_discounts_products_rel` (
  `discounts_products_rel_id` int(11) NOT NULL AUTO_INCREMENT,
  `discounts_products_rel_discount_id` int(11) NOT NULL DEFAULT '0',
  `discounts_products_rel_prod_id` int(11) NOT NULL DEFAULT '0',
  `discounts_products_rel_active` int(11) NOT NULL DEFAULT '1',
  PRIMARY KEY (`discounts_products_rel_id`)
) ENGINE=MyISAM DEFAULT CHARSET=latin1;

--
-- Dumping data for table `tbl_discounts_products_rel`
--


--
-- Table structure for table `tbl_discounts_skus_rel`
--

CREATE TABLE `tbl_discounts_skus_rel` (
  `discounts_skus_rel_id` int(11) NOT NULL AUTO_INCREMENT,
  `discounts_skus_rel_discount_id` int(11) NOT NULL DEFAULT '0',
  `discounts_skus_rel_sku_id` int(11) NOT NULL DEFAULT '0',
  `discounts_skus_rel_active` int(11) NOT NULL DEFAULT '1',
  PRIMARY KEY (`discounts_skus_rel_id`)
) ENGINE=MyISAM AUTO_INCREMENT=65 DEFAULT CHARSET=latin1;

--
-- Dumping data for table `tbl_discounts_skus_rel`
--

INSERT INTO `tbl_discounts_skus_rel` VALUES (64,64,29,1);

--
-- Table structure for table `tbl_list_ccards`
--

CREATE TABLE `tbl_list_ccards` (
  `ccard_ID` int(11) NOT NULL AUTO_INCREMENT,
  `ccard_Name` varchar(50) DEFAULT NULL,
  `ccard_Code` varchar(50) DEFAULT NULL,
  `ccard_Archive` smallint(6) DEFAULT '0',
  PRIMARY KEY (`ccard_ID`),
  KEY `ccard_code` (`ccard_Code`)
) ENGINE=MyISAM AUTO_INCREMENT=19 DEFAULT CHARSET=latin1;

--
-- Dumping data for table `tbl_list_ccards`
--

INSERT INTO `tbl_list_ccards` VALUES (2,'Master Card','master',0),(3,'American Express','amex',0),(4,'Discover','discover',0),(18,'Visa','visa',0);

--
-- Table structure for table `tbl_list_countries`
--

CREATE TABLE `tbl_list_countries` (
  `country_ID` int(11) NOT NULL AUTO_INCREMENT,
  `country_Name` varchar(50) DEFAULT NULL,
  `country_Code` varchar(50) DEFAULT NULL,
  `country_Sort` int(11) DEFAULT '0',
  `country_Archive` smallint(6) DEFAULT '0',
  `country_DefaultCountry` int(11) DEFAULT '0',
  PRIMARY KEY (`country_ID`),
  KEY `region_code` (`country_Code`)
) ENGINE=MyISAM AUTO_INCREMENT=9 DEFAULT CHARSET=latin1;

--
-- Dumping data for table `tbl_list_countries`
--

INSERT INTO `tbl_list_countries` VALUES (1,'United States','USA',1,0,0),(2,'US Territories','USA_Terr',2,0,0),(3,'Canada','CA',3,0,0),(4,'Italy','IT',0,0,0),(5,'United Kingdom','UK',4,0,1),(6,'France','FRA',0,0,0),(7,'Belgium','BEL',0,0,0),(8,'Germany','GER',0,0,0);

--
-- Table structure for table `tbl_list_imagetypes`
--

CREATE TABLE `tbl_list_imagetypes` (
  `imgType_ID` int(11) NOT NULL AUTO_INCREMENT,
  `imgType_Name` varchar(100) DEFAULT NULL,
  `imgType_SortOrder` int(11) DEFAULT NULL,
  `imgType_Folder` varchar(50) DEFAULT NULL,
  PRIMARY KEY (`imgType_ID`)
) ENGINE=MyISAM AUTO_INCREMENT=5 DEFAULT CHARSET=latin1;

--
-- Dumping data for table `tbl_list_imagetypes`
--

INSERT INTO `tbl_list_imagetypes` VALUES (1,'Thumbnail',1,'cw3/assets/product_thumb/'),(2,'Large',2,'cw3/assets/product_full/'),(3,'Expanded',3,'cw3/assets/product_expanded/'),(4,'Extra Small Image',4,'cw3/assets/product_small/');

--
-- Table structure for table `tbl_list_optiontypes`
--

CREATE TABLE `tbl_list_optiontypes` (
  `optiontype_ID` int(11) NOT NULL AUTO_INCREMENT,
  `optiontype_Required` tinyint(4) DEFAULT '1',
  `optiontype_Name` varchar(75) DEFAULT NULL,
  `optiontype_Archive` smallint(6) DEFAULT '0',
  `optiontype_sort` int(3) NOT NULL,
  PRIMARY KEY (`optiontype_ID`)
) ENGINE=MyISAM AUTO_INCREMENT=14 DEFAULT CHARSET=latin1;

--
-- Dumping data for table `tbl_list_optiontypes`
--

INSERT INTO `tbl_list_optiontypes` VALUES (5,1,'Width',0,2),(10,1,'Thickness',0,1),(7,1,'Length',0,3),(9,1,'Color',0,0),(11,1,'Edge',0,99),(12,1,'Size',0,0),(13,1,'Finish',0,1);

--
-- Table structure for table `tbl_list_shipstatus`
--

CREATE TABLE `tbl_list_shipstatus` (
  `shipstatus_id` int(11) NOT NULL AUTO_INCREMENT,
  `shipstatus_Name` varchar(70) DEFAULT NULL,
  `shipstatus_Sort` int(11) DEFAULT NULL,
  PRIMARY KEY (`shipstatus_id`)
) ENGINE=MyISAM AUTO_INCREMENT=6 DEFAULT CHARSET=latin1;

--
-- Dumping data for table `tbl_list_shipstatus`
--

INSERT INTO `tbl_list_shipstatus` VALUES (1,'Pending',1),(2,'Verified',2),(3,'Shipped',3),(4,'Canceled',4),(5,'Returned',5);

--
-- Table structure for table `tbl_orders`
--

CREATE TABLE `tbl_orders` (
  `order_ID` varchar(75) NOT NULL DEFAULT '',
  `order_TransactionID` varchar(50) DEFAULT NULL,
  `order_Date` datetime DEFAULT NULL,
  `order_Status` int(11) DEFAULT '0',
  `order_CustomerID` varchar(50) NOT NULL DEFAULT '',
  `order_Tax` double DEFAULT '0',
  `order_Shipping` double DEFAULT NULL,
  `order_ShippingTax` double DEFAULT NULL,
  `order_Total` double DEFAULT '0',
  `order_ShipMeth_ID` int(11) DEFAULT '0',
  `order_ShipDate` datetime DEFAULT NULL,
  `order_ShipTrackingID` varchar(100) DEFAULT NULL,
  `order_Address1` varchar(125) DEFAULT NULL,
  `order_Address2` varchar(50) DEFAULT NULL,
  `order_City` varchar(100) DEFAULT NULL,
  `order_State` varchar(50) DEFAULT NULL,
  `order_Zip` varchar(50) DEFAULT NULL,
  `order_Country` varchar(75) DEFAULT NULL,
  `order_Notes` text,
  `order_ActualShipCharge` double DEFAULT '0',
  `order_ShipName` varchar(75) DEFAULT NULL,
  `order_Comments` varchar(255) DEFAULT NULL,
  `order_DiscountID` int(11) DEFAULT '0',
  `order_DiscountAmount` double DEFAULT '0',
  PRIMARY KEY (`order_ID`),
  KEY `order_Discountid` (`order_DiscountID`),
  KEY `order_ShipTrackingID` (`order_ShipTrackingID`),
  KEY `tbl_Customerstbl_Orders` (`order_CustomerID`),
  KEY `FK_cw3_tbl_list_shipstatus_tbl_orders` (`order_Status`),
  KEY `FK_cw3_tbl_shipmethod_tbl_orders` (`order_ShipMeth_ID`)
) ENGINE=MyISAM DEFAULT CHARSET=latin1;

--
-- Dumping data for table `tbl_orders`
--


--
-- Table structure for table `tbl_orderskus`
--

CREATE TABLE `tbl_orderskus` (
  `orderSKU_ID` int(11) NOT NULL AUTO_INCREMENT,
  `orderSKU_OrderID` varchar(50) NOT NULL DEFAULT '',
  `orderSKU_SKU` int(11) NOT NULL DEFAULT '0',
  `orderSKU_Quantity` int(11) DEFAULT NULL,
  `orderSKU_UnitPrice` double DEFAULT NULL,
  `orderSKU_SKUTotal` double DEFAULT '0',
  `orderSKU_Picked` smallint(6) DEFAULT '0',
  `orderSKU_TaxRate` double DEFAULT '0',
  `orderSKU_TaxRateID` int(11) DEFAULT '0',
  `orderSKU_DiscountID` int(11) DEFAULT '0',
  `orderSKU_DiscountAmount` double DEFAULT '0',
  PRIMARY KEY (`orderSKU_ID`),
  KEY `orderSKU_DiscountID` (`orderSKU_DiscountID`),
  KEY `orderSKU_TaxRateID` (`orderSKU_TaxRateID`),
  KEY `tbl_Orderstbl_OrderSKUs` (`orderSKU_OrderID`),
  KEY `tbl_SKUstbl_OrderSKUs` (`orderSKU_SKU`)
) ENGINE=MyISAM AUTO_INCREMENT=58 DEFAULT CHARSET=latin1;

--
-- Dumping data for table `tbl_orderskus`
--


--
-- Table structure for table `tbl_prdtcat_rel`
--

CREATE TABLE `tbl_prdtcat_rel` (
  `prdt_cat_rel_ID` int(11) NOT NULL AUTO_INCREMENT,
  `prdt_cat_rel_Product_ID` int(11) DEFAULT '0',
  `prdt_cat_rel_Cat_ID` int(11) DEFAULT '0',
  PRIMARY KEY (`prdt_cat_rel_ID`),
  KEY `tbl_PrdtCategoriestbl_prdtcat_rel` (`prdt_cat_rel_Cat_ID`),
  KEY `tbl_Productstbl_prdtcat_rel` (`prdt_cat_rel_Product_ID`)
) ENGINE=MyISAM AUTO_INCREMENT=133 DEFAULT CHARSET=latin1;

--
-- Dumping data for table `tbl_prdtcat_rel`
--

INSERT INTO `tbl_prdtcat_rel` VALUES (117,34,78),(88,35,75),(84,33,78),(83,33,8),(116,34,75),(115,34,8),(114,34,22),(87,35,8),(89,35,78),(90,36,8),(91,36,75),(92,36,78),(98,38,46),(97,38,9),(126,39,9),(125,39,22),(101,40,80),(102,41,8),(103,41,80),(104,42,8),(105,42,80),(106,42,10),(107,42,50),(111,43,22),(112,43,21),(128,44,21),(132,45,21),(124,46,117),(123,46,22),(127,39,46);

--
-- Table structure for table `tbl_prdtcategories`
--

CREATE TABLE `tbl_prdtcategories` (
  `category_ID` int(11) NOT NULL AUTO_INCREMENT,
  `category_Name` varchar(75) DEFAULT NULL,
  `category_archive` smallint(6) DEFAULT '0',
  `category_sortorder` int(11) DEFAULT '0',
  PRIMARY KEY (`category_ID`)
) ENGINE=MyISAM AUTO_INCREMENT=134 DEFAULT CHARSET=latin1;

--
-- Dumping data for table `tbl_prdtcategories`
--

INSERT INTO `tbl_prdtcategories` VALUES (6,'ENGINEERED LUMBER',0,30),(5,'LUMBER',0,10),(7,'DRYWALL',0,40),(8,'PANEL PRODUCTS',0,50),(9,'SIDING & EXTERIOR',0,60),(10,'FENCING & LANDSCAPE',0,80),(11,'INTERIOR FINISH & MILLWORK',0,90),(12,'DOORS & WINDOWS',0,100),(13,'INSULATION',0,110),(14,'ROOFING',0,120),(15,'FASTENERS',0,130),(16,'TOOLS',0,140),(17,'HARDWARE',0,150),(18,'PAINT & STAIN',0,160),(19,'FLOORING',0,170),(20,'KITCHEN & BATH',0,180),(21,'WOOD PELLETS',0,190),(22,'FEATURED',0,0),(23,'SPECIALTY LUMBER',0,20),(24,'DECKING PRODUCTS',0,70),(25,'Dimensional Lumber',0,11),(26,'Treated Lumber',0,12),(27,'Hardwoods',0,13),(28,'Pine Boards',0,14),(29,'Fire Retardant Lumber',0,17),(30,'FSC Certified Lumber',0,18),(31,'Timbers',0,19),(32,'LVLs',0,31),(33,'I-Joists',0,32),(34,'Trusses',0,33),(35,'Simpson Engineered Hangers',0,34),(36,'Wood Fencing',0,81),(37,'Fence Poles',0,82),(38,'Vinyl Fencing',0,83),(39,'Landscape Timbers',0,84),(40,'Rolled Fencing Products',0,85),(41,'Vinyl Siding',0,61),(42,'Vinyl Siding Accessories',0,62),(43,'Clapboards',0,63),(44,'Shingles',0,64),(45,'Plywood Siding',0,65),(46,'Fiber Cement Siding',0,66),(47,'Azek PVC Products',0,67),(48,'Trim Cedar',0,68),(49,'Exterior Coatings',0,69),(50,'Concrete Products',0,86),(51,'Recreational Products',0,87),(52,'Drywall Panels',0,41),(53,'Exterior Panels',0,42),(54,'Underlay Panels',0,43),(55,'Joint Compounds',0,44),(56,'Drywall Accessories',0,45),(57,'Fiberglass Insulation',0,111),(58,'Board Insulation',0,112),(59,'Blown-In Insulation',0,113),(60,'Spray-In Insulation',0,114),(61,'House Wrap & Building Envelope',0,115),(62,'Insulation Accessories',0,116),(63,'IKO Asphalt Shingles',0,121),(64,'Fabral Metal Roofing',0,122),(65,'Shingle Roofing',0,123),(66,'Roll Roofing',0,124),(67,'PVC & Fiberglass Roofing',0,125),(68,'Roofing Felt',0,126),(69,'Roof Coatings',0,127),(70,'Flashing',0,128),(71,'Roofing Accessories',0,129),(72,'Ladders',0,141),(73,'Power Tools',0,142),(74,'Pneumatic Tools',0,143),(75,'Plywood & Sheathing',0,51),(76,'Cabinet Plywood',0,52),(77,'Treated Plywood',0,53),(78,'OSB',0,54),(79,'Interior Paneling',0,55),(80,'Other Panel Products',0,56),(81,'Treated Decking',0,71),(82,'Exotic Hardwood Decking',0,72),(83,'Cedar Decking',0,73),(84,'Composite Decking',0,74),(85,'Railing & Trim Products',0,75),(86,'Cedar Lumber',0,21),(87,'Fir Lumber',0,22),(88,'Red Pine Lumber',0,23),(89,'Mahogany Lumber',0,24),(90,'Hemlock Lumber',0,25),(91,'Primed Boards',0,15),(92,'Treated Boards',0,16),(93,'Moulding',0,91),(94,'Millwork & Pattern Boards',0,92),(95,'Ceiling Panels',0,93),(96,'Treads, Sills, & Jambs',0,94),(97,'Interior Doors',0,101),(98,'Exterior Doors',0,102),(99,'Garage Doors & Openers',0,103),(100,'Sliding Doors',0,104),(101,'Storm & Screen Doors',0,105),(102,'Skylights',0,106),(103,'Blinds & Shutters',0,107),(104,'Anderson Doors & Windows',0,109),(105,'Brosco Doors & Windows',0,109),(106,'Jeld-Wen Doors',0,109),(107,'Silver Line Windows',0,109),(108,'Velux Skylights',0,109),(109,'Simpson Doors',0,109),(110,'Therma-Tru Doors',0,109),(111,'Plastic Sheeting',0,117),(112,'Nails',0,131),(113,'Collated Nails',0,132),(114,'Screws',0,133),(115,'Joist Hangers',0,134),(116,'Adhesive Products',0,135),(117,'Benjamin Moore Paints',0,161),(118,'Ace Paints & Stains',0,162),(119,'Cabot Stains',0,163),(120,'Other Paints & Stains',0,164),(121,'Hardwood Flooring',0,171),(122,'Carpet',0,172),(123,'Vinyl Flooring',0,173),(124,'Pine Flooring',0,174),(125,'Laminate Flooring',0,175),(126,'Covebase',0,176),(127,'Flooring Accessories',0,177),(128,'Cabinets',0,181),(129,'Vanities',0,182),(130,'Countertops',0,183),(131,'Sinks',0,184),(132,'Bath Fixtures',0,185),(133,'Faucets',0,186);

--
-- Table structure for table `tbl_prdtimages`
--

CREATE TABLE `tbl_prdtimages` (
  `prdctImage_ID` int(11) NOT NULL AUTO_INCREMENT,
  `prdctImage_ProductID` int(11) DEFAULT '0',
  `prdctImage_ImgTypeID` int(11) DEFAULT '0',
  `prdctImage_FileName` varchar(50) DEFAULT NULL,
  `prdctImage_SortOrder` int(11) DEFAULT '0',
  PRIMARY KEY (`prdctImage_ID`),
  KEY `tbl_list_ImageTypestbl_PrdtImages` (`prdctImage_ImgTypeID`),
  KEY `tbl_Productstbl_PrdtImages` (`prdctImage_ProductID`)
) ENGINE=MyISAM AUTO_INCREMENT=99 DEFAULT CHARSET=latin1;

--
-- Dumping data for table `tbl_prdtimages`
--

INSERT INTO `tbl_prdtimages` VALUES (68,33,1,'AdvantechFlooring-t.jpg',1),(69,33,2,'AdvantechFlooring.jpg',1),(70,34,1,'AdvantechSheathing-t.jpg',1),(71,34,2,'AdvantechSheathing.jpg',1),(72,35,1,'ZipSystemRoofSheathing-t.jpg',1),(73,35,2,'ZipSystemRoofSheathing.jpg',1),(74,36,1,'ZipSystemWallSheathing-t.jpg',1),(75,36,2,'ZipSystemWallSheathing.jpg',1),(76,37,1,'ZipSystemTape-t.jpg',1),(77,37,2,'ZipSystemTape.jpg',1),(78,37,4,'ZipSystemTape-xs.jpg',1),(79,38,1,'HardiePlankSmooth-t.jpg',1),(80,38,2,'HardiePlankSmooth.jpg',1),(81,39,1,'HardiePlankTextured-t.jpg',1),(82,39,2,'HardiePlankTextured.jpg',1),(83,40,1,'Homasote440-t.jpg',1),(84,40,2,'Homasote440.jpg',1),(85,41,1,'NovaCork-t.jpg',1),(86,41,2,'NovaCork.jpg',1),(87,42,1,'Homex300-t.jpg',1),(88,42,2,'Homex300.jpg',1),(89,43,1,'NewEnglandWoodPellets_t.jpg',1),(90,43,2,'NewEnglandWoodPellets.gif',1),(91,44,1,'barefoot_t.jpg',1),(92,44,2,'barefoot.jpg',1),(97,45,1,'Okanangan_Pellets_t.jpg',1),(95,46,1,'benmoorenature_t.jpg',1),(96,46,2,'BenMooreNatura.jpg',1),(98,45,2,'Okanangan_Pellets.JPG',1);

--
-- Table structure for table `tbl_prdtoption_rel`
--

CREATE TABLE `tbl_prdtoption_rel` (
  `optn_rel_ID` int(11) NOT NULL AUTO_INCREMENT,
  `optn_rel_Prod_ID` int(11) NOT NULL DEFAULT '0',
  `optn_rel_OptionType_ID` int(11) NOT NULL DEFAULT '0',
  PRIMARY KEY (`optn_rel_ID`),
  KEY `tbl_list_OptionTypestbl_ProductOption_rel` (`optn_rel_OptionType_ID`),
  KEY `tbl_Productstbl_ProductOption_rel` (`optn_rel_Prod_ID`)
) ENGINE=MyISAM AUTO_INCREMENT=234 DEFAULT CHARSET=latin1;

--
-- Dumping data for table `tbl_prdtoption_rel`
--

INSERT INTO `tbl_prdtoption_rel` VALUES (226,46,12),(225,46,13),(233,45,12),(185,33,5),(184,33,10),(183,33,7),(221,34,5),(220,34,10),(219,34,7),(218,34,11),(193,35,5),(192,35,10),(191,35,7),(190,35,11),(194,36,7),(195,36,10),(196,36,5),(202,38,5),(201,38,7),(228,39,5),(227,39,7),(205,40,7),(206,40,10),(207,40,5),(208,41,7),(209,41,10),(210,41,5),(211,42,7),(212,42,10),(213,42,5),(216,43,12),(229,44,12);

--
-- Table structure for table `tbl_prdtscndcat_rel`
--

CREATE TABLE `tbl_prdtscndcat_rel` (
  `prdt_scnd_rel_ID` int(11) NOT NULL AUTO_INCREMENT,
  `prdt_scnd_rel_Product_ID` int(11) DEFAULT '0',
  `prdt_scnd_rel_ScndCat_ID` int(11) DEFAULT '0',
  PRIMARY KEY (`prdt_scnd_rel_ID`),
  KEY `tbl_PrdtScndCategoriestbl_PrdtScndCtgry_rel` (`prdt_scnd_rel_ScndCat_ID`),
  KEY `tbl_Productstbl_PrdtScndCtgry_rel` (`prdt_scnd_rel_Product_ID`)
) ENGINE=MyISAM AUTO_INCREMENT=252 DEFAULT CHARSET=latin1;

--
-- Dumping data for table `tbl_prdtscndcat_rel`
--

INSERT INTO `tbl_prdtscndcat_rel` VALUES (250,46,12),(235,33,8),(249,34,8),(237,35,9),(238,36,9),(241,37,9),(244,38,10),(251,39,10),(246,40,11),(247,41,11),(248,42,11);

--
-- Table structure for table `tbl_prdtscndcats`
--

CREATE TABLE `tbl_prdtscndcats` (
  `scndctgry_ID` int(11) NOT NULL AUTO_INCREMENT,
  `scndctgry_Name` varchar(100) DEFAULT NULL,
  `scndctgry_Archive` smallint(6) DEFAULT '0',
  `scndctgry_Sort` int(11) DEFAULT '0',
  PRIMARY KEY (`scndctgry_ID`)
) ENGINE=MyISAM AUTO_INCREMENT=13 DEFAULT CHARSET=latin1;

--
-- Dumping data for table `tbl_prdtscndcats`
--

INSERT INTO `tbl_prdtscndcats` VALUES (8,'Advantech',0,100),(9,'Zip System',0,2600),(10,'James Hardie',0,1000),(11,'Homasote',0,800),(12,'Benjamin Moore',0,200);

--
-- Table structure for table `tbl_prdtupsell`
--

CREATE TABLE `tbl_prdtupsell` (
  `upsell_id` int(11) NOT NULL AUTO_INCREMENT,
  `upsell_ProdID` int(11) DEFAULT '0',
  `upsell_RelProdID` int(11) DEFAULT '0',
  PRIMARY KEY (`upsell_id`),
  KEY `crosssell_ProdID` (`upsell_ProdID`),
  KEY `FK_cw3_tbl_products_tbl_prdtupsell` (`upsell_RelProdID`)
) ENGINE=MyISAM AUTO_INCREMENT=6 DEFAULT CHARSET=latin1;

--
-- Dumping data for table `tbl_prdtupsell`
--

INSERT INTO `tbl_prdtupsell` VALUES (4,35,37),(5,36,37);

--
-- Table structure for table `tbl_products`
--

CREATE TABLE `tbl_products` (
  `product_ID` int(11) NOT NULL AUTO_INCREMENT,
  `product_MerchantProductID` varchar(50) NOT NULL DEFAULT '',
  `product_Name` varchar(125) DEFAULT NULL,
  `product_Description` text,
  `product_ShortDescription` text,
  `product_Sort` int(11) DEFAULT '0',
  `product_OnWeb` smallint(6) DEFAULT '0',
  `product_Archive` smallint(6) DEFAULT '0',
  `product_shipchrg` smallint(6) DEFAULT '0',
  `product_taxgroupid` int(11) DEFAULT '0',
  PRIMARY KEY (`product_ID`),
  UNIQUE KEY `ItemNumber` (`product_MerchantProductID`)
) ENGINE=MyISAM AUTO_INCREMENT=47 DEFAULT CHARSET=latin1;

--
-- Dumping data for table `tbl_products`
--

INSERT INTO `tbl_products` VALUES (45,'Okanagan Pellets','Okanagan Super Premium Softwood Pellets','<p>Okanagan Super Premium pellets are made from 100% softwood      sawdust. There are no additives, bark or other possible contaminants. We manufacture      our wood pellets to exacting standards. Their automated and quality control processes      ensure that all pellets made at their facility meet the Super Premium standard of the      Pellet Fuel Institute.</p>\r\n<table border=\"0\" cellspacing=\"0\" cellpadding=\"0\">\r\n<tbody>\r\n<tr>\r\n<td class=\"toprow\" width=\"50%\"><strong>Heat Value <br /></strong></td>\r\n<td class=\"toprow\" width=\"50%\">8,800+ BTU\'s/lb. at 3% moisture</td>\r\n</tr>\r\n<tr>\r\n<td class=\"greyrow\" width=\"50%\"><strong>Moisture Content</strong></td>\r\n<td class=\"greyrow\" width=\"50%\">3.87 %</td>\r\n</tr>\r\n<tr>\r\n<td width=\"50%\"><strong>Ash Content <br /></strong></td>\r\n<td width=\"50%\">0.37% (PFI Premium Standard &lt;1.0%)</td>\r\n</tr>\r\n<tr>\r\n<td class=\"greyrow\" style=\"border-bottom: 1px solid #666666;\" width=\"50%\"><strong>Density</strong></td>\r\n<td class=\"greyrow\" style=\"border-bottom: 1px solid #666666;\" width=\"50%\">&ge;40 lb./cu ft.</td>\r\n</tr>\r\n</tbody>\r\n</table>','<p>Okanagan Super Premium pellets are made from 100% softwood      sawdust.</p>',0,1,0,0,0),(33,'Advantech Flooring','AdvanTech Flooring','<p>With an industry-leading warranty and unmatched 300-day no-sanding guarantee,  AdvanTech&reg; flooring is the flooring panel that  more builders trust. It&rsquo;s engineered for superior strength, moisture resistance  and quality so you can build the quiet, stiff floor that your project demands.</p>\r\n<p>Features:</p>\r\n<ul class=\"desc\">\r\n<li>Superior Moisture Resistance</li>\r\n<li>Superior Strength and Stiffness</li>\r\n<li>Highest Quality and Service</li>\r\n<li>Industry-leading 300-Day No Sanding Guarantee</li>\r\n<li>Transferrable 50-year limited warranty for homeowner peace of  mind </li>\r\n<li>High surface quality for improved finished floor installation </li>\r\n<li>Fully sanded on both sides for unmatched consistency </li>\r\n<li>Exceptional nail holding power to minimize floor squeaks </li>\r\n<li>VIP+ Performance design values that are superior to the design capacities of  commodity PS-2 standard </li>\r\n<li>Self-spacing tongue and groove </li>\r\n</ul>\r\n<p>Note: 3/4\" Nominal thickness measures 23/32\"</p>','<p>AdvanTech&reg; flooring is engineered for superior strength, moisture resistance and quality.</p>',0,1,0,0,0),(34,'Advantech Sheathing','AdvanTech Sheathing','<p>High performance sheathing for the quality-minded builder.&nbsp; AdvanTech&reg; sheathing offers better performance than plywood or OSB sheathing and carries a Structural-1 rating.</p>\r\n<ul class=\"desc\">\r\n<li>Structural-1 rating for greater resistance to wind and seismic loads</li>\r\n<li>Greater water resistance than commodity OSB sheathing and plywood - won\'t warp, cup or  delaminate</li>\r\n<li>Greater design bending strength than commodity OSB sheathing and plywood -  great for snow and ice loads</li>\r\n<li>Greater design bending stiffness than commodity OSB sheathing and plywood -  eliminates wavy rooflines and reduces sheetrock cracking on walls</li>\r\n<li>Fastening guide for easy, accurate installation</li>\r\n<li>Available in both square edge and tongue &amp; groove</li>\r\n<li>No H-clips required</li>\r\n<li>Manufactured to full 1/2&rdquo; and 5/8&rdquo; thickness</li>\r\n</ul>','<p>AdvanTech sheathings offers a Structural-1 rating and the same moisture resistance, quality and performance of the AdvanTech flooring panels.</p>',0,1,0,0,0),(35,'Zip System Roof Sheathing','Zip System Roof Sheathing','<p>With ZIP System&reg; roof sheathing, you  can reduce job-site hassles, speed up construction time, save on construction  loans and labor costs, and provide unrivaled custom home quality &ndash; all with a  limited 15 year system warranty and 30 year panel warranty.</p>\r\n<p>ZIP System roof sheathing is a structural panel with a built-in Precipitek&trade;  moisture resistive barrier that eliminates felt paper and H-clips. Simply  install the roof panels, tape the seams and you have a structural roof system  and code-recognized underlayment all in one. Shingles and other approved roof  coverings can be applied directly on top of the ZIP System roof.</p>\r\n<p>Features:</p>\r\n<ul>\r\n<li>Code-recognized structural roofing panel and built-in  Precipitek&trade;  moisture resistive barrier eliminates the need for underlayment and H-clips.</li>\r\n<li>Shingles or tiles can be applied directly to the roofing panels.</li>\r\n<li><a href=\"../../../installation/\"></a>Faster to install than traditional  methods.</li>\r\n<li>Roof panels and Zip System Tape lie flat  under roof coverings for a consistent roofline.</li>\r\n<li>Made with same resin used in AdvanTech&reg; Flooring panels <a href=\"http://www.advantechperforms.com/\" target=\"_blank\"></a>.</li>\r\n<li>Prevent expensive rework due to torn felt.</li>\r\n<li>Provide an instant 120-day rough dry-in, allowing builders to schedule  subcontractors sooner.</li>\r\n</ul>','<p>ZIP System roof sheathing is a structural panel with a built-in Precipitek&trade;  moisture resistive barrier that eliminates felt paper and H-clips.</p>',0,1,0,0,0),(36,'Zip System Wall Sheathing','Zip System Wall Sheathing','<p>&nbsp;</p>\r\n<p>ZIP System wall sheathing&rsquo;s built-in&nbsp;<a href=\"/why-zip/superior-moisture.aspx\"></a>Stormex water- resistive barrier keeps bulk water out during and after construction, and lets you say goodbye to  housewrap forever. Simply install the panels, tape the seams, and you have  a code-recognized structural panel, water-resistive barrier and air barrier  all-in-one.</p>\r\n<p>ZIP System wall combines the strength and stability of a high-performing  panel with the enhanced weatherability provided by the product\'s water-resistive  barrier. With an instant 120-day rough dry-in, you can schedule your  subcontractors sooner, and you&rsquo;ll never have to worry about housewrap tearing  off or blowing away. Because ZIP System wall panels install in fewer steps than  traditional housewrap, your houses will be finished faster and sold sooner,  saving interest costs on construction loans.</p>\r\n<p>ZIP System panels are marked with a pre-printed fastening guide for ease of  installation. And best of all, ZIP System wall panels are backed by a <a href=\"/resources/warranty-information.aspx\"></a>30 year limited warrant.</p>\r\n<p><span style=\"font-size: 12px;\"><span style=\"font-family: Lucida Grande,Lucida Sans Unicode,Lucida Sans,Verdana; font-weight: bold;\">What  Makes ZIP System Wall Sheathing The Best?</span></span><span style=\"font-size: 12px;\"><span style=\"font-family: Lucida Grande,Lucida Sans Unicode,Lucida Sans,Verdana; font-weight: bold;\"><br /></span></span></p>\r\n<ul>\r\n<li>Built-in<a href=\"/why-zip/superior-moisture.aspx\"></a> water-resistive barrier eliminates housewrap for fast, easy installation and provides water  and air resistance for protection during and after construction.</li>\r\n<li>Fastening guide aids in easy panel installation and serves as a guide during siding installation.</li>\r\n<li>Won&rsquo;t blow off, tear or require rework like housewrap.</li>\r\n<li>Provides structural support and is made with same resins used in AdvanTech Flooring.</li>\r\n<li>Specially engineered to allow moisture vapor to travel through the panel,  allowing walls to breathe and dry out.</li>\r\n<li>No risk of water becoming trapped between housewrap and sheathing, which  could result in moisture-related issues.</li>\r\n</ul>','<p>ZIP System wall combines the strength and stability of a high-performing panel  with the enhanced weatherability provided by the product\'s water-resistive  barrier</p>',0,1,0,0,0),(37,'Zip System Tape','Zip System Tape','<p>ZIP System tape helps reduce air leaks as recommended by ENERGY STAR&reg; and is  code-recognized as window and door flashing tape when used with ZIP System wall. As with ZIP System roof  and wall panels, ZIP System tape is backed by our limited 15-year system  warranty.</p>\r\n<p>3-3/4\" x 90\' Roll</p>','<p>Seam seal tape designed for use with the Zip System.</p>',0,1,0,0,0),(38,'HardiePlank Smooth Siding','HardiePlank Smooth Siding','<p>HardiePlank&reg; lap siding is the most popular brand of siding in America and can  be found on over 4 million homes. You want the strength, beauty and durability  to attract home buyers. HardiePlank&reg; siding enhances and protects homes in all  kinds of climates&mdash;and now, with the <a style=\"text-decoration: underline;\" href=\"hardiezone.shtml\"></a>HardieZone System, James Hardie provides siding  with specific performance attributes relative to the climate where the product  is being used. James Hardie now gives you the optimum siding for your project  and climate, regardless of location. HardiePlank&reg; lap siding comes with a  30-year nonprorated, transferable, limited warranty.<br /><br />All HardiePlank&reg; lap siding comes in a variety of looks and  textures, all of which are engineered for climate. In addition to the primed siding that is in stock, Hamshaw Lumber can order James Hardie products in all available colors.</p>\r\n<p>Planks are primed and 5/16\" thick.</p>','<p>The number one fiber cement siding in North America, HardiePlank enhances and protects homes in all climates.</p>',0,1,0,0,0),(39,'HardiePlank Textured Siding','HardiePlank Select Cedarmill Siding','<p>HardiePlank&reg; lap siding is the most popular brand of siding in  America and can  be found on over 4 million homes. You want the  strength, beauty and durability  to attract home buyers. HardiePlank&reg;  siding enhances and protects homes in all  kinds of climates&mdash;and now,  with the HardieZone  System, James Hardie provides siding  with specific performance  attributes relative to the climate where the product  is being used.  James Hardie now gives you the optimum siding for your project  and  climate, regardless of location. HardiePlank&reg; lap siding comes with a   30-year nonprorated, transferable, limited warranty.<br /><br />All  HardiePlank&reg; lap siding comes in a variety of looks and  textures, all  of which are engineered for climate. In addition to the primed siding  that is in stock, Hamshaw Lumber can order James Hardie products in all  available colors.</p>\r\n<p>Planks are primed and 5/16\" thick.</p>','<p>The number one fiber cement siding in North America, HardiePlank enhances and protects homes in all climates.</p>',0,1,0,0,0),(40,'Homasote 440 SoundBarrier Board','Homasote 440 SoundBarrier Board','<p>Independently lab tested and time-proven in millions of square feet of  residential and commercial structures, 440 SoundBarrier&reg; is a special-density, structural board made from 100 percent environmental Homasote<sup>&reg;</sup> cellulose fiber, a homogeneous composition manufactured with uniformly  distributed protection against termites, rot and fungi and resistance to  moisture. It also insulates, with twice the R-value of wood.</p>\r\n<p>Carpenters and do-it-yourselfers can easily install 440  SoundBarrier<sup>&reg;</sup> in room partitions and peripheral walls. Ideal for sound control, flooring applications, shock absorption, thermal insulation, and more.</p>\r\n<p>Made with 98% post consumer waste and Homasote is FSC Certified.</p>','<p>Homasote 440 board is used in many applications including as a sound barrier.</p>',0,1,0,0,0),(41,'NovaCork Board','NovaCork Board','<p>&nbsp;</p>\r\n<p>NovaCork panels are ultra-tackable interior panels that are completely finished  and require no surface treatment. The top layer is a sheet of cork \"planks  refuses\" laminated to 440 Homasote&reg;.</p>\r\n<p>NovaCork is perfect for homes, schools, offices, and hospitals, wherever  large tackable bulletin-board areas are needed.</p>\r\n<p>Energy-saving, NovaCork panels are noise-deadening, while providing extra  insulation when used to panel peripheral walls or ceilings. These large,  structural sheets are available in Class B 4\' x 8\' square edged panels.</p>\r\n<p>NovaCork panels may be installed directly to framing with nails or  APA-approved paneling adhesive by glue-nailing. For a professional finish apply  high-quality millwork or extruded aluminum trim and joint molding</p>','<p>NovaCork panels are ultra-tackable interior panels that are completely finished  and require no surface treatment.</p>',0,1,0,0,0),(42,'Homex 300  Expansion Joint','Homex 300 Expansion Joint','<p>Homex 300 is a unique material that does double duty as light duty forming  material for walkways, patios pool aprons and driveways and as an expansion  joint where masonry or concrete walls meet outside aprons, walks, patios or  steps.</p>\r\n<p>Advantages:</p>\r\n<ul>\r\n<li>Time-tested in numerous applications throughout the United States and  Canada</li>\r\n<li>Compatible with sealants, including polymerized sealants</li>\r\n<li>Tough, strong and flexible</li>\r\n<li>Resilient in any temperature</li>\r\n<li>Weather-resistant</li>\r\n<li>Blends with concrete for a beautiful finish</li>\r\n<li>VOC compliant</li>\r\n<li>Non-extruded and non-bituminous</li>\r\n<li>No formaldehyde or asbestos additives</li>\r\n<li>No knots, voids or splinters</li>\r\n<li>Will not split when nailed</li>\r\n<li>Over 70% recovery after expansion</li>\r\n</ul>','<p>Homex 300 is a unique material that does double duty as light duty forming  material for and as an expansion  joint for masonry or concrete.</p>',0,1,0,0,0),(43,'New England Wood Pellet','New England Wood Pellets','<p><img src=\"file:///C:/Users/Scott_2/AppData/Local/Temp/moz-screenshot.png\" alt=\"\" />New England Wood Pellets are a high quality premium grade pellet fuel  made from a proprietary blend of hardwood and other wood species. These  pellets can be found at many retailers throughout the Northeastern  United States.&nbsp;&nbsp; Quality characteristics are as follows.</p>\r\n<table border=\"0\" cellspacing=\"0\" cellpadding=\"0\">\r\n<tbody>\r\n<tr>\r\n<td class=\"toprow\" width=\"50%\"><strong>Heat Value <br /></strong></td>\r\n<td class=\"toprow\" width=\"50%\">7,900-8,300 BTU\'s/lb. at 3% moisture</td>\r\n</tr>\r\n<tr>\r\n<td class=\"greyrow\" width=\"50%\"><strong>Moisture Content</strong></td>\r\n<td class=\"greyrow\" width=\"50%\">3 to 5%</td>\r\n</tr>\r\n<tr>\r\n<td width=\"50%\"><strong>Ash Content <br /></strong></td>\r\n<td width=\"50%\">0.4-0.6% (PFI Premium Standard &lt;1.0%)</td>\r\n</tr>\r\n<tr>\r\n<td class=\"greyrow\" style=\"border-bottom: 1px solid #666666;\" width=\"50%\"><strong>Density</strong></td>\r\n<td class=\"greyrow\" style=\"border-bottom: 1px solid #666666;\" width=\"50%\">&ge;40 lb./cu ft.</td>\r\n</tr>\r\n</tbody>\r\n</table>','<p>New England Wood Pellets are a high quality premium grade pellet fuel   made from a proprietary blend of hardwood and other wood species.</p>',0,1,0,0,0),(44,'Barefoot Pellets','Barefoot Premium Plus Wood Pellets','<p>Why Barefoot Pellets?</p>\r\n<ul>\r\n<li><span style=\"font-family: Arial,Helvetica,Geneva,Swiss,SunSans-Regular; font-size: x-small;\">Barefoot Pellets  are exceptional in Quality and Consistency as they tightly control the  quality and the cleanliness of the raw material used to make pellets.</span></li>\r\n<li><span style=\"font-family: Arial,Helvetica,Geneva,Swiss,SunSans-Regular; font-size: x-small;\">Barefoot Pellets  are made with clean sawdust and other clean wood waste material  primarily generated in the manufacturing of hardwood lumber into various  wood products such as kitchen cabinets, hardwood flooring, etc.</span></li>\r\n<li><span style=\"font-family: Arial,Helvetica,Geneva,Swiss,SunSans-Regular; font-size: x-small;\">Barefoot Pellets utilize sawdust from a variety of hardwood species from the renewable &amp; sustainable forests of Pennsylvania and New York. These species include Cherry, Maple, Red Oak, Hickory, Walnut, and White Oak.</span></li>\r\n<li><span style=\"font-family: Arial,Helvetica,Geneva,Swiss,SunSans-Regular; font-size: x-small;\">Barefoot Pellets are independently tested periodically and meet the standards for </span><span style=\"font-family: Arial,Helvetica,Geneva,Swiss,SunSans-Regular; font-size: x-small;\">super premium pellets established by the Pellet Fuel Institute.</span></li>\r\n<li><span style=\"font-family: Arial,Helvetica,Geneva,Swiss,SunSans-Regular; font-size: x-small;\">Barefoot Pellets have superior low ash content due to the quality of the hardwood raw material used.<br /> </span> </li>\r\n<li><span style=\"font-family: Arial,Helvetica,Geneva,Swiss,SunSans-Regular; font-size: x-small;\">Barefoot Pellets are extremely efficient in terms of low emissions, clean burning and high heat.</span></li>\r\n</ul>\r\n<table border=\"0\" cellspacing=\"0\" cellpadding=\"0\">\r\n<tbody>\r\n<tr>\r\n<td class=\"toprow\" width=\"50%\"><strong>Heat Value <br /></strong></td>\r\n<td class=\"toprow\" width=\"50%\">7,968-8,338 BTU\'s/lb.<br /></td>\r\n</tr>\r\n<tr>\r\n<td class=\"greyrow\" width=\"50%\"><strong>Moisture Content</strong></td>\r\n<td class=\"greyrow\" width=\"50%\">4.44%</td>\r\n</tr>\r\n<tr>\r\n<td width=\"50%\"><strong>Ash Content <br /></strong></td>\r\n<td width=\"50%\">\r\n<p>0.4 (PFI Premium Standard &lt;1.0%)</p>\r\n</td>\r\n</tr>\r\n<tr>\r\n<td class=\"greyrow\" style=\"border-bottom: 1px solid #666666;\" width=\"50%\"><strong>Density</strong></td>\r\n<td class=\"greyrow\" style=\"border-bottom: 1px solid #666666;\" width=\"50%\">46.6 lb./cu ft.</td>\r\n</tr>\r\n</tbody>\r\n</table>','<p><span style=\"font-family: Arial,Helvetica,Geneva,Swiss,SunSans-Regular; font-size: x-small;\">Barefoot Pellets  are exceptional in quality and consistency as they tightly control the  quality and the cleanliness of the raw material used to make pellets</span></p>',0,1,0,0,0),(46,'Natura Paint','Benjamin Moore Natura Interior Paint','<p>Your family will breathe easy with Natura. Natura premium interior  waterborne paint is a zero VOC, virtually odorless formula that doesn\'t  compromise on performance. It dries fast, has excellent adhesion and  provides a durable finish with an unlimited color selection. Natura  features our Green Promise designation, so you can breathe easy knowing  that you\'ve used the very best for your environmentally sensitive  projects. Natura interior waterbone paint provides a durable, washable  and fade resistant finish that will look freshly painted year after  year. It goes on smoothly and covers evenly for professional results  with less effort, cleans up easily, dries to the touch in 30 minutes and  can be recoated in only one hour so you can paint in the morning and  have the full use of room by evening.</p>','<p>Natura premium interior  waterborne paint is a zero VOC, virtually odorless formula that doesn\'t  compromise on performance.</p>',0,1,0,0,0);

--
-- Table structure for table `tbl_shipmethcntry_rel`
--

CREATE TABLE `tbl_shipmethcntry_rel` (
  `shpmet_cntry_ID` int(11) NOT NULL AUTO_INCREMENT,
  `shpmet_cntry_Meth_ID` int(11) DEFAULT '0',
  `shpmet_cntry_Country_ID` int(11) DEFAULT '0',
  PRIMARY KEY (`shpmet_cntry_ID`),
  KEY `shpmet_cntry_country_id` (`shpmet_cntry_Country_ID`),
  KEY `tbl_ShipMethodtbl_shipmethcntry_rel` (`shpmet_cntry_Meth_ID`)
) ENGINE=MyISAM AUTO_INCREMENT=11 DEFAULT CHARSET=latin1;

--
-- Dumping data for table `tbl_shipmethcntry_rel`
--

INSERT INTO `tbl_shipmethcntry_rel` VALUES (1,35,1),(2,36,1),(3,60,1),(4,76,2),(7,65,3),(9,74,5),(10,75,7);

--
-- Table structure for table `tbl_shipmethod`
--

CREATE TABLE `tbl_shipmethod` (
  `shipmeth_ID` int(11) NOT NULL AUTO_INCREMENT,
  `shipmeth_Name` varchar(100) NOT NULL DEFAULT '',
  `shipmeth_Rate` double DEFAULT NULL,
  `shipmeth_Sort` int(11) NOT NULL DEFAULT '0',
  `shipmeth_Archive` smallint(6) DEFAULT '0',
  PRIMARY KEY (`shipmeth_ID`)
) ENGINE=MyISAM AUTO_INCREMENT=77 DEFAULT CHARSET=latin1;

--
-- Dumping data for table `tbl_shipmethod`
--

INSERT INTO `tbl_shipmethod` VALUES (35,'USA UPS Ground',4,1,0),(36,'USA 2 Day Air',7,2,0),(60,'USA Overnight Air',8,3,0),(65,'Canadian UPS',15,4,0),(66,'International UPS',28,5,0),(73,'USPS',4,6,0),(74,'Securicor',0,5,0),(75,'Test',3,1,0),(76,'USA Territories UPS',14.5,0,0);

--
-- Table structure for table `tbl_shipranges`
--

CREATE TABLE `tbl_shipranges` (
  `ship_range_ID` int(11) NOT NULL AUTO_INCREMENT,
  `ship_range_Method_ID` int(11) DEFAULT '0',
  `ship_range_From` double DEFAULT '0',
  `ship_range_To` double DEFAULT '0',
  `ship_range_Amount` double DEFAULT '0',
  PRIMARY KEY (`ship_range_ID`),
  KEY `tbl_ShipMethodtbl_shipranges` (`ship_range_Method_ID`)
) ENGINE=MyISAM AUTO_INCREMENT=24 DEFAULT CHARSET=latin1;

--
-- Dumping data for table `tbl_shipranges`
--

INSERT INTO `tbl_shipranges` VALUES (1,35,0,5,11.55),(2,35,5.01,10,20.5),(3,35,10.01,20,30),(4,35,20.01,10000000,40),(5,36,0,5,15),(6,36,5.01,10,25),(7,36,10.01,20,35),(8,36,20.01,10000000,45),(9,60,1,5,16),(10,60,5.01,10,26),(11,60,10.01,20,36),(12,60,20.01,10000000,46),(13,65,0,5,19),(14,65,5.01,10,29),(15,65,10.01,20,39),(16,65,20.01,10000000,49),(17,66,0,5,21),(18,66,5.01,10,31),(19,66,10.01,20,41),(20,66,20.01,10000000,51),(21,74,0,1,2.5),(22,74,1.01,10000,3),(23,76,0,100000,5);

--
-- Table structure for table `tbl_skuoption_rel`
--

CREATE TABLE `tbl_skuoption_rel` (
  `optn_rel_ID` int(11) NOT NULL AUTO_INCREMENT,
  `optn_rel_SKU_ID` int(11) NOT NULL DEFAULT '0',
  `optn_rel_Option_ID` int(11) NOT NULL DEFAULT '0',
  PRIMARY KEY (`optn_rel_ID`),
  KEY `tbl_SKU_optionstbl_SKU_Option_relation` (`optn_rel_Option_ID`),
  KEY `tbl_SKUstbl_SKUOption_rel` (`optn_rel_SKU_ID`)
) ENGINE=MyISAM AUTO_INCREMENT=619 DEFAULT CHARSET=latin1;

--
-- Dumping data for table `tbl_skuoption_rel`
--

INSERT INTO `tbl_skuoption_rel` VALUES (615,82,74),(614,81,67),(612,79,67),(618,83,68),(617,83,74),(616,82,69),(562,62,52),(563,62,36),(564,62,42),(565,63,61),(566,63,52),(567,63,34),(568,63,42),(569,64,61),(570,64,52),(571,64,35),(572,64,42),(573,65,62),(574,65,52),(575,65,35),(576,65,42),(577,66,61),(578,66,52),(579,66,34),(580,66,42),(581,67,62),(582,67,52),(583,67,35),(584,67,42),(585,68,52),(586,68,63),(587,68,42),(588,69,52),(589,69,34),(590,69,42),(591,71,54),(592,71,64),(593,72,54),(594,72,65),(595,73,54),(596,73,64),(597,74,54),(598,74,65),(599,75,52),(600,75,34),(601,75,42),(602,76,52),(603,76,34),(604,76,42),(610,77,44),(609,77,34),(608,77,66),(613,80,67);

--
-- Table structure for table `tbl_skuoptions`
--

CREATE TABLE `tbl_skuoptions` (
  `option_ID` int(11) NOT NULL AUTO_INCREMENT,
  `option_Type_ID` int(11) DEFAULT '0',
  `option_Name` varchar(50) DEFAULT NULL,
  `option_Sort` int(11) DEFAULT NULL,
  `option_Archive` smallint(6) DEFAULT '0',
  PRIMARY KEY (`option_ID`),
  KEY `tbl_list_OptionTypestbl_SKUOptions` (`option_Type_ID`)
) ENGINE=MyISAM AUTO_INCREMENT=75 DEFAULT CHARSET=latin1;

--
-- Dumping data for table `tbl_skuoptions`
--

INSERT INTO `tbl_skuoptions` VALUES (38,10,'5/4\"',7,0),(37,10,'1\"',6,0),(36,10,'3/4\"',5,0),(35,10,'5/8\"',4,0),(34,10,'1/2\"',3,0),(46,5,'6\"',13,0),(33,10,'3/8\"',2,0),(43,5,'3\"',10,0),(42,5,'4\'',1,0),(41,10,'4\"',10,0),(45,5,'5\"',12,0),(44,5,'4\"',11,0),(32,10,'1/4\"',1,0),(40,10,'2\"',9,0),(39,10,'1-1/2\"',8,0),(47,5,'7\"',14,0),(48,5,'8\"',15,0),(49,5,'10\"',16,0),(50,5,'12\"',17,0),(51,7,'6\'',1,0),(52,7,'8\'',2,0),(53,7,'10\'',3,0),(54,7,'12\'',4,0),(55,7,'14\'',5,0),(56,7,'16\'',6,0),(57,7,'18\'',7,0),(58,7,'20\'',8,0),(59,7,'22\'',9,0),(60,7,'24\'',10,0),(61,11,'Square',0,0),(62,11,'T & G',1,0),(63,10,'7/16\"',11,0),(64,5,'5-1/4\"',99,0),(65,5,'6-1/4\"',99,0),(66,7,'5\'',20,0),(67,12,'40 lb',0,0),(68,12,'Quart',1,0),(69,12,'Gallon',2,0),(70,12,'5 Gallon',3,0),(71,13,'Semi-Gloss',0,0),(72,13,'Eggshell',0,0),(73,13,'Flat',0,0),(74,13,'Primer',0,0);

--
-- Table structure for table `tbl_skus`
--

CREATE TABLE `tbl_skus` (
  `SKU_ID` int(11) NOT NULL AUTO_INCREMENT,
  `SKU_MerchSKUID` varchar(50) DEFAULT NULL,
  `SKU_ProductID` int(11) NOT NULL DEFAULT '0',
  `SKU_Price` double DEFAULT NULL,
  `SKU_Weight` double DEFAULT '0',
  `SKU_Stock` int(11) DEFAULT '0',
  `SKU_ShowWeb` smallint(6) DEFAULT '0',
  `SKU_Sort` int(11) DEFAULT '1',
  PRIMARY KEY (`SKU_ID`),
  UNIQUE KEY `SKU_ID` (`SKU_MerchSKUID`),
  KEY `tbl_Productstbl_SKUs` (`SKU_ProductID`)
) ENGINE=MyISAM AUTO_INCREMENT=84 DEFAULT CHARSET=latin1;

--
-- Dumping data for table `tbl_skus`
--

INSERT INTO `tbl_skus` VALUES (81,'OWP',45,1,0,0,1,0),(79,'BFWP',44,1,0,0,1,0),(62,'34TGADV',33,1,0,0,1,0),(63,'12ADV',34,1,0,0,1,0),(64,'58ADV',34,1,0,0,1,0),(65,'58TGADV',34,1,0,0,1,0),(66,'12ZS',35,1,0,0,1,0),(67,'58TGZS',35,1,0,0,1,0),(68,'716ZS',36,1,0,0,1,0),(69,'12ZSW',36,1,0,0,1,0),(70,'ZST',37,1,0,0,1,0),(71,'5SPHP',38,1,0,0,1,0),(72,'6SPHP',38,1,0,0,1,0),(73,'5TPHP',39,1,0,0,1,0),(74,'6TPHP',39,1,0,0,1,0),(75,'12H',40,1,0,0,1,0),(76,'48NCB',41,1,0,0,1,0),(77,'12HEJ',42,1,0,0,1,0),(80,'WP',43,1,0,0,1,0),(82,'1383926',46,1,0,0,1,0),(83,'1384353',46,1,0,0,1,0);

--
-- Table structure for table `tbl_stateprov`
--

CREATE TABLE `tbl_stateprov` (
  `stprv_ID` int(11) NOT NULL AUTO_INCREMENT,
  `stprv_Code` varchar(50) DEFAULT NULL,
  `stprv_Name` varchar(255) DEFAULT NULL,
  `stprv_Country_ID` int(11) DEFAULT '0',
  `stprv_Tax` double DEFAULT '0',
  `stprv_Ship_Ext` double DEFAULT '0',
  `stprv_Archive` smallint(6) DEFAULT '0',
  PRIMARY KEY (`stprv_ID`),
  KEY `st_code` (`stprv_Code`),
  KEY `tbl_list_Countriestbl_StateProv` (`stprv_Country_ID`)
) ENGINE=MyISAM AUTO_INCREMENT=78 DEFAULT CHARSET=latin1;

--
-- Dumping data for table `tbl_stateprov`
--

INSERT INTO `tbl_stateprov` VALUES (1,'AL','Alabama',1,0.085,0.1,0),(2,'AK','Alaska',1,0,0,0),(3,'AZ','Arizona',1,0,0,0),(4,'AR','Arkansas',1,0,0,0),(5,'CA','California',1,0,0,0),(6,'CO','Colorado',1,0,0,0),(7,'CT','Connecticut',1,0,0,0),(8,'DE','Delaware',1,0,0,0),(9,'FL','Florida',1,0,0.5,0),(10,'GA','Georgia',1,0,0,0),(11,'HI','Hawaii',1,0,0,0),(12,'ID','Idaho',1,0,0,0),(13,'IL','Illinois',1,0,0,0),(14,'IN','Indiana',1,0,0,0),(15,'IA','Iowa',1,0,0,0),(16,'KS','Kansas',1,0,0,0),(17,'KY','Kentucky',1,0,0,0),(18,'LA','Louisiana',1,0,0,0),(19,'ME','Maine',1,0,0,0),(20,'MD','Maryland',1,0,0,0),(21,'MA','Massachusetts',1,0,0,0),(22,'MI','Michigan',1,0,0,0),(23,'MN','Minnesota',1,0,0,0),(24,'MS','Mississippi',1,0,0,0),(25,'MO','Missouri',1,0,0,0),(26,'MT','Montana',1,0,0,0),(27,'NE','Nebraska',1,0,0,0),(28,'NV','Nevada',1,0,0,0),(29,'NH','New Hampshire',1,0,0,0),(30,'NJ','New Jersey',1,0,0,0),(31,'NM','New Mexico',1,0,0,0),(32,'NY','New York',1,0,0,0),(33,'NC','North Carolina',1,0,0,0),(34,'ND','North Dakota',1,0,0,0),(35,'OH','Ohio',1,0,0,0),(36,'OK','Oklahoma',1,0,0,0),(37,'OR','Oregon',1,0,0,0),(38,'PA','Pennsylvania',1,0,0,0),(39,'RI','Rhode Island',1,0,0,0),(40,'SC','South Carolina',1,0,0,0),(41,'SD','South Dakota',1,0,0,0),(42,'TN','Tennessee',1,0,0,0),(43,'TX','Texas',1,0,0,0),(44,'UT','Utah',1,0,0,0),(45,'VT','Vermont',1,0,0,0),(46,'VA','Virginia',1,0,0,0),(47,'WA','Washington',1,0.08,0.25,0),(48,'WV','West Virginia',1,0,0,0),(49,'WI','Wisconsin',1,0,0,0),(50,'WY','Wyoming',1,0,0,0),(51,'BC','British Columbia',3,0,0,0),(52,'MB','Manitoba',3,0,0,0),(53,'NF','Newfoundland',3,0,0,0),(54,'NB','New Brunswick',3,0,0,0),(55,'NT','Northwest Territories',3,0,0,0),(56,'NS','Nova Scotia',3,0,0,0),(57,'ON','Ontario',3,0,0,0),(58,'PE','Prince Edward Island',3,0,0,0),(59,'QC','Quebec',3,0,0,0),(60,'SK','Saskatchewan',3,0,0,0),(61,'YT','Yukon',3,0,0,0),(62,'AS','American Samoa',2,0,0,0),(63,'FM','Fed. Micronesia',2,0,0,0),(64,'G','Guam',2,0,0,0),(65,'MH','Marshall Island',2,0,0,0),(66,'MP','N. Mariana Is.',2,0,0,0),(67,'PW','Palau Island',2,0,0,0),(68,'PR','Puerto Rico',2,0,0,0),(69,'VI','Virgin Islands',2,0,0,0),(70,'None','None',4,0,0,0),(71,'None','None',5,0.175,0.175,0),(72,'None','None',6,0,0,0),(73,'None','None',7,0,0,0),(74,'None','None',8,0,0,0),(75,'DC','District of Columbia',1,0,0,0),(76,'NU','Territory of Nunavut',3,0,0,0),(77,'AB','Alberta',3,0,0,0);

--
-- Table structure for table `tbl_taxgroups`
--

CREATE TABLE `tbl_taxgroups` (
  `taxgroup_id` int(11) NOT NULL AUTO_INCREMENT,
  `taxgroup_name` varchar(150) DEFAULT NULL,
  `taxgroup_archive` smallint(6) DEFAULT '0',
  PRIMARY KEY (`taxgroup_id`)
) ENGINE=MyISAM AUTO_INCREMENT=6 DEFAULT CHARSET=latin1;

--
-- Dumping data for table `tbl_taxgroups`
--

INSERT INTO `tbl_taxgroups` VALUES (1,'Books',0),(2,'Perishables',0),(3,'Clothing',0),(4,'Childrens Clothes',0),(5,'Shipping',0);

--
-- Table structure for table `tbl_taxrates`
--

CREATE TABLE `tbl_taxrates` (
  `taxrate_id` int(11) NOT NULL AUTO_INCREMENT,
  `taxrate_regionid` int(11) DEFAULT '0',
  `taxrate_groupid` int(11) DEFAULT '0',
  `taxrate_percentage` double DEFAULT '0',
  PRIMARY KEY (`taxrate_id`),
  KEY `tbl_taxgroupstbl_taxrates` (`taxrate_groupid`),
  KEY `tbl_taxregionstbl_taxrates` (`taxrate_regionid`)
) ENGINE=MyISAM AUTO_INCREMENT=18 DEFAULT CHARSET=latin1;

--
-- Dumping data for table `tbl_taxrates`
--

INSERT INTO `tbl_taxrates` VALUES (4,3,1,17),(5,1,1,2),(6,2,1,1.2),(7,2,2,3),(10,5,2,8),(11,5,1,10),(12,6,4,0),(13,7,5,0),(14,6,3,17.5),(15,8,3,0),(16,1,3,5.25),(17,2,3,8.25);

--
-- Table structure for table `tbl_taxregions`
--

CREATE TABLE `tbl_taxregions` (
  `taxregion_id` int(11) NOT NULL AUTO_INCREMENT,
  `taxregion_countryid` int(11) NOT NULL DEFAULT '0',
  `taxregion_stateid` int(11) NOT NULL DEFAULT '0',
  `taxregion_label` varchar(150) DEFAULT NULL,
  `taxregion_taxid` varchar(50) DEFAULT NULL,
  `taxregion_showid` tinyint(4) DEFAULT NULL,
  `taxregion_shiptaxmethod` varchar(50) DEFAULT NULL,
  `taxregion_shiptaxgroupid` int(11) DEFAULT '0',
  PRIMARY KEY (`taxregion_id`),
  KEY `taxregion_countryid` (`taxregion_countryid`),
  KEY `taxregion_shiptaxgroupid` (`taxregion_shiptaxgroupid`),
  KEY `taxregion_stateid` (`taxregion_stateid`),
  KEY `taxregion_taxid` (`taxregion_taxid`)
) ENGINE=MyISAM AUTO_INCREMENT=9 DEFAULT CHARSET=latin1;

--
-- Dumping data for table `tbl_taxregions`
--

INSERT INTO `tbl_taxregions` VALUES (1,1,0,'US Tax','',0,'No Tax',0),(2,1,1,'Alabama State Tax','abc',0,'No Tax',0),(3,1,2,'asdf','',0,'Highest Item Taxed',0),(4,3,51,'PST','',0,'No Tax',0),(5,1,47,'MyTax','XYZ',1,'Tax Group',3),(6,5,0,'VAT','1',0,'Highest Item Taxed',0),(7,3,56,'No Tax','2',0,'Highest Item Taxed',0),(8,7,0,'CWE','',0,'Highest Item Taxed',0);


