-- Table structure for table `eval_session`
--

CREATE TABLE `eval_session` (
  `ID` int(11) NOT NULL AUTO_INCREMENT,
  `NAME` varchar(255) DEFAULT NULL,
  `OPEN_DATE` datetime DEFAULT NULL,
  `CLOSE_DATE` datetime DEFAULT NULL,
  PRIMARY KEY (`ID`)
) ENGINE=MyISAM AUTO_INCREMENT=10 DEFAULT CHARSET=latin1;

--
-- Dumping data for table `eval_session`
--

INSERT INTO `eval_session` VALUES (9,'Nurse Manager Competency Inventory','2007-11-01 00:00:00','2008-12-31 00:00:00');

--
-- Table structure for table `eval_types`
--

CREATE TABLE `eval_types` (
  `ID` int(11) NOT NULL AUTO_INCREMENT,
  `NAME` varchar(20) DEFAULT NULL,
  PRIMARY KEY (`ID`)
) ENGINE=MyISAM AUTO_INCREMENT=6 DEFAULT CHARSET=latin1;

--
-- Dumping data for table `eval_types`
--

INSERT INTO `eval_types` VALUES (1,'self'),(2,'peer'),(3,'supervisor'),(4,'subordinate'),(5,'all');

--
-- Table structure for table `hospital_site`
--

CREATE TABLE `hospital_site` (
  `ID` int(11) NOT NULL AUTO_INCREMENT,
  `SYS_ID` int(11) DEFAULT NULL,
  `SYS_NAME` varchar(100) DEFAULT NULL,
  `NAME` varchar(100) DEFAULT NULL,
  PRIMARY KEY (`ID`),
  KEY `sys_ix` (`SYS_ID`)
) ENGINE=MyISAM AUTO_INCREMENT=8 DEFAULT CHARSET=latin1;

--
-- Dumping data for table `hospital_site`
--

INSERT INTO `hospital_site` VALUES (3,1,'St. Francis Hospital','CHE East'),(7,2,'ADMIN','ADMIN');

--
-- Table structure for table `hospital_site_contacts`
--

CREATE TABLE `hospital_site_contacts` (
  `SITE_ID` int(11) DEFAULT NULL,
  `CONTACT_ID` int(11) DEFAULT NULL
) ENGINE=MyISAM DEFAULT CHARSET=latin1;

--
-- Dumping data for table `hospital_site_contacts`
--


--
-- Table structure for table `hospital_system`
--

CREATE TABLE `hospital_system` (
  `ID` int(11) NOT NULL AUTO_INCREMENT,
  `NAME` varchar(100) DEFAULT NULL,
  PRIMARY KEY (`ID`)
) ENGINE=MyISAM AUTO_INCREMENT=3 DEFAULT CHARSET=latin1;

--
-- Dumping data for table `hospital_system`
--

INSERT INTO `hospital_system` VALUES (1,'St. Francis Hospital'),(2,'ADMIN');

--
-- Table structure for table `hospital_system_contacts`
--

CREATE TABLE `hospital_system_contacts` (
  `SYS_ID` int(11) DEFAULT NULL,
  `CONTACT_ID` int(11) DEFAULT NULL
) ENGINE=MyISAM DEFAULT CHARSET=latin1;

--
-- Dumping data for table `hospital_system_contacts`
--


--
-- Table structure for table `hospital_unit`
--

CREATE TABLE `hospital_unit` (
  `ID` int(11) NOT NULL AUTO_INCREMENT,
  `SITE_ID` int(11) DEFAULT NULL,
  `NAME` varchar(100) DEFAULT NULL,
  PRIMARY KEY (`ID`),
  KEY `site_ix` (`SITE_ID`)
) ENGINE=MyISAM AUTO_INCREMENT=21 DEFAULT CHARSET=latin1;

--
-- Dumping data for table `hospital_unit`
--

INSERT INTO `hospital_unit` VALUES (1,3,'ACUTE PAIN SERVICE'),(2,7,'BEHAVIORAL HEATLH'),(3,3,'ASP/GI LAB'),(4,3,'PACU/SameDay'),(5,3,'OR/SPD'),(6,3,'7thNorth/7thSouth'),(7,3,'ICU/CVICU'),(8,3,'IMC/5th Clayton'),(9,3,'ED'),(10,3,'TCU'),(11,3,'Maternity'),(12,3,'Home Care'),(13,3,'Bariatric Surgery Outpatient'),(14,3,'Unknown'),(15,7,'ACUTE PAIN SERVICE'),(16,7,'CARDIAC SURGERY UNIT'),(17,3,'CARDIAC SURGERY UNIT'),(18,8,'ACUTE PAIN SERVICE'),(19,7,'Unknown'),(20,17,'BONE MARROW TRANSPLANT');

--
-- Table structure for table `hospital_unit_contacts`
--

CREATE TABLE `hospital_unit_contacts` (
  `SITE_ID` int(11) DEFAULT NULL,
  `UNIT_ID` int(11) DEFAULT NULL
) ENGINE=MyISAM DEFAULT CHARSET=latin1;

--
-- Dumping data for table `hospital_unit_contacts`
--


--
-- Table structure for table `hospital_unit_mv`
--

CREATE TABLE `hospital_unit_mv` (
  `sys_id` int(11) DEFAULT NULL,
  `site_id` int(11) DEFAULT NULL,
  `unit_id` int(11) DEFAULT NULL,
  `employee_id` int(11) NOT NULL DEFAULT '0',
  `sys_name` varchar(100) CHARACTER SET latin1 DEFAULT NULL,
  `site_name` varchar(100) CHARACTER SET latin1 DEFAULT NULL,
  `unit_name` varchar(100) CHARACTER SET latin1 DEFAULT NULL,
  `employee_name` varchar(202) CHARACTER SET latin1 DEFAULT NULL
) ENGINE=MyISAM DEFAULT CHARSET=utf8;

--
-- Dumping data for table `hospital_unit_mv`
--

INSERT INTO `hospital_unit_mv` VALUES (NULL,NULL,18,98,NULL,NULL,'ACUTE PAIN SERVICE','Lname1, Fname'),(NULL,NULL,20,155,NULL,NULL,'BONE MARROW TRANSPLANT','Angert, Jay'),(2,7,15,140,'ADMIN','ADMIN','ACUTE PAIN SERVICE','ADMIN, REPORT'),(2,7,15,97,'ADMIN','ADMIN','ACUTE PAIN SERVICE','Clancy, Tim'),(2,7,15,48,'ADMIN','ADMIN','ACUTE PAIN SERVICE','DeOnna, Janetta'),(2,7,15,49,'ADMIN','ADMIN','ACUTE PAIN SERVICE','Holt, Mary Ann'),(2,7,15,159,'ADMIN','ADMIN','ACUTE PAIN SERVICE','Wainio, Joyce Anne'),(2,7,2,2,'ADMIN','ADMIN','BEHAVIORAL HEATLH','Selfridge, Bob'),(2,7,16,95,'ADMIN','ADMIN','CARDIAC SURGERY UNIT','Angert, Jay'),(2,7,19,154,'ADMIN','ADMIN','Unknown','Echols, Ann'),(2,7,19,153,'ADMIN','ADMIN','Unknown','Simkins, Tim'),(1,3,6,6,'St. Francis Hospital','CHE East','7thNorth/7thSouth','Love , Ruby'),(1,3,1,1,'St. Francis Hospital','CHE East','ACUTE PAIN SERVICE','ignore, ignore'),(1,3,3,3,'St. Francis Hospital','CHE East','ASP/GI LAB','Foley, Jane'),(1,3,13,14,'St. Francis Hospital','CHE East','Bariatric Surgery Outpatient','Sparks, MaryEllen'),(1,3,17,96,'St. Francis Hospital','CHE East','CARDIAC SURGERY UNIT','Angert, Mary'),(1,3,9,9,'St. Francis Hospital','CHE East','ED','Holland, Mary Beth'),(1,3,12,13,'St. Francis Hospital','CHE East','Home Care','Gillespie, Elizabeth'),(1,3,12,12,'St. Francis Hospital','CHE East','Home Care','Hopkins, Sharon'),(1,3,7,7,'St. Francis Hospital','CHE East','ICU/CVICU','Rogerson, Heather'),(1,3,8,8,'St. Francis Hospital','CHE East','IMC/5th Clayton','Squire, Andrea'),(1,3,11,11,'St. Francis Hospital','CHE East','Maternity','Nau, Dianne'),(1,3,5,5,'St. Francis Hospital','CHE East','OR/SPD','Leicht, Patricia'),(1,3,4,4,'St. Francis Hospital','CHE East','PACU/SameDay','Lizzi , Nancy'),(1,3,10,10,'St. Francis Hospital','CHE East','TCU','Dittmar, Laura'),(1,3,14,25,'St. Francis Hospital','CHE East','Unknown','Buzin, MaryEllen'),(1,3,14,24,'St. Francis Hospital','CHE East','Unknown','Cenyour, Karen'),(1,3,14,45,'St. Francis Hospital','CHE East','Unknown','Cierniak, Kimberly'),(1,3,14,50,'St. Francis Hospital','CHE East','Unknown','Costantino, Vince'),(1,3,14,29,'St. Francis Hospital','CHE East','Unknown','Cunningham, Mary'),(1,3,14,39,'St. Francis Hospital','CHE East','Unknown','Emerson, MaryAnn'),(1,3,14,38,'St. Francis Hospital','CHE East','Unknown','Epstein, Joanne'),(1,3,14,36,'St. Francis Hospital','CHE East','Unknown','Fitzpatrick, Jean'),(1,3,14,16,'St. Francis Hospital','CHE East','Unknown','Guyton, Nate'),(1,3,14,46,'St. Francis Hospital','CHE East','Unknown','Harris, Sam'),(1,3,14,19,'St. Francis Hospital','CHE East','Unknown','Jewell, Maureen'),(1,3,14,27,'St. Francis Hospital','CHE East','Unknown','Kelliher, Dennis'),(1,3,14,17,'St. Francis Hospital','CHE East','Unknown','Kirby, Jennifer'),(1,3,14,44,'St. Francis Hospital','CHE East','Unknown','Kisiewlewski, Theresea'),(1,3,14,33,'St. Francis Hospital','CHE East','Unknown','Lanci, Rose'),(1,3,14,41,'St. Francis Hospital','CHE East','Unknown','Leimkuehler, Sylvia'),(1,3,14,30,'St. Francis Hospital','CHE East','Unknown','Moran, Kathy'),(1,3,14,20,'St. Francis Hospital','CHE East','Unknown','Pampel, Joanne'),(1,3,14,28,'St. Francis Hospital','CHE East','Unknown','Pettis, Melissa'),(1,3,14,35,'St. Francis Hospital','CHE East','Unknown','Reed, Linda'),(1,3,14,31,'St. Francis Hospital','CHE East','Unknown','Reilly, Kristi'),(1,3,14,40,'St. Francis Hospital','CHE East','Unknown','Ross, Jennifer'),(1,3,14,32,'St. Francis Hospital','CHE East','Unknown','Sayre, Myke'),(1,3,14,43,'St. Francis Hospital','CHE East','Unknown','Schweiger, Paul'),(1,3,14,22,'St. Francis Hospital','CHE East','Unknown','Senseny, Helen'),(1,3,14,26,'St. Francis Hospital','CHE East','Unknown','Seward, Jane'),(1,3,14,15,'St. Francis Hospital','CHE East','Unknown','Shaw, Rick'),(1,3,14,34,'St. Francis Hospital','CHE East','Unknown','Smyth, Melissa'),(1,3,14,37,'St. Francis Hospital','CHE East','Unknown','Snyder, Dawn'),(1,3,14,47,'St. Francis Hospital','CHE East','Unknown','Spicer, Ed'),(1,3,14,23,'St. Francis Hospital','CHE East','Unknown','Thompson, Rebecca'),(1,3,14,21,'St. Francis Hospital','CHE East','Unknown','Turner, Karen'),(1,3,14,18,'St. Francis Hospital','CHE East','Unknown','VanDerloo, Jon'),(1,3,14,42,'St. Francis Hospital','CHE East','Unknown','Young, Laura');

--
-- Table structure for table `hospital_unit_v`
--

CREATE TABLE `hospital_unit_v` (
  `sys_id` int(11) DEFAULT NULL,
  `site_id` int(11) DEFAULT NULL,
  `unit_id` int(11) DEFAULT NULL,
  `employee_id` int(11) DEFAULT NULL,
  `sys_name` varchar(100) DEFAULT NULL,
  `site_name` varchar(100) DEFAULT NULL,
  `unit_name` varchar(100) DEFAULT NULL,
  `employee_name` varchar(202) DEFAULT NULL
) ENGINE=MyISAM DEFAULT CHARSET=latin1;

--
-- Dumping data for table `hospital_unit_v`
--


--
-- Table structure for table `nmci_comp`
--

CREATE TABLE `nmci_comp` (
  `ID` varchar(10) NOT NULL DEFAULT '',
  `DOM_ID` varchar(10) DEFAULT NULL,
  `SORT_ORDER` int(11) DEFAULT NULL,
  `NAME` varchar(255) DEFAULT NULL,
  PRIMARY KEY (`ID`),
  KEY `dom_ix` (`DOM_ID`)
) ENGINE=MyISAM DEFAULT CHARSET=latin1;

--
-- Dumping data for table `nmci_comp`
--

INSERT INTO `nmci_comp` VALUES ('K01196','K01190',0,'Analyze workflow'),('K01197','K01190',0,'Determine staffing'),('K01198','K01190',0,'Establish unit goals'),('K01199','K01190',0,'Evaluate patient satisfaction'),('K01200','K01190',0,'Integrate technology'),('K01201','K01190',0,'Lead service recovery'),('K01202','K01190',0,'Perform chart reviews'),('K01203','K01190',0,'Provide customer service'),('K01204','K01195',0,'Balance work'),('K01205','K01195',0,'Demonstrate commitment'),('K01206','K01195',0,'Deliver presentations'),('K01207','K01195',0,'Maintain membership'),('K01208','K01195',0,'Obtain certifications'),('K01209','K01195',0,'Participate in research'),('K01210','K01195',0,'Seek CE units'),('K01211','K01195',0,'Serve in leadership roles'),('K01212','K01189',0,'Collaborate with staff'),('K01213','K01189',0,'Follow up on issues'),('K01214','K01189',0,'Implement protocols'),('K01215','K01189',0,'Perform daily patient care rounds'),('K01216','K01189',0,'Perform inter-disciplinary-clinical rounds'),('K01217','K01187',0,'Coach staff'),('K01218','K01187',0,'Develop teams'),('K01219','K01187',0,'Empower staff'),('K01220','K01187',0,'Evaluate needs'),('K01221','K01187',0,'Evaluate in-service'),('K01222','K01187',0,'Facilitate decision-making'),('K01223','K01187',0,'Include staff'),('K01224','K01187',0,'Mentor staff'),('K01225','K01187',0,'Model conflict management skills'),('K01226','K01187',0,'Support orientation'),('K01227','K01187',0,'Utilize preceptor model'),('K01228','K01192',0,'Collaborate with nurses'),('K01229','K01192',0,'Collaborate with supervisor'),('K01230','K01192',0,'Conduct meetings'),('K01231','K01192',0,'Network with teams'),('K01232','K01192',0,'Network with managers'),('K01233','K01192',0,'Serve as facilitator'),('K01234','K01192',0,'Convey information to staff'),('K01235','K01193',0,'Develop improvement projects'),('K01236','K01193',0,'Evaluate improvement activities'),('K01237','K01193',0,'Facilitate safety'),('K01238','K01193',0,'Identify performance issues'),('K01239','K01193',0,'Implement improvement activities'),('K01240','K01193',0,'Investigate risks'),('K01241','K01193',0,'Support peer review'),('K01242','K01191',0,'Analyze financial reports'),('K01243','K01191',0,'Create the budget'),('K01244','K01191',0,'Manage the payroll'),('K01245','K01191',0,'Monitor the budget'),('K01246','K01191',0,'Procure material resources'),('K01247','K01191',0,'Utilize technology'),('K01248','K01188',0,'Deliver reviews'),('K01249','K01188',0,'Discipline employees'),('K01250','K01188',0,'Enforce compliance with regulatory requirements'),('K01251','K01188',0,'Enforce compliance with policies'),('K01252','K01188',0,'Evaluate performance'),('K01253','K01188',0,'Implement disaster plans'),('K01254','K01188',0,'Manage material resources'),('K01255','K01188',0,'Mediate conflicts'),('K01256','K01188',0,'Monitor regulatory compliance'),('K01257','K01188',0,'Monitor staff'),('K01258','K01188',0,'Monitor staff attendance'),('K01259','K01188',0,'Provide feedback'),('K01260','K01188',0,'Terminate employees'),('K01261','K01188',0,'Verify compliance with requirements'),('K01262','K01194',0,'Create the nursing vision'),('K01263','K01194',0,'Facilitate professional activities'),('K01264','K01194',0,'Facilitate shared governance'),('K01265','K01194',0,'Integrate practice into nursing standards'),('K01266','K01194',0,'Set standards'),('K01267','K01186',0,'Create interviewing process'),('K01268','K01186',0,'Encourage shadow experiences'),('K01269','K01186',0,'Treat student nurses as professionals'),('K01270','K01186',0,'Hire nursing students into ancillary positions'),('K01271','K01186',0,'Hire staff'),('K01272','K01186',0,'Interview potential staff'),('K01273','K01186',0,'Offer internships'),('K01274','K01186',0,'Plan recruitment'),('K01275','K01186',0,'Support extern programs'),('K01276','K01186',0,'Assess job applicants\' fit'),('K01277','K01185',0,'Reduce mandatory overtime'),('K01278','K01185',0,'Develop staff satisfaction plans'),('K01279','K01185',0,'Identify staff dis-satisfiers'),('K01280','K01185',0,'Identify strengths of staff members'),('K01281','K01185',0,'Maintain an \'open door\' policy'),('K01282','K01185',0,'Measure staff satisfaction'),('K01283','K01185',0,'Model a democratic style'),('K01284','K01185',0,'Recognize & reward staff'),('K01285','K01185',0,'Serve as staff advocate'),('K01286','K01185',0,'Support educational opportunities'),('K01287','K01185',0,'Support flexible self scheduling'),('K01288','K01185',0,'Value work-family balance'),('K01292','K01290',1,'Accountability'),('K01293','K01290',2,'Change Leadership'),('K01294','K01290',3,'Collaboration'),('K01295','K01290',4,'Communication Skills'),('K01297','K01290',6,'Information Technology Management'),('K01298','K01290',7,'Initiative'),('K01299','K01290',8,'Organizational Awareness'),('K01300','K01290',9,'Performance Measurement'),('K01301','K01290',10,'Process Management / Organizational Design'),('K01302','K01290',11,'Project Management'),('K01303','K01290',5,'Impact and Influence'),('K01304','K01291',1,'Human Resources Management'),('K01305','K01291',2,'Interpersonal Understanding'),('K01306','K01291',3,'Professionalism'),('K01307','K01291',4,'Relationship Building'),('K01308','K01291',5,'Self-Confidence'),('K01309','K01291',6,'Self-Development'),('K01310','K01291',7,'Talent Development'),('K01311','K01291',8,'Team Leadership'),('K01312','K01289',1,'Achievement Orientation'),('K01313','K01289',2,'Analytical Thinking'),('K01314','K01289',3,'Community Orientation'),('K01315','K01289',4,'Financial Skills'),('K01316','K01289',5,'Information Seeking'),('K01317','K01289',6,'Innovative Thinking'),('K01318','K01289',7,'Strategic Orientation');

--
-- Table structure for table `tbFacilityInfo`
--

CREATE TABLE `tbFacilityInfo` (
  `fdKey` int(11) DEFAULT NULL,
  `fdSystem` varchar(255) DEFAULT NULL,
  `fdName` varchar(255) DEFAULT NULL,
  `fdSize` varchar(255) DEFAULT NULL,
  `fdType` varchar(255) DEFAULT NULL,
  `fdCity` varchar(255) DEFAULT NULL,
  `fdState` varchar(255) DEFAULT NULL,
  `fdZip` varchar(255) DEFAULT NULL,
  `fdRegion` varchar(255) DEFAULT NULL,
  `fdAssessmentType` varchar(255) DEFAULT NULL,
  `fdInvitationDate` datetime DEFAULT NULL,
  `fdStartDate` datetime DEFAULT NULL,
  `fd15dayDate` datetime DEFAULT NULL,
  `fd10dayDate` datetime DEFAULT NULL,
  `fd5dayDate` datetime DEFAULT NULL,
  `fd2dayDate` datetime DEFAULT NULL,
  `fd1dayDate` datetime DEFAULT NULL,
  `fdStopDate` datetime DEFAULT NULL,
  `fdEndDate` datetime DEFAULT NULL,
  `fdOtherDate` datetime DEFAULT NULL
) ENGINE=MyISAM DEFAULT CHARSET=utf8;

--
-- Dumping data for table `tbFacilityInfo`
--

INSERT INTO `tbFacilityInfo` VALUES (3,'St. Francis Hospital','CHE East','1-100','Community Teaching','','','','North East','Multi-Rater Assessment','2008-04-20 00:00:00','2008-04-01 00:00:00',NULL,NULL,NULL,NULL,NULL,'2008-04-30 00:00:00','2008-04-30 00:00:00',NULL),(7,'ADMIN','ADMIN','400+','Community Teaching','','','','North East','Multi-Rater Assessment','2008-06-01 00:00:00','2008-06-01 00:00:00',NULL,NULL,NULL,NULL,NULL,'2020-08-03 00:00:00','2020-08-03 00:00:00','2008-06-30 00:00:00');

--
-- Table structure for table `tbKeyword`
--

CREATE TABLE `tbKeyword` (
  `fdKeywordID` varchar(10) DEFAULT NULL,
  `fdKeyword` varchar(255) DEFAULT NULL,
  `fdKeywordShort` varchar(255) DEFAULT NULL,
  `fdParentKeywordID` varchar(10) DEFAULT NULL,
  `fdSort` int(11) DEFAULT NULL,
  `fdRank` int(11) DEFAULT NULL,
  `fdCreatedDate` datetime DEFAULT NULL,
  `fdModifiedDate` datetime DEFAULT NULL
) ENGINE=MyISAM DEFAULT CHARSET=utf8;

--
-- Dumping data for table `tbKeyword`
--

INSERT INTO `tbKeyword` VALUES ('K01185','Retention','','KT0030',0,0,'2007-04-11 10:47:54',NULL),('K01186','Recruit Staff','','KT0030',0,0,'2007-04-11 10:48:08',NULL),('K01187','Facilitate Staff Development','','KT0030',0,0,'2007-04-11 10:48:25',NULL),('K01188','Perform Supervisory Responsibilities','','KT0030',0,0,'2007-04-11 10:48:45',NULL),('K01189','Ensure Patient Safety and Quality Care','','KT0030',0,0,'2007-04-11 10:49:04',NULL),('K01190','Conduct Daily Unit Operations','','KT0030',0,0,'2007-04-11 10:49:25','2007-05-15 06:28:42'),('K01191','Manage Fiscal Planning','','KT0030',0,0,'2007-04-11 10:49:38',NULL),('K01192','Interpersonal, Group, and Organizational Communication','','KT0030',0,0,'2007-04-11 10:50:00',NULL),('K01193','Lead Quality Improvement Initiatives','','KT0030',0,0,'2007-04-11 10:50:19',NULL),('K01194','Promote Professional Practice Model','','KT0030',0,0,'2007-04-11 10:50:37',NULL),('K01195','Develop Self','','KT0030',0,0,'2007-04-11 10:50:49',NULL),('K01196','Analyze workflow','','K01190',0,0,'2007-04-11 10:54:17','2008-10-19 10:17:15'),('K01197','Determine staffing','','K01190',0,0,'2007-04-11 10:54:59','2008-10-19 10:44:20'),('K01198','Establish unit goals','','K01190',0,0,'2007-04-11 10:55:33',NULL),('K01199','Evaluate patient satisfaction','','K01190',0,0,'2007-04-11 10:55:57',NULL),('K01200','Integrate technology','','K01190',0,0,'2007-04-11 10:56:21',NULL),('K01201','Lead service recovery','','K01190',0,0,'2007-04-11 10:57:03',NULL),('K01202','Perform chart reviews','','K01190',0,0,'2007-04-11 10:57:23',NULL),('K01203','Provide customer service','','K01190',0,0,'2007-04-11 10:58:16',NULL),('K01204','Balance work','','K01195',0,0,'2007-04-11 11:16:24',NULL),('K01205','Demonstrate commitment','','K01195',0,0,'2007-04-11 11:16:49',NULL),('K01206','Deliver presentations','','K01195',0,0,'2007-04-11 11:17:09',NULL),('K01207','Maintain membership','','K01195',0,0,'2007-04-11 11:17:38',NULL),('K01208','Obtain certifications','','K01195',0,0,'2007-04-11 11:18:05',NULL),('K01209','Participate in research','','K01195',0,0,'2007-04-11 11:18:26',NULL),('K01210','Seek CE units','','K01195',0,0,'2007-04-11 11:18:56',NULL),('K01211','Serve in leadership roles','','K01195',0,0,'2007-04-11 11:19:37',NULL),('K01212','Collaborate with staff','','K01189',0,0,'2007-04-11 11:20:46',NULL),('K01213','Follow up on issues','','K01189',0,0,'2007-04-11 11:21:17',NULL),('K01214','Implement protocols','','K01189',0,0,'2007-04-11 11:21:46',NULL),('K01215','Perform daily patient care rounds','','K01189',0,0,'2007-04-11 11:22:08',NULL),('K01216','Perform inter-disciplinary-clinical rounds','','K01189',0,0,'2007-04-11 11:22:34',NULL),('K01217','Coach staff','','K01187',0,0,'2007-04-11 11:23:16',NULL),('K01218','Develop teams','','K01187',0,0,'2007-04-11 11:23:36',NULL),('K01219','Empower staff','','K01187',0,0,'2007-04-11 11:23:54',NULL),('K01220','Evaluate needs','','K01187',0,0,'2007-04-11 11:24:18',NULL),('K01221','Evaluate in-service','','K01187',0,0,'2007-04-11 11:24:41',NULL),('K01222','Facilitate decision-making','','K01187',0,0,'2007-04-11 11:25:06',NULL),('K01223','Include staff','','K01187',0,0,'2007-04-11 11:25:28',NULL),('K01224','Mentor staff','','K01187',0,0,'2007-04-11 11:25:41',NULL),('K01225','Model conflict management skills','','K01187',0,0,'2007-04-11 11:26:08',NULL),('K01226','Support orientation','','K01187',0,0,'2007-04-11 11:26:28',NULL),('K01227','Utilize preceptor model','','K01187',0,0,'2007-04-11 11:26:50',NULL),('K01228','Collaborate with nurses','','K01192',0,0,'2007-04-11 11:27:35',NULL),('K01229','Collaborate with supervisor','','K01192',0,0,'2007-04-11 11:27:51',NULL),('K01230','Conduct meetings','','K01192',0,0,'2007-04-11 11:28:09',NULL),('K01231','Network with teams','','K01192',0,0,'2007-04-11 11:28:33','2007-04-11 11:29:06'),('K01232','Network with managers','','K01192',0,0,'2007-04-11 11:28:56',NULL),('K01233','Serve as facilitator','','K01192',0,0,'2007-04-11 11:29:27',NULL),('K01234','Convey information to staff','','K01192',0,0,'2007-04-11 11:29:49',NULL),('K01235','Develop improvement projects','','K01193',0,0,'2007-04-11 11:31:01',NULL),('K01236','Evaluate improvement activities','','K01193',0,0,'2007-04-11 11:31:25',NULL),('K01237','Facilitate safety','','K01193',0,0,'2007-04-11 11:31:46',NULL),('K01238','Identify performance issues','','K01193',0,0,'2007-04-11 11:32:08',NULL),('K01239','Implement improvement activities','','K01193',0,0,'2007-04-11 11:32:27',NULL),('K01240','Investigate risks','','K01193',0,0,'2007-04-11 11:32:55',NULL),('K01241','Support peer review','','K01193',0,0,'2007-04-11 11:33:17',NULL),('K01242','Analyze financial reports','','K01191',0,0,'2007-04-11 11:33:50',NULL),('K01243','Create the budget','','K01191',0,0,'2007-04-11 11:34:05',NULL),('K01244','Manage the payroll','','K01191',0,0,'2007-04-11 11:34:27',NULL),('K01245','Monitor the budget','','K01191',0,0,'2007-04-11 11:34:41',NULL),('K01246','Procure material resources','','K01191',0,0,'2007-04-11 11:34:53',NULL),('K01247','Utilize technology','','K01191',0,0,'2007-04-11 11:35:10',NULL),('K01248','Deliver reviews','','K01188',0,0,'2007-04-11 11:35:50',NULL),('K01249','Discipline employees','','K01188',0,0,'2007-04-11 11:36:04',NULL),('K01250','Enforce compliance with regulatory requirements','','K01188',0,0,'2007-04-11 11:36:35',NULL),('K01251','Enforce compliance with policies','','K01188',0,0,'2007-04-11 11:36:53',NULL),('K01252','Evaluate performance','','K01188',0,0,'2007-04-11 11:37:07',NULL),('K01253','Implement disaster plans','','K01188',0,0,'2007-04-11 11:37:26',NULL),('K01254','Manage material resources','','K01188',0,0,'2007-04-11 11:37:46',NULL),('K01255','Mediate conflicts','','K01188',0,0,'2007-04-11 11:38:25',NULL),('K01256','Monitor regulatory compliance','','K01188',0,0,'2007-04-11 11:38:52',NULL),('K01257','Monitor staff','','K01188',0,0,'2007-04-11 11:39:09',NULL),('K01258','Monitor staff attendance','','K01188',0,0,'2007-04-11 11:39:22',NULL),('K01259','Provide feedback','','K01188',0,0,'2007-04-11 11:39:46',NULL),('K01260','Terminate employees','','K01188',0,0,'2007-04-11 11:40:14',NULL),('K01261','Verify compliance with requirements','','K01188',0,0,'2007-04-11 11:40:36',NULL),('K01262','Create the nursing vision','','K01194',0,0,'2007-04-11 11:41:04',NULL),('K01263','Facilitate professional activities','','K01194',0,0,'2007-04-11 11:41:30',NULL),('K01264','Facilitate shared governance','','K01194',0,0,'2007-04-11 11:41:45',NULL),('K01265','Integrate practice into nursing standards','','K01194',0,0,'2007-04-11 11:42:38',NULL),('K01266','Set standards','','K01194',0,0,'2007-04-11 11:42:57',NULL),('K01267','Create interviewing process','','K01186',0,0,'2007-04-11 11:43:29',NULL),('K01268','Encourage shadow experiences','','K01186',0,0,'2007-04-11 11:43:55',NULL),('K01269','Treat student nurses as professionals','','K01186',0,0,'2007-04-11 11:44:25',NULL),('K01270','Hire nursing students into ancillary positions','','K01186',0,0,'2007-04-11 11:44:43',NULL),('K01271','Hire staff','','K01186',0,0,'2007-04-11 11:45:00',NULL),('K01272','Interview potential staff','','K01186',0,0,'2007-04-11 11:45:14',NULL),('K01273','Offer internships','','K01186',0,0,'2007-04-11 11:45:33',NULL),('K01274','Plan recruitment','','K01186',0,0,'2007-04-11 11:46:21',NULL),('K01275','Support extern programs','','K01186',0,0,'2007-04-11 11:46:51',NULL),('K01276','Assess job applicants\' fit','','K01186',0,0,'2007-04-11 11:47:34',NULL),('K01277','Reduce mandatory overtime','','K01185',0,0,'2007-04-11 11:48:06',NULL),('K01278','Develop staff satisfaction plans','','K01185',0,0,'2007-04-11 11:48:26',NULL),('K01279','Identify staff dis-satisfiers','','K01185',0,0,'2007-04-11 11:48:42',NULL),('K01280','Identify strengths of staff members','','K01185',0,0,'2007-04-11 11:49:00',NULL),('K01281','Maintain an \'open door\' policy','','K01185',0,0,'2007-04-11 11:49:19',NULL),('K01282','Measure staff satisfaction','','K01185',0,0,'2007-04-11 11:49:36',NULL),('K01283','Model a democratic style','','K01185',0,0,'2007-04-11 11:50:04',NULL),('K01284','Recognize & reward staff','','K01185',0,0,'2007-04-11 11:50:22',NULL),('K01285','Serve as staff advocate','','K01185',0,0,'2007-04-11 11:50:43',NULL),('K01286','Support educational opportunities','','K01185',0,0,'2007-04-11 11:51:07',NULL),('K01287','Support flexible self scheduling','','K01185',0,0,'2007-04-11 11:51:31',NULL),('K01288','Value work-family balance','','K01185',0,0,'2007-04-11 11:51:55',NULL),('K01289','Transformation','Transformation','KT0031',1,0,'2008-10-21 06:03:06',NULL),('K01290','Execution','Execution','KT0031',2,0,'2008-10-21 06:03:26',NULL),('K01291','People','People','KT0031',3,0,'2008-10-21 06:03:39',NULL),('K01292','Accountability','Accountability','K01290',1,0,'2008-10-21 06:03:59','2008-10-22 11:14:17'),('K01293','Change Leadership','Change Leadership','K01290',2,0,'2008-10-21 06:04:11','2008-10-22 11:14:50'),('K01294','Collaboration','Collaboration','K01290',3,0,'2008-10-21 06:04:23','2008-10-22 11:15:23'),('K01295','Communication Skills','Communication Skills','K01290',4,0,'2008-10-21 06:04:47','2008-10-22 11:15:54'),('K01296','Impact and Influence','','KT0031',4,0,'2008-10-21 06:04:59',NULL),('K01297','Information Technology Management','IT Management','K01290',6,0,'2008-10-21 06:05:22','2008-10-22 11:17:09'),('K01298','Initiative','Initiative','K01290',7,0,'2008-10-21 06:05:35','2008-10-22 11:17:49'),('K01299','Organizational Awareness','Organizational Awareness','K01290',8,0,'2008-10-21 06:05:50','2008-10-22 11:18:20'),('K01300','Performance Measurement','Performance Measurement','K01290',9,0,'2008-10-21 06:06:04','2008-10-22 11:18:57'),('K01301','Process Management / Organizational Design','Process Mgmt / Org Design','K01290',10,0,'2008-10-21 06:06:50','2008-10-22 11:19:42'),('K01302','Project Management','Process Management','K01290',11,0,'2008-10-21 06:07:14','2008-10-22 11:20:25'),('K01303','Impact and Influence','Impact and Influence','K01290',5,0,'2008-10-21 06:07:54','2008-10-22 11:16:29'),('K01304','Human Resources Management','HR Mgmt','K01291',1,0,'2008-10-21 06:08:26','2008-10-22 11:20:58'),('K01305','Interpersonal Understanding','Interpersonal Understanding','K01291',2,0,'2008-10-21 06:08:40','2008-10-22 11:21:32'),('K01306','Professionalism','Professionalism','K01291',3,0,'2008-10-21 06:08:57','2008-10-22 11:22:06'),('K01307','Relationship Building','Relationship Building','K01291',4,0,'2008-10-21 06:09:15','2008-10-22 11:22:42'),('K01308','Self-Confidence','Self-Confidence','K01291',5,0,'2008-10-21 06:09:26','2008-10-22 11:23:10'),('K01309','Self-Development','Self-Development','K01291',6,0,'2008-10-21 06:09:39','2008-10-22 11:23:45'),('K01310','Talent Development','Talent Development','K01291',7,0,'2008-10-21 06:09:55','2008-10-22 11:24:15'),('K01311','Team Leadership','Team Leadership','K01291',8,0,'2008-10-21 06:10:10','2008-10-21 03:46:38'),('K01312','Achievement Orientation','Achievement Orientation','K01289',1,0,'2008-10-21 06:10:25','2008-10-22 11:10:16'),('K01313','Analytical Thinking','Analytical Thinking','K01289',2,0,'2008-10-21 06:10:41','2008-10-22 11:10:55'),('K01314','Community Orientation','Community Orientation','K01289',3,0,'2008-10-21 06:10:58','2008-10-22 11:11:27'),('K01315','Financial Skills','Financial Skills','K01289',4,0,'2008-10-21 06:11:09','2008-10-22 11:11:53'),('K01316','Information Seeking','Information Seeking','K01289',5,0,'2008-10-21 06:11:24','2008-10-22 11:12:32'),('K01317','Innovative Thinking','Innovative Thinking','K01289',6,0,'2008-10-21 06:11:36','2008-10-22 11:13:01'),('K01318','Strategic Orientation','Strategic Orientation','K01289',7,0,'2008-10-21 06:11:54','2008-10-22 11:13:33');

--
-- Table structure for table `tbKeywordDefinitions`
--

CREATE TABLE `tbKeywordDefinitions` (
  `fdKeywordID` varchar(10) DEFAULT NULL,
  `fdDefinition` varchar(255) DEFAULT NULL,
  `fdCreatedDate` datetime DEFAULT NULL,
  `fdModifiedDate` datetime DEFAULT NULL
) ENGINE=MyISAM DEFAULT CHARSET=utf8;

--
-- Dumping data for table `tbKeywordDefinitions`
--

INSERT INTO `tbKeywordDefinitions` VALUES ('K01185','Retention',NULL,NULL),('K01186','Recruit Staff',NULL,NULL),('K01187','Facilitate Staff Development',NULL,NULL),('K01188','Perform Supervisory Responsibilities',NULL,NULL),('K01189','Ensure Patient Safety and Quality Care',NULL,NULL),('K01190','Conduct Daily Unit Operations',NULL,NULL),('K01191','Manage Fiscal Planning',NULL,NULL),('K01192','Interpersonal, Group, and Organizational Communication',NULL,NULL),('K01193','Lead Quality Improvement Initiatives',NULL,NULL),('K01194','Promote Professional Practice Model',NULL,NULL),('K01195','Develop Self',NULL,NULL),('K01196','Analyze workflow',NULL,NULL),('K01197','Determine staffing',NULL,NULL),('K01198','Establish unit goals',NULL,NULL),('K01199','Evaluate patient satisfaction',NULL,NULL),('K01200','Integrate technology',NULL,NULL),('K01201','Lead service recovery',NULL,NULL),('K01202','Perform chart reviews',NULL,NULL),('K01203','Provide customer service',NULL,NULL),('K01204','Balance work',NULL,NULL),('K01205','Demonstrate commitment',NULL,NULL),('K01206','Deliver presentations',NULL,NULL),('K01207','Maintain membership',NULL,NULL),('K01208','Obtain certifications',NULL,NULL),('K01209','Participate in research',NULL,NULL),('K01210','Seek CE units',NULL,NULL),('K01211','Serve in leadership roles',NULL,NULL),('K01212','Collaborate with staff',NULL,NULL),('K01213','Follow up on issues',NULL,NULL),('K01214','Implement protocols',NULL,NULL),('K01215','Perform rounds',NULL,NULL),('K01216','Perform clinical rounds',NULL,NULL),('K01217','Coach staff',NULL,NULL),('K01218','Develop teams',NULL,NULL),('K01219','Empower staff',NULL,NULL),('K01220','Evaluate needs',NULL,NULL),('K01221','Evaluate in-service',NULL,NULL),('K01222','Facilitate decision-making',NULL,NULL),('K01223','Include staff',NULL,NULL),('K01224','Mentor staff',NULL,NULL),('K01225','Model conflict management skills',NULL,NULL),('K01226','Support orientation',NULL,NULL),('K01227','Utilize preceptor model',NULL,NULL),('K01228','Collaborate with nurses',NULL,NULL),('K01229','Collaborate with supervisor',NULL,NULL),('K01230','Conduct meetings',NULL,NULL),('K01231','Network with teams',NULL,NULL),('K01232','Network with managers',NULL,NULL),('K01233','Serve as facilitator',NULL,NULL),('K01234','Convey information to staff',NULL,NULL),('K01235','Develop improvement projects',NULL,NULL),('K01236','Evaluate improvement activities',NULL,NULL),('K01237','Facilitate safety',NULL,NULL),('K01238','Identify performance issues',NULL,NULL),('K01239','Implement improvement activities',NULL,NULL),('K01240','Investigate risks',NULL,NULL),('K01241','Support peer review',NULL,NULL),('K01242','Analyze financial reports',NULL,NULL),('K01243','Create the budget',NULL,NULL),('K01244','Manage the payroll',NULL,NULL),('K01245','Monitor the budget',NULL,NULL),('K01246','Procure material resources',NULL,NULL),('K01247','Utilize technology',NULL,NULL),('K01248','Deliver reviews',NULL,NULL),('K01249','Discipline employees',NULL,NULL),('K01250','Enforce compliance with regulatory requirements',NULL,NULL),('K01251','Enforce compliance with policies',NULL,NULL),('K01252','Evaluate performance',NULL,NULL),('K01253','Implement disaster plans',NULL,NULL),('K01254','Manage material resources',NULL,NULL),('K01255','Mediate conflicts',NULL,NULL),('K01256','Monitor regulatory compliance',NULL,NULL),('K01257','Monitor staff',NULL,NULL),('K01258','Monitor staff attendance',NULL,NULL),('K01259','Provide feedback',NULL,NULL),('K01260','Terminate employees',NULL,NULL),('K01261','Verify compliance with requirements',NULL,NULL),('K01262','Create the nursing vision',NULL,NULL),('K01263','Facilitate professional activities',NULL,NULL),('K01264','Facilitate shared governance',NULL,NULL),('K01265','Integrate practice into nursing standards',NULL,NULL),('K01266','Set standards',NULL,NULL),('K01267','Create interviewing process',NULL,NULL),('K01268','Encourage shadow experiences',NULL,NULL),('K01269','Treat student nurses as professionals',NULL,NULL),('K01270','Hire nursing students into ancillary positions',NULL,NULL),('K01271','Hire staff',NULL,NULL),('K01272','Interview potential staff',NULL,NULL),('K01273','Offer internships',NULL,NULL),('K01274','Plan recruitment',NULL,NULL),('K01275','Support extern programs',NULL,NULL),('K01276','Assess job applicants\' fit',NULL,NULL),('K01277','Reduce mandatory overtime',NULL,NULL),('K01278','Develop staff satisfaction plans',NULL,NULL),('K01279','Identify staff dis-satisfiers',NULL,NULL),('K01280','Identify strengths of staff members',NULL,NULL),('K01281','Maintain an \'open door\' policy',NULL,NULL),('K01282','Measure staff satisfaction',NULL,NULL),('K01283','Model a democratic style',NULL,NULL),('K01284','Recognize & reward staff',NULL,NULL),('K01285','Serve as staff advocate',NULL,NULL),('K01286','Support educational opportunities',NULL,NULL),('K01287','Support flexible self scheduling',NULL,NULL),('K01288','Value work-family balance',NULL,NULL),('K01289','Transformation',NULL,NULL),('K01290','Execution',NULL,NULL),('K01291','People',NULL,NULL),('K01292','Accountability',NULL,NULL),('K01293','Change Leadership',NULL,NULL),('K01294','Collaboration',NULL,NULL),('K01295','Communication Skills',NULL,NULL),('K01296','Impact and Influence',NULL,NULL),('K01297','Information Technology Management',NULL,NULL),('K01298','Initiative',NULL,NULL),('K01299','Organizational Awareness',NULL,NULL),('K01300','Performance Measurement',NULL,NULL),('K01301','Process Management / Organizational Design',NULL,NULL),('K01302','Project Management',NULL,NULL),('K01303','Impact and Influence',NULL,NULL),('K01304','Human Resources Management',NULL,NULL),('K01305','Interpersonal Understanding',NULL,NULL),('K01306','Professionalism',NULL,NULL),('K01307','Relationship Building',NULL,NULL),('K01308','Self-Confidence',NULL,NULL),('K01309','Self-Development',NULL,NULL),('K01310','Talent Development',NULL,NULL),('K01311','Team Leadership',NULL,NULL),('K01312','Achievement Orientation',NULL,NULL),('K01313','Analytical Thinking',NULL,NULL),('K01314','Community Orientation',NULL,NULL),('K01315','Financial Skills',NULL,NULL),('K01316','Information Seeking',NULL,NULL),('K01317','Innovative Thinking',NULL,NULL),('K01318','Strategic Orientation',NULL,NULL);

--
-- Table structure for table `tbPlannerQuizAnswers`
--

CREATE TABLE `tbPlannerQuizAnswers` (
  `fdQuizKey` int(11) DEFAULT NULL,
  `fdKeywordID` varchar(255) DEFAULT NULL,
  `fdNeed` decimal(5,2) DEFAULT NULL,
  `fdImportance` decimal(5,2) DEFAULT NULL
) ENGINE=MyISAM DEFAULT CHARSET=utf8;

--
-- Dumping data for table `tbPlannerQuizAnswers`
--

INSERT INTO `tbPlannerQuizAnswers` VALUES (1,'K01196',1.00,2.00),(1,'K01242',4.00,3.00),(2,'K01196',4.00,3.00),(2,'K01242',2.00,1.00),(1,'K01197',1.00,1.00),(1,'K01198',1.00,1.00),(1,'K01199',1.00,1.00),(1,'K01200',1.00,1.00),(1,'K01201',1.00,1.00),(1,'K01202',1.00,1.00),(1,'K01203',1.00,1.00),(1,'K01204',4.00,4.00),(1,'K01206',1.00,1.00),(1,'K01205',1.00,1.00),(1,'K01207',1.00,1.00),(1,'K01208',1.00,1.00),(1,'K01209',1.00,1.00),(1,'K01210',1.00,1.00),(1,'K01211',1.00,1.00),(1,'K01212',1.00,1.00),(1,'K01213',1.00,1.00),(1,'K01214',1.00,1.00),(1,'K01216',1.00,1.00),(1,'K01215',1.00,1.00),(1,'K01217',1.00,1.00),(1,'K01218',1.00,1.00),(1,'K01219',1.00,1.00),(1,'K01221',1.00,1.00),(1,'K01220',1.00,1.00),(1,'K01222',1.00,1.00),(1,'K01223',1.00,1.00),(1,'K01224',1.00,1.00),(1,'K01225',1.00,1.00),(1,'K01226',1.00,1.00),(1,'K01227',1.00,1.00),(1,'K01228',1.00,1.00),(1,'K01229',1.00,1.00),(1,'K01230',1.00,1.00),(1,'K01234',1.00,1.00),(1,'K01232',1.00,1.00),(1,'K01231',1.00,1.00),(1,'K01233',1.00,1.00),(1,'K01235',1.00,1.00),(1,'K01236',1.00,1.00),(1,'K01237',1.00,1.00),(1,'K01238',1.00,1.00),(1,'K01239',1.00,1.00),(1,'K01240',1.00,1.00),(1,'K01241',1.00,1.00),(1,'K01243',1.00,1.00),(1,'K01244',1.00,1.00),(1,'K01245',1.00,1.00),(1,'K01246',1.00,1.00),(1,'K01247',1.00,1.00),(1,'K01248',1.00,1.00),(1,'K01249',1.00,1.00),(1,'K01251',1.00,1.00),(1,'K01250',1.00,1.00),(1,'K01252',1.00,1.00),(1,'K01253',1.00,1.00),(1,'K01254',1.00,1.00),(1,'K01255',1.00,1.00),(1,'K01256',1.00,1.00),(1,'K01257',1.00,1.00),(1,'K01258',1.00,1.00),(1,'K01259',1.00,1.00),(1,'K01260',1.00,1.00),(1,'K01261',1.00,1.00),(1,'K01262',1.00,1.00),(1,'K01263',1.00,1.00),(1,'K01264',1.00,1.00),(1,'K01265',1.00,1.00),(1,'K01266',1.00,1.00),(1,'K01267',1.00,1.00),(1,'K01268',1.00,1.00),(1,'K01270',1.00,1.00),(1,'K01271',1.00,1.00),(1,'K01272',1.00,1.00),(1,'K01273',1.00,1.00),(1,'K01274',1.00,1.00),(1,'K01276',1.00,1.00),(1,'K01275',1.00,1.00),(1,'K01269',1.00,1.00),(1,'K01278',1.00,1.00),(1,'K01279',1.00,1.00),(1,'K01280',1.00,1.00),(1,'K01281',1.00,1.00),(1,'K01282',1.00,1.00),(1,'K01283',1.00,1.00),(1,'K01284',1.00,1.00),(1,'K01277',1.00,1.00),(1,'K01285',1.00,1.00),(1,'K01286',1.00,1.00),(1,'K01287',1.00,1.00),(1,'K01288',1.00,1.00),(3,'K01196',3.00,3.00),(3,'K01204',2.00,2.00),(3,'K01217',1.00,1.00),(3,'K01242',4.00,4.00),(5,'K01196',2.00,3.00),(5,'K01204',3.00,2.00),(5,'K01212',4.00,1.00),(5,'K01217',4.00,3.00),(5,'K01228',4.00,2.00),(5,'K01229',2.00,3.00),(5,'K01242',3.00,3.00),(5,'K01197',2.00,3.00),(5,'K01198',4.00,3.00),(5,'K01199',3.00,2.00),(5,'K01200',3.00,2.00),(5,'K01201',4.00,4.00),(5,'K01202',3.00,2.00),(5,'K01203',2.00,2.00),(5,'K01206',3.00,4.00),(5,'K01205',3.00,3.00),(5,'K01207',2.00,3.00),(5,'K01208',1.00,4.00),(5,'K01209',3.00,4.00),(5,'K01210',3.00,2.00),(5,'K01211',2.00,2.00),(5,'K01213',3.00,3.00),(5,'K01214',3.00,2.00),(5,'K01216',4.00,4.00),(5,'K01215',1.00,3.00),(5,'K01218',3.00,3.00),(5,'K01219',3.00,2.00),(5,'K01221',1.00,3.00),(5,'K01220',2.00,3.00),(5,'K01222',2.00,3.00),(5,'K01223',3.00,1.00),(5,'K01224',3.00,2.00),(5,'K01225',4.00,3.00),(5,'K01226',4.00,4.00),(5,'K01227',1.00,4.00),(5,'K01230',1.00,1.00),(5,'K01234',4.00,2.00),(5,'K01232',2.00,1.00),(5,'K01231',1.00,1.00),(5,'K01233',1.00,1.00),(5,'K01235',4.00,1.00),(5,'K01236',3.00,2.00),(5,'K01237',4.00,2.00),(5,'K01238',1.00,3.00),(5,'K01239',1.00,4.00),(5,'K01240',3.00,2.00),(5,'K01241',2.00,2.00),(5,'K01243',3.00,2.00),(5,'K01244',1.00,4.00),(5,'K01245',3.00,3.00),(5,'K01246',3.00,3.00),(5,'K01247',3.00,2.00),(5,'K01248',4.00,1.00),(5,'K01249',2.00,4.00),(5,'K01251',3.00,1.00),(5,'K01250',2.00,2.00),(5,'K01252',3.00,2.00),(5,'K01253',3.00,1.00),(5,'K01254',3.00,4.00),(5,'K01255',3.00,4.00),(5,'K01256',4.00,2.00),(5,'K01257',2.00,2.00),(5,'K01258',1.00,3.00),(5,'K01259',2.00,3.00),(5,'K01260',3.00,3.00),(5,'K01261',3.00,2.00),(5,'K01262',2.00,2.00),(5,'K01263',3.00,2.00),(5,'K01264',2.00,1.00),(5,'K01265',3.00,3.00),(5,'K01266',3.00,2.00),(5,'K01267',2.00,3.00),(5,'K01268',3.00,2.00),(5,'K01270',2.00,3.00),(5,'K01271',3.00,2.00),(5,'K01272',1.00,2.00),(5,'K01273',2.00,2.00),(5,'K01274',1.00,2.00),(5,'K01276',2.00,3.00),(5,'K01275',2.00,2.00),(5,'K01269',2.00,2.00),(5,'K01278',2.00,1.00),(5,'K01279',3.00,2.00),(5,'K01280',2.00,4.00),(5,'K01281',3.00,2.00),(5,'K01282',4.00,1.00),(5,'K01283',1.00,3.00),(5,'K01284',4.00,2.00),(5,'K01277',2.00,4.00),(5,'K01285',3.00,1.00),(5,'K01286',3.00,3.00),(5,'K01287',2.00,3.00),(5,'K01288',1.00,3.00),(6,'K01196',3.00,4.00),(6,'K01197',1.00,2.00),(6,'K01198',3.00,3.00),(6,'K01199',4.00,1.00),(6,'K01200',3.00,2.00),(6,'K01201',2.00,3.00),(6,'K01202',1.00,2.00),(6,'K01203',2.00,1.00),(6,'K01204',3.00,2.00),(6,'K01206',2.00,2.00),(6,'K01205',1.00,4.00),(6,'K01207',4.00,3.00),(6,'K01208',4.00,3.00),(6,'K01209',2.00,1.00),(6,'K01210',1.00,4.00),(6,'K01211',4.00,3.00),(6,'K01212',2.00,4.00),(6,'K01213',4.00,1.00),(6,'K01214',2.00,3.00),(6,'K01216',2.00,3.00),(6,'K01215',3.00,4.00),(6,'K01217',2.00,2.00),(6,'K01218',4.00,4.00),(6,'K01219',2.00,4.00),(6,'K01221',3.00,1.00),(6,'K01220',3.00,1.00),(6,'K01222',2.00,3.00),(6,'K01223',3.00,4.00),(6,'K01224',2.00,4.00),(6,'K01225',4.00,2.00),(6,'K01226',4.00,3.00),(6,'K01227',1.00,2.00),(6,'K01228',1.00,4.00),(6,'K01229',3.00,3.00),(6,'K01230',2.00,2.00),(6,'K01234',4.00,3.00),(6,'K01232',2.00,3.00),(6,'K01231',3.00,4.00),(6,'K01233',2.00,4.00),(6,'K01235',2.00,2.00),(6,'K01236',1.00,2.00),(6,'K01237',2.00,3.00),(6,'K01238',1.00,4.00),(6,'K01239',3.00,2.00),(6,'K01240',1.00,2.00),(6,'K01241',3.00,4.00),(6,'K01242',3.00,3.00),(6,'K01243',3.00,3.00),(6,'K01244',2.00,1.00),(6,'K01245',1.00,2.00),(6,'K01246',3.00,2.00),(6,'K01247',2.00,1.00),(6,'K01248',4.00,4.00),(6,'K01249',3.00,4.00),(6,'K01251',3.00,3.00),(6,'K01250',4.00,3.00),(6,'K01252',3.00,2.00),(6,'K01253',4.00,1.00),(6,'K01254',3.00,2.00),(6,'K01255',1.00,3.00),(6,'K01256',3.00,3.00),(6,'K01257',2.00,2.00),(6,'K01258',2.00,1.00),(6,'K01259',4.00,1.00),(6,'K01260',2.00,4.00),(6,'K01261',4.00,4.00),(6,'K01262',1.00,3.00),(6,'K01263',1.00,4.00),(6,'K01264',3.00,2.00),(6,'K01265',4.00,3.00),(6,'K01266',3.00,2.00),(6,'K01267',2.00,1.00),(6,'K01268',1.00,2.00),(6,'K01270',3.00,2.00),(6,'K01271',2.00,3.00),(6,'K01272',2.00,1.00),(6,'K01273',3.00,2.00),(6,'K01274',4.00,3.00),(6,'K01276',2.00,1.00),(6,'K01275',2.00,2.00),(6,'K01269',2.00,3.00),(6,'K01278',3.00,1.00),(6,'K01279',2.00,3.00),(6,'K01280',3.00,2.00),(6,'K01281',3.00,4.00),(6,'K01282',1.00,2.00),(6,'K01283',3.00,3.00),(6,'K01284',3.00,2.00),(6,'K01277',2.00,3.00),(6,'K01285',3.00,4.00),(6,'K01286',1.00,2.00),(6,'K01287',3.00,3.00),(6,'K01288',3.00,2.00),(3,'K01230',4.00,4.00),(3,'K01197',3.00,2.00),(3,'K01206',2.00,3.00),(3,'K01205',4.00,1.00),(3,'K01212',2.00,3.00),(3,'K01228',4.00,2.00),(3,'K01229',0.00,1.00),(3,'K01234',4.00,1.00),(3,'K01235',2.00,3.00),(3,'K01243',2.00,3.00),(3,'K01248',3.00,2.00),(3,'K01262',1.00,4.00),(3,'K01267',3.00,2.00),(3,'K01278',1.00,4.00),(7,'K01196',4.00,4.00),(7,'K01197',3.00,4.00),(7,'K01198',3.00,4.00),(7,'K01199',3.00,4.00),(7,'K01200',2.00,2.00),(7,'K01201',3.00,3.00),(7,'K01202',4.00,4.00),(7,'K01203',3.00,3.00),(7,'K01204',4.00,3.00),(7,'K01206',2.00,4.00),(7,'K01205',3.00,4.00),(7,'K01207',3.00,3.00),(7,'K01208',3.00,3.00),(7,'K01209',2.00,2.00),(7,'K01210',3.00,3.00),(7,'K01211',1.00,1.00),(7,'K01212',1.00,3.00),(7,'K01213',3.00,3.00),(7,'K01214',2.00,2.00),(7,'K01216',1.00,1.00),(7,'K01215',1.00,1.00),(7,'K01217',3.00,4.00),(7,'K01218',2.00,4.00),(7,'K01219',3.00,3.00),(7,'K01221',3.00,4.00),(7,'K01220',3.00,3.00),(7,'K01222',3.00,4.00),(7,'K01223',3.00,3.00),(7,'K01224',4.00,4.00),(7,'K01225',3.00,3.00),(7,'K01226',1.00,1.00),(7,'K01227',1.00,1.00),(7,'K01228',3.00,4.00),(7,'K01229',3.00,4.00),(7,'K01230',3.00,4.00),(7,'K01234',3.00,4.00),(7,'K01232',4.00,4.00),(7,'K01231',3.00,3.00),(7,'K01233',3.00,3.00),(7,'K01235',3.00,4.00),(7,'K01236',3.00,4.00),(7,'K01237',3.00,4.00),(7,'K01238',3.00,3.00),(7,'K01239',3.00,3.00),(7,'K01240',3.00,3.00),(7,'K01241',1.00,1.00),(7,'K01242',2.00,3.00),(7,'K01243',1.00,1.00),(7,'K01244',1.00,1.00),(7,'K01245',1.00,1.00),(7,'K01246',1.00,1.00),(7,'K01247',1.00,1.00),(7,'K01248',3.00,4.00),(7,'K01249',3.00,3.00),(7,'K01251',3.00,4.00),(7,'K01250',3.00,4.00),(7,'K01252',3.00,3.00),(7,'K01253',2.00,2.00),(7,'K01254',3.00,3.00),(7,'K01255',3.00,3.00),(7,'K01256',3.00,3.00),(7,'K01257',3.00,3.00),(7,'K01258',4.00,4.00),(7,'K01259',3.00,3.00),(7,'K01260',3.00,3.00),(7,'K01261',3.00,3.00),(7,'K01262',3.00,4.00),(7,'K01263',4.00,4.00),(7,'K01264',3.00,4.00),(7,'K01265',2.00,2.00),(7,'K01266',4.00,4.00),(7,'K01267',2.00,4.00),(7,'K01268',3.00,3.00),(7,'K01270',1.00,1.00),(7,'K01271',3.00,3.00),(7,'K01272',3.00,3.00),(7,'K01273',1.00,1.00),(7,'K01274',1.00,1.00),(7,'K01276',1.00,1.00),(7,'K01275',1.00,1.00),(7,'K01269',3.00,3.00),(7,'K01278',3.00,3.00),(7,'K01279',3.00,3.00),(7,'K01280',4.00,4.00),(7,'K01281',3.00,3.00),(7,'K01282',3.00,3.00),(7,'K01283',3.00,3.00),(7,'K01284',3.00,3.00),(7,'K01277',1.00,1.00),(7,'K01285',3.00,3.00),(7,'K01286',2.00,2.00),(7,'K01287',1.00,1.00),(7,'K01288',3.00,3.00),(8,'K01196',3.00,3.00),(8,'K01197',3.00,4.00),(8,'K01198',3.00,4.00),(8,'K01199',3.00,4.00),(8,'K01200',1.00,4.00),(8,'K01201',2.00,4.00),(8,'K01202',3.00,4.00),(8,'K01203',4.00,4.00),(8,'K01204',3.00,3.00),(8,'K01206',2.00,2.00),(8,'K01205',3.00,4.00),(8,'K01207',3.00,3.00),(8,'K01208',1.00,1.00),(8,'K01209',2.00,3.00),(8,'K01210',3.00,4.00),(8,'K01211',1.00,1.00),(8,'K01212',3.00,3.00),(8,'K01213',3.00,4.00),(8,'K01214',1.00,4.00),(8,'K01216',2.00,4.00),(8,'K01215',1.00,1.00),(8,'K01217',3.00,4.00),(8,'K01218',2.00,4.00),(8,'K01219',2.00,4.00),(8,'K01221',2.00,4.00),(8,'K01220',2.00,4.00),(8,'K01222',2.00,4.00),(8,'K01223',3.00,4.00),(8,'K01224',4.00,4.00),(8,'K01225',3.00,4.00),(8,'K01226',2.00,4.00),(8,'K01227',1.00,1.00),(8,'K01228',3.00,4.00),(8,'K01229',3.00,4.00),(8,'K01230',1.00,1.00),(8,'K01234',2.00,2.00),(8,'K01232',3.00,4.00),(8,'K01231',3.00,4.00),(8,'K01233',1.00,1.00),(8,'K01235',3.00,4.00),(8,'K01236',3.00,4.00),(8,'K01237',3.00,4.00),(8,'K01238',2.00,4.00),(8,'K01239',1.00,4.00),(8,'K01240',1.00,4.00),(8,'K01241',3.00,4.00),(8,'K01242',1.00,1.00),(8,'K01243',1.00,1.00),(8,'K01244',1.00,1.00),(8,'K01245',1.00,1.00),(8,'K01246',1.00,1.00),(8,'K01247',1.00,1.00),(8,'K01248',3.00,3.00),(8,'K01249',2.00,4.00),(8,'K01251',3.00,4.00),(8,'K01250',2.00,4.00),(8,'K01252',3.00,4.00),(8,'K01253',1.00,4.00),(8,'K01254',3.00,3.00),(8,'K01255',3.00,4.00),(8,'K01256',3.00,4.00),(8,'K01257',3.00,4.00),(8,'K01258',3.00,4.00),(8,'K01259',4.00,4.00),(8,'K01260',3.00,4.00),(8,'K01261',3.00,4.00),(8,'K01262',3.00,3.00),(8,'K01263',3.00,4.00),(8,'K01264',2.00,4.00),(8,'K01265',1.00,4.00),(8,'K01266',3.00,4.00),(8,'K01267',3.00,3.00),(8,'K01268',3.00,4.00),(8,'K01270',1.00,1.00),(8,'K01271',3.00,4.00),(8,'K01272',3.00,4.00),(8,'K01273',1.00,1.00),(8,'K01274',2.00,3.00),(8,'K01276',1.00,1.00),(8,'K01275',1.00,1.00),(8,'K01269',3.00,3.00),(8,'K01278',3.00,4.00),(8,'K01279',2.00,4.00),(8,'K01280',3.00,4.00),(8,'K01281',3.00,4.00),(8,'K01282',3.00,4.00),(8,'K01283',3.00,4.00),(8,'K01284',3.00,4.00),(8,'K01277',1.00,1.00),(8,'K01285',3.00,4.00),(8,'K01286',2.00,4.00),(8,'K01287',3.00,4.00),(8,'K01288',3.00,4.00),(9,'K01196',3.00,4.00),(9,'K01197',3.00,4.00),(9,'K01198',3.00,4.00),(9,'K01199',3.00,4.00),(9,'K01200',3.00,4.00),(9,'K01201',4.00,4.00),(9,'K01202',3.00,3.00),(9,'K01203',3.00,4.00),(9,'K01204',4.00,3.00),(9,'K01206',1.00,2.00),(9,'K01205',3.00,3.00),(9,'K01207',3.00,3.00),(9,'K01208',1.00,1.00),(9,'K01209',3.00,3.00),(9,'K01210',3.00,4.00),(9,'K01211',3.00,3.00),(9,'K01212',3.00,3.00),(9,'K01213',3.00,4.00),(9,'K01214',3.00,3.00),(9,'K01216',3.00,3.00),(9,'K01215',1.00,1.00),(9,'K01217',3.00,3.00),(9,'K01218',3.00,3.00),(9,'K01219',3.00,3.00),(9,'K01221',3.00,3.00),(9,'K01220',3.00,3.00),(9,'K01222',3.00,3.00),(9,'K01223',3.00,3.00),(9,'K01224',3.00,3.00),(9,'K01225',3.00,3.00),(9,'K01226',3.00,3.00),(9,'K01227',3.00,4.00),(9,'K01228',3.00,3.00),(9,'K01229',3.00,3.00),(9,'K01230',3.00,3.00),(9,'K01234',3.00,3.00),(9,'K01232',3.00,4.00),(9,'K01231',3.00,3.00),(9,'K01233',3.00,3.00),(9,'K01235',3.00,3.00),(9,'K01236',3.00,3.00),(9,'K01237',3.00,4.00),(9,'K01238',3.00,3.00),(9,'K01239',3.00,3.00),(9,'K01240',3.00,4.00),(9,'K01241',3.00,4.00),(9,'K01242',3.00,4.00),(9,'K01243',3.00,4.00),(9,'K01244',4.00,4.00),(9,'K01245',4.00,4.00),(9,'K01246',3.00,3.00),(9,'K01247',3.00,4.00),(9,'K01248',3.00,3.00),(9,'K01249',3.00,3.00),(9,'K01251',3.00,4.00),(9,'K01250',3.00,4.00),(9,'K01252',3.00,4.00),(9,'K01253',3.00,3.00),(9,'K01254',3.00,3.00),(9,'K01255',3.00,3.00),(9,'K01256',3.00,3.00),(9,'K01257',3.00,3.00),(9,'K01258',4.00,4.00),(9,'K01259',3.00,4.00),(9,'K01260',3.00,3.00),(9,'K01261',3.00,4.00),(9,'K01262',3.00,3.00),(9,'K01263',3.00,3.00),(9,'K01264',3.00,3.00),(9,'K01265',3.00,3.00),(9,'K01266',3.00,3.00),(9,'K01267',3.00,3.00),(9,'K01268',2.00,2.00),(9,'K01270',1.00,1.00),(9,'K01271',3.00,3.00),(9,'K01272',3.00,4.00),(9,'K01273',1.00,1.00),(9,'K01274',1.00,1.00),(9,'K01276',3.00,3.00),(9,'K01275',1.00,3.00),(9,'K01269',3.00,3.00),(9,'K01278',3.00,2.00),(9,'K01279',3.00,4.00),(9,'K01280',3.00,4.00),(9,'K01281',4.00,4.00),(9,'K01282',3.00,4.00),(9,'K01283',3.00,3.00),(9,'K01284',3.00,4.00),(9,'K01277',3.00,3.00),(9,'K01285',3.00,3.00),(9,'K01286',3.00,3.00),(9,'K01287',3.00,3.00),(9,'K01288',3.00,4.00),(11,'K01196',3.00,4.00),(11,'K01197',3.00,4.00),(11,'K01198',4.00,3.00),(11,'K01199',3.00,3.00),(11,'K01200',4.00,3.00),(11,'K01201',3.00,3.00),(11,'K01202',3.00,3.00),(11,'K01203',1.00,1.00),(11,'K01204',3.00,3.00),(11,'K01206',3.00,3.00),(11,'K01205',4.00,3.00),(11,'K01207',4.00,3.00),(11,'K01208',4.00,4.00),(11,'K01209',3.00,2.00),(11,'K01210',4.00,4.00),(11,'K01211',4.00,3.00),(11,'K01212',3.00,3.00),(11,'K01213',3.00,3.00),(11,'K01214',3.00,3.00),(11,'K01216',1.00,1.00),(11,'K01215',3.00,3.00),(11,'K01217',3.00,4.00),(11,'K01218',3.00,4.00),(11,'K01219',4.00,3.00),(11,'K01221',3.00,3.00),(11,'K01220',4.00,3.00),(11,'K01222',3.00,3.00),(11,'K01223',4.00,4.00),(11,'K01224',4.00,4.00),(11,'K01225',4.00,4.00),(11,'K01226',4.00,4.00),(11,'K01227',4.00,3.00),(11,'K01228',4.00,4.00),(11,'K01229',4.00,3.00),(11,'K01230',4.00,3.00),(11,'K01234',3.00,3.00),(11,'K01232',4.00,4.00),(11,'K01231',4.00,4.00),(11,'K01233',4.00,3.00),(11,'K01235',3.00,3.00),(11,'K01236',3.00,3.00),(11,'K01237',3.00,3.00),(11,'K01238',3.00,3.00),(11,'K01239',3.00,3.00),(11,'K01240',3.00,2.00),(11,'K01241',1.00,1.00),(11,'K01242',3.00,3.00),(11,'K01243',4.00,4.00),(11,'K01244',4.00,4.00),(11,'K01245',3.00,4.00),(11,'K01246',4.00,4.00),(11,'K01247',4.00,3.00),(11,'K01248',3.00,3.00),(11,'K01249',2.00,4.00),(11,'K01251',3.00,4.00),(11,'K01250',3.00,4.00),(11,'K01252',3.00,3.00),(11,'K01253',4.00,3.00),(11,'K01254',4.00,4.00),(11,'K01255',4.00,4.00),(11,'K01256',4.00,4.00),(11,'K01257',3.00,3.00),(11,'K01258',4.00,4.00),(11,'K01259',3.00,4.00),(11,'K01260',3.00,3.00),(11,'K01261',4.00,3.00),(11,'K01262',3.00,3.00),(11,'K01263',3.00,3.00),(11,'K01264',3.00,3.00),(11,'K01265',4.00,4.00),(11,'K01266',4.00,3.00),(11,'K01267',1.00,2.00),(11,'K01268',3.00,3.00),(11,'K01270',1.00,1.00),(11,'K01271',3.00,3.00),(11,'K01272',4.00,3.00),(11,'K01273',3.00,2.00),(11,'K01274',1.00,1.00),(11,'K01276',3.00,3.00),(11,'K01275',1.00,1.00),(11,'K01269',1.00,1.00),(11,'K01278',2.00,4.00),(11,'K01279',3.00,4.00),(11,'K01280',4.00,4.00),(11,'K01281',4.00,4.00),(11,'K01282',3.00,4.00),(11,'K01283',3.00,3.00),(11,'K01284',3.00,4.00),(11,'K01277',2.00,3.00),(11,'K01285',4.00,4.00),(11,'K01286',4.00,3.00),(11,'K01287',4.00,4.00),(11,'K01288',4.00,3.00),(12,'K01196',4.00,4.00),(12,'K01197',4.00,4.00),(12,'K01198',4.00,3.00),(12,'K01199',4.00,4.00),(12,'K01200',3.00,4.00),(12,'K01201',4.00,3.00),(12,'K01202',4.00,4.00),(12,'K01203',0.00,4.00),(12,'K01204',4.00,3.00),(12,'K01206',3.00,2.00),(12,'K01205',4.00,4.00),(12,'K01207',4.00,4.00),(12,'K01208',4.00,4.00),(12,'K01209',2.00,2.00),(12,'K01210',4.00,4.00),(12,'K01211',3.00,3.00),(12,'K01212',4.00,3.00),(12,'K01213',4.00,4.00),(12,'K01214',4.00,4.00),(12,'K01216',4.00,3.00),(12,'K01215',4.00,3.00),(12,'K01217',4.00,4.00),(12,'K01218',4.00,4.00),(12,'K01219',4.00,3.00),(12,'K01221',4.00,3.00),(12,'K01220',4.00,4.00),(12,'K01222',4.00,3.00),(12,'K01223',4.00,4.00),(12,'K01224',4.00,4.00),(12,'K01225',4.00,4.00),(12,'K01226',4.00,3.00),(12,'K01227',4.00,4.00),(12,'K01228',4.00,3.00),(12,'K01229',3.00,3.00),(12,'K01230',4.00,4.00),(12,'K01234',3.00,3.00),(12,'K01232',4.00,3.00),(12,'K01231',4.00,4.00),(12,'K01233',3.00,3.00),(12,'K01235',4.00,4.00),(12,'K01236',4.00,3.00),(12,'K01237',4.00,4.00),(12,'K01238',3.00,3.00),(12,'K01239',0.00,4.00),(12,'K01240',4.00,4.00),(12,'K01241',3.00,3.00),(12,'K01242',4.00,4.00),(12,'K01243',3.00,4.00),(12,'K01244',4.00,4.00),(12,'K01245',4.00,4.00),(12,'K01246',4.00,3.00),(12,'K01247',3.00,3.00),(12,'K01248',4.00,4.00),(12,'K01249',4.00,3.00),(12,'K01251',4.00,4.00),(12,'K01250',4.00,4.00),(12,'K01252',4.00,4.00),(12,'K01253',3.00,3.00),(12,'K01254',4.00,4.00),(12,'K01255',3.00,3.00),(12,'K01256',4.00,4.00),(12,'K01257',4.00,4.00),(12,'K01258',4.00,4.00),(12,'K01259',4.00,4.00),(12,'K01260',3.00,3.00),(12,'K01261',4.00,4.00),(12,'K01262',4.00,4.00),(12,'K01263',3.00,3.00),(12,'K01264',4.00,3.00),(12,'K01265',4.00,4.00),(12,'K01266',4.00,4.00),(12,'K01267',3.00,3.00),(12,'K01268',2.00,3.00),(12,'K01270',4.00,3.00),(12,'K01271',4.00,4.00),(12,'K01272',4.00,3.00),(12,'K01273',3.00,3.00),(12,'K01274',3.00,3.00),(12,'K01276',3.00,3.00),(12,'K01275',3.00,3.00),(12,'K01269',4.00,4.00),(12,'K01278',4.00,4.00),(12,'K01279',3.00,3.00),(12,'K01280',4.00,4.00),(12,'K01281',4.00,4.00),(12,'K01282',3.00,4.00),(12,'K01283',4.00,4.00),(12,'K01284',4.00,4.00),(12,'K01277',3.00,3.00),(12,'K01285',4.00,4.00),(12,'K01286',4.00,4.00),(12,'K01287',4.00,4.00),(12,'K01288',4.00,3.00),(13,'K01196',3.00,4.00),(13,'K01197',1.00,1.00),(13,'K01198',3.00,3.00),(13,'K01199',3.00,3.00),(13,'K01200',3.00,3.00),(13,'K01202',1.00,1.00),(13,'K01203',4.00,4.00),(13,'K01204',3.00,3.00),(13,'K01206',4.00,4.00),(13,'K01205',4.00,4.00),(13,'K01207',3.00,3.00),(13,'K01208',3.00,3.00),(13,'K01209',3.00,3.00),(13,'K01210',1.00,1.00),(13,'K01211',1.00,1.00),(13,'K01212',4.00,4.00),(13,'K01213',3.00,3.00),(13,'K01214',3.00,3.00),(13,'K01216',1.00,1.00),(13,'K01215',1.00,1.00),(13,'K01217',3.00,3.00),(13,'K01218',3.00,3.00),(13,'K01219',4.00,4.00),(13,'K01221',3.00,3.00),(13,'K01220',3.00,3.00),(13,'K01222',3.00,3.00),(13,'K01223',3.00,3.00),(13,'K01224',3.00,3.00),(13,'K01225',3.00,3.00),(13,'K01226',1.00,1.00),(13,'K01227',1.00,1.00),(13,'K01228',1.00,1.00),(13,'K01229',1.00,1.00),(13,'K01230',3.00,3.00),(13,'K01234',3.00,3.00),(13,'K01232',4.00,4.00),(13,'K01231',4.00,4.00),(13,'K01233',4.00,4.00),(13,'K01235',3.00,3.00),(13,'K01236',3.00,3.00),(13,'K01237',3.00,3.00),(13,'K01238',3.00,3.00),(13,'K01239',3.00,3.00),(13,'K01240',3.00,3.00),(13,'K01241',1.00,1.00),(13,'K01242',1.00,1.00),(13,'K01243',1.00,1.00),(13,'K01244',3.00,3.00),(13,'K01245',3.00,3.00),(13,'K01246',3.00,3.00),(13,'K01247',1.00,1.00),(13,'K01248',3.00,3.00),(13,'K01249',1.00,1.00),(13,'K01251',3.00,3.00),(13,'K01250',3.00,3.00),(13,'K01252',3.00,3.00),(13,'K01253',1.00,1.00),(13,'K01254',3.00,3.00),(13,'K01255',3.00,3.00),(13,'K01256',3.00,3.00),(13,'K01257',3.00,3.00),(13,'K01258',3.00,3.00),(13,'K01259',3.00,3.00),(13,'K01260',1.00,1.00),(13,'K01261',3.00,3.00),(13,'K01262',4.00,4.00),(13,'K01263',3.00,3.00),(13,'K01264',3.00,3.00),(13,'K01265',3.00,3.00),(13,'K01266',3.00,3.00),(13,'K01267',1.00,1.00),(13,'K01268',1.00,1.00),(13,'K01270',1.00,1.00),(13,'K01271',1.00,1.00),(13,'K01272',1.00,1.00),(13,'K01273',1.00,1.00),(13,'K01274',1.00,1.00),(13,'K01276',1.00,1.00),(13,'K01275',3.00,3.00),(13,'K01269',1.00,1.00),(13,'K01278',1.00,1.00),(13,'K01279',1.00,1.00),(13,'K01280',3.00,3.00),(13,'K01281',4.00,4.00),(13,'K01282',3.00,3.00),(13,'K01283',3.00,3.00),(13,'K01284',3.00,3.00),(13,'K01277',1.00,1.00),(13,'K01285',4.00,4.00),(13,'K01286',3.00,3.00),(13,'K01287',3.00,3.00),(13,'K01288',3.00,3.00),(16,'K01196',4.00,4.00),(16,'K01197',3.00,4.00),(16,'K01198',4.00,4.00),(16,'K01199',3.00,4.00),(16,'K01200',3.00,4.00),(16,'K01201',4.00,4.00),(16,'K01202',3.00,4.00),(16,'K01203',4.00,4.00),(16,'K01204',3.00,3.00),(16,'K01206',2.00,2.00),(16,'K01205',3.00,4.00),(16,'K01207',4.00,3.00),(16,'K01208',2.00,3.00),(16,'K01209',2.00,3.00),(16,'K01210',3.00,3.00),(16,'K01211',2.00,3.00),(16,'K01212',4.00,4.00),(16,'K01213',4.00,4.00),(16,'K01214',3.00,4.00),(16,'K01216',2.00,3.00),(16,'K01215',4.00,4.00),(16,'K01217',3.00,3.00),(16,'K01218',3.00,4.00),(16,'K01219',4.00,4.00),(16,'K01221',3.00,3.00),(16,'K01220',3.00,4.00),(16,'K01222',4.00,4.00),(16,'K01223',4.00,4.00),(16,'K01224',3.00,4.00),(16,'K01225',2.00,4.00),(16,'K01226',4.00,4.00),(16,'K01227',4.00,4.00),(16,'K01228',4.00,4.00),(16,'K01229',4.00,4.00),(16,'K01230',4.00,4.00),(16,'K01234',2.00,3.00),(16,'K01232',4.00,4.00),(16,'K01231',4.00,4.00),(16,'K01233',4.00,4.00),(16,'K01235',3.00,4.00),(16,'K01236',3.00,4.00),(16,'K01237',4.00,4.00),(16,'K01238',3.00,4.00),(16,'K01239',3.00,4.00),(16,'K01240',3.00,4.00),(16,'K01241',3.00,3.00),(16,'K01242',3.00,3.00),(16,'K01243',3.00,4.00),(16,'K01244',3.00,4.00),(16,'K01245',3.00,4.00),(16,'K01246',4.00,4.00),(16,'K01247',3.00,3.00),(16,'K01248',3.00,4.00),(16,'K01249',3.00,3.00),(16,'K01251',4.00,4.00),(16,'K01250',3.00,4.00),(16,'K01252',3.00,4.00),(16,'K01253',3.00,4.00),(16,'K01254',4.00,4.00),(16,'K01255',3.00,4.00),(16,'K01256',3.00,4.00),(16,'K01257',4.00,4.00),(16,'K01258',4.00,4.00),(16,'K01259',3.00,4.00),(16,'K01260',2.00,3.00),(16,'K01261',3.00,4.00),(16,'K01262',4.00,4.00),(16,'K01263',3.00,3.00),(16,'K01264',3.00,4.00),(16,'K01265',3.00,4.00),(16,'K01266',4.00,4.00),(16,'K01267',3.00,3.00),(16,'K01268',3.00,3.00),(16,'K01270',3.00,2.00),(16,'K01271',4.00,4.00),(16,'K01272',4.00,4.00),(16,'K01273',2.00,3.00),(16,'K01274',4.00,4.00),(16,'K01276',2.00,3.00),(16,'K01275',1.00,1.00),(16,'K01269',1.00,1.00),(16,'K01278',2.00,4.00),(16,'K01279',3.00,4.00),(16,'K01280',4.00,4.00),(16,'K01281',4.00,4.00),(16,'K01282',3.00,4.00),(16,'K01283',3.00,4.00),(16,'K01284',3.00,4.00),(16,'K01277',1.00,1.00),(16,'K01285',4.00,4.00),(16,'K01286',4.00,4.00),(16,'K01287',3.00,3.00),(16,'K01288',4.00,4.00),(17,'K01196',4.00,4.00),(17,'K01197',4.00,4.00),(17,'K01198',3.00,4.00),(17,'K01199',3.00,4.00),(17,'K01200',4.00,4.00),(17,'K01201',4.00,4.00),(17,'K01202',4.00,4.00),(17,'K01203',4.00,4.00),(17,'K01204',3.00,4.00),(17,'K01206',3.00,3.00),(17,'K01205',3.00,4.00),(17,'K01207',4.00,3.00),(17,'K01208',4.00,4.00),(17,'K01209',2.00,3.00),(17,'K01210',4.00,4.00),(17,'K01211',2.00,3.00),(17,'K01212',4.00,4.00),(17,'K01213',4.00,4.00),(17,'K01214',3.00,4.00),(17,'K01216',2.00,3.00),(17,'K01215',4.00,4.00),(17,'K01217',4.00,4.00),(17,'K01218',4.00,4.00),(17,'K01219',3.00,4.00),(17,'K01221',3.00,3.00),(17,'K01220',3.00,4.00),(17,'K01222',3.00,4.00),(17,'K01223',3.00,4.00),(17,'K01224',4.00,4.00),(17,'K01225',3.00,4.00),(17,'K01226',4.00,4.00),(17,'K01227',4.00,4.00),(17,'K01228',4.00,4.00),(17,'K01229',3.00,4.00),(17,'K01230',3.00,4.00),(17,'K01234',3.00,3.00),(17,'K01232',3.00,4.00),(17,'K01231',3.00,4.00),(17,'K01233',2.00,4.00),(17,'K01235',2.00,4.00),(17,'K01236',2.00,4.00),(17,'K01237',4.00,4.00),(17,'K01238',3.00,4.00),(17,'K01239',3.00,4.00),(17,'K01240',4.00,4.00),(17,'K01241',3.00,4.00),(17,'K01242',3.00,4.00),(17,'K01243',2.00,4.00),(17,'K01244',4.00,4.00),(17,'K01245',3.00,4.00),(17,'K01246',4.00,4.00),(17,'K01247',3.00,4.00),(17,'K01248',4.00,4.00),(17,'K01249',3.00,4.00),(17,'K01251',3.00,4.00),(17,'K01250',4.00,4.00),(17,'K01252',4.00,4.00),(17,'K01253',3.00,4.00),(17,'K01254',3.00,4.00),(17,'K01255',3.00,4.00),(17,'K01256',3.00,4.00),(17,'K01257',4.00,4.00),(17,'K01258',3.00,4.00),(17,'K01259',3.00,4.00),(17,'K01260',3.00,3.00),(17,'K01261',3.00,4.00),(17,'K01262',3.00,4.00),(17,'K01263',3.00,3.00),(17,'K01264',3.00,4.00),(17,'K01265',3.00,4.00),(17,'K01266',4.00,4.00),(17,'K01267',3.00,4.00),(17,'K01268',4.00,4.00),(17,'K01270',3.00,3.00),(17,'K01271',3.00,4.00),(17,'K01272',4.00,4.00),(17,'K01273',4.00,4.00),(17,'K01274',3.00,4.00),(17,'K01276',2.00,3.00),(17,'K01275',4.00,4.00),(17,'K01269',4.00,4.00),(17,'K01278',3.00,4.00),(17,'K01279',3.00,4.00),(17,'K01280',4.00,4.00),(17,'K01281',4.00,4.00),(17,'K01282',3.00,4.00),(17,'K01283',3.00,4.00),(17,'K01284',3.00,4.00),(17,'K01277',3.00,3.00),(17,'K01285',4.00,4.00),(17,'K01286',4.00,4.00),(17,'K01287',4.00,4.00),(17,'K01288',4.00,4.00),(18,'K01196',4.00,4.00),(18,'K01197',4.00,4.00),(18,'K01198',4.00,4.00),(18,'K01199',4.00,4.00),(18,'K01200',3.00,4.00),(18,'K01201',4.00,4.00),(18,'K01202',4.00,4.00),(18,'K01203',4.00,4.00),(18,'K01204',4.00,4.00),(18,'K01206',3.00,3.00),(18,'K01205',4.00,4.00),(18,'K01207',4.00,3.00),(18,'K01208',4.00,3.00),(18,'K01209',2.00,3.00),(18,'K01210',4.00,4.00),(18,'K01211',2.00,3.00),(18,'K01212',4.00,4.00),(18,'K01213',4.00,4.00),(18,'K01214',3.00,4.00),(18,'K01216',2.00,3.00),(18,'K01215',4.00,4.00),(18,'K01217',4.00,4.00),(18,'K01218',4.00,4.00),(18,'K01219',4.00,4.00),(18,'K01221',3.00,3.00),(18,'K01220',4.00,4.00),(18,'K01222',4.00,4.00),(18,'K01223',4.00,4.00),(18,'K01224',4.00,4.00),(18,'K01225',4.00,4.00),(18,'K01226',4.00,4.00),(18,'K01227',4.00,4.00),(18,'K01228',4.00,4.00),(18,'K01229',4.00,4.00),(18,'K01230',3.00,4.00),(18,'K01234',3.00,3.00),(18,'K01232',4.00,4.00),(18,'K01231',4.00,4.00),(18,'K01233',4.00,4.00),(18,'K01235',4.00,4.00),(18,'K01236',4.00,4.00),(18,'K01237',4.00,4.00),(18,'K01238',4.00,4.00),(18,'K01239',4.00,4.00),(18,'K01240',4.00,4.00),(18,'K01241',3.00,3.00),(18,'K01242',3.00,4.00),(18,'K01243',3.00,4.00),(18,'K01244',4.00,4.00),(18,'K01245',3.00,4.00),(18,'K01246',4.00,4.00),(18,'K01247',3.00,3.00),(18,'K01248',4.00,4.00),(18,'K01249',3.00,4.00),(18,'K01251',4.00,4.00),(18,'K01250',4.00,4.00),(18,'K01252',4.00,4.00),(18,'K01253',4.00,4.00),(18,'K01254',4.00,4.00),(18,'K01255',4.00,4.00),(18,'K01256',4.00,4.00),(18,'K01257',4.00,4.00),(18,'K01258',4.00,4.00),(18,'K01259',4.00,4.00),(18,'K01260',2.00,3.00),(18,'K01261',4.00,4.00),(18,'K01262',4.00,4.00),(18,'K01263',3.00,3.00),(18,'K01264',3.00,3.00),(18,'K01265',3.00,4.00),(18,'K01266',4.00,4.00),(18,'K01267',4.00,4.00),(18,'K01268',4.00,4.00),(18,'K01270',1.00,1.00),(18,'K01271',4.00,4.00),(18,'K01272',4.00,4.00),(18,'K01273',1.00,1.00),(18,'K01274',3.00,3.00),(18,'K01276',2.00,3.00),(18,'K01275',1.00,1.00),(18,'K01269',4.00,4.00),(18,'K01278',3.00,4.00),(18,'K01279',4.00,4.00),(18,'K01280',4.00,4.00),(18,'K01281',4.00,4.00),(18,'K01282',3.00,4.00),(18,'K01283',4.00,4.00),(18,'K01284',4.00,4.00),(18,'K01277',1.00,1.00),(18,'K01285',4.00,4.00),(18,'K01286',4.00,4.00),(18,'K01287',4.00,4.00),(18,'K01288',4.00,4.00),(23,'K01196',3.00,4.00),(23,'K01197',3.00,4.00),(23,'K01198',3.00,4.00),(23,'K01199',3.00,4.00),(23,'K01200',3.00,4.00),(23,'K01201',1.00,3.00),(23,'K01202',3.00,4.00),(23,'K01203',4.00,4.00),(23,'K01204',4.00,4.00),(23,'K01206',2.00,2.00),(23,'K01205',4.00,4.00),(23,'K01207',4.00,4.00),(23,'K01208',4.00,4.00),(23,'K01209',3.00,3.00),(23,'K01210',4.00,4.00),(23,'K01211',1.00,3.00),(23,'K01212',4.00,4.00),(23,'K01213',4.00,4.00),(23,'K01214',2.00,4.00),(23,'K01216',3.00,4.00),(23,'K01215',3.00,3.00),(23,'K01217',4.00,4.00),(23,'K01218',2.00,4.00),(23,'K01219',4.00,4.00),(23,'K01221',2.00,4.00),(23,'K01220',3.00,4.00),(23,'K01222',3.00,4.00),(23,'K01223',3.00,4.00),(23,'K01224',4.00,4.00),(23,'K01225',4.00,4.00),(23,'K01226',3.00,3.00),(23,'K01227',3.00,4.00),(23,'K01228',3.00,4.00),(23,'K01229',4.00,3.00),(23,'K01230',4.00,4.00),(23,'K01234',2.00,2.00),(23,'K01232',4.00,4.00),(23,'K01231',4.00,4.00),(23,'K01233',4.00,4.00),(23,'K01235',2.00,4.00),(23,'K01236',1.00,4.00),(23,'K01237',4.00,4.00),(23,'K01238',3.00,4.00),(23,'K01239',2.00,4.00),(23,'K01240',4.00,4.00),(23,'K01241',1.00,3.00),(23,'K01242',3.00,4.00),(23,'K01243',1.00,3.00),(23,'K01244',3.00,4.00),(23,'K01245',3.00,4.00),(23,'K01246',3.00,3.00),(23,'K01247',3.00,4.00),(23,'K01248',1.00,3.00),(23,'K01249',3.00,4.00),(23,'K01251',4.00,4.00),(23,'K01250',3.00,4.00),(23,'K01252',3.00,4.00),(23,'K01253',2.00,3.00),(23,'K01254',2.00,4.00),(23,'K01255',4.00,4.00),(23,'K01256',3.00,4.00),(23,'K01257',3.00,4.00),(23,'K01258',4.00,4.00),(23,'K01259',4.00,4.00),(23,'K01260',3.00,3.00),(23,'K01261',4.00,4.00),(23,'K01262',2.00,4.00),(23,'K01263',1.00,4.00),(23,'K01264',1.00,3.00),(23,'K01265',3.00,4.00),(23,'K01266',3.00,4.00),(23,'K01267',2.00,3.00),(23,'K01268',4.00,4.00),(23,'K01270',3.00,3.00),(23,'K01271',4.00,4.00),(23,'K01272',4.00,4.00),(23,'K01273',1.00,4.00),(23,'K01274',3.00,3.00),(23,'K01276',1.00,3.00),(23,'K01275',3.00,4.00),(23,'K01269',4.00,4.00),(23,'K01278',2.00,4.00),(23,'K01279',3.00,4.00),(23,'K01280',2.00,4.00),(23,'K01281',4.00,4.00),(23,'K01282',1.00,3.00),(23,'K01283',4.00,4.00),(23,'K01284',3.00,4.00),(23,'K01277',1.00,1.00),(23,'K01285',4.00,4.00),(23,'K01286',3.00,4.00),(23,'K01287',4.00,4.00),(23,'K01288',4.00,4.00),(24,'K01196',3.00,4.00),(24,'K01197',4.00,4.00),(24,'K01198',4.00,4.00),(24,'K01199',4.00,4.00),(24,'K01200',4.00,4.00),(24,'K01201',2.00,3.00),(24,'K01202',4.00,4.00),(24,'K01203',4.00,4.00),(24,'K01204',4.00,4.00),(24,'K01206',4.00,4.00),(24,'K01205',4.00,4.00),(24,'K01207',4.00,4.00),(24,'K01208',4.00,4.00),(24,'K01209',1.00,3.00),(24,'K01210',4.00,4.00),(24,'K01211',4.00,4.00),(24,'K01212',4.00,4.00),(24,'K01213',4.00,4.00),(24,'K01214',2.00,4.00),(24,'K01216',2.00,4.00),(24,'K01215',3.00,4.00),(24,'K01217',4.00,4.00),(24,'K01218',4.00,4.00),(24,'K01219',4.00,4.00),(24,'K01221',4.00,4.00),(24,'K01220',4.00,4.00),(24,'K01222',4.00,4.00),(24,'K01223',4.00,4.00),(24,'K01224',4.00,4.00),(24,'K01225',2.00,4.00),(24,'K01226',4.00,4.00),(24,'K01227',4.00,4.00),(24,'K01228',4.00,4.00),(24,'K01229',3.00,4.00),(24,'K01230',4.00,4.00),(24,'K01234',4.00,4.00),(24,'K01232',3.00,4.00),(24,'K01231',4.00,4.00),(24,'K01233',4.00,4.00),(24,'K01235',3.00,4.00),(24,'K01236',4.00,4.00),(24,'K01237',3.00,4.00),(24,'K01238',3.00,4.00),(24,'K01239',3.00,4.00),(24,'K01240',4.00,4.00),(24,'K01241',1.00,3.00),(24,'K01242',4.00,4.00),(24,'K01243',3.00,4.00),(24,'K01244',4.00,4.00),(24,'K01245',4.00,4.00),(24,'K01246',4.00,4.00),(24,'K01247',4.00,4.00),(24,'K01248',4.00,4.00),(24,'K01249',3.00,4.00),(24,'K01251',4.00,4.00),(24,'K01250',4.00,4.00),(24,'K01252',4.00,4.00),(24,'K01253',2.00,4.00),(24,'K01254',4.00,4.00),(24,'K01255',4.00,4.00),(24,'K01256',3.00,4.00),(24,'K01257',4.00,4.00),(24,'K01258',4.00,4.00),(24,'K01259',4.00,4.00),(24,'K01260',3.00,3.00),(24,'K01261',4.00,4.00),(24,'K01262',4.00,4.00),(24,'K01263',3.00,4.00),(24,'K01264',1.00,4.00),(24,'K01265',2.00,4.00),(24,'K01266',4.00,4.00),(24,'K01267',4.00,4.00),(24,'K01268',4.00,4.00),(24,'K01270',4.00,4.00),(24,'K01271',4.00,4.00),(24,'K01272',4.00,4.00),(24,'K01273',1.00,4.00),(24,'K01274',3.00,3.00),(24,'K01276',1.00,4.00),(24,'K01275',3.00,4.00),(24,'K01269',4.00,4.00),(24,'K01278',4.00,4.00),(24,'K01279',4.00,4.00),(24,'K01280',4.00,4.00),(24,'K01281',4.00,4.00),(24,'K01282',4.00,4.00),(24,'K01283',4.00,4.00),(24,'K01284',4.00,4.00),(24,'K01277',1.00,3.00),(24,'K01285',4.00,4.00),(24,'K01286',4.00,4.00),(24,'K01287',4.00,4.00),(24,'K01288',4.00,4.00),(25,'K01196',2.00,4.00),(25,'K01197',4.00,4.00),(25,'K01198',3.00,4.00),(25,'K01199',3.00,4.00),(25,'K01200',3.00,4.00),(25,'K01201',1.00,4.00),(25,'K01202',3.00,4.00),(25,'K01203',4.00,4.00),(25,'K01204',3.00,3.00),(25,'K01206',1.00,3.00),(25,'K01205',3.00,4.00),(25,'K01207',3.00,3.00),(25,'K01208',3.00,3.00),(25,'K01209',1.00,3.00),(25,'K01210',3.00,4.00),(25,'K01211',1.00,3.00),(25,'K01212',4.00,4.00),(25,'K01213',4.00,4.00),(25,'K01214',1.00,4.00),(25,'K01216',3.00,4.00),(25,'K01215',3.00,4.00),(25,'K01217',3.00,4.00),(25,'K01218',3.00,4.00),(25,'K01219',3.00,4.00),(25,'K01221',1.00,4.00),(25,'K01220',1.00,4.00),(25,'K01222',1.00,4.00),(25,'K01223',3.00,4.00),(25,'K01224',3.00,4.00),(25,'K01225',3.00,4.00),(25,'K01226',3.00,4.00),(25,'K01227',3.00,4.00),(25,'K01228',3.00,4.00),(25,'K01229',4.00,4.00),(25,'K01230',4.00,4.00),(25,'K01234',3.00,3.00),(25,'K01232',4.00,4.00),(25,'K01231',3.00,4.00),(25,'K01233',4.00,4.00),(25,'K01235',3.00,4.00),(25,'K01236',1.00,4.00),(25,'K01237',3.00,4.00),(25,'K01238',3.00,4.00),(25,'K01239',1.00,4.00),(25,'K01240',4.00,4.00),(25,'K01241',1.00,4.00),(25,'K01242',2.00,4.00),(25,'K01243',1.00,4.00),(25,'K01244',3.00,4.00),(25,'K01245',1.00,4.00),(25,'K01246',3.00,3.00),(25,'K01247',3.00,3.00),(25,'K01248',1.00,4.00),(25,'K01249',3.00,3.00),(25,'K01251',3.00,4.00),(25,'K01250',3.00,4.00),(25,'K01252',3.00,4.00),(25,'K01253',1.00,4.00),(25,'K01254',3.00,4.00),(25,'K01255',3.00,4.00),(25,'K01256',3.00,4.00),(25,'K01257',3.00,4.00),(25,'K01258',3.00,4.00),(25,'K01259',3.00,4.00),(25,'K01260',1.00,3.00),(25,'K01261',2.00,4.00),(25,'K01262',3.00,4.00),(25,'K01263',1.00,4.00),(25,'K01264',1.00,4.00),(25,'K01265',3.00,4.00),(25,'K01266',3.00,4.00),(25,'K01267',3.00,3.00),(25,'K01268',4.00,4.00),(25,'K01270',3.00,3.00),(25,'K01271',4.00,4.00),(25,'K01272',4.00,4.00),(25,'K01273',1.00,4.00),(25,'K01274',3.00,3.00),(25,'K01276',1.00,3.00),(25,'K01275',3.00,3.00),(25,'K01269',4.00,4.00),(25,'K01278',3.00,4.00),(25,'K01279',3.00,4.00),(25,'K01280',3.00,4.00),(25,'K01281',4.00,4.00),(25,'K01282',1.00,4.00),(25,'K01283',4.00,4.00),(25,'K01284',3.00,4.00),(25,'K01277',1.00,4.00),(25,'K01285',4.00,4.00),(25,'K01286',3.00,4.00),(25,'K01287',4.00,4.00),(25,'K01288',4.00,4.00),(26,'K01196',3.00,4.00),(26,'K01197',4.00,4.00),(26,'K01198',3.00,4.00),(26,'K01199',3.00,4.00),(26,'K01200',3.00,4.00),(26,'K01201',1.00,4.00),(26,'K01202',4.00,4.00),(26,'K01203',4.00,4.00),(26,'K01204',4.00,4.00),(26,'K01206',4.00,4.00),(26,'K01205',4.00,4.00),(26,'K01207',3.00,2.00),(26,'K01208',3.00,3.00),(26,'K01209',1.00,3.00),(26,'K01210',4.00,4.00),(26,'K01211',3.00,3.00),(26,'K01212',4.00,4.00),(26,'K01213',3.00,4.00),(26,'K01214',1.00,4.00),(26,'K01216',4.00,4.00),(26,'K01215',4.00,4.00),(26,'K01217',3.00,4.00),(26,'K01218',4.00,4.00),(26,'K01219',4.00,4.00),(26,'K01221',4.00,4.00),(26,'K01220',4.00,4.00),(26,'K01222',1.00,4.00),(26,'K01223',3.00,4.00),(26,'K01224',3.00,4.00),(26,'K01225',4.00,4.00),(26,'K01226',3.00,4.00),(26,'K01227',1.00,4.00),(26,'K01228',4.00,4.00),(26,'K01229',4.00,4.00),(26,'K01230',4.00,4.00),(26,'K01234',4.00,3.00),(26,'K01232',3.00,4.00),(26,'K01231',3.00,4.00),(26,'K01233',4.00,4.00),(26,'K01235',3.00,4.00),(26,'K01236',3.00,4.00),(26,'K01237',4.00,4.00),(26,'K01238',3.00,4.00),(26,'K01239',3.00,4.00),(26,'K01240',4.00,4.00),(26,'K01241',1.00,4.00),(26,'K01242',3.00,4.00),(26,'K01243',1.00,4.00),(26,'K01244',3.00,4.00),(26,'K01245',1.00,4.00),(26,'K01246',3.00,4.00),(26,'K01247',3.00,4.00),(26,'K01248',1.00,4.00),(26,'K01249',4.00,4.00),(26,'K01251',4.00,4.00),(26,'K01250',4.00,4.00),(26,'K01252',1.00,4.00),(26,'K01253',3.00,4.00),(26,'K01254',3.00,4.00),(26,'K01255',4.00,4.00),(26,'K01256',3.00,4.00),(26,'K01257',4.00,4.00),(26,'K01258',4.00,4.00),(26,'K01259',4.00,4.00),(26,'K01260',4.00,3.00),(26,'K01261',3.00,4.00),(26,'K01262',3.00,4.00),(26,'K01263',1.00,4.00),(26,'K01264',1.00,4.00),(26,'K01265',1.00,4.00),(26,'K01266',3.00,4.00),(26,'K01267',4.00,4.00),(26,'K01268',4.00,4.00),(26,'K01270',4.00,4.00),(26,'K01271',4.00,4.00),(26,'K01272',4.00,4.00),(26,'K01273',3.00,4.00),(26,'K01274',3.00,3.00),(26,'K01276',1.00,4.00),(26,'K01275',3.00,4.00),(26,'K01269',4.00,4.00),(26,'K01278',3.00,4.00),(26,'K01279',4.00,4.00),(26,'K01280',3.00,4.00),(26,'K01281',3.00,4.00),(26,'K01282',1.00,4.00),(26,'K01283',4.00,4.00),(26,'K01284',4.00,4.00),(26,'K01277',1.00,3.00),(26,'K01285',4.00,4.00),(26,'K01286',3.00,4.00),(26,'K01287',4.00,4.00),(26,'K01288',4.00,4.00),(27,'K01196',4.00,4.00),(27,'K01197',4.00,4.00),(27,'K01198',4.00,4.00),(27,'K01199',4.00,4.00),(27,'K01200',4.00,4.00),(27,'K01201',4.00,4.00),(27,'K01202',4.00,4.00),(27,'K01203',4.00,4.00),(27,'K01204',4.00,4.00),(27,'K01206',3.00,4.00),(27,'K01205',4.00,4.00),(27,'K01207',4.00,4.00),(27,'K01208',4.00,4.00),(27,'K01209',4.00,4.00),(27,'K01210',4.00,4.00),(27,'K01211',4.00,4.00),(27,'K01212',4.00,4.00),(27,'K01213',4.00,4.00),(27,'K01214',4.00,4.00),(27,'K01216',3.00,3.00),(27,'K01215',3.00,3.00),(27,'K01217',4.00,4.00),(27,'K01218',4.00,4.00),(27,'K01219',4.00,4.00),(27,'K01221',4.00,4.00),(27,'K01220',4.00,4.00),(27,'K01222',4.00,4.00),(27,'K01223',4.00,4.00),(27,'K01224',4.00,4.00),(27,'K01225',4.00,4.00),(27,'K01226',4.00,4.00),(27,'K01227',4.00,4.00),(27,'K01228',4.00,4.00),(27,'K01229',4.00,4.00),(27,'K01230',4.00,4.00),(27,'K01234',3.00,4.00),(27,'K01232',4.00,4.00),(27,'K01231',4.00,4.00),(27,'K01233',4.00,4.00),(27,'K01235',3.00,3.00),(27,'K01236',4.00,4.00),(27,'K01237',4.00,4.00),(27,'K01238',4.00,4.00),(27,'K01239',4.00,4.00),(27,'K01240',4.00,4.00),(27,'K01241',4.00,4.00),(27,'K01242',4.00,4.00),(27,'K01243',4.00,4.00),(27,'K01244',3.00,3.00),(27,'K01245',4.00,4.00),(27,'K01246',4.00,4.00),(27,'K01247',4.00,4.00),(27,'K01248',4.00,4.00),(27,'K01249',4.00,4.00),(27,'K01251',4.00,4.00),(27,'K01250',4.00,4.00),(27,'K01252',3.00,4.00),(27,'K01253',3.00,3.00),(27,'K01254',4.00,4.00),(27,'K01255',4.00,4.00),(27,'K01256',4.00,4.00),(27,'K01257',4.00,4.00),(27,'K01258',4.00,4.00),(27,'K01259',4.00,4.00),(27,'K01260',4.00,4.00),(27,'K01261',3.00,3.00),(27,'K01262',4.00,4.00),(27,'K01263',4.00,4.00),(27,'K01264',4.00,4.00),(27,'K01265',4.00,4.00),(27,'K01266',4.00,4.00),(27,'K01267',3.00,4.00),(27,'K01268',4.00,4.00),(27,'K01270',4.00,4.00),(27,'K01271',4.00,4.00),(27,'K01272',4.00,4.00),(27,'K01273',3.00,3.00),(27,'K01274',4.00,4.00),(27,'K01276',4.00,4.00),(27,'K01275',4.00,4.00),(27,'K01269',4.00,4.00),(27,'K01278',4.00,4.00),(27,'K01279',3.00,3.00),(27,'K01280',4.00,4.00),(27,'K01281',4.00,4.00),(27,'K01282',4.00,4.00),(27,'K01283',4.00,4.00),(27,'K01284',4.00,4.00),(27,'K01277',4.00,4.00),(27,'K01285',4.00,4.00),(27,'K01286',4.00,4.00),(27,'K01287',4.00,4.00),(27,'K01288',3.00,3.00),(28,'K01196',3.00,3.00),(28,'K01197',4.00,4.00),(28,'K01198',1.00,1.00),(28,'K01199',4.00,4.00),(28,'K01200',1.00,4.00),(28,'K01201',4.00,4.00),(28,'K01202',4.00,4.00),(28,'K01203',4.00,4.00),(28,'K01204',4.00,4.00),(28,'K01206',1.00,1.00),(28,'K01205',1.00,2.00),(28,'K01207',1.00,1.00),(28,'K01208',1.00,1.00),(28,'K01209',1.00,1.00),(28,'K01210',4.00,4.00),(28,'K01211',1.00,1.00),(28,'K01212',4.00,4.00),(28,'K01213',4.00,4.00),(28,'K01214',1.00,1.00),(28,'K01216',1.00,1.00),(28,'K01215',1.00,1.00),(28,'K01217',3.00,3.00),(28,'K01218',3.00,4.00),(28,'K01219',4.00,4.00),(28,'K01221',1.00,1.00),(28,'K01220',3.00,4.00),(28,'K01222',4.00,4.00),(28,'K01223',4.00,4.00),(28,'K01224',4.00,4.00),(28,'K01225',4.00,4.00),(28,'K01226',1.00,4.00),(28,'K01227',1.00,4.00),(28,'K01228',4.00,4.00),(28,'K01229',4.00,4.00),(28,'K01230',1.00,1.00),(28,'K01234',1.00,1.00),(28,'K01232',2.00,3.00),(28,'K01231',4.00,4.00),(28,'K01233',4.00,3.00),(28,'K01235',1.00,2.00),(28,'K01236',1.00,3.00),(28,'K01237',4.00,4.00),(28,'K01238',1.00,1.00),(28,'K01239',1.00,2.00),(28,'K01240',1.00,2.00),(28,'K01241',4.00,4.00),(28,'K01242',1.00,1.00),(28,'K01243',1.00,1.00),(28,'K01244',1.00,1.00),(28,'K01245',1.00,1.00),(28,'K01246',3.00,4.00),(28,'K01247',1.00,3.00),(28,'K01248',4.00,4.00),(28,'K01249',4.00,4.00),(28,'K01251',3.00,3.00),(28,'K01250',3.00,3.00),(28,'K01252',4.00,4.00),(28,'K01253',1.00,1.00),(28,'K01254',4.00,4.00),(28,'K01255',1.00,4.00),(28,'K01256',4.00,4.00),(28,'K01257',3.00,4.00),(28,'K01258',3.00,4.00),(28,'K01259',4.00,4.00),(28,'K01260',1.00,4.00),(28,'K01261',3.00,4.00),(28,'K01262',1.00,2.00),(28,'K01263',3.00,4.00),(28,'K01264',4.00,4.00),(28,'K01265',1.00,1.00),(28,'K01266',4.00,4.00),(28,'K01267',1.00,1.00),(28,'K01268',1.00,3.00),(28,'K01270',1.00,4.00),(28,'K01271',1.00,4.00),(28,'K01272',4.00,4.00),(28,'K01273',1.00,4.00),(28,'K01274',3.00,4.00),(28,'K01276',1.00,3.00),(28,'K01275',1.00,4.00),(28,'K01269',1.00,4.00),(28,'K01278',1.00,1.00),(28,'K01279',4.00,4.00),(28,'K01280',4.00,4.00),(28,'K01281',4.00,4.00),(28,'K01282',4.00,4.00),(28,'K01283',4.00,4.00),(28,'K01284',3.00,4.00),(28,'K01277',4.00,4.00),(28,'K01285',4.00,4.00),(28,'K01286',3.00,4.00),(28,'K01287',4.00,4.00),(28,'K01288',4.00,4.00),(30,'K01196',4.00,4.00),(30,'K01197',4.00,4.00),(30,'K01198',3.00,3.00),(30,'K01199',2.00,4.00),(30,'K01200',3.00,4.00),(30,'K01201',4.00,4.00),(30,'K01202',3.00,3.00),(30,'K01203',4.00,4.00),(30,'K01204',4.00,4.00),(30,'K01206',2.00,3.00),(30,'K01205',2.00,3.00),(30,'K01207',2.00,3.00),(30,'K01208',2.00,3.00),(30,'K01209',1.00,1.00),(30,'K01210',2.00,3.00),(30,'K01211',1.00,1.00),(30,'K01212',3.00,4.00),(30,'K01213',3.00,3.00),(30,'K01214',2.00,3.00),(30,'K01216',1.00,1.00),(30,'K01215',2.00,3.00),(30,'K01217',4.00,4.00),(30,'K01218',4.00,4.00),(30,'K01219',3.00,4.00),(30,'K01221',2.00,3.00),(30,'K01220',3.00,3.00),(30,'K01222',3.00,4.00),(30,'K01223',3.00,4.00),(30,'K01224',3.00,4.00),(30,'K01225',3.00,4.00),(30,'K01226',4.00,4.00),(30,'K01227',4.00,4.00),(30,'K01228',3.00,4.00),(30,'K01229',2.00,4.00),(30,'K01230',4.00,4.00),(30,'K01234',3.00,4.00),(30,'K01232',2.00,3.00),(30,'K01231',2.00,3.00),(30,'K01233',3.00,4.00),(30,'K01235',2.00,4.00),(30,'K01236',2.00,3.00),(30,'K01237',3.00,4.00),(30,'K01238',3.00,4.00),(30,'K01239',2.00,4.00),(30,'K01240',3.00,4.00),(30,'K01241',4.00,4.00),(30,'K01242',4.00,4.00),(30,'K01243',3.00,4.00),(30,'K01244',4.00,4.00),(30,'K01245',4.00,4.00),(30,'K01246',4.00,4.00),(30,'K01247',3.00,4.00),(30,'K01248',3.00,4.00),(30,'K01249',3.00,3.00),(30,'K01251',4.00,4.00),(30,'K01250',4.00,4.00),(30,'K01252',3.00,4.00),(30,'K01253',2.00,4.00),(30,'K01254',4.00,4.00),(30,'K01255',3.00,3.00),(30,'K01256',3.00,4.00),(30,'K01257',3.00,4.00),(30,'K01258',4.00,4.00),(30,'K01259',3.00,4.00),(30,'K01260',2.00,4.00),(30,'K01261',3.00,4.00),(30,'K01262',3.00,3.00),(30,'K01263',3.00,4.00),(30,'K01264',2.00,3.00),(30,'K01265',3.00,4.00),(30,'K01266',3.00,4.00),(30,'K01267',4.00,4.00),(30,'K01268',4.00,4.00),(30,'K01270',1.00,1.00),(30,'K01271',3.00,4.00),(30,'K01272',3.00,4.00),(30,'K01273',1.00,1.00),(30,'K01274',1.00,1.00),(30,'K01276',3.00,3.00),(30,'K01275',3.00,4.00),(30,'K01269',1.00,4.00),(30,'K01278',2.00,4.00),(30,'K01279',3.00,4.00),(30,'K01280',4.00,4.00),(30,'K01281',4.00,4.00),(30,'K01282',3.00,4.00),(30,'K01283',3.00,4.00),(30,'K01284',4.00,4.00),(30,'K01277',3.00,3.00),(30,'K01285',3.00,4.00),(30,'K01286',3.00,3.00),(30,'K01287',1.00,1.00),(30,'K01288',4.00,4.00),(31,'K01196',2.00,4.00),(31,'K01197',3.00,4.00),(31,'K01198',2.00,4.00),(31,'K01199',2.00,4.00),(31,'K01200',2.00,3.00),(31,'K01201',2.00,4.00),(31,'K01202',2.00,3.00),(31,'K01203',2.00,4.00),(31,'K01204',3.00,4.00),(31,'K01206',2.00,3.00),(31,'K01205',3.00,4.00),(31,'K01207',2.00,3.00),(31,'K01208',3.00,3.00),(31,'K01209',2.00,3.00),(31,'K01210',4.00,3.00),(31,'K01211',1.00,2.00),(31,'K01212',3.00,4.00),(31,'K01213',3.00,4.00),(31,'K01214',2.00,3.00),(31,'K01216',2.00,4.00),(31,'K01215',2.00,4.00),(31,'K01217',2.00,4.00),(31,'K01218',2.00,4.00),(31,'K01219',2.00,4.00),(31,'K01221',2.00,3.00),(31,'K01220',2.00,4.00),(31,'K01222',2.00,4.00),(31,'K01223',2.00,4.00),(31,'K01224',2.00,4.00),(31,'K01225',2.00,4.00),(31,'K01226',2.00,3.00),(31,'K01227',2.00,3.00),(31,'K01228',2.00,4.00),(31,'K01229',2.00,4.00),(31,'K01230',2.00,4.00),(31,'K01234',2.00,4.00),(31,'K01232',2.00,4.00),(31,'K01231',2.00,4.00),(31,'K01233',2.00,4.00),(31,'K01235',2.00,4.00),(31,'K01236',2.00,4.00),(31,'K01237',3.00,4.00),(31,'K01238',2.00,4.00),(31,'K01239',2.00,4.00),(31,'K01240',2.00,4.00),(31,'K01241',2.00,3.00),(31,'K01242',2.00,4.00),(31,'K01243',2.00,4.00),(31,'K01244',3.00,4.00),(31,'K01245',2.00,4.00),(31,'K01246',2.00,3.00),(31,'K01247',2.00,4.00),(31,'K01248',2.00,4.00),(31,'K01249',2.00,4.00),(31,'K01251',2.00,4.00),(31,'K01250',3.00,4.00),(31,'K01252',2.00,4.00),(31,'K01253',2.00,3.00),(31,'K01254',2.00,4.00),(31,'K01255',2.00,4.00),(31,'K01256',3.00,4.00),(31,'K01257',2.00,4.00),(31,'K01258',3.00,4.00),(31,'K01259',2.00,4.00),(31,'K01260',2.00,4.00),(31,'K01261',3.00,4.00),(31,'K01262',2.00,4.00),(31,'K01263',2.00,3.00),(31,'K01264',2.00,4.00),(31,'K01265',2.00,4.00),(31,'K01266',2.00,4.00),(31,'K01267',2.00,4.00),(31,'K01268',3.00,3.00),(31,'K01270',2.00,3.00),(31,'K01271',3.00,4.00),(31,'K01273',2.00,3.00),(31,'K01274',2.00,4.00),(31,'K01276',2.00,3.00),(31,'K01275',1.00,3.00),(31,'K01269',2.00,3.00),(31,'K01278',2.00,4.00),(31,'K01279',2.00,4.00),(31,'K01280',2.00,4.00),(31,'K01281',2.00,4.00),(31,'K01282',2.00,4.00),(31,'K01283',2.00,3.00),(31,'K01284',2.00,4.00),(31,'K01277',1.00,3.00),(31,'K01285',2.00,4.00),(31,'K01286',3.00,3.00),(31,'K01287',3.00,3.00),(31,'K01288',2.00,3.00),(15,'K01196',4.00,3.00),(15,'K01197',1.00,1.00),(15,'K01198',3.00,3.00),(15,'K01199',4.00,2.00),(15,'K01200',2.00,2.00),(15,'K01201',3.00,3.00),(15,'K01202',3.00,3.00),(15,'K01203',4.00,4.00),(15,'K01204',3.00,4.00),(15,'K01206',2.00,3.00),(15,'K01205',4.00,3.00),(15,'K01207',3.00,4.00),(15,'K01208',4.00,4.00),(15,'K01209',3.00,3.00),(15,'K01210',3.00,4.00),(15,'K01211',1.00,1.00),(15,'K01212',4.00,4.00),(15,'K01213',2.00,2.00),(15,'K01214',4.00,4.00),(15,'K01216',1.00,1.00),(15,'K01215',1.00,1.00),(15,'K01217',3.00,2.00),(15,'K01218',4.00,4.00),(15,'K01219',2.00,3.00),(15,'K01221',3.00,3.00),(15,'K01220',1.00,1.00),(15,'K01222',2.00,2.00),(15,'K01223',3.00,3.00),(15,'K01224',1.00,1.00),(15,'K01225',2.00,2.00),(15,'K01226',1.00,1.00),(15,'K01227',1.00,1.00),(15,'K01228',3.00,3.00),(15,'K01229',3.00,3.00),(15,'K01230',3.00,2.00),(15,'K01234',3.00,2.00),(15,'K01232',3.00,3.00),(15,'K01231',4.00,4.00),(15,'K01233',4.00,4.00),(15,'K01235',3.00,2.00),(15,'K01236',3.00,2.00),(15,'K01237',3.00,3.00),(15,'K01238',1.00,1.00),(15,'K01239',3.00,2.00),(15,'K01240',1.00,1.00),(15,'K01241',1.00,1.00),(15,'K01242',2.00,2.00),(15,'K01243',3.00,3.00),(15,'K01244',3.00,3.00),(15,'K01245',3.00,3.00),(15,'K01246',3.00,3.00),(15,'K01247',2.00,2.00),(15,'K01248',3.00,2.00),(15,'K01249',2.00,2.00),(15,'K01251',2.00,2.00),(15,'K01250',3.00,3.00),(15,'K01252',2.00,2.00),(15,'K01253',1.00,1.00),(15,'K01254',3.00,3.00),(15,'K01255',1.00,1.00),(15,'K01256',2.00,2.00),(15,'K01257',1.00,1.00),(15,'K01258',2.00,2.00),(15,'K01259',2.00,2.00),(15,'K01260',1.00,1.00),(15,'K01261',2.00,2.00),(15,'K01262',4.00,3.00),(15,'K01263',1.00,1.00),(15,'K01264',1.00,1.00),(15,'K01265',2.00,2.00),(15,'K01266',3.00,3.00),(15,'K01267',1.00,1.00),(15,'K01268',1.00,1.00),(15,'K01270',1.00,1.00),(15,'K01271',1.00,1.00),(15,'K01272',1.00,1.00),(15,'K01273',1.00,1.00),(15,'K01274',1.00,1.00),(15,'K01276',1.00,1.00),(15,'K01275',1.00,1.00),(15,'K01269',1.00,1.00),(15,'K01278',2.00,2.00),(15,'K01279',2.00,2.00),(15,'K01280',3.00,3.00),(15,'K01281',3.00,3.00),(15,'K01282',2.00,2.00),(15,'K01283',3.00,3.00),(15,'K01284',1.00,1.00),(15,'K01277',1.00,1.00),(15,'K01285',4.00,4.00),(15,'K01286',3.00,3.00),(15,'K01287',1.00,1.00),(15,'K01288',4.00,4.00),(14,'K01196',4.00,3.00),(14,'K01197',4.00,3.00),(14,'K01198',4.00,3.00),(14,'K01199',4.00,3.00),(14,'K01200',1.00,1.00),(14,'K01201',3.00,3.00),(14,'K01202',3.00,3.00),(14,'K01203',3.00,3.00),(14,'K01204',3.00,3.00),(14,'K01206',2.00,2.00),(14,'K01205',3.00,3.00),(14,'K01207',2.00,2.00),(14,'K01208',3.00,1.00),(14,'K01209',3.00,1.00),(14,'K01210',3.00,1.00),(14,'K01211',2.00,1.00),(14,'K01212',4.00,3.00),(14,'K01213',4.00,3.00),(14,'K01214',4.00,4.00),(14,'K01216',3.00,1.00),(14,'K01215',3.00,2.00),(14,'K01217',4.00,3.00),(14,'K01218',4.00,2.00),(14,'K01219',4.00,3.00),(14,'K01221',3.00,3.00),(14,'K01220',4.00,3.00),(14,'K01222',3.00,3.00),(14,'K01223',3.00,3.00),(14,'K01224',4.00,3.00),(14,'K01225',3.00,3.00),(14,'K01226',3.00,3.00),(14,'K01227',3.00,3.00),(14,'K01228',4.00,3.00),(14,'K01229',3.00,3.00),(14,'K01230',4.00,3.00),(14,'K01234',3.00,3.00),(14,'K01232',3.00,3.00),(14,'K01231',3.00,3.00),(14,'K01233',3.00,3.00),(14,'K01235',4.00,3.00),(14,'K01236',4.00,3.00),(14,'K01237',3.00,3.00),(14,'K01238',4.00,3.00),(14,'K01239',4.00,2.00),(14,'K01240',3.00,3.00),(14,'K01241',3.00,1.00),(14,'K01242',4.00,3.00),(14,'K01243',3.00,2.00),(14,'K01244',4.00,4.00),(14,'K01245',4.00,3.00),(14,'K01246',3.00,3.00),(14,'K01247',2.00,2.00),(14,'K01248',3.00,3.00),(14,'K01249',3.00,3.00),(14,'K01251',4.00,3.00),(14,'K01250',4.00,3.00),(14,'K01252',4.00,3.00),(14,'K01253',4.00,4.00),(14,'K01254',2.00,3.00),(14,'K01255',3.00,3.00),(14,'K01256',3.00,3.00),(14,'K01257',3.00,3.00),(14,'K01258',3.00,3.00),(14,'K01259',3.00,3.00),(14,'K01260',2.00,2.00),(14,'K01261',3.00,3.00),(14,'K01262',4.00,2.00),(14,'K01263',3.00,2.00),(14,'K01264',1.00,1.00),(14,'K01265',4.00,3.00),(14,'K01266',3.00,3.00),(14,'K01267',3.00,2.00),(14,'K01268',2.00,3.00),(14,'K01270',1.00,1.00),(14,'K01271',4.00,2.00),(14,'K01272',3.00,3.00),(14,'K01273',3.00,3.00),(14,'K01274',4.00,2.00),(14,'K01276',1.00,1.00),(14,'K01275',2.00,1.00),(14,'K01269',1.00,1.00),(14,'K01278',4.00,3.00),(14,'K01279',3.00,3.00),(14,'K01280',3.00,3.00),(14,'K01281',3.00,4.00),(14,'K01282',1.00,1.00),(14,'K01283',3.00,3.00),(14,'K01284',3.00,3.00),(14,'K01277',1.00,1.00),(14,'K01285',3.00,3.00),(14,'K01286',3.00,2.00),(14,'K01287',3.00,3.00),(14,'K01288',3.00,3.00),(34,'K01196',4.00,4.00),(34,'K01197',4.00,4.00),(34,'K01198',3.00,4.00),(34,'K01199',3.00,4.00),(34,'K01200',3.00,3.00),(34,'K01201',4.00,4.00),(34,'K01202',4.00,4.00),(34,'K01203',3.00,4.00),(34,'K01204',4.00,4.00),(34,'K01206',4.00,4.00),(34,'K01205',4.00,4.00),(34,'K01207',1.00,1.00),(34,'K01208',1.00,1.00),(34,'K01209',1.00,1.00),(34,'K01210',4.00,4.00),(34,'K01211',1.00,3.00),(34,'K01212',4.00,4.00),(34,'K01213',4.00,4.00),(34,'K01214',3.00,3.00),(34,'K01216',4.00,4.00),(34,'K01215',3.00,4.00),(34,'K01217',3.00,4.00),(34,'K01218',4.00,4.00),(34,'K01219',2.00,4.00),(34,'K01221',3.00,3.00),(34,'K01220',3.00,3.00),(34,'K01222',3.00,4.00),(34,'K01223',3.00,3.00),(34,'K01224',4.00,4.00),(34,'K01225',4.00,4.00),(34,'K01226',4.00,4.00),(34,'K01227',3.00,4.00),(34,'K01228',3.00,4.00),(34,'K01229',4.00,4.00),(34,'K01230',4.00,4.00),(34,'K01234',4.00,3.00),(34,'K01232',4.00,4.00),(34,'K01231',4.00,4.00),(34,'K01233',4.00,4.00),(34,'K01235',4.00,4.00),(34,'K01236',3.00,4.00),(34,'K01237',4.00,4.00),(34,'K01238',3.00,3.00),(34,'K01239',4.00,4.00),(34,'K01240',3.00,4.00),(34,'K01241',1.00,1.00),(34,'K01242',2.00,4.00),(34,'K01243',4.00,4.00),(34,'K01244',3.00,4.00),(34,'K01245',3.00,4.00),(34,'K01246',2.00,3.00),(34,'K01247',3.00,4.00),(34,'K01248',4.00,4.00),(34,'K01249',4.00,4.00),(34,'K01251',4.00,4.00),(34,'K01250',4.00,4.00),(34,'K01252',3.00,4.00),(34,'K01253',3.00,4.00),(34,'K01254',3.00,4.00),(34,'K01255',4.00,4.00),(34,'K01256',4.00,4.00),(34,'K01257',3.00,4.00),(34,'K01258',3.00,4.00),(34,'K01259',2.00,4.00),(34,'K01260',3.00,3.00),(34,'K01261',3.00,4.00),(34,'K01262',3.00,4.00),(34,'K01263',4.00,4.00),(34,'K01264',3.00,4.00),(34,'K01265',3.00,3.00),(34,'K01266',4.00,4.00),(34,'K01267',3.00,3.00),(34,'K01268',4.00,3.00),(34,'K01270',3.00,3.00),(34,'K01271',4.00,4.00),(34,'K01272',4.00,4.00),(34,'K01273',3.00,3.00),(34,'K01274',2.00,3.00),(34,'K01276',1.00,1.00),(34,'K01275',4.00,4.00),(34,'K01269',4.00,4.00),(34,'K01278',3.00,4.00),(34,'K01279',3.00,4.00),(34,'K01280',3.00,4.00),(34,'K01281',3.00,4.00),(34,'K01282',3.00,4.00),(34,'K01283',3.00,3.00),(34,'K01284',3.00,4.00),(34,'K01277',4.00,4.00),(34,'K01285',3.00,4.00),(34,'K01286',4.00,4.00),(34,'K01287',4.00,4.00),(34,'K01288',3.00,4.00),(31,'K01272',2.00,4.00),(35,'K01196',3.00,4.00),(35,'K01197',2.00,4.00),(35,'K01198',2.00,4.00),(35,'K01199',2.00,4.00),(35,'K01200',2.00,2.00),(35,'K01202',3.00,3.00),(35,'K01203',2.00,4.00),(35,'K01204',3.00,3.00),(35,'K01206',2.00,2.00),(35,'K01205',2.00,3.00),(35,'K01207',3.00,3.00),(35,'K01208',2.00,3.00),(35,'K01209',1.00,2.00),(35,'K01210',2.00,3.00),(35,'K01211',1.00,2.00),(35,'K01212',2.00,3.00),(35,'K01213',3.00,3.00),(35,'K01214',2.00,3.00),(35,'K01216',2.00,3.00),(35,'K01215',2.00,3.00),(35,'K01217',2.00,4.00),(35,'K01218',2.00,4.00),(35,'K01219',2.00,3.00),(35,'K01221',2.00,3.00),(35,'K01220',2.00,3.00),(35,'K01222',2.00,3.00),(35,'K01223',2.00,3.00),(35,'K01224',2.00,4.00),(35,'K01225',2.00,4.00),(35,'K01226',2.00,3.00),(35,'K01227',2.00,3.00),(35,'K01228',2.00,3.00),(35,'K01229',3.00,3.00),(35,'K01230',2.00,4.00),(35,'K01234',2.00,3.00),(35,'K01232',2.00,3.00),(35,'K01231',2.00,3.00),(35,'K01233',2.00,3.00),(35,'K01235',2.00,4.00),(35,'K01236',3.00,4.00),(35,'K01237',2.00,3.00),(35,'K01238',2.00,4.00),(35,'K01239',2.00,4.00),(35,'K01240',3.00,4.00),(35,'K01241',2.00,3.00),(35,'K01242',2.00,4.00),(35,'K01243',2.00,4.00),(35,'K01244',3.00,4.00),(35,'K01245',2.00,4.00),(35,'K01246',3.00,3.00),(35,'K01247',2.00,3.00),(35,'K01248',3.00,4.00),(35,'K01249',2.00,4.00),(35,'K01251',3.00,3.00),(35,'K01250',2.00,3.00),(35,'K01252',2.00,4.00),(35,'K01253',3.00,3.00),(35,'K01254',2.00,3.00),(35,'K01255',2.00,3.00),(35,'K01256',2.00,4.00),(35,'K01257',2.00,3.00),(35,'K01258',2.00,3.00),(35,'K01259',2.00,4.00),(35,'K01260',2.00,3.00),(35,'K01261',2.00,3.00),(35,'K01262',2.00,3.00),(35,'K01263',2.00,3.00),(35,'K01264',2.00,3.00),(35,'K01265',2.00,3.00),(35,'K01266',3.00,3.00),(35,'K01267',2.00,3.00),(35,'K01268',3.00,2.00),(35,'K01270',1.00,2.00),(35,'K01271',3.00,4.00),(35,'K01272',3.00,4.00),(35,'K01273',2.00,2.00),(35,'K01274',2.00,3.00),(35,'K01276',2.00,3.00),(35,'K01275',1.00,2.00),(35,'K01269',1.00,2.00),(35,'K01278',2.00,4.00),(35,'K01279',2.00,3.00),(35,'K01280',2.00,4.00),(35,'K01281',3.00,4.00),(35,'K01282',2.00,3.00),(35,'K01283',3.00,3.00),(35,'K01284',2.00,4.00),(35,'K01277',1.00,1.00),(35,'K01285',3.00,3.00),(35,'K01286',3.00,3.00),(35,'K01287',3.00,3.00),(35,'K01288',3.00,3.00),(35,'K01201',2.00,3.00),(37,'K01196',2.00,3.00),(37,'K01197',3.00,4.00),(37,'K01198',2.00,4.00),(37,'K01199',2.00,3.00),(37,'K01200',2.00,3.00),(37,'K01201',2.00,3.00),(37,'K01202',2.00,3.00),(37,'K01203',3.00,4.00),(37,'K01204',2.00,2.00),(37,'K01206',0.00,2.00),(37,'K01205',3.00,3.00),(37,'K01207',2.00,3.00),(37,'K01208',4.00,4.00),(33,'K01196',3.00,3.00),(33,'K01204',2.00,3.00),(33,'K01206',1.00,4.00),(33,'K01205',3.00,3.00),(33,'K01212',3.00,3.00),(33,'K01217',1.00,2.00),(33,'K01228',1.00,2.00),(33,'K01229',2.00,4.00),(33,'K01230',1.00,1.00),(33,'K01234',3.00,2.00),(33,'K01242',4.00,2.00),(33,'K01243',2.00,3.00),(33,'K01248',3.00,3.00),(33,'K01262',3.00,1.00),(33,'K01267',3.00,3.00),(37,'K01209',2.00,3.00),(37,'K01210',2.00,3.00),(37,'K01211',2.00,2.00),(37,'K01212',3.00,3.00),(37,'K01213',2.00,4.00),(37,'K01214',2.00,2.00),(37,'K01216',3.00,3.00),(37,'K01215',3.00,4.00),(37,'K01217',3.00,4.00),(37,'K01218',3.00,3.00),(37,'K01219',2.00,3.00),(37,'K01221',3.00,3.00),(37,'K01220',3.00,3.00),(37,'K01222',3.00,3.00),(37,'K01223',2.00,3.00),(37,'K01224',2.00,3.00),(37,'K01225',2.00,2.00),(37,'K01226',2.00,3.00),(37,'K01227',3.00,3.00),(37,'K01228',2.00,4.00),(37,'K01229',3.00,3.00),(37,'K01230',3.00,3.00),(37,'K01234',2.00,3.00),(37,'K01232',3.00,4.00),(37,'K01231',3.00,4.00),(37,'K01233',2.00,2.00),(37,'K01235',2.00,3.00),(37,'K01236',3.00,3.00),(37,'K01237',3.00,3.00),(37,'K01238',3.00,3.00),(37,'K01239',3.00,3.00),(37,'K01240',3.00,3.00),(37,'K01241',3.00,3.00),(37,'K01242',4.00,3.00),(37,'K01243',3.00,4.00),(37,'K01244',3.00,3.00),(37,'K01245',3.00,4.00),(37,'K01246',2.00,2.00),(37,'K01247',3.00,2.00),(37,'K01248',2.00,3.00),(37,'K01249',3.00,4.00),(37,'K01251',3.00,3.00),(37,'K01250',3.00,3.00),(37,'K01252',3.00,3.00),(37,'K01253',2.00,3.00),(37,'K01254',2.00,3.00),(37,'K01255',2.00,3.00),(37,'K01256',3.00,3.00),(37,'K01257',3.00,3.00),(37,'K01258',3.00,4.00),(37,'K01259',3.00,3.00),(37,'K01260',3.00,3.00),(37,'K01261',3.00,3.00),(37,'K01262',3.00,4.00),(37,'K01263',3.00,3.00),(37,'K01264',3.00,3.00),(37,'K01265',3.00,3.00),(37,'K01266',3.00,4.00),(37,'K01267',2.00,2.00),(37,'K01268',2.00,3.00),(37,'K01270',2.00,3.00),(37,'K01271',3.00,4.00),(37,'K01272',4.00,4.00),(37,'K01273',2.00,3.00),(37,'K01274',2.00,3.00),(37,'K01276',3.00,3.00),(37,'K01275',3.00,4.00),(37,'K01269',3.00,3.00),(37,'K01278',2.00,3.00),(37,'K01279',2.00,3.00),(37,'K01280',3.00,3.00),(37,'K01281',3.00,4.00),(37,'K01282',2.00,4.00),(37,'K01283',2.00,3.00),(37,'K01284',2.00,3.00),(37,'K01277',2.00,2.00),(37,'K01285',2.00,3.00),(37,'K01286',3.00,3.00),(37,'K01287',2.00,3.00),(37,'K01288',3.00,3.00),(38,'K01196',3.00,4.00),(38,'K01197',4.00,4.00),(38,'K01198',3.00,4.00),(38,'K01199',4.00,4.00),(38,'K01200',3.00,4.00),(38,'K01201',4.00,4.00),(38,'K01202',4.00,4.00),(38,'K01203',4.00,4.00),(38,'K01204',3.00,3.00),(38,'K01206',4.00,4.00),(38,'K01205',4.00,4.00),(38,'K01207',4.00,4.00),(38,'K01208',4.00,4.00),(38,'K01209',1.00,4.00),(38,'K01210',4.00,4.00),(38,'K01211',4.00,4.00),(38,'K01212',3.00,4.00),(38,'K01213',4.00,4.00),(38,'K01214',3.00,4.00),(38,'K01216',1.00,4.00),(38,'K01215',3.00,4.00),(38,'K01217',3.00,4.00),(38,'K01218',3.00,4.00),(38,'K01219',4.00,4.00),(38,'K01221',3.00,4.00),(38,'K01220',3.00,4.00),(38,'K01222',4.00,4.00),(38,'K01223',4.00,4.00),(38,'K01224',4.00,4.00),(38,'K01225',3.00,4.00),(38,'K01226',1.00,4.00),(38,'K01227',3.00,4.00),(38,'K01228',4.00,4.00),(38,'K01229',4.00,4.00),(38,'K01230',2.00,4.00),(38,'K01234',4.00,4.00),(38,'K01232',3.00,3.00),(38,'K01231',3.00,3.00),(38,'K01233',4.00,4.00),(38,'K01235',3.00,4.00),(38,'K01236',4.00,4.00),(38,'K01237',4.00,4.00),(38,'K01238',4.00,4.00),(38,'K01239',3.00,4.00),(38,'K01240',4.00,4.00),(38,'K01241',4.00,4.00),(38,'K01242',4.00,4.00),(38,'K01243',3.00,4.00),(38,'K01244',3.00,4.00),(38,'K01245',3.00,4.00),(38,'K01246',4.00,3.00),(38,'K01247',3.00,4.00),(38,'K01248',3.00,4.00),(38,'K01249',4.00,4.00),(38,'K01251',4.00,4.00),(38,'K01250',4.00,4.00),(38,'K01252',4.00,4.00),(38,'K01253',3.00,4.00),(38,'K01254',4.00,4.00),(38,'K01255',4.00,4.00),(38,'K01256',4.00,4.00),(38,'K01257',4.00,4.00),(38,'K01258',4.00,4.00),(38,'K01259',4.00,4.00),(38,'K01260',1.00,3.00),(38,'K01261',4.00,4.00),(38,'K01262',4.00,4.00),(38,'K01263',3.00,4.00),(38,'K01264',3.00,4.00),(38,'K01265',3.00,4.00),(38,'K01266',4.00,4.00),(38,'K01267',3.00,4.00),(38,'K01268',3.00,3.00),(38,'K01270',1.00,4.00),(38,'K01271',4.00,4.00),(38,'K01272',4.00,4.00),(38,'K01273',1.00,4.00),(38,'K01274',3.00,4.00),(38,'K01276',4.00,4.00),(38,'K01275',1.00,4.00),(38,'K01269',4.00,4.00),(38,'K01278',3.00,4.00),(38,'K01279',3.00,4.00),(38,'K01280',4.00,4.00),(38,'K01281',4.00,4.00),(38,'K01282',4.00,4.00),(38,'K01283',4.00,4.00),(38,'K01284',4.00,4.00),(38,'K01277',3.00,4.00),(38,'K01285',4.00,4.00),(38,'K01286',3.00,4.00),(38,'K01287',4.00,4.00),(38,'K01288',4.00,4.00),(39,'K01196',4.00,4.00),(39,'K01197',3.00,4.00),(39,'K01198',1.00,4.00),(39,'K01199',3.00,4.00),(39,'K01200',3.00,4.00),(39,'K01201',3.00,4.00),(39,'K01202',4.00,4.00),(39,'K01203',4.00,4.00),(39,'K01204',3.00,4.00),(39,'K01206',2.00,4.00),(39,'K01205',3.00,4.00),(39,'K01207',2.00,4.00),(39,'K01208',2.00,4.00),(39,'K01209',1.00,4.00),(39,'K01210',4.00,4.00),(39,'K01211',2.00,3.00),(39,'K01212',3.00,4.00),(39,'K01213',4.00,4.00),(39,'K01214',3.00,4.00),(39,'K01216',1.00,4.00),(39,'K01215',1.00,4.00),(39,'K01217',3.00,4.00),(39,'K01218',3.00,4.00),(39,'K01219',2.00,4.00),(39,'K01221',3.00,4.00),(39,'K01220',3.00,4.00),(39,'K01222',3.00,4.00),(39,'K01223',2.00,4.00),(39,'K01224',3.00,4.00),(39,'K01225',3.00,4.00),(39,'K01226',1.00,4.00),(39,'K01227',4.00,4.00),(39,'K01228',3.00,4.00),(39,'K01229',4.00,4.00),(39,'K01230',4.00,4.00),(39,'K01234',3.00,4.00),(39,'K01232',3.00,3.00),(39,'K01231',3.00,4.00),(39,'K01233',2.00,3.00),(39,'K01235',3.00,4.00),(39,'K01236',2.00,4.00),(39,'K01237',3.00,4.00),(39,'K01238',3.00,4.00),(39,'K01239',3.00,4.00),(39,'K01240',3.00,4.00),(39,'K01241',3.00,4.00),(39,'K01242',3.00,4.00),(39,'K01243',3.00,4.00),(39,'K01244',4.00,4.00),(39,'K01245',4.00,4.00),(39,'K01246',3.00,4.00),(39,'K01247',3.00,4.00),(39,'K01248',3.00,4.00),(39,'K01249',3.00,4.00),(39,'K01251',4.00,4.00),(39,'K01250',4.00,4.00),(39,'K01252',3.00,4.00),(39,'K01253',3.00,4.00),(39,'K01254',3.00,4.00),(39,'K01255',3.00,4.00),(39,'K01256',4.00,4.00),(39,'K01257',4.00,4.00),(39,'K01258',4.00,4.00),(39,'K01259',4.00,4.00),(39,'K01260',1.00,3.00),(39,'K01261',4.00,4.00),(39,'K01262',3.00,4.00),(39,'K01263',3.00,4.00),(39,'K01264',3.00,4.00),(39,'K01265',2.00,4.00),(39,'K01266',3.00,4.00),(39,'K01267',3.00,4.00),(39,'K01268',1.00,4.00),(39,'K01270',1.00,4.00),(39,'K01271',4.00,4.00),(39,'K01272',4.00,4.00),(39,'K01273',1.00,4.00),(39,'K01274',1.00,4.00),(39,'K01276',3.00,4.00),(39,'K01275',1.00,4.00),(39,'K01269',4.00,4.00),(39,'K01278',3.00,4.00),(39,'K01279',2.00,4.00),(39,'K01280',3.00,4.00),(39,'K01281',3.00,4.00),(39,'K01282',3.00,4.00),(39,'K01283',3.00,4.00),(39,'K01284',3.00,4.00),(39,'K01277',3.00,4.00),(39,'K01285',3.00,4.00),(39,'K01286',3.00,4.00),(39,'K01287',2.00,4.00),(39,'K01288',3.00,4.00),(32,'K01196',4.00,4.00),(32,'K01197',4.00,4.00),(32,'K01198',4.00,4.00),(32,'K01199',4.00,4.00),(32,'K01200',4.00,4.00),(32,'K01201',3.00,4.00),(32,'K01202',3.00,3.00),(32,'K01203',3.00,4.00),(32,'K01204',3.00,4.00),(32,'K01206',2.00,3.00),(32,'K01205',3.00,3.00),(32,'K01207',4.00,4.00),(32,'K01208',4.00,3.00),(32,'K01209',1.00,3.00),(32,'K01210',2.00,2.00),(32,'K01211',2.00,2.00),(32,'K01212',4.00,3.00),(32,'K01213',3.00,4.00),(32,'K01214',4.00,4.00),(32,'K01216',1.00,1.00),(32,'K01215',1.00,1.00),(32,'K01217',3.00,4.00),(32,'K01218',4.00,4.00),(32,'K01219',3.00,4.00),(32,'K01221',3.00,3.00),(32,'K01220',3.00,3.00),(32,'K01222',2.00,3.00),(32,'K01223',2.00,3.00),(32,'K01224',3.00,4.00),(32,'K01225',2.00,4.00),(32,'K01226',2.00,3.00),(32,'K01227',4.00,4.00),(32,'K01228',3.00,3.00),(32,'K01229',3.00,3.00),(32,'K01230',3.00,4.00),(32,'K01234',3.00,3.00),(32,'K01232',3.00,4.00),(32,'K01231',3.00,4.00),(32,'K01233',2.00,2.00),(32,'K01235',2.00,4.00),(32,'K01236',3.00,4.00),(32,'K01237',4.00,4.00),(32,'K01238',3.00,3.00),(32,'K01239',3.00,3.00),(32,'K01240',3.00,4.00),(32,'K01241',3.00,4.00),(32,'K01242',3.00,4.00),(32,'K01243',3.00,4.00),(32,'K01244',4.00,4.00),(32,'K01245',4.00,4.00),(32,'K01246',4.00,3.00),(32,'K01247',4.00,4.00),(32,'K01248',4.00,4.00),(32,'K01249',3.00,4.00),(32,'K01251',4.00,4.00),(32,'K01250',4.00,4.00),(32,'K01252',4.00,4.00),(32,'K01253',3.00,4.00),(32,'K01254',4.00,4.00),(32,'K01255',3.00,3.00),(32,'K01256',3.00,4.00),(32,'K01257',4.00,4.00),(32,'K01258',4.00,4.00),(32,'K01259',4.00,3.00),(32,'K01260',3.00,4.00),(32,'K01261',4.00,4.00),(32,'K01262',3.00,3.00),(32,'K01263',3.00,3.00),(32,'K01264',2.00,3.00),(32,'K01265',3.00,3.00),(32,'K01266',3.00,4.00),(32,'K01267',3.00,4.00),(32,'K01268',4.00,4.00),(32,'K01270',1.00,1.00),(32,'K01271',4.00,4.00),(32,'K01272',3.00,4.00),(32,'K01273',3.00,3.00),(32,'K01274',2.00,2.00),(32,'K01276',3.00,3.00),(32,'K01275',3.00,3.00),(32,'K01269',4.00,4.00),(32,'K01278',2.00,3.00),(32,'K01279',3.00,4.00),(32,'K01280',4.00,4.00),(32,'K01281',3.00,4.00),(32,'K01282',2.00,4.00),(32,'K01283',3.00,3.00),(32,'K01284',3.00,3.00),(32,'K01277',2.00,2.00),(32,'K01285',3.00,4.00),(32,'K01286',3.00,4.00),(32,'K01287',2.00,3.00),(32,'K01288',3.00,4.00),(40,'K01196',3.00,4.00),(40,'K01197',3.00,4.00),(40,'K01198',3.00,4.00),(40,'K01199',3.00,4.00),(40,'K01200',3.00,3.00),(40,'K01201',3.00,4.00),(40,'K01202',4.00,4.00),(40,'K01203',4.00,4.00),(40,'K01204',3.00,4.00),(40,'K01206',3.00,4.00),(40,'K01205',4.00,4.00),(40,'K01207',4.00,4.00),(40,'K01208',4.00,4.00),(40,'K01209',1.00,1.00),(40,'K01210',4.00,4.00),(40,'K01211',4.00,3.00),(40,'K01212',3.00,4.00),(40,'K01213',4.00,4.00),(40,'K01214',2.00,3.00),(40,'K01216',1.00,1.00),(40,'K01215',2.00,3.00),(40,'K01217',4.00,4.00),(40,'K01218',3.00,4.00),(40,'K01219',3.00,4.00),(40,'K01221',2.00,4.00),(40,'K01220',2.00,3.00),(40,'K01222',3.00,4.00),(40,'K01223',3.00,3.00),(40,'K01224',3.00,4.00),(40,'K01225',3.00,3.00),(40,'K01226',1.00,3.00),(40,'K01227',3.00,4.00),(40,'K01228',3.00,4.00),(40,'K01229',3.00,4.00),(40,'K01230',2.00,4.00),(40,'K01234',3.00,4.00),(40,'K01232',3.00,4.00),(40,'K01231',3.00,4.00),(40,'K01233',4.00,3.00),(40,'K01235',2.00,4.00),(40,'K01236',2.00,4.00),(40,'K01237',3.00,4.00),(40,'K01238',3.00,4.00),(40,'K01239',3.00,3.00),(40,'K01240',4.00,4.00),(40,'K01241',3.00,4.00),(40,'K01242',4.00,4.00),(40,'K01243',3.00,4.00),(40,'K01244',3.00,4.00),(40,'K01245',3.00,4.00),(40,'K01246',2.00,2.00),(40,'K01247',3.00,4.00),(40,'K01248',3.00,4.00),(40,'K01249',3.00,4.00),(40,'K01251',4.00,4.00),(40,'K01250',4.00,4.00),(40,'K01252',3.00,4.00),(40,'K01253',2.00,3.00),(40,'K01254',3.00,3.00),(40,'K01255',3.00,3.00),(40,'K01256',3.00,4.00),(40,'K01257',3.00,4.00),(40,'K01258',3.00,4.00),(40,'K01259',3.00,3.00),(40,'K01260',3.00,4.00),(40,'K01261',3.00,4.00),(40,'K01262',2.00,4.00),(40,'K01263',3.00,3.00),(40,'K01264',2.00,4.00),(40,'K01265',2.00,3.00),(40,'K01266',3.00,4.00),(40,'K01268',3.00,4.00),(40,'K01270',2.00,2.00),(40,'K01271',3.00,4.00),(40,'K01272',4.00,4.00),(40,'K01273',1.00,1.00),(40,'K01274',2.00,3.00),(40,'K01276',3.00,3.00),(40,'K01275',3.00,3.00),(40,'K01269',3.00,3.00),(40,'K01278',2.00,3.00),(40,'K01279',3.00,4.00),(40,'K01280',4.00,4.00),(40,'K01281',4.00,4.00),(40,'K01282',3.00,4.00),(40,'K01283',3.00,3.00),(40,'K01284',3.00,3.00),(40,'K01277',3.00,3.00),(40,'K01285',3.00,4.00),(40,'K01286',3.00,4.00),(40,'K01287',3.00,3.00),(40,'K01288',3.00,4.00),(41,'K01196',4.00,4.00),(41,'K01197',4.00,4.00),(41,'K01198',4.00,4.00),(41,'K01199',4.00,4.00),(41,'K01200',1.00,1.00),(41,'K01201',4.00,4.00),(41,'K01202',4.00,4.00),(41,'K01203',4.00,4.00),(41,'K01204',4.00,4.00),(41,'K01206',4.00,4.00),(41,'K01205',4.00,4.00),(41,'K01207',4.00,4.00),(41,'K01208',4.00,4.00),(41,'K01209',1.00,4.00),(41,'K01210',4.00,4.00),(41,'K01211',4.00,4.00),(41,'K01212',4.00,4.00),(41,'K01213',4.00,4.00),(41,'K01214',4.00,4.00),(41,'K01216',1.00,1.00),(41,'K01215',1.00,1.00),(41,'K01217',4.00,4.00),(41,'K01218',4.00,4.00),(41,'K01219',4.00,4.00),(41,'K01221',4.00,4.00),(41,'K01220',4.00,4.00),(41,'K01222',4.00,4.00),(41,'K01223',4.00,4.00),(41,'K01224',4.00,4.00),(41,'K01225',4.00,4.00),(41,'K01226',4.00,4.00),(41,'K01227',4.00,4.00),(41,'K01228',4.00,4.00),(41,'K01229',1.00,1.00),(41,'K01230',4.00,4.00),(41,'K01234',1.00,1.00),(41,'K01232',3.00,3.00),(41,'K01231',3.00,3.00),(41,'K01233',4.00,4.00),(41,'K01235',4.00,4.00),(41,'K01236',4.00,4.00),(41,'K01237',4.00,4.00),(41,'K01238',4.00,4.00),(41,'K01239',4.00,4.00),(41,'K01240',4.00,4.00),(41,'K01241',4.00,4.00),(41,'K01242',1.00,1.00),(41,'K01243',1.00,1.00),(41,'K01244',4.00,4.00),(41,'K01245',4.00,4.00),(41,'K01246',4.00,4.00),(41,'K01247',1.00,1.00),(41,'K01248',4.00,4.00),(41,'K01249',3.00,3.00),(41,'K01251',4.00,4.00),(41,'K01250',4.00,4.00),(41,'K01252',4.00,4.00),(41,'K01253',4.00,4.00),(41,'K01254',4.00,4.00),(41,'K01255',4.00,4.00),(41,'K01256',4.00,4.00),(41,'K01257',4.00,4.00),(41,'K01258',4.00,4.00),(41,'K01259',4.00,4.00),(41,'K01260',3.00,3.00),(41,'K01261',4.00,4.00),(41,'K01262',4.00,4.00),(41,'K01263',4.00,4.00),(41,'K01264',4.00,4.00),(41,'K01265',4.00,4.00),(41,'K01266',4.00,4.00),(41,'K01267',1.00,1.00),(41,'K01268',1.00,1.00),(41,'K01270',1.00,1.00),(41,'K01271',4.00,4.00),(41,'K01272',4.00,4.00),(41,'K01273',4.00,4.00),(41,'K01274',1.00,1.00),(41,'K01276',1.00,1.00),(41,'K01275',4.00,4.00),(41,'K01269',4.00,4.00),(41,'K01278',4.00,4.00),(41,'K01279',4.00,4.00),(41,'K01280',4.00,4.00),(41,'K01281',4.00,4.00),(41,'K01282',4.00,4.00),(41,'K01283',4.00,4.00),(41,'K01284',4.00,4.00),(41,'K01277',1.00,1.00),(41,'K01285',4.00,4.00),(41,'K01286',4.00,4.00),(41,'K01287',4.00,4.00),(41,'K01288',4.00,4.00),(40,'K01267',4.00,4.00),(42,'K01196',3.00,4.00),(42,'K01197',4.00,4.00),(42,'K01198',3.00,4.00),(42,'K01199',3.00,4.00),(42,'K01200',4.00,4.00),(42,'K01201',3.00,4.00),(42,'K01202',4.00,4.00),(42,'K01203',4.00,4.00),(42,'K01204',4.00,3.00),(42,'K01206',2.00,4.00),(42,'K01205',3.00,4.00),(42,'K01207',4.00,4.00),(42,'K01208',4.00,4.00),(42,'K01209',1.00,4.00),(42,'K01210',4.00,4.00),(42,'K01211',1.00,3.00),(42,'K01212',4.00,4.00),(42,'K01213',4.00,4.00),(42,'K01214',3.00,4.00),(42,'K01216',1.00,4.00),(42,'K01215',4.00,4.00),(42,'K01217',3.00,4.00),(42,'K01218',4.00,4.00),(42,'K01219',3.00,4.00),(42,'K01221',4.00,4.00),(42,'K01220',3.00,4.00),(42,'K01222',3.00,4.00),(42,'K01223',3.00,4.00),(42,'K01224',3.00,4.00),(42,'K01225',3.00,4.00),(42,'K01226',4.00,4.00),(42,'K01227',4.00,4.00),(42,'K01228',3.00,4.00),(42,'K01229',4.00,4.00),(42,'K01230',4.00,4.00),(42,'K01234',3.00,4.00),(42,'K01232',3.00,4.00),(42,'K01231',3.00,4.00),(42,'K01233',4.00,4.00),(42,'K01235',2.00,4.00),(42,'K01236',3.00,4.00),(42,'K01237',4.00,4.00),(42,'K01238',3.00,4.00),(42,'K01239',3.00,4.00),(42,'K01240',3.00,4.00),(42,'K01241',4.00,4.00),(42,'K01242',3.00,4.00),(42,'K01243',3.00,4.00),(42,'K01244',4.00,4.00),(42,'K01245',4.00,4.00),(42,'K01246',4.00,4.00),(42,'K01247',3.00,4.00),(42,'K01248',3.00,4.00),(42,'K01249',3.00,4.00),(42,'K01251',4.00,4.00),(42,'K01250',4.00,4.00),(42,'K01252',4.00,4.00),(42,'K01253',4.00,4.00),(42,'K01254',4.00,4.00),(42,'K01255',3.00,4.00),(42,'K01256',4.00,4.00),(42,'K01257',4.00,4.00),(42,'K01258',4.00,4.00),(42,'K01259',4.00,4.00),(42,'K01260',3.00,4.00),(42,'K01261',4.00,4.00),(42,'K01262',3.00,4.00),(42,'K01263',4.00,4.00),(42,'K01264',3.00,4.00),(42,'K01265',3.00,4.00),(42,'K01266',3.00,4.00),(42,'K01267',3.00,4.00),(42,'K01268',4.00,4.00),(42,'K01270',3.00,4.00),(42,'K01271',4.00,4.00),(42,'K01272',4.00,4.00),(42,'K01273',4.00,4.00),(42,'K01274',4.00,4.00),(42,'K01276',3.00,4.00),(42,'K01275',4.00,4.00),(42,'K01269',4.00,4.00),(42,'K01278',3.00,4.00),(42,'K01279',4.00,4.00),(42,'K01280',3.00,4.00),(42,'K01281',3.00,4.00),(42,'K01282',3.00,4.00),(42,'K01283',4.00,4.00),(42,'K01284',4.00,4.00),(42,'K01277',4.00,4.00),(42,'K01285',4.00,4.00),(42,'K01286',4.00,4.00),(42,'K01287',4.00,4.00),(42,'K01288',4.00,4.00),(43,'K01196',4.00,4.00),(43,'K01197',4.00,4.00),(43,'K01198',4.00,4.00),(43,'K01199',4.00,4.00),(43,'K01200',4.00,4.00),(43,'K01201',4.00,4.00),(43,'K01202',4.00,4.00),(43,'K01203',4.00,4.00),(43,'K01204',4.00,4.00),(43,'K01206',3.00,4.00),(43,'K01205',3.00,4.00),(43,'K01207',4.00,4.00),(43,'K01208',3.00,4.00),(43,'K01209',1.00,4.00),(43,'K01210',3.00,4.00),(43,'K01211',2.00,3.00),(43,'K01212',4.00,4.00),(43,'K01213',4.00,4.00),(43,'K01214',3.00,4.00),(43,'K01216',1.00,4.00),(43,'K01215',4.00,4.00),(43,'K01217',4.00,4.00),(43,'K01218',4.00,4.00),(43,'K01219',4.00,4.00),(43,'K01221',3.00,4.00),(43,'K01220',4.00,4.00),(43,'K01222',4.00,4.00),(43,'K01223',4.00,4.00),(43,'K01224',4.00,4.00),(43,'K01225',4.00,4.00),(43,'K01226',1.00,4.00),(43,'K01227',4.00,4.00),(43,'K01228',4.00,4.00),(43,'K01229',3.00,4.00),(43,'K01230',4.00,4.00),(43,'K01234',4.00,4.00),(43,'K01232',3.00,4.00),(43,'K01231',3.00,3.00),(43,'K01233',3.00,3.00),(43,'K01235',4.00,4.00),(43,'K01236',4.00,4.00),(43,'K01237',4.00,4.00),(43,'K01238',3.00,4.00),(43,'K01239',3.00,4.00),(43,'K01240',4.00,4.00),(43,'K01241',4.00,4.00),(43,'K01242',4.00,4.00),(43,'K01243',4.00,4.00),(43,'K01244',4.00,4.00),(43,'K01245',3.00,4.00),(43,'K01246',4.00,4.00),(43,'K01247',4.00,4.00),(43,'K01248',4.00,4.00),(43,'K01249',1.00,4.00),(43,'K01251',4.00,4.00),(43,'K01250',4.00,4.00),(43,'K01252',4.00,4.00),(43,'K01253',1.00,4.00),(43,'K01254',3.00,4.00),(43,'K01255',4.00,4.00),(43,'K01256',4.00,4.00),(43,'K01257',4.00,4.00),(43,'K01258',4.00,4.00),(43,'K01259',4.00,4.00),(43,'K01260',1.00,4.00),(43,'K01261',4.00,4.00),(43,'K01262',4.00,4.00),(43,'K01263',4.00,4.00),(43,'K01264',4.00,4.00),(43,'K01265',4.00,4.00),(43,'K01266',4.00,4.00),(43,'K01267',4.00,4.00),(43,'K01268',1.00,4.00),(43,'K01270',1.00,4.00),(43,'K01271',4.00,4.00),(43,'K01272',4.00,4.00),(43,'K01273',1.00,4.00),(43,'K01274',4.00,4.00),(43,'K01276',3.00,4.00),(43,'K01275',1.00,4.00),(43,'K01269',4.00,4.00),(43,'K01278',3.00,4.00),(43,'K01279',4.00,4.00),(43,'K01280',3.00,4.00),(43,'K01281',4.00,4.00),(43,'K01282',4.00,4.00),(43,'K01283',4.00,4.00),(43,'K01284',4.00,4.00),(43,'K01277',4.00,4.00),(43,'K01285',4.00,4.00),(43,'K01286',3.00,4.00),(43,'K01287',4.00,4.00),(43,'K01288',4.00,4.00),(10,'K01196',4.00,4.00),(10,'K01197',4.00,4.00),(10,'K01198',3.00,4.00),(10,'K01199',3.00,4.00),(10,'K01200',3.00,4.00),(10,'K01201',4.00,4.00),(10,'K01202',3.00,4.00),(10,'K01203',4.00,4.00),(10,'K01204',2.00,4.00),(10,'K01206',2.00,3.00),(10,'K01205',4.00,4.00),(10,'K01207',4.00,4.00),(10,'K01208',4.00,4.00),(10,'K01209',2.00,4.00),(10,'K01210',4.00,4.00),(10,'K01211',2.00,4.00),(10,'K01212',4.00,4.00),(10,'K01213',4.00,4.00),(10,'K01214',3.00,4.00),(10,'K01216',1.00,1.00),(10,'K01215',4.00,4.00),(10,'K01217',4.00,4.00),(10,'K01218',3.00,4.00),(10,'K01219',3.00,4.00),(10,'K01221',3.00,4.00),(10,'K01220',3.00,4.00),(10,'K01222',3.00,4.00),(10,'K01223',3.00,4.00),(10,'K01224',3.00,4.00),(10,'K01225',3.00,4.00),(10,'K01226',4.00,4.00),(10,'K01227',4.00,4.00),(10,'K01228',3.00,4.00),(10,'K01229',4.00,4.00),(10,'K01230',3.00,4.00),(10,'K01234',1.00,1.00),(10,'K01232',2.00,4.00),(10,'K01231',2.00,4.00),(10,'K01233',3.00,4.00),(10,'K01235',3.00,4.00),(10,'K01236',3.00,4.00),(10,'K01237',4.00,4.00),(10,'K01238',3.00,4.00),(10,'K01239',3.00,4.00),(10,'K01240',4.00,4.00),(10,'K01241',2.00,4.00),(10,'K01242',3.00,4.00),(10,'K01243',3.00,4.00),(10,'K01244',4.00,4.00),(10,'K01245',3.00,4.00),(10,'K01246',4.00,4.00),(10,'K01247',2.00,4.00),(10,'K01248',3.00,4.00),(10,'K01249',3.00,4.00),(10,'K01251',3.00,4.00),(10,'K01250',4.00,4.00),(10,'K01252',3.00,4.00),(10,'K01253',3.00,4.00),(10,'K01254',4.00,4.00),(10,'K01255',3.00,4.00),(10,'K01256',3.00,4.00),(10,'K01257',3.00,4.00),(10,'K01258',4.00,4.00),(10,'K01259',3.00,4.00),(10,'K01260',3.00,4.00),(10,'K01261',3.00,4.00),(10,'K01262',2.00,3.00),(10,'K01263',2.00,3.00),(10,'K01264',4.00,4.00),(10,'K01265',3.00,4.00),(10,'K01266',3.00,4.00),(10,'K01267',1.00,3.00),(10,'K01268',4.00,4.00),(10,'K01270',1.00,4.00),(10,'K01271',4.00,4.00),(10,'K01272',4.00,4.00),(10,'K01273',4.00,4.00),(10,'K01274',2.00,4.00),(10,'K01276',1.00,4.00),(10,'K01275',1.00,1.00),(10,'K01269',4.00,4.00),(10,'K01278',2.00,4.00),(10,'K01279',3.00,4.00),(10,'K01280',3.00,4.00),(10,'K01281',4.00,4.00),(10,'K01282',3.00,4.00),(10,'K01283',3.00,4.00),(10,'K01284',3.00,4.00),(10,'K01277',3.00,4.00),(10,'K01285',3.00,4.00),(10,'K01286',2.00,4.00),(10,'K01287',4.00,4.00),(10,'K01288',3.00,4.00),(29,'K01196',4.00,4.00),(29,'K01197',3.00,4.00),(29,'K01198',3.00,4.00),(29,'K01199',3.00,4.00),(29,'K01200',3.00,4.00),(29,'K01201',3.00,4.00),(29,'K01202',3.00,4.00),(29,'K01203',3.00,4.00),(29,'K01204',4.00,4.00),(29,'K01206',1.00,4.00),(29,'K01205',3.00,4.00),(29,'K01207',1.00,4.00),(29,'K01208',1.00,4.00),(29,'K01209',1.00,4.00),(29,'K01210',1.00,4.00),(29,'K01211',1.00,4.00),(29,'K01212',3.00,4.00),(29,'K01213',3.00,4.00),(29,'K01214',1.00,4.00),(29,'K01216',3.00,4.00),(29,'K01215',3.00,4.00),(29,'K01217',3.00,4.00),(29,'K01218',1.00,4.00),(29,'K01219',3.00,4.00),(29,'K01221',3.00,4.00),(29,'K01220',3.00,4.00),(29,'K01222',3.00,4.00),(29,'K01223',3.00,4.00),(29,'K01224',1.00,4.00),(29,'K01225',1.00,4.00),(29,'K01226',1.00,4.00),(29,'K01227',1.00,4.00),(29,'K01228',3.00,4.00),(29,'K01229',3.00,4.00),(29,'K01230',3.00,4.00),(29,'K01234',1.00,4.00),(29,'K01232',1.00,4.00),(29,'K01231',1.00,4.00),(29,'K01233',1.00,4.00),(29,'K01235',3.00,4.00),(29,'K01236',3.00,4.00),(29,'K01237',3.00,4.00),(29,'K01238',1.00,4.00),(29,'K01239',1.00,4.00),(29,'K01240',3.00,4.00),(29,'K01241',1.00,4.00),(29,'K01242',4.00,4.00),(29,'K01243',3.00,4.00),(29,'K01244',3.00,4.00),(29,'K01245',3.00,4.00),(29,'K01246',3.00,4.00),(29,'K01247',1.00,4.00),(29,'K01248',3.00,4.00),(29,'K01249',3.00,4.00),(29,'K01251',3.00,4.00),(29,'K01250',3.00,4.00),(29,'K01252',3.00,4.00),(29,'K01253',1.00,4.00),(29,'K01254',3.00,4.00),(29,'K01255',3.00,4.00),(29,'K01256',3.00,4.00),(29,'K01257',3.00,4.00),(29,'K01258',3.00,4.00),(29,'K01259',3.00,4.00),(29,'K01260',3.00,4.00),(29,'K01261',3.00,4.00),(29,'K01262',1.00,4.00),(29,'K01263',1.00,4.00),(29,'K01264',1.00,4.00),(29,'K01265',1.00,4.00),(29,'K01266',1.00,4.00),(29,'K01267',1.00,4.00),(29,'K01268',1.00,4.00),(29,'K01270',1.00,4.00),(29,'K01271',3.00,4.00),(29,'K01272',3.00,4.00),(29,'K01273',1.00,4.00),(29,'K01274',1.00,4.00),(29,'K01276',1.00,4.00),(29,'K01275',1.00,4.00),(29,'K01269',3.00,4.00),(29,'K01278',1.00,4.00),(29,'K01279',1.00,4.00),(29,'K01280',1.00,4.00),(29,'K01281',3.00,4.00),(29,'K01282',1.00,4.00),(29,'K01283',1.00,1.00),(29,'K01284',3.00,4.00),(29,'K01277',1.00,4.00),(29,'K01285',1.00,4.00),(29,'K01286',1.00,4.00),(29,'K01287',1.00,4.00),(29,'K01288',3.00,4.00),(44,'K01196',4.00,4.00),(44,'K01197',4.00,4.00),(44,'K01198',4.00,4.00),(44,'K01199',4.00,4.00),(44,'K01200',4.00,4.00),(44,'K01201',4.00,4.00),(44,'K01202',4.00,4.00),(44,'K01203',4.00,4.00),(44,'K01204',4.00,4.00),(44,'K01206',3.00,4.00),(44,'K01205',3.00,4.00),(44,'K01207',1.00,4.00),(44,'K01208',1.00,4.00),(44,'K01209',1.00,4.00),(44,'K01210',4.00,4.00),(44,'K01211',1.00,4.00),(44,'K01212',4.00,4.00),(44,'K01213',4.00,4.00),(44,'K01214',4.00,4.00),(44,'K01216',4.00,4.00),(44,'K01215',4.00,4.00),(44,'K01217',4.00,4.00),(44,'K01218',4.00,4.00),(44,'K01219',4.00,4.00),(44,'K01221',4.00,4.00),(44,'K01220',4.00,4.00),(44,'K01222',4.00,4.00),(44,'K01223',4.00,4.00),(44,'K01224',4.00,4.00),(44,'K01225',4.00,4.00),(44,'K01226',4.00,4.00),(44,'K01227',4.00,4.00),(44,'K01228',4.00,4.00),(44,'K01229',4.00,4.00),(44,'K01230',4.00,4.00),(44,'K01234',1.00,4.00),(44,'K01232',4.00,4.00),(44,'K01231',4.00,4.00),(44,'K01233',4.00,4.00),(44,'K01235',4.00,4.00),(44,'K01236',4.00,4.00),(44,'K01237',4.00,4.00),(44,'K01238',4.00,4.00),(44,'K01239',4.00,4.00),(44,'K01240',4.00,4.00),(44,'K01241',1.00,4.00),(44,'K01242',4.00,4.00),(44,'K01243',4.00,4.00),(44,'K01244',4.00,4.00),(44,'K01245',4.00,4.00),(44,'K01246',3.00,4.00),(44,'K01247',1.00,4.00),(44,'K01248',4.00,4.00),(44,'K01249',4.00,4.00),(44,'K01251',4.00,4.00),(44,'K01250',4.00,4.00),(44,'K01252',4.00,4.00),(44,'K01253',4.00,4.00),(44,'K01254',4.00,4.00),(44,'K01255',4.00,4.00),(44,'K01256',4.00,4.00),(44,'K01257',4.00,4.00),(44,'K01258',4.00,4.00),(44,'K01259',4.00,4.00),(44,'K01260',4.00,4.00),(44,'K01261',4.00,4.00),(44,'K01262',3.00,4.00),(44,'K01263',3.00,4.00),(44,'K01264',3.00,4.00),(44,'K01265',4.00,4.00),(44,'K01266',4.00,4.00),(44,'K01267',1.00,4.00),(44,'K01268',4.00,4.00),(44,'K01270',1.00,4.00),(44,'K01271',4.00,4.00),(44,'K01272',4.00,4.00),(44,'K01273',1.00,4.00),(44,'K01274',1.00,4.00),(44,'K01276',1.00,4.00),(44,'K01275',1.00,4.00),(44,'K01269',4.00,4.00),(44,'K01278',4.00,4.00),(44,'K01279',4.00,4.00),(44,'K01280',3.00,4.00),(44,'K01281',4.00,4.00),(44,'K01282',4.00,4.00),(44,'K01283',4.00,4.00),(44,'K01284',4.00,4.00),(44,'K01277',4.00,4.00),(44,'K01285',4.00,4.00),(44,'K01286',4.00,4.00),(44,'K01287',4.00,4.00),(44,'K01288',4.00,4.00),(45,'K01196',4.00,4.00),(45,'K01197',4.00,4.00),(45,'K01198',4.00,4.00),(45,'K01199',4.00,4.00),(45,'K01200',1.00,4.00),(45,'K01201',4.00,4.00),(45,'K01202',4.00,4.00),(45,'K01203',4.00,4.00),(45,'K01204',4.00,4.00),(45,'K01206',1.00,4.00),(45,'K01205',4.00,4.00),(45,'K01207',1.00,4.00),(45,'K01208',4.00,4.00),(45,'K01209',1.00,4.00),(45,'K01210',4.00,4.00),(45,'K01211',1.00,4.00),(45,'K01212',4.00,4.00),(45,'K01213',4.00,4.00),(45,'K01214',1.00,4.00),(45,'K01216',4.00,4.00),(45,'K01215',4.00,4.00),(45,'K01217',4.00,4.00),(45,'K01218',4.00,4.00),(45,'K01219',1.00,4.00),(45,'K01221',1.00,4.00),(45,'K01220',4.00,4.00),(45,'K01222',1.00,4.00),(45,'K01223',1.00,4.00),(45,'K01224',4.00,4.00),(45,'K01225',4.00,4.00),(45,'K01226',4.00,4.00),(45,'K01227',4.00,4.00),(45,'K01228',4.00,4.00),(45,'K01229',4.00,4.00),(45,'K01230',4.00,4.00),(45,'K01234',1.00,4.00),(45,'K01232',4.00,4.00),(45,'K01231',4.00,4.00),(45,'K01233',4.00,4.00),(45,'K01235',4.00,4.00),(45,'K01236',4.00,4.00),(45,'K01237',4.00,4.00),(45,'K01238',1.00,4.00),(45,'K01239',4.00,4.00),(45,'K01240',4.00,4.00),(45,'K01241',4.00,4.00),(45,'K01242',4.00,4.00),(45,'K01243',4.00,4.00),(45,'K01244',4.00,4.00),(45,'K01245',4.00,4.00),(45,'K01246',4.00,4.00),(45,'K01247',1.00,4.00),(45,'K01248',4.00,4.00),(45,'K01249',4.00,4.00),(45,'K01251',4.00,4.00),(45,'K01250',4.00,4.00),(45,'K01252',4.00,4.00),(45,'K01253',4.00,4.00),(45,'K01254',4.00,4.00),(45,'K01255',4.00,4.00),(45,'K01256',4.00,4.00),(45,'K01257',4.00,4.00),(45,'K01258',4.00,4.00),(45,'K01259',4.00,4.00),(45,'K01260',4.00,4.00),(45,'K01261',4.00,4.00),(45,'K01262',1.00,4.00),(45,'K01263',1.00,4.00),(45,'K01264',4.00,4.00),(45,'K01265',1.00,4.00),(45,'K01266',4.00,4.00),(45,'K01267',1.00,4.00),(45,'K01268',1.00,4.00),(45,'K01270',1.00,4.00),(45,'K01271',4.00,4.00),(45,'K01272',4.00,4.00),(45,'K01273',1.00,4.00),(45,'K01274',4.00,4.00),(45,'K01276',1.00,4.00),(45,'K01275',1.00,4.00),(45,'K01269',4.00,4.00),(45,'K01278',4.00,4.00),(45,'K01279',4.00,4.00),(45,'K01280',4.00,4.00),(45,'K01281',4.00,4.00),(45,'K01282',4.00,4.00),(45,'K01283',4.00,4.00),(45,'K01284',4.00,4.00),(45,'K01277',4.00,4.00),(45,'K01285',4.00,4.00),(45,'K01286',4.00,4.00),(45,'K01287',4.00,4.00),(45,'K01288',4.00,4.00),(46,'K01196',1.00,1.00),(46,'K01197',4.00,4.00),(46,'K01198',4.00,4.00),(46,'K01199',1.00,1.00),(46,'K01200',3.00,3.00),(46,'K01201',1.00,1.00),(46,'K01202',1.00,1.00),(46,'K01203',1.00,1.00),(46,'K01204',4.00,4.00),(46,'K01206',1.00,1.00),(46,'K01205',4.00,4.00),(46,'K01207',1.00,1.00),(46,'K01208',1.00,1.00),(46,'K01209',1.00,1.00),(46,'K01210',4.00,4.00),(46,'K01211',1.00,1.00),(46,'K01212',4.00,4.00),(46,'K01213',4.00,4.00),(46,'K01214',1.00,1.00),(46,'K01216',1.00,1.00),(46,'K01215',1.00,1.00),(46,'K01217',4.00,4.00),(46,'K01218',1.00,1.00),(46,'K01219',4.00,4.00),(46,'K01221',4.00,4.00),(46,'K01220',4.00,4.00),(46,'K01222',3.00,3.00),(46,'K01223',3.00,3.00),(46,'K01224',4.00,4.00),(46,'K01225',1.00,1.00),(46,'K01226',1.00,1.00),(46,'K01227',1.00,1.00),(46,'K01228',4.00,4.00),(46,'K01229',4.00,4.00),(46,'K01230',4.00,4.00),(46,'K01234',1.00,1.00),(46,'K01232',3.00,3.00),(46,'K01231',3.00,3.00),(46,'K01233',3.00,3.00),(46,'K01235',1.00,1.00),(46,'K01236',4.00,4.00),(46,'K01237',4.00,4.00),(46,'K01238',1.00,1.00),(46,'K01239',4.00,4.00),(46,'K01240',1.00,1.00),(46,'K01241',1.00,1.00),(46,'K01242',1.00,1.00),(46,'K01243',1.00,1.00),(46,'K01244',1.00,1.00),(46,'K01245',1.00,1.00),(46,'K01246',1.00,1.00),(46,'K01247',1.00,1.00),(46,'K01248',4.00,4.00),(46,'K01249',4.00,4.00),(46,'K01251',4.00,4.00),(46,'K01250',4.00,4.00),(46,'K01252',4.00,4.00),(46,'K01253',1.00,1.00),(46,'K01254',1.00,1.00),(46,'K01255',3.00,3.00),(46,'K01256',4.00,4.00),(46,'K01257',4.00,4.00),(46,'K01258',3.00,3.00),(46,'K01259',4.00,4.00),(46,'K01260',1.00,1.00),(46,'K01261',4.00,4.00),(46,'K01262',1.00,1.00),(46,'K01263',3.00,3.00),(46,'K01264',3.00,3.00),(46,'K01265',1.00,1.00),(46,'K01266',4.00,4.00),(46,'K01267',1.00,1.00),(46,'K01268',1.00,1.00),(46,'K01270',1.00,1.00),(46,'K01271',1.00,1.00),(46,'K01272',4.00,4.00),(46,'K01273',1.00,1.00),(46,'K01274',1.00,1.00),(46,'K01276',1.00,1.00),(46,'K01275',1.00,1.00),(46,'K01269',1.00,1.00),(46,'K01278',1.00,1.00),(46,'K01279',1.00,1.00),(46,'K01280',4.00,4.00),(46,'K01281',4.00,4.00),(46,'K01282',3.00,3.00),(46,'K01283',3.00,3.00),(46,'K01284',4.00,4.00),(46,'K01277',1.00,1.00),(46,'K01285',3.00,3.00),(46,'K01286',4.00,4.00),(46,'K01287',4.00,4.00),(46,'K01288',4.00,4.00),(47,'K01196',2.00,3.00),(47,'K01197',2.00,4.00),(47,'K01198',3.00,3.00),(47,'K01199',3.00,3.00),(47,'K01200',2.00,4.00),(47,'K01201',1.00,1.00),(47,'K01202',1.00,2.00),(47,'K01203',2.00,2.00),(47,'K01204',3.00,3.00),(47,'K01206',2.00,1.00),(47,'K01205',3.00,2.00),(47,'K01207',1.00,1.00),(47,'K01208',3.00,3.00),(47,'K01209',1.00,1.00),(47,'K01210',3.00,2.00),(47,'K01211',1.00,1.00),(47,'K01212',2.00,2.00),(47,'K01213',1.00,1.00),(47,'K01214',1.00,1.00),(47,'K01216',1.00,2.00),(47,'K01215',2.00,3.00),(47,'K01217',3.00,3.00),(47,'K01218',3.00,4.00),(47,'K01219',2.00,3.00),(47,'K01221',3.00,3.00),(47,'K01220',2.00,4.00),(47,'K01222',3.00,3.00),(47,'K01223',2.00,4.00),(47,'K01224',3.00,3.00),(47,'K01225',2.00,3.00),(47,'K01226',1.00,1.00),(47,'K01227',2.00,3.00),(47,'K01228',2.00,3.00),(47,'K01229',2.00,3.00),(47,'K01230',3.00,3.00),(47,'K01234',2.00,2.00),(47,'K01232',1.00,1.00),(47,'K01231',2.00,2.00),(47,'K01233',3.00,3.00),(47,'K01235',2.00,2.00),(47,'K01236',2.00,3.00),(47,'K01237',3.00,4.00),(47,'K01238',3.00,3.00),(47,'K01239',3.00,3.00),(47,'K01240',1.00,1.00),(47,'K01241',3.00,3.00),(47,'K01242',3.00,3.00),(47,'K01243',1.00,3.00),(47,'K01244',2.00,3.00),(47,'K01245',3.00,3.00),(47,'K01246',1.00,1.00),(47,'K01247',3.00,3.00),(47,'K01248',1.00,2.00),(47,'K01249',2.00,4.00),(47,'K01251',2.00,4.00),(47,'K01250',2.00,4.00),(47,'K01252',3.00,4.00),(47,'K01253',1.00,1.00),(47,'K01254',2.00,4.00),(47,'K01255',2.00,4.00),(47,'K01256',2.00,4.00),(47,'K01257',3.00,3.00),(47,'K01258',3.00,4.00),(47,'K01259',2.00,3.00),(47,'K01260',1.00,1.00),(47,'K01261',2.00,4.00),(47,'K01262',2.00,2.00),(47,'K01263',2.00,3.00),(47,'K01264',1.00,1.00),(47,'K01265',2.00,4.00),(47,'K01266',2.00,3.00),(47,'K01267',2.00,2.00),(47,'K01268',2.00,4.00),(47,'K01270',1.00,1.00),(47,'K01271',3.00,3.00),(47,'K01272',2.00,3.00),(47,'K01273',1.00,4.00),(47,'K01274',1.00,1.00),(47,'K01276',1.00,1.00),(47,'K01275',1.00,1.00),(47,'K01269',1.00,2.00),(47,'K01278',2.00,4.00),(47,'K01279',2.00,4.00),(47,'K01280',2.00,4.00),(47,'K01281',3.00,3.00),(47,'K01282',2.00,4.00),(47,'K01283',2.00,4.00),(47,'K01284',2.00,4.00),(47,'K01277',3.00,3.00),(47,'K01285',2.00,4.00),(47,'K01286',2.00,4.00),(47,'K01287',3.00,3.00),(47,'K01288',2.00,4.00),(19,'K01196',3.00,3.00),(19,'K01197',4.00,4.00),(19,'K01198',4.00,3.00),(19,'K01199',4.00,3.00),(19,'K01200',3.00,3.00),(19,'K01201',4.00,4.00),(19,'K01202',4.00,3.00),(19,'K01203',4.00,3.00),(19,'K01204',3.00,3.00),(19,'K01206',1.00,1.00),(19,'K01205',4.00,3.00),(19,'K01207',1.00,1.00),(19,'K01208',3.00,3.00),(19,'K01209',3.00,3.00),(19,'K01210',4.00,4.00),(19,'K01211',1.00,1.00),(19,'K01212',3.00,3.00),(19,'K01213',4.00,3.00),(19,'K01214',4.00,3.00),(19,'K01216',4.00,3.00),(19,'K01215',4.00,3.00),(19,'K01217',4.00,4.00),(19,'K01218',4.00,3.00),(19,'K01219',4.00,3.00),(19,'K01221',3.00,3.00),(19,'K01220',4.00,3.00),(19,'K01222',4.00,3.00),(19,'K01223',4.00,3.00),(19,'K01224',4.00,3.00),(19,'K01225',4.00,3.00),(19,'K01226',4.00,3.00),(19,'K01227',4.00,3.00),(19,'K01228',4.00,4.00),(19,'K01229',4.00,4.00),(19,'K01230',3.00,3.00),(19,'K01234',1.00,1.00),(19,'K01232',3.00,3.00),(19,'K01231',3.00,3.00),(19,'K01233',3.00,3.00),(19,'K01235',4.00,3.00),(19,'K01236',4.00,3.00),(19,'K01237',4.00,3.00),(19,'K01238',4.00,3.00),(19,'K01239',4.00,3.00),(19,'K01240',4.00,3.00),(19,'K01241',1.00,1.00),(19,'K01242',3.00,3.00),(19,'K01243',4.00,3.00),(19,'K01244',4.00,3.00),(19,'K01245',4.00,3.00),(19,'K01246',3.00,3.00),(19,'K01247',1.00,1.00),(19,'K01248',4.00,3.00),(19,'K01249',4.00,3.00),(19,'K01251',4.00,3.00),(19,'K01250',4.00,3.00),(19,'K01252',4.00,3.00),(19,'K01253',4.00,3.00),(19,'K01254',4.00,3.00),(19,'K01255',4.00,3.00),(19,'K01256',4.00,4.00),(19,'K01257',4.00,3.00),(19,'K01258',3.00,3.00),(19,'K01259',4.00,3.00),(19,'K01260',3.00,3.00),(19,'K01261',4.00,4.00),(19,'K01262',3.00,3.00),(19,'K01263',1.00,1.00),(19,'K01264',3.00,3.00),(19,'K01265',4.00,3.00),(19,'K01266',4.00,3.00),(19,'K01267',1.00,1.00),(19,'K01268',1.00,1.00),(19,'K01270',1.00,1.00),(19,'K01271',4.00,3.00),(19,'K01272',4.00,3.00),(19,'K01273',3.00,3.00),(19,'K01274',3.00,3.00),(19,'K01276',3.00,3.00),(19,'K01275',1.00,1.00),(19,'K01269',4.00,4.00),(19,'K01278',4.00,3.00),(19,'K01279',4.00,3.00),(19,'K01280',4.00,3.00),(19,'K01281',4.00,4.00),(19,'K01282',4.00,3.00),(19,'K01283',3.00,3.00),(19,'K01284',4.00,3.00),(19,'K01277',1.00,1.00),(19,'K01285',4.00,3.00),(19,'K01286',4.00,3.00),(19,'K01287',1.00,1.00),(19,'K01288',4.00,3.00),(48,'K01196',1.00,1.00),(48,'K01197',1.00,1.00),(48,'K01198',1.00,1.00),(48,'K01199',4.00,4.00),(48,'K01200',4.00,4.00),(48,'K01201',4.00,4.00),(48,'K01202',1.00,1.00),(48,'K01203',4.00,4.00),(48,'K01204',4.00,4.00),(48,'K01206',4.00,4.00),(48,'K01205',4.00,4.00),(48,'K01207',4.00,4.00),(48,'K01208',4.00,4.00),(48,'K01209',1.00,4.00),(48,'K01210',4.00,4.00),(48,'K01211',4.00,4.00),(48,'K01212',4.00,4.00),(48,'K01213',4.00,4.00),(48,'K01214',4.00,4.00),(48,'K01216',1.00,1.00),(48,'K01215',1.00,1.00),(48,'K01217',4.00,4.00),(48,'K01218',4.00,4.00),(48,'K01219',4.00,4.00),(48,'K01221',4.00,4.00),(48,'K01220',4.00,4.00),(48,'K01222',4.00,4.00),(48,'K01223',4.00,4.00),(48,'K01224',4.00,4.00),(48,'K01225',4.00,4.00),(48,'K01226',4.00,4.00),(48,'K01227',4.00,4.00),(48,'K01228',1.00,1.00),(48,'K01229',4.00,4.00),(48,'K01230',4.00,4.00),(48,'K01234',1.00,1.00),(48,'K01232',4.00,4.00),(48,'K01231',4.00,4.00),(48,'K01233',4.00,4.00),(48,'K01235',4.00,4.00),(48,'K01236',4.00,4.00),(48,'K01237',4.00,4.00),(48,'K01238',4.00,4.00),(48,'K01239',4.00,4.00),(48,'K01240',4.00,4.00),(48,'K01241',4.00,4.00),(48,'K01242',4.00,4.00),(48,'K01243',4.00,4.00),(48,'K01244',4.00,4.00),(48,'K01245',4.00,4.00),(48,'K01246',4.00,4.00),(48,'K01247',4.00,4.00),(48,'K01248',4.00,4.00),(48,'K01249',4.00,4.00),(48,'K01251',4.00,4.00),(48,'K01250',4.00,4.00),(48,'K01252',4.00,4.00),(48,'K01253',4.00,4.00),(48,'K01254',4.00,4.00),(48,'K01255',4.00,4.00),(48,'K01256',4.00,4.00),(48,'K01257',4.00,4.00),(48,'K01258',4.00,4.00),(48,'K01259',4.00,4.00),(48,'K01260',4.00,4.00),(48,'K01261',4.00,4.00),(48,'K01262',4.00,4.00),(48,'K01263',4.00,4.00),(48,'K01264',4.00,4.00),(48,'K01265',4.00,4.00),(48,'K01266',4.00,4.00),(48,'K01267',4.00,4.00),(48,'K01268',1.00,1.00),(48,'K01270',1.00,1.00),(48,'K01271',4.00,4.00),(48,'K01272',4.00,4.00),(48,'K01273',1.00,1.00),(48,'K01274',1.00,1.00),(48,'K01276',1.00,1.00),(48,'K01275',4.00,4.00),(48,'K01269',1.00,1.00),(48,'K01278',4.00,4.00),(48,'K01279',4.00,4.00),(48,'K01280',4.00,4.00),(48,'K01281',4.00,4.00),(48,'K01282',4.00,4.00),(48,'K01283',4.00,4.00),(48,'K01284',4.00,4.00),(48,'K01277',1.00,1.00),(48,'K01285',4.00,4.00),(48,'K01286',4.00,4.00),(48,'K01287',4.00,4.00),(48,'K01288',4.00,4.00),(49,'K01196',3.00,4.00),(49,'K01197',3.00,4.00),(49,'K01198',3.00,3.00),(49,'K01199',3.00,4.00),(49,'K01200',3.00,3.00),(49,'K01201',3.00,3.00),(49,'K01202',3.00,3.00),(49,'K01203',3.00,4.00),(49,'K01204',3.00,3.00),(49,'K01206',3.00,2.00),(49,'K01205',4.00,4.00),(49,'K01207',2.00,3.00),(49,'K01208',2.00,3.00),(49,'K01209',2.00,2.00),(49,'K01210',4.00,4.00),(49,'K01211',2.00,3.00),(49,'K01212',4.00,4.00),(49,'K01213',4.00,4.00),(49,'K01214',3.00,3.00),(49,'K01216',2.00,3.00),(49,'K01215',3.00,3.00),(49,'K01217',2.00,4.00),(49,'K01218',3.00,4.00),(49,'K01219',3.00,4.00),(49,'K01221',3.00,3.00),(49,'K01220',3.00,3.00),(49,'K01222',4.00,3.00),(49,'K01223',4.00,4.00),(49,'K01224',3.00,3.00),(49,'K01225',3.00,3.00),(49,'K01226',4.00,4.00),(49,'K01227',3.00,4.00),(49,'K01228',4.00,4.00),(49,'K01229',3.00,3.00),(49,'K01230',2.00,3.00),(49,'K01234',3.00,3.00),(49,'K01232',3.00,4.00),(49,'K01231',3.00,3.00),(49,'K01233',3.00,3.00),(49,'K01235',2.00,3.00),(49,'K01236',3.00,4.00),(49,'K01237',4.00,4.00),(49,'K01238',3.00,4.00),(49,'K01239',2.00,3.00),(49,'K01240',3.00,3.00),(49,'K01241',4.00,4.00),(49,'K01242',2.00,4.00),(49,'K01243',2.00,3.00),(49,'K01244',3.00,3.00),(49,'K01245',2.00,3.00),(49,'K01246',2.00,4.00),(49,'K01247',2.00,4.00),(49,'K01248',3.00,3.00),(49,'K01249',3.00,4.00),(49,'K01251',2.00,3.00),(49,'K01250',3.00,4.00),(49,'K01252',3.00,4.00),(49,'K01253',3.00,3.00),(49,'K01254',2.00,3.00),(49,'K01255',3.00,3.00),(49,'K01256',3.00,4.00),(49,'K01257',3.00,3.00),(49,'K01258',3.00,3.00),(49,'K01259',3.00,4.00),(49,'K01260',2.00,4.00),(49,'K01261',2.00,4.00),(49,'K01262',3.00,3.00),(49,'K01263',2.00,3.00),(49,'K01264',2.00,3.00),(49,'K01265',3.00,3.00),(49,'K01266',3.00,4.00),(49,'K01267',3.00,3.00),(49,'K01268',3.00,3.00),(49,'K01270',3.00,2.00),(49,'K01271',3.00,4.00),(49,'K01272',3.00,3.00),(49,'K01273',2.00,2.00),(49,'K01274',2.00,3.00),(49,'K01276',3.00,3.00),(49,'K01275',3.00,3.00),(49,'K01269',3.00,3.00),(49,'K01278',3.00,4.00),(49,'K01279',3.00,4.00),(49,'K01280',3.00,4.00),(49,'K01281',3.00,4.00),(49,'K01282',3.00,3.00),(49,'K01283',3.00,3.00),(49,'K01284',2.00,3.00),(49,'K01277',3.00,3.00),(49,'K01285',4.00,3.00),(49,'K01286',2.00,3.00),(49,'K01287',4.00,4.00),(49,'K01288',4.00,4.00),(50,'K01196',4.00,4.00),(50,'K01197',4.00,4.00),(50,'K01198',3.00,4.00),(50,'K01199',4.00,4.00),(50,'K01200',3.00,3.00),(50,'K01201',4.00,4.00),(50,'K01202',4.00,4.00),(50,'K01203',3.00,4.00),(50,'K01204',2.00,3.00),(50,'K01206',3.00,3.00),(50,'K01205',4.00,3.00),(50,'K01207',3.00,4.00),(50,'K01208',3.00,3.00),(50,'K01209',2.00,3.00),(50,'K01210',3.00,4.00),(50,'K01211',3.00,3.00),(50,'K01212',3.00,4.00),(50,'K01213',3.00,3.00),(50,'K01214',2.00,4.00),(50,'K01216',2.00,3.00),(50,'K01215',3.00,4.00),(50,'K01217',3.00,4.00),(50,'K01218',3.00,4.00),(50,'K01219',4.00,4.00),(50,'K01221',3.00,3.00),(50,'K01220',4.00,3.00),(50,'K01222',4.00,4.00),(50,'K01223',3.00,4.00),(50,'K01224',4.00,4.00),(50,'K01225',3.00,4.00),(50,'K01226',4.00,3.00),(50,'K01227',3.00,3.00),(50,'K01228',4.00,4.00),(50,'K01229',3.00,4.00),(50,'K01230',4.00,4.00),(50,'K01234',3.00,3.00),(50,'K01232',3.00,4.00),(50,'K01231',4.00,4.00),(50,'K01233',4.00,3.00),(50,'K01235',3.00,3.00),(50,'K01236',3.00,3.00),(50,'K01237',3.00,4.00),(50,'K01238',3.00,4.00),(50,'K01239',3.00,4.00),(50,'K01240',4.00,4.00),(50,'K01241',4.00,4.00),(50,'K01242',3.00,4.00),(50,'K01243',3.00,3.00),(50,'K01244',3.00,3.00),(50,'K01245',3.00,3.00),(50,'K01246',4.00,3.00),(50,'K01247',2.00,3.00),(50,'K01248',4.00,3.00),(50,'K01249',4.00,4.00),(50,'K01251',4.00,4.00),(50,'K01250',3.00,4.00),(50,'K01252',4.00,4.00),(50,'K01253',3.00,4.00),(50,'K01254',3.00,4.00),(50,'K01255',3.00,3.00),(50,'K01256',4.00,4.00),(50,'K01257',3.00,4.00),(50,'K01258',3.00,4.00),(50,'K01259',3.00,4.00),(50,'K01260',3.00,3.00),(50,'K01261',3.00,4.00),(50,'K01262',3.00,4.00),(50,'K01263',3.00,3.00),(50,'K01264',3.00,4.00),(50,'K01265',3.00,3.00),(50,'K01266',3.00,4.00),(50,'K01267',3.00,3.00),(50,'K01268',3.00,3.00),(50,'K01270',3.00,3.00),(50,'K01271',3.00,4.00),(50,'K01272',4.00,4.00),(50,'K01273',3.00,3.00),(50,'K01274',3.00,4.00),(50,'K01276',4.00,4.00),(50,'K01275',4.00,3.00),(50,'K01269',3.00,3.00),(50,'K01278',3.00,3.00),(50,'K01279',3.00,4.00),(50,'K01280',4.00,4.00),(50,'K01281',4.00,4.00),(50,'K01282',3.00,4.00),(50,'K01283',3.00,3.00),(50,'K01284',3.00,4.00),(50,'K01277',4.00,4.00),(50,'K01285',4.00,3.00),(50,'K01286',4.00,4.00),(50,'K01287',4.00,3.00),(50,'K01288',3.00,3.00),(51,'K01196',4.00,4.00),(51,'K01197',3.00,4.00),(51,'K01198',3.00,3.00),(51,'K01199',3.00,4.00),(51,'K01200',3.00,3.00),(51,'K01201',3.00,3.00),(51,'K01204',2.00,4.00),(51,'K01206',4.00,3.00),(51,'K01205',3.00,3.00),(51,'K01207',3.00,3.00),(51,'K01212',3.00,4.00),(51,'K01213',3.00,4.00),(51,'K01214',3.00,3.00),(51,'K01217',3.00,4.00),(51,'K01218',3.00,3.00),(51,'K01219',3.00,4.00),(51,'K01221',3.00,3.00),(51,'K01220',3.00,3.00),(51,'K01222',3.00,3.00),(51,'K01223',3.00,4.00),(51,'K01224',3.00,4.00),(51,'K01228',3.00,4.00),(51,'K01229',3.00,3.00),(51,'K01230',3.00,3.00),(51,'K01234',4.00,3.00),(51,'K01235',3.00,4.00),(51,'K01236',3.00,3.00),(51,'K01237',3.00,4.00),(51,'K01238',3.00,4.00),(51,'K01239',3.00,3.00),(51,'K01240',3.00,3.00),(51,'K01242',3.00,4.00),(51,'K01243',3.00,3.00),(51,'K01244',3.00,4.00),(51,'K01248',3.00,3.00),(51,'K01249',3.00,4.00),(51,'K01251',3.00,4.00),(51,'K01250',3.00,4.00),(51,'K01252',3.00,4.00),(51,'K01253',4.00,4.00),(51,'K01254',3.00,4.00),(51,'K01255',3.00,3.00),(51,'K01262',3.00,3.00),(51,'K01263',3.00,3.00),(51,'K01264',3.00,3.00),(51,'K01265',3.00,4.00),(51,'K01267',3.00,3.00),(51,'K01268',3.00,3.00),(51,'K01270',3.00,3.00),(51,'K01271',3.00,4.00),(51,'K01272',3.00,4.00),(51,'K01278',2.00,3.00),(51,'K01279',3.00,3.00),(51,'K01280',4.00,4.00),(51,'K01281',3.00,4.00),(51,'K01282',3.00,3.00),(52,'K01196',3.00,4.00),(52,'K01197',3.00,4.00),(52,'K01198',3.00,4.00),(52,'K01199',3.00,4.00),(52,'K01200',3.00,3.00),(52,'K01201',3.00,4.00),(52,'K01202',3.00,4.00),(52,'K01203',3.00,4.00),(52,'K01204',4.00,4.00),(52,'K01206',3.00,3.00),(52,'K01205',3.00,4.00),(52,'K01207',3.00,4.00),(52,'K01208',3.00,4.00),(52,'K01209',3.00,4.00),(52,'K01210',3.00,4.00),(52,'K01211',3.00,3.00),(52,'K01212',3.00,3.00),(52,'K01213',4.00,4.00),(52,'K01214',3.00,4.00),(52,'K01216',3.00,4.00),(52,'K01215',3.00,4.00),(52,'K01217',3.00,4.00),(52,'K01218',3.00,4.00),(52,'K01219',3.00,4.00),(52,'K01221',3.00,3.00),(52,'K01220',3.00,4.00),(52,'K01222',3.00,4.00),(52,'K01223',3.00,4.00),(52,'K01224',4.00,4.00),(52,'K01225',3.00,4.00),(52,'K01226',3.00,3.00),(52,'K01227',3.00,4.00),(52,'K01228',3.00,4.00),(52,'K01229',3.00,4.00),(52,'K01230',3.00,4.00),(52,'K01234',3.00,3.00),(52,'K01232',3.00,4.00),(52,'K01231',3.00,4.00),(52,'K01233',3.00,3.00),(52,'K01235',3.00,4.00),(52,'K01236',3.00,4.00),(52,'K01237',4.00,4.00),(52,'K01238',3.00,4.00),(52,'K01239',3.00,4.00),(52,'K01240',3.00,4.00),(52,'K01241',3.00,4.00),(52,'K01242',3.00,4.00),(52,'K01243',3.00,3.00),(52,'K01244',3.00,4.00),(52,'K01245',3.00,4.00),(52,'K01246',3.00,3.00),(52,'K01247',3.00,3.00),(52,'K01248',4.00,4.00),(52,'K01249',4.00,4.00),(52,'K01251',4.00,4.00),(52,'K01250',4.00,4.00),(52,'K01252',3.00,4.00),(52,'K01253',3.00,3.00),(52,'K01254',3.00,4.00),(52,'K01255',4.00,4.00),(52,'K01256',3.00,4.00),(52,'K01257',3.00,4.00),(52,'K01258',3.00,4.00),(52,'K01259',3.00,4.00),(52,'K01260',3.00,3.00),(52,'K01261',3.00,4.00),(52,'K01262',3.00,3.00),(52,'K01263',3.00,3.00),(52,'K01264',3.00,3.00),(52,'K01265',3.00,4.00),(52,'K01266',3.00,4.00),(52,'K01267',3.00,3.00),(52,'K01268',3.00,3.00),(52,'K01270',3.00,3.00),(52,'K01271',3.00,4.00),(52,'K01272',3.00,4.00),(52,'K01273',3.00,4.00),(52,'K01274',3.00,4.00),(52,'K01276',3.00,4.00),(52,'K01275',3.00,4.00),(52,'K01269',3.00,4.00),(52,'K01278',3.00,4.00),(52,'K01279',3.00,4.00),(52,'K01280',3.00,4.00),(52,'K01281',3.00,4.00),(52,'K01282',3.00,4.00),(52,'K01283',3.00,4.00),(52,'K01284',3.00,4.00),(52,'K01277',3.00,4.00),(52,'K01285',3.00,4.00),(52,'K01286',3.00,4.00),(52,'K01287',3.00,4.00),(52,'K01288',3.00,4.00),(53,'K01196',3.00,4.00),(53,'K01197',3.00,4.00),(53,'K01198',3.00,4.00),(53,'K01199',3.00,4.00),(53,'K01200',4.00,4.00),(53,'K01201',3.00,4.00),(53,'K01202',3.00,4.00),(53,'K01203',3.00,4.00),(53,'K01204',3.00,4.00),(53,'K01206',4.00,4.00),(53,'K01205',3.00,4.00),(53,'K01207',3.00,4.00),(53,'K01208',3.00,4.00),(53,'K01209',2.00,4.00),(53,'K01210',3.00,4.00),(53,'K01211',2.00,3.00),(53,'K01212',4.00,4.00),(53,'K01213',3.00,4.00),(53,'K01214',4.00,4.00),(53,'K01216',3.00,4.00),(53,'K01215',3.00,4.00),(53,'K01217',3.00,4.00),(53,'K01218',3.00,4.00),(53,'K01219',3.00,4.00),(53,'K01221',3.00,4.00),(53,'K01220',3.00,4.00),(53,'K01222',3.00,4.00),(53,'K01223',4.00,4.00),(53,'K01224',3.00,4.00),(53,'K01225',3.00,4.00),(53,'K01226',3.00,4.00),(53,'K01227',3.00,4.00),(53,'K01228',3.00,4.00),(53,'K01229',4.00,4.00),(53,'K01230',3.00,4.00),(53,'K01234',3.00,3.00),(53,'K01232',3.00,4.00),(53,'K01231',3.00,4.00),(53,'K01233',3.00,4.00),(53,'K01235',3.00,4.00),(53,'K01236',3.00,4.00),(53,'K01237',3.00,4.00),(53,'K01238',3.00,4.00),(53,'K01239',3.00,4.00),(53,'K01240',3.00,4.00),(53,'K01241',3.00,4.00),(53,'K01242',3.00,4.00),(53,'K01243',2.00,3.00),(53,'K01244',3.00,4.00),(53,'K01245',3.00,3.00),(53,'K01246',3.00,3.00),(53,'K01247',3.00,4.00),(53,'K01248',4.00,4.00),(53,'K01249',3.00,4.00),(53,'K01251',3.00,4.00),(53,'K01250',3.00,4.00),(53,'K01252',3.00,4.00),(53,'K01253',3.00,4.00),(53,'K01254',3.00,3.00),(53,'K01255',3.00,4.00),(53,'K01256',3.00,4.00),(53,'K01257',3.00,4.00),(53,'K01258',3.00,4.00),(53,'K01259',3.00,4.00),(53,'K01260',3.00,3.00),(53,'K01261',3.00,4.00),(53,'K01262',3.00,4.00),(53,'K01263',3.00,4.00),(53,'K01264',3.00,4.00),(53,'K01265',4.00,4.00),(53,'K01266',3.00,4.00),(53,'K01267',3.00,3.00),(53,'K01268',3.00,3.00),(53,'K01270',3.00,3.00),(53,'K01271',3.00,4.00),(53,'K01272',3.00,4.00),(53,'K01273',3.00,3.00),(53,'K01274',3.00,3.00),(53,'K01276',3.00,4.00),(53,'K01275',3.00,4.00),(53,'K01269',3.00,4.00),(53,'K01278',3.00,4.00),(53,'K01279',3.00,4.00),(53,'K01280',3.00,4.00),(53,'K01281',3.00,4.00),(53,'K01282',3.00,4.00),(53,'K01283',3.00,4.00),(53,'K01284',3.00,4.00),(53,'K01277',3.00,4.00),(53,'K01285',3.00,4.00),(53,'K01286',3.00,4.00),(53,'K01287',3.00,4.00),(53,'K01288',3.00,4.00),(54,'K01196',3.00,4.00),(54,'K01197',3.00,4.00),(54,'K01198',3.00,4.00),(54,'K01199',3.00,4.00),(54,'K01200',3.00,4.00),(54,'K01201',4.00,4.00),(54,'K01202',3.00,4.00),(54,'K01203',4.00,4.00),(54,'K01204',3.00,4.00),(54,'K01206',4.00,4.00),(54,'K01205',3.00,4.00),(54,'K01207',3.00,4.00),(54,'K01208',3.00,4.00),(54,'K01209',3.00,4.00),(54,'K01210',3.00,4.00),(54,'K01211',3.00,3.00),(54,'K01212',3.00,4.00),(54,'K01213',3.00,4.00),(54,'K01214',2.00,4.00),(54,'K01216',4.00,4.00),(54,'K01215',4.00,4.00),(54,'K01217',2.00,3.00),(54,'K01218',3.00,4.00),(54,'K01219',2.00,4.00),(54,'K01221',3.00,4.00),(54,'K01220',3.00,4.00),(54,'K01222',2.00,4.00),(54,'K01223',2.00,2.00),(54,'K01224',2.00,3.00),(54,'K01225',3.00,4.00),(54,'K01226',3.00,4.00),(54,'K01227',3.00,4.00),(54,'K01228',3.00,4.00),(54,'K01229',4.00,4.00),(54,'K01230',3.00,4.00),(54,'K01234',4.00,4.00),(54,'K01232',3.00,4.00),(54,'K01231',3.00,3.00),(54,'K01233',3.00,4.00),(54,'K01235',3.00,4.00),(54,'K01236',3.00,4.00),(54,'K01237',3.00,4.00),(54,'K01238',3.00,4.00),(54,'K01239',3.00,4.00),(54,'K01240',3.00,4.00),(54,'K01241',3.00,4.00),(54,'K01242',3.00,4.00),(54,'K01243',2.00,3.00),(54,'K01244',3.00,3.00),(54,'K01245',3.00,3.00),(54,'K01246',3.00,3.00),(54,'K01247',3.00,4.00),(54,'K01248',3.00,4.00),(54,'K01249',4.00,4.00),(54,'K01251',4.00,4.00),(54,'K01250',4.00,4.00),(54,'K01252',3.00,4.00),(54,'K01253',3.00,3.00),(54,'K01254',3.00,4.00),(54,'K01255',3.00,4.00),(54,'K01256',4.00,4.00),(54,'K01257',4.00,4.00),(54,'K01258',3.00,4.00),(54,'K01259',3.00,4.00),(54,'K01260',3.00,4.00),(54,'K01261',3.00,4.00),(54,'K01262',3.00,4.00),(54,'K01263',2.00,3.00),(54,'K01264',2.00,3.00),(54,'K01265',3.00,4.00),(54,'K01266',3.00,4.00),(54,'K01267',3.00,4.00),(54,'K01268',3.00,4.00),(54,'K01270',3.00,4.00),(54,'K01271',3.00,4.00),(54,'K01272',3.00,4.00),(54,'K01273',3.00,4.00),(54,'K01274',3.00,4.00),(54,'K01276',3.00,4.00),(54,'K01275',3.00,4.00),(54,'K01269',3.00,4.00),(54,'K01278',3.00,4.00),(54,'K01279',2.00,4.00),(54,'K01280',3.00,4.00),(54,'K01281',3.00,3.00),(54,'K01282',3.00,3.00),(54,'K01283',2.00,3.00),(54,'K01284',3.00,4.00),(54,'K01277',3.00,3.00),(54,'K01285',3.00,3.00),(54,'K01286',3.00,4.00),(54,'K01287',3.00,3.00),(54,'K01288',3.00,4.00),(56,'K01196',3.00,4.00),(56,'K01197',4.00,4.00),(56,'K01198',3.00,4.00),(56,'K01199',4.00,4.00),(56,'K01200',3.00,4.00),(56,'K01201',3.00,4.00),(56,'K01202',3.00,4.00),(56,'K01203',4.00,4.00),(56,'K01204',4.00,4.00),(56,'K01206',3.00,4.00),(56,'K01205',3.00,4.00),(56,'K01207',2.00,4.00),(56,'K01208',2.00,4.00),(56,'K01209',2.00,4.00),(56,'K01210',3.00,4.00),(56,'K01211',2.00,4.00),(56,'K01212',3.00,4.00),(56,'K01213',4.00,4.00),(56,'K01214',3.00,4.00),(56,'K01216',3.00,4.00),(56,'K01215',1.00,1.00),(56,'K01217',3.00,4.00),(56,'K01218',3.00,4.00),(56,'K01219',3.00,4.00),(56,'K01221',3.00,4.00),(56,'K01220',4.00,4.00),(56,'K01222',3.00,4.00),(56,'K01223',3.00,4.00),(56,'K01224',4.00,4.00),(56,'K01225',4.00,4.00),(56,'K01226',3.00,4.00),(56,'K01227',4.00,4.00),(56,'K01228',3.00,4.00),(56,'K01229',4.00,4.00),(56,'K01230',3.00,4.00),(56,'K01234',3.00,4.00),(56,'K01232',4.00,4.00),(56,'K01231',4.00,4.00),(56,'K01233',3.00,4.00),(56,'K01235',3.00,4.00),(56,'K01236',3.00,4.00),(56,'K01237',3.00,4.00),(56,'K01238',3.00,4.00),(56,'K01239',3.00,4.00),(56,'K01240',3.00,4.00),(56,'K01241',3.00,4.00),(56,'K01242',1.00,1.00),(56,'K01243',1.00,1.00),(56,'K01244',1.00,1.00),(56,'K01245',1.00,1.00),(56,'K01246',1.00,1.00),(56,'K01247',1.00,1.00),(56,'K01248',4.00,4.00),(56,'K01249',3.00,4.00),(56,'K01251',3.00,4.00),(56,'K01250',4.00,4.00),(56,'K01252',3.00,4.00),(56,'K01253',3.00,4.00),(56,'K01254',3.00,4.00),(56,'K01255',4.00,4.00),(56,'K01256',4.00,4.00),(56,'K01257',4.00,4.00),(56,'K01258',4.00,4.00),(56,'K01259',3.00,4.00),(56,'K01260',3.00,4.00),(56,'K01261',3.00,4.00),(56,'K01262',3.00,4.00),(56,'K01263',3.00,4.00),(56,'K01264',3.00,4.00),(56,'K01265',3.00,4.00),(56,'K01266',3.00,4.00),(56,'K01267',3.00,4.00),(56,'K01268',4.00,4.00),(56,'K01270',2.00,4.00),(56,'K01271',3.00,4.00),(56,'K01272',4.00,4.00),(56,'K01273',1.00,1.00),(56,'K01274',3.00,4.00),(56,'K01276',1.00,4.00),(56,'K01275',1.00,1.00),(56,'K01269',3.00,4.00),(56,'K01278',3.00,4.00),(56,'K01279',3.00,4.00),(56,'K01280',4.00,4.00),(56,'K01281',4.00,4.00),(56,'K01282',3.00,4.00),(56,'K01283',4.00,4.00),(56,'K01284',4.00,4.00),(56,'K01277',1.00,1.00),(56,'K01285',4.00,4.00),(56,'K01286',3.00,4.00),(56,'K01287',2.00,4.00),(56,'K01288',4.00,4.00),(57,'K01196',4.00,4.00),(57,'K01197',4.00,4.00),(57,'K01198',3.00,4.00),(57,'K01199',4.00,4.00),(57,'K01200',3.00,4.00),(57,'K01201',4.00,4.00),(57,'K01202',4.00,4.00),(57,'K01203',4.00,4.00),(57,'K01204',4.00,4.00),(57,'K01206',4.00,4.00),(57,'K01205',3.00,4.00),(57,'K01207',3.00,4.00),(57,'K01208',2.00,4.00),(57,'K01209',2.00,4.00),(57,'K01210',3.00,4.00),(57,'K01211',4.00,4.00),(57,'K01212',3.00,4.00),(57,'K01213',4.00,4.00),(57,'K01214',3.00,4.00),(57,'K01216',3.00,4.00),(57,'K01215',1.00,1.00),(57,'K01217',4.00,4.00),(57,'K01218',4.00,4.00),(57,'K01219',3.00,4.00),(57,'K01221',4.00,4.00),(57,'K01220',4.00,4.00),(57,'K01222',3.00,4.00),(57,'K01223',3.00,4.00),(57,'K01224',4.00,4.00),(57,'K01225',3.00,4.00),(57,'K01226',3.00,4.00),(57,'K01227',4.00,4.00),(57,'K01228',3.00,4.00),(57,'K01229',4.00,4.00),(57,'K01230',4.00,4.00),(57,'K01234',4.00,4.00),(57,'K01232',4.00,4.00),(57,'K01231',4.00,4.00),(57,'K01233',4.00,4.00),(57,'K01235',4.00,4.00),(57,'K01236',3.00,4.00),(57,'K01237',3.00,4.00),(57,'K01238',4.00,4.00),(57,'K01239',4.00,4.00),(57,'K01240',3.00,4.00),(57,'K01241',3.00,4.00),(57,'K01242',1.00,1.00),(57,'K01243',1.00,1.00),(57,'K01244',1.00,1.00),(57,'K01245',1.00,1.00),(57,'K01246',3.00,4.00),(57,'K01247',1.00,4.00),(57,'K01248',4.00,4.00),(57,'K01249',4.00,4.00),(57,'K01251',4.00,4.00),(57,'K01250',4.00,4.00),(57,'K01252',4.00,4.00),(57,'K01253',3.00,4.00),(57,'K01254',1.00,1.00),(57,'K01255',3.00,4.00),(57,'K01256',4.00,4.00),(57,'K01257',4.00,4.00),(57,'K01258',4.00,4.00),(57,'K01259',4.00,4.00),(57,'K01260',3.00,4.00),(57,'K01261',4.00,4.00),(57,'K01262',4.00,4.00),(57,'K01263',3.00,4.00),(57,'K01264',4.00,4.00),(57,'K01265',3.00,4.00),(57,'K01266',4.00,4.00),(57,'K01267',3.00,4.00),(57,'K01268',4.00,4.00),(57,'K01270',1.00,1.00),(57,'K01271',4.00,4.00),(57,'K01272',4.00,4.00),(57,'K01273',1.00,4.00),(57,'K01274',3.00,4.00),(57,'K01276',1.00,1.00),(57,'K01275',1.00,1.00),(57,'K01269',4.00,4.00),(57,'K01278',3.00,4.00),(57,'K01279',3.00,4.00),(57,'K01280',3.00,4.00),(57,'K01281',4.00,4.00),(57,'K01282',3.00,4.00),(57,'K01283',4.00,4.00),(57,'K01284',4.00,4.00),(57,'K01277',1.00,1.00),(57,'K01285',4.00,4.00),(57,'K01286',4.00,4.00),(57,'K01287',3.00,4.00),(57,'K01288',4.00,4.00),(58,'K01196',4.00,4.00),(58,'K01197',4.00,3.00),(58,'K01198',3.00,3.00),(58,'K01199',3.00,3.00),(58,'K01200',4.00,4.00),(58,'K01201',3.00,3.00),(58,'K01202',2.00,3.00),(58,'K01203',3.00,3.00),(58,'K01204',4.00,4.00),(58,'K01206',3.00,3.00),(58,'K01205',4.00,4.00),(58,'K01207',3.00,3.00),(58,'K01208',4.00,3.00),(58,'K01209',2.00,3.00),(58,'K01210',4.00,4.00),(58,'K01211',2.00,3.00),(58,'K01212',4.00,4.00),(58,'K01213',4.00,4.00),(58,'K01214',2.00,3.00),(58,'K01216',2.00,3.00),(58,'K01215',4.00,3.00),(58,'K01217',4.00,4.00),(58,'K01218',3.00,3.00),(58,'K01219',3.00,3.00),(58,'K01221',3.00,3.00),(58,'K01220',3.00,3.00),(58,'K01222',3.00,3.00),(58,'K01223',3.00,3.00),(58,'K01224',3.00,4.00),(58,'K01225',4.00,4.00),(58,'K01226',3.00,3.00),(58,'K01227',3.00,3.00),(58,'K01228',4.00,4.00),(58,'K01229',3.00,4.00),(58,'K01230',3.00,4.00),(58,'K01234',3.00,3.00),(58,'K01232',3.00,3.00),(58,'K01231',3.00,3.00),(58,'K01233',3.00,3.00),(58,'K01235',3.00,3.00),(58,'K01236',3.00,3.00),(58,'K01237',3.00,3.00),(58,'K01238',3.00,3.00),(58,'K01239',3.00,3.00),(58,'K01240',4.00,4.00),(58,'K01241',4.00,3.00),(58,'K01242',2.00,4.00),(58,'K01243',3.00,3.00),(58,'K01244',3.00,3.00),(58,'K01245',3.00,3.00),(58,'K01246',3.00,3.00),(58,'K01247',3.00,3.00),(58,'K01248',3.00,3.00),(58,'K01249',3.00,4.00),(58,'K01251',3.00,4.00),(58,'K01250',3.00,4.00),(58,'K01252',3.00,3.00),(58,'K01253',3.00,3.00),(58,'K01254',3.00,3.00),(58,'K01255',4.00,3.00),(58,'K01256',3.00,4.00),(58,'K01257',3.00,4.00),(58,'K01258',3.00,3.00),(58,'K01259',3.00,4.00),(58,'K01260',4.00,4.00),(58,'K01261',3.00,4.00),(58,'K01262',3.00,3.00),(58,'K01263',3.00,3.00),(58,'K01264',4.00,3.00),(58,'K01265',2.00,3.00),(58,'K01266',3.00,3.00),(58,'K01267',2.00,3.00),(58,'K01268',2.00,2.00),(58,'K01270',3.00,3.00),(58,'K01271',4.00,4.00),(58,'K01272',4.00,3.00),(58,'K01273',3.00,3.00),(58,'K01274',3.00,3.00),(58,'K01276',4.00,3.00),(58,'K01275',3.00,3.00),(58,'K01269',4.00,3.00),(58,'K01278',3.00,3.00),(58,'K01279',3.00,3.00),(58,'K01280',4.00,3.00),(58,'K01281',4.00,4.00),(58,'K01282',3.00,3.00),(58,'K01283',3.00,3.00),(58,'K01284',2.00,4.00),(58,'K01277',3.00,4.00),(58,'K01285',3.00,4.00),(58,'K01286',4.00,3.00),(58,'K01287',3.00,3.00),(58,'K01288',4.00,3.00),(59,'K01196',4.00,4.00),(59,'K01197',2.00,4.00),(59,'K01198',2.00,3.00),(59,'K01199',3.00,3.00),(59,'K01200',3.00,3.00),(59,'K01201',1.00,3.00),(59,'K01202',1.00,3.00),(59,'K01203',3.00,3.00),(59,'K01204',3.00,3.00),(59,'K01206',3.00,3.00),(59,'K01205',2.00,4.00),(59,'K01207',1.00,3.00),(59,'K01208',2.00,3.00),(59,'K01209',1.00,3.00),(59,'K01210',1.00,3.00),(59,'K01211',1.00,3.00),(59,'K01212',3.00,4.00),(59,'K01213',4.00,3.00),(59,'K01214',1.00,3.00),(59,'K01216',3.00,3.00),(59,'K01215',3.00,3.00),(59,'K01217',2.00,4.00),(59,'K01218',2.00,3.00),(59,'K01219',2.00,3.00),(59,'K01221',1.00,3.00),(59,'K01220',3.00,3.00),(59,'K01222',2.00,3.00),(59,'K01223',2.00,3.00),(59,'K01224',2.00,3.00),(59,'K01225',2.00,3.00),(59,'K01226',3.00,3.00),(59,'K01227',3.00,3.00),(59,'K01228',3.00,4.00),(59,'K01229',2.00,4.00),(59,'K01230',1.00,4.00),(59,'K01234',1.00,3.00),(59,'K01232',2.00,3.00),(59,'K01231',3.00,3.00),(59,'K01233',2.00,3.00),(59,'K01235',1.00,3.00),(59,'K01236',1.00,3.00),(59,'K01237',3.00,3.00),(59,'K01238',2.00,3.00),(59,'K01239',1.00,3.00),(59,'K01240',4.00,4.00),(59,'K01241',3.00,3.00),(59,'K01242',1.00,3.00),(59,'K01243',1.00,3.00),(59,'K01244',1.00,3.00),(59,'K01245',3.00,4.00),(59,'K01246',1.00,3.00),(59,'K01247',2.00,3.00),(59,'K01248',1.00,3.00),(59,'K01249',2.00,3.00),(59,'K01251',3.00,4.00),(59,'K01250',3.00,4.00),(59,'K01252',3.00,3.00),(59,'K01253',1.00,4.00),(59,'K01254',1.00,3.00),(59,'K01255',2.00,3.00),(59,'K01256',1.00,4.00),(59,'K01257',3.00,4.00),(59,'K01258',3.00,4.00),(59,'K01259',2.00,3.00),(59,'K01260',1.00,4.00),(59,'K01261',3.00,4.00),(59,'K01262',1.00,3.00),(59,'K01263',3.00,3.00),(59,'K01264',2.00,3.00),(59,'K01265',3.00,4.00),(59,'K01266',1.00,4.00),(59,'K01267',1.00,3.00),(59,'K01268',1.00,3.00),(59,'K01270',1.00,3.00),(59,'K01271',1.00,4.00),(59,'K01272',3.00,4.00),(59,'K01273',1.00,3.00),(59,'K01274',1.00,3.00),(59,'K01276',1.00,3.00),(59,'K01275',1.00,3.00),(59,'K01269',1.00,3.00),(59,'K01278',1.00,3.00),(59,'K01279',4.00,3.00),(59,'K01280',2.00,3.00),(59,'K01281',3.00,4.00),(59,'K01282',1.00,3.00),(59,'K01283',3.00,3.00),(59,'K01284',3.00,3.00),(59,'K01277',1.00,3.00),(59,'K01285',3.00,3.00),(59,'K01286',1.00,3.00),(59,'K01287',3.00,3.00),(59,'K01288',3.00,3.00),(60,'K01196',3.00,3.00),(60,'K01197',3.00,3.00),(60,'K01198',3.00,4.00),(60,'K01199',3.00,3.00),(60,'K01200',3.00,3.00),(60,'K01201',3.00,3.00),(60,'K01202',2.00,3.00),(60,'K01203',3.00,3.00),(60,'K01204',3.00,3.00),(60,'K01206',3.00,3.00),(60,'K01205',3.00,3.00),(60,'K01207',1.00,3.00),(60,'K01208',2.00,3.00),(60,'K01209',2.00,3.00),(60,'K01210',3.00,3.00),(60,'K01211',1.00,3.00),(60,'K01212',2.00,3.00),(60,'K01213',4.00,4.00),(60,'K01214',1.00,3.00),(60,'K01216',3.00,3.00),(60,'K01215',2.00,3.00),(60,'K01217',3.00,3.00),(60,'K01218',2.00,3.00),(60,'K01219',2.00,3.00),(60,'K01221',3.00,3.00),(60,'K01220',3.00,3.00),(60,'K01222',3.00,3.00),(60,'K01223',2.00,3.00),(60,'K01224',2.00,4.00),(60,'K01225',2.00,3.00),(60,'K01226',1.00,3.00),(60,'K01227',3.00,3.00),(60,'K01228',2.00,3.00),(60,'K01229',3.00,3.00),(60,'K01230',3.00,3.00),(60,'K01234',2.00,2.00),(60,'K01232',3.00,3.00),(60,'K01231',3.00,3.00),(60,'K01233',3.00,3.00),(60,'K01235',1.00,3.00),(60,'K01236',3.00,3.00),(60,'K01237',3.00,3.00),(60,'K01238',2.00,3.00),(60,'K01239',1.00,3.00),(60,'K01240',3.00,4.00),(60,'K01241',3.00,3.00),(60,'K01242',3.00,3.00),(60,'K01243',1.00,3.00),(60,'K01244',1.00,3.00),(60,'K01245',3.00,3.00),(60,'K01246',1.00,3.00),(60,'K01247',3.00,3.00),(60,'K01248',1.00,3.00),(60,'K01249',2.00,4.00),(60,'K01251',2.00,4.00),(60,'K01250',3.00,4.00),(60,'K01252',1.00,3.00),(60,'K01253',1.00,3.00),(60,'K01254',1.00,3.00),(60,'K01255',2.00,4.00),(60,'K01256',1.00,3.00),(60,'K01257',1.00,3.00),(60,'K01258',3.00,3.00),(60,'K01259',3.00,3.00),(60,'K01260',3.00,4.00),(60,'K01261',1.00,4.00),(60,'K01262',3.00,3.00),(60,'K01263',3.00,3.00),(60,'K01264',1.00,3.00),(60,'K01265',1.00,3.00),(60,'K01266',2.00,3.00),(60,'K01267',1.00,3.00),(60,'K01268',3.00,3.00),(60,'K01270',1.00,3.00),(60,'K01271',3.00,4.00),(60,'K01272',3.00,3.00),(60,'K01273',1.00,3.00),(60,'K01274',1.00,3.00),(60,'K01276',3.00,3.00),(60,'K01275',1.00,3.00),(60,'K01269',3.00,3.00),(60,'K01278',1.00,3.00),(60,'K01279',3.00,3.00),(60,'K01280',2.00,3.00),(60,'K01281',3.00,4.00),(60,'K01282',1.00,3.00),(60,'K01283',3.00,3.00),(60,'K01284',4.00,3.00),(60,'K01277',3.00,3.00),(60,'K01285',3.00,3.00),(60,'K01286',3.00,3.00),(60,'K01287',1.00,3.00),(60,'K01288',3.00,3.00),(51,'K01202',3.00,3.00),(51,'K01203',3.00,4.00),(51,'K01208',3.00,3.00),(51,'K01209',3.00,3.00),(51,'K01210',3.00,3.00),(51,'K01211',3.00,3.00),(51,'K01216',3.00,3.00),(51,'K01215',3.00,4.00),(51,'K01225',4.00,4.00),(51,'K01226',3.00,3.00),(51,'K01227',3.00,3.00),(51,'K01232',3.00,4.00),(51,'K01231',3.00,3.00),(51,'K01233',4.00,4.00),(51,'K01241',3.00,3.00),(51,'K01245',3.00,4.00),(51,'K01246',3.00,3.00),(51,'K01247',3.00,4.00),(51,'K01256',3.00,4.00),(51,'K01257',3.00,4.00),(51,'K01258',4.00,4.00),(51,'K01259',4.00,4.00),(51,'K01260',3.00,4.00),(51,'K01261',3.00,4.00),(51,'K01266',4.00,4.00),(51,'K01273',3.00,3.00),(51,'K01274',3.00,3.00),(51,'K01276',4.00,4.00),(51,'K01275',3.00,3.00),(51,'K01269',3.00,3.00),(51,'K01283',3.00,3.00),(51,'K01284',4.00,4.00),(51,'K01277',3.00,3.00),(51,'K01285',4.00,4.00),(51,'K01286',3.00,4.00),(51,'K01287',4.00,4.00),(51,'K01288',3.00,4.00),(62,'K01196',3.00,4.00),(62,'K01197',3.00,4.00),(62,'K01198',3.00,3.00),(62,'K01199',3.00,4.00),(62,'K01200',3.00,3.00),(62,'K01201',3.00,4.00),(62,'K01202',3.00,3.00),(62,'K01203',3.00,4.00),(62,'K01204',3.00,3.00),(62,'K01206',3.00,3.00),(62,'K01205',4.00,4.00),(62,'K01207',3.00,3.00),(62,'K01208',3.00,3.00),(62,'K01209',3.00,3.00),(62,'K01210',3.00,4.00),(62,'K01211',3.00,3.00),(62,'K01212',3.00,4.00),(62,'K01213',4.00,4.00),(62,'K01214',3.00,3.00),(62,'K01216',3.00,4.00),(62,'K01215',3.00,4.00),(62,'K01217',3.00,4.00),(62,'K01218',4.00,4.00),(62,'K01219',4.00,4.00),(62,'K01221',3.00,3.00),(62,'K01220',3.00,4.00),(62,'K01222',3.00,3.00),(62,'K01223',3.00,4.00),(62,'K01224',3.00,4.00),(62,'K01225',3.00,3.00),(62,'K01226',3.00,3.00),(62,'K01227',3.00,4.00),(62,'K01228',4.00,4.00),(62,'K01229',3.00,3.00),(62,'K01230',4.00,3.00),(62,'K01234',4.00,3.00),(62,'K01232',3.00,4.00),(62,'K01231',3.00,3.00),(62,'K01233',3.00,4.00),(62,'K01235',3.00,4.00),(62,'K01236',3.00,3.00),(62,'K01237',3.00,4.00),(62,'K01238',4.00,4.00),(62,'K01239',3.00,3.00),(62,'K01240',3.00,3.00),(62,'K01241',3.00,3.00),(62,'K01242',4.00,4.00),(62,'K01243',4.00,4.00),(62,'K01244',3.00,4.00),(62,'K01245',4.00,4.00),(62,'K01246',3.00,4.00),(62,'K01247',4.00,4.00),(62,'K01248',3.00,4.00),(62,'K01249',4.00,4.00),(62,'K01251',4.00,4.00),(62,'K01250',4.00,4.00),(62,'K01252',4.00,4.00),(62,'K01253',3.00,3.00),(62,'K01254',4.00,4.00),(62,'K01255',3.00,4.00),(62,'K01256',3.00,4.00),(62,'K01257',3.00,4.00),(62,'K01258',3.00,4.00),(62,'K01259',3.00,4.00),(62,'K01260',3.00,4.00),(62,'K01261',3.00,4.00),(62,'K01262',4.00,4.00),(62,'K01263',4.00,3.00),(62,'K01264',4.00,4.00),(62,'K01265',3.00,4.00),(62,'K01266',3.00,4.00),(62,'K01267',3.00,4.00),(62,'K01268',3.00,3.00),(62,'K01270',3.00,3.00),(62,'K01271',3.00,4.00),(62,'K01272',3.00,4.00),(62,'K01273',3.00,3.00),(62,'K01274',3.00,3.00),(62,'K01276',4.00,4.00),(62,'K01275',3.00,4.00),(62,'K01269',3.00,3.00),(62,'K01278',3.00,3.00),(62,'K01279',3.00,4.00),(62,'K01280',4.00,4.00),(62,'K01281',3.00,4.00),(62,'K01282',3.00,4.00),(62,'K01283',3.00,3.00),(62,'K01284',3.00,4.00),(62,'K01277',3.00,3.00),(62,'K01285',4.00,4.00),(62,'K01286',3.00,4.00),(62,'K01287',3.00,4.00),(62,'K01288',3.00,4.00),(61,'K01196',4.00,4.00),(61,'K01197',4.00,4.00),(61,'K01198',4.00,4.00),(61,'K01199',4.00,3.00),(61,'K01200',3.00,3.00),(61,'K01201',1.00,1.00),(61,'K01202',3.00,3.00),(61,'K01203',4.00,4.00),(61,'K01204',4.00,3.00),(61,'K01206',1.00,1.00),(61,'K01205',4.00,4.00),(61,'K01207',1.00,1.00),(61,'K01208',1.00,1.00),(61,'K01209',1.00,1.00),(61,'K01210',3.00,3.00),(61,'K01211',1.00,1.00),(61,'K01212',4.00,4.00),(61,'K01213',4.00,4.00),(61,'K01214',1.00,1.00),(61,'K01216',4.00,3.00),(61,'K01215',4.00,4.00),(61,'K01217',4.00,4.00),(61,'K01218',4.00,4.00),(61,'K01219',4.00,4.00),(61,'K01221',3.00,4.00),(61,'K01220',4.00,4.00),(61,'K01222',4.00,4.00),(61,'K01223',4.00,4.00),(61,'K01224',4.00,4.00),(61,'K01225',4.00,4.00),(61,'K01226',4.00,4.00),(61,'K01227',4.00,4.00),(61,'K01228',4.00,4.00),(61,'K01229',3.00,4.00),(61,'K01230',3.00,4.00),(61,'K01234',3.00,3.00),(61,'K01232',3.00,3.00),(61,'K01231',3.00,3.00),(61,'K01233',3.00,3.00),(61,'K01235',3.00,4.00),(61,'K01236',3.00,3.00),(61,'K01237',3.00,3.00),(61,'K01238',3.00,3.00),(61,'K01239',1.00,1.00),(61,'K01240',4.00,4.00),(61,'K01241',4.00,4.00),(61,'K01242',1.00,1.00),(61,'K01243',1.00,3.00),(61,'K01244',3.00,3.00),(61,'K01245',3.00,3.00),(61,'K01246',4.00,4.00),(61,'K01247',1.00,1.00),(61,'K01248',1.00,3.00),(61,'K01249',3.00,4.00),(61,'K01251',4.00,4.00),(61,'K01250',4.00,4.00),(61,'K01252',4.00,3.00),(61,'K01253',1.00,1.00),(61,'K01254',4.00,3.00),(61,'K01255',3.00,4.00),(61,'K01256',4.00,4.00),(61,'K01257',4.00,4.00),(61,'K01258',4.00,3.00),(61,'K01259',4.00,4.00),(61,'K01260',1.00,3.00),(61,'K01261',4.00,4.00),(61,'K01262',3.00,4.00),(61,'K01263',4.00,3.00),(61,'K01264',3.00,3.00),(61,'K01265',4.00,4.00),(61,'K01266',4.00,4.00),(61,'K01267',3.00,4.00),(61,'K01268',1.00,1.00),(61,'K01270',1.00,1.00),(61,'K01271',3.00,3.00),(61,'K01272',3.00,4.00),(61,'K01273',3.00,4.00),(61,'K01274',3.00,3.00),(61,'K01276',1.00,1.00),(61,'K01275',3.00,3.00),(61,'K01269',4.00,3.00),(61,'K01278',3.00,4.00),(61,'K01279',4.00,4.00),(61,'K01280',4.00,3.00),(61,'K01281',4.00,4.00),(61,'K01282',4.00,3.00),(61,'K01283',4.00,4.00),(61,'K01284',4.00,4.00),(61,'K01277',1.00,1.00),(61,'K01285',4.00,4.00),(61,'K01286',4.00,4.00),(61,'K01287',4.00,4.00),(61,'K01288',4.00,4.00),(63,'K01196',4.00,4.00),(63,'K01197',4.00,4.00),(63,'K01198',3.00,4.00),(63,'K01199',3.00,3.00),(63,'K01200',3.00,4.00),(63,'K01201',4.00,4.00),(63,'K01202',4.00,4.00),(63,'K01203',4.00,4.00),(63,'K01204',3.00,3.00),(63,'K01206',3.00,3.00),(63,'K01205',3.00,4.00),(63,'K01207',4.00,4.00),(63,'K01208',4.00,4.00),(63,'K01209',1.00,4.00),(63,'K01210',4.00,4.00),(63,'K01211',3.00,4.00),(63,'K01212',4.00,3.00),(63,'K01213',4.00,4.00),(63,'K01214',3.00,4.00),(63,'K01216',4.00,4.00),(63,'K01215',4.00,4.00),(63,'K01217',4.00,3.00),(63,'K01218',3.00,3.00),(63,'K01219',3.00,4.00),(63,'K01221',3.00,4.00),(63,'K01220',4.00,3.00),(63,'K01222',3.00,4.00),(63,'K01223',3.00,4.00),(63,'K01224',4.00,4.00),(63,'K01225',3.00,4.00),(63,'K01226',3.00,4.00),(63,'K01227',4.00,4.00),(63,'K01228',4.00,3.00),(63,'K01229',4.00,4.00),(63,'K01230',4.00,4.00),(63,'K01234',4.00,4.00),(63,'K01232',4.00,4.00),(63,'K01231',4.00,4.00),(63,'K01233',4.00,4.00),(63,'K01235',3.00,3.00),(63,'K01236',3.00,4.00),(63,'K01237',4.00,4.00),(63,'K01238',4.00,4.00),(63,'K01239',4.00,4.00),(63,'K01240',4.00,4.00),(63,'K01241',3.00,4.00),(63,'K01242',3.00,4.00),(63,'K01243',4.00,4.00),(63,'K01244',4.00,4.00),(63,'K01245',3.00,4.00),(63,'K01246',4.00,4.00),(63,'K01247',4.00,4.00),(63,'K01248',4.00,4.00),(63,'K01249',3.00,3.00),(63,'K01251',3.00,4.00),(63,'K01250',3.00,4.00),(63,'K01252',4.00,4.00),(63,'K01253',4.00,4.00),(63,'K01254',4.00,4.00),(63,'K01255',4.00,4.00),(63,'K01256',4.00,4.00),(63,'K01257',3.00,4.00),(63,'K01258',3.00,4.00),(63,'K01259',4.00,4.00),(63,'K01260',4.00,4.00),(63,'K01261',3.00,4.00),(63,'K01262',3.00,4.00),(63,'K01263',3.00,4.00),(63,'K01264',3.00,4.00),(63,'K01265',3.00,4.00),(63,'K01266',3.00,4.00),(63,'K01267',2.00,4.00),(63,'K01268',4.00,4.00),(63,'K01270',1.00,4.00),(63,'K01271',4.00,4.00),(63,'K01272',4.00,4.00),(63,'K01273',3.00,4.00),(63,'K01274',4.00,4.00),(63,'K01276',1.00,4.00),(63,'K01275',2.00,4.00),(63,'K01269',4.00,4.00),(63,'K01278',3.00,3.00),(63,'K01279',4.00,4.00),(63,'K01280',3.00,4.00),(63,'K01281',4.00,4.00),(63,'K01282',4.00,4.00),(63,'K01283',3.00,4.00),(63,'K01284',3.00,4.00),(63,'K01277',4.00,4.00),(63,'K01285',4.00,4.00),(63,'K01286',3.00,4.00),(63,'K01287',4.00,4.00),(63,'K01288',3.00,4.00),(64,'K01196',2.00,4.00),(64,'K01197',2.00,4.00),(64,'K01198',4.00,4.00),(64,'K01199',4.00,4.00),(64,'K01200',3.00,4.00),(64,'K01201',1.00,4.00),(64,'K01202',4.00,4.00),(64,'K01203',4.00,4.00),(64,'K01204',3.00,4.00),(64,'K01206',3.00,4.00),(64,'K01205',4.00,4.00),(64,'K01207',4.00,4.00),(64,'K01208',4.00,4.00),(64,'K01209',4.00,4.00),(64,'K01210',4.00,4.00),(64,'K01211',1.00,4.00),(64,'K01212',2.00,4.00),(64,'K01213',4.00,4.00),(64,'K01214',2.00,4.00),(64,'K01216',4.00,4.00),(64,'K01215',4.00,4.00),(64,'K01217',2.00,4.00),(64,'K01218',2.00,4.00),(64,'K01219',2.00,4.00),(64,'K01221',4.00,4.00),(64,'K01220',3.00,4.00),(64,'K01222',2.00,4.00),(64,'K01223',2.00,4.00),(64,'K01224',2.00,4.00),(64,'K01225',2.00,4.00),(64,'K01226',1.00,4.00),(64,'K01227',2.00,4.00),(64,'K01228',2.00,4.00),(64,'K01229',4.00,4.00),(64,'K01230',3.00,4.00),(64,'K01234',4.00,4.00),(64,'K01232',4.00,4.00),(64,'K01231',4.00,4.00),(64,'K01233',3.00,4.00),(64,'K01235',4.00,4.00),(64,'K01236',3.00,4.00),(64,'K01237',4.00,4.00),(64,'K01238',2.00,4.00),(64,'K01239',3.00,4.00),(64,'K01240',3.00,4.00),(64,'K01241',2.00,4.00),(64,'K01242',4.00,4.00),(64,'K01243',4.00,4.00),(64,'K01244',4.00,4.00),(64,'K01245',4.00,4.00),(64,'K01246',3.00,4.00),(64,'K01247',4.00,4.00),(64,'K01248',3.00,4.00),(64,'K01249',2.00,4.00),(64,'K01251',3.00,4.00),(64,'K01250',3.00,4.00),(64,'K01252',3.00,4.00),(64,'K01253',4.00,4.00),(64,'K01254',2.00,4.00),(64,'K01255',2.00,4.00),(64,'K01256',4.00,4.00),(64,'K01257',3.00,4.00),(64,'K01258',4.00,4.00),(64,'K01259',2.00,4.00),(64,'K01260',2.00,4.00),(64,'K01261',4.00,4.00),(64,'K01262',4.00,4.00),(64,'K01263',4.00,4.00),(64,'K01264',2.00,4.00),(64,'K01265',2.00,4.00),(64,'K01266',2.00,4.00),(64,'K01267',3.00,4.00),(64,'K01268',4.00,4.00),(64,'K01270',4.00,4.00),(64,'K01271',3.00,4.00),(64,'K01272',4.00,4.00),(64,'K01273',1.00,4.00),(64,'K01274',4.00,4.00),(64,'K01276',2.00,4.00),(64,'K01275',1.00,4.00),(64,'K01269',3.00,4.00),(64,'K01278',2.00,4.00),(64,'K01279',2.00,4.00),(64,'K01280',2.00,4.00),(64,'K01281',2.00,4.00),(64,'K01282',2.00,4.00),(64,'K01283',2.00,4.00),(64,'K01284',2.00,4.00),(64,'K01277',1.00,4.00),(64,'K01285',2.00,4.00),(64,'K01286',4.00,4.00),(64,'K01287',2.00,4.00),(64,'K01288',2.00,4.00),(65,'K01196',4.00,4.00),(65,'K01197',4.00,4.00),(65,'K01198',4.00,4.00),(65,'K01199',4.00,4.00),(65,'K01200',3.00,3.00),(65,'K01201',3.00,3.00),(65,'K01202',4.00,4.00),(65,'K01203',4.00,4.00),(65,'K01204',4.00,3.00),(65,'K01206',4.00,3.00),(65,'K01205',4.00,4.00),(65,'K01207',4.00,4.00),(65,'K01208',4.00,4.00),(65,'K01209',3.00,4.00),(65,'K01210',4.00,4.00),(65,'K01211',3.00,3.00),(65,'K01212',4.00,4.00),(65,'K01213',4.00,4.00),(65,'K01214',4.00,4.00),(65,'K01216',4.00,4.00),(65,'K01215',4.00,4.00),(65,'K01217',4.00,4.00),(65,'K01218',4.00,4.00),(65,'K01219',4.00,4.00),(65,'K01221',3.00,3.00),(65,'K01220',4.00,4.00),(65,'K01222',4.00,4.00),(65,'K01223',4.00,4.00),(65,'K01224',4.00,4.00),(65,'K01225',4.00,4.00),(65,'K01226',4.00,4.00),(65,'K01227',4.00,4.00),(65,'K01228',4.00,4.00),(65,'K01229',3.00,3.00),(65,'K01230',4.00,4.00),(65,'K01234',3.00,3.00),(65,'K01232',4.00,4.00),(65,'K01231',4.00,4.00),(65,'K01233',4.00,4.00),(65,'K01235',4.00,4.00),(65,'K01236',4.00,4.00),(65,'K01237',4.00,3.00),(65,'K01238',3.00,3.00),(65,'K01239',4.00,4.00),(65,'K01240',4.00,4.00),(65,'K01241',1.00,1.00),(65,'K01242',3.00,3.00),(65,'K01243',3.00,3.00),(65,'K01244',4.00,4.00),(65,'K01245',4.00,3.00),(65,'K01246',4.00,4.00),(65,'K01247',4.00,3.00),(65,'K01248',4.00,4.00),(65,'K01249',4.00,4.00),(65,'K01251',4.00,4.00),(65,'K01250',4.00,4.00),(65,'K01252',4.00,4.00),(65,'K01253',3.00,3.00),(65,'K01254',4.00,3.00),(65,'K01255',4.00,4.00),(65,'K01256',4.00,4.00),(65,'K01257',4.00,4.00),(65,'K01258',4.00,4.00),(65,'K01259',4.00,4.00),(65,'K01260',4.00,4.00),(65,'K01261',4.00,4.00),(65,'K01262',4.00,4.00),(65,'K01263',3.00,3.00),(65,'K01264',4.00,4.00),(65,'K01265',4.00,4.00),(65,'K01266',4.00,4.00),(65,'K01267',4.00,4.00),(65,'K01268',3.00,3.00),(65,'K01270',4.00,3.00),(65,'K01271',4.00,4.00),(65,'K01272',4.00,4.00),(65,'K01273',4.00,4.00),(65,'K01274',4.00,4.00),(65,'K01276',3.00,3.00),(65,'K01275',4.00,4.00),(65,'K01269',4.00,4.00),(65,'K01278',3.00,3.00),(65,'K01279',3.00,3.00),(65,'K01280',4.00,4.00),(65,'K01281',4.00,4.00),(65,'K01282',3.00,3.00),(65,'K01283',4.00,4.00),(65,'K01284',4.00,4.00),(65,'K01277',1.00,1.00),(65,'K01285',4.00,4.00),(65,'K01286',4.00,4.00),(65,'K01287',4.00,4.00),(65,'K01288',4.00,4.00),(66,'K01196',2.00,4.00),(66,'K01197',3.00,4.00),(66,'K01198',3.00,4.00),(66,'K01199',4.00,4.00),(66,'K01200',1.00,3.00),(66,'K01201',3.00,3.00),(66,'K01202',3.00,3.00),(66,'K01203',4.00,3.00),(66,'K01204',3.00,4.00),(66,'K01206',1.00,3.00),(66,'K01205',3.00,4.00),(66,'K01207',1.00,3.00),(66,'K01208',4.00,3.00),(66,'K01209',3.00,3.00),(66,'K01210',3.00,3.00),(66,'K01211',1.00,1.00),(66,'K01212',3.00,4.00),(66,'K01213',4.00,4.00),(66,'K01214',2.00,4.00),(66,'K01216',1.00,1.00),(66,'K01215',2.00,3.00),(66,'K01217',2.00,4.00),(66,'K01218',2.00,4.00),(66,'K01219',3.00,4.00),(66,'K01221',3.00,3.00),(66,'K01220',2.00,4.00),(66,'K01222',3.00,3.00),(66,'K01223',2.00,4.00),(66,'K01224',2.00,3.00),(66,'K01225',3.00,3.00),(66,'K01226',1.00,1.00),(66,'K01227',3.00,3.00),(66,'K01228',2.00,4.00),(66,'K01229',1.00,4.00),(66,'K01230',3.00,4.00),(66,'K01234',3.00,3.00),(66,'K01232',3.00,3.00),(66,'K01231',3.00,3.00),(66,'K01233',3.00,3.00),(66,'K01235',3.00,4.00),(66,'K01236',3.00,3.00),(66,'K01237',3.00,4.00),(66,'K01238',3.00,3.00),(66,'K01239',2.00,3.00),(66,'K01240',3.00,3.00),(66,'K01241',3.00,3.00),(66,'K01242',1.00,3.00),(66,'K01243',1.00,3.00),(66,'K01244',4.00,3.00),(66,'K01245',1.00,3.00),(66,'K01246',3.00,3.00),(66,'K01247',1.00,1.00),(66,'K01248',1.00,4.00),(66,'K01249',3.00,4.00),(66,'K01251',4.00,4.00),(66,'K01250',3.00,4.00),(66,'K01252',3.00,4.00),(66,'K01253',2.00,4.00),(66,'K01254',1.00,1.00),(66,'K01255',3.00,3.00),(66,'K01256',4.00,3.00),(66,'K01257',3.00,3.00),(66,'K01258',4.00,3.00),(66,'K01259',3.00,3.00),(66,'K01260',3.00,4.00),(66,'K01261',3.00,3.00),(66,'K01262',2.00,3.00),(66,'K01263',1.00,3.00),(66,'K01264',2.00,3.00),(66,'K01265',3.00,3.00),(66,'K01266',1.00,3.00),(66,'K01267',2.00,3.00),(66,'K01268',1.00,4.00),(66,'K01270',2.00,3.00),(66,'K01271',3.00,4.00),(66,'K01272',3.00,3.00),(66,'K01273',3.00,3.00),(66,'K01274',1.00,1.00),(66,'K01276',1.00,1.00),(66,'K01275',2.00,3.00),(66,'K01269',1.00,1.00),(66,'K01278',2.00,4.00),(66,'K01279',2.00,3.00),(66,'K01280',3.00,3.00),(66,'K01281',4.00,4.00),(66,'K01282',2.00,3.00),(66,'K01283',2.00,3.00),(66,'K01284',3.00,3.00),(66,'K01277',3.00,3.00),(66,'K01285',2.00,3.00),(66,'K01286',3.00,3.00),(66,'K01287',2.00,3.00),(66,'K01288',2.00,4.00),(67,'K01196',4.00,4.00),(67,'K01197',4.00,4.00),(67,'K01198',3.00,4.00),(67,'K01199',4.00,4.00),(67,'K01200',2.00,3.00),(67,'K01201',3.00,3.00),(67,'K01202',3.00,3.00),(67,'K01203',4.00,4.00),(67,'K01204',3.00,4.00),(67,'K01206',3.00,3.00),(67,'K01205',4.00,4.00),(67,'K01207',4.00,4.00),(67,'K01208',3.00,4.00),(67,'K01209',3.00,3.00),(67,'K01210',4.00,3.00),(67,'K01211',2.00,4.00),(67,'K01212',3.00,4.00),(67,'K01213',3.00,4.00),(67,'K01214',3.00,3.00),(67,'K01216',4.00,3.00),(67,'K01215',4.00,3.00),(67,'K01217',3.00,4.00),(67,'K01218',2.00,3.00),(67,'K01219',4.00,4.00),(67,'K01221',3.00,4.00),(67,'K01220',3.00,4.00),(67,'K01222',3.00,4.00),(67,'K01223',4.00,4.00),(67,'K01224',4.00,4.00),(67,'K01225',3.00,3.00),(67,'K01226',3.00,0.00),(67,'K01227',3.00,4.00),(67,'K01228',3.00,4.00),(67,'K01229',3.00,4.00),(67,'K01230',4.00,4.00),(67,'K01234',4.00,4.00),(67,'K01232',3.00,3.00),(67,'K01231',3.00,4.00),(67,'K01233',3.00,3.00),(67,'K01235',3.00,3.00),(67,'K01236',2.00,3.00),(67,'K01237',3.00,4.00),(67,'K01238',2.00,4.00),(67,'K01239',2.00,4.00),(67,'K01240',4.00,3.00),(67,'K01241',3.00,4.00),(67,'K01242',2.00,4.00),(67,'K01243',2.00,4.00),(67,'K01244',3.00,4.00),(67,'K01245',3.00,3.00),(67,'K01246',2.00,3.00),(67,'K01247',4.00,4.00),(67,'K01248',3.00,3.00),(67,'K01249',3.00,4.00),(67,'K01251',4.00,4.00),(67,'K01250',3.00,4.00),(67,'K01252',3.00,4.00),(67,'K01253',2.00,4.00),(67,'K01254',2.00,3.00),(67,'K01255',3.00,4.00),(67,'K01256',3.00,3.00),(67,'K01257',3.00,3.00),(67,'K01258',3.00,3.00),(67,'K01259',3.00,3.00),(67,'K01260',3.00,4.00),(67,'K01261',4.00,4.00),(67,'K01262',3.00,3.00),(67,'K01263',2.00,3.00),(67,'K01264',4.00,4.00),(67,'K01265',2.00,3.00),(67,'K01266',3.00,4.00),(67,'K01267',4.00,4.00),(67,'K01268',4.00,4.00),(67,'K01270',4.00,4.00),(67,'K01271',4.00,4.00),(67,'K01272',4.00,3.00),(67,'K01273',3.00,3.00),(67,'K01274',2.00,3.00),(67,'K01276',4.00,4.00),(67,'K01275',4.00,4.00),(67,'K01269',3.00,4.00),(67,'K01278',3.00,3.00),(67,'K01279',4.00,4.00),(67,'K01280',4.00,4.00),(67,'K01281',4.00,4.00),(67,'K01282',2.00,4.00),(67,'K01283',3.00,3.00),(67,'K01284',3.00,3.00),(67,'K01277',1.00,3.00),(67,'K01285',4.00,4.00),(67,'K01286',4.00,4.00),(67,'K01287',3.00,4.00),(67,'K01288',4.00,4.00),(68,'K01196',4.00,4.00),(68,'K01197',1.00,1.00),(68,'K01198',1.00,1.00),(68,'K01199',4.00,4.00),(68,'K01200',1.00,1.00),(68,'K01201',4.00,4.00),(68,'K01202',4.00,4.00),(68,'K01203',4.00,4.00),(68,'K01204',4.00,4.00),(68,'K01206',4.00,4.00),(68,'K01205',4.00,4.00),(68,'K01207',4.00,4.00),(68,'K01208',3.00,3.00),(68,'K01209',4.00,4.00),(68,'K01210',4.00,4.00),(68,'K01211',3.00,3.00),(68,'K01212',4.00,4.00),(68,'K01213',4.00,4.00),(68,'K01214',4.00,4.00),(68,'K01216',1.00,4.00),(68,'K01215',4.00,4.00),(68,'K01217',3.00,3.00),(68,'K01218',3.00,3.00),(68,'K01219',3.00,3.00),(68,'K01221',4.00,4.00),(68,'K01220',4.00,4.00),(68,'K01222',4.00,4.00),(68,'K01223',4.00,4.00),(68,'K01224',3.00,3.00),(68,'K01225',1.00,1.00),(68,'K01226',1.00,1.00),(68,'K01227',1.00,1.00),(68,'K01228',3.00,3.00),(68,'K01229',2.00,2.00),(68,'K01230',3.00,3.00),(68,'K01234',4.00,4.00),(68,'K01232',3.00,3.00),(68,'K01231',3.00,3.00),(68,'K01233',4.00,3.00),(68,'K01235',3.00,3.00),(68,'K01236',4.00,3.00),(68,'K01237',4.00,4.00),(68,'K01238',4.00,3.00),(68,'K01239',3.00,2.00),(68,'K01240',4.00,4.00),(68,'K01241',3.00,3.00),(68,'K01242',1.00,1.00),(68,'K01243',1.00,1.00),(68,'K01244',1.00,1.00),(68,'K01245',1.00,1.00),(68,'K01246',1.00,1.00),(68,'K01247',1.00,1.00),(68,'K01248',3.00,3.00),(68,'K01249',3.00,3.00),(68,'K01251',4.00,4.00),(68,'K01250',4.00,4.00),(68,'K01252',4.00,4.00),(68,'K01253',1.00,1.00),(68,'K01254',1.00,1.00),(68,'K01255',1.00,1.00),(68,'K01256',4.00,3.00),(68,'K01257',3.00,3.00),(68,'K01258',1.00,1.00),(68,'K01259',4.00,4.00),(68,'K01260',1.00,1.00),(68,'K01261',3.00,1.00),(68,'K01262',1.00,1.00),(68,'K01263',4.00,4.00),(68,'K01264',3.00,3.00),(68,'K01265',4.00,3.00),(68,'K01266',4.00,4.00),(68,'K01267',4.00,4.00),(68,'K01268',1.00,1.00),(68,'K01270',1.00,1.00),(68,'K01271',3.00,3.00),(68,'K01272',3.00,3.00),(68,'K01273',1.00,1.00),(68,'K01274',1.00,1.00),(68,'K01276',1.00,1.00),(68,'K01275',1.00,1.00),(68,'K01269',1.00,1.00),(68,'K01278',3.00,3.00),(68,'K01279',4.00,4.00),(68,'K01280',3.00,3.00),(68,'K01281',4.00,4.00),(68,'K01282',1.00,1.00),(68,'K01283',1.00,1.00),(68,'K01284',4.00,4.00),(68,'K01277',1.00,1.00),(68,'K01285',4.00,3.00),(68,'K01286',1.00,1.00),(68,'K01287',1.00,1.00),(68,'K01288',1.00,3.00),(21,'K01196',4.00,4.00),(21,'K01197',4.00,4.00),(21,'K01198',3.00,3.00),(21,'K01199',3.00,4.00),(21,'K01200',1.00,1.00),(21,'K01201',3.00,4.00),(21,'K01202',3.00,3.00),(21,'K01203',4.00,4.00),(21,'K01204',4.00,3.00),(21,'K01206',2.00,2.00),(21,'K01205',4.00,4.00),(21,'K01207',2.00,3.00),(21,'K01208',4.00,3.00),(21,'K01209',1.00,1.00),(21,'K01210',4.00,4.00),(21,'K01211',1.00,1.00),(21,'K01212',4.00,3.00),(21,'K01213',4.00,4.00),(21,'K01214',1.00,1.00),(21,'K01216',3.00,3.00),(21,'K01215',2.00,2.00),(21,'K01217',3.00,3.00),(21,'K01218',1.00,1.00),(21,'K01219',3.00,3.00),(21,'K01221',3.00,3.00),(21,'K01220',2.00,3.00),(21,'K01222',2.00,2.00),(21,'K01223',3.00,3.00),(21,'K01224',3.00,3.00),(21,'K01225',2.00,3.00),(21,'K01226',4.00,4.00),(21,'K01227',3.00,3.00),(21,'K01228',3.00,3.00),(21,'K01229',3.00,3.00),(21,'K01230',3.00,3.00),(21,'K01234',3.00,2.00),(21,'K01232',3.00,3.00),(21,'K01231',3.00,4.00),(21,'K01233',3.00,3.00),(21,'K01235',2.00,3.00),(21,'K01236',3.00,3.00),(21,'K01237',3.00,3.00),(21,'K01238',3.00,3.00),(21,'K01239',3.00,3.00),(21,'K01240',3.00,3.00),(21,'K01241',1.00,1.00),(21,'K01242',3.00,4.00),(21,'K01243',2.00,4.00),(21,'K01244',4.00,4.00),(21,'K01245',3.00,4.00),(21,'K01246',3.00,3.00),(21,'K01247',3.00,3.00),(21,'K01248',3.00,4.00),(21,'K01249',3.00,4.00),(21,'K01251',3.00,3.00),(21,'K01250',3.00,4.00),(21,'K01252',3.00,4.00),(21,'K01253',1.00,1.00),(21,'K01254',4.00,3.00),(21,'K01255',2.00,3.00),(21,'K01256',3.00,4.00),(21,'K01257',3.00,3.00),(21,'K01258',4.00,4.00),(21,'K01259',3.00,4.00),(21,'K01260',4.00,4.00),(21,'K01261',4.00,4.00),(21,'K01262',4.00,4.00),(21,'K01263',2.00,2.00),(21,'K01264',1.00,1.00),(21,'K01265',1.00,1.00),(21,'K01266',4.00,4.00),(21,'K01267',2.00,2.00),(21,'K01268',2.00,2.00),(21,'K01270',4.00,3.00),(21,'K01271',4.00,3.00),(21,'K01272',3.00,3.00),(21,'K01273',4.00,4.00),(21,'K01274',3.00,3.00),(21,'K01276',1.00,1.00),(21,'K01275',4.00,3.00),(21,'K01269',4.00,4.00),(21,'K01278',2.00,2.00),(21,'K01279',3.00,3.00),(21,'K01280',3.00,3.00),(21,'K01281',4.00,4.00),(21,'K01282',1.00,1.00),(21,'K01283',3.00,3.00),(21,'K01284',3.00,3.00),(21,'K01277',4.00,4.00),(21,'K01285',4.00,3.00),(21,'K01286',4.00,4.00),(21,'K01287',4.00,4.00),(21,'K01288',4.00,4.00),(69,'K01196',4.00,4.00),(69,'K01197',1.00,1.00),(69,'K01198',4.00,4.00),(69,'K01199',4.00,4.00),(69,'K01200',4.00,4.00),(69,'K01201',4.00,4.00),(69,'K01202',3.00,3.00),(69,'K01203',4.00,4.00),(69,'K01204',4.00,4.00),(69,'K01206',4.00,4.00),(69,'K01205',4.00,4.00),(69,'K01207',4.00,4.00),(69,'K01208',4.00,4.00),(69,'K01209',1.00,1.00),(69,'K01210',4.00,4.00),(69,'K01211',1.00,1.00),(69,'K01212',4.00,4.00),(69,'K01213',1.00,1.00),(69,'K01214',4.00,4.00),(69,'K01216',1.00,1.00),(69,'K01215',1.00,1.00),(69,'K01217',4.00,4.00),(69,'K01218',3.00,4.00),(69,'K01219',4.00,4.00),(69,'K01221',3.00,3.00),(69,'K01220',3.00,3.00),(69,'K01222',4.00,4.00),(69,'K01223',4.00,4.00),(69,'K01224',4.00,4.00),(69,'K01225',4.00,4.00),(69,'K01226',4.00,4.00),(69,'K01227',1.00,1.00),(69,'K01228',3.00,3.00),(69,'K01229',4.00,4.00),(69,'K01230',1.00,1.00),(69,'K01234',4.00,4.00),(69,'K01232',4.00,4.00),(69,'K01231',4.00,4.00),(69,'K01233',4.00,4.00),(69,'K01235',4.00,4.00),(69,'K01236',4.00,4.00),(69,'K01237',4.00,4.00),(69,'K01238',4.00,4.00),(69,'K01239',4.00,4.00),(69,'K01240',4.00,4.00),(69,'K01241',4.00,4.00),(69,'K01242',3.00,3.00),(69,'K01243',1.00,1.00),(69,'K01244',1.00,1.00),(69,'K01245',1.00,1.00),(69,'K01246',4.00,4.00),(69,'K01247',4.00,4.00),(69,'K01248',1.00,1.00),(69,'K01249',1.00,1.00),(69,'K01251',4.00,4.00),(69,'K01250',4.00,4.00),(69,'K01252',1.00,1.00),(69,'K01253',1.00,1.00),(69,'K01254',1.00,1.00),(69,'K01255',1.00,1.00),(69,'K01256',4.00,4.00),(69,'K01257',1.00,1.00),(69,'K01258',1.00,1.00),(69,'K01259',4.00,4.00),(69,'K01260',1.00,1.00),(69,'K01261',4.00,4.00),(69,'K01262',3.00,4.00),(69,'K01263',4.00,4.00),(69,'K01264',1.00,1.00),(69,'K01265',4.00,4.00),(69,'K01266',4.00,4.00),(69,'K01267',1.00,1.00),(69,'K01268',4.00,4.00),(69,'K01270',1.00,1.00),(69,'K01271',1.00,1.00),(69,'K01272',1.00,1.00),(69,'K01273',1.00,1.00),(69,'K01274',1.00,1.00),(69,'K01276',1.00,1.00),(69,'K01275',1.00,1.00),(69,'K01269',1.00,1.00),(69,'K01278',3.00,3.00),(69,'K01279',1.00,1.00),(69,'K01280',1.00,1.00),(69,'K01281',4.00,4.00),(69,'K01282',1.00,1.00),(69,'K01283',1.00,1.00),(69,'K01284',4.00,4.00),(69,'K01277',1.00,1.00),(69,'K01285',4.00,4.00),(69,'K01286',1.00,1.00),(69,'K01287',4.00,4.00),(69,'K01288',1.00,1.00),(71,'K01196',4.00,4.00),(71,'K01197',3.00,4.00),(71,'K01198',3.00,4.00),(71,'K01199',4.00,4.00),(71,'K01200',1.00,1.00),(71,'K01201',3.00,3.00),(71,'K01202',1.00,1.00),(71,'K01203',3.00,4.00),(71,'K01204',4.00,4.00),(71,'K01206',4.00,3.00),(71,'K01205',4.00,4.00),(71,'K01207',4.00,4.00),(71,'K01208',4.00,4.00),(71,'K01209',3.00,3.00),(71,'K01210',4.00,4.00),(71,'K01211',4.00,4.00),(71,'K01212',3.00,3.00),(71,'K01213',4.00,4.00),(71,'K01214',3.00,3.00),(71,'K01216',4.00,4.00),(71,'K01215',1.00,1.00),(71,'K01217',3.00,3.00),(71,'K01218',3.00,3.00),(71,'K01219',4.00,4.00),(71,'K01221',3.00,4.00),(71,'K01220',4.00,4.00),(71,'K01222',4.00,4.00),(71,'K01223',4.00,4.00),(71,'K01224',3.00,4.00),(71,'K01225',4.00,4.00),(71,'K01226',1.00,1.00),(71,'K01227',4.00,4.00),(71,'K01228',3.00,3.00),(71,'K01229',4.00,4.00),(71,'K01230',3.00,4.00),(71,'K01234',3.00,3.00),(71,'K01232',4.00,4.00),(71,'K01231',4.00,4.00),(71,'K01233',4.00,4.00),(71,'K01235',4.00,4.00),(71,'K01236',4.00,4.00),(71,'K01237',4.00,4.00),(71,'K01238',3.00,4.00),(71,'K01239',4.00,4.00),(71,'K01240',4.00,4.00),(71,'K01241',1.00,4.00),(71,'K01242',3.00,3.00),(71,'K01243',3.00,3.00),(71,'K01244',4.00,4.00),(71,'K01245',4.00,4.00),(71,'K01246',1.00,1.00),(71,'K01247',3.00,3.00),(71,'K01248',4.00,4.00),(71,'K01249',3.00,3.00),(71,'K01251',4.00,4.00),(71,'K01250',4.00,4.00),(71,'K01252',3.00,4.00),(71,'K01253',4.00,4.00),(71,'K01254',3.00,3.00),(71,'K01255',4.00,4.00),(71,'K01256',3.00,3.00),(71,'K01257',3.00,4.00),(71,'K01258',4.00,4.00),(71,'K01259',4.00,4.00),(71,'K01260',3.00,3.00),(71,'K01261',4.00,4.00),(71,'K01262',4.00,4.00),(71,'K01263',3.00,4.00),(71,'K01264',1.00,1.00),(71,'K01265',3.00,3.00),(71,'K01266',3.00,4.00),(71,'K01267',4.00,4.00),(71,'K01268',4.00,4.00),(71,'K01270',1.00,1.00),(71,'K01271',4.00,4.00),(71,'K01272',4.00,4.00),(71,'K01273',1.00,1.00),(71,'K01274',2.00,4.00),(71,'K01276',3.00,3.00),(71,'K01275',1.00,1.00),(71,'K01269',1.00,1.00),(71,'K01278',3.00,4.00),(71,'K01279',3.00,4.00),(71,'K01280',4.00,4.00),(71,'K01281',4.00,4.00),(71,'K01282',3.00,4.00),(71,'K01283',4.00,4.00),(71,'K01284',4.00,4.00),(71,'K01277',1.00,1.00),(71,'K01285',3.00,4.00),(71,'K01286',4.00,4.00),(71,'K01287',4.00,4.00),(71,'K01288',4.00,4.00),(33,'K01197',2.00,3.00),(33,'K01198',3.00,2.00),(33,'K01199',3.00,3.00),(33,'K01200',2.00,3.00),(33,'K01201',3.00,3.00),(33,'K01202',3.00,3.00),(33,'K01203',3.00,3.00),(33,'K01207',3.00,3.00),(33,'K01208',2.00,4.00),(33,'K01209',2.00,4.00),(33,'K01210',4.00,3.00),(33,'K01211',3.00,4.00),(33,'K01213',3.00,2.00),(33,'K01214',2.00,3.00),(33,'K01216',2.00,3.00),(33,'K01215',3.00,3.00),(33,'K01218',3.00,3.00),(33,'K01219',2.00,3.00),(33,'K01221',3.00,4.00),(33,'K01220',2.00,3.00),(33,'K01222',4.00,3.00),(33,'K01223',2.00,2.00),(33,'K01224',3.00,2.00),(33,'K01225',3.00,4.00),(33,'K01226',2.00,3.00),(33,'K01227',3.00,3.00),(33,'K01232',2.00,4.00),(33,'K01231',3.00,4.00),(33,'K01233',3.00,4.00),(33,'K01235',3.00,2.00),(33,'K01236',2.00,3.00),(33,'K01237',3.00,3.00),(33,'K01238',4.00,3.00),(33,'K01239',1.00,2.00),(33,'K01240',2.00,3.00),(33,'K01241',1.00,2.00),(33,'K01244',3.00,4.00),(33,'K01245',3.00,4.00),(33,'K01246',4.00,3.00),(33,'K01247',4.00,3.00),(33,'K01249',3.00,2.00),(33,'K01251',3.00,2.00),(33,'K01250',2.00,3.00),(33,'K01252',3.00,3.00),(33,'K01253',3.00,4.00),(33,'K01254',3.00,4.00),(33,'K01255',3.00,4.00),(33,'K01256',2.00,4.00),(33,'K01257',3.00,4.00),(33,'K01258',2.00,4.00),(33,'K01259',3.00,2.00),(33,'K01260',2.00,3.00),(33,'K01261',3.00,4.00),(33,'K01263',3.00,2.00),(33,'K01264',2.00,3.00),(33,'K01265',2.00,3.00),(33,'K01266',3.00,4.00),(33,'K01268',3.00,3.00),(33,'K01270',4.00,3.00),(33,'K01271',4.00,2.00),(33,'K01272',2.00,2.00),(33,'K01273',3.00,4.00),(33,'K01274',3.00,3.00),(33,'K01276',3.00,4.00),(33,'K01275',3.00,4.00),(33,'K01269',2.00,3.00),(33,'K01278',2.00,3.00),(33,'K01279',3.00,2.00),(33,'K01280',2.00,3.00),(33,'K01281',3.00,2.00),(33,'K01282',3.00,4.00),(33,'K01283',2.00,4.00),(33,'K01284',2.00,1.00),(33,'K01277',4.00,2.00),(33,'K01285',3.00,4.00),(33,'K01286',3.00,4.00),(33,'K01287',1.00,3.00),(33,'K01288',4.00,3.00),(72,'K01242',7.00,7.00),(72,'K01196',7.00,7.00),(72,'K01197',7.00,7.00),(72,'K01198',7.00,7.00),(72,'K01199',7.00,7.00),(72,'K01200',7.00,7.00),(72,'K01201',7.00,7.00),(72,'K01202',7.00,7.00),(72,'K01203',7.00,7.00),(72,'K01204',7.00,7.00),(72,'K01206',7.00,7.00),(72,'K01205',7.00,7.00),(72,'K01207',7.00,7.00),(72,'K01208',7.00,7.00),(72,'K01209',7.00,7.00),(72,'K01210',7.00,7.00),(72,'K01211',7.00,7.00),(72,'K01212',7.00,7.00),(72,'K01213',7.00,7.00),(72,'K01214',7.00,7.00),(72,'K01216',7.00,7.00),(72,'K01215',7.00,7.00),(72,'K01217',7.00,7.00),(72,'K01218',7.00,7.00),(72,'K01219',7.00,7.00),(72,'K01221',7.00,7.00),(72,'K01220',7.00,7.00),(72,'K01222',7.00,7.00),(72,'K01223',7.00,7.00),(72,'K01224',7.00,7.00),(72,'K01225',7.00,7.00),(72,'K01226',7.00,7.00),(72,'K01227',7.00,7.00),(72,'K01228',7.00,7.00),(72,'K01229',7.00,7.00),(72,'K01230',7.00,7.00),(72,'K01234',7.00,7.00),(72,'K01232',7.00,7.00),(72,'K01231',7.00,7.00),(72,'K01233',7.00,7.00),(72,'K01235',7.00,7.00),(72,'K01236',7.00,7.00),(72,'K01237',7.00,7.00),(72,'K01238',7.00,7.00),(72,'K01239',7.00,7.00),(72,'K01240',7.00,7.00),(72,'K01241',7.00,7.00),(72,'K01243',7.00,7.00),(72,'K01244',7.00,7.00),(72,'K01245',7.00,7.00),(72,'K01246',7.00,7.00),(72,'K01247',7.00,7.00),(72,'K01248',7.00,7.00),(72,'K01249',7.00,7.00),(72,'K01251',7.00,7.00),(72,'K01250',7.00,7.00),(72,'K01252',7.00,7.00),(72,'K01253',7.00,7.00),(72,'K01254',7.00,7.00),(72,'K01255',7.00,7.00),(72,'K01256',7.00,7.00),(72,'K01257',7.00,7.00),(72,'K01258',7.00,7.00),(72,'K01259',7.00,7.00),(72,'K01260',7.00,7.00),(72,'K01261',7.00,7.00),(72,'K01262',7.00,7.00),(72,'K01263',7.00,7.00),(72,'K01264',7.00,7.00),(72,'K01265',7.00,7.00),(72,'K01266',7.00,7.00),(72,'K01267',7.00,7.00),(72,'K01268',7.00,7.00),(72,'K01270',7.00,7.00),(72,'K01271',7.00,7.00),(72,'K01272',7.00,7.00),(72,'K01273',7.00,7.00),(72,'K01274',7.00,7.00),(72,'K01276',7.00,7.00),(72,'K01275',7.00,7.00),(72,'K01269',7.00,7.00),(72,'K01278',7.00,7.00),(72,'K01279',7.00,7.00),(72,'K01280',7.00,7.00),(72,'K01281',7.00,7.00),(72,'K01282',7.00,7.00),(72,'K01283',7.00,7.00),(72,'K01284',7.00,7.00),(72,'K01277',7.00,7.00),(72,'K01285',7.00,7.00),(72,'K01286',7.00,7.00),(72,'K01287',7.00,7.00),(72,'K01288',7.00,7.00),(73,'K01196',7.00,7.00),(73,'K01197',7.00,7.00),(73,'K01198',7.00,7.00),(73,'K01199',7.00,7.00),(73,'K01200',7.00,7.00),(73,'K01201',7.00,7.00),(73,'K01202',7.00,7.00),(73,'K01203',7.00,7.00),(73,'K01204',7.00,7.00),(73,'K01206',7.00,7.00),(73,'K01205',7.00,7.00),(73,'K01207',7.00,7.00),(73,'K01208',7.00,7.00),(73,'K01209',7.00,7.00),(73,'K01210',7.00,7.00),(73,'K01211',7.00,7.00),(73,'K01212',7.00,7.00),(73,'K01213',7.00,7.00),(73,'K01214',7.00,7.00),(73,'K01216',7.00,7.00),(73,'K01215',7.00,7.00),(73,'K01217',7.00,7.00),(73,'K01218',7.00,7.00),(73,'K01219',7.00,7.00),(73,'K01221',7.00,7.00),(73,'K01220',7.00,7.00),(73,'K01222',7.00,7.00),(73,'K01223',7.00,7.00),(73,'K01224',7.00,7.00),(73,'K01225',7.00,7.00),(73,'K01226',7.00,7.00),(73,'K01227',7.00,7.00),(73,'K01228',7.00,7.00),(73,'K01229',7.00,7.00),(73,'K01230',7.00,7.00),(73,'K01234',7.00,7.00),(73,'K01232',7.00,7.00),(73,'K01231',7.00,7.00),(73,'K01233',7.00,7.00),(73,'K01235',7.00,7.00),(73,'K01236',7.00,7.00),(73,'K01237',7.00,7.00),(73,'K01238',7.00,7.00),(73,'K01239',7.00,7.00),(73,'K01240',7.00,7.00),(73,'K01241',7.00,7.00),(73,'K01242',7.00,7.00),(73,'K01243',7.00,7.00),(73,'K01244',7.00,7.00),(73,'K01245',7.00,7.00),(73,'K01246',7.00,7.00),(73,'K01247',7.00,7.00),(73,'K01248',7.00,7.00),(73,'K01249',7.00,7.00),(73,'K01251',7.00,7.00),(73,'K01250',7.00,7.00),(73,'K01252',7.00,7.00),(73,'K01253',7.00,7.00),(73,'K01254',7.00,7.00),(73,'K01255',7.00,7.00),(73,'K01256',7.00,7.00),(73,'K01257',7.00,7.00),(73,'K01258',7.00,7.00),(73,'K01259',7.00,7.00),(73,'K01260',7.00,7.00),(73,'K01261',7.00,7.00),(73,'K01262',7.00,7.00),(73,'K01263',7.00,7.00),(73,'K01264',7.00,7.00),(73,'K01265',7.00,7.00),(73,'K01266',7.00,7.00),(73,'K01267',7.00,7.00),(73,'K01268',7.00,7.00),(73,'K01270',7.00,7.00),(73,'K01271',7.00,7.00),(73,'K01272',7.00,7.00),(73,'K01273',7.00,7.00),(73,'K01274',7.00,7.00),(73,'K01276',7.00,7.00),(73,'K01275',7.00,7.00),(73,'K01269',7.00,7.00),(73,'K01278',7.00,7.00),(73,'K01279',7.00,7.00),(73,'K01280',7.00,7.00),(73,'K01281',7.00,7.00),(73,'K01282',7.00,7.00),(73,'K01283',7.00,7.00),(73,'K01284',7.00,7.00),(73,'K01277',7.00,7.00),(73,'K01285',7.00,7.00),(73,'K01286',7.00,7.00),(73,'K01287',7.00,7.00),(73,'K01288',7.00,7.00),(82,'K01196',0.00,4.00),(82,'K01197',0.00,5.00),(82,'K01198',0.00,5.00),(82,'K01204',0.00,6.00),(82,'K01206',0.00,4.00),(82,'K01205',0.00,4.00),(82,'K01212',0.00,5.00),(82,'K01217',0.00,6.00),(82,'K01218',0.00,3.00),(82,'K01219',0.00,7.00),(82,'K01221',0.00,5.00),(82,'K01220',0.00,6.00),(82,'K01228',0.00,4.00),(82,'K01229',0.00,6.00),(82,'K01230',0.00,2.00),(82,'K01234',0.00,5.00),(82,'K01235',0.00,6.00),(82,'K01242',0.00,6.00),(82,'K01243',0.00,6.00),(82,'K01248',0.00,4.00),(77,'K01196',7.00,4.00),(77,'K01197',7.00,4.00),(77,'K01198',7.00,4.00),(77,'K01199',7.00,4.00),(77,'K01200',7.00,4.00),(77,'K01201',7.00,4.00),(77,'K01202',7.00,4.00),(77,'K01203',7.00,4.00),(77,'K01204',7.00,4.00),(77,'K01206',7.00,4.00),(77,'K01205',7.00,4.00),(77,'K01207',7.00,4.00),(77,'K01208',7.00,4.00),(77,'K01209',7.00,4.00),(77,'K01210',7.00,4.00),(77,'K01211',7.00,4.00),(77,'K01212',7.00,4.00),(77,'K01213',7.00,4.00),(77,'K01214',7.00,4.00),(77,'K01216',7.00,4.00),(77,'K01215',7.00,4.00),(77,'K01217',7.00,4.00),(77,'K01218',7.00,4.00),(77,'K01219',7.00,4.00),(77,'K01221',7.00,4.00),(77,'K01220',7.00,4.00),(77,'K01222',7.00,4.00),(77,'K01223',7.00,4.00),(77,'K01224',7.00,4.00),(77,'K01225',7.00,4.00),(77,'K01226',7.00,4.00),(77,'K01227',7.00,4.00),(77,'K01228',7.00,4.00),(77,'K01229',7.00,4.00),(77,'K01230',7.00,4.00),(77,'K01234',7.00,4.00),(77,'K01232',7.00,4.00),(77,'K01231',7.00,4.00),(77,'K01233',7.00,4.00),(77,'K01235',7.00,4.00),(77,'K01236',7.00,4.00),(77,'K01237',7.00,4.00),(77,'K01238',7.00,4.00),(77,'K01239',7.00,4.00),(77,'K01240',7.00,4.00),(77,'K01241',7.00,4.00),(77,'K01242',7.00,4.00),(77,'K01243',7.00,4.00),(77,'K01244',7.00,4.00),(77,'K01245',7.00,4.00),(77,'K01246',7.00,4.00),(77,'K01247',7.00,4.00),(77,'K01248',7.00,4.00),(77,'K01249',7.00,4.00),(77,'K01251',7.00,4.00),(77,'K01250',7.00,4.00),(77,'K01252',7.00,4.00),(77,'K01253',7.00,4.00),(77,'K01254',7.00,4.00),(77,'K01255',7.00,4.00),(77,'K01256',7.00,4.00),(77,'K01257',7.00,4.00),(77,'K01258',7.00,4.00),(77,'K01259',7.00,4.00),(77,'K01260',7.00,4.00),(77,'K01261',7.00,4.00),(77,'K01262',7.00,4.00),(77,'K01263',7.00,4.00),(77,'K01264',7.00,4.00),(77,'K01265',7.00,4.00),(77,'K01266',7.00,4.00),(77,'K01267',7.00,4.00),(77,'K01268',7.00,4.00),(77,'K01270',7.00,4.00),(77,'K01271',7.00,4.00),(77,'K01272',7.00,4.00),(77,'K01273',7.00,4.00),(77,'K01274',7.00,4.00),(77,'K01276',7.00,4.00),(77,'K01275',7.00,4.00),(77,'K01269',7.00,4.00),(77,'K01278',7.00,4.00),(77,'K01279',7.00,4.00),(77,'K01280',7.00,4.00),(77,'K01281',7.00,4.00),(77,'K01282',7.00,4.00),(77,'K01283',7.00,4.00),(77,'K01284',7.00,4.00),(77,'K01277',7.00,4.00),(77,'K01285',7.00,4.00),(77,'K01286',7.00,4.00),(77,'K01287',7.00,4.00),(77,'K01288',7.00,4.00),(82,'K01249',0.00,5.00),(82,'K01251',0.00,4.00),(82,'K01250',0.00,3.00),(82,'K01262',0.00,5.00),(82,'K01267',0.00,7.00),(82,'K01268',0.00,6.00),(82,'K01278',0.00,5.00),(89,'K01196',7.00,7.00),(89,'K01197',7.00,7.00),(89,'K01198',7.00,7.00),(89,'K01199',7.00,7.00),(89,'K01200',7.00,7.00),(89,'K01201',7.00,7.00),(89,'K01202',7.00,7.00),(89,'K01203',7.00,7.00),(89,'K01204',7.00,7.00),(89,'K01206',7.00,7.00),(89,'K01205',7.00,7.00),(89,'K01207',7.00,7.00),(89,'K01208',7.00,7.00),(89,'K01209',7.00,7.00),(89,'K01210',7.00,7.00),(89,'K01211',7.00,7.00),(89,'K01212',7.00,7.00),(89,'K01213',7.00,7.00),(89,'K01214',7.00,7.00),(89,'K01216',7.00,7.00),(89,'K01215',7.00,7.00),(89,'K01217',7.00,7.00),(89,'K01218',7.00,7.00),(89,'K01219',7.00,7.00),(89,'K01221',7.00,7.00),(89,'K01220',7.00,7.00),(89,'K01222',7.00,7.00),(89,'K01223',7.00,7.00),(89,'K01224',7.00,7.00),(89,'K01225',7.00,7.00),(89,'K01226',7.00,7.00),(89,'K01227',7.00,7.00),(89,'K01228',7.00,7.00),(89,'K01229',7.00,7.00),(89,'K01230',7.00,7.00),(89,'K01234',7.00,7.00),(89,'K01232',7.00,7.00),(89,'K01231',7.00,7.00),(89,'K01233',7.00,7.00),(89,'K01235',7.00,7.00),(89,'K01236',7.00,7.00),(89,'K01237',7.00,7.00),(89,'K01238',7.00,7.00),(89,'K01239',7.00,7.00),(89,'K01240',7.00,7.00),(89,'K01241',7.00,7.00),(89,'K01242',7.00,7.00),(89,'K01243',7.00,7.00),(89,'K01244',7.00,7.00),(89,'K01245',7.00,7.00),(89,'K01246',7.00,7.00),(89,'K01247',7.00,7.00),(89,'K01248',7.00,7.00),(89,'K01249',7.00,7.00),(89,'K01251',7.00,7.00),(89,'K01250',7.00,7.00),(89,'K01252',7.00,7.00),(89,'K01253',7.00,7.00),(89,'K01254',7.00,7.00),(89,'K01255',7.00,7.00),(89,'K01256',7.00,7.00),(89,'K01257',7.00,7.00),(89,'K01258',7.00,7.00),(89,'K01259',7.00,7.00),(89,'K01260',7.00,7.00),(89,'K01261',7.00,7.00),(89,'K01262',7.00,7.00),(89,'K01263',7.00,7.00),(89,'K01264',7.00,7.00),(89,'K01265',7.00,7.00),(89,'K01266',7.00,7.00),(89,'K01267',7.00,7.00),(89,'K01268',7.00,7.00),(89,'K01270',7.00,7.00),(89,'K01271',7.00,7.00),(89,'K01272',7.00,7.00),(89,'K01273',7.00,7.00),(89,'K01274',7.00,7.00),(89,'K01276',7.00,7.00),(89,'K01275',7.00,7.00),(89,'K01269',7.00,7.00),(89,'K01278',7.00,7.00),(89,'K01279',7.00,7.00),(89,'K01280',7.00,7.00),(89,'K01281',7.00,7.00),(89,'K01282',7.00,7.00),(89,'K01283',7.00,7.00),(89,'K01284',7.00,7.00),(89,'K01277',7.00,7.00),(89,'K01285',7.00,7.00),(89,'K01286',7.00,7.00),(89,'K01287',7.00,7.00),(89,'K01288',7.00,7.00),(90,'K01196',7.00,7.00),(90,'K01197',7.00,7.00),(90,'K01198',7.00,7.00),(90,'K01199',7.00,7.00),(90,'K01200',7.00,7.00),(90,'K01201',7.00,7.00),(90,'K01202',7.00,7.00),(90,'K01203',7.00,7.00),(90,'K01204',7.00,7.00),(90,'K01206',7.00,7.00),(90,'K01205',7.00,7.00),(90,'K01207',7.00,7.00),(90,'K01208',7.00,7.00),(90,'K01209',7.00,7.00),(90,'K01210',7.00,7.00),(90,'K01211',7.00,7.00),(90,'K01212',7.00,7.00),(90,'K01213',7.00,7.00),(90,'K01214',7.00,7.00),(90,'K01216',7.00,7.00),(90,'K01215',7.00,7.00),(90,'K01217',7.00,7.00),(90,'K01218',7.00,7.00),(90,'K01219',7.00,7.00),(90,'K01221',7.00,7.00),(90,'K01220',7.00,7.00),(90,'K01222',7.00,7.00),(90,'K01223',7.00,7.00),(90,'K01224',7.00,7.00),(90,'K01225',7.00,7.00),(90,'K01226',7.00,7.00),(90,'K01227',7.00,7.00),(90,'K01228',7.00,7.00),(90,'K01229',7.00,7.00),(90,'K01230',7.00,7.00),(90,'K01234',7.00,7.00),(90,'K01232',7.00,7.00),(90,'K01231',7.00,7.00),(90,'K01233',7.00,7.00),(90,'K01235',7.00,7.00),(90,'K01236',7.00,7.00),(83,'K01196',4.00,4.00),(83,'K01197',1.00,1.00),(83,'K01198',1.00,1.00),(83,'K01199',1.00,1.00),(83,'K01200',1.00,1.00),(83,'K01201',2.00,1.00),(83,'K01202',1.00,1.00),(83,'K01203',1.00,1.00),(83,'K01204',4.00,4.00),(83,'K01206',1.00,4.00),(83,'K01205',1.00,1.00),(83,'K01207',1.00,1.00),(83,'K01208',1.00,1.00),(83,'K01209',1.00,1.00),(83,'K01210',1.00,1.00),(83,'K01211',1.00,1.00),(83,'K01212',4.00,4.00),(83,'K01213',1.00,1.00),(83,'K01214',2.00,1.00),(83,'K01216',1.00,1.00),(83,'K01215',1.00,1.00),(83,'K01217',4.00,4.00),(83,'K01218',1.00,1.00),(83,'K01219',1.00,1.00),(83,'K01221',1.00,1.00),(83,'K01220',1.00,1.00),(83,'K01222',1.00,1.00),(83,'K01223',1.00,1.00),(83,'K01224',1.00,1.00),(83,'K01225',1.00,1.00),(83,'K01226',1.00,1.00),(83,'K01227',1.00,1.00),(83,'K01228',4.00,4.00),(83,'K01229',4.00,4.00),(83,'K01230',4.00,4.00),(83,'K01234',4.00,4.00),(83,'K01232',1.00,1.00),(83,'K01231',1.00,1.00),(83,'K01233',1.00,1.00),(83,'K01235',1.00,1.00),(83,'K01236',1.00,1.00),(83,'K01237',1.00,1.00),(83,'K01238',1.00,1.00),(83,'K01239',1.00,1.00),(83,'K01240',1.00,1.00),(83,'K01241',1.00,1.00),(83,'K01242',4.00,4.00),(83,'K01243',4.00,4.00),(83,'K01244',1.00,2.00),(83,'K01245',1.00,1.00),(83,'K01246',1.00,1.00),(83,'K01247',1.00,1.00),(83,'K01248',2.00,1.00),(83,'K01249',1.00,1.00),(83,'K01251',1.00,1.00),(83,'K01250',1.00,1.00),(83,'K01252',1.00,1.00),(83,'K01253',2.00,1.00),(83,'K01254',1.00,1.00),(83,'K01255',1.00,1.00),(83,'K01256',1.00,1.00),(83,'K01257',1.00,1.00),(83,'K01258',1.00,1.00),(83,'K01259',1.00,1.00),(83,'K01260',1.00,1.00),(83,'K01261',1.00,1.00),(83,'K01262',1.00,4.00),(83,'K01263',1.00,1.00),(83,'K01264',1.00,1.00),(83,'K01265',1.00,1.00),(83,'K01266',1.00,1.00),(83,'K01267',4.00,4.00),(83,'K01268',1.00,1.00),(83,'K01270',1.00,1.00),(83,'K01271',1.00,1.00),(83,'K01272',1.00,1.00),(83,'K01273',1.00,1.00),(83,'K01274',1.00,1.00),(83,'K01276',1.00,1.00),(83,'K01275',1.00,1.00),(83,'K01269',1.00,1.00),(83,'K01278',1.00,1.00),(83,'K01279',1.00,1.00),(83,'K01280',1.00,1.00),(83,'K01281',1.00,1.00),(83,'K01282',1.00,1.00),(83,'K01283',1.00,1.00),(83,'K01284',1.00,1.00),(83,'K01277',1.00,2.00),(83,'K01285',1.00,1.00),(83,'K01286',1.00,1.00),(83,'K01287',1.00,1.00),(83,'K01288',1.00,1.00),(84,'K01196',1.00,1.00),(84,'K01197',1.00,1.00),(84,'K01198',2.00,1.00),(84,'K01199',1.00,1.00),(84,'K01200',1.00,1.00),(84,'K01201',1.00,2.00),(84,'K01202',1.00,1.00),(84,'K01203',1.00,1.00),(84,'K01204',1.00,1.00),(84,'K01206',1.00,1.00),(84,'K01205',1.00,1.00),(84,'K01207',1.00,1.00),(84,'K01208',1.00,1.00),(84,'K01209',1.00,1.00),(84,'K01210',1.00,1.00),(84,'K01211',1.00,1.00),(84,'K01212',1.00,1.00),(84,'K01213',1.00,1.00),(84,'K01214',1.00,1.00),(84,'K01216',1.00,1.00),(84,'K01215',1.00,1.00),(84,'K01217',1.00,1.00),(84,'K01218',1.00,1.00),(84,'K01219',1.00,1.00),(84,'K01221',1.00,1.00),(84,'K01220',1.00,1.00),(84,'K01222',1.00,1.00),(84,'K01223',1.00,2.00),(84,'K01224',1.00,1.00),(84,'K01225',1.00,1.00),(84,'K01226',2.00,1.00),(84,'K01227',2.00,2.00),(84,'K01228',1.00,1.00),(84,'K01229',1.00,1.00),(84,'K01230',1.00,1.00),(84,'K01234',1.00,1.00),(84,'K01232',1.00,1.00),(84,'K01231',1.00,2.00),(84,'K01233',1.00,2.00),(84,'K01235',2.00,1.00),(84,'K01236',1.00,1.00),(84,'K01237',1.00,1.00),(84,'K01238',1.00,1.00),(84,'K01239',2.00,1.00),(84,'K01240',2.00,1.00),(84,'K01241',1.00,2.00),(84,'K01242',1.00,4.00),(84,'K01243',1.00,1.00),(84,'K01244',1.00,1.00),(84,'K01245',1.00,1.00),(84,'K01246',1.00,1.00),(84,'K01247',1.00,1.00),(84,'K01248',1.00,1.00),(84,'K01249',1.00,1.00),(84,'K01251',1.00,1.00),(84,'K01250',1.00,1.00),(84,'K01252',1.00,1.00),(84,'K01253',1.00,1.00),(84,'K01254',1.00,1.00),(84,'K01255',1.00,1.00),(84,'K01256',1.00,1.00),(84,'K01257',1.00,1.00),(84,'K01258',1.00,1.00),(84,'K01259',1.00,1.00),(84,'K01260',1.00,1.00),(84,'K01261',1.00,1.00),(84,'K01262',1.00,1.00),(84,'K01263',1.00,1.00),(84,'K01264',1.00,1.00),(84,'K01265',1.00,1.00),(84,'K01266',2.00,1.00),(84,'K01267',1.00,1.00),(84,'K01268',1.00,1.00),(84,'K01270',1.00,1.00),(84,'K01271',1.00,2.00),(84,'K01272',2.00,1.00),(84,'K01273',1.00,1.00),(84,'K01274',1.00,2.00),(84,'K01276',1.00,1.00),(84,'K01275',1.00,1.00),(84,'K01269',1.00,1.00),(84,'K01278',1.00,2.00),(84,'K01279',1.00,2.00),(84,'K01280',2.00,1.00),(84,'K01281',2.00,1.00),(84,'K01282',1.00,1.00),(84,'K01283',1.00,1.00),(84,'K01284',1.00,1.00),(84,'K01277',1.00,1.00),(84,'K01285',1.00,1.00),(84,'K01286',1.00,1.00),(84,'K01287',1.00,1.00),(84,'K01288',1.00,1.00),(85,'K01196',1.00,1.00),(85,'K01197',1.00,1.00),(85,'K01198',1.00,1.00),(85,'K01199',1.00,1.00),(85,'K01200',1.00,1.00),(85,'K01201',2.00,1.00),(85,'K01202',1.00,1.00),(85,'K01203',1.00,1.00),(85,'K01204',1.00,1.00),(85,'K01206',1.00,1.00),(85,'K01205',1.00,1.00),(85,'K01207',1.00,1.00),(85,'K01208',1.00,1.00),(85,'K01209',1.00,1.00),(85,'K01210',1.00,1.00),(85,'K01211',1.00,1.00),(85,'K01212',1.00,1.00),(85,'K01213',1.00,1.00),(85,'K01214',1.00,2.00),(85,'K01216',1.00,1.00),(85,'K01215',1.00,1.00),(85,'K01217',1.00,1.00),(85,'K01218',1.00,2.00),(85,'K01219',1.00,1.00),(85,'K01221',1.00,1.00),(85,'K01220',1.00,2.00),(85,'K01222',1.00,1.00),(85,'K01223',1.00,2.00),(85,'K01224',1.00,1.00),(85,'K01225',1.00,1.00),(85,'K01226',1.00,1.00),(85,'K01227',2.00,1.00),(85,'K01228',1.00,1.00),(85,'K01229',1.00,1.00),(85,'K01230',1.00,1.00),(85,'K01234',1.00,1.00),(85,'K01232',1.00,1.00),(85,'K01231',1.00,2.00),(85,'K01233',1.00,1.00),(85,'K01235',1.00,1.00),(85,'K01236',1.00,1.00),(85,'K01237',1.00,1.00),(85,'K01238',1.00,1.00),(85,'K01239',1.00,1.00),(85,'K01240',2.00,1.00),(85,'K01241',1.00,1.00),(85,'K01242',2.00,5.00),(85,'K01243',1.00,1.00),(85,'K01244',1.00,2.00),(85,'K01245',1.00,1.00),(85,'K01246',1.00,1.00),(85,'K01247',1.00,1.00),(85,'K01248',1.00,1.00),(85,'K01249',1.00,2.00),(85,'K01251',1.00,1.00),(85,'K01250',1.00,1.00),(85,'K01252',1.00,1.00),(85,'K01253',2.00,1.00),(85,'K01254',1.00,1.00),(85,'K01255',1.00,1.00),(85,'K01256',1.00,2.00),(85,'K01257',1.00,1.00),(85,'K01258',2.00,1.00),(85,'K01259',1.00,1.00),(85,'K01260',1.00,1.00),(85,'K01261',1.00,1.00),(85,'K01262',1.00,1.00),(85,'K01263',1.00,2.00),(85,'K01264',1.00,1.00),(85,'K01265',1.00,1.00),(85,'K01266',1.00,2.00),(85,'K01267',1.00,1.00),(85,'K01268',1.00,1.00),(85,'K01270',1.00,1.00),(85,'K01271',1.00,1.00),(85,'K01272',1.00,1.00),(85,'K01273',1.00,1.00),(85,'K01274',1.00,1.00),(85,'K01276',1.00,1.00),(85,'K01275',1.00,2.00),(85,'K01269',1.00,1.00),(85,'K01278',1.00,1.00),(85,'K01279',2.00,1.00),(85,'K01280',1.00,1.00),(85,'K01281',2.00,1.00),(85,'K01282',2.00,2.00),(85,'K01283',1.00,2.00),(85,'K01284',1.00,1.00),(85,'K01277',1.00,1.00),(85,'K01285',1.00,1.00),(85,'K01286',2.00,1.00),(85,'K01287',1.00,1.00),(85,'K01288',1.00,1.00),(86,'K01196',1.00,1.00),(86,'K01197',2.00,1.00),(86,'K01198',2.00,1.00),(86,'K01199',2.00,1.00),(86,'K01200',1.00,1.00),(86,'K01201',1.00,1.00),(86,'K01202',1.00,1.00),(86,'K01203',1.00,1.00),(86,'K01204',1.00,2.00),(86,'K01206',1.00,2.00),(86,'K01205',1.00,2.00),(86,'K01207',1.00,1.00),(86,'K01208',1.00,1.00),(86,'K01209',1.00,1.00),(86,'K01210',1.00,1.00),(86,'K01211',1.00,1.00),(86,'K01212',2.00,2.00),(86,'K01213',1.00,2.00),(86,'K01214',1.00,1.00),(86,'K01216',1.00,1.00),(86,'K01215',1.00,1.00),(86,'K01217',1.00,1.00),(86,'K01218',2.00,1.00),(86,'K01219',1.00,1.00),(86,'K01221',1.00,1.00),(86,'K01220',1.00,1.00),(86,'K01222',1.00,1.00),(86,'K01223',1.00,1.00),(86,'K01224',1.00,1.00),(86,'K01225',1.00,1.00),(86,'K01226',2.00,1.00),(86,'K01227',1.00,1.00),(86,'K01228',1.00,1.00),(86,'K01229',2.00,1.00),(86,'K01230',1.00,1.00),(86,'K01234',1.00,1.00),(86,'K01232',1.00,1.00),(86,'K01231',1.00,1.00),(86,'K01233',1.00,1.00),(86,'K01235',1.00,1.00),(86,'K01236',1.00,1.00),(86,'K01237',1.00,1.00),(86,'K01238',1.00,2.00),(86,'K01239',1.00,1.00),(86,'K01240',2.00,1.00),(86,'K01241',1.00,1.00),(86,'K01242',2.00,4.00),(86,'K01243',1.00,1.00),(86,'K01244',1.00,1.00),(86,'K01245',1.00,1.00),(86,'K01246',1.00,1.00),(86,'K01247',1.00,1.00),(86,'K01248',1.00,1.00),(86,'K01249',1.00,1.00),(86,'K01251',1.00,1.00),(86,'K01250',1.00,1.00),(86,'K01252',1.00,1.00),(86,'K01253',1.00,1.00),(86,'K01254',1.00,1.00),(86,'K01255',1.00,1.00),(86,'K01256',1.00,1.00),(86,'K01257',1.00,1.00),(86,'K01258',1.00,1.00),(86,'K01259',1.00,1.00),(86,'K01260',1.00,1.00),(86,'K01261',1.00,1.00),(86,'K01262',1.00,1.00),(86,'K01263',1.00,1.00),(86,'K01264',1.00,1.00),(86,'K01265',1.00,1.00),(86,'K01266',1.00,1.00),(86,'K01267',1.00,1.00),(86,'K01268',1.00,1.00),(86,'K01270',1.00,1.00),(86,'K01271',1.00,1.00),(86,'K01272',1.00,1.00),(86,'K01273',1.00,1.00),(86,'K01274',1.00,1.00),(86,'K01276',1.00,1.00),(86,'K01275',1.00,1.00),(86,'K01269',1.00,1.00),(86,'K01278',1.00,1.00),(86,'K01279',1.00,1.00),(86,'K01280',1.00,1.00),(86,'K01281',1.00,1.00),(86,'K01282',1.00,1.00),(86,'K01283',1.00,1.00),(86,'K01284',1.00,1.00),(86,'K01277',1.00,1.00),(86,'K01285',1.00,1.00),(86,'K01286',1.00,1.00),(86,'K01287',1.00,2.00),(86,'K01288',1.00,1.00),(90,'K01237',7.00,7.00),(90,'K01238',7.00,7.00),(90,'K01239',7.00,7.00),(90,'K01240',7.00,7.00),(90,'K01241',7.00,7.00),(90,'K01242',7.00,7.00),(90,'K01243',7.00,7.00),(90,'K01244',7.00,7.00),(90,'K01245',7.00,7.00),(90,'K01246',7.00,7.00),(90,'K01247',7.00,7.00),(90,'K01248',7.00,7.00),(90,'K01249',7.00,7.00),(90,'K01251',7.00,7.00),(90,'K01250',7.00,7.00),(90,'K01252',7.00,7.00),(90,'K01253',7.00,7.00),(90,'K01254',7.00,7.00),(90,'K01255',7.00,7.00),(90,'K01256',7.00,7.00),(90,'K01257',7.00,7.00),(90,'K01258',7.00,7.00),(90,'K01259',7.00,7.00),(90,'K01260',7.00,7.00),(90,'K01261',7.00,7.00),(90,'K01262',7.00,7.00),(90,'K01263',7.00,7.00),(90,'K01264',7.00,7.00),(90,'K01265',7.00,7.00),(90,'K01266',7.00,7.00),(90,'K01267',7.00,7.00),(90,'K01268',7.00,7.00),(90,'K01270',7.00,7.00),(90,'K01271',7.00,7.00),(90,'K01272',7.00,7.00),(90,'K01273',7.00,7.00),(90,'K01274',7.00,7.00),(90,'K01276',7.00,7.00),(90,'K01275',7.00,7.00),(90,'K01269',7.00,7.00),(90,'K01278',7.00,7.00),(90,'K01279',7.00,7.00),(90,'K01280',7.00,7.00),(90,'K01281',7.00,7.00),(90,'K01282',7.00,7.00),(90,'K01283',7.00,7.00),(90,'K01284',7.00,7.00),(90,'K01277',7.00,7.00),(90,'K01285',7.00,7.00),(90,'K01286',7.00,7.00),(90,'K01287',7.00,7.00),(90,'K01288',7.00,7.00),(91,'K01196',7.00,7.00),(91,'K01197',7.00,7.00),(91,'K01198',7.00,7.00),(91,'K01199',7.00,7.00),(91,'K01200',7.00,7.00),(91,'K01201',7.00,7.00),(91,'K01202',7.00,7.00),(91,'K01203',7.00,7.00),(91,'K01204',7.00,7.00),(91,'K01206',7.00,7.00),(91,'K01205',7.00,7.00),(91,'K01207',7.00,7.00),(91,'K01208',7.00,7.00),(91,'K01209',7.00,7.00),(91,'K01210',7.00,7.00),(91,'K01211',7.00,7.00),(91,'K01212',7.00,7.00),(91,'K01213',7.00,7.00),(91,'K01214',7.00,7.00),(91,'K01216',7.00,7.00),(91,'K01215',7.00,7.00),(91,'K01217',7.00,7.00),(91,'K01218',7.00,7.00),(91,'K01219',7.00,7.00),(91,'K01221',7.00,7.00),(91,'K01220',7.00,7.00),(91,'K01222',7.00,7.00),(91,'K01223',7.00,7.00),(91,'K01224',7.00,7.00),(91,'K01225',7.00,7.00),(91,'K01226',7.00,7.00),(91,'K01227',7.00,7.00),(91,'K01228',7.00,7.00),(91,'K01229',7.00,7.00),(91,'K01230',7.00,7.00),(91,'K01234',7.00,7.00),(91,'K01232',7.00,7.00),(91,'K01231',7.00,7.00),(91,'K01233',7.00,7.00),(91,'K01235',7.00,7.00),(91,'K01236',7.00,7.00),(91,'K01237',7.00,7.00),(91,'K01238',7.00,7.00),(91,'K01239',7.00,7.00),(91,'K01240',7.00,7.00),(91,'K01241',7.00,7.00),(91,'K01242',7.00,7.00),(91,'K01243',7.00,7.00),(91,'K01244',7.00,7.00),(91,'K01245',7.00,7.00),(91,'K01246',7.00,7.00),(91,'K01247',7.00,7.00),(91,'K01248',7.00,7.00),(91,'K01249',7.00,7.00),(91,'K01251',7.00,7.00),(91,'K01250',7.00,7.00),(91,'K01252',7.00,7.00),(91,'K01253',7.00,7.00),(91,'K01254',7.00,7.00),(91,'K01255',7.00,7.00),(91,'K01256',7.00,7.00),(91,'K01257',7.00,7.00),(91,'K01258',7.00,7.00),(91,'K01259',7.00,7.00),(91,'K01260',7.00,7.00),(91,'K01261',7.00,7.00),(91,'K01262',7.00,7.00),(91,'K01263',7.00,7.00),(91,'K01264',7.00,7.00),(91,'K01265',7.00,7.00),(91,'K01266',7.00,7.00),(91,'K01267',7.00,7.00),(91,'K01268',7.00,7.00),(91,'K01270',7.00,7.00),(91,'K01271',7.00,7.00),(91,'K01272',7.00,7.00),(91,'K01273',7.00,7.00),(91,'K01274',7.00,7.00),(91,'K01276',7.00,7.00),(91,'K01275',7.00,7.00),(91,'K01269',7.00,7.00),(91,'K01278',7.00,7.00),(91,'K01279',7.00,7.00),(91,'K01280',7.00,7.00),(91,'K01281',7.00,7.00),(91,'K01282',7.00,7.00),(91,'K01283',7.00,7.00),(91,'K01284',7.00,7.00),(91,'K01277',7.00,7.00),(91,'K01285',7.00,7.00),(91,'K01286',7.00,7.00),(91,'K01287',7.00,7.00),(91,'K01288',7.00,7.00),(92,'K01196',7.00,7.00),(92,'K01197',7.00,7.00),(92,'K01198',7.00,7.00),(92,'K01199',7.00,7.00),(92,'K01200',7.00,7.00),(92,'K01201',7.00,7.00),(92,'K01202',7.00,7.00),(92,'K01203',7.00,7.00),(92,'K01204',7.00,7.00),(92,'K01206',7.00,7.00),(92,'K01205',7.00,7.00),(92,'K01207',7.00,7.00),(92,'K01208',7.00,7.00),(92,'K01209',7.00,7.00),(92,'K01210',7.00,7.00),(92,'K01211',7.00,7.00),(92,'K01212',7.00,7.00),(92,'K01213',7.00,7.00),(92,'K01214',7.00,7.00),(92,'K01216',7.00,7.00),(92,'K01215',7.00,7.00),(92,'K01217',7.00,7.00),(92,'K01218',7.00,7.00),(92,'K01219',7.00,7.00),(92,'K01221',7.00,7.00),(92,'K01220',7.00,7.00),(92,'K01222',7.00,7.00),(92,'K01223',7.00,7.00),(92,'K01224',7.00,7.00),(92,'K01225',7.00,7.00),(92,'K01226',7.00,7.00),(92,'K01227',7.00,7.00),(92,'K01228',7.00,7.00),(92,'K01229',7.00,7.00),(92,'K01230',7.00,7.00),(92,'K01234',7.00,7.00),(92,'K01232',7.00,7.00),(92,'K01231',7.00,7.00),(92,'K01233',7.00,7.00),(92,'K01235',7.00,7.00),(92,'K01236',7.00,7.00),(92,'K01237',7.00,7.00),(92,'K01238',7.00,7.00),(92,'K01239',7.00,7.00),(92,'K01240',7.00,7.00),(92,'K01241',7.00,7.00),(92,'K01242',7.00,7.00),(92,'K01243',7.00,7.00),(92,'K01244',7.00,7.00),(92,'K01245',7.00,7.00),(92,'K01246',7.00,7.00),(92,'K01247',7.00,7.00),(92,'K01248',7.00,7.00),(92,'K01249',7.00,7.00),(92,'K01251',7.00,7.00),(92,'K01250',7.00,7.00),(92,'K01252',7.00,7.00),(92,'K01253',7.00,7.00),(92,'K01254',7.00,7.00),(92,'K01255',7.00,7.00),(92,'K01256',7.00,7.00),(92,'K01257',7.00,7.00),(92,'K01258',7.00,7.00),(92,'K01259',7.00,7.00),(92,'K01260',7.00,7.00),(92,'K01261',7.00,7.00),(92,'K01262',7.00,7.00),(92,'K01263',7.00,7.00),(92,'K01264',7.00,7.00),(92,'K01265',7.00,7.00),(92,'K01266',7.00,7.00),(92,'K01267',7.00,7.00),(92,'K01268',7.00,7.00),(92,'K01270',7.00,7.00),(92,'K01271',7.00,7.00),(92,'K01272',7.00,7.00),(92,'K01273',7.00,7.00),(92,'K01274',7.00,7.00),(92,'K01276',7.00,7.00),(92,'K01275',7.00,7.00),(92,'K01269',7.00,7.00),(92,'K01278',7.00,7.00),(92,'K01279',7.00,7.00),(92,'K01280',7.00,7.00),(92,'K01281',7.00,7.00),(92,'K01282',7.00,7.00),(92,'K01283',7.00,7.00),(92,'K01284',7.00,7.00),(92,'K01277',7.00,7.00),(92,'K01285',7.00,7.00),(92,'K01286',7.00,7.00),(92,'K01287',7.00,7.00),(92,'K01288',7.00,7.00),(94,'K01196',7.00,7.00),(94,'K01197',7.00,7.00),(94,'K01198',7.00,7.00),(94,'K01199',7.00,7.00),(94,'K01200',7.00,7.00),(94,'K01201',7.00,7.00),(94,'K01202',7.00,7.00),(94,'K01203',7.00,7.00),(94,'K01204',7.00,7.00),(94,'K01206',7.00,7.00),(94,'K01205',7.00,7.00),(94,'K01207',7.00,7.00),(94,'K01208',7.00,7.00),(94,'K01209',7.00,7.00),(94,'K01210',7.00,7.00),(94,'K01211',7.00,7.00),(94,'K01212',7.00,7.00),(94,'K01213',7.00,7.00),(94,'K01214',7.00,7.00),(94,'K01216',7.00,7.00),(94,'K01215',7.00,7.00),(94,'K01217',7.00,7.00),(94,'K01218',7.00,7.00),(94,'K01219',7.00,7.00),(94,'K01221',7.00,7.00),(94,'K01220',7.00,7.00),(94,'K01222',7.00,7.00),(94,'K01223',7.00,7.00),(94,'K01224',7.00,7.00),(94,'K01225',7.00,7.00),(94,'K01226',7.00,7.00),(94,'K01227',7.00,7.00),(94,'K01228',7.00,7.00),(94,'K01229',7.00,7.00),(94,'K01230',7.00,7.00),(94,'K01234',7.00,7.00),(94,'K01232',7.00,7.00),(94,'K01231',7.00,7.00),(94,'K01233',7.00,7.00),(94,'K01235',7.00,7.00),(94,'K01236',7.00,7.00),(94,'K01237',7.00,7.00),(94,'K01238',7.00,7.00),(94,'K01239',7.00,7.00),(94,'K01240',7.00,7.00),(94,'K01241',7.00,7.00),(94,'K01242',7.00,7.00),(94,'K01243',7.00,7.00),(94,'K01244',7.00,7.00),(94,'K01245',7.00,7.00),(94,'K01246',7.00,7.00),(94,'K01247',7.00,7.00),(94,'K01248',7.00,7.00),(94,'K01249',7.00,7.00),(94,'K01251',7.00,7.00),(94,'K01250',7.00,7.00),(94,'K01252',7.00,7.00),(94,'K01253',7.00,7.00),(94,'K01254',7.00,7.00),(94,'K01255',7.00,7.00),(94,'K01256',7.00,7.00),(94,'K01257',7.00,7.00),(94,'K01258',7.00,7.00),(94,'K01259',7.00,7.00),(94,'K01260',7.00,7.00),(94,'K01261',7.00,7.00),(94,'K01262',7.00,7.00),(94,'K01263',7.00,7.00),(94,'K01264',7.00,7.00),(94,'K01265',7.00,7.00),(94,'K01266',7.00,7.00),(94,'K01267',7.00,7.00),(94,'K01268',7.00,7.00),(94,'K01270',7.00,7.00),(94,'K01271',7.00,7.00),(94,'K01272',7.00,7.00),(94,'K01273',7.00,7.00),(94,'K01274',7.00,7.00),(94,'K01276',7.00,7.00),(94,'K01275',7.00,7.00),(94,'K01269',7.00,7.00),(94,'K01278',7.00,7.00),(94,'K01279',7.00,7.00),(94,'K01280',7.00,7.00),(94,'K01281',7.00,7.00),(94,'K01282',7.00,7.00),(94,'K01283',7.00,7.00),(94,'K01284',7.00,7.00),(94,'K01277',7.00,7.00),(94,'K01285',7.00,7.00),(94,'K01286',7.00,7.00),(94,'K01287',7.00,7.00),(94,'K01288',7.00,7.00),(95,'K01196',7.00,7.00),(95,'K01197',7.00,7.00),(95,'K01198',7.00,7.00),(95,'K01199',7.00,7.00),(95,'K01200',7.00,7.00),(95,'K01201',7.00,7.00),(95,'K01202',7.00,7.00),(95,'K01203',7.00,7.00),(95,'K01204',7.00,7.00),(95,'K01206',7.00,7.00),(95,'K01205',7.00,7.00),(95,'K01207',7.00,7.00),(95,'K01208',7.00,7.00),(95,'K01209',7.00,7.00),(95,'K01210',7.00,7.00),(95,'K01211',7.00,7.00),(95,'K01212',7.00,7.00),(95,'K01213',7.00,7.00),(95,'K01214',7.00,7.00),(95,'K01216',7.00,7.00),(95,'K01215',7.00,7.00),(95,'K01217',7.00,7.00),(95,'K01218',7.00,7.00),(95,'K01219',7.00,7.00),(95,'K01221',7.00,7.00),(95,'K01220',7.00,7.00),(95,'K01222',7.00,7.00),(95,'K01223',7.00,7.00),(95,'K01224',7.00,7.00),(95,'K01225',7.00,7.00),(95,'K01226',7.00,7.00),(95,'K01227',7.00,7.00),(95,'K01228',7.00,7.00),(95,'K01229',7.00,7.00),(95,'K01230',7.00,7.00),(95,'K01234',7.00,7.00),(95,'K01232',7.00,7.00),(95,'K01231',7.00,7.00),(95,'K01233',7.00,7.00),(95,'K01235',7.00,7.00),(95,'K01236',7.00,7.00),(95,'K01237',7.00,7.00),(95,'K01238',7.00,7.00),(95,'K01239',7.00,7.00),(95,'K01240',7.00,7.00),(95,'K01241',7.00,7.00),(95,'K01242',7.00,7.00),(95,'K01243',7.00,7.00),(95,'K01244',7.00,7.00),(95,'K01245',7.00,7.00),(95,'K01246',7.00,7.00),(95,'K01247',7.00,7.00),(95,'K01248',7.00,7.00),(95,'K01249',7.00,7.00),(95,'K01251',7.00,7.00),(95,'K01250',7.00,7.00),(95,'K01252',7.00,7.00),(95,'K01253',7.00,7.00),(95,'K01254',7.00,7.00),(95,'K01255',7.00,7.00),(95,'K01256',7.00,7.00),(95,'K01257',7.00,7.00),(95,'K01258',7.00,7.00),(95,'K01259',7.00,7.00),(95,'K01260',7.00,7.00),(95,'K01261',7.00,7.00),(95,'K01262',7.00,7.00),(95,'K01263',7.00,7.00),(95,'K01264',7.00,7.00),(95,'K01265',7.00,7.00),(95,'K01266',7.00,7.00),(95,'K01267',7.00,7.00),(95,'K01268',7.00,7.00),(95,'K01270',7.00,7.00),(95,'K01271',7.00,7.00),(95,'K01272',7.00,7.00),(95,'K01273',7.00,7.00),(95,'K01274',7.00,7.00),(95,'K01276',7.00,7.00),(95,'K01275',7.00,7.00),(95,'K01269',7.00,7.00),(95,'K01278',7.00,7.00),(95,'K01279',7.00,7.00),(95,'K01280',7.00,7.00),(95,'K01281',7.00,7.00),(95,'K01282',7.00,7.00),(95,'K01283',7.00,7.00),(95,'K01284',7.00,7.00),(95,'K01277',7.00,7.00),(95,'K01285',7.00,7.00),(95,'K01286',7.00,7.00),(95,'K01287',7.00,7.00),(95,'K01288',7.00,7.00),(96,'K01196',7.00,7.00),(96,'K01197',7.00,7.00),(96,'K01198',7.00,7.00),(96,'K01199',7.00,7.00),(96,'K01200',7.00,7.00),(96,'K01201',7.00,7.00),(96,'K01202',7.00,7.00),(96,'K01203',7.00,7.00),(96,'K01204',7.00,7.00),(96,'K01206',7.00,7.00),(96,'K01205',7.00,7.00),(96,'K01207',7.00,7.00),(96,'K01208',7.00,7.00),(96,'K01209',7.00,7.00),(96,'K01210',7.00,7.00),(96,'K01211',7.00,7.00),(96,'K01212',7.00,7.00),(96,'K01213',7.00,7.00),(96,'K01214',7.00,7.00),(96,'K01216',7.00,7.00),(96,'K01215',7.00,7.00),(96,'K01217',7.00,7.00),(96,'K01218',7.00,7.00),(96,'K01219',7.00,7.00),(96,'K01221',7.00,7.00),(96,'K01220',7.00,7.00),(96,'K01222',7.00,7.00),(96,'K01223',7.00,7.00),(96,'K01224',7.00,7.00),(96,'K01225',7.00,7.00),(96,'K01226',7.00,7.00),(96,'K01227',7.00,7.00),(96,'K01228',7.00,7.00),(96,'K01229',7.00,7.00),(96,'K01230',7.00,7.00),(96,'K01234',7.00,7.00),(96,'K01232',7.00,7.00),(96,'K01231',7.00,7.00),(96,'K01233',7.00,7.00),(96,'K01235',7.00,7.00),(96,'K01236',7.00,7.00),(96,'K01237',7.00,7.00),(96,'K01238',7.00,7.00),(96,'K01239',7.00,7.00),(96,'K01240',7.00,7.00),(96,'K01241',7.00,7.00),(96,'K01242',7.00,7.00),(96,'K01243',7.00,7.00),(96,'K01244',7.00,7.00),(96,'K01245',7.00,7.00),(96,'K01246',7.00,7.00),(96,'K01247',7.00,7.00),(96,'K01248',7.00,7.00),(96,'K01249',7.00,7.00),(96,'K01251',7.00,7.00),(96,'K01250',7.00,7.00),(96,'K01252',7.00,7.00),(96,'K01253',7.00,7.00),(96,'K01254',7.00,7.00),(96,'K01255',7.00,7.00),(96,'K01256',7.00,7.00),(96,'K01257',7.00,7.00),(96,'K01258',7.00,7.00),(96,'K01259',7.00,7.00),(96,'K01260',7.00,7.00),(96,'K01261',7.00,7.00),(96,'K01262',7.00,7.00),(96,'K01263',7.00,7.00),(96,'K01264',7.00,7.00),(96,'K01265',7.00,7.00),(96,'K01266',7.00,7.00),(96,'K01267',7.00,7.00),(96,'K01268',7.00,7.00),(96,'K01270',7.00,7.00),(96,'K01271',7.00,7.00),(96,'K01272',7.00,7.00),(96,'K01273',7.00,7.00),(96,'K01274',7.00,7.00),(96,'K01276',7.00,7.00),(96,'K01275',7.00,7.00),(96,'K01269',7.00,7.00),(96,'K01278',7.00,7.00),(96,'K01279',7.00,7.00),(96,'K01280',7.00,7.00),(96,'K01281',7.00,7.00),(96,'K01282',7.00,7.00),(96,'K01283',7.00,7.00),(96,'K01284',7.00,7.00),(96,'K01277',7.00,7.00),(96,'K01285',7.00,7.00),(96,'K01286',7.00,7.00),(96,'K01287',7.00,7.00),(96,'K01288',7.00,7.00),(97,'K01196',7.00,7.00),(97,'K01197',7.00,7.00),(97,'K01198',7.00,7.00),(97,'K01199',7.00,7.00),(97,'K01200',7.00,7.00),(97,'K01201',7.00,7.00),(97,'K01202',7.00,7.00),(97,'K01203',7.00,7.00),(97,'K01204',7.00,7.00),(97,'K01206',7.00,7.00),(97,'K01205',7.00,7.00),(97,'K01207',7.00,7.00),(97,'K01208',7.00,7.00),(97,'K01209',7.00,7.00),(97,'K01210',7.00,7.00),(97,'K01211',7.00,7.00),(97,'K01212',7.00,7.00),(97,'K01213',7.00,7.00),(97,'K01214',7.00,7.00),(97,'K01216',7.00,7.00),(97,'K01215',7.00,7.00),(97,'K01217',7.00,7.00),(97,'K01218',7.00,7.00),(97,'K01219',7.00,7.00),(97,'K01221',7.00,7.00),(97,'K01220',7.00,7.00),(97,'K01222',7.00,7.00),(97,'K01223',7.00,7.00),(97,'K01224',7.00,7.00),(97,'K01225',7.00,7.00),(97,'K01226',7.00,7.00),(97,'K01227',7.00,7.00),(97,'K01228',7.00,7.00),(97,'K01229',7.00,7.00),(97,'K01230',7.00,7.00),(97,'K01234',7.00,7.00),(97,'K01232',7.00,7.00),(97,'K01231',7.00,7.00),(97,'K01233',7.00,7.00),(97,'K01235',7.00,7.00),(97,'K01236',7.00,7.00),(97,'K01237',7.00,7.00),(97,'K01238',7.00,7.00),(97,'K01239',7.00,7.00),(97,'K01240',7.00,7.00),(97,'K01241',7.00,7.00),(97,'K01242',7.00,7.00),(97,'K01243',7.00,7.00),(97,'K01244',7.00,7.00),(97,'K01245',7.00,7.00),(97,'K01246',7.00,7.00),(97,'K01247',7.00,7.00),(97,'K01248',7.00,7.00),(97,'K01249',7.00,7.00),(97,'K01251',7.00,7.00),(97,'K01250',7.00,7.00),(97,'K01252',7.00,7.00),(97,'K01253',7.00,7.00),(97,'K01254',7.00,7.00),(97,'K01255',7.00,7.00),(97,'K01256',7.00,7.00),(97,'K01257',7.00,7.00),(97,'K01258',7.00,7.00),(97,'K01259',7.00,7.00),(97,'K01260',7.00,7.00),(97,'K01261',7.00,7.00),(97,'K01262',7.00,7.00),(97,'K01263',7.00,7.00),(97,'K01264',7.00,7.00),(97,'K01265',7.00,7.00),(97,'K01266',7.00,7.00),(97,'K01267',7.00,7.00),(97,'K01268',7.00,7.00),(97,'K01270',7.00,7.00),(97,'K01271',7.00,7.00),(97,'K01272',7.00,7.00),(97,'K01273',7.00,7.00),(97,'K01274',7.00,7.00),(97,'K01276',7.00,7.00),(97,'K01275',7.00,7.00),(97,'K01269',7.00,7.00),(97,'K01278',7.00,7.00),(97,'K01279',7.00,7.00),(97,'K01280',7.00,7.00),(97,'K01281',7.00,7.00),(97,'K01282',7.00,7.00),(97,'K01283',7.00,7.00),(97,'K01284',7.00,7.00),(97,'K01277',7.00,7.00),(97,'K01285',7.00,7.00),(97,'K01286',7.00,7.00),(97,'K01287',7.00,7.00),(97,'K01288',7.00,7.00),(99,'K01196',5.00,6.00),(99,'K01197',7.00,5.00),(99,'K01198',4.00,4.00),(99,'K01199',7.00,7.00),(99,'K01200',7.00,7.00),(99,'K01201',4.00,7.00),(99,'K01202',7.00,7.00),(99,'K01203',7.00,4.00),(99,'K01204',5.00,5.00),(99,'K01206',7.00,4.00),(99,'K01205',4.00,5.00),(99,'K01207',5.00,7.00),(99,'K01208',5.00,4.00),(99,'K01209',5.00,7.00),(99,'K01210',7.00,5.00),(99,'K01211',5.00,5.00),(99,'K01212',7.00,5.00),(99,'K01213',7.00,5.00),(99,'K01214',7.00,3.00),(99,'K01216',7.00,5.00),(99,'K01215',7.00,7.00),(99,'K01217',7.00,4.00),(99,'K01218',7.00,7.00),(99,'K01219',5.00,4.00),(99,'K01221',5.00,4.00),(99,'K01220',7.00,7.00),(99,'K01222',7.00,7.00),(99,'K01223',4.00,7.00),(99,'K01224',5.00,7.00),(99,'K01225',7.00,7.00),(99,'K01226',7.00,5.00),(99,'K01227',7.00,7.00),(99,'K01228',7.00,7.00),(99,'K01229',5.00,7.00),(99,'K01230',7.00,4.00),(99,'K01234',5.00,7.00),(99,'K01232',7.00,4.00),(99,'K01231',4.00,7.00),(99,'K01233',4.00,7.00),(99,'K01235',5.00,3.00),(99,'K01236',5.00,5.00),(99,'K01237',5.00,7.00),(99,'K01238',4.00,4.00),(99,'K01239',7.00,7.00),(99,'K01240',7.00,7.00),(99,'K01241',7.00,4.00),(99,'K01242',5.00,7.00),(99,'K01243',5.00,4.00),(99,'K01244',7.00,5.00),(99,'K01245',7.00,7.00),(99,'K01246',5.00,7.00),(99,'K01247',7.00,5.00),(99,'K01248',5.00,4.00),(99,'K01249',7.00,4.00),(99,'K01251',7.00,3.00),(99,'K01250',5.00,7.00),(99,'K01252',7.00,5.00),(99,'K01253',7.00,5.00),(99,'K01254',5.00,4.00),(99,'K01255',7.00,7.00),(99,'K01256',4.00,7.00),(99,'K01257',6.00,5.00),(99,'K01258',6.00,7.00),(99,'K01259',7.00,7.00),(99,'K01260',7.00,7.00),(99,'K01261',6.00,4.00),(99,'K01262',5.00,7.00),(99,'K01263',4.00,5.00),(99,'K01264',5.00,7.00),(99,'K01265',5.00,4.00),(99,'K01266',7.00,5.00),(99,'K01267',7.00,7.00),(99,'K01268',7.00,7.00),(99,'K01270',7.00,7.00),(99,'K01271',5.00,4.00),(99,'K01272',7.00,5.00),(99,'K01273',5.00,7.00),(99,'K01274',4.00,5.00),(99,'K01276',7.00,4.00),(99,'K01275',5.00,7.00),(99,'K01269',5.00,5.00),(99,'K01278',5.00,7.00),(99,'K01279',4.00,5.00),(99,'K01280',5.00,7.00),(99,'K01281',5.00,5.00),(99,'K01282',4.00,7.00),(99,'K01283',7.00,3.00),(99,'K01284',7.00,7.00),(99,'K01277',5.00,7.00),(99,'K01285',4.00,5.00),(99,'K01286',5.00,7.00),(99,'K01287',4.00,5.00),(99,'K01288',5.00,4.00),(100,'K01196',7.00,5.00),(100,'K01197',4.00,6.00),(100,'K01198',6.00,5.00),(100,'K01199',6.00,6.00),(100,'K01200',6.00,6.00),(100,'K01201',6.00,6.00),(100,'K01202',6.00,5.00),(100,'K01203',6.00,6.00),(100,'K01204',4.00,7.00),(100,'K01206',7.00,6.00),(100,'K01205',6.00,6.00),(100,'K01207',6.00,6.00),(100,'K01208',6.00,6.00),(100,'K01209',5.00,5.00),(100,'K01210',5.00,5.00),(100,'K01211',7.00,5.00),(100,'K01212',7.00,6.00),(100,'K01213',6.00,6.00),(100,'K01214',6.00,6.00),(100,'K01216',6.00,5.00),(100,'K01215',6.00,6.00),(100,'K01217',6.00,6.00),(100,'K01218',6.00,6.00),(100,'K01219',5.00,6.00),(100,'K01221',6.00,5.00),(100,'K01220',6.00,6.00),(100,'K01222',6.00,6.00),(100,'K01223',6.00,6.00),(100,'K01224',4.00,3.00),(100,'K01225',6.00,6.00),(100,'K01226',6.00,7.00),(100,'K01227',7.00,6.00),(100,'K01228',7.00,7.00),(100,'K01229',6.00,5.00),(100,'K01230',7.00,4.00),(100,'K01234',6.00,7.00),(100,'K01232',6.00,6.00),(100,'K01231',4.00,4.00),(100,'K01233',4.00,6.00),(100,'K01235',6.00,6.00),(100,'K01236',6.00,5.00),(100,'K01237',6.00,7.00),(100,'K01238',7.00,5.00),(100,'K01239',5.00,5.00),(100,'K01240',6.00,7.00),(100,'K01241',4.00,6.00),(100,'K01242',4.00,6.00),(100,'K01243',7.00,7.00),(100,'K01244',5.00,6.00),(100,'K01245',2.00,3.00),(100,'K01246',6.00,6.00),(100,'K01247',6.00,6.00),(100,'K01248',6.00,6.00),(100,'K01249',6.00,4.00),(100,'K01251',4.00,5.00),(100,'K01250',6.00,4.00),(100,'K01252',6.00,6.00),(100,'K01253',5.00,6.00),(100,'K01254',5.00,6.00),(100,'K01255',6.00,5.00),(100,'K01256',3.00,6.00),(100,'K01257',4.00,5.00),(100,'K01258',5.00,5.00),(100,'K01259',4.00,6.00),(100,'K01260',7.00,6.00),(100,'K01261',7.00,6.00),(100,'K01262',7.00,7.00),(100,'K01263',6.00,6.00),(100,'K01264',6.00,6.00),(100,'K01265',6.00,5.00),(100,'K01266',6.00,7.00),(100,'K01267',5.00,6.00),(100,'K01268',5.00,5.00),(100,'K01270',6.00,4.00),(100,'K01271',7.00,5.00),(100,'K01272',6.00,6.00),(100,'K01273',6.00,6.00),(100,'K01274',7.00,6.00),(100,'K01276',6.00,6.00),(100,'K01275',7.00,6.00),(100,'K01269',6.00,5.00),(100,'K01278',5.00,4.00),(100,'K01279',6.00,6.00),(100,'K01280',6.00,6.00),(100,'K01281',7.00,6.00),(100,'K01282',5.00,5.00),(100,'K01283',6.00,6.00),(100,'K01284',6.00,6.00),(100,'K01277',7.00,6.00),(100,'K01285',2.00,4.00),(100,'K01286',6.00,6.00),(100,'K01287',6.00,6.00),(100,'K01288',6.00,5.00),(101,'K01196',6.00,5.00),(101,'K01197',6.00,6.00),(101,'K01198',6.00,6.00),(101,'K01199',6.00,5.00),(101,'K01200',6.00,6.00),(101,'K01201',5.00,6.00),(101,'K01202',6.00,6.00),(101,'K01203',5.00,6.00),(101,'K01204',6.00,4.00),(101,'K01206',6.00,6.00),(101,'K01205',6.00,6.00),(101,'K01207',6.00,5.00),(101,'K01208',5.00,5.00),(101,'K01209',6.00,4.00),(101,'K01210',4.00,7.00),(101,'K01211',6.00,6.00),(101,'K01212',5.00,5.00),(101,'K01213',6.00,6.00),(101,'K01214',6.00,6.00),(101,'K01216',5.00,6.00),(101,'K01215',6.00,6.00),(101,'K01217',5.00,5.00),(101,'K01218',6.00,6.00),(101,'K01219',6.00,6.00),(101,'K01221',6.00,7.00),(101,'K01220',6.00,6.00),(101,'K01222',6.00,5.00),(101,'K01223',6.00,6.00),(101,'K01224',6.00,6.00),(101,'K01225',6.00,7.00),(101,'K01226',6.00,6.00),(101,'K01227',6.00,6.00),(101,'K01228',4.00,5.00),(101,'K01229',5.00,6.00),(101,'K01230',6.00,6.00),(101,'K01234',6.00,6.00),(101,'K01232',5.00,5.00),(101,'K01231',5.00,6.00),(101,'K01233',6.00,5.00),(101,'K01235',7.00,6.00),(101,'K01236',7.00,6.00),(101,'K01237',6.00,6.00),(101,'K01238',6.00,6.00),(101,'K01239',5.00,6.00),(101,'K01240',5.00,4.00),(101,'K01241',4.00,6.00),(101,'K01242',5.00,5.00),(101,'K01243',5.00,6.00),(101,'K01244',6.00,6.00),(101,'K01245',6.00,6.00),(101,'K01246',6.00,6.00),(101,'K01247',6.00,6.00),(101,'K01248',6.00,6.00),(101,'K01249',7.00,6.00),(101,'K01251',6.00,6.00),(101,'K01250',6.00,5.00),(101,'K01252',6.00,6.00),(101,'K01253',6.00,6.00),(101,'K01254',6.00,6.00),(101,'K01255',6.00,6.00),(101,'K01256',6.00,6.00),(101,'K01257',6.00,6.00),(101,'K01258',4.00,6.00),(101,'K01259',6.00,6.00),(101,'K01260',5.00,6.00),(101,'K01261',7.00,5.00),(101,'K01262',6.00,6.00),(101,'K01263',6.00,6.00),(101,'K01264',6.00,6.00),(101,'K01265',6.00,6.00),(101,'K01266',5.00,6.00),(101,'K01267',6.00,6.00),(101,'K01268',6.00,5.00),(101,'K01270',6.00,7.00),(101,'K01271',5.00,6.00),(101,'K01272',6.00,5.00),(101,'K01273',4.00,4.00),(101,'K01274',6.00,6.00),(101,'K01276',6.00,5.00),(101,'K01275',7.00,6.00),(101,'K01269',5.00,5.00),(101,'K01278',6.00,6.00),(101,'K01279',6.00,6.00),(101,'K01280',6.00,6.00),(101,'K01281',5.00,5.00),(101,'K01282',6.00,5.00),(101,'K01283',6.00,5.00),(101,'K01284',6.00,6.00),(101,'K01277',6.00,6.00),(101,'K01285',6.00,6.00),(101,'K01286',6.00,6.00),(101,'K01287',6.00,6.00),(101,'K01288',6.00,6.00),(102,'K01196',7.00,7.00),(102,'K01197',7.00,7.00),(102,'K01198',7.00,7.00),(102,'K01199',7.00,7.00),(102,'K01200',7.00,7.00),(102,'K01201',7.00,7.00),(102,'K01202',7.00,7.00),(102,'K01203',7.00,7.00),(102,'K01204',7.00,7.00),(102,'K01206',7.00,7.00),(102,'K01205',7.00,7.00),(102,'K01207',7.00,7.00),(102,'K01208',7.00,7.00),(102,'K01209',7.00,7.00),(102,'K01210',7.00,7.00),(102,'K01211',7.00,7.00),(102,'K01212',7.00,7.00),(102,'K01213',7.00,7.00),(102,'K01214',7.00,7.00),(102,'K01216',7.00,7.00),(102,'K01215',7.00,7.00),(102,'K01217',7.00,7.00),(102,'K01218',7.00,7.00),(102,'K01219',7.00,7.00),(102,'K01221',7.00,7.00),(102,'K01220',7.00,7.00),(102,'K01222',7.00,7.00),(102,'K01223',7.00,7.00),(102,'K01224',7.00,7.00),(102,'K01225',7.00,7.00),(102,'K01226',7.00,7.00),(102,'K01227',7.00,7.00),(102,'K01228',7.00,7.00),(102,'K01229',7.00,7.00),(102,'K01230',7.00,7.00),(102,'K01234',7.00,7.00),(102,'K01232',7.00,7.00),(102,'K01231',7.00,7.00),(102,'K01233',7.00,7.00),(102,'K01235',7.00,7.00),(102,'K01236',7.00,7.00),(102,'K01237',7.00,7.00),(102,'K01238',7.00,7.00),(102,'K01239',7.00,7.00),(102,'K01240',7.00,7.00),(102,'K01241',7.00,7.00),(102,'K01242',7.00,7.00),(102,'K01243',7.00,7.00),(102,'K01244',7.00,7.00),(102,'K01245',7.00,7.00),(102,'K01246',7.00,7.00),(102,'K01247',7.00,7.00),(102,'K01248',7.00,7.00),(102,'K01249',7.00,7.00),(102,'K01251',7.00,7.00),(102,'K01250',7.00,7.00),(102,'K01252',7.00,7.00),(102,'K01253',7.00,7.00),(102,'K01254',7.00,7.00),(102,'K01255',7.00,7.00),(102,'K01256',7.00,7.00),(102,'K01257',7.00,7.00),(102,'K01258',7.00,7.00),(102,'K01259',7.00,7.00),(102,'K01260',7.00,7.00),(102,'K01261',7.00,7.00),(102,'K01262',7.00,7.00),(102,'K01263',7.00,7.00),(102,'K01264',7.00,7.00),(102,'K01265',7.00,7.00),(102,'K01266',7.00,7.00),(102,'K01267',7.00,7.00),(102,'K01268',7.00,7.00),(102,'K01270',7.00,7.00),(102,'K01271',7.00,7.00),(102,'K01272',7.00,7.00),(102,'K01273',7.00,7.00),(102,'K01274',7.00,7.00),(102,'K01276',7.00,7.00),(102,'K01275',7.00,7.00),(102,'K01269',7.00,7.00),(102,'K01278',7.00,7.00),(102,'K01279',7.00,7.00),(102,'K01280',7.00,7.00),(102,'K01281',7.00,7.00),(102,'K01282',7.00,7.00),(102,'K01283',7.00,7.00),(102,'K01284',7.00,7.00),(102,'K01277',7.00,7.00),(102,'K01285',7.00,7.00),(102,'K01286',7.00,7.00),(102,'K01287',7.00,7.00),(102,'K01288',7.00,7.00),(103,'K01196',7.00,7.00),(103,'K01197',7.00,7.00),(103,'K01198',7.00,7.00),(103,'K01199',7.00,7.00),(103,'K01200',7.00,7.00),(103,'K01201',7.00,7.00),(103,'K01202',7.00,7.00),(103,'K01203',7.00,7.00),(103,'K01204',7.00,7.00),(103,'K01206',7.00,7.00),(103,'K01205',7.00,7.00),(103,'K01207',7.00,7.00),(103,'K01208',7.00,7.00),(103,'K01209',7.00,7.00),(103,'K01210',7.00,7.00),(103,'K01211',7.00,7.00),(103,'K01212',7.00,7.00),(103,'K01213',7.00,7.00),(103,'K01214',7.00,7.00),(103,'K01216',7.00,7.00),(103,'K01215',7.00,7.00),(103,'K01217',7.00,7.00),(103,'K01218',7.00,7.00),(103,'K01219',7.00,7.00),(103,'K01221',7.00,7.00),(103,'K01220',7.00,7.00),(103,'K01222',7.00,7.00),(103,'K01223',7.00,7.00),(103,'K01224',7.00,7.00),(103,'K01225',7.00,7.00),(103,'K01226',7.00,7.00),(103,'K01227',7.00,7.00),(103,'K01228',7.00,7.00),(103,'K01229',7.00,7.00),(103,'K01230',7.00,7.00),(103,'K01234',7.00,7.00),(103,'K01232',7.00,7.00),(103,'K01231',7.00,7.00),(103,'K01233',7.00,7.00),(103,'K01235',7.00,7.00),(103,'K01236',7.00,7.00),(103,'K01237',7.00,7.00),(103,'K01238',7.00,7.00),(103,'K01239',7.00,7.00),(103,'K01240',7.00,7.00),(103,'K01241',7.00,7.00),(103,'K01242',7.00,7.00),(103,'K01243',7.00,7.00),(103,'K01244',7.00,7.00),(103,'K01245',7.00,7.00),(103,'K01246',7.00,7.00),(103,'K01247',7.00,7.00),(103,'K01248',7.00,7.00),(103,'K01249',7.00,7.00),(103,'K01251',7.00,7.00),(103,'K01250',7.00,7.00),(103,'K01252',7.00,7.00),(103,'K01253',7.00,7.00),(103,'K01254',7.00,7.00),(103,'K01255',7.00,7.00),(103,'K01256',7.00,7.00),(103,'K01257',7.00,7.00),(103,'K01258',7.00,7.00),(103,'K01259',7.00,7.00),(103,'K01260',7.00,7.00),(103,'K01261',7.00,7.00),(103,'K01262',7.00,7.00),(103,'K01263',7.00,7.00),(103,'K01264',7.00,7.00),(103,'K01265',7.00,7.00),(103,'K01266',7.00,7.00),(103,'K01267',7.00,7.00),(103,'K01268',7.00,7.00),(103,'K01270',7.00,7.00),(103,'K01271',7.00,7.00),(103,'K01272',7.00,7.00),(103,'K01273',7.00,7.00),(103,'K01274',7.00,7.00),(103,'K01276',7.00,7.00),(103,'K01275',7.00,7.00),(103,'K01269',7.00,7.00),(103,'K01278',7.00,7.00),(103,'K01279',7.00,7.00),(103,'K01280',7.00,7.00),(103,'K01281',7.00,7.00),(103,'K01282',7.00,7.00),(103,'K01283',7.00,7.00),(103,'K01284',7.00,7.00),(103,'K01277',7.00,7.00),(103,'K01285',7.00,7.00),(103,'K01286',7.00,7.00),(103,'K01287',7.00,7.00),(103,'K01288',7.00,7.00),(104,'K01196',7.00,7.00),(104,'K01197',4.00,7.00),(104,'K01198',7.00,7.00),(104,'K01199',7.00,7.00),(104,'K01200',7.00,7.00),(104,'K01201',7.00,7.00),(104,'K01202',7.00,7.00),(104,'K01203',7.00,7.00),(104,'K01204',7.00,5.00),(104,'K01206',7.00,7.00),(104,'K01205',7.00,7.00),(104,'K01207',7.00,7.00),(104,'K01208',7.00,7.00),(104,'K01209',7.00,7.00),(104,'K01210',7.00,7.00),(104,'K01211',7.00,7.00),(104,'K01212',7.00,7.00),(104,'K01213',7.00,7.00),(104,'K01214',7.00,7.00),(104,'K01216',7.00,7.00),(104,'K01215',7.00,7.00),(104,'K01217',7.00,5.00),(104,'K01218',4.00,7.00),(104,'K01219',7.00,7.00),(104,'K01221',7.00,7.00),(104,'K01220',7.00,7.00),(104,'K01222',7.00,7.00),(104,'K01223',7.00,7.00),(104,'K01224',7.00,7.00),(104,'K01225',7.00,7.00),(104,'K01226',7.00,7.00),(104,'K01227',7.00,7.00),(104,'K01228',7.00,3.00),(104,'K01229',7.00,7.00),(104,'K01230',7.00,7.00),(104,'K01234',7.00,7.00),(104,'K01232',7.00,7.00),(104,'K01231',7.00,7.00),(104,'K01233',7.00,7.00),(104,'K01235',7.00,7.00),(104,'K01236',7.00,7.00),(104,'K01237',7.00,7.00),(104,'K01238',7.00,7.00),(104,'K01239',7.00,7.00),(104,'K01240',7.00,7.00),(104,'K01241',7.00,7.00),(104,'K01242',7.00,4.00),(104,'K01243',7.00,7.00),(104,'K01244',7.00,7.00),(104,'K01245',7.00,7.00),(104,'K01246',7.00,7.00),(104,'K01247',7.00,7.00),(104,'K01248',7.00,7.00),(104,'K01249',7.00,7.00),(104,'K01251',7.00,7.00),(104,'K01250',7.00,7.00),(104,'K01252',7.00,7.00),(104,'K01253',7.00,7.00),(104,'K01254',7.00,7.00),(104,'K01255',7.00,7.00),(104,'K01256',7.00,7.00),(104,'K01257',7.00,7.00),(104,'K01258',7.00,7.00),(104,'K01259',7.00,7.00),(104,'K01260',7.00,7.00),(104,'K01261',7.00,7.00),(104,'K01262',7.00,7.00),(104,'K01263',7.00,7.00),(104,'K01264',7.00,7.00),(104,'K01265',7.00,7.00),(104,'K01266',7.00,7.00),(104,'K01267',7.00,7.00),(104,'K01268',7.00,7.00),(104,'K01270',7.00,7.00),(104,'K01271',7.00,7.00),(104,'K01272',7.00,7.00),(104,'K01273',7.00,7.00),(104,'K01274',7.00,7.00),(104,'K01276',7.00,7.00),(104,'K01275',7.00,7.00),(104,'K01269',7.00,7.00),(104,'K01278',7.00,7.00),(104,'K01279',7.00,7.00),(104,'K01280',7.00,7.00),(104,'K01281',7.00,7.00),(104,'K01282',7.00,7.00),(104,'K01283',7.00,7.00),(104,'K01284',7.00,7.00),(104,'K01277',7.00,7.00),(104,'K01285',7.00,7.00),(104,'K01286',7.00,7.00),(104,'K01287',7.00,7.00),(104,'K01288',7.00,7.00),(105,'K01196',7.00,7.00),(105,'K01197',7.00,7.00),(105,'K01198',7.00,7.00),(105,'K01199',7.00,7.00),(105,'K01200',7.00,7.00),(105,'K01201',7.00,7.00),(105,'K01202',7.00,7.00),(105,'K01203',7.00,7.00),(105,'K01204',7.00,7.00),(105,'K01206',7.00,7.00),(105,'K01205',7.00,7.00),(105,'K01207',7.00,7.00),(105,'K01208',7.00,7.00),(105,'K01209',7.00,7.00),(105,'K01210',7.00,7.00),(105,'K01211',7.00,7.00),(105,'K01212',7.00,7.00),(105,'K01213',7.00,7.00),(105,'K01214',7.00,7.00),(105,'K01216',7.00,7.00),(105,'K01215',7.00,7.00),(105,'K01217',7.00,7.00),(105,'K01218',7.00,7.00),(105,'K01219',7.00,7.00),(105,'K01221',7.00,7.00),(105,'K01220',7.00,7.00),(105,'K01222',7.00,7.00),(105,'K01223',7.00,7.00),(105,'K01224',7.00,7.00),(105,'K01225',7.00,7.00),(105,'K01226',7.00,7.00),(105,'K01227',7.00,7.00),(105,'K01228',7.00,7.00),(105,'K01229',7.00,7.00),(105,'K01230',7.00,7.00),(105,'K01234',7.00,7.00),(105,'K01232',7.00,7.00),(105,'K01231',7.00,7.00),(105,'K01233',7.00,7.00),(105,'K01235',7.00,7.00),(105,'K01236',7.00,7.00),(105,'K01237',7.00,7.00),(105,'K01238',7.00,7.00),(105,'K01239',7.00,7.00),(105,'K01240',7.00,7.00),(105,'K01241',7.00,7.00),(105,'K01242',7.00,7.00),(105,'K01243',7.00,7.00),(105,'K01244',7.00,7.00),(105,'K01245',7.00,7.00),(105,'K01246',7.00,7.00),(105,'K01247',7.00,7.00),(105,'K01248',7.00,7.00),(105,'K01249',7.00,7.00),(105,'K01251',7.00,7.00),(105,'K01250',7.00,7.00),(105,'K01252',7.00,7.00),(105,'K01253',7.00,7.00),(105,'K01254',7.00,7.00),(105,'K01255',7.00,7.00),(105,'K01256',7.00,7.00),(105,'K01257',7.00,7.00),(105,'K01258',7.00,7.00),(105,'K01259',7.00,7.00),(105,'K01260',7.00,7.00),(105,'K01261',7.00,7.00),(105,'K01262',7.00,7.00),(105,'K01263',7.00,7.00),(105,'K01264',7.00,7.00),(105,'K01265',7.00,7.00),(105,'K01266',7.00,7.00),(105,'K01267',7.00,7.00),(105,'K01268',7.00,7.00),(105,'K01270',7.00,7.00),(105,'K01271',7.00,7.00),(105,'K01272',7.00,7.00),(105,'K01273',7.00,7.00),(105,'K01274',7.00,7.00),(105,'K01276',7.00,7.00),(105,'K01275',7.00,7.00),(105,'K01269',7.00,7.00),(105,'K01278',7.00,7.00),(105,'K01279',7.00,7.00),(105,'K01280',7.00,7.00),(105,'K01281',7.00,7.00),(105,'K01282',7.00,7.00),(105,'K01283',7.00,7.00),(105,'K01284',7.00,7.00),(105,'K01277',7.00,7.00),(105,'K01285',7.00,7.00),(105,'K01286',7.00,7.00),(105,'K01287',7.00,7.00),(105,'K01288',7.00,7.00),(106,'K01196',7.00,7.00),(106,'K01197',7.00,7.00),(106,'K01198',7.00,7.00),(106,'K01199',7.00,7.00),(106,'K01200',7.00,7.00),(106,'K01201',7.00,7.00),(106,'K01202',7.00,7.00),(106,'K01203',7.00,7.00),(106,'K01204',7.00,7.00),(106,'K01206',7.00,7.00),(106,'K01205',7.00,7.00),(106,'K01207',7.00,7.00),(106,'K01208',7.00,7.00),(106,'K01209',7.00,7.00),(106,'K01210',7.00,7.00),(106,'K01211',7.00,7.00),(106,'K01212',7.00,7.00),(106,'K01213',7.00,7.00),(106,'K01214',7.00,7.00),(106,'K01216',7.00,7.00),(106,'K01215',7.00,7.00),(106,'K01217',7.00,7.00),(106,'K01218',7.00,7.00),(106,'K01219',7.00,7.00),(106,'K01221',7.00,7.00),(106,'K01220',7.00,7.00),(106,'K01222',7.00,7.00),(106,'K01223',7.00,7.00),(106,'K01224',7.00,7.00),(106,'K01225',7.00,7.00),(106,'K01226',7.00,7.00),(106,'K01227',7.00,7.00),(106,'K01228',7.00,7.00),(106,'K01229',7.00,7.00),(106,'K01230',7.00,7.00),(106,'K01234',7.00,7.00),(106,'K01232',7.00,7.00),(106,'K01231',7.00,7.00),(106,'K01233',7.00,7.00),(106,'K01235',7.00,7.00),(106,'K01236',7.00,7.00),(106,'K01237',7.00,7.00),(106,'K01238',7.00,7.00),(106,'K01239',7.00,7.00),(106,'K01240',7.00,7.00),(106,'K01241',7.00,7.00),(106,'K01242',7.00,7.00),(106,'K01243',7.00,7.00),(106,'K01244',7.00,7.00),(106,'K01245',7.00,7.00),(106,'K01246',7.00,7.00),(106,'K01247',7.00,7.00),(106,'K01248',7.00,7.00),(106,'K01249',7.00,7.00),(106,'K01251',7.00,7.00),(106,'K01250',7.00,7.00),(106,'K01252',7.00,7.00),(106,'K01253',7.00,7.00),(106,'K01254',7.00,7.00),(106,'K01255',7.00,7.00),(106,'K01256',7.00,7.00),(106,'K01257',7.00,7.00),(106,'K01258',7.00,7.00),(106,'K01259',7.00,7.00),(106,'K01260',7.00,7.00),(106,'K01261',7.00,7.00),(106,'K01262',7.00,7.00),(106,'K01263',7.00,7.00),(106,'K01264',7.00,7.00),(106,'K01265',7.00,7.00),(106,'K01266',7.00,7.00),(106,'K01267',7.00,7.00),(106,'K01268',7.00,7.00),(106,'K01270',7.00,7.00),(106,'K01271',7.00,7.00),(106,'K01272',7.00,7.00),(106,'K01273',7.00,7.00),(106,'K01274',7.00,7.00),(106,'K01276',7.00,7.00),(106,'K01275',7.00,7.00),(106,'K01269',7.00,7.00),(106,'K01278',7.00,7.00),(106,'K01279',7.00,7.00),(106,'K01280',7.00,7.00),(106,'K01281',7.00,7.00),(106,'K01282',7.00,7.00),(106,'K01283',7.00,7.00),(106,'K01284',7.00,7.00),(106,'K01277',7.00,7.00),(106,'K01285',7.00,7.00),(106,'K01286',7.00,7.00),(106,'K01287',7.00,7.00),(106,'K01288',7.00,7.00),(108,'K01196',5.00,5.00),(108,'K01197',7.00,7.00),(108,'K01198',7.00,7.00),(108,'K01199',7.00,7.00),(108,'K01200',7.00,7.00),(108,'K01201',7.00,7.00),(108,'K01202',7.00,7.00),(108,'K01203',7.00,7.00),(108,'K01204',5.00,4.00),(108,'K01206',3.00,4.00),(108,'K01205',7.00,7.00),(108,'K01207',7.00,7.00),(108,'K01208',7.00,7.00),(108,'K01209',7.00,7.00),(108,'K01210',7.00,7.00),(108,'K01211',7.00,7.00),(108,'K01212',7.00,7.00),(108,'K01213',7.00,7.00),(108,'K01214',7.00,7.00),(108,'K01216',7.00,7.00),(108,'K01215',7.00,7.00),(108,'K01217',3.00,3.00),(108,'K01218',7.00,7.00),(108,'K01219',7.00,7.00),(108,'K01221',7.00,7.00),(108,'K01220',7.00,7.00),(108,'K01222',7.00,7.00),(108,'K01223',7.00,7.00),(108,'K01224',7.00,7.00),(108,'K01225',7.00,7.00),(108,'K01226',7.00,7.00),(108,'K01227',7.00,7.00),(108,'K01228',5.00,7.00),(108,'K01229',5.00,5.00),(108,'K01230',4.00,3.00),(108,'K01234',4.00,2.00),(108,'K01232',7.00,7.00),(108,'K01231',7.00,7.00),(108,'K01233',7.00,7.00),(108,'K01235',7.00,7.00),(108,'K01236',7.00,7.00),(108,'K01237',7.00,7.00),(108,'K01238',7.00,7.00),(108,'K01239',7.00,7.00),(108,'K01240',7.00,7.00),(108,'K01241',7.00,7.00),(108,'K01242',3.00,4.00),(108,'K01243',4.00,5.00),(108,'K01244',7.00,7.00),(108,'K01245',7.00,7.00),(108,'K01246',7.00,7.00),(108,'K01247',7.00,7.00),(108,'K01248',3.00,3.00),(108,'K01249',7.00,7.00),(108,'K01251',7.00,7.00),(108,'K01250',7.00,7.00),(108,'K01252',7.00,7.00),(108,'K01253',7.00,7.00),(108,'K01254',7.00,7.00),(108,'K01255',7.00,7.00),(108,'K01256',7.00,7.00),(108,'K01257',7.00,7.00),(108,'K01258',7.00,7.00),(108,'K01259',7.00,7.00),(108,'K01260',7.00,7.00),(108,'K01261',7.00,7.00),(108,'K01262',3.00,3.00),(108,'K01263',7.00,7.00),(108,'K01264',7.00,7.00),(108,'K01265',7.00,7.00),(108,'K01266',7.00,7.00),(108,'K01267',2.00,3.00),(108,'K01268',7.00,7.00),(108,'K01270',7.00,7.00),(108,'K01271',7.00,7.00),(108,'K01272',7.00,7.00),(108,'K01273',7.00,7.00),(108,'K01274',7.00,7.00),(108,'K01276',7.00,7.00),(108,'K01275',7.00,7.00),(108,'K01269',7.00,7.00),(108,'K01278',7.00,7.00),(108,'K01279',7.00,7.00),(108,'K01280',7.00,7.00),(108,'K01281',7.00,7.00),(108,'K01282',7.00,7.00),(108,'K01283',7.00,7.00),(108,'K01284',7.00,7.00),(108,'K01277',7.00,7.00),(108,'K01285',7.00,7.00),(108,'K01286',7.00,7.00),(108,'K01287',7.00,7.00),(108,'K01288',7.00,7.00),(98,'K01196',7.00,7.00),(98,'K01197',7.00,7.00),(98,'K01198',7.00,7.00),(98,'K01199',7.00,7.00),(98,'K01200',7.00,7.00),(98,'K01201',7.00,7.00),(98,'K01202',7.00,7.00),(98,'K01203',7.00,7.00),(98,'K01204',7.00,7.00),(98,'K01206',7.00,7.00),(98,'K01205',7.00,7.00),(98,'K01207',7.00,7.00),(98,'K01208',7.00,7.00),(98,'K01209',7.00,7.00),(98,'K01210',7.00,7.00),(98,'K01211',7.00,7.00),(98,'K01212',7.00,7.00),(98,'K01213',7.00,7.00),(98,'K01214',7.00,7.00),(98,'K01216',7.00,7.00),(98,'K01215',7.00,7.00),(98,'K01217',7.00,7.00),(98,'K01218',7.00,7.00),(98,'K01219',7.00,7.00),(98,'K01221',7.00,7.00),(98,'K01220',7.00,7.00),(98,'K01222',7.00,7.00),(98,'K01223',7.00,7.00),(98,'K01224',7.00,7.00),(98,'K01225',7.00,7.00),(98,'K01226',7.00,7.00),(98,'K01227',7.00,7.00),(98,'K01228',7.00,7.00),(98,'K01229',7.00,7.00),(98,'K01230',7.00,7.00),(98,'K01234',7.00,7.00),(98,'K01232',7.00,7.00),(98,'K01231',7.00,7.00),(98,'K01233',7.00,7.00),(98,'K01235',7.00,7.00),(98,'K01236',7.00,7.00),(98,'K01237',7.00,7.00),(98,'K01238',7.00,7.00),(98,'K01239',7.00,7.00),(98,'K01240',7.00,7.00),(98,'K01241',7.00,7.00),(98,'K01242',5.00,2.00),(98,'K01243',7.00,7.00),(98,'K01244',7.00,7.00),(98,'K01245',7.00,7.00),(98,'K01246',7.00,7.00),(98,'K01247',7.00,7.00),(98,'K01248',7.00,7.00),(98,'K01249',7.00,7.00),(98,'K01251',7.00,7.00),(98,'K01250',7.00,7.00),(98,'K01252',7.00,7.00),(98,'K01253',7.00,7.00),(98,'K01254',7.00,7.00),(98,'K01255',7.00,7.00),(98,'K01256',7.00,7.00),(98,'K01257',7.00,7.00),(98,'K01258',7.00,7.00),(98,'K01259',7.00,7.00),(98,'K01260',7.00,7.00),(98,'K01261',7.00,7.00),(98,'K01262',7.00,7.00),(98,'K01263',7.00,7.00),(98,'K01264',7.00,7.00),(98,'K01265',7.00,7.00),(98,'K01266',7.00,7.00),(98,'K01267',7.00,7.00),(98,'K01268',7.00,7.00),(98,'K01270',7.00,7.00),(98,'K01271',7.00,7.00),(98,'K01272',7.00,7.00),(98,'K01273',7.00,7.00),(98,'K01274',7.00,7.00),(98,'K01276',7.00,7.00),(98,'K01275',7.00,7.00),(98,'K01269',7.00,7.00),(98,'K01278',7.00,7.00),(98,'K01279',7.00,7.00),(98,'K01280',7.00,7.00),(98,'K01281',7.00,7.00),(98,'K01282',7.00,7.00),(98,'K01283',7.00,7.00),(98,'K01284',7.00,7.00),(98,'K01277',7.00,7.00),(98,'K01285',7.00,7.00),(98,'K01286',7.00,7.00),(98,'K01287',7.00,7.00),(98,'K01288',7.00,7.00),(107,'K01196',7.00,7.00),(107,'K01197',7.00,7.00),(107,'K01198',7.00,7.00),(107,'K01199',7.00,7.00),(107,'K01200',7.00,7.00),(107,'K01201',7.00,7.00),(107,'K01202',7.00,7.00),(107,'K01203',7.00,7.00),(107,'K01204',7.00,7.00),(107,'K01206',7.00,7.00),(107,'K01205',7.00,7.00),(107,'K01207',7.00,7.00),(107,'K01208',7.00,7.00),(107,'K01209',7.00,7.00),(107,'K01210',7.00,7.00),(107,'K01211',7.00,7.00),(107,'K01212',7.00,7.00),(107,'K01213',7.00,7.00),(107,'K01214',7.00,7.00),(107,'K01216',7.00,7.00),(107,'K01215',7.00,7.00),(107,'K01217',4.00,7.00),(107,'K01218',7.00,7.00),(107,'K01219',7.00,7.00),(107,'K01221',7.00,7.00),(107,'K01220',7.00,7.00),(107,'K01222',7.00,7.00),(107,'K01223',7.00,7.00),(107,'K01224',7.00,7.00),(107,'K01225',7.00,7.00),(107,'K01226',7.00,7.00),(107,'K01227',7.00,7.00),(107,'K01228',5.00,7.00),(107,'K01229',7.00,7.00),(107,'K01230',7.00,7.00),(107,'K01234',7.00,7.00),(107,'K01232',7.00,7.00),(107,'K01231',7.00,7.00),(107,'K01233',7.00,7.00),(107,'K01235',7.00,7.00),(107,'K01236',7.00,7.00),(107,'K01237',7.00,7.00),(107,'K01238',7.00,7.00),(107,'K01239',7.00,7.00),(107,'K01240',7.00,7.00),(107,'K01241',7.00,7.00),(107,'K01242',7.00,5.00),(107,'K01243',7.00,7.00),(107,'K01244',7.00,7.00),(107,'K01245',7.00,7.00),(107,'K01246',7.00,7.00),(107,'K01247',7.00,7.00),(107,'K01248',7.00,7.00),(107,'K01249',7.00,7.00),(107,'K01251',7.00,7.00),(107,'K01250',7.00,7.00),(107,'K01252',7.00,7.00),(107,'K01253',7.00,7.00),(107,'K01254',7.00,7.00),(107,'K01255',7.00,7.00),(107,'K01256',7.00,7.00),(107,'K01257',7.00,7.00),(107,'K01258',7.00,7.00),(107,'K01259',7.00,7.00),(107,'K01260',7.00,7.00),(107,'K01261',7.00,7.00),(107,'K01262',7.00,7.00),(107,'K01263',7.00,7.00),(107,'K01264',7.00,7.00),(107,'K01265',7.00,7.00),(107,'K01266',7.00,7.00),(107,'K01267',7.00,7.00),(107,'K01268',7.00,7.00),(107,'K01270',7.00,7.00),(107,'K01271',7.00,7.00),(107,'K01272',7.00,7.00),(107,'K01273',7.00,7.00),(107,'K01274',7.00,7.00),(107,'K01276',7.00,7.00),(107,'K01275',7.00,7.00),(107,'K01269',7.00,7.00),(107,'K01278',7.00,7.00),(107,'K01279',7.00,7.00),(107,'K01280',7.00,7.00),(107,'K01281',7.00,7.00),(107,'K01282',7.00,7.00),(107,'K01283',7.00,7.00),(107,'K01284',7.00,7.00),(107,'K01277',7.00,7.00),(107,'K01285',7.00,7.00),(107,'K01286',7.00,7.00),(107,'K01287',7.00,7.00),(107,'K01288',7.00,7.00);

--
-- Table structure for table `tbPlannerQuizUsers`
--

CREATE TABLE `tbPlannerQuizUsers` (
  `fdQuizKey` int(11) DEFAULT NULL,
  `fdUserKey` int(11) DEFAULT NULL,
  `fdRateeKey` int(11) DEFAULT NULL,
  `fdQuizParent` int(11) DEFAULT NULL,
  `fdCreatedDate` datetime DEFAULT NULL,
  `fdModifiedDate` datetime DEFAULT NULL,
  `fdFinalizedDate` datetime DEFAULT NULL
) ENGINE=MyISAM DEFAULT CHARSET=utf8;

--
-- Dumping data for table `tbPlannerQuizUsers`
--

INSERT INTO `tbPlannerQuizUsers` VALUES (1,47,47,9,NULL,'2007-07-31 08:05:01',NULL),(2,47,1,9,NULL,NULL,NULL),(3,47,2,9,'2007-07-31 08:12:01','2007-08-01 01:38:13',NULL),(5,1,1,9,'2007-07-31 09:24:09','2007-08-13 04:52:00','2007-08-13 04:52:05'),(6,1,2,9,'2007-07-31 10:25:49','2007-07-31 02:07:52','2007-08-01 07:46:49'),(7,12,12,9,'2007-08-01 09:39:23','2007-08-01 09:55:51','2007-08-01 09:56:53'),(8,12,13,9,'2007-08-02 01:59:39','2007-08-02 02:16:50','2007-08-02 02:16:55'),(9,36,3,9,'2007-08-04 05:44:05','2007-08-17 04:19:49','2007-08-17 04:20:05'),(10,5,5,9,'2007-08-05 03:49:34','2007-08-19 09:24:17','2007-08-19 09:52:16'),(11,27,5,9,'2007-08-06 07:36:12','2007-08-06 07:51:58','2007-08-06 07:52:00'),(12,11,11,9,'2007-08-06 12:03:26','2007-08-06 12:14:52',NULL),(13,46,14,9,'2007-08-06 02:27:37','2007-08-06 02:39:38',NULL),(14,19,9,9,'2007-08-06 02:52:15','2007-08-13 01:38:30','2007-08-13 01:38:59'),(15,19,14,9,'2007-08-06 02:52:18','2007-08-13 01:07:23','2007-08-13 01:40:32'),(16,15,3,9,'2007-08-07 07:04:57','2007-08-07 07:30:19','2007-08-22 09:33:19'),(17,15,5,9,'2007-08-07 07:31:00','2007-08-07 07:47:36','2007-08-22 09:33:23'),(18,15,4,9,'2007-08-07 07:48:05','2007-08-07 08:02:59','2007-08-22 09:33:27'),(19,15,10,9,'2007-08-07 08:03:08','2007-08-22 09:33:03','2007-08-22 09:33:15'),(20,28,6,9,'2007-08-07 07:43:22',NULL,NULL),(21,10,10,9,'2007-08-09 02:18:30','2007-08-31 04:42:46',NULL),(22,32,10,9,'2007-08-09 02:52:17',NULL,NULL),(23,16,6,9,'2007-08-10 09:36:19','2007-08-10 09:46:30','2007-08-10 09:46:56'),(24,16,11,9,'2007-08-10 09:47:39','2007-08-10 09:53:32','2007-08-10 09:53:36'),(25,16,7,9,'2007-08-10 01:24:59','2007-08-10 01:44:45','2007-08-10 01:44:49'),(26,16,8,9,'2007-08-10 01:44:56','2007-08-10 01:52:45','2007-08-10 01:52:49'),(27,43,10,9,'2007-08-11 04:00:05','2007-08-11 04:11:35','2007-08-11 04:11:41'),(28,45,13,9,'2007-08-12 10:18:00','2007-08-12 10:37:10','2007-08-12 10:37:22'),(29,5,3,9,'2007-08-13 11:12:47','2007-08-19 09:33:19','2007-08-19 09:52:23'),(30,3,3,9,'2007-08-13 11:17:18','2007-08-13 11:42:01','2007-08-16 12:11:02'),(31,17,10,9,'2007-08-13 12:18:06','2007-08-14 08:07:03','2007-08-14 08:07:10'),(32,3,5,9,'2007-08-13 12:21:57','2007-08-17 04:31:54','2007-08-17 04:33:31'),(33,1,47,9,'2007-08-13 04:47:44','2007-09-12 11:31:31','2007-09-12 11:32:00'),(34,41,8,9,'2007-08-13 08:14:50','2007-08-13 08:34:18','2007-08-13 08:34:32'),(35,17,9,9,'2007-08-14 08:07:36','2007-08-14 08:25:21','2007-08-14 08:25:25'),(37,39,6,9,'2007-08-14 08:41:25','2007-08-14 09:17:13',NULL),(38,4,4,9,'2007-08-16 09:24:30','2007-08-17 04:34:28','2007-08-17 04:34:32'),(39,4,3,9,'2007-08-16 11:31:17','2007-08-17 04:33:02','2007-08-17 04:34:41'),(40,3,4,9,'2007-08-16 11:55:35','2007-08-17 04:33:15','2007-08-17 04:33:38'),(41,14,14,9,'2007-08-17 09:53:20','2007-08-17 10:10:50','2007-08-17 10:11:04'),(42,4,5,9,'2007-08-17 04:31:55','2007-08-17 04:48:21','2007-08-17 05:32:20'),(43,4,11,9,'2007-08-17 05:32:30','2007-08-17 05:51:24','2007-08-17 05:51:36'),(44,5,4,9,'2007-08-19 08:34:06','2007-08-19 09:44:13','2007-08-19 09:52:26'),(45,5,11,9,'2007-08-19 09:44:18','2007-08-19 09:52:07','2007-08-19 09:52:29'),(46,44,12,9,'2007-08-19 02:45:06','2007-08-19 03:13:47','2007-08-19 03:13:54'),(47,25,3,9,'2007-08-19 04:45:35','2007-08-19 05:16:46','2007-08-19 05:17:12'),(48,35,14,9,'2007-08-20 01:38:31','2007-08-20 02:10:12','2007-08-20 02:10:37'),(49,7,7,9,'2007-08-20 03:42:16','2007-08-20 04:15:13',NULL),(50,9,9,9,'2007-08-20 04:14:02','2007-08-20 04:27:09','2007-08-20 04:27:16'),(51,7,9,9,'2007-08-20 04:17:00','2007-08-22 12:28:23','2007-08-22 05:12:17'),(52,9,6,9,'2007-08-20 04:28:41','2007-08-20 04:37:54','2007-08-20 04:38:01'),(53,9,7,9,'2007-08-20 04:38:28','2007-08-20 04:47:41','2007-08-20 04:56:49'),(54,9,8,9,'2007-08-20 04:47:49','2007-08-20 04:56:31','2007-08-20 04:56:41'),(55,33,12,9,'2007-08-20 05:28:55',NULL,NULL),(56,13,13,9,'2007-08-21 03:28:09','2007-08-21 03:46:54','2007-08-21 03:47:52'),(57,13,12,9,'2007-08-21 03:47:58','2007-08-21 03:58:42','2007-08-21 03:58:53'),(58,6,6,9,'2007-08-22 10:03:56','2007-08-22 10:27:46','2007-08-22 10:54:08'),(59,6,7,9,'2007-08-22 10:27:55','2007-08-22 10:40:44','2007-08-22 10:54:13'),(60,6,8,9,'2007-08-22 10:40:54','2007-08-22 10:53:26','2007-08-22 10:54:16'),(61,40,7,9,'2007-08-22 12:55:43','2007-08-22 10:43:06','2007-08-22 10:43:34'),(62,7,6,9,'2007-08-22 04:36:42','2007-08-22 05:12:10','2007-08-22 05:12:45'),(63,38,5,9,'2007-08-23 02:29:16','2007-08-23 02:42:16','2007-08-23 02:42:24'),(64,30,8,9,'2007-08-27 10:42:01','2007-08-27 10:56:24','2007-08-27 10:56:34'),(65,21,11,9,'2007-08-28 10:14:33','2007-08-28 10:53:47','2007-08-28 10:53:53'),(66,31,9,9,'2007-08-28 04:14:23','2007-08-28 04:26:35','2007-08-28 04:26:46'),(67,8,8,9,'2007-08-30 09:42:45','2007-08-30 09:56:26',NULL),(68,8,14,9,'2007-08-30 09:56:51','2007-08-30 10:05:57',NULL),(69,22,14,9,'2007-09-04 04:07:44','2007-09-04 04:20:54','2007-09-04 04:21:01'),(70,48,50,9,'2007-09-05 10:12:56',NULL,NULL),(71,37,4,9,'2007-09-06 06:58:59','2007-09-06 07:22:31','2007-09-06 07:22:41'),(72,2,47,9,'2008-03-29 01:57:33','2008-03-29 02:19:25',NULL),(73,2,2,9,'2008-03-29 02:24:23','2008-04-06 06:39:25','2008-06-12 12:17:43'),(74,1,2,9,'2008-03-29 02:24:23',NULL,NULL),(80,92,92,9,'2008-04-14 01:46:18',NULL,NULL),(81,95,95,9,'2008-04-22 11:41:43',NULL,NULL),(82,102,102,9,'2008-04-25 08:23:33','2008-04-25 08:26:10',NULL),(83,104,105,9,'2008-04-25 01:07:27','2008-04-25 01:08:42','2008-04-25 01:09:33'),(84,106,105,9,'2008-04-25 01:11:37','2008-04-25 01:12:27',NULL),(85,107,105,9,'2008-04-25 01:14:32','2008-04-25 01:15:23',NULL),(86,105,105,9,'2008-04-25 01:16:10','2008-04-25 01:16:55','2008-04-25 01:17:00'),(87,106,106,9,'2008-04-25 01:25:33',NULL,NULL),(88,109,109,9,'2008-05-08 10:22:30',NULL,NULL),(89,111,111,9,'2008-05-08 10:29:32','2008-05-08 10:33:40','2008-05-08 10:34:18'),(90,111,113,9,'2008-05-08 10:34:35','2008-05-08 10:34:39','2008-05-08 10:34:54'),(91,111,114,9,'2008-05-08 10:34:44','2008-05-08 10:34:51','2008-05-08 10:35:03'),(92,113,113,9,'2008-05-08 10:38:19','2008-05-08 10:38:24','2008-05-08 10:38:27'),(93,114,114,9,'2008-05-08 11:01:56',NULL,NULL),(94,117,117,9,'2008-05-10 09:53:46','2008-05-10 09:55:18','2008-05-10 09:56:23'),(95,119,117,9,'2008-05-10 09:57:29','2008-05-10 09:57:34','2008-05-10 09:57:38'),(96,118,117,9,'2008-05-10 09:58:18','2008-05-10 09:58:25','2008-05-10 09:58:28'),(97,116,117,9,'2008-05-10 09:59:09','2008-05-10 09:59:26','2008-05-10 09:59:29'),(98,123,123,9,'2008-05-15 07:39:07','2008-05-16 01:59:58','2008-05-16 02:00:10'),(99,129,129,9,'2008-05-16 11:57:34','2008-05-16 11:59:15','2008-05-16 11:59:19'),(100,131,129,9,'2008-05-16 12:01:08','2008-05-16 12:02:02','2008-05-16 12:02:05'),(101,128,129,9,'2008-05-16 12:02:35','2008-05-16 12:03:21',NULL),(102,132,129,9,'2008-05-16 12:04:26','2008-05-16 12:04:31','2008-05-16 12:04:34'),(103,132,132,9,'2008-05-16 12:04:35','2008-05-16 12:04:39','2008-05-16 12:04:42'),(104,131,131,9,'2008-05-16 12:05:02','2008-05-16 12:05:14','2008-05-16 12:05:16'),(105,129,131,9,'2008-05-16 12:05:31','2008-05-16 12:05:35','2008-05-16 12:05:45'),(106,129,132,9,'2008-05-16 12:05:39','2008-05-16 12:05:43','2008-05-16 12:05:47'),(107,123,124,9,'2008-05-16 02:00:38','2008-05-16 02:01:07','2008-05-16 02:01:23'),(108,123,125,9,'2008-09-12 10:07:23','2008-10-16 11:56:53',NULL);

--
-- Table structure for table `tbPlannerQuizzes`
--

CREATE TABLE `tbPlannerQuizzes` (
  `fdKey` int(11) DEFAULT NULL,
  `fdQuizParent` varchar(255) DEFAULT NULL,
  `fdLabel` varchar(255) DEFAULT NULL
) ENGINE=MyISAM DEFAULT CHARSET=utf8;

--
-- Dumping data for table `tbPlannerQuizzes`
--

INSERT INTO `tbPlannerQuizzes` VALUES (9,'KT0030','Nurse Manager Competency Inventory');

--
-- Table structure for table `tbPlannerUsers`
--

CREATE TABLE `tbPlannerUsers` (
  `fdKey` int(11) DEFAULT NULL,
  `fdFirstName` varchar(255) DEFAULT NULL,
  `fdLastName` varchar(255) DEFAULT NULL,
  `fdEmail` varchar(255) DEFAULT NULL,
  `fdPhone` varchar(255) DEFAULT NULL,
  `fdCreatedDate` datetime DEFAULT NULL,
  `fdModifiedDate` datetime DEFAULT NULL,
  `fdCompany` varchar(255) DEFAULT NULL,
  `fdDepartment` varchar(255) DEFAULT NULL,
  `fdMiddleInitial` varchar(255) DEFAULT NULL,
  `fdStatus` varchar(255) DEFAULT NULL,
  `fdAgeRange` varchar(255) DEFAULT NULL,
  `fdSex` varchar(255) DEFAULT NULL,
  `fdNursingLevel` varchar(255) DEFAULT NULL,
  `fdYearsExperience` varchar(255) DEFAULT NULL,
  `fdEducationLevel` varchar(255) DEFAULT NULL,
  `fdJobTitle` varchar(255) DEFAULT NULL,
  `fdEmployeesSupervised` varchar(255) DEFAULT NULL,
  `fdImportanceRater` varchar(255) DEFAULT NULL,
  `fdSystemRole` varchar(100) DEFAULT NULL,
  `fdSupervisorEmail` varchar(255) DEFAULT NULL
) ENGINE=MyISAM DEFAULT CHARSET=utf8;

--
-- Dumping data for table `tbPlannerUsers`
--

INSERT INTO `tbPlannerUsers` VALUES (1,'ignore','ignore','ignoreme@ignoreme.com','814-863-6718','2004-01-23 10:52:07','2008-04-24 00:00:00','3','ACUTE PAIN SERVICE','','','','','','18-24','male','First-Line Unit Manager','0-1','Diploma Nursing','','0-1'),(2,'Bob','Selfridge','bob.selfridge@learningnavigator.com','','2004-03-10 05:30:08','2008-09-13 00:00:00','7','BEHAVIORAL HEATLH','Wisconsin ','12345','Mid West','','Active','35-44','male','First-Line Unit Manager','6-10','Bachelor Degree-Other','Lesser Poobah','6-10'),(3,'Jane','Foley','test','',NULL,NULL,'3','ASP/GI LAB','','','','C','Active','55-64','F','First-Line Unit Manager','11-15','Bachelor Degree-Other','Manager','15-20'),(4,'Nancy','Lizzi ','testet','',NULL,NULL,'3','PACU/SameDay','','','','','Active','45-54','F','First-Line Unit Manager','6-10','Assoc Degree-Nursing','Manager','21-25'),(5,'Patricia','Leicht','test','',NULL,NULL,'3','OR/SPD','','','','M','Active','55-64','F','First-Line Unit Manager','2-5','Bachelor Degree-Nursing','Manager','25+'),(6,'Ruby','Love ','te','',NULL,NULL,'3','7thNorth/7thSouth','','','','','Active','45-54','F','First-Line Unit Manager','16-20','Masters Degree-Other','Director','25+'),(7,'Heather','Rogerson','asd','',NULL,NULL,'3','ICU/CVICU','','','','L','Active','35-44','F','First-Line Unit Manager','2-5','Bachelor Degree-Nursing','Director','25+'),(8,'Andrea','Squire','asd','',NULL,NULL,'3','IMC/5th Clayton','','','','','Active','35-44','F','First-Line Unit Manager','2-5','Masters Degree-Nursing','Director','25+'),(9,'Mary Beth','Holland','asd','',NULL,NULL,'3','ED','','','','','Active','45-54','F','First-Line Unit Manager','6-10','Bachelor Degree-Nursing','Director','25+'),(10,'Laura','Dittmar','asd','',NULL,NULL,'3','TCU','','','','','Active','35-44','F','First-Line Unit Manager','2-5','Masters Degree-Nursing','Director','25+'),(11,'Dianne','Nau','asd','',NULL,NULL,'3','Maternity','','','','P','Active','45-54','F','First-Line Unit Manager','6-10','Bachelor Degree-Nursing','Director','25+'),(12,'Sharon','Hopkins','asd','',NULL,NULL,'3','Home Care','','','','R','Active','35-44','F','First-Line Unit Manager','6-10','Bachelor Degree-Nursing','Manager','0-5'),(13,'Elizabeth','Gillespie','asd','',NULL,NULL,'3','Home Care','','','','C','Active','45-54','F','First-Line Unit Manager','2-5','Diploma Nursing','Manager','0-5'),(14,'MaryEllen','Sparks','asd','',NULL,NULL,'3','Bariatric Surgery Outpatient','','','','','Active','45-54','F','First-Line Unit Manager','0-1','Masters Degree-Nursing','Manager','0-5'),(15,'Rick','Shaw','asd','',NULL,NULL,'3','','','','','','','','','','','','',''),(16,'Nate','Guyton','asd','',NULL,NULL,'3','','','','','','','','','','','','',''),(17,'Jennifer','Kirby','asd','',NULL,NULL,'3','','','','','','','','','','','','',''),(18,'Jon','VanDerloo','asd','',NULL,NULL,'3','','','','','','','','','','','','',''),(19,'Maureen','Jewell','asd','',NULL,NULL,'3','','','','','','','','','','','','',''),(20,'Joanne','Pampel','asd','',NULL,NULL,'3','','','','','','','','','','','','',''),(21,'Karen','Turner','asd','',NULL,NULL,'3','','','','','','','','','','','','',''),(22,'Helen','Senseny','asd','',NULL,NULL,'3','','','','','','','','','','','','',''),(23,'Rebecca','Thompson','ads','',NULL,NULL,'3','','','','','','','','','','','','',''),(24,'Karen','Cenyour','asd','',NULL,NULL,'3','','','','','','','','','','','','',''),(25,'MaryEllen','Buzin','asd','',NULL,NULL,'3','','','','','','','','','','','','',''),(140,'REPORT','ADMIN','bob@learningnavigator.com','123-123-1234','2008-05-16 00:00:00','2008-05-16 00:00:00','7','ACUTE PAIN SERVICE','','','','','','25-34','male','First-Line Unit Manager','0-1','Diploma Nursing','','0-1'),(26,'Jane','Seward','asd','',NULL,NULL,'3','','','','','','','','','','','','',''),(27,'Dennis','Kelliher','asd','',NULL,NULL,'3','','','','','','','','','','','','',''),(28,'Melissa','Pettis','asd','',NULL,NULL,'3','','','','','','','','','','','','',''),(29,'Mary','Cunningham','asd','',NULL,NULL,'3','','','','','','','','','','','','',''),(30,'Kathy','Moran','asd','',NULL,NULL,'3','','','','','','','','','','','','',''),(31,'Kristi','Reilly','asd','',NULL,NULL,'3','','','','','','','','','','','','',''),(32,'Myke','Sayre','asd','',NULL,NULL,'3','','','','','','','','','','','','',''),(33,'Rose','Lanci','asd','',NULL,NULL,'3','','','','','','','','','','','','',''),(34,'Melissa','Smyth','asd','',NULL,NULL,'3','','','','','','','','','','','','',''),(35,'Linda','Reed','asd','',NULL,NULL,'3','','','','','','','','','','','','',''),(36,'Jean','Fitzpatrick','asd','',NULL,NULL,'3','','','','','','','','','','','','',''),(37,'Dawn','Snyder','asd','',NULL,NULL,'3','','','','','','','','','','','','',''),(38,'Joanne','Epstein','asd','',NULL,NULL,'3','','','','','','','','','','','','',''),(39,'MaryAnn','Emerson','asd','',NULL,NULL,'3','','','','','','','','','','','','',''),(40,'Jennifer','Ross','asd','',NULL,NULL,'3','','','','','','','','','','','','',''),(41,'Sylvia','Leimkuehler','asd','',NULL,NULL,'3','','','','','','','','','','','','',''),(42,'Laura','Young','asd','',NULL,NULL,'3','','','','','','','','','','','','',''),(43,'Paul','Schweiger','asd','',NULL,NULL,'3','','','','','','','','','','','','',''),(44,'Theresea','Kisiewlewski','asd','',NULL,NULL,'3','','','','','','','','','','','','',''),(45,'Kimberly','Cierniak','asd','',NULL,NULL,'3','','','','','','','','','','','','',''),(46,'Sam','Harris','asd','',NULL,NULL,'3','','','','','','','','','','','','',''),(47,'Ed','Spicer','asd','',NULL,NULL,'3','','','','','','','','','','','','',''),(48,'Janetta','DeOnna','janetta@deonnapartners.com','',NULL,'2008-04-24 00:00:00','7','ACUTE PAIN SERVICE','','','','','','18-24','male','First-Line Unit Manager','0-1','Diploma Nursing','','0-1'),(49,'Mary Ann','Holt','maholt@ima-consulting.com','',NULL,'2008-04-24 00:00:00','7','ACUTE PAIN SERVICE','','','','','Active','18-24','male','First-Line Unit Manager','0-1','Diploma Nursing','','0-1'),(50,'Vince','Costantino','asd','',NULL,NULL,'3','','','','','','','','','','','','',''),(95,'Jay','Angert','jay.angert@learningnavigator.com','',NULL,'2008-10-15 00:00:00','7','CARDIAC SURGERY UNIT','','','','F','Active','55-64','male','Mid-level(Manager of Managers)','16-20','Doctorate','','11-15'),(96,'Mary','Angert','mary.angert@learningnavigator.com','',NULL,'2008-04-24 00:00:00','3','CARDIAC SURGERY UNIT','','','','R','Active','55-64','male','Mid-level(Manager of Managers)','16-20','Doctorate','','11-15'),(98,'Fname','Lname1','1m@m.com','',NULL,'2008-04-24 00:00:00','8','ACUTE PAIN SERVICE','New York ','11112','North East','Mname','Active','25-34','male','Exec-level(VP AVP CNO)','26+','Diploma Nursing','TITLE','0-1'),(153,'Tim','Simkins','simkintr@tandj.net','','2008-08-07 00:00:00','2008-08-07 00:00:00','7','','','','','','','','','','','','',''),(159,'Joyce Anne','Wainio','jwainio@nchl.org','unknown','2008-10-14 00:00:00','2008-10-14 00:00:00','7','ACUTE PAIN SERVICE','','','','','Active','18-24','female','First-Line Unit Manager','0-1','Diploma Nursing','unknown','0-1'),(97,'Tim','Clancy','tclancy@ima-consulting.com','','2008-04-24 00:00:00','2008-05-16 00:00:00','7','ACUTE PAIN SERVICE','','','','','Active','18-24','male','First-Line Unit Manager','0-1','Diploma Nursing','','0-1'),(154,'Ann','Echols','aechols@greenwells.net','','2008-08-07 00:00:00','2008-08-07 00:00:00','7','','','','','','','','','','','','',''),(155,'Jay','Angert','jay.angert@gmail.com','',NULL,NULL,'17','BONE MARROW TRANSPLANT','Wisconsin ','12345','Mid West','F','Active','55-64','Male','Mid-level(Manager of Managers)','21-25','Doctorate','Grand Poobah','15-20');

--
-- Table structure for table `tbPlannerUsersRoles`
--

CREATE TABLE `tbPlannerUsersRoles` (
  `fdKey` int(11) DEFAULT NULL,
  `fdRater` varchar(255) DEFAULT NULL,
  `fdRaterKey` int(11) DEFAULT NULL,
  `fdRatee` varchar(255) DEFAULT NULL,
  `fdRateeKey` int(11) DEFAULT NULL,
  `fdRole` varchar(255) DEFAULT NULL,
  `fdTemp` varchar(255) DEFAULT NULL
) ENGINE=MyISAM DEFAULT CHARSET=utf8;

--
-- Dumping data for table `tbPlannerUsersRoles`
--

INSERT INTO `tbPlannerUsersRoles` VALUES (158,'bob.selfridge@learningnavigator.com',2,'bob.selfridge@learningnavigator.com',2,'self',''),(159,'jay@iLearninc.com',1,'bob.selfridge@learningnavigator.com',2,'peer',''),(160,'jay@iLearninc.com',1,'bob.selfridge@learningnavigator.com',2,'supervisor',''),(161,'jay@iLearninc.com',1,'bob.selfridge@learningnavigator.com',2,'subordinate',''),(162,'bob.selfridge@learningnavigator.com',2,'jay@iLearninc.com',1,'peer',''),(163,'bob.selfridge@learningnavigator.com',2,'jay@iLearninc.com',1,'supervisor',''),(164,'bob.selfridge@learningnavigator.com',2,'jay@iLearninc.com',1,'subordinate',''),(165,'jay@iLearninc.com',1,'jay@iLearninc.com',1,'self',''),(218,'jay.angert@iLearnInc.com',1,'jay.angert@learningnavigator.com',95,'supervisor',''),(219,'jay.angert@learningnavigator.com',95,'jay.angert@learningnavigator.com',95,'self',''),(220,'jay.angert@iLearnInc.com',1,'mary.angert@learningnavigator.com',96,'supervisor',''),(221,'mary.angert@learningnavigator.com',96,'mary.angert@learningnavigator.com',96,'self',''),(222,'1m@m.com',98,'2m@m.com',99,'supervisor',''),(223,'2m@m.com',99,'2m@m.com',99,'self',''),(224,'1m@m.com',98,'3m@m.com',100,'supervisor',''),(225,'3m@m.com',100,'3m@m.com',100,'self',''),(226,'2m@m.com',99,'4m@m.com',101,'supervisor',''),(227,'4m@m.com',101,'4m@m.com',101,'self',''),(229,'5m@m.com',102,'5m@m.com',102,'self',''),(230,'2m@m.com',99,'6m@m.com',103,'supervisor',''),(231,'6m@m.com',103,'6m@m.com',103,'self',''),(232,'2m@m.com',99,'5m@m.com',102,'peer',''),(233,'1m@m.com',98,'5m@m.com',102,'subordinate',''),(234,'6m@m.com',103,'5m@m.com',102,'subordinate',''),(235,'3m@m.com',100,'5m@m.com',102,'supervisor',''),(271,'vp@hospital1.com',122,'ml1@hospital1.com',123,'supervisor',''),(272,'ml1@hospital1.com',123,'ml1@hospital1.com',123,'self',''),(273,'vp@hospital1.com',122,'ml2@hospital1.com',124,'supervisor',''),(274,'ml2@hospital1.com',124,'ml2@hospital1.com',124,'self',''),(275,'ml1@hospital1.com',123,'fl1@hospital1.com',125,'supervisor',''),(276,'fl1@hospital1.com',125,'fl1@hospital1.com',125,'self',''),(277,'ml1@hospital1.com',123,'fl2@hospital1.com',126,'supervisor',''),(278,'fl2@hospital1.com',126,'fl2@hospital1.com',126,'self',''),(279,'ml2@hospital1.com',124,'fl3@hospital1.com',127,'supervisor',''),(280,'fl3@hospital1.com',127,'fl3@hospital1.com',127,'self',''),(281,'vp@hospital2.com',128,'ml1@hospital2.com',129,'supervisor',''),(282,'ml1@hospital2.com',129,'ml1@hospital2.com',129,'self',''),(283,'vp@hospital2.com',128,'ml2@hospital2.com',130,'supervisor',''),(284,'ml2@hospital2.com',130,'ml2@hospital2.com',130,'self',''),(285,'ml1@hospital2.com',129,'fl1@hospital2.com',131,'supervisor',''),(286,'fl1@hospital2.com',131,'fl1@hospital2.com',131,'self',''),(287,'ml1@hospital2.com',129,'fl2@hospital2.com',132,'supervisor',''),(288,'fl2@hospital2.com',132,'fl2@hospital2.com',132,'self',''),(289,'ml2@hospital2.com',130,'fl3@hospital2.com',133,'supervisor',''),(290,'fl3@hospital2.com',133,'fl3@hospital2.com',133,'self',''),(291,'vp@hospital3.com',134,'ml1@hospital3.com',135,'supervisor',''),(292,'ml1@hospital3.com',135,'ml1@hospital3.com',135,'self',''),(293,'vp@hospital3.com',134,'ml2@hospital3.com',136,'supervisor',''),(294,'ml2@hospital3.com',136,'ml2@hospital3.com',136,'self',''),(295,'ml1@hospital3.com',135,'fl1@hospital3.com',137,'supervisor',''),(296,'fl1@hospital3.com',137,'fl1@hospital3.com',137,'self',''),(297,'ml1@hospital3.com',135,'fl2@hospital3.com',138,'supervisor',''),(298,'fl2@hospital3.com',138,'fl2@hospital3.com',138,'self',''),(299,'ml2@hospital3.com',136,'fl3@hospital3.com',139,'supervisor',''),(300,'fl3@hospital3.com',139,'fl3@hospital3.com',139,'self',''),(301,'ml2@hospital1.com',124,'ml1@hospital1.com',123,'peer',''),(302,'ml2@hospital2.com',130,'ml1@hospital2.com',129,'peer',''),(303,'fl1@hospital2.com',131,'ml1@hospital2.com',129,'subordinate',''),(304,'fl2@hospital2.com',132,'ml1@hospital2.com',129,'subordinate',''),(305,'fl3@hospital2.com',133,'ml1@hospital2.com',129,'subordinate',''),(323,'ml1@hospital1.com',123,'ml2@hospital1.com',124,'peer',''),(324,'ml1@hospital1.com',123,'vp@hospital1.com',122,'subordinate',''),(326,'ml1@hospital.com',148,'ml1@hospital.com',148,'self',''),(327,'vp@hospital.com',147,'ml2@hospital.com',149,'supervisor',''),(328,'ml2@hospital.com',149,'ml2@hospital.com',149,'self',''),(329,'ml1@hospital.com',148,'fl1@hospital.com',150,'supervisor',''),(330,'fl1@hospital.com',150,'fl1@hospital.com',150,'self',''),(331,'ml1@hospital.com',148,'fl2@hospital.com',151,'supervisor',''),(332,'fl2@hospital.com',151,'fl2@hospital.com',151,'self',''),(333,'ml2@hospital.com',149,'fl3@hospital.com',152,'supervisor',''),(334,'fl3@hospital.com',152,'fl3@hospital.com',152,'self',''),(338,'fl1@hospital.com',150,'ml1@hospital.com',148,'peer',''),(339,'ml2@hospital.com',149,'ml1@hospital.com',148,'peer',''),(341,'vp@hospital.com',147,'ml1@hospital.com',148,'supervisor','');


