--
-- Host: localhost    Database: grannyge_vaillake2008
-- ------------------------------------------------------


--
-- Current Database: `grannyge_vaillake2008`
--

CREATE DATABASE /*!32312 IF NOT EXISTS*/ `grannyge_vaillake2008` /*!40100 DEFAULT CHARACTER SET latin1 */;

USE `grannyge_vaillake2008`;

--
-- Table structure for table `rider`
--

CREATE TABLE `rider` (
  `uid` int(4) NOT NULL AUTO_INCREMENT,
  `team_name` varchar(36) NOT NULL DEFAULT '',
  `rank` varchar(10) NOT NULL DEFAULT '',
  `firstname` varchar(22) NOT NULL DEFAULT '',
  `lastname` varchar(15) NOT NULL DEFAULT '',
  `middleinit` char(1) DEFAULT NULL,
  `class` varchar(28) NOT NULL DEFAULT '',
  `ssn` varchar(11) DEFAULT NULL,
  `gender` char(1) NOT NULL DEFAULT '',
  `dob` date NOT NULL DEFAULT '0000-00-00',
  `addr1` varchar(64) NOT NULL DEFAULT '',
  `city` varchar(26) NOT NULL DEFAULT '',
  `state` varchar(26) DEFAULT NULL,
  `country` varchar(26) NOT NULL DEFAULT '',
  `zip` varchar(12) NOT NULL DEFAULT '',
  `email` varchar(96) DEFAULT NULL,
  `dayphone` varchar(20) DEFAULT NULL,
  `evephone` varchar(20) DEFAULT NULL,
  `a_waiver` tinyint(1) NOT NULL DEFAULT '0',
  `emergency_contact` varchar(40) DEFAULT NULL,
  `emergency_phone` varchar(20) DEFAULT NULL,
  `admin_notes` varchar(255) DEFAULT NULL,
  `t_shirt_size` varchar(20) DEFAULT NULL,
  `sponsors` varchar(255) DEFAULT NULL,
  `anecdote` mediumtext,
  PRIMARY KEY (`uid`),
  UNIQUE KEY `rider_pkey` (`uid`)
) ENGINE=MyISAM AUTO_INCREMENT=152 DEFAULT CHARSET=latin1;

--
-- Dumping data for table `rider`
--

INSERT INTO `rider` VALUES (5,'Denny, Kelly T.','captain','Kelly','Denny','T','Expert','574-80-9644','M','1980-09-07','1147 w 21st st','San Pedro','CA','USA','90731','kelly.denny@gmail.com','206 240-4261','206 240-4261',1,'Karen Denny','206 265 2632','','medium','WWW.NOMADCYCLES.COM & THE BICYCLE PALACE','Races I have competed in;\r\nSki 2 Sea, Bellingham 1995,96,97,98,99\r\nRaid the north adventure race, Panorama BC 1999\r\nSea 2 Summit, Panorama BC 2000\r\nOD Marathon South Korea, 2005\r\nPirated Vision Quest, Orange County, CA 2007 (race was full)\r\n24hrs of Adrenaline 3person Coed, Idllywild 2007 (1stplace)\r\n24hrs of adrenaline 6peson corparate, Laguna Seca 2007\r\nDownievile Classic, Single Speed 2007\r\n24hrs of adrenaline 8hr solo, Idllywild 2007\r\nDozens of XC mtb races in Washington, British Columbia, North Carolina, & Republic Of Korea where I raced for www.odbike.co.kr'),(6,'Simons, Jim','captain','Jim','Simons','','Expert','810-51-4396','M','1943-07-20','2215 Durston Rd #12','Bozeman','MT','USA','59718','JIMSIMONSCPA@AOL.COM','4065804449','4065804449',1,'MARK BRIAN','4065868565','','medium','TURNER BIKE','24 HOURS OF MOAB 2007'),(59,'Suckin\' Down Brews','captain','Duke','Tucker','','Sport','','M','1969-01-14','43332 Modena Drive','Temecula','CA','USA','92592','4tux@verizon.net','951-240-9263','951-303-8904',1,'Candi Tucker','951-240-9265','','large','',''),(150,'Armstrong, Shanna','captain','Shanna','Armstrong','','Sport','452-51-2420','F','1974-09-09','8712 Toledo','Lubbock','TX','USA','79424','trishanna@msn.com','806-438-5090','',1,'Brent Armstrong','806-793-0539','','small','',''),(13,'Level/Orange20','captain','Scott','Hansen','A','Sport','223-33-5258','M','1972-02-14','6739 El Colegio Rd 206','GoLeta','CA','USA','93117','shansen@levelcomponents.com','8052806768','',1,'Monica Heintz','8052523703','','x-large','Level',''),(14,'Level/Orange20','regular','Jack','Lindquist','C','Sport','086-72-3813','M','1980-12-05','667 N. Berendo','Los Angeles','CA','USA','90004','pinkfixie@gmail.com','213.471.0588','',1,'Megan Dean','213.713.1690','','large','',''),(15,'Level/Orange20','regular','James','Cadenhead','G','Sport','227-21-4799','M','1976-06-23','3030 La Clede','Los Angeles','CA','USA','90039','shortyjim@hotmail.com','213.494.4405','',1,'Rebecca Long','617.777.2335','','medium','ORANGE 20 BIKES/LEVEL COMPONENTS','So, back in the day, i was a bike messenger on the east coast, then i was a river raft guide, then i went out to the west coast, and was a messenger there.  Now I own a bike shop, Orange 20 Bikes, I sell track bikes to hipster kids.\r\nPeace'),(16,'Level/Orange20','regular','unregistered','rider','','Sport','','M','2008-01-01','','','','USA','','','','',0,'','','','blank','',''),(23,'Hermanos En Lucha Libre (H.E.L.L.)','captain','Jeremy','Heiner','S','Sport','','M','1975-06-18','357 Avocado Lane','Pasadena','CA','USA','91107','jeremyheiner@hotmail.com','626-844-8856','626-844-8856',1,'Jannifer Heiner','626-616-3365','','large','',''),(24,'Hermanos En Lucha Libre (H.E.L.L.)','regular','Ryan','Heiner','D','Sport','','M','1977-04-16','3425 S. Park Vista Dr.','West Valley City','UT','USA','84120','pakawullup@hotmail.com','8011-824-4601','',1,'Becky Heiner','801-955-2671','','large','Rocky Mountain raingutters.\r\nFour sweet Heiner girls!','viva mi familia! viva mi patria! viva mi bicicleta! viva mis hermanos!'),(25,'Hermanos En Lucha Libre (H.E.L.L.)','regular','Jay','Chapman','R','Sport','335-70-1188','M','1965-11-26','411 Sturtevant Drive','sierra Madre','CA','USA','91024','jaychapman@earthlink.net','310-993-0788','626-355-4619',1,'Missy','626-390-0417','','x-large','',''),(26,'Hermanos En Lucha Libre (H.E.L.L.)','regular','David','Montoya','E','Sport','','M','1972-08-25','770 East Grove Creek Dr.','Pleasant Grove','UT','USA','84062','dmontoya770@hotmail.com','801-796-3925','',1,'Eren Montoya','801-796-3925','','large','Rocky Mountain Rain Gutters\r\nMy Kids','I don\'t like the cold'),(30,'Bergin, Daniel F.','captain','Daniel','Bergin','F','Sport','555-47-9804','M','1971-09-29','50 Reunion','Irvine','CA','USA','92603','dbrg751@cs.com','9493388202','',1,'Dominic Bergin','9494221768','','x-large','','My second 24 Hour event. The first one was the 24 hours of Orange county, and my first since my dad died.'),(31,'Bean Town Boneheads','captain','Scott','Holland','','Sport','028-62-8264','M','1979-04-16','4215 dakota Drive','San Diego','CA','USA','92117','scott@geekhousebikes.com','5086624898','5086624898',1,'Kerin Dooley','5085774170','','medium','',''),(32,'Bean Town Boneheads','regular','Jeff','Claudino','S','Sport','','M','1974-07-17','7720 Margerum Ave # 141','San Diego','CA','USA','92120','claudino@lightreading.com','858 243-0223','858 243-0223',1,'Stacie Claudino','858 922-5902','','large','',''),(33,'Bean Town Boneheads','regular','Tony','Claudino','','Sport','','M','1971-09-24','365 St. Johns Place, Apt J','Brooklyn','NY','USA','11238','tclaudino@yahoo.com','917-669-7151','',1,'Misa','917-669-7150','','medium','',''),(34,'Bean Town Boneheads','regular','Chris','Forney','R','Sport','559-83-4309','M','1984-12-15','1740 S. Redwood St.','Escondido','CA','USA','92025','chris@cemobiledetailing.com','760 803 0437','',1,'Ron and Trish Forney','760 518 2837','','medium','','1st Race!!! Wooonooo!!!'),(35,'Bean Town Boneheads','regular','Joseph','Hager','C','Sport','','M','1979-09-19','3347 Caminito Gandara','La Jolla','CA','USA','92037','josephhager@gmail.com','858-352-8245','',1,'Jim Hager','508-947-8262','','medium','',''),(36,'Eco-Bungholes','captain','Tyler','Cannon','E','Sport','610-18-4992','M','1983-04-05','1770 Via Pacifica L 102','Corona','CA','USA','92882','ecobunghole@yahoo.com','949 241 6219','',1,'Elliot Cannon','949 929 7260','','x-large','',''),(37,'Eco-Bungholes','regular','Alberto','Rodriguez','','Sport','','M','1982-09-02','4 westmoreland','Irvine','CA','USA','92620','arodriguez82@csu.fullerton.edu','949-929-6746','949-929-6746',1,'Alberto','949-559-1763','','medium','',''),(38,'Eco-Bungholes','regular','Daniel','Costales','','Sport','603-28-3472','M','1971-12-11','2127 King St','San Luis Obispo','CA','USA','93401','danielcostales1211@hotmail.com','949-887-7706','',1,'Jennifer Stucky','949-690-1471','','large','','I like skinny skiing, and going to bull fights on acid.'),(39,'Eco-Bungholes','regular','Kacie','Fischer','','Sport','574-78-8274','F','1985-05-07','1372 Fredericks','San Luis Obispo','CA','USA','93405','kfischer@calpoly.edu','360-739-9076','',1,'Adam Porosian','559-287-5424','','small','',''),(40,'Eco-Bungholes','regular','Lindsey','McManus','','Sport','567-83-7470','F','1985-01-01','1590 Phantom Ave','San Jose','CA','USA','95125','lmcmanus@calpoly.edu','360-739-9076','',1,'John McManus','408-218-6993','','small','',''),(41,'The Gondola Goes Whoosh!','captain','Alexandria','Fabbro','','Pro','560-39-2152','F','1964-01-23','P.O. Box 3535','Mammoth Lakes','CA','USA','93546','alexfabbro@yahoo.com','626-429-2062','',1,'Chris Fabbro','626-441-6900','','small','Velo Bella',''),(42,'The Gondola Goes Whoosh!','regular','Richard','Price','J','Sport','227-98-6131','M','1974-01-27','PO Box 3693, 1375 Majestic Pines Dr','Mammoth Lakes','CA','USA','93546','richardpricejr@hotmail.com','760-914-2624','760-914-2624',1,'Katherine Price','760-914-2577','','medium','',''),(43,'The Cyclepaths','captain','Jeff','Jacobson','C','Sport','','M','1980-05-12','24302 Sage Ct','Laguna Hills','CA','USA','92653','Jcjacob21@hotmail.com','949-278-2848','',1,'Jannice Gorriceta','323-528-4315','','large','',''),(44,'The Cyclepaths','regular','Jason','Dahl','R','Sport','','M','1972-10-02','22882 Tolana Dr','Laguna Niguel','CA','USA','92677','crzybrder23@yahoo.com','949-412-8059','',1,'Barbara Dahl','949-487-1221','','large','',''),(45,'The Cyclepaths','regular','Geof','Sanberg','J','Sport','','M','1956-10-18','23412 Pacific Park Dr. #28B','Aliso Viejo','CA','USA','92656','geofsanberg@yahoo.com','(949)315-9125','',1,'Kim Sanberg','(714)614-4710','','medium','Captain Crunch',''),(46,'The Cyclepaths','regular','Dave','Reffert','W','Sport','570-35-6530','M','1960-06-29','8ShivleyRoad','LaderaRANCH','CA','USA','92694','dave.reffert@moenwoodworks.com','(949)495-2004','(949)433-5558',1,'kATHYReffert','(949)388-7660','','large','TheKnarlyOnes(singletrack Installations',''),(47,'The Cyclepaths','regular','David','Magdaleno','A','Sport','','M','1972-08-14','206 Monte Vista Ave','Costa Mesa','CA','USA','92627','d.a.magdaleno@gmail.com','310-594-6905','',1,'Jannice Gorriceta','323-528-4315','','large','',''),(48,'Shake and Bake','captain','Dean','Miller','A','Pro','498-88-9152','M','1968-12-18','11475 San Joaquin Ridge','Littleton','CO','USA','80127','browndogracer@msn.com','3034355343','303-435-5343',1,'Stef Tilgner','3038686769','','large','',''),(49,'Shake and Bake','regular','Dax','Massey','K','Pro','241-17-3664','M','1974-02-22','PO Box 1044','Boulder','CO','USA','80306','daxkillian@hotmail.com','720.490.5520','',1,'Jim Massey','503.292.8884','','large','Peak Nutrients, Bach Builders, DT Swiss, Boulder Beer, Black Sheep Cycles, Maverick American',''),(50,'Flash Package','captain','George','Schetter','','Sport','','M','1957-09-15','3109 Ashcroft Ave','Clovis','CA','USA','93619','george.schetter@centexhomes.com','5592916265','',1,'Wendy','5592916265','','large','',''),(51,'Flash Package','regular','Mike','Wyatt','','Sport','','M','1966-05-09','801 South Akers St.','Visalia','CA','USA','93277','mike.wyatt@centexhomes.com','5997332717','',1,'Mrs. Wyatt','8432418704','','x-large','',''),(52,'Flash Package','regular','Dov','Shmucher','','Sport','','M','1973-11-11','43388 South Fork','Three Rivers','CA','USA','93271','dov.shmucher@centexhomes.com','5596792195','',1,'Ofer Shmucher','7752338546','','large','',''),(53,'Flash Package','regular','Darryl','Patterson','','Sport','','M','1973-04-30','3122 W. Glendale Ave.','Visalia','CA','USA','93291','pattersoncraft@msn.com','5598055099','5597340337',1,'Kristi Patterson','9257844667','','large','',''),(54,'Callaway Golf','captain','Witney','Johnson','','Sport','','M','1969-12-10','551 Silver Shadow Dr','San Marcos','CA','USA','92078','witney.johnson@callawaygolf.com','760-650-5264','',1,'Tracy Johnson','760-305-2516','','large','',''),(55,'Callaway Golf','regular','Scott','Perry','','Sport','','M','1984-07-14','624 Saltgrass Avenue','Carlsbad','CA','USA','92011','sbfrisbeedude@gmail.com','858-922-2684','',1,'Bruce Perry','858-549-1023','','medium','',''),(56,'Callaway Golf','regular','Bradford','Galey','C','Sport','','M','1960-09-25','2410 Burgos Court','Carlsbad','CA','USA','92009','bradford.galey@callawaygolf.com','760-707-6047','',1,'John Galey','760-845-6341','','medium','',''),(57,'Callaway Golf','regular','Ryan','Sherrill','','Sport','','M','1980-08-27','623 Strand Street','Carlsbad','CA','USA','92011','Ryan.Sherrill@callawaygolf.com','760-415-3770','',1,'William Sherrill','859-749-0139','','large','',''),(58,'Callaway Golf','regular','Alan','Bettencourt','','Sport','','M','1959-02-18','1310 Santa Luisa Dr.','Solana Beach','CA','USA','92075','alanb@callawaygolf.com','858-481-4452','',1,'Rick Bettencourt','619-300-4452','','medium','',''),(60,'Suckin\' Down Brews','regular','Jay','Moorman','E','Sport','','M','1972-10-30','2683 South Terrace Avenue','Yuma','AZ','USA','85365','jay.moorman@usmc.mil','7608032177','',1,'Jamee Black Moorman','7608036285','','large','',''),(61,'Suckin\' Down Brews','regular','Mark','VanSkike','E','Sport','','M','1972-04-08','43158 Lancashire Common','Temecula','CA','USA','92592','mdvs@adelphia.net','951-897-4920','',1,'Dawn','951-897-4972','','large','',''),(62,'Suckin\' Down Brews','regular','Kelley','Watts','','Sport','','M','1970-07-11','161 Countrywood Lane','Encinitas','CA','USA','92024','kelleycwatts@gmail.com','760.443.4300','',1,'Gary Watts','760.765.2443','','large','',''),(63,'Suckin\' Down Brews','regular','Nathan','Marvel','S','Sport','','M','1972-08-06','3127 S 47th','Yuma','AZ','USA','85364','nathan.marvel@usmc.mil','760-803-3206','',1,'Clover Marvel','760-803-3026','','large','',''),(64,'Baumgardt-Kays, Liz N.','captain','Liz','Baumgardt-Kays','N','Sport','319-86-7727','F','1980-11-24','809 Loves Park DR.','Loves Park','IL','USA','61111','abms1920@sbcglobal.net','815 540-3881','815 633-8769',1,'Randal Kays','815 601-5996','','small','A&B Machine Shop, Rockford Carbide Die and Tool Ltd., Alligood Construction',''),(65,'Alligood, Joe B.','captain','Joe','Alligood','B','Sport','336-62-9661','M','1969-06-13','2628 E Newberry Blvd.','Milwaukee','WI','USA','53211','alligoodconstruction@yahoo.com','414-803-0775','',1,'Lynne Thomson','414-803-0741','','large','',''),(66,'LARGE-N-CHARGE','captain','Damon','Roth','B','Sport','','M','1971-08-21','520 Mesa Verde','Carbondale','CO','USA','81623','damon@airmadatech.com','970-948-8985','970-948-7620',1,'Danyielle Roth (Wife)','970-948-7620','','large','',''),(67,'LARGE-N-CHARGE','regular','Richard','Kihnley','','Sport','','M','1958-06-01','586 hwy 133 PMB 114','Carbondale','CO','USA','81623','rpk2fla1@yahoo.com','970-930-5099','',1,'Richard Kihnley Father','5613393013','','medium','',''),(68,'LARGE-N-CHARGE','regular','Scott','Newman','','Sport','','M','1965-11-28','P.O. Box 1587','Eagle','CO','USA','81631','sm_newman@yahoo.com','9702741833','',1,'Margaret Newman','970-376-6294','','x-large','',''),(69,'LARGE-N-CHARGE','regular','Erik','Gripentrog','','Sport','','M','1971-01-01','141 9th St.','Steamboat Springs','CO','USA','80477','erikg@landmark-co.com','970-846-2592','',1,'Lori Gripentrog','970-8701456','','x-large','',''),(70,'Grizzly Outfitters/Continental Const','captain','Ben','Macht','J','Expert','','M','1976-01-20','PO Box 160646','Big Sky','MT','USA','59716','bmacht@hotmail.com','406 570-3690','',1,'Courtney Jones','406 579-9244','','large','',''),(71,'Grizzly Outfitters/Continental Const','regular','Rich','Chandler','','Expert','','M','1976-09-29','PO Box 160156','Big Sky','MT','USA','59716','rtc929@hotmail.com','406-539-3815','406-993-5657',1,'Hanna Jackson','406-993-5657','','large','',''),(72,'Grizzly Outfitters/Continental Const','regular','Thaddeus','Josephson','','Sport','','M','1981-07-24','101 Michael Grove','Bozeman','MT','USA','59718','thadjo@gmail.com','406 581-8291','',1,'Louise Jansa','970 819-4858','','medium','',''),(73,'Grizzly Outfitters/Continental Const','regular','Matt','Fritz','','Sport','','M','1971-06-07','PO Box 160875','Big Sky','MT','USA','59716','thrlsekn1@msn.com','406-599-2750','406-599-2750',1,'Carla Fritz','406 570-8189','','medium','',''),(74,'Airborne Lasers','captain','Barry','St. Germain','','Sport','','M','1965-10-12','43225 33rd St West','Lancaster','CA','USA','93536','stugger@adelphia.net','661-816-8843','661-305-1718',1,'Jackie St. Germain','661-305-1718','','blank','',''),(75,'Airborne Lasers','regular','Jacob','Hempen','','Sport','','M','1985-07-21','43515 Alep St.','Lancaster','CA','USA','93536','','661-275-6765','',1,'Jackie St. Germain','661-305-1718','','blank','',''),(76,'Airborne Lasers','regular','Joel','Lozano','','Sport','','M','1985-06-22','43515 Alep St.','Lancaster','CA','USA','93536','','661-275-0475','724-777-1922',1,'Jackie St. Germain','661-305-1718','','blank','',''),(77,'Airborne Lasers','regular','Christopher','McGrath','','Sport','','M','1985-05-29','43515 Alep St.','Lancaster','CA','USA','93536','','661-275-0475','724-777-1922',1,'Jackie St. Germain','661-305-1718','','blank','',''),(78,'Airborne Lasers','regular','Sarah','Shaw','','Sport','','F','1985-02-12','2406 Grandview Terrace','Rosamond','CA','USA','93536','','661-275-0704','',1,'Jackie St. Germain','661-305-1718','','blank','',''),(79,'Lichtenwalner, Rob','captain','Rob','Lichtenwalner','','Sport','198-56-4822','M','1976-08-19','345 S. Whitfield St.','Nazareth','PA','USA','18064','xxxrplxxx@fastmail.fm','610-730-6304','',1,'Sarah','610-730-1713','','blank','',''),(80,'Old Farts and Young Squirts','captain','Al','Calvet','P','Sport','','M','1961-05-30','41681 Avenida de la Reina','Temecula','CA','USA','92592','acalvet@verizon.net','951-837-1921','951-676-1868',1,'Jeanne Epstein','818-621-0025','','x-large','',''),(81,'Old Farts and Young Squirts','regular','Rick','Stewart','J','Sport','','M','1959-07-19','3306 Gopher Canyon Road','Vista','CA','USA','92084','ricks@edge-dev.com','619-921-7660','760-630-3911',1,'Lisa Stewart','760-630-3911','','large','',''),(82,'Old Farts and Young Squirts','regular','Charlie','Calvet','E','Sport','','M','1959-07-08','1155 Kamehame Drive','Honolulu','HI','USA','96825','lynnecalvet@yahoo.com','808-351-9745','808-396-5059',1,'Lynn Calvet','808-396-5059','','large','',''),(83,'Old Farts and Young Squirts','regular','Jeff','Calvet','P','Sport','','M','1989-04-22','41681 Avenida de la Reina','Temecula','CA','USA','92592','acalvet@verizon.net','951-541-4677','951-676-1868',1,'Pam May','951-326-0330','','large','',''),(84,'Old Farts and Young Squirts','regular','Matt','Calvet','F','Sport','','M','1991-07-31','41681 Avenida de la Reina','Temecula','CA','USA','92592','acalvet@verizon.net','951-541-4675','951-676-1868',1,'Al Calvert','951-831-1921','','medium','',''),(85,'Manic Monkey Riders','captain','Mike','Vines','L','Sport','','M','1966-05-02','28150 N. Alma School PKWY, Suite 103, Box 631','Scottsdale','AZ','USA','85262','mongollord@yahoo.com','480-620-3742','480-683-9055',1,'Melinda','480-683-9055','','x-large','One year we actually had a sponsor!','Every uear I take time off from the ranch to do this race.  We\'ll take the kids, all of the bikes, the RV, the instruments(guitars, keyboards, clarinet) and get the grill goin\'.  I think I have some elk meat in the freezer.'),(86,'Manic Monkey Riders','regular','Kenneth','Kimble','M','Sport','','M','1968-05-12','10950 E Greenway Rd','Scottsdale','AZ','USA','85255','kenkimble5@hotmail.com','602 326- 8171','480 515-3502',1,'Mozhgan Kimble','480 326-8172','','large','Swiss American Cycling','Love this course! Coming back for more....'),(87,'Manic Monkey Riders','regular','Chad','Shelton','','Sport','','M','1978-06-20','7887 N 16th # 202','Pheonix','AZ','USA','85020','','602-487-8475','',1,'Damon','602-616-3957','','blank','',''),(88,'Manic Monkey Riders','regular','Damon','Shelton','','Sport','','M','1970-01-12','8531 N 10th Ave','Phoenix','AZ','USA','85021','dkshelt@cox.net','602-616-3957','',1,'Dawn SHelton','602-478-3823','','blank','',''),(89,'Pink Ladies','captain','Jen','Robinson','','Sport','','F','1965-03-17','7074 Leeward','Carlsbad','CA','USA','92011','jen_b_robinson@msn.com','760-602-4297','760-730-2553',1,'Ries Robinson','505-264-3122','','small','',''),(90,'Pink Ladies','regular','Kirsty','Marritt','S','Sport','','F','1969-01-24','2025 Shadytree Lane','Encinitas','CA','USA','92024-3121','kirstymarritt@gmail.com','760-634-5640','760-672-8895',1,'Tim Marritt','760-274-7147','','small','',''),(91,'Pink Ladies','regular','Chris','Harrison','','Sport','','F','1960-01-01','1115 Rancho Ryan Rd','Fallbrook','CA','USA','92028','cwester760@yahoo.com','7604519921','7602140466',1,'Tony Kowalzyck','8479227191','','medium','',''),(92,'Pink Ladies','regular','Cherry','Deolaso','M','Sport','','F','1970-07-08','2732 Grove Avenue','Carlsbad','CA','USA','92008','arawa@hotmail.com','858-344-1854','760-730-0015',1,'Tony Kowalczyk','847-922-7191','','small','',''),(93,'Simi Cycling Center','captain','Greg','Dolder','','Sport','','M','1973-11-29','5234 Portia Street','Simi Valley, CA','CA','USA','93063','dolder14@pacbell.net','818-590-7869','',1,'Nora Dolder','805-577-9355','','x-large','Simi Cycling Center',''),(94,'Simi Cycling Center','regular','Ed','Pongracz','','Sport','','M','1973-11-23','897 E Los Angeles Ave','Simi Valley','CA','USA','93065','ed@bengalengineering.com','818-523-1101','',1,'Nora Dolder','805-577-9355','','large','Simi Cycling Center',''),(95,'Simi Cycling Center','regular','Scott \"Wireless\"','McClave','','Sport','','M','1987-08-15','897 E Los Angeles Ave','Simi Valley','CA','USA','93065','simicyclingcenter@sbcglobal.net','805-522-0565','',1,'Nancy McClave','805-522-0565','','small','Simi Cycling Center',''),(96,'Simi Cycling Center','regular','Victor \"MRT\"','Robles','','Sport','','M','1985-07-23','897 E Los Angeles Ave','Simi Valley','CA','USA','93065','vicrobles@adelphia.net','805-522-0565','',1,'Nora Dolder','805-577-9355','','medium','Simi Cycling Center',''),(97,'Stink Palm','captain','Brian','Suzuki','','Sport','','M','1972-07-27','2592 Fletcher Parkway','El Cajon','CA','USA','92020','suzuki727@yahoo.com','619-280-1576','',1,'Michelle Ritter','619-339-9046','','large','',''),(98,'Stink Palm','regular','Brandon','Accardi','M','Sport','','M','1977-08-16','7747 Margerum Ave #128','San Diego','CA','USA','92120','brandon11baseball@hotmail.com','619-889-2817','',1,'Robyn Accardi','619-818-2841','','large','The daily 9 to 5 job.','Experience is the toughest teacher.\r\nShe gives the test first and the lesson last.'),(99,'Stink Palm','regular','Russel','Pasewald','T','Sport','399-76-1098','M','1974-08-13','23913 Couna Way','Ramona','CA','USA','92065','rpasewald@hotmail.com','6198618123','7604409977',1,'Rindee Pasewald','6198618122','','large','D&D Fabrication, ASC Fabrication, Dorris Machining Company','I do not ride my bike enough.'),(100,'Stink Palm','regular','JOhn','Gerstenberg','','Sport','','M','1962-09-13','10191 Prince Charming Ln','Santee','CA','USA','92071','gerstspambox@cox.net','619-992-7528','',1,'Kathy Gerstenberg','619-787-7528','','large','',''),(101,'IC3 Masters - Sweatin\' to the Oldies','captain','Martin','Phillips','K','Sport','','M','1962-12-05','4500 S. Four Mile Run Drive','Arlington','VA','USA','22204','Martin_K_Phillips@Hotmail.com','571-345-8377','',1,'Marlene Phillips','202-425-2390','','large','International Christian Cycling Club\r\nHammer Nutrition','I \"found\" IC3 at about 2 am when as I tired, cold, duo/pro racer in Moab I went looking for the biggest, warmest fire I could find. The temperature that year at Moab was somewhere between 15-20 degrees and my teammate had let our meager fire go out. Having only about an hour before I had to head back out to race I had to get warmed up quick. I stumbled across the fire of the International Christian Cycling Club.\r\nI had grown up as a Christian, but my walk had taken me far from my \"roots\". As the lyrics of the song \"Still Calls me Son\" say I had \"drug his name through Godless places and I\'ve known shame that no child of his should know. I\'ve seen pain on broken faces, beyond all thought of hope, I was just too far from home\".  In a feeling of unworthiness I nearly walked away from the IC3 tent. Then an IC3 member came out to welcome me. They welcomed me in like a long lost friend, didn\'t preach, didn\'t question, they welcomed. \r\nIt planted the seed that has me asking you to by and visit, because \"After all I\'ve done, he still calls me son\". He\'ll do the same for you.'),(102,'IC3 Masters - Sweatin\' to the Oldies','regular','Stan','Ritchie','','Sport','007-66-5345','M','1958-10-05','423 Walnut Street','Harrisburg','PA','USA','17101','stan@ritchietribe.net','717-418-3232','',1,'Donna Ritchie','717.599.9311','','large','Hammer Nutrition',''),(103,'IC3 Masters - Sweatin\' to the Oldies','regular','Brett','Lehigh','','Sport','062-42-5330','M','1960-06-02','5673 Abington Drive','Newark','CA','USA','94560','Lodicat@juno.com','510-676-8333','',1,'Lisa','415-250-1701','','large','',''),(104,'IC3 Masters - Sweatin\' to the Oldies','regular','unregistered','rider','','Sport','','M','2008-01-01','','','','USA','','','','',0,'','','','blank','',''),(105,'It\'s Just a Flesh Wound','captain','Stewart','Irving','','Sport','','M','1965-10-07','4414 Clarewood Dr','Oakland','CA','USA','94618','stewart@jointjuice.com','415-939-9596','510-654-9436',1,'Noreen Irving','510-816-8302','','large','Niner Bikes',''),(106,'It\'s Just a Flesh Wound','regular','Noreen','Irving','','Sport','','F','1967-06-12','4414 Clarewood Dr','Oakland','CA','USA','94618','noreeny@hotmail.com','510-816-8302','510-654-9436',1,'Stewart Irving','415-939-9596','','medium','Niner Bikes',''),(107,'It\'s Just a Flesh Wound','regular','Simon','Ball','J','Sport','','M','1965-06-20','800 Duboce Ave #201','San Francisco','CA','USA','94117','simonjball@gmail.com','650 619 7731','',1,'Janet Grochowski','540 256 1550','','medium','',''),(108,'It\'s Just a Flesh Wound','regular','Daniel','Irving','','Sport','','M','1965-08-10','4314 Harbord Drive','Oakland','CA','United States','94618','redwood_trail@yahoo.com','510-502-0284','510-502-0284',1,'Daniel Irving','510-502-0284','','medium','',''),(109,'It\'s Just a Flesh Wound','regular','Jay','Murphy','','Sport','','M','1963-12-02','3900 Hanly Road','Oakland','CA','USA','94602','Jay.Murphy@kp.org','415-722-1387','',1,'Janis Murphy','510-482-5453','','medium','',''),(110,'Owens, Erik B.','captain','Erik','Owens','B','Sport','000-00-0000','M','1972-05-11','747 Hillsboro Way','San Marcos','CA','USA','92069','granny@progresswebs.com','760-855-1241','760-855-1241',1,'Carisa Owens (wife)','760-855-1240','','large','Kenda Tires',''),(111,'ol Big Nasty','captain','Stephen','Phillips','J','Sport','','M','1966-05-10','po box 80','cardiff','CA','USA','92007','sphillips66@hotmail.com','7603904429','7604360695',1,'Annette Allert','7604360695','','large','',''),(112,'ol Big Nasty','regular','Greg','Turner','','Sport','','M','1970-08-29','po box 71154','san diego','CA','USA','92171','tilecarver@hotmail.com','619.871.0474','',1,'Bruce Turner','858.484.6188','','large','',''),(113,'ol Big Nasty','regular','Tony','Barghini','','Sport','','M','1969-07-28','620 Summerview Cir','Encinitas','TN','USA','92024','tonyb@novoengineering.com','831.915.8525','',1,'Larry Barghini','707.545.5183','','medium','',''),(114,'ol Big Nasty','regular','Peter','Cooper','','Sport','','M','1973-05-17','444 Sheffield Avenue','Cardiff','CA','USA','92007','petercooper1@cox.net','619.847.2918','',1,'Megan Johnson','760.504.4627','','large','',''),(115,'Big Nasty','captain','Marc','Alexander','F','Sport','','M','1972-03-10','11082 Virgo Place','San Diego','CA','USA','92126','alex8675@photosbypm.com','858.831.1448','858.831.1448',1,'Marie Alexander','858.442.1448','','xx-large','Budweiser, Diet Coke, Canon camera gear, SQL Server, Baby Wise, Pampers and Costco...or at least that\'s where I spend my money.',''),(116,'Big Nasty','regular','Mike','Okamoto','','Sport','','M','1969-07-10','1101 Abelia St','Irvine','CA','USA','92606','mike_okamoto@cox.net','949-929-8067','',1,'Vickie Okamoto','949-241-4549','','xx-large','Anyone who provides the beer, and I like Kenda tires (no deal yet)','\"I once posed for playgirl magazine under the name of Mike Honcho\"'),(117,'Big Nasty','regular','John','Kennedy','','Sport','','M','1967-06-25','303 marinella aisle','Irvine','CA','USA','92606','johnpkennedy@msn.com','949-285-4108','',1,'Anissa Kennedy','949-285-9689','','xx-large','',''),(118,'Big Nasty','regular','Brady','Fox','','Sport','298-68-6650','M','1975-10-02','3370 Beech St.','San Diego','CA','USA','92102','bradyfox@gmail.com','619-985-5014','',1,'Erika Fox','619-890-9725','','large','',''),(119,'Big Nasty','regular','Rocky','Sheng','T','Sport','','M','1966-05-04','12679 Belle Fleur Way','San Diego','CA','USA','92128','rsheng@bridgepointeducation.com','(858) 405-9293','(858) 513-8313',1,'Brigit Sheng','(858) 243-7994','','large','',''),(120,'Happy Hour','captain','Jeff','Kuckenbaker','S','Sport','','M','1969-11-05','13141 Chirping Sparrow','Tustin','CA','USA','92780','jeffjennyk@yahoo.com','949-933-8055','949-933-8055',1,'Jennifer Kuckenbaker','949-466-6708','','x-large','',''),(121,'Happy Hour','regular','Brian','Koops','','Sport','','M','1966-04-12','3267 Star Canyon Circle','Corona','CA','USA','92882','briankoops@yahoo.com','949-677-3363','',1,'Don Frederickson','951-816-0748','','medium','',''),(122,'Happy Hour','regular','Myong','Kim','','Sport','','M','1973-06-20','221 Saint Veincent','Irvine','CA','USA','92618','mhk623@hotmail.com','714-315-5399','',1,'Linda Kim','714-345-3251','','x-large','',''),(123,'Happy Hour','regular','Don','Frederickson','','Sport','','M','1972-04-14','24375 Jackson Ave 208E','Murrieta','CA','USA','92562','don_frederickson@yahoo.com','951-816-0748','',1,'Chris Frederickson','916-834-8502','','medium','',''),(124,'Happy Hour','regular','Evan','Wieman','','Sport','','M','1966-09-14','25541 Indian Hill Lane Apt X','Laguna Hills','CA','USA','92653','eatonrider1@yahoo.com','949-246-2493','',1,'JoAnne Wieman','626-792-5548','','large','',''),(125,'Wahlberg, Terri','captain','Terri','Wahlberg','','Pro','558-79-0751','F','1973-03-31','1437 W. Via Arbolitos','Santa Maria','CA','USA','93458','dirty_rider@msn.com','(805)348-1303','(805)348-1303',1,'Rick Wahlberg','(805)478-8292','','large','Intense Cycles, NiteRider, Ritchey, Rudy Projects, ESI Grips, Spinergy and GU Sports',''),(126,'MOTIV bikes','captain','Jeffrey','Do','','Sport','622-14-6839','M','1983-06-21','15331 Balboa St.','westminster','CA','usa','92683','Jdffrey2000@yahoo.com','(714)425-4954','',1,'mommy','(714)898-9088','','medium','kmart','uummmmmmmmmmmmmmm!!!!!!!!!!!!!!'),(127,'MOTIV bikes','regular','Matt','Snow','J','Sport','','M','1985-11-02','15112 coronado st.','westminster','CA','USA','92683','snowballol@aol.com','(714)898-8009','',1,'james or mary snow','714 898-8009','','large','',''),(128,'MOTIV bikes','regular','Jacob','Duehring','M','Sport','','M','1985-08-08','2032 Fullerton Ave.','Costa Mesa','CA','USA','92627','Jduehring@aol.com','714 337-2745','714 969 9772',1,'Eva Lewington','714 651-4460','','medium','',''),(129,'MOTIV bikes','regular','Jose','Alverez','','Sport','','M','1973-05-17','2956 E Frontera St','Anaheim','CA','USA','92806','','714-943-9781','',1,'Suzanne','714-898-9088','','blank','',''),(130,'MOTIV bikes','regular','Justin','Leung','','Sport','','M','1979-04-20','131 Hall Cr. #50','Tustin','CA','USA','92780','','949-981-2269','',1,'Kirby Leung','626-793-8048','','blank','',''),(131,'Mazaitis, Tom','captain','Tom','Mazaitis','','Expert','224-37-2761','M','1978-04-22','PO Box 8942','Mammoth Lakes','CA','USA','93546','mmcaskibum@hotmail.com','760 934 2747','',1,'Anne Mazaitis','703 533 1943','','large','',''),(132,'O\'Dea, Edward M.','captain','Edward','O\'Dea','M','Pro','507-98-7156','M','1975-09-17','1294 Noguchi Mews','Atlanta','GA','USA','30318','ed@eddieodea.com','4044325841','',1,'Misty Fowler','949-350-6942','','medium','Vassago Cycles, 55nine Performance','Vassago Cycles, 55nine Performance, Ergon, WTB, White Brothers, Crank Brothers, American Classic, Hayes, No Tubes, Thomson, Tifosi, Light & Motion, Dedicated Athlete, Wicked Fast, Addictive Cycles, Squirt, BURN Energy Drink, Paceline Products, Wingnut Gear'),(133,'O\'Dea, Namrita K.','captain','Namrita','O\'Dea','K','Expert','363-84-6795','F','1976-10-24','1294 Noguchi Mews','Atlanta','GA','USA','30318','namritak@gmail.com','4043949714','',1,'Misty Fowler','949-350-6942','','small','Vassago Cycles, 55nine Performance','Vassago Cycles, 55nine Performance, Ergon, WTB, White Brothers, Crank Brothers, Twin Six, Hayes, Thomson, No Tubes, Tifosi, Dedicated Athlete, Beyond Clothing, Squirt, PowerBar, Wicked Fast, BURN Energy Drink, Addictive Cycles'),(134,'D\'Alessio, Italo M.','captain','Italo','D\'Alessio','M','Sport','563-69-9908','M','1980-09-11','1142 Aloe Court','San Marcos','CA','USA','92078','italo@livingearthcrafts.com','760-535-5326','760-672-1114',1,'Jessica Kent','760-884-9382','','large','','This is going to be real fun, especially at 4AM........let\'s get it on !!!'),(135,'NiteRider','captain','Jim','Rasmussen','','Sport','','M','1960-01-01','27606 Alps lane','Escondido','CA','USA','92026','Jim@RideRep.com','','',1,'','','','blank','',''),(136,'NiteRider','regular','Justin','Christopher','','Sport','','M','1976-01-01','12629 Begonia Court','Rancho Cucamonga','CA','USA','91739','jchristopher@jensonusa.com','','',1,'','','','blank','',''),(137,'NiteRider','regular','Scott','McLean','','Sport','','M','1964-01-01','712 E. El Morado','Ontario','CA','USA','91764','smclean@jensonusa.com','','',1,'','','','blank','',''),(138,'NiteRider','regular','Derek','Melberg','','Sport','','M','1982-01-01','22751 El Prado #12111','Rancho Santa Margartita','CA','USA','92688','Derek_melberg@hotmail.com','','',1,'','','','blank','',''),(139,'NiteRider','regular','Ryan','Ives','','Sport','','M','1980-09-23','1866 Matin Circle','San Marcos','CA','USA','92069','rives@shimano.com','949-470-4275','',1,'Joyce Ives','760-580-2393','','blank','',''),(140,'The Kooks','captain','Mark','Milutin','A','Sport','384-64-8348','M','1970-12-31','33046 Calle Aviador','San Juan Capistrano','CA','USA','92675','mark@bikemag.com','949.212.2356','',1,'Cathy Simmerman','619.206.7017','','large','Bike Magazine',''),(141,'The Kooks','regular','Mika','Persichetti','K','Sport','','M','1971-04-10','6911 Quall Pl','Carlsbad','CA','USA','92009','','760-419-3358','',1,'Stephanie Persichetti','760-685-2465','','large','',''),(142,'The Kooks','regular','Meghan','Grabow','a','Sport','','F','1979-02-09','1504 Buena Vista Apt B','San Clemente','CA','USA','92672','meghangrabow@yahoo.com','949.661.5177','970.376.7574',1,'dawn grabow','719.337.8734','','medium','',''),(143,'The Kooks','regular','Kip','Mikler','','Sport','539-64-9445','M','1969-03-31','30252 Pacific Island Drive','Laguna Beach','CA','USA','92677','kip@bikemag.com','949-661-5158','',1,'Kelly Mikler','949-232-9106','','large','',''),(144,'The Kooks','regular','Dave','Sharp','L','Sport','','M','1969-08-14','3119 Olive Knoll Place','Escondido','CA','USA','92027','sharpcasa@cox.net','858.518.3698','',1,'Kristen Sharp','760.743.1382','','x-large','',''),(145,'NiteRider','regular','Susan','Williams','','Sport','','M','1975-01-01','','','','USA','','','','',0,'','','','blank','',''),(146,'NSW Flyin\' Frogs','captain','Eric','Skalski','J','Sport','','M','1968-02-02','5817 Blacksmith Road','Bonita','CA','USA','91902','ericskalski@aol.com','619-274-4904','619-292-2544',1,'Carmen','619-245-3351','','large','Ellsworth\r\nCanari',''),(147,'NSW Flyin\' Frogs','regular','Michael','Everett','D','Sport','','M','1971-08-16','758 Cherry Avenue','Imperial Beach','CA','USA','91932','mike160871@yahoo.com','619-922-6880','',1,'Melinda','619-851-6880','','x-large','Ellsworth\r\nCanari',''),(148,'NSW Flyin\' Frogs','regular','Ted','Bair','D','Sport','','M','1972-06-04','4437 Kansas Street #4','San Diego','CA','USA','92116','tadziu201@yahoo.com','619-823-4643','',1,'Sarah','619-743-4069','','x-large','Ellsworth\r\nCanari',''),(149,'NSW Flyin\' Frogs','regular','Joseph','Butner','','Sport','','M','1969-01-31','532 D Avenue','Coronado','CA','USA','92118','joshbutner2004@yahoo.com','619-206-8977','',1,'Lisa','619-206-8980','','blank','Ellsworth\r\nCanari',''),(151,'Wheeler, Chuck','captain','Chuck','Wheeler','','Sport','541-60-8706','M','1968-11-29','6401 E Hummingbird','Scottsdale','AZ','USA','85253','chuck.wheeler@cox.net','602-677-7780','',1,'Lori Wheeler','602-677-7780','','blank','','');

--
-- Table structure for table `rider_rfid`
--

CREATE TABLE `rider_rfid` (
  `rfid` int(4) NOT NULL DEFAULT '0',
  `uid` int(4) NOT NULL DEFAULT '0',
  UNIQUE KEY `rider_rfid_pkey` (`rfid`)
) ENGINE=MyISAM DEFAULT CHARSET=latin1;

--
-- Dumping data for table `rider_rfid`
--

INSERT INTO `rider_rfid` VALUES (8364,79),(13798,132),(8671,131),(14215,5),(8974,6),(12288,30),(8399,65),(8928,110),(12248,134),(12879,125),(12424,64),(14171,133),(13999,41),(12103,42),(8906,48),(12937,49),(1948,70),(10105,71),(8927,72),(12889,73),(9065,74),(10106,75),(12777,76),(8918,77),(12545,78),(8572,105),(8708,106),(8763,107),(13808,108),(13791,109),(8699,140),(8407,141),(10100,142),(2125,143),(10141,144),(12462,59),(13213,60),(8564,61),(12163,62),(2280,63),(13082,31),(1624,32),(12618,33),(8798,34),(8706,35),(1866,43),(12192,44),(9016,45),(1832,46),(2044,47),(10135,151),(12715,116),(13842,117),(1795,118),(10093,119),(13433,120),(12141,121),(8729,122),(8331,123),(10192,124),(12692,23),(1914,24),(12234,25),(1785,26),(10171,50),(10172,51),(2135,52),(1656,53),(12022,66),(8576,67),(1976,68),(13368,69),(1807,85),(12469,86),(8813,87),(8828,88),(13164,93),(8979,94),(9042,95),(8444,96),(8836,97),(8878,98),(10047,99),(2281,100),(12434,146),(8980,147),(1670,148),(8485,149),(13613,13),(8945,14),(9092,15),(8482,16),(1965,111),(13993,112),(8949,113),(12542,114),(8943,89),(8835,90),(8467,91),(13702,92),(9018,101),(8614,102),(8493,103),(1688,104),(9090,36),(8986,37),(13629,38),(13476,39),(10097,40),(14239,54),(8503,55),(8940,56),(8904,57),(8647,58),(12425,80),(8387,81),(2297,82),(8619,83),(8310,84),(12966,126),(8781,127),(8372,128),(8951,129),(8978,130),(10194,135),(10190,136),(8600,137),(10170,138),(8914,139),(8330,145),(10136,150),(8900,115);

--
-- Table structure for table `team`
--

CREATE TABLE `team` (
  `name` varchar(36) NOT NULL DEFAULT '',
  `city` varchar(26) DEFAULT NULL,
  `state` varchar(26) DEFAULT NULL,
  `country` varchar(26) NOT NULL DEFAULT '',
  `class` char(2) NOT NULL DEFAULT '',
  `ala` tinyint(1) NOT NULL DEFAULT '0',
  `sponsors` varchar(255) DEFAULT NULL,
  `anecdote` mediumtext,
  `fee_paid` decimal(9,2) DEFAULT NULL,
  `online_reg` tinyint(1) NOT NULL DEFAULT '0',
  `payment_type` char(2) DEFAULT NULL,
  `username` varchar(8) DEFAULT NULL,
  `password` varchar(8) DEFAULT NULL,
  `admin_notes` varchar(255) DEFAULT NULL,
  `song_title` varchar(50) DEFAULT NULL,
  `song_artist` varchar(50) DEFAULT NULL,
  `number_of_riders` int(3) DEFAULT NULL,
  UNIQUE KEY `team_pkey` (`name`)
) ENGINE=MyISAM DEFAULT CHARSET=latin1;

--
-- Dumping data for table `team`
--

INSERT INTO `team` VALUES ('Denny, Kelly T.','San Pedro','CA','USA','M1',0,'WWW.NOMADCYCLES.COM','Just me Chasing some crazy friends. //Update// Just me Riding in Big Circles, the friends aren\'t as Crazy as I am.',316.00,0,'CC','kdenny','ski2sea','','','',1),('Simons, Jim','Bozeman','MT','USA','M1',0,'Turner Bikes','',321.00,1,'CC','jimsimon','70657065','','','',1),('Suckin\' Down Brews','Temecula','CA','USA','5M',0,'','We drink too much, ride to little, and spend more time recovering from crashes than in the saddle.',678.00,0,'CC','Suckin','Brewskis','','Kick Start My Heart','Motley Crue',5),('Armstrong, Shanna','Lubbock','TX','USA','W1',0,'','',340.00,0,'CC','new0425','x1xNvKHt','','','',1),('Level/Orange20','GoLeta/L.A.','CA','USA','SR',0,'Level and Orange 20 bikes','',576.00,0,'CC','Hansen','Goleta','','','',4),('Hermanos En Lucha Libre (H.E.L.L.)','Pasadena','CA','USA','MS',0,'','The Masked Riders..... Ride Again!',551.00,0,'CC','hermanos','hermano','','','',4),('Bergin, Daniel F.','Irvine','CA','USA','M1',0,'','',332.00,0,'CC','dbrg751','harpinn','','','',1),('Bean Town Boneheads','San Diego','CA','USA','5M',0,'Geekhouse Bikes, Northeastern University','traveling the world in search of Wicked Pissah Rides!',689.00,0,'CC','protijy','neu2002','','The State of Massachusetts','Dropkick Murphys',5),('Eco-Bungholes','Corona','CA','USA','JF',0,'','',587.00,0,'CC','cannon','tylerc','','','',5),('The Gondola Goes Whoosh!','Mammoth Lakes','CA','USA','DP',0,'','',0.00,0,'CC','AbbyBen','BenAbby','','','',2),('The Cyclepaths','Laguna Hills','CA','USA','5M',0,'','',0.00,0,'CC','Jcjacob','longbeac','','','',5),('Shake and Bake','Boulder','CO','USA','DP',0,'Bach Builders, Black Sheep Bikes, Peak nutrients, DT Swiss','Just out having some early season fun on our single speeds',490.00,0,'CC','moots69','single','','','',2),('Flash Package','Visalia','CA','USA','MS',0,'','',571.00,0,'CC','george','corndog','','','',4),('Callaway Golf','Carlsbad','CA','USA','JF',0,'Callaway Golf','',612.00,0,'CC','Bertha','!zarc!','','Never Lay Up','D2 Man',5),('Baumgardt-Kays, Liz N.','Loves Park','IL','USA','W1',0,'A&B Machine Shop, Rockford Carbide, Alligood Construction','\"Which way is the truck?\"',362.00,0,'CC','chavez','buster','','Volcano Girls','Veruca Salt',1),('Alligood, Joe B.','Milwaukee','WI','USA','M1',0,'A&B Machine Shop\r\nRockford Cabide\r\nAlligood Construction','',337.00,0,'CC','joeba13','1stplace','','Machinehead','Bush',1),('LARGE-N-CHARGE','Carbondale','CO','USA','MS',0,'American Stimulus Rebate\r\nBlack Cat Fireworks\r\nAstroglide\r\nTonka Toys\r\nJolly Rancher','\"Ready....Fire....Aim!\"',571.00,0,'CC','drroth','dr7684','','','',4),('Grizzly Outfitters/Continental Const','Big Sky','MT','USA','ME',0,'Grizzly Outfitters, Continental Construction, The Learning Camp, The Wrap Shack, Precision Lawn Care, Ellsworth HCB, Maxxis','',571.00,0,'CC','grizzly','gopack','','','',4),('Airborne Lasers','Lancaster','CA','USA','5P',0,'','90% of the game is 50% mental',700.00,0,'CK','Airborne','Lasers','','','',5),('Lichtenwalner, Rob','Nazareth','PA','USA','M1',0,'VisitPA.com','',313.50,0,'CK','xxrplxx','adaptpro','','','',1),('Old Farts and Young Squirts','Temecula','CA','USA','JF',0,'Chipolte, Gas X, Beano, Hormel Chili, Glade Air Freshener','We are 3 old Farts and 2 young Squirts.',663.00,0,'CC','teamfns','calvet','','','',5),('Manic Monkey Riders','Scottsdale','AZ','USA','MS',0,'','Comin\' To Put The Mac Down',306.00,0,'CC','bigken','liltom','','Take me To The River','Talking Heads',4),('Pink Ladies','Carlsbad','CA','USA','WV',0,'Pabst Blue Ribbon Beer; DAWN Dishingwashing Foam; Nair; Good Housekeeping; www.rawfood.com; Chiquita Banana and La Especial Norte, Good Mexican Food.','The Ladies in Pink are ready to get a little bit dirty.',571.00,0,'CC','Carlsbad','Ladies','','Fat Bottomed Girls','Queen',4),('Simi Cycling Center','Simi Valley, CA','CA','USA','MS',0,'Simi Cycling Center','',612.00,0,'CC','dolder14','guitar14','','','',4),('Stink Palm','El Cajon','CA','USA','MS',0,'','',581.00,0,'CC','donkey','password','','Ace of Spades','Motorhead',4),('IC3 Masters - Sweatin\' to the Oldies','Arlington','VA','USA','MM',0,'International Christian Cycling Club','',612.00,0,'CC','Martin','Marlene','','','',4),('It\'s Just a Flesh Wound','Oakland','CA','USA','5P',0,'Niner Bikes','',765.00,0,'CC','fleshy','wound1$%','','','',5),('Owens, Erik B.','San Marcos','CA','USA','M1',0,'Kenda Tires','',329.00,0,'CC','ebowens','byrdwav3','','DO IT!','Rollins Band',1),('ol Big Nasty','Encinitas','CA','USA','MV',0,'','',606.00,0,'CC','sphillip','cabowabo','','','',4),('Big Nasty','San Diego','CA','USA','5M',0,'Dez Construction, Beard Hobbs Attorney at Law, Master Liens (www.masterliens.com)','We should have better judgement by now',751.50,0,'CC','anything','goeshere','','','',5),('Happy Hour','Irvine','CA','USA','5M',0,'Our money, Our fun','Five guys with 10 wheels...',765.00,0,'CC','Kucken','Tustin','','','',5),('Wahlberg, Terri','Santa Maria','CA','USA','W1',0,'Intense Cycles, NitRider, Ritchey, Rudy Projects, ESI Grips, Spinergy and GU Sports.','',329.00,0,'CC','wahlberg','eeyore1','','','',1),('MOTIV bikes','Moose Jaw','SK','canada','JF',0,'KMART','Ride like you stole something',663.00,0,'CC','Jeffrey','Balboa','','','',5),('Mazaitis, Tom','Mammoth Lakes','CA','USA','M1',0,'Mammoth Sporting Goods, Mammoth Mountain, Mammoth Brewing Company','',329.00,0,'CC','mmskibum','roscoe','','','',1),('O\'Dea, Edward M.','Atlanta','GA','USA','M1',0,'Vassago Cycles, 55nine Performance','',347.00,0,'CC','eddieo','vassago','','','',1),('O\'Dea, Namrita K.','Atlanta','GA','USA','W1',0,'Vassago Cycles, 55nine Performance','',347.00,0,'CC','namritak','vassago','','','',1),('The Kooks','San Juan Capistrano','CA','USA','5P',0,'','',0.00,0,'CC','BENGRIM4','LBOOGIE','','Dreaming','blondie',5),('D\'Alessio, Italo M.','San Marcos','CA','USA','M1',0,'','But Jesus beheld them, and said unto them, \"With men this is impossible; but with God all things are possible.\" —Matthew 19:26  \r\nNOW LET\'S GET IT ON !!!',347.00,0,'CC','ItaloD','jessica','','NO SHELTER','Rage Against The Machine',1),('NiteRider','Escondido','CA','USA','JF',0,'NiteRider Technical Lighting Systems','',0.00,0,'CK','Nite','Rider','','','',6),('NSW Flyin\' Frogs','Coronado','CA','USA','MS',0,'Ellsworth\r\nCanari','',581.00,0,'CC','ESKALSKI','Spencer1','','','',4),('Wheeler, Chuck','Scottsdale','AZ','USA','M1',0,'','',323.00,0,'CK','new0425','x1xWRJP5','','','',1);

--
-- Table structure for table `team_number`
--

CREATE TABLE `team_number` (
  `bib_number` int(4) NOT NULL DEFAULT '0',
  `name` varchar(36) NOT NULL DEFAULT '',
  PRIMARY KEY (`bib_number`,`name`)
) ENGINE=MyISAM DEFAULT CHARSET=latin1;

--
-- Dumping data for table `team_number`
--

INSERT INTO `team_number` VALUES (1,'Lichtenwalner, Rob'),(2,'O\'Dea, Edward M.'),(3,'Mazaitis, Tom'),(4,'Denny, Kelly T.'),(5,'Simons, Jim'),(6,'Bergin, Daniel F.'),(7,'Alligood, Joe B.'),(8,'Owens, Erik B.'),(9,'D\'Alessio, Italo M.'),(10,'Wahlberg, Terri'),(11,'Baumgardt-Kays, Liz N.'),(12,'O\'Dea, Namrita K.'),(13,'Armstrong, Shanna'),(14,'The Gondola Goes Whoosh!'),(15,'Shake and Bake'),(16,'Grizzly Outfitters/Continental Const'),(17,'Airborne Lasers'),(18,'It\'s Just a Flesh Wound'),(19,'The Kooks'),(20,'Suckin\' Down Brews'),(21,'Wheeler, Chuck'),(22,'Bean Town Boneheads'),(23,'The Cyclepaths'),(24,'Big Nasty'),(25,'Happy Hour'),(26,'Hermanos En Lucha Libre (H.E.L.L.)'),(27,'Flash Package'),(28,'LARGE-N-CHARGE'),(29,'Manic Monkey Riders'),(30,'Simi Cycling Center'),(31,'Stink Palm'),(32,'NSW Flyin\' Frogs'),(33,'Level/Orange20'),(34,'ol Big Nasty'),(35,'Pink Ladies'),(36,'IC3 Masters - Sweatin\' to the Oldies'),(37,'Eco-Bungholes'),(38,'Callaway Golf'),(39,'Old Farts and Young Squirts'),(40,'MOTIV bikes'),(41,'NiteRider');


