--
-- Host: localhost    Database: grannyge_temecula2006
-- ------------------------------------------------------


--
-- Current Database: `grannyge_temecula2006`
--

CREATE DATABASE /*!32312 IF NOT EXISTS*/ `grannyge_temecula2006` /*!40100 DEFAULT CHARACTER SET latin1 */;

USE `grannyge_temecula2006`;

--
-- Table structure for table `rider`
--

CREATE TABLE `rider` (
  `uid` int(4) NOT NULL AUTO_INCREMENT,
  `team_name` varchar(36) NOT NULL DEFAULT '',
  `rank` varchar(10) NOT NULL DEFAULT '',
  `firstname` varchar(22) NOT NULL DEFAULT '',
  `lastname` varchar(15) NOT NULL DEFAULT '',
  `middleinit` char(1) DEFAULT NULL,
  `class` varchar(28) NOT NULL DEFAULT '',
  `ssn` varchar(11) DEFAULT NULL,
  `gender` char(1) NOT NULL DEFAULT '',
  `dob` date NOT NULL DEFAULT '0000-00-00',
  `addr1` varchar(64) NOT NULL DEFAULT '',
  `city` varchar(26) NOT NULL DEFAULT '',
  `state` varchar(26) DEFAULT NULL,
  `country` varchar(26) NOT NULL DEFAULT '',
  `zip` varchar(12) NOT NULL DEFAULT '',
  `email` varchar(96) DEFAULT NULL,
  `dayphone` varchar(20) DEFAULT NULL,
  `evephone` varchar(20) DEFAULT NULL,
  `a_waiver` tinyint(1) NOT NULL DEFAULT '0',
  `emergency_contact` varchar(40) DEFAULT NULL,
  `emergency_phone` varchar(20) DEFAULT NULL,
  `admin_notes` varchar(255) DEFAULT NULL,
  `t_shirt_size` varchar(20) DEFAULT NULL,
  `sponsors` varchar(255) DEFAULT NULL,
  `anecdote` mediumtext,
  PRIMARY KEY (`uid`),
  UNIQUE KEY `rider_pkey` (`uid`)
) ENGINE=MyISAM AUTO_INCREMENT=232 DEFAULT CHARSET=latin1;

--
-- Dumping data for table `rider`
--

INSERT INTO `rider` VALUES (27,'Uphill Endos','regular','Greer','Shaw','N','Sport','','M','1971-05-20','1224 N. Wilson Ave.','Pasadena','CA','USA','91104','gnshaw@charter.net','626 345 0076','626 345 0076',1,'Laura Shaw','213 344 7724','','x-large','',''),(28,'Uphill Endos','regular','John','Blakely','','Sport','190-62-3528','M','1966-04-13','12208 Whitley St','Whittier','CA','USA','90601','jpblakely@yahoo.com','562 587 2693','',1,'Laura Blakely','562 587 2658','','large','',''),(13,'Neal, Michael D.','captain','Michael','Neal','D','Expert','558-37-6646','M','1960-03-09','75338 Kelsey Cir. S.','Palm Desert','CA','USA','92211','bodywrkpro@netscape.com','760-333-4494','',1,'Carol Lynn Neal','760-799-3856','','x-large','velobum.com/Bodywork Professional',''),(26,'Uphill Endos','captain','John','Snyder','J','Sport','','M','1970-12-03','242 morro hills road','Fallbrook','CA','USA','92028','ftnsfrk@sbcglobal.net','951-858-1874','760-723-8335',1,'Jennifer Snyder','951-515-8736','','x-large','Win-Dor Inc.',''),(23,'GBI Tactics','regular','Tristan','Gonzalez','','Sport','','M','1971-11-24','597 Shadywood Drive','Escondido','CA','USA','92026','tristangonzalez@cox.net','6199175353','',1,'Jacky','6193393836','','large','',''),(24,'GBI Tactics','regular','Jess','Perea','','Sport','','M','1977-09-12','29109 Beryl St','Menifee','CA','USA','92584','jperea1@mac.com','951-334-3423','',1,'Julie Perea','951-334-3426','','x-large','',''),(22,'GBI Tactics','captain','David','Bucsit','L','Sport','625-03-6050','M','1976-07-28','16033 Abana Court','Ramona','CA','USA','92065','copdoc76@yahoo.com','6198201898','',1,'Amber Bucsit','6198203079','','large','245 Gear, GBI-Tactics','Roadie who mixes it up with Mt.  I just love being on the bike.  San Diego Police Officer and Bike Patrol Instructor.'),(25,'GBI Tactics','regular','Luis','Spanjer','','Sport','','M','1970-06-17','1186 la vida ct','chula vista','CA','USA','91915','l.spanjer@att.net','6192790107','',1,'kathy spanjer','6192160302','','large','',''),(29,'Uphill Endos','regular','Sean','Donovan','D','Sport','','M','1973-04-27','9937 Via Daroca','San Diego','CA','USA','92129','esoteric_life@yahoo.com','858-735-2896','858-484-8769',1,'Heather Donovan','858-735-2894','','x-large','elligence.net\r\nmdsuite.net',''),(36,'Demo Brothers E.R.T','regular','Matthew','Marino','C','Expert','226-49-6127','M','1979-02-23','2287 Johnson Ave. #4C','Bronx','NY','USA','10463','matt@demobrothers.com','646 502 2003','617 201 1686',1,'Katie Mikus','646 539 8860','','large','Rakes and Steaks','Riding it down since 2001.'),(35,'Demo Brothers E.R.T','captain','Chris','Cotronei','','Expert','056-64-5406','M','1980-01-31','2400 Johnson Ave, Apt 5D','Bronx','NY','USA','10463','cjcbma@hotmail.com','3472034225','9145828456',1,'Susan Cotronei','9147253953','','large','',''),(37,'Miss Behavin\' and the 4 Players','captain','Bruce','Frazier','T','Sport','','M','1967-02-03','1808 Sawyer  Way','Elko','NV','USA','89801','brfra@yahoo.com','775-738-2727','775-934-2441',1,'Lisa Frazier','775-753-4354','','x-large','Dahon Bicycle Company\r\nSPY Optics\r\nODI Grips\r\n661 Protection\r\nTHE Industries','Some people say I am large, but they never mistake me for fast... I have spent thousands of dollars making the lightest bike possible while at the same time eating a large pizza and drinking 1/2 keg of beer while building the beauty. I have senselessly followed these Granny Gear races around the West since 1997, with little change in performance, but I have crashed a lot, drank a little, and made some great friends along the way! Look forward to seeing everyone at this fine event, hope the kilt wearing single speeder from SCUMBAGSS is back, it is good to see someone who is hairier than me.'),(38,'Miss Behavin\' and the 4 Players','regular','Super','Man','','Sport','208-56-8113','M','1968-09-11','3083 Lanae Dr.','Elko','NV','USA','89801','nivla_68@yahoo.com','7757383101','7757773318',1,'Raquel Kacin','7759344661','','large','Sportin\' Woodys Racing',''),(39,'Miss Behavin\' and the 4 Players','regular','Karen','Dodge','E','Sport','281-76-9907','F','1969-07-18','4720 Winchester Court','Park City','UT','USA','84098','karendodge@comcast.net','435.655.2815','435.602.9569',1,'David Dodge','513.258.2500','','medium','',''),(40,'Miss Behavin\' and the 4 Players','regular','Jeff','Van Blarcom','','Sport','','M','1969-10-09','1910 Choctaw Ridge','Ogden','UT','USA','84403','vanguenzel@comcast.net','801-388-0022','',1,'Elizabeth','801-388-0020','','medium','','Rock Chalk Jayhawk'),(41,'Miss Behavin\' and the 4 Players','regular','David','Walther','J','Sport','','M','1982-04-22','4050 gardella ave #434','Reno','NV','USA','89512','mrdave46@hotmail.com','775-813-0188','',1,'Ryanne Vance','530-304-3715','','large','','2.5 months in Camp Lejeune....No riding.\r\n7.5 months in western Iraq....No riding.\r\n1 month back in snow covered Nevada...still no riding.\r\n24 hours of Temecula without riding for 11 months...\r\n      -Priceless-'),(42,'Mammoth','captain','Richard','Price','J','Sport','','M','1974-01-27','PO box 3693','Mammoth Lakes','CA','USA','93546','richardpricejr@hotmail.com','760-914-2624','760-914-2624',1,'Katherine Price','760-914-2577','','large','',''),(43,'Mammoth','regular','Tom','Mazaitis','','Sport','','M','1978-04-22','PO Box 8942','Mammoth Lakes','CA','USA','93546','mmcaskibum@hotmail.com','760-924-7243','760-924-7243',1,'Katherine Price','760-914-2577','','large','',''),(44,'Mammoth','regular','Jason','Senior','','Sport','','M','1975-10-09','Po Box 7357','Mammoth Lakes','CA','USA','93546','jbs3898@hotmail.com','760-275-0183','',1,'Cathy Butner','760-275-0436','','large','',''),(45,'Mammoth','regular','Percy','Stevens','','Sport','','M','1962-10-20','PO Box 8085','Mammoth','CA','USA','93546','pstevens@mammoth-mtn.com','760-914-0775','760-914-0775',1,'Katie Price','760-914-2624','','large','',''),(46,'Adams, Neil M.','captain','Neil','Adams','M','Expert','502-04-3794','M','1970-03-27','2144 Valor Circle','Corona','CA','USA','92882','snoman32@hotmail.com','714-630-7414','612-306-8788',1,'Traci Adams','952-210-0792','','x-large','Hicks & Hicks Enterprises, Eriks Bike Shop, T&M Racing and my cat Cipo','I don\'t really like Three Dog Night but I stole their lyrics for my team name.'),(47,'SCAR-BAR','captain','Robert','Bunn','S','Sport','','M','1979-05-12','46 Water Ridge Ct','Dana Point','CA','USA','92629','rsbunnusmc@aol.com','949-370-8539','',1,'Maureen Bunn','443-889-3636','','medium','',''),(48,'SCAR-BAR','regular','Nick','Warren','G','Sport','','M','1978-11-13','4014 Aguila St. Apt. E','Carlsbad','CA','USA','92008','Nick_Warren13@hotmail.com','760-622-8771','760-720-9632',1,'Cheyanne Warren','760-586-7964','','medium','',''),(49,'SCAR-BAR','regular','Brendan','Reilly','','Sport','164-52-7376','M','1968-06-10','596 Silver Berry Place','Encinitas','CA','USA','92024','reillyb123456@yahoo.com','760-535-3382','760-535-3382',1,'Paul Reilly','610-667-5624','','large','',''),(50,'SCAR-BAR','regular','unregistered','rider','','Sport','','M','2006-01-01','','','','USA','','','','',0,'','','','large','',''),(51,'Huffy','captain','Coleman','Ruiz','V','Sport','434-69-1368','M','1975-03-03','355 C. Ave','Coronado','CA','USA','92118','bridg-cole@sbcglobal.net','619.435.5385','619.435.5385',1,'Bridget Ruiz','858.248.0874','','x-large','',''),(52,'Huffy','regular','Daniel','Bayer','J','Sport','','M','1977-06-13','751 Anchor Cove','San Diego','CA','USA','92154','mvgfwd123@hotmail.com','757-650-3260','',1,'Christine Scarpello','702-373-8265','','large','',''),(53,'Huffy','regular','Joost','Janssen','','Sport','385-11-3525','M','1972-05-02','8835 kenwood dr.','spring valley','CA','USA','91977','joostj75@hotmail.com','619-741-2328','619-309-8600',1,'traci janssen','619-309-8601','','x-large','',''),(54,'Huffy','regular','John','Fitz','C','Sport','','M','1971-11-10','11238 Gold Bar Way Unit 198','Lakeside','CA','USA','92040','johnandjerri@hotmail.com','6197492168','6197492168',1,'Jerri Fitz','7575737893 or 619749','','xx-large','',''),(55,'Fully Rigid All Night Long','captain','Andrew','Nevitt','J','Expert','','M','1964-11-27','21465 Prospect Rd.','Saratoga','CA','USA','95070','kiwi@singlespeed.net','(408) 873-7549','(408) 781-0869',1,'Julie Nevitt','(408) 781-0869','','large','My wife and kids','I am usually a wheel sucking roadie and track rider that somehow managed to qualify for the Olympic Trials in 1992 and 1996... For those of you who have only ridden mountain bikes all road finishes are just bunch sprints... Before you dis it try it.'),(56,'Fully Rigid All Night Long','regular','John','Gilligan','M','Expert','','M','1968-06-27','13500 Ward Way','Saratoga','CA','USA','95070','plus2mtb@aol.com','650-575-5201','408-872-1880',1,'Lisa Gilligan','408-872-1880','','large','Visenka, Clif Bar, Thomson, Off Ramp Bicycle Shop, Michelin, DeSalvo, Fox','I work, play with my kids, and ride my bikes.  Been doin that for a while now.  Nothing about me would interest anybody. Please drive through.'),(57,'Fully Rigid All Night Long','regular','Mark','Jeffery','G','Expert','','M','1967-06-08','22111 Old Santa Cruz Hwy','Los Gatos','CA','USA','95033','mark_g_jeffery@yahoo.com','408 348-3460','',1,'Katie Jeffery','408 353 2876','','large','Summit Chuters, Piercy Toyota, CB Hannegan\'s','24 Hour Soloist:\r\n3rd - Adrenalin @ Laguna Seca 2005,\r\n1st - Adrenalin @ Laguna Seca 2004,\r\n5th - Granny Gear @ Tahoe 2003,\r\n2nd - Adrenalin @ Castaic Lake 2003,\r\n3x Qualifier - Solo World Championships'),(58,'Fully Rigid All Night Long','regular','Drew','Doblar','','Sport','','M','1967-07-22','5395 Baron Drive','San Jose','CA','USA','95124','drew.doblar@sun.com','408 884-9417','',1,'Christine Doblar','408 489-7032','','large','my chillins','been riding in their slip stream for a while'),(59,'13th Step','captain','Derek','DeJonge','','Sport','','M','1969-12-17','33046 Calle Aviador','San Juan Capistrano','CA','USA','92675','derek@bikemag.com','949-661-5153','310-283-2355',1,'Carole DeJonge','760-729-3318','','x-large','Fat Tire Ale, Mexican Road Flares (Tecate), Budweiser, Stella... you get the picture','I ride for Jesus'),(60,'13th Step','regular','Dain','Zaffke','','Sport','','M','1982-05-01','2224 Edinburg Street','Cardiff','CA','USA','92007','dain@bikemag.com','949-235-1708','',1,'Jackie Baker','801-647-9167','','medium','Bike Mag',''),(61,'13th Step','regular','unregistered','rider','','Sport','','M','2004-01-01','','','','USA','','','','',1,'','','','large','',''),(62,'13th Step','regular','Jackie','Baker','','Expert','','F','1979-02-23','1016  1/2 S Pacific St','Oceanside','CA','USA','92054','jackie@sponsorhouse.com','801-643-9167','',1,'Dain Zaffke','949-235-1700','','small','',''),(63,'13th Step','regular','Scott','Woodruff','S','Sport','','M','1981-11-04','34114 Selva Rd #318','Dana Point','CA','USA','92629','scott.woodruff@primedia.com','949.661.5183','',1,'karen o\'keefe','603.659.5652','','large','','I ride for pride. And for the chicks.'),(64,'Jax Force One','captain','Robert','Beyer','D','Sport','','M','1971-07-14','14280 D Culver Drive','Irvine','CA','USA','92604','robertb@jaxbicycles.com','714-969-8684','949-302-5019',1,'Heidi McKinster','714-883-7612','','large','Jax Bicycle Center',''),(65,'Jax Force One','regular','Josefa','Schraff','W','Sport','','M','1970-05-23','16582 Sabot Lane #4','Huntington Beach','CA','USA','92647','cylon0523@aol.com','714-969-8684','714-519-8677',1,'Frances Schraff','714-447-0902','','large','Jax Bicycle Center',''),(66,'Jax Force One','regular','Mike','Whetham','A','Sport','','M','1980-07-29','5772 Garen Grove Blvd.','Westminster','CA','USA','92683','mike@jaxbicycles.com','714-441-1100','',1,'Heidi McKinster','714-883-7612','','large','Jax Bicycle Centers',''),(67,'Jax Force One','regular','Matt','Snow','J','Sport','','M','1985-11-02','15112 Coronado St.','Westminster','CA','USA','92683','snowballol@aol.com','714-969-8684','714-914-0703',1,'James Snow','714-898-8009','','large','Jax Bicycle Center',''),(68,'Jax Force One','regular','Henry','Rabas','','Sport','','M','1975-03-03','1813 Termino Ave','Long Beach','CA','USA','90815','henry@jaxbicycles.com','916-801-7627','',1,'Audrey Krasko','916-835-3425','','large','Jax Bicycle Center',''),(69,'Jax Force One','regular','Seth','Dedoes','','Sport','','M','1979-03-26','360 Temple Ave #6','Long Beach','CA','USA','90814','djsloth2879@hotmail.com','562-896-2879','',1,'Audrey Dedoes','562-496-3136','','x-large','Jax Bicycle Center',''),(70,'Cracker Packers','captain','Brian','Suzuki','','Sport','','M','1972-07-27','4429 1/2 Hamilton Street','San Diego','CA','USA','92116','suzuki727@yahoo.com','(619) 466-0600','',1,'Michelle Ritter','(619) 339-9046','','large','',''),(71,'Cracker Packers','regular','Darren','Suzuki','','Sport','','M','1974-08-06','4429 1/2 Hamilton Street','San Diego','CA','USA','92116','darsuz@hotmail.com','619-280-1576','',1,'Marian Suzuki','808-780-2255','','x-large','',''),(72,'Cracker Packers','regular','John','Gerstenberg','','Sport','','M','1962-09-13','10191 Prince Charming Ln','Santee','CA','USA','92071','JGerstenberg@cox.net','619-992-7528','',1,'Kathryn Gerstenberg','619-787-7528','','large','',''),(73,'Cracker Packers','regular','unregistered','rider','','Sport','','M','2006-01-01','','','','USA','','','','',0,'','','','large','',''),(74,'Bikeman.com - Supersized!','captain','Troy','Nye','J','Sport','','M','1965-10-02','275 E. 2300 S.','Kaysville','UT','USA','84037','teej@networld.com','801-537-6545','801-230-4052',1,'Cindy Nye','801-230-4053','','x-large','Bikeman',''),(75,'Bikeman.com - Supersized!','regular','Vince','Jones','','Sport','','M','1959-07-01','2080 Claremont Dr','Bountiful','UT','USA','84010','bodinejones@gmail.com','801-537-5808','801-397-0332',1,'Beth Jones','801-824-3323','','x-large','Bikeman.com, Beth Jones',''),(76,'Bikeman.com - Supersized!','regular','Cory','Marler','','Sport','528-06-3717','M','1960-06-28','868 N. Meadowlark Dr.','Kaysville','UT','USA','84037','jcory@uofu.net','801-546-4788','',1,'Ronda Marler','801-725-2225','','x-large','Bikeman.com',''),(77,'Bikeman.com - Supersized!','regular','Michael','Marler','','Sport','','M','1983-01-24','868 N. Meadowlark Dr.','Kaysville','UT','USA','84037','jcory@uofu.net','801-546-4788','',1,'Ronda Marler','801-725-2225','','x-large','Bikeman.com','Before I came along this was a Men\'s Veteran team. \r\n\"I may be young but at least I\'m fat!\"'),(78,'Sho-Air Rock n\' Road Cyclery','captain','Manuel','Prado','','Expert','','M','1981-05-28','21401 Brandywine Ln','Lake Forest','CA','USA','92630','manuel_bmx@yahoo.com','949-859-5076','',1,'Amalia Prado','714-697-9923','','small','',''),(79,'Sho-Air Rock n\' Road Cyclery','regular','George','Muñoz','','Expert','','M','1982-10-27','25211 Stockport #189','laguna hills','CA','USA','92653','animaltico@yahoo.com','800-227-9111','949-338-5716',1,'Irene Munoz','949-338-5717','','medium','',''),(80,'Sho-Air Rock n\' Road Cyclery','regular','Ron','Sawicki','','Expert','','M','1966-03-21','92 Corporate Park Suite C #260','Irvine','CA','USA','92606','ron@teammata.com','(714) 381-5989','(714) 381-5989',1,'Monique Sawicki','(714) 381-5989','','medium','',''),(81,'Sho-Air Rock n\' Road Cyclery','regular','Jason','First','','Expert','','M','1983-03-25','28611 Mill Pond','Mission Viejo','CA','USA','92692','jj_1st@hotmail.com','(949) 633-4114','(949) 633-4114',1,'Ed First','949-457-3478','','medium','',''),(82,'Callaway Golf','captain','Peter','Ligotti','','Sport','','M','1973-12-17','1912 Hummock Lane','Encinitas','CA','USA','92024','PeterL@callawaygolf.com','760-930-5973','760-479-0898',1,'Emily Ligotti','760-479-0898','','large','',''),(83,'Callaway Golf','regular','Scott','Manwaring','','Sport','','M','1972-02-02','3740 Cavern','Carlsbad','CA','USA','92008','ScottM@callawaygolf.com','','760-729-5442',1,'Leslie Manwaring','760-445-2459','','large','',''),(84,'Callaway Golf','regular','Lisa','Shuler','','Sport','','F','1964-06-10','1356 Corte Lira','San Marcos','CA','USA','92069','LisaS@callawaygolf.com','(760) 295-8350','',1,'Paul Shuler','760- 802- 7371','','medium','',''),(85,'Callaway Golf','regular','Frank','Fan','','Sport','','M','1974-05-05','3752 Caminito Cielo Del Mar','San Diego','CA','USA','92130','FrankF@callawaygolf.com','','760-717-7008',1,'Andy Fan','760-845-8277','','large','',''),(86,'Callaway Golf','regular','Bradford','Galey','','Sport','','M','1960-09-25','1515 S Melrose Dr.   APT 71','Vista','CA','USA','92081','bradford.galey@callawaygolf.com','','760-672-3479',1,'Michael Galey','760-613-1784','','small','',''),(88,'Huffy','regular','Guy','McDermott','C','Sport','','M','1970-08-11','441 Pescado Place','Encinitas','CA','USA','92024','guycmcdermott@gmail.com','619 301 0502','619 301 0502',1,'Holly McDermott','619 204 6315','','x-large','',''),(89,'Maverick','captain','Ariel','Lindsley','','Pro','559-85-5185','M','1976-06-15','3465 23rs St.','Boulder','CO','USA','80304','spoppy@hotmail.com','303-818-8371','303-819-8756',1,'Abigail Hippely','303-818-8371','','large','Shimano, Lights&Motion, Hutchinson, Maverick, Smith, Mavic, ODI, MRP, Giro, Deuter, Honey Stinger, Accelerade/Endurox,Bontrager','Ariel rules!'),(90,'Maverick','regular','Abigail','Hippely','s','Pro','191-68-9586','F','1980-05-03','3465 23rd St.','Boulder','CO','USA','80304','spoppy@hotmail.com','303 818 8371','',1,'Ariel Lindsley','303 819 8756','','small','Shimano, Mavic, Lights and Motion, Hutchinson, MPR, Giro, ODI, Smith, Honey Stinger, Innovations CO2, Accelerade/Endurox, Deuter',''),(217,'The Flying Merkins','regular','Bruce','Bellinger','','Sport','','M','1961-12-31','1188 Via Jose','San Jose','CA','USA','95120','bellinger@pacbell.net','408-205-4805','408-323-9959',1,'Debbie Bellinger','408-323-9959','','large','',''),(93,'Boutet, Jacques','captain','Jacques','Boutet','','Sport','574-28-2549','M','1956-06-06','9043 Snowy Owl Circle','Anchorage','AK','USA','99507','jacques@theboutetcompany.com','907-522-6776','907-227-8560',1,'Donna Boutet','907-345-6314','','large','','Jacques has been involved in adventure racing and backcountry ultra-endurance events for nearly 35 years.  In addition to competing in 6 Eco-Challenges (3 top 15 finishes) Jacques has completed the Southern Traverse, Raid Gauloises, Discovery Channel World Championship, Primal Quest and other international expedition races.'),(94,'The Flying Merkins','captain','Martin','Deardorf','g','Sport','','M','1962-05-01','1821 Riverbank Ave','cA','CA','USA','94546','d_deardorf@comcast.net','415-260-1147','510-582-1105',1,'Dawn Deardorf','510-582-9529','','x-large','Bistro Liaison - French food for the soul Berkeley Ca. Spice of Life Grilling Rub \"Man that\'s good Rub\"\r\nDawn Photography','Ready to have fun, ride and hang with great people.'),(95,'The Flying Merkins','regular','Randy','Venn','J','Sport','','M','1961-06-05','5691 Park Manor Dr.','San Jose','CA','USA','95118','randall.venn@sun.com','408-674-2628','',1,'Lena Venn','408-313-8735','','medium','',''),(96,'The Flying Merkins','regular','Dave','Watt','J','Sport','','M','1961-01-20','1805 Riverbank Ave.','Castro Valley','CA','USA','94546','mt_bykr@yahoo.com','510-786-2411','510-886-2404',1,'Tenya Watt','510-886-2404','','x-large','','Race experience is still just at beginner level, but have come a long way since last year.  Celebrating over 11 months of riding without flying over the handle bars and landing on my head!'),(97,'The Flying Merkins','regular','Jason','Tandeta','','Expert','','M','1956-01-21','4504 Hillsborough Dr','Castro Valley','CA','USA','94546','jtandeta@comcast.net','510-537-2277','',1,'Martin Deardorf','415-260-1147','','medium','Team Wrong Way',''),(218,'Most Awesome Wacky Race Team','captain','Kevin','Nelson','E','Sport','','M','1974-07-23','5272 Champlain St','Oceanside','CA','USA','92056','knel.simon@gmail.com','760-295-1138','',1,'Heather Haley','760-415-0954','','large','Simon cycles','Skinniest Awesome (except 8-Track)'),(98,'Griffonaters','captain','Jeff','Griffo','','Sport','111-11-1111','M','1960-10-03','PO Box 1019','Homewood','CA','USA','96141','j.r.griffo@sbcglobal.net','530-525-1461','',1,'Robin Griffo','530-392-0309','','large','Griffo Mechanical\r\nCycle Paths\r\nOlimpic Bikes of Lake Tahoe',''),(99,'Griffonaters','regular','Chris','Griffo','F','Sport','111-11-1111','M','1985-07-09','PO Box 1019','Homewood','CA','USA','96141','j.r.griffo@sbcglobal.net','530-525-1461','',1,'Robin Griffo','530-392-0309','','large','Griffo Mechanical\r\nCycle Paths\r\nOlympic Bikes of Tahoe',''),(100,'Griffonaters','regular','Philip','Griffo','J','Sport','111-11-1111','M','1987-06-22','PO Box 1019','Homewood','CA','USA','96141','j.r.griffo@sbcglobal.net','530-525-1461','',1,'Robin Griffo','530-392-0309','','large','Griffo Mechanical\r\nCycle Paths\r\nOlympic Bikes of Tahoe',''),(101,'Griffonaters','regular','Danielle','Griffo','S','Sport','111-11-1111','F','1989-03-30','PO Box 1019','Homewood','CA','USA','96141','j.r.griffo@sbcglobal.net','530-525-1461','',1,'Robin Griffo','530-392-0309','','small','Griffo Mechanical\r\nCycle Paths\r\nOlympic Bikes of Tahoe',''),(102,'Griffonaters','regular','Joey','Griffo','W','Sport','111-11-1111','M','1990-07-19','PO Box 1019','Homewood','CA','USA','96141','j.r.griffo@sbcglobal.net','530-525-1461','',1,'Robin Griffo','530-392-0309','','large','Griffo Mechanical\r\nCycle Paths\r\nOlympic Bikes of Tahoe',''),(103,'FELT Adventure Racing Co-Eds','captain','Tim','Lane','S','Sport','','M','1974-07-12','4065 Mesa Road','Irvine','CA','USA','92617','TimLane@FeltBicycles.com','949-268-4478','949-439-9939',1,'Nancy Lane','949-439-8765','','medium','Felt Bicycles','Felt Bicycles Design Engineer'),(104,'FELT Adventure Racing Co-Eds','regular','David','Buckenberger','T','Sport','','M','1968-04-06','34 iron horse trail','ladera ranch','CA','USA','92694','tybuckenberger@feltbicycles.com','949-268-4471','949-218-6735',1,'juli buckenberger','714-325-0352','','large','',''),(105,'FELT Adventure Racing Co-Eds','regular','Jeff','Soucek','A','Sport','','M','1940-01-01','8 Sunbury Dr.','Aliso Viejo','CA','USA','92656','jeffsoucek@feltbicycles.com','949-268-4455','949-362-5504',1,'Raquel Soucek','949-362-5504','','large','',''),(106,'FELT Adventure Racing Co-Eds','regular','Dave','Koesel','P','Sport','','M','1974-07-29','21282 Monterra','Lake Forest','MI','USA','92630','d_koesel@hotmail.com','949-268-4464','734-788-1918',1,'Julie Koesel','(949) 587-9434','','large','Felt Racing','City Limit sprint jersey winner'),(107,'FELT Adventure Racing Co-Eds','regular','Nancy','Lane','C','Sport','','F','1973-01-31','4065 Mesa Road','Irvine','CA','USA','92617','nlane300@hotmail.com','949-439-8765','',1,'Tim Lane','949-439-9939','','medium','',''),(108,'Better Late Than Never','captain','Allen','Parkes','','Sport','','M','1969-01-29','4733 Atlanta Drive','San Diego','CA','USA','92115','anandal@cox.net','619-888-1296','619-287-1958',1,'Andrea Parkes','619-287-1958','','large','',''),(109,'Better Late Than Never','regular','Jeff','Raby','','Sport','','M','1963-01-19','4733 Atlanta Dr','San Diego','CA','USA','92115','jeff.raby@cirrus.com','619-888-1296','',1,'Andrea Parkes','619-287-1958','','large','',''),(110,'Better Late Than Never','regular','Lance','Ferrel','','Sport','','M','1972-07-13','4733 Atlanta Dr','San Diego','CA','USA','92115','lferrell@hunterindustries.com','619-287-1958','',1,'Andrea Parkes','619-287-1958','','large','',''),(111,'Better Late Than Never','regular','Jay','Stevens','','Sport','','M','1972-04-28','4733 Atlanta Dr','San Diego','CA','USA','92115','jstevens@tritonmedical.com','619/287-1958','',1,'Andrea Parkes','619-287-1958','','large','',''),(112,'Generic Bicycle Team','captain','John','Schmidt','','Sport','310-86-7551','M','1969-02-09','20702 El Toro #449','Lake Forest','CA','USA','92630','jschmidt_eng@yahoo.com','7144014008','',1,'Dave Schmidt','8188831666','','large','',''),(113,'Generic Bicycle Team','regular','Tom','McDonald','','Sport','','M','1967-12-05','4231 Vista del Rio Way#2','Oceanside','CA','USA','92057','mcjuha@cox.net','949-297-7000','760-757-9093',1,'Mai McDonald','760-757-9093','','x-large','Glucosamine','Set unofficial record for \"fastest lap while dry-heaving at least 10 times\" (2006 24 hrs Ol Pueblo, SS Solo class)'),(116,'The Awesomes','captain','Steve','Richardson','','Sport','123-45-6789','M','1968-11-04','16 Bienvenu','Foothill Ranch','CA','USA','92610','srkr@cox.net','9496329106','9493058141',1,'Chuck Carter','9496777284','','x-large','none','Awesome!'),(117,'The Awesomes','regular','Kimberly','Richardson','','Sport','','F','1970-05-05','43 Massier Dr.','Foothill Ranch','CA','USA','92610','k.richardson@cox.net','7148153955','9493058141',1,'Chuck Carter','9496777248','','medium','',''),(118,'The Awesomes','regular','Matt','Eames','A','Sport','217-94-9682','M','1972-12-27','23881 Danby Drive','Lake Forest','CA','USA','92630','meames@shimano.com','949-470-4276','949-500-4324',1,'Deanna McArdle','949-307-6133','','x-large','',''),(119,'The Awesomes','regular','Ron','Ige','','Sport','','M','1967-12-29','1818 Orange Grove Ave.','Alhambra','CA','USA','91803','yellowdevil663@aol.com','949-887-4381','',1,'Patty Ige-Lui','626-458-5023','','medium','',''),(120,'The Awesomes','regular','Mike','McMahon','','Sport','','M','1967-09-05','25262 Tanoak Lane','Lake Forest','CA','USA','92630','skinnytiremike@yahoo.com','760 6072453','714-746-5230',1,'Genna McMahon','714-746-5203','','large','Family, Friends and Fermentation!',''),(147,'Nitrous Rocket Snails','regular','Greg','Flood','','Sport','','M','1970-02-18','24112 Hollyoak, Apt. E','Aliso Viejo','CA','USA','92656','g_flood@yahoo.com','949-831-9112','',1,'Linda Shaver','717-263-4892','','large','Team VeloSport',''),(143,'Nitrous Rocket Snails','captain','Sherri','Davis','L','Sport','','F','1961-04-25','12924 Maxwell Drive','Tustin','CA','USA','92782','sdavis@masimo.com','949-697-5314','714-731-0633',1,'Barry Wong','714-381-5157','','medium','',''),(144,'Nitrous Rocket Snails','regular','Barry','Wong','','Sport','','M','1964-04-20','12924 Maxwell Drive','Tustin','CA','USA','92782','barry.wong@emulex.com','714-381-5157','714-731-0633',1,'Sherri Davis','949-697-5314','','large','',''),(145,'Nitrous Rocket Snails','regular','Megan','Corradino','','Sport','','F','1975-09-06','331 West Avenida Palizada','San Clemente','CA','USA','92672','mcorradino@masimo.com','949-297-7031','530-307-9077',1,'Andy Hilliard','539-307-0040','','small','',''),(146,'Nitrous Rocket Snails','regular','Rachel','Park','D','Sport','564-41-9346','F','1972-09-06','7816 Essex #102','Huntington Beach','CA','USA','92648','cheiie0011@aol.com','714-863-8332','',1,'John Schmidt','714-401-4008','','small','Team VeloSport',''),(148,'THE FAT TIRED BOYZ','captain','Jayme','Younger','','Sport','','M','1964-09-12','1631 Barry Ave #12','Los Angeles','CA','USA','90025','jaymeyounger@yahoo.com','310 709 3647','',1,'Royce Younger','310 827 2041','','large','PLAYinLA.com',''),(149,'THE FAT TIRED BOYZ','regular','Dave','Finstrom','','Sport','','M','1962-04-24','8634 Falmouth Ave #2','Playa del Rey','CA','USA','90293','dfinstrom@earthlink.net','310 709 3647','',1,'Royce Younger','310 827 2041','','large','HutDogs.com',''),(150,'THE FAT TIRED BOYZ','regular','Rick','Garcia','','Sport','','M','1963-04-10','28338 Winterdale Drive','Canyon Country','CA','USA','91387','rgarcia@daileyads.com','310 709 3647','',1,'Royce Younger','310 827 2041','','x-large','',''),(151,'THE FAT TIRED BOYZ','regular','James','deMalignon','D','Sport','','M','1951-12-04','165 Brass Lane','Vista','CA','USA','92083','keyofsea@cox.net','858-688-1533','760-941-5085',1,'Diana deMalignon','760-941-5085','','large','',''),(152,'StinkingWeasels.com','captain','Scott','Parrish','','Sport','','M','1958-11-18','4904 Refugio Ave.','Carlsbad','CA','USA','92008','scottparrish@adelphia.net','858-864-2162','',1,'Peggy Parrish','760-730-7559','','large','',''),(153,'StinkingWeasels.com','regular','Jeff','Bowles','','Sport','','M','1963-11-28','11625 Azado','San Diego','CA','USA','92127','jeffbow63@hotmail.com','619-992-3062','',1,'Lynne Bowles','858-676-0935','','large','',''),(154,'StinkingWeasels.com','regular','Marc','Villanueva','P','Sport','','M','1974-06-01','3364 33rd Street','San Diego','CA','USA','92104','villanum@iwon.com','858.625.4859','',1,'mine okano','858.663.1768','','large','',''),(155,'StinkingWeasels.com','regular','Shane','Little','','Sport','','M','1961-03-24','1390 Forest  Ave','Carlsbad','CA','USA','92008','shanemlittle@hotmail.com','7607290625','',1,'Amy Little','7607290125','','x-large','Manzanita Press, Ramona, CA','A true suzerain.'),(156,'St. Augustine High School Saintsmen','captain','Jacob','Landman','L','Sport','','M','1988-01-26','10205 Holden Trails Rd','Lakeside','CA','USA','92040','david.landman@cox.net','619-562-2856','',1,'David Landman','619-562-2856','','x-large','BnL, Karl Strauss/SDBC',''),(157,'St. Augustine High School Saintsmen','regular','Eric','Landman','D','Sport','','M','1991-04-16','10205 Holden Trails Rd','Lakeside','CA','USA','92040','david.landman@cox.net','619-562-2856','',1,'David Landman','619-562-2856','','large','Mommy',''),(158,'St. Augustine High School Saintsmen','regular','Miguel','Beltran','E','Sport','','M','1989-03-02','4865 Butternut hollow lane','bonita','CA','USA','91902','mciyk_br@hotmail.com','619 864 2280','',1,'miguel beltran','619 864 2280','','large','',''),(159,'St. Augustine High School Saintsmen','regular','Joshua','Kellems','G','Sport','','M','1990-05-23','2074 Pointe Parkway','Spring Valley','CA','USA','91978','xcyclefreakx@yahoo.com','619 865-6583','',1,'Stephanie Kellems','619 347-2715','','small','',''),(160,'Big Nasty','captain','Marc','Alexander','F','Sport','','M','1972-03-10','11082 Virgo Place','San Diego','CA','USA','92126','alex8675@photosbypm.com','858.831.1448','',1,'Marie Alexander','858.442.1448','','xx-large','','Fat and slow'),(161,'Big Nasty','regular','Steve','Phillips','','Sport','','M','1970-03-01','661 Summerview Circle','Encinitas','CA','USA','92024','steve@cardiffcreative.com','760.436.0695','',1,'Annette','760.436.0695','','large','',''),(162,'Big Nasty','regular','Mark','Stein','S','Sport','','M','1970-07-14','47 Radiance Lane','RSM','CA','USA','92688','jbmike52@cox.net','949-468-9423','',1,'Charity Stein','949-939-9020','','large','',''),(163,'Big Nasty','regular','Brady','Fox','','Sport','','M','1940-01-01','3370 Beech St','San Diego','CA','USA','92102','bradyfox@gmail.com','619.985.5014','',1,'Erika','619.890.9725','','large','',''),(164,'The Manic Monkey Riders','captain','Michael','Vines','L','Sport','','M','1966-05-02','PO Box 25833','Scottsdale','AZ','USA','85255','mongollord@yahoo.com','480-620-3742','480-629-0204',1,'Melinda Vines','480-620-0204','','x-large','Armadillo Health Systems, Inc.','Former Special Forces member turned cyclist.  Hobbies include kayaking, Caribou hunting, archery, ice fishing, microbrewing, and tending my herb garden.'),(165,'The Manic Monkey Riders','regular','Kenneth','Kimble','M','Sport','373-96-4370','M','1968-05-12','10950 E Greenway Rd','Scottsdale','AZ','USA','85255','kenkimble5@hotmail.com','(602)995-5045','(480)515-3502',1,'Mozhgan Kimble','(480)326-8172','','large','I wish...','This will be our third year to enjoy this beautiful course. I hope to put in some good laps and have a blast!'),(166,'The Manic Monkey Riders','regular','Big Tom','Lemke','','Sport','527-92-8404','M','1964-08-25','8323 N 9th Ave','Phoenix','AZ','USA','85021','thomas.j.lemke@pfizer.com','602-418-9178','',1,'Mary Lemke','602-944-7657','','xx-large','Slippery Pig Bikes','Big wheels roll better'),(167,'The Manic Monkey Riders','regular','Michael','Whitehead','L','Sport','264-31-6573','M','1958-10-17','13281 N 99th Place','Scottsdale','AZ','USA','85260','michaellw@earthlink.net','480-510-2378','480-510-2378',1,'Solange Whitehead','480-510-3480','','large','',''),(168,'Jax Force One','regular','Robert','Blain','L','Sport','','M','1963-02-05','26705 Lope De Vega','Mission Viejo','CA','USA','92691','robert@jaxbicycles.com','562-421-4646','',1,'Patty Blain','949-587-1833','','large','Jax Bicycles',''),(169,'Incycle','captain','Jason','Simpson','','Sport','','M','1969-10-23','2677 Second St.','La Verne','CA','USA','91750','simpsonsx3@yahoo.com','909-706-0220','909-392-0355',1,'Nancy Simpson','951-897-1288','','xx-large','Incycle Bike Shop, Maxxis Tires','x-tra cheese please'),(170,'Incycle','regular','Brian','Rogers','','Sport','','M','1983-04-06','445 N. Amelia Apt.34c','San Dimas','CA','USA','91773','ridered@dr.com','909-919-9216','',1,'Debra Rogers','909-450-7595','','small','SC Velo, Incycle','Good looks and speed to match'),(171,'Incycle','regular','Joe','Simpson','','Sport','','M','1965-01-06','5740 Chandler Ct.','Rancho Cucamonga','CA','USA','91739','simpsonsx3@yahoo.com','909-730-3802','',1,'Chela Simpson','909-730-3604','','x-large','Incycle, Maxxis',''),(172,'Incycle','regular','John','Hud','','Sport','','M','1963-08-26','2430 N. Glassell St., Unit K','Orange','CA','USA','92865','hudlitho@hotmail.com','714-637-0692','',1,'David Hud','714-528-1050','','large','',''),(173,'Hall, Christi R.','captain','Christi','Hall','R','Sport','550-43-6866','F','1963-01-06','2415 Parkside Dr','Boise','ID','USA','83712','idpob@yahoo.com','2088672978','',1,'Brian Allen','2085777616','','medium','Tamarack Resort/Intense Cycles','Single mom who just likes to ride ALOT!'),(174,'Wounded but Willing','captain','Scott','Lund','','Sport','','M','1963-03-21','1524 Encinitas Blvd','Encinitas','CA','USA','92024','drscottlund@sbcglobal.net','760-445-2108','',1,'Karen Lund','760-445-2109','','x-large','',''),(175,'Wounded but Willing','regular','Keith','Duffy','','Sport','','M','1958-09-25','3335 Country Rose Circle','Olivenhain','CA','USA','92024','keith_duffy@pmc-sierra.com','858-775-8856','',1,'Heather Duffy','858-756-6985','','large','',''),(176,'Wounded but Willing','regular','Mike','Duran','','Sport','','M','1968-07-12','695 Rihely Place','Encinitas','CA','USA','92024','micstedur@sbcglobal.net','760-415-1012','',1,'Ryan Duran','661-496-3310','','x-large','',''),(177,'Wounded but Willing','regular','Derek','Scallet','A','Sport','','M','1954-06-15','3354 Calle Odessa','Carlsbad','CA','USA','92009','dascallet@sbcglobal.net','858-245-6334','',1,'Tracy Scallet','760-943-8204','','large','',''),(178,'Graab, Erik','captain','Erik','Graab','','Sport','554-78-4372','M','1959-09-29','PO Box 1676','Big Bear Lake','CA','USA','92315','aimlestrio@aol.com','909 878 0057','951 201 5440',1,'Robert Graab','805 383 2094','','large','',''),(179,'Mammoth','regular','Alex','Fabro','','Expert','','F','1964-01-23','PO box 3693','Mammoth Lakes','CA','USA','93546','alexfabbro@yahoo.com','760-914-0380','760-934-5267',1,'Katherine Price','760-914-2624','','large','',''),(180,'Motor Psycho','captain','Chuck','Elliott','R','Sport','556-91-1117','M','1970-05-06','33046 calle aviador','San Juan Capistrano','CA','USA','92675','chuck.elliott@primedia.com','800-809-0929','949-661-5142',1,'debbie elliott','760-845-4746','','large','Bike Magazine',''),(181,'Motor Psycho','regular','Dave','Sharp','','Sport','','M','1969-08-14','3119 Olive Knoll Place','Escondido','CA','USA','92027','sharpcasa@cox.net','(858) 518-3698','(760) 743-1382',1,'Kristin Sharp','(858) 522-5774','','x-large','Bike Mag - Thanks again! Sierra Nevada Brewing Co. supplying the Pale Ale barrel again!','Rip the trails and tip some ale\'s!'),(182,'Motor Psycho','regular','Brian','Botts','E','Sport','549-33-2500','M','1969-11-08','2708 Bressi ranch','calrsbad','CA','USA','92009','brian@platformdevelopment.com','7606850497','',1,'brent zemel','435 901 9299','','large','','I\'m a weekend guy that likes girls. I will try and get a moto shutttle if I can get away with it.'),(183,'Motor Psycho','regular','Mika','Persichetti','K','Sport','568-89-2465','M','1971-04-10','6911 Quail Place  #G','Carlsbad','','USA','92009','stephanieparnell@sbcglobal.net','760-419-3358','',1,'stephanie persichetti','760-685-3143','','x-large','',''),(184,'Motor Psycho','regular','Veronica','Williams','','Sport','','F','1971-07-06','2630 Lewis Lane','Carlsbad','CA','USA','92008','veronycaw@hotmail.com','7607292116','',1,'Josh Williams','650-867-3101','','small','',''),(185,'Santa Fe Bear Pair/Bike & Sport','captain','Jan','Bear','V','Expert','585-18-1592','M','1955-09-28','133 Arroyo Hondo Trail','Santa Fe','NM','United States','87508','janbea@gmail.com','505-670-4665','505-670-4665',1,'Kim Bear','505-660-1279','','medium','',''),(186,'Santa Fe Bear Pair/Bike & Sport','regular','Kim','Bear','A','Sport','558-98-1679','F','1956-11-09','133 Arroyo Hondo Trail','Santa Fe','NM','USA','87508','kabear13@gmail.com','505-660-1279','505-660-1279',1,'Jan Bear','505-670-4665','','medium','',''),(187,'Tiare','captain','Jeff','Bush','n','Sport','','M','1964-03-10','7329 alicante rd # C','carlsbad','CA','USA','92009','jbush36@hotmail.com','','7609309698',1,'cindy nielson','7602139392','','large','','2 race here'),(188,'Tiare','regular','Doug','Stewart','J','Sport','','M','1950-02-28','basil street','leucadia','CA','USA','92007','djackson@connectnet.net','7607533578','',1,'cindy nielson','7602139392','','large','Inner Sole','Long time Kiwi and Democrat who uses the thought of George Bush and all republicans in office as a way to get so pissed off... allowing me to power up any hill at lighting speed.'),(189,'Tiare','regular','david','Vilas','R','Sport','','M','1954-03-15','cape sebastain','cardiff by the sea','CA','USA','992007','dhv17@cox.net','7606331545','',1,'natalie Vilas','7606331545','','large','Vilas construction','Long time rider with legs and mind of steel'),(190,'Tiare','regular','Chris','Rath','M','Sport','','M','1972-11-06','12112 Whitley St','Whittier','CA','USA','90601','dsuperraths@verizon.net','562 201-6970','562 699-8495',1,'Amie Rath','562 652-2089','','medium','Win-Dor',''),(191,'Hollywood Pro Bicycles','captain','Scott','Verdekel','','Sport','','M','1979-01-25','21825 Saticoy Street #6','Canoga Park','CA','USA','91304','scott@hollywoodprobicycles.com','3234665890','3234936781',1,'Chris Kelly','310-293-5484','','medium','',''),(192,'Hollywood Pro Bicycles','regular','Angie','Palo','M','Sport','','F','1976-02-13','6223 Lexington Ave #3','Los Angeles','CA','USA','90038','Staff@hollywoodprobicycles.com','323-469-8656','323569-8656',1,'Chris Kelly','310-293-5484','','medium','',''),(193,'Hollywood Pro Bicycles','regular','Sabri','Hacioglu','','Sport','','M','1979-04-23','10763 Wilshire Blvd #1','Los Angeles','CA','USA','90024','Sabri_Hacioglu@Hotmail.com','310-800-3505','',1,'Chris Kelly','310-293-5484','','medium','',''),(194,'Hollywood Pro Bicycles','regular','Chris','Muller','','Sport','','M','1969-07-21','12034 Eastman St','Cerritos','CA','USA','90703','longrun_04@yahoo.com','562-716-7255','',1,'Scott Verdekel','323-493-6781','','large','',''),(195,'Hollywood Pro Bicycles','regular','Paul','Fow','','Sport','','F','1940-01-01','6200 Franklin Ave #107','Los Angeles','CA','USA','90028','Paul_Fow@yahoo.com','213-434-1303','',1,'Laura Fow','323-871-1344','','xx-large','',''),(196,'Hollywood Pro Bicycles\' Slackers','captain','Kaz','Boyle','','Sport','','M','1970-04-01','6731 Hollywood Blvd','Hollywood','CA','USA','90028','kaz@hollywoodprobicycles.com','3107791097','3107791097',1,'Chris Kelly','3102935484','','large','Hollywood Pro Bicycles',''),(197,'Hollywood Pro Bicycles\' Slackers','regular','Chris','Kelly','','Sport','','M','1966-04-22','6731 Hollywood Blvd','Los Angeles','CA','USA','90028','chriskelly@hollywoodprobicycles.com','3234665890','3102935484',1,'Eric Wu','3104085110','','xx-large','Hollywood Pro Bicycles','The first day of the race (April 22) is my 40th birthday.'),(198,'Hollywood Pro Bicycles\' Slackers','regular','Gregory','Haynes','R','Sport','566-97-1898','M','1978-03-14','235 Siena Dr.','Long Beach','CA','USA','90803','archipeep@gmail.com','2137454900','6262645383',1,'Ronald Haynes','9099844859','','x-large','Hollywood Pro Bicycles','Powered by cheeseburgers.'),(199,'Hollywood Pro Bicycles\' Slackers','regular','Eric','Wu','','Sport','','M','1965-08-30','2304 Marshallfield Lane # 2','Redondo Beach','CA','USA','90278','wuhoo99@yahoo.com','3104085110','3104085110',1,'Chris Kelly','3102935484','','large','Hollywood Pro Bicycles','Pugsley Rules.'),(200,'Hollywood Pro Bicycles\' Slackers','regular','Ian','Hahm','c','Sport','','M','1940-01-01','1146 Western Ave #C','Glendale','CA','USA','91201','ian@hollywoodprobicycles.com','8185152145','8185152145',1,'Marco Gascon','3232576526','','x-large','Hollywood Pro Bicycles',''),(201,'Hollywood Pro Bicycles\' Slackers','regular','Marco','Garscon','','Sport','','M','1940-01-01','5034 Baltmore Street','Los Angeles','CA','USA','90042','thesirens01@aol.com','3232576526','3232576526',1,'Ian Hahm','8185152145','','large','Hollywood Pro Bicycles',''),(202,'NiteRider/Trek San Diego','captain','Jack','Gresmer','A','Sport','','M','1959-01-26','4747 Birchwood Circle','Carlsbad','CA','USA','92008','jack@niterider.com','858-268-9316','847-915-1964',1,'My Wife','760-730-3104','','x-large','NiteRider All Riders','Works at NiteRider'),(203,'NiteRider/Trek San Diego','regular','David','Soutar','','Sport','','M','1975-07-18','5429 Waverly Ave','LaJolla','CA','USA','97037','','858-268-9316 x111','858-454-5072',1,'Ethery Soutar','858-454-5072','','x-large','',''),(204,'NiteRider/Trek San Diego','regular','Jim','Rasmussen','c','Sport','','M','1959-10-05','27606 Alps lane','Escondido','CA','USA','92026','riderep@aol.com','760-749-1298','',1,'Linda','760-445-3364','','x-large','',''),(205,'NiteRider/Trek San Diego','regular','Susan','Williams','','Sport','','F','1974-11-21','1 Holland drive','Irvine','CA','USA','92074','swilliams@shimano.com','760-749-1298','',1,'jim','760-749-1298','','medium','',''),(206,'NiteRider/Trek San Diego','regular','Keegan','Swenson','','Sport','','M','1993-04-22','27606 alps lane','escondido','CA','USA','92026','riderep@aol.com','760-445-3369','760-749-1298',1,'Tanya','435-649-6430','','large','',''),(207,'Wahlberg, Terri M.','captain','Terri','Wahlberg','M','Expert','558-79-0751','F','1973-03-31','1437 W. Via Arbolitos','Santa Maria','CA','USA','93458','dirty_rider@msn.com','(805)348-1303','(805)478-8293',1,'Rick Wahlberg','(805)348-1303','','large','Ellsworth, Ritchey, Rudy Project, Spinergy, GU Sports, Champion Nutrition, Nite Rider and Pedal Power.',''),(208,'Blankenship, Dale','captain','Dale','Blankenship','','Sport','274-78-0244','M','1966-08-19','1333 Hygiea Ave','Encinitas','CA','USA','92024','dale.blankenship@usdoj.gov','760-840-1421','760-436-8914',1,'Roxana Folescu','760-840-1421','','x-large','',''),(209,'Minimum Velocity','captain','Paul','Curtin','D','Sport','','M','1976-01-31','4152 Elm Ave #9','Long Beach','CA','USA','90807','paulcurtin@gmail.com','(714) 438-1118','(310) 351-0160',1,'Julie Farrell (Wife)','(310) 351-0160','','medium','','I can\'t believe I wound up on this team.  This is going to be my worst finishing ever!!!'),(210,'Minimum Velocity','regular','Joe','Byrnes','','Sport','','M','1969-05-07','2020 Fullerton Ave. #52','Costa Mesa','CA','USA','92627','joe_byrnes@yahoo.com','949-650-0889','949-232-5069',1,'Krista Rudiger','949-650-0889','','large','','Hi, I\'m a Taurus.  I like long walks on the beach, romantic dinners, and warm baths on Sunday mornings.  Oh, wait I think I\'m at the wrong site...'),(211,'Minimum Velocity','regular','James','McCoy','','Sport','','M','1975-09-12','8427 El Arroyo Dr','Huntington Beach','CA','USA','92647','jamesmccoy80@hotmail.com','714-276-4269','',1,'Kana Goto','949-378-2051','','medium','','Time to make the donuts'),(212,'Minimum Velocity','regular','Steven','Donovan','T','Sport','','M','1965-06-01','4469 Harding Avenue','Los Angeles','CA','USA','90066','stdonovan@comcast.net','','310-391-7199',1,'Jessica Hobbs','310-720-7130','','x-large','',''),(213,'Gluten Free Riders','captain','Brian','Daugherty','D','Sport','','M','1968-11-25','3421 Herman Avenue','San DIego','CA','USA','92104','bassey_bd@yahoo.com','619-244-1042','',1,'Cindy Larson','858-692-5719','','x-large','',''),(214,'Gluten Free Riders','regular','Eric','Fox','','Sport','','M','1969-05-30','3882 Bandini Street','San Diego','CA','USA','92110','thefoxbox@sbcglobal.net','619-291-1424','',1,'Sue Fox','619-291-1424','','large','',''),(215,'Gluten Free Riders','regular','Todd','Northrup','','Sport','','M','1966-04-03','1619 Dale Street','San Diego','CA','USA','92102','toddn@ashn.com','619-231-6639','',1,'Britt Northrup','619-231-6639','','medium','',''),(216,'Gluten Free Riders','regular','Bryan','Van Noy','','Sport','','M','1972-01-29','8750 Concourse Court','San Diego','CA','USA','92123','bryanv@ashn.com','619-417-8117','',1,'Betsy Van Noy','702-433-9677','','xx-large','',''),(219,'Most Awesome Wacky Race Team','regular','Mike','Mautner','E','Sport','045-70-3394','M','1973-09-02','1425 Woodcrest Ave','Fullerton','CA','USA','92833','mautnermike@hotmail.com','714-791-9195','',1,'Roger Gibson','714-488-5324','','x-large','Raleigh/Diamond Back',''),(220,'Most Awesome Wacky Race Team','regular','Brent','Zemel','','Sport','','M','1971-06-16','2708 Bressi Ranch Way','Carlsbad','CA','USA','92009','vermin@moabworld.com','435-901-9299','',1,'Carolyn Walker','619-226-0601','','large','Santa Cruz Hydro & Moab World','I like bikes that go in the dirt.'),(221,'Most Awesome Wacky Race Team','regular','Genna','McMahon','M','Sport','','F','1970-12-02','25262 Tanoak Lane','Lake Forest','CA','USA','92630','gennamcmahon@yahoo.com','714-746-5203','949-380-8099',0,'Melanie Horton (mom)','714-552-2663','','medium','',''),(222,'Most Awesome Wacky Race Team','regular','Keith','Wakefield','A','Sport','','M','1961-09-06','834 carnation dr.','sandy','UT','USA','84094','kwakefield@psynet.net','801-838-8888','801-495-0568',1,'marylou wakefield','716-688-5946','','x-large','the awesomes','Done a few endurance races, but really slowly.'),(223,'Napoleon & Pedro','captain','Greg','Dolder','S','Sport','624-05-4696','M','1973-11-29','5234 Portia Street','Simi Valley','CA','USA','93063','dolder14@pacbell.net','818-568-5502','805-577-9355',1,'Debbie Dolder','805-522-4600','','x-large','','I like to ride...'),(224,'Napoleon & Pedro','regular','Victor','Robles','','Sport','551-53-0551','M','1985-07-23','4216 Lou Drive','Simi Valley','CA','USA','93063','vicrobles@adelphia.net','805-416-6145','',1,'Teresa Robles','805-582-0610','','medium','My Brother','I like to ride more...'),(225,'The Justice League','captain','Steve','McNary','','Sport','','M','1972-08-22','11610 I Ave. Suite A','Hesperia','CA','USA','92345','sjmcnary@netzero.net','760-947-2922','',1,'Joanne','760-455-5912','','large','','Batman!'),(226,'The Justice League','regular','Jared','Fleming','','Sport','','M','1987-08-05','7964 Montrose Ave.','Hesperia','CA','USA','92345','pjmachining@aol.com','760-949-4337','',1,'Joanne','760-455-5912','','large','','Spiderman!'),(227,'The Justice League','regular','John','Eltiste','','Sport','','M','1968-06-10','15885 Main St. #240','Hesperia','CA','USA','92345','jeltiste@farmersagent.com','760-265-2184','',1,'Joanne','760-455-5912','','x-large','','Martian Manhunter'),(228,'The Justice League','regular','Bill','Wallenburg','','Sport','','M','1965-09-16','18508 Kamana','Apple Valley','CA','USA','92307','bikeme@netzero.net','760-831-8807','',1,'Joanne','760-455-5912','','large','','The Flash!'),(229,'Napoleon & Pedro','regular','Steven','Wright','D','Sport','','M','1958-06-03','4196 Trailcrest Dr.','Moorpark','CA','USA','93021','sdw5421@yahoo.com','805-584-4100','805-523-2380',1,'Teri Wright','805-279-6133','','medium','',''),(230,'Napoleon & Pedro','regular','Nathan','Wright','M','Sport','','M','1986-04-08','4196 Trailcrest Dr.','Moorpark','CA','USA','93021','bort3nmw@sbcglobal.net','805-523-2380','',1,'Teri Wright','805-279-6133','','medium','',''),(231,'Ross, Nat','captain','Nat','Ross','','Pro','522-53-7109','M','1971-10-03','POB 638','Vail','CO','USA','81658','xxx@xxx.com','970-390-9730','',1,'Janis Sandlin','303-263-7919','','large','','');

--
-- Table structure for table `rider_rfid`
--

CREATE TABLE `rider_rfid` (
  `rfid` int(4) NOT NULL DEFAULT '0',
  `uid` int(4) NOT NULL DEFAULT '0',
  UNIQUE KEY `rider_rfid_pkey` (`rfid`)
) ENGINE=MyISAM DEFAULT CHARSET=latin1;

--
-- Dumping data for table `rider_rfid`
--

INSERT INTO `rider_rfid` VALUES (13304,13),(8771,46),(8670,93),(1766,178),(8403,208),(1824,173),(14090,207),(11995,35),(14198,36),(8918,89),(14136,90),(2095,185),(2285,186),(13193,37),(1656,38),(2274,39),(13106,40),(9012,41),(13481,42),(8981,43),(1965,44),(13376,45),(8518,179),(13837,59),(12306,60),(8937,61),(8430,62),(9001,63),(13239,82),(13633,83),(8933,84),(14125,85),(13512,86),(1998,98),(12781,99),(2141,100),(13458,101),(13606,102),(8984,143),(8680,144),(1798,145),(12597,146),(8894,147),(13202,180),(12709,181),(1791,182),(13039,183),(8709,184),(13328,191),(13922,192),(12426,193),(14244,194),(12064,195),(8802,103),(13496,104),(12617,105),(9004,106),(8798,107),(8760,116),(2256,117),(1896,118),(12582,119),(14060,120),(10012,202),(8665,203),(8949,204),(13070,205),(9081,206),(12192,26),(1604,27),(8988,28),(13421,29),(8402,22),(1755,23),(1976,24),(13739,25),(2191,47),(2226,48),(8801,49),(2271,50),(13993,70),(12544,71),(13089,72),(2118,73),(13182,74),(9010,75),(13755,76),(13992,77),(14030,108),(12476,109),(13441,110),(13821,111),(1835,152),(11982,153),(1823,154),(13812,155),(13466,160),(1686,161),(1861,162),(8564,163),(13274,164),(13433,165),(13171,166),(12697,167),(9055,169),(1785,170),(14123,171),(12333,172),(1790,187),(1763,188),(12943,189),(12481,190),(2030,209),(8637,210),(9046,211),(13530,212),(12125,213),(12632,214),(13299,215),(12563,216),(13049,55),(12386,56),(12247,57),(12967,58),(13112,112),(1624,113),(8426,148),(14122,149),(14047,150),(9093,151),(12207,174),(1750,175),(9097,176),(13732,177),(13075,156),(8911,157),(8413,158),(12456,159),(2136,51),(1952,52),(1931,53),(14192,54),(1921,88),(2042,64),(1661,65),(13007,66),(13735,67),(8708,68),(13973,69),(12226,168),(8659,94),(12536,95),(1740,96),(12690,97),(1875,217),(8647,196),(8648,197),(12730,198),(12614,199),(8759,200),(12016,201),(2135,223),(12186,224),(1894,229),(9008,230),(13814,218),(1626,219),(8655,220),(8713,221),(9070,222),(12430,225),(12559,226),(1668,227),(2268,228),(2279,231);

--
-- Table structure for table `team`
--

CREATE TABLE `team` (
  `name` varchar(36) NOT NULL DEFAULT '',
  `city` varchar(26) DEFAULT NULL,
  `state` varchar(26) DEFAULT NULL,
  `country` varchar(26) NOT NULL DEFAULT '',
  `class` char(2) NOT NULL DEFAULT '',
  `ala` tinyint(1) NOT NULL DEFAULT '0',
  `sponsors` varchar(255) DEFAULT NULL,
  `anecdote` mediumtext,
  `fee_paid` decimal(9,2) DEFAULT NULL,
  `online_reg` tinyint(1) NOT NULL DEFAULT '0',
  `payment_type` char(2) DEFAULT NULL,
  `username` varchar(8) DEFAULT NULL,
  `password` varchar(8) DEFAULT NULL,
  `admin_notes` varchar(255) DEFAULT NULL,
  `song_title` varchar(50) DEFAULT NULL,
  `song_artist` varchar(50) DEFAULT NULL,
  `number_of_riders` int(3) DEFAULT NULL,
  UNIQUE KEY `team_pkey` (`name`)
) ENGINE=MyISAM DEFAULT CHARSET=latin1;

--
-- Dumping data for table `team`
--

INSERT INTO `team` VALUES ('Uphill Endos','Fallbrook','CA','USA','MS',0,'Win-Dor Inc.','The minute that I cant get out of bed to ride is the day I need to put the other foot in the grave!',510.00,0,'CC','uphill','endos1','','Elevation','U2',4),('Neal, Michael D.','Palm Desert','CA','USA','M1',1,'Velobum.com/Bodywork Professional','Hard tail for an old hard head',0.00,0,'CC','thepup','scully','','','',1),('GBI Tactics','San Diego','CA','USA','MS',0,'245 Gear- GBI Tactics(Great Bodily Injury)','',510.00,0,'CC','copdoc76','sd5764','','','',4),('Demo Brothers E.R.T','Bronx','NY','USA','DP',0,'No thank you.','Loosely affiliated but unusually committed, Demo Brothers Endurance Racing Team (D-BERT) athletes are dedicated to the exploration of personal athletic endurance. D-BERT believes that every day, every workout, and every race are unheralded opportunities to examine our limitations and converse with that fundamental element of ourselves that can produce extraordinary feats. While training and competing in a genre of sports that have long been sterilized by needless methodology and suffocated by technological protocol, D-BERT materialized to reestablish the spirit of endurance pioneers, who paved the way for these sports and athletic feats on nothing but grit, zip-ties, junk food, and determination. Ride it down.',490.00,0,'CC','DBERTT','whywhy','','','',2),('Miss Behavin\' and the 4 Players','Elko','NV','USA','5P',0,'Dahon Bicycle Company\r\nOffice Furniture Sales and Supply','Once again in congunction with Sportin\' Woodys racing, Miss Behavin\' has rallied the 4 Players to wreak havoc on campsites, race courses and liquor stores in the greater continental US and the world should quake in fear. (We\'re kind of like the Power Rangers that way...)',710.00,0,'CC','bikerace','woodys','','Beer','Psychostick',5),('The Flying Merkins','Castro Valley','CA','USA','JF',0,'Spice of Life Grilling Rub, Bistro Liaison, Dawn Photography','Just when you thought it was safe to ride again we enter a race.  Let the pedals spin, the butts turn beet red and lets have a great time.\r\n\r\n~ You are never alone with a schizophrenic ~',710.00,0,'CC','flying06','merky200','','Breakdown','Tantric',5),('Mammoth','Mammoth Lakes','CA','USA','5P',0,'','',720.00,0,'CC','pricer2','pyranha','','','',5),('Adams, Neil M.','Corona','CA','USA','M1',0,'Hicks & Hicks Enterprises, Eriks Bike Shop, T&M Racing and my cat, Cipo','mama told me not to come but Jeremiah was a bullfrog so this is just an old fashioned love song!',340.00,0,'CC','1x1clyde','maddie16','','One is the loneliest number','Three Dog Night',1),('SCAR-BAR','Carlsbad','CA','USA','MS',0,'','',570.00,0,'CC','Scarface','hmla367','','','',4),('Huffy','San Diego','CA','USA','JF',0,'None','Trying to ride hard and have a good time.',710.00,0,'CC','Huffys','bcr0318','','','',5),('Fully Rigid All Night Long','Saratoga','CA','USA','SR',0,'Piercy Toyota, C.B. Hannegan\'s, De  Salvo, Thomson, Cliff Bar, Fox Forx, De Feet, Hydrapak, The Off Ramp bike shop','We started single speeding to ruin our knees and it seems as if John is going to be the first one there!  His roller blading was a great help as he smashed a knee on the tarmac, oh yeah, getting hit by that old lady while he was reposing on a bench didn\'t hurt either.',570.00,0,'CC','rigid40','123456','','Mr. Brightside','The Killers',4),('13th Step','San Juan Capistrano','CA','USA','5P',0,'Bike Magazine & Granny Gear Racing','Editors and ad lackies from Bike Mag',710.00,0,'CC','13thstep','bike06','','','',5),('Jax Force One','Irvine','CA','USA','JF',0,'Jax Bicycle Centers','This team is made up of several employees from Jax.  We all love mountain biking and look forward to experiencing our first 24 hour event.',850.00,0,'CC','jax0ne','race06','','','',7),('Cracker Packers','San Diego','CA','USA','MS',0,'','',570.00,0,'CC','suzuki','fatman','','Goonies R Good Enough','Cyndi Lauper',4),('Bikeman.com - Supersized!','Kaysville/Bountiful','UT','USA','MS',0,'Bikeman','',570.00,0,'CC','bikeman','fatasses','','','',4),('Sho-Air Rock n\' Road Cyclery','Mission Viejo','CA','USA','ME',0,'Sho-Air International\r\nRock n\' Road Cyclery\r\nSpecialized\r\nCore Chiropractor','Love bikes, ride bikes, dream bikes, have fun, endure pain, used your natural skills.\r\n Thank you everyone for making our dreams reality.',570.00,0,'CC','shoair','tuanis','','','',4),('Callaway Golf','Carlsbad','CA','USA','5P',0,'Callaway Golf','',850.00,0,'CC','Ri2left','ElyWood','','','',5),('Maverick','Boulder','CO','USA','DP',0,'Maverick','For the 2006 24 Hours of Temecula, Maverick Pros Abby Hippely and Ariel Lindsley. \r\nThis formidable twosome looks forward to stamping the Maverick brand on the trails of Temecula.',890.00,0,'CC','ariel2b','number1','','','',2),('Boutet, Jacques','Anchorage','AK','USA','M1',0,'','After 6 Eco-Challenges, 2 Primal Quests, one Raid Gauloises and dozens of solo ultras using every form of human power imaginable, I ought to have earned a permanent seat on the couch.  But all those t-shirts are getting a bit tight, so here I am....',340.00,0,'CC','jacquesb','Madelein','','','',1),('Griffonaters','Lake Tahoe','CA','USA','5P',0,'Griffo Mechanical\r\nCycle Paths\r\nOlimpic Bikes of Lake Tahoe','Team: Dad (Jeff) and the kids- Chris, Philip, Danielle,and Joey.\r\nMom (Robin)- support, head cook , alarm clock , ect. ect. ect.',710.00,0,'CC','griffo','1robin','','','',5),('FELT Adventure Racing Co-Eds','Lake Forest','CA','USA','IC',0,'Felt Bicycles','',710.00,0,'CC','TimLane','merl1n','','','',5),('Better Late Than Never','San Diego','CA','USA','MS',0,'','',570.00,0,'CC','bltn123','endo123','','','',4),('Generic Bicycle Team','Lake Forest','CA','USA','DP',0,'None.  Nada.  Zippo.  We got no sponsors.  We did get 1 free meal from Big Bob\'s Butt Blistering Burrito Bungalo, so we suggest everyone else try to get on the singletrack first.','Act 1 - Four guys who are basically too lazy to shift gears or deal with suspension forks (we started as a single/rigid team)\r\n\r\nAct 2 - Two guys bailed\r\n\r\nAct 3 - 3AM discussion on the merits of 4 person teams',570.00,0,'CC','jschmidt','felix7','','','',2),('The Awesomes','Southern','CA','USA','IC',0,'NY Pizza\r\nDale\'s Pale Ale','We\'re Awesome',714.00,0,'CC','Awesome','091600','','Fox On The Run','Sweet',5),('Nitrous Rocket Snails','Tustin','CA','USA','5P',0,'None','',714.00,0,'CC','sdavis','marathon','','','',5),('THE FAT TIRED BOYZ','Santa Monica','CA','USA','MV',0,'PLAYinLA.com\r\nHutDogs.com','Just a bunch of dorky guys who used to be in shape but now we\'re fatties and getting old and trying to prove we still got it.',571.00,0,'CC','playinla','asdfasdf','','','',4),('StinkingWeasels.com','Carlsbad','CA','USA','MS',0,'www.FortuneCookie.info','Pronunciation: \'sti[ng]k[ng] \'wE-z&l\r\nFunction: noun : 1 any of various small slender active carnivorous mammals, which are able to prey on animals larger than themselves. The weasel will move into a den of an animal that it has killed. Some people say that a weasel smells worse than the skunk. The weasel does not have many friends. Animals much bigger than it do not dare come near. Some say the weasel will kill without reason even though it is not hungry, although it usually is.',571.00,0,'CC','sparrish','w3@sels','','Short Skirt-Long Jacket','Cake',4),('St. Augustine High School Saintsmen','San Diego','CA','USA','MJ',0,'Saint Augustine Cycling Club','',571.00,0,'CC','saints','landman','','Have A Party','50 Cent ft. Mobb Deep and Nate Dogg',4),('Big Nasty','San Diego','CA','USA','MS',0,'Dez Construction, Photographic Memories, Phat Knuckle Studios, Curves for Women','',571.00,0,'CC','alex8675','NoDice','','','',4),('The Manic Monkey Riders','Scottsdale','AZ','USA','MS',0,'','',571.00,0,'CC','4Manic','Monkeys','','The Future\'s So Bright, I Gotta Wear Shades','Timbuk 3',4),('Most Awesome Wacky Race Team','Lake Forest','CA','USA','JF',0,'Awesomes','You can\'t spell AWESOME without ME.',714.00,0,'CC','awesome2','brumbie','','The Most Awesome Wacky Race Team','The Awesomes!!',5),('Incycle','San Dimas','CA','USA','MS',0,'','',571.00,0,'CC','Jason06','cycle06','','','',4),('Hall, Christi R.','Boise','ID','USA','W1',0,'Tamarack Resort/Intense Cycles','uhhhhh....keep riding?',340.00,0,'CC','hall06','christi1','','','',1),('Wounded but Willing','Encinitas','CA','USA','MV',0,'Lund Chiropractic','',571.00,0,'CC','kduffy','gavin1','','','',4),('Graab, Erik','Big Bear Lake','CA','USA','M1',0,'Bear Valley Bikes, Lakeview Mechanical, Cindy and Rio','',337.00,0,'CC','erik06','graab06','','','',1),('Motor Psycho','San Juan Capistrano','CA','USA','5P',0,'Bike Magazine','Built to Spill...',714.00,0,'CC','chucko','motor06','','','',5),('Santa Fe Bear Pair/Bike & Sport','Santa Fe','NM','USA','DP',0,'Montrail, ThorLo, Lowe Alpine, Leki, Bolle, Litespeed, CW-X, GoLite, BTI, Shain, Suunto, CamelBak, Polar, Hydropel, Dermatone, Sof-Sole, Maxis, New Mexico Bike and Sport, Niterider, Princeton Tec, Wenger NA, Wolf Whitewater and E-Caps.','Stay Married!',490.00,0,'CC','jbear914','jvtbear','','','',2),('Tiare','carlsbad','CA','USA','MS',0,'!','3 old guys who think we are kids',571.00,0,'CC','tiare06','democrat','','','',4),('Hollywood Pro Bicycles','Hollywood','CA','USA','5P',0,'Hollywood Pro Bicycles','This is the eat-you-for-breakfast, wash-it-down-with-an-extra-large-coffee, I\'m-so-tough-your-legs-hurt-when-you-look-at-me team.',714.00,0,'CC','Hollywoo','006731','','','',5),('Hollywood Pro Bicycles\' Slackers','Hollywood','CA','USA','JF',0,'Hollywood Pro Bicycles','Riding for anthother piece of birthday cake.',857.00,0,'CC','kazbol','tube700c','','','',6),('NiteRider/Trek San Diego','San Diego','CA','USA','IC',0,'NiteRider','',714.00,0,'CC','jgresmer','jg86244','','','',5),('Wahlberg, Terri M.','Santa Maria','CA','USA','W1',0,'Ellsworth, Spinergy, Ritchey, Rudy Project, GU Sports, Champion Nutrition, Nite Rider, and Pedal Power.','',337.00,0,'CC','terriw','eeyore','','','',1),('Blankenship, Dale','Encinitas','CA','USA','M1',0,'Mastercard, Visa, Discover Card, American Express, Diner\'s Club,','I once drank 2 gallons of beer in one sitting.',337.00,0,'CC','dalebl','weclimb9','','','',1),('Minimum Velocity','Long Beach','CA','USA','MS',0,'Foster Farms, and New Belgium Brewery!!! (We can all dream, can\'t we?)','We\'re bringing live chickens.  And beer.',571.00,0,'CC','pauldc','april23','','','',4),('Gluten Free Riders','San DIego','CA','USA','MS',0,'Gluten Solutions','',571.00,0,'CC','briand','bassey','','Machine Gun','Jimi Hendrix',4),('Napoleon & Pedro','Simi Valley','CA','USA','MS',0,'My Checking Account!','We were supposed to be a twosome, but we got lazy and added a couple riders...\r\nWe quit when it gets cold... This is Southern California after all!',509.95,0,'CC','gdolder','guitar14','','Milk and Cereal','G Love and Special Sauce',4),('The Justice League','Hesperia','CA','USA','JF',0,'','We\'ll just be limping to the starting line!',571.00,0,'CC','sjmcnary','sheeba','','','',4),('Ross, Nat','Vail','CO','USA','M1',0,'Subaru,Gary Fisher, Go Fast, Camelbak,Smith','',340.00,0,'CC','new0421','x1xn2BxW','','','',1);

--
-- Table structure for table `team_number`
--

CREATE TABLE `team_number` (
  `bib_number` int(4) NOT NULL DEFAULT '0',
  `name` varchar(36) NOT NULL DEFAULT '',
  PRIMARY KEY (`bib_number`,`name`)
) ENGINE=MyISAM DEFAULT CHARSET=latin1;

--
-- Dumping data for table `team_number`
--

INSERT INTO `team_number` VALUES (1,'Neal, Michael D.'),(2,'Adams, Neil M.'),(3,'Boutet, Jacques'),(4,'Graab, Erik'),(5,'Blankenship, Dale'),(6,'Hall, Christi R.'),(7,'Wahlberg, Terri M.'),(8,'Demo Brothers E.R.T'),(9,'Maverick'),(10,'Santa Fe Bear Pair/Bike & Sport'),(11,'Sho-Air Rock n\' Road Cyclery'),(12,'Miss Behavin\' and the 4 Players'),(13,'Mammoth'),(14,'13th Step'),(15,'Callaway Golf'),(16,'Griffonaters'),(17,'Nitrous Rocket Snails'),(18,'Motor Psycho'),(19,'Hollywood Pro Bicycles'),(20,'FELT Adventure Racing Co-Eds'),(21,'The Awesomes'),(22,'NiteRider/Trek San Diego'),(23,'Uphill Endos'),(24,'GBI Tactics'),(25,'SCAR-BAR'),(26,'Cracker Packers'),(27,'Bikeman.com - Supersized!'),(28,'Better Late Than Never'),(29,'StinkingWeasels.com'),(30,'Big Nasty'),(31,'The Manic Monkey Riders'),(32,'Incycle'),(33,'Tiare'),(34,'Minimum Velocity'),(35,'Gluten Free Riders'),(36,'Fully Rigid All Night Long'),(37,'Generic Bicycle Team'),(38,'THE FAT TIRED BOYZ'),(39,'Wounded but Willing'),(40,'St. Augustine High School Saintsmen'),(41,'Huffy'),(42,'Jax Force One'),(43,'The Flying Merkins'),(44,'Hollywood Pro Bicycles\' Slackers'),(45,'Napoleon & Pedro'),(46,'Most Awesome Wacky Race Team'),(47,'The Justice League'),(48,'Ross, Nat');


