--
-- Host: localhost    Database: grannyge_temecula2003
-- ------------------------------------------------------


--
-- Current Database: `grannyge_temecula2003`
--

CREATE DATABASE /*!32312 IF NOT EXISTS*/ `grannyge_temecula2003` /*!40100 DEFAULT CHARACTER SET latin1 */;

USE `grannyge_temecula2003`;

--
-- Table structure for table `rider`
--

CREATE TABLE `rider` (
  `uid` int(4) NOT NULL AUTO_INCREMENT,
  `team_name` varchar(36) NOT NULL DEFAULT '',
  `rank` varchar(10) NOT NULL DEFAULT '',
  `firstname` varchar(22) NOT NULL DEFAULT '',
  `lastname` varchar(15) NOT NULL DEFAULT '',
  `middleinit` char(1) DEFAULT NULL,
  `class` varchar(28) NOT NULL DEFAULT '',
  `ssn` varchar(11) DEFAULT NULL,
  `gender` char(1) NOT NULL DEFAULT '',
  `dob` date NOT NULL DEFAULT '0000-00-00',
  `addr1` varchar(64) NOT NULL DEFAULT '',
  `city` varchar(26) NOT NULL DEFAULT '',
  `state` varchar(26) DEFAULT NULL,
  `country` varchar(26) NOT NULL DEFAULT '',
  `zip` varchar(12) NOT NULL DEFAULT '',
  `email` varchar(96) DEFAULT NULL,
  `dayphone` varchar(20) DEFAULT NULL,
  `evephone` varchar(20) DEFAULT NULL,
  `a_waiver` tinyint(1) NOT NULL DEFAULT '0',
  `emergency_contact` varchar(40) DEFAULT NULL,
  `emergency_phone` varchar(20) DEFAULT NULL,
  `admin_notes` varchar(255) DEFAULT NULL,
  `t_shirt_size` varchar(20) DEFAULT NULL,
  `sponsors` varchar(255) DEFAULT NULL,
  `anecdote` mediumtext,
  PRIMARY KEY (`uid`),
  UNIQUE KEY `rider_pkey` (`uid`)
) ENGINE=MyISAM AUTO_INCREMENT=391 DEFAULT CHARSET=latin1;

--
-- Dumping data for table `rider`
--

INSERT INTO `rider` VALUES (103,'Not Too Old To Get Up Get On Get Off','regular','unregistered','rider','','Sport','','M','2003-01-01','','','','USA','','','','',0,'','','',NULL,NULL,NULL),(9,'S.C.U.M.B.A.G.s','captain','Chris','Oliveira','M','Sport','','M','1973-01-11','7835 Rancho Fanita Dr. Unit E','Santee','CA','USA','92071','chris_oliveira@hotmail.com','858-694-6367','619-334-7989',1,'Danelle Oliveira','619-993-6367','',NULL,NULL,NULL),(13,'BALLISTIC WONDER & 3 CHAINRINGS','captain','Ken','Gioeli','S','Sport','','M','1969-08-29','PO BOX 878','IDYLLWILD','CA','USA','92549','THEGIOELIS@GREENCAFE.COM','909-961-4428','909-659-5729',1,'STAR','909-659-0070','',NULL,NULL,NULL),(15,'BALLISTIC WONDER & 3 CHAINRINGS','regular','Theo','Parker','','Sport','','M','1974-05-20','PO Box 1151','Idyllwild','CA','USA','92549','theobi@pe.net','909-659-9098','',1,'Anjie Parker','909-659-9098','',NULL,NULL,NULL),(16,'BALLISTIC WONDER & 3 CHAINRINGS','regular','Steven','Busher','','Sport','','M','1978-01-01','po box 1151','Idyhem','CA','USA','92549','theobi@pe.net','909-816-2561','',1,'Nikki Busher','909-816-2561','',NULL,NULL,NULL),(17,'Dude where\'s my bike','captain','John','Nelson','C','Sport','','M','1970-03-27','24701 Jefferson Avenue','Murrieta','CA','USA','92562','jcnsdn@aol.com','909 244-4498','909 259-1518',1,'Shannon Nelson','909 259-1900','',NULL,NULL,NULL),(18,'Dude where\'s my bike','regular','Phil','Gomez','','Sport','563-87-1131','M','1973-07-10','40212 Rosewood','Murrieta','CA','USA','92563','pgomez@murrieta.org','619-368-4902','',1,'Michelle Gomez','909-461-0018','',NULL,NULL,NULL),(21,'The Path Bike Shop','captain','Denis','Duty','D','Sport','554-06-0316','M','1956-06-29','13425 S. Hearst Ct.','Tustin','CA','USA','92782-9052','denisdutyfabrication@cox.net','714-669-0646','714-669-0646',1,'Leslie McLean','714-669-0646','',NULL,NULL,NULL),(22,'The Path Bike Shop','regular','Anthony','Coley','E','Sport','452-35-7542','M','1969-04-21','156 Agostino','Irvine','CA','USA','92614','anthony_coley@hotmail.com','714-327-9080','949-477-0509',1,'Christina Lemon','949-477-0509','',NULL,NULL,NULL),(26,'Dead Last','captain','Doug','Foiles','L','Sport','','M','1963-01-03','13394 Terraza Playa Cancun','San Diego','CA','USA','92124','doug_foiles@intuit.com','(619)871-3318','(858)268-3318',1,'Anne-Renee Foiles','(858)945-3318','',NULL,NULL,NULL),(23,'The Path Bike Shop','regular','Steven','Farner','R','Sport','','M','1958-01-25','950 Ruby Drive','Vista','CA','USA','92083','10wheelspeed@cox.net','760-723-1240','760-613-9923',1,'Wendi','760-521-7686','',NULL,NULL,NULL),(28,'Dead Last','regular','Noel','Eicher','P','Sport','','M','1964-11-21','10749 Ballystock Ct','San Diego','CA','USA','92131','noel_eicher@intuit.com','858-525-8458','858-695-0719',1,'Victoria Eicher','858-695-0719','',NULL,NULL,NULL),(24,'The Path Bike Shop','regular','Max','Ollendorff','J','Sport','214-92-9683','M','1961-03-03','2041 Fairweather','Santa Ana','CA','USA','92705','mollendorff@exhibitworks.com','949.295.2665','714.544.1121',1,'Kristy Ollendorff','714.544.1121','',NULL,NULL,NULL),(29,'Dead Last','regular','Jeff','Ludwig','P','Sport','','M','1962-10-17','11250 Sunnydale Court','San Diego','CA','USA','92127','jludwig1@san.rr.com','858 675 9093','858 705 4860',1,'Amy Ludwig','858 675 9093','',NULL,NULL,NULL),(27,'Dead Last','regular','Geoffrey','Howard','C','Sport','','M','1972-07-02','1668 Grand Ave #C','San Diego','CA','USA','92109','geoffho72@yahoo.com','','8584837319',1,'Jennifer Howard','8584837319','',NULL,NULL,NULL),(25,'Paino, Jon','captain','Jon','Paino','','Pro','547-95-1237','M','1973-06-09','44766 Calle Banuelos','Temecula','CA','USA','92592','jpaino@hotmail.com','(909)302-8804','(909)302-8804',1,'Nicole Paino','(909)302-8804','',NULL,NULL,NULL),(11,'S.C.U.M.B.A.G.s','regular','Miles','Todd','D','Expert','','M','1966-09-06','5920 charing st','san diego','CA','USA','92117','mdtodd@san.rr.com','8585059290','',1,'Sherrie Todd','8585059290','',NULL,NULL,NULL),(10,'S.C.U.M.B.A.G.s','regular','Michael','Paul','F','Sport','','M','1970-10-17','9828 Caminito Cuadro','San Diego','CA','USA','92129','michaelpaul@san.rr.com','858-484-1676','858-484-1676',1,'Jennifer Paul','858-335-7644','',NULL,NULL,NULL),(19,'Dude where\'s my bike','regular','Joe','Garbutt','A','Sport','','M','1965-11-19','24048 Huntridge Dr','Murrieta','CA','USA','92562','jgarbutt@murrieta.org','909 696 0389','909 696 0389',1,'Cheryl Garbutt','909 696 0389','',NULL,NULL,NULL),(35,'Sneaky Weasel','regular','Mike','Daugherty','S','Sport','','M','1968-11-25','1016 Vasser Street','Orlando','FL','USA','32804','mike.daugherty@swpc.siemens.com','','407-481-0529',1,'Geri Siegel','407-481-0529','',NULL,NULL,NULL),(37,'Sneaky Weasel','regular','Peter','Malmquist','','Sport','','M','1968-12-29','303 East Hamburg Street','Baltimore','MD','USA','21230','pmalmquist@rtkl.com','443-570-7383','410-837-6345',1,'Tom Rusy','410-340-3670','',NULL,NULL,NULL),(69,'CenterFocus Fitness','captain','David','Wrolstad','K','Sport','','M','1965-06-03','43937 Barletta St','Temecula','CA','USA','92592','dwrolsta@guidant.com','909-914-4808','909-302-2527',1,'Karen Wrolstad','909-302-2527','',NULL,NULL,NULL),(126,'Mudd Falcons','captain','Jay','Williams','T','Sport','','M','1967-10-10','1246 Big Canyon Pl.','San Pedro','CA','USA','90732','yojay67@hotmail.com','310.521.9001','',1,'Carla Williams','310.521.9001','',NULL,NULL,NULL),(169,'Rat Racers','captain','Greg','Flood','','Sport','','M','1970-02-18','24112 Hollyoak, Apt. E','Aliso Viejo','CA','USA','92656','g_flood@yahoo.com','','949-831-9112',1,'Linda Shaver','717-263-4892','',NULL,NULL,NULL),(151,'Darragh, Andy S.','captain','Andy','Darragh','S','Sport','111-11-1111','M','1965-08-24','3025 Palm Street','San Diego','CA','USA','92104','andy@sdmba.com','619-231-0751','619-285-0919',1,'Minette Ozak','858-442-7090','',NULL,NULL,NULL),(63,'McFee, Matt G.','captain','Matt','McFee','G','Sport','298-88-3301','M','1972-09-10','974 Haverford Ave. #6','Pacific Palisades','CA','USA','90272','mmcfee@hotmail.com','310-699-6139','310-699-6139',1,'Nate Whitman','310-403-3505','',NULL,NULL,NULL),(165,'Two Pump Chumps','captain','Marc','Azcona','C','Sport','','M','1968-03-01','18143 Third St.','Fountain Valley','CA','USA','92708','marcazcona@hotmail.com','714 965 0388','714 654 6221',1,'Kristin Azcona','714 965 0388','',NULL,NULL,NULL),(121,'SDBMA Renegades','captain','Dawn','Celapino','M','Sport','','M','1968-07-08','PO Box 9524','San Diego','CA','USA','92169','dawnc30@san.rr.com','619-822-3296','',1,'Josie Davidson','858-272-6435','See Daniel Greenstat\'s notes.',NULL,NULL,NULL),(152,'Aerodynamically Challenged','captain','Troy','Nye','','Sport','','M','1965-10-02','4067 S. 3420 W.','West Valley City','UT','USA','84119','teej@networld.com','(801)537-6545','(801)965-9165',1,'Cindy Nye','801-965-9165','',NULL,NULL,NULL),(153,'Aerodynamically Challenged','regular','Dave','Leikam','','Sport','','M','1967-08-16','2715 S. Filmore St.','SLC','UT','USA','84106','david.w.leikam@boeing.com','801-537-5876','',1,'Tracee','801-485-6580','',NULL,NULL,NULL),(154,'Aerodynamically Challenged','regular','Cory','Marler','','Sport','','M','1960-06-28','868 N Meadow Lark Dr','Kaysville','UT','USA','84037','jon.c.marler@boeing.com','801-537-6400','',1,'Rhonda','801-546-4788','',NULL,NULL,NULL),(155,'Aerodynamically Challenged','regular','Vince','Jones','','Sport','','M','1959-07-01','868 Deer Flat Rd.','Tooele','UT','USA','84074','vincent.r.jones2@boeing.com','801-537-5808','',1,'Beth Jones','801-450-5991','',NULL,NULL,NULL),(131,'Arrogant Bushwackers','captain','Bill','Wright','E','Sport','','M','1955-11-05','14187 Woodcreek Rd.','Poway','CA','USA','92064','bill.e.wright@cox.net','858-942-3189','858-486-4807',1,'Bill Wright','858-278-0262','',NULL,NULL,NULL),(132,'Arrogant Bushwackers','regular','Dale','Markowski','T','Sport','','M','1943-10-02','11244 Monticook Ct.','San Diego','CA','USA','92127','dale_redeye@yahoo.com','858-485-9572','',1,'Jean markowski','858-485-9572','',NULL,NULL,NULL),(133,'Arrogant Bushwackers','regular','Bob','Rosson','J','Sport','','M','1954-03-10','12163 Via Milano','San Diego','CA','USA','92128','bcdrosson@aol.com','858-451-8314','',1,'Bill Rosson','858-487-2081','',NULL,NULL,NULL),(134,'Arrogant Bushwackers','regular','Dan','Clark','','Sport','','M','1954-03-17','13578 Calderon Rd.','San Diego','CA','USA','92129','dclark@lesnet.com','619-517-9054','858-484-3216',1,'Marilyn Clark','619-517-9053','',NULL,NULL,NULL),(171,'Rat Racers','regular','Sherri','Davis','','Sport','','F','1961-04-25','12924 Maxwell Drive','Tustin','CA','USA','92782','sdavis@masimo.com','949-253-6423','714-731-0633',1,'Barry Wong','714-381-5157','',NULL,NULL,NULL),(108,'Big Nasty','captain','Marc','Alexander','F','Sport','','M','1972-03-10','2209 Crandall Drive','San Diego','CA','USA','92111','alex8675@yahoo.com','619.542.7301','',1,'Marie Marquez','858.442.1448','',NULL,NULL,NULL),(109,'Big Nasty','regular','Brady','Fox','','Sport','','M','1975-10-02','5014 Narragansett St, Apt #6','San Diego','CA','USA','92107','bfox@websidestory.com','619.542.7301','',1,'Erika Cronin','619.985.5014','',NULL,NULL,NULL),(110,'Big Nasty','regular','Brett','Fogg','D','Sport','','M','1974-06-11','1059 Agate St. Unit C','San Diego','CA','USA','92109','bfogg_74@yahoo.com','858.488.4162','',1,'Leslie Fogg','619.985.4162','',NULL,NULL,NULL),(172,'Rat Racers','regular','Ryan','McHale','T','Sport','','M','1982-09-12','12771 Woodlawn','Tustin','CA','USA','92780','rmchale@masimo.com','949-253-6438','714-731-4109',1,'Tim McHale','714-731-4109','',NULL,NULL,NULL),(98,'D.F.L.','regular','Brandon','DeShields','A','Sport','','M','1978-09-26','2311 Paseo De Laura st.','Oceanside','CA','USA','92056','imyodaddy14@yahoo.com','760-757-7249','',1,'Jennifer DeShields','760-224-6042','',NULL,NULL,NULL),(99,'D.F.L.','regular','Todd','Derr','','Sport','','M','1972-08-31','3071 Rancho Del Canon','Carlsbad','CA','USA','92009','todd.derr@america.lego.com','760-929-2829','',1,'Lisa MacDonald','760-929-2829','',NULL,NULL,NULL),(174,'It Hurts When I Sit !!!','captain','Jason','Smith','J','Expert','','M','1970-04-27','9917 Calabasas Ave.','Las Vegas','NV','USA','89117','jnjill@lvcm.com','702.256.8981','',1,'Jill Smith','702.256.8981','',NULL,NULL,NULL),(156,'Harold\'s Team','captain','David','Rector','A','Sport','','M','1958-12-19','32125 Caminito Osuna','Temecula','CA','USA','92592','drector1@irf.com','(909)375-5028','(909)302-2548',1,'Ofelia','(909)286-0988','',NULL,NULL,NULL),(117,'Hosedraggers','captain','Jonathan','Haberkorn','D','Sport','','M','1974-08-08','105 Columbus Dr.','Cheyenne','WY','USA','82007','unko1ban@msn.com','3074339928','',1,'Carrie Haberkorn','3074339928','',NULL,NULL,NULL),(92,'LUSARDI CONSTRUCTION COMPANY','captain','Scott','Mortensen','G','Sport','529-06-6092','M','1970-11-26','1570 Linda Vista Drive','San Marcos','CA','USA','92069','smortensen@lusardi.com','760-891-0476','760-814-4470',1,'Erin Mortensen','760-724-6559','',NULL,NULL,NULL),(93,'LUSARDI CONSTRUCTION COMPANY','regular','Chris','Krieg','V','Sport','','M','1966-09-30','30916 Balata Dr.','Temecula','CA','USA','92591','c_krieg@lusardi.com','408-595-5128','',1,'Pamela Ring','949-636-1254','',NULL,NULL,NULL),(94,'LUSARDI CONSTRUCTION COMPANY','regular','David','Rochman','M','Sport','','M','1967-06-12','7071 Warner #570','Huntington Beach','CA','USA','92647','drochman@lusardi.com','408-422-3880','',1,'Anne Rochman','909-763-0139','',NULL,NULL,NULL),(95,'LUSARDI CONSTRUCTION COMPANY','regular','Ron','Davis','E','Sport','','M','1965-06-09','25075 Camino Mancho','Murrieta','CA','USA','92563','rdavis@lusardi.com','760-804-1742','760-802-5155',1,'Suzie Davis','909-698-9688','',NULL,NULL,NULL),(100,'Not Too Old To Get Up Get On Get Off','captain','Eric','Nyberg','A','Sport','','M','1958-09-03','2093 Drake Drive','Oakland','CA','USA','94611','nybergs@attbi.com','510-388-5454','510-339-9638',1,'Nancy Nyberg','510-339-9638','',NULL,NULL,NULL),(101,'Not Too Old To Get Up Get On Get Off','regular','Daniel','Wasco','R','Sport','','M','1958-09-13','230 Biddulph Road','Radnor','PA','USA','19087','donnerdan@comcast.net','610-202-4643','610-341-9772',1,'Rose Wasco','610-341-9772','',NULL,NULL,NULL),(102,'Not Too Old To Get Up Get On Get Off','regular','Randall','Chapman','','Sport','','M','1954-04-29','6272 Girvin Dr','Oakland','CA','USA','94611','Gi62in@pacbell.net','510 531-1327','',1,'Holly Webster','510 531-1327','',NULL,NULL,NULL),(135,'Princess\' Ride','captain','Bryan','Clark','O','Sport','','M','1977-04-14','5034 Ducos Place','San Diego','CA','USA','92124','clark_bryan_x@solarturbine.com','858-694-6809','858-467-1358',1,'Tifanie Clark','858-467-1358','',NULL,NULL,NULL),(136,'Princess\' Ride','regular','Enrique','Oceguera','','Sport','','M','1971-02-28','648 Landis Ave.','Chula Vista','CA','USA','91910','eocegu01@7-11.com','(619)726-3742','(619)934-5428',1,'Javier Oceguera','(619)250-6974','',NULL,NULL,NULL),(74,'Schprockets','captain','David','Teafatiller','P','Sport','','M','1957-09-01','8551 Clifford Heights Road','Santee','CA','USA','92071','dteaf@qualcomm.com','(858)651-5661','(619)562-3635',1,'Viki Teafatiller','(619)562-3635','',NULL,NULL,NULL),(88,'SCHWEER REALITY / LIFE WITHIN','captain','Erik','Webb','','Sport','','M','1969-08-17','39830 RIVER BIRCH LANE','MURRIETA','CA','USA','92563','WEBBEC@MSN.COM','619-890-9322','909-461-9124',1,'CHAREESE WEBB','909-461-9124','',NULL,NULL,NULL),(89,'SCHWEER REALITY / LIFE WITHIN','regular','Mitch','Bedke','','Sport','','M','1964-03-24','24446 Saradella Ct.','Murrieta','CA','USA','92562','mitch@financecapital.us','909-600-8383','909-304-1906',1,'Gail Bedke','909-304-1906','',NULL,NULL,NULL),(161,'Sin City Singlespeeders','captain','Jeff','Mabry','C','Sport','','M','1971-08-13','8216 azure shores court','Las Vegas','NV','USA','89117','dings93@lvcm.com','7026469300','',1,'Michelle Mabry','7022034788','',NULL,NULL,NULL),(90,'SCHWEER REALITY / LIFE WITHIN','regular','Mike','Thompson','','Sport','','M','1966-09-21','39780 Monarch Dr','Murrieta','CA','USA','92563','dawn@visicom.com','760-522-2868','909-304-3491',1,'Dawn Breda','909-304-3491','',NULL,NULL,NULL),(104,'StinkingWeasels.com','captain','Scott','Parrish','C','Sport','','M','1958-11-18','4904 Refugio Ave.','Carlsbad','CA','USA','92008','scott_parrish@harte-hanks.com','858-625-4814','760-730-7559',1,'Peggy Parrish','760-730-7559','',NULL,NULL,NULL),(105,'StinkingWeasels.com','regular','Marc','Villanueva','P','Sport','','M','1974-06-01','3955 Honeycutt Street Unit 201','San Diego','CA','USA','92109','villanum@iwon.com','858 625 4859','',1,'Mine Okano','858 272 2630','',NULL,NULL,NULL),(106,'StinkingWeasels.com','regular','Jeff','Bowles','','Sport','','M','1963-11-28','11625 Azado Court','San Diego','CA','USA','92127','jeffbow63@hotmail.com','(858) 676-0935','',1,'Lynne Bowles','(858) 676-0935','',NULL,NULL,NULL),(107,'StinkingWeasels.com','regular','Shane','Little','M','Sport','','M','1961-03-24','1390 Forest Ave','Carlsbad','CA','USA','92008','shanemlittle@hotmail.com','7607290625','7607290625',1,'Amy K Little','7607290625','',NULL,NULL,NULL),(61,'Ted\'s Vintage Masters','regular','Dale','Raymond','A','Sport','','M','1957-01-17','1783 Western Ave.','Norco','CA','USA','92860','racexc1@aol.com','714-504-9287','714-504-9287',1,'Terri Raymond','909-241-0864','',NULL,NULL,NULL),(58,'Ted\'s Vintage Masters','captain','Ben','Eisley','','Sport','','M','1953-01-14','587 Clarion Place','Claremone','AB','USA','','','909-594-5811','909-624-6624',1,'Barbara Eisley','909-624-6624','',NULL,NULL,NULL),(59,'Ted\'s Vintage Masters','regular','Steve','Lyttle','','Expert','','M','1951-10-23','24680 2nd Ave.','Murrieta','CA','USA','92500','us.mover@gte.net','909-677-6834','',1,'Kathy Lyttle','858-347-1960','',NULL,NULL,NULL),(60,'Ted\'s Vintage Masters','regular','Steve','Colford','','Sport','','M','1954-10-02','1358 Hinrichs Wy.','Escondido','CA','USA','92027','sacolford@hotmail.com','760-741-8554','',1,'Trudy Colford','760-741-8554','Trudy\'s cell #760-717-8612',NULL,NULL,NULL),(139,'The Four Skins','captain','Dustin','Luton','E','Sport','','M','1969-12-25','135 South Berkeley','Pasadena','CA','USA','91107','dustin.luton@rsmi.com','626 818 7252','626 683 8117',1,'Celeste Luton','626 683 8117','',NULL,NULL,NULL),(166,'Two Pump Chumps','regular','Don','Tower','','Sport','','M','1962-12-07','pobox 681901','ParkCity','UT','USA','84068','djtower@hotmail.com','435-783-5176','',1,'ken tower','6097300098','',NULL,NULL,NULL),(186,'Just Glad to be Here.','captain','Max','Wettstein','E','Sport','','M','1969-10-18','3640 Seahorn Circle','San Diego','CA','USA','92130','maxewiii@sbcglobal.net','858-793-1835','',1,'Donna Wettstein','619-884-1884','',NULL,NULL,NULL),(187,'Just Glad to be Here.','regular','Bill','Hayes','','Sport','','M','1969-01-01','3640 Seahorn Circle','San Diego','CA','USA','92130','whayes27@cox.net','760-230-1080','',1,'Lara Hayes','760-230-1080','',NULL,NULL,NULL),(141,'The Four Skins','regular','Mark','Scheetz','L','Sport','','M','1961-08-19','1464 West Aster St.','Upland','CA','USA','91786','mlscheetz@integrity.com','9099209135','9099209135',1,'Jeanie Scheetz','9099209135','',NULL,NULL,NULL),(190,'Nortrem-Baja-Mexico','captain','Jesus','Ramirez','','Sport','','M','1965-09-05','39 E. Cantaloupe St.','Heber','CA','USA','92249','jesusramirez@imperialcounty.net','760-482-4615','760-353-1590',1,'Martha O. Ramirez','760-427-5038','',NULL,NULL,NULL),(182,'San Diego Snakes','captain','Bill','Burton','','Sport','','M','1957-05-23','5009 Alejo St.','San Deigo','CA','USA','92124','bburton@sdreader.com','(619)235-3000','(858)560-6583',1,'Linda Burton','858-560-6583','day ext. 253.  This is the partial trade-out team San Diego Snakes (for negotiated rate in San Diego Bicycling Guide)',NULL,NULL,NULL),(192,'Nortrem-Baja-Mexico','regular','Francisco','Santacruz','','Sport','','M','1967-05-28','P.O. Box 570','Calexico','CA','USA','92231','franciscosantacruz@yahoo.com','011526865541088','011526865684486',1,'Francisco Santacruz Sotelo','011526865542026','',NULL,NULL,NULL),(199,'L.A.County Fire Four For 24','captain','Mike','Sheppard','G','Sport','','M','1961-08-08','16342 Pasada Dr.','Whittier','CA','USA','90603','sheppard.family@verizon.net','562 947-2782','562 947-2782',1,'Jaque Foster','714 521-5241','',NULL,NULL,NULL),(142,'The Four Skins','regular','Mike','Basica','','Sport','','M','1953-02-10','681 Laurel Ave','Upland','CA','USA','91786','mikebasica@aol.com','9099827472','',1,'Julie Basica','9099827492','',NULL,NULL,NULL),(203,'Sola Velocita','captain','Jason','Schlueter','A','Sport','','M','1982-10-29','612 Northcape Ave.','San Dimas','CA','USA','91773','jasonaschlueter@hotmail.com','800-577-8720 x119','909-599-5091',1,'Vilija Schlueter','909-599-5091','',NULL,NULL,NULL),(207,'In Domino confido','captain','Jim','Gabriel','F','Sport','','M','1958-10-24','13748 Boston Court','Fontana','CA','USA','92336','pohukai@earthlink.net','909 899 0633','909 899 4199',1,'Wendy Gabriel','909 899 4199','',NULL,NULL,NULL),(204,'Sola Velocita','regular','Mark','Schlueter','A','Sport','','M','1959-08-24','612 Northcape Ave.','San Dimas','CA','USA','91773','mark.schlueter@verizon.net','562-789-1777','909-599-5091',1,'Vilija Schlueter','909-599-5091','',NULL,NULL,NULL),(206,'Sola Velocita','regular','Justin','Christopher','A','Sport','','M','1975-09-03','13439 Peyton Dr. #243','Chino Hills','CA','USA','91709','jchristopher@jensonusa.com','800-577-8720 x111','',1,'Debbie Cobos','909-910-4799','',NULL,NULL,NULL),(215,'Scrumblers','captain','Chris','Sugai','','Sport','','M','1965-11-30','7115 Canoga Ave','Cangoa Park','CA','USA','91303','solarart@aol.com','818-888-1600','310-613-1010',1,'Nora Tabata','310-993-6543','',NULL,NULL,NULL),(211,'Uphill Endos','captain','Kent','Walker','','Sport','','M','1967-03-31','4147 Crooked Stick','Corona','CA','USA','92883','maxxxlaw@yahoo.com','909-493-4337','909-808-1216',1,'Kim Walker','909-808-1216','',NULL,NULL,NULL),(216,'Scrumblers','regular','Alan','Sugano','D','Sport','','M','1964-09-25','5 Albero Ct','Rancho Palos Verdes','CA','USA','90275','asugano@adscon.com','3104860739','3103779851',1,'Suzanne Afuso-Sugano','3102519657','',NULL,NULL,NULL),(217,'Scrumblers','regular','Tim','Tommasino','G','Sport','','M','1964-04-03','11124 Cabriole Ave','Northridge','CA','USA','91326','timtom@gte.net','818-903-1964','',1,'Stacey Tommasino','818-366-6303','',NULL,NULL,NULL),(200,'L.A.County Fire Four For 24','regular','Allen','Bursey','S','Sport','','M','1965-06-15','33241 Sandy Beach Place.','Dana Point','CA','USA','92629','dbursey@aol.com','949-489-2478','',1,'Debbie Bursey','949-489-2478','',NULL,NULL,NULL),(167,'Two Pump Chumps','regular','Joey','Steele','R','Sport','560-59-6746','M','1968-05-19','4245 South Forest Circle','Englewood','CO','USA','80110','joey.steele@riaco.com','720-493-3406','303-759-5472',1,'Cheli Steele','303-759-5472','',NULL,NULL,NULL),(212,'Uphill Endos','regular','Burnett','Jones','B','Sport','','M','1971-02-16','4365 Leonard Way','Corona','CA','USA','92883','bjones@americanracing.com','(310)968-5752','(909) 279-6044',1,'Jewellee Jones','(909) 415-0185','',NULL,NULL,NULL),(218,'Scrumblers','regular','Gary','Frei','','Sport','562-55-5431','M','1965-12-25','10383 Monte Mar dr','Los Angeles','CA','USA','90064','Freistogo@juno.com','310-845-9514','310-845-9514',1,'Antje Frei','310-845-9514','',NULL,NULL,NULL),(205,'Sola Velocita','regular','Chris','Riccio','','Sport','','M','1962-06-24','859 W. Foothill Blvd.','Glendora','CA','USA','91741','raygunn@adelphia.net','626-903-2622','626-914-7453',1,'Marylin Riccio','626-963-3696','',NULL,NULL,NULL),(213,'Uphill Endos','regular','Robin','Miller','M','Sport','551-53-0380','M','1977-11-08','163 Pomona Ave','Long Beach','CA','USA','90803','rmiller@americanracing.com','310-761-4937','562-631-7740',1,'Terry Miller','760-753-8604','',NULL,NULL,NULL),(221,'Hot Wheels','captain','Terri','Raymond','L','Expert','570-23-1384','F','1963-08-17','1783 Western Ave','Norco','CA','USA','92860','Sthlnd@aol.com','909-371-7355','909-371-7355',1,'Dale Raymond','714-504-9287','',NULL,NULL,NULL),(170,'Rat Racers','regular','Tom','McDonald','','Sport','','M','1967-12-05','4231 Vista del Rio Way#2','Oceanside','CA','USA','92057','tmcdonal@masimo.com','(949)253-6481','',1,'Mai McDonald','(760)757-9093','',NULL,NULL,NULL),(127,'Mudd Falcons','regular','Brian','Sturz','J','Sport','','M','1953-02-09','27 goldenspur ln','rancho palos verdes','CA','USA','90275','bjsturz@aol.com','310  517-2870','310 519-1743',1,'Tomie Rogers','310  546-6581','',NULL,NULL,NULL),(54,'www.y-events.com','regular','Colleen','Miller','A','Sport','','F','1975-08-08','703-A San Dieguitd Dr.','Encinitas','CA','USA','92024','','760-613-8443','',1,'Cindy Miller','916-482-7557','2nd contact person - Karen Bowen 760-455-6330',NULL,NULL,NULL),(56,'www.y-events.com','regular','Jennifer','Spickard','','Sport','','F','1965-12-01','2468 E. Mission Rd.','Fallbrook','CA','USA','92028','infor@y-events.com','760-0731-1165','',1,'Karen Bowen','760-455-6330','',NULL,NULL,NULL),(12,'S.C.U.M.B.A.G.s','regular','James','Server','A','Sport','','M','1965-02-06','4341 Spring Street #50','San Diego','CA','USA','91941','jserver@sccscorp.com','619 248-7542','',1,'Kenneth Server','928 775-2835','',NULL,NULL,NULL),(128,'Mudd Falcons','regular','Catherine','Ridder','A','Sport','358-56-6948','F','1958-09-16','3091  Lake Ave.','Altadena','CA','USA','91001','caridder@aol.com','626-791-3811','626-793-7520',1,'larry smith','626-625-2199','',NULL,NULL,NULL),(70,'CenterFocus Fitness','regular','Sergio','Correa','','Sport','','M','1964-07-31','1505 Flair Encinitas Drive','Encinitas','CA','USA','92024','scorrea@guidant.com','(909) 914-2309','(760) 635-7794',1,'Maria Correa','(760) 635-7794','',NULL,NULL,NULL),(55,'www.y-events.com','regular','Del','Goertzen','L','Sport','','M','1973-08-28','33222 Calle Lanarica','Temecula','CA','USA','92592','delntami@juno.com','909-764-1289','909-302-7266',1,'Tami Goertzen','909-302-7266','',NULL,NULL,NULL),(175,'It Hurts When I Sit !!!','regular','Adam','Pace','K','Sport','','M','1974-01-16','5832 Arrowleaf St.','N. Las Vegas','NV','USA','89031','ajpace@worldnet.att.net','702-649-8179','',1,'Karen Ipson','702-399-3989','',NULL,NULL,NULL),(122,'SDBMA Renegades','regular','Mark','Costantino','','Sport','','M','1962-10-03','1518 Sam\'s Hill Rd. #26','El Cajon','CA','USA','92026','mark@sdmba.com','619-258-8955','',1,'Carl Constantino','619-444-5275','',NULL,NULL,NULL),(123,'SDBMA Renegades','regular','Todd','Weathesford','K','Sport','','M','1968-11-11','13564 Eldesberry Way','San Diego','CA','USA','92130','kempe9213@yahoo.com','858-481-6486','',1,'Carolyn Weathesford','858-793-8296','',NULL,NULL,NULL),(225,'Bike Empire 1','captain','Kevin','Brickley','','Sport','','M','1960-11-15','1630 N. Elm','Escondido','CA','USA','92026','betsykevinbrickley@cox.net','760-644-2387','',1,'Betsy Brickley','760-432-9066','',NULL,NULL,NULL),(223,'Hot Wheels','regular','Angela','Patterson','k','Expert','','F','1965-09-02','8840 Costa Verde Blvd #3337','San Diego','CA','USA','92122','pattersonak@cdm.com','619.252.3459','619.252.3459',1,'Jim Wimberly','619.252.6267','',NULL,NULL,NULL),(226,'Bike Empire 1','regular','Chris','Brisson','C','Sport','','M','1965-02-01','24909 Madison Ave. #3312','Murreieta','CA','USA','92562','','619-921-2427','619-572-9272',1,'Robert Brisson','760-802-8081','',NULL,NULL,NULL),(227,'Bike Empire 1','regular','Ronald','Hill','E','Sport','','M','1964-06-02','1149 Hampton Ct.','Encinitas','CA','USA','92024','4hill@sdccu.net','619-980-8525','',1,'Lisa Hill','760-420-1700','',NULL,NULL,NULL),(228,'Bike Empire 1','regular','Rodney','Linder','G','Sport','','M','1947-10-23','24141 Gymkhana Rd.','Ramona','CA','USA','92065','swtmtb@aol.com','760-789-8698','',1,'Marsha Linder','760-789-8698','',NULL,NULL,NULL),(214,'Uphill Endos','regular','John','Snyder','','Sport','','M','1970-12-03','4345 Leonard Way','Corona','CA','USA','92883','jnjsnyder@earthlink.net','714-343-5710','909-549-0446',1,'Jen Snyder','9095490446','',NULL,NULL,NULL),(222,'Hot Wheels','regular','kara','Vidaca','L','Expert','557-95-8501','F','1974-02-13','2710 Shadow Canyon Circle','Norco','CA','USA','92860','kbvidaca@msn.com','909 772 8820','909 279 8046',1,'Bert Vidaca','760 801 8921','',NULL,NULL,NULL),(230,'Rollin\' Toads','captain','Jennifer','Todd','A','Sport','','F','1965-07-12','116 1/2 Crystal Ave','Balboa Island','CA','USA','92662','rubyshoe22@hotmail.com','949/ 673-5890','949/ 673-5890',1,'Susan Poucher','949/ 589-9559','',NULL,NULL,NULL),(232,'Rollin\' Toads','regular','Jeffrey','Hayes','S','Sport','','M','1964-08-13','22501 Cahse #3208','Aliso Viejo','CA','USA','92656','jeffreyshayes@earthlink.net','949/ 305-5946','949/ 305-5946',1,'Peggy Ballard','410/ 515-0646','',NULL,NULL,NULL),(231,'Rollin\' Toads','regular','Dirk','Venzlaff','','Sport','','M','1969-02-14','4 Marysville','Irvine','CA','USA','92602','dirkvenzlaff@cox.net','714/ 389-3400','714/ 389-3400',1,'Sarah Venzlaff','714/ 815-9886','',NULL,NULL,NULL),(224,'Hot Wheels','regular','Merry','Gourley','E','Expert','573-15-1959','F','1967-05-06','P.O. Box 4452','Ventura','CA','USA','93007','bikechk@hotmail.com','805-231-7557','805-231-7557',1,'mike gourley','805-650-1351','',NULL,NULL,NULL),(233,'Rollin\' Toads','regular','Patrick','Meehan','','Sport','','M','1963-06-28','4585 Sleeping Indian Road','Fallbrook','CA','USA','92028-2533','patrickm@colorspot.com','760/ 723-5886','760/ 723-5886',1,'Lisa Meehan','760/ 468-2127','',NULL,NULL,NULL),(239,'Interrobang','captain','Kareem','Badaruddin','S','Sport','','M','1964-03-26','4606 Alved Rd.','La Canada','CA','USA','91011','badaru@attglobal.net','818-354-3801','',1,'Denise Badaruddin','818-259-8724','',NULL,NULL,NULL),(240,'Interrobang','regular','Shandor','Badaruddin','S','Sport','','M','1965-11-06','124 West Pine St., Suite B','Missoula','MT','USA','59802','shandor@blackfoot.net','406-728-6868','',1,'Michelle','406-370-2579','',NULL,NULL,NULL),(241,'Interrobang','regular','David','Campbell','G','Sport','','M','1960-01-22','736 Magnolia Ave.','Pasadena','CA','USA','91106','david_campbell@earthlink.net','626-796-8803','',1,'Padma Varanagi','818-653-9539','',NULL,NULL,NULL),(247,'5 Rolled Tacos','captain','Joseph','Lee','J','Sport','','M','1974-12-29','9229 Fenway Rd.','Santee','CA','USA','92071','stumpjumper@aol.com','619-449-0146','',1,'Michelle Lee','619-449-0146','',NULL,NULL,NULL),(248,'5 Rolled Tacos','regular','Tangi','Salou','J','Sport','','M','1972-03-31','3259 Bramson Place #212','San Diego','CA','USA','92104','asalou@sdcoe.kiz.ca.us','619-584-0869','',1,'Anne Maree Salou','619-584-0869','',NULL,NULL,NULL),(249,'5 Rolled Tacos','regular','Will','Dalrymple','','Sport','','M','1969-03-08','2936 Garnet Place','Carlsbad','CA','USA','92009','','760-207-9339','',1,'Kim Robeson','760-635-2669','',NULL,NULL,NULL),(250,'5 Rolled Tacos','regular','Armando','Vidales','V','Expert','','M','1970-01-08','656 N Glen Oaks Dr.','Alpine','CA','USA','91901','akvidales@yahoo.com','616-850-4332','',1,'Cecilia Vidales','619-954-5444','',NULL,NULL,NULL),(251,'5 Rolled Tacos','regular','Karen','Vidales','M','Sport','','F','1972-11-30','656 N. Glen Oaks Dr.','Alpine','CA','USA','91901','akvidales@yahoo.com','619-920-9633','',1,'Cecilia Vidales','619-954-5444','',NULL,NULL,NULL),(176,'It Hurts When I Sit !!!','regular','Monte','Boyle','R','Expert','','M','1970-10-29','12420 Rainbow Dr','Truckee','CA','USA','96162','boylemonte@hotmail.com','530-308-2778','530-587-4660',1,'Rich Boyle','406-264-5905','',NULL,NULL,NULL),(252,'Kukai Racing','captain','Clint','Songer','D','Sport','','M','1961-11-01','579 Stone Harbor Circle','La Habra','CA','USA','90631','j.blakely@verizon.net','562-500-4035','',1,'','','',NULL,NULL,NULL),(253,'Kukai Racing','regular','John','Blakely','P','Sport','','M','1966-04-13','12208 Whittley St.','Whitier','CA','USA','90601','j.blakely@verizon.net','562-695-3398','562-587-2693',1,'Laura C. Blakely','562-695-3398','',NULL,NULL,NULL),(254,'Kukai Racing','regular','John','Gonzales','A','Sport','','M','1955-05-02','5633 Manzanar Ave.','Pico Rivera','CA','USA','906660','','562-942-8109','',1,'Cindy Talamantes','562-942-8109','',NULL,NULL,NULL),(255,'Kukai Racing','regular','Jerry','Wildermuth','G','Sport','','M','1946-11-24','8859 Ocean View','Whittier','CA','USA','90605','e-triguy@aol.com','562-696-0741','',1,'Lisa Wildermuth','562-696-0741','',NULL,NULL,NULL),(157,'Harold\'s Team','regular','Gil','Alivio','V','Sport','','M','1961-10-06','28578 Country Rose Lane','Menifee','CA','USA','92584','galivi01@irf.com','909-375-4105','909-246-9801',1,'King Alivio','909-246-9801','King\'s cell number 909-768-5860',NULL,NULL,NULL),(158,'Harold\'s Team','regular','Mark','Warn','R','Sport','','M','1964-08-06','43046 Camino Casillas','Temecula','CA','USA','92592','markj01@rodigy.net','909-303-8711','909-302-8030',1,'Joanne Warn','909-302-8030','',NULL,NULL,NULL),(196,'Slow Pokes','regular','Joshua','Otero','M','Sport','','M','1975-07-01','5034 E Dale Lane','Cave Creek','AZ','USA','85331','josho25@cox.net','480-326-1207','480-513-2843',1,'Michelle Otero','602-326-9083','',NULL,NULL,NULL),(256,'A Dirty Dozen - By weight not volume','captain','Chad','Newby','B','Sport','529-06-3947','M','1969-05-20','3305 Wild Oak Lane','Escondido','CA','USA','92027','chadne@cox.net','760-741-7587','',1,'Lois Newby','760-741-7587','',NULL,NULL,NULL),(195,'Slow Pokes','regular','Jason','Hobbs','J','Sport','','M','1976-11-14','13160 E. Via De Arboles','Chandler','AZ','USA','85249','wntf355@hotmail.com','602-692-8488','',1,'john hobbs','480-831-7719','',NULL,NULL,NULL),(124,'SDBMA Renegades','regular','Maggie','Holloway','R','Sport','','F','1956-05-11','4555 Delaware St.','San Diego','CA','USA','92116','designmaker@ixpres.com','619-296-1561','',1,'John Holloway','619-294-4477','This is John\'s work number and his extension is 133',NULL,NULL,NULL),(125,'SDBMA Renegades','regular','John','Holloway','E','Sport','','M','1958-12-18','4555 Delaware','San Diego','CA','USA','92116','john@ktua.com','619-294-4477','619-296-1561',1,'Maggie Holloway','619-804-3480','Day extension is 133',NULL,NULL,NULL),(265,'Blood, Sweat & Gears','captain','Anthony','Capone','A','Sport','','M','1959-01-01','39961 Pearl Dr.','Murrieta','CA','USA','92563','camam@aol.com','619-787-6298','',1,'Patti Capone','760-644-7332','',NULL,NULL,NULL),(266,'Blood, Sweat & Gears','regular','Scott','Wallace','L','Sport','','M','1959-07-07','39954 Ranchwood Dr.','Murrieta','CA','USA','92563','swallace@cymer.com','858-385-6547','909-698-7015',1,'Lori Wallace','909-698-7015','',NULL,NULL,NULL),(267,'Blood, Sweat & Gears','regular','William','Valleroy','J','Sport','','M','1961-02-09','15418 Sky High Rd.','E. Scondido','CA','USA','92027','lov-bandb@pacbell.net','760-746-5555','760-745-8332',1,'Melody Valleroy','760-745-8332','Melody\'s cell #760-212-9705',NULL,NULL,NULL),(268,'Blood, Sweat & Gears','regular','Timothy','Concannon','M','Sport','','M','1959-04-06','1433 Aliso Place','Escondido','CA','USA','92027','erdvms@aol.com','760-747-5578','',1,'Mike Concannon','760-747-1741','',NULL,NULL,NULL),(269,'Blood, Sweat & Gears','regular','Amy','Concannon','C','Sport','','F','1960-07-04','1433 Aliso Place','Escondido','CA','USA','92027','erdvms@aol.com','760-747-5578','',1,'Mike Concannon','760-747-1741','',NULL,NULL,NULL),(270,'Irie Riders','captain','Joshua','Johnson','','Sport','','M','1974-06-06','4208 Broadmoor NE','Albuquerque','NM','USA','87108','','505-266-2752','',1,'','','',NULL,NULL,NULL),(272,'Irie Riders','regular','Aaron','Johnson','J','Sport','','M','1982-05-06','5001 Ponderosa NE','Albuquerque','NM','USA','87527','skunky@unm.edu','505-980-9340','',1,'Mavlr Johnson','505-770-7042','',NULL,NULL,NULL),(257,'A Dirty Dozen - By weight not volume','regular','Marco','Grott','A','Sport','','M','1965-12-31','1108 Pheasant','San Marcos','CA','USA','92069','marco_grott@taylormade-golf.com','760-761-0077','',1,'Anelizi Grott','760-761-0077','',NULL,NULL,NULL),(173,'Rat Racers','regular','Barry','Wong','','Sport','','M','1965-01-01','12924 Maxwell Drive','Tustin','CA','USA','92782','barry.wong@emulex.com','','714-731-0633',1,'Sherri Davis','714-731-0633','',NULL,NULL,NULL),(159,'Harold\'s Team','regular','Rosendo','Gutierrez','','Sport','','M','1967-08-17','22893 Grand Terrace Rd.','Grand Terrace','CA','USA','92313','','909-289-4602','909-783-3619',1,'Jane Daul','909-793-5158','',NULL,NULL,NULL),(243,'DA HUI TRAIL RIDERS','captain','Wesley','Tonel','A','Sport','','M','1973-06-07','4445 Butler National Rd.','Corona','CA','USA','92883','wesleytonel@msn.com','714-634-2522','909-739-7917',1,'Elaine Tonel','909-739-7917','',NULL,NULL,NULL),(244,'DA HUI TRAIL RIDERS','regular','Robert','Busciglio','B','Sport','','M','1963-03-14','2624 N. Lowell Lane','Santa Ana','CA','USA','92706','rbusciglio@ljdfsa.com','714-550-7008','714-542-4778',1,'','','',NULL,NULL,NULL),(260,'O.M.A.H. (Oh My A_ _ Hurts)','captain','Jane','Rands','A','Sport','','F','1966-01-27','11811 Gilbert St. #3','Garden Grove','CA','USA','92841','jrands@earthlink.net','714-636-8866','',1,'Elaine Heinlein','714-539-6716','',NULL,NULL,NULL),(261,'O.M.A.H. (Oh My A_ _ Hurts)','regular','Stephen','Jones','','Sport','','M','1960-06-28','35 Shoreeliff','Aliso Viejo','CA','USA','92656','cyclesteve1@juno.com','949-283-2953','949-305-8996',1,'Margaret Jones','949-305-8996','',NULL,NULL,NULL),(262,'O.M.A.H. (Oh My A_ _ Hurts)','regular','William','Caldwell','E','Sport','','M','1959-02-14','3921 S. Ross Apt. B','Sana Ana','CA','USA','92707','organizme@aol.com','714-356-1699','714-429-1787',1,'Lori Caldwell','714-429-1787','Lori\'s cell number 714-349-1699',NULL,NULL,NULL),(263,'O.M.A.H. (Oh My A_ _ Hurts)','regular','Tim','Lane','','Sport','','M','1974-07-12','4031 Mesa Road','Irvine','CA','USA','92612','timothysavllane@hotmail.com','949-439-9939','',1,'Nancy','949-212-9328','',NULL,NULL,NULL),(264,'O.M.A.H. (Oh My A_ _ Hurts)','regular','Albert','Quintanilla','','Sport','','M','1946-11-17','P.O. Box 12142','Costa Mesa','CA','USA','92627','','949-927-8016','',1,'Mother','949-646-6332','',NULL,NULL,NULL),(78,'Don Knotts Overdrive II','captain','Jim','Fitzgerald','','Sport','','M','1977-08-08','233 W. El Portal #3','San Clemente','CA','USA','92672','jim.fitzgerald@primedia.com','949-661-5191','',1,'S. fitzgerald','970-243-6006','',NULL,NULL,NULL),(236,'Bolsak racing','regular','Jon','Weiss','J','Sport','155-74-1689','M','1966-08-15','1105 Alta Loma Rd. Ste #2','Los Angeles','CA','USA','90069','mtndewd@earthlink.net','310-770-6916','',1,'Marie Mangine','310-657-5078','',NULL,NULL,NULL),(278,'Yard Sale  (R. F. T. C.)','captain','Terry','Johnson','D','Sport','','M','1956-10-01','8 Talega','Rancho Santa Margarita','CA','USA','92688','tdj56@sbcglobal.net','949-459-1552','949-459-1882',1,'Julie Johnson','949-459-1882','',NULL,NULL,NULL),(279,'Yard Sale  (R. F. T. C.)','regular','Fred','Hoekstra','A','Sport','','M','1958-07-16','5 Taiega','Rancho Santa Margarita','CA','USA','92688','hoekstra@cox.net','949-250-6493','949-459-1840',1,'Carol Hoekstra','949-459-1840','',NULL,NULL,NULL),(280,'Yard Sale  (R. F. T. C.)','regular','Craig','Brown','J','Sport','','M','1960-05-24','One Talega','Rancho Santa Margarita','CA','USA','92688','cbrown@perriergroup.com','949-459-9690','',1,'Charles Brown','714-960-2080','',NULL,NULL,NULL),(271,'Irie Riders','regular','Marley','Cote\'','P','Sport','','M','1981-05-28','5001 Ponderosa NE','Albuquerque','NM','USA','87110','marleycote@yahoo.com','505-980-8883','',1,'Joan Cote\'','505-758-5098','',NULL,NULL,NULL),(162,'Sin City Singlespeeders','regular','Joe','Baumgarte','','Sport','','M','1970-11-06','1603 silent sunset ave','north las vegas','NV','USA','89031','baumgarte@lvcm.com','702-633-7533','',1,'bridget baumgarte','702-633-7533','',NULL,NULL,NULL),(138,'Princess\' Ride','regular','Steve','Magers','W','Sport','','M','1964-02-01','4312 Del Mar Ave','San Diego','CA','USA','92107','stevemagers@cox.net','619-696-4969','619-222-6254',1,'Gretchen Magers','619-222-6254','',NULL,NULL,NULL),(282,'Crash and Burn','captain','Jason','Landberg','P','Sport','','M','1972-08-24','2704 spear st','Las Vegas','NV','USA','89030','jland7476@netzero.net','702-234-3568','',1,'Jennifer Landberg','702-649-7476','',NULL,NULL,NULL),(286,'Laichtman, David A.','captain','David','Laichtman','A','Expert','573-87-9204','M','1985-08-05','679 Hampden Pl','Pacific Palisades','CA','USA','90272','ClandestineOp@aol.com','(310)-573-7867','',1,'Lisa Laichtman','(310)-614-7283','',NULL,NULL,NULL),(118,'Hosedraggers','regular','Collin','Moody','M','Sport','522-41-0014','M','1972-12-12','3415 Dey Ave','Cheyenne','WY','USA','82001','collinmoody@hotmail.com','307-637-6320','307-778-0368',1,'Penny Moody','970-454-2832','',NULL,NULL,NULL),(119,'Hosedraggers','regular','Doug','Gilliland','E','Sport','556-47-0937','M','1972-08-03','2132 73rd Ave','Greeley','CO','USA','80634','dgilliland88@hotmail.com','970/506-9553','970/506-9553',1,'Steve Schneider','909/624-0458','',NULL,NULL,NULL),(287,'Who Are Those Guys!','captain','Russell','Worley','J','Expert','','M','1963-10-05','4039 Georgia','san diego','CA','USA','92103','drjerry@neteze.com','619-920-4395','',1,'Josh McCourt','858-792-2453','',NULL,NULL,NULL),(120,'Hosedraggers','regular','Lucas','Bergstrom','M','Sport','522-67-2599','M','1981-03-05','2816 13th Ave.','Greeley','CO','USA','80631','DaClimbe@aol.com','970-356-0126','',1,'Kathy Bergstrom','970-356-0126','',NULL,NULL,NULL),(291,'Numbnuts','captain','Terry','Mackey','R','Sport','','M','1964-04-27','443 S. Pueblo Ave.','Ojai','CA','USA','93023','Tmack443@aol.com','805-797-1595','',1,'Terry Mackey','907-755-2420','',NULL,NULL,NULL),(283,'Crash and Burn','regular','Rodney','Henrikson','W','Sport','533-86-9167','M','1966-05-20','5753 Queenstown Way','Las Vegas','NV','USA','89110','zrkhound@earthlink.net','702-437-8816','702-437-8816',1,'Arlene Henrikson','702-437-8816','',NULL,NULL,NULL),(295,'Sudden Dismount','captain','Lance','Hollensbe','E','Sport','','M','1960-03-20','1831Sheep Ranch Loop','Chula Vista','CA','USA','91913','Lhollensbe@yahoo.com','858-565-7122','619-934-0530',1,'Maureen Hollensbe','619-934-0530','',NULL,NULL,NULL),(299,'Old But Talented','captain','Don','Sieveke','','Sport','','M','1952-05-22','8177 Woodsboro Ave.','Anaheim','CA','USA','92807','dws4law@pacbell.net','714-543-8419','714-970-2493',1,'D. F. Sieveke','714-997-7548','',NULL,NULL,NULL),(300,'Old But Talented','regular','Steve','Dettmar','','Sport','','M','1961-02-02','13307 Sonrisa Dr.','Chino Hills','CA','USA','91709','steve@pontonino.com','909-515-2009','909-517-9078',1,'Pam Dettmar','909-515-2065','',NULL,NULL,NULL),(301,'Old But Talented','regular','Gary','Dix','R','Sport','','M','1953-01-23','30100 Town Center Dr. #0449','Laguna Niguel','CA','USA','92677','dix50@cox.net','949-499-6096','',1,'Brent Dix','909-600-1702','',NULL,NULL,NULL),(302,'Old But Talented','regular','David','Mason','J','Sport','','M','1958-07-04','87 Fairlane','Las Vegas','CA','USA','92627','','714-269-6068','',1,'D. Sieveke','714-970-2493','',NULL,NULL,NULL),(292,'Numbnuts','regular','Mike','Strossman','','Sport','','M','1967-12-08','13 Mission Plaza Dr','Ventura','CA','USA','93001','mike_strossman@yahoo.com','805-570-5779','805-570-5779',1,'Stacie Strossman','805-895-0755','',NULL,NULL,NULL),(298,'Sudden Dismount','regular','Jeff','Heide','','Sport','','M','1962-04-10','256 Prospect  Ave','Long Beach','CA','USA','90803','J.Heide@verizon.net','562-434-2384','562-434-2384',1,'Kim Preciado','858-349-1649','',NULL,NULL,NULL),(293,'Numbnuts','regular','Bob','Mosher','J','Sport','568-47-8342','M','1963-01-09','12752 Sisar Road','Ojai','CA','USA','93023','rjmosher@earthlink.net','805 689-9315','805 921-0606',1,'Robert Mosher (Father','408 378-7546','',NULL,NULL,NULL),(307,'Thursday Nightriders','captain','Jon','Miller','R','Sport','','M','1967-01-26','1817 Goodman Ave.','Redondo Beach','CA','USA','90278','jrmiller@southbay.com','(310)546-4675','(310)372-4848',1,'Al Gee','(310)372-4848','',NULL,NULL,NULL),(234,'Rollin\' Toads','regular','Jason','Darby','','Sport','456-41-8945','M','1973-09-24','32 Nantucket','Aliso Viejo','CA','USA','92656','darbycar@hotmail.com','949/ 500-2242','949/ 500-2242',1,'Miguel Cerda','949/ 861-0440','',NULL,NULL,NULL),(309,'Thursday Nightriders','regular','Todor','Radmilovich','M','Sport','','M','1962-01-28','508 s. juanita ave','redondo beach','CA','USA','90277','todor.m.radmilovich@accenture.com','310 726 2736','',1,'Abby Radmilovich','310 920 3738','',NULL,NULL,NULL),(284,'Crash and Burn','regular','Robert','Henrikson','E','Sport','543-80-6061','M','1963-12-11','29313 Spruce Canyon dr','Golden','CO','USA','80403','bettyhenrikson@hotmail.com','303-642-0596','303-642-0596',1,'Betty Henrikson','303-642-0596','',NULL,NULL,NULL),(311,'Pogue Mahone','captain','Thomas','Rooks','J','Sport','','M','1974-12-03','2682 Montclair Street','San Diego','CA','USA','92104','trooks@d11.uscg.mil','619-222-9549 ext. 2','619-281-5192',1,'Michelle Rooks','619-281-5192','',NULL,NULL,NULL),(294,'Numbnuts','regular','James','Duganne','K','Sport','','M','1963-12-28','385 Sierra Drivr','Ventura','CA','USA','93003','kduganne@divecon.com','8054886428','8057981188',1,'Beth Morris','805-452-9897','',NULL,NULL,NULL),(315,'Bontrager Masters','captain','Keith','Bontrager','D','Expert','','M','1954-12-18','153 Suburbia Ave','Santa Cruz','CA','USA','95062','richkatz@cruzio.com','831 427 0463','',1,'Laura','831 427 0463','',NULL,NULL,NULL),(296,'Sudden Dismount','regular','Santi','Preciado','','Sport','','M','1957-08-14','5736 Jeanette Ave','La Mesa','CA','USA','91942','ckpreciado@cox.net','619-460-7579','619-460-7579',1,'Kim Preciado','858-349-1649','',NULL,NULL,NULL),(201,'L.A.County Fire Four For 24','regular','Al','Martinez','','Sport','','M','1959-05-15','211 Beryl St','Redondo Beach','CA','USA','90277','almpr@earthlink.net','310-374-6347','',1,'Gitte Mikkelsen','310-478-8968','',NULL,NULL,NULL),(209,'In Domino confido','regular','Dean','Kirby','','Sport','','M','1966-02-25','11116 Avenida del Gato','San Diego','CA','USA','92126','teamironclad@yahoo.com','858549-0651','',1,'Debbie Kirby','619 318-7858','',NULL,NULL,NULL),(178,'Dry Mouth Guys','captain','Bill','Martorano','J','Sport','567-77-2987','M','1969-09-12','P.O. Box 883013','Steamboat','CO','USA','80488','billfari @springsips.com','970 846 9274','',1,'Cami Martorano','8055789830','',NULL,NULL,NULL),(179,'Dry Mouth Guys','regular','Rob','Peterson','','Sport','','M','1972-07-29','P.O. Box771470','Steamboat Springs','CO','USA','80477','billfari@springsips.com','9708700955','',1,'Sue Peterson','9092471619','',NULL,NULL,NULL),(140,'The Four Skins','regular','Dean','Scheetz','L','Sport','','M','1968-11-23','686 North Tulare Way','Upland','CA','USA','97786','dpscheetz@netscape.net','9099827492','',1,'Loni Scheetz','9096246522','',NULL,NULL,NULL),(246,'DA HUI TRAIL RIDERS','regular','Eric','Fisher','S','Sport','564-57-7611','M','1964-05-27','58 Del Ventura','Irvine','CA','USA','92606','ericf@pr-ca.com','(714) 891-4439','(949) 559-5629',1,'Mary Watson','(949) 559-5629','',NULL,NULL,NULL),(308,'Thursday Nightriders','regular','Andrew','Shaner','','Sport','','M','1956-12-02','3636 Surfwood Road','Malibu','CA','USA','90265','AShaner@ucla.edu','310-459-7295','',1,'Dorothy Reinhold','310-459-7295','',NULL,NULL,NULL),(48,'Team Sock','captain','Scott','Lund','M','Sport','','M','1963-03-21','639 Ida Ave.','Solana Beach','CA','USA','92075','sktllund@sbcglobal.net','760-753-4300','858-509-5921',1,'Karen','760-445-2109','',NULL,NULL,NULL),(288,'Who Are Those Guys!','regular','Jerry','Moylan','P','Expert','','M','1953-03-25','8322 via sonoma','san diego','CA','USA','92037','drjerry@neteze.com','8585878066','6192765752',1,'terri dowie','8585878066','',NULL,NULL,NULL),(180,'Dry Mouth Guys','regular','Paolo','Guidi','','Sport','','M','1971-10-04','P.O. Box 771308','Steamboat','CO','USA','80477','billfari@springsips.com','9708467845','',1,'Natalie','9708467845','',NULL,NULL,NULL),(189,'Just Glad to be Here.','regular','Blake','Simkins','','Sport','','M','1967-01-01','21872 Belcroft Drive','Lake Forest','CA','USA','92626','blakescdw@earthlink.net','714-476-3128','949-636-0161',1,'Cheryl Simkins','949-636-0161','',NULL,NULL,NULL),(50,'Team Sock','regular','Eric','Lund','A','Sport','','M','1964-12-07','10290 Cunningham Ave','Westminster','CA','USA','92683','eric@sunperformance.com','8005551212','',1,'Ken Lund','7147754162','',NULL,NULL,NULL),(111,'Big Nasty','regular','Matthew','Mace','J','Sport','','M','1974-07-16','9150 Gramercy Dr #193','San Diego','CA','USA','92123','matmace@yahoo.com','619.887.7008','',1,'Matt','619.523.8144','',NULL,NULL,NULL),(49,'Team Sock','regular','Jim','Mangen','o','Sport','','M','1967-08-28','1014  Bluesage Drive','San Marcos','CA','USA','92069','jmangen@bankersrealty.net','7607271038','7609404483',1,'Ena Mangen','6195043526','',NULL,NULL,NULL),(181,'Dry Mouth Guys','regular','Ryan','Lightner','','Sport','','M','1973-09-30','P.O. Box 882852','Steamboat','CO','USA','80488','rylight@hotmail.com','9708792738','',1,'Brooke','9708792738','',NULL,NULL,NULL),(285,'Crash and Burn','regular','Dennis','Henrikson','G','Sport','534-98-3796','M','1968-09-12','29313 Spruce Canyon dr','Golden','CO','USA','80403','nataleehenrikson@hotmail.com','303-642-0596','303-642-0596',1,'Natalee Henrikson','303-642-0596','',NULL,NULL,NULL),(137,'Princess\' Ride','regular','Matthew','Allen','P','Sport','','M','1977-04-14','11124 Poblado','San Diego','CA','USA','92127','matthew_allen@intuit.com','858 699-7674','858 451-1706',1,'Jennifer Allen','619 750-8731','',NULL,NULL,NULL),(130,'Mudd Falcons','regular','Duane','Mc Dowell','','Sport','','M','1959-02-09','7225 shoup ave apt 25','west hills','CA','USA','91307','bjsturz@aol.com','818  314-6016','818 314-6016',1,'bill lovelace','310 952 3014','',NULL,NULL,NULL),(188,'Just Glad to be Here.','regular','Kelvin','Wiley','','Sport','','M','1966-01-01','3640 Seahorn Circle','San Diego','CA','USA','92130','kewiley@aol.com','619-302-6970','',1,'Lara Hayes','760-230-1080','',NULL,NULL,NULL),(163,'Sin City Singlespeeders','regular','Mike','Trumpfheller','','Sport','','M','1968-06-09','1209 Healing Waters Lane','North Las Vegas','NV','USA','89031','mlbtrump@sierranv.net','702-657-9163','',1,'Lynn Trumpfheller','702-657-9163','',NULL,NULL,NULL),(164,'Sin City Singlespeeders','regular','John','Meegan','','Sport','','M','1970-08-05','27A Shaver Drive','Las Vegas','NV','USA','89115','usmeegans1@earthlink.net','702-407-3083','',1,'Gina Meegan','702-407-3083','',NULL,NULL,NULL),(79,'Don Knotts Overdrive II','regular','Morgan','Meredith','M','Sport','','M','1981-02-24','261 Avenida Victoria Apt. B','San Clemente','CA','USA','92672','morgan.meredith@primedia.com','949-661-5156','',1,'Tom and ginger Meredith','609-897-9470','',NULL,NULL,NULL),(80,'Don Knotts Overdrive II','regular','Matt','Kaiel','I','Sport','','M','1979-02-25','28032 Paseo Reposo','San Juan Capistrano','CA','USA','92675','matt2kaiel@hotmail.com','949-240-8609','',1,'John Gabriel','949-240-8609','',NULL,NULL,NULL),(306,'Skid Mark','regular','Justin','Decker','','Sport','','M','1973-09-22','5003 Pacific Ave, 2A','Marina Del Rey','CA','USA','90292','justindecker@hotmail.com','818-623-3382','',1,'JP Schuerman','310-488-3905','',NULL,NULL,NULL),(20,'Dude where\'s my bike','regular','Aaron','Olsen','','Sport','611-26-9827','M','1974-12-28','39271 Memory Dr.','Murrieta','CA','USA','92563','phil.jj@verizon.net','909-296-0031','909-907-0674',1,'Phil Gomez','619-368-4902','',NULL,NULL,NULL),(129,'Mudd Falcons','regular','Steve','Wallace','J','Sport','','M','1961-12-15','1453 Stonewood Ct','San Pedro','CA','USA','90732','swallace@premieragendas.com','(310)259-1381','',1,'Sid Wallace','818-340-5679','',NULL,NULL,NULL),(259,'A Dirty Dozen - By weight not volume','regular','Michael','Gilmore','J','Sport','','M','1967-04-09','1250 North Rose Street','Escondido','CA','USA','92027','loisn@cox.net','760-746-6142','',1,'Monica Gilmore','760-746-6142','',NULL,NULL,NULL),(258,'A Dirty Dozen - By weight not volume','regular','Zeke','Quiroz','F','Sport','','M','1963-10-30','14038 San Pasqual Valley Road','Escondido','CA','USA','92027','chadne@cox.net','760-432-0583','',1,'Tammy Quiroz','760-432-0583','',NULL,NULL,NULL),(184,'San Diego Snakes','regular','Ken','Oertle','','Sport','','M','1964-04-12','11699 Cebada Ct.','San Diego','CA','USA','92124','g_oertle@qualcomm.com','858-651-0260','858-571-8787',1,'Candy Oertle','858-571-8787','',NULL,NULL,NULL),(327,'Fitness Zone','regular','Scott','Neubauer','','Expert','','M','1972-04-27','11722 Canton Place','Studio City','CA','USA','91604','trinubes@yahoo.com','310-657-0366','',1,'Joann Neubauer','858-792-8365','',NULL,NULL,NULL),(330,'Snyder, Nelson','captain','Nelson','Snyder','','Pro','543-02-4502','M','1971-07-31','1813 NE Bell Dr.','Portland','OR','USA','97220','mtnracer@attbi.com','503-572-7423','503-866-1846',1,'Brendan Banovic','503-224-5709','',NULL,NULL,NULL),(326,'Fitness Zone','captain','Ben','Pfeifer','','Sport','159-54-5892','M','1971-07-30','3904 Lamont Street','San Diego','CA','USA','92109','ben@bikebandit.com','858 384 3178','',1,'Ken Wahlster','858 688 3487','',NULL,NULL,NULL),(325,'CenterFocus Fitness','regular','Steve','Schaible','G','Sport','','M','1968-10-30','8300 East Starcrest Court','Anaheim','CA','USA','92808','sschaibl@guidant.com','909-914-6648','714-281-1302',1,'Amanda Spencer','714-281-1302','',NULL,NULL,NULL),(322,'Guidant','regular','Aaron','Baldwin','D','Sport','','M','1980-11-19','42214 Stonewood Rd. Apt. A','Temecula','CA','USA','92591','aabaldwi@guidant.com','909-914-4799','',1,'Linda Baldwin','805-438-3684','',NULL,NULL,NULL),(290,'Who Are Those Guys!','regular','Bill','Duvel','','Sport','','M','1959-05-05','140 S. Darien Drive','Encinitas','CA','USA','92024','tpmartin@ucsd.edu','760 420-0362','760 436-5845',1,'Terry Martin Duvel','760 436-5845','',NULL,NULL,NULL),(65,'Testosterone Bonding Club','regular','Ray','Purnel','E','Sport','555-86-2802','M','1956-07-26','68-393 Moonlight Drive','Cathedral City','CA','USA','92234','rpurnel@msn.com','760-324-2024','760-324-2024',1,'Lynda Anderson','760-324-0698','',NULL,NULL,NULL),(321,'Guidant','captain','Bruce','Wilson','M','Sport','','M','1959-08-19','31755 Via Telesio','Temecula','CA','USA','92592','bwilson@guidant.com','909-914-2471','909-695-9990',1,'Dorothy Wilson','909-695-9990','Changed from 5-P Open w/five guys to two 4-P men\'s sport teams.',NULL,NULL,NULL),(168,'Two Pump Chumps','regular','Mark','Del Vecchio','G','Sport','','M','1963-03-12','PO Box  682098','Park City','UT','USA','84068','rhody@allwest.net','435-783-5176','',1,'Don Tower','435-901-0007','',NULL,NULL,NULL),(76,'Schprockets','regular','Alex','Ter-Vrugt','','Sport','227-35-6957','M','1969-04-10','1169 Westin Way','San Marcos','CA','USA','92075','alextervrugt@yahoo.com','858 735-9555','',1,'Stuart Crosby','619 823-6210','',NULL,NULL,NULL),(297,'Sudden Dismount','regular','John','Moulton','','Sport','','M','1960-05-15','6177 Stanley Dr','La Mesa','CA','USA','91942','Jboo122@aol.com','619-465-5991','619-302-6424',1,'Diane Kelley','858-487-1043','',NULL,NULL,NULL),(245,'DA HUI TRAIL RIDERS','regular','Sean','Breaux','','Sport','','M','1972-06-02','1 City Blvd West, 5th floor','Orange','CA','USA','92868','wesleytonel@msn.com','','(714)634-2522',1,'Dan Baltes','(714)634-2522','',NULL,NULL,NULL),(150,'NSP Shrub Monkeys','regular','unregistered','rider','','Sport','','M','2003-01-01','','','','USA','','','','',0,'','','',NULL,NULL,NULL),(147,'NSP Shrub Monkeys','captain','Matt','Schellenberg','K','Sport','','M','1975-06-28','4727 Chickasaw Ct.','San Diego','CA','USA','92117','mks675@hotmail.com','619-887-0766','619-887-0766',1,'Larry or Kathy','858-483-3507','',NULL,NULL,NULL),(96,'D.F.L.','captain','Richard','Hocutt','K','Sport','','M','1973-08-08','309 N. Solana Hills Dr. #52','Solana Beach','CA','USA','92075','way2grafik@aol.com','(858)442-2013','(858)259-3683',1,'Martha Hocutt','(858)442-2014','',NULL,NULL,NULL),(353,'Irons, Jamie l.','captain','Jamie','Irons','l','Sport','262-39-7798','M','1959-12-08','598 Shasta Ave.','Morro Bay','CA','USA','93442','jamus88@aol.com','805-595-4227','805-772-9294',1,'Randy Irons','760-549-7011','',NULL,NULL,NULL),(143,'Dork Boys New and Improved','captain','Trevor','Downing','M','Expert','','M','1987-04-23','PO Box 4291','Crestline','CA','USA','92325','mtbiker72005@yahoo.com','','909-338-3556',1,'Blake & Teresa Downing','909-338-3556','909-316-3547 - Mom and Dad\'s cell number',NULL,NULL,NULL),(144,'Dork Boys New and Improved','regular','Alex','Hulett','J','Sport','','M','1988-08-03','PO Box 4303','Big Bear Lake','CA','USA','92315','alexhulett@charter.net','909-866-2574','909-878-8073',1,'Chuck Hulett','909-641-2529','',NULL,NULL,NULL),(145,'Dork Boys New and Improved','regular','Stephen','Sandoval','T','Expert','619-42-7426','M','1986-10-31','P.O Box 675817','Rancho Santa Fe','CA','USA','92067','gamebuff@aol.com','858-759-4667','',1,'Ernie Sandoval','619-520-6221','',NULL,NULL,NULL),(146,'Dork Boys New and Improved','regular','William','Carlson','G','Expert','','M','1985-03-20','PO Box 2036','Blue Jay','CA','USA','92317','on-belay85@yahoo.com','','909-337-3048',1,'Pete or Terri Carlson','909-337-3048','',NULL,NULL,NULL),(51,'Team Sock','regular','Steve','Vonseggern','L','Sport','','M','1964-07-05','24406 Borrego Ct','Laguna Niguel','CA','USA','92677','steve.vonseggern@primedia.com','7149392496','',1,'Sally Vonseggern','9497169160','',NULL,NULL,NULL),(303,'Skid Mark','captain','Donald','Wolfe','A','Sport','','M','1969-02-23','8145 Redlands St. Apt. 206','Playa Del Rey','CA','USA','90293','howlin@texas.net','310-647-6633','310-823-9502',1,'Dawn Irick','310-823-9502','',NULL,NULL,NULL),(304,'Skid Mark','regular','Swiggett','Miller','','Expert','578-04-1954','M','1970-09-29','15 Paloma Ave. #32','Venice','CA','USA','90291','sswiggett@msn.com','310.936.3226','310.936.3226',1,'Pam Laird','707.895.2071','',NULL,NULL,NULL),(305,'Skid Mark','regular','unregistered','rider','','Sport','','M','2003-01-01','','','','USA','','','','',0,'','','',NULL,NULL,NULL),(310,'Thursday Nightriders','regular','Vernon','Smith','','Sport','','M','1960-04-02','640 longfellow ave','hermosa beach','CA','USA','90254','vern@ampliphy.com','310 374 5938','',1,'debbie varon','310 544 2331','',NULL,NULL,NULL),(41,'V-Ride','regular','Bret','Woodward','T','Sport','','M','1965-07-24','1309 Belleview','Cardiff','CA','USA','92007','bretwoodward@cox.net','858-354-6976','',1,'Chester Woodward','858-775-5677','',NULL,NULL,NULL),(363,'D\'OH!','captain','Timothy','Nichols','C','Sport','','M','1965-05-07','12225 Libelle Court','San Diego','CA','USA','92131','yewhi@yahoo.com','858-526-4887','858-549-7982',1,'Vachras Angkachatchai','858-549-7982','',NULL,NULL,NULL),(366,'D\'OH!','regular','Steve','Oldenburg','J','Sport','','M','1970-09-05','4326 Proctor Place','San Diego','CA','USA','92116','solden@cox.net','619-295-6578','',1,'Oanh Nhuyen','619-295-6578','',NULL,NULL,NULL),(364,'D\'OH!','regular','Steve','Jones','A','Sport','','M','1967-01-12','7339-D Alicante','Carlabad','CA','USA','92009','sjones@claritas.com','858-677-9579','760-918-0415',1,'Lynn Jones','760-613-9761','Alternate phone for Lynn 760-918-0415',NULL,NULL,NULL),(365,'D\'OH!','regular','John','Tynan','A','Sport','','M','1971-07-23','11827 A Spruce Run Dr.','San Diego','CA','USA','92131','jtynan@burnham.org','858-646-3100','858-547-0537',1,'Wendy Tynan','858-547-0537','Work extension is 3671',NULL,NULL,NULL),(367,'D\'OH!','regular','Oanh','Nhuyen','','Sport','','F','1973-10-27','4326 Proctor Place','San Diego','CA','USA','92116','oanh@cox.net','619-295-6578','',1,'Steve Oldenburg','619-549-1391','',NULL,NULL,NULL),(368,'Breyer, Daniel E.','captain','Daniel','Breyer','E','Expert','111-11-1111','M','1977-07-21','877 Stevens Ave. #4212','Solana Beach','CA','USA','92075','danbuddha66@hotmail.com','909-313-7231','',1,'Matt Breyer','909-377-5531','',NULL,NULL,NULL),(91,'SCHWEER REALITY / LIFE WITHIN','regular','Pete','Masiel','','Sport','','M','1959-04-08','1950 Arnold Way','Alpine','CA','USA','91901','xcr@cox.net','619-726-6787','',0,'','','',NULL,NULL,NULL),(369,'2 High on Redbull','captain','Michael','O\'Brien','J','Expert','111-11-1111','M','1960-12-17','3602 Torrey View Ct.','San Diego','CA','USA','92130','michael@calpacific.com','858-481-1833','858-657-1048',1,'Matt Peterson','858-459-2461','',NULL,NULL,NULL),(370,'2 High on Redbull','regular','Ted','Fuller','L','Expert','111-11-1111','M','1960-09-26','3211 Neosho Place','San Diego','CA','USA','92117','','858-273-7342','',1,'Matt Peterson','858-459-2461','',NULL,NULL,NULL),(57,'www.y-events.com','regular','Scott','Hamashige','T','Sport','','M','1962-10-29','2505 Caminito Muirfireld','La Jolla','CA','USA','92037','tomio1962@hotmail.com','858-945-2453','',1,'Mia','619-838-9659','',NULL,NULL,NULL),(312,'Pogue Mahone','regular','James','Rooks','L','Sport','','M','1949-04-13','1610 Camino Olmo Apt. C','Thousand Oaks','CA','USA','91320','roudood@yahoo.com','714-402-4774','',1,'Amy Rooks','714-402-4114','',NULL,NULL,NULL),(313,'Pogue Mahone','regular','Alejandro','Delgadillo','G','Sport','','M','1976-06-06','3141 Cauby St. Apt. 88','San Diego','CA','USA','29110','','619-203-2493','',1,'Tanga Delgadillo','619-203-8731','',NULL,NULL,NULL),(314,'Pogue Mahone','regular','Alex','Drake','J','Sport','','M','1977-07-11','3175 Cauby St. Apt. 202','San Diego','CA','USA','92110','uscgdrake@aol.com','619-224-0290','',1,'JoAnn Drake','619-224-0290','',NULL,NULL,NULL),(341,'The Chatty Kathys','regular','Julie','Brown','A','Sport','','F','1959-11-13','682 30th Ave.','San Mateo','CA','USA','94403','jbrown@equinix.com','650-513-7093','650-571-9487',1,'John Brown','650-571-9487','',NULL,NULL,NULL),(342,'The Chatty Kathys','regular','Julie Rae','Mitchell','','Sport','','F','1972-01-05','323 San Juan Ave.','Santa Cruz','CA','USA','95062','julirae@earthlink.net','415-235-8377','',1,'Dan Ditty','415-235-9819','',NULL,NULL,NULL),(337,'Jesters Plus','regular','Thadeus','Lund','M','Sport','','M','1967-09-06','851 E. Grand Ave.','Escondido','CA','USA','92025','TLundo@cs.com','760-745-7251','760-739-8760',1,'Anna Brown','760-741-3624','',NULL,NULL,NULL),(202,'L.A.County Fire Four For 24','regular','Gary','Cambio','A','Sport','','M','1948-08-21','110 Sandalwood Pl.','Glendora','CA','USA','91741','gcfirebike@hotmail.com','626-963-6261','',1,'Teresa Cambio','626-963-6261','',NULL,NULL,NULL),(371,'San Diego Snakes','regular','unregistered','rider','','Sport','','M','2003-01-01','','','','USA','','','','',0,'','','',NULL,NULL,NULL),(183,'San Diego Snakes','regular','Candy','Oertle','A','Sport','','F','1964-05-28','11699 Cebada Ct.','San Diego','CA','USA','92124','g-oertle@qualcomm.com','858-571-8787','858-449-3499',1,'Ken Oertle','858-735-8949','',NULL,NULL,NULL),(273,'Irie Riders','regular','Andreas','Berbu','','Sport','','M','1975-01-29','804A Carlisle SE','Albuquerque','NM','USA','87106','a_berbu@hotmail.com','505-256-6375','505-277-1319',1,'Jenny Wisstingo','505-256-4126','',NULL,NULL,NULL),(377,'Pruis,Timari','captain','Timari','Puris','','Expert','606-36-6217','F','1978-01-01','17500 Community St.','Northridge','CA','USA','91325','timaripruis@hotmail.com','909-303-0170','',1,'','','',NULL,NULL,NULL),(81,'Don Knotts Overdrive II','regular','Steve','Boehmke','','Sport','','M','1961-07-03','414 North California Street','Orange','CA','USA','92866','chunkyflyrite@aol.com','714-633-9955','',1,'carolyn Boehmke','909-866-6241','',NULL,NULL,NULL),(82,'Don Knotts Overdrive II','regular','Tina','Ohan','','Sport','','F','1976-05-17','217 Montaluo #A','San Clemente','CA','USA','92672','krisayohan@aol.com','949-495-3802','949-412-6096',1,'Rob Campbell','979-271-2254','',NULL,NULL,NULL),(362,'Birtch, DeJay','captain','DeJay','Birtch','','Expert','183-56-4387','M','1976-02-06','2214 N. Northway Blvd.','Tucson','AZ','USA','85719','judahunter@hotmail.com','520-327-3232','520-977-4455',1,'Amy Jo Ott','520-977-4455','',NULL,NULL,NULL),(378,'O\'Sullivan, Dan','captain','Dan','O\'Sullivan','G','Expert','111-11-1111','M','1980-01-18','3823 Ingrahma St. B202','San Diego','CA','USA','92109','toothlessdan@sandiego.edu','858-523-2033','',1,'Katie Sullivan','510-727-0417','',NULL,NULL,NULL),(379,'Willis Funk','captain','Joseph','Spina','N','Sport','','M','1967-10-15','2040 Brittany Place','Placentia','CA','USA','92870','jnspina@adelphia.net','310-468-7264','714-993-9834',1,'Christine Spina','714-993-9834','',NULL,NULL,NULL),(380,'Willis Funk','regular','Jason','Vorell','F','Sport','','M','1972-07-06','5140 E. Marita Lane #E','Anaheim Hills','CA','USA','92807','jason@syntace.com','800-796-8223','',1,'Lisa Vorell','','Lisa will be at the race.',NULL,NULL,NULL),(381,'Willis Funk','regular','Brian','Blair','M','Sport','','M','1977-10-24','1201 Lynwood','Anaheim','CA','USA','92807','','714-970-8498','',1,'Tina Blair','714-970-8769','',NULL,NULL,NULL),(382,'Willis Funk','regular','Cameron','Dickinson','M','Sport','','M','1972-10-08','4176 Vulcan Ave. #5','Encinitas','CA','USA','92024','ibwheeln@hotmail.com','760-333-5382','',1,'Tami Ellis','714-974-7109','',NULL,NULL,NULL),(384,'SDBC - Team San Diego','regular','Iggy','Silva III','J','Sport','','M','1990-09-06','2905 Bancroft Street','San Diego','CA','USA','92104','','619-283-0461','',1,'Iggy Silva II','619-283-0461','',NULL,NULL,NULL),(385,'SDBC - Team San Diego','regular','Keven','Lee','','Sport','','M','1989-08-19','4082 albatross Street #9','San Diego','CA','USA','92103','','619-298-6424','',1,'Helen Lee','619-675-4766','',NULL,NULL,NULL),(208,'In Domino confido','regular','Ted','Posch','','Sport','','M','1966-08-11','1852 Las Lanas Lane','Fullerton','CA','USA','92833','theocivil@aol.com','714-525-4131','',1,'Paula Rigdon','714-309-0588','',NULL,NULL,NULL),(210,'In Domino confido','regular','Mark','Morley','','Sport','','M','1962-01-01','13748 Boston Court','San Diego','CA','USA','92336','pohukai@earthlink.net','909 899 0633','909 899 4199',1,'S. Morley','909 899 4199','',NULL,NULL,NULL),(387,'One Awesome God','captain','Michael','Tande','S','Sport','','M','1976-01-01','877 Island Ave. #218','San Diego','CA','USA','92101','mtande@destinationhotels.com','619-702-6525','',1,'Diana Tande','619-702-6525','',NULL,NULL,NULL),(388,'One Awesome God','regular','Miguel','Loza','I','Sport','','M','1976-07-23','13288 Entreken Ave.','San Diego','CA','USA','92129','mloza@sbcglobal.net','858-848-0064','858-780-9555',1,'Maribel Loza','619-306-0228','',NULL,NULL,NULL),(389,'One Awesome God','regular','Bill','Vickers','N','Sport','','M','1967-12-08','2401 Calle Bienvenida','Chino Hills','CA','USA','91709','wildbill@outlawhummers.com','310-920-2455','909-393-9490',1,'Pamela','909-910-9490','',NULL,NULL,NULL),(390,'One Awesome God','regular','Richard','Sherwood','W','Sport','','M','1970-11-02','16630 Peace Valley Lane','Ramona','CA','USA','92065','oneawesomegod@hotmail.com','760-789-8494','',1,'Heather Sherwood','760-965-9022','',NULL,NULL,NULL),(191,'Nortrem-Baja-Mexico','regular','Feliciano','Duenas','','Sport','','M','1961-08-22','39 East Canteloupe','Heber','CA','USA','92249','aquilesboy@mtv.com','760-353-1590','011-52-6865652945',1,'Theresa Ruyz','011526865654108','',NULL,NULL,NULL),(193,'Nortrem-Baja-Mexico','regular','Ramon','Hermandez','A','Sport','','M','1985-12-01','39 F. Camdagoupe St.','Heber','CA','USA','92249','','01152686565163','',1,'Ramon DeJesus Hernandez','01152686130866','',NULL,NULL,NULL),(177,'It Hurts When I Sit !!!','regular','Steve','Landt','','Expert','','M','2003-01-01','','','','USA','','','','',1,'','','',NULL,NULL,NULL),(71,'CenterFocus Fitness','regular','Jon','Drozd','N','Sport','551-73-8911','M','1975-03-15','P.O. Box 513','Lake Arrowhead','CA','USA','92352','jndrozd@yahoo.com','(909) 238-4825','',1,'Nancy Drozd','(909) 337-2588','',NULL,NULL,NULL),(356,'TOTAL  MTB','regular','Michael','Miller','','Sport','','M','2003-01-01','','','','USA','','','','',1,'','','',NULL,NULL,NULL),(357,'TOTAL  MTB','regular','Alex','Grisales','','Sport','','M','2003-01-01','','','','USA','','','','',1,'','','',NULL,NULL,NULL),(324,'Guidant','regular','Nathaniel','Drozd','J','Sport','','M','1977-09-29','P.O. Box 513','Lake Arrowhead','CA','USA','92352','jndrozd@yahoo.com','(909) 205-1243','',1,'Nancy Drozd','(909)337-2588','',NULL,NULL,NULL),(185,'San Diego Snakes','regular','Richard','Ball','','Sport','','M','1963-06-20','','San Diego','CA','USA','','','','',1,'','','',NULL,NULL,NULL),(383,'SDBC - Team San Diego','captain','Jacob','Landman','L','Sport','','M','1988-01-26','10205 Holden Trails Rd.','Lakeside','CA','USA','92040','david26landman@aol.com','619-562-2856','',1,'David Landman','619-980-0289','',NULL,NULL,NULL),(386,'SDBC - Team San Diego','regular','Aaron','Hayman','J','Sport','','M','1990-04-01','227 Dorado Lane','El Cajon','CA','USA','92019','','619-582-6440','619-447-3319',1,'Todd Hayman','619-582-6440','',NULL,NULL,NULL),(53,'www.y-events.com','captain','Anthony','Flores','J','Sport','','M','1977-01-08','','San Diegoe','CA','USA','','','','',1,'','','',NULL,NULL,NULL),(242,'Interrobang','regular','Ray','Rath','','Sport','','M','2003-01-01','','Hollywood','CA','USA','','','','',1,'','','',NULL,NULL,NULL),(372,'SARS (Shimano Amateur Race Squad)','captain','Foye','Troute','M','Sport','','M','1973-09-12','21216 Jasmines Way','Lake Front','CA','USA','92630','ftroute@shimano.com','949-636-6349','',1,'Matt Eames','949-500-4324','',NULL,NULL,NULL),(373,'SARS (Shimano Amateur Race Squad)','regular','Matt','Eames','A','Sport','','M','1972-12-27','1 Holland Drive','Irvine','CA','USA','92618','meames@shimano.com','949-470-4276','949-500-4324',1,'Don Eames','410-465-3668','',NULL,NULL,NULL),(374,'SARS (Shimano Amateur Race Squad)','regular','Beth','Janata','K','Sport','','F','1969-07-26','20026 Shamrock Glen','Lake Forest','CA','USA','92630','','949-470-4262','',1,'Suzanne Ramet','714-969-8462','',NULL,NULL,NULL),(376,'SARS (Shimano Amateur Race Squad)','regular','Brent','Zemel','','Sport','','M','1971-06-16','1 Holland Drive','Irvine','CA','USA','92618','bzemel@shimano.com','949-470-4275','435-901-9299',1,'Carolyn Walker','619-226-0601','',NULL,NULL,NULL),(375,'SARS (Shimano Amateur Race Squad)','regular','Gregg','Betonte','R','Sport','','M','2003-01-01','','','','USA','','','','',1,'','','',NULL,NULL,NULL),(289,'Who Are Those Guys!','regular','Dan','Cain','W','Expert','','M','1958-04-10','7856 Wagon Dr.','Borrego Springs','CA','USA','92154','russellthdmus89@hotmail.com','760-767-3872','760-767-3872',1,'Jodi Cain','7607675432','',NULL,NULL,NULL),(229,'Brand, Marissa','captain','Marissa','Brand','','Expert','572-53-7911','F','1964-10-24','3284 North Star Drive','San Diego','CA','United States','92117','marissa@spawar.navy.mil','619-553-5334','858-272-8406',1,'Bob Brand','858-212-5943','',NULL,NULL,NULL),(219,'Riding for our Lunch Money','captain','Barry','Schmitt','A','Expert','559-27-8916','M','1969-05-24','709 Walnut St #309','Chaska','MN','USA','55318','barry@tokous.com','651 269 4015','651 269 4015',1,'Leslee Schmitt','2083548878','',NULL,NULL,NULL),(220,'Riding for our Lunch Money','regular','Douglas','Bernard','P','Expert','519-15-5175','M','1972-09-27','616 Glen Livet Ln','Heber','UT','USA','84032','evildougb@hotmail.com','435-671-1310','',1,'Abby Grosvenor','208-788-9602','',NULL,NULL,NULL),(235,'Bolsak racing','captain','Kyle','Millsap','J','Sport','585-29-4512','M','1964-01-17','444 n. mc cadden pl','l.a.','CA','USA','90006','kylemillsap@yahoo.com','323 251 1662','323 934 3315',1,'tory metzger','323 934 3315','',NULL,NULL,NULL),(160,'Juarez, David Tinker','captain','David Tinker','Juarez','','Pro','571-31-1415','M','1961-03-03','10084 Lesterford Ave.','Downey','CA','USA','90240','dtinkerj@aol.com','562-862-0094','562-862-0094',1,'Rose Juarez','562-862-0094','',NULL,NULL,NULL),(343,'Chynoweth, Mathew','captain','Mathew','Chynoweth','','Expert','536-13-1015','M','1977-12-30','350 Grass Valley HWY.','Auburn','CA','USA','95603','ridehrd@auburnbikeworks.com','530-906-0415','530-823-5497',1,'Mom','909-767-1580','',NULL,NULL,NULL),(30,'NiteRider-CanAm Kablam!','captain','Paul','Curtin','D','Sport','','M','1976-01-31','1830 S Barrington Ave #3','Los Angeles','CA','USA','90025','paulc@marzocchiusa.com','800 227 5579','310 351 0160',1,'Tamara','202 744 2666','',NULL,NULL,NULL),(31,'NiteRider-CanAm Kablam!','regular','Bryan','Wielgasz','J','Sport','','M','1977-03-24','27116 Crossglade Ave. #2','Canyon Country','CA','USA','91351','bryanw@marzocchiusa.com','661-257-6630','661-251-0804',1,'Chao Brown','661-251-0804','',NULL,NULL,NULL),(32,'NiteRider-CanAm Kablam!','regular','Joe \"White Thunder\"','Byrnes','','Sport','437-06-1638','M','1969-05-07','10995 Wellworth Ave','Los Angeles','CA','USA','90024','joe_byrnes@yahoo.com','310-576-0249','310-966-1609',1,'John Byrnes','310-966-1609','',NULL,NULL,NULL),(319,'NiteRider-CanAm Kablam!','regular','Chris','Matthews','D','Sport','','M','1976-01-29','1840 12th St, B','Santa Monica','CA','USA','90404','chrism@supergo.com','(310) 576-0228','',1,'Steven Laff','(310) 980-5400','',NULL,NULL,NULL),(33,'NiteRider-CanAm Kablam!','regular','Tracy','Sanborn','A','Sport','','F','1969-12-08','8850 Warner Ave.','Fountain Valley','CA','USA','92708','tracy@supergo.com','(714)842-3480','',1,'Brian Cameron','(714)846-8563','',NULL,NULL,NULL),(348,'No Right to be Here','captain','Paul','Swinton','G','Sport','025-54-9054','M','1967-03-31','PO Box 3164','Del Mar','CA','USA','92012','pswinton@gnf.org','(858) 812-1871','(858) 220-1883',1,'Mar Andahazey','(760) 634-3134','',NULL,NULL,NULL),(349,'No Right to be Here','regular','Michael','Johnson','','Sport','','M','1966-10-21','622 Brossard Dr.','Thousand Oaks','CA','USA','91360','drsurfrat@hotmail.com','805 371 4547','',1,'Chris Johnson','760 721 3537','',NULL,NULL,NULL),(350,'No Right to be Here','regular','Andrew','Meyer','J','Sport','','M','1970-02-28','2434 Caminito Ocean Cv','Cardiff','CA','USA','92007','meyer@gnf.org','858 812 1544','',1,'Natasha Balac','760 634 2537','',NULL,NULL,NULL),(351,'No Right to be Here','regular','Woodie','Perrin','','Sport','543-84-6030','M','1966-07-11','2222 Dwight Street','San Diego','CA','USA','92104','woodie.perrin@senomyx.com','858-945-8977','',0,'andy meyer','(760) 634-2537','',NULL,NULL,NULL),(352,'No Right to be Here','regular','Eileen','Curran','','Sport','','F','1964-04-13','396 McKnight Rd','Newbury Park','CA','USA','91320','eileencurran@msn.com','805 499 0491','',1,'Elizabeth Curran','508 528 3483','',NULL,NULL,NULL),(194,'Slow Pokes','captain','Randy','Sooter','C','Sport','','M','1977-12-14','511 N. 3rd Ave','Tucson','AZ','USA','85705','rcsooter@hotmail.com','520-444-5781','',1,'Randy Sooter Sr.','520-293-7124','',NULL,NULL,NULL),(197,'Slow Pokes','regular','Alacia','Hutto','D','Expert','','F','1970-08-25','511 N. 3rd Avenue','Tucson','AZ','USA','85705','alaciah@hotmail.com','520-631-5474','520-884-1158',1,'Randy Sooter','520-444-5781','',NULL,NULL,NULL),(198,'Slow Pokes','regular','Tracy','Moore','','Expert','','F','1970-02-18','Cofco Center','Phoenix','AZ','USA','85008','tracymoore88@yahoo.com','602-220-0271','',1,'Randy Sooter','520-444-5781','',NULL,NULL,NULL),(64,'Testosterone Bonding Club','captain','Ron','Gregory','F','Sport','','M','1949-09-21','73550 Rinyon St.','Palm Desert','CA','USA','92260','pdrgaz@aol.com','760-568-3624','760-346-7645',1,'Marcy Gregory','760-346-7645','',NULL,NULL,NULL),(66,'Testosterone Bonding Club','regular','Mark','Von Iderstein','I','Sport','','M','1953-05-18','78-735 Via Melodia','La Quinta','CA','USA','92253','vonbike@aol.com','760 568 9673','760 771 2374',1,'Patricia Von Iderstein','760 771 2374','',NULL,NULL,NULL),(67,'Testosterone Bonding Club','regular','Rick','Komar','','Sport','','M','1953-07-17','PO Box 1933','Idyllwild','CA','USA','92549','rick@tebone.com','909-659-1026','',1,'Kris Komar','815-405-4043','',NULL,NULL,NULL),(68,'Testosterone Bonding Club','regular','Dawne','Harris','','Sport','','F','1962-11-25','Po Box 1913','Idyllwild','CA','USA','92549','optimatr@pe.net','760-323-6740','',1,'Marlin Harris','909-659-4886','',NULL,NULL,NULL),(38,'V-Ride','captain','Rick','Nunez','A','Sport','','M','1969-05-05','7245 Crows Nest Lane','San Diego','CA','USA','92126','rick@traveltogo.com','858-453-9840','858-204-6927',1,'Diane Sharp','619-823-9840','office ext. 103',NULL,NULL,NULL),(39,'V-Ride','regular','Chris','Zawasky','','Sport','','M','1974-06-17','2428 Manchester Ave.','Cardiff','CA','USA','92007','czawasky@rocketmail.com','760-815-1586','',1,'Chris Porter','619-729-7446','',NULL,NULL,NULL),(40,'V-Ride','regular','Dennis','Collins','','Sport','','M','1968-06-22','2428 Manchester Ave.','Cardiff','CA','USA','92007','dennis68collins@hotmail.com','858-349-6868','',1,'Ken Kuhurt','858-274-2803','',NULL,NULL,NULL),(320,'Uphill Endos','regular','Anna','Diaz','','Sport','','F','1975-03-14','5923 Cerritos Avenue','Long Beach','CA','USA','90805','atellod@yahoo.com','562-522-7207','',1,'Alfred Diaz','5623350940','',NULL,NULL,NULL),(358,'The Four Horsemen','captain','Keith','Ross','J','Sport','','M','1956-12-17','5542 Elgin Ave.','San Diego','CA','USA','92120','stoogestambis@aol.com','858-496-8196','619-583-7497',1,'Patricia Ross','619-583-7497','',NULL,NULL,NULL),(359,'The Four Horsemen','regular','Robert','Hardy','J','Sport','','M','1964-08-17','2369 Grove View Rd.','San Diego','CA','USA','92139','xcriderm4@cox.net','619-470-3032','',1,'Bill Hardy','619-470-3032','',NULL,NULL,NULL),(360,'The Four Horsemen','regular','Hugo','Lepur','P','Sport','','M','1969-04-09','9740 San Remo Ct.','Santee','CA','USA','92071','h-lepur@hotmail.com','619-749-2231','',1,'Julie Lepur','619-749-2231','',NULL,NULL,NULL),(361,'The Four Horsemen','regular','William','Porter','M','Sport','','M','1968-07-05','230 Currant Way','Oceanside','CA','USA','92057','bill@mountainbikebill.com','760-521-5597','760-721-0507',1,'Casey Porter','760-721-0501','',NULL,NULL,NULL),(14,'BALLISTIC WONDER & 3 CHAINRINGS','regular','Robert','McCaghren','S','Sport','','M','1983-12-09','PO Box 878','Idyllzona','CA','USA','92549','downhillbobby@cox.net','480-229-3806','',1,'Monica','949-673-3818','',NULL,NULL,NULL),(97,'D.F.L.','regular','Jeffrey','Irvin','J','Sport','620-24-4067','M','1978-01-26','21300 Beach Blv.  Apt. 101','Huntington Beach','CA','USA','92648','imyodaddy14@yahoo.com','(360)-620-7115','(360)-620-7115',1,'Jaime Lintemoot','(661)-435-3352','',NULL,NULL,NULL),(328,'Fitness Zone','regular','Robert','DeMaio','M','Sport','','M','1969-04-23','4505 Norma Dr.','San Diego','CA','USA','92115','robertdemaio@cox.net','858 452 6465','',1,'Kristin DeMaio','619 282 3399','',NULL,NULL,NULL),(329,'Fitness Zone','regular','Grant','Boldt','E','Sport','','M','1978-08-30','PO Box 15573','San Diego','CA','USA','92175','Boldt@rohan.sdsu.edu','714-606-9977','',1,'Christie Caliva','619-282-7153','',NULL,NULL,NULL),(323,'Guidant','regular','Jay','Rendahl','C','Sport','578-86-0684','M','1960-06-17','716 Ruskin Place','San Marcos','CA','USA','92069','jay@vikingcr.com','(760) 889-0791','(760) 744-0343',1,'Deborah Rendahl','(760) 805-2927','',NULL,NULL,NULL),(148,'NSP Shrub Monkeys','regular','Nathan','Garcia','M','Sport','622-09-8630','M','1978-05-16','8831 Geraldine Ave','San Diego','CA','United States','92123','nategarcia@hotmail.com','858 361-8076','858 278-8552',1,'Eloy Garcia','858 278-6125','',NULL,NULL,NULL),(149,'NSP Shrub Monkeys','regular','Daniel','Hefner','R','Sport','','M','1981-07-04','4012 Mt. Brundage Ave.','San Diego','CA','USA','92111','surf4jc007@yahoo.com','858-268-3468','',1,'Robert Hefner','858-268-3468','',NULL,NULL,NULL),(75,'Schprockets','regular','Dan','Plummer','W','Sport','','M','1961-10-06','8550 Clifford Heights Rd.','Santee','CA','USA','92071','dplummer@wheelsonwheels.com','619-449-1076','',1,'Susan Plummer','619-699-3481','',NULL,NULL,NULL),(77,'Schprockets','regular','Brian','Hext','R','Sport','565-55-6881','M','1972-11-02','7069 Park Mesa Way #70','San Diego','CA','USA','92111','bhext@qualcomm.com','858-651-5639','858-505-9955',1,'Jeri Rubin','619-368-6635','',NULL,NULL,NULL),(34,'Sneaky Weasel','captain','Brian','Daugherty','D','Sport','','M','1968-11-25','3421 Herman Avenue','San Diego','CA','USA','92104','bdaugherty@ucsd.edu','858-822-1813','619-521-9505',1,'Cindy Larson','619-521-9505','',NULL,NULL,NULL),(36,'Sneaky Weasel','regular','Mark','Treon','M','Sport','','M','1970-08-08','3908 Beech Avenue','Baltimore','MD','USA','21211','mtreon@zigersnead.com','','410 467-7970',1,'Stacie Stender','410 467-7970','',NULL,NULL,NULL),(354,'TOTAL  MTB','captain','Aly','Rivera','G','Sport','','M','1977-05-07','511 Lewis St.','Los Angeles','CA','USA','90042','alys71bronc@aol.com','(323)478-1939','(323)377-8140',1,'Isabel Leiva','(323)842-7131','',NULL,NULL,NULL),(355,'TOTAL  MTB','regular','Scott','Miller','F','Sport','550-39-6543','M','1962-03-02','25400 Oak St. #1','Lomita','CA','USA','90717','scott.f.miller2@boeing','310.416.2038','310.539.3336',1,'Carol Alatorre','310.539.3336','',NULL,NULL,NULL),(339,'The Chatty Kathys','captain','Laura','Bontrager','','Sport','','F','1956-02-19','153 Suburbia Avenue','Santa Cruz','CA','USA','95062','laura_bontrager@baymoon.com','831-427-0463','',1,'Keith Bontrager','831-332-8118 cell','',NULL,NULL,NULL),(340,'The Chatty Kathys','regular','Kathleen','Meyer','P','Sport','','F','1960-10-14','200 South First Street','Campbell','CA','USA','95008','mtbikermom@yahoo.com','408.374.6136','408.374.6136',1,'Jeff Hane','650.740.7639','',NULL,NULL,NULL),(344,'Voler Dirt Divas','captain','Barbara','Engel','','Sport','','F','1958-05-22','2190 Laurel','Morro Bay','CA','USA','93442','baengel@duke-energy.com','805-595-4209','805-431-2567',1,'Marty Smith','805-772-3374','',NULL,NULL,NULL),(345,'Voler Dirt Divas','regular','Renee','Punzi','L','Sport','','F','1961-01-26','2550 Laurel Ave.','Morro Bay','CA','USA','93442','reneepunzi@charter.net','111-111-1111','111-111-1111',1,'Marty Sanders','805-748-3336','',NULL,NULL,NULL),(346,'Voler Dirt Divas','regular','Holly','Phipps','A','Sport','','F','1966-12-28','1528 Tangelwood Drive','San Luis Obispo','CA','USA','93401','hphipps@charter.net','805-546-8788','805-546-8788',1,'Dennis Libby','805-546-8788','',NULL,NULL,NULL),(347,'Voler Dirt Divas','regular','Joy','Brinkerhoff','M','Sport','602-10-9145','F','1976-09-07','1731 Santa Rosa St. #B','San Luis Obispo','CA','USA','93401','joyride_xc@hotmail.com','805-545-4509','805-544-7079',1,'Kevin Martin','702-277-1263','',NULL,NULL,NULL),(331,'California Grand Crus','captain','Joseph','Padula','A','Sport','608-96-5298','M','1969-02-02','1621 Fair Oaks Ave','South Pasadena','CA','USA','91030','jpadula@hrtextron.textron.com','661-702-5488','',1,'Danielle','661-406-6866','',NULL,NULL,NULL),(332,'California Grand Crus','regular','Ettore','Botta','F','Sport','','M','1951-03-19','350 Mellow Lane','La Canada','CA','USA','91011','ebotta@spacewow.tv','818-2199571','818-2199571',1,'Valerie Botta','818-9293508','',NULL,NULL,NULL),(333,'California Grand Crus','regular','Thomas','McHenry','','Sport','046-50-5246','M','1971-01-01','1025 Hillside Terrace','Pasadena','CA','USA','91105','tmchenry@gibsondunn.com','213-229-7135','',1,'Elena Phleger','626-799-5712','',NULL,NULL,NULL),(334,'California Grand Crus','regular','Tom','Hoffman','L','Sport','','M','1965-05-06','4758 Hayman Ave','La Canada','CA','USA','91011','Tom.L.Hoffman@jpl.nasa.gov','(818) 354-6521','(818) 354-6521',1,'Pam Hoffman','818-678-7012','',NULL,NULL,NULL),(335,'Jesters Plus','captain','John','Wright','R','Sport','','M','1953-10-31','390 E. Glaucus St','Encinitas','CA','USA','92024','jwright@wrightsales.net','760-634-7601','760-436-3533',1,'Claudia Wright','760-436-3533','',NULL,NULL,NULL),(336,'Jesters Plus','regular','Paul','Eovacious','D','Sport','','M','1966-08-04','32246 Via Arias','Temecula','CA','USA','95292','prhcpaul@sbcglobal.net','760-519-5409','909-303-3196',1,'Susan Eovacious','909-303-3196','',NULL,NULL,NULL),(338,'Jesters Plus','regular','Samuel','de la Cruz','','Sport','','M','1960-07-09','2050 Bella Vista Drive','Vista','CA','USA','92084','samd@nctimes.net','760-591-0211','760-727-7756',1,'Deborah de la Cruz','760-727-7756','',NULL,NULL,NULL),(281,'Yard Sale  (R. F. T. C.)','regular','Russell','Barbarino','J','Sport','','M','1960-07-06','38 Talega','Rancho Santa Marg','CA','USA','92688','h2ojocky@cox.net','(949)459-1255','(949)459-1255',1,'Linda Barbarino','(949)459-1255','',NULL,NULL,NULL),(316,'Bontrager Masters','regular','Richard','Latorraca','B','Sport','','M','1952-02-13','2783 Rosedale Ave.','Soquel','CA','USA','95073','richard@nhs-inc.com','831-459-7800','831-476-3845',1,'Marilyn Latorraca','831-476-3845','Work extension is 23',NULL,NULL,NULL),(317,'Bontrager Masters','regular','Tony','Darr','','Sport','','M','1958-04-27','697 W. Worthington','Imperial','CA','USA','92251','t_darr2000@yahoo.com','760 312 1295','760 3551022',1,'Terri','760-355-1022','',NULL,NULL,NULL),(318,'Bontrager Masters','regular','Jim','Parkhurst','','Sport','561-02-7419','M','1956-05-05','2954 Bonanza','San Clemente','CA','USA','92673','parcreate@cox.net','949.842.5142','949.366.0550',1,'Jim Parkhurst','949.366.0550','',NULL,NULL,NULL);

--
-- Table structure for table `rider_rfid`
--

CREATE TABLE `rider_rfid` (
  `rfid` int(4) NOT NULL DEFAULT '0',
  `uid` int(4) NOT NULL DEFAULT '0',
  UNIQUE KEY `rider_rfid_pkey` (`rfid`)
) ENGINE=MyISAM DEFAULT CHARSET=latin1;

--
-- Dumping data for table `rider_rfid`
--

INSERT INTO `rider_rfid` VALUES (12076,343),(12857,151),(2241,353),(14007,160),(12072,286),(12961,63),(12964,25),(1902,330),(14135,229),(1668,219),(12617,220),(13572,174),(13036,175),(13844,176),(2153,177),(14171,221),(12651,222),(12438,223),(12859,224),(13328,247),(12031,248),(14201,249),(12967,250),(14188,251),(13435,265),(13450,266),(14169,267),(13317,268),(13350,269),(12941,126),(13222,127),(12612,128),(13025,129),(14143,130),(12386,30),(13127,31),(12153,32),(12194,33),(12746,319),(12813,348),(11977,349),(14157,350),(13822,351),(12109,352),(13409,260),(12778,261),(12387,262),(14019,263),(14148,264),(13523,169),(12851,170),(13578,171),(12867,172),(12268,173),(11999,230),(13249,231),(13636,232),(12324,233),(12046,234),(13694,121),(12399,122),(13215,123),(13044,124),(12131,125),(13163,194),(13506,195),(13922,196),(12626,197),(13546,198),(11984,64),(12966,65),(12372,66),(12725,67),(12784,68),(12751,211),(13395,212),(13407,213),(14223,214),(12446,320),(13892,53),(13387,54),(13786,55),(13426,56),(14003,57),(12185,38),(12593,39),(12973,40),(12558,41),(12998,78),(13897,79),(12156,80),(2232,81),(12219,82),(14168,358),(13089,359),(13654,360),(14130,361),(13968,362),(13755,368),(13912,13),(12137,14),(12169,15),(13937,16),(13245,108),(12955,109),(12490,110),(12457,111),(13734,235),(12289,236),(14050,69),(11951,70),(13487,71),(13049,325),(12761,282),(12294,283),(13274,284),(13458,285),(12290,243),(12899,244),(12647,245),(13117,246),(13213,26),(13081,27),(12501,28),(13798,29),(13485,96),(12369,97),(13550,98),(12918,99),(12654,178),(13043,179),(13465,180),(12134,181),(14137,17),(12901,18),(13704,19),(12915,20),(13567,326),(14052,327),(11976,328),(13013,329),(12988,321),(13443,322),(12426,323),(13393,324),(13737,117),(13320,118),(13408,119),(13814,120),(13455,270),(12265,271),(14140,272),(13566,273),(12649,186),(13660,187),(12015,188),(12648,189),(12512,92),(12582,93),(14163,94),(13846,95),(13318,190),(14004,191),(12997,192),(13314,193),(12107,147),(13084,148),(13173,149),(13186,150),(13358,311),(11965,312),(13417,313),(12176,314),(14219,135),(13580,136),(12425,137),(12152,138),(12802,74),(12045,75),(12866,76),(11969,77),(14017,88),(13028,89),(13650,90),(13266,91),(12121,9),(12055,10),(13263,11),(12807,12),(14235,161),(13022,162),(13718,163),(13415,164),(13992,303),(13813,304),(13308,305),(13006,306),(13428,34),(14126,35),(12700,36),(12777,37),(13673,104),(14198,105),(13118,106),(14033,107),(13018,139),(12570,140),(13411,141),(14247,142),(13228,21),(13221,22),(12633,23),(13172,24),(12786,354),(12596,355),(12054,356),(12886,357),(12542,339),(14205,340),(14048,341),(13057,342),(12743,344),(13576,345),(13082,346),(12673,347),(12159,203),(14141,204),(13003,205),(13034,206),(12794,152),(13371,153),(12395,154),(13066,155),(12847,225),(13758,226),(13885,227),(13555,228),(13333,331),(14248,332),(13661,333),(14245,334),(13594,156),(12937,157),(13478,158),(12029,159),(14060,207),(14232,208),(13947,209),(12662,210),(13116,239),(12019,240),(13170,241),(12145,242),(13481,335),(13856,336),(13836,337),(13026,338),(13659,252),(13834,253),(13785,254),(14136,255),(13107,199),(12992,200),(12809,201),(13756,202),(13513,291),(12559,292),(13480,293),(13762,294),(14218,299),(12632,300),(12378,301),(13838,302),(12821,182),(12767,184),(13577,183),(13111,215),(13621,216),(12125,217),(12518,218),(12257,295),(12400,296),(13876,297),(14127,298),(12488,48),(12980,49),(12261,50),(12960,51),(13529,307),(14189,308),(12328,309),(13969,310),(13536,165),(14225,166),(13141,167),(12201,168),(14192,287),(12896,288),(12409,289),(14038,290),(13156,278),(13484,279),(12706,280),(12380,281),(13031,131),(13522,132),(12249,133),(13027,134),(13779,315),(12908,316),(13651,317),(13212,318),(12182,100),(13396,101),(12756,102),(11995,103),(13613,58),(13579,59),(13466,60),(13882,61),(12296,143),(12202,144),(12188,145),(12837,146),(13246,256),(13747,257),(13063,258),(13160,259),(12127,363),(12877,364),(12334,365),(13253,366),(13238,367),(12339,369),(14149,370),(13517,372),(13874,373),(14065,374),(12462,375),(12550,376),(12489,379),(12615,380),(13322,381),(12417,382),(12738,377),(12516,383),(13863,384),(13614,385),(14023,386),(12450,378),(13818,387),(12124,388),(13180,389),(13357,390);

--
-- Table structure for table `team`
--

CREATE TABLE `team` (
  `name` varchar(36) NOT NULL DEFAULT '',
  `city` varchar(26) DEFAULT NULL,
  `state` varchar(26) DEFAULT NULL,
  `country` varchar(26) NOT NULL DEFAULT '',
  `class` char(2) NOT NULL DEFAULT '',
  `ala` tinyint(1) NOT NULL DEFAULT '0',
  `sponsors` varchar(255) DEFAULT NULL,
  `anecdote` mediumtext,
  `fee_paid` decimal(9,2) DEFAULT NULL,
  `online_reg` tinyint(1) NOT NULL DEFAULT '0',
  `payment_type` char(2) DEFAULT NULL,
  `username` varchar(8) DEFAULT NULL,
  `password` varchar(8) DEFAULT NULL,
  `admin_notes` varchar(255) DEFAULT NULL,
  `song_title` varchar(50) DEFAULT NULL,
  `song_artist` varchar(50) DEFAULT NULL,
  `number_of_riders` int(3) DEFAULT NULL,
  UNIQUE KEY `team_pkey` (`name`)
) ENGINE=MyISAM DEFAULT CHARSET=latin1;

--
-- Dumping data for table `team`
--

INSERT INTO `team` VALUES ('S.C.U.M.B.A.G.s','San Diego','CA','USA','MS',0,'','',510.00,1,'CC','scumbag','scumbag1','',NULL,NULL,NULL),('The Path Bike Shop','Tustin','CA','USA','MS',0,'The Path Bike Shop\015\012215 West First Street , Tustin, CA 92780\015\012714-669-0784 -- sales@thepathbikeshop.com  \015\012\015\012http://www.thepathbikeshop.com/','Four guys planning to have Lots of fun, I\'ve raced \"Granny Gear\" at Moab, and have since done others, by far, Granny Gear was the best marked course, and there fore the safest and  most fun',510.00,1,'CC','denisd','654321','',NULL,NULL,NULL),('Two Pump Chumps','Fountain Valley','CA','USA','MV',0,'Newport Beach Brewing Company\015\012DogBone racing','\"We\'re not here for a long time, just a good time!\"',510.00,1,'CC','marcazco','agentma0','',NULL,NULL,NULL),('Scrumblers','Los Angeles','CA','USA','MV',0,'Advil, Natrol, Bengay and Ace bandages','',510.00,1,'CC','solarart','password','',NULL,NULL,NULL),('Hot Wheels','Norco','CA','USA','WE',0,'Team Ironclad/Go Girls/Amgen','',510.00,1,'CC','traymond','bikergal','',NULL,NULL,NULL),('Rollin\' Toads','Orange / San Diego county','CA','USA','5P',0,'Family, friends, and pets','We are an ecletic bunch of mountain biking enthusiasts ready to tear up the temecula trails. thanks Granny gear for bringing your venue to Southern California!',635.00,1,'CC','Rollin5','Toads5','',NULL,NULL,NULL),('McFee, Matt G.','Pacific Palisades','CA','USA','M1',0,'Hammer Nutrition','This is my first attempt at solo.  May god have mercy on my soul.',310.00,1,'CC','mmcfee','9g6sdxr7','',NULL,NULL,NULL),('A Dirty Dozen - By weight not volume','Escondido','CA','USA','CD',0,'','',510.00,1,'CC','chadne','fgsltw','',NULL,NULL,NULL),('Dead Last','San Diego','CA','USA','MS',0,'','',510.00,1,'CC','mission','trails','',NULL,NULL,NULL),('DA HUI TRAIL RIDERS','Corona','CA','USA','MS',0,'','',500.00,0,'CK','wtonel','wivespay','',NULL,NULL,NULL),('O.M.A.H. (Oh My A_ _ Hurts)','Garden Grove','CA','USA','5P',0,'','',625.00,0,'CK','jrands','omah123','',NULL,NULL,NULL),('Rat Racers','Aliso Viejo','CA','USA','5P',0,'','',635.00,1,'CC','ratracer','masimo','',NULL,NULL,NULL),('Testosterone Bonding Club','Palm Desert','CA','USA','5P',0,'','',635.00,1,'CC','rpippin','bigpippi','',NULL,NULL,NULL),('Schprockets','San Diego','CA','USA','MS',0,'','Just a bunch of guys who like to ride together day, night or both.  Our team consists of two advanced riders and two intermediate riders, I\'m being generous with the \"intermediate\" label.',510.00,1,'CC','dteafati','beardog2','',NULL,NULL,NULL),('Just Glad to be Here.','San Diego','CA','USA','MS',0,'','3 of us are from San Diego, the other one from Orange County.  We\'re here for fun and to get in some great riding, and, as a tribute to Mike Vihon.  Not expecting to win anything, but you never know.  This is our first team race together, but we\'ve all done at least one 24 hour race before, in either Tucson, Moab, or both.  We\'re real psyched that Grannygear has come to San Diego.  Long live long rides.  Hopefully somebody has a big party afterwards.  We\'ll all be ready for a few beers on Sunday, and perhaps even some tequila.',510.00,1,'CC','maxewiii','surf6869','',NULL,NULL,NULL),('LUSARDI CONSTRUCTION COMPANY','San Marcos','CA','USA','MS',0,'Lusardi Construction Company','',510.00,1,'CC','Lusardi','7443133','',NULL,NULL,NULL),('Sola Velocita','San Dimas','CA','USA','SR',0,'','We can\'t afford derailleurs.',510.00,1,'CC','velocita','zeppelin','',NULL,NULL,NULL),('Not Too Old To Get Up Get On Get Off','Oakland','CA','USA','MM',0,'Anyone interested.','One Stud, one egomaniac and one guy who had to get permission to come to the race. One Lawyer, one property mananger one money guy. One good, one bad, one ugly.',510.00,1,'CC','Beckham','manutd7','',NULL,NULL,NULL),('StinkingWeasels.com','Carlsbad','CA','USA','MS',0,'','Old age and treachery...',510.00,1,'CC','weasels','Old!Age!','',NULL,NULL,NULL),('Big Nasty','San Diego','CA','USA','MS',0,'Enron, Worldcomm, and OMM...BigNastyProductions.com, Dez construction, ice cold Coca-Cola, and closest to our heart - Budweiser','Our bikes may not be fast, but our women sure are...\015\012\015\012We packed it up and did the Moab race last year and had an absolute blast.  Totally impressed with how well the race was put together, 100% class act...so, we are extremely excited with the chance to do it closer to home!!!',510.00,1,'CC','alex8675','NoDice','',NULL,NULL,NULL),('It Hurts When I Sit !!!','Las Vegas','NV','USA','ME',0,'My Wife!','The team consists of a Geologist, Jr. High Teacher, Manager for Squaw Creek Resort (Tahoe) & a Server for Aqua (5 Star Restaurant in the Bellagio Hotel) who makes more $$$$ than the rest combined!!',510.00,1,'CC','jnjill','password','',NULL,NULL,NULL),('SDBMA Renegades','San Diego','CA','USA','5P',0,'','',0.00,0,'CK','celapino','sdmba1','Free team website, broadcast emails, IMBA club provided insurance for LAK.',NULL,NULL,NULL),('Ted\'s Vintage Masters','Claremont','CA','USA','MM',0,'WB Productions\015\012Incycle Cycle Shops','',0.00,0,'CK','bowen','vaillake','',NULL,NULL,NULL),('Arrogant Bushwackers','Poway','CA','USA','MM',0,'','',500.00,0,'CK','bwright','bushwack','',NULL,NULL,NULL),('In Domino confido','San Diego','CA','USA','MV',0,'Our Lord and Savior (He\'s also on everyone else\'s team)\015\012Team Ironclad','Our team is comprised of members of Team Ironclad, the mountain bike racing team for the International Christian Cycling Club.  Can you figure out the name of our team?',510.00,1,'CC','ironclad','domino','',NULL,NULL,NULL),('Bike Empire 1','Poway','CA','USA','MV',0,'Bike Empire, Applied Micro Circuit Corp., Off Road Warehouse, Bell Sports, Smith Sport Optics, Rock n Roll Lubrication.','',500.00,0,'CK','brickley','empire1','',NULL,NULL,NULL),('The Four Skins','Pasadena','CA','USA','MS',0,'','We are all avid mountain bike riders. This is our first attempt at a 24 hour event.We have all done long, epic rides, but nothing like this. If all goes well, we\'ll be back next year.',510.00,1,'CC','dluton','solstice','',NULL,NULL,NULL),('5 Rolled Tacos','San Diego','CA','USA','5P',0,'','L-L-Mondo (L-L stands for the Latin Lover)',625.00,0,'CK','josephl','tacos123','',NULL,NULL,NULL),('Slow Pokes','Tucson','AZ','USA','5P',0,'Sooter\'s Auto Service','',635.00,1,'CC','jethro','harley','',NULL,NULL,NULL),('www.y-events.com','Fallbrook','CA','USA','5P',0,'WB Productions','',0.00,0,'CK','kbowen','vlake1','',NULL,NULL,NULL),('Harold\'s Team','Temecula','CA','USA','MV',0,'None','Named after our friend and co-worker, Harold Davis,  who passed away from prostate cancer last Aug (02).',510.00,1,'CC','elsman','trials','',NULL,NULL,NULL),('Aerodynamically Challenged','Salt Lake City','UT','USA','MV',1,'BIG THANKS to all of the generous folks at Boeing!\015\012If it ain\'t Boeing, I ain\'t going!\015\012This is our second race as ALA Earlybird riders!','',0.00,0,'CK','troynye','flyhigh','',NULL,NULL,NULL),('Paino, Jon','Temecula','CA','USA','M1',1,'Ellsworth Bicycles, IE Bikes, Rockshox, FSA Components, Maxxis Tires, Zeal Optics, MAXM Bars and posts, Specialized Gear','After having some success in NORBA events I am aiming to cross over into the endurance world.  As a semi-pro xc racer I am very excited to be throwing my hat in the ring, so to speak, in what is perhaps the most mentally and physically challenging event in the sport of mountain biking.',310.00,1,'CK','jpaino','rideone','',NULL,NULL,NULL),('Juarez, David Tinker','Downey','CA','USA','M1',0,'Siemens mobile cannondale','',310.00,1,'CC','godone','godbless','',NULL,NULL,NULL),('Interrobang','La Canada','CA','USA','MV',0,'','',500.00,0,'CK','kareemb','lacanada','',NULL,NULL,NULL),('Sin City Singlespeeders','Las Vegas','NV','USA','MS',0,'','We\'re 4 Air Force guys who like to ride singlespeeds in Vegas',510.00,1,'CC','dings93','1qaz!QAZ','',NULL,NULL,NULL),('Kukai Racing','Whittier','CA','USA','MV',0,'','',500.00,0,'CK','csonger','kukai987','',NULL,NULL,NULL),('Blood, Sweat & Gears','Murrieta','CA','USA','5P',0,'','',625.00,0,'CK','acapone','bsg579','',NULL,NULL,NULL),('Irie Riders','Albuquerque','NM','USA','MS',0,'Jah-H.I.M','The only way to race, is the high way.',500.00,0,'CK','jjohnson','irieride','',NULL,NULL,NULL),('Crash and Burn','Las Vegas','NV','USA','MS',0,'','Don\'t try to follow',510.00,1,'CC','robert','lasvegas','',NULL,NULL,NULL),('Laichtman, David A.','Pacific Palisades','CA','USA','M1',0,'none','-24 hours of Tahoe in \'02, riding solo, I thought I saw a giant sloth around one AM, EMT guy kept a REAL close eye on my after he heard about that.',310.00,1,'CC','daveguy','squids','',NULL,NULL,NULL),('Hosedraggers','Cheyenne','WY','USA','MS',0,'I-Bike in Greeley, Colorado.  Thanks Mike \015\012The Phreek Industries.  Check out the website at: Thephreek.com','Jon and Collin are professional firefighters in Cheyenne, Wyoming.  Doug is a professional firefighter in Greeley, Colorado.  Lucas is a professional wildland firefighter for Craig District Fire, in Colorado.  Raced 24hrs of Moab last year.  All beginner 24 hour racers.',510.00,1,'CC','dougis','verygay','',NULL,NULL,NULL),('Who Are Those Guys!','san diego','CA','USA','MV',0,'','Our team name is from the movie, Butch Cassidy and The Sundance Kid. B and S used all their tricks to get away, but the posse kept coming. B and S were then heard to say, \"Who are those guys\"? The posse was relentless, surprisingly able, and kept hunting them down and that is the spirit of our team.',510.00,1,'CC','russell','yetipro','',NULL,NULL,NULL),('Dry Mouth Guys','Steamboat','CO','USA','MS',0,'Honey Stinger, Orange Peel Bikes','',510.00,1,'CC','cotton','reefer','',NULL,NULL,NULL),('Sudden Dismount','San Diego','CA','USA','MV',0,'','',510.00,1,'CC','Hollensb','jendam','',NULL,NULL,NULL),('Old But Talented','Yorba Linda','CA','USA','MV',0,'Viagra','',500.00,0,'CK','dsieveke','viagra','',NULL,NULL,NULL),('Skid Mark','Los Angeles','CA','USA','MS',0,'SUPERGO','Night riders from L.A. who ride as much as possible but proudly have shockingly low to no technical knowledge (i.e. suspension travel, size of tires etc).',510.00,1,'CC','gnasher','ac6631','',NULL,NULL,NULL),('Thursday Nightriders','Redondo Beach','CA','USA','MV',0,'Self sponsored','Thursday nightride friends',510.00,1,'CC','Miller','Thursday','',NULL,NULL,NULL),('Pogue Mahone','San Diego','CA','USA','MS',0,'','Three guys in the Coast Guard and one of their dads. Last year in Idylwild we did the race with only one of us having ridden more than twice in a year. My dad had never been on a mountain bike before. He did a very injured 3.5 hour lap but didn\'t quit so we wouldn\'t quit either.',510.00,0,'CC','trooks','pmahone','',NULL,NULL,NULL),('Numbnuts','Ojai','CA','USA','MV',0,'Budweiser, Miller Lite, Fat Tire Ale, Cuervo Gold Tequila, Betty Ford Clinic.','Our team mottos:\015\012Pain is Weakness leaving the body.\015\012Pee is Beer leaving the body.\015\012\015\012Web Site:\015\012http://www.vegesaur.com/numbnuts',510.00,1,'CC','numbnut','sixpack','',NULL,NULL,NULL),('Bontrager Masters','Santa Cruz','CA','USA','MM',0,'Fisher\015\012Bontrager','',510.00,1,'CC','richkatz','KeithB','',NULL,NULL,NULL),('CenterFocus Fitness','Temecula','CA','USA','MS',0,'CenterFocus Fitness','All five members are employees of the Guidant Corporation. The three oldest members are accomplished Ironman Triatheletes. The youngest member is a former MTB racer from Fort Lewis, CO.',635.00,1,'CC','Hightech','3lsbruce','',NULL,NULL,NULL),('Team Sock','Solana Beach','CA','USA','MV',0,'LUND CHIROPRACTIC -Encinitas + Point Loma\015\012BANKERS REALTY\015\012SUN PERFORMANCE','Winning \"Mountain Bike Tip\" entry in Competitor magazine:\015\012\015\012ALWAYS BRING A SPARE SOCK! There are several possible uses, but this one nearly saved my life. At the beginning of a 4 hour epic ride, I realized I had forgotten my bike shorts. I didn\'t get more than 20 pedal strokes before I knew this was NOT going to work.  I pulled the spare sock out of my camelback and slipped it over the whole \"package\" then I zipped the end of the sock into my zipper so I wouldn\'t lose it. The ride turned out to be a great one and I was so thankful to be SAVED BY THE SOCK!\015\012\015\012SCOTT M. LUND, D.C.\015\012\015\012Team members include:\015\012Scott M. Lund, D.C.  aka Dr. Sock\015\012Jim Mangen          aka Jim Sock\015\012Eric Lund           aka    Bro Sock\015\012Steve               aka    Von Sock',0.00,0,'CK','scottlun','winner','',NULL,NULL,NULL),('Snyder, Nelson','Portland','OR','USA','M1',0,'Hammer Nutrition,  Adidas','',310.00,0,'CC','nelson71','6150','',NULL,NULL,NULL),('Riding for our Lunch Money','Heber','UT','USA','DP',0,'White Brothers Suspension, Toko, Jans Mountain Outfitters, Vittoria, XL-1','\"The pleasing odor is half the point\"',450.00,1,'CC','riding','lunchs','',NULL,NULL,NULL),('Yard Sale  (R. F. T. C.)','Rancho Santa Margarita','CA','USA','MV',0,'','',500.00,0,'CK','tjohnson','yardsale','',NULL,NULL,NULL),('Jesters Plus','Escondido','CA','USA','MV',0,'','',510.00,1,'CC','blueboy','coffee','',NULL,NULL,NULL),('Dude where\'s my bike','Murrieta','CA','USA','MS',0,'Kim\'s Construction (San Diego), Costco Wholesale, RMS Ent., Microfiber Unlimited','',510.00,1,'CC','murrieta','goldmemb','',NULL,NULL,NULL),('Chynoweth, Mathew','Auburn','CA','USA','M1',0,'Auburn Bike Works','Solo One Gear',310.00,1,'CC','Mathew','bikers','',NULL,NULL,NULL),('Voler Dirt Divas','Morro Bay','CA','USA','WS',0,'Voler Cycling Apparel','',510.00,1,'CC','bengel','dirtdiva','',NULL,NULL,NULL),('No Right to be Here','San Diego','CA','USA','5P',0,'','The only people we could get together, willing to do a race this early in the season.',635.00,1,'CC','temecula','granny','',NULL,NULL,NULL),('California Grand Crus','Pasadena','CA','USA','MV',0,'We wish! And we wish for more!','We are most certain that the consumption of wine is a critical part of training for such an event!  And we practice that philosophy regularly.',510.00,1,'CC','cgcrus','babette','',NULL,NULL,NULL),('NiteRider-CanAm Kablam!','Los Angeles','CA','USA','5P',0,'NiteRider, Marzocchi, Azonic, Truvativ','Hi, my name is Paul, and I\'m an alcoholic... Oh crap, this is the wrong webite! Oops, sorry.',510.00,1,'CC','marzocc','bomber','',NULL,NULL,NULL),('Irons, Jamie l.','Morro Bay','CA','USA','M1',0,'Art\'s Baywood Cyclery,Specialized.','Born from Team Stray Voltage last year at the 24 of Tahoe going solo this year at Temecula with spirit and energy of Team Stray Voltage and inspiration of the Dirt Diva\'s. Ride On!',310.00,1,'CC','jamus88','girligir','',NULL,NULL,NULL),('Nortrem-Baja-Mexico','MEXICALI','CA','MEXICO','MS',0,'Supergo\015\012Granny Gear','Cuidado Raza. The mexicans are coming.',0.00,0,'CK','jramirez','supergo','Super Go Winner',NULL,NULL,NULL),('Dork Boys New and Improved','Crestline','CA','USA','MJ',0,'Bear Valley Bikes, Big Bear Lake, CA.  Just west of Magic Mountain and the Alpine Slide.','I just want to say that we are going to win.  We are also going to be the coolest Dorkboys out there.',500.00,0,'CK','tdowning','dorkboys','',NULL,NULL,NULL),('Mudd Falcons','San Pedro','CA','USA','5P',0,'Pico Pica, Harpurs Motorsports','A mud falcon is a flying sack of shit cast off by climbers when they are on multi-day vertical ascents.  We spell our team name with two \"d\'s\" so it\'s way different.',635.00,1,'CC','yojay67','falcons','',NULL,NULL,NULL),('The Four Horsemen','San Diego','CA','USA','MS',0,'','We are glad to be part of the first 24 hours of Temecula. Two of us are 24 hour vets and two are about to be. So let\'s all have fun, race without endos, and suffer every inch of the 1,880 ft. of climbing per lap!',500.00,0,'CK','kross','4horses','',NULL,NULL,NULL),('Darragh, Andy S.','San Diego','CA','USA','M1',0,'Trek San Diego\015\012Clif Bar','While I do occasionally ride my bike, most of my training consists of doing\015\012trailwork with the San Diego Mountain Biking Association.  I figure that a\015\012hard whack to the shin with a McLeod should be good preparation for the pain\015\012of going 24 solo!',300.00,0,'CK','adarragh','onerider','',NULL,NULL,NULL),('NSP Shrub Monkeys','San Diego','CA','USA','MS',0,'NO1\015\012DEFT','',510.00,1,'CC','mattks17','bike123','',NULL,NULL,NULL),('D.F.L.','Temecula','CA','USA','MS',0,'','',510.00,1,'CC','richshea','aaron1','',NULL,NULL,NULL),('L.A.County Fire Four For 24','Whittier','CA','USA','MV',0,'American distress card,checks,and a little cash','Four firefighters from L.A.Co.F.D. that like to ride,compete and have fun doing it.',510.00,1,'CC','bigfire','maag24','',NULL,NULL,NULL),('Uphill Endos','Corona','CA','USA','5P',0,'Watson Pharmaceuticals, Inc. & Bodies Under Construction','Anybody can go over the handlebars coming down!',510.00,1,'CC','kwalker','endos123','',NULL,NULL,NULL),('V-Ride','San Juan Capistrano','CA','USA','MS',0,'','',0.00,0,'CK','rnunez','vriding','',NULL,NULL,NULL),('TOTAL  MTB','Los Angeles','CA','USA','MS',0,'N/A','TEAM TOTAL MTB, these guys stepped to the plate when asked to participate in 24 hrs temecula.  The team agreed to race before viewing blueprints of the course, i know we will all do just fine.  I thank you Mike, Alex, Scott, and the support crew for your participation and high spirits.  A message for the compeition......\"get the f..k  out of our way.\"',510.00,1,'CC','redbox','sunset1','',NULL,NULL,NULL),('Brand, Marissa','San Diego','CA','USA','W1',0,'GoGirl','Ahh to race means you can go as fast as you can without getting in trouble.....',310.00,1,'CC','marissa','morgan','',NULL,NULL,NULL),('D\'OH!','San Diego','CA','USA','5P',0,'','',625.00,0,'CK','tnichols','yewhi','',NULL,NULL,NULL),('Breyer, Daniel E.','Solana Beach','CA','USA','M1',0,'Bike 101','Don\'t eat bran muffins the morning of (or week of) the race!',310.00,0,'CK','dbreyer','bike101','',NULL,NULL,NULL),('Don Knotts Overdrive II','San Juan Capistrano','CA','USA','IC',0,'Bike Magazine\015\012A stranger in the Alps','People ask us what else there is to life besides riding bikes. It\'s the usual. Bowl, drive around. The occasional acid flashback.',0.00,0,'CK','ronige2','bikemag2','Bike will owe $350 for charity.',NULL,NULL,NULL),('SCHWEER REALITY / LIFE WITHIN','MURRIETA','CA','USA','MS',0,'Team Schweer Reality- Serving San Diego and Riverside counties. Call Cory at 619-668-2883\015\012Life Within Chiropractic- Dr Marc Gottlieb Serving San Diego County . Call Dr Marc @ 619-291-5433','Erik is a Downhill racer crossing over to XC racing at least for 1 day. \015\012Mitch is a Ironman Tri-athlete and a former Downhill racer. He is going to do all of our laps while we just sit around and eat and drink.\015\012Mike is a Current Expert Downhill Racer and just needs a good workout. Like all good DH racers he will be pushing his bike to the top and running over all of you on the way down.\015\012Jeff is an fitness junkie and a ladies man. If you are bringing your girlfriend you might want to lock her in the RV so he cant get to her while your out riding.\015\012\015\012Please support our sponsors if you are in need of any of their services. They are the best at what they do and are willing sponsors for this and other Mtn. Biking events.',510.00,1,'CC','three6ty','webbman','',NULL,NULL,NULL),('The Chatty Kathys','Santa Cruz','CA','USA','WS',0,'','',510.00,1,'CC','laurab','chatty','',NULL,NULL,NULL),('2 High on Redbull','San Diego','CA','USA','DP',0,'O\'Brien Home Loans, Inc.','\"2 High on Redbull\" got started 24 hour racing in Idyllwild, CA, with a co-ed team that met over the internet. We place 1st.  More challenging was the duo - so we rode Laguna Seca in \'02 and place 1st. Even more challenging is the Vail Lake course.  Mere survival with 10+ laps each is our goal.\015\012\015\012See you at the finish!',460.00,0,'CK','mobrien','redbull','',NULL,NULL,NULL),('Guidant','Temecula','CA','USA','MS',0,'','Stent this!',380.00,0,'CC','bwilson','medicdev','',NULL,NULL,NULL),('San Diego Snakes','San Diego','CA','USA','5P',0,'','',0.00,0,'CK','burton','snakes','',NULL,NULL,NULL),('BALLISTIC WONDER & 3 CHAINRINGS','IDYLLWILD','CA','USA','ME',0,'I.E. BIKES\015\012CLOCKWORK CONSTRUCTION (IDYLLWILD)\015\012IDYLLWILD LANDSCAPE CO. (IDYLLWILD)\015\012BIKE MIKE ENTERPRISE CO. (IDYLLWILD)\015\012STEVE THE HITMAN BUSHER CONSTRUCTION (IDYLLWILD)','MIKE HAD TO BAIL OUT DO TO A SHOULDER INJURY, HE WILL BE OUR TEAM CAPTAIN AND LEAD US TO VICTORY! WE PICKED UP LEE (TEAR THE FILTER OFF) ARNSON!\015\012KEN & MIKE, ARE FROM (TEAM HEAT) 24 HRS OF ADRENALIN CHAMPS HURKEY CREEK!\015\012STEVEN IS FROM (TEAM DIRT) 3RD PLACE 24 HRS HURKEY CREEK!\015\012THEO IS NEW TO THIS, AND ON FIRE!\015\012LEE HAD TO BAIL OUT! HIS WIFE IS DUE SOON AND ITS BEST IF HE STAYS CLOSE TO HER! (WE WILL MISS YOU)\015\012WE PICKED UP ROBERT (SHOW ME THE CLIMB) McCAGHREN!\015\012HE IS THE BALLISTICWONDERS NEPHEW, WHO TOOK FIRST PLACE IN THE 24HRS OF ARIZONA 2 MAN TEAM! AND AN IMPRESIVE 6TH AT THE SEA OTTER CLASSIC (19 THRU 24)\015\012THIS SHOULD BE THE LAST CHANGE! TO OUR TEAM......\015\012LET IT ROLL',510.00,1,'CC','BALLISTI','122212','',NULL,NULL,NULL),('Pruis,Timari','Northridge','CA','USA','W1',0,'Ellsworth Bicycles','',320.00,0,'CC','tpruis','bikegirl','',NULL,NULL,NULL),('Fitness Zone','San Diego','CA','USA','ME',0,'','Team Fitness Zone would like to thank North of the Border Bikes as well as Fitness Zone Personal Training for their sponsorship!!!',510.00,1,'CC','fitzone','beninsan','',NULL,NULL,NULL),('Birtch, DeJay','Tucson','AZ','USA','M1',0,'Jericho Bicycles\015\012Geax\015\012Smartwool\015\012Drunkcyclist.com\015\012Athlete Octane','When you go chasing the moon, You\'ll be tracked down by the sun!',310.00,0,'CC','dbirtch','judahunt','',NULL,NULL,NULL),('O\'Sullivan, Dan','San Diego','CA','USA','M1',0,'Wild Woolies','',310.00,0,'CK','dsulliva','woolies','',NULL,NULL,NULL),('Willis Funk','Placentia','CA','USA','MS',0,'','',510.00,0,'CS','jspina','willis','',NULL,NULL,NULL),('Bolsak racing','l.a.','CA','USA','DP',0,'Teebag city','swollen',510.00,1,'CC','kmillsap','ridefast','',NULL,NULL,NULL),('Princess\' Ride','San Diego','CA','USA','ME',0,'Seven Eleven','Hailing from RB, Point Loma, Chula Vista, and Tierra Santa...we can talk some serious smack. Our team captain \"The Princess\" Bryan Clark will bring us the leadership and motivation we need to whine all night long. Steve \"Sergeant\" Magers will be the voice of reason providing both wisdom and mechanical skills to our team. Steve once changed a tubeless tire in a record-setting two hours! Also joining the team is Henry, the tri-guy who is going to power through the long climbs all night to train for the triathalon next weekend. Matt, even though he was born on the same day as Bryan \"The Princess\" Clark, is the youngest member of the team and works hard to portray an image of responsibility and maturity.',510.00,1,'CC','bryano','whines','',NULL,NULL,NULL),('SDBC - Team San Diego','San Diego','CA','USA','MJ',0,'SDBC/San Diego Bicycle Club/ College Cyclery','',510.00,0,'CS','jlandman','jacob','',NULL,NULL,NULL),('One Awesome God','San Diego','CA','USA','MS',0,'Internation Christian Cycling Club','',520.00,0,'CK','mtande','michael','',NULL,NULL,NULL),('SARS (Shimano Amateur Race Squad)','Irvine','CA','USA','IC',0,'Shimano','',0.00,0,'CK','ftorte','shimano','',NULL,NULL,NULL),('Sneaky Weasel','San Diego','CA','USA','MS',0,'','',510.00,1,'CC','Sneaky','bassey','',NULL,NULL,NULL);

--
-- Table structure for table `team_number`
--

CREATE TABLE `team_number` (
  `bib_number` int(4) NOT NULL DEFAULT '0',
  `name` varchar(36) NOT NULL DEFAULT '',
  PRIMARY KEY (`bib_number`,`name`)
) ENGINE=MyISAM DEFAULT CHARSET=latin1;

--
-- Dumping data for table `team_number`
--

INSERT INTO `team_number` VALUES (1,'Chynoweth, Mathew'),(2,'Darragh, Andy S.'),(3,'Irons, Jamie l.'),(4,'Juarez, David Tinker'),(5,'Laichtman, David A.'),(6,'McFee, Matt G.'),(7,'Paino, Jon'),(8,'Snyder, Nelson'),(9,'Brand, Marissa'),(10,'Riding for our Lunch Money'),(11,'It Hurts When I Sit !!!'),(12,'Hot Wheels'),(13,'5 Rolled Tacos'),(14,'Blood, Sweat & Gears'),(15,'Mudd Falcons'),(16,'NiteRider-CanAm Kablam!'),(17,'No Right to be Here'),(18,'O.M.A.H. (Oh My A_ _ Hurts)'),(19,'Rat Racers'),(20,'Rollin\' Toads'),(21,'SDBMA Renegades'),(22,'Slow Pokes'),(23,'Testosterone Bonding Club'),(24,'Uphill Endos'),(25,'www.y-events.com'),(26,'V-Ride'),(27,'Don Knotts Overdrive II'),(28,'The Four Horsemen'),(29,'Birtch, DeJay'),(30,'Breyer, Daniel E.'),(31,'BALLISTIC WONDER & 3 CHAINRINGS'),(32,'Big Nasty'),(33,'Bolsak racing'),(34,'CenterFocus Fitness'),(35,'Crash and Burn'),(36,'DA HUI TRAIL RIDERS'),(37,'Dead Last'),(38,'D.F.L.'),(39,'Dry Mouth Guys'),(40,'Dude where\'s my bike'),(41,'Fitness Zone'),(42,'Guidant'),(43,'Hosedraggers'),(44,'Irie Riders'),(45,'Just Glad to be Here.'),(46,'LUSARDI CONSTRUCTION COMPANY'),(47,'Nortrem-Baja-Mexico'),(48,'NSP Shrub Monkeys'),(49,'Pogue Mahone'),(50,'Princess\' Ride'),(51,'Schprockets'),(52,'SCHWEER REALITY / LIFE WITHIN'),(53,'S.C.U.M.B.A.G.s'),(54,'Sin City Singlespeeders'),(55,'Skid Mark'),(56,'Sneaky Weasel'),(57,'StinkingWeasels.com'),(58,'The Four Skins'),(59,'The Path Bike Shop'),(60,'TOTAL  MTB'),(61,'The Chatty Kathys'),(62,'Voler Dirt Divas'),(63,'Sola Velocita'),(64,'Aerodynamically Challenged'),(65,'Bike Empire 1'),(66,'California Grand Crus'),(67,'Harold\'s Team'),(68,'In Domino confido'),(69,'Interrobang'),(70,'Jesters Plus'),(71,'Kukai Racing'),(72,'L.A.County Fire Four For 24'),(73,'Numbnuts'),(74,'Old But Talented'),(75,'San Diego Snakes'),(76,'Scrumblers'),(77,'Sudden Dismount'),(78,'Team Sock'),(79,'Thursday Nightriders'),(80,'Two Pump Chumps'),(81,'Who Are Those Guys!'),(82,'Yard Sale  (R. F. T. C.)'),(83,'Arrogant Bushwackers'),(84,'Bontrager Masters'),(85,'Not Too Old To Get Up Get On Get Off'),(86,'Ted\'s Vintage Masters'),(87,'Dork Boys New and Improved'),(88,'A Dirty Dozen - By weight not volume'),(89,'D\'OH!'),(90,'2 High on Redbull'),(91,'SARS (Shimano Amateur Race Squad)'),(92,'Willis Funk'),(93,'Pruis,Timari'),(94,'SDBC - Team San Diego'),(95,'O\'Sullivan, Dan'),(96,'One Awesome God');


