--
-- Host: localhost    Database: grannyge_tahoe2003
-- ------------------------------------------------------


--
-- Current Database: `grannyge_tahoe2003`
--

CREATE DATABASE /*!32312 IF NOT EXISTS*/ `grannyge_tahoe2003` /*!40100 DEFAULT CHARACTER SET latin1 */;

USE `grannyge_tahoe2003`;

--
-- Table structure for table `rider`
--

CREATE TABLE `rider` (
  `uid` int(4) NOT NULL AUTO_INCREMENT,
  `team_name` varchar(36) NOT NULL DEFAULT '',
  `rank` varchar(10) NOT NULL DEFAULT '',
  `firstname` varchar(22) NOT NULL DEFAULT '',
  `lastname` varchar(15) NOT NULL DEFAULT '',
  `middleinit` char(1) DEFAULT NULL,
  `class` varchar(28) NOT NULL DEFAULT '',
  `ssn` varchar(11) DEFAULT NULL,
  `gender` char(1) NOT NULL DEFAULT '',
  `dob` date NOT NULL DEFAULT '0000-00-00',
  `addr1` varchar(64) NOT NULL DEFAULT '',
  `city` varchar(26) NOT NULL DEFAULT '',
  `state` varchar(26) DEFAULT NULL,
  `country` varchar(26) NOT NULL DEFAULT '',
  `zip` varchar(12) NOT NULL DEFAULT '',
  `email` varchar(96) DEFAULT NULL,
  `dayphone` varchar(20) DEFAULT NULL,
  `evephone` varchar(20) DEFAULT NULL,
  `a_waiver` tinyint(1) NOT NULL DEFAULT '0',
  `emergency_contact` varchar(40) DEFAULT NULL,
  `emergency_phone` varchar(20) DEFAULT NULL,
  `admin_notes` varchar(255) DEFAULT NULL,
  `t_shirt_size` varchar(20) DEFAULT NULL,
  `sponsors` varchar(255) DEFAULT NULL,
  `anecdote` mediumtext,
  PRIMARY KEY (`uid`),
  UNIQUE KEY `rider_pkey` (`uid`)
) ENGINE=MyISAM AUTO_INCREMENT=394 DEFAULT CHARSET=latin1;

--
-- Dumping data for table `rider`
--

INSERT INTO `rider` VALUES (7,'Title 19 Violators','captain','Dylan','Loomis','A','Sport','','M','1975-03-12','96 Stoneman','San Francisco','CA','USA','94110','ltspd_htail@yahoo.com','4157864318','4156414009',1,'Thomas Loomis','2069384364','',NULL,NULL,NULL),(11,'Rickshaw Stop','captain','Christopher','White','C','Sport','554-98-1404','M','1970-03-03','30 Child Street #4','San Francisco','CA','USA','94133','cc_white@sbcglobal.net','4155198660','',1,'Amana Ayoub','4152444023','',NULL,NULL,NULL),(9,'Title 19 Violators','regular','Michael','Voie','B','Sport','','M','1974-03-20','421 Duncan St.','San Francisco','CA','USA','94131','mike_voie@yahoo.com','650-227-5535','415-902-7332',1,'Matt Voie','509-745-8645','',NULL,NULL,NULL),(21,'Rickshaw Stop 3- \'The Timber\'','captain','Mark','Clements','','Sport','','M','1967-02-21','155 Downey','San Francisco','CA','USA','94117','mark@fairwaybuilders.com','4158501563','',1,'Suzanne Banfield','4156648129','',NULL,NULL,NULL),(15,'Rickshaw Stop','regular','Leon','Rishniw','','Sport','','M','1966-02-20','430 Connecticut St','San Francisco','CA','USA','94107','lrishniw@yahoo.com','415-641-6230','',1,'Beret Olsen','415-641-6230','',NULL,NULL,NULL),(26,'Shave The Poodles','captain','Jake','Dickerson','','Sport','','M','1965-04-01','908 45th Street','Sacramento','CA','USA','95819','jakedmd@pacbell.net','916-284-3355','916-457-1982',1,'Suzanne Generao','916-284-3529','',NULL,NULL,NULL),(29,'Shave The Poodles','regular','Jeff','Clayton','','Sport','','M','1962-06-11','4289 Alton Court','Sacramento','CA','USA','95864','claytonj@surewest.net','916-855-6037','916-485-5715',1,'Ann Clayton','916-485-5715','',NULL,NULL,NULL),(30,'Lester, Shawn A.','captain','Shawn','Lester','A','Sport','565-76-8408','M','1963-01-18','1353 Victoria Dr.','Gardnerville','NV','USA','89460','pinkies4@yahoo.com','775-265-1657','775-265-1657',1,'Kristine Lester  (wife)','775-265-1657','',NULL,NULL,NULL),(22,'Rickshaw Stop 3- \'The Timber\'','regular','Joe','Singleton','R','Sport','','M','1967-03-25','321 lakeview ave.','san francisco','CA','USA','94112','jsingleton50@hotmail.com','415 452 8910','',1,'molly glennen','4158198910','',NULL,NULL,NULL),(24,'Rickshaw Stop 3- \'The Timber\'','regular','John','Finley','G','Sport','','M','1972-01-16','124 Hillside Avenue','San Rafael','CA','USA','94901','john.finley@wamu.net','4155721713','',1,'Barbara Dunham','8606730627','',NULL,NULL,NULL),(23,'Rickshaw Stop 3- \'The Timber\'','regular','Sarah','Dunham','L','Sport','','F','1970-11-03','124 Hillside Avenue','San Rafael','CA','USA','94901','sdunham@theravance.com','4154129096','',1,'Barbara Dunham','8606730627','',NULL,NULL,NULL),(3,'Recipe for Disaster','regular','Chad','Oppenheimer','','Sport','','M','1968-06-10','2222 39th Place','Washington','DC','USA','20016','coppenheimer@sheagardner.com','202 775 3020','202 333 0842',1,'Jerry Oppenheimer','802 457 3021','',NULL,NULL,NULL),(31,'Pig Iron','captain','Frank','Lux','M','Sport','','M','1965-01-26','1127 S. Genevieve Lane','San Jose','CA','USA','95128','fmlux@luxmfg.com','408-617-0635','408-244-9605',1,'Lori Lux','408-393-6453','',NULL,NULL,NULL),(35,'Top Tube Johnson and da Saddle Sores','captain','Chad','Green','E','Sport','','M','1971-09-26','416 Russell Park #1','Davis','CA','USA','95616','cegreen@ucdavis.edu','530-752-1430','530-297-0421',1,'Becky Green','530-304-9272','',NULL,NULL,NULL),(36,'Top Tube Johnson and da Saddle Sores','regular','Shawn','Pearson','G','Sport','','M','1971-01-19','4858 Ramcreek Trail','Reno','NV','USA','89509','pearson4@charter.net','7757628746','',1,'Catherine Pearson','7758240776','',NULL,NULL,NULL),(39,'Summit','captain','Benjamin','Howell','J','Expert','','M','1979-12-12','PO Box 51202','Sparks','NV','USA','89435','bhowell@unr.nevada.edu','775-848-2343','775-626-7185',1,'Echo Howell','775-848-2343','',NULL,NULL,NULL),(32,'Pig Iron','regular','Scott','Lukes','T','Sport','','M','1969-05-01','4457 Waimea Ct.','San Jose','CA','USA','95118','slukes@fusionmp.com','408-267-3825','',1,'Pam Lukes','408-230-7244','',NULL,NULL,NULL),(4,'Recipe for Disaster','regular','Peter','Weiss','','Sport','','M','1968-01-01','738 La Mesa Drive','Portola Valley','CA','USA','94028','peteweiss@hotmail.com','(650) 723-5656','',1,'Mrs. Weiss','(703) 759-2065','',NULL,NULL,NULL),(33,'Pig Iron','regular','Scott','Matteoni','D','Sport','','M','1967-07-21','Ramita G','San Jose','CA','USA','95128','smatteoni@earthlink.net','408-907-8125','408-371-8958',1,'Leslie Matteoni','408-234-2179','',NULL,NULL,NULL),(43,'Ten months to ten years','captain','Andrew','Nevitt','M','Expert','','M','1964-11-27','21465 Prospect Rd.','Saratoga','CA','USA','95070','andrew_nevitt@sbcglobal.net','408 873-7549','408 873-7549',1,'Julie Nevitt','408 873-7549','',NULL,NULL,NULL),(45,'Ten months to ten years','regular','Grant','Foster','F','Sport','','M','1965-03-15','1168 Creekwood Dr.','San Jose','CA','USA','95129','grantfoster@sbcglobal.net','650 444-2146','408 366-2543',1,'Peggy Foster','408 366-2543','',NULL,NULL,NULL),(47,'Team Voler','captain','Ed','Fonda','J','Sport','','M','1967-06-27','P.O. Box 651','Grover Beach','CA','USA','93483','edf@voler.com','805-473-7808','805-550-9521',1,'Howard Fonda','518-843-2589','',NULL,NULL,NULL),(48,'Team Voler','regular','Bill','McInereny','D','Sport','','M','1968-10-12','1033 Huasna Road','Arroyo Grande','CA','USA','93420','billm@voler.com','800-488-6537','805-709-0888',1,'Kathleen McInerney','805-709-1088','',NULL,NULL,NULL),(49,'Team Voler','regular','James','Helser','C','Sport','','M','1966-02-27','708 Clearview Lane','San Luis Obispo','CA','USA','93405','jimh@voler.com','805-473-7808','805-543-7055',1,'Jenn Bell','805-550-2104','',NULL,NULL,NULL),(50,'Team Voler','regular','Elaine','Wood','E','Sport','','F','1966-06-08','787 Church St.','San Luis Obispo','CA','USA','93401','elainew@velowear.com','805-474-2920','805-541-9337',1,'Doug Highland','805-440-1699','',NULL,NULL,NULL),(56,'Veloce','captain','Brian','Koch','A','Expert','','M','1972-01-03','1819 N. Vagedes Ave','Fresno','CA','USA','93705','baktatwork@yahoo.com','559-441-0795','559-441-0795',1,'Suzanne Pidduck','805-484-5713','',NULL,NULL,NULL),(5,'Recipe for Disaster','regular','Karen Kaull','Weiss','','Sport','','F','1968-01-01','738 La Mesa Drive','Portola Valley','CA','USA','94028','karen.weiss@bankofamerica.com','(415) 622-5244','415.218.0193',1,'Mrs. Weiss','(703) 759-2065','',NULL,NULL,NULL),(57,'Veloce','regular','Kevin','Pidduck','A','Expert','','M','1974-07-26','1121 Bath Lane','Ventura','CA','USA','93001','kevin@rentvillas.com','805-641-1650','805/207-0372',1,'Suzanne Pidduck','805-484-5713','',NULL,NULL,NULL),(60,'Rollin Funk','captain','Andy','Ramirez','R','Sport','566-33-3026','M','1972-02-01','3355 Thornhill Drive','Reno','NV','USA','89509','andy@westcoastnv.com','7757477774','7753233164',1,'Chandra Ramirez - Wife','7752333633','',NULL,NULL,NULL),(64,'Slow Children at Play','captain','Charles','Boynton','D','Sport','','M','1968-02-26','1445 Arbor Lane','Alamo','CA','usa','94507','chuck.boynton@commerceone.com','925 520 4455','925 858 9565',1,'Jenni Boynton','925 285 1402','',NULL,NULL,NULL),(65,'Slow Children at Play','regular','Robert','Gaffney','P','Sport','376-84-8314','M','1968-04-26','1303 Greenbrook Dr','Danville','CA','USA','94526','rgaffney@commerceone.com','925-548-3238','',1,'Angela Gaffney','925-683-8512','',NULL,NULL,NULL),(44,'Ten months to ten years','regular','John','Gilligan','','Expert','','M','1968-06-27','13500 Ward Wy.','Saratoga','CA','USA','95070','plus2mtb@aol.com','650 575-5201','408 872-1880',1,'Lisa Gilligan','408 872-1880','',NULL,NULL,NULL),(82,'Four on the Floor','captain','Seth','Taylor','L','Sport','','M','1975-05-22','170 Guerrero St Unit G','San Francisco','CA','USA','94103','seth_taylor26@yahoo.com','877 597 8750','877 597 8750',1,'Stacey Hill','925 694 8858','',NULL,NULL,NULL),(83,'Four on the Floor','regular','Jake','Scarbrough','','Sport','','M','1972-02-26','1955 10th Ave','San Francisco','CA','USA','94116','scarbrough_jake@emc.com','415.661.5116','415.661.5116',1,'Molly Scarbrough','415.661.5116','',NULL,NULL,NULL),(85,'Four on the Floor','regular','Mike','Bergstrom','','Sport','','M','1968-04-30','41 Thomas Ave','Brisbane','CA','USA','94005','mike@mikedesignco.com','(415) 467-0505','(415) 467-0505',1,'Brandy Bergstrom','650) 245-6773','',NULL,NULL,NULL),(75,'Gaping Head Wounds','regular','Robert','Brawley','M','Expert','','M','1965-12-13','243 Ebb Point Lane','Annapolis','MD','USA','21401','a10brawley@earthlink.net','410 224 2467','410 224 2467',1,'Kristin Brawley','410 336 5559','',NULL,NULL,NULL),(90,'24 Hours of Uh-Oh!','captain','Stewart','Irving','D','Sport','','M','1965-10-07','4414 Clarewood Drive','Oakland','CA','USA','94618','stewart@jointjuice.com','(415) 563-1570','(510) 654-9436',1,'Noreen Irving','(510) 816-8302','',NULL,NULL,NULL),(94,'24 Hours of Uh-Oh!','regular','Noreen','Irving','Y','Sport','','F','1967-06-12','4414 Clarewood Drive','Oakland','CA','USA','94618','noreeny@hotmail.com','(510) 273-2321','(510) 654-9436',1,'Stewart Irving','(415) 420-2100','',NULL,NULL,NULL),(91,'24 Hours of Uh-Oh!','regular','Chris','Sugai','','Sport','','M','1965-11-30','7115 Canoga Avenue','Canoga Park','CA','USA','91303','solarart@aol.com','(310) 613-1010','',1,'Nora Tabata','(310) 993-6543','',NULL,NULL,NULL),(92,'24 Hours of Uh-Oh!','regular','Alan','Sugano','D','Sport','','M','1964-09-25','5 Albero Court','Rancho Palos Verdes','CA','USA','90275','asugano@adscon.com','(310) 486-0739','(310) 377-9851',1,'Suzanne Afuso-Sugano','(310) 251-9657','',NULL,NULL,NULL),(93,'24 Hours of Uh-Oh!','regular','Dan','Irving','','Sport','','M','1965-08-10','4434 Harbord Drive','Oakland','CA','USA','94618','dirving@deloitte.com','(415) 783-4408','(510) 601-7343',1,'Carolyn Irving','(510) 601-7343','',NULL,NULL,NULL),(86,'Team Bicycles Plus','captain','Michael','Chastaine','L','Sport','','M','1960-05-18','4325 Lafayette Drive','El Dorado Hills','CA','USA','95762','mchastaine@randwlaw.com','916-792-9246','916-939-7294',1,'Melody Chastaine','916-939-7294','',NULL,NULL,NULL),(76,'Gaping Head Wounds','regular','Rand','Howard','A','Sport','','M','1962-03-27','1490 Lake Front Court','Park City','UT','USA','84098','zrandman@hotpop.com','435-513-9108','',1,'Darcy Howard','435-602-9108','',NULL,NULL,NULL),(10,'Title 19 Violators','regular','Damon','Knox','M','Sport','','M','1973-12-07','531 Broderick','San Francisco','CA','USA','94117','chefknox@hotmail.com','415-235-8950','',1,'William Knox','310-989-6956','',NULL,NULL,NULL),(109,'The Westicles','captain','Patt','Drawe','','Sport','','M','1970-06-27','7200 Forest Ridge Circle','Castle Rock','CO','USA','80108','pdrawe@nationalmortgagecoinc.com','303-663-2292','',1,'Jenna Drawe','720-270-3675','',NULL,NULL,NULL),(110,'The Westicles','regular','James','VonSteeg','B','Sport','','M','1972-12-14','617 Sherman St.','Castle Rock','CO','USA','80108','jvonsteeg@nationalmortgagecoinc.com','303-789-9999','720-339-6801',1,'','','',NULL,NULL,NULL),(101,'zgtec.com internationals','regular','Rachel','Welsh','','Sport','','F','1971-11-15','124 Teal Court','Aspen','CO','USA','81611','Dave.Mascall@LeMeridien.com','(970) 544-0527','(970) 920-4599',1,'Sabine Fowler','(970) 920-4599','',NULL,NULL,NULL),(74,'Gaping Head Wounds','captain','Dwight','Robertson','E','Sport','','M','1963-11-24','2440 E Desert Willow Dr.','Phoenix','AZ','USA','85048','drhog@cox.net','480-704-5685','',1,'Charlene Robertson','480-704-5685','',NULL,NULL,NULL),(100,'zgtec.com internationals','regular','Dave','Mascall','','Sport','','M','1971-11-01','124 Teal Court','Aspen','CO','USA','81611','Dave.Mascall@LeMeridien.com','(970) 544-0527','(970) 920-4599',1,'Sabine Fowler','970-920-4599','',NULL,NULL,NULL),(113,'Chynoweth, Mathew','captain','Mathew','Chynoweth','','Pro','536-13-1015','M','1977-12-30','350 Grass Valley HWY','Auburn','CA','USA','95603','ridehrd@auburnbikeworks.com','530.885.3861','530.906.0415',1,'Lisa Kodl','530.906.2352','',NULL,NULL,NULL),(114,'Donkey Riders','captain','Michael','Pence','P','Sport','215-76-8557','M','1970-10-02','931 Timothy Lane','Menlo Park','CA','USA','94025','mpence@tellme.com','650-930-9024','',1,'Lea Pence','650-289-9075','',NULL,NULL,NULL),(73,'Bloody Taint','regular','Michael','Woodel','','Sport','560-57-6476','M','1964-02-29','4504 Pheasant Lane','Rocklin','CA','USA','95765','mike@csdsinc.com','916-847-8351','',1,'CaseyWoodel','916-768-6489','',NULL,NULL,NULL),(118,'Triumph','captain','Chris','Scola','M','Sport','','M','1967-04-25','5751 begonia dr','san jose','CA','USA','95124','scolahome@yahoo.com','408 445 2130','408 445 2130',1,'paul Scola','408 266 5908','',NULL,NULL,NULL),(121,'Triumph','regular','Rich','Leonetti','J','Sport','','M','1966-03-06','1039 Camino Ricardo','san jose','CA','USA','95125','leonetti_rich@yahoo.com','408 219 7050','408 219 7050',1,'Fred Leonetti','831 637 7892','',NULL,NULL,NULL),(119,'Triumph','regular','Jeff','Okubo','S','Sport','','M','1968-02-10','1788 Ellen Ave','san jose','CA','USA','95125','jeffokubo@hotmail.com','408 219 1519','408 269 5343',1,'Mr. Okubo','831 637 2657','',NULL,NULL,NULL),(123,'Dusseljee, Isaiah','captain','Isaiah','Dusseljee','','Expert','612-56-8108','M','1984-12-28','107 Prospect st.','Nevada City','CA','USA','95959','myaddress@dontgotmail.com','530-559-1866','',1,'Maxine Dusseljee','530-265-6557','',NULL,NULL,NULL),(124,'HammerFall','captain','Andrew','Scott','J','Sport','534-04-4376','M','1971-01-31','1055 Sherman Ave','Menlo Park','CA','USA','94025','andys@tellme.com','650.930.9017','415.509.5915',1,'Megan Owen','415.819.6935','',NULL,NULL,NULL),(125,'HammerFall','regular','Tom','Ederer','','Sport','532-72-0799','M','1970-11-23','1855 E Shelby St','Seattle','WA','USA','98112','tome@intven.com','206-390-6424','',1,'Jenny Ederer','206-320-1088','',NULL,NULL,NULL),(126,'HammerFall','regular','Eric','Scott','','Sport','533-96-9799','M','1969-03-08','11755 Oslo Drive','Truckee','CA','USA','96161','erics@eventpoint.com','530.582.5208','',1,'Shana Wapstra Scott','530.582.5208','',NULL,NULL,NULL),(115,'Donkey Riders','regular','Chris','Lohman','','Sport','','M','1973-04-01','1250 S. Saltair Ave. #203','Los Angeles','CA','USA','90025','clohman@alchemisity.com','310-869-5770','310-869-5770',1,'Abby Eskin','818-571-2898','',NULL,NULL,NULL),(122,'Triumph','regular','Alicia','Hunner','J','Sport','','F','1972-07-28','415 Park Way','Santa Cruz','CA','USA','95062','alicia_hunner@affymetrix.com','408 731 5465','831 469 0568',1,'Brian Burt','831 469 0568','',NULL,NULL,NULL),(116,'Donkey Riders','regular','Ben','Paik','','Sport','','M','1971-10-19','100 wilshire blvd suite 1100','santa monica','CA','USA','90401','ben_paik@monitor.com','310-699-1344','310-393-4432',1,'Sarah Chung','310-621-9561','',NULL,NULL,NULL),(128,'Singletrack Minds','captain','Karl','Wenzler Jr.','H','Sport','','M','1966-05-03','1400 Spring St','Brentwood','CA','USA','94513','the5wenzlers@hotmail.com','925-513-0616','925-513-0616',1,'Heather Wenzler','925-513-0616','',NULL,NULL,NULL),(129,'Singletrack Minds','regular','Chris','Benziger','','Sport','','M','1964-11-11','1883 London Ranch Rd','Glen Ellen','CA','USA','95442','chrisbz@benziger.com','707 935 4503','707 938 8586',1,'Dawn Benziger','707 938 8586','',NULL,NULL,NULL),(132,'Rat Racers','captain','Tom','McDonald','','Sport','','M','1967-12-05','4231 Vista del Rio Way#2','Oceanside','CA','USA','92057','tmcdonal@masimo.com','(949)253-6481','(760)757-9093',1,'Mai McDonald','(760)757-9093','',NULL,NULL,NULL),(136,'Action Heroes','captain','Jamie','Buck','','Sport','','M','1969-08-21','1256 Sierra Vista Dr.','Gardnerville','NV','USA','89460','Jandjbuck@cs.com','775 265 1713','',1,'Jennifer Buck','775 265 1713','',NULL,NULL,NULL),(133,'Rat Racers','regular','Greg','Flood','','Sport','','M','1970-02-18','24112 Hollyoak, Apt. E','Aliso Viejo','CA','USA','92656','g_flood@yahoo.com','949-831-9112','',1,'Linda Shaver','717-263-4892','',NULL,NULL,NULL),(117,'Donkey Riders','regular','Ronald','Barnitt','','Sport','','M','1972-02-01','208 5th Street, #A','Huntington Beach','CA','USA','92648','robbqbarnitt@yahoo.com','714 307 2656','',1,'Al Barnitt','508 882 5203','',NULL,NULL,NULL),(141,'Mis-Shift','regular','Brian','Clark','','Sport','','M','1972-03-18','3308 Badding Rd','Castro Valley','CA','USA','94546','Brian.clark@sun.com','510-315-5631','510-501-9554',1,'Lisa Clark','510-517-7673','',NULL,NULL,NULL),(138,'Action Heroes','regular','Jeff','James','','Sport','','M','1969-07-25','1045 Ranch Dr','Gardnerville','NV','USA','89460','jjtahoe@charter.net','775 265 3096','',1,'Jennifer James','775 265 3096','',NULL,NULL,NULL),(137,'Action Heroes','regular','David','Norvell','','Sport','','M','1960-05-01','1575 Chiquita Dr','Minden','NV','USA','89423','ddn0560@aol.com','775 267 2580','',1,'Debra Norvell','775 720 0765','',NULL,NULL,NULL),(143,'Mis-Shift','regular','Jennifer','Impey','','Sport','','F','1970-08-20','6115 Snake Rd','Oakland','CA','USA','94611','jenimp@aol.com','510-339-8745','510-326-8930',1,'Coming','555-555-5555','',NULL,NULL,NULL),(120,'Triumph','regular','Edwin','Gackstetter','R','Sport','','M','1973-04-11','2493 Gallup Drive','santa Clara','CA','USA','95051','eg615@yahoo.com','408 314 5200','408 314 5200',1,'nancy Albarran','408 316 2002','',NULL,NULL,NULL),(78,'Wolverine Extreme','captain','Jason','Fiala','R','Sport','','M','1970-10-26','1511 Rosita Road','Pacifica','CA','USA','94044','jrfiala@yahoo.com','650-430-1311','650-738-1795',1,'Terry Fiala','650-307-2304','',NULL,NULL,NULL),(145,'Purple Helmeted Love Warriors','captain','Michael','Williams','B','Sport','','M','1962-02-08','1675 Wellington East','Carson City','NV','USA','89703','fourday@charter.net','775.883.2283','',1,'Kathy Williams','775.450.6028','',NULL,NULL,NULL),(146,'Purple Helmeted Love Warriors','regular','Dan','Tilzey','','Sport','','M','1960-10-05','271 Fillmore Way','Reno','NV','USA','89509','tilzeys@charter.net','775-747-5602','',1,'Mari Tilzey','775-747-5602','',NULL,NULL,NULL),(84,'Four on the Floor','regular','Cody','Barkley','P','Sport','','M','1975-01-08','153 Bartlett','San Francisco','CA','USA','94110','copatbark@hotmail.com','408.447.1508','',1,'Jenny Koch','415.505.0925','',NULL,NULL,NULL),(130,'Singletrack Minds','regular','Dan','Throckmorton','J','Sport','','M','1971-03-15','4673 Morning Brook Lane','Tracy','CA','USA','95377','blurry25@juno.com','209-830-7242','209-830-7242',1,'Jill Throckmorton','209-814-2114','',NULL,NULL,NULL),(149,'Dude, where\'s my bike?','captain','Dustin','Cardoza','','Sport','','M','1977-03-14','616  S. Arlington Ave.','Reno','NV','USA','89509','dustin@hdfsi.com','(775)886-3981','(775)287-1056',1,'Cassandra Harrell','775-219-9530','',NULL,NULL,NULL),(150,'Dude, where\'s my bike?','regular','John','Bean','','Sport','','M','1969-03-11','4767 Yukon Ct.','Carson City','NV','USA','89706','john.bean@hdfsi.com','775.886.3916','',1,'Judy Bean','423.870.2611','',NULL,NULL,NULL),(103,'zgtec.com internationals','regular','Mike','Berube','T','Sport','','M','1969-07-03','7626 Willow Point Drive','Falls Church','VA','USA','22042','mike@zgtec.com','703-645-9191','',1,'Karen Hanby','703-786-6617','',NULL,NULL,NULL),(127,'HammerFall','regular','Rob','Stone','','Sport','621-96-2044','M','1972-07-23','225 High Street','Palo Alto','CA','USA','94301','rstone@infinera.com','510 710 8222','',1,'Hanna Gonzales','650 888 8399','',NULL,NULL,NULL),(157,'Nebulous Ambition','captain','Tom','Hertenstein','E','Sport','356-76-9222','M','1974-02-07','3140 College Ave. #4','Berkeley','CA','USA','94705','mezzesque@yahoo.com','510 594 2453','510 594 2453',1,'Barb Hertenstein','618 632 9199','',NULL,NULL,NULL),(161,'Brave Soldier','captain','Reny','Buduan','G','Sport','','M','1961-09-28','8 Stetson Avenue, #1','Kentfield','CA','USA','94904','reny22@msn.com','415-377-2139','415-459-6225',1,'Robin Pewitt','415-902-1416','',NULL,NULL,NULL),(165,'Who\'s Your Daddy','captain','Stephen','Lindholm','R','Sport','','M','1975-04-15','2280 Hurley Way #35','Sacramento','CA','USA','95825','srlindholm@hotmail.com','916-568-0875','916-320-5531',1,'Julie Keller','646-373-3638','',NULL,NULL,NULL),(169,'Beg, Borrow and Steal','captain','Jeff','Minch','','Sport','','M','1968-02-24','1259 Guerrero Street','San Francisco','CA','USA','94110','jeffminch@hotmail.com','(415) 824-9473','',1,'Bryan Minch','(408) 266-4352','',NULL,NULL,NULL),(174,'YO\' MAMA','captain','Kevin','Kirkhart','','Sport','','M','1971-01-22','5274 S. Montecito Dr.','Concord','CA','USA','94521','kkirkhart@hotmail.com','925-429-0196','',1,'Agnes Kirkhart','925-429-0196','',NULL,NULL,NULL),(102,'zgtec.com internationals','regular','Nigel','Thompson','','Sport','','M','1969-09-22','3103 Fife Court','Denver','CO','USA','80211','nigel@xoomgear.com','1-303-947-5050','1-303-947-5050',1,'Amy Thompson','1-720-341-9119','',NULL,NULL,NULL),(167,'Who\'s Your Daddy','regular','Jim','Silverthorn','','Sport','','M','1972-01-22','3489 Jumilla Way','Sacramento','CA','USA','95834','jsilvert@excite.com','9167521966','',1,'Jamie Silverthorn','9164259249','',NULL,NULL,NULL),(41,'Summit','regular','Mark','Denney','W','Sport','','M','1975-09-09','1855 Baring Blvd 112','Sparks','NV','USA','89434','mdnny8@cs.com','775 772 6960','775 626 6419',1,'Kara Denney','775 750 1807','',NULL,NULL,NULL),(162,'Brave Soldier','regular','Brad','Chalstrom','G','Sport','','M','1967-02-25','550 Edgewood Ave.','Mill Valley','CA','USA','94941','b.chalstrom@comcast.net','415 987 2912','415 383 1247',1,'Gary Chalstrom','415 461 1247','',NULL,NULL,NULL),(42,'Summit','regular','Steven','Denney','W','Sport','','M','1972-10-02','855 La Honda Dr','Sparks','NV','USA','89436','ooper@aol.com','775 424 5683','775 626 3572',1,'Ali Denney','775 626 3572','',NULL,NULL,NULL),(178,'Strangers In The Night','captain','Robin','Down','A','Sport','','M','1971-09-23','7293 Skyline Blvd.','Oakland','CA','USA','94611','radown@hotmail.com','510-339-1703','',1,'Glen Down','519-925-3446','',NULL,NULL,NULL),(179,'Strangers In The Night','regular','Katie','Clark','','Sport','','F','1978-03-17','7293 Skyline Blvd.','Oakland','CA','USA','94611','ktclark_99@yahoo.com','510-339-1703','',1,'Maureen Clark','925-933-8761','',NULL,NULL,NULL),(168,'Who\'s Your Daddy','regular','Aubrey','Yao','','Sport','','M','1973-10-23','2202 woodside ln #6','sacramento','CA','USA','95825','aubrey_yao@yahoo.com','916/646 3366','',1,'jenny chang','916/524 4639','',NULL,NULL,NULL),(182,'Strangers In The Night','regular','Jeff','Long','','Sport','','M','1973-03-06','949 Fell St, Apt 2','San Francisco','CA','USA','94117','light_off_snow@yahoo.com','415-515-8082','',1,'Jane Fridlyand','415-652-1920','',NULL,NULL,NULL),(180,'Strangers In The Night','regular','Mark','Sisson','','Sport','','M','1970-01-01','5806 Ross St.','Oakland','CA','USA','94611','mark_a_sisson@hotmail.com','(510) 652-2972','',1,'Sherry Sisson','541-745-5117','',NULL,NULL,NULL),(171,'Beg, Borrow and Steal','regular','Warren','Dewar','','Sport','','M','1967-10-09','1259 Guerrero Street','San Francisco','CA','USA','94110','wdewar@hotmail.com','(415) 713-8291','',1,'Chris Scola','(408) 314-0683','',NULL,NULL,NULL),(183,'SCAB Crew','captain','David','Engelbrecht','B','Sport','','M','1970-07-16','131 South 15th Street','San Jose','CA','USA','95112','davee@above.net','408-521-5663','408-298-3460',1,'Mary Engelbrecht','408-218-6636','',NULL,NULL,NULL),(181,'Strangers In The Night','regular','Matt','Schaeffer','','Sport','','M','1970-01-01','Main St.','Larkspur','CA','USA','94939','matthewschaeffer@sbcglobal.net','(415) 964-2755','',1,'Mr Schaeffer','(415) 964-2755','',NULL,NULL,NULL),(184,'SCAB Crew','regular','Erik','Lane','L','Sport','','M','1971-11-04','345 S. 17th St.','San Jose','CA','USA','95112','erik@usrent.net','408-981-1170','',1,'Jennifer Lane','408-981-5341','',NULL,NULL,NULL),(191,'Taco\'s & Tequila','captain','Todd','Lindemann','','Sport','','M','1968-07-17','935 Larissa Ct','San Jose','CA','USA','95136','lindemann@tahoe.com','408 265-7322 x223','408 978-2751',1,'Desiree Lindemann','408 978-2751','',NULL,NULL,NULL),(158,'Nebulous Ambition','regular','Randy','True','J','Sport','','M','1976-05-21','Stadler Ave.','Woodside','CA','USA','92222','randythrive@yahoo.com','415 269 2974','',1,'Judson True','415 606 3524','',NULL,NULL,NULL),(170,'Beg, Borrow and Steal','regular','Jay','Courant','','Sport','','M','1968-07-21','1550 Bay Street, B414','San Francisco','CA','USA','94123','jay@presidiosport.com','(415) 447-9852','',1,'Chris Scola','(408) 314-0683','',NULL,NULL,NULL),(192,'Taco\'s & Tequila','regular','David','Noble','S','Sport','','M','1971-02-14','633 Fourteenth Green Drive','Incline Village','NV','USA','89451','dnoble@puc.state.nv.us','775-687-6076','775-831-6492',1,'Jennifer Noble','775-831-6492','',NULL,NULL,NULL),(172,'Beg, Borrow and Steal','regular','Katherine','Dowling','','Sport','','F','1972-02-01','260 Clara Street','San Francisco','CA','USA','94107','katherinebdowling@yahoo.com','(415) 777-3355','',1,'Chris Scola','(408) 314-0683','',NULL,NULL,NULL),(173,'Beg, Borrow and Steal','regular','Tim','Marzolf','','Sport','','M','1967-08-23','1138 Kentwood Avenue','Cupertino','CA','USA','95014','tmarzolf@earthlink.net','(408) 725-8815','',1,'Chris Scola','(408) 314-0683','',NULL,NULL,NULL),(195,'Summit Chuters','captain','David','Hokeness','','Sport','','M','1964-08-02','5521 Laura Dr','San Jose','CA','USA','95124','Hokedog@aol.com','408-244-2100','408-356-4617',1,'Nina Hokeness','408-891-8911','',NULL,NULL,NULL),(147,'Purple Helmeted Love Warriors','regular','Mark','Winkelman','D','Sport','','M','1964-08-23','5 Connie Way','Reno','NV','USA','89521','mdwinkels@msn.com','7758491286','',1,'Dolisa Winkelman','7758491286','',NULL,NULL,NULL),(194,'Taco\'s & Tequila','regular','Ross','McMahan','','Sport','309-94-3770','M','1969-11-15','961 Apollo Way','Incline Village','NV','USA','89451','runrossmc@aol.com','7754504900','7758330214',1,'Dennis McMahan','7653455383','',NULL,NULL,NULL),(151,'Dude, where\'s my bike?','regular','Justin','Kraus','','Sport','','M','1971-03-16','PO Box 10504','Truckee','CA','USA','96162','justin.kraus@hdfsi.com','775-886-3946','',1,'Cristina Kraus','530-582-6997','',NULL,NULL,NULL),(199,'Riders of the Blue Agave','captain','Kathy','Godinez','','Sport','','F','1966-04-02','PO Box 2834','Kings Beach','CA','USA','96160','kgodinez.ns@boothcreek.com','530-546-4465','530-400-3204',1,'Veronica Finn','909-735-0818','',NULL,NULL,NULL),(200,'Riders of the Blue Agave','regular','Peter','Pippo','M','Sport','','M','1962-12-28','PO Box 1565','Truckee','CA','USA','96160','bcboy151@yahoo.com','530-562-3544','530-277-5260',1,'Tarha Hird','530-448-9444','',NULL,NULL,NULL),(201,'Riders of the Blue Agave','regular','John','Pittman','C','Sport','','M','1965-01-02','10315 Briar Circle','Truckee','CA','USA','96161','','530-362-2268','530-582-1762',1,'Beth melville','530-582-3558','',NULL,NULL,NULL),(204,'Dirty Divas','captain','Linda','Miranda','L','Sport','','F','1963-07-26','1463 Columbia Road','Valley City','OH','USA','44280','bike_weave@yahoo.com','330-483-4512','',1,'Patrick Miranda','3304-483-4512','Patrick\'s cell #216-534-4536',NULL,NULL,NULL),(166,'Who\'s Your Daddy','regular','Jason','Fitzgerald','T','Sport','','M','1971-11-16','1903 47th Street','Sacramento','CA','USA','95819','hellfitz@aol.com','916-731-8545','',1,'Melissa McCall','916-762-4757','',NULL,NULL,NULL),(140,'Mis-Shift','captain','David','Ambrose','B','Sport','','M','1972-06-03','2270 John Ct #3','Castro Valley','CA','USA','94546','david@boarsgut.com','510-576-1149','510-888-9757',1,'Erin Sutcliffe','510-520-9808','',NULL,NULL,NULL),(144,'Mis-Shift','regular','Rodney','Wong','','Sport','','M','1962-04-14','1835 E24th St','Oakland','CA','USA','94606','rodspl414@aol.com','510-436-7236','510-436-7236',1,'Kam Wong','510-532-6818','',NULL,NULL,NULL),(152,'Dude, where\'s my bike?','regular','Nat','Franklin','','Sport','','M','1971-04-29','1331 Windsor Dr.','Gardnerville','NV','USA','89410','nat.franklin@hdfsi.com','775-886-3824','',1,'Julie Franklin','775-783-0911','',NULL,NULL,NULL),(215,'Rage','captain','Carlos','Perez','','Sport','','M','1978-07-07','4521 Byrne Court','Santa Rosa','CA','USA','95409','clayperez@yahoo.com','(707) 529-8786','(707) 538-3631',1,'Nona Perez','(707) 942-0535','',NULL,NULL,NULL),(135,'Rat Racers','regular','John','Schmidt','','Sport','','M','1969-02-09','20702 El Toro Road #449','Lake Forest','CA','USA','92630','jschmidt@masimo.com','949 253 6413','',1,'Dave Schmidt','8188831666','',NULL,NULL,NULL),(213,'Haag and Hanna','captain','David','Haag','','Sport','407-82-2661','M','1962-04-25','9016 Taylorsville Rd.','Louisville','KY','USA','40299','davidhaag@bellsouth.net','800-517-3535','',1,'Stewart Haag','502-905-7585','',NULL,NULL,NULL),(217,'Rage','regular','Bryan','Petrisko','G','Sport','','M','1970-05-07','3853-C Willowview Ct.','Santa Rosa','CA','USA','95403','bpetrisko@prodigy.net','707-849-2312','707-486-8762',1,'Rosie Lindner','707-580-5080','',NULL,NULL,NULL),(218,'Rage','regular','Becky','Cordova','','Sport','','F','1972-03-28','605 W. 12th ST','Chico','CA','USA','95928','reshecca@hotmail.com','','530-892-2464',1,'Shirley Cordova','702-363-1889','',NULL,NULL,NULL),(142,'Mis-Shift','regular','Paul','Oellerich','','Sport','','M','1966-06-13','22588 Pearl Ave.','Hayward','CA','USA','94541','poellerich@attbi.com','510-613-1238','510-727-0613',1,'Coming','555-555-5555','',NULL,NULL,NULL),(175,'YO\' MAMA','regular','Joe','Ernst','','Sport','','M','1967-02-05','2701 Washington Street','Alameda','CA','USA','94501','joeernst@alamedanet.net','5102195376','5103370513',1,'Chris Pruhs','5103370513','',NULL,NULL,NULL),(131,'Singletrack Minds','regular','Tom','Pappas','L','Sport','','M','1970-01-21','8200 Tail Race Dr.','Roseville','CA','USA','95747','tjpappas@surewest.net','916-772-7572','916-772-7572',1,'Joyce Pappas','916-772-7572','',NULL,NULL,NULL),(220,'Lost in the Woods','captain','Joshua','Maffly','','Sport','','M','1967-01-31','3212 Cutter Place','Davis','CA','USA','95616','maffly@sbcglobal.net','707 453-5336','530 758-2003',1,'Mary Ciricillo','530 758-2003','',NULL,NULL,NULL),(228,'All Hat','captain','Bill','Edwards','J','Sport','','M','1971-10-14','244 University Ave.','Lost Gatos','CA','USA','95030','bedwards22@hotmail.com','408-394-7470','',1,'Pam Edwards','330-877-7879','',NULL,NULL,NULL),(229,'All Hat','regular','Matt','Williamson','M','Sport','','M','1972-02-07','2357 Bohannon Drive','Santa Clara','CA','USA','95050','mattw@toolwire.com','408-605-1789','',1,'Heather Williamson','408-315-2436','',NULL,NULL,NULL),(230,'All Hat','regular','Daniel','Hodges','J','Sport','','M','1970-05-06','742 Los Padres Blvd.','Santa Clara','CA','USA','95050','danielJ_hodges@yahoo.com','408-935-6000','408-260-9146',1,'Jodie Hodges','408-203-5104','Day extension 128',NULL,NULL,NULL),(231,'All Hat','regular','Nathan','Hodges','W','Sport','','M','1972-12-15','150 Alma St. #102','Menlo Park','CA','USA','94025','','650-321-3911','',1,'Gary & Rita Hodges','916-422-4117','',NULL,NULL,NULL),(236,'Ziegenbock','captain','John','Garrish','','Sport','','M','1969-03-13','2037 Belle Monti Ave.','Belmont','CA','USA','94002','grrsh@yahoo.com','650-477-5236','650-598-0904',1,'Wendy Garrish','650-598-0904','',NULL,NULL,NULL),(237,'Ziegenbock','regular','Martin','DeBono','','Sport','','M','1971-11-12','1104 8th Ave. West','Seattle','WA','USA','98119','martindebono@yahoo.com','206-898-5985','',1,'Lynn DeBono','206-352-6987','',NULL,NULL,NULL),(238,'Ziegenbock','regular','Cory','Wiegert','D','Sport','','M','1969-06-25','55 Fountain St.','San Francisco','CA','USA','94114','cwiegert@sbcglobal.net','415-867-4654','',1,'Jenae Wiegert','415-577-5387','',NULL,NULL,NULL),(239,'Ziegenbock','regular','Matt','Barron','D','Sport','','M','1973-04-29','234 E. 70 St. Apt. 2D','New York','NY','USA','10021','matt.barron@jpmorgan.com','917-607-6140','',1,'Amelia Garrish','617-319-2438','',NULL,NULL,NULL),(240,'Jackalope','captain','Ray','Woodruff','E','Sport','','M','1966-10-08','1511 South Walnut','Casper','WY','USA','82601','katandray@bresnan.net','307-234-7562','',1,'Kathy Woodruff','307-234-7562','',NULL,NULL,NULL),(241,'Jackalope','regular','Matthew','Woodruff','D','Sport','','M','1968-03-13','162 Victoria Ct.','Roseburg','OR','USA','97470','mwood33@hotmail.com','541-673-4042','541-679-1314',1,'Jana Woodruff','541-679-1314','',NULL,NULL,NULL),(242,'Jackalope','regular','Michael','Belser','A','Sport','','M','1966-12-09','404 S. Park','Casper','WY','USA','82601','mbelser@wyoming.com','307-265-4677','307-472-1769',1,'Tracey Belser','307-472-1769','',NULL,NULL,NULL),(243,'Jackalope','regular','John','Elliott','R','Sport','','M','1970-03-12','615 S. 7th. Apt. 6','Worland','WY','USA','82401','johnshobby@hotmail.com','307-347-5132','307-388-0724',1,'John or Ruth Elliott','307-347-8490','Alternate phone for John and Ruth 307-347-3241',NULL,NULL,NULL),(244,'Mo Cattle','captain','Chris','Weber','W','Sport','','M','1970-09-20','20671 Forge Way #124','Cupertino','CA','USA','95014','chris.weber@motorola.com','408-991-7306','408-830-9379',1,'Shelly Kuhl','408-497-4447','',NULL,NULL,NULL),(245,'Mo Cattle','regular','Douglas','Graham','A','Sport','','M','1960-02-14','2010 N. 1st. St.','San Jose','CA','USA','95131','dgraham@qcirep.com','408-392-1442','408-218-1798',1,'Brenda Graham','408-930-5673','',NULL,NULL,NULL),(246,'Mo Cattle','regular','David','Parks','','Sport','','M','1969-07-11','225 Anderly Ct.','Hayward','CA','USA','94541','davidparks21@yahoo.com','510-919-8938','',1,'Anna','510-919-8936','',NULL,NULL,NULL),(247,'Mo Cattle','regular','Dan','Young','T','Sport','','M','1973-05-18','2357 Bolamnoor Dr.','Santa Clara','CA','USA','95050','','408-605-1789','',1,'Heather Williamson','908-605-1789','',NULL,NULL,NULL),(40,'Summit','regular','Jason','Makoutz','J','Sport','389-04-3246','M','1982-03-19','5545 Ash Rock Dr.','Sparks','NV','USA','89436','bigjj170@juno.com','775-354-2340','',1,'Emily Shively','775-355-8128','',NULL,NULL,NULL),(163,'Brave Soldier','regular','Steve','Bigley','B','Sport','','M','1961-10-04','3791 Ponderosa Way','Palm Springs','CA','USA','92264','bigleys.home@verizon.net','760-323-3449','',1,'Nancy Bigley','760-774-5254','',NULL,NULL,NULL),(188,'Doc Feelgood\'s Organic Cycling Team','regular','Stewart','Speed','G','Sport','','M','1971-01-20','259 Santa Fe Terrace, Apt. 114','Sunnyvale','CA','USA','94085','sspeed@idt.com','408-206-1277','408-523-1279',1,'Tara Speed','408-391-9548','',NULL,NULL,NULL),(248,'T\'Shirts -N- Toe Clips','captain','Rick','Barlow','','Sport','229-11-7965','M','1964-01-23','3994 Claitor Way','San Jose','CA','USA','95132','Rick@UltimateTech.com','408 383 1851','408 383 1851',1,'Barbette Barlow','408 929 5141','',NULL,NULL,NULL),(251,'T\'Shirts -N- Toe Clips','regular','Jim','ONeill','','Sport','','M','1959-05-20','PO Box 660','Redwood Estates','CA','USA','95044','jimo@transmeta.com','408-230-6106','',1,'Daryl Davis','408-656-0717','',NULL,NULL,NULL),(252,'Not Team Santa Cruz','captain','Josh','Kissner','M','Expert','','M','1982-04-04','2608 Forest Ave','San Jose','CA','USA','95117','Spankymoto1@aol.com','(408)246-2994','(928)853-5495',1,'Michael Kissner','(408)246-2994','',NULL,NULL,NULL),(205,'Dirty Divas','regular','Mindy','Kuth','','Sport','','F','1966-03-04','4 Herrick Mews','Cleveland','OH','USA','44106','mkndykuth@yahoo.com','216-765-1482','216-702-8529',1,'Jim Kuth','216-513-3070','',NULL,NULL,NULL),(249,'T\'Shirts -N- Toe Clips','regular','Bryan','Evans','A','Sport','','M','1969-08-19','187 Vista Del Monte','Los Gatos','CA','USA','95030','bryan@ultimatetech.com','(408) 395-6250','',1,'Lisa Scopazzi-Evans','(408) 230-0628','',NULL,NULL,NULL),(185,'SCAB Crew','regular','Michael','Scott','R','Sport','559-17-4115','M','1973-02-03','2708 Windswept Cove   Apt. 2','Austin','TX','USA','78745','soularches@hotmail.com','512-453-8491','',1,'Robert Scott','831-688-0128','',NULL,NULL,NULL),(148,'Purple Helmeted Love Warriors','regular','Kerry','Novak','W','Sport','','M','1965-01-04','1905 Maison Way','Carson City','NV','USA','89703','kcnovak88@msn.com','775-882-4493','',1,'Cynthia Novak','775-882-4493','',NULL,NULL,NULL),(224,'Kiss My *','captain','Todd','Hesse','W','Sport','','M','1962-03-27','8101 Skyline Blvd.','Oakland','CA','USA','94611','todd@tntplumbing.com','510-908-9149','510-339-7579',1,'Mel Braun','510-919-3712','',NULL,NULL,NULL),(225,'Kiss My *','regular','Michael','Warner','J','Sport','','M','1964-04-06','9 Bayview St.','San Rafael','CA','USA','94901','mwarner_57@yahoo.com','510-649-9711','415-509-4079',1,'Cindy Terdiman','415-250-8382','Day phone, ext. 662',NULL,NULL,NULL),(226,'Kiss My *','regular','Dan','Reynolds','A','Expert','','M','1966-03-07','535 Central Ave.','San Francisco','CA','USA','94117','danr123@pacbell.net','415-441-0967','415-509-5879',1,'Alice Reynolds','415-385-4485','Alice\'s home #415-509-5879',NULL,NULL,NULL),(227,'Kiss My *','regular','Ron','Castia','','Expert','','M','1968-12-19','841 Tanager Rd.','Livermore','CA','USA','94551','ronn@sbcglobal.net','925-463-0611','925-606-9975',1,'Theresa Castia','925-606-9975','',NULL,NULL,NULL),(253,'Not Team Santa Cruz','regular','John','Weathers','','Expert','','M','1970-11-28','336 Landfair Avenue','San Mateo','CA','USA','94403','jpweathe@yahoo.com','650 849-5381','',1,'Dina Weathers','650 892-0853','',NULL,NULL,NULL),(111,'The Westicles','regular','Kevin','Karl','L','Sport','','M','1958-01-10','1440 High Chaparral','Virginia Foothills','NV','USA','89521','kkstudio@charter.net','775-852-0936','',1,'Jim Neff','775-851-0596','',NULL,NULL,NULL),(254,'Not Team Santa Cruz','regular','Chris','Greene','M','Sport','','M','1970-04-21','99 E. Middlefield Road #19','Mountain View','CA','USA','94043','chris@laughingidiot.com','650-996-8055','',1,'Bill Greene','650-969-9974','',NULL,NULL,NULL),(256,'DoubleD JayTee','captain','Travis','Jones','','Sport','','M','1971-03-30','27 Baywood Ct','Fairfax','CA','USA','94930','travisj@cciusa.com','(415) 458-5000','(415) 259-0358',1,'Roslyn Jones','(415) 259-0358','',NULL,NULL,NULL),(257,'DoubleD JayTee','regular','David','Nader','B','Sport','','M','1969-12-26','1885 Mountain View Drive','Tiburon','CA','USA','94920','dbnader@pacbell.net','415-435-3448','',1,'Amy Nader','650-740-2094','',NULL,NULL,NULL),(260,'Four Dirty DIViAteS','captain','Kathy','Williams','','Expert','','F','1961-07-15','1675 Wellimgton East','Carson City','NV','USA','89703','fourday@charter.net','775-883-2283','775-450-6028',1,'Mary or Al Fischer','775-882-6028','',NULL,NULL,NULL),(17,'Rickshaw Stop 2- Electric Boogaloo','regular','Scott','Scherer','','Sport','','M','1969-09-12','130 Lenox Way','San Francisco','CA','USA','94127','scottscherer@hotmail.com','415-664-3403','',1,'Jim Scherer','650-948-2700','',NULL,NULL,NULL),(264,'Wheelin\' Wranglers','captain','Joseph','Zalla','G','Sport','','M','1976-07-31','1151 Hearst Avenue','Berkeley','CA','USA','94702-1621','jzalla@yahoo.com','925-932-1710','510-845-5011',1,'Ann Zalla','510-845-5011','',NULL,NULL,NULL),(67,'Slow Children at Play','regular','Dave','Brown','','Sport','','M','1967-04-17','2121 Bywood Dr.','Oakland','CA','USA','94602','dave_brown@jebrown.net','510-299-2373','',1,'Lisa Brown','510-882-5275','',NULL,NULL,NULL),(265,'Wheelin\' Wranglers','regular','Jon','Mitchell','','Sport','','M','1976-12-27','621 Laird Lane','Lafayette','CA','USA','94549-1713','JMitchell@Fugro.com','925-890-3295','925-890-3295',1,'Elisa Garvey','925-890-3274','',NULL,NULL,NULL),(79,'Wolverine Extreme','regular','Jeff','Riggs','','Sport','','M','1970-07-07','2330 South Park','Kalamazoo','MI','USA','49001','Jriggs770@aol.com','269-327-7877','269-343-1995',1,'Colleen Semler','(269) 544-0363','',NULL,NULL,NULL),(80,'Wolverine Extreme','regular','David','Wisser','','Sport','','M','1970-07-14','5864 Tandera Ave','San Jose','CA','USA','95123','dmwisser@yahoo.com','408-362-2590','408-362-2590',1,'Karen Wisser','408-362-2590','',NULL,NULL,NULL),(268,'Sweep the Leg, Johnny!','captain','Chris','Johnson','','Sport','','M','1968-07-10','PO Box 2298','El Granada','CA','USA','94018','chrisgod24@hotmail.com','','650.560.0263',1,'Jennifer Bennett','650.560.0263','',NULL,NULL,NULL),(263,'Four Dirty DIViAteS','regular','Alexandria','Fabbro','L','Expert','','F','1964-01-23','P.O. Box 3535','Mammoth Lakes','CA','USA','93546','alexfabbro@yahoo.com','7609340639','7609345267',1,'Dave Thompson','7609345267','',NULL,NULL,NULL),(261,'Four Dirty DIViAteS','regular','Kristi','Henne','','Expert','','F','1987-04-28','HC 69 Box 30','Plainview','AR','USA','72857','kristihenne@hotmail.com','775-883-2283','',1,'Mary or Al Fischer','775-882-6028','',NULL,NULL,NULL),(187,'Doc Feelgood\'s Organic Cycling Team','captain','Andrew','Monaghan','','Sport','','M','1970-06-19','2701 Van Ness Ave #510','San Francisco','CA','USA','94109','andrew_monaghan@yahoo.com','408 839 3301','415 351 1580',1,'Haig Colter','301 728 7471','',NULL,NULL,NULL),(266,'Wheelin\' Wranglers','regular','Paul','Suto','','Sport','','M','1971-12-18','3780 Emery Court','Concord','CA','USA','94518-1745','psuto@carollo.com','925-932-1710','925-408-3260',1,'Elisa Garvey','925-890-3274','',NULL,NULL,NULL),(272,'Bontrager Masters','captain','Keith','Bontrager','D','Expert','','M','1954-12-18','153 Suburbia Ave','Santa Cruz','CA','USA','95062','richkatz@cruzio.com','831 427 0463','831 427 0463',1,'laura','831 427 0463','',NULL,NULL,NULL),(159,'Nebulous Ambition','regular','Robin','Bernhard','','Sport','','M','1970-09-28','1401 Grove St., Apt. 8','San Francisco','CA','USA','94117','nomoss101@hotmail.com','415 290 8582','415 922 9032',1,'Ken Bernhard','203 227 9674','',NULL,NULL,NULL),(267,'Wheelin\' Wranglers','regular','Alex','Hererra','','Sport','','M','1963-12-10','PO Box 8966','Truckee','CA','USA','96162','ajh49@cornell.edu','530-550-9710','530-550-9710',1,'Nancy Herrera','530-550-9710','',NULL,NULL,NULL),(273,'Bontrager Masters','regular','Richard','Latorraca','B','Expert','','M','1952-02-13','2783 Rosendale Ave.','Soquel','CA','USA','95073','richard@nhs-inc.com','831-459-7800','831-476-3845',1,'Marilyn latorraca','831-476-3845','Rihcard\'s day ext. 23',NULL,NULL,NULL),(274,'Bontrager Masters','regular','Scott','Martin','D','Sport','','M','1957-10-08','6115 Abbey','Aptos','CA','USA','95003','sm6115@yahoo.com','834-438-4080','831-462-6115',1,'Janet Martin','831-462-6115','Scott\'s day ext. 123',NULL,NULL,NULL),(276,'Last Minute','captain','Ryan','Hoffman','S','Sport','','M','1979-03-04','25851 County Road 95','Davis','CA','USA','95616','mountainandsurf@hotmail.com','(916) 650-2166','',1,'Carol Smith','(530)756-6918','',NULL,NULL,NULL),(112,'The Westicles','regular','Klaus','Gaar','','Sport','','M','1969-02-08','11545 Frank Lloyd Wright Blvd.','Scottsdale','AZ','USA','85759','kgaar@atronic.com','602-380-6079','',1,'Sonja Gaar','480-609-5899','',NULL,NULL,NULL),(277,'Last Minute','regular','Dana','Fetrow','X','Sport','','M','1975-09-10','912 E. St','Sacramento','CA','USA','95814','fetrowdd@yahoo.com','9167699342','',1,'Janice Fetrow','616-784-4723','',NULL,NULL,NULL),(280,'Pretty Good! Thanks for askin\'!','captain','Drew','Rowlands','','Sport','','M','1962-09-19','po box 1597','Travis AFB','CA','USA','94535','rowlandswd@efawest.navfac.navy.mil','(707)424-2229','',1,'Kim Rowlands','(707)435-1768','',NULL,NULL,NULL),(281,'Pretty Good! Thanks for askin\'!','regular','John','Brown','','Sport','','M','1968-12-31','po box 1597','Travis AFB','CA','USA','94535','brownjc@efawest.navfac.navy.mil','(707)424-3125','',1,'Fred','(707)424-7532','',NULL,NULL,NULL),(283,'Pretty Good! Thanks for askin\'!','regular','David','Rautenbach','R','Sport','267-83-5038','M','1977-02-01','1 Biddle Ln','Monterey','CA','USA','93940','rautenbachdr@efawest.navfac.navy.mil','831-656-2544','831-372-3404',1,'Meegan Rautenbach','831-372-3404','',NULL,NULL,NULL),(282,'Pretty Good! Thanks for askin\'!','regular','Robert','Hauck','D','Sport','','M','1980-03-22','2915 North Texas Street  #253','Fairfield','CA','USA','94533','rdh153@yahoo.com','707-424-3125','707-208-2737',1,'Fred Neihoff','707-424-5507','',NULL,NULL,NULL),(81,'Wolverine Extreme','regular','Darell','Choate','','Sport','','M','1964-09-29','540 STUDLEY ST','Sonoma','CA','USA','95476','darellchoate@sbcglobal.net','707-933-1688','707-933-1688',1,'LESLYE CHOATE','707-933-1688','',NULL,NULL,NULL),(278,'Last Minute','regular','Tim','Louis','X','Sport','','M','1971-05-06','187 Jeter Street','Redwood City','CA','USA','94062','tim_louis@mac.com','650-922-2390','650-364-8024',1,'AnnMarie Louis','510-886-1071','',NULL,NULL,NULL),(255,'Not Team Santa Cruz','regular','Jonathan','Rayner','R','Expert','','M','1974-06-19','639 Broderick St.','San Francisco','CA','USA','94117','jonathan.rayner@hp.com','6508575624','4157715741',1,'John Rayner','614-761-1472','',NULL,NULL,NULL),(164,'Brave Soldier','regular','Keith','Wilson','R','Sport','549-35-6037','M','1961-07-05','11442 N. 129 Way','Scottsdale','AZ','USA','85259','keithrwilson@mindspring.com','602-376-6993','480-657-6750',1,'Lisa Wilson','480-657-6750','',NULL,NULL,NULL),(72,'Bloody Taint','captain','Chuck','Coiner','M','Pro','551-59-5425','M','1964-12-28','3695 Argonaut Ave','Rocklin','CA','USA','95677','chuck.coiner@cyra.com','916-316-4068','916-632-0592',1,'Heather Coiner','916-412-3915','',NULL,NULL,NULL),(279,'Last Minute','regular','Cory','Eden','X','Sport','','M','1979-04-17','X','Mammoth Lakes','CA','USA','93546','coryeden@hotmail.com','530-521-4492','',1,'Craig Eden','530-756-3754','',NULL,NULL,NULL),(262,'Four Dirty DIViAteS','regular','Cynthia','Novak','','Expert','','F','1966-06-19','1905 Maison','Carson City','NV','USA','89703','Kcnovak88@msn.com','775-882-4493','',1,'Kris Bensmiller','775-720-4484','',NULL,NULL,NULL),(139,'Action Heroes','regular','Chris','Lucas','','Sport','','M','1970-01-02','1168 Lindberg Ave','South Lake Tahoe','CA','USA','96150','jandjbuck@cs.com','530 542 0843','530 542 0843',1,'Jamie Buck','775 265 1713','',NULL,NULL,NULL),(209,'Flamunda Cheese','regular','Garry','Morgan','','Sport','','M','2003-01-01','11038 Evergreen Circle','Truckee','CA','USA','96161','gmorgan.ns@boothcreek.com','530-562-2242','530-582-1424',1,'Kristi Morgan','530-582-1424','',NULL,NULL,NULL),(210,'Flamunda Cheese','regular','David','Rummel','C','Sport','','M','1974-09-18','PO Box 8908','Truckee','CA','USA','96161','dcrummel@yahoo.com','530-569-3526','530-448-1271',1,'Liz Thomas','530-345-6985','',NULL,NULL,NULL),(211,'Flamunda Cheese','regular','Mark','Henry','S','Sport','','M','1960-08-26','670 Anderson Dr.','Incline Village','NV','USA','89451','markehnryhvac@att.net','775-831-7205','775-831-8929',1,'Diane Seidler','775-831-8929','',NULL,NULL,NULL),(212,'Flamunda Cheese','regular','Renee','Lachat','L','Sport','','F','1969-02-20','PO Box 2906','Truckee','CA','USA','96160','','530-562-2226','530-582-5363',1,'David Hunter','530-582-5363','',NULL,NULL,NULL),(289,'Fox Racing/ Family Cycling Center','captain','Patrick','Dolden','j','Sport','551-47-8376','M','1967-10-08','4815 emerald St. #1','Capitola','CA','USA','95010','pdolden@yahoo.com','831-476-8646','831-476-8646',1,'Joann Manolis','831-476-8646','',NULL,NULL,NULL),(291,'Patron','captain','Howard','Skalet','J','Sport','','M','1964-02-19','5215 Windham Way','Rocklin','CA','USA','95765','skalet@sbcglobal.net','916-441-0524','916-632-8943',1,'Kelly Skalet','(916) 632-8943','',NULL,NULL,NULL),(295,'Keith Welched','captain','Troy','Walters','L','Sport','356-64-5493','M','1969-06-12','2475 Shena Terrace','Gardnerville','NV','USA','89410','walterstroy@hotmail.com','775-450-1057','',1,'Carol Jolly','217-672-3330','',NULL,NULL,NULL),(299,'Olympic Bike Shop','captain','John','Percy','E','Expert','','M','1973-03-25','10149 Columbine Rd','Truckee','CA','USA','96161','kpercy@inreach.com','(530) 581 - 2500','(530) 448 - 9053',1,'Kim Percy','(530) 448 - 9350','',NULL,NULL,NULL),(304,'Damachma','captain','Darren','Rich','L','Sport','','M','1973-09-14','44143  North Fork Dr.','Three Rivers','CA','USA','93271','rvrkd@aol.com','(909) 289-6140','',1,'Steffani Rich','(909) 289-6127','',NULL,NULL,NULL),(37,'Top Tube Johnson and da Saddle Sores','regular','Chris','Schulze','J','Sport','609-12-9788','M','1971-11-08','1420 Humbug Creek Drive','Folsom','CA','USA','95630','cschulze@gcwallace.com','916-983-6120','916-983-6120',1,'Trista Schulze','916-769-3729','',NULL,NULL,NULL),(77,'Gaping Head Wounds','regular','Jeffery','Yaeger','W','Sport','','M','1960-09-06','1401 Glenbrook Dr','Irving','TX','USA','75061','yaegerjw@aol.com','972-579-7172','',1,'Judith Yaeger','972-579-7173','',NULL,NULL,NULL),(6,'Recipe for Disaster','regular','Sherman','Knight','','Sport','','M','1972-07-16','1750 Kilbourne Place, N.W.','Washington','DC','USA','20016','shermanknight@yahoo.com','(202) 321-4377','',1,'Nina Schou','(202) 363-1367','',NULL,NULL,NULL),(51,'Team Voler','regular','Doug','Highland','','Sport','567-33-4980','M','1967-11-21','787 Church St','San Luis Obispo','CA','USA','93401','elainew@velowear.com','805-541-9337','',1,'Elaine Wood','805-541-9337','',NULL,NULL,NULL),(221,'Lost in the Woods','regular','Patrick','McGrew','','Sport','','M','1966-01-29','1030 Plum Lane','Davis','CA','USA','95616','plkjmcgrew@juno.com','530 753 3720','',1,'Laili McGrew','533 753 3720','',NULL,NULL,NULL),(312,'One Fine Chic Will Do','captain','John','Fojtek','P','Sport','592-03-5441','M','1972-01-12','1253 East Canyon Creek Drive','Bountiful','UT','USA','84010','johnf@petersen-inc.com','8017211553','8017211553',1,'Shelly Fojtek','8012940193','',NULL,NULL,NULL),(222,'Lost in the Woods','regular','Chris','Del Core','','Sport','','M','1969-05-12','507 Amanda Ct.','Vacaville','CA','USA','95687','cdelcore@costaengineers.com','707 2529177','',1,'Tina Del Core','707 453 0866','',NULL,NULL,NULL),(288,'Weibel, Ryan D.','captain','Ryan','Weibel','D','Expert','568-95-1971','M','1973-04-04','833 Sout Shore Dr.','South Lake Tahoe','CA','USA','96150','shedidwhat@hotmail.com','530-545-8835','',1,'Ron/Gail Weibel','530-541-3349','',NULL,NULL,NULL),(196,'Summit Chuters','regular','Ken','Johnson','W','Sport','','M','1958-08-03','1458 Athenour Ct','San Jose','CA','USA','95120','kjohnson@pierceytoyota.com','408-219-5508','408-997-9320',1,'Peggie Johnson','408-997-9320','',NULL,NULL,NULL),(315,'One Fine Chic Will Do','regular','Clyde','Prestowitz','','Sport','045-68-8726','M','1970-07-22','10326 Schaffer Dr','Truckee','CA','USA','96161','onehotchili@yahoo.com','530-550-0254','530-550-0254',1,'Michele Prestowitz','530-550-0254','',NULL,NULL,NULL),(223,'Lost in the Woods','regular','Mike','Hill','','Sport','','M','1966-07-28','822 Linden Lane','Davis','CA','USA','95616','mrhill@ucdavis.edu','530 754 6178','',1,'Jeanine Hill','530 756 96 98','',NULL,NULL,NULL),(314,'One Fine Chic Will Do','regular','Tom','Calton','','Sport','529-68-4187','M','1962-12-29','2745 Fillmore Avenue','Ogden','UT','USA','84403','thomascalton@comcast.net','8015409556','8015049556',1,'Farrell Calton','8014795692','',NULL,NULL,NULL),(313,'One Fine Chic Will Do','regular','Alison','Calton','','Sport','528-96-3664','F','1965-04-19','2745 Fillmore Avenue','Ogden','UT','USA','84403','acalton@comcast.net','8015409555','8015409555',1,'Merrill Bean','8014474618','',NULL,NULL,NULL),(316,'One Fine Chic Will Do','regular','Troy','Nye','','Sport','','M','1965-10-02','4067 South 3420 West','West Valley City','UT','USA','84119','troy.j.nye@boeing.com','801-965-9165','801-965-9165',1,'Cindy Nye','801-965-9165','',NULL,NULL,NULL),(197,'Summit Chuters','regular','Kevin','Kirks','S','Sport','522-02-3309','M','1961-04-21','7209 Gold Creek Court','San Jose','CA','USA','95120','kevink@totalcorp.com','408-754-1141','',1,'Brad Goubaux','408-369-1149','',NULL,NULL,NULL),(275,'Bontrager Masters','regular','Mark','Michel','','Expert','','M','1954-03-31','323 san juan av.','santa cruz','CA','USA','95062','mark@bicycletrip.com','831-427-2580','831-427-3472',1,'aaron jacobs','831-427-2580','',NULL,NULL,NULL),(317,'The Misfits','captain','David','Brown','C','Sport','550-15-8255','M','1961-12-13','4469 George Oaks Drive','San Jose','CA','USA','95118','djknbrown@comcast.net','650-960-5195','408-264-1922',1,'Jenny Brown','408-264-1922','',NULL,NULL,NULL),(321,'Tortuga Loca','captain','Jim','Forni','J','Sport','','M','1969-05-01','2344 Rogers Way','Santa Rosa','CA','USA','95404','madforni@yahoo.com','707-544-2696','707-526-6371',1,'Mary Anne Forni','707-292-7132','',NULL,NULL,NULL),(322,'Tortuga Loca','regular','Tony','Garcia','','Sport','','M','1969-06-11','515 Orchard St.','Santa Rosa','CA','USA','95404','','707-479-5679','',1,'Susan Wickersham','707-526-2611','',NULL,NULL,NULL),(325,'Struve, Patricia Jo','captain','Patricia','Struve','J','Sport','394-52-6442','F','1955-11-09','22671 Twain Harte Dr. #A','Twain Harte','CA','USA','95383','patty_uostruve@hotmail.com','209-586-9921','',1,'','','',NULL,NULL,NULL),(206,'Dirty Divas','regular','Denise','Hopkins','A','Sport','','F','1967-10-30','2631 Ashurst Rd.','Cleveland','OH','USA','44118','denisehop@hotmail.com','','216-397-5810',1,'Todd Hicks','216-570-3364','',NULL,NULL,NULL),(269,'Sweep the Leg, Johnny!','regular','Kevin','Brewster','W','Sport','','M','1968-01-10','1645 15th St.','San Francisco','CA','USA','94103','jbkbrew@earthlink.net','415-864-1882','',1,'Jeanine Bishoff','415-699-0057','',NULL,NULL,NULL),(270,'Sweep the Leg, Johnny!','regular','Darrell','McMillian','D','Sport','','M','1966-08-06','26 Arospect Avenue','Round Mountain','NV','USA','89045','darrell_mcmillian@hotmail.com','775-377-1212','',1,'Shirlene Halley','775-377-1582','',NULL,NULL,NULL),(271,'Sweep the Leg, Johnny!','regular','Sean','Donovan','D','Sport','','M','1973-04-27','9896 Caminito Biolsa','San Diego','CA','USA','92129','seanovan@san.rr.com','858-735-2896','858-484-8769',1,'Heather Donovan','858-735-2894','',NULL,NULL,NULL),(327,'Oxygen Debt','regular','Julie','Neiling','','Sport','','F','1978-03-17','C-469 Rd. 5','Desher','OH','USA','43516','jneiling@yahoo.com','419-274-7888','',1,'Ed neiling','419-274-7888','',NULL,NULL,NULL),(330,'Oxygen Debt','regular','Todd','Crisafulli','R','Sport','','M','1969-04-25','1935 Ninth St.','Rensselaer','NY','USA','12144','tcrisafulli@mercurywebsolutions.com','518-432-3200','518-434-2365',1,'Jodi Bernstein','518-434-2365','Work ext. 3149',NULL,NULL,NULL),(104,'LivinTheDream','captain','Mike','Rosen','l','Sport','074-64-5190','M','1964-04-08','3200 Panorama dr','Tahoe City','CA','USA','96145','rosenml@aol.com','530 581 5252','530 581 5252',1,'amy Rosen','530 581 3004','',NULL,NULL,NULL),(232,'Hostile Amish','captain','Dwight','Miller','L','Sport','','M','1971-01-26','145 Curry Dr. #A','Fernley','NV','USA','89408','dmiller@4are.com','330-327-8047','775-835-6927',1,'Tamara Hershberger','775-575-0309','Tamara\'s cell #775-302-6001',NULL,NULL,NULL),(233,'Hostile Amish','regular','Todd','Masters','J','Sport','','M','1973-02-02','195 Lois Lane, Apt. #28','Fernley','NV','USA','89408','','775-575-1725','',1,'Susan Finch','775-219-9975','',NULL,NULL,NULL),(234,'Hostile Amish','regular','Doug','Foos','M','Sport','','M','1979-05-23','300 E. Cedar St., Apt. #3','Fernley','NV','USA','89408','','775-575-1725','',1,'Tamara Hershberger','775-302-6001','',NULL,NULL,NULL),(235,'Hostile Amish','regular','Rick','Hershberger','E','Sport','','M','1971-10-02','227 Emigrant Way','Fernley','NV','USA','89408','','775-575-1725','775-575-0309',1,'Tamara hershberger','775-302-6001','',NULL,NULL,NULL),(326,'Oxygen Debt','captain','Randall','Little','','Sport','','M','1979-01-01','269 Remsen Street','Cohoes','NY','USA','12047','randy.little@cyclics.com','(518)881-1412','(518)235-7198',1,'','','',NULL,NULL,NULL),(155,'Los Gringos Locos','regular','David','Blondfield','P','Sport','','M','1961-11-15','2139 Inca Dove Ct','Sparks','NV','USA','89436','dblondfield@charter.net','775-425-1217','',1,'Jodie Blondfield','775-425-1217','',NULL,NULL,NULL),(154,'Los Gringos Locos','regular','Kevin','Wilmot','L','Sport','','M','1971-02-26','6935 Cinnabar Ct','Sparks','NV','USA','89436','wilmotfamily@earthlink.net','775-352-1275','775-626-0383',1,'Deena Wilmot','775-626-0383','',NULL,NULL,NULL),(153,'Los Gringos Locos','captain','Eric','Newcombe','','Sport','','M','1970-09-02','28 Pelican Court','Sparks','NV','USA','89436','nukemstudio44@aol.com','(775)425-6310','(775)846-5620',1,'Cyndy Newcombe','775-846-5620','',NULL,NULL,NULL),(208,'Flamunda Cheese','captain','Mike','Henry','R','Sport','','M','1968-10-02','670 Anderson Drive','Incline Village','NV','USA','89451','mhenry.ns@boothcreek.com','530-562-2402','',1,'Marilyn Henry','775-831-3881','',NULL,NULL,NULL),(8,'Title 19 Violators','regular','Jon','Carignan','M','Sport','','M','1977-12-24','772 C Portola St.','San Francisco','CA','USA','94129','jcarigna@yahoo.com','415.608.4154','415.608.4154',1,'Jim Carignan','425.643.5843','',NULL,NULL,NULL),(176,'YO\' MAMA','regular','Casey','Beinborn','','Sport','','M','1963-10-22','108 Scotia Ln','Novato','CA','USA','94947','cbeinborn@netzero.com','415.897.7411','',1,'Janette Burklund','415.821.4123','',NULL,NULL,NULL),(177,'YO\' MAMA','regular','Brian','Rogers','','Sport','','M','1974-08-22','1358 Page St. #2','San Francisco','CA','USA','94117','brogers@netspace.org','','415 355-0577',1,'Julie McKie','415 786-2127','',NULL,NULL,NULL),(331,'Young and Restless','captain','Coleman','Ruiz','V','Sport','','M','1975-03-03','239 17 Mile Dr.','Pacific Grove','CA','USA','93950','bridg-cole@sbcglobal.net','831-372-1437','',1,'Bridget Ruiz','858-248-0874','',NULL,NULL,NULL),(46,'Ten months to ten years','regular','Rob','Roskopp','','Expert','','M','1963-04-08','12468 Ted Dr.','Saratoga','CA','USA','95070','ros@santacruzbicycles.com','408 517-1182','',1,'Lepa Roskopp','408 517-1182','',NULL,NULL,NULL),(332,'Young and Restless','regular','Lucky','Verlinde','J','Sport','','M','1945-05-01','678 Eastwood Ave','Chico','CA','USA','95928','ljverlinde@nethere.com','530-891-0332','530-891-0332',1,'Jeanne Webb','530-891-0332','',NULL,NULL,NULL),(250,'T\'Shirts -N- Toe Clips','regular','Tom','Rogge','','Sport','','M','1963-09-08','1176 Britton Ave','San Jose','CA','USA','95125','tom.rogge@att.net','408 749 2265','408 294 6939',1,'David Rogge','408 425 3697','',NULL,NULL,NULL),(305,'Damachma','regular','Matthew','Michaelis','','Expert','','M','1974-06-11','11124 San Juan St.','Loma Linda','CA','USA','92354','michmaju@yahoo.com','909-855-1818','',1,'Julie Ulloa-Michaelis','909-558-1717 x9142 p','',NULL,NULL,NULL),(335,'Warkentin, Eric W.','captain','Eric','Warkentin','W','Expert','573-59-0250','M','1964-01-23','1202 Madrona Ave','San Jose','CA','USA','95125','ericwconstruction@hotmail.com','408-997-9286','408-266-4407',1,'Carol Silvera','408-266-4407','',NULL,NULL,NULL),(198,'Summit Chuters','regular','Tim','Lyons','','Sport','268-66-3426','M','1960-11-01','328 Westhill Dr','Los Gatos','CA','USA','95032','tlyons@criterionsales.com','408 350 2828','408 356-4623',1,'Brad Goubeaux','408-369-1149','',NULL,NULL,NULL),(336,'Pro Team Leisure','captain','Daniel','Robertson','','Sport','555-45-0824','M','1963-01-20','3869 Lyman Road','Oakland','CA','USA','94602','cldamm@aol.com','530-412-0569','',1,'Cheri Damm','530-412-0569','',NULL,NULL,NULL),(337,'Pro Team Leisure','regular','Cheri','Damm','L','Sport','','F','1967-08-21','10920 Torrey Pine Road','Truckee','CA','USA','96161','cldamm@aol.com','530-412-0569','',1,'Dan Robertson','510-410-4238','',NULL,NULL,NULL),(284,'Crank\'n Spank\'n','captain','Monte','Boyle','R','Expert','516-08-7182','M','1970-10-20','P.O. Box 8986','Truckee','CA','USA','96162','boylemonte@hotmail.com','530-308-2778','530-587-4660',1,'Richard Boyle','406-264-5905','',NULL,NULL,NULL),(285,'Crank\'n Spank\'n','regular','Sean','Kelsey','','Sport','','M','1967-01-06','7304 North Vincent','Portland','OR','USA','97217','xxer@yahoo.com','503-286-0545','',1,'Christy W','503-286-0545','',NULL,NULL,NULL),(286,'Crank\'n Spank\'n','regular','Eric','Sachse','','Sport','','M','1966-11-27','10666 Dog Wood Rd.','Truckee','CA','USA','96161','','','530-550-1512',1,'Nichole Sachse','530-550-1512','',NULL,NULL,NULL),(287,'Crank\'n Spank\'n','regular','Roger','Burns','D','Sport','','M','1961-09-30','10617 Indian Pine Rd.','Truckee','CA','USA','96161','','530-550-8876','',1,'Nicola Burns','530-550-8876','',NULL,NULL,NULL),(333,'Young and Restless','regular','Stanley','Webb','A','Sport','','M','1946-06-29','665 Crimson Ct','Chico','CA','USA','95973','jeanne@chico.com','530-891-0332','530-891-0332',1,'Jeanne Webb','530-891-0332','',NULL,NULL,NULL),(293,'Patron','regular','Michael','Beltzer','L','Sport','','M','1966-04-15','3741 Jennieke Court','Rocklin','CA','USA','95765','mike.beltzer@sbcglobal.net','916 402 2371','916 435 2749',1,'Kristina Beltzer','916 521 9233','',NULL,NULL,NULL),(334,'Young and Restless','regular','Corey','Ward','J','Sport','','M','1976-01-05','1740 oriole ct.','chico','CA','USA','95926','bikebasher@hotmail.com','530-345-1910','',1,'jacquette ward','408-247-9980','',NULL,NULL,NULL),(105,'LivinTheDream','regular','Wendy','Ware','E','Sport','012-64-8306','F','1968-09-13','2823 Baker St, Apt 202','San Francisco','CA','USA','94123','wendy_ware@hotmail.com','415 932 5066','415 517 2707',1,'Jim & Cindy Ware','510 206 8147','',NULL,NULL,NULL),(341,'American Idles','captain','Dan','Mackechnie','C','Sport','','M','1967-03-07','1113 Valley Drive','Hermosa Beach','CA','USA','90254','danm@fox.com','3103694462','3103743453',1,'Jennifer Pritchard','3109372221','',NULL,NULL,NULL),(320,'The Misfits','regular','Erik','Rockwell','','Sport','','M','1966-01-28','1471 Douglas Street','San Jose','CA','USA','95126','djknbrown@comcast.net','408-297-3124','408-297-3124',1,'Dee Dee Rockwell','408-297-3124','',NULL,NULL,NULL),(318,'The Misfits','regular','Larry','Banuelos','','Sport','','M','1968-12-14','1914 Rosswood Crive','San Jose','CA','USA','95124','djknbrown@comcast.net','408-559-6812','408-559-6812',1,'Vicki Banuelos','408-559-6812','',NULL,NULL,NULL),(99,'zgtec.com internationals','captain','Paul','Fowler','J','Sport','','M','1967-03-03','124 Teal Court','Aspen','CO','USA','81611','paul@zgtec.com','(970) 544-0527','',1,'Sabine Fowler','(970) 920-4599','',NULL,NULL,NULL),(20,'Rickshaw Stop 2- Electric Boogaloo','regular','Justin','Gill','','Sport','','M','1971-02-03','801 Cedar St.','Berkeley','CA','USA','94710','Justin_Gill@backroads.com','510-484-6787','',1,'Brent & Sharon Gill','559-539-2085','Cell number ofr Bent & Sharon 559-359-8539.',NULL,NULL,NULL),(346,'Dickey, Jeffrey A.','captain','Jeffrey','Dickey','A','Expert','001-70-5946','M','1976-05-19','628 Travis Dr.','Carson City','NV','USA','89701','dickeyj@wlu.edu','775.338.6098','',1,'John Dickey','603-267-6098 or 603-','',NULL,NULL,NULL),(12,'Rickshaw Stop','regular','Stephen','Tindle','A','Sport','540-11-7976','M','1968-08-09','695 Greenwich #7','San Francisco','CA','USA','94133','stephentindle@hotmail.com','415-999-6477','415-999-6477',1,'Terry & Cathy Tindle','503-472-6556','',NULL,NULL,NULL),(342,'American Idles','regular','Mike','Fulkerson','R','Sport','','M','1975-02-19','221 Aviation Place','Manhattan Beach','CA','USA','90266','michael.fulkerson@mattel.com','310.251.0830','310.937.0146',1,'Lauren Fulkerson','310.755.4569','',NULL,NULL,NULL),(106,'LivinTheDream','regular','Peter','Butler','L','Sport','','M','1963-07-04','P.O. Box 4070','Truckee','CA','USA','96160','rockettahoe@aol.com','530-308-2162','530-582-5366',1,'Maggie Butler','530-582-5366','',NULL,NULL,NULL),(323,'Tortuga Loca','regular','Kirk','Buckman','E','Expert','','M','1965-10-05','1965 San Mrguel Ave.','Santa Rosa','CA','USA','95403','','707-528-6555','',1,'Jackie Husby','707-545-0367','',NULL,NULL,NULL),(324,'Tortuga Loca','regular','Jeff','Schalk','S','Expert','','M','1974-02-06','1943 Page St. #5','San Francisco','CA','USA','94117','jeffs@zfa.com','415-243-4091','415-751-0579',1,'Rebecca Blank','415-751-2342','',NULL,NULL,NULL),(189,'Doc Feelgood\'s Organic Cycling Team','regular','Marc','Boozer','A','Sport','','M','1966-02-02','902 Vallejo','San Francisco','CA','USA','94133','marcboozer@yahoo.com','415-929-6925','',1,'Roscoe Boozer','253-475-0395','',NULL,NULL,NULL),(190,'Doc Feelgood\'s Organic Cycling Team','regular','Haig','Colter','A','Sport','','M','2003-01-01','8200 Wahly Drive','Bethesda','MD','USA','20817','haig69@yahoo.com','301-728-7471','',1,'Susan Bontems','304-792-5990','',NULL,NULL,NULL),(219,'Rage','regular','Bettina','Spiller','U','Sport','','F','1970-03-12','6724  Creekside','Redding','CA','USA','96001','bettinaspillar@hotmail.com','530-247-1030','',1,'Joe Villalobos','530-247-1030','',NULL,NULL,NULL),(347,'Domingo Banditos','captain','Holly','Rohne','C','Sport','','F','1971-02-11','2636 Adler Avenue','Clovis','CA','USA','93612','hollymight@comcast.net','559-294-7078','',1,'Glenn McHam','559-294-7078','',NULL,NULL,NULL),(348,'Domingo Banditos','regular','Glenn','Mcham','N','Sport','','M','1969-02-19','2636 Adler Avenue','Clovis','CA','USA','93612','gmcham@hotmail.com','559-348-9670','559-294-7078',1,'Holly Rohne','559-294-7078','',NULL,NULL,NULL),(349,'Domingo Banditos','regular','Barrett','Henson','','Expert','','M','1971-03-19','1890 N Grantkind','Fresno','CA','USA','93722','bearcat24@aol.com','559-432-2990','559-271-9223',1,'Gary Henson','559-275-9164','',NULL,NULL,NULL),(350,'Domingo Banditos','regular','Tim','Rau','','Sport','','M','1978-03-09','2281 Moorbroder Way','Sacramento','CA','USA','95826','','','',1,'Jim Rau','','',NULL,NULL,NULL),(296,'Keith Welched','regular','David','Emery','C','Sport','568-37-4672','M','1962-05-14','1362 B Kimmerling Rd.','Gardnerville','NV','USA','89460','david1362b@aol.com','775-265-1754','775-781-4458',1,'Susan Hughes','775-772-5564','',NULL,NULL,NULL),(297,'Keith Welched','regular','Tom','Wyns','L','Sport','356-64-5494','M','1981-01-01','2475 Shena Ter','Gardnerville','NV','USA','89410','praisebeallah@netzero.com','812-345-3516','',1,'Troy Walters','775-450-1057','',NULL,NULL,NULL),(352,'no mo','captain','Scot','Peters','A','Sport','','M','1959-07-02','p.o. box 10844','South Lake Tahoe','CA','USA','96158','jpeters03@yahoo.com','(530) 541 7835','',1,'Jamie Kaminski','(775)588 4291','',NULL,NULL,NULL),(354,'no mo','regular','Jay','Sell','J','Sport','623-72-6152','M','1967-04-04','po box  550381','south lake tahoe','CA','USA','96155','powdaah2001@yahoo.com','5306597500','',1,'Bill Cox','530 659 7500','',NULL,NULL,NULL),(355,'no mo','regular','Jason','Peters','E','Sport','553-61-3605','M','1970-02-25','po box 18124','south lake tahoe','CA','USA','96151','jpeters03@yahoo.com','5305417835','5307211906',1,'Scot Peters','5305417835','',NULL,NULL,NULL),(259,'DoubleD JayTee','regular','Dan','Deffner','','Sport','','M','1957-09-28','20 Burgess Ct','Sausalito','CA','USA','94965','ddeffner2@comcast.net','(415) 720-5690','(415) 331-7708',1,'Roslyn Jones','(415) 259-0358','',NULL,NULL,NULL),(258,'DoubleD JayTee','regular','Jim','Cairnes','','Sport','','M','1966-02-06','68 Nokomis Ave','San Anselmo','','USA','94960','jimsrd@yahoo.com','(415) 717-8885','',1,'Natalie','(415) 717-8885','',NULL,NULL,NULL),(353,'no mo','regular','Merick','Rickman','','Sport','','M','1969-12-23','724 Patricia Lane','South Lake Tahoe','CA','USA','96150','shedidwhat@hotmail.com','5305415321','',1,'Jen Markoff','5305448078','',NULL,NULL,NULL),(290,'Fox Racing/ Family Cycling Center','regular','John','Sampson','G','Expert','140-68-2372','M','1963-03-13','3444 main st','soquel','CA','USA','95076','solomonbrockington@foxracingshox.com','831-274-6582','',1,'ginger','831476 7277','',NULL,NULL,NULL),(343,'American Idles','regular','Steve','Rosenberg','','Sport','','M','1967-10-01','3014 Cavendish Drive','Los Angeles','CA','USA','90064','casa.bergs@sbcglobal.net','310-369-2788','310-559-6889',1,'Stacy Kreisberg','310-559-6889','',NULL,NULL,NULL),(351,'Domingo Banditos','regular','Kipp','Penovich','','Sport','','M','1965-08-28','3784 El Campo Ct','Concord','CA','USA','94579','hollymight@comcast.net','(925)674-1143','(925)689-4527',1,'Martha Gayton','(925)674-1143','',NULL,NULL,NULL),(58,'Veloce','regular','Mark Troy','Burnett','','Expert','','M','1971-07-04','8166 manitoba #5','Playa Del Rey','CA','USA','90293','tburnett@ucla.edu','310-827-6890','310-827-6890',1,'Travis Burnett','310-827-6890','',NULL,NULL,NULL),(25,'Rickshaw Stop 3- \'The Timber\'','regular','Corry','Wagner','','Sport','','F','1964-09-07','26 Amicita','Mil Valley','CA','USA','94941','corrywags@yahoo.com','415-518-8250','',1,'Estelle Wagner','858-457-2465','',NULL,NULL,NULL),(14,'Rickshaw Stop','regular','Suzanne','Banfield','C','Sport','','F','1970-03-02','155 Downey St.','San Francisco','CA','USA','94117','suzettehome@yahoo.com','415-664-8129','',1,'Mark Clements','415-850-1563','',NULL,NULL,NULL),(308,'Squeeky Knees','captain','Matthew','Conley','P','Sport','','M','1974-11-15','4923 SW Lowell Street','Portland','OR','USA','97221','mconley@hhc-cpa.com','503 703-2506','503 703-2506',1,'Toni Conley','503 292-1217','',NULL,NULL,NULL),(309,'Squeeky Knees','regular','Jasonn','Potter','D','Sport','544-17-1093','M','1975-01-02','2802 SW Miles Street','Portland','OR','USA','97219','jasonnpotter@hotmail.com','503 293-6817','503 293-6817',1,'Sarah Potter','503 310-1896','',NULL,NULL,NULL),(311,'Squeeky Knees','regular','Billy','Hane','','Sport','','M','1973-11-26','PO Box 3886','Incline Village','NV','USA','89450','mtnhane12@hotmail.com','775 846-8025','775 846-8025',1,'Bill Hane','775 846-8025','',NULL,NULL,NULL),(310,'Squeeky Knees','regular','Peter','Sproul','V','Sport','','M','1972-11-24','4358 Modoc Road, Apt K','Santa Barbara','CA','USA','93110','peter@maps.com','805 896-0596','805 896-0596',1,'Dawn Sproul','805 968-0170','',NULL,NULL,NULL),(345,'American Idles','regular','Craig','Nelson','C','Sport','115-66-0392','M','1967-12-02','3485 Woody Creek','Evergreen','CO','USA','80439','craig.nelson@alcatel.com','303-521-7000','',1,'Amie Nelson','303-521-7059','',NULL,NULL,NULL),(207,'Dirty Divas','regular','Rboin','Green','M','Sport','','F','1966-05-10','688 Lafayette Dr.','Akron','OH','USA','44303','','330-329-3375','',1,'Cheryl Emnett','724-744-3371','',NULL,NULL,NULL),(306,'Damachma','regular','Matt','Norman','J','Sport','624-01-0929','M','1981-08-05','28891 White Oak Ln.','Highland','CA','USA','92346','normys101@msn.com','(909)862-0669','(909)206-9457',1,'Linda Norman','(909)862-0669','',NULL,NULL,NULL),(356,'lost in the supermarket','captain','Steven','Nevin','J','Sport','','M','1966-07-07','2715 Santa Rosa Avenue','Santa Rosa','CA','USA','95407','nevinsbikeshop@yahoo.com','707-540-9025','707-337-8815',1,'Jack Nevin','707-255-7453','',NULL,NULL,NULL),(307,'Damachma','regular','Chuck','Stewart','E','Sport','','M','1973-07-31','1031 w cypress av','redlands','CA','USA','92373','cstewartiv@hotmail.com','909 748-0076','',1,'Sharon Stewart','909 792-0994','',NULL,NULL,NULL),(344,'American Idles','regular','Amie','Nelson','B','Sport','528-39-6306','F','1967-08-13','3485 Woody Creek','Evergreen','CO','USA','80439','abnelson@isomedia.com','303-670-7454','',1,'Craig Nelson','303-521-7000','',NULL,NULL,NULL),(360,'FiField, Scott','captain','Scott','FiField','A','Sport','555-35-9459','M','1964-01-22','5745 W. Brookdale','Reno','NV','USA','89523','scott_fifiz@yahoo.com','775-624-0590','',1,'Julie FiField','775-624-0590','',NULL,NULL,NULL),(364,'Outa Control','regular','Wyatt','Honse','','Sport','','M','2003-01-01','PO Box 8320','Tahoe City','CA','USA','96145','','530-583-5317','',1,'Dave Alders','530-318-2272','Alternate number for Dave 530-518-5571',NULL,NULL,NULL),(361,'Outa Control','captain','Bryan','Alders','','Expert','','M','1985-10-06','PO Box 6112','Tahoe City','CA','USA','96145','outdoorkid5571@hotmail.com','530-581-5571','',1,'Dave Alders','530-318-2272','',NULL,NULL,NULL),(362,'Outa Control','regular','Wayne','Smith','M','Expert','','M','1986-02-05','Box 2295','Olympic Valley','CA','USA','96146','wayne-o-@hotmail.com','530-906-7219','530-583-2993',1,'Peggy','530-906-7213','',NULL,NULL,NULL),(363,'Outa Control','regular','Chris','Griffo','F','Expert','','M','1985-07-09','PO Box 1019','Homewood','CA','USA','9611','','530-581-2234','530-525-1461',1,'Robin','530-581-2234','',NULL,NULL,NULL),(66,'Slow Children at Play','regular','David','Henderson','A','Sport','554-57-9265','M','1964-04-18','8025 Skyline Blvd','Oakland','CA','USA','94611','dave.henderson@commerceone.com','925 520 4221','925 788 1376',1,'Jon Henderson','925.323.8057','',NULL,NULL,NULL),(108,'LivinTheDream','regular','Kevin','Hirsh','J','Sport','651-39-0592','M','1966-02-18','14630 Wolfgang Rd','Truckee','CA','USA','96161','kevinhirsh@mindspring.com','5305508484','',1,'beth Hirsh','7757458464','',NULL,NULL,NULL),(18,'Rickshaw Stop 2- Electric Boogaloo','regular','Meg','Lynch','L','Sport','572-92-4478','F','1969-04-01','229 Stanyan St','San Francisco','CA','USA','94118','megl@earthlink.net','510-527-1555','415-752-0393',1,'Lad Lynch','925-376-0240','',NULL,NULL,NULL),(366,'Jayne\'s World','captain','Robert','Buckley','A','Sport','','M','1958-10-27','3389 Rossi Street','Lafayette','CA','USA','94549','rjpbuck@aol.com','925 759 4494','',1,'Jennifer Buckley','925 759 4494','',NULL,NULL,NULL),(367,'Jayne\'s World','regular','Jayne','Peterlin','','Sport','','F','1965-07-01','2123 Ygnacio Valley Road','Walnut Creek','CA','USA','94598','jayneski@mindspring.com','925 360 3085','',1,'Marcus Peterlin','925 360 3085','',NULL,NULL,NULL),(16,'Rickshaw Stop 2- Electric Boogaloo','captain','Waldo','Williams','','Sport','','M','1978-01-01','1584 Treat Ave.','San Francisco','CA','USA','94110','waldo@fastmail.fm','415-533-7488','',1,'Fran Culp','415-641-7488','',NULL,NULL,NULL),(368,'Jayne\'s World','regular','Andrew','Belfrage','','Sport','','M','1962-09-25','2123 Ygnacio Valley Road','Walnut Creek','CA','USA','94598','abelfrage@yahoo.com','925 939 0236','',1,'Kari','925 939 0236','',NULL,NULL,NULL),(369,'Jayne\'s World','regular','Rich','Gelsimeodet','','Sport','','M','1961-10-30','1942 benton lane','novato','CA','USA','94947','res19fro@verizon.net','4158981435','',1,'Jayne','925 360 3085','',NULL,NULL,NULL),(107,'LivinTheDream','regular','Brian','Meier','P','Sport','','M','1971-01-04','10065 the strand','Truckee','CA','USA','96161','meierbri@msn.com','530-448-1724','',1,'Loren Meier','530-550-1269','',NULL,NULL,NULL),(365,'Slow Children at Play','regular','Suzanne','Monaco','E','Sport','','F','1967-09-08','5416 Broadway, #2','Oakland','CA','USA','94618','seggmonaco98@yahoo.com','510-220-4648','510-658-2886',1,'Tim Monaco','510-220-8510','',NULL,NULL,NULL),(371,'Rippin for 24 Hours','captain','Dan','Johnson','','Sport','','M','1956-03-22','205 Bella Vista Ave','Los Gatos','CA','USA','95030','mnnorthstars@msn.com','408-395-0529','',1,'Patty Johnson','408-395-0529','',NULL,NULL,NULL),(156,'Los Gringos Locos','regular','Erik','Maresjo','','Sport','','M','1980-10-18','2360 Van Buran Ct.','Reno','NV','USA','89503','bontrager4me@juno.com','(775)846-2835','',1,'Toni Maresjl','(775)747-6963','',NULL,NULL,NULL),(59,'Veloce','regular','Scott','Daily','','Expert','570-95-0844','M','1972-03-24','403 29th St #4','San Francisco','CA','USA','94131','s.daily@comcast.net','415.302.1233','415.285.2643',1,'Charles Daily MD','415.457.9089','',NULL,NULL,NULL),(301,'Olympic Bike Shop','regular','Chris','Larive','P','Sport','','M','1959-07-18','PO Box 6052','Tahoe City','CA','USA','96145','twowheelsrvle@yahoo.com','530-581-2500','',1,'Pat Brown','559-582-3680','',NULL,NULL,NULL),(52,'Axel grease','captain','Jim','Jackson','L','Sport','','M','1958-09-22','12610 Braddock Dr. #217','Los Angeles','CA','USA','90066','','310-947-5499','310-823-1139',1,'Jeff','818-506-2595','',NULL,NULL,NULL),(373,'Rippin for 24 Hours','regular','Ivan','Rippen','M','Sport','','M','1957-05-29','1464 Forworthy Ave.','San Jose','CA','USA','95118','','408-448-0361','',1,'Chuck Rippen','408-378-4535','',NULL,NULL,NULL),(87,'Team Bicycles Plus','regular','Chris','Berry','','Expert','','M','1971-05-09','4328 Lafayette Drive','El Dorado Hills','CA','USA','95762','Barry03@hotmail.com','916-941-1791','',1,'Jill Berry','916-941-1791','',NULL,NULL,NULL),(88,'Team Bicycles Plus','regular','Kirk','Edgerton','','Expert','','M','1973-11-10','701 Gilson Drive #2136','Roseville','CA','USA','95678','koedgerton@mmm.com','916-802-6488','',1,'Sherry Mintle','916-802-6488','',NULL,NULL,NULL),(89,'Team Bicycles Plus','regular','John','Mazakowski','','Sport','','M','1960-01-01','901 F Street','Sacramento','CA','USA','95814','maz@quiknet.com','916-349-7324','',1,'Janet Mazakowski','916-783-3148','',NULL,NULL,NULL),(375,'123 Bikes.com','captain','Mike','Olson','S','Sport','','M','1976-03-22','PO Box 18321','South Lake Tahoe','CA','USA','96151','tahoe@123bikes.com','775-589-6007','530-318-1482',1,'Roger Olson','530-891-0465','',NULL,NULL,NULL),(376,'123 Bikes.com','regular','Katy','Long','D','Sport','','F','1963-09-01','579 Anita Drive','South Lake Tahoe','CA','USA','96150','kdlong@laketahoe.harrahs.com','530-318-1480','',1,'Mike Olson','530-318-1482','',NULL,NULL,NULL),(377,'123 Bikes.com','regular','Dale','Sanders','','Sport','','M','2003-01-01','Fallen Leif Road','South Lake Tahoe','CA','USA','96180','','530-544-1309','',1,'Kat A. Long','530-318-1480','',NULL,NULL,NULL),(378,'123 Bikes.com','regular','Rob','Lewis','','Sport','','M','1971-10-06','PO Box 17374','South Lake Tahoe','CA','USA','96151','','530-541-3721','',1,'Katy Long','530-318-1480','',NULL,NULL,NULL),(379,'123 Bikes.com','regular','Nick','Olson','J','Sport','','M','1980-02-03','352 East 20th St.','Chico','CA','USA','95928','njolson@yahoo.com','530-8642611','530-564-2611',1,'Roger Olson','530-891-0465','',NULL,NULL,NULL),(61,'Rollin Funk','regular','Steven','Houge','','Sport','','M','1967-11-27','7416 Gannon Dr.','Reno','NV','USA','89506','','775-972-3724','775-329-9979',1,'Judit Houge','775-972-3724','alternate # for Judit 775-762-9565',NULL,NULL,NULL),(62,'Rollin Funk','regular','J.D.','Fazio','','Sport','','M','1969-04-04','3030 Comstock Dr.','Reno','NV','USA','','','775-337-8787','',1,'Shirrae Fazio','775-772-6814','',NULL,NULL,NULL),(63,'Rollin Funk','regular','Simon','Brown','','Sport','','M','1964-03-28','1336 Wright St.','Reno','NV','USA','87509','','775-322-7501','',1,'Jene Brown','281-288-4953','',NULL,NULL,NULL),(193,'Taco\'s & Tequila','regular','Marc','Rancourt','','Sport','','M','1972-06-10','PO BOX 7753','Incline Village','NV','USA','89452','rancourt@pyramid.net','775-843-5766','',1,'Tia Rancourt','775-831-3946','',NULL,NULL,NULL),(160,'Nebulous Ambition','regular','Eliot','Logan','','Sport','','M','1974-11-20','126 E. Charleston St.','Palo Alto','CA','USA','94306','eliotl32@hotmail.com','650-493-1597','',1,'Christine Logan','650-430-1655','',NULL,NULL,NULL),(300,'Olympic Bike Shop','regular','Kim','percy','A','Sport','','F','1969-04-28','10149 Columbine Rd','Truckee','CA','USA','96161','kpercy@inreach.com','(530) 583-0400','(530) 448 - 9350',1,'John Percy','(530) 448 - 9053','',NULL,NULL,NULL),(302,'Olympic Bike Shop','regular','Evan','Chismark','M','Sport','','M','1978-04-23','Box 7653','Tahoe City','CA','USA','96145','evanchismark@hotmail.com','530-581-2809','',1,'Katie Van Voorhis','518-796-6532','',NULL,NULL,NULL),(303,'Olympic Bike Shop','regular','Kevin','Bazar','','Sport','','M','1975-02-15','932 Harold Dr.','Incline Village','NV','USA','84451','justclas@hotmail.com','530-546-0187','775-833-0305',1,'Kristen Immoor','775-833-0305','',NULL,NULL,NULL),(19,'Rickshaw Stop 2- Electric Boogaloo','regular','Timothy','Dunn','C','Sport','','M','1974-02-22','812 Clayton St.','San Francisco','CA','USA','94117','','415-665-4502','',1,'Claudia Scharff','415-706-2201','',NULL,NULL,NULL),(13,'Rickshaw Stop','regular','William','Held','','Sport','','M','1970-07-16','13 Hard Street','San Rafael','CA','USA','94901','steveheld@yahoo.com','415-899-2467','415-453-2335',1,'Liz Held','415-453-2335','',NULL,NULL,NULL),(319,'The Misfits','regular','Ted','Musselman','','Sport','','M','1968-05-10','142 North Milpitas Blvd. #315','Milpitas','CA','USA','95035','tmussellm@altera.com','408-544-7653','408-730-5273',1,'Clarence Musselman','925-689-3462','',NULL,NULL,NULL),(380,'Kobin, Louise','captain','Louise','Kobin','','Sport','111-11-1111','F','1968-09-04','420 Alberto Way #43','Los Gatos','CA','','95032','loukobin@yahoo.com','408-356-2443','',1,'Joe Whitehead','408-356-2443','',NULL,NULL,NULL),(381,'Grateful Tread','captain','Thomas','McCarty','J','Sport','','M','1964-10-11','57 Corte Ramon','Greenbrae','CA','USA','94904','thomas.mccarty@all.com','415-886-6136','',1,'Laura McCarty','415-925-1126','',NULL,NULL,NULL),(383,'Grateful Tread','regular','Austin','Murphy','','Sport','','M','1961-01-01','35 San Francisco Blvd.','San Anselmo','CA','USA','94960','austin_murphy@simail.com','415-454-2524','',1,'Laura Hilgers','415-640-5357','',NULL,NULL,NULL),(292,'Patron','regular','Bill','Floyd','','Sport','','M','1959-03-05','1418 Champion Oaks dr.','Roseville','CA','USA','95661','xpress@inreach.com','(916) 300-3593','(916) 782-7581',1,'Marilyn Floyd','(916) 782-7581 or 30','',NULL,NULL,NULL),(294,'Patron','regular','Michael','Echelmeier','D','Sport','565-75-0568','M','1940-10-10','509 Barrosian Ct','Auburn- Allata Faginah','CA','USA','95603','ECHCUBED@EARTHLINK.NET','916-595-9580','530-889-9580',1,'LYNETTE','530-889-9580','',NULL,NULL,NULL),(55,'Axel grease','regular','Chris','Hatounian','','Sport','','M','1960-03-22','23718 Baldar St.','W Hills','CA','USA','91304','','818-704-4219','',1,'Debbi','818-704-4219','',NULL,NULL,NULL),(385,'Least Expected','captain','Sean','Buehler','P','Sport','','M','1970-06-22','240 Maple Street','Swanville','CA','USA','96130','thebuehlers@yahoo.com','530-257-9493','',1,'Camille Buehler','530-257-9493','Alternate phone #530-310-2158',NULL,NULL,NULL),(386,'Least Expected','regular','Ben','Jordan','C','Sport','','M','1982-10-17','600 Beckrose Court','Incline','NV','USA','89450','','975-232-2407','',1,'Karen Jordon','906-466-7446','',NULL,NULL,NULL),(388,'Least Expected','regular','Greg','Marron','','Sport','','M','1967-06-15','1264 Stanyan St.','San Francisco','CA','USA','94117','greg-marron@yahoo.com','650-356-7754','',1,'Missy MacNish','415-218-4818','',NULL,NULL,NULL),(382,'Grateful Tread','regular','Todd','Morrish','W','Sport','','M','1963-01-23','5801 Presley Way','Oakland','CA','USA','94618','morrish1@pacbell.net','510-653-1180','',1,'Tamara Morrish','415-225-0634','',NULL,NULL,NULL),(389,'Jeffery, Mark G.','captain','Mark','Jeffery','G','Sport','111-11-1111','M','1967-06-08','22111 Old Santa Cruz Hwy.','Los Gatos','CA','USA','95033','mark.jeffery@terayon.com','408-348-3460','',1,'Katie Jeffery','408-348-3450','',NULL,NULL,NULL),(390,'Cyclepaths','captain','Conrad','Snover','K','Expert','111-11-1111','M','1974-11-22','11614 Rhineland Ave.','Truckee','CA','USA','96161','cksnover@yahoo.com','530-582-0992','',1,'Lisa Toutant','415-531-3847','',NULL,NULL,NULL),(391,'Cyclepaths','regular','Greg','Christman','M','Sport','111-11-1111','M','1975-12-13','10133 Pine Cone Rd.','Truckee','CA','USA','96161','gchristman@benchmarkmanagement.com','530-582-4051','530-582-1317',1,'Zach Andeson','530-550-7571','',NULL,NULL,NULL),(392,'Cyclepaths','regular','Nicola','Burns','S','Sport','111-11-1111','F','1969-07-06','10617 Indian Pine Rd.','Truckee','CA','USA','96161','','530-550-8876','',1,'Roger Burns','530-550-8876','',NULL,NULL,NULL),(393,'Cyclepaths','regular','Kristen','Watanabe','M','Sport','111-11-1111','F','1977-08-15','7304 N. Vincent','Portland','OH','USA','97217','watanbekm@hotmail.com','503-286-0545','',1,'Sean Kelsey','503-887-3115','',NULL,NULL,NULL),(28,'Shave The Poodles','regular','Lars','Ellison','','Sport','','M','1964-12-09','142 Stevenson Lane','Baltimore','MD','USA','21212','lellis02@jhmi.edu','410-614-4521','410-339-3499',1,'Suzanne Generao','916-284-3529','',NULL,NULL,NULL),(328,'Oxygen Debt','regular','Willem','Heydendall','A','Sport','','M','1978-09-13','359 Madison Ave.','Albany','NY','USA','12210','frankbonz71@hotmail.com','518-262-5801','518-426-1609',1,'Christine Bicker','518-426-1609','',NULL,NULL,NULL),(329,'Oxygen Debt','regular','Bradford','Kosich','M','Sport','','M','1970-06-29','1450 Main St.','Rensselaerville','NY','USA','12147','bradford.koisch@key.com','518-257-9565','518-792-9482',1,'Jon Kosich','518-797-5190','',NULL,NULL,NULL),(374,'Rippin for 24 Hours','regular','Jack','Clayton','M','Sport','','M','1962-03-26','175 Lucillar Ct','Boulder Creek','CA','USA','95006','jack.clayton@intel.com','408-765-8949','831-338-3394',1,'John Clayton','530-878-8543','',NULL,NULL,NULL),(186,'SCAB Crew','regular','Matt','Evarts','','Sport','559-91-9869','M','1970-09-07','3116 Lake Dr. #35','Marina','CA','USA','93933','landfish16@hotmail.com','831-883-9166','831-601-3329',1,'Lynne Evarts','800-350-0006','',NULL,NULL,NULL),(70,'Headless Horsemen','regular','Alex','Boisvert','','Sport','','M','1973-03-29','1128 Tennessee St. #2','San Francisco','CA','USA','94107','boisvert@intalio.com','650-766-0472','',1,'Jean Boisvert','819-346-0263','',NULL,NULL,NULL),(71,'Headless Horsemen','regular','Dominic','Coupal','','Sport','','M','1973-09-12','1700 Halford Avenue App 325','Santa Clara','CA','USA','95051','dominic.coupal@finisar.com','408-656-2114','',1,'Jean-Francois Dube','408-249-9566','',NULL,NULL,NULL),(214,'Haag and Hanna','regular','Noel','Hanna','','Sport','111-11-1111','M','1967-01-01','','Ballynahinch','','Ireland','','','','',1,'David Haag','800-517-3535','',NULL,NULL,NULL),(298,'Keith Welched','regular','Shawn','O\'Meara','P','Sport','','M','1971-03-26','2825 Harding Way','Reno','NV','USA','89503','','775-240-4365','775-747-5985',1,'Tennile O\'Meara','775-240-4365','',NULL,NULL,NULL),(370,'Jayne\'s World','regular','Pat','West','','Sport','','M','1965-05-24','2123 Ygnacio Valley Road','Walnut Creek','CA','USA','94598','ski@mindspring.com','925 937 4330','',1,'Jayne','925 360 3085','',NULL,NULL,NULL),(372,'Rippin for 24 Hours','regular','Jeff','Farnsworth','','Sport','','M','1957-10-17','208 Belle Vista  Av e.','Los Gatos','CA','USA','95030','jeff.furnsworth@intel.com','408-765-2160','408-354-0987',1,'Michele Taylor','408-354-0987','',NULL,NULL,NULL),(338,'Pro Team Leisure','regular','Bob','Navarro','','Sport','','M','2003-01-01','3869 Lyman Road','Oakland','CA','USA','94602','ofdrobertson@aol.com','510-410-4238','',1,'Dan Robertson','510-410-4238','',NULL,NULL,NULL),(339,'Pro Team Leisure','regular','Chuck','Fross','','Sport','','M','2003-01-01','3869 Lyman Road','Oakland','CA','USA','94602','ofdrobertson@aol.com','510-410-4238','',1,'Dan Robertson','510-410-42358','',NULL,NULL,NULL),(340,'Pro Team Leisure','regular','Mike','Stiffler','','Sport','','M','1965-06-01','PO Box 8233','Tahoe City','CA','USA','96145','','530-582-7455','',1,'Courtney','530-583-7455','',NULL,NULL,NULL),(202,'Riders of the Blue Agave','regular','Marc','Stefani','J','Sport','','M','1972-02-11','6850 Sharlands Ave.','Reno','NV','USA','89523','','775-787-8061','',1,'Ron Stefani','510-581-0696','',NULL,NULL,NULL),(203,'Riders of the Blue Agave','regular','Jerry','Verkler','T','Sport','','M','1968-02-23','PO Box 1861','Kings Beach','CA','USA','96143','jerkler@yahoo.com','530-562-2259','530-546-4553',1,'Heidi A. Bushway Verkler','530-546-4553','',NULL,NULL,NULL),(357,'lost in the supermarket','regular','Orion','Corcilius','','Sport','','M','1974-08-24','1968 Knolles Dr.','Santa Rosa','CA','USA','95405','ocorcilius@hotmail.com','707-843-0819','718-891-9796',1,'Gary Abrams','','718-891-9796',NULL,NULL,NULL),(358,'lost in the supermarket','regular','Michael','O\'Dea','','Sport','','M','1966-05-10','1968','Santa Rosa','CA','USA','95405','nzkiwiguy@mtbwales.co.uk','707-843-0819','',1,'Orion Corcilius','707-843-0819','',NULL,NULL,NULL),(359,'lost in the supermarket','regular','Lawerence','Fisher','','Sport','','M','1974-06-20','737 Louisa Dr.','Santa Rosa','CA','USA','95404','moadiv@onebox.com','707-535-0269','',1,'Melody','707-535-0269','',NULL,NULL,NULL),(27,'Shave The Poodles','regular','Chris','Luberecki','','Sport','','M','1967-03-30','P.O. Box 7273','Tahoe City','CA','USA','96145','','530-386-5823','',1,'Laura Vaughn','530-581-1443','',NULL,NULL,NULL),(384,'Grateful Tread','regular','Jerry','Meander','','Sport','','M','1958-01-01','','','','USA','','','','',1,'','','',NULL,NULL,NULL),(387,'Least Expected','regular','Timo','Norris','','Sport','','M','2003-01-01','1264 Stanyan','San Francisco','CA','USA','','timnorris@yahoo.com','415-515-9989','',1,'Grey marron','415-515-9989','',NULL,NULL,NULL),(53,'Axel grease','regular','Justin','Garner','A','Sport','621-01-3127','M','1980-07-17','155 5th sfg (a)','ft campbell','KY','USA','42223','justin.axel.garner@us.army.mil','270-798-3300','931-302-9611',1,'carole richmond','559-781-7440','',NULL,NULL,NULL),(54,'Axel grease','regular','Kenny','Stroub','','Sport','614-18-8325','M','1974-06-02','33406 hwy 190','springville','CA','USA','93265','axeltow@hotmail.com','559-539-0331','559-784-3238',1,'heather stroub','559-539-0331','',NULL,NULL,NULL),(68,'Headless Horsemen','captain','Derek','Glynn','M','Sport','','M','1971-08-25','970 corte madera apt 716','sunnyvale','CA','USA','94085','dglynn@p-imaging.com','408 836 6513','408 523 1353',1,'nicola rees','408 836 6549','',NULL,NULL,NULL),(69,'Headless Horsemen','regular','Chinlee','Wang','','Sport','','M','1970-07-30','1622 Duvall Drive','San Jose','CA','USA','95130','chinleewang@yahoo.com','408-428-0123','408-866-4849',1,'Ming Wang','631-689-9409','',NULL,NULL,NULL),(134,'Rat Racers','regular','Mike','Ronan','O','Sport','122-60-0307','M','1971-07-11','120 Woodland Pl','Park City','UT','USA','84098','minoura89@yahoo.com','801-599-1573/cell','909-779-8094',1,'Tracy Ronan','435-655-9604','',NULL,NULL,NULL),(38,'Top Tube Johnson and da Saddle Sores','regular','James','Allen','V','Sport','','M','1962-12-26','3015 Carmelo Lane','Davis','CA','USA','95616','allen0622@sbcglobal.net','530-753-8046','530-753-8046`',1,'Wendy Allen','530-304-5616','',NULL,NULL,NULL),(34,'Pig Iron','regular','John','Arbuckle','M','Sport','','M','1963-07-25','1641 Crest Hill Way','Gilroy','CA','USA','95020','arbuckle.john@conway.com','403-593-3062','403-847-9787',1,'Julie Arbuckle','408-406-3217','',NULL,NULL,NULL),(216,'Rage','regular','John','Peckham','E','Sport','','M','1975-06-14','851 San Ramon Ave','Sunnyvale','CA','USA','94085','peckham95405@yahoo.com','510-440-7814','707-321-7511',1,'Mary Ann Parker','314-721-4421','',NULL,NULL,NULL),(2,'Recipe for Disaster','captain','David','Muhlbaum','','Sport','','M','1968-02-26','5730 MacArthur Blvd','Washington','DC','USA','20016','davidmuhlbaum@aol.com','202 887 6461','202 966 5347',1,'Elizabeth Muhlbaum','202 966 5347','',NULL,NULL,NULL);

--
-- Table structure for table `rider_rfid`
--

CREATE TABLE `rider_rfid` (
  `rfid` int(4) NOT NULL DEFAULT '0',
  `uid` int(4) NOT NULL DEFAULT '0',
  UNIQUE KEY `rider_rfid_pkey` (`rfid`)
) ENGINE=MyISAM DEFAULT CHARSET=latin1;

--
-- Dumping data for table `rider_rfid`
--

INSERT INTO `rider_rfid` VALUES (14157,113),(12550,346),(13651,123),(13686,30),(12899,1),(12617,335),(12997,288),(14192,325),(12380,72),(13322,73),(12450,289),(13107,290),(13118,213),(13882,214),(12571,284),(13271,285),(13619,286),(1835,287),(1932,304),(14166,305),(2008,306),(12235,307),(14154,252),(12326,253),(2225,254),(12167,255),(14051,86),(2045,87),(13943,88),(1949,89),(2060,321),(2098,322),(12329,323),(12373,324),(1922,56),(12560,57),(2050,58),(12618,59),(12740,260),(13681,261),(2274,262),(1977,263),(13557,90),(13288,91),(12583,92),(13793,93),(13456,94),(2069,341),(2048,342),(1985,343),(12544,344),(13257,345),(2059,169),(13545,170),(2290,171),(13999,172),(13970,173),(1780,208),(11967,209),(13182,210),(2186,211),(13230,212),(12597,104),(12593,105),(14023,106),(14223,107),(12372,108),(12988,140),(13912,141),(13876,142),(12967,143),(12202,144),(12127,299),(13992,300),(13458,301),(12169,302),(12706,303),(13111,312),(13333,313),(12426,314),(13874,315),(12612,316),(12941,326),(13034,327),(13621,328),(13318,329),(12296,330),(12632,336),(13529,337),(12501,338),(13160,339),(12582,340),(13028,215),(12915,216),(13417,217),(13371,218),(12918,219),(12813,2),(12022,3),(13396,4),(13878,5),(12159,6),(13465,11),(13517,12),(12370,13),(12626,14),(13409,15),(13443,199),(13357,200),(13266,201),(14130,202),(13426,203),(12113,16),(14099,17),(13873,18),(13353,19),(14125,20),(14123,178),(14122,179),(13749,180),(13510,181),(13771,182),(13773,21),(12333,22),(14097,23),(14092,24),(14091,25),(14090,47),(14089,48),(14088,49),(14087,50),(14086,51),(14104,118),(14103,119),(14102,120),(14101,121),(14100,122),(1944,99),(2086,100),(13890,101),(2080,102),(1802,103),(11962,136),(1622,137),(13923,138),(1603,139),(13961,228),(13444,229),(12476,230),(12191,231),(1984,52),(2125,53),(12933,54),(1610,55),(12888,187),(2119,188),(1753,189),(13637,190),(13345,114),(13588,115),(2013,116),(13953,117),(1682,256),(1921,257),(2120,258),(12192,259),(13698,149),(13695,150),(12529,151),(2277,152),(12579,82),(1978,83),(13655,84),(1903,85),(2062,124),(13507,125),(14063,126),(12453,127),(13515,68),(12020,69),(12844,70),(13842,71),(1617,232),(13554,233),(13470,234),(12723,235),(13022,240),(12076,241),(12886,242),(12998,243),(12786,295),(13308,296),(12369,297),(12400,298),(13163,276),(13546,277),(13846,278),(13251,279),(14065,153),(12425,154),(2269,155),(12194,156),(14017,220),(14127,221),(13856,222),(12756,223),(13818,244),(14188,245),(13576,246),(12145,247),(12182,157),(1986,158),(11979,159),(13213,160),(13798,280),(14189,281),(13186,282),(13025,283),(11976,132),(12654,133),(14141,134),(12261,135),(13594,60),(13990,61),(12411,62),(12048,63),(12074,183),(13927,184),(2152,185),(1840,186),(1664,26),(2167,27),(2139,28),(2158,29),(2042,128),(1782,129),(1742,130),(1811,131),(1884,39),(2100,40),(1975,41),(2096,42),(2140,308),(2206,309),(1860,310),(1701,311),(2249,268),(2198,269),(12173,270),(12316,271),(13258,191),(13504,192),(13687,193),(13825,194),(14250,317),(13278,318),(12220,319),(14047,320),(13898,109),(12715,110),(1686,111),(13145,112),(12088,7),(12830,8),(14164,9),(1989,10),(13653,35),(2023,36),(13284,37),(2040,38),(1649,248),(1979,249),(1653,250),(13942,251),(13858,264),(1836,265),(12653,266),(12057,267),(12198,165),(2265,166),(12879,167),(12382,168),(12207,78),(14152,79),(13290,80),(13505,81),(13627,174),(11961,175),(13812,176),(1849,177),(13367,331),(13851,332),(12527,333),(2174,334),(13276,236),(14042,237),(13501,238),(12776,239),(1833,204),(1974,205),(2298,206),(1657,207),(13981,161),(14133,162),(13079,163),(13975,164),(13615,74),(12100,75),(13629,76),(12744,77),(2184,224),(12142,225),(13231,226),(2203,227),(13742,291),(12674,292),(12413,293),(12327,294),(13241,145),(1642,146),(2185,147),(13553,148),(1658,64),(13252,65),(13075,66),(14182,67),(12687,365),(2188,195),(13299,196),(1993,197),(2129,198),(13359,43),(2009,44),(13004,45),(1831,46),(1911,272),(13701,273),(1696,274),(13012,275),(2173,95),(1766,96),(1803,97),(12044,98),(1754,31),(11971,32),(13803,33),(1947,34),(2073,347),(12609,348),(13203,349),(2155,350),(1969,351),(1663,352),(14170,353),(12592,354),(1670,355),(12699,356),(13389,357),(2092,358),(13853,359),(13214,361),(13667,362),(13477,363),(2047,364),(2079,360),(14075,366),(1611,367),(2291,368),(2300,369),(1987,370),(12034,371),(2299,372),(1723,373),(1725,374),(2075,375),(1732,376),(13649,377),(14009,378),(12816,379),(12248,385),(14172,386),(14205,387),(12651,388),(13813,389),(13156,390),(13374,391),(12992,392),(13393,393),(13066,380),(14038,381),(12457,382),(11965,383);

--
-- Table structure for table `team`
--

CREATE TABLE `team` (
  `name` varchar(36) NOT NULL DEFAULT '',
  `city` varchar(26) DEFAULT NULL,
  `state` varchar(26) DEFAULT NULL,
  `country` varchar(26) NOT NULL DEFAULT '',
  `class` char(2) NOT NULL DEFAULT '',
  `ala` tinyint(1) NOT NULL DEFAULT '0',
  `sponsors` varchar(255) DEFAULT NULL,
  `anecdote` mediumtext,
  `fee_paid` decimal(9,2) DEFAULT NULL,
  `online_reg` tinyint(1) NOT NULL DEFAULT '0',
  `payment_type` char(2) DEFAULT NULL,
  `username` varchar(8) DEFAULT NULL,
  `password` varchar(8) DEFAULT NULL,
  `admin_notes` varchar(255) DEFAULT NULL,
  `song_title` varchar(50) DEFAULT NULL,
  `song_artist` varchar(50) DEFAULT NULL,
  `number_of_riders` int(3) DEFAULT NULL,
  UNIQUE KEY `team_pkey` (`name`)
) ENGINE=MyISAM DEFAULT CHARSET=latin1;

--
-- Dumping data for table `team`
--

INSERT INTO `team` VALUES ('Title 19 Violators','San Francisco','CA','USA','MS',0,'','Title 19 San Rafael Municipal Code\015\012\015\012\"No person shall be allowed to enter, loiter or remain in or on any city open space lands any later than one-half hour after sunset or earlier than one-half hour before sunrise without prior written permission from the public works department.\"\015\012\015\012... unless they are poaching sweet singletrack under cover of darkness.',510.00,1,'CC','Title19','foobar','',NULL,NULL,NULL),('Rickshaw Stop','San Francisco','CA','USA','5P',0,'Rickshaw Stop','The South-East Asian style hotspot',635.00,1,'CC','rickshaw','155fell','',NULL,NULL,NULL),('Pig Iron','San Jose','CA','USA','CD',0,'Lux MAnufacturing','',500.00,0,'CK','franklux','luxman','',NULL,NULL,NULL),('Summit','Reno','NV','USA','MS',0,'Summit Christian Church','',500.00,0,'CK','bhowell','summit1','',NULL,NULL,NULL),('Team Voler','Grover Beach','CA','USA','5P',0,'Voler Team Apparel','',0.00,0,'CK','efonda','voler1','',NULL,NULL,NULL),('Axel grease','Porterville','CA','USA','MS',0,'Supra-Life  and  River Ridge Ranch','1 old disabled ex-motorcycle racer\015\0121 old austrailian surfer\015\0121 young army special forces sargent\015\0121 young motorcycle trials rider',510.00,1,'CC','justin','bagdad','',NULL,NULL,NULL),('Bloody Taint','Rocklin','CA','USA','DP',0,'','',450.00,1,'CC','bloody','taint1','',NULL,NULL,NULL),('Gaping Head Wounds','Phoenix','AZ','USA','MV',0,'','Trying to find out just how good friends we are.\015\012First time for all of us.',510.00,1,'CC','gapinghw','dwight','',NULL,NULL,NULL),('Wolverine Extreme','Bay Area','CA','USA','MS',0,'No real sponsors, but if we had to attribute the organizations that have helped us make it this far, this is where our money would be:\015\012J&J for Band-Aids\015\012McNeil PPC for Tylenol\015\012Pfizer for Neosporin\015\012and of course the doctors who put us b','To many.... The wolverine is somewhat bear-like. It is powerfully built, well adapted for winter survival and very aggressive. \015\012\015\012To us.... The wolverine is somewhat bear like, it drinks heavily before sporting events, eats wings on South U.,drinks Sangria at Dominick\'s, sings \"Hail to the Victors\" and is willing to try just about anything.',510.00,1,'CC','jrfiala','michigan','',NULL,NULL,NULL),('Four on the Floor','San Francisco','CA','USA','MS',0,'','Four weekend warriors who need to train more.',510.00,1,'CC','FourOTF','floored','',NULL,NULL,NULL),('Rollin Funk','Reno','NV','USA','MS',0,'','',510.00,1,'CC','rollin','chicken','',NULL,NULL,NULL),('zgtec.com internationals','Aspen','CO','USA','5P',0,'ZGtec, Inc','We are from all around, a Kiwi who lives in Denver, 3 brits, one in Aspen 2 in London and a token Yank from DC. A genuine gaggle of traveling veloists.',635.00,1,'CC','zgtecinc','6489543','',NULL,NULL,NULL),('The Westicles','Englewood','CO','USA','MS',0,'National Mortgage Company of Colorado','',500.00,0,'CK','pdrawe','westicle','',NULL,NULL,NULL),('Chynoweth, Mathew','Auburn','CA','USA','M1',0,'Auburn Bike Works, WTB, Cannondale','',310.00,1,'CC','0-6eIXKh','x1xxhi7L','',NULL,NULL,NULL),('Triumph','san jose','CA','USA','5P',0,'','4th year in a row — a little bit older, fatter and slower, but still here baby!',635.00,1,'CC','triumph','tt2003','',NULL,NULL,NULL),('HammerFall','San Francisco','CA','USA','MS',0,'','',510.00,1,'CC','andyscot','woodson','',NULL,NULL,NULL),('Donkey Riders','Menlo Park','CA','USA','MS',0,'Alchemisity Interactive, Pork - the other white meat','Team Monkey Butt will fall hard.',510.00,1,'CC','mpence','freedom','',NULL,NULL,NULL),('Singletrack Minds','Brentwood','CA','USA','MS',0,'','',510.00,1,'CC','Onemind','nobonk','',NULL,NULL,NULL),('Rat Racers','Oceanside','CA','USA','MS',0,'','',510.00,1,'CC','fisher','sugar3','',NULL,NULL,NULL),('Action Heroes','Gardnerville','NV','USA','MS',0,'','',510.00,1,'CC','eastfork','rescue','',NULL,NULL,NULL),('Mis-Shift','East Bay','CA','USA','5P',0,'','',635.00,1,'CC','dambrose','monmon','',NULL,NULL,NULL),('Nebulous Ambition','Berkeley','CA','USA','MS',0,'realtrails.com,Nanoplex,Bonhams & Butterfields Auction Co.','We are road-racers turned singletrack addicts; this is our first 24H race.',510.00,1,'CC','nebulous','2thrive','',NULL,NULL,NULL),('Who\'s Your Daddy','Sacramento','CA','USA','MS',0,'','Please help us save Aubrey\'s face.  He tends to ride too fast for his ability and endo, and he\'s ugly enough already.  If you spot him on the race course, a friendly cautionary reminder would be much appreciated.  He\'s more use to us riding slowly than sitting on his butt bleeding on us...again.',510.00,1,'CC','lindholm','69nutz','',NULL,NULL,NULL),('Beg, Borrow and Steal','San Francisco','CA','USA','5P',0,'','We couldn\'t possibly be Team Triumph II - that would be inconsistent with the \"triumph\" part of the name.  And, we always seem to claw our way into these types of things by begging, borrowing and stealing supplies, parts and gear.  So, the name seemed appropriate...',635.00,1,'CC','jminch','borrow','',NULL,NULL,NULL),('YO\' MAMA','BAY AREA','CA','USA','MS',0,'THE TEAM NAME SAYS IT ALL','',510.00,1,'CC','yomama','suckah','',NULL,NULL,NULL),('Purple Helmeted Love Warriors','Carson City/ Reno','NV','USA','MV',0,'Titus Cycles \015\012\"WWW.TITUSTI.COM\"','Mission statement of the PHLW\'s:\015\012\"OUR MEMBERS WILL RISE TO THE OCCASION, WILL RIDE HARD PROVIDING THE STIFFEST COMPETITION POSSIBLE, AND WILL CLIMAX THIS STIMULATING EVENT BY THRUSTING OURSELVES TO THE TIP OF THE PODIUM.\"',510.00,1,'CC','warrior','racerx','',NULL,NULL,NULL),('Strangers In The Night','Oakland','CA','USA','5P',0,'','',635.00,1,'CC','radown','boogboog','',NULL,NULL,NULL),('Dude, where\'s my bike?','Reno/Carson City','NV','USA','MS',1,'Harley-Davidson Financial Services, Inc.','We don\'t really have a story.....We are just four guys that work together and were lucky enough to get our company to sponsor us.  And no, we don\'t get free Harleys......so don\'t ask.\015\012But here we are, back for a 2nd year.  Why?  We have no idea because at the end of the race last year we swore that we\'d never do this again.  There\'s just something sweet about crossing that finish line.....even if you are in last place!  See you at the race!  \015\012Dude, where\'s my bike?',0.00,0,'CK','dcardoza','duderide','',NULL,NULL,NULL),('SCAB Crew','San Jose','CA','USA','MS',0,'','',510.00,1,'CC','SCABCrew','faster','',NULL,NULL,NULL),('Doc Feelgood\'s Organic Cycling Team','San Francisco','CA','USA','MS',0,'','',510.00,1,'CC','feelgood','comstock','',NULL,NULL,NULL),('Summit Chuters','Los Gatos','CA','USA','MV',0,'','',510.00,1,'CC','Hokedog','santac','',NULL,NULL,NULL),('Riders of the Blue Agave','Kings Beach','CA','USA','5P',0,'Northstar at Tahoe','',0.00,0,'CK','kgodinez','blueride','',NULL,NULL,NULL),('Rage','Santa Rosa','CA','USA','5P',0,'','',635.00,1,'CC','teamrage','moresby','',NULL,NULL,NULL),('Haag and Hanna','Louisville','KY','USA','DP',0,'Business Radio, Kenwood Communications, Bridgedale Ireland, Guinness','David and Noel are on a secret training mission in preparation for Subaru Primal Quest adventure race in Tahoe Sept 5-14. Noel is well known in the adventure race community for his consumption of mass quantities of adult beverages.  David is well known for his invention of Shut Your Butt Up brand anti-diarrhea medicine.',0.00,0,'CK','davidh','tworidin','',NULL,NULL,NULL),('All Hat','Los Catos','CA','USA','MS',0,'','',500.00,0,'CK','bedwards','hats2all','',NULL,NULL,NULL),('Jackalope','Casper','WY','USA','MS',0,'','',500.00,0,'CK','woodruff','casper','',NULL,NULL,NULL),('Mo Cattle','Los Gatos','CA','USA','MS',0,'','',500.00,0,'CK','cweber','gotmilk','',NULL,NULL,NULL),('T\'Shirts -N- Toe Clips','San Jose','CA','USA','MS',0,'Ultimate Technology, Inc.','',510.00,1,'CC','rbarlow','87tech','',NULL,NULL,NULL),('Not Team Santa Cruz','Santa Cruz','CA','USA','ME',0,'','',510.00,1,'CC','Bastard','granny','',NULL,NULL,NULL),('Lester, Shawn A.','Gardnerville','NV','USA','M1',0,'Team Alaina Sage, Avid, CamelBak, Truvativ, Salsa, White Bros., ClifBar, Tioga, Thomson, WTB, Answer, THE, 123bikes.com, Ritchey, Voler, NiteRider, \"Silly\" Grandma and Grandpa, \"Wierd\" Uncle Grant, and all of my family, especially my wife, Kristine.','On Feb. 4 of this year, our 4-year-old daughter, Alaina, went to Heaven to see God and Jesus.  Since then, I\'ve been wanting to do something to honor her.  My brother did a marathon in Phoenix in Alaina\'s honor, so I thought I\'d give a 24-hour event a try.  I read in Dirt Rag about Granny Gear\'s Tahoe event.  Since it\'s been about 9+ years since my last race, I don\'t know how far I\'ll go.  I do plan on completing a certain number of laps in Alaina\'s honor.  I also plan on having a birthday celebration for Alaina afterwards, since she was born on August 14.  So if you\'d like to join us for some cake, please come on over!!',310.00,1,'CC','pinkies4','asl1999','',NULL,NULL,NULL),('Ziegenbock','Belmont','CA','USA','MS',0,'','',500.00,0,'CK','jgarrish','biking4','',NULL,NULL,NULL),('Recipe for Disaster','Washington','DC','USA','5P',0,'','Bringing our oxygen tanks!',635.00,1,'CC','dmuhlbau','3star24','',NULL,NULL,NULL),('Kiss My *','Oakland','CA','USA','MV',0,'','',500.00,0,'CK','thesse','oakland','',NULL,NULL,NULL),('Four Dirty DIViAteS','Carson City','NV','USA','WE',0,'','\'Four\'- One more than three,\015\012\'Dirty\' - not always clean,\015\012\'Divas\' - prima donnas, \"that\"\015\012\'Deviate\'- do not follow the expected norm...\015\012             Need we say more?',510.00,1,'CC','4Divas','24hour','',NULL,NULL,NULL),('Dusseljee, Isaiah','Nevada City','CA','USA','M1',0,'Auburn Bike Works','',310.00,1,'CC','idussel','onebiker','',NULL,NULL,NULL),('Wheelin\' Wranglers','Berkeley','CA','USA','MS',0,'','We are a group of friends who ride together frequently in the bay area. We enjoy both road riding and mountain biking.',510.00,1,'CC','jzalla','gozer1','',NULL,NULL,NULL),('Sweep the Leg, Johnny!','Toon Town','CA','USA','MS',0,'Liquid Tongue','',510.00,1,'CC','cjohnson','sweep123','',NULL,NULL,NULL),('Top Tube Johnson and da Saddle Sores','Davis','CA','USA','MS',0,'','',510.00,1,'CC','toptube','johnson','',NULL,NULL,NULL),('Bontrager Masters','Santa Cruz','CA','USA','MM',0,'Bontrager Wheelworks','',510.00,1,'CC','keithb','bkeith','',NULL,NULL,NULL),('Pretty Good! Thanks for askin\'!','Travis AFB','CA','USA','MS',0,'Camel Bak','What?? 24 Hrs consecutively!!',510.00,1,'CC','johnbr','roicctr','',NULL,NULL,NULL),('Last Minute','Sacramento','CA','USA','MS',0,'','So...Dana told Ryan who called lots of people who all flaked so Ryan called Tim who was in, who talked to others who flaked, so Ryan called Cory and Team Last Minute was formed.',510.00,1,'CC','lstmnt','24isfun','',NULL,NULL,NULL),('Crank\'n Spank\'n','Truckee','CA','USA','ME',0,'Ourselves','',510.00,1,'CC','hadley','buckets','',NULL,NULL,NULL),('Flamunda Cheese','Truckee','CA','USA','5P',0,'Northstar-at-Tahoe','One of the members might possibly have the worst smelling flatulents. I wuld say his name, but his smell speaks louder. So as your out on the trail and you come across an extremely purgeant smell, know that suh a smeill is coming from one of the members of Flamunda Cheese. So besides carrying a tube, patch kit and tools make sure you include a gas mask in your arsenal. Now get out there and have some fun!',0.00,0,'CK','mhenry','flamunda','',NULL,NULL,NULL),('Patron','Rocklin','CA','USA','MV',0,'','',510.00,1,'CC','Howard','howard','',NULL,NULL,NULL),('Olympic Bike Shop','Tahoe City','CA','USA','5P',0,'Olympic Bike Shop','After having competed in the 4-man expert category for several years, Olympic Bike Shop has assembled a 5-person open team to try for another win.',635.00,1,'CC','johnperc','032573','',NULL,NULL,NULL),('Weibel, Ryan D.','South Lake Tahoe','CA','USA','M1',0,'Millers Custom Cabinets and Bio Wheels Racing','I said Id never do a duo in Tahoe agane, it hurts too bad. So hows solo gonna feel?',310.00,1,'CC','weibel','wer138','',NULL,NULL,NULL),('One Fine Chic Will Do','Ogden','UT','USA','5P',0,'Are you kidding?  Who would sponsor us!','2 old guys, 2 middle aged guys and One Fine Chic!',635.00,1,'CC','jfojtek','051395','',NULL,NULL,NULL),('Lost in the Woods','Davis','CA','USA','MS',1,'City Bicycle Works','',510.00,1,'CC','maffly','torydog','',NULL,NULL,NULL),('Struve, Patricia Jo','Twain Harte','CA','USA','W1',0,'Dean, Hanmmer Gel, Light & Motion, Kenda, Sheebeast, Terry','',310.00,0,'CC','pattyjo','snowcat','',NULL,NULL,NULL),('Oxygen Debt','Florham Park','NJ','USA','5P',1,'','',0.00,0,'CK','rlittle','funride','',NULL,NULL,NULL),('Brave Soldier','Kentfield','CA','USA','MV',0,'Brave Soldier Products\015\012Robin Buduan - Moral Support\015\012Julia Camacci - Immoral Support\015\012Jefferey Neal - \"The\" Brave Soldier','Ride hard, crash, get back up, ride harder, avoid crashing, finish the race.....We are athletes who refuse to set limits!',510.00,1,'CC','skeets22','reny22','',NULL,NULL,NULL),('Fox Racing/ Family Cycling Center','Santa Cruz','CA','USA','DP',0,'Fox Racing Shox - Family Cycling Center','',450.00,1,'CC','pdolden','foxrace','',NULL,NULL,NULL),('Young and Restless','Monterey','CA','USA','MS',0,'','Two of the team riders are Navy: one retired, age 58 (Lucky) and one currently active duty, age 28 (Coleman).  Our third rider is a 57 year old resident of Chico (Stan) who is  a contractor, and our fourth rider is a 27 year old bike mechanic (Corey).',510.00,1,'CC','restless','lscc170','',NULL,NULL,NULL),('Ten months to ten years','Saratoga','CA','USA','MV',0,'Santa Cruz, Visenka, DeFeet\015\012www.santacruzbicycles.com','When we registered for the race we had a total of eleven kids, between the four of us, ranging in ages from ten months to ten years.',510.00,1,'CC','kiwidude','131313','',NULL,NULL,NULL),('Team Bicycles Plus','El Dorado Hills','CA','USA','ME',0,'Bicycle Plus','',500.00,0,'CK','mchastai','bikeplus','',NULL,NULL,NULL),('Warkentin, Eric W.','San Jose','CA','USA','M1',0,'Trek, Fox Racing, Jet Lites','',310.00,1,'CC','2664407','laruta','',NULL,NULL,NULL),('Shave The Poodles','Sacramento','CA','USA','MS',0,'','',510.00,1,'CC','pupson','dogs0n','',NULL,NULL,NULL),('Rickshaw Stop 3- \'The Timber\'','San Francisco','CA','USA','5P',0,'Rickshaw Stop','',635.00,1,'CC','timber','155fell','',NULL,NULL,NULL),('The Misfits','San Jose','CA','USA','MS',0,'All Pride Flooring','',510.00,1,'CC','misfits','67dvbr89','',NULL,NULL,NULL),('Rickshaw Stop 2- Electric Boogaloo','San Francisco','CA','USA','5P',0,'Rickshaw Stop\015\012Golden Boy','',635.00,1,'CC','Rickshaw','155fell','',NULL,NULL,NULL),('American Idles','Boulder','CO','USA','5P',0,'','',635.00,1,'CC','lemard','trojansn','',NULL,NULL,NULL),('Dickey, Jeffrey A.','Carson City','NV','USA','M1',0,'Reno Wheelmen-Reno Hilton / Bicycle Bananas / www.bicycleblowout.com','I\'m not sure if I\'ll survive to finish this race since I haven\'t done a 24 hour race for several years, but what the heck - you only know how far you can go by trying....',310.00,1,'CC','dickeyj','3118jad','',NULL,NULL,NULL),('Domingo Banditos','Clovis','CA','USA','5P',0,'','',625.00,0,'CK','hrohne','bandits','',NULL,NULL,NULL),('no mo','south lake tahoe','CA','USA','MS',0,'','',510.00,1,'CC','teamnomo','24tahoe','',NULL,NULL,NULL),('Squeeky Knees','Portland','OR','USA','MS',0,'','',510.00,1,'CC','tellie','99999999','',NULL,NULL,NULL),('DoubleD JayTee','Fairfax','CA','USA','MS',0,'I.P.A.','',510.00,1,'CC','DoubleD','1stplace','',NULL,NULL,NULL),('lost in the supermarket','Santa Rosa','CA','USA','MS',0,'REI,','A Kiwi, an Aussie, a rookie, and an old coot',510.00,1,'CC','snevin','knackers','',NULL,NULL,NULL),('Hostile Amish','Fernley','NV','USA','MS',0,'Trimline Design','The Ohio Amish boys who moved to Nevada so we could ride in cars and go really fast down big hills on our bicycles.',500.00,0,'CK','dmiller','funridin','',NULL,NULL,NULL),('Taco\'s & Tequila','Incline Village','NV','USA','MS',0,'work, family, and anyone else who wants to donate...','3 out of 4 riders were on team Toofless Tahoe - finished 9th place in the 2001 24-hours of Tahoe.\015\012\015\012Rider Dave Noble won Northstar\'s 2003 Thursday night race series - Men\'s Sport 27 - 34',510.00,1,'CC','tequila','lucerne','',NULL,NULL,NULL),('LivinTheDream','Tahoe City','CA','USA','5P',0,'K2, snowbomb, power Bar and Alpine meadows','',635.00,1,'CC','shecky','mlr864','',NULL,NULL,NULL),('FiField, Scott','Reno','NV','USA','M1',0,'Bicycle Warehouse','',310.00,0,'CK','sfifield','oneridin','',NULL,NULL,NULL),('Los Gringos Locos','Sparks','NV','USA','MS',0,'Mother Lode Bicycle in Sparks, NV & Airboss in Reno, NV','',0.00,0,'CK','nukem','fuel98','',NULL,NULL,NULL),('Outa Control','Tahoe City','WV','USA','MJ',0,'Bike Magazine, Cyclepaths, Olympic Bike Shop and Families.','',0.00,0,'CK','balders','funguys','',NULL,NULL,NULL),('Slow Children at Play','Alamo','CA','USA','5P',0,'','',510.00,1,'CC','slowkids','scaprtd','',NULL,NULL,NULL),('Jayne\'s World','Walnut Creek','CA','USA','5P',0,'','schwing!',635.00,1,'CC','rjpbuck','audrey','',NULL,NULL,NULL),('Damachma','Redlands','CA','USA','ME',0,'','',510.00,1,'CC','3RVRKD','tamarack','',NULL,NULL,NULL),('Pro Team Leisure','Oakland','CA','USA','5P',0,'','what\'s the rush?...\015\012              \"Team Leisure\"',635.00,1,'CC','cldamm','pageypoo','',NULL,NULL,NULL),('Rippin for 24 Hours','Los Gatos','CA','USA','MV',0,'','Three 45+ riders and one 40 year old (couldn\'t find one more 45+ rider to get us into the Master\'s category)',510.00,1,'CC','djohnson','patty1','',NULL,NULL,NULL),('123 Bikes.com','South Lake Tahoe','CA','USA','5P',0,'123 Bikes.com','',645.00,0,'CK','molson','123bikes','',NULL,NULL,NULL),('Headless Horsemen','sunnyvale','CA','USA','MS',0,'','',510.00,1,'CC','dglynn','eire71','',NULL,NULL,NULL),('Dirty Divas','Valley City','OH','USA','WS',0,'','',0.00,0,'CK','lmiranda','dirtdiva','',NULL,NULL,NULL),('Kobin, Louise','San Jose','CA','USA','W1',0,'Jet Lites','',320.00,0,'CC','lkobin','jetlites','',NULL,NULL,NULL),('Grateful Tread','Greenbrae','CA','USA','MV',0,'','',500.00,0,'CK','tmccarty','treads','',NULL,NULL,NULL),('Least Expected','Swansville','CA','USA','MS',0,'','',520.00,0,'CK','seanb','bitocash','',NULL,NULL,NULL),('Jeffery, Mark G.','Los Gatos','CA','USA','M1',0,'Stan\'s Bikes, Armadillo Willys','',320.00,0,'CC','mjeffery','soloride','',NULL,NULL,NULL),('Cyclepaths','Truckee','CA','USA','CP',0,'Cyclepaths Bike Shop & PowerBar','',800.00,0,'CK','csnover','cycles','',NULL,NULL,NULL),('Keith Welched','Gardnerville','NV','USA','MS',0,'My dog Zeus is kicking down mad cash!','Four random dudes.',510.00,1,'CC','rabobank','lemond','',NULL,NULL,NULL),('Tortuga Loca','Santa Rosa','CA','USA','ME',0,'Redwood Empire Velo/Lagunitas\015\012Michelin  Smith Kona NorCal Bike Shop','TORTUGA LOCA WINS 24 HOURS OF TAHOE OVERALL AND EXPERT!\015\012\015\012Winners 2001 Open, 4th overall\015\0123rd 2002 Expert Class, 3rd overall\015\012\015\012Team is back for revenge!  Racing with Jim Forni, Tony \"El Dragon\" Garcia, Kirk Buckman, Jeff Schalk This years Team Manager Jeff \'Sparky\' Hutchins',500.00,0,'CK','jforni','tortuga','',NULL,NULL,NULL),('Veloce','Fresno','CA','USA','ME',0,'None','',510.00,1,'CC','veloce','jahfari','',NULL,NULL,NULL),('24 Hours of Uh-Oh!','Oakland','CA','USA','5P',0,'Joint Juice -- the Drink for Joints','',635.00,1,'CC','24uhoh','gogogo','',NULL,NULL,NULL);

--
-- Table structure for table `team_number`
--

CREATE TABLE `team_number` (
  `bib_number` int(4) NOT NULL DEFAULT '0',
  `name` varchar(36) NOT NULL DEFAULT '',
  PRIMARY KEY (`bib_number`,`name`)
) ENGINE=MyISAM DEFAULT CHARSET=latin1;

--
-- Dumping data for table `team_number`
--

INSERT INTO `team_number` VALUES (2,'Chynoweth, Mathew'),(3,'Dickey, Jeffrey A.'),(4,'Dusseljee, Isaiah'),(5,'Lester, Shawn A.'),(6,'Mancini, Sam'),(7,'Warkentin, Eric W.'),(8,'Weibel, Ryan D.'),(9,'Struve, Patricia Jo'),(10,'Bloody Taint'),(11,'Fox Racing/ Family Cycling Center'),(12,'Haag and Hanna'),(13,'Crank\'n Spank\'n'),(14,'Damachma'),(15,'Not Team Santa Cruz'),(16,'Team Bicycles Plus'),(17,'Tortuga Loca'),(18,'Veloce'),(19,'Four Dirty DIViAteS'),(20,'24 Hours of Uh-Oh!'),(21,'American Idles'),(22,'Beg, Borrow and Steal'),(23,'Flamunda Cheese'),(24,'LivinTheDream'),(25,'Mis-Shift'),(26,'Olympic Bike Shop'),(27,'One Fine Chic Will Do'),(28,'Oxygen Debt'),(29,'Pro Team Leisure'),(30,'Rage'),(31,'Recipe for Disaster'),(32,'Rickshaw Stop'),(33,'Riders of the Blue Agave'),(34,'Rickshaw Stop 2- Electric Boogaloo'),(35,'Strangers In The Night'),(36,'Rickshaw Stop 3- \'The Timber\''),(37,'Team Voler'),(38,'Triumph'),(39,'zgtec.com internationals'),(40,'Action Heroes'),(41,'All Hat'),(42,'Axel grease'),(43,'Doc Feelgood\'s Organic Cycling Team'),(44,'Donkey Riders'),(45,'DoubleD JayTee'),(46,'Dude, where\'s my bike?'),(47,'Four on the Floor'),(48,'HammerFall'),(49,'Headless Horsemen'),(50,'Hostile Amish'),(51,'Jackalope'),(52,'Keith Welched'),(53,'Last Minute'),(54,'Los Gringos Locos'),(55,'Lost in the Woods'),(56,'Mo Cattle'),(57,'Nebulous Ambition'),(58,'Pretty Good! Thanks for askin\'!'),(59,'Rat Racers'),(60,'Rollin Funk'),(61,'SCAB Crew'),(62,'Shave The Poodles'),(63,'Singletrack Minds'),(64,'Summit'),(65,'Squeeky Knees'),(66,'Sweep the Leg, Johnny!'),(67,'Taco\'s & Tequila'),(68,'The Misfits'),(69,'The Westicles'),(70,'Title 19 Violators'),(71,'Top Tube Johnson and da Saddle Sores'),(72,'T\'Shirts -N- Toe Clips'),(73,'Wheelin\' Wranglers'),(74,'Who\'s Your Daddy'),(75,'Wolverine Extreme'),(76,'YO\' MAMA'),(77,'Young and Restless'),(78,'Ziegenbock'),(79,'Dirty Divas'),(80,'Brave Soldier'),(81,'Gaping Head Wounds'),(82,'Kiss My *'),(83,'Patron'),(84,'Purple Helmeted Love Warriors'),(85,'Slow Children at Play'),(86,'Summit Chuters'),(87,'Ten months to ten years'),(88,'Bontrager Masters'),(89,'Race\'M Richmond Area Contes'),(90,'Pig Iron'),(91,'Domingo Banditos'),(92,'no mo'),(93,'lost in the supermarket'),(94,'Outa Control'),(95,'FiField, Scott'),(96,'Jayne\'s World'),(97,'Rippin for 24 Hours'),(98,'123 Bikes.com'),(99,'Least Expected'),(100,'Jeffery, Mark G.'),(101,'Cyclepaths'),(102,'Kobin, Louise'),(103,'Grateful Tread');


