--
-- Host: localhost    Database: grannyge_sunlight2009
-- ------------------------------------------------------


--
-- Current Database: `grannyge_sunlight2009`
--

CREATE DATABASE /*!32312 IF NOT EXISTS*/ `grannyge_sunlight2009` /*!40100 DEFAULT CHARACTER SET latin1 */;

USE `grannyge_sunlight2009`;

--
-- Table structure for table `rider`
--

CREATE TABLE `rider` (
  `uid` int(4) NOT NULL AUTO_INCREMENT,
  `team_name` varchar(36) NOT NULL DEFAULT '',
  `rank` varchar(10) NOT NULL DEFAULT '',
  `firstname` varchar(22) NOT NULL DEFAULT '',
  `lastname` varchar(15) NOT NULL DEFAULT '',
  `middleinit` char(1) DEFAULT NULL,
  `class` varchar(28) NOT NULL DEFAULT '',
  `ssn` varchar(11) DEFAULT NULL,
  `gender` char(1) NOT NULL DEFAULT '',
  `dob` date NOT NULL DEFAULT '0000-00-00',
  `addr1` varchar(64) NOT NULL DEFAULT '',
  `city` varchar(26) NOT NULL DEFAULT '',
  `state` varchar(26) DEFAULT NULL,
  `country` varchar(26) NOT NULL DEFAULT '',
  `zip` varchar(12) NOT NULL DEFAULT '',
  `email` varchar(96) DEFAULT NULL,
  `dayphone` varchar(20) DEFAULT NULL,
  `evephone` varchar(20) DEFAULT NULL,
  `a_waiver` tinyint(1) NOT NULL DEFAULT '0',
  `emergency_contact` varchar(40) DEFAULT NULL,
  `emergency_phone` varchar(20) DEFAULT NULL,
  `admin_notes` varchar(255) DEFAULT NULL,
  `t_shirt_size` varchar(20) DEFAULT NULL,
  `sponsors` varchar(255) DEFAULT NULL,
  `anecdote` mediumtext,
  PRIMARY KEY (`uid`),
  UNIQUE KEY `rider_pkey` (`uid`)
) ENGINE=MyISAM AUTO_INCREMENT=304 DEFAULT CHARSET=latin1;

--
-- Dumping data for table `rider`
--

INSERT INTO `rider` VALUES (5,'Benson, Helen M.','captain','Helen','Benson','M','','517-82-1348','F','1958-11-27','0295  County  Road  149','Glenwood  Springs','CO','USA','81601','dhbenson@sopris.net','970-945-9347','970-309-9315',1,'Daniel  Benson','970-618-9524','','medium','Benson-Conrardy Builders','I just really enjoy snow-shoeing up and down the mountain. It\'s a personal challenge and this year I am trying for 20,000 vertical feet. It keeps me young!'),(6,'Gerryatric Excess','captain','Gerry','VanderBeek','J','','','M','1941-07-28','830 Blake Avenue','Glenwood Springs','CO','USA','81601','illimani@sopris.net','9709458945','',1,'Marja VanderBeek','9709458945','','medium','','2 time veteran of 24 Hours of Sunlight'),(7,'Gerryatric Excess','regular','Sherab','Kloppenburg','c','Sport','001-66-3327','F','1974-02-04','Po box 3411','telluride','CO','USA','81435','sherabella@gmail.com','303 521 1376','',1,'Eric Adolphi','970 708 1010','','small','','Love the mountians. I have spent most of my adult life getting out there as much as possible.'),(8,'Gerryatric Excess','regular','Jock','Jacober','','Sport','','M','1947-01-23','po box 201','glenwood springs','CO','USA','81602','jock@sopris.net','970-319-8962','',1,'Lynette O\'Kane','970-384-2758','','large','',''),(9,'Balcomb & Green','captain','Scott','Grosscup','','','','M','1972-11-29','1020 Blake','Glenwood Springs','CO','USA','81601','sgrosscup@yahoo.com','970-945-6546','',1,'Kathryn Grosscup','970-928-8217','','large','',''),(10,'Balcomb & Green','regular','Justin','Lippard','','Sport','','M','1974-11-13','2099 S. Coors Circle','Lakewood','CO','USA','80228','jdlippard@hotmail.com','303-879-0952','',1,'Megan Lippard','303-907-7149','','x-large','',''),(11,'Balcomb & Green','regular','Nick','Watterson','','Sport','','M','1974-03-17','4465 Newton St.','Denver','CO','USA','80211','nick_a_watterson@yahoo.com','909-907-8649','',1,'Sara Watterson','303-476-8931','','large','',''),(12,'Balcomb & Green','regular','Blaine','Olsen','','Sport','','M','1974-03-07','1095 Krameria St.','Denver','CO','USA','80220','bsolsen@msn.com','303-570-4237','',1,'Shawna Olsen','303-756-0379','','large','',''),(13,'Vomitamos','captain','Eric','Faulhaber','','','','M','1969-09-25','171 Lynns Ct','Carbondale','CO','USA','81623','efaul@sopris.net','(970) 379-1411','(970) 963-9719',1,'Belinda Faulhaber','(970) 379-3017','','large','',''),(14,'Vomitamos','regular','Thomas','Schramer','L','Sport','','M','1965-12-14','730 Green Meadow Dr','Carbondale','CO','USA','81623','auntbus@sopris.net','970-319-8282','',1,'Leslie L Schramer','970-963-6909','','large','',''),(15,'Vomitamos','regular','Joey','Giampaolo','F','Sport','','M','1969-11-05','410 pass go ln','aspen','CO','USA','81611','imjoeyg@yahoo.com','9703091641','',1,'angela giampaolo','4356591383','','large','',''),(16,'Vomitamos','regular','Lance','Lary','','Sport','','M','1969-10-30','719 West Main #301','Aspen','CO','USA','81611','lance.lary@comcast.net','970-618-3083','',1,'AnnMarie Prince','970-618-3083','','medium','',''),(17,'Nocturnal Jockeys','captain','John','Fontana','','','','M','1962-04-21','1309 Milwaukee','Denver','CO','USA','80206','cyclistfontana@yahoo.com','303-399-7119','303-377-9057',1,'Angela Dire','303-399-7119','','medium','Rev. Tim\'s Church of Pain, Pharmaceutical Rogues Association','World\'s tallest skier at 9\'2\". I can\'t see Russia from my house but I can just make out the fire escape on the roof of the New China Market a few blocks up the street; made acting debut on Gilligan\'s Island as \"tribesman\", run only when chased (which isn\'t as often these days), picking Floyd in February\'s Tour of California.'),(18,'Nocturnal Jockeys','regular','Darren','Nakos','','Sport','','M','1940-01-01','','','','USA','','','','',1,'','','','blank','',''),(19,'Nocturnal Jockeys','regular','Gary','Salter','B','Sport','','M','1961-12-23','8 Mountain Pine Drive','Littleton','CO','USA','80127','garystephsalter1@msn.com','303-638-0511','720-981-8791',1,'Stephanie Salter','303-946-4211','','large','','Starred as Mikey\'s brother in famous Life Cereal commercial, still wanted by Spanish authorities on youthful offender charges; already consumed ATF\'s lifetime allotment of beer and hard alcohol; I shot the deputy but I did not shoot the sheriff.'),(20,'Nocturnal Jockeys','regular','Brian','Vitulli','','Sport','','M','1964-09-14','5775 Bourke Drive','Colorado Springs','CO','USA','80919','brianvitulli@comcast.net','719-471-7080','719-434-2281',1,'Debbie Vitulli','719-434-2281','','medium','','no shutter speed fast enough to capture his movement'),(21,'Stewart, Mary A.','captain','Mary','Stewart','A','','517-82-2338','F','1961-07-25','PO Box 1185','San Pedro','CA','USA','90733','maryracer@earthlink.net','310-809-1032','310-833-9175',1,'Greg Stewart','310-920-6501','','medium','',''),(22,'Mommy\'s Rule','captain','Dina','Belmonte','C','','','F','1963-09-14','120 W homestead dr, box 2075','Basalt','CO','USA','81621','dinab@sopris.net','970 379 1222','970 927 0497',1,'suzanne scheer','970 927 3914','','small','','I had so much fun at last year\'s event!  I  participated in the 2007 inaugural transrockies run with team mate Karin Teague and have competed in numerous trail runs around the state.  I spend a lot of time alpine skiing in the upper roaring fork valley during the winter and hiking/running the trails of the surrounding wilderness during the summer.'),(23,'Mommy\'s Rule','regular','Kristi','Hoofnagle','J','Sport','266-79-1320','F','1971-09-28','16 Aspen Village','Aspen','CO','USA','81611','khoof@comcast.net','(970)618-7928','',1,'Chris Hoofnagle','(970)379-7984','','small','',''),(24,'Mommy\'s Rule','regular','Katharine','Haber','','Sport','','F','1968-10-02','P.O. Box 6691','Snowmass Village','CO','USA','81615','mtnhabers@comcast.net','970-319-1496','',1,'Jason Haber','970-319-1495','','small','',''),(25,'Mommy\'s Rule','regular','Karin','Teague','L','Sport','551-80-1071','F','1965-02-12','P.O. Box 4073','Basalt','CO','USA','81621','karin@teaguearch.com','970-927-7614','970-927-7614',1,'Harry Teague','970-927-7614','','small','',''),(26,'What Would Waylon Do?','captain','Matt','Ochs','','','','M','1973-05-06','3495 Moorhead Avenue','Boulder','CO','USA','80305','matthewjochs@hotmail.com','7202442324','7202442324',1,'Tim Reynolds','7207710332','','x-large','','Just plain good looking...'),(27,'What Would Waylon Do?','regular','Amy','Schneider','J','Sport','','F','1977-11-01','720 E. 16th Street #401','Denver','CO','USA','80202','aschneider@exclusiveresorts.com','3038154005','',1,'Mike Schneider','3036631487','','small','',''),(28,'What Would Waylon Do?','regular','Douglas','Tumminello','B','Sport','','M','1965-09-20','34 Buckthorn Dr.','Littleton','CO','USA','80127','DTumminello@Rothgerber.com','303-628-9507','',1,'Lisa Renee Tumminello','720-922-0499','','large','',''),(29,'What Would Waylon Do?','regular','Dan','O\'Connell','R','Sport','','M','1977-12-14','2990 east 17th ave #1102','Denver','CO','USA','80206','dan.oconnell@rbccm.com','720-560-4431','',1,'Amy Schneider','303-815-4005','','large','',''),(30,'What Would Waylon Do?','regular','Jeff','Silvis','A','Sport','','M','1964-09-18','1644 Maitland Ct','Colorado Springs','CO','USA','80919','hikinghombre@yahoo.com','719-761-6418','',1,'Rick Bullock','412-433-3383','','x-large','','Second year vet of this awesome race.'),(31,'The Dramatic Prairie Dogs','captain','Kevin','Roberts','C','','216-80-3362','M','1972-01-05','776 Divide Dr','Snowmass Village','CO','USA','81615','kevin@realtime-marketing.com','970-920-2515','805-403-6250',1,'jenny','970-948-5225','','x-large','Real Time Marketing',''),(32,'The Dramatic Prairie Dogs','regular','Scott','Calliham','','Sport','','M','1965-05-25','169 Butterworth Lane','PANCAKES!!  MMmmm....','NU','Get in My Belly!!','MMmmm...','scottcalliham@yahoo.com','970.948.7150','',1,'Mary Courtney Wine','970.274.3755','','x-large','','Slow, Hungover and a bit Overweight,  24 Hours of this should be really Fun....'),(33,'The Dramatic Prairie Dogs','regular','Heather','Warrick','','Sport','','F','1980-07-05','860 Cemetery Lane','Aspen','CO','USA','81611','hempdogwear@yahoo.com','614-314-0692','',1,'Karol Sawa','773-310-0095','','medium','',''),(34,'The Dramatic Prairie Dogs','regular','Bart','Spaulding','','Sport','510-96-2346','M','1975-04-10','1600 Broadway, Suite 1450','Denver','CO','USA','80202','bspaulding@parkwoodre.com','3032507675','3035957675',1,'Tuck Spaulding','9132698569','','large','',''),(35,'The Dramatic Prairie Dogs','regular','Mike','O\'Connor','H','Sport','147-50-9126','M','1960-08-11','710 Hearthsatone Drive','Basalt','CO','USA','81621','moconnor@roiaspenvail.com','970 471 9616','',1,'Brenda O\'Connor','970 618 4311','','medium','',''),(36,'Green Mountain Sports','captain','Cody','ONeil','','','','M','1977-11-18','1013 Walz Ave','Glenwood Springs','CO','USA','81601','codyoneil@comcast.net','970-947-5466','',1,'Sage ONeil','970-319-9714','','medium','',''),(37,'Green Mountain Sports','regular','Lance','Sulzen','','Sport','','M','1975-03-12','10488 Cheetah Winds','Littleton','CO','USA','80124','sulzen@comcast.net','816.651.3274','',1,'Nicole Sulzen','913.638.3722','','medium','Green Mountain Sports',''),(38,'Green Mountain Sports','regular','Andrew','Miller','M','Sport','','M','1971-04-14','14833 County Road 350','Buena Vista','CO','USA','81211','teleskierinco@msn.com','7192211087','',1,'Dana Miller','719-221-1227','','large','',''),(39,'Green Mountain Sports','regular','Andrew','Johnson','W','Sport','','M','1976-11-20','10630 Jewelberry Circle','Highlands Ranch','CO','USA','80130','tricoachaj@yahoo.com','720 280 4885','',1,'Courtney Johnson','303 859-3079','','large','','Former Pro Triathlete'),(40,'Wandering Aimlessly','captain','Bob','Wissing','','','','M','1951-03-16','1001 Cottonwood Lane','Glenwood Springs','CO','USA','81601','bwissing@ranelson.com','970-748-7648','970-471-6248',1,'Elizabeth Wissing','970-945-9258','','large','All riders sponsored by R.A. Nelson',''),(41,'Wandering Aimlessly','regular','Kevin','Cooper','','Sport','','M','1979-05-26','P. O. Box 4566','Eagle','CO','USA','81631','kcooper@ranelson.com','970-331-3125','970-331-3125',1,'Jeanne Cooper','851-721-1852','','large','',''),(42,'Wandering Aimlessly','regular','Jason','Morley','','Sport','','M','1982-04-19','280 Eagle Street #5','Gypsum','CO','USA','81637','jmorley@ranelson.com','970-417-3919','970-471-3919',1,'Syra Morley','970-691-9581','','large','',''),(43,'Wandering Aimlessly','regular','Brad','Stamp','','Sport','','M','1969-03-27','P. O. Box 5013','Edwards','CO','USA','81632','bstamp@ranelson.com','970-471-2846','970-328-1175',1,'Kerry Stamp','970-328-1175','','large','',''),(44,'Wandering Aimlessly','regular','Lori','Nelson','','Sport','','F','1962-03-14','2600 Oakhurst Condo #34','Glenwood Springs','CO','USA','81601','lizard@rof.net','970-309-1837','970-309-1837',1,'Gary Tillotson','970-309-4953','','medium','',''),(45,'Men at Their Peak','captain','Scott','Fifer','','Sport','521-68-1900','M','1951-03-25','0251 Black Diamond Mine Road','Glenwood Springs','CO','USA','81601','fifersd@sopris.net','970 945 6777','',1,'Debbie Fifer','970 945 8404','','large','',''),(194,'The Husdoggers','captain','Brian','Husmann','M','','397-90-4220','M','1972-04-06','605 South Race Street','Denver','CO','USA','80209','brianhusmann@comcast.net','303-818-4028','',1,'Ed Diamond','303-761-7849','','small','Diamond Homes Inc.',''),(195,'The Husdoggers','regular','Kara','Diamond-Husmann','','Sport','524-35-8804','F','1977-05-18','605 South Race Street','Denver','CO','USA','80209','karadiamond@comcast.net','303-999-7744','',1,'Ed Diamond','303-761-7849','','small','Diamond Homes inc','Girls on the Run Coach Denver'),(46,'Men at Their Peak','regular','George','Shaver','W','Sport','317-48-1532','M','1947-03-29','1205 Blake Avenue','Glenwood Springs','CO','USA','81601','grosh@rof.net','970-379-1933','970-945-9397',1,'Karen Shaver','970-309-7245','','x-large','',''),(47,'Men at Their Peak','regular','Dave','Sheriff','H','Pro','','M','1951-11-18','710 Silver Oak Court','Glenwood Springs','CO','USA','81601','dsheriff@healthstylesexercise.com','970-989-5427','970-928-9345',1,'Jeanne Sheriff','970-989-0619','','large','',''),(48,'Men at Their Peak','regular','Robert','Pattillo','M','Sport','','M','1951-09-11','P.O. Box 751','Glenwood Springs','CO','United States','81602','bob@paengineers.com','970-945-9695','970-945-8905',1,'Marci Pattillo','970-379-7115','','large','',''),(49,'I can\'t quit you, Chris Geiger','captain','Mary','Geiger','E','','','F','1972-09-13','1063 Park West Dr','Glenwood Springs','CO','USA','81601','mem@sopris.net','970-379-1489','970-945-9592',1,'Chris Geiger','970-379-8850','','small','',''),(50,'I can\'t quit you, Chris Geiger','regular','Jason','Turner','','Sport','','M','1972-05-23','908 Mt Sopris Dr','Glenwood Springs','CO','USA','81601','jturner@crwcd.org','970-384-2994','',1,'Sonya Turner','970-384-2994','','large','',''),(51,'I can\'t quit you, Chris Geiger','regular','David','Smith','','Sport','','M','1976-02-03','136 Donegan Road','Glenwood Springs','CO','USA','81601','dsmith@garfieldhecht.com','970-366-2195','',1,'Jennifer Smith','970-366-2194','','large','',''),(52,'I can\'t quit you, Chris Geiger','regular','Peter','Fleming','','Sport','','M','1964-03-27','148 Laird Lane','Glenwood Springs','CO','USA','81601','pfleming@crwcd.org','','970-945-1069',1,'Cyndi Fleming','970-319-2266','','large','',''),(53,'I can\'t quit you, Chris Geiger','regular','Jonathan','Degenhardt','','Sport','','M','1975-04-30','362 SouthTaft Court','Louisville','CO','USA','80027','jddegen@comcast.net','303-378-4155','',1,'Amanda Elliott','303-440-4614','','x-large','',''),(54,'I can\'t quit you, Chris Geiger','regular','Carrie','Cockerham','','Sport','','F','1976-09-18','362 SouthTaft Court','Louisville','CO','USA','80027','carrielee03@yahoo.com','303-817-4103','',1,'Amanda Elliott','303-440-4614','','medium','',''),(55,'Garfield County Search & Rescue','captain','Thomas','Ice','L','','','M','1962-07-20','994 Cottonwood Lane','Glenwood Springs','CO','USA','81601','theices@gmail.com','970-948-8525','970-948-8525',1,'Juanita Ice','970-274-1535','','x-large','',''),(56,'Garfield County Search & Rescue','regular','Nathan','Torres','M','Sport','','M','1980-05-26','PO Box 156','Glenwood Springs','CO','USA','81602','nmt252@hotmail.com','970-945-1004','970-947-8037',1,'Natalie Torres','970-947-8037','','large','',''),(57,'Garfield County Search & Rescue','regular','Lee','Barger','M','Sport','','M','1973-04-09','1110 Parkwood Lane','Glenwood Springs','CO','USA','81601','kapulava@yahoo.com','970.945.1004','970.945.2378',1,'Cheri Barger','970.379.3760','','large','','Powered by DOG since 1996'),(58,'Garfield County Search & Rescue','regular','Kurt','Backofen','M','Sport','','M','1970-10-14','1040 Parkwest Ct','Glenwood Springs','CO','USA','81601','kbofen@gmail.com','970.309.3395','970.384.0153',1,'Meghan Backofen','970.379.7461','','large','',''),(59,'Nobody\'s Fool','captain','Martha','Perantoni','J','','008-36-6042','F','1964-11-01','PO Box 474','Evergreen','CO','USA','80437','martha@marthaperantoni.com','303-709-1581','',1,'Frannie Santiago','720-366-0176','','medium','',''),(60,'Basalt Pirates and Friends','captain','Jordan','White','C','','','M','1986-02-15','277 Southside Drive','Basalt','CO','USA','81621','Jordan.c.white@gmail.com','303 588 8408','',1,'Luann White','3033241571','','x-large','None yet','I do mostly ski mountaineering, long days on AT gear are my favorite.  Skiing 14ers is my gig'),(61,'Basalt Pirates and Friends','regular','Tyler','Christoff','a','Sport','','M','1983-08-29','277 Southside Drive','Basalt','CO','USA','81621','tachristoff@gmail.com','970-319-9996','',1,'Geoff Christoff','315-440-1380','','medium','','One of the two Syracuse dudes on the team.  Div 1 ski racer in college, trying a new sport.'),(62,'Basalt Pirates and Friends','regular','Colby','Christoff','','Sport','','M','1985-09-28','277 Southside Drive','Basalt','CO','USA','81621','christoff.colby@gmail.com','315-382-1423','',1,'Tyler Christoff','970-319-9996','','large','','The other of our Syracuse boys.  Another Div. 1 Ski racer looking to try the uphill side of things.'),(63,'Basalt Pirates and Friends','regular','Katie','Workman','','Sport','','F','1981-04-06','128 Crystal Circle','Carbondale','CO','USA','81623','kworkman@tosv.com','970-922-2240','970-963-3635',1,'Sherman Workman','815-545-4054','','medium','',''),(64,'Basalt Pirates and Friends','regular','Allison','Helmes','','Sport','','F','1981-02-24','1030 CR 102','Carbondale','CO','USA','81623','aholmes@aspennature.org','970-927-6760','713-816-0032',1,'Mike Spayd','970-309-5867','','small','',''),(65,'Do Not Resuscitate','captain','Joann','Mattingly','F','','','F','1985-10-21','PO Box 861','Glenwood Springs','CO','USA','81602','jmattingly@hotspringspool.com','970-319-6490','',1,'Carolyn Mattingly','509-466-4334','','small','Glenwood Hot Springs Pool',''),(66,'Do Not Resuscitate','regular','Tyler','Gardner','a','Sport','327-82-6156','M','1985-12-19','501 willams st','Glenwood Springs','CO','USA','81601','tyler_g2003@hotmail.com','979-759-4756','9706182336',1,'brian passenti','9706182336','','medium','nope','My grandma\'s names are Lavern and Shirley...No joke!!'),(67,'Do Not Resuscitate','regular','Azure','Nevonen','','Sport','','F','1978-06-18','6104 Sunset Ridge Ct.','Glenwood Springs','CO','USA','81601','azuly9@hotmail.com','9703191330','',1,'Amber Droegemeier','9709485438','','small','The hoff','See the hill, take the hill.  \r\n\r\nI take a vitamin everyday, it\'s called a steak.'),(68,'Do Not Resuscitate','regular','Dennis','Demers','J','Sport','','M','1965-03-14','PO Box 2902','Glenwood Springs','CO','USA','81602','ddemers4328@yahoo.com','970-309-0716','',1,'Sarah Demers','801-879-5939','','medium','',''),(69,'Do Not Resuscitate','regular','Brian','Passenti','M','Sport','','M','1974-05-12','501 Williams St.','Glenwood Springs','CO','USA','81601','bpassenti@hotspringspool.com','970-618-2336','',1,'Kate Wissing','970-404-1647','','medium','... and puppy makes three!','I like to eat cheese for every meal. I\'ll pretty much eat any kind of cheese, but I like the stinky ones the most.'),(70,'Springers','captain','David','Steigerwald','P','','','M','1969-02-03','6930 Oak Valley Drive','Colorado Springs','CO','USA','80919','dpsteig@sparkswillson.com','7193327204','7195360385',1,'Chrissy Steigerwald','7193321229','','large','',''),(71,'Springers','regular','James','Webber','','Sport','','M','1968-03-01','7640 Julynn Road','Colorado Springs','CO','USA','80919','thinair@q.com','719-592-9565','',1,'Cathi Webber','719-209-4419','','large','','I\'m a swimmer, not a skier.'),(72,'Springers','regular','Christopher','Jones','K','Sport','','M','1967-08-14','6375 Mesedge Drive','Colorado Springs','CO','USA','80919','coloradosportsdoc@yahoo.com','719-661-7638','',1,'Stephanie Jones','719-492-2203','','large','','I like cuddling in front of a warm fire with my naked wife.   I enjoy a good cabernet. and my favorite color is Polar Silver.  Oh yeah, I\'ve done a few randonee races too.'),(73,'Springers','regular','Jeff','Baker','','Sport','','M','1963-08-09','3225 Cherrystone Way','Colorado Springs','CO','USA','80919','vaporsjbaker@pol.net','719-649-4626','',1,'Jeanne Baker','719-264-9415','','large','',''),(74,'Independence Run & Hike','captain','John','Patrick','','','','M','1977-02-17','2422 Palmer Ave','Glenwood Springs','CO','USA','81601','johnpatrick@sopris.net','970-309-8239','',1,'Betty Patrick','970-245-2199','','large','',''),(75,'Independence Run & Hike','regular','Sue','King','','Sport','333-64-6582','F','1969-12-14','319 Cleveland Place','Carbondale','CO','USA','81623','sueking30@hotmail.com','970-485-1290','',1,'Dan Finney','303-517-0514','','small','',''),(76,'Independence Run & Hike','regular','Mark','Feinsinger','','Sport','','M','1969-01-15','641 Colorado Ave.','Carbondale','CO','USA','81623','mark.feinsinger@ci.aspen.co.us','9703198579','',1,'Judy Feinsinger','9703094139','','large','Prince Loofa & the Cookie Monster','Be one with the snow snakes'),(77,'Independence Run & Hike','regular','Ryan','Langdon','','Sport','595-36-9836','M','1971-02-20','7127 E Costilla Dr','Centennial','CO','USA','80112','rpdclangdon@earthlink.net','303-902-2219','',1,'Patrice Langdon','303-229-5197','','large','',''),(78,'Independence Run & Hike','regular','Brion','After','D','Sport','','M','1972-06-17','586 Holland Hills Rd. #3','Basalt','CO','USA','81621','BrionAfter@Gmail.com','970.704.0909','970.309.0782',1,'Greg After','970.927.0207','','medium','Independence Run & Hike, LLC','I own Independece Run & Hike and love to spend sleepless nights doing repetitive hikes...'),(79,'Kind of a Big Deal','captain','Sarah','Janin','','Pro','','F','1978-09-23','PO Box 1618','Avon','CO','USA','81620','sjanin00@hotmail.com','970-306-2358','',1,'Helen Janin','360-376-3011','','small','',''),(80,'Kind of a Big Deal','regular','Cliffton','McIntosh','','Sport','','M','1984-04-24','PO Box 494','Avon','CO','USA','81620','Clifmac@hotmail.com','612-419-9416','',1,'LeDonna McIntosh','660-582-7712','','large','',''),(81,'Kind of a Big Deal','regular','Lance','Arnold','','Sport','','M','1974-07-27','PO Box 202','Minturn','CO','USA','81645','kailorenze@yahoo.com','989-525-4290','',1,'Ron Arnold','989-884-4965','','medium','',''),(82,'Kind of a Big Deal','regular','Jesse','Reis','','Sport','','M','1978-06-02','PO Box 3424','Avon','CO','USA','81600','','','',1,'Phil Ross','970-827-4191','','medium','',''),(83,'Kind of a Big Deal','regular','unregistered','rider','','Sport','','M','2008-01-01','','','','USA','','','','',0,'','','','large','',''),(253,'Gerryatric Excess','regular','Tommy','Hilleke','','Sport','','M','1977-05-05','910 Red Mountain Dr','Glenwood Springs','CO','USA','81601','tommytsunami@hotmail.com','970 379 7646','',1,'polly Hilleke','970 319 3387','','large','','kayaker pretending to be a skier'),(84,'The Chump Humpers','captain','Dan','Doherty','P','','','M','1978-02-17','68 Marble Ct.','Carbondale','CO','USA','81623','ddoherty76@hotmail.com','970-948-7464','',1,'Julianne Doherty','720-244-0381','','large','',''),(85,'The Chump Humpers','regular','Ivy','Carlsen','','Sport','','F','1979-11-22','50 Crystal Circle','Carbondale','CO','USA','81623','','970-309-2699','970-704-0120',1,'Ben Carlsen','970-309-1453','','small','',''),(86,'The Chump Humpers','regular','Kendall','Ross','','Sport','','M','1978-08-03','788 Castle Valley Blvd','New Castle','CO','USA','','','720-635-6671','',1,'Trent Bakich','','','small','',''),(87,'The Chump Humpers','regular','Julianne','Doherty','','Sport','','F','1977-11-23','68 Marble Ct','Carbondale','CO','USA','81623','juliannedoherty@gmail.com','720-244-0381','',1,'Jane Seaman','719-330-1755','','small','',''),(88,'Going the wrong way','captain','Gabe','Hogan','M','','','M','1983-08-29','p.o. box 9751','Avon','CO','USA','81620','gabe.hogan@yahoo.com','970-479-6333','806-773-8082',1,'rhonda hogan','806-773-5811','','large','','What can I say I like going up hill.'),(89,'Going the wrong way','regular','Craig','Burger','A','Sport','','M','1972-06-18','11101 CR 117 #6B','Glenwood Springs','CO','USA','81601','craigburger@yahoo.com','970-379-0884','',1,'Steve Burger','425-776-4896','','large','','Craig \"Cheeseburglar\" Burger spends much time wandering the hills. Sometimes uphill, sometimes traversing. When not in the wilderness I spend most of my time chasing elk, deer, and marmots through subdivisions with my pack of rottweilers and german shepards.'),(90,'Going the wrong way','regular','Anne','Milmoe','','Sport','','F','1975-12-08','PO Box 265','Edwards','CO','USA','81632','anne@roundupriverranch.org','970.331.3185','',1,'Alex Milmoe','910.262.3510','','medium','Major sponorships still pending....','Outdoor dabbler. Starting skinning to avoid the gym and to make urban dwelling friends jealous of my days on skis count.'),(91,'Going the wrong way','regular','Dave','Whitman','','Sport','','M','1965-03-10','2461 B Saddleridge Loop','Avon','CO','USA','81620','whitman@vail.net','970-390-1229','',1,'Gabe Hogan','806-773-8082','','x-large','','I fall allot. And I\'m not as good looking as Gabe. \r\n\r\n(this is what you get for having me fill this out)'),(92,'Going the wrong way','regular','Keegan','Winkeller','','Sport','521-69-9456','M','1982-01-18','113 Mill Loft St','Edwards','CO','USA','81632','kwinkeller@yahoo.com','9703062175','',1,'Peter Winkeller','9704710733','','medium','','Born and raised in the Vail Valley.  Ski, Telemark, Snowboard and Bike.  Let\'s do this!'),(93,'Celestial Terrestrial Commuters','captain','Mike','Goerne','','Pro','','M','1981-07-13','811 Main Ct','Carbondale','CO','USA','81623','mgoerne@jaywalkerlodge.com','970-309-8478','',1,'Lynn Sanson','970-319-2212','','large','',''),(201,'Ute City Cycles & Skis','captain','Darren','Broome','J','','','M','1969-10-15','744 Lincoln Avenue','Carbondale','CO','USA','81623','darreninkona@hotmail.com','970-963-2500','',1,'Beth Broome','970-274-8720','','medium','Ute City Cycles and Skis','Like long walks on the beach, the Little River Band, dogs, and cheeseburgers and beer.'),(94,'Celestial Terrestrial Commuters','regular','Mike','Mooney','','Sport','','M','1969-04-14','811 Main Ct','Carbondale','CO','USA','81623','mmooney@jaywalkerlodge.com','970-309-8896','',1,'Lynn Sanson','970-319-2212','','large','',''),(95,'Celestial Terrestrial Commuters','regular','unregistered','rider','','Sport','','M','2008-01-01','','','','USA','','','','',0,'','','','large','',''),(96,'Celestial Terrestrial Commuters','regular','unregistered','rider','','Sport','','M','2008-01-01','','','','USA','','','','',0,'','','','large','',''),(98,'Sanson, Lynn','captain','Lynn','Sanson','','','483-84-4205','M','1964-03-16','582 Jacobs Place','Carbondale','CO','USA','81623','lsanson@jaywalkerlodge.com','970-319-2212','',1,'Karen Sanson','970-948-8768','','large','',''),(99,'Bohica','captain','Brian','Duggan','','Pro','','M','1974-11-03','12286 Wolff Drive','Broomfield','CO','USA','80020','dugganbp@comcast.net','303-518-7462','',1,'John Duggan','208-523-0498','','medium','',''),(100,'Bohica','regular','Eric','Hirman','','Sport','','M','1969-06-18','4126 Ravenna Pl','Longmont','CO','USA','80503','hirm2buzz@me.com','303-775-9385','',1,'Shawna Busby-Hirman','303-710-7825','','medium','',''),(101,'Bella','captain','Jason','Ostrom','T','','','M','1976-04-27','512 S. Overland Trail','Ft. Collins','CO','USA','80521','jtorunlong@yahoo.com','970-402-0116','',1,'Shaunna Ostrom','970-310-7799','','large','',''),(102,'Ready for Me Ski Race','captain','Piper','Foster','S','','','F','1979-11-30','319 ABc','Aspen','CO','USA','81611','piper.star.foster@gmail.com','970 3196886','',1,'Darren Smith','970 3894344','','large','',''),(103,'Ready for Me Ski Race','regular','Catherine','Berg','','Sport','','F','1982-01-15','5104 Elk Run','Basalt','CO','USA','81621','catherineberg@yahoo.com','970-618-9597','',1,'Dan Berg','970-401-1286','','small','',''),(104,'Ready for Me Ski Race','regular','Lindsay','Plant','','Sport','','F','1982-08-30','2015 Blake Ave # 11','Glenwood Springs','CO','USA','81601','lplant23@gmail.com','970-948-8378','',1,'Patrick McKibben','970-319-5241','','medium','',''),(105,'Ready for Me Ski Race','regular','Teal','Brown','','Sport','','F','1982-02-14','223 Nicholas Lane','Aspen','CO','USA','81611','tealvalentine@yahoo.com','970-544-7972','323-309-8812',1,'Nate Kneifel','970-274-4170','','small','',''),(106,'Ready for Me Ski Race','regular','Marta','Darby','','Sport','','F','1983-05-04','Po Box 3012','Aspen','CO','USA','81612','martad@ci.aspen.co.us','970-920-5072','503-806-0774',1,'Charles Darby','503-970-9480','','large','',''),(107,'Ready for Me Ski Race','regular','Nick','Ketpura','','Sport','','M','1979-08-24','221 Nicholas Lane','Aspen','CO','USA','81611','ketpura@gmail.com','970-343-9205','970-343-9205',1,'James Logan','970-987-8503','','large','',''),(108,'We pay to do this.','captain','Phillip','Cary','','','','M','1973-11-27','0010 Cedar Cove','Glenwood Springs','CO','United States','81601','pscary1@earthlink.net','970-945-1363','970-945-1363',1,'Christy Cary','303 250-3999','','x-large','Team SlowMotion.\r\nChristy Cary productions.','Slow fat kid that doesn\'t stop.'),(109,'We pay to do this.','regular','Steven','Schultz','P','Sport','','M','1982-10-11','3210 CR 114 #15','Glenwood Springs','CO','USA','81601','mavrick413@aol.com','303-903-1452','',1,'Susanne Lyons','303-907-3147','','medium','','I was born in Greeley and raised in Littleton Colorado. I have been skiing since I was two (so I was told). Colorado is home and always will be. I love the outdoors, new challenges, a libra, long romantic walks and Candle lit dinners.'),(110,'We pay to do this.','regular','Dave','Songayllo','D','Sport','','M','1966-01-05','71 Aspen Vlg','Aspen','CO','USA','81611','davesongayllo@yahoo.com','','970-596-6880',1,'Marea  Songayllo','970-596-6661','','large','','just another wasted life involving compulsive addictive behavior among the mountains, on rock and in the snow.'),(111,'We pay to do this.','regular','Ryan','Futlon','M','Sport','200-60-7255','M','1980-08-17','1005 cooper ave','glenwood springs','CO','USA','81601','fultonryan@hotmail.com','7179655017','',1,'Robert Fulton','7176378661','','medium','',''),(112,'We pay to do this.','regular','Christina','Evanson','M','Sport','522-57-8172','F','1975-05-29','2934 Shoshone Trail','Lafayette','','USA','80026','cmn529@gmail.com','303 5548187','303 5548187',1,'Christina Evanson','303 5548187','','small','',''),(113,'Hagan-Martini-Hagen','captain','Michael','Hagen','J','','477-86-6033','M','1962-06-27','7525 Hollandale Drive','Colorado Springs','CO','USA','80919','michael.j.hagen@gmail.com','719-592-1742','719-360-1693',1,'Eva Hagen','719-360-2146','','large','Hagan Skis, Martini Sportswear, PowerBar, Inform Sports, CAMP','Mainly a triathlete.  Have done a few Ironman triathlons.  First 24 hour race.'),(114,'Hagan-Martini-Hagen','regular','Eva','Hagen','','Sport','245-81-1380','F','1967-12-24','7525 Hollandale Dr','Colorado Springs','CO','USA','80919','mikeeva@comcast.net','719-592-1742','',1,'Michael Hagen','719-360-1693','','small','Hagan Skis, Martini Ski Clothing, Inform Sports Coaching',''),(115,'Balls Deep','captain','Marco','Salmen','','','','M','1985-06-28','1232 Victor Street','Aurora','CO','USA','80011','marco.salmen@gmail.com','970 618 5360','',1,'Paul Salmen','970 945-8503','','large','',''),(116,'Balls Deep','regular','Reilly','Anderson','','Sport','','M','1984-08-23','1405 Donegan Rd','Glenwood Springs','CO','USA','81601','reillyanderson@gmail.com','303-589-4454','',1,'Manette Anderson','970-379-2816','','large','',''),(117,'Balls Deep','regular','Chas','Salmen','','Sport','','M','1984-01-31','1504 Midland Avenue','Glenwood Springs','CO','USA','81601','chas.salmen@gmail.com','970 618-4205','',1,'Paul Salmen','970 945-8503','','large','',''),(118,'Balls Deep','regular','Jake','Taufer','','Sport','','M','1983-07-20','2165 County Road 154','Glenwood Springs','CO','USA','81601','jaketaufer@gmail.com','970 379 4061','',1,'John Taufer','970 945-8704','','large','',''),(119,'lynyrd skynyrs','captain','Tyler','Cortright','B','','','M','1972-05-17','PO Box 9326','Breckenridge','CO','USA','80424','susie@momscape.com','215-243-8294','215-243-8294',1,'Susie Cortright','970-389-8338','','large','',''),(120,'lynyrd skynyrs','regular','Merle','Turner','','Sport','','M','1971-07-15','p.o. box 3220','breckenridge','CO','USA','80424','jill.merle@comcast.net','970-376-0256','',1,'jill turner','9703901804','','x-large','','L-I-V-I-N'),(121,'lynyrd skynyrs','regular','Brian','Hume','','Sport','475-02-7638','M','1974-07-09','PO Box 4435/10 Meadowlark Green','Breckenridge','CO','USA','80424','brihume@yahoo.com','970-409-8886','',1,'Amy Hume','970-409-8887','','medium','',''),(122,'lynyrd skynyrs','regular','Ryan','Jennings','','Sport','','M','1973-08-20','103 Indica Way','Carbondale','CO','USA','81623','ryan@ryanajennings.com','970-948-7215','',1,'Robin Beck Jennings','970-948-1836','','large','',''),(123,'Go Go Mamas','captain','Candy','Underhill','D','','','F','1972-01-22','627 Old Midland Spur','Glenwood Springs','CO','USA','81601','cdgranger@msn.com','970-230-1001','',1,'Glen Underhill','970-379-7268','','small','',''),(124,'Go Go Mamas','regular','Amy','Johnson','L','Sport','','F','1972-09-13','297 Aspen Way','Glenwood Springs','','USA','81601','coreyamy@hotmail.com','(970)947-9498','',1,'Corey Johnson','(303)827-6155','','small','Heim and Johnson, DDS',''),(125,'Go Go Mamas','regular','Cynthia','Meyers','','Sport','','F','1969-06-19','777 Buckpoint Dr','Carbondale','CO','USA','81623','cynmama2000@yahoo.com','970-309-3536','',1,'Damon Ornowski','707-812-4201','','small','',''),(126,'Go Go Mamas','regular','Kallie','Carpenter','','Sport','','F','1974-07-06','237 Holland Thompson Dr.','Carbondale','CO','USA','81623','kd.carpenter@comcast.net','970-948-9910','',1,'Don Carpenter','970-948-9905','','small','',''),(127,'Motley Crew','captain','Stacy','Pemberton','','','','F','1971-08-15','625 Alder Ridge Lane','New Castle, CO','CO','USA','81647','chicastacy@hotmail.com','','970-355-9414',1,'Brian Pemberton','970-355-9415','','large','',''),(128,'Motley Crew','regular','Jennifer','Fabian','','Sport','','F','1966-05-23','P.O. Box 1951','Breckenridge','CO','USA','80424','jen_fabian@hotmail.com','970 3892727','',1,'jeff scott','970 389 2517','','medium','','guitar hero'),(129,'Motley Crew','regular','Jeff','Scott','','Sport','','M','1962-11-10','1001 Grandview Dr #B20','Breckenridge','CO','USA','80424','jscot61@yahoo.com','9703892517','',1,'jenn fabian','970 389 2727','','x-large','',''),(130,'Motley Crew','regular','Daman','Martinez','','Sport','','M','1977-10-28','792 Castle Valley Blvd Apt L','New Castle','CO','USA','81647','daman__martinez@hotmail.com','970-379-1303','',1,'Barbara Martinez','719-784-6637','','large','Mabeline eyeliner.  Paul Mitchell.  Johnny Walker. The Free Clinic.','I\'m going to jump start my heart because I\'m too fast for love.'),(131,'Motley Crew','regular','Joanna','Bruggeman','','Sport','','F','1981-06-28','227 Lupine Dr','New Castle','CO','USA','81647','jwbcanoe@aol.com','231-590-1562','',1,'Daman Martinez','970-379-1303','','medium','',''),(132,'Motley Crew','regular','Suzanne','Carmino','','Sport','','F','1968-02-06','135 Ptarmigan Dr','Glenwood Springs','CO','USA','81601','suzieoops21@hotmail.com','970-401-0468','',1,'Kathy Schulman','970-319-7066','','medium','',''),(133,'Adams Gray Newton','captain','Dave','Gray','J','','','M','1977-06-17','600 E Main St Apt 305','Aspen','CO','USA','81611','graveday@yahoo.com','9703061211','',1,'Amy Gray','9703061210','','large','',''),(134,'Adams Gray Newton','regular','Tyler','Newton','A','Sport','','M','1984-03-24','40 Tanager Drive','Glenwood Springs','CO','USA','81601','tynewt@gmail.com','9706188079','9706188079',1,'Don Newton','9706183945','','large','','I\'m a work in progress.'),(135,'Adams Gray Newton','regular','Amy','Gray','R','Sport','542-98-8218','F','1969-03-14','600 E. Main St Apt 305','Aspen','CO','USA','81611','amyroduner@yahoo.com','970-544-3472','970-306-1210',1,'Dave Gray','970-306-1211','','small','',''),(136,'Adams Gray Newton','regular','Andrew','Adams','M','Sport','','M','1981-10-05','PO Box 6711','snowmass','CO','USA','81615','aa@aspenbaby.com','9704713860','',1,'Katherine fitzgerald','9703199435','','medium','','5\'11\r\n165 Lb\r\nBritish'),(137,'DNR with dirty sanchez and hot Karl','captain','james','Plancarte','a','','449-43-8384','M','1968-12-20','276 claywell dr','Puckerfactor','CO','USA','78209','jamesplancarte@mac.com','210 8260514','2102732109',1,'lois cortines','2106559277','','xx-large','I\'ll take any sponsors, you pay for me, I\'ll wear a dress or whatever you wish...naked could be hard (and small) at night, but for the right sponsor, I\'ll see what I can do....','James is a firefighter/paramedic from San Antonio, he has competed with Dean, Frank and Ty in many 24 hour races as the slug, parachute, anchor who keeps team DNR down... Oppenheimer felt he was the \"destroyer of worlds\" I feel I am the destroyer of hope and dreams.  I will keep doing what I do right on through.....'),(138,'DNR with dirty sanchez and hot Karl','regular','Dean','Vigil','','Sport','','M','1969-05-03','0390 PIEDMONT RD','GLENWOOD SPRINGS','CO','USA','81601','Jamesplancarte@mac.com','9709480266','',1,'JAmes plancarte','2102732109','','medium','HIS WIFE....NUFF SAID.','DEAN IS MASTER CARPENTER AND A MASTER....AT OTHER THINGS TOO, HE IS FAST AT EVERYTHING, EVEN HIS WIFE WOULD SAY SO....GLAD HE\'S ON MY TEAM AND HE\'S A GREAT FRIEND.  OH YEAH, HE\'S A 2 TIME ALL-AMERICAN FROM WESTERN STATE COLORADO IN CROSS COUNTRY RUNNING...THOUGH HE\'S NEVER RUN ACROSS THE COUNTRY....HMMMM'),(139,'DNR with dirty sanchez and hot Karl','regular','Frank','Coulter','R','Sport','','M','1969-04-16','62274 Verde dr','Montrose','CO','USA','81401','jamesplancarte@mac.com','9702401865','',1,'james plancarte','2102732109','','medium','tampax, depends','Frank is a male nurse...he also is a nursing male....he won the Sissy world championships in 2008 by crying for 2 straight months till we let him quit the team and then cried for 3 months and let him back on the team.  He\'s a great friend and I\'m glad to have him on the team.  He also is a Western State Colorado alumni, yup, he\'s tough.'),(140,'DNR with dirty sanchez and hot Karl','regular','Ty','Ryan','','Sport','','M','1980-10-11','p.o. box 5198','Eagle','CO','USA','81631','mtb.ty.ryan@gmail.com','7202190417','',1,'Jill hunsaker','3039084577','','large','','Ty is a 24 hours of Moab veteran and about as tough as they come.  He attended CU and I am happy to have such a cool cat on DNR, he definitely adds good karma to our team.'),(141,'DNR with dirty sanchez and hot Karl','regular','Christine','Vigil','','Sport','','F','1968-10-22','0190 piedmont rd','glenwood springs','CO','USA','81601','jamesplancarte@mac.com','9709485222','',1,'Susie Demers','970-947-0481','','medium','still looking...','Christine is a canadian girl aaay, and she is also a nurse in Glenwood. Unlike frank, the male nurse on the team, she doesn\'t enjoy crying, instead she enjoys giving birth to children, she has 2, Sofia and Anavei.   She also enjoys Guiness, not like her sissy husband, Dean, (see above) who drinks watered down light beer...she\'s a touch chic and good friend who we are glad to have on the team....when she\'s not having babies.'),(142,'Skin-Knee-Dipping-Mamas','captain','Jill','Patrick','M','','522-59-1337','F','1974-07-05','2422 Palmer Ave','Glenwood Springs','CO','USA','81601','juanita80428@yahoo.com','970 945-5059','970-319-4072',1,'Janny Sherman','970 930-5994','','small','',''),(143,'Skin-Knee-Dipping-Mamas','regular','Jennifer','Rix','','Sport','','F','1967-09-11','107 Oakland Knoll','Glenwood Springs','CO','USA','81601','jennenglerix@hotmail.com','(970) 366-8370','(970) 928-7497',1,'Michael Rix','(970) 928-7497','','small','',''),(144,'Skin-Knee-Dipping-Mamas','regular','Christine','Tinner','L','Sport','371-74-9819','F','1967-10-13','PO Box 1423','Glenwood Springs','CO','USA','81601','chtinner@yahoo.com','970-274-6688','',1,'Tom or Linda Drahnak','517-6275720','','small','',''),(145,'Skin-Knee-Dipping-Mamas','regular','Barbra','Corcoran','S','Sport','169-60-7576','F','1969-06-02','1617 Lincolnwood Drive','Glenwood Springs','CO','USA','81601','patbarb5@yahoo.com','970-384-2829','',1,'Patrick Corcoran','970-618-0286','','medium','',''),(146,'Skin-Knee-Dipping-Mamas','regular','Jill','Kelly-Anson','D','Sport','','F','1969-08-12','78 Beaver Court','Glenwood Springs','CO','USA','81601','jillk@rfsd.k12.co.us','970-384-5960','970-945-9665',1,'David Anson','970-945-9665','','medium','',''),(147,'Wysocki, Eileen','captain','Eileen','Wysocki','','Pro','336-52-1199','F','1969-05-29','PO Box 139','New Castle','CO','USA','81647','ewysocki@holycross.com','970-947-5508','970-984-9705',1,'Glenn Wysocki','970-984-9705','','small','',''),(148,'VVH Iditarod','captain','Lionel','Montoya','','','','M','1963-04-12','1906 Blake Avenue','Glenwood Springs','CO','USA','81601','lmontoya@vvh.org','970-384-6912','',1,'Terri Montoya','970-945-8168','','x-large','',''),(149,'VVH Iditarod','regular','Paul','Salmon','A','Sport','','M','1940-01-01','1906 Blake Ave','Glenwood Springs','CO','USA','81601','','','',1,'','','','blank','',''),(150,'VVH Iditarod','regular','Franklin','McSwain','','Sport','','M','1969-12-06','1906 Blake Ave','Glenwood Springs','CO','USA','81601','mcswain100@comcast.net','970-384-6620','970-704-3282',1,'Rosalie McSwain','970-704-3282','','large','',''),(151,'VVH Iditarod','regular','Wendy','Fowler','','Sport','','F','1967-09-24','1906 Blake Ave','Glenwood Springs','CO','USA','81601','wendyfowler@msn.com','970-384-6903','970-945-6389',1,'Jim Fowler','970-618-9437','','medium','',''),(152,'VVH Iditarod','regular','Casey','Montoya','','Sport','','M','1993-08-31','1906 Blake Ave','Glenwood Springs','CO','USA','81601','','970-945-8168','',1,'Terri Montoya','970-945-8168','','medium','',''),(153,'VVH Iditarod','regular','George','McQueeney','','Sport','','M','1953-03-30','54 Silver Mountain Dr','Silver SPrings','CO','USA','81601','geofmcq@comcast.net','970-274-0140','970-928-0966',1,'Helen McQueeney','970-948-2082','','blank','',''),(154,'VVH Iditarod','regular','Chris','McDowell','','Sport','','M','1966-02-25','1906 Blake Ave','Glenwood Springs','CO','USA','81601','','970-328-5602','970-927-4878',1,'Maddie McDowell','970-274-6114','','blank','',''),(155,'VVH Iditarod','regular','Holly','Richardson','','Sport','','F','1940-01-01','1906 Blake Ave','Glenwood Springs','CO','USA','81601','','970-963-0140','',1,'Dan Richardson','970-379-3414','','medium','',''),(156,'VVH Iditarod','regular','Thurston','King','','Sport','','M','1961-02-09','1906 Blake Ave','Glenwood Springs','CO','USA','81601','','970-384-6690','720-530-9100',1,'Ricci Quinlan','720-840-5334','','large','',''),(157,'VVH Iditarod','regular','Jim','Markuson','','Sport','','M','1940-01-01','1906 Blake Ave','Glenwood Springs','CO','USA','81601','','970-384-6630','',1,'','','','blank','',''),(158,'The Last Known Survivors','captain','Kelly','Homstad','D','','','F','1980-03-02','433 N Uncompahgre Ave','Montrose','CO','USA','81401','karky_20@yahoo.com','9702405393','3038868691',1,'Larry Homstad','3032042817','','small','My parents for supplying the awesome basecamp!','Second year doing this event!  Still can\'t believe I can do this stuff after a serious back injury that didn\'t allow me to tie my own shoes for a while.  Life is good.'),(159,'The Last Known Survivors','regular','Becky','Silver','','Sport','','F','1980-03-07','806 N Park Ave','Montrose','CO','USA','81401','becky@prettysweetfruit.com','9705962732','',1,'Jason Wey','9405969046','','large','','\"Life\'s a pretty sweet fruit!\"'),(160,'The Last Known Survivors','regular','Jason','Wey','','Sport','','M','1977-01-20','806 N Park Ave','Montrose','CO','USA','81401','jasonrwey@gmail.com','9705969046','',1,'Becky Silver','9705962732','','large','','WHEEEEEEEEEEEEEEEEEEEEEEEEE!'),(161,'The Last Known Survivors','regular','Amy','Lowy','P','Sport','','F','1982-04-06','701 South Forty Dr.','Montrose','CO','USA','81401','amy.lowy@gmail.com','7012125256','',1,'Jared Glick','(218) 791-6233','','small','',''),(162,'3 Docs and 2 Goats','captain','Adam','Juul','','','','M','1972-03-25','0290 Silver Mountain Drive','Glenwood Spings','CO','USA','81601','ajuul@mail.com','9709452306','9704040654',1,'Carol Juul','9704040651','','medium','20/20 EyeCare','The capitan of the 20/20 EyeCare team is back for his 2nd year and heads up this Motley Crew with passion.  An Adventure racer at heart, climbing up this mountain is his favorite part.  He had LASIK eye surgery 10 years ago and now can see that picnic table without any trouble.  Keep us laughing so we stay motivated!'),(163,'3 Docs and 2 Goats','regular','Eric','Strautman','','Sport','','M','1963-12-27','0175 Deer Park Court','Glenwood Spings','CO','USA','81601','estrautman@hotmail.com','9709452020','9709450907',1,'Carolyn Strautman','9703798456','','x-large','20/20 EyeCare','1st time racer. Wicked fast snowboarder.\r\nSee how far those LASIK eyes can see!  \r\nNot just the best boss in town, but an amazing guy for putting up with this fiasco after seeing patients all day!'),(164,'3 Docs and 2 Goats','regular','Gary','Hollenbaugh','K','Sport','','M','1946-05-14','5792 CR 309','Parachute','CO','USA','81635','caroljuul@gmail.com','9709452020','9706253407',1,'Brian Hollenbaugh','9709479407','','medium','20/20 EyeCare','What an exceptional athlete! He\'s not only fastest up the hill but the most humble person you\'ll meet.  He\'s wearing super healthy and comfortable contact lenses today so he can see the finish line with ease!'),(165,'3 Docs and 2 Goats','regular','Ryan','Zwelling','','Sport','','F','1979-01-12','2640 Woodberry Drive','Glenwood Springs','CO','USA','81601','zwelling2020@gmail.com','9709452020','3039051616',1,'Linda Zwelling','3038709445','','medium','20/20 EyeCare and Coors Brewing Company','Former soccer star and X-Games ski racer.\r\nShe can see that finish line before anyone else thanks to naturally perfect vision! She is also the best-looking athlete on the team!'),(166,'3 Docs and 2 Goats','regular','Casey','Defrates','','Sport','','M','1981-08-31','101 East State','Marble','CO','USA','81623','casey@mtnvalley.org','9709452306','',1,'Lyndsey Defrates','9705812291','','medium','20/20 EyeCare','Casey returns this year for more fun.  An employee of Sunlight Mountain, Casey knows this course as well as anyone out there (not to mention some secluded places to nap!)  Casey is generous enough to spend his day and night helping out the 20/20 Team again this year!'),(167,'Hot Flash!','captain','Helen','McQueeney','','Sport','','F','1951-09-22','54 Silver Mountain Dr','Glenwood Springs','CO','USA','81601','helenmcqueeney@comcast.net','970-948-2082','970-928-0966',1,'George McQueeney','970-274-0140','','small','',''),(168,'Hot Flash!','regular','Nancy','Reinisch','','Sport','','F','1953-03-31','1504 Midland Ave','Glenwood Springs','CO','USA','81601','nrein@rof.net','970-618-8503','970-945-6102',1,'Paul Salmon','970-618-8452','','small','',''),(169,'Hot Flash!','regular','Carol','McCurry','','Sport','','F','1950-09-23','0014 Saddlehorn Ct','Carbondale','CO','USA','81623','cmccurry2@comcast.net','970-963-7002','970-618-0831',1,'Chuck McCurry','970-379-6805','','small','',''),(170,'Hot Flash!','regular','Joanne','Harrison','','Sport','','F','1949-09-27','711 E. Valley Rd.','Basalt','CO','USA','81612','mtn.desert@hotmail.com','970-922-2180','970-279-4141',1,'Paul Salmon','970-618-8452','','medium','',''),(206,'Ray Hellinger','captain','Raymond','Hellinger','C','','081-70-9058','M','1975-08-30','100 Choke Cherry Circle','Durango','CO','USA','81303','Hellinger75@Hotmail.com','970-759-7462','',1,'Stephanie Pickren','970-946-7236','','large','',''),(176,'The Dramatic Prairie Dogs','regular','David','Deep, Jr','J','Sport','','M','1969-01-22','823 Brush Crek Lane P.O. Box 6151','Snowmass Village','CO','USA','81615','deepdavid@hotmail.com','970.618.3312','',1,'Roxanne Bratton','228.326.4278','','large','',''),(177,'The Dramatic Prairie Dogs','regular','Laird','Knight','','Sport','','M','1940-01-01','','','','USA','','','','',1,'','','','blank','',''),(178,'Los esquiadores cuatro','captain','Pete','Fowler','','','524-43-3702','M','1982-03-10','6578 Highway 82','Glenwood Springs','CO','USA','81601','fowler.pete@gmail.com','970-366-1515','',1,'Linda or Dan','303-699-9747','','x-large','Post Independent',''),(179,'Los esquiadores cuatro','regular','David','Frey','M','Sport','','M','1970-03-11','907 Blake Ave','Glenwood Springs','CO','USA','81601','david.m.frey@comcast.net','970-618-8438','',1,'Cristina Flores','713-392-4091','','large','',''),(180,'Los esquiadores cuatro','regular','Karl','Walker','','Sport','','M','1978-04-05','PO Box 3034','Glenwood Springs','CO','USA','81602','kpwalker42@hotmail.com','970-230-0034','',1,'April Walker','970-945-6092','','medium','',''),(181,'Los esquiadores cuatro','regular','Jeff','Rice','','Sport','','M','1967-05-23','130 Hideaway Lane','Glenwood Springs','CO','USA','81601','jeffr@ci.aspen.co.us','970-309-5974','',1,'Jon Rice','619-980-8044','','x-large','',''),(183,'Downhill Press','captain','Veronica','Whitney','','','032-78-2930','F','1965-05-21','Po box 2191','edwards','CO','USA','81632','rachaverodream@yahoo.com','970 376 6523','',1,'Jon Crocker','970 376 7717','','small','',''),(184,'Downhill Press','regular','Charlie','Wertheim','','Sport','','M','1962-10-19','1122 Cooper','Glenwood Springs','CO','USA','81601','cwwertheim@yahoo.com','970-945-7724','970-945-7724',1,'Kim Montague','970-945-7724','','medium','',''),(185,'Downhill Press','regular','Edward','Stoner','','Sport','','M','1979-03-21','4192 Spruce Way #212','Vail','CO','USA','81657','edwardlstoner@gmail.com','970-331-6548','',1,'Lelia Conlin','970-331-1402','','large','',''),(186,'Downhill Press','regular','John','Stroud','','Sport','','M','1963-12-05','204 Linden Cr','Carbondale','CO','USA','81623','jstroud@postindependent.com','(970) 384-9160','(970) 704-1381',1,'Tami Stroud','(970) 618-3117','','large','',''),(187,'Downhill Press','regular','Mariella','Moyer','','Sport','','F','1970-01-10','PO 3674','Eagle','CO','USA','','','970-471-1831','',1,'Todd Moyer','970-331-2339','','small','',''),(188,'One Step At A Time','captain','Jason','Hall','','','','M','1983-11-11','811 Main Ct','Carbondale','CO','USA','81623','lsanson@jaywalkerlodge.com','970-704-9292','',1,'Lynn Sanson','970-704-9292','','large','',''),(189,'One Step At A Time','regular','John','Schneier','','Sport','','M','1983-07-01','811 Main Ct','Carbondale','CO','USA','81623','lsanson@jaywalkerlodge.com','970-704-9292','',1,'Lynn Sanson','970-704-9292','','large','',''),(190,'One Step At A Time','regular','Hamilton','Blair','','Sport','','M','1989-11-24','811 Main Ct','Carbondale','CO','USA','81623','lsanson@jaywalkerlodge.com','970-704-9292','',1,'Lynn Sanson','970-704-9292','','large','',''),(191,'One Step At A Time','regular','Aaron','Barnholt','','Sport','','M','1989-08-09','811 Main Ct','Carbondale','CO','USA','81623','lsanson@jaywalkerlodge.com','970-704-9292','',1,'Lynn Sanson','970-704-9292','','large','',''),(192,'One Step At A Time','regular','Kyle','Akright','','Sport','','M','1988-04-15','811 Main Ct','Carbondale','CO','USA','81623','lsanson@jaywalkerlodge.com','970-704-9292','',1,'Lynn Sanson','970-704-9292','','large','',''),(193,'One Step At A Time','regular','Zach','Fisher','','Sport','','M','1984-07-12','811 Main Ct','Carbondale','CO','USA','81623','lsanson@jaywalkerlodge.com','970-704-9292','',1,'Lynn Sanson','970-704-9292','','x-large','',''),(196,'4 punks and a princess','captain','Marcus','Scarth','O','','','M','1970-06-17','PO Box 11251','Aspen','CO','USA','81612','marcusscarth@gmail.com','970 948-4856','',1,'Jeremy Scarth','804 740-2391','','large','',''),(197,'4 punks and a princess','regular','Ian','Metcalf','D','Sport','','M','1978-03-06','404 park ave, unit 12','aspen','CO','USA','81611','mettie07@gmail.com','9703199525','',1,'jen klein','3059510981','','large','',''),(198,'4 punks and a princess','regular','Kimberly','Levin','','Sport','','F','1968-08-04','1020 Waters Ave #4','Aspen','CO','USA','81611','','970-366-1617','',1,'Jeff Pattendorf','970-309-9543','','small','',''),(199,'4 punks and a princess','regular','Steve','Wraith','','Sport','','M','1961-03-31','PO Box 11553','Aspen','CO','USA','81612','swraith@earthlink.net','970-618-7788','',1,'William Wraith','650-851-2204','','large','',''),(200,'4 punks and a princess','regular','Gordon','Adams','','Sport','','M','1969-04-23','405 Park Ave #D4','Basalt','CO','USA','81621','gradams465@hotmail.com','970-309-5728','',1,'Chris','970-948-1887','','large','',''),(202,'Ute City Cycles & Skis','regular','Daivid','Gensch','P','Sport','','M','1977-06-17','#1 lucky street','D.V.T.','CO','USA','81601','davidgensch@yahoo.com','970-928-8955','970-618-4584',1,'Amy Gensch','618-6542 or 928-8955','','medium','Dr.Dave Jensen & W.I.N. Health Center.  \r\nUte City Cycles & Skis','Happy Husband,  Tierd Dad,  Questionable dog owner.  As for accolades.........Who needs them?'),(203,'Ute City Cycles & Skis','regular','Nic','Degross','J','Sport','','M','1978-05-26','P.O. Box 1504','Carbondale','CO','USA','81623','nicbob_d@hotmail.com','970-963-2500','970-274-0124',1,'Rebecca Stokes','406-579-9303','','medium','Ute City Cycles and Phat Thai','The man, behind the man, behind the man, but ahead of the chicks, I hope.'),(204,'Ute City Cycles & Skis','regular','Chris','Harrison','','Sport','','M','1972-12-22','1062 Village Rd.','Carbondale','CO','USA','81623','thunderluv@ymail.com','970-379-9685','',1,'Sherri Harrison','970-618-5351','','x-large','',''),(205,'Ute City Cycles & Skis','regular','Heather','Lawton','','Sport','','F','1971-01-01','','','','USA','','','','',1,'','','','blank','',''),(207,'Go Go Mamas','regular','Jenny','Barsness','','Sport','','F','1969-12-06','282 Home Pl.','Glenwood Springs','CO','USA','81601','jjbarsness@aol.com','970-928-0559','',1,'Chad Barsness','970-379-9656','','small','',''),(208,'VVH Snow Catscanners!','captain','Nick','Stillahn','S','','','M','1980-12-07','1019 bennett av','Glenwood Springs','CO','USA','81601','stillahnnick@hotmail.com','970-384-7004','',1,'Kent Stillahn','970-667-7076','','x-large','VVH',''),(209,'VVH Snow Catscanners!','regular','Stephanie','Triebel','','Sport','','F','1983-04-26','116 Ranch Lane','Glenwood Springs','CO','USA','81601','stevie_triebel@hotmail.com','970-618-5223','',1,'Jan Triebel','970-618-3990','','small','',''),(210,'VVH Snow Catscanners!','regular','Jeff','Vichick','','Sport','','M','1940-01-01','0011 Alpine Ct','Glenwood Springs','CO','USA','81601','jvichick@vvh.org','','',1,'Angela Vichick','970-945-8043','','x-large','',''),(211,'VVH Snow Catscanners!','regular','Jackie','Chandonnet','','Sport','','F','1975-07-31','701 Grand Ave Apt 202','Glenwood Springs','CO','USA','81601','jchandonnet@vvh.org','970-384-6623','906-486-9186',1,'Nick Stillahn','303-915-3047','','blank','',''),(212,'VVH Snow Catscanners!','regular','Darlene','Robbiano','','Sport','','F','1952-08-17','Wildhorse','New Castle','CO','USA','81623','drobbiano@vvh.org','970-384-6621','',1,'Jackie Chandonnet','906-486-9186','','blank','',''),(213,'VVH Snow Catscanners!','regular','Sarah','Murphy','','Sport','','F','1966-06-24','79 N Meadow View Ct','Glenwood Springs','CO','USA','81601','smurphy@vvh.org','970-384-2967','970-618-5085',1,'Dennis Winchell','970-384-2967','','medium','',''),(214,'VVH Snow Catscanners!','regular','Jessica','Pekarek-Moberg','','Sport','','F','1984-04-08','2015 Black Ave Apt #28','Glenwood Springs','CO','USA','81601','jpekarek@vvh.org','970-384-7175','952-393-1133',1,'Tyler Moberg','763-300-5741','','small','',''),(215,'VVH Snow Catscanners!','regular','Jodi','Ahlstrom','','Sport','','F','1976-06-03','997 Brush Creek Ln','Glenwood Springs','CO','USA','81601','','970-618-9535','',1,'Aaron Ahlstrom','970-618-1368','','small','',''),(216,'VVH Snow Catscanners!','regular','Nicole','Konechne','','Sport','','F','1973-01-11','2503 Cisar Ct #2F','Glenwood Springs','CO','USA','81601','nkonechne@gmail.com','970-309-1437','',1,'Sandee Konechne','605-224-8267','','medium','',''),(217,'VVH Snow Catscanners!','regular','Mark','Young','R','Sport','','M','1940-01-01','1319 Walz Ave','Glenwood Springs','CO','USA','81601','markyyoung11@yahoo.com','970-379-9585','',1,'Sharon Young','970-945-5513','','blank','',''),(218,'A Better Way to Get There','captain','Mark','Bauer','T','','','M','1975-08-20','1092 Valley View Rd','Glenwood Springs','CO','USA','81601','marylandmarkus@aol.com','970-618-6898','',1,'Stacie Butow','970-309-6706','','xx-large','',''),(219,'A Better Way to Get There','regular','Kevin','White','P','Sport','521-55-6045','M','1974-06-18','2314 Bennett Unit A','Glenwood Springs','CO','USA','81601','kevin@designstudioaspen.com','970 366 9875','',1,'Joy White','970 366 9636','','large','FRENNA, HOPE, ISLA, and JOY','I grew up in Glenwood and have been hiking to ride for 15+ years.'),(220,'A Better Way to Get There','regular','Kevin','Horch','R','Sport','','M','1971-06-07','2702 Midland 1C','Glenwood Springs','CO','USA','81601','kevinhorch@aol.com','970-618-8294','',1,'Christine Horch','970-618-8295','','x-large','',''),(221,'A Better Way to Get There','regular','John','Horch','T','Sport','','M','1974-02-25','2562 Hwy 82','Glenwood Springs','CO','USA','81601','horchjt@aol.com','970-618-3446','',1,'Kevin Horch','970-618-8294','','xx-large','',''),(222,'Samuels McLean, Polly','captain','Polly','Samuels McLean','','','102-62-0008','F','1969-09-02','395 Crestview Drive','Park City','UT','USA','84098','psamuels@xmission.com','4356157124','4357142382',1,'Andrew McLean','4355030263','','medium','',''),(223,'The Scallywags','captain','Jill','Cantway','D','','','F','1979-02-08','36 N Meadow View Court','Glenwood Springs','CO','USA','81601','jcantway@hotmail.com','970-945-8852','',1,'Chad Lee','970-319-7649','','small','','I couldn\'t think of a better way to ring in my 30th birthday!'),(224,'The Scallywags','regular','Chad','Lee','J','Sport','','M','1980-05-10','36 N Meadow View Court','Glenwood Springs','CO','USA','81601','chadjlee@gmail.com','','970-945-8852',1,'Jill Cantway','720-839-8209','','large','',''),(225,'The Scallywags','regular','Jennifer','Cantway','A','Sport','','F','1983-04-02','488 River View Drive #401','New Castle','CO','USA','81647','jencantway@hotmail.com','970-846-5792','',1,'Linda Cantway','970-846-5794','','medium','',''),(226,'The Scallywags','regular','Pascal','Burnam','W','Sport','','M','1978-07-23','488 River View Drive Apt. 401','New Castle','CO','USA','81647','pascalburnam@hotmail.com','970-819-9679','',1,'Paul Burnam','989-400-3563','','large','','I\'m dutch baby!'),(227,'The Scallywags','regular','Brendon','Langenhuizen','L','Sport','','M','1982-10-27','PO Box 3106','Glenwood Springs','CO','USA','81601','Brendon.langenhuizen@gmail.com','719.659.7734','',1,'Crezell Wilburn','970-218-0871','','medium','',''),(228,'Jesse Porter','captain','Jesse','Porter','L','','','M','1959-11-19','po box 1931','Silverthorne','CO','USA','80498','jesseskico@yahoo.co.uk','970-333-4728','970-513-6550 alt',1,'Lucy Adams','970-513-6550','','large','',''),(229,'The Chump Humpers','regular','Andrea','Sever','','Sport','','F','1974-04-22','46109 Hwy 6 and 24','Glenwood Springs','CO','USA','81601','sever.andrea@gmail.com','970-319-2656','970-945-8062',1,'Andy Sever','720-333-7899','','small','',''),(230,'The Chump Humpers','regular','Kirk','Sherrill','C','Sport','523-25-9198','M','1968-02-27','519 S. 8th St','Montrose','CO','USA','81401','sherrillkr@gmail.com','970 691-0396','',1,'Beth Sherrill','970 691-0396','','x-large','Bucinni Technographics\r\nWhisenhunt Brewery',''),(231,'vertically challenge IV','captain','Mick','Lavy','','','','M','1974-06-21','86 parkside ln','carbondale/ denver','CO','USA','81623','michaellavy@comcast.net','(970)618 8184','',1,'abby lavy','(970)274 1207','','large','',''),(232,'vertically challenge IV','regular','Brooks','Dodson','','Sport','','M','1975-02-16','11614 Club Drive','Parker','CO','USA','80138','homefieldadv@comcast.net','303-901-8221','',1,'Joy Dodson','303-919-9624','','x-large','',''),(233,'vertically challenge IV','regular','Shea','Dodson','J','Sport','295-90-0828','M','1984-12-09','2435 Farragut Ave','Colorado Springs','CO','USA','80907','A1CDodson@yahoo.com','937-418-1358','',1,'Joy Dodson','3039199624','','large','',''),(234,'vertically challenge IV','regular','unregistered','rider','','Sport','','M','2009-01-01','','','','USA','','','','',0,'','','','large','',''),(235,'ANB x-treme team','captain','Katie','Schwoerer','','','','F','1940-04-11','714 Evans Court','Basalt','CO','USA','81621','kschwoerer@anbbank.com','970-704-1012','',1,'Anders gustafson','970-274-2747','','small','',''),(236,'ANB x-treme team','regular','Andrew','Dodd','J','Sport','','M','1971-02-14','PO Box 18303','Avon','CO','USA','81620','dodd34@comcast.net','9703768467','',1,'Sarah Talbot','7812488791','','large','',''),(237,'ANB x-treme team','regular','John','Stelzriede','','Sport','','M','1970-05-11','PO Box 3511','Glenwood Springs','CO','USA','81602','jstelzriede@anbbank.com','970-618-1877','',1,'Tara Stelzriede','970-928-8261','','x-large','',''),(238,'ANB x-treme team','regular','Meagan','Goodwin','','Sport','','F','1986-12-29','464 S. 3rd Street #2','Carbondale','CO','USA','81623','mgoodwin@anbbank.com','970-704-1012','970-379-2142',1,'Robert Goodwin','970-963-0232','','medium','',''),(239,'ANB x-treme team','regular','Katie','Schwoerer','','Sport','','F','1975-04-11','714 Evans Court','Basalt','CO','USA','81621','kschwoerer@anbbank.com','970-704-1012','970-379-2739',1,'Anders Gustafson','970-274-2747','','small','',''),(240,'ANB x-treme team','regular','Hector','Rivera','M','Sport','457-73-4202','M','1985-04-08','2405 Bobolink lane','Glenwood Springs','CO','USA','81601','riveramoy@yahoo.com','9702741314','',1,'Cecilia Gil','9702743661','','large','',''),(241,'ANB x-treme team','regular','Pedro','Rivera','','Sport','466-53-3990','M','1979-11-10','2405 Bobolink lane','Glenwood Springs','CO','USA','81601','Gufy1079@yahoo.com','9702741317','',1,'Cecilia  Gil','9702743661','','large','',''),(242,'ANB x-treme team','regular','Arturo','Gil','','Sport','521-93-7008','M','1994-04-09','2405 Bobolink Lane','Glenwood Springs','CO','USA','81601','riveramoy@yahoo.com','9702744163','',1,'Cecilia Gil','9702743661','','large','',''),(243,'ANB x-treme team','regular','Sonny','Shi','','Sport','081-74-5499','M','1983-01-16','PO Box 10426','Aspen','CO','USA','81612','shi.sonny@gmail.com','7192933184','',1,'Don Shi','9709202579','','large','',''),(244,'ANB x-treme team','regular','Anders','Gustafson','','Sport','','M','1976-05-11','714 Evans Court','Basalt','CO','USA','81621','aegustafson@anbbank.com','970-274-2747','',1,'Katie Schwoerer','970-379-2739','','x-large','',''),(245,'ANB x-treme team','regular','Rick','Borkovec','','Sport','','M','1949-10-12','409 Dolores Way','Carbondale','CO','USA','81623','rborky1949@yahoo.com','970-379-1169','',1,'Colleen Borkovec','970-704-1012','','large','',''),(246,'ANB x-treme team','regular','Colleen','Borkovec','','Sport','','F','1958-03-31','409 Dolores Way','Carbondale','CO','USA','81623','rborky1949@yahoo.com','970-704-1012','',1,'Rick Borkovec','970-379-1169','','medium','',''),(247,'ANB x-treme team','regular','Daniel','Koski','','Sport','','M','1981-12-10','2405 Bobolink Lane','Glenwood Springs','CO','USA','81601','gufy1079@yahoo.com','9709480182','',1,'Cecilia Gil','9702743661','','large','',''),(248,'ANB x-treme team','regular','unregistered','rider','','Sport','','M','2009-01-01','','','','USA','','','','',0,'','','','blank','',''),(249,'CRA Lodge Lizards','captain','Matt','Mitzel','','','104-70-0966','M','1972-10-21','Sun King Dr','Glenwood Springs','CO','USA','81601','mmitzel@live.com','970-618-2645','',1,'Stephanie','970-618-2890','','large','',''),(250,'CRA Lodge Lizards','regular','Cory','Sheffel','','Sport','','M','1970-01-01','712 Grand','Salida','CO','USA','81980','','719-293-4730','',1,'Matt','970-618-2645','','x-large','',''),(251,'CRA Lodge Lizards','regular','Chad','Filipski','','Sport','','M','1970-01-01','23 Homo St','Leadville','CO','USA','81478','','719-293-4730','',1,'Matt','970-618-2645','','x-large','',''),(252,'CRA Lodge Lizards','regular','Greg','Exline','','Sport','','M','1969-06-13','305 Hummingbird Cr.','Silverthorn','CO','USA','80498','','970-389-3926','',1,'Becky','970-485-3789','','x-large','',''),(295,'Army of One','captain','Mike','Simpson','','','','M','1970-10-28','751 Van Dorn Rd','Glenwood Springs','CO','USA','81601','msimpson@structuralassoc.com','970-379-5580','970-928-8622',1,'Angie Simpson','970-928-8622','','large','',''),(296,'High Maintenance','captain','Amy','Hermes','J','','','F','1974-08-12','PO BOX 2110','Edwards','CO','USA','81632','ajhermes@mac.com','970-471-3429','',1,'Randy Tuggle','970-618-7118','','small','Land Rover Roaring Fork','Single Speed Mountain Bike Racer.\r\nOur team is \"off the couch\" for this particular race!'),(254,'Los Reyes del Sol','captain','James','Pokrandt','E','','','M','1953-03-01','1010 Colorado Ave.','Glenwood Springs','CO','USA','81601','jpokrandt@crwcd.org','970-319-1807','',1,'Rachel Pokrandt','970-485-2847','','x-large','',''),(255,'Los Reyes del Sol','regular','Jonathan','Satz','M','Sport','','M','1959-03-19','1132 Palmer Avenue','Glenwood Springs','CO','USA','81601','jsatz@coloradomtn.edu','970-947-8477','970-945-2629',1,'Sara Smith','970-945-2629','','large','',''),(256,'Los Reyes del Sol','regular','Art','Burrows','','Sport','','M','1953-02-04','410 N. Mill','Aspen','CO','USA','81611','aburrows@ajaxdesign.com','9706182054','',1,'colleen','9709259525','','large','','old guy with a cold'),(257,'Los Reyes del Sol','regular','Jonathan','Shamis','','Sport','127-48-5813','M','1961-08-18','450 boyd','carbondale','CO','USA','81623','jonathan@colorado-law.com','9703091657','',1,'philip shamis','7605641236','','xx-large','me, myself and maybe a few others','I grew up in Chappaqua, NY, then never grew up by moving to Carbondale, via Chicago.  Now I train by chasing ambulances.'),(258,'CRMS: Meet you in produce','captain','Robert','Deveny','C','Pro','','M','1991-04-29','52 Midland Point Road','Carbondale','CO','USA','81623','Robert.Deveny@crms.org','330-801-0631','970-963-2426',1,'Sandra Deveny','330-958-8056','','x-large','tba','Rob raced on a five person team during last year\'s event. He won the largest number of laps and fastest single lap time of 43 minutes for the junior division. He also slew the giant chicken in the Battle of Bristol Hill.'),(259,'CRMS: Meet you in produce','regular','Sage','Franz','S','Sport','','M','1991-07-25','PO Box 2605','Glenwoood Springs','CO','USA','81602','sage.franz@crms.org','9703195056','',1,'John','9703090039','','large','','Born Hard'),(260,'CRMS: Meet you in produce','regular','Robin','Maxwell','H','Sport','','M','1991-03-16','1493 County Rd. 106','Carbondale','CO','USA','81623','robin.maxwell@crms.org','970-985-8750','',1,'Sarah Hutchinson','970-216-3045','','large','',''),(261,'CRMS: Meet you in produce','regular','Dylan','Hamilton','K','Sport','','M','1991-08-23','15 CR 6680','Fruitland','NM','USA','87416','dylan.hamilton@crms.org','(505)598-5593','',1,'Tim Hamilton','(505)598-5593','','large','The Voice Of Reason',''),(262,'CRMS: Meet you in produce','regular','Nick','Malik','','Sport','','M','1990-10-01','1493 County Rd. 106','Carbondale','CO','USA','81623','nick.malik@crms.org','(412)576-6949','',1,'Ashi Malik','(412)877-7377','','large','','former CRMS off-piste snowboarding member, current CRMS telemark team member.'),(263,'Is it my turn already?','captain','John','Murray','R','','477-90-3562','M','1978-08-27','1920 Midland Ave.','Glenwood Springs','CO','USA','81601','fsumurray@hotmail.com','3039189301','9709455112',1,'Mandy Murray','9706183444','','large','Robert and John Murray DDS','30 years old, Grew up skiing and racing at Sunlight.'),(264,'Is it my turn already?','regular','Jared','Walter','A','Sport','','M','1980-11-04','2661 Woodberry Drive','Glenwood Springs','CO','USA','81601','hayduke11 98@hotmail.com','9706180605','',1,'Eric Walter','9709456930','','medium','',''),(265,'Is it my turn already?','regular','Eric','Tomsha','','Sport','','M','1968-08-27','614 Cowdin','Glenwood Springs','CO','USA','81601','etomsha@hotmail.com','9702300148','',1,'Mary Edwards','9703191319','','large','',''),(266,'Is it my turn already?','regular','Martin','Madsen','J','Sport','','M','1978-06-06','202 12th Street #202','Carbondale','CO','USA','81623','martymadsen@hotmail.com','970-384-5638','970-319-5994',1,'Carly Madsen','970-319-5608','','large','Dr. Robert and John Murray DDS',''),(267,'CRMS: Fire Wombats','captain','Elli','McKinley','M','Pro','','F','1991-09-29','1495 Walz Ave','Glenwood Springs','CO','USA','81601','elli.mckinley@crms.org','970-618-5816','',1,'Linda/ Bill McKinley','970-945-7277','','large','',''),(268,'CRMS: Fire Wombats','regular','Katie','Walker','M','Sport','523-81-2352','F','1991-02-01','1002 wheel circle','carbondale','CO','USA','81623','katie.walker@crms.org','(303) 746-2779','',1,'karen walker','(970) 618-2994','','medium','',''),(269,'CRMS: Fire Wombats','regular','Jessica','Heitzman','C','Sport','522-83-2417','F','1991-07-04','2564 Highway 82','Glenwood Springs','CO','USA','81601','jessi.heitzman@crms.org','9703194599','',1,'Peter Heitzman','9702748519','','medium','',''),(270,'CRMS: Fire Wombats','regular','Leonard','Henderson','A','Sport','','M','1994-03-22','922 Red Mounrian Dr.','Glenwood Springs','CO','USA','81601','alex.henderson@crms.org','19704042728','',1,'Susan Henderson','19706185315','','large','',''),(271,'CRMS: Fire Wombats','regular','Kavanagh','McGeough','A','Sport','','M','1994-05-03','1493 County Road 106','Carbondale','CO','USA','81623','Kavanaghmcgeough@gmail.com','4257650402','',1,'Holly Mcgeough','4255038492','','x-large','',''),(272,'Fortin, Joe','captain','Joe','Fortin','','','320-64-1361','M','1965-02-21','166 Juniper Hill RD NE','Albuquerque','NM','USA','87122','fortinjoe@comcast.net','505-681-7606','',1,'Nancy Fortin','505-235-9945','','large','Casa Verde Custom Homes\r\nBike Coop Albq NM',''),(273,'Mishev, Dina M.','captain','Dina','Mishev','M','','220-88-3359','F','1975-10-05','P.O. Box 4424','Jackson','WY','USA','83001','dmishev@gmail.com','307-690-5374','307-734-5186',1,'Beth  Mishev','240-338-3168 (or loo','','medium','Goode, Dynafit','With her husband Brian Harder, Dina won the Sunlight Duo pro division in 2007 (You Can Sleep When You\'re Dead). During that race she skinned about 21,000 feet; she hasn\'t come too close to that since. She actually tried to cash the giant check her and Brian were given on the podium at several bank branches in the valley. It was to no avail. Other than giving some tellers a good laugh.\r\nWhen there\'s no snow, Dina is a competitive road bike racer. All year-long she\'s a freelance writer.\r\nShe was diagnosed with Multiple Sclerosis in June 2006.\r\nHer favorite food during endurance events is a McDonald\'s double cheeseburger with Big Mac sauce.\r\nShe gets more blisters on her feet than anyone on the planet.'),(274,'Breckenridge Livestrong','captain','Thomas','Konecny','','','','M','1976-11-08','P.O. box 4105','Breckenridge','CO','USA','80424','tomkoinc@comcast.net','','970-389-0459',1,'renata','9703890020','','large','',''),(275,'Breckenridge Livestrong','regular','Alexander','Prax','','Sport','','M','1975-01-03','9732 Quay Loop','broomfield','CO','USA','80021','andreaboulder@aol.com','3035231472','',1,'andrea','3035231782','','large','',''),(276,'The Last Known Survivors','regular','Amanda','Hammond','','Sport','','F','1976-12-27','345 S San Juan Ave','Montrose','CO','USA','81401','Amanda.hammond@coloradodefenders.us','7203525003','',1,'Chad Swenda','303-807-1191','','small','','\"What did you guys trick us into?\"'),(277,'The Last Known Survivors','regular','Chad','Swenka','','Sport','','M','1975-06-30','345 S San Juan Ave','Montrose','CO','USA','81401','chad@swenka.com','303-807-1191','',1,'Amanda Hammond','720-352-5003','','large','',''),(278,'McLean, Andrew F.','captain','Andrew','McLean','F','','529-68-2935','M','1961-02-24','395 Crestview Drive','Park City','UT','USA','84098','amclean@xmission.com','4356157124','435 503 0263',1,'Andrew McLean','4356157124','','large','Mountain Hardwear\r\nBackcountry.com\r\nScarpa Boots\r\nDynafit Bindings\r\nK2 Skis\r\nBlack Diamond\r\nSuunto\r\nSmith Sport Optics','I live for the uphill and can\'t wait to share the experience with a group of like-minded individuals.  I participated in the first 24 Hours of Sunlight and hope to apply some of the lessons learned there to this race.'),(279,'Osterholm, Erik H.','captain','Erik','Osterholm','H','','214-19-7732','M','1986-03-05','303 ABC Suite H','Aspen','CO','USA','81611','osterholm.erik@gmail.com','301.440.1066','',1,'Anne Osterholm','301.440.6181','','large','',''),(280,'McCoy, Mike','captain','Mike','McCoy','','','559-17-9904','M','1970-07-01','1147 River Bend Way','Glenwood Springs','CO','USA','81601','mccoy904@comcast.net','970-379-1141','970-945-8687',1,'Alyssa McCoy','970-309-6994','','x-large','',''),(281,'Barbee, Steve','captain','Steve','Barbee','','Pro','283-44-3606','M','1956-10-05','509 w 12th st','Glenwood Springs','CO','USA','81601','skbarbee@hotmail.com','970-309-4452','',1,'Karen Hall','970-618-9409','','medium','Resource Financial(Tim Rahmeier)',''),(282,'The Matt and Mo Show','captain','Matt','Huber','R','','497-90-9099','M','1975-08-08','PO Box 6372','Snowmass Village','CO','USA','81615','strangehuber@hotmail.com','970 379 5155','',1,'Mo McPhee','970 618 2324','','x-large','',''),(283,'The Matt and Mo Show','regular','Mo','McPhee','M','Sport','042-82-3699','F','1975-11-03','PO Box 6372','Snowmass Village','CO','USA','81615','momcphee@sopris.net','9706182324','',1,'Matt Huber','970 379 5155','','small','',''),(284,'Angell, Rick','captain','Rick','Angell','','','138-66-7339','M','1971-06-01','4255 Hidden Cove Road','Park City','UT','USA','84098','rangell@parsonsbehle.com','801-971-7831','',1,'Liz Schulte','801-541-1499','','large','',''),(285,'The Mike and Brian Project','captain','Brian','Harder','P','','547-53-4955','M','1961-08-06','box 4424','Jackson','WY','USA','83001','brianharder@gmail.com','307-699-4809','',1,'Dina Mishev','307-690-5374','','large','',''),(286,'The Mike and Brian Project','regular','Michael','Werner','','Sport','217-76-1488','M','1969-12-04','4231 Melody Ranch Drive, PO Box 10783','Jackson','WY','USA','83002','skumbywerner@yahoo.com','307-732-0415','',1,'Carol Viau','307-732-0415','','large','',''),(287,'Nelson, Scott','captain','Scott','Nelson','','','111-11-1111','M','1967-09-25','176 Navajo','Carbondale','CO','USA','81623','nelson67@comcast.net','9703794824','9709634241',1,'Jenny Nelson','9706189561','','large','',''),(288,'Everlap','captain','Jared','Stueber','R','','387-96-3330','M','1984-10-16','0156 Glen Eagle Cir.','New Castle','CO','USA','81647','jaredstueber@aol.com','970-355-4047','',1,'Ashley Schwartz','970-963-4524','','medium','Stueber Consulting',''),(289,'Everlap','regular','Christian','Mendrop','','Sport','521-39-1194','M','1977-06-07','411 county rd 261','silt','CO','USA','81652','precisionbuildings@yahoo.com','719-314-8593','',1,'dawnett Mendrop','970-876-0819','','large','Dawnett Mendrop,','Ski Tech extraordinary for Sunlight'),(290,'Everlap','regular','unregistered','rider','','Sport','','M','2009-01-01','','','','USA','','','','',0,'','','','large','',''),(291,'The Highlanders','captain','Brian','Johnson','F','','321-74-6553','M','1969-12-20','124 Forge Rd Unit 104','Aspen','CO','USA','81611','bfjelkmtns@hotmail.com','9709257282','',1,'Kirstin Klein','9703439489','','medium','','Happy to have participated every year. Hope to keep the tradition going. A couple of Highlands Ski Patrollers who love mountain sports, physical challenges, and most of all, skiing.'),(292,'The Highlanders','regular','Elliott','Larson','','Sport','523-17-2740','M','1974-11-17','PO Box 8013','Aspen','CO','USA','81612','elliottklarson@gmail.com','970-925-9293','',1,'David Larson','412-398-1481','','medium','',''),(293,'2 Hairy Men and a Condo','captain','Michael','Lowe','W','','522-33-3682','M','1967-07-08','1912 Midland Ave','Glenwood Springs','CO','USA','81601','michaellowe@hotmail.com','970-384-0216','970-319-5041',1,'Jamie Lowe','970-319-9041','','x-large','',''),(294,'2 Hairy Men and a Condo','regular','Dave','Weidemann','','Sport','414-35-8640','M','1967-09-23','1305 Oak Way Ave','glenwood springs','CO','USA','81601','davedeb18@comcast.net','970-945-0506','970-928-7112',1,'Debbie Weidemann','970-379-6978','','x-large','',''),(297,'High Maintenance','regular','Linda','Wells','','Sport','','F','1968-06-25','PO Box 2059','Avon','CO','USA','81620','','970-471-0041','',1,'Jake Wells','970-390-9682','','small','',''),(298,'High Maintenance','regular','Wendy','Fields','','Sport','','F','1974-03-27','PO Box 4594','Vail','CO','USA','81658','','970-376-3212','',1,'Ric Fields','970-390-6550','','small','',''),(299,'High Maintenance','regular','Deb','DeCrausaz','','Sport','','F','1971-01-05','PO Box 6452','Breckenridge','CO','USA','80424','ddecrausaz@comcast.net','970-389-8986','970-390-5320',1,'Mark Burnell','970-390-5320','','small','',''),(300,'Segger, Jen L.','captain','Jen','Segger','L','','731-24-8720','F','1980-09-27','PO Box 787','Garibaldi Highlands','BC','Canada','V0N 1T0','seggerjen@hotmail.com','604-849-0799','',1,'Norm Hann','604-848-8792','','small','Salomon\r\nnuun Hydration\r\nRyders Eyewear\r\nSOLE custom footbeds','Adventure Racer & Ultra runner, owner and director of Challenge by Choice Coaching'),(301,'Schneiter, Michael S.','captain','Michael','Schneiter','S','','482-92-4640','M','1976-03-19','3900A Old Lodge Rd. #5','Glenwood Springs','CO','USA','81601','mike.schneiter@gmail.com','970-309-4795','970-309-4795',1,'Joy Schneiter','970-309-6267','','large','Brooks Running','The wife is gone for the weekend, I have no friends, the NFL football season is over, and I seem to have nothing better to do than torture myself for 24 hours.'),(302,'Webb, Dennis','captain','Dennis','Webb','','Sport','302-66-3081','M','1961-11-30','1473 Odin Drive','Silt','CO','USA','81652','djwebb@sopris.net','970-216-2082','970-876-0768',1,'Joyce Webb','970-867-0768','','large','',''),(303,'Sullivan, Eric','captain','Eric','Sullivan','','Sport','511-86-6648','M','1980-12-29','221 N Teller','Gunnison','CO','USA','81236','','970-209-2302','',1,'Kenny Teeter','620-353-9493','','large','','');

--
-- Table structure for table `rider_rfid`
--

CREATE TABLE `rider_rfid` (
  `rfid` int(4) NOT NULL DEFAULT '0',
  `uid` int(4) NOT NULL DEFAULT '0',
  UNIQUE KEY `rider_rfid_pkey` (`rfid`)
) ENGINE=MyISAM DEFAULT CHARSET=latin1;

--
-- Dumping data for table `rider_rfid`
--

INSERT INTO `rider_rfid` VALUES (8671,278),(15313,98),(14107,272),(8372,279),(12408,280),(1930,281),(8861,284),(10093,287),(15254,301),(8634,5),(12690,21),(8928,147),(15008,222),(15372,273),(15108,300),(8379,194),(2089,195),(15041,113),(8337,114),(15187,282),(15367,283),(15058,285),(15098,286),(15276,291),(8982,292),(8639,293),(15358,294),(2101,9),(2060,10),(10044,11),(8988,12),(8920,36),(14248,37),(1880,38),(8987,39),(14113,55),(15304,56),(8619,57),(1727,58),(1878,115),(8890,116),(14035,117),(13433,118),(9025,178),(8872,179),(15028,180),(8360,181),(1828,218),(10097,219),(1758,220),(13890,221),(15269,231),(2099,232),(8869,233),(8313,234),(15127,263),(2116,264),(12873,265),(8806,266),(10122,13),(15256,14),(15067,15),(15122,16),(13350,70),(1884,71),(12022,72),(8517,73),(1914,93),(13875,94),(8811,95),(9026,96),(12484,119),(8968,120),(8796,121),(13502,122),(13739,22),(2271,23),(15218,24),(13111,25),(10192,296),(12717,297),(12765,298),(8534,299),(15334,17),(1989,18),(1707,19),(13653,20),(15136,254),(8400,255),(12735,256),(9044,257),(15024,45),(15096,46),(14019,47),(15257,48),(13539,167),(1610,168),(15095,169),(13140,170),(15310,258),(8420,259),(15042,260),(12379,261),(12024,262),(12517,267),(12565,268),(15118,269),(13914,270),(8580,271),(12898,26),(10169,27),(8685,28),(8478,29),(12802,30),(14003,40),(12307,41),(15039,42),(13785,43),(8822,44),(15010,60),(8487,61),(13536,62),(10173,63),(8484,64),(10070,65),(15255,66),(8417,67),(15248,68),(13026,69),(8324,74),(1974,75),(2067,76),(8383,77),(12176,78),(12754,79),(8325,80),(10069,81),(8706,82),(15013,83),(8834,88),(12510,89),(15379,90),(10156,91),(2297,92),(2025,201),(15064,202),(15009,203),(13586,204),(12426,205),(8594,108),(10081,109),(13907,110),(15078,111),(15349,112),(8957,123),(8410,124),(12445,125),(2051,126),(13353,207),(15150,137),(15333,138),(8826,139),(12986,140),(13164,141),(10056,142),(15241,143),(8437,144),(15135,145),(15182,146),(12469,162),(13654,163),(14122,164),(12570,165),(8797,166),(15279,183),(12455,184),(10086,185),(8366,186),(13550,187),(12687,196),(9065,197),(9090,198),(15033,199),(15265,200),(15140,223),(8932,224),(15238,225),(9010,226),(8540,227),(8860,6),(13786,7),(15201,8),(12706,253),(15390,59),(13082,99),(15235,100),(8527,101),(2055,133),(10049,134),(10059,135),(12457,136),(10058,206),(2080,228),(8472,249),(1870,250),(13947,251),(13163,252),(15065,295),(15170,274),(13743,275),(8667,288),(15295,289),(8816,290),(10110,31),(8864,32),(8304,33),(15169,34),(10051,35),(8345,176),(12462,177),(13858,49),(1721,50),(12265,51),(2285,52),(8344,53),(15032,54),(15215,84),(15312,85),(8690,86),(1799,87),(12185,229),(8745,230),(1628,102),(12990,103),(10090,104),(10187,105),(8934,106),(12532,107),(12769,127),(10117,128),(12962,129),(14076,130),(15172,131),(15071,132),(8452,158),(15106,159),(15066,160),(13108,161),(15348,276),(8397,277),(1768,188),(15129,189),(8900,190),(15092,191),(13593,192),(15046,193),(2061,148),(15237,149),(13680,150),(14092,151),(15035,152),(8343,153),(15311,154),(9016,155),(8511,156),(12966,157),(13677,208),(8939,209),(1724,210),(15325,211),(15133,212),(13476,213),(12538,214),(12869,215),(8461,216),(15195,217),(15343,235),(10105,236),(1791,237),(1788,238),(13366,239),(15356,240),(8444,241),(13461,242),(8616,243),(8909,244),(15365,245),(15161,246),(8709,247),(10014,248),(8518,302),(8973,303);

--
-- Table structure for table `team`
--

CREATE TABLE `team` (
  `name` varchar(36) NOT NULL DEFAULT '',
  `city` varchar(26) DEFAULT NULL,
  `state` varchar(26) DEFAULT NULL,
  `country` varchar(26) NOT NULL DEFAULT '',
  `class` char(2) NOT NULL DEFAULT '',
  `ala` tinyint(1) NOT NULL DEFAULT '0',
  `sponsors` varchar(255) DEFAULT NULL,
  `anecdote` mediumtext,
  `fee_paid` decimal(9,2) DEFAULT NULL,
  `online_reg` tinyint(1) NOT NULL DEFAULT '0',
  `payment_type` char(2) DEFAULT NULL,
  `username` varchar(8) DEFAULT NULL,
  `password` varchar(8) DEFAULT NULL,
  `admin_notes` varchar(255) DEFAULT NULL,
  `song_title` varchar(50) DEFAULT NULL,
  `song_artist` varchar(50) DEFAULT NULL,
  `number_of_riders` int(3) DEFAULT NULL,
  UNIQUE KEY `team_pkey` (`name`)
) ENGINE=MyISAM DEFAULT CHARSET=latin1;

--
-- Dumping data for table `team`
--

INSERT INTO `team` VALUES ('Benson, Helen M.','Glenwood  Springs','CO','USA','W1',0,'Benson-Conrardy Builders','My sister and I solo together each year,because we enjoy the race and it gives us time to catch up on all the news.',312.00,0,'CC','HelBen','climbon','','','',1),('Gerryatric Excess','Glenwood Springs','CO','USA','JF',0,'','Old age wheezers and new age skywalkers',449.00,0,'CC','illimani','denali','','','',4),('Balcomb & Green','Glenwood Springs','CO','USA','MS',0,'Balcomb & Green P.C.','',412.00,0,'CC','Grosscup','fireball','','','',4),('Vomitamos','Carbondale','CO','USA','MV',0,'','',412.00,0,'CC','efaul39','ziggy13','','','',4),('Nocturnal Jockeys','Denver','CO','USA','MV',0,'Mr. Ed\'s Glue Factory','Give us vertical or give us death',412.00,0,'CC','jockeys','33john','','','',4),('Stewart, Mary A.','San Pedro','CA','USA','W1',0,'','',287.00,0,'CC','runner1','blueone','','','',1),('Mommy\'s Rule','Aspen, Snowmass, Basalt','CO','USA','WV',0,'Our Kids','We are four working moms, living and loving our lives in the Roaring Fork Valley.',412.00,0,'CC','mommys','fourofus','','','',4),('What Would Waylon Do?','Boulder','CO','USA','5P',0,'','',512.00,0,'CC','WWWD08','2008sun','','','',5),('The Dramatic Prairie Dogs','Aspen','CO','USA','JF',0,'Real Time Marketing','Mas PANCAKES Por Favor!!',0.00,0,'CC','KevinR','RTMRTM','','Feats Don\'t Fail Me Now','Little Feat',7),('Green Mountain Sports','Glenwood Springs','CO','USA','MS',0,'Green Mountain Sports - Bike & Ski www.GreenMountainSports.com\r\n2950 S. BEAR CREEK BLVD, UNIT D, LAKEWOOD, CO 80228 \r\nPhone: 303-987-8758','',412.00,0,'CC','voodoo','stigma','','','',4),('Wandering Aimlessly','Avon','CO','USA','5P',0,'R.A. Nelson & Associates, Inc.','',512.00,0,'CC','bwissing','denali','','','',5),('Men at Their Peak','Glenwood Springs','CO','USA','MG',0,'HealthStyles Exercise Equipment\r\nOwner: Dave Sheriff, 970-989-5427\r\ndsheriff@healthstyles exercise.com','A local Glenwood Springs team of seasoned atheletes that just cannot stop. The \"Men at Their Peak\" team won their division in 2005 and 2006 and took the year off in 2007 to heal and mend. The event provides a great reason to train and ski and it has always been one of the most well run and administered events in the region...thank you Granny Gear and American National Bank !',412.00,0,'CC','Sheriff','Fitness','','','',4),('I can\'t quit you, Chris Geiger','Glenwood Springs','CO','USA','JF',0,'Balcomb&Green, PC (Chris Geiger)','Just trying to get by. :)',612.00,0,'CC','Geiger13','mecg13','','','',6),('Garfield County Search & Rescue','Glenwood Springs','CO','USA','MS',0,'Garfield County Search & Rescue','Support Search & Rescue GET LOST',412.00,0,'CC','garsar','garsar01','','','',4),('Nobody\'s Fool','Evergreen','CO','USA','JF',0,'My own bodaciousness.','I may be tall, but I\'m slow.',112.00,0,'CC','mperant','Screwth1','','I\'m Gonna Live Forever','Irene Cara',1),('Basalt Pirates and Friends','Basalt','CO','USA','5P',0,'None so far','The Christoff Bros, Scuba Katie, Allison Holmes,and myself who like to skin and ski, just looking to test our endurance levels and give us an excuse to train hard',512.00,0,'CC','jcwhite','14ner!','','','',5),('Do Not Resuscitate','Glenwood Springs','CO','USA','5P',0,'Glenwood Hot Springs','The greatest lifeguards in all the world.',512.00,0,'CC','hspool','dreamtea','','gonna fly now','Bill Conti',5),('Springers','Colorado Springs','CO','USA','MV',0,'Hagan Skis, Martini Ski Wear, InForm Sports','',412.00,0,'CC','dpsteig','jacks0n','','','',4),('Independence Run & Hike','Carbondale','CO','USA','5P',0,'Independence Run & Hike','Sufferin\' sucketash',512.00,0,'CC','huffff','puffff','','','',5),('Kind of a Big Deal','Aspen','CO','USA','5P',0,'','',512.00,0,'CC','bigdeal','ladies','','','',5),('The Chump Humpers','Carbondale','CO','USA','JF',0,'Accepting offers.','We\'re just 6 chumps trying to hump our way up the mountain.',662.00,0,'CC','dohertdp','5asdf5','','','',6),('Going the wrong way','Avon','CO','USA','5P',0,'','A couple of months ago / In 2008, a crack commando unit was sent to prison by a military court for a crime they didn\'t commit. These men(and woman) promptly escaped from a maximum security stockade to the Colorado underground. Today, still wanted by the government, they survive as soldiers of semi-fortune. If you have a problem, if no one else wants to help, and if you can find them at a bar, maybe you can hire... The B-Team.',512.00,0,'CC','gabehoga','muledeer','','Tubthumping','Chumbawaba',5),('Celestial Terrestrial Commuters','Carbondale','CO','USA','MV',0,'','',512.00,0,'CC','hawkdan','0herky','','','',4),('Sanson, Lynn','Carbondale','CO','USA','M1',0,'','',287.00,0,'CC','estesp','clone1','','','',1),('Bohica','Longmont','CO','USA','JF',0,'','',212.00,0,'CC','Bohica','Bohica1','','','',2),('Bella','Ft. Collins','CO','USA','JF',0,'I have been with...\r\nCliff Bar,Petzl,Montrail,First Endurance.\r\nStill With...\r\nPatagonia','(Former)Montrail/Patagonia UltraRunning Team Member (6yrs.)\r\nFinisher of 50+ Ultras 50k-100mi\r\nThis will be my first/Last? Ski Race',112.00,0,'CC','Ostrom','Sierra','','','',1),('Ready for Me Ski Race','Aspen','CO','USA','JF',0,'','We are friends. None of us is super hard core. But we like mascara!',612.00,0,'CC','mdtbcbpf','ski123','','','',6),('We pay to do this.','Glenwood Springs','CO','USA','5P',0,'','Endurance junkies that need a mid-winter fix.',512.00,0,'CC','pscary1','bubba1','','The Distance','Cake',5),('Hagan-Martini-Hagen','Colorado Springs','CO','USA','DP',0,'Hagan Skis, Martini Ski Clothing, PowerBar, Inform Sports Coaching','Husband/Wife team of running and triathlon background doing first duo team race of any kind.  Friends are making bets on who does more laps.',402.00,0,'CC','mikeeva','Kendler3','','Out Here All Night','Damone',2),('Balls Deep','Glenwood Springs','CO','USA','MS',0,'','In loving memory of Mancinelli\'s Pizza',412.00,0,'CC','canadian','hunter','','The Final Countdown','Europe',4),('lynyrd skynyrs','Breckenridge','CO','USA','MV',0,'','Antidote to what? Skiing fever?!',412.00,0,'CC','tycort','eggpie','','','',4),('Go Go Mamas','Glenwood Springs','CO','USA','5P',0,'Underhill Excavating Inc\r\nHeim & Johnson DDS','',524.00,0,'CC','gogomama','070497','','These Boots Are Made For Walking','Nancy Sinatra',5),('Motley Crew','New Castle, CO','CO','USA','JF',0,'Coffee, Cialis, Astroglide, MaryKay, and Pampers','One time, we rocked so hard that we threw up for 9 days.',612.00,0,'CC','motley','thecrew','','','',6),('Adams Gray Newton','Aspen, mostly','CO','USA, England and Australia','JF',0,'In this current climate, we\'ll keep our fingers crossed we can find someone!','Apparently we didn\'t have enough fun last year...',412.00,0,'CC','graveday','snowmass','','','',4),('DNR with dirty sanchez and hot Karl','Puckerfactor','CO','USA','5P',0,'','VIDI, VICI, VINI     AWWW YEAH!',512.00,0,'CC','dnr2008','dnrdnr','','time bomb','Godsmack',5),('Skin-Knee-Dipping-Mamas','Glenwood Springs','CO','USA','5P',0,'','',512.00,0,'CC','mamacita','kiddos','','','',5),('Wysocki, Eileen','New Castle','CO','USA','W1',0,'','',275.00,0,'CK','Eileen','Wysocki','','Wonderlust King','Gogol Bordello',1),('VVH Iditarod','Glenwood Springs','CO','USA','JF',0,'','',0.00,0,'CC','lionel','vvh1','','','',10),('The Last Known Survivors','Montrose','CO','USA','JF',0,'Powderhorn National Ski Patrol!!!!','RISIN\' UP, STRAIGHT TO THE TOP...\r\nIt\'s the eye of the tiger, it\'s the thrill of the fight \r\nRisin\' up to the challenge of our rival \r\nAnd the last known survivor stalks his prey in the night \r\nAnd he\'s watchin\' us all in the eye of the tiger...',774.00,0,'CC','karkies','ranos20','','Eye of the Tiger','Survivor',6),('3 Docs and 2 Goats','Glenwood Spings','CO','USA','5P',0,'20/20 EyeCare- Better Vision for Life!','Three 20/20 EyeCare Doctors racing for the 1st time with 2 returning racers all for the fun of it! Who\'s ditching work to race today and who\'s pulling an all-nighter after fixing eyes all day?',637.00,0,'CC','2020eyes','9452020','','','',5),('Hot Flash!','Glenwood Springs','CO','USA','WG',0,'','Ode to Team Hot Flash\r\n\r\nI\'m excited and pumped and stoked if you may\r\n\'Cause show time is just two weeks away!\r\n\r\nI love the workouts-- it’s a challenge for sure\r\nBut it\'s cool to be part of this repeat adventure.\r\n\r\nOur condo is waiting--the lodge just won\'t do \r\nWe\'ll catch up on gossip-- oh and sleep too\r\n\r\nI\'ve got the soup and the rice crispy treats,\r\nSome Advil, Motrin, and moleskin for feet.\r\n\r\nMy Ipod is loaded with a playlist for fun\r\nThough \"Climb Every Mountain\" was left off this run\r\n\r\nI imagine the midnight ski will be tough\r\nSo remember our Team Song \"Ain\'t No Mountain High Enough\".\r\n\r\nOur Captain is ready she\'s beyond buff and strong \r\nBut thankfully we know Helen will drag us along.\r\n\r\nJoanne has returned for more anguish and pain  \r\nAnd I know its \"food\" that\'s part of her game\r\n\r\nOur newcomer is Carol who climbs like a hound  \r\nIf only she knew how she was going to get down?\r\n\r\nAnd then there is Nancy--the snowblade bunny \r\nLooking for any excuse to stay home with her honey!  \r\n\r\nSo here we go we\'ll have fun and some laughs\r\nEven if pain shoots up my legs and my calves. \r\n\r\nAnd when it\'s all done we\'ll high five and cheer\r\nNot to mention who\'s bringing the wheelchair?\r\n\r\nWe\'ll give it our best and we won\'t be idle\r\n\'Cause we\'ve got to defend our Grand Masters Champion title!\r\n\r\nSee you on Saturday, think awesome and tall\r\nWe\'re the Grand Masters Team Hot Flash-- after all!',400.00,0,'CK','Helen','hotflash','','Ain\'t No Mountain High Enough','Marvin Gaye and Tammi Terrill',4),('Ray Hellinger','Durango','CO','USA','JF',0,'','',137.00,0,'CC','iceisnic','alpinist','','','',1),('Los esquiadores cuatro','Glenwood Springs','CO','USA','MS',0,'Post Independent','',0.00,0,'CC','Fowler','PeteF','','Hava Nagila','Dick Dale',4),('Downhill Press','Glenwood Springs','CO','USA','5P',0,'Glenwood Post Independent','',0.00,0,'CC','Whitney','Veronica','','','',5),('One Step At A Time','Carbondale','CO','USA','JF',0,'','',762.00,0,'CC','client1','sober11','','','',6),('The Husdoggers','Denver','CO','USA','DP',0,'Diamond Homes Inc.\r\nGirls on the Run Denver','Husband and wife trying duo once again!',452.00,0,'CC','karadiam','charlie','','Mountains win Again','Blues Traveler',2),('4 punks and a princess','Aspen','CO','USA','5P',0,'','',637.00,0,'CC','mscarth','shack917','','','',5),('Ute City Cycles & Skis','Carbondale','CO','USA','5P',0,'Ute City Cycles and Skis\r\n\r\nDr.Dave Jensen & W.I.N Heath Institute','What we may lack in talent, we make up for in motivation and good looks.\r\n\r\n\"If your ganna be dumb, ya gotta be tough\"',0.00,0,'CC','UteCity','Darren','','','',5),('VVH Snow Catscanners!','Glenwood Springs','CO','USA','JF',0,'Valley View Hospital;','fun lovin bunch of people- lookin to have a good time!',1262.00,0,'CC','0-GWWyzb','x1xkCOX5','','','',10),('A Better Way to Get There','Glenwood Springs','CO','USA','MS',0,'Colorado Mountain Express','A Better Way to Get There is how we do, on split-boards.',0.00,0,'CC','Better','cmecme','','Bro\'hymn','Pennywise',4),('Samuels McLean, Polly','Park City','UT','USA','W1',0,'Dynafit, Cloudveil and all my friends and family that put up with my crazy endeavors.','Fourth year in a row.  Let the fun begin!',0.00,0,'CC','Polly','Samuels','','','',1),('The Scallywags','Glenwood Springs','CO','USA','5P',0,'','Shiver me timbers!',637.00,0,'CC','jcantway','purple','','','',5),('Jesse Porter','silverthorne','CO','USA','JF',0,'self','1 49 year old',137.00,0,'CC','jesseski','skiier','','','',1),('Sullivan, Eric','Gunnison','CO','USA','M1',0,'Goode Skis\r\nScarpa\r\nCamp\r\nDynafit\r\nLeki\r\nSalomon\r\nSuunto\r\nHammer Nutrition','',312.00,0,'CC','new0206','x1xxHq0y','','','',1),('vertically challenge IV','carbondale/ denver','CO','USA','MS',0,'Metamucil, Emergen C,  Bud Light Lime and kashi','',512.00,0,'CC','uphilla','abuck128','','','',4),('ANB x-treme team','','CO','USA','JF',0,'American National Bank','',0.00,0,'CC','KatieS','anbanb','','','',14),('CRA Lodge Lizards','Glenwood Springs','CO','USA','JF',0,'Consumer Recovery Associates\r\nJames Fox and Reese Parker','If we don\'t outski you we will surely outdrink you!',512.00,0,'CC','lizards','lodge1','','','',4),('Los Reyes del Sol','Glenwood Springs','CO','USA','MM',0,'','We are four Roaring Fork Valley locals representing Glenwood Springs, Carbondale and Aspen.',512.00,0,'CC','jpokrand','rachel48','','','',4),('CRMS: Meet you in produce','Carbondale','CO','USA','MJ',0,'Bethod Motors Glenwood Springs','The CRMS Off Piste team is about adventure skiing, the pursuit of powder, and earning your turns. Students and faculty from the Colorado Rocky Mountain School founded the Off Piste team in 2005 as a means of pursuing ski-sport in the spirit of the roots of modern skiing.',637.00,0,'CC','OffPiste','sopris','','','',5),('Is it my turn already?','Glenwood Springs','CO','USA','MS',0,'Robert and John Murray DDS','',512.00,0,'CC','murray','already','','','',4),('CRMS: Fire Wombats','Carbondale','CO','USA','MJ',0,'Big John\'s Building & Home Center\r\nCherry Creek Mortgage','The CRMS Off Piste team is about adventure skiing, the pursuit of powder, and earning your turns. Students and faculty from the Colorado Rocky Mountain School founded the Off Piste team in 2005 as a means of pursuing ski-sport in the spirit of the roots of modern skiing.',637.00,0,'CC','Fire08','crms2008','','In the Jungle The Mighty Jungle','The Beach Boys',5),('Fortin, Joe','Albuquerque','NM','USA','M1',0,'Casa Verde Custom Homes\r\nBike Coop Albq NM','Safer than a Harley\r\nBetter than a Porsche\r\nCheaper than a mistress',312.00,0,'CC','fortinj','06060606','','','',1),('Mishev, Dina M.','Jackson','WY','USA','W1',0,'Goode, Dynafit, my awesome support crew, and all the friends who\'ve kept me company on Snow King.','Blisters are a girl\'s best friend.',312.00,0,'CC','ski22wes','rockboy','','','',1),('Breckenridge Livestrong','Breckenridge','CO','USA','JF',0,'','',262.00,0,'CC','thomask1','olesnic1','','','',2),('McLean, Andrew F.','Park City','UT','USA','M1',0,'Mountain Hardwear\r\nK2 Skis\r\nDynafit Bindings\r\nScarpa Boots\r\nSmith Sport Optics\r\nBackcountry.com\r\nSuunto','A team of one returning for the second time and hoping to improve my vertical standings.',0.00,0,'CC','andrew','mclean','','','',1),('Osterholm, Erik H.','Aspen','CO','USA','M1',0,'','',312.00,0,'CC','baleigh','snorke','','','',1),('McCoy, Mike','Glenwood Springs','CO','USA','M1',0,'My Family','This is my 4th year at the 24 Hours of Sunlight, but my first time doing it Solo!',312.00,0,'CC','mpmccoy','mi4950ke','','','',1),('Barbee, Steve','Glenwood Springs','CO','USA','M1',0,'Resource Finacial(Tim Rahmeier)\r\nJonathan Satz (El Rey del Sol)\r\nCharacter Builders\r\nThe Gear Exchange','I\'ve done the 24 Hours the last two years on a team but I felt I wasn\'t challenged(abused?) as much as I could have been. This year I want to see what I\'m capable of before my physical ability declines any further. It makes no real sense, I know, but for some reason this is important to me.',312.00,0,'CC','skbarbee','alpha5','','You\'re a God','Vertical Horizon',1),('The Matt and Mo Show','Snowmass Village','CO','USA','DP',0,'','',452.00,0,'CC','strangeh','firefire','','','',2),('Angell, Rick','Park City','UT','USA','M1',0,'','',312.00,0,'CC','rangell','201utah','','','',1),('The Mike and Brian Project','Jackson','WY','USA','DP',0,'','',452.00,0,'CC','bharder','alpine5','','','',2),('Nelson, Scott','Carbondale','CO','USA','M1',0,'','Back again this year, but with more fuel to burn (aka body fat), so maybe I can last longer.... One can dream right?',312.00,0,'CC','nelson','021788','','','',1),('Everlap','Glenwood Springs','CO','USA','JF',0,'Stueber Consulting, Dawnet Mendrop','Team Everlap does not believe in the words no or can\'t. Our moto is to never have no in your heart. Our consistant mindfullness allows us to always be harmonically balanced as a TEAM!',387.00,0,'CC','Everlap','sunlight','','','',3),('The Highlanders','Aspen','CO','USA','DP',0,'','Can\'t break the tradition. Too much fun to miss.',452.00,0,'CC','111111','aaaaaa','','Free To Run','Gomez',2),('2 Hairy Men and a Condo','Glenwood Springs','CO','USA','DP',0,'','',452.00,0,'CC','gdwclimb','beevis33','','','',2),('Army of One','Glenwood Springs','CO','USA','JF',0,'The Fam.','I\'m back for round 3 sans the fittest, fastest and and smartest teammates from Team Structural Associates.',137.00,0,'CC','racerx','talon06','','','',1),('High Maintenance','Vail','CO','USA','WV',0,'Land Rover Roaring Fork','Normally we\'re mountain bike racers...we don\'t usually walk, hike and certainly don\'t run anywhere, so this should be interesting!',0.00,0,'CC','0-5wSCXY','x1xH13IB','','','',4),('Segger, Jen L.','Squamish','BC','Canada','W1',0,'Salomon, nuun hydration, SOLE custom footbeds, Ryders Eyewear','First time rando experience!!! Sully talked this race up and so I thought I would come suffer at elevation.  Am a adventure racer with team DART nuun out of Washington and an ultra runner.  Work as an endurance coach with my business, Challenge by Choice.',312.00,0,'CC','0-AOnAda','x1xFFoAx','','','',1),('Schneiter, Michael S.','Glenwood Springs','CO','USA','M1',0,'Brooks Running','The wife is gone for the weekend, I have no friends, the NFL football season is over, and I seem to have nothing else better to do than torture myself for 24 hours.',0.00,0,'CC','0-CerOPl','x1xCCLg4','','','',1),('Webb, Dennis','Silt','CO','USA','M1',0,'','',300.00,0,'CK','new0206','x1xa1c2u','','','',1);

--
-- Table structure for table `team_number`
--

CREATE TABLE `team_number` (
  `bib_number` int(4) NOT NULL DEFAULT '0',
  `name` varchar(36) NOT NULL DEFAULT '',
  PRIMARY KEY (`bib_number`,`name`)
) ENGINE=MyISAM DEFAULT CHARSET=latin1;

--
-- Dumping data for table `team_number`
--

INSERT INTO `team_number` VALUES (1,'McLean, Andrew F.'),(2,'Sanson, Lynn'),(3,'Fortin, Joe'),(4,'Osterholm, Erik H.'),(5,'McCoy, Mike'),(6,'Barbee, Steve'),(7,'Angell, Rick'),(8,'Nelson, Scott'),(9,'Schneiter, Michael S.'),(10,'Webb, Dennis'),(11,'Benson, Helen M.'),(12,'Stewart, Mary A.'),(13,'Wysocki, Eileen'),(14,'Samuels McLean, Polly'),(15,'Mishev, Dina M.'),(16,'Segger, Jen L.'),(17,'Sullivan, Eric'),(26,'The Husdoggers'),(27,'Hagan-Martini-Hagen'),(28,'The Matt and Mo Show'),(29,'The Mike and Brian Project'),(30,'The Highlanders'),(31,'2 Hairy Men and a Condo'),(36,'Balcomb & Green'),(37,'Green Mountain Sports'),(38,'Garfield County Search & Rescue'),(39,'Balls Deep'),(40,'Los esquiadores cuatro'),(41,'A Better Way to Get There'),(42,'vertically challenge IV'),(43,'Is it my turn already?'),(44,'Vomitamos'),(45,'Springers'),(46,'Celestial Terrestrial Commuters'),(47,'lynyrd skynyrs'),(48,'Mommy\'s Rule'),(49,'High Maintenance'),(50,'Nocturnal Jockeys'),(51,'Los Reyes del Sol'),(52,'Men at Their Peak'),(53,'Hot Flash!'),(54,'CRMS: Meet you in produce'),(55,'CRMS: Fire Wombats'),(61,'What Would Waylon Do?'),(62,'Wandering Aimlessly'),(63,'Basalt Pirates and Friends'),(64,'Do Not Resuscitate'),(65,'Independence Run & Hike'),(66,'Kind of a Big Deal'),(67,'Going the wrong way'),(68,'Ute City Cycles & Skis'),(69,'We pay to do this.'),(70,'Go Go Mamas'),(71,'DNR with dirty sanchez and hot Karl'),(72,'Skin-Knee-Dipping-Mamas'),(73,'3 Docs and 2 Goats'),(74,'Downhill Press'),(75,'4 punks and a princess'),(76,'The Scallywags'),(80,'Gerryatric Excess'),(81,'Nobody\'s Fool'),(82,'Bohica'),(83,'Bella'),(84,'Adams Gray Newton'),(85,'Ray Hellinger'),(86,'Jesse Porter'),(87,'CRA Lodge Lizards'),(88,'Army of One'),(89,'Breckenridge Livestrong'),(90,'Everlap'),(91,'The Dramatic Prairie Dogs'),(92,'I can\'t quit you, Chris Geiger'),(93,'The Chump Humpers'),(94,'Ready for Me Ski Race'),(95,'Motley Crew'),(96,'The Last Known Survivors'),(97,'One Step At A Time'),(101,'VVH Iditarod'),(102,'VVH Snow Catscanners!'),(103,'ANB x-treme team');


