--
-- Host: localhost    Database: grannyge_sunlight2007
-- ------------------------------------------------------


--
-- Current Database: `grannyge_sunlight2007`
--

CREATE DATABASE /*!32312 IF NOT EXISTS*/ `grannyge_sunlight2007` /*!40100 DEFAULT CHARACTER SET latin1 */;

USE `grannyge_sunlight2007`;

--
-- Table structure for table `rider`
--

CREATE TABLE `rider` (
  `uid` int(4) NOT NULL AUTO_INCREMENT,
  `team_name` varchar(36) NOT NULL DEFAULT '',
  `rank` varchar(10) NOT NULL DEFAULT '',
  `firstname` varchar(22) NOT NULL DEFAULT '',
  `lastname` varchar(15) NOT NULL DEFAULT '',
  `middleinit` char(1) DEFAULT NULL,
  `class` varchar(28) NOT NULL DEFAULT '',
  `ssn` varchar(11) DEFAULT NULL,
  `gender` char(1) NOT NULL DEFAULT '',
  `dob` date NOT NULL DEFAULT '0000-00-00',
  `addr1` varchar(64) NOT NULL DEFAULT '',
  `city` varchar(26) NOT NULL DEFAULT '',
  `state` varchar(26) DEFAULT NULL,
  `country` varchar(26) NOT NULL DEFAULT '',
  `zip` varchar(12) NOT NULL DEFAULT '',
  `email` varchar(96) DEFAULT NULL,
  `dayphone` varchar(20) DEFAULT NULL,
  `evephone` varchar(20) DEFAULT NULL,
  `a_waiver` tinyint(1) NOT NULL DEFAULT '0',
  `emergency_contact` varchar(40) DEFAULT NULL,
  `emergency_phone` varchar(20) DEFAULT NULL,
  `admin_notes` varchar(255) DEFAULT NULL,
  `t_shirt_size` varchar(20) DEFAULT NULL,
  `sponsors` varchar(255) DEFAULT NULL,
  `anecdote` mediumtext,
  PRIMARY KEY (`uid`),
  UNIQUE KEY `rider_pkey` (`uid`)
) ENGINE=MyISAM AUTO_INCREMENT=185 DEFAULT CHARSET=latin1;

--
-- Dumping data for table `rider`
--

INSERT INTO `rider` VALUES (144,'YES SIR, May I Have Another','captain','Matt','Martin','L','','','M','1982-02-21','665 Colorado Ave.','Glenwood Springs','CO','USA','81623','triathlonmarty@hotmail.com','970 945 7491','',1,'Cindy Martin','719 269 3274','','large','',''),(2,'Government Mules','captain','Fred','Jarman','A','Pro','','M','1970-04-07','729 S. Wildhorse Dr','New Castle','CO','USA','81647','fredjarman@garfield-county.com','970-319-6785','',1,'Brenda Hanson','970-309-2345','','medium','',''),(3,'Government Mules','regular','Bryan','Sholten','','Sport','','M','1959-08-28','PO Box 386','Glenwood Springs','CO','USA','81602','bsholten@garfield-county.com','(970) 945-1377','',1,'Dale Hancock','(970) 945-1377','','x-large','',''),(4,'Government Mules','regular','Charles','Zelenka','','Sport','521-21-1505','M','1964-01-26','55857 Hwy 6 & 24','Glenwood Springs','CO','USA','81601','charles_zelenka@yahoo.com','970-618-6227','970-618-6227',1,'Shannon Zelenka','970-309-4706','','large','Garfield County Government',''),(5,'Government Mules','regular','Shannon','Zelenka','','Sport','524-04-1684','F','1971-03-20','55857 Hwy 6 & 24','Glenwood Springs','CO','USA','81601','maxernme@hotmail.com','970-947-9558','',1,'Charles Zelenka','970-618-6227','','small','Garfield County',''),(6,'Government Mules','regular','Doug','Freeman','','Sport','','M','1940-01-01','50 River Cove Court','Basalt','CO','USA','81621','dfreeman@obermeyer.com','970-390-8573','',1,'Liz Gremillion','970-390-8573','','large','',''),(7,'Marolt`, Mike s.','captain','Mike','Marolt`','s','Pro','523-23-6706','M','1964-11-18','PO Box 8705','Aspen','CO','USA','81612','marolt@rof.net','9709201144','9709201144',1,'Shelly Marolt','9709259092','','large','',''),(143,'Sullivan, Eric D.','captain','Eric','Sullivan','D','','511-86-6648','M','1980-12-29','221 N. Teller','Gunnison','CO','USA','81230','wankerman99@hotmail.com','(970)-209-2302','',1,'Kenny Teeter','(620)-353-9493','','large','CAMP, Scarpa, Salomon, Ski Trab, Dynafit, Crested Butte Mountain Resort, Leki',''),(13,'Borst, Levi F.','captain','Levi','Borst','F','','524-45-6510','M','1979-08-01','38005 Hwy 82','Aspen','CO','USA','81611','flborst@yahoo.com','970.309.4910','',1,'Ted Borst','970.206.1500','','medium','','I\'m such an idiot.'),(12,'Siemer, Rich','captain','Rich','Siemer','','','017-62-1828','M','1969-09-05','247 Rosario Blvd., Apt. I','Santa Fe','NM','USA','87501','rich.siemer@gmail.com','5059868884','',1,'Tanya Trujillo','5054123041','','medium','My wife and our dog.',''),(14,'FAMILY FIRST','captain','Robert','Derkash','','','','M','1946-03-12','1906 Blake Ave. #300','GLENWOOD SPRINGS','CO','USA','81601','rderkash@hotmail.com','970 9458683','970 9459702',1,'MJ Derkash','970 9459702','','medium','Orthopedic Associates of Aspen and Glenwood Springs','Robert-the Dad, age 60--\r\nJustin- the pilot, age 32--\r\nBrian- the graphic artist, age 27--\r\nKevin- the actor, age 25'),(15,'FAMILY FIRST','regular','Justin','Derkash','','Sport','','M','1974-11-22','1618 Lincolnwood  Drive','Glenwood Springs','CO','USA','81601','jderkash@hotmail.com','970 9459702','',1,'MJ Derkash','970 9459702','','medium','Orthopedic Associates','Justin- the pilot, age 33'),(16,'FAMILY FIRST','regular','Brian','Derkash','','Sport','','M','1979-08-31','1618 Lincolnwood Drive','Glenwood Springs','CO','USA','81601','bderkash@hotmail.com','970 9459702','',1,'MJ Derkash','970 9459702','','large','Orthopedic Associates','Brian- the graphic artist, age 27'),(17,'FAMILY FIRST','regular','Kevin','Derkash','','Sport','','M','1982-04-02','1618 Lincolnwood Drive','Glenwood Springs','CO','USA','81601','derkshire@hotmail.com','970 9459702','',1,'MJ Derkash','970 9459702','','medium','Orthopedic Associates','Kevin- the actor, age25'),(18,'Samuels-McLean, Polly','captain','Polly','Samuels-McLean','','','102-00-0008','F','1969-09-02','395 Crestview Drive','Park City','UT','USA','84098','pmclean@parkcity.org','435-615-5031','435-615-7124',1,'Andrew McLean','435-503-0263','','small','Cloudveil, Dynafit','Set world record last year, out to see if I can beat it this year!'),(158,'DNR','captain','James','Plancarte','A','','','M','1968-12-20','276 claywell dr','San Antonio','TX','USA','78209','jplancarte@aol.com','210-273-2109','210-826-0514',1,'lance cortines','210-655-9277','','xx-large','please someone sponsor me!  how \'bout a dollar...come on, just a dollar.','A travel freak who can ski anything and make it look hard. With no real ability, he uses \"Gohones\" to get him through difficult times. A veteran  firefighter/paramedic and former wrestler and other various sport athelete who tries not to live in the past.'),(21,'Gable, Carl W.','captain','Carl','Gable','W','','315-94-2143','M','1958-12-08','1051 Chicoma Vista','Santa Fe','NM','USA','87507','sl2407.25.gable@spamgourmet.com','505-670-7265','',1,'Barb Dutrow','225-892-0777','','large','','http://www.teamsantafe.org/team_bios/bio04_gable_carl.shtml\r\n\r\n Carl has competed successfully in four Eco-Challenge expedition competition races, as team captain in B.C. Canada \'96 finishing in 14th place and as a team member in the inaugural Eco-Challenge in Utah \'95. In 2001 he raced with  REI/Salomon and finished 31st in Eco-Challenge, New Zealand. In 2002 he was  team captain of Team Santa Fe in the Subaru Primal Quest Telluride finishing 28th place. In 2003 he raced with Team Santa Fe in Eco-Challenge North America Championships, Sault St. Marie, Ontario Canada as well a Subaru Primal Quest, Lake Tahoe CA/NV.  Other races include EMA Brazil in 2000 and he raced  with Team Santa Fe to win the open division of Four Winds Adventure Rage 1999, Page AZ.\r\n\r\nCarl\'s outdoor activity foundation comes from thirty years of ski  mountaineering, alpine climbing, rock climbing, ice climbing and white water boating. This includes, 14 days ski mountaineering in Alaska\'s Ruth  Gorge in 1998, many 6-12 day ski mountaineering trips in the Sierra Nevada CA, alpine ascents in Bolivia (Mt. Illimani, 21,208 ft.) and leading 5.10 rock and NEI 5 ice. Boating experience includes working as a rafting guide in 1983 and twice rowing a raft on the Grand Canyon of the Colorado River and  Middle Fork Salmon River. He is also an experienced mountain biker, racing  in the 2000 Vail 100 mile mt. bike race and the 2003 Durango 100. He is a  runner with many marathon and ultra-marathon running races including the Leadville 100, San Juan Solstice 50 and the Jemez 50 under his belt. Carl was captain of the UC Berkeley X-C Ski Team for three years and president and treasurer of Harvard Mountaineering Club.\r\n\r\nCarl  earned his Ph.D. in Geophysics from Harvard University in 1989 and presently works as a geophysicist at Los Alamos National Laboratory, in New Mexico. His work involves mesh generation for geological applications and development of the mesh generation software package LaGriT.'),(22,'David and Goliath','captain','Jaclynn','Derosier','D','','246-04-0318','F','1956-09-23','p.o. box 5148','snowmass village','CO','USA','81615','jaclynnparks@aol.com','970-923-6616','',1,'wolf gensch','970-923-2488','','medium','',''),(23,'David and Goliath','regular','David','Gensch','P','Sport','521-49-3066','M','1977-06-17','835 Stoneridge Ct','Glenwierd Springs','CO','USA','81601','amygensch@yahoo.com','(970) 618-4584','(970) 928-8955',1,'Amy Gensch','(970) 618-6542','','medium','',''),(24,'Hyde, Michele A.','captain','Michele','Hyde','A','','613-09-9642','F','1983-08-07','P.O. Box 2851','Hailey','ID','USA','83333','catchthemouse_@msn.com','208-721-1965','208-788-2027',1,'Maxine Fox','208-788-4734','','medium','','I am a 23 year old single mother, I took up sports last year, and my only goal with this race this year is to finish. Then to do better every year. I am a prep cook at WRAPCITY and a custom picture frame maker at Saddletree Gallery. Hopefully in a few years I will be able to do the team race with my daughter.\r\nMichele'),(25,'4 Mile Powder Farmers','captain','Lee','Barger','','','','M','1973-04-09','1110 Parkwood Lane','Glenwood Springs','CO','USA','81601','kapulava@yahoo.com','970.945.1004','970.945.2378',1,'Cheri','970.379.3760','','medium','',''),(26,'4 Mile Powder Farmers','regular','Kurt','Backofen','','Sport','','M','1970-10-14','1040 ParkWest Ct','Glenwood Springs','CO','USA','81601','kbofen@msn.com','970 384 0153','',1,'meghan backofen','970 384 0153','','large','','Turn ons: Full moon hikes & expensive bikes!\r\n\r\n \r\nTurn offs: Flat light & underwear too tight!'),(27,'4 Mile Powder Farmers','regular','Phillip','Ring','','Sport','','M','1973-04-11','418G Pacific Avenue','Aspen','CO','USA','81611','aspenhokie@hotmail.com','970.948.3464','',1,'Emily Cote','970.948.4958','','medium','',''),(28,'4 Mile Powder Farmers','regular','David','Jula','R','Sport','207-50-4630','M','1973-03-05','166 Forest Street','Firestone','CO','USA','80520','davidjula@hotmail.com','720-514-1101','303-833-5432',1,'Nanette Jula','303-472-7704','','x-large','',''),(29,'SGM','captain','Louis','Meyer','','','','M','1956-05-28','118 W. 6th Street','Glenwood Springs','CO','USA','81601','louism@sgm-inc.com','970-945-1004','',1,'Stephanie','970-309-7876','','medium','',''),(30,'SGM','regular','Scott','Hemmen','','Sport','','M','1965-02-13','118 W. 6th Street','Glenwood Springs','CO','USA','81601','scotth@sgm-inc.com','970-945-1004','',1,'stephanie','970-309-7876','','x-large','',''),(31,'SGM','regular','Frank','McSwain','','Sport','','M','1969-04-02','118 West 6th Street','Glenwood Springs','CO','USA','81601','frankm@sgm-inc.com','970-945-1004','',1,'stephanie','970-309-7876','','x-large','',''),(32,'SGM','regular','Chris','Lehrman','','Sport','','M','1978-05-24','118 West 6th Street','Glenwood Springs','CO','USA','81601','chrisl@sgm-inc.com','970-945-1004','',1,'stephanie','970-309-7876','','medium','',''),(33,'SGM','regular','Mary','Lehrman','','Sport','','F','1978-08-04','118 West 6th Street','Glenwood Springs','CO','USA','81601','mlehrman@coloradomtn.edu','970-945-1004','',1,'stephanie','970-309-7876','','medium','',''),(34,'Marlboro','captain','Bob','Grover','','Sport','','M','1962-10-17','P.O.Box 7778','Breckenridge','CO','USA','80424','zgrover@comcast.net','970-390-2969','',1,'J Grover','970-409-0056','','large','',''),(35,'Marlboro','regular','John','Grover','','Sport','','M','1964-03-11','500 Bogue','Fairplay','CO','USA','80440','','970-409-0056','',1,'Bob Grover','970-390-2969','','large','',''),(36,'Marlboro','regular','Eric','Mularz','','Sport','','M','1973-12-09','P.O.Box 1302','Breckenridge','CO','USA','80127','emularz15@hotmail.com','970-547-0714','',1,'Janet Mularz','978-352-6790','','large','',''),(37,'Marlboro','regular','Joanna','Guralnick','','Sport','','F','1973-01-02','P.O.Box 3381','Breckenridge','CO','USA','80424','jguralnick@hotmail.com','970-547-0714','',1,'Stanley Guralnick','303-444-6594','','large','',''),(38,'Marlboro','regular','Erik','Chapin','A','Sport','','M','1972-04-14','Box 2502/ 832 Braddock dr.','Breckenridge','CO','USA','80424','teamchapin@hotmail.com','970-384-6162 day','970-5475272 eve',1,'Jeri Chapin','970-389-3404','','large','',''),(39,'Muth, Dominic','captain','Dominic','Muth','','Pro','517-23-9105','M','1985-03-14','P.O.Box 895','Red Lodge','MT','USA','59068','dmuth85@hotmail.com','406-425-0894','',1,'Steve Nelson','970-418-3853','','medium','',''),(40,'Vertically Challenged II','captain','Brooks','Dodson','','Sport','','M','1975-02-16','11614 Club Drive','Parker','CO','USA','80138','homefieldadv@comcast.net','303-583-0877','',1,'Joy Dodson','303-919-9624','','large','My wife, Joy, and our son, Ryne; Lisa Bubp (Mom); JD Dodson (Dad); Marti Vocke; Jill Walter; Tim Maier; Greg and Dottie Lane; Rick and Chris Seifert; Neal and Robin Graham; Ari Bodner;',''),(41,'Vertically Challenged II','regular','Mick','Lavy','','Sport','','M','1974-11-21','86 Parkside Lane','Carbondale','CO','USA','81623','','970-618-8184','',1,'Joy Dodson','303-919-9624','','large','',''),(42,'Vertically Challenged II','regular','Corey','Woodman','','Sport','','M','1978-08-14','3191 Rockbridge Drive','Highlands Ranch','CO','USA','80129','homefieldadv@comcast.net','303-901-8458','',1,'Joy Dodson','303-919-9624','','large','Tom and Dede Woodman; Marti Vocke;',''),(43,'Vertically Challenged II','regular','Vinny','Pachelli','','Sport','','M','1984-03-11','1262 Quaker Street','Golden','CO','USA','80401','','303-875-4736','',1,'joy dodson','3039199624','','large','',''),(44,'The Depth Hoars','captain','Alexandria','Fabbro','L','','','F','1964-01-23','P.O. Box 3535','Mammoth Lakes','CA','USA','93546','alexfabbro@yahoo.com','7609345267','',1,'Chris Fabbro','6264416900','','small','Velo Bella - Kona',''),(45,'The Depth Hoars','regular','Julia','Rosen','','Sport','','F','1983-03-14','P.O. Box 1518','Mammoth Lakes','CA','USA','93546','julia.rosen@gmail.com','6508147880','',1,'Jay Rosen','5773511359','','small','',''),(46,'The Depth Hoars','regular','Laura','Bates','','Sport','','F','1974-09-30','P.O. Box 7845','Mammoth Lakes','CA','USA','93546','arualsetab@yahoo.com','7609344157','',1,'Barbara Bates','9187489497','','small','',''),(47,'The Depth Hoars','regular','Michela','Adrian','','Sport','','F','1980-12-21','387 Cannon Green #c','Santa Barbara','CA','USA','93117','michelaadrian@hotmail.com','207-712-5212','',1,'Barbara Adrian','207-775-7285','','small','student loans!ha!','Non sibi sed omnibus'),(48,'Why Not','captain','Allison','Pattillo','','Pro','','F','1970-01-07','4119 Sky Ranch Drive','Glenwood Springs','CO','USA','81601','thepattillos@sopris.net','970 384 2561','',1,'John C. Pattillo','970 618 7425','','medium','',''),(49,'Why Not','regular','Titto','Liotta','','Sport','','M','1958-10-10','1558 County Road 129','Glenwood Springs','CO','USA','81601','liotta@sopris.net','970 379 7144','',1,'Sarah','970 945 4275','','x-large','',''),(50,'Look Out Below!!','captain','Jaime','Rauch','','','','F','1983-05-30','420 East Main Street','Aspen','CO','USA','81611','jaime@realtime-marketing.com','970-920-7278','303-204-7066',1,'Mary Kenyon','970-274-2632','','medium','',''),(51,'Look Out Below!!','regular','Amy Lynn','Forsey','','Sport','','F','1983-06-19','100 Midland Avenue, Num. 403','Basalt','CO','USA','81621','amy@expressyourselfbasalt.com','9709272533','3036197260',1,'Jeff Jones','9706189223','','medium','',''),(52,'Look Out Below!!','regular','Erin','Jones','M','Sport','','F','1978-01-12','362 Branding Way','Basalt','CO','USA','81621','erin@expressyourselfbasalt.com','9709272533','9702743417',1,'Jeff Jones','9706189223','','medium','',''),(53,'Look Out Below!!','regular','Austin','Dey','R','Sport','','M','1982-07-18','PO Box 3941','Aspen','CO','USA','81612','ardb65@gmail.com','970-274-8444','',1,'Trenton Harrison','970-389-8571','','x-large','n/a',''),(54,'Look Out Below!!','regular','Shanna','Hutchinson','r','Sport','408-39-0313','F','1981-03-17','1050 Cemetery LN','Aspen','CO','USA','81611','shannahutch@hotmail.com','720-771-6023','',1,'jessie Hutchinson','423-886-5869','','small','',''),(55,'Schneiter, Michael S.','captain','Michael','Schneiter','S','','482-92-4640','M','1976-03-19','3900A Old Lodge Rd. #5','Glenwood Springs','CO','USA','81601','mschneiter@rfsd.k12.co.us','970-309-4795','970-309-4795',1,'Joy Schneiter','970-309-6267','','large','',''),(56,'Chairlifts are for Wussies!','captain','Ken','Keister','','','','M','1968-10-18','1816 Ouray Rd','Glenwood Springs','CO','USA','81601','kenkeister@gmail.com','970-309-7384','',1,'Stephanie Keister','970-309-7876','','large','American National Bank \r\nSturm Financial Group \r\nMountain Sports Outlet',''),(57,'Chairlifts are for Wussies!','regular','Rodney','Naylor','','Sport','498-84-4625','M','1967-07-22','25 S Oak Way','Glenwood Springs','CO','USA','81601','rodney.naylor@comcast.net','970.945.7035','970.948.5157',1,'Andrea Naylor','970.384.2413','','large','',''),(58,'Chairlifts are for Wussies!','regular','Michael','Corbett','','Sport','187-66-1064','M','1982-09-11','3716 Old Lodge Road','Glenwood Springs','CO','USA','81601','mcorbett@cobnks.com','970.945.7035','',1,'Brandi Corbett','412.352.9040','','medium','',''),(59,'Chairlifts are for Wussies!','regular','Steven','Vanderhoof','W','Sport','522-90-7205','M','1958-03-17','137 Ptarmigan','Glenwood Springs','CO','USA','81601','steve.vanderhoof@stewart.com','970-945-5434','970-945-5522',1,'Wendy Vanderhoof','970-945-5522','','large','Blue Sky Rental and Repair',''),(60,'Double Trouble','captain','Eileen','Wysocki','','','336-52-1199','F','1969-05-29','176 N. 6th Street, P.O. Box 139','New Castle','CO','USA','81647','ewysocki@holycross.com','970-947-5508','970-984-9705',1,'Glenn Wysocki','970-984-9705','','small','',''),(61,'Double Trouble','regular','Andrea','Sprung','','Sport','376-72-9331','F','1974-04-26','2643 Woodberry Drive','Glenwood Springs','CO','USA','81601','a_sprung@hotmail.com','970-947-1489','',1,'Rick Arnhold','970-945-5491','','small','',''),(62,'Over & Beyond','captain','Gerard','VanderBeek','J','','531-56-1979','M','1941-07-28','830 Blake Avenue','Glenwood Springs','CO','USA','81601','illimani@sopris.net','970-9458945','970-9458945',1,'Marja VanderBeek','970-945-8945','','medium','','Born 7/28/41 in Groningen , The Netherlands. Came to US in 1967 for international Banking carreer. Retired  and live with my wife Marja of 43 years in Glenwood Springs since 1998.'),(63,'Over & Beyond','regular','Farland Fish','Fish','','Sport','568-84-1514','F','1953-03-16','po box 1313','Glenwood Springs','CO','USA','81602','farland@gmail.com','970 309-2382','',1,'Michael Gurule','970 947 9320','','small','',''),(64,'Over & Beyond','regular','Jock','Jacober','','Sport','524-66-4323','M','1947-01-23','po box 201','glenwood springs','CO','USA','81601','jock@sopris.net','970-319-8962','',1,'lynette o\'kane','970-384-2758','','large','',''),(65,'Over & Beyond','regular','Brian','Passenti','M','Sport','','M','1974-05-12','1321 E 6th St.','Loveland','','USA','80537','bpassenti@hotmail.com','970-618-2336','',1,'Katie Wissing','970-404-1647','','large','',''),(66,'Three Brothers and a Scooter','captain','Chris','Drake','R','','','M','1978-07-18','0377 Westbank Road','Glenwood Springs','CO','USA','81601','markerdrake@hotmail.com','(970) 618-5024','',1,'Brandy Drake','(970) 945-9242','','large','None.',''),(67,'Three Brothers and a Scooter','regular','Patrick','Drake','R','Sport','','M','1982-03-26','0377 Westbank Road','Glenwood Springs','CO','USA','81601','volklrc@hotmail.com','(970) 379-1288','',1,'Terrie or Dennis Drake','(970) 945-9242','','large','None.',''),(68,'Three Brothers and a Scooter','regular','Scott','Steinbrecher','','Sport','','M','1979-05-17','636 Harrison Street','Denver','CO','USA','80206','markerdrake@hotmail.com','(970) 331-3658','',1,'Mary and Jerry Steinbrecher','(970) 945-7397','','medium','None.',''),(69,'Three Brothers and a Scooter','regular','Dallas','Rippy','M','Sport','','M','1978-03-01','0213 Creekside Court','Glenwood Springs','CO','USA','81601','dallasrippy@hotmail.com','(505) 795-4018','',1,'Mandie Rippy','(505) 795-4086','','large','None.',''),(70,'Young Gunz','captain','Luke','Caudill','S','','','M','1987-12-29','2377 Upper Cattle Creek Road','Carbondale','CO','USA','81623','lcaudill10@gmail.com','970-274-2374','',1,'Janelle Caudill','9709639547','','medium','',''),(71,'Young Gunz','regular','Jason','Caudill','','Sport','','M','1990-04-06','2377 Upper Cattle Creek Road','Carbondale','CO','USA','81623','jcod12@gmail.com','9709483284','',1,'Janelle Caudill','9709639547','','large','',''),(72,'Young Gunz','regular','Mikie','Eaton','J','Sport','','M','1991-04-14','132 Buckskin Dr.','Carbondale','CO','USA','81623','mikielikey@comcast.net','970-704-0401','970-274-4239',1,'John Eaton','970 948 4425','','large','',''),(73,'Young Gunz','regular','Lowie','Dawson','','Sport','','M','1990-01-06','unable to read','Carbondale','CO','USA','81623','welton587@sopris.net','970-963-2404','970-963-2404',1,'Lou Dawson','970-274-2112','','large','Wildsnow.com','feel the burn\r\nenjoy the ride\r\nrepeat\r\nAt least its not homework\r\n\r\n\r\n(and my name is LOUIE, not Lowie)'),(74,'Hill, Gregory F.','captain','Gregory','Hill','F','','274-47-6803','M','1975-12-19','115 colbeck road','Revelstoke','BC','CANADA','V0E 2S0','ggghill@hotmail.com','250-814-8506','',1,'Greg Hill','250-814-8506','','medium','Scarpa, Arcteryx, Goode, G3, Suunto','Last year Jimmy and I set a record and I wonder what it will take to break it?\r\nAssistant ski guide who gets out daily and tours as much as I can while balancing a family.'),(75,'Skinny Puppies','captain','Andrew','McLean','F','','529-68-2935','M','1961-02-24','395 Crestview Drive','Park City','UT','USA','84098','amclean@xmission.com','435 615 7124','',1,'Duse McLean','425 885 4704','','large','Mountain Hardwear\r\nBlack Diamond\r\nK2 Telemark\r\nLife-Link / Dynafit USA\r\nScarpa North America\r\nSuunto\r\nSmith Sport Optics','Mountain Hardwear\r\nBlack Diamond\r\nK2 Telemark\r\nLife-Link / Dynafit USA\r\nScarpa North America\r\nSuunto\r\nSmith Sport Optics'),(76,'Skinny Puppies','regular','Brad','Barlage','','Pro','529-63-8186','M','1974-04-28','3274 East Bengal Blvd','Cottonwood Heights','UT','USA','84121','brad b@bdel.com','801-365-5580','',1,'Katie Cauicchio','801-230-5106','','large','',''),(77,'Men at Their Peak by HealthStyles','captain','Scott','Fifer','','','','M','1951-03-25','0251 County Rd. 126','Glenwood Springs','CO','USA','81601','fifersd@sopris.net','970-945-8404','970-379-2262',1,'Debbie Fifer','970-945-8404','','x-large','HealthStyles Exercise Equipment, a\r\nColorado Owned and Operated Company with 10 Colorado Retail Store locations, a Commercial Equipment Sales Division and a E-Commerce Sales Division.\r\nOwned by Dave and Jeanne Sheriff based out of Glenwood Springs, Colora','Team Captain: Scott Fifer, the owner of Resource Engineering, a successful local firm specializing in water resouce consultation. Scott is an avid competitor and is the Team Leader of the \"Men at Their Peak\" team.'),(78,'Men at Their Peak by HealthStyles','regular','Dave','Sheriff','','Sport','','M','1951-11-18','710 Silver Oak Drive','Glenwood Springs','CO','USA','81601','dsheriff@healthstylesexercise.com','970-945-2880','',1,'Amy Luetke','970-984-0384','','x-large','',''),(79,'Men at Their Peak by HealthStyles','regular','Bob','Pattillo','','Sport','','M','1951-09-11','205 Tanager Dr.','Glenwood Springs','CO','USA','81601','bob@paengineers.com','970-945-8905','',1,'Marcy Pattillo','970-945-8905','','large','',''),(80,'Men at Their Peak by HealthStyles','regular','Tom','Sullivan','','Sport','','M','1946-10-26','1405 Mountain Dr.','Glenwood Springs','CO','USA','81601','tsullivan@bbelectric.net','970-945-7161','',1,'Mary Ann Sullivan','970-945-7161','','x-large','',''),(81,'The Roaring Forkers','captain','Agustin','Goba','','','','M','1960-01-25','PO Box 5129','Snowmass Village','CO','USA','81615','agoba@silvertreehotel.com','970 923-8218','970 710-9690',1,'Alena Gauba','970-544-5420','','medium','Prolithic Sports','Born, still living. Have been known to skin up a mountain just to ski down it.'),(82,'The Roaring Forkers','regular','Mike','Gettinger','W','Sport','','M','1961-10-29','2912 hager ln','Glenwood springs','CO','USA','81601','Danger@rof.net','970 9457999','',1,'ALOIS GETTINGER','970-928-8140','','large','',''),(83,'The Roaring Forkers','regular','Gary','Sawyer','G','Sport','','M','1949-05-12','Box 2378','Basalt','CO','USA','81621','uteski@comcast.net','970-925-3980','',1,'Jerry VanHoy','970-920-2469','','large','',''),(84,'The Roaring Forkers','regular','Joe','Brown','','Sport','','M','1945-06-02','PO Box 5129','Snowmass Village','CO','USA','81615','agoba@silvertreehotel.com','970 923-8218','970 923-8218',1,'Agustin Goba','970 923-8218','','x-large','',''),(85,'Flippin\' Sweet Moves','captain','Michael','Lowe','W','','522-33-3682','M','1967-07-08','1912 Midland Ave','Glenwood Springs','CO','USA','81601','michaellowe@hotmail.com','970-319-5041','',1,'Jamie Lowe','970-319-9041','','x-large','',''),(86,'Flippin\' Sweet Moves','regular','Mike','McCoy','','Sport','','M','1970-07-01','904 Meadow Run','Glenwood Springs','CO','USA','81601','mccoy904@concast.net','970-379-1141','',1,'Chris Brown','970-945-8687','','x-large','',''),(87,'Flippin\' Sweet Moves','regular','Dave','Weidemann','','Sport','','M','1967-09-23','1305 Oak Way Ave.','Glenwood Springs','CO','USA','81601','davedeb18@comcast.net','970-928-7112','970-379-6978',1,'Debbie Weidemann','970-379-6978','','x-large','',''),(88,'Flippin\' Sweet Moves','regular','Bob','Lowe','','Sport','','M','1977-01-01','1912 Midland Ave.','Glenwood Springs','CO','USA','81601','Bobby-Lowe@hotmail.com','719-210-2290','',1,'Robert lowe','719-687-9165','','large','',''),(89,'Bru Cru','captain','Dan','Bruder','','','262-63-8224','M','1967-07-10','4118 Crystal Bridge Drive','Carbondale','CO','USA','81623','dmbru8841@comcast.net','9709276933','',1,'Fiona Pax','9707043284','','large','','Completed Beaver Creek Ultra 100 3 times; Top five in age group in Ironman in Orlando, FL; competed last year in 24 hours on team of 5; completed several marathons and mid length triathlons.'),(90,'Bru Cru','regular','Denise','Bruder','','Sport','591-24-9224','F','1968-11-14','4118 Crystal Bridge Drive','carbondale','CO','USA','81623','dmbru@comcast.net','9709276933','',1,'Fiona Pax','9707043284','','large','','Boston Marathon Qualifier...several intermediate distance triathlons...top 20 in age group at San Francisco Nike Marathon.'),(91,'Solaris','captain','Mark','Gould','C','','','M','1959-05-25','0200 Oak Lane','Glenwood Springs','CO','USA','81601','mark@gouldconstruction.com','970-379-1009','970-945-9860',1,'Mary Gould','970-945-9860','','large','',''),(92,'Solaris','regular','Jimmy','Colihan','','Sport','','M','1965-12-02','320 Ryshot Drive','Eagle','CO','USA','81631','jcolihan@aol.com','970-328-6002','970-328-6000',1,'Patty Knobel','970-476-8900','','large','',''),(93,'Solaris','regular','Mark','Muehlethaler','','Sport','','M','1959-12-23','312 Ryshot Drive','Eagle','CO','USA','81631','mgmthree@yahoo.com','970-328-0762','970-390-0050',1,'Gail Muehlethaler','970-328-0762','','large','',''),(94,'Solaris','regular','Scott','Czarniak','','Sport','','M','1976-05-01','P O Box 4058','Eagle','CO','USA','81631','Scott413@centurytel.net','970-270-4060','970-270-4060',1,'Erik Czarniak','505-821-4620','','large','',''),(95,'Solaris','regular','Adrienne','Czarniak','','Sport','','F','1977-05-25','P O Box 4058','Eagle','CO','USA','81631','Scott413@centurytel.net','970-270-4060','970-270-4060',1,'Erik Czarniak','505-821-4620','','medium','',''),(96,'Supersonic Lunar Lovers','captain','Mark','Feinsinger','','','','M','1969-01-15','641 Colorado Ave','Carbondale','CO','USA','81623','kinetic@sopris.net','970 319 8579','',1,'Judy Feinsinger','970 309 4139','','large','pending','I like to sneak up from behind my friends during races when they think they are beating me and out sprint them to the finish!! I\'m a real ROCKSTAR! a former \"office supply guy\" and now a \"cubicle boy!\" I also like to pick on Heidi, once I had fun watching her suffer from hypotherma during a raft trip!  But mostly I\'m a nice easy going guy that would help anyone any time! And spent all my free time in the last month getting this team together and organized!!!'),(97,'Supersonic Lunar Lovers','regular','John','Patrick','','Sport','','M','1977-02-17','1120 westlook Dr.','Glenwood Springs','CO','USA','81601','weaselstick@yahoo.com','970 945-5059','970 945-5059',1,'Jill Patrick','970 945-5059','','large','','I\'m the kid of the team and the only one mature enough to actually have children!!!  I\'m the cheerful, happy positive, encouraging guy for the team, but watch out I can turn in some fast times, especially when my competition thinks I\'m all finished!  I\'m the snowboarding kid with a great big smile!!! Call me Johnny Loco'),(98,'Supersonic Lunar Lovers','regular','Heidi','Vosbeck','','Sport','','F','1961-07-10','1708 Stocton','Glenwood Springs','CO','USA','81601','hvmamocha@hotmail.com','970 -947-9160','',1,'R. Randall Vosbeck','970-476-2054','','small','pending','I am a whacky vet chick who ROCKS in all types of outdoor ventures.  I love to be called a \"ROCKSTAR\", so when you see me on the course, yell \"YOU\'RE A ROCKSTAR VOSBECKY!!!!!\"    When I run, cheetahs shiver, and rattlesnakes hide, so watch out!'),(99,'Supersonic Lunar Lovers','regular','Greg','Wetzel','','Sport','','M','1958-05-02','P.O. Box 2975','Glenwood Springs','CO','USA','81602','gwetzel58@yahoo.com','970-384-0159','',1,'Barbara Van Os','970-948-8074','','medium','','I\'m the mountain bike king, recently added to the team !!!  Recomended to these fine folks from the fast racers on the fabulous forties!! Look out lunar mothes I can fly!'),(100,'Supersonic Lunar Lovers','regular','Megan','Quill','J','Sport','','F','1981-01-02','253 Little Pinon Rd','Basalt','CO','USA','81621','megquill@hotmail.com','5857376491','',1,'Jeff Shappard','2024924699','','small','',''),(101,'Cavicchio, Katherine A.','captain','Katherine','Cavicchio','A','','164-62-4689','F','1977-06-29','3274 Bengal Blvd','Salt Lake City','UT','USA','84121','katie@backbonemedia.net','801-230-5106','',1,'Brad Barlage','801-556-3682','','small','',''),(102,'Benson, Helen M.','captain','Helen','Benson','M','Sport','517-82-1348','F','1958-11-27','0295 County Rd 149','Glenwood Springs','CO','USA','81601','dhbenson@sopris.net','970-945-9347','',1,'Daniel Benson','970-618-9524','','large','',''),(103,'The Forty-somethings','captain','Dennis','Webb','L','','','M','1961-11-30','1473 Odin Drive','Silt','CO','USA','81652','djwebb@rof.net','970-384-9119','970-876-0768',1,'Joyce Webb','970-876-0768','','large','',''),(104,'The Forty-somethings','regular','Andrew','Crisconi','M','Sport','','M','1962-05-25','1012 Blake Avenue','Glenwood Springs','CO','USA','81601','acrisconi@msn.com','970-945-2601','970-945-2601',1,'Kim Montague','970-945-7724','','large','',''),(105,'The Forty-somethings','regular','Charlie','Wertheim','','Sport','144-50-8778','M','1962-10-19','1122 cooper','glenwood springs','CO','USA','81601','cwertheim@yahoo.com','970-945-7724','',1,'kim montague','970-945-7724','','large','',''),(106,'The Forty-somethings','regular','Bernie','Boettcher','G','Sport','','M','1962-09-08','1521 Odin Drive','Silt','CO','USA','81652','morefudd@yahoo.com','970 876-5078','',1,'Jeanne - Race','970 947-5523','','medium','Beaver Creek,180\'s,LaSportiva,Northern lights',''),(107,'The Forty-somethings','regular','Jeanne','Blatter','L','Sport','','F','1957-07-29','1521 Odin Drive','Silt','CO','USA','81652','jblatter@holycross.com','970 876-5078','970 947-5523',1,'Bernie - in race','970 876-5078','','small','',''),(108,'The Sun Kings','captain','Steve','Barbee','','Sport','','M','1956-10-05','509 W 12th St','Glenwood Springs','CO','USA','81601','skbarbee@hotmail.com','970-309-4452','',1,'Karen Hull','970-618-9409','','medium','',''),(109,'The Sun Kings','regular','Jack','Oulund','','Sport','','M','1951-08-20','263 Buckthorn Rd','New Castle','CO','USA','81647','jacko@sopris.net','970-945-2708','970-230-0169',1,'Maureen OBrien','970-984-3809','','large','',''),(110,'The Sun Kings','regular','Mike','Freeman','','Sport','237-11-8782','M','1957-09-14','720 Minter Ave.','Glenwood Springs','CO','USA','81601','pinhead@rof.net','(970) 945-8250','(970) 945-8250',1,'Carrie Clark','(970) 618-8888','','large','',''),(111,'The Sun Kings','regular','Jonathan','Satz','M','Sport','044-58-0533','M','1959-03-19','1132 Palmer Ave','Glenwood Springs','CO','USA','81601','jsatz@coloradomtn.edu','970 947-8477','970 945-2629',1,'Sara Smith','970 945-2629','','x-large','',''),(114,'Snow Board Monkey Girls','captain','Dana','DERICHSWEILER','A','','522-11-2513','F','1961-07-25','4894 Kings Ridge Blvd.','Boulder','CO','USA','80301','danad725@aol.com','303.449.2135','',1,'Xanthe Thomassen','303.817.5181','','small','',''),(115,'Snow Board Monkey Girls','regular','Angela','Mundt','N','Sport','244-51-4757','F','1972-01-02','535 S 42nd St','Boulder','CO','USA','80305','birdslave@hotmail.com','720-309-6656','720-309-6656',1,'John Mundt','312-608-0668','','medium','',''),(116,'Ute City Cychos','captain','Darren','Broome','J','','','M','1969-10-15','2731 A Upper Cattle Creek Road','Carbondale','CO','USA','81623','darreninkona@hotmail.com','970-963-2500','808-345-9938',1,'Beth Broome','970-274-8720','','medium','',''),(117,'Ute City Cychos','regular','Chris','Harrison','','Sport','','M','1972-12-22','1062 Village Rd.','Carbondale','CO','USA','81623','cherriharrison@aol.com','970-963-2500','970-379-9685',1,'Sherri Harrison','970-618-5351','','x-large','',''),(118,'Ute City Cychos','regular','Nic','Degross','','Sport','','M','1978-05-26','321 Fawn Dr','Carbondale','CO','USA','81623','nicbob_d@hotmail.com','970-963-2500','970-274-0124',1,'Darren Broome','970-963-2500','','medium','',''),(119,'Ute City Cychos','regular','Louise','Marron','','Sport','','F','1980-04-21','3722 Old Lodge Rd','Glenwood Springs','CO','USA','81601','lmarronmaster@aol.com','970-379-2215','970-443-2015',1,'Sean shuman','970-948-3307','','medium','',''),(120,'Ute City Cychos','regular','Beth','Broome','','Sport','','F','1981-11-06','2731A Upper Cattle Creek Rd','Carbondale','CO','USA','81623','killerben1@yahoo.com','970-274-8720','',1,'Darren Broome','808-345-9938','','small','',''),(121,'You Can Sleep When You\'re  Dead','captain','Dina','Mishev','','Pro','220-88-3359','F','1975-10-05','P.O.box 9381','Jackson','WY','USA','83002','dina@dinamishev.com','307-690-5374','',1,'Beth Mishev','301-464-0872','','medium','',''),(122,'You Can Sleep When You\'re  Dead','regular','Brian','Harder','','Pro','547-53-4955','M','1961-08-06','P.O.Box 306','Moose','WY','USA','83012','brianharder@gmail.com','928-853-9042','',1,'Beth Mishev','240-338-3168','','large','',''),(123,'Husdoggers','captain','kara','Diamond','H','','524-35-8804','F','1977-05-18','605 South Race Street','Denver','CO','USA','80209','karadiamond@comcast.net','303-733-6956','',1,'Brian Husmann','303-789-4451','','small','','WE will be enjoying our 24 hours without crying twin girls!!!!!  Wife is training for Boston!  We want to have a fun tme!!!!!!!'),(124,'Husdoggers','regular','Brian','Husmann','M','Sport','397-90-4220','M','1972-04-06','605 South Race Street','Denver','CO','USA','80209','brianhusmann@comcast.net','303-733-6956','',1,'Michael Husmann','262-241-3534','','medium','',''),(125,'The Home Team','captain','Tyler','Nicholson','W','','','M','1980-07-30','1319 Barber Dr','Carbondale','CO','USA','81623','tnicholson@trailheadtech.com','9703796526','9703799531',1,'Pat Nicholson','970-963-1775','','xx-large','',''),(126,'The Home Team','regular','Cynthia','Henderson','W','Sport','','F','1971-12-05','0141 Buck Point Dr.','Carbondale','CO','USA','81623','chenderson@vvh.org','970-384-7602','',1,'Keith','970-379-0305','','small','',''),(127,'The Home Team','regular','Keith','Henderson','A','Sport','','M','1966-06-25','0141 Buck Point Dr.','Carbondale','CO','USA','81623','chenderson@vvh.org','970-379-0305','',1,'Cindy','970-379-2099','','large','',''),(128,'The Home Team','regular','Olivia','Pevec','','Sport','','F','1978-06-25','4241 Hwy 133','Carbondale','CO','USA','81623','oliviapevec@hotmail.com','970-618-1318','',1,'Adriana Pevec','970-963-8537','','small','OP Designs',''),(129,'The Home Team','regular','Adam','Coyne','M','Sport','','M','1977-10-19','PMB 165 1338 Grand Ave','Glenwood Springs','CO','USA','81601','amcoyne@hotmail.com','970-618-6532','',1,'Olivia Pevec','970-618-1318','','large','Coyne Farm',''),(130,'cydesdale express','captain','Ben','Peery','','','','M','1970-05-23','4112 sky ranch drive','glenwood springs','CO','USA','81601','bpeery@hotmail.com','970 945 2549','',1,'hilary garnsey','970 945 2549','','large','','Valley View emergency department physician'),(131,'cydesdale express','regular','Craig','Whitlock','','Sport','','M','1953-02-04','4112 sky ranch drive','Glenwood Springs','CO','USA','81601','bpeery@hotmail.com','970-947-9127','970-947-9127',1,'Rhonda Moser','970-947-9127','','x-large','',''),(132,'cydesdale express','regular','Ben','Cornish','','Sport','','M','1969-08-18','4144 Hooker street','Denver','CO','USA','80211','bpeery@hotmail.com','720-945-0428','720-945-0428',1,'Crissy Roe','720-945-0428','','x-large','',''),(133,'cydesdale express','regular','Bill','Crowley','','Sport','','M','1969-09-01','0251 Woodnymph Lane','Glenwood Springs','CO','USA','81601','bpeery@hotmail.com','970-379-2840','970-379-2840',1,'Cari Crowley','970-379-2840','','x-large','',''),(181,'Armstrong, Danny A.','captain','Danny','Armstrong','A','','522-59-2489','M','1982-05-31','Box 773756','Steamboat Springs','CO','USA','80477','darmstrong149@hotmail.com','970-819-1263','970-819-1263',1,'Laura Bruch','970-819-2035','','medium','','NCAA Division II Wrestler,\r\npart of Duo winner at the 24 hrs of Sage, Steamboat Springs Town Challenge Mtn. Bike Series expert champion, and occasionally first on my wife\'s shit list.'),(134,'Why Not','regular','John','Pattillo','C','Sport','','M','1968-07-26','4119 Sky Ranch Dr.','Glenwood Springs','CO','USA','81601','jpattillo@sopris.net','970 618 7425','970 618 7425',1,'Allison Pattillo','970 618 3899','','x-large','',''),(135,'Why Not','regular','Tim','Kruse','','Sport','','M','1940-01-01','1220 Cooper Ave.','Glenwood Springs','CO','USA','81601','tkruse@goeaston.net','970 618 7141','',1,'Diane','970 309 3500','','large','',''),(136,'Why Not','regular','Chris','Bennett','','Sport','','M','1968-01-16','4119 Sky Ranch Dr','Glenwood Springs','CO','USA','81601','cbennett77@hotmail.com','415 260 5959','',1,'John Pattillo','970 618 7425','','large','',''),(137,'Stewart, mary A.','captain','mary','Stewart','A','Pro','517-82-2338','F','1961-07-25','P.O. Box 1185','san pedro','CA','USA','90733','maryracer@earthlink.net','310-833-9175','310-809-1032',1,'Greg Stewart','310-920-6501','','medium','gtr inc.','marathon runner, adventure racer and company owner, mom, wife and racing with a sister who really has trained hard for this race.'),(138,'Skirts on Skins','captain','Jill','Murphy','C','Sport','','F','1970-12-02','255 Vista Drive','Glenwood Springs','CO','USA','81601','jillharbourmurphy@msn.com','970-947-9494','',1,'Ken Murphy','970-309-1395','','small','',''),(139,'Skirts on Skins','regular','Rhonda','Moser','','Sport','','F','1971-07-10','P.O.box 189','Glenwood Springs','CO','USA','81602','moserrm@yahoo.com','970-319-7076','970-945-5584',1,'John Crowley','970-927-9757','','medium','',''),(140,'Skirts on Skins','regular','Erin','Zalinski','','Sport','','F','1970-02-23','470 Rio Grande Ave.','New Castle','CO','USA','81647','zalinski@qwest.net','970-984-3178','',1,'Jon Zalinski','970-379-7060','','medium','','Making my way up this darn hill\r\nThen back on down, trying not to spill.\r\nI remember when this sounded like a good idea\r\nI said, \"when and where and I will see ya\"\r\nNow I ask myself what was I thinking\r\nThough out of character, I must have been drinking!'),(141,'Skirts on Skins','regular','Alyssa','McCoy','','Sport','','F','1969-08-16','904 Meadow Run','Glenwood Springs','CO','USA','81601','','970-945-8687','',1,'Ken Murphy','970-309-1395','','medium','',''),(142,'Skirts on Skins','regular','Hilary','Garnsey','','Sport','','F','1969-10-02','4112 Sky Ranch Dr.','Glenwood Springs','CO','USA','81601','hgarnsey5@msm.com','970-945-2549','',1,'Ben Peery','303-548-0634','','small','',''),(145,'YES SIR, May I Have Another','regular','Travis','Tucker','M','Sport','','M','1982-11-07','10901 County Rd.','Glenwood Springs','CO','USA','81601','tmtkellyslater@hotmail.com','970 945 7491','970 309 1960',1,'Tom Tucker','970 596 4878','','large','','Mystery Man of the Night'),(146,'YES SIR, May I Have Another','regular','Peter','Phair','E','Sport','','M','1967-01-13','10901 County Rd 117','Glenwood Springs','CO','USA','81601','tmtkellyslater@hotmail.com','970 379 4172','',1,'Travis Tucker','970 945 7491','','x-large','',''),(147,'YES SIR, May I Have Another','regular','Mike','Walla','R','Sport','','M','1978-12-10','1454 Crawford Way','Glenwood Springs','','USA','81601','dpg21st@hotmail.com','719 237 2401','',1,'Erin Johnson','719 237 7176','','large','','I\'m only human!'),(148,'YES SIR, May I Have Another','regular','Mary Brooke','Sunderland','','Sport','','F','1977-03-05','PO Box 80','Telluride','CO','USA','81435','marybrooke2001@yahoo.com','970 406 0189','',1,'Jerri Sunderland','423 341 2976','','small','',''),(149,'More Cowbell','captain','Lynn','Sanson','','','','M','1964-03-16','582 Jacobs Place','Carbondale','CO','USA','81623','lsanson@jaywalkerlodge.com','970-704-9292','',1,'Karen Sanson','970-948-8768','','large','',''),(150,'More Cowbell','regular','Mike','Goerne','','Sport','','M','1981-07-13','811 Main Ct','Carbondale','CO','USA','81623','mgoerne@jaywalkerlodge.com','970-704-9292','',1,'Mike Mooney','970-704-9292','','x-large','',''),(151,'More Cowbell','regular','Garrett','B','','Sport','','M','1969-01-27','811 Main Ct','Carbondale','CO','USA','81623','lsanson@jaywalkerlodge.com','970-704-9292','',1,'Karen Sanson','970-948-8768','','x-large','',''),(152,'More Cowbell','regular','Stefan','B','','Sport','','M','1980-08-22','811 Main Ct','Carbondale','CO','USA','81623','lsanson@jaywalkerlodge.com','970-704-9292','',1,'Mike Mooney','970-704-9292','','x-large','',''),(153,'Hasselhoff Saved My Life','captain','Dan','Reed','','','','M','1955-08-18','811 Main Ct','Carbondale','CO','USA','81623','dreed@jaywalkerlodge.com','970-704-9292','',1,'Lois Porcelin','970-704-9292','','x-large','',''),(154,'Hasselhoff Saved My Life','regular','Eric','V','','Sport','','M','1976-03-23','811 Main Ct','Carbondale','CO','USA','81623','lsanson@jaywalkerlodge.com','970-704-9292','',1,'Mike Mooney','970-704-9292','','large','',''),(155,'Hasselhoff Saved My Life','regular','Victor','F','','Sport','','M','1976-01-18','811 Main Ct','Carbondale','CO','USA','81623','lsanson@jaywalkerlodge.com','970-704-9292','',1,'Mike Mooney','970-704-9292','','large','',''),(156,'Hasselhoff Saved My Life','regular','Evrim','E','','Sport','','M','1977-04-08','811 Main Ct','Carbondale','CO','USA','81623','lsanson@jaywalkerlodge.com','970-704-9292','',1,'Mike Mooney','970-704-9292','','x-large','',''),(157,'Adelman, Chris A.','captain','Chris','Adelman','A','','216-96-0429','M','1973-03-24','609 Old Midland Spur','Glenwood Springs','CO','USA','81601','cadelman@sopris.net','970-319-5417','',1,'Holly Adelman','970-945-5358','','large','Valley View Hospital',''),(159,'DNR','regular','Frank','Coulter','R','Sport','','M','1969-04-16','1133 Ridge st','montrose','CO','USA','81401','ktcoul@aol.com','9702401857','',1,'Kathrin coulter','9702401857','','large','He hopes to get any sponsor...how \'bout that dollar....come on...you know you can spare it...giving makes you feel good.','Frank is a Western State college graduate who loves writing short stories and songs, though he has not figured out a way to make it pay, he can read them to his daughters to help put them to sleep. Frank is currently a Nurse and his cool and pretty german wife Kathrin, who is also a nurse, has given Frank his two beautiful but sneaky daughters Emily and Josey keep this wreck on the road.  He is a great friend.'),(160,'DNR','regular','Dean','Vigil','','Sport','','M','1969-05-02','190 Piedmont rd','Glenwood Springs','CO','USA','81601','cdemersvigil@peoplepc.com','970-947-9646','',1,'Christine vigil','970-947-9646','','large','Dean hopes to get any sponsor he can...no shame here, he\'ll take anything.','Dean is a graduate and two-time cross country all american from western state college.  Dean enjoys moto-cross, skiing, boarding, travel and hockey.  His cool and pretty canadian wife, Christine,who is a nurse, has given him his beautiful and sassy daughters Sofia and Anavey. Dean is a master carpenter who loves doing everything with wood......Dean is also a great friend.'),(161,'DNR','regular','TROY','Harbour','J','Sport','570-47-4422','M','1969-01-05','1103 westlook Dr.','Glenwood springs','CO','USA','81601','kimharbour@netzero.net','9709451024','9703091878',1,'Kim Harbour','9709451024','','medium','',''),(162,'DNR','regular','Jenell','Hilderbrand','M','Sport','399-86-7129','F','1971-08-05','3904 Mountain Drive','Glenwood Springs','CO','USA','81601','jenxtremeski05@sopris.net','(970) 947-9855','',1,'Bill Hilderbrand','(970) 309-3761','','medium','Sponsered by \"myself\" and support from family and friends.','I have lived in the valley for 13 years.  I am a nurse and love the outdoors.  I am a virgin to the 24 hours of Sunlight, but, am looking forward to the challenge. I am also proud to be a part of something so great!'),(163,'wasatch walkers','captain','Kelly','Robbins','P','','543-98-2124','M','1977-01-13','732 e browing ave','salt lake city','UT','USA','84105','kelly-robbins@hotmail.com','(801)694-7933','',1,'Rebecca Mesley','(801) 633-9954','','large','',''),(164,'wasatch walkers','regular','Kat','Mesley','R','Sport','207-66-7469','F','1978-08-31','732 e browing ave','salt lake','UT','USA','84105','kat_mesley@hotmail.com','(801)815-1929','',1,'Rebecca Mesley','(801) 633-9954','','small','','I\'m a 28-year old female originally from Pennsylvania. I moved to Utah to have more mountain access and learn new skills. I enjoy spending time with my dog, my fiancee, and my splitboard.'),(165,'Fischer, Mark','captain','Mark','Fischer','','','183-52-9797','M','1958-08-08','0302 Escalante','Carbondale','CO','USA','81623','mf@six89.com','970 379 3834','',1,'Lari Goode','970 379 8160','','x-large','',''),(166,'Structural Associates','captain','Mike','Simpson','','Sport','','M','1970-10-28','751 Van Dorn','Glenwood Springs','CO','USA','81601','msimpson@structuralassoc.com','970-945-0147','970-928-8622',1,'Angie Simpson','970-928-8622','day phone is ext. 2','large','',''),(167,'Structural Associates','regular','Gregory','Albrecht','','Sport','','M','1967-01-28','931 Bennett Ave','Glenwood Springs','CO','USA','81601','galbrecht@sopris.net','970-618-4030','970-945-5775',1,'Michelle Orton (wife)','970-618-4038','','large','',''),(168,'Structural Associates','regular','Brian','Edmiston','','Sport','','M','1972-09-22','331 Buckthorn Rd','New Castle','CO','USA','81647','brianedmiston@hotmail.com','970-618-2861','970-618-2861',1,'Sonya Marzec','970-948-7937','','large','',''),(169,'Structural Associates','regular','Jay','Heim','R','Sport','','M','1965-06-24','120 Laird Ln','Glenwood Springs','CO','USA','81601','heim@rof.net','970-945-7942','970-945-7942',1,'Rese Hayes','970-945-2657','','large','',''),(170,'Kellner, Christopher','captain','Christopher','Kellner','','','572-87-2777','M','1977-03-13','PO Box 5496','Frisco','CO','USA','80443','kellnerce@hotmail.com','970-217-5595','',1,'Harry Kellner','805-485-3300','','large','',''),(171,'Cable Cluster Climbers','captain','Scott','Kramer','B','','','M','1957-03-25','2501 Palmer ave','Glenwood Springs','CO','USA','81601','kramers@sopris.net','970-618-5235','',1,'Trish kramer','970-945-9874','','medium','Colorado H.V.A.C \r\nVail Daily','Turning 50 and time to get off my butt.'),(172,'Cable Cluster Climbers','regular','Joe','Elsen','','Sport','','M','1960-08-24','3906 Mountain Drive','Glenwood Springs','CO','USA','81601','Joseph.elsen@dot.state.co.us','970-379-9532','970-928-8680',1,'Damie Elsen','970-928-8680','','large','',''),(173,'Cable Cluster Climbers','regular','Steve','Maznio','','Sport','','M','1957-10-23','802 West Main Street','New Castle','CO','USA','81647','maz@charactevbldvs.com','970-984-2788','',1,'Steve Gay','970-376-2442989','','large','',''),(174,'Cable Cluster Climbers','regular','Steven','Gall','','Sport','','M','1958-01-09','p.o.box 4271','Gypsum','CO','USA','81637','','970-376-2424','',1,'Ellen Gall','970-343-0404','','large','',''),(175,'Hows your Aspen','captain','Jill','Goudie','C','','630-27-6201','F','1966-01-02','323 Harold Ross Court','Aspen','CO','USA','81611','jill_goudie@hotmail.com','970 618 8007','',1,'Laura Wren','970 618 5846','','small','Wiernerstube Restaraunt. Aspen','I took part in this race last year and loved doing it so much i had to come back and do it again. I\'m in a team of great fun people, i just hope one of them can make a good cup of tea!!!!'),(176,'Hows your Aspen','regular','Kimberly','Blair','D','Sport','552-81-0284','F','1979-08-31','PO Box 4052','Basalt','CO','USA','81621','goatnh2o@yahoo.com','970-319-5820','',1,'Matt Bunn','970-274-3013','','small','',''),(177,'Hows your Aspen','regular','Clint','Coerdt','','Sport','','M','1981-09-29','30 MAROON Ct.','Asprn','CO','USA','81611','clintoncoerdt@gmail.com','440-708-3026','',1,'M. Coerdt','970-925-3357','','large','',''),(178,'Hows your Aspen','regular','Damian','Williamson','','Sport','','M','1983-06-22','517 E. Hopkins Ave.','Aspen','CO','USA','81611','dwilliamson@hotmail.com','970-274-6227','',1,'Charles Williamson','303-419-6621','','large','',''),(179,'Hows your Aspen','regular','Ross','Evans','','Sport','','M','1970-10-06','314 Vine Street','Aspen','CO','USA','81611','rossevans_19@hotmail.com','970-618-8043','',1,'E. Evans','970-319-4457','','medium','',''),(180,'Johnson, Brian F.','captain','Brian','Johnson','F','','321-74-6553','M','1969-12-20','357 Boundary Lane','Carbondale','CO','USA','81623','bfjelkmtns@hotmail.com','970-544-3047','970-963-1719',1,'Kirstin Klein','970-963-1719','','large','',''),(182,'Sgroi, Robert M.','captain','Robert','Sgroi','M','','015-70-4370','M','1977-05-24','PO Box 2012','Jackson','WY','USA','83001','robertsgroi@hotmail.com','307 413 4474','',1,'Jeff Sgroi','970 618 6989','','x-large','Jeff & Tracy Sgroi, \r\nHeadwaters Ecological Services (Jackson, WY)\r\nJackson Whole Grocer','Look forward to meeting other rando racers.  Thanks to event planners.  Perpetual forward motion!!'),(183,'Morgan, Sabrina','captain','Sabrina','Morgan','B','Pro','521-37-8665','F','1966-01-14','1702 E. 7th Street','Rifle','CO','USA','81650','morgan_familyrt5@msn.com','970-625-5329','',1,'Michael MORGAN','970-379-1936','','large','',''),(184,'Baker, Jonathan A.','captain','Jonathan','Baker','A','Pro','522-08-1393','M','1968-12-04','4232 S. Marquis','Salt Lake City','UT','USA','84124','jallemanbaker@hotmail.com','801-883-3204','801-273-0478',1,'Cherie Baker - at race','801-680-6494','','large','','');

--
-- Table structure for table `rider_rfid`
--

CREATE TABLE `rider_rfid` (
  `rfid` int(4) NOT NULL DEFAULT '0',
  `uid` int(4) NOT NULL DEFAULT '0',
  UNIQUE KEY `rider_rfid_pkey` (`rfid`)
) ENGINE=MyISAM DEFAULT CHARSET=latin1;

--
-- Dumping data for table `rider_rfid`
--

INSERT INTO `rider_rfid` VALUES (8684,172),(12066,173),(1894,174),(1674,184),(12191,7),(12583,143),(8959,13),(12010,12),(8917,21),(1783,39),(8993,55),(13295,74),(13004,181),(2288,157),(12761,165),(13376,170),(8645,180),(1904,182),(12386,18),(13914,24),(8752,101),(9037,102),(8920,137),(9093,183),(12915,22),(2093,23),(13357,60),(13667,61),(10071,75),(8639,76),(12130,89),(13492,90),(13249,114),(12277,115),(8934,121),(9048,122),(12689,123),(1788,124),(12048,108),(14011,109),(14073,110),(13070,111),(12967,171),(14061,77),(12029,78),(9099,79),(8693,80),(1699,50),(8739,51),(13858,52),(12444,53),(1709,54),(13397,62),(14207,63),(9018,64),(13704,65),(13082,163),(2078,164),(12169,144),(9060,145),(1924,146),(1905,147),(2039,148),(13739,2),(14050,3),(14239,4),(8974,5),(9043,6),(12252,158),(12888,159),(12502,160),(10094,161),(12282,162),(12072,29),(12786,30),(13603,31),(12614,32),(12634,33),(13461,34),(13554,35),(13187,36),(2156,37),(14148,38),(2226,48),(12823,49),(1618,134),(12142,135),(8916,136),(12484,91),(1747,92),(12520,93),(2122,94),(13803,95),(8564,96),(12649,97),(2197,98),(14152,99),(13905,100),(12550,103),(1785,104),(13641,105),(14115,106),(1892,107),(12527,116),(8559,117),(2194,118),(12726,119),(12510,120),(13470,125),(13530,126),(8929,127),(1824,128),(14122,129),(13203,138),(8713,139),(8577,140),(8953,141),(8899,142),(14195,175),(12609,176),(12960,177),(13782,178),(2063,179),(12050,14),(8403,15),(12662,16),(10068,17),(13869,25),(12752,26),(13253,27),(12542,28),(1676,40),(14135,41),(1625,42),(13785,43),(9020,56),(14117,57),(12528,58),(2089,59),(2116,66),(9097,67),(8969,68),(12739,69),(13080,70),(8687,71),(13943,72),(9087,73),(13413,85),(8611,86),(12019,87),(12434,88),(8424,149),(12742,150),(12120,151),(8914,152),(13852,153),(13008,154),(12015,155),(8643,156),(12101,44),(9054,45),(13755,46),(10022,47),(10014,130),(8768,131),(12585,132),(8585,133),(8409,166),(13485,167),(9015,168),(1717,169),(8695,81),(1766,82),(1814,83),(1654,84);

--
-- Table structure for table `team`
--

CREATE TABLE `team` (
  `name` varchar(36) NOT NULL DEFAULT '',
  `city` varchar(26) DEFAULT NULL,
  `state` varchar(26) DEFAULT NULL,
  `country` varchar(26) NOT NULL DEFAULT '',
  `class` char(2) NOT NULL DEFAULT '',
  `ala` tinyint(1) NOT NULL DEFAULT '0',
  `sponsors` varchar(255) DEFAULT NULL,
  `anecdote` mediumtext,
  `fee_paid` decimal(9,2) DEFAULT NULL,
  `online_reg` tinyint(1) NOT NULL DEFAULT '0',
  `payment_type` char(2) DEFAULT NULL,
  `username` varchar(8) DEFAULT NULL,
  `password` varchar(8) DEFAULT NULL,
  `admin_notes` varchar(255) DEFAULT NULL,
  `song_title` varchar(50) DEFAULT NULL,
  `song_artist` varchar(50) DEFAULT NULL,
  `number_of_riders` int(3) DEFAULT NULL,
  UNIQUE KEY `team_pkey` (`name`)
) ENGINE=MyISAM DEFAULT CHARSET=latin1;

--
-- Dumping data for table `team`
--

INSERT INTO `team` VALUES ('Sullivan, Eric D.','Gunnison','CO','USA','M1',0,'CAMP, Scarpa, Ski Trab, Dynafit, Salomon, Crested Butte Mountain Resort, Leki,','I have adventure raced for Team Salomon/ Crested Butte for the last three seasons. I am also doing the COSMIC randonee series and other endurance ski races.',312.00,0,'CC','0-BWzCBi','x1xEqLDo','','','',1),('Government Mules','Glenwood Springs','CO','USA','5P',0,'Garfield County','The Mules are back...still looking for our \"40 acres\"...',637.00,0,'CC','5mules','snowy5','','','',5),('Marolt`, Mike s.','aspen','CO','USA','M1',0,'','',312.00,0,'CC','mmarolt','1mmcpa','','','',1),('Siemer, Rich','Santa Fe','NM','USA','M1',0,'My wife and dog.','Back for a second try.',287.00,0,'CC','siemer','joachim','','','',1),('Borst, Levi F.','Aspen','CO','USA','M1',0,'','Big thanks to Brion, Matt, and Indie at Independence Run and Hike in Carbondale!!  Check em out - you\'ll wonder how the valley got along without a full-on running/hiking shop.\r\nPBR me ASAP!',287.00,0,'CC','flborst','dirkbot','','','',1),('FAMILY FIRST','GLENWOOD SPRINGS','CO','USA','MS',0,'Orthopedic Associates','Father and three sons all raced for Ski Sunlight',487.00,0,'CC','Derkash','morgan','','We Are Family','Sister Sledge',4),('Samuels-McLean, Polly','Park City','UT','USA','W1',0,'Cloudveil, Dynafit','Had so much fun last year, had to go out and do it again!',287.00,0,'CC','0-mLEFE4','x1xZU7VF','','','',1),('DNR','Puckerfactor','CO','USA','5P',0,'We\'ll take any we can get.','The mountains are our church, loving and living life to the extreme our religion.  True friends to the end.',637.00,0,'CC','jap9277','sig.45','','','',5),('wasatch walkers','salt lake city','UT','USA','JF',0,'','newly engaged couple who spend time touring on splitboards in the wasatch mountains of utah. here to give splitboards a voice in up-hill, down-hill events!',262.00,0,'CC','walkers','Monsters','','','',2),('Gable, Carl W.','Santa Fe','NM','USA','M1',0,'WWW.TeamSantaFe.org\r\nCW-X ( http://cw-x.com )\r\nCamelbak ( http://www.camelbak.com )\r\nPolar HRM ( http://www.polarusa.com )','Good Judgement Is The Result of Experience\r\nExperience Is the Result of Poor Judgement\r\n( so what did I learn last year and why am I coming back for more?)',287.00,0,'CC','cwgable','sunlight','','','',1),('David and Goliath','snowmass village','CO','USA','DP',0,'Dr. Dave Jensen and Valley Wellness\r\nSummit Canyon Mountaineer\r\nUte City Cycles','Didn\'t I tell you that I\'m from the south and do not know how to ski!\r\nIt\'s ok... I\'m from snowmass and I don\'t know how to ascend!',427.00,0,'CC','tucker','avespa','','','',2),('Hyde, Michele A.','Hailey','ID','USA','W1',0,'wouldn\'t that be neat!!','I like Dorey\'s motto from Nemo, only adapted.\r\n\"Just keep trying, just keep trying\"',287.00,0,'CC','gypsyvic','patterso','','','',1),('4 Mile Powder Farmers','Glenwood Springs','CO','USA','MS',0,'Hard work, Life\'s elements, El Nino, depth hoar','We skin, we ski, we hike, we ski, we\'re happy.',487.00,0,'CC','Powder','SOPRIS','','A Little Less Conversation','Elvis',4),('SGM','Glenwood Springs','CO','USA','5P',0,'Schmueser Gordon Meyer','Schmueser Gordon Meyer ... the fittest and fastest engineers and surveyors in Colorado!',612.00,0,'CC','skeister','kirby197','','','',5),('Marlboro','Breckenridge','CO','USA','5P',0,'Marlboro','',625.00,0,'CK','new1227','x1xHl3RB','','','',5),('Muth, Dominic','Red Lodge','MT','USA','M1',0,'Dominic Muth','',300.00,0,'CK','new1227','x1xh5mba','','','',1),('Vertically Challenged II','Carbondale','CO','USA','MS',0,'Home Field Advantage, INC. (Parker, CO)\r\nGraffs Turf Farms (Ft. Morgan, CO)','Because the pain and suffering of last year just wasn\'t enough!  \r\nPaging Dr. Lavy...Dr. Lavy to Sunlight Mtn. please!',400.00,0,'CK','new1227','x1xCHRNo','','','',4),('The Depth Hoars','Mammoth Lakes','CA','USA','WS',0,'Mammoth Mountain Ski Area\r\nEastern Sierra Avalanche Center','',487.00,0,'CC','mammoth','patrol','','','',4),('Why Not','Glenwood Springs','CO','USA','5P',0,'RPM, LLC','Why not?  Whine Not!',427.00,0,'CC','oldschoo','telemark','','','',5),('Look Out Below!!','Aspen','CO','USA','JF',0,'','',612.00,0,'CC','0-ihkWGs','x1xu189A','','','',5),('Schneiter, Michael S.','Glenwood Springs','CO','USA','M1',0,'','',287.00,0,'CC','mikemach','sarahm','','','',1),('Chairlifts are for Wussies!','Glenwood Springs','CO','USA','MS',0,'','',487.00,0,'CC','subway','sandwich','','','',4),('Double Trouble','Glenwood Springs','CO','USA','DP',0,'','',427.00,0,'CC','double','trouble','','','',2),('Over & Beyond','Glenwood Springs','CO','USA','JF',0,'100 Club','Always reaching for the Stars',487.00,0,'CC','Gerard','illimani','','','',4),('Three Brothers and a Scooter','Glenwood Springs','CO','USA','MS',0,'None.','Grew up ski racing at Sunlight together.',487.00,0,'CC','mdrake','stuart13','','','',4),('Young Gunz','Carbondale','CO','USA','MS',0,'Wildsnow.com, Jake and Elwood, and anybody else who wants to give us stuff (or money)','Its 1oo miles to Chicago, we\'ve got a full tank of gas, a pack of cigarettes, its dark, and we\'re wearing sunglasses. Hit it. \r\n-The Blues Brothers',487.00,0,'CC','lcaudill','luke789','','Highway to the Danger Zone','Kenny Loggins',4),('Hill, Gregory F.','Revelstoke','BC','CANADA','M1',0,'Arcteryx, Suunto, Goode, G3, Scarpa','Energetic and driven I seem to love the burn, how many laps are possible in 24 hours?',287.00,0,'CC','0-kQw95j','x1xSjMD1','','','',1),('Skinny Puppies','Salt Lake City','UT','USA','DP',0,'Mountain Hardwear\r\nBlack Diamond\r\nLife-Link / Dynafit USA\r\nK2 Telemark\r\nSuunto\r\nScarpa North America\r\nSmith Sport Optics','Greg Hill weeps at the thought of competing against us. Women scream and dogs bark when we skin by.  Beaujolais will be reduced to a mere Pinot under the thunder of our boots.',427.00,0,'CC','0-VvuzYR','x1xYTuw0','','','',2),('Men at Their Peak by HealthStyles','Glenwood Springs','CO','USA','MG',0,'HealthStyles Exercise Equipment','\"Men at Their Peak\" Sponsored by HealthStyles Exercise Equipment, is a 2nd Year Team and the Winners of last year\'s Men\'s Grand Masters Division. The team is comprised of 4 local businessmen that are striving to combate the aging process by just keeping th body moving. New gear, refined training and the desire to stay on top, positions the local team to repeat their performance.\r\n\r\n\r\nTeam Application and Accident Waivers to follow.',487.00,0,'CC','sheriff','winners','','','',4),('The Forty-somethings','Glenwood Springs','CO','USA','5P',0,'Post Independent','We\'re made up of an elite endurance athlete, his girlfriend who is gaining on him, a retired-until-now elite endurance athlete, and two guys who are just happy to be on the same team as the other three ...',612.00,0,'CC','0-NzZqx5','x1xXHlPQ','','','',5),('Cavicchio, Katherine A.','Salt Lake City','UT','USA','W1',0,'Thorlos Socks\r\nCloudveil Apparel\r\nBlack Diamond Skis\r\nCharles Shaw','I\'m about to turn 30, so it\'s time to shake things up.',312.00,0,'CC','katiec','tucker','','','',1),('The Roaring Forkers','Snowmass Village','CO','USA','MM',0,'Prolithic Sports (www.prolithicsports.com)\r\nSupplier of nutrition and more for the kind of people who do 24-hour races!','Mike is just plains nuts. Agustin is crazy. Joe is demented. Haven\'t met Gary yet, but have to assume since he agreed to do this that he is also insane. Should be fun!',487.00,0,'CC','Forkers','roaring8','','','',4),('Flippin\' Sweet Moves','Glenwood Springs','CO','USA','MS',0,'Western Slope Peak Performance','We are relying primarily on our numchuck skills and years of marital arts practice to get us through the race.\r\n\r\nOn a serious note, we are raising funds to help the NothingButNets campaign to reduce malarial deaths in Sub-Saharan Africa.  See Nothingbutnets.org to contribute or for information.',487.00,0,'CC','gdwclimb','beevis33','','','',4),('Bru Cru','Carbondale','CO','USA','DP',0,'Independence Run & Hike , Carbondale, CO','Bruder is our last name...this is a fun way to celebrate our 15th wedding anniversary!',427.00,0,'CC','bruder','brittany','','','',2),('Solaris','Eagle/Glenwood Springs','CO','USA','5P',0,'Gould Construction, Inc.','',612.00,0,'CC','gould1','baron1','','','',5),('Supersonic Lunar Lovers','Roaring Fork Valley','CO','USA','5P',0,'New Castle Family Fitness, Dos Gringos Burritos,  Physio One Ltd., Dr. Greg & Kathy Feinsinger, Evergreen Construction Inc., Planet Zektor Parks and Rec.','We hail from Planet Zektor & are Superfly Funkadelic Cosmiclicious.  We\'re probably not as fast as the Fabulous Forties, but our secret weapon is radioactive and snowsnakes are our friends. Team mascot: Jive Turkey.   Eat our stardust & don\'t step on our moonshadows or we\'ll open the flux capacitator.  Hustle & Flow is the name of the Show, dig it!?',637.00,0,'CC','crazycat','fullmoon','','','',5),('Benson, Helen M.','Glenwood Springs,','CO','USA','W1',0,'','',312.00,0,'CK','new0104','x1xCAWtt','','','',1),('The Sun Kings','Glenwood Springs','CO','USA','MM',0,'','',400.00,0,'CK','new0105','x1xqqDB7','','','',4),('Snow Board Monkey Girls','Boulder','CO','USA','DP',0,'Self sponsored','What! A 24 hour thing in the winter?! Awesome! We are in --',452.00,0,'CC','DanaDD','monkey','','','',2),('Ute City Cychos','Carbondale','CO','USA','5P',0,'Ute City Cycles, Alpine Animal Hospital','3 bike shop employees, a veternarian and a vet assistant.  All are avid cyclists as well as good friends.  We can fix anything from a broken spoke on a wheel to a broken leg on a dog.',612.00,0,'CC','0-yPbIFK','x1xD7sxl','','','',5),('You Can Sleep When You\'re  Dead','Jackson','WY','USA','DP',0,'','',440.00,0,'CK','new0108','x1xlJXIx','','Eye of the Tiger','Survivor',2),('Husdoggers','Denver','CO','USA','DP',0,'','We want a night away from our twins!',452.00,0,'CC','kara11','charlie','','','',2),('The Home Team','Glenwood Springs','CO','USA','5P',0,'Sunlight Ski Patrol','Group of local Ski Patrolers at Sunlight Mountain. Climbing in the 24 hours for the second year running.',637.00,0,'CC','hometeam','patrol','','','',5),('cydesdale express','glenwood springs','CO','USA','MV',0,'','',512.00,0,'CC','bpeery','gustavo3','','','',4),('Skirts on Skins','Glenwood Springs','CO','USA','5P',0,'Misstyx Inc\r\nLaw Offices of Rhonda Moser','',625.00,0,'CK','new0117','x1xLXH3J','','My Humps','Black Eyed Peas',5),('Stewart, mary A.','san pedro','CA','USA','W1',0,'gtr inc.','',312.00,0,'CC','0-7jG2q1','x1xG2YwM','','','',1),('YES SIR, May I Have Another','Glenwood Springs','CO','USA','5P',0,'Sunlight Mountain Resort','This is our first year participating in this race, and we are ready to hike mountains, then shred the knar. Primarily working as lift operators here at Sunlight, we thouroughly enjoy hiking the mountain faster than our lifts can get us there. We are ready for any challenge!',637.00,0,'CC','marty21','marty1','','Comin down the Mountain','Janes Addiction',5),('More Cowbell','Carbondale','CO','USA','MS',0,'Jaywalker Lodge','We put our pants on one leg at a time...except when our pants are on, we make gold records.  \r\n\r\nDon\'t Fear the Reaper',512.00,0,'CC','cowbell','sanson','','','',4),('Hasselhoff Saved My Life','Carbondale','CO','USA','MS',0,'Jaywalker Lodge','Don\'t Hassel the Hoff!',512.00,0,'CC','Hassel','mylife','','','',4),('Adelman, Chris A.','Glenwood Springs','CO','USA','M1',0,'Valley View Hospital','',312.00,0,'CC','0-BJQaHV','x1x9xopz','','','',1),('Fischer, Mark','Carbondale','CO','USA','M1',0,'my wife and the dogs','',312.00,0,'CC','mfischer','thechaos','','','',1),('Structural Associates','Glenwood Springs','CO','USA','MV',0,'Structural Associates','While subscribing to our team motto \"Ski Fast Take Chance,\" Team Structural Associates has been seeking merit-based (more like pain-based) pledges for the race. Our pledge goal is to raise over $2,000 for the Valley View Hospital Foundation.',500.00,0,'CK','struct07','assocsl','','','',4),('Kellner, Christopher','Frisco','CO','USA','M1',0,'Anyone that makes beer.','Beer is my fuel for domination.',312.00,0,'CC','kellnerc','dace3223','','','',1),('Cable Cluster Climbers','Glenwood Springs','CO','USA','MM',0,'Colorado H.V.A.C.\r\nVail Daily\r\nWing Nuts\r\nCharacter Builders','Just a bunch of good ol\' boys, looking to train the brain for pain.',512.00,0,'CC','scotty','113085','','','',4),('Hows your Aspen','Aspen','CO','USA','5P',0,'Wienerstube Restaraunt\r\nAspen & Basalt','3 Americans, 2 Brits, 4 of us from Aspen ,1 from Down Valley. Most of us are first timers,1 has done the race before. We\'re all doing this for fun and cant wait to get out of our sleeping bags in the middle of the night to do a lap!!!!',637.00,0,'CC','Goudie','Xgames','','','',5),('Johnson, Brian F.','Carbondale','CO','USA','M1',0,'Baby Velociraptor\r\nAspen Highlands Ski Patrol','',312.00,0,'CC','BrianF','caden96','','','',1),('Armstrong, Danny A.','Steamboat Springs','CO','USA','M1',0,'Ride for Deso\r\nHoney Stinger','24 hours straight?  How hard can it be?',312.00,0,'CC','0-IrtNTR','x1xxUwI5','','','',1),('Sgroi, Robert M.','Jackson','WY','USA','M1',0,'Jeff & Tracy Sgroi,\r\nHeadwaters Ecological Services (Jackson, WY)\r\nJackson Whole Grocer','This team has mastered both entering races straight off the couch, after extensive periods of, as well as mind bending training schedules for long distance runs.  \r\nAlpine touring is incredible.  May everyone have a chance to enjoy it.',312.00,0,'CC','rsgroi','boston','','','',1),('Morgan, Sabrina','Rifle','CO','USA','W1',0,'Alpine Bank','',300.00,0,'CK','new0201','x1xLKxaO','','','',1),('Baker, Jonathan A.','Salt Lake City','UT','USA','M1',0,'','',312.00,0,'CC','0-lUGuCj','x1xUIL6u','','','',1);

--
-- Table structure for table `team_number`
--

CREATE TABLE `team_number` (
  `bib_number` int(4) NOT NULL DEFAULT '0',
  `name` varchar(36) NOT NULL DEFAULT '',
  PRIMARY KEY (`bib_number`,`name`)
) ENGINE=MyISAM DEFAULT CHARSET=latin1;

--
-- Dumping data for table `team_number`
--

INSERT INTO `team_number` VALUES (1,'Marolt`, Mike s.'),(2,'Sullivan, Eric D.'),(3,'Borst, Levi F.'),(4,'Siemer, Rich'),(5,'Gable, Carl W.'),(6,'Muth, Dominic'),(7,'Schneiter, Michael S.'),(8,'Hill, Gregory F.'),(9,'Armstrong, Danny A.'),(10,'Adelman, Chris A.'),(11,'Fischer, Mark'),(12,'Kellner, Christopher'),(13,'Johnson, Brian F.'),(14,'Sgroi, Robert M.'),(15,'Samuels-McLean, Polly'),(16,'Hyde, Michele A.'),(17,'Cavicchio, Katherine A.'),(18,'Benson, Helen M.'),(19,'Stewart, mary A.'),(20,'Morgan, Sabrina'),(21,'Baker, Jonathan A.'),(40,'David and Goliath'),(41,'Double Trouble'),(42,'Skinny Puppies'),(43,'Bru Cru'),(44,'Snow Board Monkey Girls'),(45,'You Can Sleep When You\'re  Dead'),(46,'Husdoggers'),(64,'The Sun Kings'),(65,'Cable Cluster Climbers'),(66,'Men at Their Peak by HealthStyles'),(67,'Look Out Below!!'),(68,'Over & Beyond'),(69,'wasatch walkers'),(70,'YES SIR, May I Have Another'),(71,'Government Mules'),(72,'DNR'),(73,'SGM'),(74,'Marlboro'),(75,'Why Not'),(76,'Solaris'),(77,'Supersonic Lunar Lovers'),(78,'The Forty-somethings'),(79,'Ute City Cychos'),(80,'The Home Team'),(81,'Skirts on Skins'),(82,'Hows your Aspen'),(83,'FAMILY FIRST'),(84,'4 Mile Powder Farmers'),(85,'Vertically Challenged II'),(86,'Chairlifts are for Wussies!'),(87,'Three Brothers and a Scooter'),(88,'Young Gunz'),(89,'Flippin\' Sweet Moves'),(90,'More Cowbell'),(91,'Hasselhoff Saved My Life'),(92,'The Depth Hoars'),(93,'cydesdale express'),(94,'Structural Associates'),(95,'The Roaring Forkers');


