-- Table structure for table `rider_rfid`
--

CREATE TABLE `rider_rfid` (
  `rfid` int(4) NOT NULL DEFAULT '0',
  `uid` int(4) NOT NULL DEFAULT '0',
  UNIQUE KEY `rider_rfid_pkey` (`rfid`)
) ENGINE=MyISAM DEFAULT CHARSET=latin1;

--
-- Dumping data for table `rider_rfid`
--

INSERT INTO `rider_rfid` VALUES (12022,144),(2040,145),(2298,146),(2013,147),(14189,1579),(14102,1580),(1653,1581),(1921,1582),(1642,775),(13961,776),(1833,777),(14103,778),(2139,1234),(12583,1235),(13553,1236),(13213,1237),(13290,1671),(14075,1672),(1670,1673),(2188,1674),(1742,361),(1663,1390),(11967,513),(12550,417),(12235,374),(1732,76),(13322,774),(13923,1822),(12612,1540),(12842,915),(12830,909),(2300,445),(13812,1132),(1725,238),(1696,964),(13314,130),(13637,941),(13456,1114),(12582,1425),(2059,1454),(12674,323),(12756,1389),(12899,1282),(2274,992),(13308,1799),(13395,1806),(14205,624),(13367,202),(14133,981),(13667,65),(12786,1154),(2269,1423),(2098,1123),(2069,1794),(14172,1),(12173,986),(1984,1592),(13345,801),(13025,1426),(1849,1542),(2140,1391),(13793,1572),(1884,435),(13803,1287),(13501,987),(13396,1243),(13214,1578),(12571,1424),(13504,1573),(12723,75),(2186,1303),(14058,1432),(12296,1035),(12609,618),(13276,950),(12896,7),(12380,1823),(14097,1824),(8600,1843),(12744,1701),(11962,1288),(13107,1702),(12915,573),(12057,625),(12329,1748),(2155,1467),(1780,1371),(14148,401),(13022,402),(13299,1757),(13515,1758),(1723,1601),(13231,1602),(12326,1800),(14099,1801),(11976,979),(13878,980),(12615,1129),(13943,632),(13927,633),(14057,1293),(11971,1294),(2100,898),(1860,899),(12169,243),(12687,244),(13858,30),(1836,31),(14087,630),(13842,631),(1782,415),(13111,416),(12453,1690),(2291,1691),(13890,44),(12194,45),(12207,595),(1985,1131),(1979,869),(12088,870),(13517,528),(13075,529),(12462,1112),(12261,1113),(1686,1206),(13554,1207),(14157,1820),(13701,1821),(1617,1548),(2174,1549),(12156,675),(2047,676),(2152,1790),(1622,1791),(2045,1640),(12076,1641),(12618,1684),(1949,1685),(13798,1792),(12457,1793),(2079,1726),(13851,905),(14065,906),(1610,907),(12248,908),(13458,988),(1903,989),(13876,990),(12127,991),(12544,1338),(13629,1339),(13892,1340),(2198,1341),(13163,1442),(13846,1443),(12048,1444),(12333,1445),(12560,1786),(12579,1787),(13992,1788),(1840,1789),(13912,1550),(12426,1551),(13333,1552),(14086,1553),(13465,831),(12054,832),(2158,833),(13258,834),(1701,375),(12501,376),(14166,377),(14170,378),(12879,294),(2062,295),(1664,296),(13653,297),(8737,1104),(2203,1105),(52050,1106),(11961,1107),(2096,815),(13389,816),(13318,817),(13529,818),(12113,709),(1831,710),(2048,711),(13621,712),(14223,1642),(12888,1643),(12382,1644),(1978,1645),(12992,285),(14088,286),(1754,287),(12159,288),(2125,1005),(14101,1006),(12372,1007),(14198,1008),(12706,1354),(13942,1355),(13771,1356),(1911,1357),(13118,1778),(1947,1779),(13874,1780),(2119,1781),(12185,194),(12476,195),(13619,196),(2073,197),(13371,454),(12988,455),(12413,456),(8739,457),(1611,1627),(12055,1628),(1975,1629),(8738,1630),(12527,1318),(12369,1319),(12764,1320),(1989,1321),(14047,1119),(2080,1120),(12411,1121),(13357,1122),(12220,1419),(13470,1420),(13271,1421),(12592,1422),(13374,1397),(1803,1398),(14051,1399),(13990,1400),(14123,324),(13545,325),(13681,326),(12145,327),(12918,379),(14164,380),(2023,381),(2185,382),(1603,852),(13288,853),(12191,854),(2050,855),(1835,792),(12617,793),(13284,794),(12997,795),(13182,1278),(12202,1279),(13557,1280),(2225,1281),(1657,861),(13485,862),(13426,863),(13813,864),(2277,1266),(13686,1267),(1969,1268),(14009,1269),(12074,1142),(13444,1143),(13825,1144),(12167,1145),(13477,823),(13028,824),(13698,825),(1649,826),(13186,1455),(14125,1456),(1986,1457),(13749,1458),(13004,333),(13417,334),(13144,335),(2249,336),(1753,337),(13034,181),(14154,182),(2206,183),(12327,184),(12632,185),(13160,839),(2009,840),(2008,841),(2184,842),(12715,843),(13898,280),(12626,281),(13576,282),(12933,283),(12107,284),(13594,1692),(14192,1693),(14038,1694),(13241,1695),(14141,1696),(12100,1543),(13546,1544),(12192,1545),(13443,1546),(12400,1547),(1922,796),(12593,797),(13393,798),(12653,799),(12182,800),(2086,383),(11979,384),(12373,385),(13651,386),(14182,387),(14104,900),(13655,901),(13251,902),(13012,903),(2167,904),(13066,1313),(13818,1314),(12450,1315),(13252,1316),(12142,1317),(14090,806),(12044,807),(8736,808),(2265,809),(12886,810),(14017,965),(13145,966),(12425,967),(13999,968),(14127,969),(14092,590),(1944,591),(2120,592),(1811,593),(14190,594),(12967,1384),(13266,1385),(13649,1386),(13505,1387),(2042,1388),(13687,608),(12776,609),(13156,610),(14089,611),(13615,612),(2173,884),(2060,885),(13353,886),(12316,887),(1682,888),(13278,59),(13856,60),(13627,61),(2299,62),(13359,63),(12813,1703),(1766,1704),(12020,1705),(12597,1706),(13507,1707),(1932,875),(2092,876),(12941,877),(14124,878),(12654,879),(12034,152),(13303,153),(1974,154),(14188,547),(14042,548),(13882,549),(13773,550),(1802,551),(1658,699),(12529,700),(1977,701),(14250,702),(13742,703),(13263,1095),(13350,1096),(13785,1097),(12867,1098),(1668,1099),(11969,1025),(13968,1026),(14201,1027),(13969,1028),(13261,1029),(12802,224),(12446,225),(12964,226),(12152,227),(13212,228),(13036,1603),(1659,1604),(12029,1605),(13734,1606),(1848,1607),(1834,39),(1804,40),(1625,41),(1925,42),(12249,43),(12409,1362),(2279,1363),(1746,1364),(1967,1365),(2282,1366),(2138,121),(1692,122),(1980,123),(1870,124),(1939,129),(1635,1498),(1883,1499),(2006,1500),(1729,1501),(1872,1502),(2278,245),(1951,246),(11964,247),(1998,248),(13441,249),(13119,682),(1914,683),(1894,684),(1936,685),(1935,686),(2194,70),(1777,71),(1651,72),(2178,73),(12872,74),(12097,613),(12742,614),(1741,615),(12307,616),(12693,617),(2275,1554),(2151,1555),(2165,1556),(1702,1557),(1970,1558),(1755,534),(2204,535),(1862,536),(12451,537),(12683,538),(12523,1171),(13490,1172),(13693,1173),(13230,1174),(2077,1175),(1793,1618),(1874,1619),(1807,1620),(2063,1621),(1875,1622),(1879,787),(1830,788),(12769,789),(1924,790),(13207,791),(12753,670),(12438,671),(14033,672),(2065,673),(1958,674),(2018,139),(1823,140),(1928,141),(1655,142),(12340,143),(13015,1476),(2210,1477),(13628,1478),(12773,1479),(1737,1480),(14168,91),(13614,92),(1654,93),(14186,94),(2055,95),(2237,1392),(12203,1393),(12477,1394),(11986,1395),(12902,1396),(12043,1184),(14215,1185),(11992,1186),(2135,1187),(13132,1188),(12721,1437),(13502,1438),(14176,1439),(2106,1440),(13562,1441),(12374,955),(12362,956),(13715,957),(12299,958),(12690,959),(12317,523),(12682,524),(12873,525),(13273,526),(13376,527),(1839,116),(1890,117),(12221,118),(12574,119),(1602,120),(2102,1044),(1607,1046),(2270,1047),(12735,1048),(13249,21),(13791,22),(1909,23),(13086,24),(12840,25),(13778,1085),(12659,1086),(2228,1087),(13323,1088),(12388,1089),(2000,1124),(14119,1125),(14120,1126),(12671,1127),(12551,1128),(1631,347),(13578,348),(12024,349),(1615,350),(1942,351),(2133,1712),(1719,1713),(1760,1714),(1637,1715),(2285,1716),(1794,717),(2066,718),(1783,719),(2049,720),(2037,721),(1813,258),(2038,259),(2160,260),(1882,261),(2112,262),(1818,1635),(2223,1636),(1789,1637),(1953,1638),(1819,1639),(2169,1090),(13328,1091),(12966,1092),(12973,1093),(12761,1094),(13555,86),(13822,87),(13660,88),(12648,89),(12877,90),(14235,211),(12386,212),(13654,213),(2261,214),(13755,215),(13043,1197),(1774,1198),(1700,1199),(1796,1200),(13675,1201),(13689,1304),(12458,1305),(12018,1306),(1991,1307),(13013,1308),(13673,494),(1619,495),(12383,496),(13850,497),(12826,498),(12664,1587),(13845,1588),(2085,1589),(1963,1590),(1724,1591),(1995,338),(1736,339),(13810,340),(12488,341),(14219,342),(1652,1650),(13658,1651),(13739,1652),(12939,1653),(13907,1654),(13492,1350),(13287,1351),(12991,1352),(14199,1353),(1933,1613),(14239,1208),(1708,1209),(14163,1210),(12109,1211),(1648,1212),(12101,1489),(12730,1490),(1799,1491),(14213,1492),(12520,1493),(12016,12),(12436,13),(1814,14),(13255,15),(12833,16),(13852,1257),(12517,1258),(13084,1259),(2019,1260),(12234,1261),(2091,951),(1784,952),(1946,953),(12643,954),(8794,1612),(1734,1811),(13302,1812),(13496,1813),(14165,1814),(13833,1815),(12277,518),(2236,519),(12251,520),(13135,521),(13668,522),(14195,271),(13447,272),(13600,273),(2134,274),(2002,275),(13944,392),(2036,393),(12548,394),(2041,395),(13225,396),(2273,889),(2294,890),(1690,891),(13312,892),(13102,893),(1896,910),(13922,911),(13063,912),(12528,913),(12124,914),(14248,619),(12417,620),(14171,621),(12289,622),(2232,623),(12265,1679),(1786,1680),(12153,1681),(12851,1682),(12334,1683),(8792,1225),(13718,1226),(12700,1227),(13747,1228),(13116,1229),(14030,1559),(8735,1560),(2132,1561),(13233,1562),(13229,1563),(13643,1030),(1707,1031),(12825,1032),(14055,1033),(1941,1034),(12252,856),(13757,857),(12258,858),(1822,859),(12576,860),(12641,1413),(12096,1414),(12161,1415),(12139,1416),(8734,1417),(12513,928),(13058,929),(13950,930),(12455,931),(1798,932),(13772,1137),(13270,1138),(13078,1139),(14179,1140),(12947,1141),(12962,504),(13929,505),(13835,506),(13670,507),(13391,508),(1906,1238),(1656,1239),(2208,1240),(8780,1241),(13905,1242),(1899,440),(13108,441),(1845,442),(1808,443),(1881,444),(13949,499),(13646,500),(12533,501),(12484,502),(1676,503),(12459,100),(12269,101),(2082,102),(12337,103),(13262,356),(2095,357),(2289,358),(13635,359),(13596,360),(12660,314),(13909,315),(12322,316),(13934,317),(12861,318),(12563,1721),(13227,1722),(12141,1723),(1895,1724),(14234,1725),(1788,1427),(2067,1428),(1956,1429),(2191,1430),(1864,1431),(2190,974),(14174,975),(12050,976),(13558,977),(13356,978),(13050,1523),(13887,1524),(1639,1525),(14073,1526),(1871,1527),(2175,77),(1997,78),(2052,79),(1805,80),(2209,131),(1816,132),(1916,133),(2021,134),(2200,1322),(1747,1323),(2032,1324),(12470,1325),(2212,1608),(1614,1609),(12079,1610),(14006,1611),(13685,1330),(2222,1331),(13699,1332),(2168,1333),(2051,190),(1779,191),(1715,192),(1918,193),(1769,1299),(1919,1300),(14153,1301),(13248,1302),(2103,1446),(13827,1447),(14216,1448),(1787,1449),(12511,250),(2296,251),(13782,252),(2108,253),(12949,569),(12313,570),(2219,571),(1665,572),(2109,1511),(2238,1512),(1624,1513),(2143,1514),(2187,1167),(2183,1168),(2171,1169),(1981,1170),(1994,161),(2156,162),(1913,163),(2263,164),(13920,1463),(11983,1464),(13603,1465),(12968,1466),(12818,66),(13759,67),(13355,68),(12481,69),(12239,254),(2145,255),(2197,256),(1679,257),(8781,1667),(1966,1668),(1965,1669),(12098,1670),(12162,1459),(1900,1460),(12716,1461),(12084,1462),(12195,462),(12770,463),(12010,464),(11993,465),(13218,556),(12184,557),(12035,558),(1711,559),(2241,1334),(14060,1335),(13481,1336),(13026,1337),(14181,695),(14143,696),(13484,697),(1683,698),(8639,1193),(8699,1194),(8692,1195),(8690,1196),(8687,1708),(8686,1709),(8685,1710),(8684,1711),(8640,431),(8700,432),(8695,433),(8691,434),(8688,1013),(8683,1014),(8682,1015),(8681,1016),(8641,819),(8637,820),(8694,821),(8693,822),(8689,310),(8680,311),(8679,312),(8678,313),(8642,933),(8638,934),(8698,935),(8697,936),(8696,1289),(8677,1290),(8676,1291),(8675,1292),(8650,125),(8649,126),(8648,127),(8647,128),(8646,746),(8645,747),(8644,748),(8643,749),(8630,578),(8626,579),(8624,580),(8620,581),(8616,865),(8615,866),(8612,867),(8611,868),(8610,267),(8609,268),(8654,269),(8653,270),(8652,514),(8651,515),(8631,516),(8627,517),(8625,942),(8622,943),(8619,944),(8617,945),(8613,574),(8608,575),(8607,576),(8606,577),(8658,1017),(8657,1018),(8656,1019),(8655,1020),(8632,924),(8629,925),(8628,926),(8623,927),(8621,366),(8618,367),(8614,368),(8605,369),(8604,1021),(8603,1022),(8602,1023),(8601,1024),(8636,742),(8659,743),(8633,744),(8634,745),(8635,1732),(8674,1733),(8673,1734),(8672,1735),(8671,1405),(8670,1406),(8669,1407),(8668,1408),(8667,466),(8666,467),(8665,468),(8664,469),(14212,1858),(8663,290),(8662,291),(8661,292),(8660,293),(13373,1163),(1960,1164),(13843,1165),(2035,1166),(12884,1202),(13268,1203),(13307,1204),(13187,1205),(1761,1450),(13413,1451),(12732,1452),(1790,1453),(12531,486),(12823,487),(13062,488),(1915,489),(13469,328),(1750,329),(12978,330),(12689,331),(12072,1108),(12547,1109),(1738,1110),(12301,1111),(13468,1468),(2217,1469),(1797,1470),(12454,1471),(14147,1583),(12456,1584),(12410,1585),(1684,1586),(14207,112),(14011,113),(8799,114),(12987,115),(13008,229),(13061,230),(12023,231),(12898,232),(2243,1740),(14146,1741),(14032,1742),(12186,1743),(8732,1744),(12799,1745),(12575,1746),(14074,1747),(12709,1593),(13000,1594),(13666,1595),(13171,1596),(11959,993),(2245,994),(12187,995),(13574,996),(14040,634),(12781,635),(13217,636),(12606,637),(12197,722),(14244,723),(13403,724),(2227,725),(1759,1230),(2214,1231),(14155,1232),(1647,1233),(13265,1532),(1902,1533),(12499,1534),(12940,1535),(11996,26),(12655,27),(1957,28),(1770,29),(13082,1749),(12794,1750),(12961,1751),(13228,1752),(13885,407),(13756,408),(14149,409),(13411,410),(13513,582),(13937,583),(13450,584),(13320,585),(12778,1472),(13245,1473),(12188,1474),(14036,1475),(13301,894),(11995,895),(13737,896),(12777,897),(12125,734),(13522,735),(13814,736),(13838,737),(13606,880),(12588,881),(13512,882),(12694,883),(13677,306),(12936,307),(8733,308),(12883,309),(2097,1659),(12025,1660),(13860,1661),(13956,1662),(13526,970),(13372,971),(13721,972),(13988,973),(2260,1326),(12734,1327),(12405,1328),(12577,1329),(12567,539),(12310,540),(13042,541),(1905,542),(14211,319),(13836,320),(12328,321),(13536,322),(13049,1675),(12901,1676),(12469,1677),(13238,1678),(12728,1782),(13141,1783),(14019,1784),(12596,1785),(14225,1159),(14158,1160),(12866,1161),(13173,1162),(12743,397),(13704,398),(12821,399),(13215,400),(12908,388),(8783,389),(12559,390),(14136,391),(14140,423),(12516,424),(1912,425),(13662,426),(13011,1001),(1771,1002),(13976,1003),(11975,1004),(1992,552),(12629,553),(13446,554),(1704,555),(12919,1503),(12308,1504),(12534,1505),(1756,1506),(13982,783),(1632,784),(13354,785),(12260,786),(12271,478),(13491,479),(12297,480),(14151,481),(12974,35),(13406,36),(13743,37),(14218,38),(13694,642),(13947,643),(12859,644),(12809,645),(12395,730),(13914,731),(13506,732),(12339,733),(14247,654),(12137,655),(13779,656),(12662,657),(12378,216),(13180,217),(12955,218),(13274,219),(13834,600),(12387,601),(12784,602),(12131,603),(13222,362),(12767,363),(13480,364),(13170,365),(13408,1507),(14245,1508),(13466,1509),(12542,1510),(14052,1485),(13575,1486),(12512,1487),(13786,1488),(12738,1807),(12015,1808),(12399,1809),(12290,1810),(13897,560),(12134,561),(13580,562),(13044,563),(13246,17),(13253,18),(12869,19),(2193,20),(13382,411),(13732,412),(12379,413),(12033,414),(13789,1623),(2113,1624),(1852,1625),(13422,1626),(12121,203),(12937,204),(13550,205),(12725,206),(12754,1528),(12717,1529),(2218,1530),(12797,1531),(14240,1358),(2216,1359),(12989,1360),(13244,1361),(13461,1346),(13428,1347),(12190,1348),(13358,1349),(13387,1759),(12686,1760),(12538,1761),(13047,1762),(12878,1040),(1917,1041),(2164,1042),(12570,1043),(14050,871),(13579,872),(12960,873),(1886,874),(1962,1728),(1699,1729),(13787,1730),(52047,1731),(12242,1065),(13682,1066),(2053,1067),(13280,1068),(12463,458),(12951,459),(1885,460),(12864,461),(13595,302),(2084,303),(1685,304),(12829,305),(13593,754),(13476,755),(2090,756),(12492,757),(13808,178),(13587,179),(12554,180),(13908,1494),(12553,1495),(1618,1496),(12335,1497),(13295,220),(12990,221),(12206,222),(12263,223),(2004,419),(1880,420),(13926,421),(13392,422),(2179,1189),(12110,1190),(8784,1191),(13585,1192),(12147,1717),(12282,1718),(12385,1719),(12733,1720),(12223,1009),(8728,1010),(13753,1011),(13565,1012),(12030,403),(1973,404),(1863,405),(12268,406),(11954,1309),(11999,1310),(12649,1311),(12847,1312),(12257,1409),(13758,1410),(12045,1411),(13415,1412),(13317,1646),(14137,1647),(12489,1648),(12673,1649),(13407,1376),(12201,1377),(12120,1378),(13221,1379),(13127,1217),(13566,1218),(1854,1219),(13164,1220),(1749,1100),(12441,1101),(13500,1102),(12002,1103),(1757,543),(12701,544),(1843,545),(12897,546),(1955,450),(12180,451),(2233,452),(2205,453),(12739,916),(13847,917),(8782,918),(2247,919),(13702,1380),(1791,1381),(13539,1382),(12702,1383),(1735,1614),(12984,1615),(12549,1616),(13183,1617),(13571,1574),(1720,1575),(8727,1576),(13821,1577),(12284,165),(12726,166),(12907,167),(2253,168),(12598,173),(13112,174),(2213,175),(2226,176),(1934,343),(13239,344),(12525,345),(13707,346),(14243,596),(14053,597),(14159,598),(12885,599),(1948,1802),(13978,1803),(1672,1804),(2280,1805),(1763,1686),(13088,1687),(2007,1688),(1996,1689),(12765,920),(1904,921),(13811,922),(13805,923),(12545,1433),(14034,1434),(12924,1435),(8795,1436),(12573,1049),(1739,1050),(2240,1051),(2089,1052),(13390,1115),(13788,1116),(8793,1117),(14068,1118),(13962,1057),(13153,1058),(12003,1059),(2196,1060),(13712,352),(1824,353),(1838,354),(2251,355),(1721,1767),(12356,1768),(12363,1769),(2257,1770),(13166,1568),(1641,1569),(13640,1570),(12330,1571),(12238,1244),(12049,1245),(14222,1246),(1710,1247),(13381,530),(13344,531),(13886,532),(1726,533),(12565,1372),(2272,1373),(13292,1374),(1825,1375),(13723,827),(12760,828),(13206,829),(12519,830),(13304,1155),(13208,1156),(12004,1157),(2064,1158),(13175,687),(12930,688),(12652,689),(14000,690),(13556,1262),(2118,1263),(1727,1264),(2244,1265),(2180,1342),(1837,1343),(1640,1344),(2072,1345),(2094,1795),(1930,1796),(2070,1797),(1740,1798),(1821,207),(2111,208),(2264,209),(1636,210),(1627,1753),(2201,1754),(1954,1755),(2288,1756),(8726,738),(2271,739),(1703,740),(1612,741),(1717,470),(2093,471),(13650,472),(11977,473),(1731,436),(13567,437),(12019,438),(12046,439),(2211,446),(12031,447),(12324,448),(12633,449),(12837,1564),(13089,1565),(13863,1566),(2153,1567),(13172,1367),(13018,1368),(12857,1369),(12746,1370),(13057,848),(12751,849),(14135,850),(12956,851),(2014,937),(13031,938),(1744,939),(12047,940),(11997,1283),(13570,1284),(12636,1285),(12909,1286),(12344,1655),(1832,1656),(13143,1657),(1800,1658),(1812,509),(2283,510),(12692,511),(13690,512),(2028,1253),(1952,1254),(1897,1255),(1604,1256),(1878,104),(1907,105),(1990,106),(1877,107),(13784,1481),(1644,1482),(1961,1483),(13234,1484),(12437,604),(13474,605),(2141,606),(1876,607),(2121,1213),(2128,1214),(1706,1215),(2087,1216),(2267,713),(1971,714),(2044,715),(2292,716),(1940,51),(1927,52),(2027,53),(2104,54),(13970,1845),(2081,1846),(1768,1847),(13588,1848),(1776,802),(12697,803),(13366,804),(2297,805),(1898,1146),(12815,1147),(13875,1148),(1613,1149),(2131,586),(2110,587),(2101,588),(12749,589),(1764,148),(12986,149),(13030,150),(14144,151),(13839,370),(13531,371),(13039,372),(1673,373),(12634,135),(1828,136),(2162,137),(13745,138),(11990,811),(1772,812),(2061,813),(12144,814),(1714,276),(1861,277),(1643,278),(1999,279),(1674,997),(12532,998),(12705,999),(14014,1000),(12027,1274),(12614,1275),(12130,1276),(2130,1277),(13609,55),(1629,56),(13346,57),(13794,58),(13331,82),(1792,83),(13451,84),(13196,85),(12259,704),(1660,705),(1626,706),(12434,707),(2224,1631),(13165,1632),(12445,1633),(12226,1634),(14016,1150),(12423,1151),(12510,1152),(1858,1153),(13752,157),(1850,158),(2030,159),(12108,160),(2229,169),(2207,170),(2071,171),(14035,172),(13421,1180),(12227,1181),(1638,1182),(14003,1183),(12294,1519),(13696,1520),(2170,1521),(1888,1522),(12306,239),(2276,240),(2058,241),(13680,242),(1827,1270),(13109,1271),(13010,1272),(14139,1273),(13957,844),(12232,845),(12946,846),(14180,847),(1923,1053),(13106,1054),(12236,1055),(13083,1056),(14238,1736),(12931,1737),(13611,1738),(12942,1739),(12635,779),(13837,780),(13973,781),(13005,782),(2161,108),(12905,109),(12415,110),(1892,111),(13683,835),(12103,836),(1926,837),(2248,838),(1781,427),(1901,428),(2295,429),(12975,430),(1666,1295),(13568,1296),(12377,1297),(13533,1298),(13070,691),(2259,692),(1713,693),(12710,694),(13633,1515),(13385,1516),(1867,1517),(12493,1518),(12780,982),(13193,983),(2116,984),(12724,985),(13363,1763),(12995,1764),(13763,1765),(1745,1766),(12752,1036),(13438,1037),(13184,1038),(12304,1039),(12424,1816),(12502,1817),(1866,1818),(12288,1819),(13202,750),(13247,751),(13462,752),(12279,753),(13420,1077),(13586,1078),(13131,1079),(12163,1080),(13641,1663),(14096,1664),(12064,1665),(1680,1666),(13530,762),(13242,763),(1722,764),(12224,765),(12954,1081),(12910,1082),(13174,1083),(2025,1084),(13161,1697),(14043,1698),(1634,1699),(12408,1700),(2115,770),(14046,771),(1691,772),(13140,773),(8730,1073),(12943,1074),(13591,1075),(12640,1076),(12976,474),(8725,475),(8724,476),(8723,477),(8722,766),(8721,767),(8720,768),(8719,769),(8718,1133),(8717,1134),(8716,1135),(8715,1136),(8714,758),(8713,759),(8712,760),(8711,761),(8710,1536),(8709,1537),(8708,1538),(8707,1539),(8706,1597),(8705,1598),(8704,1599),(8703,1600),(8702,726),(8701,727),(8757,728),(8756,729),(8754,1221),(8755,1222),(8753,1223),(8752,1224),(8750,1771),(8751,1772),(8748,1773),(8749,1774),(8746,1061),(8747,1062),(8745,1063),(8744,1064),(8743,1401),(8741,1402),(8742,1403),(8740,1404),(13750,1176),(12586,1177),(13679,1178),(13748,1179),(1795,960),(2068,961),(13032,962),(12889,963),(12852,482),(1751,483),(13272,484),(13442,485),(13933,490),(13416,491),(13790,492),(12585,493),(1851,946),(1752,947),(11982,948),(14227,949),(12026,1838),(14230,1825),(13762,1826),(2148,1827),(12518,1828),(13659,1829),(14048,1069),(13081,1070),(12176,1071),(13613,1072),(13523,1830),(14118,1831),(14117,1832),(1968,1833),(1662,1834),(1988,1835),(1681,1836),(2154,1837),(1869,1839),(1943,1840),(2012,1841),(14115,1842),(13006,1844),(1688,565),(2234,566),(2010,567),(14112,568),(2262,1849),(13386,1850),(1945,1853),(14106,1854),(14105,1855),(2122,1856),(1623,1857),(11978,1859),(13800,1860),(12619,1861),(13735,1862),(14121,1864),(13478,1865),(2242,1866),(2020,1867),(1868,1863),(13117,1868);

--
-- Table structure for table `team`
--

CREATE TABLE `team` (
  `name` varchar(36) NOT NULL DEFAULT '',
  `city` varchar(26) DEFAULT NULL,
  `state` varchar(26) DEFAULT NULL,
  `country` varchar(26) NOT NULL DEFAULT '',
  `class` char(2) NOT NULL DEFAULT '',
  `ala` tinyint(1) NOT NULL DEFAULT '0',
  `sponsors` varchar(255) DEFAULT NULL,
  `anecdote` mediumtext,
  `fee_paid` decimal(9,2) DEFAULT NULL,
  `online_reg` tinyint(1) NOT NULL DEFAULT '0',
  `payment_type` char(2) DEFAULT NULL,
  `username` varchar(8) DEFAULT NULL,
  `password` varchar(8) DEFAULT NULL,
  `admin_notes` varchar(255) DEFAULT NULL,
  `song_title` varchar(50) DEFAULT NULL,
  `song_artist` varchar(50) DEFAULT NULL,
  `number_of_riders` int(3) DEFAULT NULL,
  UNIQUE KEY `team_pkey` (`name`)
) ENGINE=MyISAM DEFAULT CHARSET=latin1;

--
-- Dumping data for table `team`
--

INSERT INTO `team` VALUES ('Metal Cowboys','Longmont','CO','USA','MS',0,'None','Chris Madden \015\012Jeremy Griess \015\012Mike Rytel \015\012A.J. Fischer',510.00,1,'CC','madden','avenger','',NULL,NULL,NULL),('Scalded Monkeys','Denver','CO','USA','MS',0,'','',510.00,1,'CC','jctune','password','',NULL,NULL,NULL),('Dirt Rag','Pittsburgh','PA','USA','5P',0,'','',0.00,0,'CK','mtierney','dirtrag','',NULL,NULL,NULL),('North Bend Hammerheads','North Bend','WA','USA','MV',0,'','',500.00,0,'CK','kpaauw','hamheads','',NULL,NULL,NULL),('Bramayama','Seattle','WA','USA','5P',0,'','',635.00,1,'CC','trankin','bwana1','',NULL,NULL,NULL),('bramabanana','Cedar Crest','NM','USA','MS',0,'','',510.00,1,'CC','trankin2','bwana2','',NULL,NULL,NULL),('Borges, Marty D.','Pagosa Springs','CO','USA','M1',0,'A strong spirit','I have been a professional river, trail and climbing guide in Grand Canyon National Park for over 25 years.  I have done a number of long distance tours in the 80\'s including The Diablo Wheelman Super tour with Tom Richiey as a participent.',310.00,1,'CC','mborges','oneridin','',NULL,NULL,NULL),('Willie Hurl','Seattle','WA','USA','MV',0,'None','Hey, we just want to finish :-)',510.00,1,'CC','WillieH','hurl03','',NULL,NULL,NULL),('Nocturnal Mission','Highlands Ranch','CO','USA','5P',0,'','It\'s all about the dream!',625.00,0,'CK','scole','mission','',NULL,NULL,NULL),('Golden Sports Re-Cyclery','Golden','CO','USA','MV',0,'Golden Sports Re-Cyclery','One former downhill mountain bike racer and multi-24-hr of Moab participant, who owns his own mountain bike business.  Three additional bikers in their 40s, who are active outdoor enthusiasts.  Their occupations vary from painting business owner, to renewable energy system reseller to computer programming business owner.',510.00,1,'CC','Grud3n','Woody24','',NULL,NULL,NULL),('Last Year\'s Winning Team','Palo Alto','CA','USA','MS',0,'','We have two riders from California, one rider from Pennsylvannia and a New Yorker!  We\'ve raced a lot at Snowshoe and are really pysched to be out of the mud!',510.00,1,'CC','lastyear','kansas','',NULL,NULL,NULL),('Bike Geeks','jackson','WY','USA','MS',0,'','',510.00,1,'CC','sneison','foes12','',NULL,NULL,NULL),('Go Slo/EDAW','Fort Collins','CO','USA','5P',0,'','',635.00,1,'CC','tgoslo','freeride','',NULL,NULL,NULL),('Wheels Into The Sun','Boulder','CO','USA','MS',0,'','',510.00,1,'CC','jgcmoa','jgc69moa','',NULL,NULL,NULL),('Wheels Over Heels','Fort Collins','CO','USA','MS',0,'','This will be our first trip as a team to 24 hrs, though we\'ve been to Moab plenty over the past.  Oh yeah, and we\'ll be slower than the Screamin\' Perineums, our nemes... err friends :-), but are expecting to have fun and keep our wheels on the ground and bodies off the ground!',510.00,1,'CC','wheels','woh$FC.c','',NULL,NULL,NULL),('3 Legged Coyotes & the Goddess','Denver','CO','USA','5P',0,'Budweiser, Coors, New Belgium Brewery... hhhmmm, actually, we just drink their beer.','\"\"It Ain\'t No Thing But a Chicken Wing\"\"',635.00,1,'CC','spalomo','Corella','',NULL,NULL,NULL),('720Sports.com','Denver','CO','USA','MS',0,'720Sports.com','Cyclists from Denver just wanting to have some fun and punish ouselves at the same time.',510.00,1,'CC','720sport','craisin','',NULL,NULL,NULL),('Fine Whine','Madison','NJ','USA','5P',0,'','Team Fine Whine is back again for the third year in a row.  Cherie and Chip from the 2001/2002 Teams are expecting a \"little mountain biker\" in October, so we have drafted Dawn and Bob as Fine Whiners for 2003!',635.00,1,'CC','matthews','lombardi','',NULL,NULL,NULL),('Juarez, David t.','Downey','CA','USA','M1',0,'Siemens Mobile Cannondale','Munich Germany is were Siemens mobile is from',310.00,1,'CC','0-dhx9dM','x1xr91wW','',NULL,NULL,NULL),('Start Slow & Taper Off','Arvada','CO','USA','MS',0,'Sign-A-Rama Northglenn Colorado','Too old, too fat, but to proud to say shoulda, coulda, woulda',510.00,1,'CC','Douglas','Aaronb','',NULL,NULL,NULL),('SideTracks','Golden','CO','USA','MS',0,'','',510.00,1,'CC','eturkal','hermetic','',NULL,NULL,NULL),('The Donkeys','Boulder','CO','USA','MS',0,'','',510.00,1,'CC','donkeys','colorado','',NULL,NULL,NULL),('Dazed and Confused','San Francisco','CA','USA','5P',0,'','',625.00,0,'CK','nwickes','dazed1','',NULL,NULL,NULL),('Numb & Number','All Over','','USA','5P',0,'Me And You And A Dog Named Boo','I feel pretty, \015\012Oh, so pretty, \015\012I feel pretty and witty and bright! \015\012And I pity \015\012Any girl who isn\'t me tonight.',635.00,1,'CC','number','numbest','',NULL,NULL,NULL),('Dill, Ronald G.','Littleton','CO','USA','M1',0,'','A soloist from team Friends of Ed.  WE raced at Canaan several years including the last year it was at Canaan.  Now I am going solo again after a few years of not racing.  My moto is...just make little circles with your feet eventually you will get there!',310.00,1,'CC','rdoffoe','98coda','',NULL,NULL,NULL),('El Chupacabra','Tucson','AZ','USA','MS',0,'Kingfisher Restaurant','For the first time in this millenia the four amigos of the divine solar light will land, rubber down, in Moab.  Intentions to justify the need for pizza and Guinness at 2 AM will be met and no prisoners will be taken. Three states and four different lactate thresholds will be submitted for the viewing pleasure of all.',510.00,1,'CC','elchupa','cabras','',NULL,NULL,NULL),('Bulbulim','Albuquerque','NM','USA','MS',0,'','',510.00,1,'CC','simcha','shasta','',NULL,NULL,NULL),('Anvari Single Speeders','Denver','CO','USA','SR',0,'Anvari Construction Company','All are new to the single speed thing.  None of us, at this time, have a completed single speed bicycle.  So, it should be interesting.',510.00,1,'CC','drumm02','Ass2003','',NULL,NULL,NULL),('R.A.T.','Phoenix','AZ','USA','5P',0,'Blood, sweat, and tears.','Group of desert dwellers emerging from under their rocks in an attempt to beat a path to glory(or at least finish).',635.00,1,'CC','rishmart','moab03','',NULL,NULL,NULL),('4 Guts and a Girl','Aspen','CO','USA','5P',0,'','By the way, Mike\'s running.',635.00,1,'CC','Turner1','Atomic','',NULL,NULL,NULL),('High Street Hillbillies','Carrboro','NC','USA','MS',0,'','',510.00,1,'CC','bnorcros','wahoo1','',NULL,NULL,NULL),('Four Cranks No Wench','Salt Lake City','UT','USA','MS',0,'TeAm BIg BuTt - road...snow...dirt...you name it we\'ll put our butts on it','Look Good\015\012Try not to bleed profusely',510.00,1,'CC','smartin','teambigb','',NULL,NULL,NULL),('Tenemos Mas Huevos','Colorado Springs','CO','USA','MS',0,'Lewisport','2 more riders mas huevos to go around',510.00,1,'CC','huevos','tenemos','',NULL,NULL,NULL),('Two Fat, Tyred & Cranky','Salt Lake City','UT','USA','MV',1,'The Boeing Company.\015\012\015\012\"If it ain\'t Boeing, I ain\'t going\"','Hmmmmmm? Wedding... Bike Race...Wedding... Bike Race... Hmmmmmm? Seems like a no-brainer, Right? Vinnie... What are you thinking? \015\012Temecula 2004 - Mark it off!',0.00,0,'CK','troynye','flyhigh','',NULL,NULL,NULL),('Nor\'easter','Salt Lake City','UT','USA','MS',0,'','Old hacks who can\'t seem to give it up',510.00,1,'CC','slchome','rehab67','',NULL,NULL,NULL),('Dirt Therapy','Mesa','AZ','USA','MS',0,'St. Jude Medical','First time at this event.4 guys who ride the desert and mountains in and around Phoenix.',510.00,1,'CC','azridr','edmundz','',NULL,NULL,NULL),('The Sofa King\'s','Las Cruces','NM','USA','5P',0,'Our day jobs','None...yet!',635.00,1,'CC','sofaking','sofa03','',NULL,NULL,NULL),('Pedaling Squares','Park City','UT','USA','MS',0,'','',500.00,0,'CK','jerlund','pedaling','',NULL,NULL,NULL),('Kick Back Fat Cracks/Dixie Desert','St. George','UT','USA','MS',0,'','A bunch of wanna be mountain bikers that did this last year and had an awesome time!  We hope to better our times from last year without major trauma or rock rash to our svelte(?) bodies',510.00,1,'CC','Jonesy','phatty','',NULL,NULL,NULL),('PedalMasher.com','San Antonio','TX','USA','5P',0,'','You Mash\'em! We Film\'em!',635.00,1,'CC','vtcgeek','avaya123','',NULL,NULL,NULL),('Whiskey Dicks','Denver','CO','USA','MS',0,'Romania Software Services','',510.00,1,'CC','jromania','mapper','',NULL,NULL,NULL),('Dust Bunnies','Denver','CO','USA','WS',0,'','',500.00,0,'CK','johnnac','bunnies','',NULL,NULL,NULL),('The Chafetons','Jackson Hole','WY','USA','MS',0,'Edward Jones, Cannell Capital, and Jupiter Research','\"We come soft, we ride hard, and we leave sore.\"',510.00,1,'CC','chafeton','killtall','',NULL,NULL,NULL),('The Mullets','Basalt','CO','USA','5P',0,'Trailhead Technologies, Inc.','We love our Mullets!!!',635.00,1,'CC','mikesch','Mallard6','',NULL,NULL,NULL),('Sierra Trading Post','Denver','CO','USA','MS',0,'Sierra Trading Post','',510.00,1,'CC','tracew','miloww','',NULL,NULL,NULL),('Green 2 Go','Boulder','CO','USA','MS',0,'Rudy Project, Speaker City','\"Walk it off Weeksie, walk it off ...\"',510.00,1,'CC','gboyes','hokies','',NULL,NULL,NULL),('The Blazing Saddle Sores','Park City','UT','USA','MV',0,'','3 average guys from Park City, and one MD from Salt Lake who will be available to lance our sores.',510.00,1,'CC','jackie','dainton1','',NULL,NULL,NULL),('JACK-O-PIGLET Racing','FORT MORGAN','CO','USA','DP',0,'MORGAN COUNTY SIGNS\015\012FAIRCHILD/POGORELZ SUPPORT SYSTEMS','Since you asked, Team Jack-o-Piglet is the result of two middle-aged, short bald guys with whimsical animal nicknames and over active imaginations and understanding families. One Jackalope, all around fast guy for the first 100 yards, and one Piglet, first to the feed trough. Now you know.',450.00,1,'CC','BALLHEIM','SIGNGUY','',NULL,NULL,NULL),('24 Happy Hours Team','Salt Lake City','UT','USA','5P',0,'','',635.00,1,'CC','0-6r20mK','x1xuQxT7','',NULL,NULL,NULL),('And miles to go before I sleep','Fort Collins','CO','USA','5P',0,'','Five anecdoteless riders who have teamed up to race in Moab.',635.00,1,'CC','jeff24hm','p80439','',NULL,NULL,NULL),('Willie Bonk','Kirkland','WA','USA','MV',0,'','3 Guys from Seattle and 1 from Bend, OR.',510.00,1,'CC','mreeve','helpme','',NULL,NULL,NULL),('Reposado','Santa Fe','NM','USA','5P',0,'Outside magazine, Muscle and Fitness magazine, GU','',635.00,1,'CC','reposado','outside','',NULL,NULL,NULL),('Bolen, Timothy C.','Phoenix','AZ','USA','M1',0,'Landis Cyclery, Trek, Peak Physical Therapy, Terrain Systems, Palm Coast Printing','This year I ride for Chances For Children, a non-profit organization that assists with helping Arizona children.\015\012Plus I need the hard body back for my wife!!  She\'s still hot and I\'m not!!!',310.00,1,'CC','tbolen','spectra','',NULL,NULL,NULL),('PPPSSSHHH','Scottsdale','AZ','USA','MS',0,'','',510.00,1,'CC','jthill','3dives','',NULL,NULL,NULL),('Great Adventure','Breckenridge','CO','USA','ME',0,'Valdez Architect','',510.00,1,'CC','chanley','alaska1','',NULL,NULL,NULL),('1/2 Rat Pack','Aspen','CO','USA','DP',0,'','',450.00,1,'CC','ratpack','pinenut','',NULL,NULL,NULL),('The Lone Riders','Boulder','CO','USA','MS',0,'','4 college students from boulder',510.00,1,'CC','kerins','mike8286','',NULL,NULL,NULL),('Mitchell & Company','Aspen','CO','USA','MS',0,'KBCo, The Polarized Lens Company; Mitchell & Company','',510.00,1,'CC','mitchell','aspen1','',NULL,NULL,NULL),('Persephone at Dawn','Salt Lake City','UT','USA','WV',0,'','The Midwest meets Moab... all team members are traveling from Michigan/Ohio with the exception of the team captain who moved to SLC one year ago.  With a variety of 24 hour race experience (0 experience to mulitple years at Snowshoe) we\'re looking forward to the challenges this race has to offer - sand, rocks, sand, rocks, sand, rocks... (where is the mud and tree roots??!!).  One benefit:  cold weather riding... yes, in Michigan it\'s cold and winter riding is necessitated by the 3 weeks of summer we get there.  One additional challenge is the altitude (there is altitude in Moab isnt there??)  Well, if it\'s over 50 feet above sea level it\'s all altitude to us!!  Ah, yes... the Midwest meets Moab.',500.00,0,'CK','kkendall','kmillar','',NULL,NULL,NULL),('Quadramaniacs','Salt Lake City','UT','USA','MS',0,'','',500.00,0,'CK','bwalton','maniacs','',NULL,NULL,NULL),('Landis Cyclery','Tempe','AZ','USA','DP',0,'','',450.00,1,'CC','panda7','indiglo','',NULL,NULL,NULL),('No Shift Sherlock','Provo','UT','USA','SR',0,'Pharmanex\015\012Cognis','We were originally going to name our team after our sponsor to give them some recognition, but when Bill came up with \"No Shift Sherlock\" for a singlespeed team name, we decided we couldn\'t let that one get away.  Now all we need are some singlespeed bikes and the energy to move them.',510.00,1,'CC','cognis','pharmane','',NULL,NULL,NULL),('Desert Derelicts','Albuquerque','NM','USA','MS',0,'Kokopelli Bike & Board, Cortez Colorado','Year 2:We\'re still not good-looking, and we\'re still slow.',510.00,1,'CC','jimwerk','huskers','',NULL,NULL,NULL),('The Bottom Brackets','Fort Collins','CO','USA','5P',0,'','',635.00,1,'CC','basalay','maddog','',NULL,NULL,NULL),('Dean, James P.','Fairplay','CO','USA','M1',0,'Mountain Sports Outlet, Gary Fisher, my Wife','',310.00,1,'CC','jamesd4','fairplay','',NULL,NULL,NULL),('Onedergirls','Arlington','VA','USA','SR',0,'Wildflowermtb.com','single (speed) girls...',510.00,1,'CC','ndevore','oneder','',NULL,NULL,NULL),('TellurideStyle','Telluride','CO','USA','MS',0,'TellurideStyle Magazine','Third year 24 hr Moab - Race hard and have great time.  Last year 7th in catagory - need to get 18 laps - (O\'Malley - you better ride harder!)',510.00,1,'CC','Bushman','shrubs','',NULL,NULL,NULL),('Chivo Loco','Denver','CO','USA','MS',0,'TeAm BIg BuTt - road...dirt...snow...you name it we\'ll put our butts on it...','www.teambigbutt.com',510.00,1,'CC','Chivos','Bigbutt','',NULL,NULL,NULL),('Rusticate','Salt Lake City','UT','USA','MS',0,'','Two carnivores and two leaf eaters.',510.00,1,'CC','jeffbutl','Jakbutt','',NULL,NULL,NULL),('OSOLAZY','Golden','CO','USA','5P',0,'ASR,LLC','',635.00,1,'CC','Shamus','MCNUTT','',NULL,NULL,NULL),('The Derailed Princesses','Boulder','CO','USA','5P',0,'','',635.00,1,'CC','princess','boulder','',NULL,NULL,NULL),('Synergy','Avon','CO','USA','5P',0,'Bicycle Village, Specialty Sports, Coors, Gatorade','Rec riders without a clue, but lots of sponsors.',635.00,1,'CC','synergy1','michael','',NULL,NULL,NULL),('Basinger, Peter E.','Anchorage','AK','USA','M1',0,'None','',310.00,1,'CC','pbasinge','3454721','',NULL,NULL,NULL),('Radscheune Erfurt (Bike Barn)','Erfurt','','Germany','5P',0,'','',635.00,1,'CC','bikebarn','erfurt','',NULL,NULL,NULL),('Four Sausages and a Doughnut','Boulder','CO','USA','5P',0,'National Flood Research, Pharmaca Integrative Pharmacy, technetrics.com, freshfishgraffix.com, soulswirl.com','',635.00,1,'CC','4SandD','DONTH8','',NULL,NULL,NULL),('One Lap Wonders','Denver','CO','USA','MS',0,'Willing Wives','Just four guys who cant get enough pain.',510.00,1,'CC','jkraus','u8jjav','',NULL,NULL,NULL),('Ride\'her Down','Denver','CO','USA','MS',0,'','',510.00,1,'CC','Rideher','gogetem','',NULL,NULL,NULL),('Smells Like Lobster','Boulder','CO','USA','MS',0,'','',510.00,1,'CC','hedman','lobster','',NULL,NULL,NULL),('Colonel Angus','Golden','CO','USA','MS',0,'','Bo Butters will be waiting on the course with kisses for Dirk and slobber for Cuttitta!',510.00,1,'CC','sstricke','mountain','',NULL,NULL,NULL),('Mattingly, Kelley M.','Basalt','CO','USA','W1',0,'none.','',310.00,1,'CC','Kelley','dinkhead','',NULL,NULL,NULL),('Frisco Boys','Frisco','CO','USA','MS',0,'','',510.00,1,'CC','hunter','hunter1','',NULL,NULL,NULL),('Jeet Yet? / Chipotle','Denver/Boulder','CO','USA','SR',0,'Chipotle Mexican Grill','There\'s a fine line between difficult and stupid.',510.00,1,'CC','wweeks','limeston','',NULL,NULL,NULL),('Eurovan Trash','Golden','CO','USA','MS',0,'','',510.00,1,'CC','eurovan','spider','',NULL,NULL,NULL),('MLT Providers','Salt Lake City/ Park City','UT','USA','MS',0,'MLT Providers','',510.00,1,'CC','mltpro','pimpin','',NULL,NULL,NULL),('barley, malt and bunny hops','denver','CO','USA','5P',0,'','most likely the only team qualifed for handicap parking',635.00,1,'CC','gordon','beerteam','',NULL,NULL,NULL),('Basil Cells','Vail','CO','USA','MS',0,'Sweet Basil Restaurant in Vail Village','Have fun and finish strong. Starting families and getting a little older, but we can still play like we\'re 21, even if our wifes don\'t see it that way all the time.',510.00,1,'CC','mikemo','sweetb','',NULL,NULL,NULL),('Lapdogs V','Salt Lake City','UT','USA','MV',0,'','',510.00,1,'CC','lapdog','modebly','',NULL,NULL,NULL),('Pritchard, Michael D.','Aspen','CO','USA','M1',0,'Aspen Bike Tours','Yeah!!! I can\'t wait!!!  bike+hot+hills+sand+rocks+\015\012beautiful sunset+dark+cold+rain+snow+tired+focus+\015\012sunrise!+breakfast+delerious smiles+\"one-more-lap\"=one amazing 1/365th of a year!',310.00,1,'CC','michael','laura21','',NULL,NULL,NULL),('Bike Me','Montauk','NY','USA','5P',0,'','',635.00,1,'CC','eastend','downhill','',NULL,NULL,NULL),('Four Cogs and a Brunette','Littleton','CO','USA','5P',0,'','',625.00,0,'CK','kminardi','fourcogs','',NULL,NULL,NULL),('Wise, Paul','Layton','UT','USA','M1',0,'Visa','',300.00,0,'CK','paulwise','oneridin','',NULL,NULL,NULL),('Screaming Scrotums 5','Park City','UT','USA','5P',0,'','',625.00,0,'CK','awindle','screamin','',NULL,NULL,NULL),('Jones, Kevin','Basalt','CO','USA','M1',1,'','',0.00,0,'CK','kjones','soloman','',NULL,NULL,NULL),('Screaming Alveoli','Park City','UT','USA','MS',1,'','',0.00,0,'CK','rettmann','hotlungs','',NULL,NULL,NULL),('Glow Ride','Reno','NV','USA','5P',1,'','',0.00,0,'CK','anderson','literide','',NULL,NULL,NULL),('Sleep Apnea Relapse','Littleton','CO','USA','DP',0,'Arapahoe Cyclery\015\012Culi Services','You can go further than you think you can...',450.00,1,'CC','brucerob','kelrob','',NULL,NULL,NULL),('Fattire Fishermen','Tucson','AZ','USA','5P',1,'','',0.00,0,'CK','tlawlor','fattires','',NULL,NULL,NULL),('Teamboat','Steamboat','CO','USA','WS',1,'','',0.00,0,'CK','julief','galsride','',NULL,NULL,NULL),('Whistler Wizards','Kasson','MN','USA','MS',0,'','',510.00,1,'CC','denver','whistler','',NULL,NULL,NULL),('Cyclelogically Bent','Johnson City','TN','USA','DP',1,'','',0.00,0,'CK','schuete','2ridin','',NULL,NULL,NULL),('Mad Dog #3','Orem','UT','USA','5P',0,'Mad Dog Cycles, Jamba Juice, AmBank','',625.00,0,'CK','glongson','maddog3','',NULL,NULL,NULL),('Mad Dog #4','Orem','UT','USA','MS',0,'Mad Dog Cycles, Jamba Juice, Summit Graphics, Tommy Knocers Jewelry, Powerbar','',500.00,0,'CK','mikemuir','maddog4','',NULL,NULL,NULL),('Mad Dog #2','Orem','UT','USA','MV',0,'Mad Dog Cycles, Jamba Juice, AmBank, Tommy Knockers Jewelry, Summit Graphics, Saturn of Utah, Tobler Dentistry, Powerbar.','Our only goal is to beat the other teams in our division who have Sandbagging Experts riding for them. You know who you are, more importantly, WE know who you are!',500.00,0,'CK','kpayne','maddog2','',NULL,NULL,NULL),('M.O.T.o.R. Mayhem','Muscatine','IA','USA','MS',0,'','',510.00,1,'CC','jeremy','oepping','',NULL,NULL,NULL),('Holy Rollers','Denver','CO','USA','5P',0,'International Christian Cycling Club (ICCC)','God forgives... Rocks don\'t.',635.00,1,'CC','mdtaylr1','janm@716','',NULL,NULL,NULL),('Halusky','Bratislava','NC','Slovakia','MS',0,'','We are team of slovak MDs living in USA',510.00,1,'CC','jkriska','halusky','',NULL,NULL,NULL),('RMCEF','Littleton','CO','USA','MJ',0,'Peak to Peak Training Systems','',500.00,0,'CK','daniels','guysride','',NULL,NULL,NULL),('The Big Hole Riders','Victor','ID','USA','MS',0,'Pabst Blue Ribbon','',500.00,0,'CK','jeffries','pabst22','',NULL,NULL,NULL),('Crash and Burn','Las Vegas','NV','USA','MS',0,'','Yes, that\'s us that just passed you.',300.00,0,'CK','Clayton','thomas','',NULL,NULL,NULL),('Y-Riders LiL\' Pilsta-Starters','Boulder','CO','USA','MJ',0,'Y-Riders','We were al flying to Idaho when our plane ran out of fuel. We had to make an emergency stop in Norway, where we all became magicians. SNAP!!!!',500.00,0,'CK','rlarson','yriders3','',NULL,NULL,NULL),('Just 2 Shmoes','Colorado','','USA','DP',1,'','Through the very generous donations from our friends and family to the American Lung Association of Utah we will ride, ride, ride, ride, ride.......Thank you very much!',0.00,0,'CK','jerrymur','shmoesx2','',NULL,NULL,NULL),('Brinton, Craig','San Francisco','CA','USA','M1',0,'','',310.00,1,'CC','Stubborn','chainrin','',NULL,NULL,NULL),('SoBe/Cannondale','Provo','UT','USA','CP',0,'SoBe,Cannondale, Shimano, Smith, Mavic, Conntinental, Gu, Cat Eye, Bell Sports, Marmot, Pedro\'s, Teva, Ritchey, Fizik, DT Swiss Inc.','',810.00,1,'CC','Sobeteam','climber','',NULL,NULL,NULL),('The Four Horsemen','Boise','ID','USA','CD',0,'Death, Destruction, Famine, Pestilence','Sand, Rocks, Freezing Temps, Sleep Deprivation...Good Times.',510.00,1,'CC','moabfour','4horse','',NULL,NULL,NULL),('FUBAR','Longmont','CO','USA','5P',0,'','',635.00,1,'CC','FUBAR1','FUBAR!','',NULL,NULL,NULL),('8 Nuts & A Luna Chic','Boulder','CO','USA','5P',0,'Clif Bar','May contain traces of other nuts...',635.00,1,'CC','8nutsos','1Lunachi','',NULL,NULL,NULL),('Oleson, Chad R.','Crested Butte','CO','USA','M1',0,'HandleBar & Grill','',310.00,1,'CC','crussell','white5','',NULL,NULL,NULL),('Aspire','Mancos','CO','USA','5P',0,'','',510.00,0,'CC','sdavis','aspire','',NULL,NULL,NULL),('Kobe\'s jury','Avon','CO','USA','ME',0,'Mountain Pedaler & The Kind Cyclist','',510.00,1,'CC','lorend','ropeit','',NULL,NULL,NULL),('Digger and The Endos','Denver','CO','USA','MS',0,'','',510.00,1,'CC','kpfaff','konakula','',NULL,NULL,NULL),('Lane, Geoffrey A.','PARK CITY','UT','USA','M1',1,'BLACK DIAMOND EQUIPMENT, LTD. & the entire Lane family.','',310.00,1,'CC','geoffrey','funride','',NULL,NULL,NULL),('KC and the Tall Shine Band','San Francisco','CA','USA','5P',0,'','KIR: Always strive to\015\012Keep\015\012It\015\012Running',635.00,1,'CC','indeeds','welcomes','',NULL,NULL,NULL),('Tokyo Joes/Vail Summit Ortho','Breckenridge','CO','USA','WE',0,'Tokyo Joes, Vail Summit Orthopaedics & Sports Medicine','',500.00,0,'CK','ladawns','joeschik','',NULL,NULL,NULL),('G.A.S.','Big Sky','MT','USA','ME',0,'Gallatin Alpine Sports','',500.00,0,'CK','towen','bigsky','',NULL,NULL,NULL),('Old Dogs (Mad Dog #5)','Park City','UT','USA','MM',0,'Mad Dog Cycles, Orem, UT','',500.00,0,'CK','billdark','olddogs','',NULL,NULL,NULL),('Rim Cutters','Moab','UT','USA','5P',0,'','',0.00,0,'CK','hotmatt','rimtours','',NULL,NULL,NULL),('Beaver Liquors','Denver','CO','USA','MV',0,'Beaver Liquors, Beaver Creek, Colorado','Old guys just doing what they can!!',510.00,1,'CC','watkg01','gary4fun','',NULL,NULL,NULL),('Spacely Sprockets','Moab','UT','USA','5P',0,'Miguel\'s Baja Grill, Riverside Plumbing','This spaced-out group met online in the racer message board and combines Eastern experience and Western attitude into a fun and wacky team.',635.00,1,'CC','Spacely','gr8race','',NULL,NULL,NULL),('Fatt Chance','Alpine','UT','USA','MS',0,'','Three vets and a Moab virgin.',510.00,1,'CC','AlanMac','mac1227','',NULL,NULL,NULL),('Podium Free','Flagstaff','AZ','USA','DP',0,'','',450.00,1,'CC','akbman','cougar','',NULL,NULL,NULL),('Teem Slim','Vail','CO','USA','MS',0,'','',510.00,1,'CC','teemslim','devo16','',NULL,NULL,NULL),('Breckenridge Ski Resort','Breckenridge','CO','USA','5P',0,'Breckenridge Ski Resort, Great Adventure Sports','Looking to finish the night laps with some battery charge left in lighting system and seeing how much we have learned from last year after doing 5 24hr races since moab last year.',635.00,1,'CC','team24','2dogwein','',NULL,NULL,NULL),('Boulder TNR','Boulder','CO','USA','5P',0,'','',635.00,1,'CC','bldtnr1','winner','',NULL,NULL,NULL),('Lube This!','Marietta','GA','USA','MS',0,'','',510.00,0,'CC','mbroyles','goodlube','',NULL,NULL,NULL),('High Maintenance','Vail','CO','USA','WE',0,'Maybe it\'s, Maybelline','',510.00,1,'CC','moab03','wija03','',NULL,NULL,NULL),('Colorado Alliance','Colorado Springs/Durango','CO','USA','MM',0,'Colorado Cyclist,Garden of Gods Breakfast Club,Pikes Peak Velo, Mad Dog Media, Durango Wheel Club','We represent four different clubs in Colorado but have banded together with one goal, and Larry is willing to crack the whip.',510.00,1,'CC','kmcgrew','ccggbc','',NULL,NULL,NULL),('Duke, Benjamin P.','Steamboat Springs','CO','USA','M1',0,'','',300.00,0,'CK','bduke','soloride','',NULL,NULL,NULL),('Four Nuts on a Bike','Boulder','CO','USA','DP',0,'','',450.00,1,'CC','tnasky','tuna0328','',NULL,NULL,NULL),('Aponi & 4 Buckaroos','Springdale','UT','USA','5P',0,'','',635.00,1,'CC','oetzmann','ridefast','',NULL,NULL,NULL),('Baker, Jonathan','Holladay','UT','USA','M1',1,'Pennie & Edmonds LLP of New York, NY (Fine Intellectual Property Law Firm), TimberWorks of Crested Butte, CO (Fine Log Home Construction), Gabriel\'s Restaurant of Sedalia, CO (Fine Dining Northern Italian Cuisine),many Fine Families + Individuals for ALA','I will do anything for some fresh slickie.',0.00,0,'CK','jbaker','soloride','',NULL,NULL,NULL),('D\'Andrea, Pete M.','Basalt','CO','USA','M1',0,'','1st comp race and probably last.',310.00,1,'CC','dandrea','dandreas','',NULL,NULL,NULL),('Riders on the Storm','Summit','CO','USA','5P',0,'All Season Sports\015\012Kind Cyclist','We are a group of kids that live in the resort areas of the Colorado Rockies, and we love to ride our bikes!',635.00,1,'CC','janiss','kneessaa','',NULL,NULL,NULL),('Chambers, Cameron D.','Great Bend','KS','USA','M1',0,'Gary Fisher Bicycles\015\012Chiba Goloves\015\012Sport Legs','',310.00,1,'CC','Cameron','bicycles','',NULL,NULL,NULL),('Graysnburtis','Jonestown','PA','USA','MS',0,'','A pair of brothers.',510.00,1,'CC','graysnbu','rtisgray','',NULL,NULL,NULL),('i want my two dollars','englewood','CO','USA','MS',0,'mother earth, Jim Fleming at Columbia Capital,  Thanks Jim for keeping us warm!!','23 overall last year,  17 laps this year!!',510.00,1,'CC','hnoerdli','rideon','',NULL,NULL,NULL),('Steamboat Springs Slick Shifters','Steamboat Springs','CO','USA','5P',0,'','',635.00,1,'CC','sbd86r','ga8torz','',NULL,NULL,NULL),('Bocrambit Eleete','Denver','CO','USA','MV',0,'Boa Construction','just weekend warriors',510.00,1,'CC','alk922','maxine','',NULL,NULL,NULL),('Frank the Tank Experience','Denver','CO','USA','MS',0,'Chrome','',510.00,1,'CC','Frankie','Godwin86','',NULL,NULL,NULL),('Maverick Sports / Clammy Chamois','Breckenridge','CO','USA','5P',0,'Maverick Sports Promotions, Avid Brakes, Breckenridge Ski Area, Breckenridge Open Space and Trails Committee, Mountain Bike Little League, Auth Chiropractic, HMF (housin\' mutha f@#$*!s) Realty','We\'re here to have fun, test ourselves against the clock (not against other teams really,)and enjoy this great event and its \"we\'re all in this together\" feel. We\'ll also lend a hand when we can to Team Bontrager, back for the grubber match against the fellas from Vail in the men\'s masters class. Thanks Granny for putting on a great event (from folks who know what it takes to do just that.)',635.00,1,'CC','doslobos','cycles1','',NULL,NULL,NULL),('Honey Stinger Queen Bees','Steamboat Springs','CO','USA','WE',0,'Honey Stinger','',510.00,1,'CC','queenb','stinger','',NULL,NULL,NULL),('Ironclad- Blazing Saddles','Centennial','CO','USA','5P',0,'International Christian Cycling Club\015\012Black Sheep Bicycles\015\012Koobi Saddles','',635.00,1,'CC','blazing','54moab','',NULL,NULL,NULL),('Dolpp, Alexander','Auburn Hills','MI','USA','M1',0,'','',310.00,1,'CC','adolpp','bine96','',NULL,NULL,NULL),('Olson Plumbing and Heating','Santa Fe','NM','USA','MS',0,'Olson Plumbing and Heating, Phil Tubesing Enterprises','Team Motto:  We like our pants that way!',510.00,1,'CC','polson','plumbing','',NULL,NULL,NULL),('Baked and Ready','Durango','CO','USA','MS',0,'Alpine Acupuncture clinic','Raced last year under a different name and am ready to go!',510.00,1,'CC','skihard','ridehard','',NULL,NULL,NULL),('Fat Chickens','Summit','CO','USA','MJ',0,'Taylor Made Products','Fat Chickens ride faster',510.00,1,'CC','Chicken','chicken','',NULL,NULL,NULL),('Sedona My Face','Sedona','AZ','USA','MS',1,'Bike and Bean, Yippee Racing','',0.00,0,'CK','wgeurts','funguyx4','',NULL,NULL,NULL),('Chuchos de la Noche','Santa Fe','NM','USA','5P',0,'','There once were five dogs. They came from the street. They rolled through the urban blight, hopping from shadow to shadow, scrounging for their lives. Together, they became one of the most powerful forces on the planet. The Chuchos de la Noche will not be stopped. Assuming they can actually start.',635.00,1,'CC','neville','babsbabs','',NULL,NULL,NULL),('Myers, Doug','Ross','CA','USA','M1',0,'Trek, Specialized paying me to NOT ride their product.','Thought race was 24 MILES of Moab, my bad, I\'ll show anyway',310.00,0,'CC','dmyers','ridin24','',NULL,NULL,NULL),('Los Ellos Nuevos','Boulder','CO','USA','MS',0,'Amgen/Abici','We\'ll need Epogen after this...and a few burritos!',510.00,1,'CC','satowns','yetiMan1','',NULL,NULL,NULL),('Random Lunacy','Beaverton','OR','USA','MS',0,'','',510.00,1,'CC','Random','Lunacy','',NULL,NULL,NULL),('FueledbyPowerBarPoweredbyFlatulence','Albuquerque','NM','USA','MS',0,'Noel Company','Just a bunch of homeies from Los Alamos who want to rip up a 24 hour ride in Moab.',510.00,1,'CC','fletcher','a2276b33','',NULL,NULL,NULL),('Crank One Off','Grand Junction','CO','USA','5P',0,'Bicycle Outfitters, Inc.','We wanted to call ourselves \"Four Tubes and Two Boob\", but were outvoted by our female teammate.',625.00,0,'CK','pjmcgov','friends','',NULL,NULL,NULL),('SMVCO','Snowmass Village','CO','USA','5P',0,'','',625.00,0,'CK','bsmith','snowmass','',NULL,NULL,NULL),('The Lemmiwinks Experience','Eagle','CO','USA','MS',0,'','But your adventures are just beginning, for you are no ordinary gerbil, Lemmiwinks. You are the Gerbil King!Take with you this helmet and torch, let them be your guide.',510.00,1,'CC','JimmyC','crotchy','',NULL,NULL,NULL),('Wilson, Dawes','Vail','CO','USA','M1',0,'Moots, Pedal Power, Vail Sports Medicine','My next sponsorship will be the AARP. I turned fifty this year.',310.00,1,'CC','dawes24','aaaaaaaa','',NULL,NULL,NULL),('Team Novara','Denver','CO','USA','MS',0,'Rei-Denver','',500.00,0,'CK','bschneid','novara','',NULL,NULL,NULL),('Audios V.B.S.','Vail','CO','USA','MM',0,'Vail Bike Service','',500.00,0,'CK','gotthelf','studride','',NULL,NULL,NULL),('LAS VEGAS CYCLERY/ESCAPE ADVENTURES','LAS VEGAS','NV','USA','5P',0,'LAS VEGAS CYCLERY','ELVIS LIVES',635.00,1,'CC','JARED1','JARED2','',NULL,NULL,NULL),('MOAB CYCLERY/ESCAPE ADVENTURES','MOAB','UT','USA','5P',0,'MOAB CYCLERY','BUY STUFF AT MOAB CYCELRY!',635.00,1,'CC','DGOVE1','DGOVE2','',NULL,NULL,NULL),('Last Place','Boulder','CO','USA','MJ',0,'','This will be our fourth year doing 24 hours. The first two years we placed last, but last year our title was unfortunately stripped away from us. We placed second to last. This year we decided to revamp our team with a new team name and a strict diet of cigarettes and booze to ensure that we retake our title as the biggest losers in 24 hour racing.',500.00,0,'CK','asotkin','boysride','',NULL,NULL,NULL),('Joe\'s Wingmen','Aspen','CO','USA','ME',0,'Ajax Bike & Sports, Ajax Factory Team, Specialized','',510.00,1,'CC','jasonl','jl5592','',NULL,NULL,NULL),('Revolution Mtn Sports','Salt Lake City','UT','USA','5P',0,'','',635.00,1,'CC','revo12','bones12','',NULL,NULL,NULL),('knee length travel','moab','UT','USA','MS',0,'zeal optics, mountain hardwear, poison spider bikes, uncle tom','what team has eight thumbs and likes beejay\'s? these guys',510.00,1,'CC','zealopti','moab66','',NULL,NULL,NULL),('Seri Superstars','Boulder','CO','USA','DP',0,'student loans :)','Susan Caskey and Keri Brandt.',450.00,1,'CC','susancas','jake1625','',NULL,NULL,NULL),('Harris, David W.','Durango','CO','USA','M1',0,'Team 505 Trek\015\012Cottonwood Cycles, Farmington NM\015\012Highland Systems','OK, I\'ve dabbled in the team game, now its time for the real suffering to begin.  Moab will deliver!\015\012\015\012Oh yea, good luck to the 505 Durango Dogstingers.  I\'m really gonna miss hanging out with Lana while Andrew is slogging out another night lap...',310.00,1,'CC','harris','bikealot','',NULL,NULL,NULL),('Nachos with side of Guacamole','Dillon','CO','USA','MS',0,'','Trey is the splat of guacamole.',510.00,1,'CC','thomas','monkey','',NULL,NULL,NULL),('McDonald, Jack','Evergreen','CO','USA','M1',0,'Team Ironclad/International Christian Cycling Club, my wife Debbie, girls Megan and Caitlin, and sister Margaret.','',310.00,1,'CC','jmcd12','intense','',NULL,NULL,NULL),('leave it to the beav','vail','CO','USA','5P',0,'vail resorts','',635.00,1,'CC','grantm','beaver','',NULL,NULL,NULL),('Pinnacle Dental','Salt Lake City','UT','USA','DP',0,'Pinnacle Dental, LJ Cooper, Moab.com, First Response CPR','',450.00,1,'CC','dharris','august4','',NULL,NULL,NULL),('Sugar A/Clif Bar/White Pine Touring','Park City','UT','USA','WE',0,'White Pine Touring/Clif Bar/Gary Fisher/Smith','A group of 9 women dedicated to furthuring the development of Mtn Biking in the women\'s market, by providing instructional-group-based, non-competitive clinical rides for the community.  We are also extreme athletes placing in the top categories of our races.',510.00,1,'CC','kkotter','855131Ro','',NULL,NULL,NULL),('Race Now, Golf Later','Glenwood Springs','CO','USA','MV',0,'BSR Sports','',500.00,0,'CK','smccourt','golfers','',NULL,NULL,NULL),('Marmsater, Fred','Longmont','CO','USA','M1',0,'','',300.00,0,'CK','fredm','joyride','',NULL,NULL,NULL),('Surfside','Ft. Collins','CO','USA','5P',0,'Surfside 7','',625.00,0,'CK','pfraser','surfsup','',NULL,NULL,NULL),('PM Taco Stalkers','Park City','UT','USA','MS',0,'Oh, you know, all the big names....NOT!','4 guys that work, ride and drink together and hope to come out unscathed!!',510.00,1,'CC','tarmar','moabers','',NULL,NULL,NULL),('Inconceivable','New Berlin','WI','USA','MS',0,'','',510.00,1,'CC','zenner','simpsons','',NULL,NULL,NULL),('The 4 Horsemen','Park City','UT','USA','ME',0,'','',510.00,1,'CC','TylER1','Ella.A','',NULL,NULL,NULL),('Mt. Sports Outlet Divas','Keystone','CO','USA','WV',0,'Mt. Sports Outlet, Clif Bar, Keystone Resort, Ti Amos & Valdora Mt. Lodge','We are four Rocky Mt. Mamas excited to escape the frigids of Summit County, Colorado one more time, before winter hits home. We are devotees to mt. biking and the great outdoors when we\'re not busy carpooling our kids around & wiping running noses. We represent the MSO Women\'s Cycling Club of Summit County, Colorado; which has over 100 lady riders. Accustomed to staying up late while taking care of kids and knitting we\'re anxius to tackle the \"24 Hours of Moab.\" We four moms are equipped with our medicinals. We\'re bringing our Viox to allow us to lift our legs up & over the saddle. We\'re careful not to forget our Glucosamine & Calcium supplements to prevent arthritis issues or bone deterioration during the race. Also, we would not be prepared without our natural hormone replacement therapies to Ensure we have no hot flashes in the heat of night riding! ...Watch out for the old broads from Mt. Sports Outlet!',500.00,0,'CK','ablack','divasrok','',NULL,NULL,NULL),('Franks and Bean','Vail','CO','USA','5P',0,'The Kind Cyclist','Coming to put the hammer down!',635.00,1,'CC','abaker','abombco','',NULL,NULL,NULL),('no team name team','denver','CO','USA','CD',0,'boa construction,any beer company willing to supply free suds','we are not as big as we used to be, we\'re just as slow as always, and we are doing this again for the fourth time for some unknown reason.',510.00,1,'CC','mariow','219slim','',NULL,NULL,NULL),('One Fine Chic Will Do','Ogden','UT','USA','5P',0,'','',635.00,1,'CC','jfojtek','051395','',NULL,NULL,NULL),('s.frank e.dunn','','WV','USA','DP',0,'','',450.00,1,'CC','ericdunn','tworide','',NULL,NULL,NULL),('Dennison, Jed','Missoula','MT','USA','M1',0,'Northern Rockies, The Trail Head, Dirtbag Nation and a very special thanks to my family!','I dig chili dogs, sunsets and long walks on the beach.',310.00,1,'CC','dennison','jedzilla','',NULL,NULL,NULL),('Pink Sippy Cups','Durango','CO','USA','5P',0,'','',625.00,0,'CK','miglinas','sippycup','',NULL,NULL,NULL),('Two Pump Chumps-JV','Fountain Valley','CA','USA','MV',0,'Newport Beach Brewing Company, DogBone Racing, About Town Bartending, The Sanwich Shack','The Hilton sisters wanna crew for TPC!!!',510.00,1,'CC','marcazco','agentma0','',NULL,NULL,NULL),('Marlboro','Breckenridge','CO','USA','MS',0,'','',500.00,0,'CK','bgrover','bikeman','',NULL,NULL,NULL),('Ten Ten/ Chopper Cooperative','Boulder','CO','USA','5P',0,'Boulder ChopHouse and Tavern','',635.00,1,'CC','Timothy','ridenar','',NULL,NULL,NULL),('Rozen, jeremy','San Anselmo','CA','USA','M1',0,'GravyWheels','Single Speeder...absolutely epic rider that loves nothing more than riding all day and night long',310.00,1,'CC','jermdog','foxvee','',NULL,NULL,NULL),('The view\'s still better from behind.','Salt Lake City','UT','USA','WS',0,'Revolution Mountain Sports','',510.00,1,'CC','kursick','fourlaps','',NULL,NULL,NULL),('Rockin\' RE/MAX Riders','Boulder','CO','USA','WE',0,'RE/MAX - Tom Studebaker\015\012Wells Fargo - Karen Woolhiser','Powergirls unite.',510.00,1,'CC','Powergir','Mocha42','',NULL,NULL,NULL),('Lumberjacks','Ft. Lupton','CO','USA','MV',0,'Lenz Sport','Devin Lenz at LenzSport Performance Bicycles, has Introduced the all new Lumberjack, 5 inches of travel, all mountain, all terrain mountain bike. This is the must have bike of the year. Super plush, super stable this bike will take you over the biggest drops and through the tightest singletrack with comfort and speed. See them at the big green army tent at this years 24 hours of Moab!\015\012\015\012www.lenzsport.com',510.00,1,'CC','lumber','jacks','',NULL,NULL,NULL),('Uno Testicali Grande','Ogden','UT','USA','MV',0,'','',510.00,1,'CC','fitchv','iomega','',NULL,NULL,NULL),('Born in the Stoned Age','Littleton, Golden, Telluri','CO','USA','MV',0,'Adventure Cycling\015\012Gary Fisher / Wheat Ridge Cyclery','Four racers who weren\'t willing to end the season in September.  I think we have a mountain biking problem and may need to seek professional help.  (After this race!)',510.00,1,'CC','Spyder','CWLRCVGG','',NULL,NULL,NULL),('Jan\'s','Park City','UT','USA','WE',0,'','',510.00,1,'CC','midmtn','parkcity','',NULL,NULL,NULL),('PHAT BASTARDS','Boise','ID','USA','CD',0,'Wobble-Naught Laser Precision Bike Fitting','We may be big but we are balanced on our bikes.',510.00,1,'CC','bastards','danjohn','',NULL,NULL,NULL),('T-Rex Warriors','Copper Mountain','CO','USA','MS',0,'','',510.00,1,'CC','feelyd','1trex4','',NULL,NULL,NULL),('Fisher, Jared','Las Vegas','NV','USA','M1',0,'None really cause I am really slow. But my friends at Escape Adventures, Moab Cyclery, and Las Vegas Cyclery are all I need!','Here we go again. \015\012The reality check just bounced!',300.00,0,'CK','jfisher','oneridin','',NULL,NULL,NULL),('Reichley, Thaddeus B.','Aspen','CO','USA','M1',0,'','Enjoys romantic getawyas to unusual endurance events.\015\012\015\012Turn ons:  Spandex, scars, and girls who drink budweiser.\015\012\015\012Dream:  To finish this race solo, and still be able to have children someday.',310.00,1,'CC','Thaddeus','444444','',NULL,NULL,NULL),('Gould, Georgia H.','Ketchum','ID','USA','W1',0,'','',310.00,1,'CC','georgiag','dustyl','',NULL,NULL,NULL),('DEAN BIKES/SoBe Cannondale','Boulder','CO','USA','DP',0,'Dean Ultimate Bicycles\015\012SoBe Cannondale','Becca Blay and Kerry Barnholt are both Pro Mountain Bike racers who live and train in Boulder, CO.  We are so psyched to have a fun race after coming off of a BIG season of racing.  Kerry just returned from Switzerland after posting an awesome result of 12th IN THE WORLD...\015\012Now...we just want to ride!',450.00,1,'CC','becker','boyssuck','',NULL,NULL,NULL),('Dangerous Old Women','Santa Cruz','CA','USA','WM',0,'','',510.00,1,'CC','laurab','felixcat','',NULL,NULL,NULL),('aspen times','aspen','CO','USA','MS',0,'The Aspen Times','',510.00,1,'CC','asptimes','bike69','',NULL,NULL,NULL),('Chunky Monkeys','Las Vegas','NV','USA','CD',0,'LAS VEGAS CYCLERY','Real Men Ride 40lb Bikes',500.00,0,'CK','sglimp','beefyguy','',NULL,NULL,NULL),('Inflamed :','Salt Lake City','UT','USA','MS',0,'Evidence Fabrication & Physical Design (www.evidencefab.com)\015\012Dead Cat Brewery\015\012D. Ortega Horticulturalist\015\012Bryon\'s Big Big Love bicycle repair and lounge','support crew: the seven-seventeen salt lake jungle lounge\015\012\015\012Dusty: beer\015\012Ed: vittals\015\012Mer: designated female drinker #1\015\012Almut: designated female drinker #2\015\012Danny: designated male drinker #1 & 2\015\012Daniel Ortega: groceries\015\012Couloir: the happy hound',510.00,1,'CC','wruwfm1','du**Mto*','',NULL,NULL,NULL),('Vlaming, Greg','Durango','CO','USA','M1',0,'','',310.00,1,'CC','vlaming','soloride','',NULL,NULL,NULL),('The Magnificent Mofos of Madness','Dallas','TX','USA','WV',0,'','In our quest for healthy alternatives to anger management...the Magnificent Mofos of Madness have agreed to unleash our wrath of pent up frustrations in all 24 of the 24 HRS of Moab.  Whether it was that moment of wanting to flip off the rude driver that cut one of us off, to the whiny co-worker that has continuously dumped all their self-inflicted personal trauma on another, we have bit our tongues, sucked it up and held it all in, so that we can come together and work through our aggressions in one single day.  This, a group effort and an act of mercy of sparing our loved ones the pain and suffering of experiencing the rage that this group of hard core, hormonally influenced females can bestow upon them. We have deliberately turned the other cheek, backed down, backed off and seriously refrained from uttering long and relative-insulting explicatives so that we can channel all of our energy into giving the competition a good run for the money.  We hope that all of them appreciate the deep struggle that this has been for all of us.\015\012\015\012This salty mix of phys ed teacher, dental hygienist, probation officer and wannabe writer from Texas will be heating up the single track and hopefully not due to the effects of missing any HRT supplement dosages.\015\012\015\012We being the thoughtful, considerate, yet truly aggressive women that we are, have also offered ourselves for observation of physical and psychological studies to the infamous Dr. Phil and Co., but have yet to receive any confirmation as of yet to their receptiveness of this endeavor.',510.00,1,'CC','TeamMofo','ride4fun','',NULL,NULL,NULL),('Grande Y Veloz','St. George','UT','USA','CD',0,'Bicycles Unlimited, Mega Pro Int\'l.','',500.00,0,'CK','gsmith','phatguys','',NULL,NULL,NULL),('Cut and Jump club','Aspen','CO','USA','MS',0,'none/nada/nope','The team name is in honor of our friend Jay, who was the president of a small club we had this last winter were the boys and sometimes a girl or two would go and tear up the Aspen area\'s mtns. Sadly to say, we\'ve lost him to the \"real world\", and hope he will learn to love Kentucky whiskey because we already know he LOVES Kentucky women!!',510.00,1,'CC','erichorn','reddog','',NULL,NULL,NULL),('Asleep In The Saddle','Steamboat Springs','CO','USA','5P',0,'','',625.00,0,'CK','ejohnson','sosleepy','',NULL,NULL,NULL),('Team Hops','East Hampton','NY','USA','ME',0,'','Otherwise known as \"Dr. Evil and the Awesome Powers\"\015\012We raced Canaan thelast year, three times in Snowshoe and now this will be our first for Moab. We placed 7th in Men\'s Sport in 2001, and 6th in 2002 Snowshoe. (Skipped 2003.) We\'ll see what we are in store for in Expert at Moab. Looking forward to it.',500.00,0,'CK','mbahel','hops987','',NULL,NULL,NULL),('1 Potato, 2 Potato, 3 Potato, Spud!','Coloma','WI','USA','MS',0,'Coloma Farms Inc.','',500.00,0,'CK','mmangino','12potato','',NULL,NULL,NULL),('The Potholes','Ft. Collins','CO','USA','MS',0,'','We were the Bloomin Potholes last year, we lost the bloom from our team, so a modification was required. Hopefully revision two ride\'s faster.',500.00,0,'CK','jholden','potholes','',NULL,NULL,NULL),('3 X W + Z','Nederland','CO','USA','MS',0,'Lost Lake','',500.00,0,'CK','jeffzura','lostlake','',NULL,NULL,NULL),('Corn Dog Nuggets','Loveland','CO','USA','MS',0,'','',500.00,0,'CK','markm','corndogs','',NULL,NULL,NULL),('Sore Saddle Cyclery','Steamboat Springs','CO','USA','ME',0,'Sore Saddle Cyclery','',500.00,0,'CK','deiland','soreseat','',NULL,NULL,NULL),('Dude! Where\'s My Bike','Salt Lake City','UT','USA','5P',0,'','',625.00,0,'CK','chadself','mybike','',NULL,NULL,NULL),('Woodbury, Jenna','Moab','UT','USA','W1',0,'','',0.00,0,'CK','jennaw','girlride','',NULL,NULL,NULL),('Threshing Sledge','Salt Lake','UT','USA','MS',0,'','',510.00,1,'CC','hanssen','makulu','',NULL,NULL,NULL),('We ALL finish the race this time','Espanola','NM','USA','MS',0,'','',510.00,1,'CC','ssk040','wallball','',NULL,NULL,NULL),('CES Cycling','Lexington','KY','USA','ME',0,'Commonwealth Eye Surgery','',500.00,0,'CK','msmith','cycling','',NULL,NULL,NULL),('150% Macho','Astoria','OR','USA','MS',0,'We are currently exploring potential sponsors but right Sean and Nathan are bank rolling this fiasco themselves.','',510.00,1,'CC','pottern','n8bsne92','',NULL,NULL,NULL),('Grant, Mike R.','Bozeman','MT','USA','M1',0,'The Outdoorsman','',310.00,1,'CC','fast24','gofast','',NULL,NULL,NULL),('Barry, Shawn M.','Butte','MT','USA','M1',0,'The Outdoorsman, EVEL ONE, Polo Sport, GU','2003 Montana State Champion',310.00,1,'CC','forshiz','mynizz','',NULL,NULL,NULL),('Ti Cycles A.K.A. Sausage Kings of ZG','Snowmass Village','CO','USA','MS',0,'Ti Cycles, UTE City Cycles','We are the Snowmass Village Slackers!',500.00,0,'CK','devans','rockies','',NULL,NULL,NULL),('Phillips, Martin K.','Alexandria','VA','USA','M1',0,'Sponsors? Ha! If I was any slower, I\'d be dead. Cryptobiotic soil crusts move faster than I do. Who has a contact for Aunt Jemimah (she sells molasses)?','I started out doing this races on 5 person open teams. I think it was in \'96. Rarely did my team in the \"early years\" ever survive the night. I thought the soloist were nuts (I still do).\015\012A couple of years ago I decided to find someone really dependable and do this as a Duo team. That worked out well. (Tony - you better hook up with a team and quit working so much - TransAlp 04 is calling - and it\'s getting louder, my friend)\015\012Last year I made the switch to solo. I\'m back for more. The riding in VA this season has been awful - way too much rain. This promises to be a bigger sufferfest than last year, but less of one than what I\'ve got planned for next summer...Race Across America 2004. Anyone interested in \"crewing\" for that race? Be a great way to see the country in June (at a very \"relaxed\" pace).\015\012If you see me on the trail, don\'t run me over, give me some encouragement!',310.00,1,'CC','Martin','cristee','',NULL,NULL,NULL),('Half a Ton of Fun','Breckenridge','CO','USA','CD',0,'','We may be old but at least we\'re fat.',510.00,1,'CC','cohiba','crackass','',NULL,NULL,NULL),('Kindig, Jonathan V.','Lexington','KY','USA','M1',0,'Rudy Project, Louis Garneau,Fox, Bikeman.com, Vicious Cycle Bike & Sport (Lexington,KY)','This team consists of a guy, a bike, and bunch of friends and family who like to laugh at his pain. And strangly enough we chalk this up to entertainment.',310.00,1,'CC','bikeman','dogboy','',NULL,NULL,NULL),('Special Forces','Boulder','CO','USA','5P',0,'','',635.00,1,'CC','Special','Forces','',NULL,NULL,NULL),('Fox, James L.','Salt Lake City','UT','USA','M1',1,'','',0.00,0,'CK','jamesfox','soloride','',NULL,NULL,NULL),('Passant, Ethan A.','Crested Butte','CO','USA','M1',0,'','',310.00,1,'CC','epassant','leroy1','',NULL,NULL,NULL),('Voler & Velowear.com','Moab','UT','USA','5P',0,'Voler and Velowear.com','',625.00,0,'CK','voler','wear','',NULL,NULL,NULL),('Mad Dog #1/NiteRider','Orem','UT','USA','ME',0,'Mad Dog Cycles, Nite Rider, Jamba Juice, Tobler Dentistry, Powerbar,SummitGraphics, Tommyknockers Jewelry, Saturn of Utah','',500.00,0,'CK','dpotter','maddog1','',NULL,NULL,NULL),('Enanos Locos','Salt Lake City','UT','USA','MS',0,'Ironclad, T-Dizzle, Annie','',510.00,1,'CC','sberrett','mtb4life','',NULL,NULL,NULL),('Adventure Cycling','Boulder','CO','USA','ME',0,'Adventure Cycling, Aurora CO','',510.00,1,'CC','deilers','benny1','',NULL,NULL,NULL),('Wilkinson, Fred','Moab','UT','USA','M1',0,'Center Cafe','',310.00,1,'CC','wilkinso','funride','',NULL,NULL,NULL),('Arapaho Warriors Women\'s Team','Keystone','CO','USA','WS',0,'Mountain View Sports, KHS, Red Mountain Rock Gym, Auth Chiropractic, Rocky Mountain Celebrations, Wild Bills, Ascent Electric, Flatiron Hardwood Floors, Land Title.','Thanks to our sponsors and support crew!',500.00,0,'CK','rtrainor','warriors','',NULL,NULL,NULL),('Integrated P.T. Flyers','Durango','CO','USA','5P',0,'Integrated Physical Therapy','',625.00,0,'CK','imalberg','ptflyers','',NULL,NULL,NULL),('AzCoWy We Ramble','Laramie','WY','USA','MS',0,'','',500.00,0,'CK','rvincent','ramble','',NULL,NULL,NULL),('IRIE RIDERS','Dixon','NM','USA','MS',0,'','',500.00,0,'CK','jjohnson','iriders','',NULL,NULL,NULL),('Vagisaurus Wrex-The Revenge','Longmont','CO','USA','WE',0,'','',500.00,0,'CK','jeaninel','revenge','',NULL,NULL,NULL),('Chamois Butter Boys!','Glenwood Springs','CO','USA','MS',0,'BSR Sports','',100.00,0,'CK','tkruse','butter','',NULL,NULL,NULL),('Know Fear','Salt Lake City','UT','USA','MS',0,'','',500.00,0,'CK','ishimats','nofear','',NULL,NULL,NULL),('Greasy Sprockets','Fort Collins','CO','USA','5P',0,'','',625.00,0,'CK','eboese','greasy','',NULL,NULL,NULL),('I Forgot','Tempe','AZ','USA','MV',0,'Rio Salado Brewery','',500.00,0,'CK','benhorin','forgetit','',NULL,NULL,NULL),('Hickory House','Aspen','CO','USA','MS',0,'Hickory house of Aspen','another year another soar rectum',510.00,1,'CC','billyg','tigger','',NULL,NULL,NULL),('Soggy Chamois','Kenmore','WA','USA','MS',0,'Cycling Widows Anonymous, Advil, Blue Cross Blue Shield, Jim Beam, Jose Curevo, Starbucks, Flexall 454, Geritol and Gravity.','Training? \"Athletes like us don\'t need to train\"',510.00,1,'CC','sogcham','tate9801','',NULL,NULL,NULL),('Fat and Happy The Sequel','Salt Lake City','UT','USA','5P',0,'','',625.00,0,'CK','shepherd','bighappy','',NULL,NULL,NULL),('David and the Goliaths','Denver','CO','USA','ME',0,'Team Ironclad','We Goliaths have not always been David\'s friends. In fact, we first met David in a great battle where he had the audacity to challenge us with ony his mountain bike and the power of his God. Well, to make a long story short, David ended that day on top of the podium while we went down in defeat. Now we ride for David and his God. That\'s why we have confidence that we will triumph over all our foes in the 2003 battle for Moab!',500.00,0,'CK','krombein','goliaths','',NULL,NULL,NULL),('Rollin Funk','Reno','NV','USA','MS',0,'','',510.00,1,'CC','rollin','password','',NULL,NULL,NULL),('Sleestack Virus','Basalt','CO','USA','MS',0,'The Lawn Ranger, 6th Street Liquor, Basalt Realty-Nancy Quisenberry, Realty Consultants of Colorado','',500.00,0,'CK','jmaybon','sleestac','',NULL,NULL,NULL),('HOPS','Amagansett','NY','USA','ME',0,'','',0.00,0,'CK','edcashin','edshops','',NULL,NULL,NULL),('Beach Cities Rolling Blackout','Redonda Beach','CA','USA','MS',0,'','',500.00,0,'CK','dbryner','blackout','',NULL,NULL,NULL),('Durango Cyclery','Durango','CO','USA','MJ',0,'Durango Cyclery','',500.00,0,'CK','jdudley','durango','',NULL,NULL,NULL),('Team Go','Steamboat Springs','CO','USA','MS',0,'We need one or more.  Send inquires to dropussomecoin@orgear.com','Get your tubby ass off the couch and put down those friggen Doritos circle boy!  We are going riding!',500.00,0,'CK','zsachen','gohard','',NULL,NULL,NULL),('The Village Idiots','Snowmass Village','CO','USA','WV',0,'Just Us','We\'re thinking about it',510.00,1,'CC','suzanne','jannorm','',NULL,NULL,NULL),('Waterside West','Winter Park','CO','USA','5P',0,'','',635.00,1,'CC','mikeelan','mighty','',NULL,NULL,NULL),('Swinging Links','Carbondale','CO','USA','MS',0,'','',500.00,0,'CK','abraudis','greens&t','',NULL,NULL,NULL),('merrily a flesh wound','kittredge','CO','USA','MS',0,'','',510.00,1,'CC','brandon','867530','',NULL,NULL,NULL),('The BC Boys','Salt Lake City','UT','USA','ME',0,'The Bicycle Center, Salt Lake City Utah\015\012Crown Burgers, West Valley Utah\015\012Team Wild Man, Salt Lake City Utah\015\012Leather Bottom Chamois Jelly','Our plan is to start slow, slow down in the middle, and finish just a bit slower. We all believe the real racing starts when you get to the top of the hill.',510.00,1,'CC','chicken','2night','',NULL,NULL,NULL),('Astrocom/Breck Ski & Ride','Breckenridge','CO','USA','CD',0,'Astrocom Electronics / Breckenridge Ski and Ride School','Four skiers who wanna be mountain bikers.',510.00,1,'CC','Garcia','cisco1','',NULL,NULL,NULL),('Bushaw, Keith R.','GOLDEN','CO','USA','M1',0,'','',310.00,1,'CC','KBUSHAW','WAHSUB','',NULL,NULL,NULL),('Optic Nerve Lovers','Salida','CO','USA','5P',0,'Optic Nerve','One of our team members is actually not a himan being. Though he goes by the name Bob Valavona. His real name is Kleng La 7 from Zzantari 9 in the galaxy 110.x.44jkh6-T. Even with his amzing physical abilities and supperior strength, he will act as if he is just a weak slacker who has not trained. Basically, this shows that he can set his ego aside to support his team. The intergalactic high fiving that will ensue upon race completion will contribute to world peace. Lastly, though intimidated by our responsibilty to save the world from potential aniliation we will race \"the good race\" in support of flowers, puppies and family pic nics on summer days. Long Live people of Granny Gear.',635.00,1,'CC','Optics','optics','',NULL,NULL,NULL),('Peduto, Tony M.','Colorado Springs','CO','USA','M1',0,'','',310.00,1,'CC','hunter','hunter69','',NULL,NULL,NULL),('The Breckenridge Sally\'s','Breckenridge','CO','USA','MV',0,'','',510.00,1,'CC','Sallys','blorts','',NULL,NULL,NULL),('Crumbs on ones','Carbondale','CO','USA','MJ',1,'','',0.00,0,'CK','tylerh','guysride','',NULL,NULL,NULL),('Rocinante / Two for Tallulah','New York City','NY','USA','DP',0,'Park Honda\015\012Soap Box \015\012Dollar Development','Mark loves his wife Ellie and his daughter Tallulah. \015\012or\015\012Mark knows all about the Roman roads of Austria.\015\012Todd loves his girlfriend Michele and her piano.\015\012Todd left his skin on the road to Garda.',450.00,1,'CC','tcassan','rocinant','',NULL,NULL,NULL),('Elephant Riders','Western Colorado','CO','USA','ME',0,'BSR Sports, Colorado Custom Cycles','',510.00,1,'CC','jcurrier','norogach','',NULL,NULL,NULL),('One lap, One Advil, One Beer','Boulder','CO','USA','MS',0,'Point Brewery & Wyeth','\"During the night, use a flashlight in the port-a-john to check if you\'re passing blood.  Then again, it might convince you that you shouldn\'t ride another two laps.\"',500.00,0,'CK','cweilard','onebeer','',NULL,NULL,NULL),('Four Dudes and a Diva','Littleton','CO','USA','5P',0,'Smith Sport Optics, Scott Markewitz Photography, Lone Star Dog and Car Wash','',635.00,1,'CC','powski','alfrasta','',NULL,NULL,NULL),('Probably Last','Logan','UT','USA','5P',0,'','We are almost in the 35 and older catagory.We like bikes--squishy ones.',635.00,1,'CC','armell70','password','',NULL,NULL,NULL),('Testa, Paul C.','Brighton','UT','USA','M1',0,'','',310.00,1,'CC','ptesta','99zorz','',NULL,NULL,NULL),('Whatcha Talkin\' \'Bout Willis?!','Denver','CO','USA','MS',0,'','',510.00,1,'CC','kevinc','ckevin','',NULL,NULL,NULL),('PBR StreetGang','Englewood','CO','USA','5P',0,'Pabst Blue Ribbon Beer\015\012Little Debbie Snack Cakes','There is no such thing as an empty calorie at Moab.',635.00,1,'CC','pbrgang','jackass','',NULL,NULL,NULL),('Pickett-Heaps, David A.','silverthorne','CO','USA','M1',0,'Great Adventure Sports, Breckenridge','I am racing for my little buddy Foster, and my grampa Jack',310.00,1,'CC','davidp','bluedog','',NULL,NULL,NULL),('Numb and Nummer','Salt Lake City','UT','USA','DP',0,'Black Dog Racing','Is the dog black or is the black dog?\015\012\015\012We must believe in luck. For how else can we explain the success of those we don\'t like?\015\012Jean Cocteau (1889 - 1963)\015\012\015\012The surprising thing about young fools is how many survive to become old fools.\015\012Doug Larson\015\012\015\012If toast always lands butter-side down, and cats always land on their feet, what happen if you strap toast on the back of a cat and drop it? \015\012Stevem Wright',450.00,1,'CC','blackdog','diggler','',NULL,NULL,NULL),('Ohran, Matt','Salt Lake City','UT','USA','M1',0,'Connondale','',0.00,0,'CK','mohran','soloman','',NULL,NULL,NULL),('The Crack Monkeys','Scottsdale','AZ','USA','MS',0,'','',500.00,0,'CK','aoneil','monkeys','',NULL,NULL,NULL),('mtbchick.com sport','Lanesville','IN','USA','WS',0,'mtbchick.com\015\012Ultimate Support Systems, www.ussbike.com\015\012Nite Rider, www.niterider.com\015\012Team page, www.mtbchick.com/race_moab_team_sport.html.\015\012Annie\'s Homegrown-Totally Natural Mac & Cheese, www.annies.com','',510.00,1,'CC','jherald','sandyx3','',NULL,NULL,NULL),('Big Big Love','Salt Lake City','UT','USA','CD',0,'Pascal','We Lament the inadequacies of poorly made bike components. This year we\'re going to win even if all hell breaks loose again.',500.00,0,'CK','bwright','biglove','',NULL,NULL,NULL),('Dead Cow Locals','Agoura','CA','USA','5P',0,'AmeriVon, AccessLine Communications','',635.00,1,'CC','tmturley','shercap','',NULL,NULL,NULL),('Screamin\' Perineums','Fort Collins','CO','USA','MV',0,'','Mountain Dew - the official recovery drink of the 2003 Screamin\' Perineums.  HooYah!',510.00,1,'CC','rgreer','hooyah','',NULL,NULL,NULL),('Gillest, Kevin M.','Arvada','CO','USA','M1',0,'Active.com, Breathright, Kind Cyclist','',310.00,1,'CC','kgillest','m11ice','',NULL,NULL,NULL),('Headtubes and Boobs','Nutrioso','AZ','USA','WS',0,'','Two women from the Boulder area, one from Albuquerque and one from eastern Arizona',510.00,1,'CC','denali','Moab2003','',NULL,NULL,NULL),('3 Idiots and a Fast Guy','Steamboat Springs','CO','USA','MS',0,'HoneyStinger\015\012The Design Ranch','It all started out with two idiots who liked to ride their bikes a lot.  One idiot said to the other, \"Why don\'t we ride our bikes for 24 hours straight?”  The other idiot responded, \"I know! We should pay to ride our bikes for 24 hours straight.\"  The two idiots then began an extensive search for two more idiots to make a full team.  The third came easily.  A fourth idiot was hard to find.  Several volunteered, but later dropped out.  With the supply of idiots running short we decided we would have to go with someone who was actually in good shape and prepared to race.  He is known as the \"Fast Guy\".  To prevent the complete and total embarrassment of the \"Fast Guy\", we all vowed never to reveal which one of us is the \"Fast Guy\", and which are the three idiots.',510.00,1,'CC','3idiots','payton','',NULL,NULL,NULL),('Queso','Salt Lake City','UT','USA','5P',0,'Next Dimension Engineering','Cheese is the answer.',510.00,1,'CC','ktisue','modiva','',NULL,NULL,NULL),('Wednesday Night Action','Salt Lake City','UT','USA','MS',0,'1Memento.com\015\012Cimarron Software','Hooky got married so we had to punish him.',510.00,1,'CC','WNAction','shredder','',NULL,NULL,NULL),('Front Range Milts','Longmont','CO','USA','5P',0,'','Mostly Milts and a Miltred',635.00,1,'CC','blargo','blargo0','',NULL,NULL,NULL),('Lords of the (small) Ring','Salt Lake City','UT','USA','MS',0,'','Have fun, ride hard, and DON\'T FINISH LAST!',510.00,1,'CC','clmemwcg','hammer','',NULL,NULL,NULL),('Zerowin, Eric J.','Denver','CO','USA','M1',0,'Tokyo Joe\'s, Gary Fisher/Bontrager, Fox, Campus Cycles/Denver, Clif Bar, Rudy Project, Shimano, Light&Motion','Rocky Mountain Productions & Entertainment  \015\012www.mountainbiketours.us  \015\012Bike Tour & Adventure Company\015\012Live...Ride...Dream',310.00,1,'CC','ezzero','lilyjr','',NULL,NULL,NULL),('Chicken Riders','Frisco','CO','USA','CD',0,'Miller High Life and Little Debbie\'s','We raced this freakin\' thing last year. All we have to say is \"We may be big, but we\'re dumb too\".\015\012\015\012\"Little Debbie has a snack for you!\"',510.00,1,'CC','chicken','riders','',NULL,NULL,NULL),('Speedos and Tourniquets','Denver','CO','USA','MS',0,'Our checking accounts.','We are sick people who are attracted to sick events.',510.00,1,'CC','satori','biker1','',NULL,NULL,NULL),('Blood, Sweat and Urine','Fort Collins','CO','USA','MS',0,'Heart, Sole & Soul, and the Almighty Dollar.  Each team member is sponsored by a typical 40+hr/wk employment opportunity that makes it all possible!  Otherwise who knows... Give it up for the members!!!','',500.00,0,'CK','rnurss','sweat','',NULL,NULL,NULL),('diesel mechanics','Aspen','CO','USA','MS',0,'KY jelly, Durex','have a little work to do',510.00,1,'CC','trevor','valiant','',NULL,NULL,NULL),('Subaru-Gary Fisher Corporate Team','Waterloo','WI','USA','ME',0,'Subaru of America, Gary Fisher Bicycles, Bontrager Wheelworks and Components, Dean Gore Incorporated','Here\'s the plan, I don\'t care how fast you ride but you better not expect me to go out more then four times during this race. Where\'s the cooler? Heah, who took the last stout?',510.00,1,'CC','ratkinso','bontrage','',NULL,NULL,NULL),('I hope they didn\'t miss the trail..','Breckenridge','CO','USA','5P',0,'Racer\'s Edge, Colombine Catering, MH&M Builders\015\012RSC','Two of us had done the 24 hour in Moab before, Alex has always wanted to do it, and Bruce, well.. he\'s bummed.. after breaking his collar bone at the National finals in Durango. What to do? Call Bill. So.. after some sweet talking and a promise to discuss the possibility at our 2nd. annual Mt. Bike Weekend in Breckenridge we figured: we had him. \015\012Four days of fun and hard riding. Day 1, easy 2 hour ride on some of the \"flatter\" sections of the Colorado trail. (really, there are no hills Joe!) Day 2: Monarch Crest trail, classic ride starts at 11,something and finishes at 7, something (all downhill, sure).\015\012Day 3: Easy day of downhilling and lift service at Breck. again all down hill and easy rest day (right!)\015\012Day 4: Rain, 35 degrees 11,400. Colorado trail from Kenosha pass to Breck. Carlee and Neena went half way (smart) Alex flatted and Joe, Andrew and Diane took the wrong trail. Conclusion: Bill, Alex and Lance made it to Breck. Carlee had to get off the couch and leave her hot toddie to pick Diane, Andrew and Joe up on the road, or should I say pick Di up while \"riding\" on the road,and Andrew and Joe \"sitting\" on the side of the road. It was shortly after that we decided to do the 5 person and ride with Di. \015\012Thus.... I hope they didn\'t miss the trail was born!',635.00,1,'CC','bissbee','merckx','',NULL,NULL,NULL),('mtbchick.com - expert','Spokane','WA','USA','WE',0,'mtbchick.com\015\012www.ussbike.com \015\012http://www.niterider.com\015\012http://www.mtbchick.com/race_moab_team_expert.html\015\012Annie\'s Homegrown- Totally Natural Mac and Cheese\015\012www.annies.com','',510.00,1,'CC','mcarlson','Puggy4Me','',NULL,NULL,NULL),('Vintage Whine','Park City','UT','USA','WV',0,'Park City Babysitters Club, Grandma & Grandpa, Stay-at-home Dads club, etc','This is our third entry in 24 hours of Moab. We all happily remain in the 35 to 45 age range....but not for long... hence the whining. Our bodies may be changing but not our attitudes. We enjoy wine as much as ever and can\'t wait to be in Moab in October when we will worry only about ourselves and not our \"little mountain bike riders\" at home.',510.00,1,'CC','cfrank','whine1','',NULL,NULL,NULL),('Mean in Moab','Columbus','OH','USA','5P',0,'Sprinkler Doctor','',635.00,1,'CC','meanie','archer','',NULL,NULL,NULL),('Fat Tired Riders','Albuquerque','NM','USA','5P',0,'IAFF Local 244','',635.00,1,'CC','galexc','1firegod','',NULL,NULL,NULL),('Marmot  Power','Vail','CO','USA','ME',0,'Pedal Power/Marmot Electric/Lavigne Painting','',510.00,1,'CC','chrisa','snowball','',NULL,NULL,NULL),('Biogen','Salt Lake City','UT','USA','DP',0,'Biogen, Cannondale, Magura, Mavic, Shimano, Thompson, Crank Bros, G-Push, Camelback, Clif Bar, Optygen','',450.00,1,'CC','biogen','scalpel','',NULL,NULL,NULL),('Billingsley, Brad','Denver','CO','USA','M1',0,'Lockton Companies of Colorado','',450.00,1,'CC','brad51','racemoab','',NULL,NULL,NULL),('PedalMasher.com Too','San Antonio','TX','USA','5P',0,'','',635.00,1,'CC','moemil','moab123','',NULL,NULL,NULL),('East Coast Mud Loving Ass Draggers','Jarrettsville','MD','USA','MV',0,'','Is there mud in Moab?',510.00,1,'CC','rbartjmk','lizajane','',NULL,NULL,NULL),('Four Dead Sexy Fat Bastards','Salt Lake City','UT','USA','MS',0,'Revolution Mountain Sports, Twinkies, Moon Pies, RC Cola, and the Letter F.','We are not worried about Demo (Robert Phillips) running over his bike or wrecking his car this year as it is an even year for the team (our 4th time).  He only destroys his stuff on the odd year races.  Ran over his bike the first year we rode the 24 hours and wrecked the roo on the third year we rode.  Long Live Demo.',500.00,0,'CK','timwold','sexyguys','',NULL,NULL,NULL),('Divas of the Hub','Aspen','CO','USA','WS',0,'Hub of Aspen','Girl Power!',500.00,0,'CK','valeriea','galsrock','',NULL,NULL,NULL),('No Sleep Till Monday','Tucson','AZ','USA','MS',0,'','',520.00,0,'CK','sosleepy','snore','',NULL,NULL,NULL),('Steelmatics','Assorted','','USA','ME',0,'','Matt eats a lot.',510.00,1,'CC','ktchance','gertrude','',NULL,NULL,NULL),('4 Old Men, 8 Numb Nuts','Eagle','CO','USA','MM',0,'Mountain Pedaler, Eagle & Minturn, Colorado','4 old dudes just turnin pedals and lookin for a raging good time!! See ya there! Can\'t wait to suffer!!',510.00,1,'CC','larryg','3menbaby','',NULL,NULL,NULL),('RUA','Boulder','CO','USA','MS',0,'Performance Painting, Active.com, Pedro\'s\015\012Bill\'s Smoke Shack ,','if there are any ladies here from boulder, dan is looking for a nice girl. (Brian says) Dan , leave your sister alone!\015\012\015\012You Helmers!  I disagree!!!!!!!',510.00,1,'CC','Helmer','RUARUA','',NULL,NULL,NULL),('Tokyo Joe\'s','Lafayette','CO','USA','CP',0,'Tokyo Joe\'s, Gary Fisher, Shimano, Fox Shox, Clif Bar, Rudy Project, Tioga, Castelli Squadra','An all-girls team racing in the co-ed division. We managed to finish third last year and had a great time. We are hoping to have a lot of fun again this year.',810.00,1,'CC','tokyojoe','microbur','',NULL,NULL,NULL),('Golembiewski, Marty M.','Vail','CO','USA','M1',1,'The Kind Cyclist, Vail Resorts, Tom Cartwright, Ron Siebert, Lee Rimel, Jim Butterworth, Kent Rose, Dave Mantz, Celynn Krueger, Laynie Weaver, Bryan Raydon, Jamie Bell, Carolyn Walukiewicz, Derek Fish','',0.00,0,'CK','martymg','oneridin','',NULL,NULL,NULL),('White, Kerry','Vail','CO','USA','W1',0,'Vail Resorts, Lenz Sport, Vail Bicycle Service, Border to Border USA, Linda Guerrette & my Hubby!!','Formerly by the last name of \"Lawson\", I have promised my husband this will be the LAST TIME I do Moab Solo so I am hoping for a good one, thanks Honey!!',300.00,0,'CK','kwhite','girlride','',NULL,NULL,NULL),('Pedalmasher.com California Streamin\'','Menlo Park','CA','USA','MS',0,'pedalmasher.com','Race us now, watch us later!',510.00,1,'CC','onespd','S3wo12Be','',NULL,NULL,NULL),('See and Be Seen','Park City','UT','USA','5P',0,'illumniNITE Niterider','',625.00,0,'CK','niteride','imblind','',NULL,NULL,NULL),('505 Durango Dogstingers','Durango','CO','USA','ME',0,'Team Trek 505, Cottonwood Cycles, Honey Stinger','After 2 strong rides, 1st &  2nd in vets, the Durango Dogs have decided, in part due to national vet champ Dave Harris\' decision to ride solo, to take on a new challenge and ride in the expert class!',510.00,1,'CC','dogtown','fastmen','',NULL,NULL,NULL),('WhyTry','Provo','UT','USA','MS',0,'WhyTry.org','We\'re basically four out-of-shape men with bikes that far exceed our skill level.',510.00,1,'CC','hmagleby','mokiedog','',NULL,NULL,NULL),('Sid Factor Seven','Boulder','CO','USA','MS',0,'Sid Factor Seven - Full-Service Product house','',510.00,1,'CC','jolden','sidseven','',NULL,NULL,NULL),('4 Jerks & a Squirt','Salt Lake City','UT','USA','5P',0,'','An ecletic mix of \"geriatrics and young guns.\" This group consists of a doctor, a real estate appraiser, a real estate broker, a sales manager and a real estate developer. Ellen Guthurie is the womens\' 35+ state champ. Brad Mullen is the 50+ state champ. Both are training fanatics, 3 of the group raced for New Moon Media during the 2003 season for the Inter-Mountain Cup Series. All of them ride road bikes as well so they consider themselves \"Toadies.\"',625.00,0,'CK','jerko','polo','',NULL,NULL,NULL),('Cat Food','Boulder','CO','USA','5P',0,'','NOTE: You must contact Granny Gear to make any changes to Team Name or Race Class.',635.00,1,'CC','preedy','cateye','',NULL,NULL,NULL),('Why Are We Doing This!!!!','Golden','CO','USA','MJ',0,'','',510.00,1,'CC','Patrick','pv1234','',NULL,NULL,NULL),('LUNACHIX /  WTB','Novato','CA','USA','CP',0,'Lunachix/ WTB','1 DH racer, 2 XC racers, and 1 smoothly shaved super human named Wark Meir.',810.00,1,'CC','markweir','norcal','',NULL,NULL,NULL),('Begy, Cristina M.','Denver','CO','USA','W1',0,'Spot, Cherry creek PT, Magura, handlebar, FSA, SRAM, Rockshox','Boys are stupid... throw rocks at them.',310.00,1,'CC','cristina','crash13','',NULL,NULL,NULL),('Lulu, Kymberli','Santa Rosa','CA','USA','W1',0,'','',310.00,1,'CC','kymberli','000666','',NULL,NULL,NULL),('Breakfast Club','Boulder','CO','USA','5P',0,'','Two Men, two women, and a little boy named Griff',635.00,1,'CC','brclub','olivia44','',NULL,NULL,NULL),('Easy Gears and Cold Beers','Denver','CO','USA','5P',0,'','2nd 24 Hour event for EG&CB\015\012Just a few guys (and girls) who like to ride and drink a beer or two...not necessarily in that order',510.00,1,'CC','motherb','E@syGe@r','',NULL,NULL,NULL),('pud pullers','Las Vegas','NV','USA','MS',0,'Clear Span Tents','',510.00,1,'CC','aaaaaa','bbbbbb','',NULL,NULL,NULL),('Jimbo\'s Bike (Iron Clad)','Colorado Springs','CO','USA','5P',0,'','',635.00,1,'CC','jimbos','12gvx77e','',NULL,NULL,NULL),('Travelling Tilburys','Seattle','WA','USA','MV',0,'Sammamish Valley Cycle (http://www.sammamishcycle.com/)','Two from Seattle plus Two from Boulder equals the Travelling Tilburys',510.00,1,'CC','dringoen','77345gra','',NULL,NULL,NULL),('Those Wankers From Iowa','Salt Lake City','UT','USA','5P',0,'','',635.00,1,'CC','24team','fausto','',NULL,NULL,NULL),('Y-Riders Goof Troop','Boulder','CO','USA','MJ',0,'Y-Riders, YMCA, Rudy Project, Sterling rice, Rockbottom, Chipotle.','Our team is a littled weird. For one we are named the Goof Troop, then there is the fact that Brett, Patrick, and Colin are all the same height (about 4\'11\") and Eric is at least 6\'.',500.00,0,'CK','ekuntson','yriders2','',NULL,NULL,NULL),('Eskins, Chad E.','Lakewood','CO','USA','M1',0,'Campus Cycles, Denver\015\012Rocky Mountain Productions & Entertainment www.rmpe.net','',310.00,1,'CC','ceskins','indy1976','',NULL,NULL,NULL),('TeleThugs.com','Copper Mountain','CO','USA','MS',0,'','Our bilateral symmetry cannot be quantified.',510.00,1,'CC','rockroll','shiznit','',NULL,NULL,NULL),('Harriet Jane\'s Revenge','Boulder','CO','USA','MS',0,'','',510.00,1,'CC','clarkc','cwc3189','',NULL,NULL,NULL),('Bontrager Wheelworks Masters','Santa Cruz','CA','USA','MM',0,'Bontrager Wheelworks/Trek Bicycle','',510.00,1,'CC','KeithB','Keith1','',NULL,NULL,NULL),('Three Desperates and a Hopeful','Boulder','CO','USA','MS',0,'','',510.00,1,'CC','dirtfool','idiots','',NULL,NULL,NULL),('The Keystone Evolution','Keystone','CO','USA','MS',0,'Keystone Resort','Arrive alive!',510.00,1,'CC','bsward','keystone','',NULL,NULL,NULL),('Sisterlicious/Team Sugar','Salt Lake City','UT','USA','DP',0,'Team Sugar, White Pine Touring, Gary Fisher, Clif Bar, Smith, Reef, Park City Mountian Trails, Heather and Bob Wiesfield, Mary Caye Pfister, G&G Pfister,Sauter Family, Christine Caplea Pfister (Em\'s mom) & David Pfister (Em\'s dad), Mom and Dad Easton (Eri','Erin & Emma meant at Tour of the Canyonlands in 2002 & they became friends immediately. Through the next year they saw each other at many NORBA events and kept in touch while they both lived in Europe (Erin-Switzerland, Emma-Spain). With their return to the US, they decided to tackle their inner-beasts commiting to Duo Pro/Exp. Emma is a member of Team Sugar who will be representing women in Mountian Biking and representing their sponsors. Team Sugar also has a Sport and Expert racing team for 24 hours.  Go Gett\'m Tigers!',440.00,0,'CK','epfister','sisters','',NULL,NULL,NULL),('Stevenson, Tricia L.','carrboro','NC','USA','W1',0,'SoBe/Cannondale','1st time for everything.....',310.00,1,'CC','tricials','oneridin','',NULL,NULL,NULL),('Mad Dog #6','Orem','UT','USA','MS',0,'Mad Dog cycles, NiteRider, Jamba Juice, Saturn of Utah','',0.00,0,'CK','bopitkin','maddog6','',NULL,NULL,NULL),('Tatos, Ted P.','Salt Lake City','UT','USA','M1',0,'Porcupine Grill/Contender','If you don’t have confidence, you’ll always find a way not to win.\"\015\012- Carl Lewis\015\012\015\012Solitary trees, if they grow at all, grow strong.\"\015\012- Winston Churchill',310.00,1,'CC','tedtatos','nimeni1','',NULL,NULL,NULL),('Connect2.com/Beehive the Cat','Provo','UT','USA','SR',0,'Connect2.com\015\012Racer\'s Cycle Service\015\012Bontrager\015\012Your Mom','Three brothers and their brother from another mother.',510.00,1,'CC','connect2','beehive','',NULL,NULL,NULL),('The Pine Boxes','Boulder','CO','USA','ME',0,'...would be nice...','Dan likes to be naked.',510.00,1,'CC','trackie','youugly','',NULL,NULL,NULL),('Eye Candy of Pomeroy Sports','Aspen','CO','USA','WS',0,'Pomeroy Sports','',510.00,0,'CK','bonnieu','eyecandy','',NULL,NULL,NULL),('The Inexhaustables','Silverthorne','CO','USA','MJ',0,'Pika Bagel Bakery, Virgn Island Ski Rental, Barn Yard, The Boat Yard, The Balance Sheet, Around the World Toy Store.','',510.00,1,'CC','summit4','josh4321','',NULL,NULL,NULL),('FreakStyle','Parker','CO','USA','CD',0,'Apex Fitness, NeoGeoFreak/NGF-USA','Only the Strong Survive.',510.00,1,'CC','crayneo','paper1a','',NULL,NULL,NULL),('Uno Testicali Tres Grande','pleasant view','UT','USA','MV',0,'autoliv, doctor naylors udder blam, composite arts & science, Cater2You, teez sports, alpine sports','This team is made up of a couple of big guys and a couple of old little guys.  We\'re back again from last year\'s 2003 effort; hence we\'ve added \"Tres\" to the name. The team is Bone, Nellie, endi and G\015\012  Bone is just off the pro-leisure tour and back to work, with a couple of good efforts in S. America, New Zealand and heli-skiing in BC.  \"GO Cubbies!\"\015\012  Lucky, Nellie had a bad 100-mile run and got sick at mile 50 and bailed, so now he\'s fully recovered for Moab.  \"Green acidly hurl, the kind that hurts your sinus....\"\015\012  Endi has been riding strong, with a surprise peek effort in the Alps with an 8hr epic ride. \"Once I got passed the dressed up cows it was pretty easy going from there.\"\015\012  The G-man was not been acting his age all summer, and truly lives up to being the chief \"flying monkey\".  \"Nothing a can of whoop ass can\'t fix\"',510.00,1,'CC','grande','bone2003','',NULL,NULL,NULL),('junkyard dogs','oldwick','NJ','USA','DP',0,'','',635.00,1,'CC','puppies','finnegan','',NULL,NULL,NULL),('Squirrel Pelt','Boulder','CO','USA','ME',0,'','We are all originally from the East Coast, we all had mullets at one time in our lives,the Squirrel Pelt is a classic.  We all currently hail from Boulder Co. Last year we rode as the Boulder Baked Cookies, we had a blast, and plan to again this year.  HIT THE KICKER!!!',510.00,1,'CC','lepron','fatman','',NULL,NULL,NULL),('Pedal Power/Marmot  -Sport','Vail','CO','USA','MS',0,'Pedal Power Bike Shop\015\012Mormot Electric','',510.00,1,'CC','apoole','hatch1','',NULL,NULL,NULL),('Chainsmokers','Denver','CO','USA','MS',0,'','Passing on your left!!!',510.00,1,'CC','bradicev','strato','',NULL,NULL,NULL),('Team BOB (Babes on Bikes)','Fort Collins','CO','USA','WV',0,'New Belgium Brewery','Team BOB (Babes on Bikes) is an all women mountain biking organization from Ft. Collins, CO. The team has 50+ members and its purpose (besides riding and drinking beer) is community service. Such as helmet drives and bike rodeos for the boys and girls club. It is als required of each member to do at least a day of trail work per year.',500.00,0,'CK','ballan','bikebabe','',NULL,NULL,NULL),('Too Young to Golf','Phoenix','AZ','USA','MM',0,'Integrated Support Systems & Rage Cycles','See how fresh this fine support crew looks before the cannon?',500.00,0,'CK','slindeen','younguns','',NULL,NULL,NULL),('Detoxamin','Salt Lake City','UT','USA','ME',0,'Detoxamin','',510.00,0,'CK','msutton','detox','',NULL,NULL,NULL),('Our Ass Handed to Us','Las Cruces','NM','USA','ME',0,'','',635.00,1,'CC','aggies','barrys','',NULL,NULL,NULL),('Trek factory/alumni team','Salida','CO','USA','DP',0,'Trek/VW/JBL, Absolute Bikes-Salida, Elam Constrution','Seeking adventure, making friends',450.00,1,'CC','Chaffee','ktm250sx','',NULL,NULL,NULL),('4 Poles & A Bean Hole','Edwards','CO','USA','5P',0,'Starbucks Coffee, Vail Sports , Vail Resorts,','',635.00,1,'CC','vanliere','beanpole','',NULL,NULL,NULL),('Squeaky Rhino Riot','Salt Lake City & Kintson,','UT','USA','DP',0,'AKA the bike shop, Trails head lights','Conceived over emails, with copious amounts of Vodka and Gin, team Squeaky Rhino Riot strives to barely beat medicrity through the ancient art of riding by \"Squeak\". This once lost art form uses the chanting powers of a firmly attached squeaky rhino handle bar toy to better ones riding abilities. The Squeaky Rhino Riot riders are well versed in this ancient technique, which has been know to convey near super powers on to its successful practitioners. Although gifted by such powers, Squeaky Rhino Riot remains a nonpartisan team of an American and Canadian striving the betterment of all squeak-based riding. A gesture that is certain to reduce the current tensions between the two currently warring nations.',450.00,0,'CK','wendell','rhino1','',NULL,NULL,NULL),('Hall, Gregory J.','Glenwood Springs','CO','USA','M1',0,'Carrott, Wilder and Blake (inspiration sponsorship), and Team Offroad Rash','Biding my time \'till Granny opens a Clydesdale Solo category',310.00,1,'CC','hallgj','Keeley','',NULL,NULL,NULL),('Y-Riders Dirty Blondes','Boulder','CO','USA','WJ',0,'Y-Riders Cycling Club','Once upon a time in casio de emergencidad on doit faire du surf pour etre chouettc. Un gato es un dvice de ieche. Est-ce q\'on Va gagner cette anee? pour quoi pas !',500.00,0,'CK','kmartin','yriders1','',NULL,NULL,NULL),('Crank\'in Old Men','Louisville','CO','USA','MM',0,'Ourselves!','Over the years we\'ve had a lot of great times in Moab but have never done the 24 hour race before. We thought we\'d better do it this year before we got too old and cranky to stay up that late!',510.00,1,'CC','060351','Crowley','',NULL,NULL,NULL),('Griswold family vacation to Moab','Brigham City','UT','USA','MS',0,'','two guys from box elder county, ut. and two guys from weber county, ut. This is steve and jack\'s triumphant return.  they hope to place better than 100th.',510.00,1,'CC','steven','bicycle','',NULL,NULL,NULL),('V2V/Victory 2 Vagina','Moab','UT','USA','WS',0,'The Town of Moab, UT Red Cliffs Adventure Lodge','',375.00,0,'CK','ckinslow','victory','',NULL,NULL,NULL),('Three men and a baby','Durango','CO','USA','ME',0,'Our jobs.','3 oldtimer bike racers from the infancy of the sport coupled with an energetic younger chap.',510.00,1,'CC','gsippy','music505','',NULL,NULL,NULL),('Morgan, Brett','Dillon','CO','USA','M1',0,'Coach Handle Bar & The Arapahoe Warriors','Inspired by (Coach Handlebar, Thane Wrights) performance at teh Revenge---- Thought I would give The Honda 24 Hours of Moab a try.',310.00,0,'CK','bmorgan','soloman','',NULL,NULL,NULL),('Was that YOUR Ass?!','Albuquerque','NM','USA','WS',0,'','Gas powered - need we say more.....',510.00,1,'CC','cactus','chaos1','',NULL,NULL,NULL),('Nelson, Peter I.','Ft Collins','CO','USA','M1',0,'','Do I look like I am having fun?',310.00,1,'CC','pinelson','climb512','',NULL,NULL,NULL),('Breckenridge Team Two','Breckenridge','CO','USA','DP',0,'Breckenridge Ski Resort','We are totally into mountain bike racing and love the 24 hours at Moab race.',450.00,1,'CC','rogi01','rogi02','',NULL,NULL,NULL),('So That\'s Chafing?','Broomfield','CO','USA','MS',0,'N/A','This is a team consisting of 2 riders from New Mexico and 2 riders form Colorado.  This is a first time team to 24 hour racing who will soon know the meaning of extreme chafing and sore saddles!',510.00,1,'CC','chafing','199974','',NULL,NULL,NULL),('Clammy Chamois','Anchorage','AK','USA','5P',0,'RTR, Paramount, Vicious Cycles, Dell Computers, Anchorage Fracture','We\'re Peter Basinger\'s pit crew.  No sense standing around watching him have all the fun.  When Pete\'s away the Pit will play!',635.00,1,'CC','jtower','tiger11','',NULL,NULL,NULL),('Martin, Glenn G.','Ketchum','ID','USA','M1',0,'Galena Lodge & MasterCard (for a 14% fee)','If god really had something to say, do you think he would choose George W. Bush as his loudspeaker???\015\012\015\012What is that hanging out of your nose?',310.00,1,'CC','gmartin','xcalibur','',NULL,NULL,NULL),('Weak, Fragile, Inept and Scared','Longmont','CO','USA','MS',0,'','No Kitty!  My pot pie!',510.00,1,'CC','kbeshore','fragile','',NULL,NULL,NULL),('Desert Divas','Moab','UT','USA','WS',0,'','',0.00,0,'CK','houghton','dirtdiva','',NULL,NULL,NULL),('4given','Highlands Ranch','CO','USA','MM',0,'International Christian Cycling Club\015\012Team Ironclad','',510.00,1,'CC','4given','1Saved','',NULL,NULL,NULL),('Racer\'s Cycle Service','Provo','UT','USA','5P',0,'Racer\'s Cycle Service\015\012Kenny\'s 1 Hour Photo','',635.00,1,'CC','Racers','STP400','',NULL,NULL,NULL),('Spahr, Patrick J.','Moab','UT','USA','M1',0,'','',310.00,1,'CC','pspahr','jazzie','',NULL,NULL,NULL),('Janelle, Mike','Avon','CO','USA','M1',0,'Tokyo Joes, Gary Fisher,Oakley ,Vail- Gofast','',310.00,0,'CK','mjanelle','sologuy','',NULL,NULL,NULL),('Outa Control','Tahoe City','CA','USA','MJ',0,'Cyclepaths.com, Olympic Bike Shop, Families and Friends','horses say people are funny',510.00,1,'CC','davida','b9y271XO','',NULL,NULL,NULL),('Screamin\' Taint','Boulder','CO','USA','MS',0,'','We competed in this race in 96, 97, & 98 and after a hiatus, we\'re back.  racers from colorado, and california.',510.00,1,'CC','johncrit','climbs','',NULL,NULL,NULL),('Y-Riders Hydration Kings','Boulder','CO','USA','MJ',0,'Y-Riders, YMCA, Rudy Project, Chipotle','',500.00,0,'CK','krice','yriders4','',NULL,NULL,NULL),('Fat Tired Classics','Denver','CO','USA','MV',0,'Team Big Butt  \015\012www.teambigbutt.com','After a... ahem \"crazy\" experience in the mud of Canaan in 1998 John decided to try Moab where it would likely be a wee bit less muddy than Canaan.  The Fat Tired Classics have appeared in some form or another since then.  So far we\'ve managed to avoid being dead last in any of the 5 previous races.  We\'re going for SIX!',500.00,0,'CK','johnwur','tirider','',NULL,NULL,NULL),('Short Bus','South Lake Tahoe/Asheville','CA','USA','DP',0,'Bio-Wheels Racing, Miller\'s Custom Cabinets, Doc Chey\'s Noodle House','Give us your poor, tired, aching legs, and we will tell you to stop your whining and get out there for another lap.  By the way, whatever happened to Mo, Rose, and those crazy Rockets????  Just the two of us...... we can make it if we try....... just the two of us.......Sing it you know the words.',450.00,1,'CC','shortbus','wer138','',NULL,NULL,NULL),('SMBA Bridge/Breaks Unwanted','Boulder','CO','USA','MJ',0,'SMBA, Bridge School, Active Imprints, Prime Alliance, Chrisman Construction, Cateye, Pear Izumi','',500.00,0,'CK','jschusle','jrrides','',NULL,NULL,NULL),('SMBA Bridge/Crank Yankers','Boulder','CO','USA','MJ',0,'SMBA Bridge, Active Imprints, Prohne Alliance, Chrisman Construction, Cateye, Pearl Izumi','',500.00,0,'CK','yarbroug','smbaride','',NULL,NULL,NULL),('SMBA Bridge/The Fantastic Four','Boulder','CO','USA','MJ',0,'SMBA Bridge, Active Imprints, Prime Alliance, Chrisman Construction, Cateye, Pearl Izumi','',500.00,0,'CK','scarlson','boysride','',NULL,NULL,NULL),('Telluride Las Bicicletas De Luz','Tellurdie','CO','USA','MS',0,'Team Telluride, La Cocina De Luz','',500.00,0,'CK','ftwombly','fastride','',NULL,NULL,NULL),('SMBA Bridge/The Things','Boulder','CO','USA','MJ',0,'SMBA Bridge, Active Imprints, Prime Alliance, Chrisman Construction, Cateye, Pearl Izumi','',500.00,0,'CK','tirvine','guysride','',NULL,NULL,NULL),('Hop, Skip, Jump and Go Naked','Beaver Creek','CO','USA','5P',0,'Beaver Creek','',635.00,1,'CC','hsjgn2','wrigley','',NULL,NULL,NULL),('Driver, Marc','Hailey','ID','USA','M1',0,'','',310.00,0,'CC','mdriver','soloman','',NULL,NULL,NULL),('Still Crusty...','Colorado Springs','CO','USA','ME',0,'Jamie, Jessica, Julie, Sonya, SRAM, and NiteRider','We\'re back to defend the Title!',510.00,1,'CC','crusty','chamois','',NULL,NULL,NULL),('Pricks and Drunks','Tempe','AZ','USA','5P',0,'Missing Link Racing\015\012Rio Salado Brewery\015\012Landis Cyclery\015\012Light and Motion\015\012Maxxis/Hayes/Sun Ringle/Vigor','\"Every time I see an adult on a bicycle, I no longer despair for the future of the human race.\" - Herbert George Wells, 1866 - 1946',625.00,0,'CK','rmiller','drunks','',NULL,NULL,NULL),('Laporte\'s Telluride Cowgirls','Telluride','CO','USA','WS',0,'Aggressive Development-Don Laporte, Coffee Cowboy, Bill Mattson, La Cocina De Luz, BIOTA, Mail Boxes ETC, Telluride Coffee Company, ASAP Accounting and Payroll Services, INC.','Just want to give a big thanks to all our sponsors and the people that support us in our little mountain town!',510.00,1,'CC','shawna','snowboar','',NULL,NULL,NULL),('Palmer, Adam L.','Vail','CO','USA','M1',0,'','',320.00,0,'CC','apalmer','sologuy','',NULL,NULL,NULL),('Satio, Yuki','denver','CO','USA','M1',0,'','',450.00,1,'CC','ysaito','10151025','',NULL,NULL,NULL),('The Jackers','Denver','CO','USA','MS',0,'Our parents who birthed us.','A bunch of punks in the middle of the desert riding in circles for fun.',510.00,1,'CC','ryounkm','ulty69','',NULL,NULL,NULL),('Monkey Spankers','Rosie Palm','CO','USA','MV',0,'Arapaho Warriors, Centex Homes','',510.00,1,'CC','Monkey','spanker','',NULL,NULL,NULL),('Kobe Dogs','Eagle','CO','USA','MS',0,'Mountain Pedaler\015\012Crystal Ball Limited\015\012Oscar Meyer','Just like Kobe once told me:  Ya gotta go hard and fast, even if it hurts.  Ya gotta tear sh@#t up!! GO CUBBIES!!!',510.00,1,'CC','kobedogs','moabkobe','',NULL,NULL,NULL),('Slow Pokes 2','Tucson','AZ','USA','5P',0,'Sooter\'s Auto Service','',635.00,1,'CC','slayer','propain','',NULL,NULL,NULL),('The Fly\'n Naked Apes','Tucson','AZ','USA','MS',0,'Numericraft Inc. Precision CNC Machining\015\012Pacific Coast Sterilizer Services','I\'m your Huckleberry',510.00,1,'CC','nakedape','spooon','',NULL,NULL,NULL),('Dum','Moab','UT','USA','SR',0,'Poison Spider Bicycles, Red Bull','4 guys that are used to full suspension and gears. This should be interesting.',510.00,1,'CC','PoisonS','psbpsb','',NULL,NULL,NULL),('Who Am I?','Cheyenne','WY','USA','MS',0,'Go Fast\015\012Turin Bicycles\015\012I-Bike, Greeley, Co.','We have all raced a few times.  Two of us rode the Inaugural 24hrs of Temecula this spring.  The course was a blast!  Looking forward to going over the bars a few times at 3 in the morning again in Moab.  A special thanks to The Samples for the team name. May your lights shine bright, and your tubes stay full.',510.00,1,'CC','firevet','water8','',NULL,NULL,NULL),('Battered Wives Club','Eden','UT','USA','WS',0,'Diamond Peak, a great shop with great people that know what is going on!','There is no such thing as a comfortable bike seat!',500.00,0,'CK','brandih','fun4all','',NULL,NULL,NULL),('Heino\'s','Pequannock','NJ','USA','MS',0,'Heino\'s Ski and Cycle','Classic',510.00,1,'CC','heinos','watson','',NULL,NULL,NULL),('The Fast and the Flatulent','Park City','UT','USA','DP',0,'Light-n-Motion, Kathy\'s Leftovers, Cole Sport, B & M Beans, JB and Faerthen.','Nothing can stop our flatulence!!!  Not even team mad dog\'s whining anecdote.',440.00,0,'CK','beaner','stinky','Received 9/30',NULL,NULL,NULL),('mtbchick.com-The Happy Hocky Family','Boulder','CO','USA','WJ',0,'Cannondale, Squadra, Power Bar, Pedro\'s, Invesco, Ultimate Support Systems, NiteRider, Annie\'s Homegrown-Totally Natural Mac and Cheese','He says his friend is fuzzy.\015\012He says his friend is HUNGRY\015\012\015\012Later, Holly sees a SNOW REINDEER Newton has made.  What a trickster! says Holly\015\012You weren\'t really bored.  You were watching a; a;png, weren\'t you?\015\012\015\012it is a lot of work but it is worth it to have the squirrel problem SOLVED \015\012\015\012do YOU have a red balloon?  I have a red balloon\015\012\015\012just say \"NO\" to 3-plus hour laps\015\012\015\012As my 60-year-old neighbor said (WITH an English accent) \"Gravity is my boistrous playfellow.\" Don\'t hear that too often',500.00,0,'CK','smaytum','chicks','',NULL,NULL,NULL),('Vulture Fodder','Denver Area','CO','USA','5P',0,'','',635.00,1,'CC','bkiburz','sn0wsh0e','',NULL,NULL,NULL),('The Noodle Incident','Golden','CO','USA','ME',0,'','',635.00,1,'CC','Jessica','Sobster','',NULL,NULL,NULL),('The Stagecoach','Ogden','UT','USA','5P',0,'Autoliv Race Team','We all work at the Ogden Autoliv Module Facility.  Do not be suprised by our heroically proportioned bodies, the weight comes in handy on the downhill portions.',510.00,1,'CC','btwebb','dingo1','',NULL,NULL,NULL),('Monkey Butts','Telluride','CO','USA','MS',0,'','First time night riders looking for a good time!',510.00,1,'CC','smchale','monkey','',NULL,NULL,NULL),('Brokeaway','Salt Lake City','UT','USA','MS',0,'Pibs Exchange\015\012Ardvark Cylcles','Push and Pull to get out of the way.',510.00,1,'CC','philsnow','broken','',NULL,NULL,NULL),('SNOTT ROCKETTS','Lykens Valley','PA','USA','CD',0,'Native Eyewear','We will try to keep our \"nasal obstructions\" an acceptable distance from the trail.\015\012we would advise everyone to practice their aim prior to the race!',510.00,1,'CC','williams','moabut','',NULL,NULL,NULL),('The Cow Patty Ski Team','Boulder','CO','USA','5P',0,'','',675.00,0,'CK','chrisher','shortbus','',NULL,NULL,NULL),('BUTT-R UP!','Hayden','CO','USA','DP',0,'Paceline Products','When in doubt, don\'t pout!  BUTT-R UP BABY!',450.00,1,'CC','teambutt','buttrup','',NULL,NULL,NULL),('Cyclopaths','Moraga','CA','USA','MS',0,'Running on fumes.','Team Cyclopaths is now new and improved!  The east coast half of our original contigent bailed out, their derangements maintaining full effect even off of their mountain bikes.  Joining us in their stead are two intrepid loners hailing from CA and CO respectively, making us an all west of the Mississippi team.  We are confidently hopeful that this new alliance is as ill conceived and sadly delusional as the first!',510.00,1,'CC','laVida','muyDura','',NULL,NULL,NULL),('Least  Expected','Susanville','CA','USA','MS',0,'Self','',510.00,1,'CC','luvmylil','luvmydog','',NULL,NULL,NULL),('all season sports','frisco','CO','USA','MS',0,'All Season Sports','',510.00,1,'CC','asssport','lenny9','',NULL,NULL,NULL),('Rio Grande All Stars','Los Alamos','NM','USA','CP',0,'Bike-n-Sport\015\012Crazy Cat Cyclery\015\012Oschner\015\012Tuff Riders','Pro, Semi-Pro and Expert racers from New Mexico and Texas linked by what used to be a big river.  Looking forward to crossing the divide for 24 more hours of the 2003 season.',810.00,1,'CC','kisiel','kknm68','',NULL,NULL,NULL),('Brown, Jon','Gunnison','CO','USA','M1',0,'','',310.00,0,'CK','jonbrown','oneridin','',NULL,NULL,NULL),('Bergman, Bryan','Boulder','CO','USA','M1',0,'Carmichael Training Systems\015\012Enervit','A big thanks also goes out to Turin Bicycle Shop - the BEST shop in Denver - for all their support this season. Winston - you are the man!',320.00,0,'CC','bbergman','soloman','',NULL,NULL,NULL),('James, Ann','Silverthorne','CO','USA','W1',0,'Beckenridge Ski & Ride School, Astrocom Electronics, Mountain Sports Outlet','',320.00,0,'CC','annjames','sologal','',NULL,NULL,NULL),('Barbie','Summit County','CO','USA','WJ',0,'Wilderness Sprts, Ti Amo\'s, Ski Village Lodging, Backcountry Brewery, Christy Sports, Recycle Ski and Sports, Jeff and Mike.','hey Ken!',510.00,1,'CC','barbies','rockmoab','',NULL,NULL,NULL),('Johnson, Anthony W.','Salt Lake City','UT','USA','M1',0,'Titus Cycles, Answer Manitou, Hind, deuter, First Endurance, Red Bull, Rudy Project, Light & Motion, and of course B. Fischer & Co.','Wildman is on the loose again with best friend/ girlfriend B. Fischer as the #1 support crew!!!',310.00,0,'CK','johnson','soloman','',NULL,NULL,NULL),('Zonie and the Rockheads','Colorado Springs','CO','USA','MV',0,'Cannondale, Pikes Peak Velo','Three \"Rockheads\" from Colorado teamed with a \"Zonie\" from Arizona gathering in the Utah desert for some fun.',510.00,1,'CC','rockhead','2621nobs','',NULL,NULL,NULL),('VO2 MINIMUM','Littleton','CO','USA','MS',0,'Colorado Athletic Club\015\012Screaming Beagle Bike Shop\015\012O\'Donnell\'s Swollen Taint Shop','Always remember to do the Safety Wipe before you ride.',510.00,1,'CC','teamcac','paroboy','',NULL,NULL,NULL),('UberLube','Boulder','CO','USA','ME',0,'UberCoach Greg Robertson\015\012Mechanic Irish Mick, Emmo & the G-Dog','Keepin\' it real for the third year.',510.00,1,'CC','timo182','rabies','',NULL,NULL,NULL),('Junior Vail','Vail','CO','USA','MJ',0,'Pedal Power, IllumiNite, Lambert tile and stone, Nightrider','freak\015\012\015\012n : a person or animal that is markedly unusual or deformed [syn: monster, monstrosity, lusus naturae] v : lose one\'s nerve; \"When he saw the accident, he freaked out\" [syn: freak out, gross out, lose control]',510.00,1,'CC','juniorv','france','',NULL,NULL,NULL),('Sugar B/White Pine Touring/Clif Bar','Park City','UT','USA','WS',0,'White Pine Touring/Clif Bar/Gary Fisher/Smith','A group of 9 women dedicated to furthering the development of Mtn Biking in the women\'s arena, by providing instructional-group-based, non-competitive clinical rides for the community.  We are all extreme athletes placing in the top categories of our races.',510.00,1,'CC','kkotter','855131Ro','',NULL,NULL,NULL),('Beer Eye for the bike Guys (and gal)','Edwards','CO','USA','5P',0,'Kenneth Cole \015\012Dolce e Gabbanna\015\012(yah right)','Even wearing a helmet, we know the importance of Hair products and BEER!\015\012Cheers to the Fab 5!',635.00,1,'CC','moab2004','16laps','',NULL,NULL,NULL),('axles of evil','boulder','CO','USA','5P',0,'We rejected all sponsors.','From Boulder, CO.  This team consists of people from Boulder who actually work for a living, and children for a pit crew.',635.00,1,'CC','jimmym','moemoe','',NULL,NULL,NULL),('los burros borrachos','Monument','CO','USA','DP',0,'Balanced Rock Bike and Ski, En-RG Foods/Honey Stinger','one word:  coffee',450.00,1,'CC','scblur','yetiarc','',NULL,NULL,NULL),('The X Men','Denver','CO','USA','MS',0,'Team Ironclad','We have 3 sport riders and 1 beginner. Two of the riders have been in preveious races and 2 first timers. We are 40+ in age.',510.00,1,'CC','johnb1','jcwjb1','',NULL,NULL,NULL),('Lung Buttah','Park City','UT','USA','5P',0,'Phlegm, Sore Muscles, Butt Buttah','It\'s all in the name',625.00,0,'CK','parkay','oleo','',NULL,NULL,NULL),('One For The Road','Carbondale','CO','USA','SR',0,'Ajax Bike & Sport, Alpine Bank, Sportlegs, Honey Stinger','A teacher, a banker, a waterboy, and a mechanic...\015\012\015\012I had this dream earlier in the summer where I went to a bike race and raced single speed. After the event, we were called up to the awards ceremony where we all won a set of shifters.....',500.00,0,'CK','seeya','byebye','',NULL,NULL,NULL),('Shew\'s Crew','Durango','CO','USA','5P',0,'Redhook, Turin Bicycles','Shrew\'s (1/2 shark 1/2 alligator 1/2 man)Crew',625.00,0,'CK','shewmake','sharkman','',NULL,NULL,NULL),('DYHP Racing','Erie','CO','USA','MS',0,'Don\'s Yellow Happy Pagoda (www.donsyellowhappypagoda.com)\015\012Royal Canadian Institute for the Mentally Insane (RCIMI)\015\012Dim Young Hapless People, Dating Service','DYHP Racing (Don\'t You Hate Pants), was formed by two men who were sick and tired of the inequities in todays fascist pants-centric pantsocracy!!!  After their release from the Royal Canadian Institute for the Mentally Insane (RCIMI), these men (shall we call them Heroes?) bravely  set out on an Earth Shattering Quest to rid the Universe of the scourge know as Pants!!!  Unable to afford motorized transportation they were forced to achieve this goal via Mountain Bike.  Thanks largely to the support from their mascot, the Pants Wetting Panic Bunny (!!!) this rag-tag band of misfits has achieved international status in such races as the Erie Invitational, The Eaton Court Race of Champions and the prestigious Does This Look Infected To You 5k run/walk (we dusted the competition in that one!!!)  Recently added to the star studded roster of sponsored teams at Don\'s Yellow Happy Pagoda restaurant and laundromat, the team was able to afford a big black Italian truck, dubbed Lirleen.  Next year we hope to be able to afford gas.\015\012Please visit us at www.dyhpracing.com for more information.\015\012Eat at Don\'s, it\'ll make you Yellow and Happy!',510.00,1,'CC','shorty','11elvis0','',NULL,NULL,NULL),('Slogo','Aspen','CO','USA','MS',0,'Cloudveil','Just a few guys out for a leisurely ride through the desert...and hopefully we\'ll make it to the end!!!',510.00,1,'CC','alanfede','skiaspen','',NULL,NULL,NULL),('Eddie Van Halen Rules','Salt Lake City','UT','USA','MS',0,'','',510.00,1,'CC','petmuc','mookie','',NULL,NULL,NULL),('Leadville Daze','Leadville','CO','USA','MS',0,'','All avid riders in Colorado and ski bums in the Vail area.',510.00,1,'CC','leadvill','elbert','',NULL,NULL,NULL),('The Laming Flips','Albuquerque','NM','USA','5P',0,'','The Axis of Knievel - Davis and Albuquerque - converging at last!  We tried to break the system down and enter the Men\'s Sport but thought getting the ACLU involved would be silly. See you in Moab!',510.00,1,'CC','lflips','demattei','Riding with only four (4) people.',NULL,NULL,NULL),('Shifty Ladies','Santa Fe','NM','USA','WS',0,'Outside Magazine, Mountain Hardwear, Sugoi','',500.00,0,'CK','jsieja','bkladies','',NULL,NULL,NULL),('Specialized','Arlington','VA','USA','CP',0,'Specialized, Manitou, SRAM, Mavic, Truvativ, Light & Motion, GU, IBEX, Defeet, Thomson, Marmot','',810.00,1,'CC','bigreds','racing','',NULL,NULL,NULL),('Honey Stinger - Sting or Bee Stung','Steamboat Springs','CO','USA','ME',0,'Honey Stinger','Four desk jockies with fat asses riding the only thing that will let them, Their bikes!',510.00,0,'CC','rhager','stinger','',NULL,NULL,NULL),('Again with 2, Again IT WILL NOT RAIN','Denver','CO','USA','DP',0,'Red Hook / Turin','here we go again',450.00,1,'CC','sampsonb','norain','',NULL,NULL,NULL),('Perpetual Motion','Boulder','CO','USA','WS',0,'','Sponsored by Promo Ad. Inc 151213 Deere Longmont, CO\r\n\r\ncome by our camp site and check out our cool t-shirts!',500.00,0,'CK','cferrer','girlsrok','',NULL,NULL,NULL),('Dorst, Kenneth','Edwards','CO','USA','M1',0,'Beaver Cree, Kind Cyclist','',320.00,0,'CK','kdorst','sologuy','',NULL,NULL,NULL),('Pharmanex','Provo','UT','USA','5P',0,'Cognis','',510.00,1,'CC','spoole','sandyut','',NULL,NULL,NULL),('Blow Up','Denver','CO','USA','ME',0,'A Racers Edge','',520.00,0,'CS','stinky','pants','',NULL,NULL,NULL),('Ross, Nat A.','Vail','CO','USA','M1',0,'Subaru-Gary Fisher, Go Fast Sports, Bontrager,Clif Bar, Nike, IRC, Nite Rider, Smith Sport Optics, Source Hydration Packs and Manitou.','Unbelievable--This is my 21st solo mountain bike race!',310.00,1,'CC','0-HzLqvo','x1xigh9A','',NULL,NULL,NULL),('The Stingers','Steamboat Springs','CO','USA','5P',0,'Honey Stinger','We\'re five women who love to buzz around on our mountain bikes.',635.00,1,'CC','honeybee','stinger','',NULL,NULL,NULL),('David\'s Mighty Men (Team Ironclad)','Anaheim','CA','USA','DP',0,'','',580.00,0,'CK','mmorley','davemen','',NULL,NULL,NULL),('Looking To Improve','Grand Junction','CO','USA','MS',0,'Eko Sport, Inc','',510.00,1,'CC','jasont','looking','',NULL,NULL,NULL),('Slickrock Cafe','Moab','UT','USA','MS',0,'Slickrock Cafe\015\012DogBone Racing\015\012Tucks Medicated Pads','After Rhody Del decided to run off to Hawaii to get married instead of racing with us, we decided that we could actually put together a kick-ass team.\015\012\015\012We\'re not here for a long time, just a good time!',510.00,1,'CC','djtower','parzival','',NULL,NULL,NULL),('WRC/Specialized','Wheat Ridge','CO','USA','DP',0,'Wheat Ridge Cyclery, Specialized','',460.00,0,'CK','kmagelky','madsen','',NULL,NULL,NULL),('High Lonesome','Denver','CO','USA','5P',0,'High Lonesome Cycling','Rarrrrrr!',510.00,1,'CC','belkin','tellurid','',NULL,NULL,NULL),('Kathy\'s Lap Dance','Denver','CO','USA','MS',0,'','',625.00,0,'CK','jwarner','katdance','',NULL,NULL,NULL),('Sleepless in the Saddle','Boulder','CO','USA','MS',0,'','',520.00,0,'CK','shanes','saddle','',NULL,NULL,NULL),('JARID_NOT_FROM_SUBWAY','Fort Collins && Boulder','CO','USA','5P',0,'','Ian Erickson - quote un-quote mt. biker, team cheerleader, breathes\015\012through his left nostril only.  And yes, wears underwear under bike\015\012shorts. \015\012\015\012JJ Young - Mr. \"downhil disaster\" himself, color coordinated patriotic\015\012bike.\015\012\015\012Marshy, dmarsh, marshal, AKA \"particle man\", wears Brutt cologne, we\015\012know this because he rides on the middle chain ring only, and his front\015\012suspension is so stiff he should just get a ridged fork.  That and he\015\012its rumored that he does *not* wear underwear under those bike shorts of\015\012his ~cringe~  \015\012\015\012Ryan Beeyatch - \"fat finger chin patch batch\" Sometimes rides with one\015\012eye closed.  Definitely the stylish one of the group, usually seen\015\012sportin\' a \"smokin\' it\" yellow t-shirt, stylin\' black dressy glasses and\015\012striped socks.  Come to think of it man, what the hell?  \015\012\015\012Amy - no comment, (she\'s our secret weapon).',635.00,1,'CC','jryj30','ciao vin','Racing with four (4) people.',NULL,NULL,NULL),('Cardiovascular Disaster','Boulder','CO','USA','MS',0,'','',635.00,1,'CC','freddy','gofast','',NULL,NULL,NULL),('Retrotec/Clif Bar','Berkeley','CA','USA','ME',0,'Retrotec\015\012Clif Bar Inc.','',510.00,1,'CC','Curtis','valiant','',NULL,NULL,NULL),('Otto, Simone D.','Boise','ID','USA','W1',0,'Magura, Titus, Kinesys','',320.00,0,'CK','simone','coolchik','',NULL,NULL,NULL),('Pedal Power','Avon','CO','USA','MV',0,'','',0.00,0,'CK','bruce','roanan','',NULL,NULL,NULL),('McDonald, Aiden','Millgrange','WV','USA','M1',0,'','',320.00,0,'CC','aiden','solo1','',NULL,NULL,NULL),('Clif Bar Duo','Wenatchee','WA','USA','M1',0,'Clif Bar/Bianchi/michelin Tires','Last minute struggle to compete.  I was going solo because everyone backed out of the 4 person team we had. I sent out e-mails to find a partner for a duo team and found another clif athlete in San Diego willing to suffer with me.',450.00,1,'CC','jasonj','quaker','',NULL,NULL,NULL),('Big Ring Brews','Boulder','CO','USA','ME',0,'Pedros\015\012Sock Guy\015\012Big Ring Brews','',510.00,1,'CC','TeamBRB','IPARules','',NULL,NULL,NULL),('Prime Alliance','Boulder','CO','USA','DP',0,'','',0.00,1,'CK','new1018','x1xUWO9u','',NULL,NULL,NULL),('Weapons of ass destruction','Las Cruces','NM','USA','MV',0,'','',635.00,1,'CC','mkirsch','mwc@hme','',NULL,NULL,NULL),('two buck chuck','Park City','UT','USA','MV',0,'Elvis, Sasquatch, President George W. Bush, Moroni, our many wives','Cappy put us in the wrong class, but is it worth $20 to fix?\015\012\015\012Can you put a price on pride, or on sliming our way into a class with less competition?',510.00,1,'CC','bobpeek','twobucks','',NULL,NULL,NULL),('Lost Souls','Lakewood','CO','USA','MS',0,'','',635.00,1,'CC','emerson','dixiedog','',NULL,NULL,NULL),('Team Hansel','Boulder','CO','USA','MS',1,'Our friends and family who generously donated to the American Lung Association.','One total loser from Ohio (Bryan Grace) and 3 other rock star riders(Corey Paquette, Bob Utter, Todd Ackerman).',0.00,0,'CK','bgrace','gretel','',NULL,NULL,NULL),('Rollin\' Thunder','Boulder','CO','USA','DP',0,'Prime Alliance, Maverick Bikes, Cateye, SMBA,','Three fast youngin\'s draggin the old man around! Two skinny tire pro\'s a collegiate MTB hotshot and a father figure to keep them on the straight and narrow.',510.00,1,'CC','tompact','grayling','This team will be DSQ due to racing out of class.  Ask Don to make a \\\\\\\"just for fun\\\\\\\" class to put them in so they don\\\\\\\'t show up in the Expert results.',NULL,NULL,NULL),('Woodchuck Riders','Evergreen','CO','USA','MS',0,'pain and suffering','Just like the common missouri rodent, we have short, powerful legs and a bushy, somewhat flattened tail.\015\012\015\012We are a group of  mountain bikers out to have some fun and not worry about where we finish......',510.00,1,'CC','yeticc','woodchuc','',NULL,NULL,NULL),('rubber side down','Louisville','CO','USA','MV',0,'our beautiful wives and girlfriends(must choose only 1 per racer!)','Never mtn bike raced before.  Old guys who hope to check this off their \'stuff done list\', but will probably end up getting hooked.  Main goal is to stay out of both helicopters and the ER this weekend!',510.00,1,'CC','plinsley','retrac','',NULL,NULL,NULL),('Four  Slow  Pokes','Eagle','CO','USA','MV',0,'Susan & Courtney Divas\015\012Bunderburg rum','Just a bunch of happy go lucky guys who like the outdoors and the challenges that are found within it -  especially when Bundy rum is involved.',510.00,1,'CC','fourslow','pokers','',NULL,NULL,NULL);

--
-- Table structure for table `team_number`
--

CREATE TABLE `team_number` (
  `bib_number` int(4) NOT NULL DEFAULT '0',
  `name` varchar(36) NOT NULL DEFAULT '',
  PRIMARY KEY (`bib_number`,`name`)
) ENGINE=MyISAM DEFAULT CHARSET=latin1;

--
-- Dumping data for table `team_number`
--

INSERT INTO `team_number` VALUES (2,'LUNACHIX /  WTB'),(3,'Rio Grande All Stars'),(4,'SoBe/Cannondale'),(5,'Specialized'),(6,'Tokyo Joe\'s'),(7,'Baker, Jonathan'),(8,'Barry, Shawn M.'),(9,'Basinger, Peter E.'),(10,'Billingsley, Brad'),(11,'Bolen, Timothy C.'),(12,'Borges, Marty D.'),(13,'Brinton, Craig'),(14,'Brown, Jon'),(15,'Bushaw, Keith R.'),(16,'Chambers, Cameron D.'),(17,'D\'Andrea, Pete M.'),(18,'Dean, James P.'),(19,'Dennison, Jed'),(20,'Dill, Ronald G.'),(21,'Dolpp, Alexander'),(22,'Duke, Benjamin P.'),(23,'Eskins, Chad E.'),(24,'Fisher, Jared'),(25,'Fox, James L.'),(26,'Gillest, Kevin M.'),(27,'Golembiewski, Marty M.'),(28,'Grant, Mike R.'),(29,'Hall, Gregory J.'),(30,'Harris, David W.'),(31,'Janelle, Mike'),(32,'Johnson, Anthony W.'),(33,'Jones, Kevin'),(34,'Juarez, David t.'),(35,'Kindig, Jonathan V.'),(36,'Lane, Geoffrey A.'),(37,'Marmsater, Fred'),(38,'Martin, Glenn G.'),(39,'McDonald, Jack'),(40,'Morgan, Brett'),(41,'Myers, Doug'),(42,'Nelson, Peter I.'),(43,'Ohran, Matt'),(44,'Oleson, Chad R.'),(45,'Passant, Ethan A.'),(46,'Peduto, Tony M.'),(47,'Phillips, Martin K.'),(48,'Pickett-Heaps, David A.'),(49,'Pritchard, Michael D.'),(50,'Reichley, Thaddeus B.'),(51,'Ross, Nat A.'),(52,'Rozen, jeremy'),(53,'Spahr, Patrick J.'),(54,'Tatos, Ted P.'),(55,'Testa, Paul C.'),(57,'Vlaming, Greg'),(58,'Wilkinson, Fred'),(59,'Wilson, Dawes'),(60,'Wise, Paul'),(61,'Zerowin, Eric J.'),(63,'Driver, Marc'),(64,'Palmer, Adam L.'),(65,'Bergman, Bryan'),(66,'Begy, Cristina M.'),(67,'Gould, Georgia H.'),(68,'Lulu, Kymberli'),(69,'Mattingly, Kelley M.'),(71,'Stevenson, Tricia L.'),(72,'White, Kerry'),(73,'Woodbury, Jenna'),(74,'1/2 Rat Pack'),(75,'Again with 2, Again IT WILL NOT RAIN'),(76,'Biogen'),(77,'Breckenridge Team Two'),(78,'BUTT-R UP!'),(79,'Clif Bar Duo'),(80,'Cyclelogically Bent'),(81,'DEAN BIKES/SoBe Cannondale'),(82,'Four Nuts on a Bike'),(83,'JACK-O-PIGLET Racing'),(84,'junkyard dogs'),(85,'Just 2 Shmoes'),(86,'Landis Cyclery'),(87,'los burros borrachos'),(88,'Numb and Nummer'),(89,'Pinnacle Dental'),(90,'Podium Free'),(91,'Rocinante / Two for Tallulah'),(92,'Seri Superstars'),(93,'s.frank e.dunn'),(94,'Short Bus'),(95,'Sisterlicious/Team Sugar'),(96,'Sleep Apnea Relapse'),(97,'Squeaky Rhino Riot'),(98,'The Fast and the Flatulent'),(99,'Trek factory/alumni team'),(100,'WRC/Specialized'),(101,'Satio, Yuki'),(102,'505 Durango Dogstingers'),(103,'Adventure Cycling'),(104,'CES Cycling'),(105,'David and the Goliaths'),(106,'Detoxamin'),(107,'Elephant Riders'),(108,'G.A.S.'),(109,'Great Adventure'),(110,'HOPS'),(111,'Joe\'s Wingmen'),(112,'Kobe\'s jury'),(113,'Mad Dog #1/NiteRider'),(114,'Marmot  Power'),(115,'Our Ass Handed to Us'),(116,'Rollin\' Thunder'),(117,'Sore Saddle Cyclery'),(118,'Squirrel Pelt'),(119,'Steelmatics'),(120,'Still Crusty...'),(121,'Subaru-Gary Fisher Corporate Team'),(122,'Team Hops'),(123,'The 4 Horsemen'),(124,'The BC Boys'),(125,'The Pine Boxes'),(126,'Three men and a baby'),(127,'UberLube'),(128,'High Maintenance'),(129,'Honey Stinger Queen Bees'),(130,'Jan\'s'),(131,'mtbchick.com - expert'),(132,'Rockin\' RE/MAX Riders'),(133,'Sugar A/Clif Bar/White Pine Touring'),(134,'Tokyo Joes/Vail Summit Ortho'),(135,'Vagisaurus Wrex-The Revenge'),(136,'24 Happy Hours Team'),(137,'3 Legged Coyotes & the Goddess'),(138,'Rim Cutters'),(139,'4 Guts and a Girl'),(140,'4 Jerks & a Squirt'),(141,'4 Poles & A Bean Hole'),(142,'8 Nuts & A Luna Chic'),(143,'And miles to go before I sleep'),(144,'Aponi & 4 Buckaroos'),(145,'Asleep In The Saddle'),(146,'Aspire'),(147,'axles of evil'),(148,'barley, malt and bunny hops'),(149,'Beer Eye for the bike Guys (and gal)'),(150,'Bike Me'),(151,'Boulder TNR'),(152,'Bramayama'),(153,'Breakfast Club'),(154,'Breckenridge Ski Resort'),(155,'Cardiovascular Disaster'),(156,'Cat Food'),(157,'Chuchos de la Noche'),(158,'Clammy Chamois'),(159,'Crank One Off'),(160,'Dazed and Confused'),(161,'Dead Cow Locals'),(162,'Dirt Rag'),(163,'Dude! Where\'s My Bike'),(164,'Easy Gears and Cold Beers'),(165,'Fat and Happy The Sequel'),(166,'Fat Tired Riders'),(167,'Fattire Fishermen'),(168,'Fine Whine'),(169,'Four Cogs and a Brunette'),(170,'Four Dudes and a Diva'),(171,'Four Sausages and a Doughnut'),(172,'Franks and Bean'),(173,'Front Range Milts'),(174,'FUBAR'),(175,'Glow Ride'),(176,'Go Slo/EDAW'),(177,'Greasy Sprockets'),(178,'Holy Rollers'),(179,'Hop, Skip, Jump and Go Naked'),(180,'I hope they didn\'t miss the trail..'),(181,'Integrated P.T. Flyers'),(182,'Ironclad- Blazing Saddles'),(183,'JARID_NOT_FROM_SUBWAY'),(184,'Jimbo\'s Bike (Iron Clad)'),(185,'Kathy\'s Lap Dance'),(186,'KC and the Tall Shine Band'),(187,'LAS VEGAS CYCLERY/ESCAPE ADVENTURES'),(188,'leave it to the beav'),(189,'Lost Souls'),(190,'Lung Buttah'),(191,'Mad Dog #3'),(192,'Maverick Sports / Clammy Chamois'),(193,'Mean in Moab'),(194,'MOAB CYCLERY/ESCAPE ADVENTURES'),(195,'Nocturnal Mission'),(196,'Numb & Number'),(197,'One Fine Chic Will Do'),(198,'Optic Nerve Lovers'),(199,'OSOLAZY'),(200,'PBR StreetGang'),(201,'PedalMasher.com'),(202,'PedalMasher.com Too'),(203,'Pharmanex'),(204,'Pink Sippy Cups'),(205,'Pricks and Drunks'),(206,'Probably Last'),(207,'The Stingers'),(208,'Queso'),(209,'Racer\'s Cycle Service'),(210,'Radscheune Erfurt (Bike Barn)'),(211,'R.A.T.'),(212,'Reposado'),(213,'Revolution Mtn Sports'),(214,'Riders on the Storm'),(215,'Screaming Scrotums 5'),(216,'See and Be Seen'),(217,'Shew\'s Crew'),(218,'Slow Pokes 2'),(219,'SMVCO'),(220,'Spacely Sprockets'),(221,'Special Forces'),(222,'Steamboat Springs Slick Shifters'),(223,'Surfside'),(224,'Synergy'),(225,'Ten Ten/ Chopper Cooperative'),(226,'The Bottom Brackets'),(227,'The Derailed Princesses'),(228,'The Laming Flips'),(229,'The Mullets'),(230,'The Sofa King\'s'),(231,'Those Wankers From Iowa'),(232,'Voler & Velowear.com'),(233,'Vulture Fodder'),(234,'Waterside West'),(235,'Weapons of ass destruction'),(236,'150% Macho'),(237,'1 Potato, 2 Potato, 3 Potato, Spud!'),(238,'3 Idiots and a Fast Guy'),(239,'3 X W + Z'),(240,'720Sports.com'),(241,'aspen times'),(242,'AzCoWy We Ramble'),(243,'Baked and Ready'),(244,'Basil Cells'),(245,'Beach Cities Rolling Blackout'),(246,'Big Ring Brews'),(247,'Bike Geeks'),(248,'Blood, Sweat and Urine'),(249,'bramabanana'),(250,'Bulbulim'),(251,'Chainsmokers'),(252,'Chamois Butter Boys!'),(253,'Chivo Loco'),(254,'Colonel Angus'),(255,'Corn Dog Nuggets'),(256,'Crash and Burn'),(257,'Cut and Jump club'),(258,'Cyclopaths'),(259,'Desert Derelicts'),(260,'diesel mechanics'),(261,'Digger and The Endos'),(262,'Dirt Therapy'),(263,'DYHP Racing'),(264,'Eddie Van Halen Rules'),(265,'El Chupacabra'),(266,'Enanos Locos'),(267,'Eurovan Trash'),(268,'Fatt Chance'),(269,'Four Cranks No Wench'),(270,'Four Dead Sexy Fat Bastards'),(271,'Frank the Tank Experience'),(272,'Frisco Boys'),(273,'FueledbyPowerBarPoweredbyFlatulence'),(274,'Graysnburtis'),(275,'Green 2 Go'),(276,'Griswold family vacation to Moab'),(277,'Halusky'),(278,'Harriet Jane\'s Revenge'),(279,'Hickory House'),(280,'High Lonesome'),(281,'High Street Hillbillies'),(282,'Inconceivable'),(283,'Inflamed :'),(284,'IRIE RIDERS'),(285,'i want my two dollars'),(286,'Kick Back Fat Cracks/Dixie Desert'),(287,'knee length travel'),(288,'Know Fear'),(289,'Kobe Dogs'),(290,'Last Year\'s Winning Team'),(291,'Leadville Daze'),(292,'Least  Expected'),(293,'Looking To Improve'),(294,'Lords of the (small) Ring'),(295,'Los Ellos Nuevos'),(296,'Lube This!'),(297,'Mad Dog #4'),(298,'Marlboro'),(299,'merrily a flesh wound'),(300,'Metal Cowboys'),(301,'Mad Dog #6'),(302,'Mitchell & Company'),(303,'MLT Providers'),(304,'Monkey Butts'),(305,'Monkey Spankers'),(306,'M.O.T.o.R. Mayhem'),(307,'Nachos with side of Guacamole'),(308,'Nor\'easter'),(309,'No Sleep Till Monday'),(310,'Olson Plumbing and Heating'),(311,'One lap, One Advil, One Beer'),(312,'One Lap Wonders'),(313,'Pedaling Squares'),(314,'Pedalmasher.com California Streamin\''),(315,'Pedal Power/Marmot  -Sport'),(316,'PM Taco Stalkers'),(317,'PPPSSSHHH'),(318,'pud pullers'),(319,'Quadramaniacs'),(320,'Random Lunacy'),(321,'Ride\'her Down'),(322,'Rollin Funk'),(323,'RUA'),(324,'Rusticate'),(325,'Scalded Monkeys'),(326,'Screaming Alveoli'),(327,'Screamin\' Taint'),(328,'Sedona My Face'),(329,'SideTracks'),(330,'Sid Factor Seven'),(331,'Sierra Trading Post'),(332,'Sleestack Virus'),(333,'Slickrock Cafe'),(334,'Slogo'),(335,'Smells Like Lobster'),(336,'Soggy Chamois'),(337,'So That\'s Chafing?'),(338,'Speedos and Tourniquets'),(339,'Start Slow & Taper Off'),(340,'Swinging Links'),(342,'Team Go'),(343,'Team Hansel'),(344,'Team Novara'),(345,'Teem Slim'),(346,'TeleThugs.com'),(347,'Telluride Las Bicicletas De Luz'),(348,'TellurideStyle'),(349,'Tenemos Mas Huevos'),(350,'The Big Hole Riders'),(351,'The Chafetons'),(352,'The Crack Monkeys'),(353,'The Donkeys'),(354,'The Fly\'n Naked Apes'),(355,'The Jackers'),(356,'The Keystone Evolution'),(357,'The Lemmiwinks Experience'),(358,'The Lone Riders'),(359,'The Potholes'),(360,'The X Men'),(361,'Three Desperates and a Hopeful'),(362,'Threshing Sledge'),(363,'Ti Cycles A.K.A. Sausage Kings of ZG'),(364,'T-Rex Warriors'),(365,'two buck chuck'),(366,'VO2 MINIMUM'),(367,'Weak, Fragile, Inept and Scared'),(368,'We ALL finish the race this time'),(369,'Wednesday Night Action'),(370,'Whatcha Talkin\' \'Bout Willis?!'),(371,'Wheels Into The Sun'),(372,'Wheels Over Heels'),(373,'Whiskey Dicks'),(374,'Whistler Wizards'),(375,'Who Am I?'),(376,'WhyTry'),(377,'Woodchuck Riders'),(378,'Arapaho Warriors Women\'s Team'),(379,'Battered Wives Club'),(380,'Desert Divas'),(381,'Divas of the Hub'),(382,'Dust Bunnies'),(383,'Eye Candy of Pomeroy Sports'),(384,'Headtubes and Boobs'),(385,'Laporte\'s Telluride Cowgirls'),(386,'mtbchick.com sport'),(387,'Perpetual Motion'),(388,'Shifty Ladies'),(389,'Sugar B/White Pine Touring/Clif Bar'),(390,'Teamboat'),(391,'The view\'s still better from behind.'),(392,'V2V/Victory 2 Vagina'),(393,'Was that YOUR Ass?!'),(394,'Anvari Single Speeders'),(395,'Connect2.com/Beehive the Cat'),(396,'Dum'),(397,'Jeet Yet? / Chipotle'),(398,'No Shift Sherlock'),(399,'Onedergirls'),(400,'One For The Road'),(401,'Retrotec/Clif Bar'),(402,'Beaver Liquors'),(403,'Bocrambit Eleete'),(404,'Born in the Stoned Age'),(405,'East Coast Mud Loving Ass Draggers'),(406,'Fat Tired Classics'),(407,'Four  Slow  Pokes'),(408,'Golden Sports Re-Cyclery'),(409,'I Forgot'),(410,'Lapdogs V'),(411,'Lumberjacks'),(412,'Mad Dog #2'),(413,'North Bend Hammerheads'),(414,'Honey Stinger - Sting or Bee Stung'),(416,'Race Now, Golf Later'),(417,'rubber side down'),(418,'Screamin\' Perineums'),(419,'The Blazing Saddle Sores'),(420,'The Breckenridge Sally\'s'),(421,'Travelling Tilburys'),(422,'Two Fat, Tyred & Cranky'),(423,'Two Pump Chumps-JV'),(424,'Uno Testicali Grande'),(425,'Willie Bonk'),(426,'Willie Hurl'),(427,'Uno Testicali Tres Grande'),(429,'Zonie and the Rockheads'),(430,'Mt. Sports Outlet Divas'),(431,'Persephone at Dawn'),(432,'Team BOB (Babes on Bikes)'),(433,'The Magnificent Mofos of Madness'),(434,'The Village Idiots'),(435,'Vintage Whine'),(436,'4given'),(437,'4 Old Men, 8 Numb Nuts'),(438,'Audios V.B.S.'),(439,'Bontrager Wheelworks Masters'),(440,'Colorado Alliance'),(441,'Crank\'in Old Men'),(442,'Old Dogs (Mad Dog #5)'),(443,'Too Young to Golf'),(444,'Dangerous Old Women'),(445,'Crumbs on ones'),(446,'Durango Cyclery'),(447,'Fat Chickens'),(448,'Junior Vail'),(449,'Last Place'),(450,'Outa Control'),(451,'RMCEF'),(452,'SMBA Bridge/Breaks Unwanted'),(453,'The Inexhaustables'),(454,'Y-Riders Goof Troop'),(455,'SMBA Bridge/Crank Yankers'),(456,'Why Are We Doing This!!!!'),(457,'Y-Riders Hydration Kings'),(458,'SMBA Bridge/The Fantastic Four'),(459,'Barbie'),(460,'Y-Riders LiL\' Pilsta-Starters'),(461,'mtbchick.com-The Happy Hocky Family'),(462,'Y-Riders Dirty Blondes'),(463,'Astrocom/Breck Ski & Ride'),(464,'Big Big Love'),(465,'Chicken Riders'),(466,'Chunky Monkeys'),(467,'FreakStyle'),(468,'Grande Y Veloz'),(469,'Half a Ton of Fun'),(470,'no team name team'),(471,'PHAT BASTARDS'),(472,'SNOTT ROCKETTS'),(473,'The Four Horsemen'),(474,'The Stagecoach'),(475,'The Cow Patty Ski Team'),(476,'SMBA Bridge/The Things'),(477,'all season sports'),(478,'Heino\'s'),(479,'Brokeaway'),(480,'James, Ann'),(481,'The Noodle Incident'),(482,'David\'s Mighty Men (Team Ironclad)'),(483,'Dorst, Kenneth'),(484,'Blow Up'),(485,'Sleepless in the Saddle'),(486,'Pedal Power'),(487,'Otto, Simone D.'),(488,'McDonald, Aiden'),(489,'Prime Alliance');


