--
-- Host: localhost    Database: grannyge_greatglen2014
-- ------------------------------------------------------


--
-- Current Database: `grannyge_greatglen2014`
--

CREATE DATABASE /*!32312 IF NOT EXISTS*/ `grannyge_greatglen2014` /*!40100 DEFAULT CHARACTER SET latin1 */;

USE `grannyge_greatglen2014`;

--
-- Table structure for table `rider`
--

CREATE TABLE `rider` (
  `uid` int(4) NOT NULL AUTO_INCREMENT,
  `team_name` varchar(36) NOT NULL DEFAULT '',
  `rank` varchar(10) NOT NULL DEFAULT '',
  `firstname` varchar(22) NOT NULL DEFAULT '',
  `lastname` varchar(15) NOT NULL DEFAULT '',
  `middleinit` char(1) DEFAULT NULL,
  `class` varchar(28) NOT NULL DEFAULT '',
  `ssn` varchar(11) DEFAULT NULL,
  `gender` char(1) NOT NULL DEFAULT '',
  `dob` date NOT NULL DEFAULT '0000-00-00',
  `addr1` varchar(64) NOT NULL DEFAULT '',
  `city` varchar(26) NOT NULL DEFAULT '',
  `state` varchar(26) DEFAULT NULL,
  `country` varchar(26) NOT NULL DEFAULT '',
  `zip` varchar(12) NOT NULL DEFAULT '',
  `email` varchar(96) DEFAULT NULL,
  `dayphone` varchar(20) DEFAULT NULL,
  `evephone` varchar(20) DEFAULT NULL,
  `a_waiver` tinyint(1) NOT NULL DEFAULT '0',
  `emergency_contact` varchar(40) DEFAULT NULL,
  `emergency_phone` varchar(20) DEFAULT NULL,
  `admin_notes` varchar(255) DEFAULT NULL,
  `t_shirt_size` varchar(20) DEFAULT NULL,
  `sponsors` varchar(255) DEFAULT NULL,
  `anecdote` mediumtext,
  PRIMARY KEY (`uid`),
  UNIQUE KEY `rider_pkey` (`uid`)
) ENGINE=MyISAM AUTO_INCREMENT=1393 DEFAULT CHARSET=latin1;

--
-- Dumping data for table `rider`
--

INSERT INTO `rider` VALUES (1046,'3 Ring Circus','captain','Devin','Teagan',NULL,'',NULL,'M','1986-02-18','617 park Ave','Hoboken','NJ','USA','07030','dfteagan@gmail.com','215-601-0859',NULL,1,'Erin Teagan','240-899-3371',NULL,NULL,NULL,NULL),(1047,'3rd Times a Charm','captain','Andrew','Mumford',NULL,'',NULL,'M','1983-10-18','1297 Stoney Brook Rd','Grantham','NH','USA','03753','mumford.andrew@gmail.com','802-233-0842',NULL,1,'Alison Mumford','978-985-4272',NULL,NULL,NULL,NULL),(1048,'A pair of old nuts','captain','Charles','Greenhalgh',NULL,'',NULL,'M','1960-05-30','36 Stacey lane','Albany','NH','USA','03818','cgreenhalgh@coopercargillchant.com','603-986-0132',NULL,1,'Tina craig','603-986-1502',NULL,NULL,NULL,NULL),(1049,'acidotic RACING - GREY','captain','Kurt','Hansbury',NULL,'',NULL,'M','1973-07-30','2 Kestrel Circle','York','ME','USA','03909','Hansburyfamily@yahoo.com','207-604-2014',NULL,1,'Sarah Monks','207-475-4166',NULL,NULL,NULL,NULL),(1050,'Acidotic Racing White','captain','Charles','Gallant',NULL,'',NULL,'M','1967-03-24','112 Exeter Rd','North Hampton','NH','USA','03862','chuckgall2@yahoo.com','603-396-1866',NULL,1,'Kelley Gallant','603-365-0754',NULL,NULL,NULL,NULL),(1051,'acidotic RACING-BLACK','captain','BRAYDEN J.','DUNN',NULL,'',NULL,'M','1993-06-13','43 CROSS ROAD','STRAFFORD','NH','USA','03884','braydenjdunn@gmail.com','603-978-5924',NULL,1,'KAREN L. DUNN','603-335-5627',NULL,NULL,NULL,NULL),(1052,'acidotic RACING-GOLD','captain','CHRIS J.','DUNN',NULL,'',NULL,'M','1968-11-09','43 CROSS ROAD','STRAFFORD','NH','USA','03884','chrisjamesdunn@hotmail.com','603-978-5924',NULL,1,'KAREN','603-335-5627',NULL,NULL,NULL,NULL),(1053,'Afro Circus','captain','Jennifer','France',NULL,'',NULL,'F','1986-05-21','404 Poliquin Dr #208','Conway','NH','USA','03818','antman101@hotmail.com','603-986-0347',NULL,1,'Nancy France','603-986-7620',NULL,NULL,NULL,NULL),(1054,'Alane OConnor','captain','Alane','OConnor',NULL,'',NULL,'F','1975-02-07','PO Box 475','Belgrade Lakes','ME','USA','04918','basspoint@hotmail.com','207-495-2985',NULL,1,'Kevin Wellenius','617-595-0327',NULL,NULL,NULL,NULL),(1055,'Band of Brothers','captain','Chris','Riley',NULL,'',NULL,'M','1973-10-11','95 Jackmans mill','Fayette','ME','USA','04349','Chris@rileyphotographic.com','207-232-7174',NULL,1,'Aimee Reiter','207-317-0216',NULL,NULL,NULL,NULL),(1056,'Band of Gypsies','captain','Glenn','Raiche',NULL,'',NULL,'M','1961-04-27','2 Colonial Terrace','Bow','NH','USA','03304','craiche@comcast.net','603-533-1122',NULL,1,'Colleen Raiche','603-340-3973',NULL,NULL,NULL,NULL),(1057,'Ben Eck','captain','Ben','Eck',NULL,'',NULL,'M','1992-10-20','292 Pine Hill Rd.','Westford','MA','USA','01886','eck.mben@gmail.com','978-866-7685',NULL,1,'Stefany Eck','978-502-5731',NULL,NULL,NULL,NULL),(1058,'Berkshire outfitters','captain','Josh','Chittenden',NULL,'',NULL,'M','1980-10-01','52 meadow st','Adams','MA','USA','01220','Joshchitt321@gmail.com','413-841-2976',NULL,1,'Jessica kiernan','413-841-8819',NULL,NULL,NULL,NULL),(1059,'BIKEMAN.COM','captain','Don','Seib',NULL,'',NULL,'M','1963-08-14','P.O. Box 141','Bryant Pond','ME','USA','04219','seibop@gmail.com','978-239-2316',NULL,1,'Kristen Seib','978-761-8722',NULL,NULL,NULL,NULL),(1060,'BikeReg.com','captain','Ross','Krause',NULL,'',NULL,'M','1979-12-05','88 West Street','Easthampton','MA','USA','01027','Ross@BikeReg.com','413-626-3493',NULL,1,'Ashley Krause','413-320-3118',NULL,NULL,NULL,NULL),(1061,'Brian Gruchacz','captain','Brian','Gruchacz',NULL,'',NULL,'M','1971-08-09','31 Pecan Lane','Oak Ridge','NJ','USA','07438','bgruchacz@mac.com','973-409-4521',NULL,1,'Sue','732-693-8802',NULL,NULL,NULL,NULL),(1062,'Bruce Malmer','captain','Bruce','Malmer',NULL,'',NULL,'M','1955-08-20','45 Linden Street','Bangor','ME','USA','04401','malmer@roadrunner.com','207-945-3843',NULL,1,'Terry Malmer','207-356-3931',NULL,NULL,NULL,NULL),(1063,'Burke Mountain Academy On-Her Roll','captain','Vivian','Buckley',NULL,'',NULL,'F','1966-09-27','PO Box 87','Passumpsic','VT','USA','05861','vbuckley@charter.net','802-274-9151',NULL,1,'David Senio','802-274-8761',NULL,NULL,NULL,NULL),(1064,'Cameron Fraser','captain','Cameron','Fraser',NULL,'',NULL,'M','1973-11-10','49 George Hall Lane','Taylorsville','NC','USA','28681','cfraser@bluemountainrevival.com','704-929-0932',NULL,1,'Lisa Fraser','828-302-4493',NULL,NULL,NULL,NULL),(1065,'Capstone Design','captain','Mike','Haskell',NULL,'',NULL,'M','1982-01-15','15 richmond Dr.','norton','MA','USA','02766','mhaskell@gmail.com','508-212-2204',NULL,1,'Katlyn Haskell','401-369-1763',NULL,NULL,NULL,NULL),(1066,'Carnies on Acidotic','captain','Alex','SHORE',NULL,'',NULL,'M','1971-06-23','42 BUTTERFIELD LN','STRATHAM','NH','USA','03885','ford152@yahoo.com','603-793-1588',NULL,1,'Deborah Shore','603-770-2155',NULL,NULL,NULL,NULL),(1067,'Catalina Wine Mixers','captain','Lauren','McMullen',NULL,'',NULL,'F','1986-11-19','189 Concord Way','Portsmouth','NH','USA','03801','lauren.mcmullen09@gmail.com','603-966-5085',NULL,1,'Allen Albee','603-387-5112',NULL,NULL,NULL,NULL),(1068,'Chris Bryant','captain','Chris','Bryant',NULL,'',NULL,'M','1973-11-21','372 griswold ST','Glastonbury','CT','USA','06033','racquetkoopcwb@sbcglobal.net','860-884-5056',NULL,1,'Brenda','860-884-3009',NULL,NULL,NULL,NULL),(1069,'Christen Tipert','captain','Christen','Tipert',NULL,'',NULL,'F','1965-07-29','10 Stafford Road','Danvers','MA','USA','01923','christen.tipert@verizon.net','978-884-4629',NULL,1,'Wally Tipert','978-265-8076',NULL,NULL,NULL,NULL),(1070,'Clark Brothers Racing','captain','Kevin','Como',NULL,'',NULL,'M','1972-07-20','43 Connemara Dr.','Chichester','NH','USA','03258','kevinmcomo@gmail.com','603-731-4374',NULL,1,'Joanne Como','603-798-3945',NULL,NULL,NULL,NULL),(1071,'Couch Nap','captain','Katherine','Palmer',NULL,'',NULL,'F','1978-09-02','1364Trapelo Road','Waltham','MA','USA','02451','katherine.palmer@gmail.com','857-523-8421',NULL,1,'Gregory Fitch','617-921-2894',NULL,NULL,NULL,NULL),(1072,'Creature Feature','captain','Christin','Christoph',NULL,'',NULL,'F','1983-02-19','16 Water St','Leeds','MA','USA','01053','christin.desilets@gmail.com','413-210-5919',NULL,1,'Vickie Desilets','413-552-6571',NULL,NULL,NULL,NULL),(1073,'Cycle-Paths','captain','Andrew','Jolin',NULL,'',NULL,'M','1998-03-03','P O Box 836','Intervale','NH','USA','03845','natynboo@roadrunner.com','603-356-9207',NULL,1,'Robert Jolin','603-986-6091',NULL,NULL,NULL,NULL),(1074,'Das Yachtsmen','captain','Robert','Picard',NULL,'',NULL,'M','1976-09-29','6 Sweet Fern Lane','Falmouth','ME','USA','04105','bobbythepilot@gmail.com','207-450-4710',NULL,1,'Tara Picard','207-329-3432',NULL,NULL,NULL,NULL),(1075,'Dave Harris','captain','Dave','Harris',NULL,'',NULL,'M','1964-03-27','157 Governors rd','Pittsfield','NH','USA','03263','hrrsdvd@aol.com','603-548-5509',NULL,1,'Charlene','603-856-1443',NULL,NULL,NULL,NULL),(1076,'Dave MacLeay','captain','Dave','MacLeay',NULL,'',NULL,'M','1975-01-01','17 Richardson Rd','Rome','ME','USA','04963','dave@macleay.com','207-495-2028',NULL,1,'Alicia MacLeay','207-513-8451',NULL,NULL,NULL,NULL),(1077,'Dave Richard','captain','Dave','Richard',NULL,'',NULL,'M','1968-12-09','35 Katie Drive','Vassalboro','ME','USA','04989','cmcc@roadrunner.com','207-485-0955',NULL,1,'Anela Ricard','207-485-0956',NULL,NULL,NULL,NULL),(1078,'David Jinks','captain','David','Jinks',NULL,'',NULL,'M','1968-12-26','359 Flaam st','Toms River','NJ','USA','08753','dajjinks@aol.com','732-644-7170',NULL,1,'Jo ann Jinks','732-312-7086',NULL,NULL,NULL,NULL),(1079,'Dean Poplawski','captain','Dean','Poplawski',NULL,'',NULL,'M','1971-03-01','63 Pierpont Road','Dudley','MA','USA','01571','deanpop33@charter.net','508-510-1319',NULL,1,'Katherine Poplawski','508-510-1320',NULL,NULL,NULL,NULL),(1080,'Dog\'s Speed','captain','todd','bailey',NULL,'',NULL,'M','1971-07-06','7 walker tr','montpelier','VT','USA','05602','mtbikevt@gmail.com','802-917-1227',NULL,1,'lauren bailey','802-229-6964',NULL,NULL,NULL,NULL),(1081,'EC3','captain','Eric','Siefer',NULL,'',NULL,'M','1970-03-04','31 Prides Pasture','North Conway','NH','USA','03860','esief1970@gmail.com','603-986-4686',NULL,1,'carrie siefer','603-630-0003',NULL,NULL,NULL,NULL),(1082,'Elizabeeth Bove','captain','Elizabeeth','Bove',NULL,'',NULL,'F','1971-08-01','44 Senexet Village Rd','Woodstock','CT','USA','06281','ebove7131@gmail.com','860-377-5177',NULL,1,'Daniel Bove','860-208-7985',NULL,NULL,NULL,NULL),(1083,'Eric Barnes','captain','Eric','Barnes',NULL,'',NULL,'M','1976-03-24','8 Manor Way','Buxton','ME','USA','04093','ebarnes3@roadrunner.com','207-929-2662',NULL,1,'Karen Barnes','207-467-5223',NULL,NULL,NULL,NULL),(1084,'Family Vacation','captain','Gabe','Boisseau',NULL,'',NULL,'M','2014-07-06','371 West Farm Rd.','Bethlehem','NH','USA','03574','jobois715@gmail.com','802-274-9422',NULL,1,'Joanna Boisseau','802-274-9422',NULL,NULL,NULL,NULL),(1085,'Four jumbos and a bimbo','captain','Jason','Houston',NULL,'',NULL,'M','1970-09-19','92 Ridgewood avenue','Keene','NH','USA','03431','Jhouston@jgbco.com','603-352-8266',NULL,1,'Christine Houston','603-209-4266',NULL,NULL,NULL,NULL),(1086,'Freak Show','captain','Eric','Servetas',NULL,'',NULL,'M','1994-04-06','11 south watson ln','Dover','NH','USA','03820','ems1212@gmail.com','603-742-9412',NULL,1,'Wendi Servetas','603-475-2565',NULL,NULL,NULL,NULL),(1087,'Friends of Notavus','captain','allan','edwards',NULL,'',NULL,'M','1958-07-20','po box 127','still river','MA','USA','01467','allan.edwards@yahoo.com','978-621-2120',NULL,1,'jennifer jenkins','508-380-6388',NULL,NULL,NULL,NULL),(1088,'Gavin Graham','captain','Gavin','Graham',NULL,'',NULL,'M','2001-12-01','1 Terrace Road','Concord','NH','USA','03301','writegraham@gmail.com','603-513-1656',NULL,1,'Christine Graham','603-892-2472',NULL,NULL,NULL,NULL),(1089,'Glenn Fenlason','captain','Glenn','Fenlason',NULL,'',NULL,'M','1956-10-07','793 Garland Rd','Winslow','ME','USA','04901','GFENLASON@ROADRUNNER.COM','207-877-9844',NULL,1,'Laurie Fenlason','207-313-9327',NULL,NULL,NULL,NULL),(1090,'Hallback','captain','James','Hall',NULL,'',NULL,'M','1973-11-15','11 Galway Rd','Windham','NH','USA','03087','gearfish@hotmail.com','603-490-5554',NULL,1,'Christine Hall','603-490-5730',NULL,NULL,NULL,NULL),(1091,'Handsome Hamstrings','captain','Brandon','Robertson',NULL,'',NULL,'M','1987-04-15','3 Holly Street','Manchester','NH','USA','03102','brandonarobertson@gmail.com','603-762-7289',NULL,1,'Bob Robertson','603-479-5881',NULL,NULL,NULL,NULL),(1092,'Hills Angels Mtb.C.','captain','aaron','richardson',NULL,'',NULL,'M','1975-01-30','65 north st.  apt. 1','walton','NY','USA','13856','abaldwinr@gmail.com','607-437-1797',NULL,1,'Sarah Morgan','607-437-1797',NULL,NULL,NULL,NULL),(1093,'Hysteria','captain','Benjamin','Oksanen',NULL,'',NULL,'M','1970-09-16','103 Brace Road','West Hartford','CT','USA','06107','benoksanen@comcast.net','860-402-7312',NULL,1,'Darlene Oksanen','860-402-7312',NULL,NULL,NULL,NULL),(1094,'Insight MRI Racing/Falls Road Veteri','captain','Cathy','Morton',NULL,'',NULL,'F','1971-09-21','479 Farmington Falls Rd','Farmington','ME','USA','04938','cathymorton@hotmail.com','435-671-0363',NULL,1,'Thomas Morton','435-671-0022',NULL,NULL,NULL,NULL),(1095,'Involuntary Dismount','captain','Leo','KIefer',NULL,'',NULL,'M','1972-09-13','47 Howard Rd','Westford','MA','USA','01886','leokiefer@hotmail.com','978-395-1495',NULL,1,'Heather Kiefer','978-828-4389',NULL,NULL,NULL,NULL),(1096,'Jacie Richard','captain','Jacie','Richard',NULL,'',NULL,'F','2003-11-08','35 Katie Drive','Vassalboro','ME','USA','04989','cmcc@roadrunner.com','207-485-0955',NULL,1,'David Richard','207-215-3237',NULL,NULL,NULL,NULL),(1097,'Jawbone','captain','Heather','Thomas',NULL,'',NULL,'F','1980-03-02','301 Frost Road','Washington','MA','USA','01223','hsteinhour@yahoo.com','802-881-1653',NULL,1,'Matt Thomas','413-441-7090',NULL,NULL,NULL,NULL),(1098,'Jay Dietershagen','captain','Jay','Dietershagen',NULL,'',NULL,'M','1980-02-20','159 auburn rd','Lansing','NY','USA','14882','Jayhagen322@yahoo.com','917-302-5424',NULL,1,'John dietershagen','607-257-3946',NULL,NULL,NULL,NULL),(1099,'Jeffrey Kempesta','captain','Jeffrey','Kempesta',NULL,'',NULL,'M','1971-06-14','444 Canterbury Tpke','Norwich','CT','USA','06360','jeffkem@comcast.net','860-984-3782',NULL,1,'HwaJin Kempesta','860-639-3333',NULL,NULL,NULL,NULL),(1100,'Jeffrey Palmer','captain','Jeffrey','Palmer',NULL,'',NULL,'M','2000-12-27','PO Box 462','Tamworth','NH','USA','03886','palmer69@roadrunner.com','603-986-9304',NULL,1,'Dan Palmer','603-986-7194',NULL,NULL,NULL,NULL),(1101,'Jen\'s Team','captain','Sean','Carnegie','','Sport','','M','1970-09-30',' ','Austin','TX','USA',' ','','','',1,'','','','blank','',''),(1102,'Jim Graham','captain','Jim','Graham',NULL,'',NULL,'M','1959-11-01','1 Terrace Road','Concord','NH','USA','03301','writegraham@gmail.com','603-513-1656',NULL,1,'Christine Graham','603-513-1656',NULL,NULL,NULL,NULL),(1103,'Jim Piskura','captain','Jim','Piskura',NULL,'',NULL,'M','1961-05-05','85 Rt 39','New Fairfield','CT','USA','06812','kidkahuna@aol.com','203-746-1180',NULL,1,'Lorraine Burio','203-948-3702',NULL,NULL,NULL,NULL),(1104,'Jim Rose','captain','Jim','Rose',NULL,'',NULL,'M','1961-04-28','9 Pine st','Orono','ME','USA','04473','jimrose@rosebike.com','207-949-3306',NULL,1,'Angus Rose','207-852-1057',NULL,NULL,NULL,NULL),(1105,'John Joy','captain','John','Joy',NULL,'',NULL,'M','1970-08-06','2 Cedar Ln','Oxford','CT','USA','06478','jmj@savagejoy.com','203-881-2586',NULL,1,'Helen Savage','203-888-3426',NULL,NULL,NULL,NULL),(1106,'John Romanishin','captain','John','Romanishin',NULL,'',NULL,'M','1988-09-28','387 Main Street #2','Medford','MA','USA','02155','johnromanishin@gmail.com','405-413-8058',NULL,1,'Robert Romanishin','405-326-3786',NULL,NULL,NULL,NULL),(1107,'Jonathan Sawn','captain','Jonathan','Sawn',NULL,'',NULL,'M','1987-05-04','5 Rushford Meade','GRANBY','CT','USA','06035','Snoskier16@gmail.com','860-712-1075',NULL,1,'Kerensa Sawn','860-978-6283',NULL,NULL,NULL,NULL),(1108,'jonathon dodge','captain','jonathon','dodge',NULL,'',NULL,'M','1979-03-21','579 fish pond','Colebrook','NH','USA','03576','jo_tuna@yahoo.com','603-237-9171',NULL,1,'Amber Dodge','603-331-1126',NULL,NULL,NULL,NULL),(1109,'J-Squared/G-Squared','captain','Jason','Gallaway',NULL,'',NULL,'M','1970-10-07','24 Fernbrook','West Hartford','CT','USA','06107','jason.gallaway@thehartford.com','860-922-1021',NULL,1,'Melissa Gallaway','860-680-1041',NULL,NULL,NULL,NULL),(1110,'Justin Piskura','captain','Justin','Piskura',NULL,'',NULL,'M','1987-03-07','29 Ten Coat Lane','Shelton','CT','USA','06484','j.piskura@yahoo.com','203-224-0249',NULL,1,'Janelle Piskura','203-906-6684',NULL,NULL,NULL,NULL),(1111,'Justin Walsh','captain','Justin','Walsh',NULL,'',NULL,'M','1979-03-25','36 English St.','Salem','MA','USA','01970','justinwalsh.com@gmail.com','978-269-4179',NULL,1,'Jean Walsh','978-745-3336',NULL,NULL,NULL,NULL),(1112,'Ken Gowell','captain','Ken','Gowell',NULL,'',NULL,'M','1979-03-07','103 Main St Unit 1L','South Grafton','MA','USA','01560','kengowell@gmail.com','617-699-8892',NULL,1,'Kathy Ridley','207-241-0669',NULL,NULL,NULL,NULL),(1113,'Kenneth Wiley','captain','Kenneth','Wiley',NULL,'',NULL,'M','1982-05-30','197 Mulberry St','Claremont','NH','USA','03743','ken@team-pinnacle.org','603-477-6059',NULL,1,'Sarah LaClair','603-372-7795',NULL,NULL,NULL,NULL),(1114,'Kerry Combs','captain','Kerry','Combs',NULL,'',NULL,'F','1961-08-11','6 Hoover Ave','Beverly','MA','USA','01915','kcombs2@gmail.com','617-413-3489',NULL,1,'Patricia Combs','203-484-0255',NULL,NULL,NULL,NULL),(1115,'Kevin McCranie','captain','Kevin','McCranie',NULL,'',NULL,'M','1973-02-05','24 Orion View Dr','West Greenwich','RI','USA','02817','Kmccranie@msn.com','401-397-3747',NULL,1,'Susan McCranie','407-415-0816',NULL,NULL,NULL,NULL),(1116,'Kip Clyburn','captain','Kip','Clyburn',NULL,'',NULL,'M','1967-03-09','55 Lake Point Circle','Taylorsville','NC','USA','28681','clyburnk@gmail.com','828-612-0267',NULL,1,'Anne Bringuier','828-612-0253',NULL,NULL,NULL,NULL),(1117,'Likin\' Bikin\'','captain','Judy','Webber',NULL,'',NULL,'F','1964-04-06','36 Berry Ave','Pittsfield','NH','USA','03263','jawebr@hotmail.com','603-724-7674',NULL,1,'Ray Webber','603-724-7589',NULL,NULL,NULL,NULL),(1118,'LuGotti','captain','Brennan','Luke',NULL,'',NULL,'M','1979-10-20','114 Ross Hill Rd','Charlestown','RI','USA','02813','lukesterTC@yahoo.com','860-334-6120',NULL,1,'Jessica Luke','860-235-1578',NULL,NULL,NULL,NULL),(1119,'Luke Plummer','captain','Luke','Plummer',NULL,'',NULL,'M','1992-04-25','129 Franklin st','cambridge','MA','USA','02139','elplumplum@gmail.com','617-528-9853',NULL,1,'Lauren Burke','781-724-1333',NULL,NULL,NULL,NULL),(1120,'Luke, I am a sloper','captain','Shant','Dokouzian',NULL,'',NULL,'M','1972-11-09','4324 Des Erables','Montreal','QC','Canada','H2H2C5','dokouzian@gmail.com','514-567-3274',NULL,1,'Claudia Beland','514-445-5510',NULL,NULL,NULL,NULL),(1121,'Madagascar','captain','Victoria','Walker',NULL,'',NULL,'F','1993-08-13','Po Box 1781','Conway','NH','USA','03818','antman101@hotmail.com','603-960-1193',NULL,1,'Anthony Waler','603-662-5475',NULL,NULL,NULL,NULL),(1122,'Mark Vojtko','captain','Mark','Vojtko',NULL,'',NULL,'M','1961-11-07','475 Miller Pond Road','Grantham','NH','USA','03753','mvojtko48@gmail.com','603-667-7333',NULL,1,'Sarah Foulkes','603-493-8417',NULL,NULL,NULL,NULL),(1123,'Mass MTB Riders','captain','Vladimir','Capka',NULL,'',NULL,'M','1971-12-03','75 Piedmont St','Arlington','MA','USA','02476','v.capka10@gmail.com','781-574-1350',NULL,1,'Irene Ota','801-979-0946',NULL,NULL,NULL,NULL),(1124,'Matthew Danis','captain','Matthew','Danis',NULL,'',NULL,'M','1974-09-15','51 Westminster Road','Canterbury','CT','USA','06331','mddanis44@yahoo.com','860-334-2591',NULL,1,'Nichole Danis','860-334-4475',NULL,NULL,NULL,NULL),(1125,'Mime Control','captain','Morgan','D\'Olympia',NULL,'',NULL,'M','1978-02-18','15 Greenbriar Rd','Canton','MA','USA','02021','lathwip@yahoo.com','325-374-0706',NULL,1,'Jenny D\'Olympia','850-543-8669',NULL,NULL,NULL,NULL),(1126,'Moat Mountain Growlers','captain','Ian','Connor',NULL,'',NULL,'M','1969-08-02','PO Box 428','Bartlett','NH','USA','03812','ithreepin@yahoo.com','203-415-7518',NULL,1,'Anne McCandless','603-986-2203',NULL,NULL,NULL,NULL),(1127,'Mud N Dirt','captain','AJ','Shattuck',NULL,'',NULL,'M','1976-06-29','405 Piscassic Street','Newmarket','NH','USA','03857','shattuck.aj@gmail.com','603-674-9310',NULL,1,'Michelle Daley','603-767-2757',NULL,NULL,NULL,NULL),(1128,'Nathan Reel','captain','Nathan','Reel',NULL,'',NULL,'M','1973-05-26','68 Dunbarton Drive','Nashua','NH','USA','03063','ncreel1@comcast.net','603-521-4923',NULL,1,'Christine','603-557-5164',NULL,NULL,NULL,NULL),(1129,'No Excuses','captain','Lawrence','Duhaime',NULL,'',NULL,'M','1986-08-26','7 Marion st, apt 2','roslindale','MA','USA','02131','lawrenceduhaime@gmail.com','207-460-0935',NULL,1,'Kate Merrill-Duhaime','919-475-3510',NULL,NULL,NULL,NULL),(1130,'No Imagination','captain','Ben','Cargill',NULL,'',NULL,'M','1990-06-19','PO Box 1168','North Conway','NH','USA','03860','mtnbike232@gmail.com','603-986-0755',NULL,1,'Sue Halpern','603-986-9038',NULL,NULL,NULL,NULL),(1131,'Old Ducks','captain','Scott','Barthold',NULL,'',NULL,'M','1956-11-26','121 Pinnacle Rd','Lyme','NH','USA','03768','scott@snomatic.com','603-795-2900',NULL,1,'Joan Barthold','603-496-0625',NULL,NULL,NULL,NULL),(1132,'OSG Racing','captain','Rob','Holt',NULL,'',NULL,'M','1965-10-21','14 Ridgecrest Dr.','Greenland','NH','USA','03840','rholt5@comcast.net','603-781-2082',NULL,1,'Jodi Holt','603-370-2713',NULL,NULL,NULL,NULL),(1133,'Peter Collins','captain','Peter','Collins',NULL,'',NULL,'M','1964-08-11','20, 48th Avenue','Lachine','QC','Canada','H8T 2R6','pnd97@hotmail.com','514-999-7575',NULL,1,'Sonia Laszlo','438-885-3308',NULL,NULL,NULL,NULL),(1134,'Pure Adrenaline','captain','Billy','Biscan',NULL,'',NULL,'M','1974-05-20','7 Woodrow Ave','Haverhill','MA','USA','01830','Billyb74@comcast.net','978-398-8477',NULL,1,'Michelle Biscan','978-836-7482',NULL,NULL,NULL,NULL),(1135,'richard golden','captain','richard','golden',NULL,'',NULL,'M','1955-07-11','p.o.box 606','south china','ME','USA','04358','janedickgolden@hotmail.com','207-485-4088',NULL,1,'jane golden','207-512-0193',NULL,NULL,NULL,NULL),(1136,'Riding with Pops','captain','Chris','Keays',NULL,'',NULL,'M','1976-08-29','815 mill street','Montreal','QC','Canada','h3c1y5','ckeays@seagulf.com','514-898-0354',NULL,1,'jade St Jean','514-716-7530',NULL,NULL,NULL,NULL),(1137,'Rob Dutcher','captain','Rob','Dutcher',NULL,'',NULL,'M','1963-03-01','440 Spaulding Hills Cr #101','Ada','MI','USA','49301','robdutcher@gmail.com','616-667-7225',NULL,1,'Leslie Hazle','703-980-0651',NULL,NULL,NULL,NULL),(1138,'Roni Vetter','captain','Roni','Vetter',NULL,'',NULL,'F','1974-02-06','238 Ponemah Hill Road','Milford','NH','USA','03055','pchef2010@gmail.com','603-801-1366',NULL,1,'Ryan LaRocque','978-660-3942',NULL,NULL,NULL,NULL),(1139,'Rose Bike/ Qualey Granite','captain','Angus','Rose',NULL,'',NULL,'M','1988-05-06','16 Fairview St','Portland','ME','USA','04102','angusrose88@gmail.com','207-852-1057',NULL,1,'Tricia Rose','603-723-4052',NULL,NULL,NULL,NULL),(1140,'Samsquach','captain','Dave','Bragg',NULL,'',NULL,'M','1988-06-22','188 Jefferson Road','Whitefield','NH','USA','03598','mntbiker234@gmail.com','207-925-7451',NULL,0,'Alice Bragg','207-925-7451',NULL,NULL,NULL,NULL),(1141,'Sarah Smith','captain','Sarah','Smith',NULL,'',NULL,'F','1997-08-03','PO Box 495','Bartlett','NH','USA','03812','valthegardengal@yahoo.com','603-340-2715',NULL,1,'Valerie Smith','603-340-3014',NULL,NULL,NULL,NULL),(1142,'Scott Werner','captain','Scott','Werner',NULL,'',NULL,'M','1967-11-05','343 Spring Street EXT','Glastonbury','CT','USA','06033','bpdpolygraph@gmail.com','860-622-9906',NULL,1,'Chris Bryant','860-884-5056',NULL,NULL,NULL,NULL),(1143,'Skyline Bikers','captain','mark','flaherty',NULL,'',NULL,'M','1983-02-17','43 orchard st','medford','MA','USA','02155','flare7@gmail.com','203-733-5887',NULL,1,'Ann Brophy','978-979-3354',NULL,NULL,NULL,NULL),(1144,'Sprocket Rockets','captain','SETH','HICKEY',NULL,'',NULL,'M','1976-10-28','97 WALNUT AVE','NORTH HAMPTON','NH','USA','03862','SETHICKEY@GMAIL.COM','603-997-1766',NULL,1,'ALANA HICKEY','603-997-1766',NULL,NULL,NULL,NULL),(1145,'Stan and Dan sports','captain','Pat','Ferland',NULL,'',NULL,'M','1982-11-24','12 pequawket drive','Conway','NH','USA','03838','Pat.ferland@yahoo.com','860-377-8540',NULL,1,'Julie Ferland','908-420-1506',NULL,NULL,NULL,NULL),(1146,'Sven Cole','captain','Sven','Cole',NULL,'',NULL,'M','1973-06-28','46 Chadbourne Hill Road','Bridgton','ME','USA','04009','sven@bridgtonacademy.org','207-595-0834',NULL,1,'Karen Cole','603-662-7505',NULL,NULL,NULL,NULL),(1147,'Takin\' er\' easy','captain','Matthew','Cardin',NULL,'',NULL,'M','1983-07-01','202 Raleigh Way','Portsmouth','NH','USA','03801','mr.cardin@gmail.com','603-851-1921',NULL,1,'Melissa Videira','508-294-4292',NULL,NULL,NULL,NULL),(1148,'TCB','captain','Jim','Grimley',NULL,'',NULL,'M','1967-11-04','965 Bullocks Point Avenue','Riverside','RI','USA','02915','jim.grimley@hotmail.com','401-429-8810',NULL,1,'Danielle White','401-419-2412',NULL,NULL,NULL,NULL),(1149,'Team Great Scott\'s Flux Capacitor','captain','Derek','Skillings',NULL,'',NULL,'M','1981-09-11','2 Juniper Dr','Amherst','NH','USA','03031','Splyf311@gmail.com','603-235-1029',NULL,1,'Roger Skillings','603-235-5853',NULL,NULL,NULL,NULL),(1150,'The Alexander Buckleys','captain','Michael','Curry',NULL,'',NULL,'M','1986-11-07','144 Cutts St','Portsmouth','NH','USA','03801','michaelandrewcurry@gmail.com','978-877-0171',NULL,1,'Donna Curry','978-448-0207',NULL,NULL,NULL,NULL),(1151,'The Cranky Boondoc JOCS','captain','Owen','Bendixsen',NULL,'',NULL,'M','1975-07-30','23 Glory Avenue','Franklin','NH','USA','03235','obendixsen@ccsnh.edu','603-934-2482',NULL,1,'Carol Lemire','603-934-4060',NULL,NULL,NULL,NULL),(1152,'the defecfters','captain','gary','wetherbee',NULL,'',NULL,'M','1952-06-20','box 491','montgomery center','VT','USA','05471','flyskibike@fairpoint.net','802-326-2009',NULL,1,'bill wetherbee','802-238-6342',NULL,NULL,NULL,NULL),(1153,'The Expendables','captain','Treavor','Weeden',NULL,'',NULL,'M','2014-07-01','38 North Mill Street','Hopkinton','MA','USA','01748','treavorweeden@hotmail.com','413-822-0727',NULL,1,'jamie weeden','704-578-4292',NULL,NULL,NULL,NULL),(1154,'The Flying Wombats','captain','Eric','Barthold',NULL,'',NULL,'M','1990-01-04','121 Pinnacle Rd','Lyme','NH','USA','03768','ericcbarthold@gmail.com','603-795-4490',NULL,1,'Scott Barthold','603-496-2495',NULL,NULL,NULL,NULL),(1155,'The ringmasters','captain','Chris','Rumrill',NULL,'',NULL,'M','1958-11-13','111 Webster rd','Hartland','VT','USA','05048','Arnoldj436@gmail.com','802-436-2502',NULL,1,'Julie Arnold','802-738-4851',NULL,NULL,NULL,NULL),(1156,'Tim Trotter','captain','Tim','Trotter',NULL,'',NULL,'M','1971-05-09','11 Ingalls Street','keene','NH','USA','03431','ttrotter11@gmail.com','603-786-6399',NULL,1,'darren','603-313-9047',NULL,NULL,NULL,NULL),(1157,'Timmy Lindsey','captain','Timmy','Lindsey',NULL,'',NULL,'M','1971-10-10','674 Second Crown Point Road','Strafford','NH','USA','03884','fenwayfan@metrocast.net','603-834-2856',NULL,0,'Gianina LIndsey','603-969-1723',NULL,NULL,NULL,NULL),(1158,'Too Legit to Quit','captain','Brigitte','Morin',NULL,'',NULL,'F','1985-08-26','5 Steven Lane','Milford','NH','USA','03055','Sparx0826@gmail.com','603-672-0450',NULL,1,'Todd Morin','603-320-5873',NULL,NULL,NULL,NULL),(1159,'Too Legit To Quit #2','captain','Steve','Provins',NULL,'',NULL,'M','1956-11-23','29 North Main St','Mont Vernon','NH','USA','03057','sprovins74@comcast.net','603-672-2848',NULL,1,'Samantha Provins','603-566-4181',NULL,NULL,NULL,NULL),(1160,'Tracy Gustafson','captain','Tracy','Gustafson',NULL,'',NULL,'F','1970-01-24','203 Whetstone mills','Dayville','CT','USA','06241','tracyg1000@sbcglobal.net','860-428-1035',NULL,1,'faye Gilbert','860-935-5674',NULL,NULL,NULL,NULL),(1161,'Tri-City Bicycles','captain','Mark','Traeger',NULL,'',NULL,'M','1965-01-10','163 Winkley Farm Lane','Rochester','NH','USA','03867','tricitybicycles@hotmail.com','603-332-5870',NULL,1,'Jennifer Traeger','603-332-5870',NULL,NULL,NULL,NULL),(1162,'Tri-City Bicycles! Part Deux','captain','Charles','Kearns',NULL,'',NULL,'M','1973-02-26','48 South Main Street','Rochester','NH','USA','03867','originaltilestyles@hotmail.com','603-335-6440',NULL,1,'Bridget Kearns','603-548-5837',NULL,NULL,NULL,NULL),(1163,'Two Young, Two Old','captain','Nicholas','Normandin',NULL,'',NULL,'M','1985-12-17','147 west street','Leominster','MA','USA','01453','nick.normandin1@yahoo.com','978-353-9617',NULL,1,'Tiffany Normandin','978-549-6580',NULL,NULL,NULL,NULL),(1164,'Underhillbillies','captain','Brian','Lyster',NULL,'',NULL,'M','1970-10-23','17 Doon Rd','Underhill','VT','USA','05489','bplyster@gmail.com','802-343-1901',NULL,1,'Elizabeth Lyster','802-578-8593',NULL,NULL,NULL,NULL),(1165,'UVM Cycling','captain','Ben','Emery','','Pro','','M','1994-07-09','28 Meadow Wood Ln','Intervale','NH','USA','03845','bemery2012@gmail.com','603-986-6473','',1,'Ross Emery','603-986-6697','','blank','',''),(1166,'Village Sport Shop Vigor','captain','Carrie','Tomczyk',NULL,'',NULL,'F','1973-10-07','88 Rexford Road','East Burke','VT','USA','05832','carrietomczyk@gmail.com','802-274-7425',NULL,1,'Peter Tomczyk','802-535-5353',NULL,NULL,NULL,NULL),(1167,'Village Sport Shop Vim','captain','Peter','Tomczyk',NULL,'',NULL,'M','1967-11-17','88 Rexford Road','East Burke','VT','USA','05832','chiefer17@gmail.com','802-535-5353',NULL,1,'carrie tomczyk','802-274-7425',NULL,NULL,NULL,NULL),(1168,'Weekend Warriors','captain','Nick','DeGruttola',NULL,'',NULL,'M','1980-05-07','29 Williamine Dr','Newton','NH','USA','03858','nickdegruttola@yahoo.com','603-382-7467',NULL,1,'Heather DeGruttola','603-978-2550',NULL,NULL,NULL,NULL),(1169,'We\'ll Have Another','captain','Warren','Gerow',NULL,'',NULL,'M','1977-09-12','54 Durham Road','Freeport','ME','USA','04032','warren.gerow@gmail.com','207-745-7368',NULL,1,'Carol Betsch','207-319-9175',NULL,NULL,NULL,NULL),(1170,'Zilla Racing Team','captain','Todd','Banitt',NULL,'',NULL,'M','1975-10-17','2 Beagle Club Rd','Blandford','MA','USA','01008','tbanitt@gmail.com','413-207-7416',NULL,1,'Aaron LaBrecque','413-475-4013',NULL,NULL,NULL,NULL),(1171,'Zilla racing team 2','captain','Jacob','Lemme',NULL,'',NULL,'M','1991-01-16','20 glenridge','Portland','ME','USA','04102','Lemmejacob@gmail.com','413-522-8795',NULL,1,'Bonnie lemme','413-475-4044',NULL,NULL,NULL,NULL),(1172,'3 Ring Circus','regular','Adam','Hendricks',NULL,'',NULL,'M','1986-01-02','113 Washington St','Hoboken','NJ','USA','07030','adamjeremy86@gmail.com','973-908-0049',NULL,1,'Frank Hendricks','973-951-4415',NULL,NULL,NULL,NULL),(1173,'3 Ring Circus','regular','Spencer','Mccombe',NULL,'',NULL,'M','1973-09-30','7 Thurston Ave','newport','RI','USA','02840','cordtsen@yahoo.com','401-662-6338',NULL,1,'michelle','401-855-1474',NULL,NULL,NULL,NULL),(1174,'3 Ring Circus','regular','Jay','Pelletier',NULL,'',NULL,'M','1974-10-22','1420 Bayshire lane','Herndon','VA','USA','20170','jay.pelletier@ejresults.com','571-970-8831',NULL,1,'Erin','571-970-8831',NULL,NULL,NULL,NULL),(1175,'3rd Times a Charm','regular','Austin','Davis',NULL,'',NULL,'M','2014-08-05','22 Cornish Tpke','Newport','NH','USA','03773','crazycorbiecat@yahoo.com','603-863-3375',NULL,1,'Breanna Davis','603-843-5025',NULL,NULL,NULL,NULL),(1176,'A pair of old nuts','regular','Joe','Orsino',NULL,'',NULL,'M','1965-11-24','124 Ellis Ridge Rd','Glen','NH','USA','03838','jorsino1@gmail.com','603-440-5136',NULL,1,'Mary Orsino','603-501-8857',NULL,NULL,NULL,NULL),(1177,'acidotic RACING - GREY','regular','Mark','Desrochers',NULL,'',NULL,'M','2014-11-13','27 Thurston Drive','Lee','NH','USA','03861','mkkcdesrochers@yahoo.com','603-770-0682',NULL,1,'Kirsten Desrochers','603-397-9205',NULL,NULL,NULL,NULL),(1178,'acidotic RACING - GREY','regular','Scott','Lamont','','Expert','','M','1969-07-30',' ',' ','','USA',' ','Hansburyfamily@yahoo.com','207-604-2014','',1,'','','','blank','',''),(1179,'acidotic RACING - GREY','regular','James','LaFrance',NULL,'',NULL,'M','1970-05-19','48 Wellesley Drive','Bedford','NH','USA','03110','candjlafrance@comcast.net','603-303-0785',NULL,1,'Cynthia LaFrance','603-960-0061',NULL,NULL,NULL,NULL),(1180,'Acidotic Racing White','regular','David','Chase',NULL,'',NULL,'M','1964-09-22','4 Grandview Terrace','North Hampton','NH','USA','03862','chasey1964@gmail.com','603-848-1904',NULL,1,'Deborah Chase','603-918-0859',NULL,NULL,NULL,NULL),(1181,'Acidotic Racing White','regular','Sarah','Foulkes',NULL,'',NULL,'F','1975-11-08','475 Miller Pond Road','Grantham','NH','USA','03753','sefoulkes@gmail.com','603-493-8417',NULL,1,'Madelyn Foulkes','603-759-2676',NULL,NULL,NULL,NULL),(1182,'Acidotic Racing White','regular','Alexander','Taaffe',NULL,'',NULL,'M','1991-10-10','1 Mill Street Unit 248','Dover','NH','USA','03820','alextaaffe91@comcast.net','603-831-0258',NULL,1,'Jennifer Welch','603-491-2715',NULL,NULL,NULL,NULL),(1183,'acidotic RACING-BLACK','regular','Bob','Goyette',NULL,'',NULL,'M','1964-09-17','138 Durham Point Road','Durham','NH','USA','03824','ragamc@yahoo.com','603-498-2713',NULL,1,'Alison','603-714-5740',NULL,NULL,NULL,NULL),(1184,'acidotic RACING-BLACK','regular','Chris','PEter',NULL,'',NULL,'M','1980-11-29','57 River Road Apt 1','Stratham','NH','USA','03885','cpeter14@gmail.com','603-305-8693',NULL,1,'Mike Peter','603-305-3506',NULL,NULL,NULL,NULL),(1185,'acidotic RACING-BLACK','regular','Steve','Sprague','','Pro','','M','1969-12-02','151 Veterans Hwy','Brooks','ME','USA','04921','ssprague@wcgh.org','207-722-3313','',1,'Mindy','207-323-3190','','blank','',''),(1186,'acidotic RACING-GOLD','regular','Ethan','Nedeau',NULL,'',NULL,'M','1973-02-17','206 Pratt Corner','Leverett','MA','USA','01054','ethannedeau@comcast.net','413-253-6561',NULL,1,'Kim Nedeau','413-627-7141',NULL,NULL,NULL,NULL),(1187,'Afro Circus','regular','Richard','Cutler',NULL,'',NULL,'M','1983-09-29','4 poplar Ridge Rd','Freedom','NH','USA','03836','antman101@hotmail.com','603-986-3202',NULL,1,'Barbara Cutler','603-539-7111',NULL,NULL,NULL,NULL),(1188,'Afro Circus','regular','Tom','Darcy',NULL,'',NULL,'M','1990-12-21','55 Louisa Dr.','Center Conway','NH','USA','03813','tombomeister@gmail.com','603-986-1872',NULL,1,'Anthony Walker','603-662-5475',NULL,NULL,NULL,NULL),(1189,'Afro Circus','regular','Cory','Mitchell',NULL,'',NULL,'M','1991-10-17','Ledgeview south apt 7','North Conway','NH','USA','03860','antman101@hotmail.com','603-290-7086',NULL,1,'Courtney Johnson','607-730-2774',NULL,NULL,NULL,NULL),(1190,'Madagascar','regular','Jonathan','Vassiliades',NULL,'',NULL,'M','1989-02-08','PO Box 3454','North Conway','NH','USA','03860','antman101@hotmail.com','603-986-1055',NULL,1,'Jennifer france','603-986-0347',NULL,NULL,NULL,NULL),(1191,'Afro Circus','regular','Timothy','Walker',NULL,'',NULL,'M','1995-10-26','PO Box 3454','North Conway','NH','USA','03860','antman101@hotmail.com','603-662-9876',NULL,1,'Anthony Walker','603-662-5475',NULL,NULL,NULL,NULL),(1192,'Band of Gypsies','regular','ben','floyd',NULL,'',NULL,'M','1961-11-11','223 cross mill rd','northfield','NH','USA','03276','bafloyd@metrocast.net','603-966-7796',NULL,1,'susan','603-966-7797',NULL,NULL,NULL,NULL),(1193,'Band of Gypsies','regular','John','Maleski',NULL,'',NULL,'M','1968-10-13','279-1 north village road','Loudon','NH','USA','03307','Jkmmxzx@comcast.net','603-219-3424',NULL,1,'Kate Maleski','693-219-9336',NULL,NULL,NULL,NULL),(1194,'Band of Gypsies','regular','Billy','Milsop',NULL,'',NULL,'M','1963-10-08','227 longwoods rd.','Deering','NH','USA','03244','Milsop@tds.net','603-464-5337',NULL,1,'Carla milsop','603-464-5337',NULL,NULL,NULL,NULL),(1195,'Band of Gypsies','regular','Colleen','Raiche',NULL,'',NULL,'F','1965-01-06','2 Colonial Terrace','Bow','NH','USA','03304','craiche@comcast.net','603-340-3973',NULL,1,'Glenn Raiche','603-533-1122',NULL,NULL,NULL,NULL),(1196,'Berkshire outfitters','regular','John','Armstrong',NULL,'',NULL,'M','1976-01-11','197 North Summer St.','Adams','MA','USA','01220','john639@verizon.net','413-743-0668',NULL,1,'Diane Armstrong','413-743-5053',NULL,NULL,NULL,NULL),(1197,'Berkshire outfitters','regular','Daniel','Celentano',NULL,'',NULL,'M','1990-07-07','1572 mount moosilauke hwy','Pike','NH','USA','03780','dan77wood@gmail.com','413-441-0045',NULL,1,'Kate Adams','508-317-7103',NULL,NULL,NULL,NULL),(1198,'Berkshire outfitters','regular','James','Hartwig',NULL,'',NULL,'M','1980-01-29','9 Pine St','Adams','MA','USA','01220','microbrew9@gmail.com','413-281-0323',NULL,1,'Kimberly Hartwig','413-841-9673',NULL,NULL,NULL,NULL),(1199,'Berkshire outfitters','regular','Darryl','Lipinski',NULL,'',NULL,'M','1981-02-21','10 Bieniek Ave','Adams','MA','USA','01220','darryl261@hotmail.com','413-329-2566',NULL,1,'Sarah Phelps','413-884-2341',NULL,NULL,NULL,NULL),(1200,'BIKEMAN.COM','regular','Sheldon','Miller',NULL,'',NULL,'M','1974-03-07','118 Town Highway 19','Craftsbury Common','VT','USA','05827','sheldon.miller@gmail.com','802-586-9964',NULL,1,'Linda Ramsdell','802-586-9964',NULL,NULL,NULL,NULL),(1201,'BIKEMAN.COM','regular','Donnie','Seib',NULL,'',NULL,'M','1999-02-17','P.O. Box 141','Bryant Pond','ME','USA','04219','donnie.seib@gmail.com','978-935-6095',NULL,1,'Kristen Seib','978-761-8722',NULL,NULL,NULL,NULL),(1202,'BIKEMAN.COM','regular','Melissa','Seib',NULL,'',NULL,'F','1997-05-01','Po Box 141','Bryant pond','ME','USA','04219','Melissa.seib@gmail.com','978-935-6096',NULL,1,'Kristen seib','978-761-8722',NULL,NULL,NULL,NULL),(1203,'BikeReg.com','regular','Jay','Gump',NULL,'',NULL,'M','1968-05-23','281 Old Cricket Hill Road','Conway','MA','USA','01341','jayrgump@hotmail.com','413-387-7176',NULL,1,'Meghan','413-387-7588',NULL,NULL,NULL,NULL),(1204,'BikeReg.com','regular','Evan','Huff',NULL,'',NULL,'M','1985-05-18','27 Mountain View Circle','Southampton','MA','USA','01073','evan.huff@gmail.com','413-454-2350',NULL,1,'Dana Huff','413-626-4005',NULL,NULL,NULL,NULL),(1205,'BikeReg.com','regular','Colin','Reuter',NULL,'',NULL,'M','1982-06-21','16 Water St','Leeds','MA','USA','01053','colin.reuter@gmail.com','917-449-1841',NULL,1,'Jim Reuter','207-824-4099',NULL,NULL,NULL,NULL),(1206,'Burke Mountain Academy On-Her Roll','regular','Kate','Barton',NULL,'',NULL,'F','1987-05-20','60 Alpine Lane','East Burke','VT','USA','05832','barton.katherinei@gmail.com','207-712-8727',NULL,1,'Beth Barton','207-233-0141',NULL,NULL,NULL,NULL),(1207,'Burke Mountain Academy On-Her Roll','regular','Christin','Lathrop',NULL,'',NULL,'F','1981-05-01','60 Alpine Lane','East Burke','VT','USA','05832','chlathrop@gmail.com','603-738-9557',NULL,1,'John Dwyer','802-825-1484',NULL,NULL,NULL,NULL),(1208,'Burke Mountain Academy On-Her Roll','regular','Amber','McHugh',NULL,'',NULL,'F','1981-03-12','60 Alpine Lane','East Burke','VT','USA','05832','amchugh@burkemtnacademy.org','617-699-8883',NULL,1,'Meghan Panteleakos','617-620-8303',NULL,NULL,NULL,NULL),(1209,'Capstone Design','regular','Dave','Mullert',NULL,'',NULL,'M','1982-01-01','10 hickory ridge road','rehoboth','MA','USA','02766','mhaskell@juno.com','508-212-2204',NULL,1,'katlyn haskell','401-369-1763',NULL,NULL,NULL,NULL),(1210,'Carnies on Acidotic','regular','Geoff','Cunningham',NULL,'',NULL,'M','1977-06-02','264 Grant road','Newmarket','NH','USA','03857','geoff@microarts.com','603-630-6742',NULL,1,'Jackie Cunningham','603-401-5965',NULL,NULL,NULL,NULL),(1211,'Carnies on Acidotic','regular','John','Figliolini',NULL,'',NULL,'M','1980-01-01','85 Court Street','Dover','NH','USA','03820','johnfigliolini@hotmail.com','603-953-3777',NULL,1,'Katy Figliolini','603-953-6285',NULL,NULL,NULL,NULL),(1212,'Carnies on Acidotic','regular','Rich','Matthes',NULL,'',NULL,'M','1969-04-02','69 Sunset Road','Portsmouth','NH','USA','03801','matthes.rich@gmail.com','603-373-8074',NULL,1,'Jennifer Matthes','603-498-8343',NULL,NULL,NULL,NULL),(1213,'Catalina Wine Mixers','regular','Allen','Albee',NULL,'',NULL,'M','1982-12-07','189 Concord Way','Portsmouth','NH','USA','03801','allen_albee@hotmail.com','603-387-5112',NULL,1,'Lauren McMullen','603-966-5085',NULL,NULL,NULL,NULL),(1214,'Clark Brothers Racing','regular','Anthony','Catauro',NULL,'',NULL,'M','1972-06-06','53 colbath rd','Barnstead','NH','USA','03225','catauro@yahoo.com','603-219-4368',NULL,1,'Melissa Catauro','603-269-0164',NULL,NULL,NULL,NULL),(1215,'Clark Brothers Racing','regular','Kyle','Clark',NULL,'',NULL,'M','1986-01-20','28 River Rd.','Pittsfield','NH','USA','03263','KClark@Metrocast.net','603-234-7863',NULL,1,'Richard Clark','603-234-7873',NULL,NULL,NULL,NULL),(1216,'Clark Brothers Racing','regular','Taylor','Clark',NULL,'',NULL,'M','1975-03-04','71 Ring Road','Pittsfield','NH','USA','03263','tayloreclark@myfairpoint.net','603-848-8225',NULL,1,'Carrie Clark','603-848-8224',NULL,NULL,NULL,NULL),(1217,'Cycle-Paths','regular','Nick','Brustin',NULL,'',NULL,'M','1997-08-27','2 Forest Ring Drive','Bartlett','NH','USA','03812','nickmacbrustin@gmail.com','603-986-5638',NULL,1,'Josh Brustin','603-986-4210',NULL,NULL,NULL,NULL),(1218,'Cycle-Paths','regular','Tessa','Greenhalgh',NULL,'',NULL,'F','1997-07-25','36 Stacey Lane','Albany','NH','USA','03818','marshmallo101@gmail.com','603-733-8255',NULL,1,'Charles Greenhalgh','603-986-0132',NULL,NULL,NULL,NULL),(1219,'Cycle-Paths','regular','Jackson','Ross-Parent',NULL,'',NULL,'M','1997-12-23','248 Green Hill Road','Jackson','NH','USA','03846','jaxross-parent@gmail.com','603-730-4305',NULL,1,'Sue Ross-Parent','603-730-7573',NULL,NULL,NULL,NULL),(1220,'Das Yachtsmen','regular','Pete','Dootz',NULL,'',NULL,'M','1982-04-18','27 Pleasant hill rd','Falmouth','ME','USA','04105','pdootz@gmail.com','207-712-7570',NULL,1,'Brenda Dootz','207-210-5552',NULL,NULL,NULL,NULL),(1221,'Dog\'s Speed','regular','Nolan','Langweil',NULL,'',NULL,'M','1974-01-20','14 Hubbard Park Dr.','Montpelier','VT','USA','05602','nlangweil@aol.com','802-229-4144',NULL,1,'Shannon Lessley','802-229-4144',NULL,NULL,NULL,NULL),(1222,'Dog\'s Speed','regular','Leroy','Yoder',NULL,'',NULL,'M','1965-12-14','72 Bear Mountain Rd','Bolton','VT','USA','05676','leymlb@gmail.com','802-434-4629',NULL,1,'Melissa Bailey','802-434-4629',NULL,NULL,NULL,NULL),(1223,'Family Vacation','regular','Joanna','Boisseau',NULL,'',NULL,'F','1980-07-15','371 West Farm Rd.','Bethlehem','NH','USA','03574','jobois715@gmail.com','802-274-9422',NULL,1,'Gabe Boisseau','802-274-9422',NULL,NULL,NULL,NULL),(1224,'Four jumbos and a bimbo','regular','Daniel','Antosiewicz',NULL,'',NULL,'M','1972-05-15','21 Forestview Road','Keene','NH','USA','03431','dantosiewicz@jgbco.com','603-762-0808',NULL,1,'Jennifer Antosiewicz','603-762-0671',NULL,NULL,NULL,NULL),(1225,'Four jumbos and a bimbo','regular','John','Round',NULL,'',NULL,'M','1970-11-18','16 Salisbury Road','Keene','NH','USA','03431','jomacaround@gmail.com','603-357-2707',NULL,1,'Carrie Bergeron','603-313-1791',NULL,NULL,NULL,NULL),(1226,'Freak Show','regular','Brian','Lothrop',NULL,'',NULL,'M','1993-12-30','16 Grandview Dr.','Dover','NH','USA','03820','b.lothrop15@gmail.com','603-767-4575',NULL,1,'Gretchen Lothrop','603-781-9681',NULL,NULL,NULL,NULL),(1227,'Freak Show','regular','Duncan','McGregor',NULL,'',NULL,'M','1993-10-13','23 Toftree Lane','Dover','NH','USA','03820','dmcgregor.nh@gmail.com','603-978-9968',NULL,1,'Cheryl McGregr','603-767-2565',NULL,NULL,NULL,NULL),(1228,'Friends of Notavus','regular','Mark','Boudreau',NULL,'',NULL,'M','1961-09-07','34 Village Crossing','Fitchburg','MA','USA','01420','markboudreau4@msn.com','508-577-6185',NULL,1,'Kelly Boudreau','978-407-0009',NULL,NULL,NULL,NULL),(1229,'Friends of Notavus','regular','Tim','Wolfe',NULL,'',NULL,'M','1959-12-13','34 Randlett Pk','Newton','MA','USA','02465','twolfe@plurisinc.com','508-479-9072',NULL,1,'Margaret Wollfe','617-909-7036',NULL,NULL,NULL,NULL),(1230,'Hallback','regular','christine','Hall',NULL,'',NULL,'F','1972-07-13','11 Galway Rd','Windham','NH','USA','03087','gearfish@hotmail.com','603-490-5730',NULL,1,'james hall','603-490-5554',NULL,NULL,NULL,NULL),(1231,'Handsome Hamstrings','regular','Chad','Gamache',NULL,'',NULL,'M','1987-06-22','385 Brunelle Ave','Manchester','NH','USA','03103','Chadgamache@yahoo.com','603-660-1448',NULL,1,'Judy','603-361-2465',NULL,NULL,NULL,NULL),(1232,'Handsome Hamstrings','regular','Jeff','Lukach',NULL,'',NULL,'M','1987-06-01','PO Box 157','Epping','NH','USA','03042','j.lukach@yahoo.com','860-817-2794',NULL,1,'Colleen Singleton','603-799-1070',NULL,NULL,NULL,NULL),(1233,'Handsome Hamstrings','regular','Joseph','Russo',NULL,'',NULL,'M','1986-10-16','3 Picadilly Court','Manchester','NH','USA','03104','Josephrusso328@comcast.net','603-548-1363',NULL,1,'John Russo','603-548-9701',NULL,NULL,NULL,NULL),(1234,'Hills Angels Mtb.C.','regular','Mark','Butler',NULL,'',NULL,'M','1971-06-28','40 Brookwood Rd','Wakefield','RI','USA','02879','MarkjButlerjr@gmail.com','401-644-4522',NULL,1,'Lisa Butler','401-932-1435',NULL,NULL,NULL,NULL),(1235,'Hills Angels Mtb.C.','regular','Frank','frazzitta',NULL,'',NULL,'M','1976-07-08','9838 co hywy 23','sidney center','NY','USA','13839','imimai10@gmail.com','607-437-2470',NULL,1,'Megan Imai','607-437-1701',NULL,NULL,NULL,NULL),(1236,'Hills Angels Mtb.C.','regular','Jimmy','Kane',NULL,'',NULL,'M','1974-04-21','1395 pines brook road','Walton','NY','USA','13856','Jimmyphatfingers@yahoo.com','607-437-2618',NULL,1,'Amanda Kane','607-437-2351',NULL,NULL,NULL,NULL),(1237,'Hysteria','regular','Justin','Gusy',NULL,'',NULL,'M','1980-09-11','37 Linbrook Road','West Hartford','CT','USA','06107','justin.gusy@gmail.com','860-206-0105',NULL,1,'Alysson Olsen','860-803-6563',NULL,NULL,NULL,NULL),(1238,'Hysteria','regular','John','Peltier',NULL,'',NULL,'M','1970-01-12','24 Elizabeth Drive','New Hartford','CT','USA','06057','jwpeltier@yahoo.com','860-482-5655',NULL,1,'Stephanie Peltier','860-307-6412',NULL,NULL,NULL,NULL),(1239,'Hysteria','regular','Ethan','Washburn',NULL,'',NULL,'M','1993-03-15','3 Tuttle Street','Bristol','CT','USA','06010','ewashburn93@comcast.net','860-302-7714',NULL,1,'Brian Washburn','860-989-9539',NULL,NULL,NULL,NULL),(1240,'Insight MRI Racing/Falls Road Veteri','regular','Matthew','Reynolds',NULL,'',NULL,'M','1978-05-26','110 summit ave','farmington','ME','USA','04938','mattereynolds@yahoo.com','207-491-4114',NULL,1,'Sarah reynolds','207-632-7441',NULL,NULL,NULL,NULL),(1241,'Involuntary Dismount','regular','michael','Hammer',NULL,'',NULL,'M','1976-06-11','2019 cameron ave','merrick','NY','USA','11566','michael_hammer@hotmail.com','516-946-2411',NULL,1,'guz zurak','516-633-1820',NULL,NULL,NULL,NULL),(1242,'Involuntary Dismount','regular','vasilios','piskopanis',NULL,'',NULL,'M','1974-08-14','38 old road','dracut','MA','USA','01826','pisko1@verizon.net','978-996-3643',NULL,1,'lisa piskopanis','978-394-5653',NULL,NULL,NULL,NULL),(1243,'Involuntary Dismount','regular','Richard','Svec',NULL,'',NULL,'M','1971-02-23','26 Kensington Avenue','Merrick','NY','USA','11566','rsvec@yahoo.com','516-214-0557',NULL,1,'Svec Raquel','516-782-1758',NULL,NULL,NULL,NULL),(1244,'Jawbone','regular','Neal','Blair',NULL,'',NULL,'M','1970-05-21','201 Chruchill St','Pittsfield','MA','USA','01201','nb.junk@yahoo.com','413-464-1456',NULL,1,'Cara Aherne','413-464-1455',NULL,NULL,NULL,NULL),(1245,'Jawbone','regular','Dave','Boyce',NULL,'',NULL,'M','1961-12-19','56 Spadina Parkway','Pittsfield','MA','USA','01201','daveboyce56@gmail.com','413-441-4636',NULL,1,'Darlene Boyce','413-441-4636',NULL,NULL,NULL,NULL),(1246,'Jawbone','regular','Matthew','Giardina',NULL,'',NULL,'M','1987-05-30','31 Saratoga Drive','Pittsfield','MA','USA','01201','giardina87@gmail.com','413-212-6109',NULL,1,'Nancy Giardina','413-329-1616',NULL,NULL,NULL,NULL),(1247,'Jawbone','regular','Matt','Thomas',NULL,'',NULL,'M','1971-06-11','301 Frost Road','Washington','MA','USA','01223','mattthomas301@yahoo.com','413-441-7090',NULL,1,'Heather Thomas','802-881-1653',NULL,NULL,NULL,NULL),(1248,'Jen\'s Team','regular','Jen','McCarthy',NULL,'',NULL,'F','1973-05-29','18 Preble St','Dover','NH','USA','03820','Jenmccarthy07@gmail.com','603-781-5306',NULL,1,'Jack McCarthy','603-343-3606',NULL,NULL,NULL,NULL),(1249,'Jen\'s Team','regular','Eric','Spurling',NULL,'',NULL,'M','1971-04-07','16 Isaac Lucas Circle','Dover','NH','USA','03820','spurling.eric@gmail.com','603-401-4445',NULL,1,'Lisa Spurling','603-401-0737',NULL,NULL,NULL,NULL),(1250,'Jen\'s Team','regular','Thomas','Webb',NULL,'',NULL,'M','1979-02-12','72 Tabor circle','Albany','NH','USA','03818','webbthomas520@gmail.com','603-986-3093',NULL,1,'Jamie Webb','603-986-3094',NULL,NULL,NULL,NULL),(1251,'J-Squared/G-Squared','regular','Jeffrey','Aeschlimann',NULL,'',NULL,'M','1970-12-28','51 Edith Rd','Vernon','CT','USA','06066','jeff_aeschlimann@yahoo.com','860-508-6034',NULL,1,'Eugenia Aeschlimann','860-508-6035',NULL,NULL,NULL,NULL),(1252,'J-Squared/G-Squared','regular','Geoff','Sinatro',NULL,'',NULL,'M','1982-03-23','20 Evergreen Trail','Farmington','CT','USA','06032','gs322@aol.com','860-416-3022',NULL,1,'Michelle Sinatro','860-490-9379',NULL,NULL,NULL,NULL),(1253,'Likin\' Bikin\'','regular','Daniel','Muntz','','Pro','','M','1971-11-03',' ','Alton','NH','USA',' ','','','',1,'Brianna Muntz','4803906137','','blank','',''),(1254,'Likin\' Bikin\'','regular','edward','ferrero',NULL,'',NULL,'M','1962-03-25','312 sugar hil rd','hopkintin','NH','USA','03229','ferrero1098@gmail.com','603-493-1316',NULL,1,'Nadine Ferrero','603-494-0270',NULL,NULL,NULL,NULL),(1255,'Likin\' Bikin\'','regular','John','Turcotte',NULL,'',NULL,'M','1965-10-12','159 Moose Club Park Road','Goffstown','NH','USA','03045','john.turcotte@attorneyturcotte.com','603-391-8626',NULL,1,'Alison Williams','603-391-8627',NULL,NULL,NULL,NULL),(1256,'Likin\' Bikin\'','regular','Ray','Webber',NULL,'',NULL,'M','1961-08-17','36 Berry Ave','Pittsfield','NH','USA','03263','jawebr@hotmail.com','603-724-7589',NULL,1,'Judy Webber','603-724-7674',NULL,NULL,NULL,NULL),(1257,'LuGotti','regular','John','Godinez',NULL,'',NULL,'M','1970-01-01','114 Ross Hill Road','Charlestown','RI','USA','02813','johngodinez28@yahoo.com','123-123-1234',NULL,0,'Ashley Godinez','325-513-9938',NULL,NULL,NULL,NULL),(1258,'Luke, I am a sloper','regular','Louis-Philippe','M?nard',NULL,'',NULL,'M','1977-05-14','602 Bennett','Montreal','QC','Canada','H1V2S3','Lp_grimpe@yahoo.ca','514-582-7657',NULL,1,'Anne-Marie Juneau','514-508-7940',NULL,NULL,NULL,NULL),(1259,'Luke, I am a sloper','regular','Anthony','Wong Seen',NULL,'',NULL,'M','1975-07-12','124 Moquin','Longueuil','QC','Canada','J4L4V8','anthonywongseen@gmail.com','514-884-7196',NULL,1,'Catherine Miron','514-884-9643',NULL,NULL,NULL,NULL),(1260,'Madagascar','regular','Jessie','Couture',NULL,'',NULL,'F','1993-11-03','71 water St','Lancaster','NH','USA','03584','antman101@hotmail.com','603-733-8502',NULL,1,'Becky Oleson','603-733-8502',NULL,NULL,NULL,NULL),(1261,'Madagascar','regular','Ryan','Mitchell',NULL,'',NULL,'M','1990-08-11','stenson Lake Rd','Ellsworth','NH','USA','03860','antman101@hotmail.com','603-728-9335',NULL,1,'Cory Mitchell','603-290-7086',NULL,NULL,NULL,NULL),(1262,'Madagascar','regular','Anthony','Walker',NULL,'',NULL,'M','1968-05-21','PO Box 3454','North Conway','NH','USA','03860','antman101@hotmail.com','603-662-5475',NULL,1,'Jennifer France','603-986-0347',NULL,NULL,NULL,NULL),(1263,'Mass MTB Riders','regular','Brian','Spring',NULL,'',NULL,'M','1969-07-01','17 Clemence Ave','Sterling','MA','USA','01564','BYKDOPE@gmail.com','508-331-2612',NULL,1,'Karen Langlois','978-257-7553',NULL,NULL,NULL,NULL),(1264,'Mime Control','regular','Peter','Logan',NULL,'',NULL,'M','1951-11-28','3 Briar Way','Townsend','MA','USA','01474','mtnman@erols.com','978-597-5057',NULL,1,'Bonnie Logan','978-597-5057',NULL,NULL,NULL,NULL),(1265,'Mime Control','regular','Keith','Redquest',NULL,'',NULL,'M','1974-04-01','4 Cynthia Road','Canton','MA','USA','02021','keithredquest@yahoo.com','781-828-1957',NULL,1,'Veronika Redquest','339-206-1213',NULL,NULL,NULL,NULL),(1266,'Moat Mountain Growlers','regular','Senan','Gorman',NULL,'',NULL,'M','1969-03-04','21 Coppermine Rd','Farmington','CT','USA','06032','senan@northpoledesign.com','860-677-4569',NULL,1,'Kate Gorman','860-434-7456',NULL,NULL,NULL,NULL),(1267,'Moat Mountain Growlers','regular','Christopher','Graham',NULL,'',NULL,'M','1965-07-07','PO Box #623','Intervale','NH','USA','03845','Sabre28mk1@yahoo.com','603-387-8000',NULL,1,'kerin fiore','603-986-1571',NULL,NULL,NULL,NULL),(1268,'Moat Mountain Growlers','regular','Cheryl','Jackson',NULL,'',NULL,'F','1972-07-25','232 Nod Rd','Avon','CT','USA','06001','cheryllynn88@comcast.net','860-604-6945',NULL,1,'Chris Jackson','860-716-8752',NULL,NULL,NULL,NULL),(1269,'Mud N Dirt','regular','Matt','Berube',NULL,'',NULL,'M','1977-09-02','20 Blackstone Blvd Apt 13','Providence','RI','USA','02906','mjb393@yahoo.com','774-571-0736',NULL,1,'Andy Berube','603-668-7462',NULL,NULL,NULL,NULL),(1270,'No Excuses','regular','Daniel','Duhaime',NULL,'',NULL,'M','1989-07-17','129 main rd','Milford','ME','USA','04461','Dduhaime15@gmail.com','207-460-3562',NULL,1,'Deborah Duhaime','207-479-5793',NULL,NULL,NULL,NULL),(1271,'No Imagination','regular','byron','gill',NULL,'',NULL,'M','1993-03-29','175 old portland road','freeedom','NH','USA','03836','Byron.c.gill@gmail.com','603-986-3381',NULL,1,'tom gill','603-986-3381',NULL,NULL,NULL,NULL),(1272,'Old Ducks','regular','Joan','Barthold',NULL,'',NULL,'F','1958-07-23','121 Pinnacle Rd','Lyme','NH','USA','03768','scott@snomatic.com','603-795-4490',NULL,1,'Scott Barthold','603-496-2495',NULL,NULL,NULL,NULL),(1273,'Old Ducks','regular','Kristina','Fjeld-Sparks',NULL,'',NULL,'F','1967-11-20','1 Cutting Hill Lane','Lyme','NH','USA','03768','kristina.fjeld@gmail.com','603-667-0816',NULL,1,'Michael Sparks','603-219-4448',NULL,NULL,NULL,NULL),(1274,'Old Ducks','regular','Brian','Gilman',NULL,'',NULL,'M','1975-04-09','35 Franklin Hwy','Andover','NH','USA','03216','brian.gilman@bwdesigngroup.com','603-748-5878',NULL,1,'Sarah Gilman','603-748-4333',NULL,NULL,NULL,NULL),(1275,'Old Ducks','regular','Michael','Sparks',NULL,'',NULL,'M','1962-09-08','1 Cutting Hill Lane','Lyme','NH','USA','03768','fxbone@gmail.com','603-219-4448',NULL,0,'Kristina Fjeld Sparks','603-667-0816',NULL,NULL,NULL,NULL),(1276,'OSG Racing','regular','Jeff','Jaggars',NULL,'',NULL,'M','1967-10-31','328 Post Rd','Greenland','NH','USA','03840','jeffjaggars@gmail.com','603-401-0859',NULL,1,'Stephanie Jaggars','603-401-0858',NULL,NULL,NULL,NULL),(1277,'Pure Adrenaline','regular','Tom','Hong',NULL,'',NULL,'M','1969-02-28','100 Faith Dr','Hampstead','NH','USA','03841','neusaab@yahoo.com','603-860-1821',NULL,1,'Alix Hong','603-490-2805',NULL,NULL,NULL,NULL),(1278,'Pure Adrenaline','regular','Brian','Oickle',NULL,'',NULL,'M','1976-12-14','24 Orchard Lane','Durham','ME','USA','04222','brian.oickle@gmail.com','207-356-1202',NULL,1,'Deirdre Frey','207-844-0442',NULL,NULL,NULL,NULL),(1279,'Pure Adrenaline','regular','Jack','Perry',NULL,'',NULL,'M','1997-03-18','226 Gullsway','Brewster','MA','USA','02631','indianaperry@yahoo.com','774-216-0127',NULL,1,'Jennifer Reif','774-212-4365',NULL,NULL,NULL,NULL),(1280,'Red Jersey Cyclery','regular','John','Macdougal',NULL,'',NULL,'M','1980-09-22','2186 Green Hill Road','Chatham','NH','USA','03813','jmacdo2000@hotmail.com','603-986-5100',NULL,1,'Stasha Macdougall','603-452-8025',NULL,NULL,NULL,NULL),(1281,'Red Jersey Cyclery','captain','Mike','Malkin',NULL,'',NULL,'M','1979-10-17','PO Box 1640','North Conwau','NH','USA','03860','mmalkin@cranmore.com','603-356-5544',NULL,1,'Peter Malkin','603-356-6833',NULL,NULL,NULL,NULL),(1282,'Red Jersey Cyclery','regular','Cozy','Mitchell',NULL,'',NULL,'F','1991-03-12','PO Box 158','Intervale','NH','USA','03845','cnr26@wildcats.unh.edu','603-662-5787',NULL,1,'Muriel Mitchell','603-730-7388',NULL,NULL,NULL,NULL),(1283,'Red Jersey Cyclery','regular','Erik','Nelson',NULL,'',NULL,'M','1970-06-09','PO Box 721','Intervale','NH','USA','03845','jenerik512@roadrunner.com','603-724-4497',NULL,1,'Jen Nelson','603-662-6257',NULL,NULL,NULL,NULL),(1284,'Red Jersey Cyclery','regular','Shawn','Waters',NULL,'',NULL,'M','1986-10-04','PO box 621','N. Conway','NH','USA','03860','shawntwaters@gmail.com','703-201-9083',NULL,1,'mark waters','703-569-7723',NULL,NULL,NULL,NULL),(1285,'Riding with Pops','regular','Donald','Keays',NULL,'',NULL,'M','1950-03-06','815 Mill St','Montreal','QC','Canada','H3C 1Y5','thekeays@videotron.ca','514-820-9951',NULL,1,'Lorraine Keays','450-465-7646',NULL,NULL,NULL,NULL),(1286,'Rose Bike/ Qualey Granite','regular','Craig','MacDonald',NULL,'',NULL,'M','1970-05-22','144 14th St.','Bangor','ME','USA','04401','Craig@4cleanercarpets.com','207-745-5301',NULL,1,'Lynn','207-314-3256',NULL,NULL,NULL,NULL),(1287,'Rose Bike/ Qualey Granite','regular','Corey','Odermann',NULL,'',NULL,'M','1983-10-22','9 Pine St.','Orono','ME','USA','04473','theboybel@yahoo.com','207-694-0542',NULL,1,'Charles Odermann','207-290-0086',NULL,NULL,NULL,NULL),(1288,'Rose Bike/ Qualey Granite','regular','Eric','Oickle',NULL,'',NULL,'M','1982-09-22','70 Main St. Apt#3','Yarmouth','ME','USA','04096','egoickle@gmail.com','207-576-4840',NULL,1,'Brian Oickle','207-356-1202',NULL,NULL,NULL,NULL),(1289,'Samsquach','regular','Ben','Ackerly',NULL,'',NULL,'M','1988-05-20','521 west Lovell Rd','Lovell','ME','USA','04051','antman101@hotmail.com','207-925-1451',NULL,1,'Alice Bragg','207-925-1451',NULL,NULL,NULL,NULL),(1290,'Samsquach','regular','Zach','Anderson',NULL,'',NULL,'M','1993-04-13','188 Jefferson Rd','Whitefield','NH','USA','03598','zacharyscott.9304@gmail.com','603-744-0822',NULL,1,'Charlotte Rice','603-744-0822',NULL,NULL,NULL,NULL),(1291,'Samsquach','regular','Steven','Deveau',NULL,'',NULL,'M','1989-10-12','540 West Side rd','Bethleham','NH','USA','03574','stdeveau@gmail.com','603-837-9401',NULL,1,'Marcel Deveau','603-837-9401',NULL,NULL,NULL,NULL),(1292,'Samsquach','regular','Chelsi','Shedd',NULL,'',NULL,'F','1990-12-20','188 Jefferson Rd','Whitefield','NH','USA','03598','chelsishedd@gmail.com','603-744-0822',NULL,1,'Charlotte Rice','603-744-0822',NULL,NULL,NULL,NULL),(1293,'Skyline Bikers','regular','Kathleen','Deck',NULL,'',NULL,'F','1974-01-31','53 Dunbarton Drive','Nashua','NH','USA','03063','kathleen1808@gmail.com','603-718-0753',NULL,1,'Christine Reel','603-557-5164',NULL,NULL,NULL,NULL),(1294,'Skyline Bikers','regular','Adam','Flaherty',NULL,'',NULL,'M','1982-01-20','1201 Saint Andrews Street','Rapid City','SD','USA','57701','wpi41@yahoo.com','508-335-5124',NULL,1,'Allison Flaherty','860-946-9081',NULL,NULL,NULL,NULL),(1295,'Sprocket Rockets','regular','Noah','Bourassa',NULL,'',NULL,'M','1981-09-24','12A Walnut Avenue','North Hampton','NH','USA','03862','nbourassa1@gmail.com','603-918-4264',NULL,1,'Ariana Bourassa','603-918-6572',NULL,NULL,NULL,NULL),(1296,'Stan and Dan sports','regular','Sam','Anderson',NULL,'',NULL,'M','1989-12-02','7 melcher street apt 2','Portsmouth','NH','USA','03801','Snocross741@gmail.com','603-662-6334',NULL,1,'Cassandra mooshian','603-553-0480',NULL,NULL,NULL,NULL),(1297,'Stan and Dan sports','regular','Christina','Berry',NULL,'',NULL,'F','1978-10-10','283 Thompson road','Webster','MA','USA','01570','Christinaberry78@gmail.com','508-887-6880',NULL,1,'Bill berry','508-208-7201',NULL,NULL,NULL,NULL),(1298,'Stan and Dan sports','regular','Julie','Ferland',NULL,'',NULL,'F','1984-06-13','12 pequawket drive','Conway','NH','USA','03818','Jewel1833@gmail.com','908-420-1506',NULL,1,'Pat Ferland','860-377-8540',NULL,NULL,NULL,NULL),(1299,'Stan and Dan sports','regular','Steve','Herrick',NULL,'',NULL,'M','1975-12-10','89 peaked mountain road','Sebago','ME','USA','04029','Herrick.stevenQ@gmail.com','207-252-9907',NULL,1,'Danielle Herrick','207-252-9905',NULL,NULL,NULL,NULL),(1300,'Takin\' er\' easy','regular','John','Beaudette',NULL,'',NULL,'M','1983-10-24','38 Curtis St.','Waltham','MA','USA','02453','johnbeaudette@gmail.com','603-321-2818',NULL,1,'Heidi Griffiths','603-801-1722',NULL,NULL,NULL,NULL),(1301,'Takin\' er\' easy','regular','Justin','Limberger',NULL,'',NULL,'M','1983-10-27','106 Broadway Ave','DOVER','NH','USA','03820','jlimbie5@hotmail.com','603-969-3393',NULL,1,'Jamie Clavet','207-229-6039',NULL,NULL,NULL,NULL),(1302,'Takin\' er\' easy','regular','Jon','Mercer',NULL,'',NULL,'M','1982-08-11','7 Grampian Way #3','Dorchester','MA','USA','02125','mercer.jonathan@gmail.com','603-953-4381',NULL,1,'Lara Woolfson','603-305-9568',NULL,NULL,NULL,NULL),(1303,'Team Great Scott\'s Flux Capacitor','regular','Adam','Dodge',NULL,'',NULL,'M','1985-10-03','1 Tallant Road','Merrimack','NH','USA','03054','clayinyrhands@Hotmail.com','603-913-3096',NULL,1,'Ashley Dodge','603-581-5621',NULL,NULL,NULL,NULL),(1304,'The Alexander Buckleys','regular','Alexander','Buckley',NULL,'',NULL,'M','1987-01-03','136 Lowell St','Somerville','MA','USA','02143','alexander.buckley@gmail.com','401-451-7888',NULL,1,'Anita Buckley','401-333-2872',NULL,NULL,NULL,NULL),(1305,'The Cranky Boondoc JOCS','regular','Melby','Joni',NULL,'',NULL,'F','1981-02-06','49 Alice Drive','Penacook','NH','USA','03303','jonimelby@yahoo.com','603-753-9682',NULL,1,'Christopher Melby','603-493-3863',NULL,NULL,NULL,NULL),(1306,'The Cranky Boondoc JOCS','regular','Christopher','Melby',NULL,'',NULL,'M','1976-12-07','49 Alice Drive','Penacook','NH','USA','03303','christferfer@hotmail.com','603-753-9682',NULL,1,'Joni Melby','603-753-9682',NULL,NULL,NULL,NULL),(1307,'The Cranky Boondoc JOCS','regular','Harris','Melby',NULL,'',NULL,'M','1969-09-25','2107 Carroll Creek View Court','Frederick','MD','USA','21702','harris.m@tajtech.com','301-367-5495',NULL,1,'Rebecca Melby','240-440-4550',NULL,NULL,NULL,NULL),(1308,'The Expendables','regular','Riley','Bush',NULL,'',NULL,'M','1992-02-18','14 Connell Dr','Tyngsboro','MA','USA','01879','ribush@comcast.net','978-621-6878',NULL,1,'Matthew Bush','339-368-3836',NULL,NULL,NULL,NULL),(1309,'The Expendables','regular','Marc','Lacoche',NULL,'',NULL,'M','1970-10-06','8 Ledgestone drive','Hopkinton','MA','USA','01748','Nvr2l8@me.com','617-212-2740',NULL,1,'Meghan Lacoche','617-852-1365',NULL,NULL,NULL,NULL),(1310,'The Expendables','regular','Jason','Pritchard',NULL,'',NULL,'M','1973-04-18','12 Cunningham St.','Hopkinton','MA','USA','01748','simpest@yahoo.com','617-549-2581',NULL,1,'Jennifer Devlin','617-448-9564',NULL,NULL,NULL,NULL),(1312,'The Flying Wombats','regular','Jane','LeMasurier',NULL,'',NULL,'F','1983-03-14','37 Goodrich 4 Corners Rd','Norwich','VT','USA','05055','Jane.lemasurier@gmail.com','540-470-0077',NULL,1,'Graham Webster','802-291-2324',NULL,NULL,NULL,NULL),(1313,'The Flying Wombats','regular','bruce','lingelbach',NULL,'',NULL,'M','1963-03-03','261 Dogford rd','etna','NH','USA','03750','brudad@gmail.com','603-359-0906',NULL,1,'cindy pierce','603-643-2997',NULL,NULL,NULL,NULL),(1314,'The Flying Wombats','regular','Luke','McLaughry',NULL,'',NULL,'M','1989-09-29','1093 Bragg Hill Rd','Norwich','VT','USA','05055','luke.mclaughry@gmail.com','603-359-8621',NULL,1,'Bruce McLaughry (Father)','603-359-8625',NULL,NULL,NULL,NULL),(1315,'The Flying Wombats','regular','Sohier','Perry',NULL,'',NULL,'M','1990-01-17','5 Happy Hill Rd','Norwich','VT','USA','05055','e.sohier.perry@gmail.com','802-299-8656',NULL,1,'Lily Perry','603-252-2283',NULL,NULL,NULL,NULL),(1316,'The ringmasters','regular','Julie','Arnold',NULL,'',NULL,'F','1959-11-12','111 Webster rd','Hartland','VT','USA','05048','Arnoldj436@gmail.com','802-436-2502',NULL,1,'Chris Rumrill','603-252-2170',NULL,NULL,NULL,NULL),(1317,'The ringmasters','regular','Jim','Chester',NULL,'',NULL,'M','1966-05-15','POBox 8','Belmont','VT','USA','05730','Jimmygoat@vermontel.net','802-720-4231',NULL,1,'Mary Chester','802-770-4233',NULL,NULL,NULL,NULL),(1318,'The ringmasters','regular','Gary','Macia',NULL,'',NULL,'M','1954-10-02','PO Box 89','Reading','VT','USA','05062','Gary.macia@gmail.com','802-484-9849',NULL,1,'Heidi Fielder','802-251-3928',NULL,NULL,NULL,NULL),(1320,'Too Legit to Quit','regular','Seth','Dunten',NULL,'',NULL,'M','1975-07-22','71 Adams St.','Milford','NH','USA','03055','seth.dunten@gmail.com','603-831-6187',NULL,1,'Melissa Coppola','603-545-5581',NULL,NULL,NULL,NULL),(1321,'Too Legit to Quit','regular','Mandy','Garon',NULL,'',NULL,'F','1974-04-05','8 Third Ave','Goffstown','NH','USA','03045','mandypoppy@gmail.com','603-391-5434',NULL,1,'Dan Morin','603-668-8892',NULL,NULL,NULL,NULL),(1322,'Too Legit to Quit','regular','Todd','Morin',NULL,'',NULL,'M','1974-06-29','5 Stevens Ln','Milford','NH','USA','03055','morin.todd@yahoo.com','603-320-5873',NULL,1,'Brigitte Morin','603-867-8000',NULL,NULL,NULL,NULL),(1323,'Too Legit To Quit #2','regular','Chris','Garon',NULL,'',NULL,'M','1972-08-28','8 Third Ave','Goffstown','NH','USA','03045','chrismgaron@gmail.com','603-396-1845',NULL,1,'Dan Morin','603-668-8892',NULL,NULL,NULL,NULL),(1324,'Too Legit To Quit #2','regular','Bob','Peret',NULL,'',NULL,'M','1958-08-12','34 Birchwood Cir.','Bedfod','NH','USA','03110','bobperet@gmail.com','603-801-1510',NULL,1,'Grant Peret','603-769-0788',NULL,NULL,NULL,NULL),(1325,'Too Legit To Quit #2','regular','Ryan','Provins',NULL,'',NULL,'M','1985-02-07','29 N. Main St.','Mont Vernon','NH','USA','03057','ryan@mathewsoncos.com','603-769-0059',NULL,1,'Sam Provins','603-566-4181',NULL,NULL,NULL,NULL),(1326,'Tri-City Bicycles','regular','William','Groat',NULL,'',NULL,'M','1972-03-19','19 Maple Street','Rochester','NH','USA','03867','wdg31972@aol.com','603-335-3088',NULL,1,'Barbara Groat','603-335-3088',NULL,NULL,NULL,NULL),(1327,'Tri-City Bicycles','regular','Robert','Holt',NULL,'',NULL,'M','1977-04-25','1 Beauview St','Rochester','NH','USA','03867','robert.holt1977@gmail.com','603-591-3091',NULL,1,'Lisa Venezia','603-953-3154',NULL,NULL,NULL,NULL),(1328,'Tri-City Bicycles','regular','Daniel','Smith',NULL,'',NULL,'M','1967-05-09','170 Old Bay Road','New Durham','NH','USA','03855','dpsmith67@gmail.com','603-515-6381',NULL,1,'Victoria Smith','603-515-6382',NULL,NULL,NULL,NULL),(1329,'Tri-City Bicycles','regular','Dan','Worcester',NULL,'',NULL,'M','1977-03-19','174 Buzzell Road','Acton','ME','USA','04001','daniel.l.worcester@maine.gov','207-651-9169',NULL,1,'Eilean','207-651-9170',NULL,NULL,NULL,NULL),(1330,'Tri-City Bicycles! Part Deux','regular','joshua','barber',NULL,'',NULL,'M','1980-12-15','37 grove st','e rochester','NH','USA','03868','opiejab@hotmail.com','603-953-5333',NULL,1,'mark trager','603-833-6263',NULL,NULL,NULL,NULL),(1331,'Tri-City Bicycles! Part Deux','regular','david','Bennett',NULL,'',NULL,'M','1971-03-28','13 green st','Rochester','NH','USA','03868','gotsnqw@hotmail.com','603-312-3173',NULL,1,'Paula Bennett','603-312-3172',NULL,NULL,NULL,NULL),(1333,'Tri-City Bicycles! Part Deux','regular','Mikel','Stevens',NULL,'',NULL,'M','1980-09-15','12 garland dr','Farmington','NH','USA','03835','Mudtoy1980@gmail.com','603-965-5035',NULL,1,'Maria stevens','603-509-0513',NULL,NULL,NULL,NULL),(1334,'Tri-City Bicycles! Part Deux','regular','Brian','Tremblay',NULL,'',NULL,'M','1982-07-02','222 rollercoaster rd','strafford','NH','USA','03884','tremblaybm9@yahoo.com','207-944-1994',NULL,1,'Sara Tremblay','860-816-2133',NULL,NULL,NULL,NULL),(1335,'Underhillbillies','regular','Don','Harmeyer',NULL,'',NULL,'M','1966-06-28','396 Irish Settlement Rd.','Underhill','VT','USA','05489','marmotdude@aol.com','802-316-0307',NULL,1,'Patricia Harmeyer','802-363-0926',NULL,NULL,NULL,NULL),(1336,'Underhillbillies','regular','Elizabeth','Lyster',NULL,'',NULL,'F','1971-03-04','17 Doon Rd','Underhill','VT','USA','05489','lyster.elizabeth@gmail.com','802-578-8593',NULL,1,'Brian Lyster','802-343-1901',NULL,NULL,NULL,NULL),(1337,'Underhillbillies','regular','Craig','Schneider',NULL,'',NULL,'M','1956-04-27','569 Irish Settlement Rd','Underhill','VT','USA','05489','craig.schneider@mpltrees.com','802-899-5832',NULL,1,'Kathy Schneider','802-363-2477',NULL,NULL,NULL,NULL),(1338,'UVM Cycling','regular','Dana','Greenlaw',NULL,'',NULL,'M','1992-02-12','2 loring lane','Wayland','MA','USA','01778','dgreenla@uvm.edu','978-505-8873',NULL,1,'mark Greenlaw','617-899-3860',NULL,NULL,NULL,NULL),(1339,'UVM Cycling','regular','Cornelius','Rand',NULL,'',NULL,'M','1988-12-01','248 Foreside Rd','Falmouth','ME','USA','04105','cornelius.rand@gmail.com','802-557-0963',NULL,1,'Robert Rand','207-781-8997',NULL,NULL,NULL,NULL),(1340,'UVM Cycling','regular','Jacob','Warshaw',NULL,'',NULL,'M','1992-02-07','291 S Union St','Burlington','VT','USA','05401','jwarshaw@gmail.com','914-772-5793',NULL,1,'Alissa Peterson','802-855-1883',NULL,NULL,NULL,NULL),(1341,'Village Sport Shop Vigor','regular','Christine','Bengtson',NULL,'',NULL,'F','1959-03-09','728 Rocky Ridge Rd','St Johnsbury','VT','USA','05819','cfbengtson@charter.net','802-748-8299',NULL,1,'Paul Bengtson','802-274-4787',NULL,NULL,NULL,NULL),(1342,'Village Sport Shop Vigor','regular','Sacha','McGuire','','Pro','','F','1976-06-08','143 Pinkham Rd','East Burke','VT','USA','05832','sacha_grillo76@hotmail.com','978-855-0092','',1,'Tim McGuire','802-473-0275','','blank','',''),(1343,'Village Sport Shop Vigor','regular','Lilias','Ide','','Expert','','F','1975-02-07',' ',' ','','USA',' ','','','',1,'Peter Tomczyk','802-535-5353','','blank','',''),(1344,'Village Sport Shop Vim','regular','Jeff','Hale',NULL,'',NULL,'M','1969-01-06','PO Box 357','East Burke','VT','USA','05832','jeff@jehaleconstruction.com','802-274-4874',NULL,1,'Amy Hale','802-274-4875',NULL,NULL,NULL,NULL),(1345,'Village Sport Shop Vim','regular','Tim','McGuire','','Pro','','M','1971-07-02','143 Pinkham Road','East Burke','VT','USA','05832','tmcguires@hotmail.com','802-473-0275','',1,'Sacha McGuire','978-855-0092','','blank','',''),(1346,'Village Sport Shop Vim','regular','Mike','Mader','','Expert','','M','1975-11-07',' ',' ','','USA',' ','','','',1,'Carrie Tomczyk','802-274-7425','','blank','',''),(1387,'Steve Vosburgh','captain','Steve','Vosburgh','','Sport','','M','1963-03-10','PO Box 112','Jackson','NH','USA','03846','stvos@aol.com','603-383-0903','',1,'Gwen Vosburgh','603-383-0903','','blank','',''),(1347,'Weekend Warriors','regular','Daniel','Bastien',NULL,'',NULL,'M','1975-06-09','28 Dustin Homestead','Rochester','NH','USA','03867','dbastien75@aol.com','603-332-5181',NULL,1,'Lynne Bastien','603-973-6481',NULL,NULL,NULL,NULL),(1348,'We\'ll Have Another','regular','Shane','Tremblay',NULL,'',NULL,'M','1975-03-05','82 Neck Road','Quispamsis','NB','Canada','','otoole_23@hotmail.com','506-608-9006',NULL,1,'Warren','506-763-6734',NULL,NULL,NULL,NULL),(1349,'We\'ll Have Another','regular','Terry','Urquhart',NULL,'',NULL,'M','1965-05-13','38 secoudon Dr','Saint John','NB','Canada','E2K 5G5','tsurquhart@hotmail.com','506-608-3648',NULL,1,'506-651-2677','506-653-9813',NULL,NULL,NULL,NULL),(1350,'Zilla Racing Team','regular','Kim','Blanchette',NULL,'',NULL,'F','1965-06-06','4 Birch Hill Rd','Blandford','MA','USA','01008','zillapatch@verizon.net','413-848-2770',NULL,1,'Mark Blanchette','413-242-4243',NULL,NULL,NULL,NULL),(1351,'Zilla Racing Team','regular','Aaron','LaBrecque',NULL,'',NULL,'M','1977-10-04','49 North St','Blandford','MA','USA','01008','ajl@wca.com','413-848-0171',NULL,1,'Amanda LaBrecque','413-848-0171',NULL,NULL,NULL,NULL),(1352,'Zilla Racing Team','regular','Samuel','LaBrecque',NULL,'',NULL,'M','2001-03-27','49 North St','Blandford','MA','USA','01008','ajl@wca.com','413-848-0171',NULL,1,'Aaron LaBrecque','413-848-0171',NULL,NULL,NULL,NULL),(1353,'Zilla Racing Team','regular','David','Mestre',NULL,'',NULL,'M','1977-06-14','16 Lozier Ave','Westfield','MA','USA','01085','davmes77@verizon.net','413-250-9300',NULL,1,'Sarah Mestre','413-568-8258',NULL,NULL,NULL,NULL),(1354,'Zilla racing team 2','regular','Mark','Blanchette',NULL,'',NULL,'M','1965-03-20','4 Birch Hill Rd','Blandford','MA','USA','01008','zillapatch@verizon.net','413-848-2770',NULL,1,'Kim Blanchette','413-848-2770',NULL,NULL,NULL,NULL),(1355,'Zilla racing team 2','regular','Amanda','LaBrecque',NULL,'',NULL,'F','1977-12-19','49 North St','Blandford','MA','USA','01008','ajl@wca.com','413-848-0171',NULL,1,'Aaron LaBrecque','413-848-0171',NULL,NULL,NULL,NULL),(1356,'Zilla racing team 2','regular','Cameron','LaBrecque',NULL,'',NULL,'M','1997-05-10','49 North St','Blandford','MA','USA','01008','ajl@wca.com','413-848-0171',NULL,1,'Aaron LaBrecque','413-848-0171',NULL,NULL,NULL,NULL),(1357,'Zilla racing team 2','regular','Alyssa','Lemme',NULL,'',NULL,'F','1994-10-08','91 Main St','Blandford','MA','USA','01008','horsekrazy108@gmail.com','413-848-2052',NULL,1,'Bonnie Lemme','413-475-4044',NULL,NULL,NULL,NULL),(1358,'TCB','regular','Danielle','White','','Sport','','F','1985-09-08','1252 Douglas Ave.','North Providence','RI','USA','02904','Daniellededawhite@gmail.com','401409-2412','',1,'jim Grimley','401-429-8810','','blank','',''),(1359,'Couch Nap','regular','Jonathan','Palmer','','Pro','','M','1980-07-25',' ','walthem','MA','USA',' ','','','',1,'','','','blank','',''),(1360,'EC3','regular','Cole','Siefer','','Sport','','M','2004-01-01',' ','Kearsarge','NH','USA',' ','','','',1,'','','','blank','',''),(1361,'Band of Brothers','regular','Jonathan','Riley','','Sport','','M','1981-04-21',' ','Dallas','TX','USA',' ','','','',1,'','','','blank','',''),(1362,'Dog\'s Speed','regular','Deanna','Backman','','Pro','','M','1973-07-28',' ','South Portland','ME','USA',' ','','','',1,'','','','blank','',''),(1363,'Sprocket Rockets','regular','Rob','Spalding','','Sport','','M','1977-03-02',' ','North Hampton','NH','USA',' ','','','',1,'','','','blank','',''),(1364,'Sprocket Rockets','regular','Erek','Johnson','','Sport','','M','1980-04-12',' ','North Hampton','NH','USA',' ','','','',1,'','','','blank','',''),(1365,'Two Young, Two Old','regular','Eric','Bourgault','','Sport','','M','1985-11-03',' ','Fitchburg','MA','USA',' ','','','',1,'','','','blank','',''),(1366,'Two Young, Two Old','regular','Noah','Normandan','','Sport','','M','1981-03-26',' ','Ashby','MA','USA',' ','','','',1,'','','','blank','',''),(1367,'Two Young, Two Old','regular','Tim','Smith','','Sport','','M','1960-10-27',' ','Leominster','MA','USA',' ','','','',1,'','','','blank','',''),(1368,'Creature Feature','regular','Vickie','Monahan','','Expert','','F','1975-01-28',' ','Weathersfield','CT','USA',' ','','','',1,'Roula Davilla','8603957569','','blank','',''),(1369,'Creature Feature','regular','Jen','Audia','','Expert','','F','1982-05-13',' ','Burlington','CT','USA',' ','','','',1,'Donata Reeve','8606737701','','blank','',''),(1370,'Creature Feature','regular','Jenn','Maxwell','','Expert','','F','1970-01-14',' ','Summers','CT','USA',' ','','','',1,'Vickie Monahan','8603057569','','blank','',''),(1371,'Freak Show','regular','Craig','Gosse','','Sport','','M','1994-07-01',' ',' ','','USA',' ','','','',1,'Christie Gosse','6038178123','','blank','',''),(1372,'J-Squared/G-Squared','regular','Geoff','Nevins','','Sport','','M','1969-01-01',' ','Avon','CT','USA',' ','','','',1,'','','','blank','',''),(1373,'We\'ll Have Another','regular','Jim','Thibodeau','','Sport','','M','1960-02-03',' ','Falmouth','ME','USA',' ','','','',1,'','','','blank','',''),(1374,'Friends of Notavus','regular','Gary','Lahti','','Sport','','M','1965-01-01',' ','Lunenburg','MA','USA',' ','','','',1,'','','','blank','',''),(1375,'Luke, I am a sloper','regular','Mathieu','Raynault','','Sport','','M','1973-10-30',' ','Montreal','QC','Cananda',' ','','','',1,'Chantier','514 5673274','','blank','',''),(1376,'the defecfters','regular','Chantal','Leger','','Expert','','F','1978-06-06',' ','Montreal','QC','Canada',' ','','','',1,'','','','blank','',''),(1377,'the defecfters','regular','Denny','Lyster','','Sport','','M','1942-10-14',' ','Westfield','VT','USA',' ','','','',1,'','','','blank','',''),(1378,'the defecfters','regular','Tricia','McKenzie','','Sport','','F','1976-05-15',' ','Montreal','QC','Canada',' ','','','',1,'','','','blank','',''),(1379,'Skyline Bikers','regular','Pat','Brophy','','Sport','','M','1980-02-07',' ','Medford','MA','USA',' ','','','',1,'','','','blank','',''),(1380,'Mime Control','regular','unregistered','rider',NULL,'',NULL,'M','0000-00-00','','','','USA','','','',NULL,0,'','',NULL,NULL,NULL,NULL),(1382,'Moat Mountain Growlers','regular','Stephen','Johnson','','Sport','','M','1969-06-09','290 Ash Street','North Conway','NH','USA','03860','WeissBrewer@gmail.com','207-650-7930','',1,'Bill Lee','207-653-9527','','xx-large','',''),(1383,'Four jumbos and a bimbo','regular','Christine','Houston','','Sport','','F','1970-02-07',' ','Keene','NH','USA',' ','','','',1,'','','','blank','',''),(1384,'Four jumbos and a bimbo','regular','Ted','McGreer','','Sport','','M','1969-06-20',' ','Keene','NH','USA',' ','','','',1,'','','','blank','',''),(1385,'Underhillbillies','regular','Avery','Ellis','','Sport','','F','1998-12-24',' ','Underhill','VT','USA',' ','','','',1,'','','','blank','',''),(1386,'Jen\'s Team','regular','Steve','Wade','','Sport','','M','1963-06-18',' ','Madbury','NH','USA',' ','','','',1,'','','','blank','',''),(1388,'Mike Levine','captain','Mike','Levine','','Sport','','M','1958-11-01','50 Forest Ledge','Glen','NH','USA','03838','mike.levine@fmr.com','603-303-6142','',1,'Julie Levine','603-303-9537','','blank','',''),(1389,'John Gitelman','captain','John','Gitelman','','Sport','','M','1963-03-12','364 Taylor Road','Stow','MA','USA','01775','jgitelman@Verizon.net','781-789-8777','',1,'Julie Levine','603-303-9537','','blank','',''),(1390,'Jason Hunter','captain','Jason','Hunter','','Sport','','M','1972-02-12',' ','Berlin','NH','USA',' ','','','',1,'','','','blank','',''),(1391,'David Charland','captain','David','Charland','','Sport','','M','1960-02-11','','Hooksett','NH','USA','','','','',1,'','','','blank','',''),(1392,'Cedric Clyburn','captain','Cedric','Clyburn','','Sport','','M','2001-02-09','','Taylorsville','NC','USA','','','','',1,'','','','blank','','');

--
-- Table structure for table `rider_rfid`
--

CREATE TABLE `rider_rfid` (
  `rfid` int(4) NOT NULL DEFAULT '0',
  `uid` int(4) NOT NULL DEFAULT '0',
  UNIQUE KEY `rider_rfid_pkey` (`rfid`)
) ENGINE=MyISAM DEFAULT CHARSET=latin1;

--
-- Dumping data for table `rider_rfid`
--

INSERT INTO `rider_rfid` VALUES (9044,1098),(13885,1113),(10151,1076),(9089,1083),(8989,1100),(8881,1106),(8970,1107),(13438,1108),(10173,1110),(13057,1111),(14147,1112),(13846,1057),(13594,1119),(8756,1124),(1704,1068),(15011,1075),(1971,1064),(2128,1142),(12570,1061),(13164,1077),(8734,1079),(15354,1099),(14180,1105),(15365,1116),(8872,1128),(12649,1133),(8347,1146),(1816,1062),(15396,1089),(12519,1103),(2281,1104),(10044,1135),(10125,1054),(8809,1141),(15253,1069),(12563,1082),(12110,1138),(15062,1048),(13251,1176),(12134,1055),(13680,1361),(10157,1149),(10027,1303),(12614,1067),(13790,1213),(15065,1071),(1963,1359),(9014,1084),(12372,1223),(2175,1090),(15165,1230),(8943,1094),(15289,1240),(12588,1148),(9064,1358),(8810,1070),(14101,1214),(14117,1215),(8324,1216),(10127,1059),(12450,1200),(8516,1201),(13667,1202),(8638,1060),(8344,1203),(15036,1204),(13032,1205),(10187,1120),(12757,1258),(8564,1259),(15223,1375),(12956,1134),(8315,1277),(2216,1278),(15117,1279),(14215,1139),(15394,1286),(10079,1287),(13890,1288),(12499,1049),(15114,1177),(8356,1178),(10011,1179),(13390,1051),(13344,1183),(1939,1184),(12405,1185),(8942,1066),(13355,1210),(9069,1211),(12924,1212),(10178,1080),(12636,1221),(8364,1222),(15351,1362),(13446,1086),(15255,1226),(2223,1227),(13822,1371),(8649,1091),(2112,1231),(15041,1232),(8882,1233),(13838,1093),(12778,1237),(13447,1238),(2114,1239),(14218,1144),(2162,1295),(15010,1363),(12050,1364),(1867,1153),(8473,1308),(15037,1309),(2156,1310),(15157,1163),(13031,1365),(8475,1366),(10025,1367),(10111,1165),(15206,1338),(12617,1339),(8557,1340),(1906,1167),(8870,1344),(10152,1345),(13175,1346),(8457,1169),(13635,1348),(8900,1349),(15044,1373),(15063,1050),(8509,1180),(15312,1181),(8407,1182),(15296,1073),(8941,1217),(13028,1218),(8644,1219),(2196,1092),(8346,1234),(15319,1235),(13575,1236),(14122,1095),(9034,1241),(2300,1242),(13759,1243),(14014,1109),(15106,1251),(8489,1252),(12426,1372),(1773,1125),(15193,1264),(8824,1265),(8573,1380),(13475,1143),(13233,1293),(13353,1294),(8484,1379),(15132,1147),(8459,1300),(15340,1301),(12029,1302),(8982,1151),(15006,1305),(13242,1306),(15242,1307),(9012,1158),(8667,1320),(15169,1321),(15182,1322),(10055,1159),(10169,1323),(15087,1324),(8308,1325),(8353,1087),(10090,1228),(8861,1229),(13084,1374),(13850,1155),(12510,1316),(15133,1317),(15192,1318),(15068,1072),(1658,1368),(15096,1369),(8303,1370),(15348,1063),(15261,1206),(2259,1207),(8499,1208),(8470,1166),(10042,1341),(2009,1342),(8874,1343),(14091,1056),(13896,1192),(13008,1193),(8395,1194),(13606,1195),(12163,1058),(8508,1196),(15160,1197),(13423,1198),(15328,1199),(1685,1097),(8430,1244),(14190,1245),(1946,1246),(10106,1247),(14235,1101),(15215,1248),(2116,1249),(12739,1250),(10191,1386),(9026,1117),(15189,1253),(12859,1254),(15318,1255),(14170,1256),(15324,1131),(14057,1272),(12898,1273),(8327,1274),(15337,1275),(13385,1154),(12031,1311),(15015,1312),(15236,1313),(9042,1314),(15203,1315),(15300,1164),(8301,1335),(8381,1336),(15127,1337),(14182,1385),(10107,1170),(8602,1350),(8993,1351),(8931,1352),(8418,1353),(13814,1171),(10049,1354),(12697,1355),(13366,1356),(12408,1357),(8401,1053),(8685,1187),(12001,1188),(9067,1189),(13153,1190),(2298,1191),(15199,1085),(8751,1224),(15089,1225),(15314,1383),(13574,1384),(12307,1121),(12248,1260),(14232,1261),(8794,1262),(13926,1381),(12648,1126),(8959,1266),(8351,1267),(13011,1268),(8535,1382),(14159,1140),(13359,1289),(2229,1290),(15322,1291),(8929,1292),(10029,1145),(8335,1296),(13208,1297),(10123,1298),(8848,1299),(15107,1161),(8319,1326),(15201,1327),(2283,1328),(13241,1329),(15110,1162),(2243,1330),(10137,1331),(10175,1333),(8312,1334),(8899,1281),(8974,1280),(2180,1282),(9010,1283),(15241,1284),(13721,1096),(10081,1114),(15076,1160),(15145,1078),(8819,1102),(15374,1115),(12051,1122),(1943,1137),(1907,1156),(14189,1157),(13927,1088),(1670,1387),(15178,1047),(12700,1175),(15162,1052),(12066,1186),(8930,1065),(13734,1209),(2273,1074),(13892,1220),(14174,1081),(12532,1360),(8702,1118),(12873,1257),(15381,1123),(13075,1263),(8984,1127),(10060,1269),(15363,1129),(8307,1270),(13923,1130),(10128,1271),(2160,1132),(12877,1276),(8572,1136),(15244,1285),(13465,1150),(2275,1304),(13686,1168),(12022,1347),(14125,1046),(10091,1172),(10116,1173),(15233,1174),(13526,1152),(8752,1376),(12247,1377),(13654,1378),(10013,1389),(1884,1390),(13794,1391),(12861,1392);

--
-- Table structure for table `team`
--

CREATE TABLE `team` (
  `name` varchar(36) NOT NULL DEFAULT '',
  `city` varchar(26) DEFAULT NULL,
  `state` varchar(26) DEFAULT NULL,
  `country` varchar(26) NOT NULL DEFAULT '',
  `class` char(2) NOT NULL DEFAULT '',
  `ala` tinyint(1) NOT NULL DEFAULT '0',
  `sponsors` varchar(255) DEFAULT NULL,
  `anecdote` mediumtext,
  `fee_paid` decimal(9,2) DEFAULT NULL,
  `online_reg` tinyint(1) NOT NULL DEFAULT '0',
  `payment_type` char(2) DEFAULT NULL,
  `time` timestamp NOT NULL DEFAULT CURRENT_TIMESTAMP,
  `username` varchar(8) DEFAULT NULL,
  `password` varchar(8) DEFAULT NULL,
  `admin_notes` varchar(255) DEFAULT NULL,
  `song_title` varchar(50) DEFAULT NULL,
  `song_artist` varchar(50) DEFAULT NULL,
  `number_of_riders` int(3) DEFAULT NULL,
  UNIQUE KEY `team_pkey` (`name`)
) ENGINE=MyISAM DEFAULT CHARSET=latin1;

--
-- Dumping data for table `team`
--

INSERT INTO `team` VALUES ('3 Ring Circus','Hoboken','NJ','USA','TO',0,NULL,NULL,NULL,0,NULL,'2014-08-07 16:05:36',NULL,NULL,NULL,NULL,NULL,4),('3rd Times a Charm','Grantham','NH','USA','DM',0,NULL,NULL,NULL,0,NULL,'2014-08-07 16:05:36',NULL,NULL,NULL,NULL,NULL,2),('A pair of old nuts','Albany','NH','USA','MD',0,NULL,NULL,NULL,0,NULL,'2014-08-07 16:05:36',NULL,NULL,NULL,NULL,NULL,2),('acidotic RACING - GREY','York','ME','USA','MS',0,NULL,NULL,NULL,0,NULL,'2014-08-07 16:05:36',NULL,NULL,NULL,NULL,NULL,4),('Acidotic Racing White','North Hampton','NH','USA','MB',0,NULL,NULL,NULL,0,NULL,'2014-08-07 16:05:36',NULL,NULL,NULL,NULL,NULL,4),('acidotic RACING-BLACK','STRAFFORD','NH','USA','MS',0,NULL,NULL,NULL,0,NULL,'2014-08-07 16:05:36',NULL,NULL,NULL,NULL,NULL,4),('acidotic RACING-GOLD','STRAFFORD','NH','USA','DM',0,NULL,NULL,NULL,0,NULL,'2014-08-07 16:05:36',NULL,NULL,NULL,NULL,NULL,2),('Afro Circus','Conway','NH','USA','5C',0,NULL,NULL,NULL,0,NULL,'2014-08-07 16:05:36',NULL,NULL,NULL,NULL,NULL,5),('Alane OConnor','Belgrade Lakes','ME','USA','WZ',0,NULL,NULL,NULL,0,NULL,'2014-08-07 16:05:36',NULL,NULL,NULL,NULL,NULL,1),('Band of Brothers','Fayette','ME','USA','MD',0,NULL,NULL,NULL,0,NULL,'2014-08-07 16:05:36',NULL,NULL,NULL,NULL,NULL,2),('Band of Gypsies','Bow','NH','USA','C5',0,NULL,NULL,NULL,0,NULL,'2014-08-07 16:05:36',NULL,NULL,NULL,NULL,NULL,5),('Ben Eck','Westford','MA','USA','MZ',0,NULL,NULL,NULL,0,NULL,'2014-08-07 16:05:36',NULL,NULL,NULL,NULL,NULL,1),('Berkshire outfitters','Adams','MA','USA','5C',0,'','',0.00,0,'','2014-08-07 16:05:36',NULL,'','','','',5),('BIKEMAN.COM','Bryant Pond','ME','USA','ME',0,NULL,NULL,NULL,0,NULL,'2014-08-07 16:05:36',NULL,NULL,NULL,NULL,NULL,4),('BikeReg.com','Easthampton','MA','USA','ME',0,NULL,NULL,NULL,0,NULL,'2014-08-07 16:05:36',NULL,NULL,NULL,NULL,NULL,4),('Brian Gruchacz','Oak Ridge','NJ','USA','MF',0,NULL,NULL,NULL,0,NULL,'2014-08-07 16:05:36',NULL,NULL,NULL,NULL,NULL,1),('Bruce Malmer','Bangor','ME','USA','MY',0,NULL,NULL,NULL,0,NULL,'2014-08-07 16:05:36',NULL,NULL,NULL,NULL,NULL,1),('Burke Mountain Academy On-Her Roll','Passumpsic','VT','USA','WS',0,NULL,NULL,NULL,0,NULL,'2014-08-07 16:05:36',NULL,NULL,NULL,NULL,NULL,4),('Cameron Fraser','Taylorsville','NC','USA','M3',0,NULL,NULL,NULL,0,NULL,'2014-08-07 16:05:36',NULL,NULL,NULL,NULL,NULL,1),('Capstone Design','norton','MA','USA','DM',0,NULL,NULL,NULL,0,NULL,'2014-08-07 16:05:36',NULL,NULL,NULL,NULL,NULL,2),('Carnies on Acidotic','STRATHAM','NH','USA','MS',0,NULL,NULL,NULL,0,NULL,'2014-08-07 16:05:36',NULL,NULL,NULL,NULL,NULL,4),('Catalina Wine Mixers','Portsmouth','NH','USA','OD',0,NULL,NULL,NULL,0,NULL,'2014-08-07 16:05:36',NULL,NULL,NULL,NULL,NULL,2),('Chris Bryant','Glastonbury','CT','USA','M3',0,NULL,NULL,NULL,0,NULL,'2014-08-07 16:05:36',NULL,NULL,NULL,NULL,NULL,1),('Christen Tipert','Danvers','MA','USA','WF',0,NULL,NULL,NULL,0,NULL,'2014-08-07 16:05:36',NULL,NULL,NULL,NULL,NULL,1),('Clark Brothers Racing','Chichester','NH','USA','ME',0,NULL,NULL,NULL,0,NULL,'2014-08-07 16:05:36',NULL,NULL,NULL,NULL,NULL,4),('Couch Nap','Waltham','MA','USA','OD',0,NULL,NULL,NULL,0,NULL,'2014-08-07 16:05:36',NULL,NULL,NULL,NULL,NULL,2),('Creature Feature','Leeds','MA','USA','WE',0,NULL,NULL,NULL,0,NULL,'2014-08-07 16:05:36',NULL,NULL,NULL,NULL,NULL,4),('Cycle-Paths','Intervale','NH','USA','MB',0,NULL,NULL,NULL,0,NULL,'2014-08-07 16:05:36',NULL,NULL,NULL,NULL,NULL,4),('Das Yachtsmen','Falmouth','ME','USA','DM',0,NULL,NULL,NULL,0,NULL,'2014-08-07 16:05:36',NULL,NULL,NULL,NULL,NULL,2),('Dave Harris','Pittsfield','NH','USA','M3',0,NULL,NULL,NULL,0,NULL,'2014-08-07 16:05:36',NULL,NULL,NULL,NULL,NULL,1),('Dave MacLeay','Rome','ME','USA','MZ',0,NULL,NULL,NULL,0,NULL,'2014-08-07 16:05:36',NULL,NULL,NULL,NULL,NULL,1),('Dave Richard','Vassalboro','ME','USA','MF',0,NULL,NULL,NULL,0,NULL,'2014-08-07 16:05:36',NULL,NULL,NULL,NULL,NULL,1),('David Jinks','Toms River','NJ','USA','TM',0,NULL,NULL,NULL,0,NULL,'2014-08-07 16:05:36',NULL,NULL,NULL,NULL,NULL,1),('Dean Poplawski','Dudley','MA','USA','MF',0,NULL,NULL,NULL,0,NULL,'2014-08-07 16:05:36',NULL,NULL,NULL,NULL,NULL,1),('Dog\'s Speed','montpelier','VT','USA','MS',0,NULL,NULL,NULL,0,NULL,'2014-08-07 16:05:36',NULL,NULL,NULL,NULL,NULL,4),('EC3','North Conway','NH','USA','DM',0,NULL,NULL,NULL,0,NULL,'2014-08-07 16:05:36',NULL,NULL,NULL,NULL,NULL,2),('Elizabeeth Bove','Woodstock','CT','USA','WF',0,NULL,NULL,NULL,0,NULL,'2014-08-07 16:05:36',NULL,NULL,NULL,NULL,NULL,1),('Eric Barnes','Buxton','ME','USA','MZ',0,NULL,NULL,NULL,0,NULL,'2014-08-07 16:05:36',NULL,NULL,NULL,NULL,NULL,1),('Family Vacation','Bethlehem','NH','USA','DC',0,'','',0.00,0,'','2014-08-07 16:05:36',NULL,'','','','',2),('Four jumbos and a bimbo','Keene','NH','USA','5C',0,NULL,NULL,NULL,0,NULL,'2014-08-07 16:05:36',NULL,NULL,NULL,NULL,NULL,5),('Freak Show','Dover','NH','USA','MS',0,NULL,NULL,NULL,0,NULL,'2014-08-07 16:05:36',NULL,NULL,NULL,NULL,NULL,4),('Friends of Notavus','still river','MA','USA','MO',0,NULL,NULL,NULL,0,NULL,'2014-08-07 16:05:36',NULL,NULL,NULL,NULL,NULL,4),('Gavin Graham','Concord','NH','USA','TJ',0,NULL,NULL,NULL,0,NULL,'2014-08-07 16:05:36',NULL,NULL,NULL,NULL,NULL,1),('Glenn Fenlason','Winslow','ME','USA','MY',0,NULL,NULL,NULL,0,NULL,'2014-08-07 16:05:36',NULL,NULL,NULL,NULL,NULL,1),('Hallback','Windham','NH','USA','DC',0,'','',0.00,0,'','2014-08-07 16:05:36',NULL,'','','','',2),('Handsome Hamstrings','Manchester','NH','USA','MS',0,NULL,NULL,NULL,0,NULL,'2014-08-07 16:05:36',NULL,NULL,NULL,NULL,NULL,4),('Hills Angels Mtb.C.','walton','NY','USA','MB',0,NULL,NULL,NULL,0,NULL,'2014-08-07 16:05:36',NULL,NULL,NULL,NULL,NULL,4),('Hysteria','West Hartford','CT','USA','MS',0,NULL,NULL,NULL,0,NULL,'2014-08-07 16:05:36',NULL,NULL,NULL,NULL,NULL,4),('Insight MRI Racing/Falls Road Veteri','Farmington','ME','USA','OD',0,NULL,NULL,NULL,0,NULL,'2014-08-07 16:05:36',NULL,NULL,NULL,NULL,NULL,2),('Involuntary Dismount','Westford','MA','USA','MB',0,NULL,NULL,NULL,0,NULL,'2014-08-07 16:05:36',NULL,NULL,NULL,NULL,NULL,4),('Jacie Richard','Vassalboro','ME','USA','TW',0,NULL,NULL,NULL,0,NULL,'2014-08-07 16:05:36',NULL,NULL,NULL,NULL,NULL,1),('Jawbone','Washington','MA','USA','C5',0,NULL,NULL,NULL,0,NULL,'2014-08-07 16:05:36',NULL,NULL,NULL,NULL,NULL,5),('Jay Dietershagen','Lansing','NY','USA','MZ',0,NULL,NULL,NULL,0,NULL,'2014-08-07 16:05:36',NULL,NULL,NULL,NULL,NULL,1),('Jeffrey Kempesta','Norwich','CT','USA','MF',0,NULL,NULL,NULL,0,NULL,'2014-08-07 16:05:36',NULL,NULL,NULL,NULL,NULL,1),('Jeffrey Palmer','Tamworth','NH','USA','MZ',0,NULL,NULL,NULL,0,NULL,'2014-08-07 16:05:36',NULL,NULL,NULL,NULL,NULL,1),('Jen\'s Team','Dover','NH','USA','C5',0,NULL,NULL,NULL,0,NULL,'2014-08-07 16:05:36',NULL,NULL,NULL,NULL,NULL,5),('Jim Graham','Concord','NH','USA','TM',0,NULL,NULL,NULL,0,NULL,'2014-08-07 16:05:36',NULL,NULL,NULL,NULL,NULL,1),('Jim Piskura','New Fairfield','CT','USA','MY',0,NULL,NULL,NULL,0,NULL,'2014-08-07 16:05:36',NULL,NULL,NULL,NULL,NULL,1),('Jim Rose','Orono','ME','USA','MY',0,NULL,NULL,NULL,0,NULL,'2014-08-07 16:05:36',NULL,NULL,NULL,NULL,NULL,1),('John Joy','Oxford','CT','USA','MF',0,NULL,NULL,NULL,0,NULL,'2014-08-07 16:05:36',NULL,NULL,NULL,NULL,NULL,1),('John Romanishin','Medford','MA','USA','MZ',0,NULL,NULL,NULL,0,NULL,'2014-08-07 16:05:36',NULL,NULL,NULL,NULL,NULL,1),('Jonathan Sawn','GRANBY','CT','USA','MZ',0,NULL,NULL,NULL,0,NULL,'2014-08-07 16:05:36',NULL,NULL,NULL,NULL,NULL,1),('jonathon dodge','Colebrook','NH','USA','MZ',0,NULL,NULL,NULL,0,NULL,'2014-08-07 16:05:36',NULL,NULL,NULL,NULL,NULL,1),('J-Squared/G-Squared','West Hartford','CT','USA','MB',0,NULL,NULL,NULL,0,NULL,'2014-08-07 16:05:36',NULL,NULL,NULL,NULL,NULL,4),('Justin Piskura','Shelton','CT','USA','MZ',0,NULL,NULL,NULL,0,NULL,'2014-08-07 16:05:36',NULL,NULL,NULL,NULL,NULL,1),('Justin Walsh','Salem','MA','USA','MZ',0,NULL,NULL,NULL,0,NULL,'2014-08-07 16:05:36',NULL,NULL,NULL,NULL,NULL,1),('Ken Gowell','South Grafton','MA','USA','MZ',0,NULL,NULL,NULL,0,NULL,'2014-08-07 16:05:36',NULL,NULL,NULL,NULL,NULL,1),('Kenneth Wiley','Claremont','NH','USA','MZ',0,NULL,NULL,NULL,0,NULL,'2014-08-07 16:05:36',NULL,NULL,NULL,NULL,NULL,1),('Kerry Combs','Beverly','MA','USA','TW',0,NULL,NULL,NULL,0,NULL,'2014-08-07 16:05:36',NULL,NULL,NULL,NULL,NULL,1),('Kevin McCranie','West Greenwich','RI','USA','TM',0,NULL,NULL,NULL,0,NULL,'2014-08-07 16:05:36',NULL,NULL,NULL,NULL,NULL,1),('Kip Clyburn','Taylorsville','NC','USA','MF',0,NULL,NULL,NULL,0,NULL,'2014-08-07 16:05:36',NULL,NULL,NULL,NULL,NULL,1),('Likin\' Bikin\'','Pittsfield','NH','USA','C5',0,NULL,NULL,NULL,0,NULL,'2014-08-07 16:05:36',NULL,NULL,NULL,NULL,NULL,5),('LuGotti','Charlestown','RI','USA','DM',0,NULL,NULL,NULL,0,NULL,'2014-08-07 16:05:36',NULL,NULL,NULL,NULL,NULL,2),('Luke Plummer','cambridge','MA','USA','MZ',0,NULL,NULL,NULL,0,NULL,'2014-08-07 16:05:36',NULL,NULL,NULL,NULL,NULL,1),('Luke, I am a sloper','Montreal','QC','Canada','ME',0,NULL,NULL,NULL,0,NULL,'2014-08-07 16:05:36',NULL,NULL,NULL,NULL,NULL,4),('Madagascar','Conway','NH','USA','5C',0,NULL,NULL,NULL,0,NULL,'2014-08-07 16:05:36',NULL,NULL,NULL,NULL,NULL,5),('Mark Vojtko','Grantham','NH','USA','TM',0,NULL,NULL,NULL,0,NULL,'2014-08-07 16:05:36',NULL,NULL,NULL,NULL,NULL,1),('Mass MTB Riders','Arlington','MA','USA','DM',0,NULL,NULL,NULL,0,NULL,'2014-08-07 16:05:36',NULL,NULL,NULL,NULL,NULL,2),('Matthew Danis','Canterbury','CT','USA','MZ',0,NULL,NULL,NULL,0,NULL,'2014-08-07 16:05:36',NULL,NULL,NULL,NULL,NULL,1),('Mime Control','Canton','MA','USA','MB',0,NULL,NULL,NULL,0,NULL,'2014-08-07 16:05:36',NULL,NULL,NULL,NULL,NULL,4),('Moat Mountain Growlers','Bartlett','NH','USA','5C',0,NULL,NULL,NULL,0,NULL,'2014-08-07 16:05:36',NULL,NULL,NULL,NULL,NULL,5),('Mud N Dirt','Newmarket','NH','USA','DM',0,NULL,NULL,NULL,0,NULL,'2014-08-07 16:05:36',NULL,NULL,NULL,NULL,NULL,2),('Nathan Reel','Nashua','NH','USA','MF',0,NULL,NULL,NULL,0,NULL,'2014-08-07 16:05:36',NULL,NULL,NULL,NULL,NULL,1),('No Excuses','roslindale','MA','USA','DM',0,NULL,NULL,NULL,0,NULL,'2014-08-07 16:05:36',NULL,NULL,NULL,NULL,NULL,2),('No Imagination','North Conway','NH','USA','DM',0,NULL,NULL,NULL,0,NULL,'2014-08-07 16:05:36',NULL,NULL,NULL,NULL,NULL,2),('Old Ducks','Lyme','NH','USA','C5',0,NULL,NULL,NULL,0,NULL,'2014-08-07 16:05:36',NULL,NULL,NULL,NULL,NULL,5),('OSG Racing','Greenland','NH','USA','DM',0,NULL,NULL,NULL,0,NULL,'2014-08-07 16:05:36',NULL,NULL,NULL,NULL,NULL,2),('Peter Collins','Lachine','QC','Canada','MF',0,NULL,NULL,NULL,0,NULL,'2014-08-07 16:05:36',NULL,NULL,NULL,NULL,NULL,1),('Pure Adrenaline','Haverhill','MA','USA','ME',0,NULL,NULL,NULL,0,NULL,'2014-08-07 16:05:36',NULL,NULL,NULL,NULL,NULL,4),('richard golden','south china','ME','USA','MY',0,NULL,NULL,NULL,0,NULL,'2014-08-07 16:05:36',NULL,NULL,NULL,NULL,NULL,1),('Riding with Pops','Montreal','QC','Canada','DM',0,NULL,NULL,NULL,0,NULL,'2014-08-07 16:05:36',NULL,NULL,NULL,NULL,NULL,2),('Rob Dutcher','Ada','MI','USA','TM',0,NULL,NULL,NULL,0,NULL,'2014-08-07 16:05:36',NULL,NULL,NULL,NULL,NULL,1),('Roni Vetter','Milford','NH','USA','WF',0,NULL,NULL,NULL,0,NULL,'2014-08-07 16:05:36',NULL,NULL,NULL,NULL,NULL,1),('Rose Bike/ Qualey Granite','Portland','ME','USA','ME',0,NULL,NULL,NULL,0,NULL,'2014-08-07 16:05:36',NULL,NULL,NULL,NULL,NULL,4),('Samsquach','Whitefield','NH','USA','5C',0,NULL,NULL,NULL,0,NULL,'2014-08-07 16:05:36',NULL,NULL,NULL,NULL,NULL,5),('Sarah Smith','Bartlett','NH','USA','WZ',0,NULL,NULL,NULL,0,NULL,'2014-08-07 16:05:36',NULL,NULL,NULL,NULL,NULL,1),('Scott Werner','Glastonbury','CT','USA','M3',0,NULL,NULL,NULL,0,NULL,'2014-08-07 16:05:36',NULL,NULL,NULL,NULL,NULL,1),('Skyline Bikers','medford','MA','USA','MB',0,NULL,NULL,NULL,0,NULL,'2014-08-07 16:05:36',NULL,NULL,NULL,NULL,NULL,4),('Sprocket Rockets','NORTH HAMPTON','NH','USA','MS',0,NULL,NULL,NULL,0,NULL,'2014-08-07 16:05:36',NULL,NULL,NULL,NULL,NULL,4),('Stan and Dan sports','Conway','NH','USA','5C',0,NULL,NULL,NULL,0,NULL,'2014-08-07 16:05:36',NULL,NULL,NULL,NULL,NULL,5),('Sven Cole','Bridgton','ME','USA','MF',0,NULL,NULL,NULL,0,NULL,'2014-08-07 16:05:36',NULL,NULL,NULL,NULL,NULL,1),('Takin\' er\' easy','Portsmouth','NH','USA','MB',0,NULL,NULL,NULL,0,NULL,'2014-08-07 16:05:36',NULL,NULL,NULL,NULL,NULL,4),('TCB','Riverside','RI','USA','OD',0,NULL,NULL,NULL,0,NULL,'2014-08-07 16:05:36',NULL,NULL,NULL,NULL,NULL,2),('Team Great Scott\'s Flux Capacitor','Amherst','NH','USA','MD',0,NULL,NULL,NULL,0,NULL,'2014-08-07 16:05:36',NULL,NULL,NULL,NULL,NULL,2),('The Alexander Buckleys','Portsmouth','NH','USA','DM',0,NULL,NULL,NULL,0,NULL,'2014-08-07 16:05:36',NULL,NULL,NULL,NULL,NULL,2),('The Cranky Boondoc JOCS','Franklin','NH','USA','MB',0,NULL,NULL,NULL,0,NULL,'2014-08-07 16:05:36',NULL,NULL,NULL,NULL,NULL,4),('the defecfters','montgomery center','VT','USA','TC',0,NULL,NULL,NULL,0,NULL,'2014-08-07 16:05:36',NULL,NULL,NULL,NULL,NULL,4),('The Expendables','Hopkinton','MA','USA','MS',0,NULL,NULL,NULL,0,NULL,'2014-08-07 16:05:36',NULL,NULL,NULL,NULL,NULL,4),('The Flying Wombats','Lyme','NH','USA','C5',0,NULL,NULL,NULL,0,NULL,'2014-08-07 16:05:36',NULL,NULL,NULL,NULL,NULL,5),('The ringmasters','Hartland','VT','USA','MO',0,NULL,NULL,NULL,0,NULL,'2014-08-07 16:05:36',NULL,NULL,NULL,NULL,NULL,4),('Tim Trotter','keene','NH','USA','TM',0,NULL,NULL,NULL,0,NULL,'2014-08-07 16:05:36',NULL,NULL,NULL,NULL,NULL,1),('Timmy Lindsey','Strafford','NH','USA','TM',0,NULL,NULL,NULL,0,NULL,'2014-08-07 16:05:36',NULL,NULL,NULL,NULL,NULL,1),('Too Legit To Quit','Milford','NH','USA','MB',0,NULL,NULL,NULL,0,NULL,'2014-08-07 16:05:36',NULL,NULL,NULL,NULL,NULL,4),('Too Legit To Quit #2','Mount Vernon','NH','USA','MB',0,NULL,NULL,NULL,0,NULL,'2014-08-07 16:05:36',NULL,NULL,NULL,NULL,NULL,4),('Tracy Gustafson','Dayville','CT','USA','TW',0,NULL,NULL,NULL,0,NULL,'2014-08-07 16:05:36',NULL,NULL,NULL,NULL,NULL,1),('Tri-City Bicycles','Rochester','NH','USA','5C',0,NULL,NULL,NULL,0,NULL,'2014-08-07 16:05:36',NULL,NULL,NULL,NULL,NULL,5),('Tri-City Bicycles! Part Deux','Rochester','NH','USA','5C',0,NULL,NULL,NULL,0,NULL,'2014-08-07 16:05:36',NULL,NULL,NULL,NULL,NULL,5),('Two Young, Two Old','Leominster','MA','USA','MS',0,NULL,NULL,NULL,0,NULL,'2014-08-07 16:05:36',NULL,NULL,NULL,NULL,NULL,4),('Underhillbillies','Underhill','VT','USA','C5',0,NULL,NULL,NULL,0,NULL,'2014-08-07 16:05:36',NULL,NULL,NULL,NULL,NULL,5),('UVM Cycling','Intervale','NH','USA','MS',0,NULL,NULL,NULL,0,NULL,'2014-08-07 16:05:36',NULL,NULL,NULL,NULL,NULL,4),('Village Sport Shop Vigor','East Burke','VT','USA','WS',0,NULL,NULL,NULL,0,NULL,'2014-08-07 16:05:36',NULL,NULL,NULL,NULL,NULL,4),('Village Sport Shop Vim','East Burke','VT','USA','MS',0,NULL,NULL,NULL,0,NULL,'2014-08-07 16:05:36',NULL,NULL,NULL,NULL,NULL,4),('Weekend Warriors','Newton','NH','USA','DM',0,NULL,NULL,NULL,0,NULL,'2014-08-07 16:05:36',NULL,NULL,NULL,NULL,NULL,2),('We\'ll Have Another','Freeport','ME','USA','MS',0,NULL,NULL,NULL,0,NULL,'2014-08-07 16:05:36',NULL,NULL,NULL,NULL,NULL,4),('Zilla Racing Team','Blandford','MA','USA','C5',0,NULL,NULL,NULL,0,NULL,'2014-08-07 16:05:36',NULL,NULL,NULL,NULL,NULL,5),('Zilla racing team 2','Portland','ME','USA','C5',0,NULL,NULL,NULL,0,NULL,'2014-08-07 16:05:36',NULL,NULL,NULL,NULL,NULL,5),('Red Jersey Cyclery','North Conwau','NH','03860','C5',0,NULL,NULL,NULL,0,NULL,'2014-08-07 17:49:45',NULL,NULL,NULL,NULL,NULL,5),('Steve Vosburgh','Jackson','NH','USA','TM',0,'','',0.00,0,'CK','2014-08-07 19:27:33','new0807','x1x5j0py','','','',1),('Mike Levine','Glen','NH','USA','MY',0,'','',0.00,0,'CK','2014-08-09 02:02:06','new0808','x1xfpB6W','','','',1),('John Gitelman','Stow','MA','USA','MY',0,'','',0.00,0,'CK','2014-08-09 02:04:59','new0808','x1xHjeyL','','','',1),('Jason Hunter','','','USA','MF',0,'','',0.00,0,'CK','2014-08-09 02:17:35','new0808','x1xkl447','','','',1),('David Charland','Hooksett','NH','USA','MY',0,'','',0.00,0,'CK','2014-08-09 02:28:17','new0808','x1xRexlA','','','',1),('Cedric Clyburn','Taylorsville','NC','USA','TJ',0,'','',0.00,0,'CK','2014-08-09 02:31:23','new0808','x1xzydrF','','','',1);

--
-- Table structure for table `team_number`
--

CREATE TABLE `team_number` (
  `bib_number` int(4) NOT NULL DEFAULT '0',
  `name` varchar(36) NOT NULL DEFAULT '',
  PRIMARY KEY (`bib_number`,`name`)
) ENGINE=MyISAM DEFAULT CHARSET=latin1;

--
-- Dumping data for table `team_number`
--

INSERT INTO `team_number` VALUES (1,'Jay Dietershagen'),(2,'Kenneth Wiley'),(3,'Dave MacLeay'),(4,'Eric Barnes'),(5,'Jeffrey Palmer'),(6,'John Romanishin'),(7,'Jonathan Sawn'),(8,'jonathon dodge'),(9,'Justin Piskura'),(10,'Justin Walsh'),(11,'Ken Gowell'),(12,'Ben Eck'),(13,'Luke Plummer'),(14,'Matthew Danis'),(15,'Chris Bryant'),(16,'Dave Harris'),(17,'Cameron Fraser'),(18,'Scott Werner'),(19,'Brian Gruchacz'),(20,'Dave Richard'),(21,'Dean Poplawski'),(22,'Jeffrey Kempesta'),(23,'John Joy'),(24,'Kip Clyburn'),(25,'Nathan Reel'),(26,'Peter Collins'),(27,'Sven Cole'),(28,'Bruce Malmer'),(29,'Glenn Fenlason'),(30,'Jim Piskura'),(31,'Jim Rose'),(32,'richard golden'),(33,'Alane OConnor'),(34,'Sarah Smith'),(35,'Christen Tipert'),(36,'Elizabeeth Bove'),(37,'Roni Vetter'),(38,'Mike Levine'),(39,'John Gitelman'),(40,'Jason Hunter'),(41,'David Charland'),(100,'A pair of old nuts'),(101,'Band of Brothers'),(102,'Team Great Scott\'s Flux Capacitor'),(103,'Catalina Wine Mixers'),(104,'Couch Nap'),(105,'Family Vacation'),(106,'Hallback'),(107,'Insight MRI Racing/Falls Road Veteri'),(108,'TCB'),(150,'Clark Brothers Racing'),(151,'BIKEMAN.COM'),(152,'BikeReg.com'),(153,'Luke, I am a sloper'),(154,'Pure Adrenaline'),(155,'Rose Bike/ Qualey Granite'),(156,'acidotic RACING - GREY'),(157,'acidotic RACING-BLACK'),(158,'Carnies on Acidotic'),(159,'Dog\'s Speed'),(160,'Freak Show'),(161,'Handsome Hamstrings'),(162,'Hysteria'),(163,'Sprocket Rockets'),(164,'The Expendables'),(165,'Two Young, Two Old'),(166,'UVM Cycling'),(167,'Village Sport Shop Vim'),(168,'We\'ll Have Another'),(169,'Acidotic Racing White'),(170,'Cycle-Paths'),(171,'Hills Angels Mtb.C.'),(172,'Involuntary Dismount'),(173,'J-Squared/G-Squared'),(174,'Mime Control'),(175,'Skyline Bikers'),(176,'Takin\' er\' easy'),(177,'The Cranky Boondoc JOCS'),(178,'Too Legit To Quit'),(179,'Too Legit To Quit #2'),(180,'Friends of Notavus'),(181,'The ringmasters'),(182,'Creature Feature'),(183,'Burke Mountain Academy On-Her Roll'),(184,'Village Sport Shop Vigor'),(185,'Band of Gypsies'),(186,'Berkshire outfitters'),(187,'Jawbone'),(188,'Jen\'s Team'),(189,'Likin\' Bikin\''),(190,'Old Ducks'),(191,'The Flying Wombats'),(192,'Underhillbillies'),(193,'Zilla Racing Team'),(194,'Zilla racing team 2'),(195,'Afro Circus'),(196,'Four jumbos and a bimbo'),(197,'Madagascar'),(198,'Moat Mountain Growlers'),(199,'Samsquach'),(200,'Stan and Dan sports'),(201,'Tri-City Bicycles'),(202,'Tri-City Bicycles! Part Deux'),(203,'Red Jersey Cyclery'),(300,'Jacie Richard'),(301,'Kerry Combs'),(302,'Tracy Gustafson'),(303,'David Jinks'),(304,'Jim Graham'),(305,'Kevin McCranie'),(306,'Mark Vojtko'),(307,'Rob Dutcher'),(308,'Tim Trotter'),(309,'Timmy Lindsey'),(310,'Gavin Graham'),(311,'Steve Vosburgh'),(312,'Cedric Clyburn'),(350,'3rd Times a Charm'),(351,'acidotic RACING-GOLD'),(352,'Capstone Design'),(353,'Das Yachtsmen'),(354,'EC3'),(355,'LuGotti'),(356,'Mass MTB Riders'),(357,'Mud N Dirt'),(358,'No Excuses'),(359,'No Imagination'),(360,'OSG Racing'),(361,'Riding with Pops'),(362,'The Alexander Buckleys'),(363,'Weekend Warriors'),(400,'3 Ring Circus'),(401,'the defecfters');


