--
-- Host: localhost    Database: grannyge_greatglen2012
-- ------------------------------------------------------


--
-- Current Database: `grannyge_greatglen2012`
--

CREATE DATABASE /*!32312 IF NOT EXISTS*/ `grannyge_greatglen2012` /*!40100 DEFAULT CHARACTER SET latin1 */;

USE `grannyge_greatglen2012`;

--
-- Table structure for table `rider`
--

CREATE TABLE `rider` (
  `uid` int(4) NOT NULL AUTO_INCREMENT,
  `team_name` varchar(36) NOT NULL DEFAULT '',
  `rank` varchar(10) NOT NULL DEFAULT '',
  `firstname` varchar(22) NOT NULL DEFAULT '',
  `lastname` varchar(15) NOT NULL DEFAULT '',
  `middleinit` char(1) DEFAULT NULL,
  `class` varchar(28) NOT NULL DEFAULT '',
  `ssn` varchar(11) DEFAULT NULL,
  `gender` char(1) NOT NULL DEFAULT '',
  `dob` date NOT NULL DEFAULT '0000-00-00',
  `addr1` varchar(64) NOT NULL DEFAULT '',
  `city` varchar(26) NOT NULL DEFAULT '',
  `state` varchar(26) DEFAULT NULL,
  `country` varchar(26) NOT NULL DEFAULT '',
  `zip` varchar(12) NOT NULL DEFAULT '',
  `email` varchar(96) DEFAULT NULL,
  `dayphone` varchar(20) DEFAULT NULL,
  `evephone` varchar(20) DEFAULT NULL,
  `a_waiver` tinyint(1) NOT NULL DEFAULT '0',
  `emergency_contact` varchar(40) DEFAULT NULL,
  `emergency_phone` varchar(20) DEFAULT NULL,
  `admin_notes` varchar(255) DEFAULT NULL,
  `t_shirt_size` varchar(20) DEFAULT NULL,
  `sponsors` varchar(255) DEFAULT NULL,
  `anecdote` mediumtext,
  PRIMARY KEY (`uid`),
  UNIQUE KEY `rider_pkey` (`uid`)
) ENGINE=MyISAM AUTO_INCREMENT=458 DEFAULT CHARSET=latin1;

--
-- Dumping data for table `rider`
--

INSERT INTO `rider` VALUES (9,'Sean McGinnis','captain','Sean','McGinnis','K','Sport','','M','1974-11-13','223 W Richardson Ave','Langhorne','PA','US','19047','seankmcginnis@gmail.com','908.745.8647','',0,'Alison McGinnis','908.230.5726','','large','',''),(439,'Raya\'s Almost Single Speed Landshark','regular','Jaz','Dowling','','Sport','','M','1993-10-23','','','','USA','','jdowling@profile.k12.nh.us','','',1,'Ian Dowling','2079345857','','medium','',''),(438,'Raya\'s Almost Single Speed Landshark','captain','Kevin','McShane','M','Sport','','M','1978-06-04','18 Willow St.','Littleton','NH','US','03561','kevinmmcshane@gmail.com','6035206155','',1,'Angela Figallo','6039912120','','blank','','I like bikes.'),(12,'Biking for Beth','captain','michele','gagnon','','Expert','','F','1966-04-19','121 alton ave','ellsworth','ME','US','04605','mgagnon@roadrunner.com','207-669-5742','',1,'peter victor','207-669-5247','received hard-copy waiver - LAK','blank','',''),(13,'Dean Poplawski','captain','Dean','Poplawski','P','Sport','','M','1971-03-01','63 Pierpont Road','Dudley','MA','US','01571','deanpop33@charter.net','508-943-9371','',1,'Katherine Poplawski','508-943-9371','','x-large','',''),(14,'Tipert, Christen','captain','Christen','Tipert','','Sport','','F','1965-07-29','10 Stafford Road','Danvers','MA','US','01923','christen.tipert@verizon.net','978-884-4629','',1,'Wally Tipert','978-265-8076','','medium','',''),(15,'Dave Richard','captain','David','Richard','T','Sport','','M','1968-12-09','35 Katie Drive','Vassalboro','ME','US','04989','cmcc@roadrunner.com','207-485-0955','',1,'Angela Richard','207-485-0956','','x-large','Central Maine Cycling Club',''),(16,'Barton, Mark','captain','Mark','Barton','A','Sport','','M','1971-01-08','P.O. Box 403','Danvers','MA','USA','01923','markbarton@gmail.com','978-985-1871','',1,'Wally Tipert','978-265-8076','','large','',''),(17,'Justin Walsh','captain','JUSTIN','WALSH','M','Beginner','','M','1979-03-25','36 English St','Salem','MA','US','01970-5206','justinwalsh.com@gmail.com','9782694179','',1,'Jean Walsh','508-361-5676','','medium','',''),(18,'McGowan, Shawn','captain','Shawn','McGowan','B','Sport','','M','1971-09-22','51 Hemlock Ct','Newfields','NH','US','03856','smcgowan@newmarketinc.com','6035024251','',0,'kelly mcgowan','603 490 5644','','large','',''),(437,'Flash 2','captain','Laurie','Fenlason','','Sport','','F','1959-02-06','793 Garland Road','Winslow','ME','US','04901','lfenlason@roadrunner.com','207-877-9844','',1,'Shirley Fenlason','207-465-2437','','small','',''),(19,'League of Extraordinary Gentlemen','captain','Eric','Servetas','M','Sport','','M','1994-04-06','11 South Watson Ln','Dover','NH','USA','03820','ems1212@gmail.com','603-742-9412','603-742-9412',1,'Wendi Servetas','603-475-2565','','medium','','I am SOOOOOOOO GOOOOOOOD!!!! It is not even funny. It hurts me how good i am you have no idea.  No Really I am not Kidding. STOP LAUGHING.....'),(20,'League of Extraordinary Gentlemen','regular','Brian','Lothrop','T','Sport','','M','1993-12-30','16 Grandview Dr.','Dover','NH','USA','03820','greenwavesoccer4@gmail.com','(603) 767-4575','(603) 767-4575',1,'Gretchen Lothrop','(603) 781-9681','','large','',''),(21,'League of Extraordinary Gentlemen','regular','Duncan','McGregor','W','Sport','','M','1993-10-13','23 Toftree Lane','Dover','NH','USA','03820','dmcgregor.nh@gmail.com','603-978-9968','603-742-2449',1,'Dave McGregor','603-767-9611','','large','',''),(22,'League of Extraordinary Gentlemen','regular','Kelly','Lothrop','M','Sport','','F','1991-06-30','16 Grandview Drive','DOVER','NH','USA','03820','klothrop@anselm.edu','6037505062','6037816227',1,'Gretchen Lothrop','6037819681','','medium','',''),(23,'League of Extraordinary Gentlemen','regular','Craig','Gosse','','Sport','','M','1994-07-03','10 Royer Ln.','Dover','NH','USA','03820','guitarcat7@comcast.net','603-749-1618','',1,'Christie Gosse','603-817-8123','','large','','I\'M THOR. HIYAAAHHHH.'),(24,'cary potter','captain','cary','potter','','Sport','','M','1963-11-30','235 east 73rd st apt 12a','ny','NY','US','10021','cnickpotter@yahoo.com','203-536-0686','',0,'christina lari','917-705-6059','','blank','',''),(25,'Rob Gauthier','captain','Robert','Gauthier','','Beginner','','M','1968-01-05','7 Paper St.','Groveton','NH','US','03582','robgrovetonemd@gmail.com','603-636-0049','',0,'Sue Gauthier','603-631-1646','','xx-large','','Looking forward to another great weekend of Fun.'),(26,'Paycheck to Paycheck','captain','Aaron','Miller','','Sport','','M','1974-12-19','17 Tenney Rd.','Goffstown','NH','US','03045','aarondanielmills@comcast.net','603.953.3070','',1,'Carol Gay','603.953.3069','','blank','',''),(27,'Paycheck to Paycheck','regular','Robert','Talmadge','L','Sport','','M','1969-07-26','51 District 5 Rd','Concord','NH','USA','03303','technoman26@comcast.net','603.848.2195','603.225.5684',1,'Leslie Talmadge','603.225.5684','','x-large','',''),(28,'Paycheck to Paycheck','regular','Scott','Denoncourt','M','Sport','','M','1971-01-16','56 Rumford Street #2','Concord','NH','USA','03301','freestylefarms@yahoo.com','603-856-4035','',1,'Yvonne Denoncourt','603-224-9660','','medium','',''),(29,'Paycheck to Paycheck','regular','Sean','Cote','','Sport','','M','1969-02-09','River Road','Westmoreland','NH','USA','03467','endoman69@msn.com','8023766600','6033998352',1,'Cindi Cote','6033998352','','large','',''),(30,'Dan Kindstrand','captain','Daniel','Kindstrand','','Beginner','','M','1967-01-30','71 Messenger Street #726','Plainville','MA','USA','02762','dkindstrand@irco.com','781-708-3626','',1,'Jocelyn Kindstrand','508-369-1087','','large','Kryptonite',''),(31,'Shields, Gregg','captain','Gregg','Shields','A','Sport','','M','1985-10-12','25 Main Street','Errol','NH','US','03579','bikerfreak42@gmail.com','603-482-7777','',0,'Jamie Woodward','603-482-7777','','medium','',''),(32,'do you have any more snacks?','captain','Leah','Pappas-Barnes','','Sport','','F','1979-10-24','67 Massachusetts Ave','Arlington','MA','US','02474','leahpb@gmail.com','6174604804','',1,'George Pappas','7816468788','','small','',''),(33,'do you have any more snacks?','regular','Justin','Cox','','Sport','','M','1976-02-23','2a Village Lane','Peterborough','NH','USA','03458','justin_aw_cox@yahoo.com','6172590269','',1,'Stacey Luoma','6179906342','','large','',''),(34,'Clark Brothers Racing','captain','Kevin','Como','M','Sport','','M','1972-07-20','43 Connemara Dr.','Chichester','NH','US','03258','kevinmcomo@gmail.com','603-731-4374','',1,'Joanne Como','603-731-9377','','large','',''),(35,'Clark Brothers Racing','regular','Taylor','Clark','','Sport','','M','1975-03-04','71 Ring Road','Pittsfield','NH','USA','03260','tayloreclark@myfairpoint.net','603.848.8225','603.848.8225',1,'Carrie Clark','603.848.8225','','large','',''),(36,'Clark Brothers Racing','regular','Kyle','Clark','','Sport','','M','1986-01-20','28 River Rd.','Pittsfield','NH','USA','03263','KClark@Metrocast.net','603-234-7863','603-435-7578',1,'Richard Clark','603.234.7873','','medium','',''),(37,'Clark Brothers Racing','regular','Anthony','Catauro','F','Sport','','M','1972-06-06','53 colbath rd','Barnstead','NH','USA','03225','catauro@yahoo.com','603-219-4368','603-269-0164',1,'melissa catauro','603 269-0164','','large','',''),(38,'Mason Racing-Masters','captain','Mark','Vojtko','','Sport','','M','1961-11-07','475 Miller Pond Road','Grantham','NH','US','03753','mvojtko48@gmail.com','6036677333','',1,'Sarah Foulkes','603-493-8417','','medium','Mason Racing\r\nBell Lap Coaching',''),(39,'Mason Racing-Masters','regular','Kiel','Gosselin','','Expert','','M','1967-09-07','46 School St.','Lebanon','NH','USA','03766','cm4446@gmail.com','603-359-5973','',1,'Priscilla Gosselin','603-448-2423','','medium','Mason Racing, Briko, Shimano, Louis Garneau',''),(40,'Mason Racing-Masters','regular','Geoff','McIntosh','','Expert','','M','1966-05-01','1 Quail Ridge','Concord','NH','USA','03301','Gomcintosh@gmail.com','617-866-0515','',1,'Carrie Blair','603-498-9773','','blank','',''),(41,'Mason Racing-Masters','regular','Brian','High house','','Expert','','M','1966-03-08','96 under hill road','Meriden','NH','USA','03770','Brian.highhouse@valley.net','','603-469-3648',1,'Paulette Buchholz','603469-3648','','medium','Mason racing',''),(42,'Bill Jason','captain','Bill','Jason','','Pro','','M','1969-02-26','8 Rock Ridge Drive','Winslow','ME','US','04901','jasons4@roadrunner.com','207-877-8850','',1,'Kathy Jason','207-649-4845','','small','Central Maine Cycling Club/Mathieu\'s Cycle',''),(43,'Zilla Racing','captain','Kevin','Learned','W','Sport','','M','1962-01-05','88-B Congamond Road','Southwick','MA','US','01077','adrenalin1962@gmail.com','413-998-3192','',1,'Linda Muldrew','413-237-4257','','medium','','I\'m the old guy of the group...team name...grampszilla'),(44,'Zilla Racing','regular','Jacob','Lemme','','Sport','','M','1991-01-16','43 Munson  Street','Greenfield','MA','USA','01301','lemmejacob@gmail.com','413-522-8795','',1,'Bonnie Lemme','413-848-2770','','medium','','CollegeBuddyZilla'),(45,'Zilla Racing','regular','Aaron','LaBrecque','','Sport','','M','1977-10-04','49 North Street','Blandford','MA','USA','01008','ajl@wca.com','413-569-4445','413-848-0171',1,'Mandy LaBrecque','413-848-0171','','medium','','ebayzilla'),(46,'Zilla Racing','regular','Kyle','Blanchette','','Sport','','M','1993-01-15','4 Birch Hill Road','Blandford','MA','USA','01008','skateboardkyle@verizon.net','413-848-2770','',1,'Mark Blanchette','413-848-2770','','medium','','scooterzilla'),(48,'Skyline Bikers 2','captain','Mark','Flaherty','','Beginner','','M','1983-02-17','10 dole place','west newbury','MA','US','01985','furbs_33@yahoo.com','2037335887','',1,'ann brophy','978-979-3354','','medium','',''),(49,'Skyline Bikers 2','regular','Nathan','Reel','','Beginner','','M','1973-05-26','68 Dunbarton Drive','Nashua','NH','USA','03063','ncreel1@comcast.net','6035896094','',1,'Christine','6035575164','','large','',''),(50,'Skyline Bikers 2','regular','Patrick','Brophy','','Beginner','','M','1980-02-07','23 Orchard St','Medford','MA','USA','02155','brophy.patrick@gmail.com','9785052911','',1,'Christine','6035575164','','blank','',''),(51,'Skyline Bikers 2','regular','Flynn','Griffith','','Beginner','','M','1958-01-01','P.O. Box 3021','Elkins','WV','USA','26241','griffofelk@gmail.com','','',1,'Rebecca Wallace','843-812-0831','','blank','',''),(52,'Alan Cunningham','captain','Alan','Cunningham','','Beginner','','M','1952-04-23','457 Cushman Road','Winslow','ME','US','04901','cunningham7500@roadrunner.com','2078729208','',1,'Gayle','1-207-692-6616','','large','Central Maine Cycling Club/Mathieu\'s Cycle and Fitness',''),(53,'CT Cranksters','captain','Sue','Lackman','H','Sport','','F','1978-01-27','88 Ruby Rd','Willington','CT','USA','06279','chicaandinista@gmail.com','8602501199','',1,'Mike Lackman','8602506901','','small','',''),(54,'CT Cranksters','regular','Garth','Charland','A','Sport','','M','1966-02-06','979 Main Street','Watertown','CT','USA','06795','waycoolmg@gmail.com','8604847076','',1,'Teresa Charland','2022333427','','large','',''),(55,'CT Cranksters','regular','Richard','Hale','','Sport','','M','1965-02-13','17 Buckskin Heights Dr.','Danbury','CT','USA','06811','rich.hale21365@gmail.com','203-744-9651','',1,'Raymond FitzGerald','2039481863','','x-large','','Advanced level mountain biker, riding since 1999, just started racing last year. Also just got certified for scuba diving but hoping I won\'t need those skills for this race.'),(56,'CT Cranksters','regular','Katie','Joly','A','Sport','','F','1977-11-08','24 Keeney Lane','New London','CT','USA','06320','katiejoly@yahoo.com','','860-306-5826',1,'Steven Joly','860-884-3438','','small','',''),(57,'CT Cranksters','regular','Steven','Joly','M','Sport','','M','1982-05-26','24 Keeney Lane','New London','CT','USA','06320','stevejoly@yahoo.com','860-884-3438','',1,'Katie Joly','860-306-5826','','medium','',''),(58,'Crank the Zank','captain','Mike','Zanconato','','Sport','','M','1976-09-27','201 8 Lots Road','Sutton','MA','USA','01590','mikez@zanconato.com','508-340-0343','508-340-0343',1,'Rebecca Zanconato','508-450-9031','','large','Zanconato Custom Cycles',''),(59,'Crank the Zank','regular','Rebecca','Zanconato','','Beginner','','F','1976-05-10','201 Eight Lots Rd','Sutton','MA','USA','01590','rebecca@zanconato.com','508-450-9031','508-450-9031',1,'Mike Zanconato','508-340-0343','','small','Zanconato Custom Cycles',''),(60,'Crank the Zank','regular','Kerry','Combs','','Sport','','F','1961-08-11','6 Hoover Ave','Beverly','MA','USA','01915','kcombs2@gmail.com','617-413-3489','617-413-3489',1,'Patricia Combs','203-484-0255','','medium','',''),(61,'Crank the Zank','regular','Greg','Koch','','Sport','','M','1964-11-25','99 Channing Rd','Watertown','MA','USA','02472','gkoch98@gmail.com','314-369-5590','314-369-5590',1,'Sue Niemeier','314-378-5222','','large','',''),(62,'Crank the Zank','regular','Tony','Velleco','','Sport','','M','1969-07-24','4 Doane Street','Marblehead','MA','USA','01945','tony@evogroup.com','781.631.2208','781.631.2208',1,'Melanie Velleco','781.864.9149','','large','',''),(63,'Chris Bryant','captain','chris','Bryant','w','Beginner','','M','1973-11-21','1131 d new brtian ave','west hartford','CT','US','06110','misfitcrash@gmail.com','860-884-5056','',1,'brenda bryant','860-884-3009','','large','hammer nurtrition\r\nracquet koop\r\nMisfits','2nd 24hr of great glenn\r\n2x Ironman Finisher\r\n13x Marathon Finisher'),(64,'Rami El Rayess','captain','Rami','Rayess','E','Sport','','M','1978-03-09','22 Huckleberry Lane','Hampton','NH','US','03842','relrayess@gmail.com','6039696474','',0,'Michelle Roycroft','6038422885','','large','',''),(65,'Top Gun','captain','Stephen','Bentley','L','Sport','','M','1968-09-21','6 Woburn Street','Coventry','RI','US','02816','bent206@yahoo.com','401-996-8228','',1,'Amy Flynn','401-487-5629','','large','','Goose'),(66,'Top Gun','regular','Mike','Saunders','','Sport','','M','1980-06-13','634 Elmdale Rd','North Scituate','RI','USA','02857','mrsaunders80@yahoo.com','401-330-8093','',1,'Lucy Saunders','401-569-7384','','large','Ray Ban, Kawasaki','Maverick'),(67,'Top Gun','regular','Shane','Kirkland','R','Sport','','M','1967-10-26','195 Old Flat River Road','Coventry','RI','USA','02816','dskirkland@verizon.net','401-626-7427','',1,'Dawn Kirkland','401-241-6910','','large','','Hollywood'),(68,'Top Gun','regular','Phil','Potter','J','Sport','','M','1969-10-12','55 lake dr','W.Greenwich','RI','USA','02817','ppotter123@verizon.net','4013307015','',1,'Stacy Lafazia','4015365359','','medium','','Iceman'),(69,'Bar Harbor Bike/Precision Endurance','captain','Michael','Daubenspeck','J','Beginner','','M','1979-04-11','84 Duprey Road','North Conway','NH','US','03860','mike@daubenspeck.org','603-986-3534','',1,'Kelly Evans','617-833-2124','','large','Peaks Coaching Group, CCB Racing, Precision Endurance, Bar Harbor Bike Shop',''),(70,'Bar Harbor Bike/Precision Endurance','regular','sam','karush','','Expert','','M','1972-04-08','16 blake rd','orrington','ME','USA','04474','sam@karush.us','2074618486','',1,'carl karush','2074229014','','large','Bar Harbor bicycle shop in bar harbor, maine.  Precision Endurance.',''),(71,'Sucker Punch','captain','Bryan','Dupuis','','Sport','','M','1980-01-10','712 Park Pl','Raynham','MA','US','02767','dupuis116@hotmail.com','7742813104','',1,'Linda Dupuis','5085916070','','large','',''),(72,'Sucker Punch','regular','Benjamin','Cleveland','','Sport','','M','1985-10-04','11 East Street, Unit R','North Grafton','MA','USA','01536','clevelandbc@gmail.com','774-200-8922','',1,'Cathryn Bedard','774-253-2381','','large','',''),(73,'Sucker Punch','regular','Erik','Sojka','S','Sport','021625386','M','1971-07-06','526 Estherbrook Ave','Dighton','MA','USA','02715','esojka@yahoo.com','5089773826','',1,'Jackie Sojka','7746447999','','x-large','',''),(74,'Sucker Punch','regular','John','Creedon','J','Sport','','M','1979-02-17','161 South st','Bridgewater','MA','USA','02324','jcreedon4@gmail.com','508-654-0379','',1,'Gina Hoover','617-780-9932','','medium','',''),(75,'The Toxic Avengers','captain','lynn','samartano','','Sport','','F','1968-01-05','28 ringgold st','providence','RI','US','02903','mjs_gti@yahoo.com','401-206-9694','',1,'lynn','401 203 9667','','small','none','once radio active, now has special powers.'),(76,'The Toxic Avengers','regular','michael','samartano','j','Sport','','M','1968-05-01','28 ringgold st unit #3','providence','RI','USA','02903','mjs_gti@yahoo.com','401-737-5251','401-203-9667',1,'lynn','401-203-9667','','medium','','Never radio active, now lynn\'s bitch.'),(77,'The Toxic Avengers','regular','Tamara','Wong','L','Beginner','','F','1981-03-20','PO BoX 6552','Providence','RI','USA','02940','tamara.lynn.wong@gmail.com','774-365-0951','',1,'Rick Legault','401-359-1650','','large','',''),(78,'The Toxic Avengers','regular','Ricky','Legault','S','Sport','','M','1968-06-10','13 River Rd','Sterling','CT','USA','06377','ricardowacko@live.com','4013591650','',1,'Tamara Wong','7743650951','','large','',''),(79,'The Toxic Avengers','regular','Steve','Joyce','','Sport','','M','1975-06-10','444 Highland Ave','Attleboro','MA','USA','02703','sjoyce19@yahoo.com','5082126834','5082126834',1,'Nancy Joyce','5082120695','','large','',''),(81,'Weekend Warriors','captain','Nicholas','III','D','Beginner','','M','1980-05-07','29 Williamine Dr','Newton','NH','US','03858','nickdegruttola@yahoo.com','6033827467','',1,'Heather DeGruttola','6039782550','','large','',''),(82,'Weekend Warriors','regular','Daniel','Bastien','T','Sport','','M','1975-06-09','28 Dustin Homestead','Rochester','NH','USA','03867','dbastien75@aol.com','603 332-5181','',1,'Lynne Bastien','603 973-6481','','large','Pampers, Tums, RedHook','I have been coming here for six years and have done the solo and team thing.  I am looking forward to seeing my son race the 24 minutes of GG and sleeping in on Sunday.  I wanted to call our team \"Men in Tights\" but was overruled.'),(83,'Biff! Bang! Pow!','captain','Alan!','Winsor!','W','Sport','','M','1958-04-30','79 Henry Brown Rd','W Greenwich','RI','US','02817','alanwinsor@cox.net','401.864.3581','',1,'Sharon Maguire','401.451.4325','','blank','',''),(84,'Biff! Bang! Pow!','regular','David!','Bettridge!','','Sport','','M','1966-01-01','5 Vincent St.','Providence','RI','USA','02908','tzed250@notwrite.com','4013456029','',1,'Brook Long (wife)','4019527008','','medium','',''),(85,'Biff! Bang! Pow!','regular','Peter','Avitable','','Sport','','M','1981-04-17','725 Branch Ave','Providence','RI','USA','02903','peteravitable@gmail.com','518-212-7677','',1,'elizabeth avitable','518-479-3278','','medium','',''),(86,'Biff! Bang! Pow!','regular','Nancy','Joyce','E','Sport','','F','1974-02-01','444 highland ave','Attleboro','MA','USA','02703','njoyce25@yahoo.com','508-212-0695','',1,'Steve Joyce','508-212-6834','','medium','',''),(87,'Biff! Bang! Pow!','regular','SCOTT!','HAWKINS!','','Sport','','M','1970-02-28','158 Regina Drive','West Greenwich','RI','USA','02817','s-hawk@msn.com','401-301-2929','',1,'Jennifer Hawkins','401-301-3939','','xx-large','Still waiting for offers.',''),(88,'Bonnie and Clyde of Mason Racing','captain','Scott','Contois','R','Sport','','M','1976-09-25','Po Box 1016','Lempster','NH','US','03605','scottcboy76@yahoo.com','603-504-2872','',1,'Lynne Contois','603-504-2516','','medium','Mason Racing',''),(89,'Bonnie and Clyde of Mason Racing','regular','Kelly','Dolan','A','Expert','','F','1977-12-30','994 Route 5 South #2','Fairlee','VT','USA','05405','laybackrock@hotmail.com','5082430520','',1,'Jessica Londa','8027852434','','small','',''),(90,'More Oxygen Please','captain','AJ','Shattuck','','Beginner','','M','1976-06-29','405 Piscassic Street','Newmarket','NH','US','03857','shattuck.aj@gmail.com','6036749310','',1,'A.J. Shattuck','6036749310','','x-large','',''),(91,'More Oxygen Please','regular','Sherrie','Trefry','','Beginner','','F','1978-09-09','44 Pinecrest Lane','Dover','NH','USA','03820','sherrie.trefry@gmail.com','603-380-5017','',1,'Ian Trefrey','603-380-5017','','blank','',''),(92,'Can\'t Say No','captain','Glenn','Belongie','M','Sport','','M','1969-05-08','PO Box 508','Montgomery Center','VT','US','05471','gbelongie@gmail.com','508-254-4668','',1,'Glenn Belongie','508-254-4668','','x-large','',''),(93,'Can\'t Say No','regular','Elizabeth','Lyster','','Sport','','F','1971-03-04','17 Doon Road','Underhill','VT','USA','05489','lyster.elizabeth@gmail.com','802-578-8593','',1,'Brian Lyster','802-730-4203','','small','',''),(94,'Can\'t Say No','regular','Erik','Schutz','','Sport','','M','1971-09-20','PO Box 236','Brownsville','VT','USA','05037','e_schutz@yahoo.com','802-952-9745','',1,'Shannon Schutz','802-952-9745','','large','',''),(95,'Can\'t Say No','regular','Bill','Downing','','Sport','','M','1964-05-03','141 N.Windhorst Avenue','Bethpage','NY','USA','11714','billdowning33@gmail.com','516-353-0442','',1,'Glenn Belongie','508-254-4668','','large','',''),(96,'Can\'t Say No','regular','Steffan','Bond','','Sport','','M','1981-04-25','1o West st','Lebanon','NH','USA','03766','steffanbond@gmail.com','508-254-4668','',1,'Glenn Belongie','508-254-4668','','large','',''),(97,'Two Wheeled Mafia','captain','john','maleski','k','Sport','','M','1968-10-13','279 north village road','loudon','NH','US','03307','jkmmxzx@comcast.net','603-219-3424','',1,'Katy Maleski','603-219-3424','','x-large','Two Wheeled Mafia, Revolution Cyclery','I am an avid cyclist who enjoys road and mountain biking'),(98,'Two Wheeled Mafia','regular','ben','floyd','a','Sport','','M','1961-11-11','223 crossmill rd','northfield','NH','USA','03276','bafloyd@metrocast.net','603 966-7796','',1,'susan floyd','603 966-7797','','large','',''),(101,'Pull My Finger','captain','Glenn','Banning','O','Sport','','M','1972-02-10','10 Ash Lane','New Milford','CT','US','06776','glennban@charter.net','203-948-1172','',1,'Lisa Banning','860-799-7097','','large','',''),(102,'Pull My Finger','regular','Jim \"The Badger\"','Piskura','','Sport','','M','1961-05-05','85 Rt. 39','New Fairfield','CT','USA','06812','kidkahuna@aol.com','203 746-1180','',1,'Lorraine Piskura','203 948-3702','','x-large','Lorraine Burio DMD\r\nNew Fairfield Motel\r\nLucrative Building Properties, Inc.','2010 National Barefoot Waterski Champion Men\'s 4 Division.'),(103,'Pull My Finger','regular','Justin \"Badass\"','Piskura','','Sport','','M','1987-03-07','83 cottage ave unit G1','Ansonia','CT','USA','06401','j.piskura@yahoo.com','(203)224-0249','',1,'Janelle nutley','(203)906-6684','','medium','',''),(104,'Pull My Finger','regular','Mike \"Chappy\"','Chapleau','','Sport','','M','1971-12-16','196 Middle River Road','Danbury','CT','USA','06811','mfchappy@sbcglobal.net','203-434-8711','203-794-1715',1,'Rosanna Chapleau','203-794-1715','','medium','Stage 1/fusionTHINK\r\nCannondlale\r\nCastelli\r\nMaxxis\r\nGU',''),(105,'True Steam','captain','David','Hanlon','A','Sport','','M','1984-12-29','4 Brays Ln.','Amherst','NH','US','03031','davehanlon222@gmail.com','6038014864','',1,'Christina Zlotnick','6038016003','','medium','',''),(106,'True Steam','regular','Adam','Zlotnick','','Sport','','M','1968-03-27','4 Brays Ln.','Amherst','NH','USA','03031','watt50k@gmail.com','6033185294','',1,'Christina Zlotnick','6038016003','','medium','',''),(107,'Skyline Bikers 1','captain','Ann','Brophy','','Sport','','F','1978-01-20','43 Orchard St','Medford','MA','US','02155','brophyamb@gmail.com','9789793354','',1,'Margo Brophy','9783371664','','small','',''),(108,'Skyline Bikers 1','regular','Sarah','Schlaack','S','Sport','','F','1973-03-06','PO Box 760','Hillsboro','NH','USA','03244','sarahsue73@yahoo.com','603-831-0341','603-831-0341',1,'Brigit Ryan-Souza','315-422-5787','','medium','',''),(109,'Skyline Bikers 1','regular','Stephanie','Manners','A','Sport','','F','1969-02-17','50 Longview Circle','Pelham','NH','USA','03076','stephaniem@lifeisgood.com','603-505-2328','',1,'Sean Manners','508-269-4041','','small','',''),(110,'Skyline Bikers 1','regular','Kathleen','Deck','T','Sport','','F','1974-01-31','53 Dunbarton dr','Nashua','NH','USA','03063','Kathleen1808@gmail.com','6037180753','',1,'Margo Brophy','978-337-1664','','small','',''),(434,'Two Wheeled Mafia 2','captain','Bill','Milsop','','Sport','','M','1940-01-01','longwoods rd','Deering','NH','US','03307','jkmmxzx@comcast.net','6034645337','',1,'carla milsop','6034645337','','large','',''),(111,'Krug, Christopher','captain','Christopher','Krug','J','Pro','','M','1971-05-05','PO Box 1501','North Conway','NH','US','03860','hardwaterkiter@gmail.com','6039872784','',1,'Molly Savard','603 387 1732','','medium','Chris Krug\'s Hardwater Kiting and Eastside Bike Guides.\r\n\r\nwww.hardwaterkiting.com  www.eastsidebikeguides.com','I love to ride bikes and love to fly kites.  I\'m  trained and certified to instruct and guide both and I love teaching people how to have fun! Eeking out a modest living doing both but better to be poor and happy than making money and miserable.'),(112,'8:30 from Feng','captain','John','Naples','','Sport','','M','1970-01-01','7 Parker Ave','Cohasset','MA','US','02025','jmnaples@gmail.com','781-249-7001','',1,'Katie Naples','781-640-3432','','medium','The Fraternal Order of OompaLoompas.  The Creative Duct Tape Users Cooperative.','Heavily recruited by 8:30 from Feng after his hugely successful year with Team PE but according to other inside sources rumor has it he was cut to make space for the new rising star T. Mattey ...  \r\nStengths ... Big wheel racing background  \r\nWeakness ... prone to crash, bike maintenance and many more ...'),(113,'8:30 from Feng','regular','Alex','Gadbois','','Sport','','M','1968-11-23','16 Rocky Point Dr','Bow','NH','USA','03304','agadbois@gmail.com','603-568-3561','',1,'Kristin Gadbois','603-228-3729','','large','Canadian Royal Mounted Cavalry,  Birckenstock','Lumberjack by day.  Barefoot Ninja by night, unless I\'m wearing sandals.'),(114,'8:30 from Feng','regular','Peter','Ragone','','Sport','','M','1964-06-16','131 South St','Hingham','MA','USA','02043','peterragone@netscape.net','781-710-5526','',1,'Heidi Ragone','781-749-5504','','blank','Guiness, Wang Computer, Digital','Works to ride, but doesn\'t ride to work in sandals.\r\nStrengths: 14\' legs.\r\nWeaknesses: Spaghetti Westerns'),(115,'8:30 from Feng','regular','Chris','Julian','','Sport','','M','1962-10-28','14 Parker Ave','Cohasset','MA','USA','02025','chris@juliancrane.com','617-839-3193','',1,'Amory Julian','781-799-4027','','large','SETI,  NASA and the Dalai Lama Spirit of the Open Toe Meditation Race Group','I graduated from college in 1986 (barely) and spent the next 8 years tracking Bigfoot in the Olypus Range of Northwest Washington State.  After that it was off to Crocodile Wrestling in the Outback.  Strength is my mind\'s inability to recognize pain, fatigue or even myself.  Weakness is a fear of the dark and sandals.  Thank God I don\'t have to ride at night in sandals!'),(116,'Pineapple Express','captain','General Bill','Mattey','','Sport','','M','1969-08-31','51 Ledgewood Drive','Cohasset','MA','US','02025','wmattey@comcast.net','617-462-4434','',1,'Becky Mattey','617-750-4725','','large','Spacely Sprockets, B3 , Bag Balm, PE1','NJ to NY to FL to MA, at first.  First to \"stumble\" upon PE1...\r\nSecret identity: green latern\r\nStrengths: rides like he is on a motorcycle.\r\nWeakness: Delusionally  thinks he is riding a motorcycle and Rittersport.'),(117,'Pineapple Express','regular','Jason','Catlender','','Sport','','M','1973-08-19','232 Beaver Dam Rd','Scituate','MA','USA','02066','Jason_Catlender@yahoo.com','617-694-3009','',1,'Katie Catlender','617-694-0168','','medium','Four Loko, Girls Gone Wild, B3','Secret identity: B.A. Barackus, I pity the fool who thinks he can keep up when his motor is running.  Once swam across the Atlantic while pulling a shipment of little yellow rubber ducks. Ducks were lost in a bluefish blitz near Block Island, RI.\r\nStrengths: rides slicks at Mach speed on slick terrain, helmet or not.\r\nWeakness: little purple wild flowers.'),(118,'Pineapple Express','regular','Tom','Mattey','','Sport','','M','1970-12-10','85 Cranbury Rd','Princeton Junction','NJ','USA','08550','matteyt@comcast.net','917-373-6178','',1,'Katie Mattey','917-767-2940','','large','Single and a Double Racing, B3, Captain Morgan 151 Rum','Born a small white boy. Attended Catholic school, in college I was an all American on the USA Keg team. Married with kids now so I\'m not a virgin any more. Like to ride, fish and ski in any order. Secret identity: It is not a secret, he is this near mythical creature can best be summed up by this independent voice: \" He went by the name of Homer. Seven feet tall he was, with arms like tree trunks. His eyes were like steel: cold, hard. Had a shock of hair, red, like the fires of hell.\"\r\nWeakness: A cold  Zima'),(119,'Pineapple Express','regular','Jason','Cameron','','Sport','','M','1972-02-07','445 Tilden Road','Scituate','MA','USA','02066','jasonrichardcameron@gmail.com','617-529-2569','',1,'Tracy Cameron','617-283-5525','','medium','Outside In, B3, Death Row Records','Secret identity is the Flash, can bench press 462 3/8 lbs, once caught a shark bare handed, then ate it raw. Strengths: fearless, speed, 6-pack abs. \r\nWeaknesses: The Wiggles'),(120,'Larsen, Jeremy','captain','Jeremy','Larsen','','Expert','','M','1974-08-25','PO Box 3715','Alpine','WY','US','83128','mtnale@aol.com','307-654-7669','',0,'Niki Milleson','801-419-4536','','large','Dr. Niki Milleson\r\nKoyo Restaurant\r\nRose Bike',''),(435,'Two Wheeled Mafia 2','regular','Tom','Colby','','Sport','','M','1947-01-01','howard st','hillsboro','NH','USA','03244','','6034785668','',1,'jenna colby','6034785668','','x-large','',''),(121,'HRRT/Specialized','captain','J','Wozniak','','Sport','','M','1977-05-07','139 Shaker rd','Albany','NY','USA','12211','Deerintheheadlights@rocketmail.com','518-258-0001','',1,'Stacy Herron','518-461-5881','','large','',''),(122,'HRRT/Specialized','regular','Peter','Weybright','R','Sport','','M','1994-09-26','7 Brenner Ridge Rd','Pleasant Valley','NY','USA','12569','pweybright@earthlink.net','8454712552','8454712552',1,'Bob Weybright','8454712552','received hard-copy waiver from Bob Weybright 3/11/12','medium','HRRT - Heather Rizzi Race Team\r\nSpecialized\r\nPlaine and Son Ski and Bike Warehouse\r\nBroadway Bicycle',''),(123,'HRRT/Specialized','regular','Andrew','Rizzi','D','Sport','','M','1981-02-22','2227 story ave','Niskayuna','NY','USA','12309','arizzi5@yahoo.com','518-421-0319','',1,'Maureen Rizzi','518-783-1093','','large','Plaines and Son\r\nBroadway Bike Co\r\nSpecialized\r\nNonna\'s kitchen and Childcare',''),(124,'HRRT/Specialized','regular','Jason','Stilson','','Sport','','M','1983-03-17','1901 state street','schenectady','NY','USA','12304','stilsonjason@gmail.com','518-847-6859','',1,'Debbie stilson','518-393-4052','','large','HRRT/ Specialized','Im a single, fun loving guy that like totake long walks...\r\nwhat? oh wait, not THAT kind of bio?!  \r\nIm a roadie pretending to be a mountain biker'),(436,'Flash','captain','Glenn','Fenlason','','Pro','','M','1956-10-07','793 Garland Rd','Winslow','ME','US','04901','gfenlason@roadrunner.com','207-877-9844','',1,'Shirley Fenlason','207-465-2437','','medium','',''),(126,'Papa and the Four Bears','captain','denny','lyster','','Sport','','M','1942-11-14','1552 north hill road','westfield','VT','US','05874','dlyster@hughes.net','8027446839','',1,'Carolyn Lyster','8027446839','','large','',''),(127,'Papa and the Four Bears','regular','Avery','Ellis','','Sport','','F','1998-12-24','1372 Mountain Road','Montgomery Center','VT','USA','05471','mary@firsttrax.net','8023263180','',1,'Mary Ellis','8023263180','','small','',''),(128,'Papa and the Four Bears','regular','Mary','Ellis','','Sport','','F','1969-10-10','1372 Mountain Road','Montgomery Center','VT','USA','05471','mary@firsttrax.net','8023263180','',1,'Don Ellis','8023263180','','medium','',''),(129,'Papa and the Four Bears','regular','Don','Ellis','','Sport','','M','1967-06-05','1372 Mountain Road','Montgomery Center','VT','USA','05471','mary@firsttrax.net','8023263180','',1,'Mary Ellis','8023263180','','large','',''),(130,'Papa and the Four Bears','regular','Brian','Lyster','','Sport','','M','1970-10-23','17 Doon Road','Underhill','VT','USA','05489','bplyster@gmail.com','8028992749','',1,'Elizabeth Lyster','8028992749','','x-large','',''),(131,'Bliss, Burt','captain','Burt','Bliss','J','Sport','','M','1973-03-12','298 Swift Road','Whitinsville','MA','US','01588','bscjbt@aol.com','508-234-3780','',1,'Sheryl Bliss','774-293-0725','','x-large','','Third 24 HOGG!'),(132,'Bliss, Casey','captain','Casey','Bliss','C','Sport','','M','1991-02-10','298 Swift Road','Whitinsville','MA','USA','01588','bliss.casey@gmail.com','508-234-3780','',1,'Sheryl Bliss','774-293-0725','','large','','Third 24 HOGG!'),(136,'The Cereal Killers','captain','Richard','Matthes','T','Sport','','M','1969-04-02','69 Sunset Road','Portsmouth','NH','US','03801','richmatthes@me.com','603-373-8074','',1,'Jennifer Matthes','603-498-8343','','medium','Papa Wheelies Bike Shop','“Sometimes struggles are exactly what we need in our life. If we were to go through life without any obstacles, we would be crippled. We would not be as strong as we could have been. Give every opportunity a chance. Leave no room for regrets.â€'),(137,'Contra Baggers','captain','Patrick','Phillips','G','Pro','','M','1952-12-12','1710 N. Nelson St.','Arlington','VA','US','22207','patphillips52@gmail.com','703 835 7933','',1,'Hilary Phillips','703 244 6817','','large','',''),(138,'Contra Baggers','regular','Jay','Pelletier','','Sport','','M','1974-10-22','1420 Bayshire Lane','Herndon','VA','USA','20170','jsails1974@yahoo.com','571-970-8831','',1,'Erin Pelletier','240-899-3371','','medium','SSWD','My 12th 24hrs of GG, despite moving down to VA in 2001 we have still managed to keep coming back!'),(139,'Contra Baggers','regular','Erik','Steudle','','Expert','','M','1980-05-30','2333 Brookmoor Ln','Woodbridge','VA','USA','22191','steudlee@gmail.com','8105421349','8105421349',1,'Susana Steudle','8105421339','','large','Sponsors would be really nice.........','Aspiring pro.................'),(140,'Contra Baggers','regular','Devin','Teagan','','Sport','','M','1986-02-18','617 park ave','Hoboken','NJ','USA','07030','Dfteagan@gmail.com','2156010859','',1,'Erin Pelletier','2408993371','','medium','LinkedIn',''),(141,'Chris Meier','captain','Christopher','Meier','T','Sport','','M','1972-11-05','2935 White Mountain Hwy','North Conway','NH','US','03860','ctmeier@gmail.com','617-840-0853','',1,'Jenny Meier','781-858-9688','','large','Cooper Cargill Chant',''),(142,'Kokopelli Inn beats Irene','captain','Martin','Bursaw','','Sport','','M','1963-01-26','PO box 198','killington','VT','US','05751','castrolmartin@aol.com','603-217-7988','',1,'Babara Huhn','802-236-8913','received hard-copy wiaver 7/11','x-large','Kokopelli Inn\r\nWindward petroleum','I have done 24 hours of adreniline a few years ago and placed 2nd in the 2 person team at 24 hours of allamuchy in 2001. I am riding with a personal motivation driven by the Storm Irene and honoring all the victims including myself in Vermont!!!'),(143,'The Tuckermen','captain','Joseph','St Peter','P','Sport','','M','1969-02-02','42 Cedar Street','Presque Isle','ME','US','04769','joseph_st.peter@yahoo.com','(207) 540-3531','',0,'Karla Good','(207) 754-3151','','medium','',''),(144,'The Tuckermen','regular','Edmund','Therrien','','Sport','','M','1968-02-06','21 Blake Street','Presque Isle','ME','USA','04769','edmundtherrien@unitedinsurance.net','(207) 551-2048','(207) 764-8160',1,'Julie French','(207) 764-8160','','large','',''),(145,'A Reason To Smile','captain','Nathan','Mascolino','','Sport','','M','1979-10-18','335 Deer Run Heights','Jeffersonville','VT','US','05464','nathanm@vhv.com','802-598-4985','',1,'Erin Mascolino','802-324-1803','','large','',''),(146,'A Reason To Smile','regular','Rachael','Mascolino','','Sport','','F','1980-05-02','335 Deer Run Heights','Jeffersonville','VT','USA','05464','rachaelvw@gmail.com','802-238-0625','',1,'Erin Mascolino','802-324-1803','','small','',''),(147,'Jinks, David','captain','David','Jinks','','Sport','','M','1968-12-26','359 Flaam','Toms River','NJ','US','08753','Dajjinks@aol.com','732-288-0415','',1,'Jo Ann Jinks','732-312-7086','','blank','',''),(148,'Crofton, Tom','captain','Thomas','Crofton','V','Sport','','M','1968-05-18','23 Maple Court','Flemington','NJ','US','08822','tommyc23@gmail.com','908-782-1203','',1,'Heather Gonzalez','908-514-5066','','large','',''),(149,'Cadre Racing','captain','Jeff','Carlson','','Sport','','M','1974-03-05','49 magnolia dr.','Rocky Point','NY','US','11778','carlsonmech@optimum.net','6315665045','',1,'Jeff Carlson','6315665045','','medium','Something Wicked Events',''),(150,'Cadre Racing','regular','Randy','Larrison','','Sport','','M','1969-10-24','6 Taurgo Ln','Centereach','NY','USA','11720','randy.larrison@gmail.com','6317064187','',1,'Lynn Larrison','6317064197','','medium','www.SomethingWickedEvents.com','Shoogs.'),(151,'Cadre Racing','regular','Jodah','Mazur','M','Sport','','M','1974-01-16','82 Curtis Drive','Sound Beach','NY','USA','11789','jody.mazur@gmail.com','631.786.8708','',1,'Fred Mazur','631.689.2775','','medium','Something Wicked Events LLC\r\nhttp://www.somethingwickedevents.com','i like.'),(152,'Cadre Racing','regular','Chad','Chaumont','','Sport','','M','1970-05-05','754 The Alameda #2305','San Jose','CA','USA','95126','chad.chaumont@gmail.com','415-350-6060','',1,'Kelly','(631) 473-4139','','large','',''),(153,'aR-BLACK','captain','STEVE','WOLFE','','Sport','','M','1964-06-10','3 WILDCAT FALLS ROAD','MERRIMACK','NH','USA','03054','wolfe2000@gmail.com','603.424.9850','',1,'DEB WOLFE','603.930.0568','','medium','',''),(154,'aR-BLACK','regular','KEVIN','TILTON','','Sport','','M','1982-01-07','PO BOX 2624','NORTH CONWAY','NH','USA','03860','kltilton1@gmail.com','603-340-0476','',1,'JESS','603-340-0476','','medium','',''),(155,'aR-BLACK','regular','Brayden','Dunn','J','Sport','','M','1993-06-13','43 Cross Road','Strafford','NH','USA','03884','braydenjdunn@gmail.com','603 3355627','',1,'Karen Dunn','603 978 3790','','large','',''),(156,'aR-BLACK','regular','Scott','Mason','','Sport','','M','1957-12-04','80 Oakdale Street','Warwick','RI','USA','02888','injuryprone@mac.com','401-808-0326','401-808-0326',1,'Elizabeth Mason','401-789--1002','','large','',''),(157,'aR-GOLD','captain','JAY','CURRY','','Sport','','M','1968-11-09','105 LAKEVIEW AVENUE','LYNN','MA','USA','01904','mtnbk71@aol.com','781-258-5756','',1,'Colleen Greeley','781-598-0775','','medium','',''),(158,'aR-GOLD','regular','Brian','Wade','','Sport','','M','1978-12-29','2 Cottage Lane','Rollinsford','NH','USA','NH','Portscityfire@yahoo.com','603-608-8932','',1,'Susan Wade','603-608-9324','','large','',''),(159,'aR-GOLD','regular','Dave','Merkt','','Sport','','M','1983-11-11','139 Oakland St','Manchester','CT','USA','06042','davidic01@yahoo.com','8607296649','8607296649',1,'Cheryl Merkt','8607493409','','medium','',''),(160,'aR-GOLD','regular','Timothy','Lindsey','C','Sport','','M','1971-10-10','671 2nd Crown Point Rd','Strafford','NH','USA','03884-6206','fenwayfan@metrocast.net','6038342856','6039059409',1,'Gianina T Lindsey','6039691723','','medium','Fit Werx',''),(161,'aR_GREY','captain','CHRIS','DUNN','J','Sport','','M','1968-11-09','43 CROSS ROAD','STRAFFORD','NH','USA','03884','acidoticRACING@hotmail.com','6039785924','',1,'KAREN','6033355627','','large','',''),(162,'aR_GREY','regular','Andrew','Corrow','J','Sport','','M','1966-09-10','139 Durham Point Road','Durham','NH','USA','03824','andrew_corrow@yahoo.com','603-397-9267','603-397-5313',1,'Martha Mower','603-969-3400','','medium','',''),(163,'aR_GREY','regular','Kurt','Hansbury','','Sport','','M','1973-07-30','PO Box 1335','York Harbor','ME','USA','03911','Hansburyfamily@yahoo.com','207 604 2014','',1,'Kainne Hansbury','508 294 7392','','large','','Just returning to the sport of mountain biking.  I am really excited for the 24HOGG.'),(164,'aR_GREY','regular','Ri','Fahnestock','U','Sport','','M','1979-02-20','13 Forest St','Exeter','NH','USA','03833','gobolder@gmail.com','603-866-1268','',1,'florencia prado','936-537-6551','','large','',''),(165,'Superkittenzzz','captain','Emily','Smith','E','Beginner','','F','1986-08-09','81 Pearson Avenue','Somerville','MA','US','02144','em.eliz.smith@gmail.com','818-782-8454','',1,'Greg Whitney','908-578-2688','','small','',''),(166,'Superkittenzzz','regular','Lily','Richeson','A','Sport','','F','1987-07-10','87 Sedgwick St. Apt. 1','Jamaica Plain','MA','USA','02130','inertialily@gmail.com','8139289575','8139289575',1,'Hope Richeson','8139204872','','small','',''),(167,'Superkittenzzz','regular','Cindy','Brennan','','Beginner','','F','1981-04-27','58 Glen Rd #2','Boston','MA','USA','02130','cynthiakbrennan@gmail.com','6176370737','',1,'Charlie','85754923178','','small','',''),(168,'Superkittenzzz','regular','Starr','Walker','','Sport','','F','1985-03-07','81 Pearson Ave.','Somerville','MA','USA','02144','starrwalker@gmail.com','8044265988','',1,'Andy Huff','7817992597','','small','',''),(169,'Reservoir Dogs','captain','Jason','Gallaway','','Beginner','','M','1970-10-07','24 Fernbrook','West Hartford','CT','US','06107','jason.gallaway@thehartford.com','860-922-1021','',1,'Melissa Gallaway','860-680-1041','','x-large','None','Experienced runner/trail racer.  Mountain biking for for 3 years, First race and first 24 hour biking event.'),(170,'Reservoir Dogs','regular','Jonathan','Sawn','','Beginner','','M','1987-05-04','5 Rushford Meade','GRANBY','CT','USA','06035','snoskier16@gmail.com','8607121075','8607121075',1,'Kerensa Gallaway','8609786283','','medium','','An avid mountain biker that has been taking competition a little less seriously in the past couple of years, I am enjoying trying different types of events other than XC races so this will be an adventure!'),(171,'Reservoir Dogs','regular','Geoffrey','Sinatro','C','Beginner','','M','1982-03-23','20 Evergreen Trail','Farmington','CT','USA','06032','geoffrey.sinatro@gmail.com','8604163022','8694163022',1,'Neal Sinatro','8604165073','','medium','',''),(172,'Reservoir Dogs','regular','David','Gallaway','R','Beginner','','M','1969-02-13','238 Ratlum rd','New Hartford','CT','USA','06057','djgallaway@sbcglobal.net','860-738-9396','',1,'Jennifer','860-738-9396','','small','',''),(173,'Serious Cycles','captain','Kevin','Dahlen','','Sport','','M','1983-11-24','1500 Tremont St','Duxbury','MA','US','02332','Kevin@dahlenco.com','6176882200','',1,'Shawn Dahlen','781-706-4433','refunded $116 for changing class from 24 mens pair to 12 mens pair','large','',''),(174,'Serious Cycles','regular','Tadd','Clelland','','Sport','','M','1973-08-15','349 Franklin St','Duxbury','','USA','02332','TClelland@compassonthebay.com','781-389-5490','',1,'Cara Clelland','508-572-2816','','medium','',''),(175,'Pinnacle Pair','captain','brian','currier','j','Expert','','M','1970-01-24','10 2nd street','newport','NH','US','03773','brian@team-pinnacle.org','6038637678','',1,'stefanee currier','6038637678','','medium','',''),(176,'Pinnacle Pair','regular','Tyler','Currier','','Sport','','M','1997-10-08','10 2nd street','newport','NH','USA','03773','brian15currier@gmail.com','6038637678','',1,'stefanee currier','6038637678','FAXED WAIVER 5/31','medium','',''),(177,'JawBone','captain','Heather','Steinhour','','Expert','','F','1980-03-02','PO Box 146','Montgomery Center','VT','US','05471','hsteinhour@yahoo.com','8023262043','',1,'Matt Thomas','4134464435','','small','Arcadian Shop',''),(178,'JawBone','regular','Matt','Thomas','','Sport','','M','1971-06-11','301 Frost Road','Washington','MA','USA','01223','mattthomas301@yahoo.com','4134464435','',1,'Heather','8028811653','','large','Arcadian Shop',''),(179,'JawBone','regular','Craig','Schneider','E','Sport','','M','1956-04-27','569 Irish Settlement Rd','Underhill','VT','USA','05489','craig.schneider@mpltrees.com','802 899-5832','',1,'Kathy Schneider','802 899-5832','','medium','',''),(180,'JawBone','regular','Dave','Boyce','','Sport','','M','1961-12-19','56 Spadina PKWY','Pittsfield','MA','USA','01201','daveboyce56@gmail.com','413-441-4636','',1,'Darlene Boyce','413-441-3423','','large','Arcadian Shop',''),(181,'JawBone','regular','Matt','Giardina','','Sport','','M','1987-05-30','213 Burke Ave','Pittsfield','MA','USA','01201','giardina87@gmail.com','4134947459','4132126109',1,'Nancy Giardina','4134992144','','medium','Arcadian Shop','University of Arizona Cycling Team 2008-2010'),(182,'JayYoungs','captain','Jackson','Young','K','Beginner','','M','2002-12-17','94 Wilderness Rd','Jay','VT','USA','05859','mpyoung@comcast.net','802-988-4465','',1,'Chris Young','802-673-9277','','small','',''),(183,'JayYoungs','regular','Callie','Young','C','Beginner','','F','2000-03-13','94 Wilderness Rd','Jay','VT','USA','05859','mpyoung@comcast.net','802-988-4465','',1,'Chris Young','802-673-9277','','small','',''),(184,'JayYoungs','regular','Meredith','Young','P','Sport','','F','1970-07-27','94 Wilderness Rd','Jay','VT','USA','05859','mpyoung@comcast.net','802-988-4465','',1,'Chris Young','802-673-9277','','medium','',''),(185,'JayYoungs','regular','Chris','Young','','Sport','','M','1970-03-24','94 wilderness rd','Jay','VT','USA','05859','mpyoung@comcast.net','802 988 4465','',1,'Jackie Young','802-766-2622','','x-large','',''),(186,'aR-CLASSIC','captain','Kevin','Burt','','Beginner','','M','1968-06-16','33 Stepping Stone Rd.','Lee','NH','US','03861','24hogg@cyburt.com','603-303-0416','',1,'Holly Burt','603-659-5542','','large','',''),(187,'aR-CLASSIC','regular','Keith','Baker','','Sport','','M','1972-10-18','3 Wedgewood Drive','Dover','NH','USA','03820','bakerkeith@comcast.net','6039739415','',1,'Dawn Pomerleau','603-767-6822','','large','',''),(188,'aR-CLASSIC','regular','Landon','Burt','J','Sport','','M','1996-04-29','33 Stepping Stone Rd.','Lee','NH','USA','03861','24hogglandon@cyburt.com','603-659-5542','',1,'Holly Burt','603-659-5542','hard copy waiver received by fax','large','',''),(189,'aR-CLASSIC','regular','Connor','Fitzhenry','','Beginner','','M','1996-07-28','25 Ffrost','Durham','NH','USA','03824','connor103@alive.com','','',1,'','','','xx-large','',''),(190,'K2','captain','Kelly','Piche','D','Beginner','','F','1979-05-06','817 Back Mountain Road','Goffstown','NH','US','03045','kellydpiche@gmail.com','6177217453','',1,'Joseph Aubin','6177751962','','small','',''),(191,'K2','regular','Ken','Gowell','','Beginner','','M','1979-03-07','380 Great Road, B210','Acton','MA','USA','01720','kengowell@gmail.com','6176998892','',1,'Kathy Ridley','2073758740','','medium','',''),(192,'Nelson, Erik','captain','Erik','Nelson','','Expert','','M','1970-06-09','PO Box 721','Intervale','NH','US','03845','jenerik512@roadrunner.com','603-724-4497','',1,'Jen Nelson','603-662-6257','','large','',''),(193,'Laracy, M','captain','Michael','Laracy','','Sport','','M','1970-02-19','PO Box 1414','North Conway','NH','US','03860','Michael.laracy@rapidinsightinc.com','603 662 5483','',0,'Victoria Laracy','603 662 5482','','x-large','',''),(194,'Pinnacle Dynamic Duo','captain','Andrew','Mumford','','Sport','','M','1983-10-18','1297 Stoney brook rd','Grantham','NH','US','03753','andrew.mumford@hypertherm.com','8022330842','',1,'Alison Mumford','9788524272','','large','Claremont Cycle Depot',''),(195,'Pinnacle Dynamic Duo','regular','Austin','Davis','','Sport','','M','1971-08-05','22 Cornish Turnpike','Newport','NH','USA','03773','crazyaxlecat@yahoo.com','6038633375','',1,'Breanna Davis','6038633375','','large','Claremont Cycle Depot',''),(196,'Hurtbox','captain','David','Hatch','','Sport','','M','1973-03-28','26 Friar Lane','Cumberland','ME','US','04021','dhhatch@gmail.com','2072334760','',1,'Katherine Kingston','2072330556','','medium','',''),(197,'Hurtbox','regular','Scott','Townsend','','Sport','','M','1974-03-05','Acorn Ln','Scarborough','ME','USA','04074','scott@higginsbeachmaine.com','12072520720','',1,'Sunny Townsend','207-749-3477','','large','',''),(198,'Hurtbox','regular','Bill','Moreno','','Sport','','M','1968-10-24','5 Craig Drive','Gorham','ME','USA','04038','wcmoreno24@gmail.com','2078385744','',1,'Mary Moreno','2072151620','','large','',''),(199,'Hurtbox','regular','David','Allen','','Sport','','M','1975-07-19','41 Allen Road','East Sebago','ME','USA','04029','davidalle757@yahoo.com','7817602750','',1,'Richard Allen','207 787 2355','','x-large','',''),(200,'Con Queso','captain','Christopher','Davis','','Beginner','','M','1975-08-31','23 Burnham St','Somerville','MA','US','02144','davis04@gmail.com','7604732809','',1,'Erin Link','7023211942','','medium','',''),(201,'Con Queso','regular','Adam','Wagner','','Beginner','','M','1980-06-14','96 Langdon Ave #2','Watertown','MA','USA','02472','wagner.adam@gmail.com','508-889-6535','',1,'Amanda Wagner','857-498-0770','','large','',''),(202,'Con Queso','regular','Javier','Ochoa-Reparaz','','Beginner','','M','1975-05-13','49 Summer St Apt 3B','Arlington','MA','USA','02474','jochrep@gmail.com','603-443-1045','',1,'Emily Colgate','805-245-0564','','medium','',''),(203,'Con Queso','regular','Blair','Morad','','Beginner','','M','1975-11-09','49 Bartlett Ave','Belmont','MA','USA','02478','blair.baggins@gmail.com','617-335-2852','',1,'Karen Morad','609-865-5957','','x-large','',''),(204,'Brian Johnston','captain','Brian','Johnston','','Sport','','M','1975-07-27','147 Dandiview Road','North Conway','NH','US','03860','brainjohnston@yahoo.com','603-986-5256','',1,'Anna Johnston','603 986-7123','','medium','',''),(205,'Hustlin\' Honeys','captain','Lauren','McMullen','','Beginner','','F','1986-11-19','4 Pine Acres','Amherst','NH','US','03031','lauren.mcmullen09@gmail.com','6039665085','',1,'Kevin McMullen','603-672-2639','','small','',''),(206,'Hustlin\' Honeys','regular','Caroline','Peddle','','Beginner','','F','1987-01-11','43 Academy Court','Bedminster','NJ','USA','07921','caroline.peddle@gmail.com','8567454956','',1,'Jason Peddle','609-955-1828','','medium','',''),(207,'Hustlin\' Honeys','regular','KK','Gregory','','Beginner','','F','1983-05-23','61 Brave Boat Harbor Rd','Kittery Point','ME','USA','03905','kk@wristies.com','603-740-9800','',1,'Andrew Greer','804-350-1004','','small','',''),(208,'Hustlin\' Honeys','regular','unregistered','rider','','Sport','','F','2012-01-01','','','','USA','','','','',0,'','','','blank','',''),(209,'Scargill, Brian','captain','Brian','Scargill','A','Sport','','M','1968-04-23','46 Laurelcrest Dr','Brookline','NH','US','03033','Scargill.brian@gmail.com','603-305-6680','',1,'Melanie Scargill','603-732-3718','','medium','',''),(210,'Mason Racing','captain','Sarah','Foulkes','E','Sport','','F','1975-11-08','475 Miller Pond Road','Grantham','NH','US','03753','sefoulkes@gmail.com','603-493-8417','',1,'Mark Vojtko','603-667-7333','','small','',''),(211,'Mason Racing','regular','Janet','Proctor','','Sport','','F','1956-06-12','PO Box 5','Enfield Center','NH','USA','03749','janproctor@comcast.net','603-632-7083','',1,'Jimmy Proctor','603-632-7083','','small','',''),(386,'Los Gallos Furiosos','captain','Joseph','ruston','','Sport','','M','1974-04-03','77 tibbetts Hill rd','goffstown','NH','US','03045','jruston@comcast.net','603 943 2303','',1,'Jessica Ruston','603 943 2003','','medium','Eastern Mountain Sports',''),(214,'Clifford Memorial Team','captain','Kevin','Brown','','Sport','','M','1960-01-13','621 rolling hills dr','Fairfield','CT','US','06824','Kfb621@optonline.net','203-258-2709','',1,'Michele brown','203-258-2709','','x-large','',''),(215,'Clifford Memorial Team','regular','james','caissy','','Sport','','M','1959-11-09','1903 burr street','fairfield','CT','USA','06824','jcaissy@stratforddevelopment.com','2034103666','2032555571',1,'laura caissy','2034181207','','large','',''),(216,'Clifford Memorial Team','regular','Bill','Schofield','','Sport','','M','1957-11-02','25 Poor House Road','Newtown','CT','USA','06470','wschofield1554@charter.net','203.470.1191','',1,'Laura Schofield','203.232.7495','hard-copy waiver 7-4-12','medium','',''),(217,'Clifford Memorial Team','regular','Damien','Kessler','','Sport','','M','1969-05-19','720 Redding Road','Redding','CT','USA','06896','essfit@aol.com','203-938-3633','',1,'Melissa Kessler','203-240-3129','','medium','',''),(218,'Saddle Pains','captain','Allen','Albee','C','Beginner','','M','1982-12-07','10 Buttonwood Rd.','South Berwick','ME','US','03908','Allen_Albee@hotmail.com','6033875112','',1,'Christine Albee','6035692586','','large','Philbrick\'s Sports',''),(219,'Saddle Pains','regular','Bryan','Frank','E','Sport','','M','1986-08-08','9 Elkins Hill Road','Andover','NH','USA','03216','Fast_Ed102@hotmail.com','1-603-397-9038','1-603-397-9038',1,'Caitlin Barden','1-603-397-7289','','medium','',''),(220,'Saddle Pains','regular','Matt','Cardin','','Beginner','','M','1983-07-01','202 Raliegh Way','Portsmouth','NH','USA','03801','mr.cardin@gmail.com','603-765-2968','',1,'Melissa Videria','508-294-4292','','large','',''),(221,'Saddle Pains','regular','Michael','Curry','A','Sport','','M','1940-11-07','1094 Woodbury Ave','Portsmouth','NH','USA','03801','michaelandrewcurry@gmail.com','9788770171','',1,'Heather Ballestero','6037653107','','medium','',''),(222,'Saddle Pains','regular','Jason','Peddle','T','Beginner','','M','1987-07-17','43 Academy Ct','Bedminster','NJ','USA','07921','Jason.Peddle@gmail.com','6099551828','',1,'Caroline Robinson','8567454956','','large','',''),(223,'The Avengers','captain','Luke \'The Hulk\'','Plummer','','Sport','','M','1992-04-26','51 Jenks st.','Amherst','MA','US','01002','lukulele@mit.edu','6175289853','',1,'Wendy Plummer','4132537149','','medium','Massachusetts Institute of Technology',''),(224,'The Avengers','regular','Tom \'Iron Man\'','Burrow','','Sport','','M','1991-02-21','55 Woodlot rd.','Amherst','MA','USA','01002','tburrow@mit.edu','(413) 345-5189','',1,'Ali Burrow','413-256-4676','','medium','Massachusetts Institute of Technology',''),(225,'The Avengers','regular','Tyler \'Thor\'s Hammer\'','Samson','','Expert','','M','1993-04-09','68 Old Stage Rd','West Hatfield','MA','USA','01088','samsont16@gmail.com','413-230-1422','',1,'Bob Samson','413-230-1422','','large','Notch Mechanical Constructors',''),(226,'The Avengers','regular','John \'Romanoff\'','Romanishin','','Sport','','M','1988-09-28','407 Memorial Drive','Cambridge','MA','USA','02139','johnrom@mit.edu','(405) 413-8058','',1,'William Romanishin','405-329-8253','','large','MIT',''),(227,'THE DEFECTERS','captain','gary','wetherbee','l','Sport','','M','1952-06-20','box 491','montgomery center','VT','US','05471','flyskibike@fairpoint.net','8023262009','',1,'bill wetherbee','8022386342','','x-large','',''),(228,'THE DEFECTERS','regular','Nelson','Mayhew','','Sport','','M','1952-11-13','Box 681','Montgomery Center','VT','USA','05471','','802=673-6853','',1,'Kyle Mayhew','802-895-4520','','x-large','',''),(229,'THE DEFECTERS','regular','Karen','Cegalis','','Sport','','F','1970-03-13','Box 804','Montgomery Center','VT','USA','05471','','802-933-1272','',1,'Nelson Mayhew','802-673-6853','','medium','',''),(230,'THE DEFECTERS','regular','Chantal','Leger','','Sport','','F','1978-06-06','586 St. Madeleane','Montreal','QC','CANADA','83K2K9','','514-672-4271','',1,'Trish McKensie','514-772-3638','','blank','',''),(231,'THE DEFECTERS','regular','Andrew','Barranco','','Sport','','M','1987-03-06','1 Amadon Rd','Montgomery Center','VT','USA','05471','','302-745-7254','',1,'Marty Lumbra','802-326-4400','','blank','',''),(232,'Lame Ducks','captain','Scott','Barthold','','Sport','','M','1956-11-26','121 Pinnacle Rd','Lyme','NH','US','03768','scott@snomatic.com','603-795-2900','',1,'Joan Barthold','603-795-2900','','large','',''),(233,'Lame Ducks','regular','Michael','Sparks','','Sport','','M','1962-09-08','121 Pinnacle Rd','Lyme','NH','USA','03768','scott@snomatic.com','603-795-4490','',1,'Joan Barthold','603-795-2900','','medium','',''),(234,'Lame Ducks','regular','Kristina','Fjeld','','Sport','','F','1967-11-20','121 Pinnacle Rd','Lyme','NH','USA','03768','scott@snomatic.com','6037952900','6037952900',1,'Joan Barthold','6037952900','','medium','',''),(235,'Lame Ducks','regular','Preston','Kelsey','','Sport','','M','1993-02-23','121 Pinnacle Rd','Lyme','NH','USA','03768','scott@snomatic.com','6037952900','6037952900',1,'Joan Barthold','6037952900','','blank','',''),(236,'Lame Ducks','regular','Chris','Aubin','','Sport','','M','1981-09-18','121 Pinnacle Rd','Lyme','NH','USA','03768','scott@snomatic.com','6037952900','6037952900',1,'Joan Barthold','6034960625','','large','',''),(237,'More Hours = More Fun','captain','Benjamin','Stockwell','W','Beginner','','M','1983-02-20','227 Seneca Dr','Noank','CT','US','06340','bstockwe@gmail.com','207-504-7042','',1,'Lauren Stockwell','207-633-4417','','x-large','',''),(238,'More Hours = More Fun','regular','Ted','Kusnierz','','Sport','','M','1985-12-31','111 Lantern Hill Rd','Mystic','CT','USA','06355','tkusnierz3@gmail.com','5183211220','',1,'Todd Kusnierz','5187448964','','large','',''),(239,'More Hours = More Fun','regular','Josh','Harwell','','Sport','','M','1973-10-18','692 Cow Hill rd.','Mystic','CT','USA','06355','harwell.josh@yahoo.com','8604601364','',1,'Jean Diem','860 535 4097','','large','',''),(240,'More Hours = More Fun','regular','Will','Repsher','','Beginner','','M','1981-10-13','30 Judson Ave','Mystic','CT','USA','06355','wrepsher@gmail.com','814-360-7986','',1,'Penny Repsher','814-404-1564','','large','',''),(241,'Nancy Clark','captain','Nancy','Clark','','Beginner','','F','1963-09-13','P.O. Box 797','Intervale','NH','US','03845','nancy@glengroup.com','603-356-9885','',1,'Rob Clark','603-986-5221','','medium','',''),(242,'Screaming Eagles','captain','Camden','Clark','D','Sport','','M','1997-04-29','P.O. Box 797','Intervale','NH','USA','03845','nancy@glengroup.com','603-387-9139','603-356-9885',1,'Rob Clark','603-986-5221','','large','',''),(243,'Screaming Eagles','regular','Donavan','Spalding','','Sport','','M','1997-02-05','PO Box 302','Jasckson','NH','USA','03846','','','',1,'Lori Kinsey','603-387-4561','','medium','',''),(244,'Pete & Gerry\'s Organic Chicks','captain','Joanna','Boisseau','D','Expert','','F','1980-07-15','371 West Farm Rd','Bethlehem','NH','USA','03574','jdboisseau@gmail.com','(802) 274-9422','',1,'Gabe Boisseau','(802)274-9422','','blank','Pete and Gerry\'s Organic Eggs','Mom of two kids under 3 and loves to ride her bike!'),(245,'Pete & Gerry\'s Organic Chicks','regular','Melanie','Harkless','','Expert','','F','1977-07-19','15 Easy Street','Littleton','NH','USA','03561','melaniejane19@gmail.com','603-236-9401','',1,'dave harkless','603-616-6995','','small','Littleton Bike and Fitness',''),(246,'Pete & Gerry\'s Organic Chicks','regular','Martha','Wilson','B','Sport','','F','1971-07-20','223 Twin Mountain Road','Whitefield','NH','USA','03598','marthaw@hughes.net','6036169289','',1,'Matt Wilson','6037143298','','small','Team Alpine Clinic',''),(247,'Pete & Gerry\'s Organic Chicks','regular','Jenny','Johnson','','Expert','','F','1979-07-26','','Easton','NH','USA','','runjen79@gmail.com','603-838-5534','603-616-6880',1,'Sam Brown','603-616-6880','','small','',''),(248,'fear of the dark','captain','Dave','Harris','','Pro','','M','1964-03-27','157 Governors Rd','Pittsfield','NH','US','03263','hrrsdvd@aol.com','6035485509','',1,'David Harris','6035485509','','medium','',''),(249,'Moriah Harris','captain','Moriah','Harris','','Sport','','F','1998-07-31','157 Governors Rd','Pittsfield','NH','US','03263','hrrsdvd@aol.com','6035485509','',1,'David Harris','6035485509','','small','',''),(250,'Half Fast Redux','captain','Eric','Barnes','','Pro','','M','1976-03-24','8 Manor Way','Buxton','ME','US','04093','ebarnes3@roadrunner.com','2079292662','',1,'Karen Barnes','2074675223','','large','Charlotte & Jacob','Going on too many years of this!'),(251,'Half Fast Redux','regular','Robert','Picard','','Sport','','M','1976-09-29','51 Olde Birch Lane','Portland','ME','USA','04103','picard328@hotmail.com','2074504710','',1,'Tara Picard','2073293432','','x-large','Kason','The \"new\" guy.'),(252,'Half Fast Redux','regular','Mike','Servetas','','Sport','','M','1940-01-01','11 South Watson Lane','Dover','NH','USA','03820','servetas@comcast.net','6034751368','',1,'Wendy Servetas','6034751368','','large','Steph and Eric','The father figure...'),(253,'Half Fast Redux','regular','Dave','Charland','','Sport','','M','1960-03-01','4 Morgan Drive','Hooksett','NH','USA','03106','dakchar@comcast.net','','6033401598',1,'Sheila Charland','6033401598','','x-large','',''),(254,'Rose Bike','captain','Angus','Rose','','Expert','','M','1988-05-06','16 Fairview ST','Portland','ME','US','04102','angusrose88@gmail.com','2078521057','',1,'Laurie Carpenter','2078527532','','medium','',''),(255,'Rose Bike','regular','Jim','Rose','E','Sport','','M','1961-04-28','9 Pine St','Orono','ME','USA','04473','oldelectrolux@yahoo.com','2078663525','',1,'Karen Francoeur','2078661234','','medium','','I enjoy toast, vegetables, and antique vacuum cleaners.'),(256,'Rose Bike','regular','Jeremy','Larsen','','Expert','','M','1974-08-25','690 Sunset Dr','Alpine','WY','USA','83128','mtnale@aol.com','307-654-7669','801-419-3757',1,'Niki','801-419-4536','','large','Rose Bike',''),(257,'Rose Bike','regular','Adam','Bland','','Sport','','M','1985-07-09','105 main st','Orono','ME','USA','04473','adam.bland@maine.edu','480-343-9057','',1,'Amanda SAcks','917-863-5744','','medium','',''),(258,'Hartford Wanderers','captain','Timothy','Schulken','','Sport','','M','1966-11-05','56 Greenhurst Rd','West Hartford','CT','US','06107','tschulken@gmail.com','8605614913','',1,'Carolyn Schulken','860-655-4783','','large','',''),(259,'Hartford Wanderers','regular','Kirk','Paluska','','Sport','','M','1968-04-08','284 Tall Timbers Rd','Glastonbury','CT','USA','06033','KPaluska@cox.net','(860) 995-8198','',1,'Kirsten Paluska','860-430-1366','','x-large','',''),(395,'Bruce Deming','captain','Bruce','Deming','S','Sport','','M','1956-12-19','3001 North Second Street','Arlington','VA','US','22201','bruce@brucedeming.com','703-447-0267','',1,'Clay Deming','703-201-9120','','medium','National Capital Velo Club / United Healthcare',''),(262,'Last Call?','captain','Tim','Venora','','Sport','','M','1963-10-03','75 Bonny View Rd','West Hartford','CT','USA','06107','tvenora@comcast.net','(860) 250-7557','',1,'Laurie Venora','860-250-2660','','large','',''),(263,'Last Call?','regular','Pete','Fabbri','','Sport','','M','1961-03-20','8 Crosshill Rd','West Hartford','CT','USA','06107','pfabbri@comcast.net','860-604-4838','',1,'Laurie Venora','860-250-2660','','large','',''),(264,'Last Call?','regular','John','Hollerbach','','Sport','','M','1966-05-15','50 Smallwood Rd','Westy Hartford','CT','USA','06107','john@creativerec.com','(860) 305-7994','',1,'Tracey Hollerbach','(860) 561-5035','','x-large','',''),(265,'Last Call?','regular','unregistered','rider','','Sport','','M','2012-01-01','','','','USA','','','','',0,'','','','blank','',''),(266,'Going Down On Dirt','captain','Eric','Hontz','','Sport','','M','1987-03-01','187 Lowell St','Somerville','MA','US','02144','ehontz@mit.edu','6105099611','',1,'Larry Hontz','6109720310','','medium','','I\'ve been riding for 2 years now and love every minute of it!'),(267,'Going Down On Dirt','regular','Russell','Jensen','A','Sport','','M','1982-06-12','75 5th St; APT 1','Cambridge','MA','USA','02144','rjensen327@gmail.com','925-337-0768','925-337-0768',1,'Andrew Jensen','925-858-5063','','x-large','',''),(268,'Going Down On Dirt','regular','Jonathan','Axtell','C','Sport','','M','1988-06-07','202 Hurd Rd','Harpursville','NY','USA','13787','jaxtell1@gmail.com','6072062752','',1,'Catherine Axtell','6072066476','','medium','',''),(269,'Going Down On Dirt','regular','Matthew','Schram','C','Sport','','M','1985-03-16','235 Albany St #3030A','Cambridge','MA','USA','02139','schram@mit.edu','7073308370','',1,'Andy Schram','7073309055','','large','',''),(270,'Slow Rollers','captain','Matthew','Day','','Sport','','M','1985-06-09','12 vanburen rd','tewksbury','MA','USA','01876','mdlinc430@LIVE.COM','978 408-9164','978 408-9164',1,'john day','978 408 9064','','large','','doin it on a singlespeed.'),(271,'Slow Rollers','regular','Ken','Bunker','','Sport','','M','1984-04-08','451 Park St.','North Reading','MA','USA','01821','avaseal@gmail.com','9788668355','',1,'Dianne Bunker','6179676249','','large','','Doin\' the Bull Dance. Feelin\' the flow. Workin\' it. Workin\' it.'),(272,'Slow Rollers','regular','Archie','Trainor','M','Sport','','M','1979-04-07','88 boathouse rd','Groton','MA','USA','01450','atrainor36@gmail.com','978-302-8492','978-302-8492',1,'arthur trainor','978-423-5332','','large','',''),(273,'Slow Rollers','regular','Aarne','Victorine','','Beginner','','M','1978-12-19','960 rear Main St.','Woburn','MA','USA','01801','badsneakers78@gmail.com','978.290.1101','978.290.1101',1,'Nancy Victorine','978.290.1101','','large','',''),(274,'DG Cycle Sports','captain','Ezra','Mullen','','Expert','','M','1992-10-12','14 Lavoie Dr','Nottingham','NH','US','03290','em0128261@lmc.edu','6036798610','',1,'Jon Mullen','2318843221','','blank','',''),(275,'Eric and the Night Slackers','captain','Eric','Barthold','','Sport','','M','1990-01-04','121 Pinnacle Hill Rd','Lyme','NH','USA','03768','scott@snomatic.com','603-795-4490','',1,'Joan Barthold','603-496-0625','','large','',''),(276,'Eric and the Night Slackers','regular','Travis','Wright','','Sport','','M','1990-06-15','121 Pinnacle Rd','Lyme','NH','USA','03768','scott@snomatic.com','6037952900','6037952900',1,'Joan Barthold','6037952900','','large','',''),(277,'Eric and the Night Slackers','regular','Toby','Niles','','Sport','','M','1987-11-05','121 Pinnacle Rd','Lyme','NH','USA','03768','scott@snomatic.com','6037952900','6037952900',1,'Joan Barthold','6037952900','','large','',''),(278,'Eric and the Night Slackers','regular','Ian','Sullivan','','Sport','','M','1986-11-17','121 Pinnacle Rd','Lyme','NH','USA','03768','scott@snomatic.com','6037952900','6034960625',1,'Joan Barthold','6037952900','','large','',''),(279,'Eric and the Night Slackers','regular','Joan','Barthold','','Sport','','F','1958-07-23','121 Pinnacle Rd','Lyme','NH','USA','03768','scott@snomatic.com','6037952900','6037952900',1,'Joan Barthold','6037952900','','medium','',''),(280,'The Suuuper Rowdy Spoke Nipples','captain','Mike','Johnson','P','Sport','','M','1991-11-06','84 crestview drive','jaffrey','NH','USA','03452','mikesbikester@gmail.com','978-328-8371','',1,'Paul Johnson','603-289-1301','','medium','n/a','i crash into trees'),(281,'The Suuuper Rowdy Spoke Nipples','regular','Ellen','Haynes','E','Sport','','F','1992-06-13','8 Central Street','Newmarket','NH','USA','03857','ellenosity@gmail.com','603-560-7891','',1,'Thomas Haynes','317-529-9647','','small','','Pretty new rider with a lot of enthusiasm! Bringing some girl power to a kick-ass sport. This is her 2nd 24 hour race attended, but she was just a supporter in the 1st one. Super stoked to be in on the action!! Dates Anthony Messere (girls are smelly)'),(282,'The Suuuper Rowdy Spoke Nipples','regular','Tony','Ungarelli','J','Sport','','M','1991-12-10','8 Central Street','Newmarket','NH','USA','03857','aungarelli14@gmail.com','6038561437','',1,'jill jacques','6035092735','','blank','','loves to shred the knar'),(283,'The Suuuper Rowdy Spoke Nipples','regular','Tucker','Nugent','F','Sport','','M','1989-09-27','575 province rd','Laconia','NH','USA','03246','tfo8@unh.edu','603-998-0751','',1,'david nugent','603-528-0141','','medium','',''),(284,'The Suuuper Rowdy Spoke Nipples','regular','Jonathan','Montgomery','P','Sport','','M','1977-12-01','23 Concord St.','Peterborough','NH','USA','03458','honz1@yahoo.com','603-854-0809','',1,'michelle montgomery','603-289-3004','','medium','','Team\'s Official Old Guy.'),(285,'jay dietershagen','captain','John','Dietershagen','J','Expert','','M','1980-02-20','3120 N. Triphammer Rd.','Lansing','NY','US','14882','lansingcrossroads@yahoo.com','9173025424','',1,'John Dietershagen','607 280 8625','','medium','',''),(287,'Man-T-ak','captain','Scott','Mantie','J','Beginner','','M','1954-03-26','236 Cram Road','Sanbornton','NH','US','03269','scottjmantie@yahoo.com','5183394010','',1,'Jeff Mantie','5184618788','','large','',''),(288,'Ow, my hip!','captain','James','Gardner','K','Beginner','','M','1955-10-17','1 Pleasant Street','Rockport','MA','US','01966','jkgardner@gmail.com','978-546-5195','',1,'Lesley Mottla','617-909-9609','','x-large','',''),(289,'Ow, my hip!','regular','Lesley','Mottla','','Beginner','','F','1964-06-21','1 Pleasant Street','Rockport','MA','USA','01966','lmottla@zipcar.com','','',1,'Jim Gardner','978-273-8892','','small','',''),(290,'Perseus','captain','Wesley','Hoffman','','Sport','','M','1969-07-23','35-45 82nd street','Jackson Heights','NY','US','11372','trackbike88@hotmail.com','212-363-0786','',1,'Georgia Southworth','646-247-3727','','medium','',''),(291,'Park City Paratroopers','captain','Jeffrey','Watson','W','Sport','','M','1968-01-03','80 Annawon Ave','Wrentham','MA','US','02093','watson@medwaypolice.com','5083281781','',1,'Herb Beherrell','6172126017','','large','',''),(292,'Park City Paratroopers','regular','Michael','Riley','','Sport','','M','1963-05-26','8 Old Country Rd','Andover','MA','USA','01810','mriley@mllsf.org','5086626046','',1,'Jeffrey Watson','5083281781','','x-large','',''),(293,'Park City Paratroopers','regular','Kyle','Lynch','','Sport','','M','1968-10-22','395 East Street','Wrentham','MA','USA','02093','klynch17@comcast.net','5083865623','',1,'Jeffrey Watson','5083281781','','large','',''),(294,'Park City Paratroopers','regular','Jonathan','Elliot','','Sport','','M','1973-02-14','6 Tamatind Lane','Exeter','NH','USA','03833','jelliott@tcco.com','6177991368','',1,'Jeffrey Watson','5083281781','','x-large','',''),(295,'Forward\'s Orphans','captain','Dave','Bolduc','','Sport','','M','1972-11-01','15 Cliff Road','Bellingham','MA','US','02019','davebolduc@yahoo.com','617-909-2541','',1,'Patricia Bolduc','508-479-2236','','large','',''),(296,'Forward\'s Orphans','regular','Steve','Stasheski','','Sport','','M','1984-10-26','8 Griggs Street #20','Boston','MA','USA','02134','sstasheski@gmail.com','617-590-2648','617-590-2648',1,'Lauren Margolin','617-816-0894','','large','',''),(297,'Forward\'s Orphans','regular','Tom','Lamont','E','Sport','','M','1967-12-31','84 Tipperary Drive','Whitinsville','MA','USA','01588','tomcathchad@hotmail.com','508 234 2615','508 341 1396',1,'Catherine Lamont','508 341 9700','','large','Azonic','Too old for this!'),(298,'Forward\'s Orphans','regular','Adrian','Millson','J','Sport','','M','1972-04-10','24 Hunter Avenue','Hudson','MA','USA','01749','amillson@verizon.net','617.247.6400','',1,'Lynne Millson','617.710.8835','','large','',''),(299,'Graham, Alan','captain','Alan','Graham','R','Beginner','','M','1976-08-25','335 Green Mountain Rd','Effingham','NH','US','03882','grandeal@hotmail.com','614 940-0294','',1,'Janet Graham','603 539-5592','','x-large','',''),(300,'Allen Russell','captain','ALLEN','RUSSELL','P','Sport','','M','1960-04-17','1 Perry St Box 279','Peapack','NJ','US','07977','enthalpy1@comcast.net','908-470-9390','',1,'Colleen Prince','908-720-5309','','x-large','',''),(301,'Sherban, Alex','captain','Alex','Sherban','','Sport','','M','1987-09-12','104 Oakmont Court','Lynchburg','VA','US','24503','asherban@berklee.edu','617-448-0180','',1,'Ken Sherban','434-660-2560','','large','',''),(302,'Capstone Design','captain','Michael','Haskell','','Sport','','M','1982-01-15','15 richmond dr','norton','MA','US','02766','mhaskell@gmail.com','5082122204','',1,'Kate Haskell','401-369-1763','','large','',''),(303,'Capstone Design','regular','Dave','Mullert','','Beginner','','M','1981-12-01','hickory ridge road','rehoboth','MA','USA','02766','mhaskell@gmail.com','508-212-2204','',1,'Kate Haskell','4013691763','','large','',''),(304,'No one else would ride with me...','captain','Ian','McGrew','','Expert','','M','1987-05-18','16 Stickles Ave','KINGSTON','NY','US','12401-1820','magooproductions@yahoo.com','845 594-3711','',1,'IAN MCGREW','845 594-3711','','large','Team Overlook Mountain Bikes/ Adidas Eyewear',''),(305,'Zilla Racing','regular','Todd','Banitt','','Beginner','','M','1975-10-17','2 Beagle Club Road','Blandford','MA','USA','01008','tbanitt@gmail.com','413-207-7416','413-207-7416',1,'Amanda Labrecque','413-848-0171','','x-large','','Brand new to mountain biking this year...gonna run these guys into the dirt!'),(306,'Jeffrey Kempesta','captain','Jeffrey','Kempesta','M','Sport','','M','1971-06-14','444 Canterbury Tpke','Norwich','CT','US','06360','jeffkem@comcast.net','860-984-3782','',1,'Hwa Jin Kempesta','860-639-3333','','x-large','Mystic Cycle Centre',''),(307,'NO Heckler','captain','Herb','Beherrell','','Pro','','M','1969-02-04','413 South Main Street','Andover','MA','US','01810','hbeherrell@tcco.com','617-212-6017','',1,'Gretchen Beherrell','978-886-1761','','large','',''),(308,'NO Heckler','regular','Joe','Phillipino','','Expert','','M','1960-11-01','224 Hemlocks Street','Lakeville','MA','USA','02347','sci-med@verizon.net','508-802-1707','',1,'Victoria DeMoranville','508-802-1706','','large','',''),(309,'NO Heckler','regular','Kevin','Johnson','','Expert','','M','1972-12-06','86 Pine Grove Ave','Hanson','MA','USA','02341','kevin-johnson@comcast.net','617-909-9105','',1,'Joanne Johnson','781-223-5895','','large','',''),(310,'NO Heckler','regular','Jeff','Sarra','','Expert','','M','1966-11-08','3 Finnigan Way','Newburyport','MA','USA','01950','jeff@battensign.com','617-212-2367','',1,'Stacie Sarra','781-760-8347','','large','',''),(311,'The Cereal Killers','regular','Alex','Shore','C','Sport','','M','1971-06-23','42 Butterfield Lane','Stratham','NH','USA','03885','ford152@yahoo.com','6037931588','6037931588',1,'Deborah Shore','6037702155','','x-large','',''),(312,'The Cereal Killers','regular','Geoffrey','Cunningham','R','Sport','','M','1977-06-02','52A Riverside Lane','Greenland','NH','USA','03840','geoff@microarts.com','(603) 630-6742','',1,'Jacqueline Cunningham','(603) 401-5965','','small','acidotic RACING',''),(313,'The Cereal Killers','regular','Michael','Giustino','','Sport','','M','1974-03-19','262 Fox Point Rd','Newington','NH','USA','03801','garden2granite@yahoo.com','603-828-2512','603-828-2512',1,'Amy Talbot','201-317-2311','','medium','',''),(314,'Harris, Charlene Mochara','captain','Charlene','Harris','','Beginner','','F','1969-10-12','83 Hook Road','Candia','NH','US','03034','hcandia@aol.com','603-856-1443','',1,'Johnny Berry','603-234-2844','','medium','',''),(349,'Porky Gulch Bike Shop','regular','Odd','Bersvenden','A','Expert','','M','1959-01-01','Green Hill Rd.','Jackson','NH','USA','03846','odd_aage@hotmail.com','603 730 7506','',1,'Sally Brassil','603 986 3991','','medium','Top Notch Inn','His name really is Odd.'),(350,'Porky Gulch Bike Shop','regular','Paul','Powers','T','Expert','','M','1954-01-02','Pleasant St.','Tamworth','NH','USA','03886','hunthar@hotmail.com','603 730 7506','',1,'Sally Brassil','603 986 3991','','medium','',''),(347,'Porky Gulch Bike Shop','captain','Jason','Hunter','I','Expert','','M','1972-02-12','120 Harding St.','Berlin','NH','US','03570','hunthar@hotmail.com','603 723 8025','',1,'Kara Hunter','603 752 3265','','x-large','Simple Structure LLc',''),(348,'Porky Gulch Bike Shop','regular','Ben','Schott','D','Expert','','M','1981-07-02','Jim Town Rd.','Gorham','NH','USA','03581','bkschott@gmail.com','603 915 0448','',1,'Kara Hunter','603 752 3265','','medium','Porky Gulch Bike Shop','A real neat guy that rides a bike in circles.'),(319,'Wiley, Ken','captain','Kenneth','Wiley','','Expert','','M','1982-05-30','197 Mulberry Street','Claremont','NH','US','03743','ken@team-pinnacle.org','6034776056','',1,'Donna Christian','6034776056','','large','',''),(320,'Schwartz, Taylor','captain','Taylor','Schwartz','T','Sport','','M','1991-08-29','227 Benson Rd.','Manchester','ME','US','04351','taylor.schwartz@gmail.com','(207) 504-0263','',1,'Randy Schwartz','(207) 751-5701','','medium','Cycle Loft Velo, Tufts University','Collegiate Rider from Tufts University who rides for The Cycle Loft in Burlington, MA. Born and raised in Maine.'),(321,'Goldilocks and the three bears','captain','Christopher','Melby','','Beginner','','M','1976-12-07','49 Alice Drive','Penacook','NH','USA','03303','christopher.melby@gza.com','603-753-9682','603-753-9682',1,'Stephanie Bendixsen','603 934-2482','','large','',''),(322,'Goldilocks and the three bears','regular','Owen','Bendixsen','G','Beginner','','M','1975-07-30','23 glory Avenue','Franklin','NH','USA','03235','obendixsen@lrgh.org','603-934-2482','603-934-2482',1,'Stephanie Bendixsen','603-934-2482','','medium','',''),(323,'Goldilocks and the three bears','regular','Joni','Melby','','Beginner','','F','1981-02-06','49 Alice Drive','Penacook','NH','USA','03303','jonimelby@yahoo.com','603-753-9682','',1,'Christopher Melby','603-493-3863','','small','',''),(324,'Goldilocks and the three bears','regular','Seth','Sansoucie','','Beginner','','M','1992-09-30','724 Clough Mill Road','Pembroke','NH','USA','03275','mxrider930@gmail.com','6035687341','',1,'Shane or Danielle Sansoucie','6032259983','','x-large','',''),(325,'Moat Mountain Growlers','captain','Ian','Connor','','Sport','','M','1969-08-02','177 Cowhill Rd','Bartlett','NH','US','03812','ithreepin@yahoo.com','203-415-7518','',1,'Anne McCandless','603-986-2203','','large','Beer',''),(326,'Moat Mountain Growlers','regular','Jean','Lee','M','Sport','','F','1964-07-31','P.O. Box 125','Kearsarge','NH','USA','03847','jhuemmler@hotmail.com','603-986-4145','603-986-4128',1,'Scott Lee','603-986-4128','','medium','',''),(327,'Moat Mountain Growlers','regular','Senan','Gorman','','Sport','','M','1969-03-04','21 Coppermine Rd.','Farmington','CT','USA','06032','senan@northpoledesign.com','860-677-4569','',1,'Kate Gorman','860-434-7456','','large','GetOutt.com\r\nNorth Pole Design','Love/Live to Ride.'),(328,'Moat Mountain Growlers','regular','Paul','Hendessi','','Sport','','M','1969-10-10','21 Prospect St #3','Charlestown','MA','USA','02129','paulhendessi@msn.com','6179707599','',1,'Sue Hendessi','6174596107','hard-copy waiver via fax - LAK','x-large','',''),(329,'Moat Mountain Growlers','regular','Chris','Graham','P','Sport','','M','1965-07-07','PO Box # 583,  10 Forest Ring Drive','Intervale','NH','USA','03845','Sabre28mk1@yahoo.com','603-387-8000','603-387-8000',1,'Kerin F. Graham','603-986-1571','','large','Condom Depot','Once a Male Stripper in the mean streets of Hollywood now an aspiring MMA cage fighter..planning to be the oldest heavyweight champion of the world!!!'),(331,'Turtle and Hare','captain','Clint','Dowd','','Expert','','M','1963-11-18','15 Bayberry Lane','Goffstown','NH','US','03045','ndowd@velcro.com','603-497-3187','',1,'Narri Dowd','(603) 703-7867','EFTA 2065','medium','',''),(330,'EC3','captain','eric','siefer','','Expert','','M','1970-03-04','po box 6','kearsarge','NH','US','03867','esief1970@gmail.com','6039864686','',1,'carrie siefer','6039864686','','medium','',''),(332,'Turtle and Hare','regular','John','Spenard','','Sport','','M','1967-01-01','18 Kalisz Lane','Manchester','NH','USA','03109','dspenard@eastersealsnh.org','(603) 315-7400','',1,'Denise Spenard','(603) 315-7400','','large','',''),(333,'Bolognese, Anthony','captain','Anthony','Bolognese','','Beginner','','M','1970-06-13','45 Blue Ridge Dr','Charlestown','RI','US','02813','tonybolognese@gmail.com','9042534473','',1,'Jennifer Bolognese','4012074954','','x-large','Alliance Home Protection\r\nMonitronics',''),(334,'She Said This Would be Fun','captain','Jim','Graham','','Beginner','','M','1959-11-01','1 Terrace Road','Concord','NH','US','03301','writegraham@gmail.com','603-513-1656','',1,'Christine Graham','603-892-2472','','large','New England Nordic Ski Association, southern NH district of the Bill Koch Ski League','Many running, Nordic skiing, and even a few snowshoe and road bike races over the past 30+ years -- but hardly any mountain bike races!'),(335,'She Said This Would be Fun','regular','Christine','Graham','M','Beginner','','F','1966-01-16','1 Terrace Road','Concord','NH','USA','03301','xcskiers@gmail.com','603-513-1656','603-892-2472',1,'Jim Graham','603-892-6109','','large','New England Nordic Ski Association, southern NH district of the Bill Koch Ski League','Chris is a veteran outdoor endurance athlete, returning to fitness and a little racing after 1o years of having and raising kids.'),(336,'4oldguys','captain','Calvin','Hunsicker','','Sport','','M','1962-06-26','167 Harts Ledge Road','Bartlett','NH','US','03812','chunsicker@emerlyn.com','6033741967','',1,'Kathleen Hunsicker','603-490-4576','','large','',''),(337,'4oldguys','regular','Ross','Emery','','Sport','','M','1965-08-23','28 Meadow Wood Lane','Intervale','NH','USA','03845','','603-986-6697','',1,'Ivette Emery','603-387-2329','','large','',''),(338,'4oldguys','regular','Joe','Yahna','','Sport','','M','1963-10-19','310 Kearsarge Rd.','North Conway','NH','USA','03860','','603-986-8886','',1,'Ardis Yahna','603-986-8885','','large','',''),(339,'4oldguys','regular','Michael','Couture','','Sport','','M','1958-07-21','155 Wyman Ave','North Conway','NH','USA','03860','','603-387-5817','',1,'Pam Couture','603-662-8830','','blank','',''),(340,'Palmer,Dan','captain','Daniel','Palmer','','Sport','','M','1972-03-21','1124 Whittier Road','Tamworth','NH','US','03886','moog24@roadrunner.com','603-986-7194','',1,'Lori Palmer','603-986-9304','','xx-large','',''),(341,'Tim Trotter','captain','Timothy','Trotter','','Expert','','M','1971-05-09','11 Ingalls Street','Keene','NH','US','03431','ttrotter11@gmail.com','9494637007','',1,'loren','9492871421','','large','Claremont Cycle Depot',''),(342,'Biking for Beth','regular','Maegan','Haney','H','Sport','','F','1977-05-08','5 Clubhouse Way','Mount Desert','ME','USA','04660','Mhaneyinme@gmail.com','2072443032','',1,'Matt Haney','2076648195','','small','',''),(343,'Legion of Notavus','captain','Allan','Edwards','','Beginner','','M','1958-07-20','332 Stow Rd','Harvard','MA','USA','01451','allan.edwards@yahoo.com','978-621-2120','978-621-2120',1,'Tim Wolfe','508-479-9072','','x-large','',''),(344,'Legion of Notavus','regular','Tim','Wolfe','','Beginner','','M','1959-12-13','34 Randlett Pk','Newton','MA','USA','02465','twolfe@plurisinc.com','508-479-9072','508-479-9072',1,'Margaret Wolfe','617-909-7036','','large','',''),(345,'Legion of Notavus','regular','Gary','Lahti','','Sport','','M','1965-02-08','440 Howard St','Lunenburg','MA','USA','01462','glcorona@verizon.net','508-364-8491','508-364-8491',1,'Tim Wolfe','508-479-9072','','large','',''),(346,'Legion of Notavus','regular','Pete','Ginouves','','Beginner','','M','1961-05-02','PO Box 114','Still River','MA','USA','01467','pete_ginouves@hotmail.com','978 729 0221','978 729 0221',1,'Tim Wolfe','508-479-9072','','x-large','',''),(351,'Palmer, Jeff','captain','Jeffrey','Palmer','R','Sport','','M','2000-12-27','PO Box 462','Tamworth','NH','USA','03886','palmer69@roadrunner.com','6039869304','',1,'Lori Palmer','6039869304','','small','',''),(352,'Ebinger, Nick - Landsharken','captain','Nick','Ebinger','','Expert','','M','1988-02-12','53 Farr Hill Road','Littleton','NH','US','03561','nickebinger@gmail.com','6039910550','',1,'Paul Ebinger','6036163557','','large','','I like my bike. I like the woods. I like the night. I wear my sunglasses at night.'),(353,'Nomad','captain','Nathan','Orr','','Sport','','M','1976-09-27','23 Country Lane','Thornton','NH','US','03285','orrnate@hotmail.com','2072326710','',1,'molly Orr','2073180923','','small','Rhino Bike Works',''),(354,'Felt/Sram','captain','Sean','Rudzinsky','E','Expert','','M','1976-03-18','119 high st','Agawam','MA','US','01001','seanrudzinsky@feltbicycles.com','4138833728','',1,'Laura O\'Connor','4135757907','','medium','Felt Bicycles','Felt Bicycles technical representative'),(355,'Felt/Sram','regular','Scott','Decoteau','','Expert','','M','1977-09-20','17 Hawthorn ST','Longmeadow','MA','USA','01106','Scott.decoteau@gmail.com','8608997956','8608997956',1,'Danielle Godon','8608997956','','medium','Competitive Edge, Felt',''),(356,'Felt/Sram','regular','Jeff','Landry','','Expert','','M','1967-11-26','111 hampden rd','Stafford Springs','CT','USA','06076','Jeffrey.landry.5@facebook.com','8609896552','',1,'lisa','8609893135','','medium','Competitive Edge, Felt',''),(357,'Felt/Sram','regular','Jason','Moriarty','','Expert','','M','1971-08-15','94 Hampden rd','Stafford springs','CT','USA','06076','jaymoirish@att.net','4133304843','',1,'joanne','8606841115','','blank','Competitive edge',''),(358,'Long','captain','Richard','Long','','Expert','','M','1966-06-28','700 Forest Avenue','Orono','ME','US','04473','mainegdog@gmail.com','207-951-5620','',1,'Julie Long','207-249-5197','','medium','Cyclesmart Grassroots Team',''),(359,'Long','regular','Celine','Long','','Beginner','','F','2000-02-11','700 Forest Avenue','Orono','ME','USA','04473','mainesk8ter@gmail.com','207-990-0551','',1,'Julie Long','207-249-5197','','small','',''),(360,'Big Ring Big Wheels','captain','Patrick','Higgins','','Sport','','M','1966-12-03','14 Prospect Street','Kingston','MA','US','02364','PHiggins@ThompsonWP.com','6177216503','',1,'Lisa Higgins','617-721-6502','','large','',''),(361,'Stannard Marc','captain','Marc','Stannard','J','Expert','','M','1972-11-11','5 Warner Avenue','Essex Junction','VT','USA','05452','joyce-bob@comcast.net','8025782849','8025782849',1,'Joyce Stannard','8022335213','','medium','Flying Penguins Bicycles','Single speed rider.'),(362,'Glen Reece','captain','Glen','Reece','J','Expert','','M','1962-01-09','119 Skyline Rd','Bangor','ME','US','04401','glenreece@eradawson.com','2074781969','',1,'debby reece','2072997192','','large','',''),(363,'bike 1','captain','jay','ingersoll','','Sport','','M','1968-06-20','226 plains rd','harrison','ME','US','04040','plmn68@yahoo.com','6033566089','',1,'sue ingersoll','2075151413','','x-large','the bike shop',''),(364,'bike 1','regular','ashley','moore','a','Sport','','F','1992-01-04','226 plains rd','harrison','ME','USA','04040','antman101@hotmail.com','2075837923','',1,'sue ingersoll','2075151413','','medium','the bike shop',''),(365,'bike 1','regular','jennifer','france','a','Beginner','','F','1986-05-21','90 north south rd','north conway','NH','USA','03860','antman101@hotmail.com','6033566089','',1,'anthony walker','6036625475','','medium','the bike shop',''),(366,'bike 1','regular','arron','mcvitty','','Sport','','M','1984-06-13','90 north south rd','north conway','NH','USA','03860','antman101@hotmail.com','6033566089','',1,'hannah mcvitty','6032050855','','x-large','the bike shop',''),(367,'bike 1','regular','timothy','walker','','Sport','','M','1995-10-26','90 north south rd','north conway','NH','USA','03860','antman101@hotmail.com','6033566089','',1,'anthony walker','6036625475','','medium','the bike shop',''),(368,'bike 2','captain','anthony','walker','','Pro','','M','1968-05-21','90 north south rd','north conway','NH','US','03860','antman101@hotmail.com','6033566089','',1,'jenny france','6039860347','','large','the bike shop',''),(369,'bike 2','regular','suzanne','ingersoll','','Sport','','F','1965-07-28','226 plains rd','harrison','ME','USA','04040','antman101@hotmail.com','2075151413','',1,'jay ingersoll','2075150151','','medium','the bike shop',''),(370,'bike 2','regular','ryan','jackson','','Sport','','M','1996-11-03','90 north south rd','north conway','NH','USA','03860','antman101@hotmail.com','2076712829','',1,'suzanne ingersoll','2075151413','','x-large','the bike shop',''),(371,'bike 2','regular','tom','darcy','','Sport','','M','1986-04-01','90 north south rd','north conway','NH','USA','03860','antman101@hotmail.com','6033566089','',1,'anthony walker','6036625475','','x-large','the bike shop',''),(372,'bike 2','regular','austin','gill','','Beginner','','M','1995-11-28','90 north south rd','north conway','NH','USA','03860','antman101@hotmail.com','6033566089','',1,'anthony walker','6036625475','','large','the bike shop',''),(373,'Abe Wrobleski','captain','Abe','Wrobleski','','Expert','','M','1976-05-19','Center Conway','NH','NH','US','03813','info@nhtents.com','603-662-5649','',1,'Nicole Wrobleski','603-662-8556','','xx-large','Wrobleski Party Rentals',''),(374,'Clayton Leavitt','captain','Clayton','Leavitt','','Sport','','M','1969-10-02','Center Conway','NH','NH','US','03813','wrobo@earthlink.net','603-662-3125','',1,'Darlene Leavitt','603-662-3126','','x-large','Wrobleski Party Rentals',''),(375,'Brian McCall','captain','Brian','McCall','','Expert','','M','1977-10-15','Gilford','NH','NH','US','03813','wrobo@earthlink.net','603-253-6552','',1,'Nicole Wrobleski','603-662-8556','','x-large','Wrobleski Party Rentals/Lakes Region Cyclery',''),(376,'Whittle, Ian','captain','Ian','whittle','','Sport','','M','1977-07-14','312 pond st','Jamaica plain','MA','US','02130','Ian.whittle@gmail.com','6175496024','',1,'Nisha Basu','6176451805','','small','',''),(377,'Pure Adrenaline','captain','Billy','Biscan','','Sport','','M','1974-05-20','7 Woodrow Ave','Haverhill','MA','US','01830','billyb74@comcast.net','9783988477','',1,'Michelle Misserville','9788367482','','large','',''),(378,'Pure Adrenaline','regular','Mike','Blouin','','Sport','','M','1967-07-22','487 Cass Mill Rd','Alexandria','NH','USA','03222','mtnbiker123@hotmail.com','6033939336','',1,'Michelle Misserville','9788367482','','large','',''),(379,'Smith, Sarah','captain','Sarah','Smith','L','Sport','','F','1997-08-03','16 Grove Street/ PO Box 495','Bartlett','NH','USA','03812','valthegardengal@yahoo.com','603-374-6121','603-340-3014',1,'Jim Smith  (dad)','603-340-4224','hardcopy wiaver received by LAK 8/6','large','MOM & DAD','I am Sarah. I am 15 and a sophomore at Kennett High School. I am a member of the Kennett Mountain Bike team and I also Alpine Ski race for Wildcat and Kennett High. I was 1st runner up for the MVW Teen Pageant and 1st in talent for singing.  I love my life in Mount Washington Valley.'),(380,'Cricket Butler','captain','Cricket','Butler','T','Expert','','F','1968-05-13','34 Moose Jaw Trail','Whitefish','MT','US','59937','boundlessbug@gmail.com','704-906-4391','',1,'Dave Harris','6035485509','','small','TotalCyclist\r\nTeamUp4Type1.org',''),(381,'Cycle Loft','captain','Joseph','Stein','','Sport','','M','1972-10-09','40 Electric Avenue','Somerville','MA','US','02144','jfsteinjr@yahoo.com','857-272-4408','',1,'Amanda Patrick','857-225-0037','','medium','',''),(382,'Cycle Loft','regular','Barry','Petzold','','Expert','','M','1976-03-29','1703 Lewis O Gray Drive','Saugus','MA','USA','01906','barry.petzold@gmail.com','617-680-4315','',1,'Kristen Laplante','603-893-6920','','medium','The Cycle Loft\r\nFit Lifestyles Studio\r\nMOVE Fitness','The details of my life are quite inconsequential.... Very well, where do I begin? My father was a relentlessly self-improving boulangerie owner from Belgium with low-grade narcolepsy and a penchant for buggery. My mother was a 15-year-old French prostitute named Chloe with webbed feet. My father would womanize; he would drink. He would make outrageous claims like he invented the question mark. Sometimes, he would accuse chestnuts of being lazy. The sort of general malaise that only the genius possess and the insane lament... My childhood was typical: summers in Rangoon... luge lessons... In the spring, we\'d make meat helmets... When I was insolent I was placed in a burlap bag and beaten with reeds — pretty standard, really. At the age of 12, I received my first scribe. At the age of 14, a Zoroastrian named Wilma ritualistically shaved my testicles — there really is nothing like a shorn scrotum — it\'s breathtaking... I suggest you try it.'),(383,'Cycle Loft','regular','Rich','Blair','j','Expert','','M','1969-12-16','316 cross st','winchester','MA','USA','01890','rblair1216@yahoo.com','7818644636','',1,'meredith blair','7817759950','','large','Cycle loft, specialized, sram',''),(384,'Cycle Loft','regular','matt','juros','e','Expert','','M','1962-10-18','210 osgood st','north andover','MA','USA','01845','mjuros1@comcast.net','9785613009','9785613009',1,'barb','9786095594','','medium','cannondale','I am old'),(387,'Los Gallos Furiosos','regular','jeff','juneau','f','Sport','','M','1973-04-02','1645 dover rd','epsom','NH','USA','03234','jefjun1@yahoo.com','603 387 8687','',1,'Amy juneau','603 387 2540','','medium','',''),(388,'Los Gallos Furiosos','regular','Shawn','lacourse','p','Sport','','M','1981-06-25','48 wallace rd','goffstown','NH','USA','03045','mvcsk8r@yahoo.com','603 5407475','603 540 7475',1,'Jessica ruston','603 943 2303','','large','',''),(389,'Los Gallos Furiosos','regular','Benjamin','Hall','c','Sport','','M','1978-12-17','244 Old Putney Hill rd','Hopkinton','NH','USA','03229','benhall@ems.com','603 933 0262','603 933 0262',1,'Jessica Ruston','603 943 2003','','x-large','',''),(390,'Carlos Agudelo','captain','Carlos','Agudelo','H','Sport','','M','1962-12-31','25 Trailside Terrace #23','Francestown','NH','US','03043','cagudelo62@gmail.com','6037161973','',1,'Jennifer Vadney','6035403000','','blank','',''),(391,'Spokin\' With Authority','captain','Ken','Varnum','','Beginner','','M','1968-05-28','91 Brickel Rd','Stoughton','MA','US','02072','kmvarnum@maintech.com','617-620-0022','',1,'Vicky Varnum','781-801-0799','','large','',''),(392,'Spokin\' With Authority','regular','James','Park','','Beginner','','M','1975-05-02','431 Columbus Ave #3','Boston','MA','USA','02116','park_james75@yahoo.com','617-413-4612','',1,'Rene Lowrance','617-834-3293','','large','',''),(393,'Spokin\' With Authority','regular','Matt','Simoneau','','Beginner','','M','1965-09-18','28 Elberta Dr','Greenville','RI','USA','02828','msimoneau@cox.net','401-644-8837','401-949-1357',1,'Jen Simoneau','401-949-1357','','medium','',''),(394,'Spokin\' With Authority','regular','unregistered','rider','','Sport','','M','2012-01-01','','','','USA','','','','',0,'','','','blank','',''),(396,'Jennifer Vadney','captain','Jennifer','Vadney','A','Sport','','F','1976-11-30','25 Trailside Terrace #23','francestown','NH','USA','03043','javadney@gmail.com','6035403000','6035403000',1,'Carlos Agudelo','6037161973','','blank','',''),(397,'And Then There Were Two','captain','Eric','Hylinski','M','Sport','','M','1988-01-20','3233 Hayes Rd','Norristown','PA','USA','19403','eric.hylinski@gmail.com','610-457-6612','',1,'Gene Hylinski','610-457-6947','','medium','',''),(398,'And Then There Were Two','regular','Shane','Reighard','G','Sport','','M','1985-09-06','1813 South Braod St  Apt 2','Philadelphia','PA','USA','19148','shanereig@gmail.com','215-803-4968','',1,'Joy Baumgardner','215-803-8191','','medium','',''),(399,'Tour de Four','captain','Glenn','Adams','','Sport','','M','1963-04-19','17 Pleasant St','Lancaster','NH','US','03584','may5gba@gmail.com','603-788-3693','',1,'Rhonda Adams','603-631-5319','','x-large','',''),(400,'Tour de Four','regular','Mike','OLoughlin','','Sport','','M','1982-05-13','14 blackberry lane','Lancaster','NH','USA','03584','oloughlinm@hotmail.com','413-246-6138','',1,'Rana OLoughlin','413-246-6137','','large','',''),(401,'Tour de Four','regular','Drew','Orblych','','Sport','','M','1971-09-29','blackberry lane','Lancaster','NH','USA','03584','druudogg89@yahoo.com','603-991-9063','',1,'Rhonda Adams','603-631-5319','','x-large','',''),(402,'Tour de Four','regular','Edwin','Nason','','Sport','','M','1962-10-26','17 Pleasant St.','Lancaster','NH','USA','03584','edwin.nason@gmail.com','802-299-9260','',1,'Rhonda Adams','603-631-5319','','large','',''),(403,'Flying Penguins','captain','Eric','Krivitzky','','Sport','','M','1980-06-20','1383 Route 44','Brownsville','VT','US','05037','eric@penguincycles.com','802-245-4014','',1,'Raina White','802-245-4653','','medium','Penguin Cycles',''),(404,'Flying Penguins','regular','Raina','White','','Sport','','F','1979-03-07','1383 Route 44','Brownsville','VT','USA','05037','raina@penguincycles.com','802-245-4653','',1,'Eric Krivitzky','802-245-4014','','small','Penguin Cycles',''),(405,'Flying Penguins','regular','John','Abrahamsen','','Sport','','M','1969-05-27','2894 Brownsville Hartland Road','West Windsor','VT','USA','05089','jawoodworking@earthlink.net','802 484 -0221','',1,'Leah Abrahamsen','802 952-8003','','large','Penguin Cycles',''),(406,'Flying Penguins','regular','James','Norris','','Sport','','M','1980-02-24','25 manchester dr','Lebanon','NH','USA','03766','jesse.a.norris@gmail.com','','(603)727-9591',1,'Alix Norris','(336) 413-4759','','medium','Penguin Cycles',''),(407,'Danis, Matt','captain','Matt','Danis','','Sport','','M','1974-09-15','51 Westminster Road','Canterbury','CT','US','06331','mdanis74@sbcglobal.net','8603342591','',1,'Nichole Danis','8603344475','','x-large','Danielson Adventure Sports\r\n(www.bikect.com)',''),(408,'Nicole Wrobleski','captain','Nicole','Wrobleski','','Sport','','F','1977-07-26','Center Conway','Center Conway','NH','US','03813','wrobo@earthlink.net','603-662-8556','',1,'Abe Wrobleski','603-662-5649','','medium','Wrobleski Party Rentals',''),(409,'Mason, Shannon','captain','Shannon','Mason','M','Sport','','F','1964-12-09','14 Granite Street','Rockport','MA','US','01966','shannon@newenglandactive.com','214-686-9272','',1,'Darren M Mason','214-686-9269','','small','Felt Bicycles, Inc.\r\nSRAM',''),(410,'Lysaght, Andrew','captain','Andrew','Lysaght','C','Expert','','M','1984-03-20','87 Yorktown St','Somerville','MA','US','02144','andrewlysaght@gmail.com','857-756-9043','',1,'Chris Birch','480-540-1577','','medium','B2C2/Boloco/Back Bay Bicycles',''),(411,'Jon Sturm','captain','Jonathan','Sturm','','Expert','','M','1977-11-19','67 Hillview Rd','Gorham','ME','US','04038','jnmisturm@hotmail.com','6039425466','',1,'Leah Sturm','603 254 4468','','medium','',''),(412,'B2C2/Boloco','captain','Michael','Wissell','','Expert','','M','1977-06-12','84 Franklin St #3','Allston','MA','US','02134','Mike@backbaybicycles.com','617.460.6660','',1,'Caitlin Wissell','508.364.9475','284535','small','',''),(413,'B2C2/Boloco','regular','kevin','sweeney','','Pro','','M','1978-04-18','11b granville ave','medford','MA','USA','02155','smartmonkey@gmail.com','6178210531','',1,'holland','6178210309','','medium','','me try push pedal hard.'),(414,'EMS Lunch Ride','captain','Brook','Burke','','Sport','','M','1970-03-13','5 Tigola Trail','Stoddard','NH','US','03464','bburke@ems.com','6033718816','',1,'Kathy Burke','6034463419','','blank','',''),(415,'EMS Lunch Ride','regular','Owen','Travers','','Sport','','M','1984-09-09','268A Union St','Peterborough','NH','USA','03458','otravers@ems.com','617-797-4337','',1,'Lindsay Ewing','603-831-3304','','blank','',''),(416,'EMS Lunch Ride','regular','Dru','Brooks','','Sport','','M','1973-09-01','26 Barry Drive','Highland Lake','NJ','USA','07422','DruBrooks@hotmail.com','8455445044','',1,'Kelly Brooks','9737641135','','blank','',''),(417,'EMS Lunch Ride','regular','Eric','Grzybowski','','Sport','','M','1982-12-06','487 Gerhard St','Philadelphia','PA','USA','19128','e0155bt@ems.com','2154952969','',1,'Andrew Grzybowski','2154980321','','blank','',''),(418,'EMS/DAKINE','captain','Mike','Saras','','Expert','','M','1965-12-20','PO BOX 257','Intervale','NH','US','03845','msaras@msn.com','603-986-5510','',1,'Jamie Walsh','802-318-2277','','blank','',''),(419,'EMS/DAKINE','regular','Dan','Burke','','Sport','','M','1981-07-09','203 Odell Hill Rd.','Ctr Conway','NH','USA','03813','','603-986-5510','',0,'Jamie Walsh','802-318-2277','','blank','',''),(420,'EMS/DAKINE','regular','Josh','Krzyzek','','Pro','','M','1983-02-21','21 Robinson Way','West Warwick','RI','USA','02893','','','',1,'Jacob Krzyzek','774-219-3329','','blank','',''),(421,'EMS/DAKINE','regular','Patrick','Harvey','','Sport','','M','1976-03-18','89 Elm Terrace','Amherst','NH','USA','','','','',0,'Tom Harvey','603-343-7812','','blank','',''),(422,'Bonnie & Clyde','captain','Scott','Hood','','Expert','','M','1973-06-16','Po Box 7','Jaffrey','NH','US','03452','scott.hood980@gmail.com','6038310213','',1,'Scott Hood','6038310213','','large','',''),(423,'Bonnie & Clyde','regular','jennifer','hart','','Expert','','F','1969-08-06','Po Box 7','Jaffrey','NH','USA','03452','jhart418@gmail.com','6035324897','6035628897',1,'Scott Hood','6038310213','','small','',''),(424,'pat ferland','captain','patrick','ferland','','Expert','','M','1982-11-24','p.o.box 818','glen','NH','US','03838','patoclimb@yahoo.com','8603778540','',1,'julie ferland','908-420-1506','','blank','red jersey cyclery','first xc race. i been racing Downhill  since 98 wanted to try something new'),(425,'SINGLESPERM DUO','captain','Bart','Flynn','','Expert','','M','1990-03-08','574 Christian Street','White River Junction','VT','US','05001','neilbflynn@gmail.com','8023450017','',1,'john flynn','8022962158','','medium','The Bike Hub -- Norwich, VT',''),(426,'SINGLESPERM DUO','regular','George','Flynn','','Expert','','M','1990-03-08','574 christian St.','White River Junction','VT','USA','05001','gsflyn08@stlawu.edu','8023457111','8022962158',1,'john flynn','8022962158','','medium','',''),(427,'Jeff Lukach','captain','Jeff','Lukach','T','Expert','','M','1987-06-01','72 Hunter Drive','Epping','NH','USA','03042','j.lukach@yahoo.com','8608172794','8608172794',1,'Colleen Singleton','6037991070','','small','DG Cycle Sports, Epping, NH','-Competed last year in the open category and finished 5th\r\n-Riding a Redline Monocog Flight named \"Vera\" after a famous gun in the sci-fi show \"Firefly\"'),(428,'Tonto\'s revenge','captain','steve','vosburgh','','Expert','','M','1963-03-10','po box 112','jackson','NH','US','03846','stvoz@aol.com','6033830903','',1,'gwen vosburgh','6033830903','','large','',''),(440,'Raya\'s Almost Single Speed Landshark','regular','Ben','Mirkin','','Sport','','M','1977-03-13','','','','USA','','ben.mirkin@whitemountain.org','','',1,'Kevin McShane','6035206155','','large','',''),(441,'Raya\'s Almost Single Speed Landshark','regular','Ian','Dowling','','Sport','','M','1965-08-11','','','','USA','','ip.dowling@gmail.com','2079345857','',1,'Kevin McShane','6035206155','','large','',''),(442,'Wachusett brew Racing','captain','Erik','Johnson','','Sport','','M','1970-12-24','262 Leicester st.','Auburn','MA','US','01501','Ejflyingeye@gmail.com','508-259-7176','',1,'Sara Johnson','508-277-3341','','large','Wachusett Brewing Co.',''),(443,'Wachusett brew Racing','regular','ted','johnson','a','Sport','','M','1964-04-02','28 lovering st.','medway','MA','USA','02053','tedrobin@yahoo.com','508 533 6670','',1,'robin johnson','508 533 6670','','blank','',''),(444,'Brothers-in-law Bikers by choice','captain','michael','levine','','Beginner','','M','1958-11-06','50 forest ledge','glen','NH','US','03838','mike.levine@fmr.com','6033836763','',1,'julie levinre','6033039537','','x-large','','Coached by team A&P'),(445,'Brothers-in-law Bikers by choice','regular','John','gitelman','','Beginner','','M','1963-03-12','364 taylor street','stow','MA','USA','01775','jqitelman@verizon.net','6033836763','6033836763',1,'julie levine','6033039537','','x-large','',''),(446,'EMS Mud Dawgs','captain','Shaun','Hickman','','Sport','','M','1976-11-01','203','CTR Conway','NH','US','03813','Shickman@ems.com','603-801-6822','',1,'Tina Hickman','603-447-3090','','blank','',''),(447,'EMS Mud Dawgs','regular','Ken','Avery','','Sport','','M','1978-03-15','15 Sweet st','Amherst','MA','USA','03676','','','',1,'Rachel Avery','603-672-6962','','blank','',''),(448,'EMS Mud Dawgs','regular','Curtis','Fanti','','Sport','','M','1977-03-12','47 Oak Hill Road','Francistown','NH','USA','03458','curtis.fanti@gmail.com','','',1,'Lauren Fanti','603-547-3617','','small','',''),(449,'EMS Mud Dawgs','regular','Veronica','Sassu','','Sport','','F','1964-04-15','282 Fall Mountain Road','Bristol','CT','USA','06010','sassuveronica@yahoo.com','','',1,'Jeff Laviero','860-302-1337','','small','',''),(450,'John K','captain','John','Kenific','','Sport','','M','1972-12-15','12 Willow Road','Westford','MA','US','01886','kenific@hotmail.com','6179571665','',1,'Katie Kenific','6179571768','','x-large','Green Mountain Technologies',''),(451,'Jonathan Gould','captain','Jonathan','Gould','','Beginner','','M','1981-10-21','337 Aiken Avenue','01850','MA','US','01850','jsgould1@gmail.com','9788664353','',1,'Nancy Gould','9783371719','','large','',''),(452,'Back Bay Bicycles & Papa Wheelies','captain','Daniel','Houston','','Sport','','M','1954-05-28','165 Amesbury road','Kensington','NH','US','03833','danielchouston@me.com','603-380-0600','',1,'Lori Houston','603-380-1069','usurped 187.50 from Matt Fouler of Veloink','x-large','Papa Wheelies Bicycle Shop\r\n\r\nBack Bay Bicycles',''),(453,'Back Bay Bicycles & Papa Wheelies','regular','Hannah','Houston','','Beginner','','F','1994-06-14','165 Amesbury Rd','Kensington','NH','USA','03833','hehicesk8r@aol.com','','',1,'Daniel Houston','603-380-0600','','small','',''),(454,'Back Bay Bicycles & Papa Wheelies','regular','Andrew','Davies','','Sport','','M','1992-01-22','653 Islington St','Portsmouth','NH','USA','03801','bikeit13@gmail.com','','',1,'Daniel Houston','603-380-0600','','medium','',''),(455,'Back Bay Bicycles & Papa Wheelies','regular','Liam','Howard','','Sport','','M','1989-08-02','362 Commonwealth Ave','Boston','MA','USA','02115','howardliamA@gmail.com','','',1,'Daniel Houston','603-380-0600','','medium','',''),(456,'Back Bay Bicycles & Papa Wheelies','regular','Stu','Estey','','Sport','','M','1959-01-01','107 South Rd','Kensington','NH','USA','03801','stuestey@gmail.com','','',1,'Daniel Houston','603-380-0600','','x-large','',''),(457,'Sven Cole-Team Bikeman.com','captain','Sven','Cole','','Sport','','M','1973-06-28','46 Chadbourne Hill Rd','Bridgton','ME','US','04009','sven@bridgtonacademy.org','2075950834','',1,'Karen Cole','6036627507','','large','Team Bikeman.com\r\nTeam Weak and Feeble\r\nBridgton Academy','I love riding my bike!');

--
-- Table structure for table `rider_rfid`
--

CREATE TABLE `rider_rfid` (
  `rfid` int(4) NOT NULL DEFAULT '0',
  `uid` int(4) NOT NULL DEFAULT '0',
  UNIQUE KEY `rider_rfid_pkey` (`rfid`)
) ENGINE=MyISAM DEFAULT CHARSET=latin1;

--
-- Dumping data for table `rider_rfid`
--

INSERT INTO `rider_rfid` VALUES (1736,9),(8484,42),(2229,63),(13031,248),(15328,333),(13443,361),(8943,407),(2051,410),(8391,427),(9096,17),(8548,31),(10118,47),(8437,64),(15045,80),(10101,120),(8410,274),(15205,285),(1758,299),(8427,301),(10056,304),(9003,351),(1651,352),(12269,353),(8443,373),(13858,375),(13833,411),(15132,424),(1775,13),(12450,15),(8533,16),(15187,18),(8531,24),(13108,25),(15148,30),(13785,111),(8829,142),(12001,148),(15059,209),(15352,306),(8462,340),(8693,374),(8934,52),(12476,395),(10150,300),(12488,362),(15310,249),(10052,408),(15317,14),(10130,314),(13385,380),(10189,409),(8325,69),(13926,70),(8386,105),(15337,106),(15399,143),(1706,144),(10139,258),(9087,259),(8924,425),(8869,426),(15118,12),(15117,342),(15199,10),(15378,11),(13923,88),(13907,89),(12116,288),(8600,289),(9062,358),(10065,359),(10173,32),(10091,33),(8893,137),(12064,138),(15391,139),(12742,140),(12617,223),(10192,224),(8564,225),(8844,226),(10162,254),(13635,255),(13208,256),(14148,257),(10037,307),(8374,308),(8618,309),(13914,310),(8740,347),(10121,348),(14122,349),(13214,350),(13756,354),(12690,355),(10133,356),(8318,357),(15076,418),(2196,419),(8929,420),(14215,421),(11961,26),(2241,27),(12502,28),(1702,29),(12924,34),(1774,35),(15334,36),(2135,37),(15385,65),(2273,66),(15327,67),(13173,68),(10048,71),(10171,72),(12469,73),(9018,74),(8311,97),(13654,98),(1900,99),(12066,100),(8358,101),(8882,102),(1665,103),(10034,104),(10035,112),(13022,113),(2103,114),(15300,115),(2275,116),(12662,117),(15025,118),(2283,119),(13446,121),(15176,122),(2086,123),(8667,124),(15041,136),(15343,311),(13241,312),(8935,313),(13885,149),(8346,150),(13539,151),(13999,152),(14159,153),(15276,154),(15020,155),(15369,156),(8881,157),(2167,158),(10075,159),(8860,160),(14017,161),(15315,162),(15078,163),(8931,164),(9071,196),(15040,197),(12563,198),(13251,199),(13718,386),(2175,387),(2008,388),(2110,389),(8819,214),(2067,215),(9034,216),(1946,217),(14107,237),(8973,238),(15203,239),(10081,240),(15189,250),(8326,251),(12247,252),(15398,253),(2292,291),(8783,292),(12653,293),(8592,294),(13433,295),(15384,296),(1970,297),(15114,298),(13712,399),(15105,400),(15254,401),(10170,402),(10153,403),(15325,404),(8475,405),(15097,406),(10059,414),(8536,415),(8888,416),(12297,417),(13397,48),(15028,49),(8473,50),(10024,51),(8369,169),(2160,170),(15128,171),(15138,172),(8478,186),(10161,187),(10027,188),(9037,189),(13249,38),(2186,39),(8304,40),(8331,41),(10090,262),(13557,263),(15139,264),(13606,265),(12715,343),(8365,344),(15292,345),(15319,346),(12864,244),(8337,245),(12218,246),(1904,247),(13284,107),(8401,108),(8968,109),(8354,110),(14232,205),(13047,206),(8940,207),(8348,208),(12986,19),(13842,20),(8403,21),(14182,22),(12633,23),(2288,53),(2194,54),(8784,55),(12097,56),(15108,57),(15062,58),(8987,59),(8632,60),(13575,61),(10188,62),(12636,75),(1752,76),(8690,77),(14111,78),(13274,79),(9097,83),(12614,84),(15221,85),(2114,86),(15383,87),(1997,92),(15178,93),(12322,94),(13374,95),(15110,96),(12310,126),(1664,127),(15330,128),(10029,129),(15034,130),(15193,177),(15154,178),(15070,179),(13798,180),(15304,181),(8559,227),(8763,228),(10177,229),(15195,230),(15058,231),(15246,232),(12724,233),(10136,234),(10044,235),(1754,236),(2247,275),(8810,276),(12134,277),(8692,278),(13927,279),(9014,280),(8483,281),(14135,282),(15093,283),(15181,284),(8457,43),(15091,44),(8718,45),(1909,46),(15338,305),(12248,218),(15157,219),(15394,220),(2274,221),(12648,222),(9084,325),(15170,326),(15266,327),(8805,328),(9064,329),(8830,363),(12550,364),(12545,365),(12031,366),(13649,367),(10076,368),(8557,369),(10106,370),(8316,371),(10187,372),(15375,241),(8630,396),(12383,131),(13075,132),(15095,141),(10010,147),(15358,192),(8352,193),(12687,204),(10061,287),(12937,290),(15258,319),(13390,320),(13070,330),(10145,341),(12930,360),(12054,376),(2164,390),(1981,428),(13909,379),(12700,210),(15201,211),(9010,81),(12333,82),(8474,173),(14195,174),(14147,175),(11982,176),(8635,194),(15314,195),(15374,242),(13892,243),(12659,302),(13049,303),(13344,331),(10055,332),(9043,377),(15133,378),(8793,397),(2118,398),(1789,412),(8713,413),(12142,90),(15281,91),(2281,145),(8619,146),(15081,190),(15371,191),(13242,334),(14230,335),(8345,422),(14061,423),(15003,165),(1790,166),(14243,167),(10054,168),(13580,200),(1626,201),(8794,202),(13735,203),(12813,266),(8359,267),(1931,268),(13822,269),(15018,270),(14198,271),(10132,272),(10129,273),(10124,336),(8918,337),(1721,338),(8416,339),(12542,381),(8432,382),(12378,383),(1704,384),(8315,391),(8430,392),(10147,393),(8956,394),(10082,182),(15279,183),(15089,184),(14189,185),(15152,321),(8578,322),(1773,323),(1658,324),(2080,434),(15014,435),(2163,436),(8439,437),(8957,438),(2295,439),(15087,440),(15348,441),(10016,442),(15125,443),(12640,444),(12261,445),(15255,446),(10050,447),(8381,448),(15098,449),(12516,450),(8894,451),(15055,452),(12456,453),(1755,454),(8921,455),(10107,456),(10126,457);

--
-- Table structure for table `team`
--

CREATE TABLE `team` (
  `name` varchar(36) NOT NULL DEFAULT '',
  `city` varchar(26) DEFAULT NULL,
  `state` varchar(26) DEFAULT NULL,
  `country` varchar(26) NOT NULL DEFAULT '',
  `class` char(2) NOT NULL DEFAULT '',
  `ala` tinyint(1) NOT NULL DEFAULT '0',
  `sponsors` varchar(255) DEFAULT NULL,
  `anecdote` mediumtext,
  `fee_paid` decimal(9,2) DEFAULT NULL,
  `online_reg` tinyint(1) NOT NULL DEFAULT '0',
  `payment_type` char(2) DEFAULT NULL,
  `time` timestamp NOT NULL DEFAULT CURRENT_TIMESTAMP,
  `username` varchar(8) DEFAULT NULL,
  `password` varchar(8) DEFAULT NULL,
  `admin_notes` varchar(255) DEFAULT NULL,
  `song_title` varchar(50) DEFAULT NULL,
  `song_artist` varchar(50) DEFAULT NULL,
  `number_of_riders` int(3) DEFAULT NULL,
  UNIQUE KEY `team_pkey` (`name`)
) ENGINE=MyISAM DEFAULT CHARSET=latin1;

--
-- Dumping data for table `team`
--

INSERT INTO `team` VALUES ('Sean McGinnis','Langhorne','PA','USA','M3',0,'','East Coast Old School....',168.50,0,'CC','2012-01-03 18:18:23','0-YgGt8r','Lang','Purchaser: Sean K McGinnis - 223 W Richardson Ave -  - Langhorne - PA - 19047 - US - 908.745.8647 - seankmcginnis@gmail.com - 01.03.12','Corona','Minutemen',1),('Raya\'s Almost Single Speed Landshark','Bethlehem','NH','USA','MS',0,'','',390.00,0,'CC','2012-08-10 19:15:49','0-tElfKU','almost1','Purchaser: Kevin M. McShane - 18 Willow St.  -  - Littleton - NH - 03561 - US - 6035206155 - kevinmmcshane@gmail.com - 08.10.12','','',4),('Biking for Beth','ellsworth','ME','USA','WD',0,'','',372.08,0,'CC','2012-01-04 00:04:20','0-d6mZDr','biking1','Purchaser: michele gagnon - 121 alton ave -  - ellsworth - ME - 04605 - US - 207-669-5742 - mgagnon@roadrunner.com - 01.03.12','Hold On','Sean Paul',2),('Dean Poplawski','Dudley','MA','USA','MF',0,'Band Aid, Icy-Hot, McDonalds, Dominos Pizza, Mountain Dew, My Orthopedic Surgeon','Some drink from the fountain of knowledge.  I just gargle.',168.50,0,'CC','2012-01-05 13:58:48','0-QZ4tuQ','dudley1','Purchaser: Dean P Poplawski - 63 Pierpont Road -  - Dudley - MA - 01571 - US - 508-943-9371 - deanpop33@charter.net - 01.05.12','','',1),('Tipert, Christen','Danvers','MA','USA','WF',0,'','',168.50,0,'CC','2012-01-05 16:40:38','0-JVZzK7','x1xqsXtW','Purchaser: Christen Tipert - 10 Stafford Road -  - Danvers - MA - 01923 - US - 978-884-4629 - christen.tipert@verizon.net - 01.05.12','','',1),('Dave Richard','Vassalboro','ME','USA','MF',0,'Central Maine Cycling Club\r\nMathieu\'s Cycle','Even if I don\'t reach all my goals, I\'ve gone higher than I would have if I hadn\'t set any.',168.50,0,'CC','2012-01-05 21:38:05','0-RIqNmh','x1xRN4y6','Purchaser: David T Richard - 35 Katie Drive -  - Vassalboro - ME - 04989 - US - 207-485-0955 - cmcc@roadrunner.com - 01.03.12','Who let the dogs out?','Baha Men',1),('Barton, Mark','Salem','MA','USA','MF',0,'','',168.50,0,'CC','2012-01-06 00:13:34','0-jXRpxB','x1xVWAxj','Purchaser: Christen Tipert - 10 Stafford Road -  - Danvers - MA - 01923 - US - 978-985-1871 - markbarton403@gmail.com - 01.05.12','','',1),('Justin Walsh','Salem','MA','USA','MZ',0,'','',168.50,0,'CC','2012-01-06 17:30:52','0-prVtCZ','x1xUCkHD','Purchaser: JUSTIN M WALSH - 36 English St -  - Salem - MA - 01970-5206 - US - 9782694179 - justinwalsh.com@gmail.com - 01.06.12','','',1),('McGowan, Shawn','Newfields','NH','USA','MF',0,'','',168.50,0,'CC','2012-01-06 18:20:08','0-znJxTk','x1xJ6Txn','Purchaser: Shawn B. McGowan - 51 Hemlock Ct -  - Newfields - NH - 03856 - US - 6035024251 - smcgowan@newmarketinc.com - 01.03.12','','',1),('League of Extraordinary Gentlemen','Dover','NH','USA','C5',0,'','',488.50,0,'CC','2012-01-09 23:22:06','0-0TnH8V','craigg','Purchaser: Wendi L Servetas  - 11 South Watson Ln  -  - Dover  - NH - 03820 - US - 603-742-9412 - mtnrunner4@comcast.net - 01.09.12','','',5),('cary potter','ny','NY','USA','MF',0,'','',168.50,0,'CC','2012-01-12 19:08:46','0-x26KNF','x1xui8e2','Purchaser: cary potter - 235 east 73rd st apt 12a -  - ny - NY - 10021 - US - 203-536-0686 - cnickpotter@yahoo.com - 01.12.12','','',1),('Rob Gauthier','Groveton','NH','USA','MF',0,'','It\'s all downhill from here....',183.50,0,'CC','2012-01-13 21:26:19','0-0MdySV','x1x3kAWZ','Purchaser: Robert Gauthier - 7 Paper St. -  - Groveton - NH - 03582 - US - 603-636-0049 - robgrovetonemd@gmail.com - 01.13.12','','',1),('Paycheck to Paycheck','Goffstown','NH','USA','MS',0,'','',390.00,0,'CC','2012-01-16 20:55:00','0-OI6nue','badger','Purchaser: Aaron Miller - 17 Tenney Rd. -  - Goffstown - NH - 03045 - US - 603.953.3070 - aarondanielmills@comcast.net - 01.16.12','','',4),('Dan Kindstrand','Plainville','MA','USA','MF',0,'Kryptonite','',168.50,0,'CC','2012-01-19 17:48:46','0-NUJqur','x1xqnItg','Purchaser: Alison J Donlan - 437 Turnpike St -  - Canton - MA - 02021 - US - 781-708-3646 - dkindstrand@irco.com - 01.19.12','','',1),('Shields, Gregg','Errol','NH','USA','MZ',0,'','',168.50,0,'CC','2012-01-20 02:23:06','0-t69q3q','x1xWabar','Purchaser: Gregg A Shields - 25 Main Street - PO Box 190 - Errol - NH - 03579 - US - 603-482-7777 - bikerfreak42@gmail.com - 01.19.12','','',1),('do you have any more snacks?','Arlington','MA','USA','DS',0,'','',253.25,0,'CC','2012-01-21 00:24:41','0-KSKbmG','cloglady','Purchaser: Leah Pappas-Barnes - 67 Massachusetts Ave -  - Arlington - MA - 02474 - US - 6174604804 - leahpb@gmail.com - 01.20.12','','',2),('Clark Brothers Racing','Pittsfield','NH','USA','MS',0,'','Beer drinkers with a mountain biking problem.',390.00,0,'CC','2012-01-21 14:32:01','0-Iq8WvZ','misfit','Purchaser: Kevin M Como - 43 Connemara Dr. -  - Chichester - NH - 03258 - US - 603-731-4374 - kevinmcomo@gmail.com - 01.21.12','','',4),('Mason Racing-Masters','West Lebanon','NH','USA','MO',0,'Mason Racing','',390.00,0,'CC','2012-01-22 13:58:14','0-LxXCiC','mrmstr','Purchaser: Mark Vojtko - 475 Miller Pond Road -  - Grantham - NH - 03753 - US - 6036677333 - mvojtko48@gmail.com - 01.22.12','','',4),('Bill Jason','Winslow','ME','USA','M3',0,'Central Maine Cycling Club/Mathieu\'s Cycle','',198.50,0,'CC','2012-01-23 01:41:42','0-ftA7ks','x1x7Q9k6','Purchaser: William F Jason - 8 Rock Ridge Drive -  - Winslow - ME - 04901 - US - 207-877-8850 - jasons4@roadrunner.com - 01.22.12','','',1),('Zilla Racing','Southwick','MA','USA','5C',0,'New England Bicycle','We\'re just some guys who love to ride',541.00,0,'CC','2012-01-23 21:13:46','0-XWEben','nissan','Purchaser: Kevin W. Learned - 88-B Congamond Road -  - Southwick - MA - 01077 - US - 413-998-3192 - adrenalin1962@gmail.com - 01.23.12','','',5),('Skyline Bikers 2','Medford','MA','USA','MB',0,'','',390.00,0,'CC','2012-01-25 01:56:54','0-E27xoi','password','Purchaser: Mark Flaherty - 10 dole place -  - west newbury - MA - 01985 - US - 2037335887 - furbs_33@yahoo.com - 01.24.12','','',4),('Alan Cunningham','Winslow','ME','USA','MY',0,'Central Maine Cycling Club/Mathieu\'s Cycle & Fitness','',263.50,0,'CC','2012-01-26 01:31:28','0-aafUhu','x1xtzy9P','Purchaser: Alan Cunningham - 457 Cushman Road -  - Winslow - ME - 04901 - US - 2078729208 - cunningham7500@roadrunner.com - 01.25.12','','',1),('CT Cranksters','Hartford','CT','USA','C5',0,'','We\'re not really racers, but we stayed at a Holiday Inn last night! ;-)',488.50,0,'CC','2012-01-26 16:57:07','0-C9GGoG','suerocks','Purchaser: Garth Charland - 979 Main Street -  - Watertown - CT - 06795 - US - 8609456565 - waycoolmg@gmail.com - 01.26.12','Creedence','Who\'ll stop the rain?',5),('Crank the Zank','Sutton','MA','USA','C5',0,'Zanconato Custom Cycles','',488.50,0,'CC','2012-01-26 18:41:24','0-6mJL7B','baker1','Purchaser: donald baker - 62 meetinghouse circle -  - needham - MA - 02492 - US - 781-444-5555 - velocb@mac.com - 01.23.12','','',5),('Chris Bryant','Glastonbury','CT','USA','M3',0,'Team Misfits','',168.50,0,'CC','2012-01-26 18:51:15','0-jIbtgv','chris1','Purchaser: chris w. Bryant - 1131 d new brtian ave  -  - west hartford  - CT - 06110 - US - 860-884-5056 - misfitcrash@gmail.cm - 01.23.12','','',1),('Rami El Rayess','Hampton','NH','USA','MZ',0,'','',168.50,0,'CC','2012-01-26 21:39:17','0-Q06N2L','x1xSfxfW','Purchaser: Rami El Rayess - 22 Huckleberry Lane -  - Hampton - NH - 03842 - US - 6039696474 - relrayess@gmail.com - 01.26.12','','',1),('Top Gun','West Greenwich','RI','USA','MS',0,'','Son, your ego is writing checks your body can\'t cash.',390.00,0,'CC','2012-01-27 00:31:23','0-pn6oaG','RL-D680','Purchaser: Stephen L Bentley - 6 Woburn Street -  - Coventry - RI - 02816 - US - 401-996-8228 - bent206@yahoo.com - 01.26.12','Danger Zone','Kenny Loggins',4),('Bar Harbor Bike/Precision Endurance','North Conway','NH','USA','MD',0,'Bar Harbor Bike Shop, Precision Endurance','',253.25,0,'CC','2012-01-27 20:03:15','0-P9GtSQ','mikesam','Purchaser: Michael J Daubenspeck - 84 Duprey Road -  - North Conway - NH - 03860 - US - 603-986-3534 - mike@daubenspeck.org - 01.27.12','','',2),('Sucker Punch','Raynham','MA','USA','MS',0,'','',390.00,0,'CC','2012-01-29 16:20:59','0-gf6D7K','pinelodg','Purchaser: Bryan Dupuis - 712 Park Pl -  - Raynham - MA - 02767 - US - 7742813104 - dupuis116@hotmail.com - 01.29.12','','',4),('The Toxic Avengers','providence','RI','USA','C5',0,'','Two women who kick ass and the guys that ride with them.',488.50,0,'CC','2012-01-30 18:12:15','0-TtcmE3','lyons120','Purchaser: lynn samartano - 28 ringgold st - unit #3 - providence - RI - 02903 - US - 401-206-9694 - mjs_gti@yahoo.com - 01.30.12','','',5),('Weekend Warriors','Newton','NH','USA','DM',0,'Strider Bikes','The slackers have split.  We are dipping into the 12 hour race.  I will wake up with a smile on my face to those bagpipes.',169.00,0,'CC','2012-01-31 01:02:09','0-Scrw1l','element','Purchaser: Nicholas DeGruttola III - 29 Williamine Dr -  - Newton - NH - 03858 - US - 6033827467 - nickdegruttola@yahoo.com - 01.30.12','','',2),('Biff! Bang! Pow!','Providence','RI','USA','C5',0,'','',488.50,0,'CC','2012-01-31 01:05:45','0-LcbdRs','veganish','Purchaser: Alan W Winsor - 79 Henry Brown Rd -  - W Greenwich - RI - 02817 - US - 401.864.3581 - alanwinsor@cox.net - 01.30.12','','',5),('Bonnie and Clyde of Mason Racing','Lebanon','NH','USA','OD',0,'Mason Racing','The new smoking Double Barrel Shot Gun with a feather light trigger. Got NOS for blood and a reckless behavior.',253.25,0,'CC','2012-01-31 03:51:58','0-lXLCov','ericazee','Purchaser: Scott R Contois - Po Box 1016 -  - Lempster  - NH - 03605 - US - 603-504-2872 - scottcboy76@yahoo.com - 01.30.12','','',2),('More Oxygen Please','Newmarket','NH','USA','DC',0,'','',169.00,0,'CC','2012-01-31 03:54:00','0-muDC4n','oxygen12','Purchaser: AJ Shattuck - 405 Piscassic Street -  - Newmarket - NH - 03857 - US - 6036749310 - shattuck.aj@gmail.com - 01.30.12','','',2),('Can\'t Say No','Montgomery Center','VT','USA','C5',0,'First Trax Ski and Bike Shop','',488.50,0,'CC','2012-01-31 16:54:03','0-244fNz','kaly12','Purchaser: Glenn M Belongie - PO Box 508 -  - Montgomery Center - VT - 05471 - US - 508-254-4668 - gbelongie@gmail.com - 01.31.12','','',5),('Two Wheeled Mafia','loudon','NH','United States','MD',0,'Revolution Cyclery, Felt, Light and Motion','Were a bunch of hell raising, beer drinking, good for nothing italian mountain bikers from NH LOL',390.00,0,'CC','2012-01-31 23:23:05','0-45g00K','jkm123','Purchaser: john k maleski - 279 north village road - APT-1 - loudon - NH - 03307 - US - 603-219-3424 - jkmmxzx@comcast.net - 01.31.12','','',2),('Pull My Finger','New Milford','CT','USA','MS',0,'','',390.00,0,'CC','2012-02-01 00:50:48','0-M5j2ka','finger','Purchaser: Glenn O Banning - 10 Ash Lane -  - New Milford - CT - 06776 - US - 203-948-1172 - glennban@charter.net - 01.31.12','','',4),('True Steam','Amherst','NH','USA','MD',0,'','',287.25,0,'CC','2012-02-01 01:35:23','0-85joUV','truestea','Purchaser: David A Hanlon - 4 Brays Ln. -  - Amherst - NH - 03031 - US - 6038014864 - davehanlon222@gmail.com - 01.31.12','','',2),('Skyline Bikers 1','Medford','MA','USA','WS',0,'','',390.00,0,'CC','2012-02-01 02:23:00','0-O939RZ','skyline','Purchaser: Ann Brophy - 43 Orchard St -  - Medford - MA - 02155 - US - 9789793354 - brophyamb@gmail.com - 01.31.12','','',4),('Krug, Christopher','North Conway','NH','USA','MF',0,'Eastsidebikeguides.com, Hardwaterkiting.com','',168.50,0,'CC','2012-02-01 03:55:29','0-SYUoZX','x1x8nmu7','Purchaser: Christopher J. Krug - PO Box 1501 - 122 Depot Rd. - North Conway  - NH - 03860 - US - 6033566251 - hardwaterkiter@gmail.com - 01.31.12','','',1),('8:30 from Feng','Cohasset','MA','USA','MS',0,'Outside In, SSACC: south shore association of casual cyclists, Harpoon, our families','It never gets easier, you just go faster',451.00,0,'CC','2012-02-01 04:09:08','0-ZMYORc','cohasset','Purchaser: John Naples - 7 Parker Ave -  - Cohasset - MA - 02025 - US - 781-249-7001 - jmnaples@gmail.com - 01.31.12','','',4),('Pineapple Express','Cohasset','MA','USA','MS',0,'Outside In, SSACC: south shore association of casual cyclists, B3, our families','\"Never going to give you up. \r\nNever going to let you down.\r\nNever going to run around \r\nand hurt you.\"',390.00,0,'CC','2012-02-01 04:19:05','0-Ntzmck','Cohasset','Purchaser: John Naples - 7 parker Ave -  - Cohasset - MA - 02025 - US - 781-249-7001 - jmnaples@gmail.com - 01.31.12','','',4),('Larsen, Jeremy','Alpine','WY','USA','MZ',0,'Dr. Niki Milleson\r\nRose Bike\r\nKoyo Restaurant','Beer drinker with a mountain bike solution.',234.50,0,'CC','2012-02-01 04:25:49','0-FBoxbg','x1xjyLhf','Purchaser: Jeremy Larsen - PO Box 3715 - 690 Sunset Dr - Alpine - WY - 83128 - US - 307-654-7669 - mtnale@aol.com - 01.31.12','','',1),('HRRT/Specialized','Niskayuna','NY','USA','MS',0,'HRRT - Heather Rizzi Race Team\r\nSpecialized\r\nPlaine and Son Bike Ski Warehouse','',574.00,0,'CC','2012-02-03 04:35:29','0-wAbzx1','HRRT1','Purchaser: Robert Weybright - 7 Brenner Ridge Road -  - Pleasant Valley - NY - 12569 - US - 845-797-8878 - bob@weybright.net - 02.02.12','Mumford and Sons','Winter Winds',4),('Papa and the Four Bears','Westfield','VT','USA','C5',0,'','',488.50,0,'CC','2012-02-07 14:44:25','0-O8EKQM','lyster1','Purchaser: denny lyster - 1552 north hill road -  - westfield - VT - 05874 - US - 8027446839 - dlyster@hughes.net - 01.31.12','','',5),('Bliss, Burt','Whitinsville','MA','USA','TM',0,'','The Older Slug!',141.00,0,'CC','2012-02-12 20:45:02','0-Nv2MlP','casey123','Purchaser: Burt J Bliss - 298 Swift Road -  - Whitinsville - MA - 01588 - US - 508-234-3780 - bscjbt@aol.com - 02.12.12','','',1),('Bliss, Casey','Whitinsville','MA','USA','TM',0,'','The Younger Slug!',110.00,0,'CC','2012-02-12 20:53:30','0-hdj7N4','critter','Purchaser: Burt J Bliss - 298 Swift Road -  - Whitinsville - MA - 01588 - US - 508-234-3780 - bscjbt@aol.com - 02.12.12','','',1),('Chris Meier','Intervale','NH','USA','TM',0,'Cooper Cargill Chant, PA','Slow and not so steady',110.00,0,'CC','2012-03-14 00:28:30','0-PpriCz','jameskpo','Purchaser: Christopher T Meier - 2935 White Mountain Hwy -  - North Conway - NH - 03860 - US - 617-840-0853 - ctmeier@gmail.com - 03.13.12','','',1),('The Cereal Killers','Portsmouth','NH','USA','MS',0,'Pabst Blue Ribbon Beer, Chef Boyardee, The Band Asia','On June 26, 201 28 Million boxes of cereal were recalled.  Most were successfully captured and destroyed but some managed to survive.  They now race mountain bikes in NH and they are \"Cereal Killers\"  Be afraid....Be Very Afraid.',605.50,0,'CC','2012-02-20 15:39:32','0-SiMvwW','cereal1','Purchaser: Richard T Matthes - 69 Sunset Road -  - Portsmouth - NH - 03801 - US - 603-373-8074 - richmatthes@me.com - 02.20.12','','',4),('Contra Baggers','Arlington','VA','USA','MP',0,'','',459.00,0,'CC','2012-03-10 17:57:02','0-IfFp69','fersure','Purchaser: Patrick G Phillips - 1710 N. Nelson St. -  - Arlington - VA - 22207 - US - 703 835 7933 - patphillips52@gmail.com - 03.10.12','','',4),('Kokopelli Inn beats Irene','Killington','VT','USA','MF',0,'','In the Irene Storm the Kokopelli Inn was crushed. We were not able to open in 2011/2012 season. Check out our website for our story kokopelliinnspa.com\r\nDear Editor and Friends,\r\n\r\n CRUSHED BY IRENE FLOOD NEED HELP TO STAY IN BUSINESS!!!!!\r\n\r\nFirst, I need to say how incredible all the small towns in the Green Mountain State have pulled together as a team in the devastating aftermath of Irene. I also need to thank all the people in the Killington area and the Killington Town Garage for there support and help with the Kokopelli Inn clean up. \r\nAs I work through this rebuilding journey there are a couple of quotes from two long time proven Killington business owners that have helped me through this process. Casey Cromton said “be patient, there is always a Silver Liningâ€ and Steve Durkee wrote me a note “It will get better.â€ At this point these are difficult to believe but we are doing our best. \r\nSecondly, our new Vermont slogan is “I am Vermont Strong.â€ If you would have asked us 3 weeks ago we would have said, “Of course we are, ‘Vermont Strong.’â€ We would have included our home and business, the Kokopelli Inn, as Vermont Strong, too. All of this proved to be weaker than Mother Nature. She challenged us in ways that no one expected. We are among those who have lost everything in a blink of Mother Nature’s eye.\r\nOur loss includes our business, our home, and our jobs. We are also hearing the effects of the loss on the hundreds of our extended family, the Kokopelli tribe members. Families that have planned annual holidays to be in Killington at our Inn are worrying about the loss of their reunion location; and wedding guests are scrambling to make other arrangements. From our seasonal shares who visit every weekend to all our other guests, and our signature Pot Luck Dinner Friday crew, are who make up the Kokopelli Inn family.\r\nIt breaks our heart to see that the Kokopelli Inn’s wounds from Irene run so deep. We pride ourselves on providing an Inn that brings families together. The Inn has the space to accommodate large families and guests. On August 28th, Tropical Storm Irene came to us with the force of a Hurricane and took so much away.\r\nIn a matter of hours our home and business was destroyed. The landslide that came from the swollen river up the hill, the huge metal culvert could not handle. The house across the street collapsed into the river then blocked the culvert completely and the river turned toward us. The river that was filled with boulders, mud, trees and the remains of the house ended up piling up around the Inn. Boulders rolled through the front widows and crashed through the walls like they were made of paper. The boulders were followed by a flood of river water that came through the windows and filled our basement. \r\nIrene did leave her mark on the Kokopelli; it includes a mountain of debris 8-10 feet deep that has locked into place like cement. Our storage basement filled with water and our basement home completely destroyed. The entire infrastructure is damaged, tons of debris in our yard, and septic system. Our electric and heating system is destroyed, the well is not working, the debris has settled, and our parking lot is a rocky river bed. \r\nOver the past 8 years we have used all of our resources trying to build a successful B & B business in Killington. We have sacrificed our time, money and energy. We have developed a strong partnership with the town of Killington. We have worked closely with the Killington Chamber of Commerce, the Economic Development and Tourism Commission, and the Killington Ski Resort organization. The results of our partnership with the region have helped our B & B business flourish with a strong extended family of loyal guests. \r\nAs many of the other Vermonters affected by this disaster understand, we are getting NO support from the insurance companies. FEMA has given us some immediate assistance, which we are grateful for, but it’s a small fraction of what we will need to bring the Kokopelli back to life.\r\nOur story is not unique. We could substitute many businesses and homes into our story. We are used to being the shelter from the storm, being able to offer rooms to families who need a place to call home. This is an incredibly challenging time for many people throughout Vermont. The water has receded, roads are beginning to open, and lives are moving on at a more normal pace. \r\nHowever, there are many of us whose road is long and filled with debris. Vermont pride and strength will continue to move us forward. In the meantime, please know that if you have ever considered a rock wall as part of your backyard that now is the time to build it. We have plenty of rock at the Kokopelli, please feel free to come by and take as much as you want!\r\nWe need help to fix the damage from Irene. We have submitted applications for all the assistance that has been made available. The cost in damages far exceeds the available funding. Cleaning the building to make it safe for us to enter has reduced what we have received drastically and we do not have money available to pay to rebuild the infrastructure. We are looking for donations in return for future weekend stays at a drastically discounted rate. We need tradesmen willing to offer their time in trade as well. Please contact us at Castrolmartin@aol.com for more info. \r\nHurricane Irene has been the worst, most destructive guest we have had at the Kokopelli Inn. We welcome all at the Kokopelli, however I hope if another Irene comes through Killington she chooses a different place to stay.\r\nThank you,\r\nChuck and Barbara.\r\nChuck Phone 802-236-4409 and 603-217-7988\r\nBarbara Phone 802-236-8913',264.00,0,'CC','2012-03-15 00:47:25','0-WZhruF','irene1','Purchaser: Martin Bursaw - PO box 198 -  - killington - VT - 05751 - US - 603-217-7988 - castrolmartin@aol.com - 03.14.12','','',1),('The Tuckermen','Presque Isle','ME','USA','MD',0,'Associated Appraisal Services LLC','',0.00,0,'CC','2012-04-02 20:58:16','0-i2iL1n','EleanorG','Purchaser: Joseph P St Peter - 42 Cedar Street -  - Presque Isle - ME - 04769 - US - (207) 540-3531 - joseph_st.peter@yahoo.com - 04.02.12','','',2),('A Reason To Smile','Jeffersonville','VT','USA','DC',0,'','',0.00,0,'CC','2012-04-03 20:59:03','0-YbRr5L','r2smile','Purchaser: Nathan Mascolino - 335 Deer Run Heights -  - Jeffersonville - VT - 05464 - US - 802-598-4985 - nathanm@vhv.com - 04.03.12','','',2),('Jinks, David','Toms River','NJ','USA','TM',0,'','',176.00,0,'CC','2012-04-08 11:52:38','0-PiRSIE','hockey68','Purchaser: David Jinks - 359 Flaam -  - Toms River - NJ - 08753 - US - 732-288-0415 - Dajjinks@aol.com - 04.08.12','','',1),('Crofton, Tom','Flemington','NJ','USA','MF',0,'','',198.00,0,'CC','2012-04-26 13:12:04','0-vrBy44','x1xlwQxA','Purchaser: Thomas V Crofton - 23 Maple Court -  - Flemington - NJ - 08822 - US - 908-782-1203 - tommyc23@gmail.com - 04.24.12','','',1),('Cadre Racing','Rocky Point','NY','USA','MS',0,'www.somethingwickedvents.com','Prenez Garde Le Cadre',459.00,0,'CC','2012-05-05 19:10:43','0-H6nnd1','cadre1','Purchaser: Jeff Carlson - 49 magnolia dr. -  - Rocky Point - NY - 11778 - US - 6315665045 - carlsonmech@optimum.net - 05.05.12','','',4),('aR-BLACK','Merrimack','NH','USA','MS',0,'','',459.00,0,'CC','2012-05-19 13:00:42','0-YmY4sW','acidotic','Purchaser: CHRISTOPHER J DUNN - 43 CROSS ROAD -  - STRAFFORD - NH - 03884 - US - 603.978.5924 - acidoticRACING@hotmail.com - 05.19.12','','',4),('aR-GOLD','LYNN','MA','USA','MS',0,'','',459.00,0,'CC','2012-05-19 13:12:35','0-OpzOj4','acidotic','Purchaser: CHRISTOPHER J DUNN - 43 CROSS ROAD -  - STRAFFORD - MA - 03884 - US - 603.978.5924 - acidoticRACING@hotmail.com - 05.19.12','','',4),('aR_GREY','Brooks','ME','USA','MS',0,'','',459.00,0,'CC','2012-05-19 13:22:26','0-qIoBQ4','acidotic','Purchaser: CHRISTOPHER J DUNN - 43 CROSS ROAD -  - STRAFFORD - ME - 03884 - US - 603.978.5924 - acidoticRACING@hotmail.com - 05.19.12','','',4),('Superkittenzzz','Somerville','MA','USA','WT',0,'','We are four pretty cute girls who can\'t wait to ride our mountain bikes fast!',271.00,0,'CC','2012-05-21 15:00:08','0-JltMAb','griffith','Purchaser: Emily Smith - 81 Pearson Avenue - #1 - Somerville - MA - 02144 - US - 818-782-8454 - em.eliz.smith@gmail.com - 05.21.12','','',4),('Reservoir Dogs','West Hartford','CT','USA','MB',0,'','Just a bunch of guys who like to ride around in the woods as often as possible!',459.00,0,'CC','2012-05-29 13:10:11','0-dmVHTK','riding','Purchaser: Jason Gallaway - 24 Fernbrook -  - West Hartford - CT - 06107 - US - 860-922-1021 - jason.gallaway@thehartford.com - 05.29.12','','',4),('Serious Cycles','Duxbury','MA','USA','DM',0,'','',169.00,0,'CC','2012-05-29 14:40:38','0-lPU4YG','cycle1','Purchaser: Kevin Dahlen - 1500 Tremont St -  - Duxbury - MA - 02332 - US - 6176882200 - Kevin@dahlenco.com - 05.28.12','','',2),('Pinnacle Pair','Newport','NH','USA','DM',0,'Claremont CycleDepot','Father and son with some unfinished business.',169.00,0,'CC','2012-05-31 10:54:15','0-2Yi8ft','bjc1515','Purchaser: brian james currier - 10 2nd street -  - newport - NH - 03773 - US - 6038637678 - brian@team-pinnacle.org - 05.31.12','','',2),('JawBone','Pittsfield','MA','USA','C5',0,'Arcadian Shop','',574.00,0,'CC','2012-05-31 12:53:35','0-CJnqJo','jawbone1','Purchaser: Heather Steinhour - PO Box 146 -  - Montgomery Center - VT - 05471 - US - 8023262043 - hsteinhour@yahoo.com - 05.28.12','','',5),('JayYoungs','Jay','VT','USA','TC',0,'','',271.00,0,'CC','2012-06-01 13:18:17','0-zFVJzH','Atticus1','Purchaser: Meredith P Young - 94 Wildernerness Rd -  - Jay - VT - 05859 - US - 802-988-4465 - mpyoung@comcast.net - 06.01.12','','',4),('aR-CLASSIC','Lee','NH','USA','MB',0,'','',459.00,0,'CC','2012-06-01 14:12:12','0-ccJ8Ve','cyburt','Purchaser: Kevin Burt - 33 Stepping Stone Rd. -  - Lee - NH - 03861 - US - 603-303-0416 - 24hogg@cyburt.com - 06.01.12','','',4),('K2','Goffstown','NH','USA','DC',0,'','',169.00,0,'CC','2012-06-02 17:18:38','0-5LXJlF','kellyden','Purchaser: Kelly D Piche - 817 Back Mountain Road -  - Goffstown - NH - 03045 - US - 6177217453 - kellydpiche@gmail.com - 06.02.12','','',2),('Nelson, Erik','Intervale','NH','USA','TM',0,'','',110.00,0,'CC','2012-06-02 22:18:32','0-DoA2eq','jenerik','Purchaser: Erik Nelson - PO Box 721 -  - Intervale - NH - 03845 - US - 603-724-4497 - jenerik512@roadrunner.com - 06.02.12','','',1),('Laracy, M','Conway','NH','USA','TM',0,'','',110.00,0,'CC','2012-06-04 12:13:57','0-lhO3st','x1xfLxxf','Purchaser: Michael Laracy - PO Box 1414 -  - North Conway - NH - 03860 - US - 603 662 5483 - Michael.laracy@rapidinsightinc.com - 06.02.12','','',1),('Pinnacle Dynamic Duo','Enfield','NH','USA','DM',0,'Claremont Cycle Depot','',169.00,0,'CC','2012-06-04 12:47:02','0-2M0xrg','Pinnacle','Purchaser: Jeremy Beliveau - PO Box 991 -  - Enfield - NH - 03748 - US - 6036329192 - jeremy.beliveau@hypertherm.com - 06.04.12','','',2),('Hurtbox','Portland','ME','USA','MS',0,'','',459.00,0,'CC','2012-06-04 14:07:57','0-43Ecmc','ski31LOA','Purchaser: David Hatch - 26 Friar Lane -  - Cumberland - ME - 04021 - US - 2072334760 - dhhatch@gmail.com - 06.04.12','','',4),('Con Queso','Boston','MA','USA','TO',0,'','',271.00,0,'CC','2012-06-04 16:54:16','0-2Mquwh','41604304','Purchaser: Christopher Davis - 23 Burnham St -  - Somerville - MA - 02144 - US - 7604732809 - davis04@gmail.com - 06.04.12','','',4),('Brian Johnston','North Conway','NH','USA','TM',0,'','',125.00,0,'CC','2012-06-04 19:38:50','0-p77hH8','brian1','Purchaser: Brian Johnston - 147 Dandiview Road -  - North Conway - NH - 03860 - US - 603-986-5256 - brainjohnston@yahoo.com - 06.02.12','','',1),('Hustlin\' Honeys','Portsmouth','NH','USA','WB',0,'Philbrick\'s Sports \r\nwww.philbricks.com','',459.00,0,'CC','2012-06-04 19:40:47','0-6WIDuv','hustle1','Purchaser: Lauren McMullen - 4 Pine Acres -  - Amherst - NH - 03031 - US - 6039665085 - lauren.mcmullen09@gmail.com - 06.04.12','','',4),('Scargill, Brian','Brookline','NH','USA','MF',0,'','',198.00,0,'CC','2012-06-04 19:42:28','0-yjfDMO','1brian','Purchaser: Brian A Scargill - 46 Laurelcrest Dr  -  - Brookline - NH - 03033 - US - 603-305-6680 - Scargill.brian@gmail.com - 06.03.12','','',1),('Mason Racing','Grantham','NH','USA','DW',0,'Mason Racing','',169.00,0,'CC','2012-06-04 19:43:46','0-dubDQh','mason1','Purchaser: Sarah E Foulkes - 475 Miller Pond Road -  - Grantham - NH - 03753 - US - 603-493-8417 - sefoulkes@gmail.com - 06.03.12','','',2),('Clifford Memorial Team','Fairfield','CT','USA','MS',0,'','',459.00,0,'CC','2012-06-04 23:23:02','0-bmO5n7','x1x92kkv','Purchaser: Kevin Brown - 621 rolling hills dr -  - Fairfield - CT - 06824 - US - 203-258-2709 - Kfb621@optonline.net - 06.04.12','','',4),('Saddle Pains','Dover','NH','USA','5C',0,'Philbrick\'s Sports\r\nDover, NH\r\nPhilbricks.com','Can anyone do a lap right now?',574.00,0,'CC','2012-06-05 01:37:13','0-WIjZz2','saddle','Purchaser: Allen C Albee - 10 Buttonwood Rd. -  - South Berwick - ME - 03908 - US - 6033875112 - Allen_Albee@hotmail.com - 06.04.12','','',5),('The Avengers','Boston','MA','USA','ME',0,'Massachusetts Institute of Technology','',459.00,0,'CC','2012-06-05 02:43:09','0-csd86V','x1xkgyYH','Purchaser: Luke C Plummer - 51 Jenks st. -  - Amherst - MA - 01002 - US - 6175289853 - lukulele@mit.edu - 06.04.12','','',4),('THE DEFECTERS','MONTGOMERY CENTER','VT','USA','C5',0,'','',574.00,0,'CC','2012-06-05 03:50:31','0-Kxzivc','corsair','Purchaser: gary l wetherbee - box 491 -  - montgomery center - VT - 05471 - US - 8023262009 - flyskibike@fairpoint.net - 06.04.12','','',5),('Lame Ducks','Lyme','NH','USA','C5',0,'','',574.00,0,'CC','2012-06-05 12:05:57','0-U1SDSC','bartynh','Purchaser: Scott Barthold - 121 Pinnacle Rd -  - Lyme - NH - 03768 - US - 603-795-2900 - scott@snomatic.com - 06.04.12','','',5),('More Hours = More Fun','Mystic','CT','USA','MS',0,'','',459.00,0,'CC','2012-06-05 15:19:02','0-sVay0x','BeeRYuM','Purchaser: Benjamin W Stockwell - 227 Seneca Dr -  - Noank - CT - 06340 - US - 207-504-7042 - bstockwe@gmail.com - 06.04.12','','',4),('Nancy Clark','Intervale','NH','USA','TW',0,'','',110.00,0,'CC','2012-06-05 17:19:10','0-EG5ZN5','x1xGdz7p','Purchaser: Nancy Clark - P.O. Box 797 -  - Intervale - NH - 03845 - US - 603-356-9885 - nancy@glengroup.com - 06.05.12','','',1),('Screaming Eagles','Intervale','NH','USA','DM',0,'','',169.00,0,'CC','2012-06-05 17:24:00','0-68tK3W','goalkeep','Purchaser: Nancy Clark - P.O. Box 797 -  - Intervale - NH - 03845 - US - 603-356-9885 - nancy@glengroup.com - 06.05.12','','',2),('Pete & Gerry\'s Organic Chicks','Monroe','NH','USA','WE',0,'Pete & Gerry\'s Organic Eggs','3 Moms of little kids an 1 mom of \"fur\" children racing as the Pete & Gerry\'s Organic Chicks. Powered by Organic Fuel.',459.00,0,'CC','2012-06-05 17:29:16','0-C7edOF','nutdog','Purchaser: Sandra Laflamme - 140 Buffum Rd. -  - Monroe - NH - 03771 - US - 6036384045 - sandra@peteandgerrys.com - 06.05.12','','',4),('fear of the dark','Pittsfield','NH','USA','M3',0,'','',198.00,0,'CC','2012-06-05 23:59:02','0-a24B1P','x1x04Col','Purchaser: Dave Harris - 157 Governors Rd -  - Pittsfield - NH - 03263 - US - 6035485509 - hrrsdvd@aol.com - 06.05.12','','',1),('Moriah Harris','Candia','NH','USA','WZ',0,'','',198.00,0,'CC','2012-06-06 00:09:07','0-gKRhvW','x1xxrWM9','Purchaser: Dave Harris - 157 Governors Rd -  - Pittsfield - NH - 03263 - US - 6035485509 - hrrsdvd@aol.com - 06.05.12','','',1),('Half Fast Redux','Portland','ME','USA','MS',0,'','All of the Half, none of the Fast!',459.00,0,'CC','2012-06-06 00:19:30','0-W6GvI4','eric4444','Purchaser: Eric Barnes - 8 Manor Way -  - Buxton - ME - 04093 - US - 2079292662 - ebarnes3@roadrunner.com - 06.05.12','','',4),('Rose Bike','Orono','ME','USA','ME',0,'Rose Bike','',459.00,0,'CC','2012-06-06 00:27:26','0-Byfrx7','angus1','Purchaser: James A Rose - 16 Fairview ST -  - Portland - ME - 04102 - US - 2078521057 - angusrose88@gmail.com - 06.05.12','','',4),('Hartford Wanderers','Hartford','CT','USA','MD',0,'','',459.00,0,'CC','2012-06-06 01:02:20','0-KMA041','hartford','Purchaser: Timothy Schulken - 56 Greenhurst Rd -  - West Hartford - CT - 06107 - US - 8605614913 - tschulken@gmail.com - 06.05.12','','',2),('Last Call?','Hartford','CT','USA','MO',0,'','',459.00,0,'CC','2012-06-06 01:32:40','0-8tWFsH','lastcall','Purchaser: Timothy Schulken - 56 Greenhurst Rd -  - West Hartford - CT - 06107 - US - 860-561-4913 - tschulken@gmail.com - 06.05.12','','',4),('Going Down On Dirt','Boston','MA','USA','TO',0,'','Hope she\'s clean.',271.00,0,'CC','2012-06-06 02:11:16','0-6t3I6d','static','Purchaser: Eric Hontz - 187 Lowell St - APT F - Somerville - MA - 02144 - US - 6105099611 - ehontz@mit.edu - 06.05.12','Flux','Bloc Party',4),('Slow Rollers','tewksbury','MA','USA','TO',0,'X-fusion\r\nPedal power and ski,Acton mass\r\nb&w','just a couple of beginners out for a good time and some braggin rights.',271.00,0,'CC','2012-06-06 03:05:23','0-qrQf3O','single','Purchaser: Leah M Hudson - 175 south street -  - tewksbury - MA - 01876 - US - 978 408-9164 - mdlinc430@LIVE.COM - 06.05.12','','',4),('DG Cycle Sports','Nottingham','NH','USA','MZ',0,'DG Cycle Sports, Jon & Teri Mullen','',198.00,0,'CC','2012-06-06 03:49:06','0-ynfdQ2','x1xM7xCa','Purchaser: Teri Mullen - 14 Lavoie Dr -  - Nottingham - NH - 03290 - US - 6036798610 - em0128261@lmc.edu - 06.05.12','','',1),('Eric and the Night Slackers','Lyme','NH','USA','C5',0,'','',574.00,0,'CC','2012-06-06 11:15:52','0-CmjH5B','x1xey9uK','Purchaser: Scott Barthold - 121 Pinnacle Rd -  - Lyme - NH - 03768 - US - 603-795-2900 - scott@snomatic.com - 06.05.12','','',5),('The Suuuper Rowdy Spoke Nipples','Newmarket','NH','USA','C5',0,'product tosses','We are all roomates at University of NH! Tucker and Mike are mechanical engineers and are hoping to race on bikes we welded up ourselves. Ellen, Jonathan and Tony are bad ass bikers that love to ride the demoralizer at fort rock.This is our first 24 hour race ever!',574.00,0,'CC','2012-06-06 12:21:34','0-z5xi9z','hmbpride','Purchaser: Tucker Nugent - 575 Province rd -  - Laconia - NH - 03246 - US - 603-998-0751 - tucker.n@myfairpoint.net - 06.05.12','Get Dirty','MC_Spandx',5),('jay dietershagen','Lansing','NY','USA','MZ',0,'Me, Myself... And my MOM!!!','',198.00,0,'CC','2012-06-07 21:33:35','0-iQ3L68','x1xxRUNx','Purchaser: John J Dietershagen - 3120 N. Triphammer Rd. - 3120 N. Triphammer Rd. - Lansing - NY - 14882 - US - 9173025424 - lansingcrossroads@yahoo.com - 06.05.12','','',1),('Stannard Marc','Essex Jct.','VT','USA','M3',0,'Flying Penguins Bicycles','',301.00,0,'CC','2012-08-03 16:53:48','0-6QuVcq','123stann','Purchaser: Joyce Stannard - 5 Warner Avenue -  - Essex Junction - VT - 05452 - US - 8022335213 - joyce-bob@comcast.net - 08.03.12','','',1),('Man-T-ak','Sanbornton','NH','USA','TM',0,'','',125.00,0,'CC','2012-06-07 22:13:09','0-MjLkfT','mantak1','Purchaser: Scott J Mantie - 236 Cram Road -  - Sanbornton - NH - 03269 - US - 5183394010 - scottjmantie@yahoo.com - 06.05.12','','',1),('Ow, my hip!','Rockport','MA','USA','OD',0,'','',489.00,0,'CC','2012-06-07 22:20:26','0-XcNmhN','myhip1','Purchaser: James K Gardner - 1 Pleasant Street -  - Rockport - MA - 01966 - US - 978-546-5195 - jkgardner@gmail.com - 06.05.12','','',2),('Perseus','New York','NY','USA','TM',0,'','I killed Medusa (and my grandfather.....accidently)',146.00,0,'CC','2012-06-09 21:46:40','0-oyOkUJ','Nietzsch','Purchaser: Wesley Hoffman - 35-45 82nd street  - Apt. #52 - Jackson Heights  - NY - 11372 - US - 212-363-0786 - trackbike88@hotmail.com - 06.09.12','','',1),('Park City Paratroopers','Wrentham','MA','USA','MS',0,'Medway Police Department','',672.00,0,'CC','2012-06-17 06:43:35','0-YpnU2E','watson12','Purchaser: Jeffrey W. Watson - 80 Annawon Ave -  - Wrentham - MA - 02093 - US - 5083281781 - watson@medwaypolice.com - 06.17.12','','',4),('Forward\'s Orphans','Bellingham','MA','USA','MS',0,'','Like a phoenix rising from the ashes, we\'re back while our former captain sits in air conditioned comfort.',606.00,0,'CC','2012-06-20 16:56:07','0-dwh4LY','orphan1','Purchaser: David J Bolduc - 15 Cliff Road -  - Bellingham - MA - 02019 - US - 617-909-2541 - davebolduc@yahoo.com - 06.20.12','','',4),('Graham, Alan','Effingham','NH','USA','MZ',0,'','',235.00,0,'CC','2012-06-25 15:05:57','0-0wPApa','graham1','Purchaser: Alan R Graham - 335 Green Mountain Rd -  - Effingham - NH - 03882 - US - 614 940-0294 - grandeal@hotmail.com - 06.21.12','','',1),('Allen Russell','Peapack','NJ','USA','MY',0,'','',235.00,0,'CC','2012-07-06 20:26:18','0-HRtD7i','russell1','Purchaser: ALLEN P RUSSELL - 1 Perry St Box 279 -  - Peapack - NJ - 07977 - US - 908-470-9390 - enthalpy1@comcast.net - 07.06.12','','',1),('Sherban, Alex','Boston','MA','USA','MZ',0,'','So alone...',316.00,0,'CC','2012-07-07 14:10:14','0-iAqif0','sherban1','Purchaser: Alex Sherban - 104 Oakmont Court -  - Lynchburg - VA - 24503 - US - 617-448-0180 - asherban@berklee.edu - 07.07.12','','',1),('Capstone Design','Norton','MA','USA','DM',0,'Capstone Design. Thermal and mechanical consulting design services.','',242.00,0,'CC','2012-07-09 14:26:49','0-kGUkyn','capstone','Purchaser: Michael Haskell - 15 richmond dr -  - norton - MA - 02766 - US - 5082122204 - mhaskell@gmail.com - 07.09.12','','',2),('No one else would ride with me...','Kingston','NY','USA','MZ',0,'Team Overlook Mountain Bikes/ Adidas Eyewear','',235.00,0,'CC','2012-07-10 03:33:58','0-BYXRAY','mcgrew1','Purchaser: Ian McGrew - 16 Stickles Ave -  - KINGSTON - NY - 12401-1820 - US - 845 594-3711 - magooproductions@yahoo.com - 07.09.12','','',1),('Jeffrey Kempesta','Norwich','CT','USA','MF',0,'Mystic Cycle Centre','',235.00,0,'CC','2012-07-13 01:19:24','0-uENf2L','x1xs0PXJ','Purchaser: Jeffrey M Kempesta - 444 Canterbury Tpke -  - Norwich - CT - 06360 - US - 860-984-3782 - jeffkem@comcast.net - 07.12.12','','',1),('NO Heckler','Andover','MA','USA','ME',0,'','',606.00,0,'CC','2012-07-14 00:39:55','0-Wtw3Zj','Belleisl','Purchaser: Herb Beherrell - 413 South Main Street -  - Andover - MA - 01810 - US - 617-212-6017 - hbeherrell@tcco.com - 07.13.12','','',4),('Harris, Charlene Mochara','Candia','NH','USA','WF',0,'','',235.00,0,'CC','2012-07-18 15:26:35','0-RUnRoz','x1xo6bHL','Purchaser: Charlene Harris - 83 Hook Road -  - Candia - NH - 03034 - US - 603-856-1443 - hcandia@aol.com - 07.18.12','','',1),('Porky Gulch Bike Shop','Gorham','NH','USA','ME',0,'Porky Gulch Bike Shop','',606.00,0,'CC','2012-07-31 20:45:26','0-pTmHcV','porkygul','Purchaser: Jason I Hunter - 120 Harding St. -  - Berlin - NH - 03570 - US - 603 723 8025 - hunthar@hotmail.com - 07.31.12','','',4),('Wiley, Ken','Claremont','NH','USA','TM',0,'Claremont Cycle Depot','Gotta stay ahead of Brian and Tyler',161.00,0,'CC','2012-07-21 11:31:21','0-FqCTmi','K80SS619','Purchaser: Kenneth Wiley - 197 Mulberry Street -  - Claremont - NH - 03743 - US - 6034776056 - ken@team-pinnacle.org - 07.21.12','','',1),('Schwartz, Taylor','Manchester','ME','USA','TM',0,'Cycle Loft Velo, Tufts University','Collegiate cyclist from Tufts University, who rides for Cycle Loft Velo.',146.00,0,'CC','2012-07-22 18:42:59','0-W9pPG7','taymolly','Purchaser: Randy H Schwartz - 227 Benson Rd. -  - Manchester - ME - 04351 - US - (207) 504-0263 - taylor.schwartz@gmail.com - 07.22.12','','',1),('Goldilocks and the three bears','Concord','NH','USA','TC',0,'','Fast as Alitaptap!',418.00,0,'CC','2012-07-23 00:12:17','0-AN9TZK','3bears1','Purchaser: Owen Bendixsen - 23 Glory Avenue -  - Franklin - NH - 03235 - US - 603-934-2482 - obendixsen@lrgh.org - 07.22.12','','',4),('Moat Mountain Growlers','North Conway','NH','USA','5C',0,'Moat Mountain Smokehouse & Brewing Co.','We Fear No Beer!',0.00,0,'CC','2012-07-25 00:38:10','0-7m6pD4','beer30','Purchaser: Ian - Connor -  - Bartlett - NH - 03812 - US - 203-415-7518 - ithreepin@yahoo.com - 07.24.12','','',5),('EC3','north conway','NH','USA','TM',0,'','',146.00,0,'CC','2012-07-26 12:42:13','0-7eRl1T','siefer','Purchaser: eric siefer - po box 6 -  - kearsarge - NH - 03867 - US - 6039864686 - esief1970@gmail.com - 07.24.12','','',1),('Turtle and Hare','Goffstown','NH','USA','DM',0,'','',242.00,0,'CC','2012-07-27 18:48:52','0-koPHge','cd8986','Purchaser: Clint Dowd - 15 Bayberry Lane -  - Goffstown - NH - 03045 - US - 603-497-3187 - ndowd@velcro.com - 07.27.12','','',2),('Bolognese, Anthony','Charlestown','RI','USA','M3',0,'Alliance Home Protection\r\nMonitronics','',300.00,0,'CC','2012-07-30 02:33:12','0-1vIpfd','x1xaFfL3','Purchaser: Anthony Bolognese - 45 Blue Ridge Dr -  - Charlestown - RI - 02813 - US - 9042534473 - tonybolognese@gmail.com - 07.29.12','','',1),('She Said This Would be Fun','Concord','NH','USA','DC',0,'New England Nordic Ski Association, Bill Koch League of southern New Hampshire','After many years of NOT racing, dad, 52, and mom, 46, are tackling this to set a great example for our kids (and, hopefully, to have fun pushing these old bodies to the limit). Kids are psyched for the kids\' races and events, too!!!',242.00,0,'CC','2012-07-30 17:16:37','0-8WW2it','xcskiers','Purchaser: Jim Graham - 1 Terrace Road -  - Concord - NH - 03301 - US - 603-513-1656 - writegraham@gmail.com - 07.30.12','Sonny\'s Squall','Sonny Terry and Brownie McGhee',2),('Flash 2','Winslow','ME','USA','WY',0,'Central Maine Cycling Club\r\nMathieu\'s Cycle','',301.00,0,'CC','2012-08-10 19:01:36','0-nb2Adj','x1xVixAA','Purchaser: Laurie Fenlason - 793 Garland Road -  - Winslow - ME - 04901 - US - 207-877-9844 - lfenlason@roadrunner.com - 08.10.12','','',1),('4oldguys','North Conway','NH','USA','TO',0,'','',545.00,0,'CC','2012-07-30 21:22:33','0-kGGKTM','oldguys4','Purchaser: Calvin Hunsicker - 167 Harts Ledge Road - PO Box 216 - Bartlett - NH - 03812 - US - 6033741967 - chunsicker@emerlyn.com - 07.27.12','','',4),('Palmer,Dan','Tamworth','NH','USA','MF',0,'','',316.00,0,'CC','2012-07-31 11:14:54','0-IeBMWE','x1xDmtMC','Purchaser: Daniel Palmer - 1124 Whittier Road - PO Box 462 - Tamworth - NH - 03886 - US - 603-986-7194 - moog24@roadrunner.com - 07.31.12','','',1),('Tim Trotter','Keene','NH','USA','TM',0,'Claremont Cycle Depot','',146.00,0,'CC','2012-07-31 13:19:21','0-b0gAvs','ma715545','Purchaser: Timothy Trotter - 11 Ingalls Street -  - Keene - NH - 03431 - US - 9494637007 - ttrotter11@gmail.com - 07.30.12','','',1),('Legion of Notavus','New','MA','USA','MO',0,'','',606.00,0,'CC','2012-07-31 18:17:14','0-S2tSU6','notavus','Purchaser: Timothy L Wolfe - 34 Randlett Pk -  - Newton - MA - 02465 - US - 508-479-9072 - twolfe@plurismarketing.com - 07.31.12','','',4),('Palmer, Jeff','Tamworth','NH','USA','MZ',0,'','',316.00,0,'CC','2012-07-31 20:45:49','0-1JG3Bc','gordon','Purchaser: Lori L Palmer - PO Box 462 -  - Tamworth - NH - 03886 - US - 6039869304 - palmer69@roadrunner.om - 07.30.12','','',1),('Ebinger, Nick - Landsharken','Littleton','NH','USA','MZ',0,'','',250.00,0,'CC','2012-08-01 01:43:32','0-n5BEPC','x1xat1Wl','Purchaser: Charles F. Zuk - 53 Farr Hill Road -  - Littleton - NH - 03561 - US - 6039910550 - nickebinger@gmail.com - 07.31.12','','',1),('Nomad','Thornton','NH','USA','MZ',0,'Rhino Bike Works','first solo ever',235.00,0,'CC','2012-08-01 18:24:50','0-StmVqO','nomad1','Purchaser: Nathan Orr - 23 Country Lane -  - Thornton - NH - 03285 - US - 2072326710 - orrnate@hotmail.com - 07.31.12','','',1),('Felt/Sram','Agawam','MA','USA','ME',0,'Felt Bicycles, Sram','',0.00,0,'CC','2012-08-01 20:55:00','0-UGwt60','dasher','Purchaser: Sean E Rudzinsky - 119 high st -  - Agawam - MA - 01001 - US - 4138833728 - seanrudzinsky@feltbicycles.com - 08.01.12','','',4),('Long','Orono','ME','USA','OD',0,'Cyclesmart','',548.00,0,'CC','2012-08-02 02:29:18','0-H07n42','bobogigo','Purchaser: Richard Long - 700 Forest Avenue -  - Orono - ME - 04473 - US - 207-951-5620 - mainegdog@gmail.com - 08.01.12','','',2),('Big Ring Big Wheels','Kingston','MA','USA','TM',0,'','',146.00,0,'CC','2012-08-02 16:58:02','0-tlmmON','higgins6','Purchaser: Patrick Higgins - 14 Prospect Street -  - Kingston - MA - 02364 - US - 6177216503 - PHiggins@ThompsonWP.com - 08.02.12','','',1),('Glen Reece','Bangor','ME','USA','MY',0,'','',235.00,0,'CC','2012-08-03 20:39:32','0-qhs1FE','x1xnPxnz','Purchaser: Glen J Reece - 119 Skyline Rd -  - Bangor - ME - 04401 - US - 2074781969 - glenreece@eradawson.com - 08.03.12','','',1),('bike 1','north conway','NH','USA','5C',0,'the bike shop','',0.00,0,'CC','2012-08-04 16:46:12','0-Vrzh64','gtidrive','Purchaser: jay ingersoll - 226 plains rd -  - harrison - ME - 04040 - US - 6033566089 - antman101@hotmail.com - 08.04.12','','',5),('bike 2','north conway','NH','USA','5C',0,'the bike shop','',0.00,0,'CC','2012-08-04 17:49:06','0-lyAfR4','antman','Purchaser: anthony walker - 90 north south rd -  - north conway - NH - 03860 - US - 6033566089 - antman101@hotmail.com - 08.04.12','','',5),('Abe Wrobleski','Center Conway','NH','USA','MZ',0,'Wrobleski Party Rentals','',0.00,0,'CC','2012-08-05 15:58:08','0-6KXfMf','x1xAOBOB','Purchaser: Abe Wrobleski - Center Conway -  - NH - NH - 03813 - US - 603-662-5649 - info@nhtents.com - 08.05.12','','',1),('Clayton Leavitt','Center Conway','NH','USA','MF',0,'Wrobleski Party Rentals','',0.00,0,'CC','2012-08-05 16:02:49','0-xYLK2b','x1xpUHpr','Purchaser: Clayton Leavitt - Center Conway -  - NH - NH - 03813 - US - 603-662-3125 - wrobo@earthlink.net - 08.05.12','','',1),('Brian McCall','Gilford','NH','USA','MZ',0,'Wrobleski Party Rentals/Lakes Region Cyclery','',0.00,0,'CC','2012-08-05 16:06:20','0-xRXaDn','x1xdLcN4','Purchaser: Brian McCall - Gilford -  - NH - NH - 03813 - US - 603-253-6552 - wrobo@earthlink.net - 08.05.12','','',1),('Whittle, Ian','Jamaica Plain','MA','USA','TM',0,'Broadway Bicycle School','',146.00,0,'CC','2012-08-05 20:11:18','0-YWOCVD','linfs22','Purchaser: Ian whittle - 312 pond st -  - Jamaica plain - MA - 02130 - US - 6175496024 - Ian.whittle@gmail.com - 08.05.12','','',1),('Pure Adrenaline','Haverhill','MA','USA','DM',0,'','',242.00,0,'CC','2012-08-05 21:19:18','0-9QqnBB','x1x5bbGC','Purchaser: William Biscan - 7 Woodrow Ave -  - Haverhill - MA - 01830 - US - 9783988477 - billyb74@comcast.net - 08.05.12','','',2),('Smith, Sarah','Bartlett','NH','USA','TJ',0,'MOM & DAD','Back to overcome!',175.00,0,'CC','2012-08-06 03:22:19','0-qxuF5P','x1x5E6dm','Purchaser: James E Smith - PO Box 495 -  - Bartlett - NH - 03812 - US - 603-374-6121 - valthegardengal@yahoo.com - 08.05.12','','',1),('Cricket Butler','Whitefish','MT','USA','WF',0,'TotalCyclist\r\nTeamUp4Type1.org','',235.00,0,'CC','2012-08-06 12:52:07','0-bb2hAA','x1xrNJY4','Purchaser: Cricket T. Butler - 34 Moose Jaw Trail -  - Whitefish - MT - 59937 - US - 704-906-4391 - boundlessbug@gmail.com - 08.05.12','','',1),('Cycle Loft','Burlington','MA','USA','TO',0,'','',418.00,0,'CC','2012-08-06 14:26:16','0-bzFjaM','maine72','Purchaser: Joseph Stein - 40 Electric Avenue -  - Somerville - MA - 02144 - US - 857-272-4408 - jfsteinjr@yahoo.com - 08.06.12','','',4),('Sven Cole-Team Bikeman.com','North Bridgton','ME','USA','TM',0,'Team Bikeman.com\r\nTeam Weak and Feeble\r\nBridgton Academy','I\'ve ridden a lot of laps on this course, and I keep coming back!',0.00,0,'CC','2012-08-11 13:22:21','0-3sc1Ux','x1xxYyoh','Purchaser: Sven Cole - 46 Chadbourne Hill Rd -  - Bridgton - ME - 04009 - US - 2075950834 - sven@bridgtonacademy.org - 08.08.12','','',1),('Los Gallos Furiosos','Concord','NH','USA','MS',0,'','',0.00,0,'CC','2012-08-07 01:27:16','0-goKEI0','jadenr','Purchaser: Joseph ruston - 77 tibbetts Hill rd -  - goffstown - NH - 03045 - US - 603 943 2303 - jruston@comcast.net - 08.06.12','','',4),('Carlos Agudelo','francestown','NH','USA','TM',0,'','',146.00,0,'CC','2012-08-07 02:14:40','0-AmdYf0','x1xNm1d3','Purchaser: Carlos H Agudelo - 25 Trailside Terrace #23 -  - Francestown - NH - 03043 - US - 6037161973 - cagudelo62@gmail.com - 08.06.12','','',1),('Spokin\' With Authority','Stoughton','MA','USA','TO',0,'','',464.00,0,'CC','2012-08-07 09:56:21','0-QBI2Gi','ALASpoki','Purchaser: Kenneth M Varnum Jr - 91 Brickel Rd -  - Stoughton - MA - 02072 - US - 617-620-0022 - kmvarnum@maintech.com - 08.07.12','','',4),('Bruce Deming','Arlington','VA','USA','MY',0,'National Capitol Velo Club/United Healthcare','',235.00,0,'CC','2012-08-07 14:22:34','0-pY2LnC','deming1','Purchaser: Bruce S. Deming - 3001 North Second Street -  - Arlington - VA - 22201 - US - 703-447-0267 - bruce@brucedeming.com - 08.07.12','','',1),('Jennifer Vadney','francesrown','NH','USA','TW',0,'','',146.00,0,'CC','2012-08-07 16:36:16','0-dDuF2w','Vadney','Purchaser: Carlos H Agudelo - 25 Trailside Terrace #23 -  - francestown - NH - 03043 - US - 6037161973 - cagudelo62@gmail.com - 08.06.12','','',1),('EMS/DAKINE','Peterborough','NH','USA','MS',0,'','',606.00,0,'CC','2012-08-08 23:50:13','0-Hqioh0','dakine1','Purchaser: Mike Saras - PO BOX 257 -  - Intervale - NH - 03845 - US - 603-986-5510 - msaras@msn.com - 08.08.12','','',4),('And Then There Were Two','Philadelphia','PA','USA','DM',0,'','',242.00,0,'CC','2012-08-08 00:30:10','0-WRacpD','ericshan','Purchaser: Shane Reighard - 1813 South Broad St. - Apt. 2 - Philadelphia - PA - 19148 - US - 215-803-4968 - shanereig@gmail.com - 08.07.12','','',2),('Tour de Four','Lancaster','NH','USA','MS',0,'','made up the last minute one day before registration closes.',606.00,0,'CC','2012-08-08 01:05:51','0-5pB9AH','ridehard','Purchaser: Glenn Adams - 17 Pleasant St -  - Lancaster  - NH - 03584 - US - 603-788-3693 - may5gba@gmail.com - 08.07.12','','',4),('Flying Penguins','Brownsville','VT','USA','MS',0,'Penguin Cycles','Penguin\'s don\'t really fly.',606.00,0,'CC','2012-08-08 02:29:15','0-VccUKR','fp2012','Purchaser: Eric Krivitzky - 1383 Route 44 -  - Brownsville - VT - 05037 - US - 802-245-4014 - race@penguincycles.com - 08.07.12','','',4),('Danis, Matt','Canterbury','CT','USA','M3',0,'Danielson Adventure Sports\r\n(www.bikect.com)','',235.00,0,'CC','2012-08-08 03:30:24','0-uePKdS','x1xd3Dls','Purchaser: Nichole L Danis - 51 Westminster Road -  - Canterbury - CT - 06331 - US - 8603342591 - mdanis74@sbcglobal.net - 08.07.12','','',1),('Nicole Wrobleski','Center Conway','NH','USA','WZ',0,'Wrobleski Party Rentals','',0.00,0,'CC','2012-08-08 12:28:52','0-4JJKDt','x1xBtVKL','Purchaser: Nicole Wrobleski - Center Conway -  - Center Conway - NH - 03813 - US - 603-662-8556 - wrobo@earthlink.net - 08.08.12','','',1),('Mason, Shannon','Rockport','MA','USA','WF',0,'Felt Bicycles, Inc.\r\nSRAM','',0.00,0,'CC','2012-08-08 12:45:01','0-D5hJ4j','shannon1','Purchaser: Shannon M Mason - 14 Granite Street -  - Rockport - MA - 01966 - US - 214-686-9272 - shannon@newenglandactive.com - 08.08.12','','',1),('Lysaght, Andrew','Somerville','MA','USA','M3',0,'B2C2/Boloco/Back Bay Bicycles','',250.00,0,'CC','2012-08-08 14:03:10','0-Evd54V','x1xnVWSE','Purchaser: Andrew C Lysaght - 87 Yorktown St -  - Somerville - MA - 02144 - US - 857-756-9043 - andrewlysaght@gmail.com - 08.08.12','','',1),('Jon Sturm','Gorham','ME','USA','MZ',0,'','',235.00,0,'CC','2012-08-08 15:59:22','0-HMqkVH','x1xi5Ppq','Purchaser: Jonathan Sturm - 67 Hillview Rd -  - Gorham - ME - 04038 - US - 6039425466 - jnmisturm@hotmail.com - 08.08.12','','',1),('B2C2/Boloco','Boston','MA','USA','DM',0,'Boloco, Back Bay Bicycles, Pavement, Mavic, Trident, BikeReg','Too stupid to quit, too mean to die.',242.00,0,'CC','2012-08-08 16:15:13','0-MC2L5R','37dicks','Purchaser: Michael Wissell - 84 Franklin St #3 -  - Allston - MA - 02134 - US - 617.460.6660 - Mike@backbaybicycles.com - 08.08.12','','',2),('EMS Lunch Ride','Peterborough','NH','USA','MS',0,'Eastern Mountain Sports','',0.00,0,'CC','2012-08-08 19:35:46','0-2KPOvp','Asdf123$','Purchaser: Brook Burke - 5 Tigola Trail -  - Stoddard - NH - 03464 - US - 6033718816 - bburke@ems.com - 08.08.12','','',4),('Bonnie & Clyde','Jaffrey','NH','USA','DC',0,'','',242.00,0,'CC','2012-08-09 00:02:13','0-zCOVPA','vwracing','Purchaser: Scott Hood - Po Box 7 -  - Jaffrey - NH - 03452 - US - 6038310213 - scott.hood980@gmail.com - 08.08.12','','',2),('pat ferland','N. conway','NH','USA','MZ',0,'red jersey cyclery','',81.00,0,'CC','2012-08-09 00:18:37','0-3dCghY','x1xcduru','Purchaser: patrick ferland - p.o.box 818 -  - glen - NH - 03838 - US - 8603778540 - patoclimb@yahoo.com - 08.08.12','','',1),('SINGLESPERM DUO','White River Junction','VT','USA','MD',0,'The Bike Hub -- Norwich, VT','',371.00,0,'CC','2012-08-09 01:36:48','0-JdoC40','xT6BqBhd','Purchaser: Bart Flynn - 574 Christian Street -  - White River Junction  - VT - 05001 - US - 8023450017 - neilbflynn@gmail.com - 08.08.12','','',2),('Jeff Lukach','Epping','NH','USA','M3',0,'DG Cycle Sports','',235.00,0,'CC','2012-08-09 02:35:50','0-JNYu0p','x1xgbmly','Purchaser: Colleen Singleton - 14 Great Gate Drive -  - Hampton - NH - 03842 - US - 603 926 2014 - singletoncolleen@gmail.com - 08.08.12','','',1),('Tonto\'s revenge','Jackson','NH','USA','TM',0,'','',0.00,0,'CC','2012-08-09 03:58:14','0-qJOcOy','x1xT3jzM','Purchaser: steve vosburgh - po box 112 -  - jackson - NH - 03846 - US - 6033830903 - stvoz@aol.com - 08.08.12','','',1),('Two Wheeled Mafia 2','Deering','NH','USA','MD',0,'','',101.00,0,'CC','2012-08-10 18:42:59','0-39HkqL','mafia1','Purchaser: Bill Milsop - longwoods rd -  - Deering - NH - 03307 - US - 6034645337 - jkmmxzx@comcast.net - 08.10.12','','',2),('Flash','Winslow','ME','USA','MY',0,'Central \r\nMaine Cycling Club\r\nMathieu\'s Cycle','',87.00,0,'CC','2012-08-10 18:51:57','0-g6qX7G','x1xhj1AA','Purchaser: Glenn Fenlason - 793 Garland Rd -  - Winslow - ME - 04901 - US - 207-877-9844 - gfenlason@roadrunner.com - 08.10.12','','',1),('Wachusett brew Racing','Auburn','MA','USA','DM',0,'Wachusett brewing Company','',242.00,0,'CC','2012-08-10 20:06:45','0-Jnje6J','2011demo','Purchaser: Erik Johnson - 262 Leicester st. -  - Auburn - MA - 01501 - US - 508-259-7176 - Ejflyingeye@gmail.com - 08.10.12','','',2),('Brothers-in-law Bikers by choice','Bartlett','NH','USA','MD',0,'','',437.00,0,'CC','2012-08-10 21:58:43','0-7LR2mg','x1xwijF1','Purchaser: michael levine - 50 forest ledge -  - glen - NH - 03838 - US - 6033836763 - mike.levine@fmr.com - 08.10.12','','',2),('EMS Mud Dawgs','Peterborough','NH','USA','MS',0,'','',0.00,0,'CC','2012-08-10 23:22:19','0-VG3cD5','x1xx9iOH','Purchaser: Shaun Hickman - 203 - Odell Hill Rd - CTR Conway - NH - 03813 - US - 603-801-6822 - Shickman@ems.com - 08.10.12','','',4),('John K','Westford','MA','USA','MZ',0,'Green Mountain Technologies','',235.00,0,'CC','2012-08-10 23:57:21','0-FD0WCw','x1xRirUg','Purchaser: John Kenific - 12 Willow Road -  - Westford - MA - 01886 - US - 6179571665 - kenific@hotmail.com - 08.10.12','','',1),('Jonathan Gould','Lowell','MA','USA','TM',0,'','Running Solo',146.00,0,'CC','2012-08-11 00:13:15','0-DtTOIj','octagon','Purchaser: Jonathan Gould - 337 Aiken Avenue -  - 01850 - MA - 01850 - US - 9788664353 - jsgould1@gmail.com - 08.10.12','','',1),('Back Bay Bicycles & Papa Wheelies','Portsmouth','NH','USA','C5',0,'','',541.50,0,'CC','2012-08-11 00:34:19','0-TaFskF','wheel1','Purchaser: Daniel Houston - 165 Amesbury road -  - Kensington - NH - 03833 - US - 603-380-0600 - danielchouston@me.com - 08.10.12','','',5);

--
-- Table structure for table `team_number`
--

CREATE TABLE `team_number` (
  `bib_number` int(4) NOT NULL DEFAULT '0',
  `name` varchar(36) NOT NULL DEFAULT '',
  PRIMARY KEY (`bib_number`,`name`)
) ENGINE=MyISAM DEFAULT CHARSET=latin1;

--
-- Dumping data for table `team_number`
--

INSERT INTO `team_number` VALUES (1,'Sean McGinnis'),(2,'Bill Jason'),(3,'Chris Bryant'),(5,'fear of the dark'),(6,'Bolognese, Anthony'),(7,'Stannard Marc'),(8,'Danis, Matt'),(9,'Lysaght, Andrew'),(10,'Jeff Lukach'),(15,'Justin Walsh'),(16,'Shields, Gregg'),(18,'Rami El Rayess'),(20,'Larsen, Jeremy'),(21,'DG Cycle Sports'),(22,'jay dietershagen'),(23,'Graham, Alan'),(24,'Sherban, Alex'),(25,'No one else would ride with me...'),(26,'Palmer, Jeff'),(27,'Ebinger, Nick - Landsharken'),(28,'Nomad'),(29,'Abe Wrobleski'),(30,'Brian McCall'),(31,'Jon Sturm'),(32,'pat ferland'),(33,'John K'),(40,'Dean Poplawski'),(41,'Dave Richard'),(42,'Barton, Mark'),(43,'McGowan, Shawn'),(44,'cary potter'),(45,'Rob Gauthier'),(46,'Dan Kindstrand'),(47,'Krug, Christopher'),(48,'Kokopelli Inn beats Irene'),(49,'Crofton, Tom'),(50,'Scargill, Brian'),(51,'Jeffrey Kempesta'),(52,'Palmer,Dan'),(53,'Clayton Leavitt'),(60,'Alan Cunningham'),(61,'Bruce Deming'),(62,'Allen Russell'),(63,'Glen Reece'),(64,'Flash'),(66,'Moriah Harris'),(67,'Nicole Wrobleski'),(70,'Tipert, Christen'),(71,'Harris, Charlene Mochara'),(72,'Cricket Butler'),(73,'Mason, Shannon'),(74,'Flash 2'),(100,'Bar Harbor Bike/Precision Endurance'),(101,'True Steam'),(102,'The Tuckermen'),(103,'Hartford Wanderers'),(104,'SINGLESPERM DUO'),(105,'Two Wheeled Mafia 2'),(106,'Brothers-in-law Bikers by choice'),(110,'Biking for Beth'),(116,'Bonnie and Clyde of Mason Racing'),(117,'Ow, my hip!'),(118,'Long'),(122,'do you have any more snacks?'),(150,'Contra Baggers'),(155,'The Avengers'),(156,'Rose Bike'),(157,'NO Heckler'),(158,'Porky Gulch Bike Shop'),(159,'Felt/Sram'),(160,'EMS/DAKINE'),(170,'Paycheck to Paycheck'),(171,'Clark Brothers Racing'),(172,'Top Gun'),(173,'Sucker Punch'),(174,'Two Wheeled Mafia'),(175,'Pull My Finger'),(176,'8:30 from Feng'),(177,'Pineapple Express'),(178,'HRRT/Specialized'),(179,'The Cereal Killers'),(180,'Cadre Racing'),(181,'aR-BLACK'),(182,'aR-GOLD'),(183,'aR_GREY'),(184,'Hurtbox'),(185,'Los Gallos Furiosos'),(186,'Clifford Memorial Team'),(187,'More Hours = More Fun'),(188,'Half Fast Redux'),(189,'Park City Paratroopers'),(190,'Forward\'s Orphans'),(191,'Tour de Four'),(192,'Flying Penguins'),(193,'EMS Lunch Ride'),(194,'Raya\'s Almost Single Speed Landshark'),(195,'EMS Mud Dawgs'),(210,'Skyline Bikers 2'),(211,'Reservoir Dogs'),(212,'aR-CLASSIC'),(220,'Mason Racing-Masters'),(221,'Last Call?'),(222,'Legion of Notavus'),(229,'Back Bay Bicycles & Papa Wheelies'),(230,'Pete & Gerry\'s Organic Chicks'),(235,'Skyline Bikers 1'),(240,'Hustlin\' Honeys'),(250,'League of Extraordinary Gentlemen'),(251,'CT Cranksters'),(252,'Crank the Zank'),(253,'The Toxic Avengers'),(254,'Biff! Bang! Pow!'),(255,'Can\'t Say No'),(256,'Papa and the Four Bears'),(257,'JawBone'),(258,'THE DEFECTERS'),(259,'Lame Ducks'),(260,'Eric and the Night Slackers'),(261,'The Suuuper Rowdy Spoke Nipples'),(270,'Zilla Racing'),(271,'Saddle Pains'),(272,'Moat Mountain Growlers'),(273,'bike 1'),(274,'bike 2'),(300,'Nancy Clark'),(301,'Jennifer Vadney'),(305,'Bliss, Burt'),(306,'Bliss, Casey'),(307,'Chris Meier'),(308,'Jinks, David'),(309,'Nelson, Erik'),(310,'Laracy, M'),(311,'Brian Johnston'),(312,'Man-T-ak'),(313,'Perseus'),(314,'Wiley, Ken'),(315,'Schwartz, Taylor'),(316,'EC3'),(317,'Tim Trotter'),(318,'Big Ring Big Wheels'),(319,'Whittle, Ian'),(320,'Carlos Agudelo'),(321,'Tonto\'s revenge'),(322,'Jonathan Gould'),(323,'Sven Cole-Team Bikeman.com'),(328,'Smith, Sarah'),(350,'Mason Racing'),(353,'Weekend Warriors'),(354,'Serious Cycles'),(355,'Pinnacle Pair'),(356,'Pinnacle Dynamic Duo'),(357,'Screaming Eagles'),(358,'Capstone Design'),(359,'Turtle and Hare'),(360,'Pure Adrenaline'),(361,'And Then There Were Two'),(362,'B2C2/Boloco'),(363,'Wachusett brew Racing'),(368,'More Oxygen Please'),(369,'A Reason To Smile'),(370,'K2'),(371,'She Said This Would be Fun'),(372,'Bonnie & Clyde'),(400,'Superkittenzzz'),(405,'Con Queso'),(406,'Going Down On Dirt'),(407,'Slow Rollers'),(408,'4oldguys'),(409,'Cycle Loft'),(410,'Spokin\' With Authority'),(420,'JayYoungs'),(421,'Goldilocks and the three bears');


