--
-- Host: localhost    Database: grannyge_greatglen2011
-- ------------------------------------------------------


--
-- Current Database: `grannyge_greatglen2011`
--

CREATE DATABASE /*!32312 IF NOT EXISTS*/ `grannyge_greatglen2011` /*!40100 DEFAULT CHARACTER SET latin1 */;

USE `grannyge_greatglen2011`;

--
-- Table structure for table `rider`
--

CREATE TABLE `rider` (
  `uid` int(4) NOT NULL AUTO_INCREMENT,
  `team_name` varchar(36) NOT NULL DEFAULT '',
  `rank` varchar(10) NOT NULL DEFAULT '',
  `firstname` varchar(22) NOT NULL DEFAULT '',
  `lastname` varchar(15) NOT NULL DEFAULT '',
  `middleinit` char(1) DEFAULT NULL,
  `class` varchar(28) NOT NULL DEFAULT '',
  `ssn` varchar(11) DEFAULT NULL,
  `gender` char(1) NOT NULL DEFAULT '',
  `dob` date NOT NULL DEFAULT '0000-00-00',
  `addr1` varchar(64) NOT NULL DEFAULT '',
  `city` varchar(26) NOT NULL DEFAULT '',
  `state` varchar(26) DEFAULT NULL,
  `country` varchar(26) NOT NULL DEFAULT '',
  `zip` varchar(12) NOT NULL DEFAULT '',
  `email` varchar(96) DEFAULT NULL,
  `dayphone` varchar(20) DEFAULT NULL,
  `evephone` varchar(20) DEFAULT NULL,
  `a_waiver` tinyint(1) NOT NULL DEFAULT '0',
  `emergency_contact` varchar(40) DEFAULT NULL,
  `emergency_phone` varchar(20) DEFAULT NULL,
  `admin_notes` varchar(255) DEFAULT NULL,
  `t_shirt_size` varchar(20) DEFAULT NULL,
  `sponsors` varchar(255) DEFAULT NULL,
  `anecdote` mediumtext,
  PRIMARY KEY (`uid`),
  UNIQUE KEY `rider_pkey` (`uid`)
) ENGINE=MyISAM AUTO_INCREMENT=502 DEFAULT CHARSET=latin1;

--
-- Dumping data for table `rider`
--

INSERT INTO `rider` VALUES (17,'Hurtbox','captain','David','Hatch','','Sport','','M','1973-03-28','26 Friar Lane','Cumberland','ME','US','04021','dhhatch@gmail.com','2072334760','',1,'Kate Kingston','2072330556','','medium','',''),(16,'Martin, Glenda','captain','Glenda','Martin','E','Sport','','F','1967-08-08','200 Bay Street','Cobourg','ON','CA','K9A1P6','glelmart@hotmail.com','905 372-2790','',1,'Sylvia Martin','905 372-0401','','large','',''),(15,'Inertia','captain','Steven','Lines','J','Sport','','M','1967-11-26','2-847 Simcoe St. North','Oshawa','ON','CA','L1G 4W1','steve.lines@yahoo.com','9052403555','',1,'Lisa Follows','4162759553','','large','',''),(14,'Tipert, Christen','captain','Christen','Tipert','B','Sport','','F','1965-07-29','10 Stafford Road','Danvers','MA','US','01923','christen.tipert@verizon.net','978-884-4629','',1,'Wally Tipert','978-265-8076','','x-large','',''),(13,'Dave Richard','captain','David','Richard','T','Beginner','','M','1968-12-09','35 Katie Drive','Vassalboro','ME','US','04989','cmcc@roadrunner.com','207-859-8812','',1,'Angela Richard','207-485-0956','','x-large','Central Maine Cycling Club',''),(12,'Bill Jason','captain','Bill','Jason','','Expert','','M','1969-02-26','35 Katie Drive','Vassalboro','ME','US','04989','cmcc@roadrunner.com','207-859-8812','',1,'Kathy Jason','207-877-8850','','small','Central Maine Cycling Club',''),(18,'Hurtbox','regular','Scott','Townsend','','Sport','','M','1974-03-05','P.O. Box 6717','Scarborough','ME','USA','04070','americandreamrealty1@yahoo.com','12072520720','',1,'Sunny Townsend','207-749-3477','','large','',''),(19,'Hurtbox','regular','David','Allen','','Sport','','M','1975-07-19','41 Allen Rd','East Sebago','ME','USA','04029','davidalle757@yahoo.com','781-760-2750','',1,'Richard Allen','207 787 2355','','x-large','',''),(20,'Hurtbox','regular','Bill','Moreno','','Sport','','M','1968-10-24','5 Craig Drive','Gorham','ME','USA','04038','wcmoreno24@gmail.com','2078385744','',1,'Mary Moreno','207-485-2377','','large','',''),(21,'Slackers: Part III','captain','Nicholas','III','D','Beginner','','M','1980-05-07','10 Highland St','Newton','NH','US','03858','nickdegruttola@yahoo.com','2032064498','',1,'Heather DeGruttola','6033827467','','large','',''),(22,'Slackers: Part III','regular','Daniel','Bastien','T','Beginner','','M','1975-06-09','28 Dustin Homestead','Rochester','NH','USA','03867','dbastien75@aol.com','603 332-5181','',1,'Lynne Bastien','603 973-6481','','large','Beer, Band Aids, and Frito Lay','Back on a team after two years of trying the 12 hour solo thing.  Looking forward to a little rest between laps.'),(23,'Slackers: Part III','regular','AJ','Shattuck','','Beginner','','M','1976-06-29','405 Piscassic St','Newmarket','NH','USA','03857','shattuck.aj@gmail.com','603-674-9310','',1,'Nancy Shattuck','603-764-5591','','large','',''),(24,'Slackers: Part III','regular','Jesse','Fenn','L','Beginner','','M','1977-07-27','194 N Main Street','Newport','NH','USA','03773','jesse_fenn@yahoo.com','603-748-3387','',1,'Kristen Fenn','603-477-0877','','large','',''),(25,'Going Down Swinging','captain','Colin','Reuter','','Pro','','M','1982-06-21','85 Yorktown St','Somerville','MA','US','02144','colin.reuter@gmail.com','9174491841','',1,'Jim Reuter','2078244099','','small','',''),(26,'Going Down Swinging','regular','Kevin','Sweeney','','Pro','','M','1978-04-18','11b granville ave.','Medford','MA','USA','02155','smartmonkey@gmail.com','9174491841','',1,'Jim Reuter','2078244099','','small','',''),(27,'Going Down Swinging','regular','Greg','Whitney','','Pro','','M','1985-02-08','84 Franklin st #1','allston','MA','USA','02134','gregwhits@gmail.com','9174491841','',1,'Bethany Leavey','508-277-9208','','small','',''),(28,'Going Down Swinging','regular','Michael','Wissell','','Pro','','M','1940-01-01','84 franklin st #3','allston','MA','USA','02134','michael.wissell@gmail.com','9174491841','',1,'Caitlin','508.364.9475','','small','',''),(29,'Nathan Reel','captain','Nathan','Reel','','Sport','','M','1973-05-26','68 Dunbarton Drive','Nashua','NH','US','03063','ncreel1@comcast.net','6035214923','',1,'Christine Reel','6035575164','','large','',''),(30,'Ward, Daniel','captain','Daniel','Ward','','Expert','','M','1983-04-13','17 Old Phenix Ave','Cranston','RI','US','02921','dpward2000@yahoo.com','401-464-2273','',1,'Amanda Roy','401-575-3058','','small','',''),(31,'Skyline Bikers','captain','Mark','Flaherty','','Beginner','','M','1983-02-17','10 dole pl','west newbury','MA','US','01985','furbs_33@yahoo.com','2037335887','',1,'Ann Brophy','9789793354','','medium','',''),(32,'Skyline Bikers','regular','Patrick','Brophy','','Beginner','','M','1980-02-07','43 orchard street','medford','MA','USA','02155','brophy.patrick@gmail.com','9785052911','',1,'mark flaherty','2037335887','','medium','','Transitioning from a fully rigid.'),(33,'Sucker Punch','captain','Bryan','Dupuis','','Beginner','','M','1980-01-10','712 Park Pl','Raynham','MA','US','02767','Dupuis116@hotmail.com','774-281-3104','',1,'Linda Dupuis','781-588-5462','','large','','Keeper of the Pine Lodge'),(34,'Sucker Punch','regular','john','creedon','j','Sport','','M','1979-02-17','705 park pl','raynham','MA','USA','02767','jcreedon4@gmail.com','508-654-0379','',1,'gina hover','617-780-9932','','large','','Master Doubler'),(35,'Sucker Punch','regular','Erik','Sojka','','Sport','','M','1971-07-06','526 Estherbrook Ave','Dighton','MA','USA','02715','esojka@yahoo.com','508 977 3826','508 669 5743',1,'Jacqueline Sojka','508 669 5743','','x-large','','Shut up and Ride!'),(36,'Sucker Punch','regular','Christopher','Ramsay','L','Sport','','M','1972-01-03','10 Donna RD','West Wareham','MA','USA','02576','clramsay1@verizon.net','508 273-7746','',1,'Sue Ramsay','508 273-7746','','large','','Savior'),(37,'\'Team Tuckermen\'','captain','Joseph','StPeter','P','Sport','','M','1969-02-02','42 Cedar Street','Presque Isle','ME','US','04769','joseph_st.peter@yahoo.com','(207) 540-3531','',1,'Karla Good','(207) 754-3151','','large','',''),(38,'\'Team Tuckermen\'','regular','Edmund','Therrien','','Sport','','M','1968-02-09','Blake St','Presque Isle','ME','USA','04769','edmundtherrien@unitedinsurance.net','(207) 551-2048','',1,'Julie French (wife)','(207) 227-1017','','large','',''),(39,'Lettvin, Moishe','captain','Moishe','Lettvin','','Sport','','M','1971-09-13','3214 Bluff St','Boulder','CO','US','80304','moishel@gmail.com','206 550 5874','',1,'Lindsey Lettvin','206 795 1723','','large','',''),(40,'the Greg','captain','Gregory','Chane','L','Sport','','M','1966-09-04','14 Glover st apt 2','Salem','MA','US','01970','greglchane@yahoo.com','9789981223','',1,'Joan Chane','9787741401','','x-large','',''),(415,'Reece, Glen','captain','Glen','Reece','J','Sport','','M','1962-01-09','119 Skyline Road','Bangor','ME','US','04401','glenreece@eradawson.com','207-478-1969','',1,'Rich Long','207-951-5620','','large','none','grew up in Colorado then moved to Maine'),(43,'TiRe','captain','W','Yaceshyn','C','Sport','','M','1964-11-11','10 Monomonac Terrace','Rindge','NH','US','03461','yacemom@yahoo.com','603-899-5014','',1,'Kerry Yaceshyn','603-731-5999','','x-large','',''),(44,'Me, Myselft & I','captain','Brian','Yaceshyn','C','Beginner','','M','1996-07-01','10 Monomonac Terrace','Rindge','NH','USA','03461','yacemom@yahoo.com','603-899-5014','603-899-5014',1,'Kerry Yaceshyn','603-731-5999','','medium','',''),(45,'waldo mtn moto-xers, bar harbor bike','captain','samuel','karush','','Sport','','M','1972-04-08','20 elmwood st apt 4','brewer','ME','US','04412','sam@karush.us','2073564587','',1,'carl karush','2074229014','','large','bar harbor bikes.  Crystal Clear Communications contractor for Time Warner Cable','i can ride a dirtbike like a mother-f&% riot'),(46,'waldo mtn moto-xers, bar harbor bike','regular','Reid','Garrity','','Sport','','M','1978-09-30','4 Old Fields Way','Castine','ME','USA','04421','reido497@hotmail.com','207-461-9111','',1,'Christine Garrity','207-266-2047','','x-large','',''),(47,'waldo mtn moto-xers, bar harbor bike','regular','Ryan','Tidswell','s','Sport','','M','1978-01-20','485 sweet rd','lincoln','ME','USA','04457','rst316@midmaine.com','12073650301','',1,'Kelie Tidswell','12073562011','','large','BarHarborBikes',''),(48,'waldo mtn moto-xers, bar harbor bike','regular','alton','pinkam','','Sport','','M','1981-08-02','5 oak st','bar harbpr','ME','USA','04609','sam@karush.us','2072667028','',1,'lucy williams','2072669298','','large','',''),(49,'Monkey Brain Sushi','captain','Mark','Vojtko','','Sport','','M','1961-11-07','475 Miller Pond Road','Grantham','NH','US','03753','mvojtko@juno.com','603-667-7333','',1,'Sarah Foulkes','603-493-8417','','large','',''),(50,'Monkey Brain Sushi','regular','Sarah','Foulkes','','Sport','','F','1975-11-08','475 Miller Pond Road','Grantham','NH','USA','03753','sefoulkes@gmail.com','603-493-8517','',1,'Maddie Foulkes','603-759-2676','','small','',''),(51,'Monkey Brain Sushi','regular','Jay','Smith','G','Sport','','M','1969-01-22','121 Moose Mtn. rd.','Canaan','NH','USA','03741','monocog29er@yahoo.com','603-306-1587','603-306-1587',1,'Lisa Erling','603-306-1587','','large','The Dude (aka The Buddy), The Dalai Lama, Izod, Tiger Woods, Victoria Secret\'s, Lehman Bro\'s, Enron, KY-Jelly','Dr. J.G. Smith is a single speed mountain biker.  When he\'s not riding his single speed he enjoy\'s riding soccer moms\''),(52,'Monkey Brain Sushi','regular','Kiel','Gosselin','A','Sport','','M','1967-09-07','46 School St.','Lebanon','NH','USA','03766','cm4446@gmail.com','603-359-5973','',1,'Priscilla Gosselin','603-448-2423','','medium','Drummond Custom Cycles, Yama Restaurant, Bic razors, Strava, The French Press, and all my athletic supporters',''),(53,'Two Wheeled Mafia','captain','john','maleski','k','Sport','','M','1968-10-13','279 north village road APT-1','loudon','NH','United States','03307','jkmmxzx@comcast.net','6032193424','603-783-9146',1,'john maleski','603-783-9146','','x-large','Two Wheeled Mafia, Revolution Cyclery','\"If you ain\'t bleedin. you ain\'t speedin\"'),(54,'Two Wheeled Mafia','regular','Bill','Milsop','D','Sport','','M','1963-10-08','227 longwoods road','Deering','NH','United States','03244','milsop@tds.net','6034645337','6034645337',1,'Carla Milsop','6034645337','','large','Two Wheeled Mafia, Revolution Cyclery, Felt, Samual Adams, Captain Morgan','They call me \"Billy Gun\"'),(55,'Two Wheeled Mafia','regular','Ben','Floyd','A','Sport','','M','1961-11-11','223 crossmill road','Northfield','NH','United States','03276','bafloyd@metrocast.net','603-966-7796','603-934-4335',1,'Sue Floyd','603-966-7797','','large','Two Wheeled Mafia, Revolution Cyclery','\" everyone needs something to believe in and I believe i\'ll have another beer! \"'),(56,'Two Wheeled Mafia','regular','Thomas','Colby','L','Sport','','M','1972-10-13','279 north village road APT-1','Hillsboro','NH','United States','03244','tlcolby@gmail.com','603--74-8-36 x19','603--46-4-29 x93',1,'Thomas Colby','845--38-0-47 x50','','x-large','Two Wheeled Mafia, Revolution Cyclery,',''),(57,'Monster head','captain','Wesley','Hoffman','','Sport','','M','1969-07-23','3545 82nd street','Jackson Heights','NY','US','11372','trackbike88@hotmail.com','212-363-0786','',1,'Georgia Southworth','646-247-3727','','medium','','monster'),(59,'John\'s Team Dogfish Head','captain','Daniel','Antosiewicz','J','Sport','','M','1972-05-15','21 Forestview Road','Keene','NH','US','03431','dantosiewicz@rmuchacpa.com','603-762-0808','',1,'Jen Antosiewicz','603-762-0671','','x-large','',''),(60,'John\'s Team Dogfish Head','regular','Jason','Houston','D','Sport','','M','1970-09-07','157 school street','keene','NH','USA','03431','jhouston@jgbco.com','603-707-7584','603-707-7584',1,'Christine Houston','603-209-4882','','large','',''),(61,'John\'s Team Dogfish Head','regular','Mark','Ellingwood','','Sport','','M','1981-07-20','7 Silver Dr Apt 13','Nashua','NH','USA','03060','mark8ellingwood@hotmail.com','6033133788','6033133788',1,'Sara Cote','9788552234','','large','',''),(62,'John\'s Team Dogfish Head','regular','Ted','McGreer','','Sport','','M','1969-06-20','18 Forestview Rd','Keene','NH','USA','03431','tedsports1@gmail.com','603-357-8337','603-357-5831',1,'Heather McGreer','603-313-5992','','x-large','',''),(63,'John\'s Team Dogfish Head','regular','John','Round','A','Sport','','M','1970-11-18','16 Salisbury Road','Keene','NH','USA','03431','jround@ipgbenefits.com','603-357-2707','',1,'Carrie Round','603-357-2691','','x-large','',''),(64,'Bryan, Coley','captain','Coley','Bryan','','Sport','','M','1968-09-25','7 Wise Pl.','Gloucester','MA','US','01930','harborsidecycle@hotmail.com','978-282-6509','',0,'Heidi Wakeman','508-284-1285','','small','',''),(65,'acidotic RACING-BLACK','captain','CHRIS','DUNN','J','Sport','','M','1968-11-09','43 CROSS ROAD','STRAFFORD','NH','US','03884','acidoticRACING@hotmail.com','603.978.5924','',1,'Karen L. Dunn','603.335.5627','','blank','',''),(66,'acidotic RACING-BLACK','regular','Ted','Hall','','Sport','','M','1973-06-30','21 PENNY LANE','MERRIMACK','NH','USA','03054','tedandliz44@comcast.net','603-244-0746','',1,'LIZ HALL','603-244-0999','','medium','',''),(67,'acidotic RACING-BLACK','regular','AUSTIN','STONEBRAKER','','Sport','','M','1979-08-13','PO BOX 143','HEBRON','ME','USA','04238','austin.stonebraker13@gmail.com','207-577-8602','',1,'DAVID STONEBRAKER','207-966-3071','','large','',''),(68,'acidotic RACING-BLACK','regular','RI','FAHNESTOCK','','Sport','','M','1979-02-20','13 FOREST STREET','EXETER','NH','USA','03833','ri.fahnestock@unh.edu','603-866-1268','',1,'FLORENCIA PRADO','603-537-6551','','medium','',''),(69,'acidotic RACING-GOLD','captain','Jay','Dunn','J','Sport','','M','1971-05-02','529 George Street','Fredericksburg','VA','USA','22401','acidoticRacing@hotmail.com','603.978.5924','',1,'Katie Dunn','540.840.4412','','large','',''),(70,'acidotic RACING-GOLD','regular','BRAYDEN','DUNN','J','Sport','','M','1993-06-13','43 CROSS ROAD','STRAFFORD','NH','USA','03884','braydenjdunn@gmail.com','603-335-5627','',1,'JAMES L. DUNN','603-742-9367','','large','',''),(71,'acidotic RACING-GOLD','regular','STEVE','SPRAGUE','','Sport','','M','1969-12-02','151 VETERANS HIGHWAY','BROOKS','ME','USA','04921','sprague332000@yahoo.com','207-722-3313','',1,'STEPHANIE SPRAGUE','207-722-3313','','large','',''),(72,'acidotic RACING-GOLD','regular','STEVE','WOLFE','','Sport','','M','1964-06-10','3 WILDCAT FALLS ROAD','MERRIMACK','NH','USA','03054','wolfe2000@gmail.com','603-424-9850','',1,'DEB WOLFE','603-424-9850','','medium','',''),(73,'have MRCy','captain','Christopher','Pare','','Sport','','M','1974-09-14','60 Oxford Drive','Franklin','MA','US','02038','chris_pare@yahoo.com','508 346 3458','',1,'Sarah Pare','508 346 3458','','medium','',''),(74,'have MRCy','regular','Bill','Turner','','Expert','','M','1967-08-17','191 West Street','Northboro','MA','USA','01532','toweels@yahoo.com','201-906-4392','',1,'Laura Turner','617-653-7665','','large','',''),(75,'have MRCy','regular','Doug','Kennedy','','Expert','','M','1968-05-02','25 Wyman Lane','Marlborough','MA','USA','01752','onegeardoug@gmail.com','602-321-7686','',1,'Carmen Kennedy','602-332-5560','','medium','',''),(76,'have MRCy','regular','Rob','Follansbee','','Expert','','M','1967-02-18','5 Heidi Lane','Grafton','MA','USA','01519','robert.follansbee@gmail.com','508-839-2940','',1,'Stacey Follansbee','781-799-2179','','small','',''),(77,'Dean \'The Polish Missile\' Poplawski','captain','Dean','Poplawski','P','Sport','','M','1971-03-01','63 Pierpont Road','Dudley','MA','US','01571','deanpop33@charter.net','508-943-9371','',1,'Katherine Poplawski','508-943-9371','','x-large','',''),(78,'Paycheck to Paycheck','captain','Robert','Talmadge','','Sport','','M','1969-07-26','51 District 5 Road','Concord','NH','USA','03303','technoman26@comcast.net','603 848 2195','',1,'Leslie Talmadge','603 225 5684','','x-large','',''),(79,'Paycheck to Paycheck','regular','Scott','Denoncourt','','Sport','','M','1971-10-16','434 Shaker Road','Canterbury','NH','USA','03224','sdenoncourt@communityloanfund.org','','603-783-4201',1,'Sarah Denoncourt','603 783 4201','','medium','',''),(80,'Paycheck to Paycheck','regular','Aaron','Miller','','Sport','','M','1974-12-19','17 Tenney Rd','Goffstown','NH','USA','03045','Aarondanielmills@Comcast.net','603 953 3069','',1,'Carol Gay','603 953 3069','','large','',''),(81,'Paycheck to Paycheck','regular','Clayton','George','','Sport','','M','1978-08-22','174 Franklin Road','Salisbury','NH','USA','03268','claytonscreations@hotmail.com','6035683931','',1,'Tom George','6036486568','','large','',''),(82,'Pine Lodge Dominators','captain','Jason','Pritchard','','Beginner','','M','1973-04-18','12 Cunningham St','Hopkinton','MA','US','01748','simpest@yahoo.com','6175492581','',1,'Jennifer Devlin','617-448-9564','','large','',''),(83,'Pine Lodge Dominators','regular','Ken','Sullivan','','Beginner','','M','1967-01-13','4 Chadwick Rd','Hudson','MA','USA','01749','sullivan.kenneth@comcast.net','978-568-3609','',1,'Deborah Sullivan','508-498-6795','','large','',''),(84,'Pine Lodge Dominators','regular','Jeff','LeBlanc','','Beginner','','M','1975-04-04','49 Village Brook Lane #3','Natick','MA','USA','01760','leblaj@yahoo.com','4014898368','',1,'Ted LeBlanc','5088890081','','large','',''),(85,'Pine Lodge Dominators','regular','Herb','Ducey','','Sport','','M','1962-04-26','20 Kent Drive','Hudson','MA','USA','01749','ducey_herbert@emc.com','978-204-1907','',1,'Ken Sullivan','617-365-2788','','medium','',''),(86,'Gears Gone Wild','captain','Anthony','Tieuli','','Sport','','M','1973-01-01','8 trettle drive','milford','MA','USA','01757','anthony@anthonytieuli.com','6179130254','',1,'Kate Tieuli','6179130254','','x-large','',''),(87,'Gears Gone Wild','regular','Steve','Shurtleff','','Sport','','M','1967-01-01','107 n row road','sterling','MA','USA','01564','sshurtleff21@hotmail.com','9788706447','',1,'mrs shurtleff, AKA \"the boss\"','9788706447','','blank','',''),(88,'Gears Gone Wild','regular','Tim','Girouard','','Sport','','M','1978-01-24','29 candlewood pl','worcester','MA','USA','01606','tim_g42@yahoo.com','4138964741','',1,'Marta Girouard','8605183750','','medium','',''),(89,'Gears Gone Wild','regular','Dave','Swift','','Sport','','M','1973-01-01','252 congress st','milford','MA','USA','01757','massmtnbikn@yahoo.com','9788703543','',1,'Jill Swift','9782571173','','xx-large','',''),(90,'Just Ducky, thanks.','captain','Scott','Barthold','','Sport','','M','1956-11-26','121 Pinnacle Rd','Lyme','NH','US','03768','scott@snomatic.com','6037954490','',1,'Joan Barthold','6034960625','','large','',''),(91,'Just Ducky, thanks.','regular','Joan','Barthold','','Sport','','F','1958-07-23','121 Pinnacle Rd','Lyme','NH','USA','03768','joan.barthold@hitchcock.org','','603-795-4490',1,'Michael Sparks','603-219-4448','','medium','',''),(92,'Just Ducky, thanks.','regular','Michael','Sparks','','Sport','','M','1962-09-08','Old County Road','Plainfield','NH','USA','03781','scott@snomatic.com','603-219-4448','',1,'Joan Barthold','603-496-0625','','medium','',''),(93,'Just Ducky, thanks.','regular','Ben','Harris','','Sport','','M','1993-04-27','75 Lebanon St','Hanover NH','NH','USA','03768','scott@snomatic.com','603-795-4490','',1,'Joan Barthold','603-496-0625','','large','',''),(94,'Just Ducky, thanks.','regular','Cooper','Dodds','','Sport','','M','1990-08-31','5 Parkway Drive','Hanover','NH','USA','03765','scott@snomatic.com','603-643-9816','',1,'Joan Barthold','603-496-2495','','large','',''),(95,'Peddle to the Meddle','captain','Eric','Barthold','','Sport','','M','1990-01-04','121 Pinnacle Rd','L','NH','USA','03768','ecbartho@colby.edu','6034966743','',1,'Joan Barthold','6034960625','','large','',''),(96,'Peddle to the Meddle','regular','Jeanne','Barthold','','Sport','','F','1992-08-31','121 Pinnacle Rd','Lyme','NH','USA','03768','jeanne.barthold@gmail.com','603-795-4490','',1,'Joan Barthold','603-496-0625','','medium','',''),(97,'Peddle to the Meddle','regular','Dylan','Riessen','','Sport','','M','1990-05-07','4 Conant Road','Hanover','NH','USA','03765','driessen@colby.edu','603-643-8360','',1,'Joan Barthold','603-496-0625','','large','',''),(98,'Peddle to the Meddle','regular','Jared','Supple','','Sport','','M','1990-03-14','14 Blank St','Burlington','VT','USA','01111','jsupple@together.net','603-795-4490','',1,'Joan Barthold','603-496-0625','','blank','',''),(99,'Peddle to the Meddle','regular','Travis','Wright','','Sport','','M','1990-03-15','23 Main Street','Rochester','NY','USA','12111','tewright@colby.edu','603-795-2900','',1,'Joan Barthold','603-496-0625','','medium','',''),(100,'Gravity Challenge','captain','Timothy','Mather','B','Sport','','M','1965-02-21','347 Jones Hollow Rd','Marlborough','CT','US','06447','tim@mathermotorsports.com','8604676519','',1,'Cecile Mather','8608840430','','large','Eagle Mountain House & Golf Club\r\nPursuit Athletic Performance\r\nKozlowski Orthodontics\r\nGreat Glen Trails\r\nMt Washington Auto Road','Check out mathersports.com'),(101,'Foggy Goggle / NorEast','captain','Rami','El Rayess','','Beginner','','M','1978-03-09','22 Huckleberry Lane','Hampton','NH','US','03842','relrayess@gmail.com','6039696474','',1,'Michelle Roycroft','6038422885','','large','',''),(102,'Foggy Goggle / NorEast','regular','Rich','Matthes','','Sport','','M','1970-04-06','69 Sunset','Portsmouth','NH','USA','03801','matthes.rich@gmail.com','603.531.0501','',1,'Jennifer Matthes','603.498.8343','','medium','',''),(103,'Foggy Goggle / NorEast','regular','Shawn','McGowan','','Beginner','','M','1961-04-01','51 Hemlock Ct','Newfields','NH','USA','03856','smcgowan@newmarketinc.com','603.427.5989','',1,'Kelly McGowan','603.427.5989','','large','',''),(104,'Foggy Goggle / NorEast','regular','Larry','Silva','','Beginner','','M','1978-01-01','Awesome St','Awesome','NH','USA','03801','larry_silva@verizon.net','603.969.6474','603.969.6474',1,'Rami El Rayess','603.969.6474','','large','Beer\r\nPain\r\nLife',''),(105,'Sarausky, Hailey','captain','Hailey','Sarausky','','Sport','','F','1993-11-07','113 Pleasant St','Littleton','NH','USA','03561','ski4mom@gmail.com','603-616-6843','',0,'Darleen Sarausky','603-616-6843','','small','',''),(106,'Kling, Lauren','captain','Lauren','Kling','J','Expert','','F','1986-08-27','33 Long Ave, #3','Allston','MA','US','02134','lauren.j.kling@gmail.com','856.803.6752','',1,'Debra Kling','856.803.6750','','small','',''),(107,'Schlottmann, Derrek','captain','James','Schlottmann','D','Sport','','M','1969-01-11','27 Elm Street','Fryeburg','ME','US','04037','derrek.schlottmann@gmail.com','207-710-9324','',1,'Hilary Jones','949-350-2671','','large','',''),(108,'HOGG Wild','captain','Cole','Gentry','','Sport','','M','1970-01-01','170 Acton Rd','Chelmsford','MA','USA','01824','Miraco3@comcast.net','9788703543','',1,'Mrs Gentry','9788703543','','blank','',''),(109,'HOGG Wild','regular','Ken','Varnum','','Sport','','M','1968-05-28','91 Brickel Rd','Stoughton','MA','USA','02072','kmvarnum@yahoo.com','6176200022','',1,'Vicki Varnum','7818010799','','large','',''),(110,'HOGG Wild','regular','Mark','Shepherd','','Sport','','M','1970-10-19','91 Echo Ave','Portsmouth','NH','USA','03801','markshepherd@comcast.net','6033186567','',1,'Amy Shepherd','6034989881','','large','',''),(111,'HOGG Wild','regular','Rick','Lowe','','Sport','','M','1970-01-01','tbd','Woburn','MA','USA','01801','wflowe10@yahoo.com','9788703543','',1,'Heather Lowe','9788703543','','blank','',''),(112,'The CT Cranksters','captain','Susan','Lackman','','Sport','','F','1978-01-27','173 Perry St','Unionville','CT','US','06085','chicaandinista@gmail.com','860 250-1199','',1,'Mike Lackman','860 250-6901','','small','',''),(113,'The CT Cranksters','regular','Katie','Joly','','Sport','','F','1977-11-08','24 Keeney Lane','New London','CT','USA','06320','katiejoly@yahoo.com','','860-306-5826',1,'Steve Joly','860-884-3438','','small','',''),(114,'The CT Cranksters','regular','Steven','Joly','','Sport','','M','1982-05-26','24 Keeney Lane','New London','CT','USA','06320','stevejoly@yahoo.com','860-884-3438','',1,'Katie Joly','860-306-5826','','large','',''),(115,'The CT Cranksters','regular','Garth','Charland','A','Sport','','M','1966-02-06','78 Edgewood Ave','Thomaston','CT','USA','06787','waycoolmg@gmail.com','2032332307','',1,'Teresa','2032333427','','x-large','',''),(116,'The CT Cranksters','regular','Richard','Hale','J','Sport','','M','1965-02-13','17 Buckskin Heights Drive','Danbury','CT','USA','06811','rich.hale21365@gmail.com','203-744-9651','203-744-9651',1,'Louise Hale','203-748-2570','','x-large','','MTB\'er since 1998, mostly XC singletrack,  new at racing , newer at DH MTB, also a day hiker at times, dog owner, ice cream fan'),(117,'The Dude','captain','Vincent','Dude','','Sport','','M','1972-03-03','16 schoolhouse lane','wilmot','NH','USA','03287','rosannaleigh@gmail.com','603-759-3836','',1,'Rosanna Dude','603-828-1001','','large','',''),(118,'Rob \'The Pony Express\' Gauthier','captain','Robert','Gauthier','','Beginner','','M','1968-01-05','7 Paper St.','Groveton','NH','US','03582','robgrovetonemd@gmail.com','603-636-0049','',1,'Sue Gauthier','603-636-0049','','xx-large','',''),(119,'Stephen LeBlanc','captain','Stephen','LeBlanc','','Sport','','M','1973-04-21','51 Judd Hill Road','Woodbury','CT','US','06798','stephenleblanc@yahoo.com','860-810-6439','',1,'Heather LeBlanc (Wife)','203-623-2918','','large','Team Misfits\r\nBiker\'s Edge\r\nMax Muscle','2x Soloist 24hr rider...\r\n\r\n2x Ironman Lake Placid Finisher 2009 & \'2011...'),(120,'Woodson, Bill','captain','William','Woodson','','Pro','','M','1971-10-02','1 Squam Rd','Rockport','MA','US','01966','bill.woodson@sas.com','9785028555','',1,'Sally Woodson','978.223.8225','','medium','',''),(121,'The Slugs','captain','Kerry','Kisloski','','Beginner','','M','1973-02-15','853 Locust Street','Raynham','MA','US','02767','kkisloski@progeny.net','4012155683','',1,'Liz Kisloski','508 880 8649','','x-large','',''),(122,'The Slugs','regular','Casey','Bliss','C','Beginner','','M','1991-02-10','298 Swift Road','Whitinsville','MA','USA','01588','bliss.casey@gmail.com','508-234-3780','508-234-3780',1,'Burt Bliss','508-215-9880','','large','',''),(123,'The Slugs','regular','Burt','Bliss','J','Beginner','','M','1973-03-12','298 Swift Road','Whitinsville','MA','USA','01588','bscjbt@aol.com','508-482-3273','508-234-3780',1,'Sheryl Bliss','508-234-3780','','x-large','',''),(124,'The Slugs','regular','James','Nissen','A','Sport','','M','1972-04-06','11 Lockewood Drive','Franklin','MA','USA','02038','jnissen@progeny.net','6173350620','',1,'Kerry Nissen','5088789476','','x-large','',''),(125,'Pursuit Fitness','captain','Rod','Wilson','','Beginner','','M','1970-11-11','71 Bald Hill Road','Tolland','CT','US','06084','rodwilsonsr@radcomputing.com','8604547700','',1,'Debra Wilson','8608413638','','large','',''),(126,'Pursuit Fitness','regular','Al','Lyman, Jr.','','Beginner','','M','1959-11-17','439 Oxoboxo Dam Rd.','Oakdale','CT','USA','06370','coachal@coach-al.com','860-912-0818','',1,'Karen Lyman','860-912-2092','','blank','Pursuit Athletic Performance, Clif Bar, Hammer Nutrition, Vasa',''),(127,'Pursuit Fitness','regular','Albert','Lyman','J','Beginner','','M','1992-02-04','439 Oxoboxo Dam Rd.','Oakdale','CT','USA','06370','ajlyman1215@gmail.com','860-917-0976','',1,'Karen Lyman','860-912-2092','','medium','',''),(128,'Pursuit Fitness','regular','unregistered','rider','','Sport','','M','2011-01-01','','','','USA','','','','',0,'','','','blank','',''),(129,'Jaw-Z','captain','Jaz','Dowling','P','Pro','','M','1993-10-14','PO Box 1267','Lincoln','NH','USA','03251','nhbetty0908@yahoo.com','603 61602022','603-313-1584',0,'Kristin Esty','603-313-1584','','medium','The Landing at Loon',''),(130,'MDUB','captain','Michael','Ferraro','P','Sport','','M','1973-11-02','125 Washington St','Norwalk','CT','US','06854','ferraro.mick@gmail.com','203.722.2192','',1,'Mia Soucy','315.212.5591','','medium','',''),(131,'MDUB','regular','Tony','Lake','','Sport','','M','1959-08-05','7 Lostbrook Rd','W. Simsbury','CT','USA','06092','lalalake@att.net','8606517761','',1,'Donna Lake','8606517761','','x-large','',''),(132,'Mehallo, Chris','captain','Christopher','Mehallo','','Beginner','','M','1969-10-15','1014 Wilde Ave','Drexel Hill','PA','US','19026','cmehallo@comcast.net','215 605 0243','',1,'Danielle Mehallo','215 873 1111','','medium','',''),(133,'Evaporators','captain','John','Zouck II','H','Sport','','M','1966-10-19','311 Chamberlin Lane','Williston','VT','US','05495','zoucks@yahoo.com','802-578-1781','',1,'Stacey Zouck','802-578-2703','','large','','Nickmame: the Pretty one'),(134,'Evaporators','regular','Joe','Brzoza','A','Sport','','M','1969-07-14','14 Dartmoor Court','Essex','VT','USA','05452','brzozafam@comcast.net','802-999-9729','',1,'Michelle Cote-Brzoza','802-999-2100','','xx-large','','Nickname: the Giant'),(135,'Evaporators','regular','Bob','Parker','J','Sport','','M','1964-12-07','70 Birch Ridge Rd','Westford','VT','USA','05494','bobp@burton.com','802-343-7411','802-343-7411',1,'Rachael Parker','802-343-7359','','large','','Known as \"the Raccoon\" for the way he becomes lethargic in the winter.'),(136,'Evaporators','regular','Mark','Tucker','H','Expert','','M','1969-06-22','5860 VT RT 122','Sheffield','VT','USA','05866','mark.tucker@wildblue.net','802-626-6328','802-626-4329',1,'Barbara Tucker','802-626-4329','','large','This rider is sponsored by the letter T and the number 9.','Designated hitter.'),(137,'Smoking Man and The Bandits','captain','Clint','Dowd','','Expert','','M','1963-11-18','15 Bayberry Lane','Goffstown','NH','US','03045','cdowd@velcro.com','603-497-3187','',1,'Narri Dowd','603-703-7867','','medium','MTB Mind',''),(138,'Smoking Man and The Bandits','regular','Dennis','Flanagan','','Expert','','M','1961-01-30','72 Fern Ave','Amsbury','MA','USA','01913','denflan@comcast.net','978-360-1899','',1,'Narri Dowd','603-703-7867','','medium','MTB Mind',''),(139,'Smoking Man and The Bandits','regular','Karin','Holmes','','Expert','','F','1977-05-05','8 Amherst Rd.','Beverly','MA','USA','01915','karinj77@gmail.com','603-289-0140','',1,'Narri Dowd','603-703-7867','','small','',''),(140,'Smoking Man and The Bandits','regular','David','Michaud','','Sport','','M','1961-01-03','PO Box 581','SeaBrook','NH','USA','03874','capt_high_pressure@yahoo.com','603-289-0140','',1,'Narri Dowd','603-703-7867','','large','MTB Mind',''),(141,'BA','captain','Brian','Altrui','','Beginner','','M','1973-09-19','64 Beechwood road','New Britain','CT','US','06053','baltrui@hotmail.com','8606817775','',1,'Scott Altrui','8607291016','','blank','',''),(142,'Ride Life','captain','Joshua','Fonner','M','Sport','','M','1981-06-21','PO Box 71','Slaterville Springs','NY','US','14881','joshfonner@hotmail.com','7078152178','',1,'Monique Fonner','603-529-0063','','medium','Giant Bicycles',''),(143,'Ride Life','regular','Bevan','Harris','L','Sport','','M','1970-07-14','61 Moffat Road','Cold Spring','NY','USA','10516','bevanharris@giantbicycle.com','914-475-3722','',1,'Trevor Harris','718-721-1729','','large','Giant Bicycle, Inc.',''),(144,'Ride Life','regular','Edwin','Barber','C','Sport','','M','1968-04-03','61 Brookwood Rd','Wakefield','RI','USA','02879','edbarber@giantbicycle.com','4017428249','',1,'Cliff Barber','6035663031','','large','',''),(145,'Ride Life','regular','Dana','De La Rosa','J','Sport','','M','1960-08-05','18  8th. Ave.','Hawthorne','NJ','USA','07506','danabike@mac.com','631-495-5364','',1,'Laurie Higdon','201-921-4070','','medium','Giant Bicycle','Born on the Bayou, son of a share cropper.'),(146,'White Mountain Wheelers','captain','Ben','Mirkin','J','Sport','','M','1977-03-13','371 West Farm Road','Bethlehem','NH','US','03574','ben.mirkin@whitemountain.org','603 986 5412','',1,'Kate Renner','802 274 1093','','large','',''),(147,'White Mountain Wheelers','regular','Mathew','Andrews','R','Sport','','M','1992-11-19','51 ministerial dr','concord','MA','USA','01742','Mathew.andrews@whitemountain.org','978 505 8210','',1,'ross andrews','978 551 6393','','medium','',''),(148,'White Mountain Wheelers','regular','Dan','Annunziato','S','Sport','','M','1991-07-31','170 Beechwood Ln.','Franconia','NH','USA','03580','dsannunziato@plymouth.edu','603-4434-336','603-443-3336',1,'Mike Annunziato','603-443-3338','','large','',''),(149,'White Mountain Wheelers','regular','Hiapo','Shaw','','Sport','','M','1972-04-03','371 West Farm Rd.','Bethlehem','NH','USA','03574','hiapo@whitemountain.org','603-616-4482','',1,'Rebecca Beno','603-616-4481','','large','',''),(150,'Ride Giant','captain','Rich','O\'Neil','','Expert','','M','1969-07-14','1367 curtin st','State College','PA','USA','16803','roneilalpine@gmail.com','','814.308.2499',1,'Hospital','000.911.0000','','medium','Giant Bicycles/NoTubes202','got nothin, am nobody, don\'t do anything.'),(151,'Ride Giant','regular','Michael','Delano','J','Beginner','','M','1964-06-26','626 S Pine Street','Richmond','VA','USA','23220','michaeldelano@giantbicycle.com','8043509587','',1,'Christine Delano','804 644 3669','','medium','','My first race ever. Been riding Mountain bikes for years but the first race I was headed to in 1991 was canceled due to me breaking my leg playing Ultimate. That oman will be put to rest with my team effort for this team.'),(152,'Ride Giant','regular','Patrick','Leslie','','Sport','','M','1972-09-12','3 Hastings','Horsham','PA','USA','19044','pedal912@yahoo.com','215 964 8471','215 2907377',1,'Jill Leslie','215 7606061','','large','',''),(153,'Ride Giant','regular','Max','Judelson','T','Sport','','M','1987-11-24','12 Fisher Ave. apt 5','Roxbury','MA','USA','02120','pharley9@gmail.com','845 499 1113','',1,'Maija Teigen-Hangartner','781 608 2830','','medium','Giant Cycling World - Boston',''),(154,'Spenard, John','captain','John','Spenard','R','Sport','','M','1967-01-01','18 Kalisz Lane','Manchester','NH','USA','03109','dspenard@eastersealsnh.org','6036576642','6033157400',1,'Denise Spenard','6033157400','','large','',''),(155,'Recycled Sports','captain','Derek','Griggs','','Expert','','M','1959-06-30','PO Box 222','Seabrook','NH','US','03874','r.sports.nh@myfairpoint.net','603-396-6322','',1,'Suzanne Griggs','603-494-2999','','large','Recycled Sports of NH, KHS Bicycles, Ryders Eyewear, Profile Design, Feedback Sports.','Mountain bike racing since 1986...but an alpine ski racer first!\r\nBack to defend my title...but I know it\'s going to be hard fought!'),(156,'David Swift','captain','David','Swift','','Pro','','M','1960-03-22','PO Box 1649','North Falmouth','MA','US','02556','Fstop322@aol.com','508-564-2517','',1,'David Swift','508-564-2517','','blank','',''),(157,'Pineapple Express','captain','John','Naples','','Sport','','M','1970-01-09','7 Parker Ave','Cohasset','MA','US','02025','jmnaples@gmail.com','718.249.7001','781.383.7063',1,'Katie Lord Naples','781-640-3432','','medium','Outside In',''),(158,'Pineapple Express','regular','Jason','Catlender','','Sport','','M','1973-08-19','232 Beaver Dam','Scituate','MA','USA','02066','jason_catlender@yahoo.com','617 694 3009','',1,'Katie','617 694 0168','','large','',''),(159,'Pineapple Express','regular','General Bill','Mattey','','Sport','','M','1969-08-31','51 ledgewood drive','cohasset','MA','USA','02025','wmattey@comcast.net','617-462-4434','781-923-1113',1,'becky Mattey','617-750-4725','','medium','',''),(160,'Pineapple Express','regular','Jason','Cameron','R','Sport','','M','1972-02-07','445 Tilden Road','Scituate','MA','USA','02066','jasonrichardcameron@gmail.com','6175292569','',1,'Tracy Cameron','6172835525','','large','',''),(161,'Pineapple Express','regular','Christopher','Julian','C','Sport','','M','1962-10-28','14 Parker Ave.','Cohasset','MA','USA','02025','chris@juliancrane.com','617-839-3193','',1,'Amory Julian','781-799-4027','','blank','',''),(162,'acidotic RACING-GREY','captain','Timothy','Lindsey','C','Sport','','M','1971-10-10','671 2nd Crown Point Road','STRAFFORD','NH','USA','03884','fenwayfan@metrocast.net','6039059409','6039059409',1,'Gianina T. Lindsey','6039691723','','medium','FitWerx - Trigger Point Therapy - Red Hook Brewery',''),(163,'acidotic RACING-GREY','regular','JAY','CURRY','','Sport','','M','1971-09-08','105 LAKEVIEW AVENUE','LYNN','MA','USA','01904','mtnbk71@aol.com','781-598-0775','',1,'COLLEEN M. GREELEY','781-598-0775','','medium','',''),(164,'acidotic RACING-GREY','regular','DAVID','CRETSINGER','','Sport','','M','1971-06-06','20 MACKINTOSH DRIVE','WILTON','NH','USA','03086','dcretsinger@hotmail.com','603-654-6285','',0,'JENNIFER CRETSINGER','603-554-6285','','medium','',''),(165,'acidotic RACING-GREY','regular','STEVE','McCUSKER','','Sport','','M','1961-08-21','2 GOLD POST ROAD','DOVER','NH','USA','03820','smccusker@CI.DURHAM.NH.US','603-534-9299','',0,'ANDREA McCUSKER','603-312-8080','','large','',''),(166,'Mike Haskell','captain','Michael','Haskell','','Sport','','M','1982-01-15','15 Richmond','Norton','MA','US','02766','mhaskell@gmail.com','508-212-2204','',1,'Kate Haskell','401-369-1763','','large','Capstone Thermal',''),(167,'Pure Adrenaline','captain','William','Biscan','','Sport','','M','1974-05-20','7 Woodrow Ave','Haverhill','MA','US','01830','billyb74@comcast.net','978-398-8477','',1,'Michelle Misserville','978-836-7482','','medium','',''),(168,'Pure Adrenaline','regular','Jim','Rollins','','Sport','','M','1968-02-13','45 Reading Lane','Moultonborough','NH','USA','03254','tjrollins@roadrunner.com','603-253-6037','',1,'Michelle Misserville','978-836-7482','','medium','',''),(169,'Pure Adrenaline','regular','Mike','Blouin','','Sport','','M','1967-07-22','487 Cass Mill Rd','Alexandria','NH','USA','03222','mblouin@insulfab.com','978-836-7482','',1,'Michelle Misserville','978-836-7482','','large','',''),(170,'Pure Adrenaline','regular','Pierre-Yues','Gervez','','Sport','','M','1973-11-14','11 Broadway St','Portsmouth','NH','USA','04743','mblouin@insulfab.com','603-536-3207','',1,'Michelle Misserville','978-836-7482','','medium','',''),(171,'CCD Team Pinnacle','captain','Jeremy','Beliveau','','Sport','','M','1975-06-01','PO Box 991','Enfield','NH','US','03748','jeremy.beliveau@hypertherm.com','603-632-9192','',1,'Jennifer Beliveau','603-632-9192','','x-large','',''),(172,'CCD Team Pinnacle','regular','Austin','Davis','','Sport','','M','1971-08-05','22 Cornish Turnpike','Newport','NH','USA','03773','austin.davis@hypertherm.com','603-863-3375','',1,'Breanna Smith Davis','603-863-3375','','large','',''),(173,'CCD Team Pinnacle','regular','Andrew','Mumford','','Sport','','M','1983-10-18','1297 Stoney Brook Road','Grantham','NH','USA','03753','andrew.mumford@hypertherm.com','802-233-0842','',1,'Alison Mumford','978-852-4272','','large','',''),(174,'CCD Team Pinnacle','regular','James','McDonald','','Sport','','M','1972-09-14','PO Box 608','Newport','NH','USA','03773','jmcdonald@dishmail.net','603-454-4440','603-454-4440',1,'Christian McDonald','603-454-5020','','large','',''),(175,'Gnarlz','captain','Ben','Cargill','I','Expert','','M','1990-06-19','P.O. BOX 717','Intervale','NH','US','03845','mtnbike232@gmail.com','6039860755','6039868851',1,'Sue Halpern','6039869038','','large','MWV Velo Club, UNH cycling',''),(176,'Gnarlz','regular','Jordan','Cargill','L','Sport','','M','1993-09-25','312 Hurricane mtn Rd','Intervale NH','NH','USA','03845','jordan.cargill@gmail.com','6039867447','',1,'Sue Halpern','6039869038','received hard-copy waiver 8/4 - by LAK','large','',''),(177,'Gnarlz','regular','Samuel','Anderson','','Sport','','M','1989-12-02','P.O.Box 224','Kearsarge','NH','USA','03847','snocross741@yahoo.com','603-662-6334','603-356-2514',1,'Tim Anderson','603-662-6085','','large','Jamis, Dakine, Michelin, Oakley, Red Jersey',''),(178,'Gnarlz','regular','Greg','DiSanto','C','Sport','','M','1991-11-26','1 Exeter Road, Appt 1','Newmarket','NH','USA','03857','gcw6@unh.edu','(860)838-7858','8608387737',1,'Lynne DiSanto','(860)838-7737','','large','University of New Hampshire, MWV velo',''),(179,'Mason Racing','captain','Jason','Ouelette','','Sport','','M','1975-06-23','61 Chestnut street','Claremont','NH','US','03743','jason@masonracing.com','603-477-3148','',1,'Katie Ouelette','603-477-3158','','medium','Mason Racing Cycles\r\nTransportation Systems Planning\r\nConnecticut River Valley Yellow Pages',''),(180,'Mason Racing','regular','Kelly','Dolan','A','Expert','','F','1977-12-30','994 route 5 south #2','fairlee','VT','USA','05045','laybackrock@hotmail.com','802 333-9943','508-243-0520',1,'Jessica Londa','802-785-2434','','small','','Pedal'),(181,'Mason Racing','regular','Bryan','Horsley','','Sport','','M','1981-03-26','PO Box 2104','Cotuit','MA','USA','02635','bryan@stormtreat.com','508-292-2856','',1,'Meredith Lefter','508-292-1984','','large','',''),(182,'Mason Racing','regular','Scott','Contois','R','Sport','','M','1976-09-25','PO Box 1016','Lempster','NH','USA','03605','scottcboy76@yahoo.com','603-504-2872','603-504-2872',1,'Lynne Contois','603-863-3611','','medium','Mason Racing Cycles',''),(183,'Mason Racing','regular','Timothy','Vezina','J','Sport','','M','1984-02-06','31 Sugar River Drive','Claremont','NH','USA','03743','tjvo3@comcast.net','(802)296-1376','',1,'Jodi','(802)738-9986','','medium','',''),(184,'The Pinnacle Pair','captain','Brian','Currier','J','Expert','','M','1970-01-24','10 Second Street','Newport','NH','US','03773','stefnbri@netzero.com','603-863-7678','',1,'Stefanee Currier','603-863-7678','','medium','Claremont CycleDepot',''),(185,'The Pinnacle Pair','regular','Tyler','Currier','A','Beginner','','M','1997-10-08','10 Second Street','Newport','NH','USA','03773','stefnbri@netzero.com','603-863-7678','',1,'Stefanee Currier','603-863-7678','told by MP that Tylers waiver was faxed to GG - by LAK','medium','Claremont CycleDepot',''),(186,'Midnight Ramblers','captain','Arthur','Morenz','J','Beginner','','M','1951-04-15','152 Branch Rd','Thomaston','CT','US','06787','artiemorenz@optonline.net','860-283-8973','',1,'Jesse Morenz','203-982-5213','','medium','',''),(187,'Midnight Ramblers','regular','Amy','St Jean','','Beginner','','F','1966-06-14','130 Thomas St','West Hartford','CT','USA','06119','stjean.a@gmail.com','860-281-4158','',1,'Gary St Jean','860-810-5356','','blank','',''),(188,'Midnight Ramblers','regular','Brian','Clark','C','Expert','','M','1975-10-15','130 Thomas St','West Hartford','CT','USA','06119','lampwire@gmail.com','714-712-0290','',1,'Gary St Jean','860-810-5356','','blank','',''),(189,'Midnight Ramblers','regular','Jason','Yingling','','Expert','','M','1975-05-01','31 Ware Ave/','West Hartford','CT','USA','06119','yingling.jason@yahoo.com','860-539-7297','860-539-7297',1,'Carolyn St.Jean','860-539-7297','','large','',''),(190,'Midnight Ramblers','regular','Mark','Sondeen','','Beginner','','M','1973-03-29','498 Fern St','West Hartford','CT','USA','06107','msondeen@yahoo.com','860-810-2462','',1,'Danielle Sondeen','860-810-2462','','medium','',''),(191,'DILLIGAF','captain','Joshua','Krzyzek','A','Expert','','M','1983-02-21','63 Spring Hill Drive','North Attleboro','MA','US','02760','j_krzyzek@yahoo.com','774-219-2707','',1,'Jacob Krzyzek','774-219-3329','132750','medium','Union Velo','No longer the \"fat kid\"...    Josh is just plain FAST!    \"Will ride for nachos\"'),(192,'DILLIGAF','regular','Shawn','Mottram','L','Expert','','M','1974-08-30','27 Power St','Norton','MA','USA','02766','workingcat2@yahoo.com','4018350872','4018350872',1,'Katherine Confoey','40184131941','','medium','Union Cycle Bicycle Specialists\r\nNFG Custom Cycles\r\nRob Stine technical & food support!!!','Been racin\' since them there bikes had little wheels, canti brakes n\' 7 speeds.   Watch for the crooked helmet....  that\'s always a sign of goin\' fast!'),(193,'Ian Marks','captain','Ian','Marks','','Sport','','M','1983-01-20','606 Fourth Street','Houghton','MI','US','49931','imarks@mtu.edu','9062811204','',1,'Sarah Berger','9062811204','','large','',''),(194,'Moriah Harris','captain','Moriah','Harris','E','Beginner','','F','1998-07-31','83 Hook rd','Candia','NH','USA','03034','hrrsdvd@aol.com','603 548 5509','603 548 5509',1,'Dave Harris','603 548 5509','','small','',''),(195,'Saline Delirium','captain','Cameron','Fraser','','Sport','','M','1973-11-10','105 Summer Breeze Ct','Statesville','NC','US','28677','nobosherpa@yahoo.com','704-929-0932','',1,'Lisa Fraser','828-302-4493','','large','',''),(196,'Saline Delirium','regular','Kip','Clyburn','','Sport','','M','1967-03-09','55 Lake Point Circle','Taylorsville','NC','USA','28681','clyburnk@gmail.com','8286325664','',1,'Anne Bringuier','8286120267','','medium','',''),(197,'Fear of the Dark','captain','David','Harris','','Expert','','M','1964-03-27','157 Governors rd','Pittsfield','NH','US','03263','hrrsdvd@aol.com','6035485509','',1,'charlene harris','6034830447','','medium','',''),(198,'Wicked Blazing Saddles','captain','Eric','Servetas','M','Sport','','M','1994-04-06','11 South Watson Ln','Dover','NH','USA','03820','mtnrunner4@comcast.net','6037429412','6037429412',1,'Wendi Servetas','6034752565','','medium','',''),(199,'Wicked Blazing Saddles','regular','Brian','Lothrop','T','Sport','','M','1993-12-30','16 Grandview Dr','Dover','NH','USA','03820','greenwavesoccer4@gmail.com','(603) 767-4575','(603) 767-4575',1,'Gretchen Lothrop','(603) 781-9681','','large','',''),(200,'Wicked Blazing Saddles','regular','Kelly','Lothrop','M','Sport','','F','1991-06-30','16 Grandview Dr.','Dover','NH','USA','03820','Klothrop@Anselm.edu','(603) 781-6227','',1,'Gretchen Lothrop','(603) 781-9681','','medium','',''),(201,'Wicked Blazing Saddles','regular','Craig','Gosse','W','Sport','','M','1994-07-03','10 Royer Lane','Dover','NH','USA','03820','guitarcat7@comcast.net','603-749-1618','',1,'Christie Gosse','603-817-8123','','large','',''),(202,'Wicked Blazing Saddles','regular','Duncan','McGregor','W','Sport','','M','1993-10-13','23 Toftree Lane','Dover','NH','USA','03820','dmcgregor.nh@gmail.com','(603) 978-9968','(603) 742-2449',1,'Dave McGregor','(603) 767-9611','','large','',''),(203,'Dirt Nap','captain','Robert','Walker II','L','Beginner','','M','1979-10-09','55 Pike Hill Rd','Newport','NH','US','03773','treborreklaw2@yahoo.com','603-558-8114','',1,'Leslie Peabody','603-558-8113','','x-large','',''),(204,'Dirt Nap','regular','Scott','Hall','P','Beginner','','M','1973-02-26','109 Grove Street','Claremont','NH','USA','03743','sph91@msn.com','603-542-9796','603-558-1662',1,'Nicole Hall','603-542-9796','','x-large','',''),(205,'The Goat Boys','captain','Albert F Raine III','Albert F Raine','','Expert','','M','1958-11-23','28 Roger Avenue','Concord','NH','US','03301','jamishead@comcast.net','603-226-3449','',1,'Mary Raine','603-305-8609','196838','large','','Multiple EFTA NECS Expert Champion\r\n3rd place 2008 USACMTB National Championship\r\n1st Place 2007 24 Hours Great Glen 4 person Master'),(206,'The Goat Boys','regular','Geoff','McIntosh','','Expert','','M','1966-05-01','1 Quail Ridge','Concord','NH','USA','03301','gomcintosh@comcast.net','617-866-0515','',1,'tim harrison','603-568-7180','','large','','Stud.\r\nFast Guy.\r\nRace Across America podium finisher(x 2)'),(207,'Cranky Jakes 2','captain','James','Shafner','A','Beginner','','M','1982-04-07','7 Jackson st','Beverly','MA','US','01915','jamie.shafner@gmail.com','9739855033','',1,'Lauren Shafner','9739855092','','large','',''),(208,'Cranky Jakes 2','regular','Patrick','Brown','J','Beginner','','M','1979-12-06','128 North Main Street','West Boylston','MA','USA','01583','Patrick.Brown.j@gmail.com','7817996521','',1,'Rachael Brown','9787648258','','large','',''),(209,'Epic Nosense','captain','Stephen','Gregg','B','Beginner','','M','1961-01-22','7 tremont street','maynard','MA','US','01754','lands.gregg@verizon.net','978 897-2263','',1,'stephen gregg','978 897-2263','','medium','','Old Man - Raced in Galena, Illinois in 1992.  Slept in the car and woke to rain.  It rained all day.  Biked most of the first lap.  Biked half of the second lap.  Ran almost all of the last lap.  Came in tenth but only because the smart riders dropped out.  Did it all with an Allsop stem and thumb shifters.  Ugh!'),(210,'Epic Nosense','regular','Jay','Stiga','','Beginner','','M','1973-04-12','11 Tremont Street','Maynard','MA','USA','01754','jaimy@mac.com,','617-780-8970','',1,'Amy Stiga','617-780-8970','','large','','Team neophyte - Raced once before, followed a group of riders into a wrong turn, and was disqualified after two hours of racing.'),(211,'Epic Nosense','regular','Matt','Smith','','Beginner','','M','1969-10-11','10 Tremont Stree','Maynard','MA','USA','01754','mcsmith@fas.harvard.edu','978-897-4869','',1,'Colleen McGary-Smith','978-897-4869','','large','',''),(212,'Epic Nosense','regular','Brain','Cohen','','Beginner','','M','1964-03-01','15 Lakeside Avenue','Hudson','MA','USA','01749','wb3cohen@verizon.net','978-273-2996','',1,'Wendy Cohen','978-618-5672','','medium','',''),(213,'Can\'t Say No','captain','Glenn','Belongie','','Sport','','M','1969-05-08','PO Box 508','Montgomery Centery Center','VT','US','05471','gbelongie@gmail.com','508 254-4668','',1,'Scott Baker','508-842-2925','','x-large','',''),(214,'Can\'t Say No','regular','Shannon','Schutz','','Sport','','F','1972-05-12','4 Main Street','Brownsville','VT','United States','05471','shannon@schutzs.com','508-254-4668','',1,'Glenn Belongie','508-254-4668','','small','',''),(215,'Can\'t Say No','regular','Gary','Wetherbee','','Sport','','M','1952-06-24','Mountain Road','Montgomery Center','VT','USA','05471','flyskibike@fairpoint.net','802-326-2009','',1,'Glenn Belongie','508-254-4668','','large','',''),(216,'Can\'t Say No','regular','Erik','Schutz','','Sport','','M','1971-05-14','4 Main Street','Brownsville','VT','USA','05471','e_schutz@yahoo.com','508-254-4668','',1,'Glenn Belongie','508-254-4668','','large','',''),(217,'Can\'t Say No','regular','Nelson','Mayhew','','Sport','','M','1952-01-01','56 Mountain Road','Montgomery Center','VT','USA','05471','nmayhew@poulinlumber.com','508-254-4668','',1,'Glenn Belongie','508-254-4668','','x-large','',''),(218,'Clark Brothers Racing','captain','Kevin','M.Como','','Sport','','M','1972-07-20','43 Connemara Dr.','Chichester','NH','US','03258','kevinmcomo@gmail.com','603-731-4374','',1,'Joanne Como','603-798-3945','','large','',''),(219,'Clark Brothers Racing','regular','Taylor','Clark','E','Sport','','M','1975-03-04','71 Ring Road','Pittsfield','NH','USA','03263','tayloreclark@myfairpoint.net','603.848.8225','603.848.8225',1,'Carrie Clark','603.848.8224','','large','',''),(220,'Clark Brothers Racing','regular','Kyle','Clark','','Sport','','M','1986-01-20','28 River Rd.','Pittsfield','NH','USA','03263','KClark@Metrocast.net','603-234-7863','',1,'Richard Clark','603-234-7873','','medium','',''),(221,'Clark Brothers Racing','regular','Anthony','Catauro','F','Sport','','M','1972-06-06','53 colbath rd','Barnstead','NH','USA','03225','catauro@tds.net','603 219-4368','603 269-0164',1,'melissa Catauro','603 556-1371','','x-large','',''),(222,'More Hours = More Fun','captain','Matthew','McGrath','','Beginner','','M','1977-06-28','17 Foster Leigh Rd.','Niantic','CT','US','06357','mcgrath.matt@gmail.com','6174709415','',1,'Lindsey McGrath','617-314-2308','','large','',''),(223,'More Hours = More Fun','regular','Benjamin','Stockwell','W','Beginner','','M','1983-02-20','227 Seneca Dr.','Noank','CT','USA','06340','bstockwe@gmail.com','207-504-7042','',1,'Terry Stockwell','207-633-4417','','x-large','',''),(224,'More Hours = More Fun','regular','Will','Repsher','','Beginner','','M','1981-10-13','30 Judson Ave','Mystic','CT','USA','06355','wrepsher@gmail.com','(814)360-7986','',1,'Ella Reese','(814)360-3487','','large','',''),(225,'More Hours = More Fun','regular','Pete','McDowell','','Beginner','','M','1985-11-12','6 Decab Lane','Quaker Hill','CT','USA','06375','pmm6235@gmail.com','814-599-1967','',1,'Rob Lu','845-527-7432','','large','','Tuxedo shirts are just as classy as real tuxedos'),(226,'Rose Bike','captain','Angus','Rose','','Sport','','M','1988-05-06','10 Holbrook St. apt 2','Orono','ME','US','04032','angusrose88@gmail.com','(207)852-1057','',1,'Laurie Carpenter','207 852 7532','','medium','','Sometimes I ride mountain bikes.'),(227,'Rose Bike','regular','Jim','Rose','E','Sport','','M','1961-04-28','9 Pine Street','Orono','ME','USA','04473','oldelectrolux@yahoo.com','207-866-3525','',1,'Karen Francoeur','207-866-3506','','large','','I have a mustache.'),(228,'Rose Bike','regular','Cam','Rose','','Expert','','M','1992-02-08','15 Pierce St','Orono','ME','USA','04473','chb27@unh.edu','207-852-1666','',1,'Laurie Carpenter','207-852-7532','','large','',''),(229,'Rose Bike','regular','Sean','Berry','P','Sport','','M','1987-10-12','11 Thomsen Rd','Hampton','NH','USA','03842','spberry4@gmail.com','6039186722','6039186722',1,'Colin Berry','6039294668','','small','',''),(230,'Bates Masters','captain','Monica','Samolis','','Sport','','F','1964-10-14','4 Kilmer Rd','Warwick','RI','US','02886','majsamolis@yahoo.com','401 374 7977','',1,'Dave Metsky','781 794 9052','','small','',''),(231,'Bates Masters','regular','David','DeSantis','','Sport','','M','1961-12-14','1047 Metropolitan Ave','Milton','MA','USA','02186','firsttg@aol.com','508 612 7261','',1,'Kathleen Doyle','617 529-0222','','medium','',''),(232,'Bates Masters','regular','Eric','Dole','','Sport','','M','1963-01-17','1047 Metropolitan Ave','Milton','MA','USA','02186','Eric.dole@hotmail.com','603 398-9001','',1,'Kath','617 529-0222','','large','',''),(233,'Bates Masters','regular','Dave','Sousa','','Sport','','M','1964-04-19','65 Bennett St','Brockton','MA','USA','02302','dave_sousa@verizon.net','508 272-3031','',1,'Teri Sousa','508 272-3031','','large','Bike Barn',''),(234,'Bates Masters','regular','Brian','McGowan','','Sport','','M','1966-01-26','15 Old Quarry Rd','Wrentham','MA','USA','02093','BMcGowan@upromise.com','508 472 6263','',1,'Alicia McGowan','508 472-5309','','large','QT2',''),(235,'Cranky Jakes','captain','Michael','Graves','W','Beginner','','M','1972-03-22','24 Mt. Carmel Road','Danvers','MA','US','01923','mtcarmel24@yahoo.com','978-804-8253','',1,'Noelle Graves','978-777-4176','','x-large','',''),(236,'Cranky Jakes','regular','Jay','Wessell','','Beginner','','M','1966-05-20','8 Martin St','Danvers','MA','USA','01923','jaywessell@yahoo.com','978-423-2558','',1,'Margaret Wessell','603-522-6843','','large','',''),(237,'Spontaneous Combustion','captain','Jeffery','Forward','A','Sport','','M','1961-02-09','84 Humphrey Street','Marblehead','MA','US','01945','jeff_forward@verizon.net','781-953-4609','781-631-3980',1,'Maura Forward','781-631-3980','','xx-large','',''),(238,'Spontaneous Combustion','regular','kevin','johnson','m','Sport','','M','1972-12-06','86 pine grove ave','hanson','MA','USA','02341','kevin-johnson@comcast.net','781 293-2387','',1,'jo-anne johnson','781 223-5895','','large','',''),(239,'Spontaneous Combustion','regular','David','Bolduc','J','Sport','','M','1972-11-01','15 Cliff Road','Bellingham','MA','USA','02019','davebolduc@yahoo.com','617-909-2541','',1,'Tricia Bolduc','508-479-2236','','large','',''),(240,'Spontaneous Combustion','regular','Tom','Lamont','E','Sport','','M','1967-12-31','84 Tipperary Drive','Whitinsville','MA','USA','01588','tomcathchad@hotmail.com','508 341 1396','508 234 2615',1,'Catherine Lamont','508 234 2615','','large','',''),(241,'The Jamaican Bobsled Team','captain','Allen','Albee','C','Beginner','','M','1982-12-07','10 Buttonwood Rd.','South Berwick','ME','US','03908','Allen_Albee@hotmail.com','603-387-5112','',1,'Christine Albee','603-387-3363','','medium','',''),(242,'The Jamaican Bobsled Team','regular','Matt','Cardin','R','Beginner','','M','1983-07-01','202 Raleigh Way','Portsmouth','NH','USA','03801','mr.cardin@gmail.com','603-765-2968','',1,'Melissa Videira','508-294-4292','','large','','Kickin A\'s and Takin Nays'),(243,'The Jamaican Bobsled Team','regular','Bryan','Frank','E','Beginner','','M','1986-08-08','26 depot Street','Andover','NH','USA','03261','Fast_Ed102@hotmail.com','1 603 397 9038','',1,'Caitlin Barden','1 603 397 7289','','medium','',''),(244,'The Jamaican Bobsled Team','regular','Lauren','McMullen','M','Beginner','','F','1986-11-19','22A Maple St','Dover','NH','USA','03820','lauren.mcmullen09@gmail.com','603-966-5085','',1,'Kevin McMullen','603-672-2639','','small','',''),(245,'Scargill, Brian','captain','Brian A Scargill Sr','Brian A Scargil','','Beginner','','M','1968-04-23','46 Laurel Crest Drive','Brookline','NH','US','03033','scargill.brian@gmail.com','603-305-6680','',1,'Melanie Scargill','603-732-3718','','medium','','Rode 4 man 24 hr last year and having a go at solo, albeit 12 hr, this year.'),(246,'steve richard','captain','Michael','Servetas','J','Sport','','M','1956-11-24','11 South Watson Lane','Dover','NH','US','03820','servetas@comcast.net','6037429412','',1,'Wendi Servetas','603 475 2565','','large','',''),(247,'steve richard','regular','David','Charland','A','Sport','','M','1960-02-11','4 Morgan Dr.','Hooksett','NH','USA','03106','dakchar@comcast.net','603-224-1300','603-485-3488',1,'Sheila Charland','603-485-3488','','large','',''),(248,'steve richard','regular','Eric','Stotz','S','Sport','','M','1957-07-21','11 Old Merrill St','Amesbury','MA','USA','01913','ericstotz@comcast.net','9788346763','9784171312',1,'Elizabeth Stotz','9788346764','','x-large','',''),(249,'steve richard','regular','Joe','Flanagan','E','Sport','','M','1958-01-28','313 Patten Hill Road','Candia','NH','USA','03034','josephe.flanagan@comcast.net','603 370 0042','603 370 0042',1,'Leah Flanagan','603 235 8708','','x-large','',''),(250,'B2GLVC2','captain','Hughes','Burridge','J','Sport','','M','1989-04-09','12 Bucknam St. Apt. 1','Roxbury Crossing','MA','USA','02120','burridge.h@husky.neu.edu','7034892034','',1,'Teresa Hughes','7035342395','292036','medium','GLV d/b Zipcar\r\nNU Cycling','...this isn\'t a road race.  What am I doing here?'),(251,'B2GLVC2','regular','Ian','Schon','','Sport','','M','1990-01-24','2917 OLD COURT ROAD','Baltimore','MD','USA','21208','ischon@comcast.net','4436911423','4436911423',1,'Lew Schon','443 691 1423','','medium','Boloco!!!\r\nBack Bay Bicycles!!!','Slaying sweet lines and guitar solos ughhhh.'),(252,'Three Men & A Baby','captain','Herbert','Beherrell','M','Sport','','M','1969-02-04','413 South Main Street','Andover','MA','US','01810','hbeherrell@tcco.com','617-212-6017','',1,'Gretchen Beherrell','978-886-1761','','large','',''),(253,'Three Men & A Baby','regular','Jeff','Sarra','','Sport','','M','1940-01-01','4 Finnegan Way','Newburyport','MA','USA','01950','jeff@battensign.com','','6172122367',1,'Stacie Sarra','7817608347','','large','',''),(254,'Three Men & A Baby','regular','Jeffrey','Watson','','Sport','','M','1968-01-03','80 Anawon Ave','Wrentham','MA','USA','02093','watson@medwaypolice.com','','5083281781',1,'Erin Watson','5085618699','','large','',''),(255,'Three Men & A Baby','regular','Ian','Elliott','C','Sport','','M','1984-04-13','4 Grouse Lane','Merrimack','NH','USA','03054','theeman41394@yahoo.com','','6034948508',0,'John Elliott','6034405520','','large','',''),(256,'S & M','captain','Susan','Painter','L','Sport','','F','1964-09-02','7 Floyd Avenue','West Lebanon','NH','US','03784','sue.painter@yahoo.com','603-276-9591','',1,'Scott Caunter','603-918-6995','','medium','',''),(257,'S & M','regular','Marlene','McDonald','M','Sport','','F','1966-12-03','44 Glen Ridge Rd','Norwich','VT','USA','05055','marlene.mcdonald@gmail.com','802-649-3250','',1,'Carl Tracy','603-252-0255','','medium','',''),(258,'Awesome!','captain','Paul','Burba','T','Sport','','M','1969-04-19','PO Box 217','Temple','NH','US','03084','ptburba@gmail.com','603-878-4539','',1,'Carol L Gove','603-315-8335','','medium','',''),(259,'Awesome!','regular','Curt','Lavoie','J','Sport','','M','1981-05-01','22 Birchwood dr','Milford','NH','USA','03055','curtlavoie@aol.com','603-769-0509','',1,'Susan Lavoie','603-673-7474','','medium','','I am a professional turd cutter and strive to one day be a top end rock tumbler!'),(260,'Awesome!','regular','Bobby','Treadwell','','Sport','','M','1989-02-20','85 Old Rev Rd','Temple','NH','USA','03084','Treadwell.bobby@yahoo.com','603 5663874','',1,'pam campman','603 8013016','','medium','','My name is Bobby T. and I take care of business. I am the ringer in this crew and hope these chumps can hang. Come race day, you\'ll see Bobby T. is not just a link in the chain but the matter that makes THE chain.'),(261,'Awesome!','regular','Francis','Cuddy IIIn','J','Sport','','M','1982-11-12','2121 Market St. Apt 402','Philadelphia','PA','USA','19103','fcuddy@gmail.com','603 320 1826','603 320 1826',1,'Renee Hykel','610 613 2726','','x-large','','I am a hack and use more energy than is required while pedaling bicycles. Some people think it\'s funny to watch me ride while others protest and claim I am the cause of global warming. Personally, I think cows do more damage.'),(262,'Baby Daddies','captain','Eric','Barnes','','Sport','','M','1976-03-24','8 Manor Way','Buxton','ME','US','04093','ebarnes3@roadrunner.com','2079292662','',1,'Karen Barnes','2074675223','','large','',''),(263,'Baby Daddies','regular','Robert','Picard','','Sport','','M','1976-09-29','51 Olde Birch Lane','Portland','ME','USA','04103','bobbythepilot@gmail.com','','2074504710',1,'Tara Picard','2073293432','','large','',''),(264,'Biking Vikings','captain','Robert','Samuelson','','Pro','','M','1956-10-16','19 Sandy Beach rd','Middlebury','CT','US','06762','rnsamuelsonmd@yahoo.com','203-206-2612','',1,'Eric Samuelson','203-592-1182','','x-large','',''),(265,'Biking Vikings','regular','Eric','Samuelson','F','Sport','','M','1988-05-30','1423 Commonwealth ave','Boston','MA','USA','02135','esamuelson88@gmail.com','203-592-1182','',1,'Robert Samuelson','203-206-2612','','large','',''),(266,'Biking Vikings','regular','Colin','Ruane','R','Sport','','M','1940-01-01','1989 Highland ave','Cheshire','CT','USA','06410','crruane@gmail.com','203-586-9686','',1,'Eric Samuelson','203-592-1182','','large','',''),(267,'Biking Vikings','regular','Perry','Salvagne','','Sport','','M','1988-06-28','78 Olive st. #211','New Haven','CT','USA','06511','prsalvagne@gmail.com','203-241-7643','',1,'Eric Samuelson','203-592-1182','','large','',''),(268,'Biking Vikings','regular','Ben','Mathieu','','Sport','','F','1988-05-19','Olive st. #211','New Haven','CT','USA','06511','bdmathieu@gmail.com','203-217-6958','',1,'Eric Samuelson','203-592-1182','','large','',''),(269,'The Fat Slopers','captain','julien','Duchene','','Expert','','M','1978-07-07','346 Elm','Montreal','QC','CA','H3Z 1Z5','duchene07@gmail.com','(514) 641-5457','',1,'Catherine Brunel','1 (514) 641-5670','','medium','','Red headed rock climber looking for a spin!'),(270,'The Fat Slopers','regular','Philippe','Lanthier','','Expert','','M','1981-02-03','2303 rue Joliette','Montreal','QC','Canada','H1W 3G7','philippe.lanthier@gmail.com','514-409-0271','514-409-0271',1,'Jacques Lanthier','514-917-7785','','blank','','I have never done any mountain biking, but I am willing to suffer for the team.'),(271,'The Fat Slopers','regular','Shant','Dokouzian','','Expert','','M','1972-11-09','4324 Des Erables','Montreal','QC','Canada','H2H2C5','dokouzian@gmail.com','514 567 3274','514 445 5510',1,'Claudia Beland','514 445 5510','','medium','','Why am I doing this?'),(272,'The Fat Slopers','regular','Louis-Philippe','Menard','','Sport','','M','1977-05-14','4232 Adam','Montreal','QC','Canada','H1V 1S9','lp_grimpe@yahoo.ca','514-582-7657','',0,'Anne-Marie','514-625-8935','','medium','',''),(273,'Warriors of Radness Part II','captain','Christopher','Rebula','F','Sport','','M','1980-09-07','2820 6th Street','Boulder','CO','US','80304','christosfranz@gmail.com','508 5615495','',1,'Christopher Rebula','508 5615495','','large','Back Bay Bicycles, Lupine lighting Systems, Papa Wheelies, Rekluse clutches',''),(274,'Warriors of Radness Part II','regular','dakota','martin','d','Sport','','M','1977-04-05','122 edith NE','albuquerque','NM','USA','87102','dakotayesdakota@hotmail.com','617 680-6574','617 680-6574',1,'roxanne ochadlik','505-620-6299','','large','Back Bay Bicycles, Lupine lighting Systems, Papa Wheelies, Rekluse clutches',''),(283,'Brook Longstaff','captain','Brook','Longstaff','','Sport','','M','1967-02-12','1805 Walton Rd','Morristown','VT','US','05661','brooklongstaff@me.com','802-371-8264','',1,'Laura Misiaszek','802-793-3975','','large','www.teamspiritar.com\r\nshine energy','Adventure racing since 1998, mainly expedition length. Carpenter and hair salon coordinator ( don\'t laugh ).'),(284,'aBOMBinable go-men','captain','Christopher','Salway','W','Sport','','M','1982-07-07','7 Primrose Lane','Ashland','MA','US','01721','cwsalway@gmail.com','7175713356','',1,'Hollis Van Inwagen','203-907-9361','','medium','',''),(285,'aBOMBinable go-men','regular','Lee','Salway','V','Sport','','M','1982-07-07','4 Helen Drive','North Haven','CT','USA','06473','lsalway@gmail.com','7175710226','',1,'Kristy Ouderkirk','315-729-9887','','medium','',''),(286,'** Team CF , (Cystic Fibrosis)','captain','Jay','Pelletier','','Sport','','M','1974-10-22','1420 Bayshire Lane','Herndon','VA','US','20170','Pelletier-Jay@imtas.com','571-970-8831','',1,'Erin Pelletier','240-899-3371','','medium','','Rob Dutcher\r\n\r\nPat Phillips\r\n\r\nDevon Teagan'),(287,'** Team CF , (Cystic Fibrosis)','regular','Robert','Dutcher','J','Sport','','M','1963-03-01','17018 Hillard St','Poolesville','MD','USA','20837','rob@robdutcher.com','301 529-2676','',1,'Leslie Hazle','703 980-0651','','x-large','',''),(288,'** Team CF , (Cystic Fibrosis)','regular','Pat','Phillips','','Sport','','M','1952-12-12','1710 N. Nelson St.','Arlington','VA','USA','22207','patphillips52@gmail.com','571 384 9102','703 971 6904',1,'Hilary Phillips','703 244 6817','','large','',''),(289,'** Team CF , (Cystic Fibrosis)','regular','Devin','Teagan','','Sport','','M','1986-02-18','617 Park Ave Fl 2','Hoboken','NJ','USA','07030','dfteagan@gmail.com','2156010859','',1,'Erin Pelletier','240-899-3371','','medium','',''),(290,'Gnarlz','regular','Molly','Bulger','','Sport','','F','1992-03-10','69 School St.','Keene','NH','USA','03431','mmbulger310@gmail.com','603 7386990','603 7386990',1,'Sally Bulger','603 3528694','','small','University of New Hampshire','A fierce bicycle lover, admittedly novice on the MTB, but an enthusiastic novice at that.'),(291,'TnT','captain','Thomas','Crofton','V','Sport','','M','1968-05-18','23 Maple Court','Flemington','NJ','US','08822','tommyc23@gmail.com','9087821203','',1,'Heather Gonzalez','9085525140','','x-large','',''),(292,'Dirt Republic','captain','Jonathan','Wayne','P','Sport','','M','1971-11-09','47 Sherri Ann Avenue','Nashua','NH','US','03064','jonwayne01@comcast.net','6032339844','',1,'Heather Wayne','603 233 4105','','medium','Dirt Republic Eco Bike Wear',''),(293,'Dirt Republic','regular','Walter','Conley','','Sport','','M','1968-03-01','80 Cox St.','Nashua','NH','USA','03064','conleysnh@myfairpoint.net','603-881-9225','603-881-9225',1,'Moira Conley','603-930-9035','','x-large','',''),(320,'Crank The Zank','captain','Chip','Baker','','Sport','','M','1965-06-20','62 meetinghouse circle','needham','MA','US','02492','velocb@mac.com','781-864-1974','',1,'pamela woods','781-444-5555','','medium','Zanconato Custom Cycles',''),(321,'Crank The Zank','regular','Mike','Zanconato','','Sport','','M','1976-09-27','201 8 Lots Road','Sutton','MA','USA','01590','mikez@zanconato.com','508-340-0343','',1,'Rebecca Zanconato','508-450-9031','','large','Zanconato Racing',''),(295,'D-A-S','captain','Don','Dauphinais','','Sport','','M','1970-09-28','21 Furnace','Danielson','CT','USA','06239','don@bikect.com','860-774-6010','',1,'Amy Dauphinais','860-230-7474','','medium','DAS',''),(296,'D-A-S','regular','Liz','Allen','','Sport','','F','1981-03-04','24 Gordon Avene','Willimantic','CT','USA','06226','ebrooklyna@gmail.com','8606176011','',1,'Don Dauphenais','8602139083','','small','',''),(297,'D-A-S','regular','Matt','Danis','','Sport','','M','1974-09-15','51 Westminster Road','Canterbury','CT','USA','06331','mdanis@vzw.blackberry.net','8603342591','',1,'Nichole Danis','8603344475','','x-large','',''),(298,'D-A-S','regular','John','Young','A','Sport','','M','1970-03-11','170 Perry St.','Putnam','CT','USA','06260','jay370@gmail.com','4012190619','',1,'Tracy Elmes','5086127732','','large','',''),(299,'D-A-S','regular','Ben','Burdick','','Sport','','M','1967-02-27','217 Black Hill Road','Plainfield','CT','USA','06374','burdick@ct.metrocast.net','8602132675','',1,'Kelly Burdick','8605647690','','x-large','',''),(300,'Jeff Brown/Luv Cycles/Joes Bike Shop','captain','Jeffrey','Brown','D','Sport','','M','1973-06-22','1415 Morling Ave','Baltimore','MD','US','21211','brownwheel@gmail.com','4438515333','',1,'susan lee','410-960-0484','','large','Luv Cycles, Millennial Media',''),(301,'Jinks,David','captain','David','Jinks','','Sport','','M','1968-12-26','359 Flaam st','Toms River','NJ','US','08753','dajjinks@aol.com','732-288-0415','',1,'Jo Ann Jinks','732-312-7086','','x-large','',''),(302,'Backcountry Magazine','captain','Brian','Lyster','P','Expert','','M','1970-10-23','17 Doon Rd','Underhill','VT','US','05489','bplyster@gmail.com','8027304203','',1,'Elizabeth Lyster','8025788593','','large','',''),(303,'Backcountry Magazine','regular','Heather','Steinhour','','Sport','','F','1980-03-02','PO Box 146','Montgomery Center','VT','USA','05471','hsteinhour@yahoo.com','18023262043','18023262043',1,'Heather Steinhour','18023262043','','small','',''),(304,'Backcountry Magazine','regular','Viv','Moss','','Sport','','M','1970-01-01','','','','USA','','','','',0,'Caroline lyster','802-744-6839','','blank','',''),(305,'Backcountry Magazine','regular','Matthew','Thomas','W','Expert','','M','1971-06-11','70 Connecticut Ave.','Pittsfield','MA','USA','01201','mattthomas301@yahoo.com','4134464435','',1,'Jan Petrides','4134455822','','large','',''),(306,'Backcountry Magazine','regular','Denny','Lyster','','Sport','','M','1942-11-14','1552 North Hill Road','Westfield','VT','USA','05874','dlyster@hughes.net','8027446839','8027446839',1,'Carolyn Lyster','8027446839','','large','',''),(500,'Ken Bovill','captain','Ken','Bovill','','Sport','','M','1975-12-17','10 7th Ave','North Chelmsford','MA','USA','01863','ken-bovill@yahoo.com','978-808-4430','',1,'tina Aiello','603-233-8350','','blank','',''),(307,'Hopkinton Connection','captain','Treavor','Weeden','J','Sport','','M','1976-07-01','38 North Mill Street','Hopkinton','MA','US','01748','treavor.weeden@us.pwc.com','4138220727','',1,'jamie weeden','7045784292','','x-large','',''),(308,'Hopkinton Connection','regular','Greg','Fallon','','Sport','','M','1964-05-05','99 South Mill Street','Hopkinton','MA','USA','01748','gfallon@cio.com','617.645.0733','617.645.0733',1,'Carin Fallon','508.330.0973','','x-large','',''),(309,'Russell, Allen','captain','ALLEN','RUSSELL','P','Beginner','','M','1960-04-17','1 Perry St Box 279','Peapack','NJ','US','07977','enthalpy1@comcast.net','908-470-9390','',1,'Colleen Prince','908-720-5309','','x-large','','Hardly ever races.  IMBA member #414.  Loves building singletrack.  Chemical Engineer.'),(315,'Jeffrey Kempesta','captain','Jeffrey','Kempesta','M','Sport','','M','1971-06-14','444 Canterbury tpke','Norwich','CT','US','06360','jeffkem@comcast.net','860-984-3782','',1,'Hwa-Jin Kempesta','860-639-3333','','x-large','Mystic Cycle Center',''),(314,'Palmer,Dan','captain','Dan','Palmer','','Sport','','M','1972-03-21','Po box 462','Tamworth','NH','US','03886','moog24@roadrunner.com','603-986-7194','',1,'Lori Palmer','603-986-9304','','xx-large','',''),(316,'Honey Badgers','captain','David','Cohen','A','Sport','','M','1972-02-11','775 Hills Point Road','Charlotte','VT','US','05445','davecohen@gmavt.net','8024255990','',1,'Katharine Cohen','8024255990','','large','',''),(317,'Honey Badgers','regular','Eric','Morris','D','Sport','','M','1971-05-20','370 Monarch Rd.','Shelburne','VT','USA','05482','morrisericd@gmail.com','(802) 233-3759','802 985-8608',1,'Deborah Morris','802 985-8608','','large','',''),(322,'Crank The Zank','regular','Nicholas','Maggiore','O','Beginner','','M','1979-08-23','3 Glen Rd. Apt 2','Jamaica Plain','MA','USA','02135','maggiorenick@gmail.com','6032037891','6032037891',1,'Lora D\'Andrea','6037853121','','large','B2C2/Boloco',''),(323,'Crank The Zank','regular','Leah','Pappas-Barnes','','Sport','','F','1979-10-24','67 Massachusetts Ave','Arlington','MA','USA','02474','leahpb@gmail.com','617.460.4804','',1,'Nancy Pappas','781.646.8788','','small','',''),(324,'Crank The Zank','regular','Matt','Myette','','Sport','','M','1971-03-06','36 Barnett Rd','Sutton','MA','USA','01590','mmyette@mapfreusa.com','508-523-6398','',1,'Ally Myette','401-447-5467','','large','',''),(325,'Fab Fridays','captain','Christian','Parke','','Sport','','M','1977-11-18','128 Upper Hollow Rd.','Stowe','VT','USA','05672','cparke1977@hotmail.com','8024974376','',1,'Krista Parke','8025980847','','medium','',''),(326,'Fab Fridays','regular','David','Howard','','Sport','','M','1959-06-21','206 General Greene Rd #2','Shelburne','VT','USA','05482','howarda21@aol.com','802-598-2070','',1,'Ann McDonald','802-233-3000','','large','Omni Medical Urincare','aka \"Howard\"'),(327,'Fab Fridays','regular','Kevin','Boemche','','Sport','','M','1969-06-12','156 Vista Drive','Shelburne','VT','USA','05482','kbtheend@yahoo.com','802-343-0219','',1,'Andrea Boemche','802-399-7904','','large','SMR Snowboard School','aka \"DogBone\"'),(328,'Fab Fridays','regular','Damon','Parke','','Sport','','M','1980-04-08','35 Riverwalk Way Unit 207','Lowell','MA','USA','01854','Damon.Parke@gmail.com','9788462401','',1,'Sue Kenney','9787580133','','medium','',''),(329,'Pinnacle - H2O\'Brien','captain','Dana','Waterman','','Sport','','M','1954-10-12','34 Pleasant St','Newport','NH','US','03773','dana_waterman@comcast.net','603-863-2613','',1,'Laurie Waterman','603-863-2613','','medium','',''),(330,'Pinnacle - H2O\'Brien','regular','Ryan','O\'Brien','','Sport','','M','1971-05-08','20 Luxury Dr','Newport','NH','USA','03773','ryan@functionalart.us','603-863-6905','603-863-6905',1,'Christina O\'Brien','603-674-5586','','large','',''),(331,'Oravetz cycling team','captain','Vincent','Trepanier','','Expert','','M','1979-07-12','89 42nd avenue','Pincourt','QC','CA','J7V4J5','vincent.trepanier@polymtl.ca','514-646-0607','',1,'Laurie Talluto','514-212-7238','','medium','',''),(332,'Oravetz cycling team','regular','Felix [Young Gun]','Trepanier','','Sport','','M','1992-02-25','1003 Rue Jolicoeur','L\'Assomption','QC','Canada','J5w6H3','Felix149_poker@hotmail.com','1-450-589-9984','',1,'Simon Allard','1-450-581-3069','','medium','','3rd Place, 24H Summer Soltice      2009\r\n2nd Place, 24H Hot August Nights 2009\r\n3rd Place, 24H Summer Soltice      2010\r\n\r\nYou\'re Going To See !!!!! I\'ll show you the true meaning of guts and determination !'),(333,'Walsh, Justin','captain','Justin','Walsh','','Beginner','','M','1979-03-25','36 English St.','Salem','MA','US','01970','justinwalsh.com@gmail.com','9782694179','',1,'Jean Walsh','508-361-5676','','medium','REI','Just another wicked awesome dood from Salem, MA.'),(334,'Mud Munchin\' Monkeys','captain','Sarah','Smith','','Sport','','F','1997-08-03','Po Box 495','Bartlett','NH','US','03812','valthegardengal@yahoo.com','603-374-6121','',1,'Valerie Smith','603-340-3014','','large','Glen Group ( Camden Clark)\r\nMal\'s Waggin\' Pals Sarah Smith)','Sarah Smith is a freshman at Kennett High School.  She is active with field hockey, dancing, singing and acting and loves to alpine ski race.'),(335,'Mud Munchin\' Monkeys','regular','Camden','clark','','Sport','','M','1997-03-01','po box 495','Bartlett','NH','USA','03812','nancy@glengroup.com','','',1,'Nancy Clark','603-387-9139','','large','',''),(481,'Eric Siefer','captain','eric','siefer','s','Expert','','M','1970-03-04','PO Box 6','Kearsarge','NH','US','03847-0006','esief1970@gmail.com','6039864686','',1,'eric s siefer','6039864686','','medium','Red Jersey',''),(336,'Big Test Icicles','captain','Tony','Hall','','Sport','','M','1983-07-11','3755 Bellview Rd','Bemus Point','NY','US','14712','antoniopasillo@hotmail.com','8123443990','',1,'Richard Hall','7653793575','','medium','',''),(337,'Big Test Icicles','regular','Shawn','Hricko','M','Sport','','M','1976-02-02','1276 Wellman Road','Ashville','NY','USA','14710','Shawnhricko@hotmail.com','716-269-8161','',1,'Faith Hricko','716-338-7143','','blank','','Enjoys Motocross, Skydiving, driving muscle cars and a little mountain bike riding.\r\nI have no cool riding nickname like Stupid Tony.'),(338,'Big Test Icicles','regular','john','findlay','','Sport','','M','1963-08-06','202 yolande av','jamestown','NY','USA','14701','john.findlay@cummins.com','7164562528','',1,'anne findlay','716 488 2717','','x-large','Hollyloft',''),(339,'Big Test Icicles','regular','Philip','Spinks','R','Sport','','M','1969-03-11','3 Cowing St','Jamestown','NY','USA','14701','phiran@yahoo.com','7164996806','7164996806',1,'Larry or Kathleen Spinks','7164998548','','medium','','Rower, Climber, Skydiver, SCUBA diver, Cyclist, Skier, Snowboarder, Water Skier.'),(340,'Fraser Davidson','captain','Fraser','Davidson','W','Sport','','M','1996-05-08','531 Queen Street','Port Perry','ON','Canada','L9L1L2','lcfollows@yahoo.com','416-275-9553','905-985-0303',1,'Lisa C Follows','416-275-9553','received hard-copy waiver via e-mail from Mom on 8/5/11 by LAK','medium','','Fraser Davidson is  a resident of Canada. He is a member of both Team Inertia and Durham Mountain Biking Association (DMBA).'),(341,'Ross, Kyle','captain','Kyle','Ross','','Expert','','M','1993-10-20','31 Skyline Drive','Intervale','NH','US','03845','kyro360@gmail.com','603-986-4447','',1,'Michelle Rober','603 387 7783','','x-large','Kennett Mountain Bike Team, Red Jersey Cyclery',''),(342,'Trail Dogs','captain','Scott','Ellison','W','Sport','','M','1967-07-11','PO 986','Manchester','NH','US','03105','s.ellison@clrm.com','(603) 621-7122','',1,'Susan Ellison','(603) 759-3390','','large','','Proud father of Maggie and Molly and husband of Susan'),(343,'Trail Dogs','regular','Scott','Davis','B','Sport','','M','1965-08-05','8 One Stack Drive','Bow','NH','USA','03304','sdavis0007@yahoo.com','603-490-1171','',1,'Karen Davis','603-490-8212','','large','',''),(344,'Trail Dogs','regular','Kevin','Baum','M','Sport','','M','1976-05-16','11 Kossuth Street','Exeter','NH','USA','03833','kbaum@devinemillimet.com','603-695-8545','603-812-5828',1,'Alyson Eberhardt','603-828-9153','','large','',''),(345,'Trail Dogs','regular','Chris','Peter','R','Sport','','M','1980-11-29','57 River Road Apt 1','Stratham','NH','USA','03885','cpeter14@gmail.com','6033058693','',1,'Mike Peter','6033053506','','large','',''),(346,'Rookies No More','captain','Dave','Hanlon','','Sport','','M','1984-12-29','4 Brays Lane','Amherst','NH','US','03031','davehanlon222@gmail.com','603-801-4864','',1,'christina zlotnick','603-801-6003','','large','',''),(347,'Rookies No More','regular','Adam','Zlotnick','','Sport','','M','1968-03-27','4 Brays Lane','Amherst','NH','USA','03031','watt50k@gmail.com','603-318-5294','',1,'christina zlotnick','603-801-6003','','medium','',''),(348,'Jeff Lukach','captain','Jeffrey','Lukach','','Sport','','M','1987-06-01','10A Maple St.','Newmarket','NH','US','03857','j.lukach@yahoo.com','860 817 2794','',1,'Jeffrey Gunn','603 770 8249','','small','DG Cycle Sports','Jeff Lukach, 24 from Stratham, NH.  \r\n\r\nRiding for DG Cycle Sports\r\n\r\nLoves bicycles, dinosaurs, Kool aid and long walks on the beach. ;) (that\'s a winky face)'),(349,'Bikeman.com- Weak and Feeble Dept.','captain','Sven','Cole','','Sport','','M','1973-06-28','46 Chadbourne Hill Rd','Bridgton','ME','US','04009','sven@bridgtonacademy.org','207 595 0834','',1,'Karen Cole','603 662 7507','','large','Team Bikeman.com\r\nTeam Weak and Feeble\r\nBridgton Academy','You can find out all you want to know about me by checking out skiingwithsven.blogspot.com or teamweakandfeeble.blogspot.com.'),(350,'Bikeman.com- Weak and Feeble Dept.','regular','Dennis','Morgan','','Sport','','M','1970-08-19','PO Box 554','North Conway','NH','USA','03860','dennis.morgan2@gmail.com','6036628768','',1,'Susan Morgan','6036628769','','large','Team Bikeman.com',''),(351,'Bikeman.com- Weak and Feeble Dept.','regular','Jon','Conti','','Sport','','M','1970-08-19','PO Box 453','Waterbury','VT','USA','05676','jonconti@jonconti.net','603-387-7957','',1,'Christine Conti','603 387 1229','','large','','Having raced in eight previous 24 HOGG races over the years, beginning with the inaugural, hurricane swamped event in \'96, I have taken a few years off but am excited to return again. Having ridden seven of the eight races in the rain or on rain soaked trails I am hoping for a dry race this year. One can only dream.'),(352,'Bikeman.com- Weak and Feeble Dept.','regular','Christopher','Ames','','Sport','','M','1991-03-19','550 Norwich Rd','Plainfield','CT','USA','06374','cames@snet.net','860-230-6768','860-230-6768',1,'Mary Ames','860-230-6254','','large','',''),(353,'Frame Of Mind Timberwerks','captain','James','Young','W','Sport','','M','1968-10-14','209 Southland ave','Lakewood NY','NY','US','14750','jyoung14750@gmail.com','7164853981','',1,'Sharon Young','7167631108','','large','',''),(354,'Frame Of Mind Timberwerks','regular','Brian','Armbrecht','','Sport','','M','1975-06-10','5471 Broadway Rd.','Bemus Point','NY','USA','14712','justpegit@yahoo.com','216-338-9663','',1,'Jen Armbrecht','216-973-4255','','large','',''),(355,'Frame Of Mind Timberwerks','regular','Joe','Radack','M','Sport','','M','1961-01-08','12 South Hanford Ave.','Jamestown','NY','USA','14701','radackjoe@yahoo.com','716-484-9340','',1,'Jeff Radack','716-763-5359','','large','',''),(356,'Frame Of Mind Timberwerks','regular','Ben','Moshier','J','Sport','','M','1979-03-06','2874 Mitchell Rd','Jamestown','NY','USA','14701','fa434@cummins.com','716-456-2327','',1,'Bern Moshier','315-346-6942','','large','',''),(357,'Cooper Cargill Chant, P.A.','captain','Christopher T Meier','Christopher T M','','Sport','','M','1972-11-05','2935 White Mountain Highway','North Conway','NH','US','03860','ctmeier@gmail.com','603-356-5439','',1,'Jenny Meier','781-858-9688','','medium','',''),(358,'Cooper Cargill Chant, P.A.','regular','Charles','Greenhalgh','','Sport','','M','1960-05-30','2935 White Mountain Highway','North Conway','NH','USA','03860','cgreenhalgh@coopercargillchant.com','603-356-5439','',1,'Tina','603-986-1502','','large','',''),(359,'Cooper Cargill Chant, P.A.','regular','Becky','Oleson','','Sport','','M','1967-05-26','2935 White Mountain Highway','North Conway','NH','USA','03860','roleson@coopercargillchant.com','603-356-5439','603-733-8502',1,'Chris Meier','617-840-0853','','large','',''),(360,'Cooper Cargill Chant, P.A.','regular','Aaron','Woods','','Sport','','M','1972-06-03','59 Hodgeman Hill Rd','Campton','NH','USA','03223','madpow@gmail.com','603-236-1776','603-236-1776',1,'Amy Woods','603-254-4596','','large','',''),(361,'Slow and Steady Gets Eaten By a Bear','captain','Ben','Emery','','Sport','','M','1994-01-20','28 Meadow Wood Lane','Bartlett','NH','USA','03812','roleson@coopercargillchant.com','','603-356-8689',1,'Ross Emery','603-356-8689','','large','',''),(362,'Slow and Steady Gets Eaten By a Bear','regular','Christina','Mallet','','Sport','','F','1994-05-22','po box 571','Jackson','NH','USA','03846','roleson@coopercargillchant.com','603-733-5016','',1,'Sarah Mallet','603-733-5016','','medium','',''),(363,'Slow and Steady Gets Eaten By a Bear','regular','Thomas','Gregston','','Sport','','M','1994-08-23','724 Stark Road','Center Conway','NH','USA','03813','roleson@coopercargillchant.com','','603-662-5408',1,'Kevin Gregston','603-662-5408','','x-large','',''),(364,'Slow and Steady Gets Eaten By a Bear','regular','Henry','Gotjen','','Sport','','M','1994-04-15','PO Box 347','Intervale','NH','USA','03845','roleson@coopercargillchant.com','','603-356-5683',1,'Linda Gray','603-356-5683','','large','',''),(496,'Skyline Bikers 2','captain','Ann','Brophy','','Sport','','F','1978-01-20','43 Orchard St','Medford','MA','USA','02155','brophyamb@gmail.com','978-979-3354','',1,'Margo Brophy','978-337-1664','','blank','',''),(366,'Flye Cycles','captain','Thomas','Burrow','J','Sport','','M','1991-02-21','55 Woodlot Rd','Amherst','MA','US','01002','tom.burrow856@gmail.com','413-345-5189','',1,'Ali Burrow','413-256-4676','','large','Flye Cycles',''),(367,'Flye Cycles','regular','Tyler','Samson','B','Expert','','M','1993-04-09','68 old stage road','West Hatfield','MA','USA','01088','samsont16@gmail.com','413-230-1422','',1,'Robert Samson','413-230-4427','','large','Team Flye Cycles','2nd year Cat. 1 racing.'),(368,'Long, Richard','captain','Richard','Long','J','Expert','','M','1966-06-28','700 Forest Avenue','Orono','ME','US','04473','mainegdog@gmail.com','207-990-0551','',1,'Julie Long','207-249-5197','','medium','Cyclesmart\r\nFirst Endurance',''),(369,'Jeff Palmer','captain','Jeffrey','Palmer','','Beginner','','M','2000-12-27','po box 462','tamworth','NH','US','03886','moog24@roadrunner.com','6039867194','',1,'lori palmer','6039867194','','small','Mom & Dad',''),(370,'Retarded Pigs','captain','Paul','Liebeck','F','Beginner','','M','1978-12-14','POB 167','Comstock','NY','US','12821','Dredd0331@hotmail.com','5182818246','',1,'Frank Liebeck','631-757-1345','','large','',''),(371,'Retarded Pigs','regular','Daniel','Price','S','Sport','','M','1981-02-23','40 Champlain Ave','Whitehall','NY','USA','12887','AFPricey18@yahoo.com','6094405716','6094405716',1,'Heidi Terry','5182608330','','x-large','',''),(372,'Snow, Sean','captain','sean','snow','p','Expert','','M','1966-09-25','61 clifford farm rd','dunbarton','NH','US','03046','s2coaching@yahoo.com','6034913812','',1,'pam snow','6037249031','','medium','see sponsors listed','traithlete......former mountain biker.....we fiinished STRONG the hurricane year....the original Great Glenn!!!'),(373,'puddle of mud','captain','anthony','walker','v','Sport','','M','1968-05-21','po box 3454','N.Conway','NH','US','03860','antman101@hotmail.com','6036625475','',1,'sally walker','6036626013','','large','The Bike Shop',''),(374,'puddle of mud','regular','suzanne','ingersoll','','Sport','','F','1965-07-26','po box 3454','N.Conway','','USA','03860','antman101@hotmail.com','6033566089','6033566089',1,'Anthony V Walker','6033566089','','medium','the bike shop',''),(375,'puddle of mud','regular','timothy','walker','l','Sport','','M','1995-10-26','po box 3454','N.Conway','','USA','03860','antman101@hotmail.com','6033566089','6033566089',0,'Anthony V Walker','6033566089','','medium','the bike shop',''),(376,'puddle of mud','regular','john','vasillidas','','Sport','','M','1989-01-01','po box 3454','N.Conway','','USA','03860','antman101@hotmail.com','6033566089','6033566089',1,'Anthony V Walker','6033566089','','large','the bike shop',''),(377,'puddle of mud','regular','sadie','miller','','Sport','','F','1990-03-26','po box 3454','N.Conway','','USA','03860','antman101@hotmail.com','6033566089','6033566089',1,'Anthony V Walker','6033566089','','medium','the bike shop',''),(378,'mud monkeys','captain','jay','ingersoll','j','Sport','','M','1968-06-20','226 plains rd','harrison','ME','US','04040','antman101@hotmail.com','2075150151','6033566089',1,'suzanne ingersoll','2075151413','','x-large','bike shop',''),(379,'mud monkeys','regular','ryan','jackson','','Sport','','M','1996-11-03','653 meadow rd','casco','ME','USA','04015','ljackson2@maine.rr.com','2076277050','2076277050',1,'lucy jackson','2074151406','','large','the bike shop',''),(380,'mud monkeys','regular','victoria','walker','l','Sport','','F','1993-08-13','po box 3454','N.Conway','','USA','03860','antman101@hotmail.com','6033566089','6033566089',0,'Anthony V Walker','6033566089','','medium','the bike shop',''),(381,'mud monkeys','regular','ricky','cutler','','Sport','','M','1983-09-29','po box 3454','N.Conway','','USA','03860','antman101@hotmail.com','6033566089','6033566089',1,'Anthony V Walker','6033566089','','large','the bike shop',''),(382,'mud monkeys','regular','zacharais','poster','','Sport','','M','1995-10-26','po box 3454','N.Conway','','USA','03860','antman101@hotmail.com','6033566089','6033566089',0,'Anthony V Walker','6033566089','','large','the bike shop',''),(383,'Mike Daubenspeck','captain','Mike','Daubenspeck','','Expert','','M','1979-04-11','84 Duprey Road','North Conway','NH','US','03860','mike@daubenspeck.org','6039863534','',1,'Kelly Evans','617-833-2124','','large','Precision Endurance, Peaks Coaching Group, Quad Cycles',''),(384,'Toure de Four','captain','Glenn','Adams','B','Sport','','M','1963-04-19','17 Pleasant St.','Lancaster','NH','US','03584','may5gba@gmail.com','603-788-3693','',1,'Gary Newfield','774-254-4204','','x-large','',''),(385,'Toure de Four','regular','Rhonda','Adams','M','Beginner','','F','1968-12-15','17 Pleasant St','Lancaster','NH','USA','03584','may5gba@gmail.com','603-788-3693','',1,'Gary Newfield','774-254-4204','','small','','an awesome rider'),(386,'Toure de Four','regular','Heather','Newfield','M','Beginner','','F','1971-12-06','1096 US Route @','Randolph','NH','USA','03593','lovemypup@hotmail.com','603-785-6041','',1,'Gary Newfield','774-254-4204','','small','','another awesome rider'),(387,'Toure de Four','regular','Mike','O\'Loughlin','J','Sport','','M','1982-05-13','14 Blackberry Lane','Lancaster','NH','USA','03584','may5gba@gmail.com','413-246-6138','',1,'Rana','413-246-6137','','large','',''),(388,'Bryant, Chris','captain','Chris','Bryant','w','Beginner','','M','1973-11-21','1131 d new britain ave','West hartford','CT','US','06110','Misfitcrash@gmail.com','860-884-5056','',1,'Brenda','860-884-3009','','large','','Self employed 38 year old endurance junkie.  Father of 2 young daughters.  2 time ironman finisher. 12 time marathoner.  Other highlights include the Mount Washington road race and marathons on consecutive weekends (just foolish)'),(389,'Mid-bike crisis','captain','Erik','Nelson','A','Expert','','M','1970-06-09','19 Pin Oak','Intervale','NH','USA','03845','brainjohnston@yahoo.com','(603) 986-5256','',1,'Anna Johnston','(603) 986-7123','','large','old spice','none'),(390,'Mid-bike crisis','regular','Brian','Johnston','M','Expert','','M','1975-07-27','147 Dandiview Road','North Conway','NH','USA','03860','brainjohnston@yahoo.com','6039865256','',1,'Anna','6039867123','','medium','',''),(391,'Mid-bike crisis','regular','Christopher','Joosen','','Expert','','M','1967-11-26','82 Timberline Dr','Kearsarge','NH','USA','03847','cpjoosen@gmail.com','6033566420','6033982079',1,'Jana Johnson','6039867483','','large','Slack Chain!-Fast Chain!',''),(392,'Mid-bike crisis','regular','Joe','klementovich','','Sport','','M','1940-01-01','410 Blueberry Lane','Norht Conway','NH','USA','03860','joe@klementovichphoto.com','603-356-6568','',1,'Brian Johnston','','','blank','',''),(393,'Moat Mountain Growlers','captain','Ian','Connor','','Sport','','M','1969-08-02','Andes Ski Shop Apt. 1, Route 302','Bartlett','NH','US','03812','ithreepin@yahoo.com','203-415-7518','',1,'Anne McCandless','603-986-2203','','large','','7 x 24 HOGG racer'),(394,'Moat Mountain Growlers','regular','Cara','DeFrancesco','M','Sport','','F','1975-10-19','2675 Park Avenue, Unit 16','Bridgeport','CT','USA','06604','caradefrancesco@yahoo.com','2032608593','',1,'Tony and Linda DeFrancesco','8022979233','','medium','','This is my fifth year riding and I absolutely love it!  Just bought a 29er, so watch out, pros and experts!  LOL!'),(395,'Moat Mountain Growlers','regular','Senan','Gorman','P','Sport','','M','1969-03-04','21 Coppermine Rd.','Farmington','CT','USA','06032','senan@northpoledesign.com','860-677-4569','',1,'kate gorman','860-434-7456','','large','Outdoor Gear Technologies','Love / Live to ride.'),(396,'Moat Mountain Growlers','regular','Jonathan','Regan','','Sport','','M','1971-10-28','22 Springdale Avenue','Waterbury','CT','USA','06708','jonpregan@aol.com','203-808-2344','',1,'Caran DeFrancesco','203-260-8593','','large','',''),(397,'Moat Mountain Growlers','regular','Christopher','Graham','P','Sport','','M','1965-07-07','10 Forest Ring Drive, PO Box 583','Intervale','NH','USA','03845','sabre28mk1@yahoo.com','1-603-387-8000','1-603-387-8000',1,'Kerin Graham','1-603-986-1571','','large','',''),(398,'Taylor Valentine','captain','Taylor','Valentine','L','Sport','','M','1981-06-02','84 Anthony Street','New Haven','CT','US','06515','tayphoo@hotmail.com','203-401-9822','',1,'Thomas Valentine','610-647-1762','','medium','New Haven Bicycling Club/Devils Gear Bike Shop',''),(399,'Frison, Scott','captain','Scott','Frison','W','Expert','','M','1983-07-14','15 Morrell Ave','Milford','CT','US','06461','scrufffrison@gmail.com','203-228-1307','',1,'Steve Frison','814-642-2038','','medium','The Devil\'s Gear Bike Shop','After running the 24 hours as a member of a 4 man team for 4 years in a row, with very humble beginnings to a top 6 finish overall, a brief retirement ensued for other ventures (like the Mt. Washington Hill climb).  It is time to return to this 8 mile loop, many of the team Dirt Nuts alumni going for solo or duo attempts at 12 or 24 hours.  I am throwing my hat in the ring for 12 hours solo followed by a night of relaxing and enjoying the event.'),(400,'NY Night Riders','captain','Michael','Russo','','Sport','','M','1972-11-10','501 madison ave suite 408','ney york','NY','USA','10022','tomr32nyc@gmail.com','1 347 239 6515','1 347 239 6515',1,'Tom Moniuszko','1 917 848 6205','','x-large','',''),(401,'NY Night Riders','regular','Tom','Moniuszko','A','Sport','','M','1973-09-15','501 madison ave suite 408','ney york','NY','USA','10022','tomr32nyc@gmail.com','1917 848 6205','1 917 848 6205',1,'mike russo','1 347 239 6515','','x-large','',''),(402,'NY Night Riders','regular','Seymour','Esson','','Sport','','M','1967-09-14','501 madison ave suite 408','ney york','NY','USA','10022','tomr32nyc@gmail.com','1 347 392 1284','',1,'mike russo','1 347 239 6515','','medium','',''),(403,'NY Night Riders','regular','Dene','Ulmschneider','','Sport','','M','1970-01-19','501 madison ave suite 408','ney york','NY','USA','10022','tomr32nyc@gmail.com','1 917 902 8880','',1,'mike russo','1 347 239 6515','','large','',''),(404,'Tenacious Turtles','captain','Donald','Kinne','L','Beginner','','M','1963-09-02','12 Foxglove Way','Ballston Spa','NY','US','12020','tpr2381@aol.com','5189258110','',1,'angela kinne','917 478-7656','','large','',''),(405,'Tenacious Turtles','regular','Anthony','Lasaponara','','Beginner','','M','1980-02-08','66 scotchtown place','middletown','NY','USA','10941','anthonylasa3@hotmail.com','8458203538','',1,'kayla lasaponara','845 820-3539','','x-large','',''),(406,'Tenacious Turtles','regular','Craig','Phildius','','Beginner','','M','1973-02-21','112 Marine Ave Apt 1E','Brooklyn','NY','USA','11209','cphildius@yahoo.com','616 529-4172','',1,'Robert Philidius','631-586-0232','','medium','',''),(407,'Tenacious Turtles','regular','Ryan','Barrett','P','Beginner','','M','1992-08-24','1011 Courtland Dr','Sykesville','MD','USA','21784','rpbranger23@yahoo.com','443-974-2024','',1,'Terry Kinne','443-519-3348','','medium','','My first race'),(408,'Colvin, Jacob','captain','Jacob','Colvin','E','Expert','','M','1976-12-08','146 South Whittlesey Ave.','Wallingford','CT','US','06492','colvin.jake@gmail.com','724-552-3119','',1,'Shannan Henry','412-370-4834','','medium','Spacegrass.','raised by Druids and Horses.....'),(409,'Boss Hoggs Revenge','captain','Todd','Prekaski','','Sport','','M','1971-12-14','105 Winchester Street, #3','Brookline','MA','US','02446','tprekaski@gmail.com','617-513-2425','',1,'Amanda Buton','617-794-6645','','medium','',''),(410,'Boss Hoggs Revenge','regular','Jorge','Hernandez','J','Sport','','M','1963-07-14','101 Fordham Road','West Newton','MA','USA','02465','crossfast@gmail.com','617-957-9110','617-332-4609',1,'Valerie Deahl','617-332-4609','','medium','',''),(411,'Boss Hoggs Revenge','regular','Matthew','Pierson','','Sport','','M','1983-07-30','35 Gates St #2','Boston','MA','USA','02127','pierso@gmail.com','203-767-2031','',1,'Sarah McSweeney','617-470-1136','','large','',''),(412,'Boss Hoggs Revenge','regular','Robert','Bauer','','Sport','','M','1970-02-14','65 macarthur road','natick','MA','USA','01760','bauerguerra@gmail.com','5086540181','5086540181',1,'carmelina ciampa-bauer','5086517561','','large','',''),(413,'Corey & Trevor','captain','John','Klesch','','Sport','','M','1969-03-11','4 Butler Dr.','S. Burlington','VT','US','05403','jhkvt@hotmail.com','802.318.5585','',1,'Kristen Bures','802.734.7982','LAK created this team out of Honey Badgers 8/4/11 $$ to be worked out at registration should have been $371 originally paid $606 for Honey Badgers','large','',''),(414,'Corey & Trevor','regular','Joseph','McLean','S','Sport','','M','1968-06-24','50 Elsom Parkway','South Burlington','VT','USA','05403','JMcLean@firmspf.com','802 735 5325','',1,'Ellen McLean','802 660-3972','','x-large','',''),(416,'Eastern Mountain Sports','captain','Brook','Burke','C','Sport','','M','1970-03-13','5 Tigola Trail','Stoddard','NH','USA','03464','bburke@ems.com','6034996790','',1,'Kathy Burke','6034463419','','medium','Eastern Mountain Sports',''),(417,'Eastern Mountain Sports','regular','Eric','Grzybowski','','Sport','','M','1982-12-06','4610 Chester Ave.','Philadelphia','PA','USA','19143','grzybowe@hotmail.com','215-495-2969','',1,'Joan Grzybowski','215-482-3950','','medium','',''),(418,'Eastern Mountain Sports','regular','Eric','Hylinski','','Sport','','M','1988-01-20','3233 Hayes Road','Norristown','PA','USA','19403','eric.hylinski@gmail.com','(610) 457-6612','',1,'Gene Hylinski','(610) 457-6947','','medium','',''),(419,'Eastern Mountain Sports','regular','Daniel','Hager','','Sport','','M','1982-03-27','4 Buffalo Rd','Slaterville Springs','NY','USA','14881','Dhag0327@gmail.com','(716) 984-4133','',1,'Dale Hager','(716) 984-4133','','large','',''),(420,'Mason, Shannon','captain','Shannon','Mason','M','Beginner','','F','1964-12-09','14 Granite Street','Rockport','MA','US','01966','shannon@newenglandactive.com','214-686-9272','',1,'Darren Mason','214-686-9269','','small','Felt Bicycles, SRAM',''),(421,'John Kenific','captain','John','Kenific','','Beginner','','M','1972-12-15','12 Willow Road','Westford','MA','US','01886','kenific@hotmail.com','6179571665','',1,'Katie Kenific','617-957-1767','','x-large','','Avid biker, skier, hiker , into tech, who escapes to the country to have a break from reality!'),(422,'Jay Dietershagen','captain','Jay','Dietershagen','','Expert','','M','1980-02-20','258 Jersey Hill Rd.','Ithaca','NY','US','14850','lansingcrossroads@yahoo.com','6075337803','',1,'Pat Barber','607 279-1663','','medium','Me, myself, and I... And my MOM!!!',''),(423,'Legion of Notavus','captain','allan','edwards','','Sport','','M','1958-07-20','332 stow road','harvard','MA','US','01451','allan.edwards@yahoo.com','978-621-2120','',1,'heidi edwards','978-621-8449','','large','',''),(424,'Legion of Notavus','regular','tim','wolfe','','Sport','','M','1959-12-13','34 Randlett Pk,','newton','MA','USA','02465','twolfe@plurismarketing.com','508-479-9072','508-479-9072',1,'margaret wolfe','617-909-7036','','large','',''),(425,'Legion of Notavus','regular','gary','lahti','','Sport','','M','1965-02-08','440 howard st','lunenburg','MA','USA','01462','glcorona@verizon.net','508 364 8491','508 364 8491',1,'erin lahti','978 582 0935','','large','',''),(426,'Legion of Notavus','regular','pete','ginouves','','Sport','','M','1961-05-02','PO Box 114','still river','MA','USA','01467','pete_ginouves@hotmail.com','978-456-7938','978-456-7938',1,'susan ginouves','978-729-6080','','xx-large','',''),(427,'Bradbury, Cj','captain','Cj','Bradbury','','Sport','','M','1974-06-02','186 Hale Street','Beverly','MA','US','01915','cj@newenglandactive.com','978-998-9191','',1,'Leonie Bradbury','978-998-9193','','large','Felt Bicycles, SRAM',''),(428,'Nicole Wrobleski','captain','Nicole','Wrobleski','','Sport','','F','1977-07-26','PO 544','Center Conway','NH','US','03813','wrobo@earthlink.net','603-662-5649','',1,'Abe Wrobleski','603-662-5649','','medium','Wrobleski Party Rentals',''),(429,'Abe Wrobleski','captain','Abe','Wrobleski','','Sport','','M','1976-05-19','PO 544','Center Conway','NH','US','03813','info@nhtents.com','603-662-5649','',1,'Nicole Wrobleski','603-662-8556','','x-large','Wrobleski Party Rentals',''),(430,'Clayton Leavitt','captain','Clayton','Leavitt','','Beginner','','M','1969-10-02','PO 544','Center Conway','NH','US','03813','wrobo@earthlink.net','603-662-3125','',1,'Darlene Leavitt','603-662-3126','','x-large','Wrobleski Party Rentals',''),(431,'Nelson Cormier','captain','Nelson','Cormier','','Sport','','M','1965-11-10','46 Jefferson Road','Center Conway','NH','US','03813','info@nhtents.com','603-447-4973','',1,'Sherry Cormier','603-447-4973','','x-large','Wrobleski Party Rentals',''),(432,'Plummer, Luke','captain','Luke','Plummer','C','Sport','','M','1992-04-26','51 Jenks st.','Amherst','MA','US','01002','lukulele@mit.edu','4138351795','',1,'Wendy Plummer','4138351793','','medium','MIT Cycling\r\nFlye Cycles',''),(433,'D.F.L.','captain','Evan','Bradley','C','Sport','','M','1981-09-12','87 Roxbury Rd','Niantic','CT','US','06357','kimbarber28@gmail.com','860-908-5827','',1,'Evan Bradley','860-581-3130','','large','',''),(434,'D.F.L.','regular','Justin','Violette','','Sport','','M','1981-11-14','11 tyler pl','quaker hill','CT','USA','06385','jvcrete@aol.com','860-235-2562','',1,'jamie','860-235-2562','','medium','',''),(435,'D.F.L.','regular','john','chiangi','','Beginner','','M','1968-12-28','23 lewis st','groton','CT','USA','06340','jchiangi@comcast.net','860-460-5217','',1,'janet culver','860-235-9396','','x-large','',''),(436,'D.F.L.','regular','ryan','Kain','','Sport','','M','1983-05-23','9 trumbull rd','Waterford','CT','USA','06385','Flowersandkain@gmail.com','860-287-3546','',1,'Evan Bradley','860-908-5827','','medium','','Healthy, active, heterosexual dude.  Rides a Roscoe III (yes he told me to say this...)'),(437,'D.F.L.','regular','Kim','Bradley','','Beginner','','F','1983-06-28','87 Roxbury Rd','Niantic','CT','USA','06357','kimbarber28@Gmail.com','860-581-3130','',1,'Evan Bradley','860-908-5827','','medium','',''),(438,'Serious MTBums','captain','Andy','Lovell','','Sport','','M','1965-09-10','502 School St.','marshfield','MA','USA','02050','alovell@psab.com','617-510-8496','',0,'sarah lovell','781-640-0563','','x-large','',''),(439,'Serious MTBums','regular','Kevin','Dahlen','','Sport','','M','1985-11-24','1500 tremont st','duxbury','MA','USA','02332','dahlen9@gmail.com','617-688-2200','',0,'Shawn Dahlen','781-706-4433','','medium','',''),(440,'Serious MTBums','regular','Adam','Lovell','','Sport','','M','1995-04-04','502 School St.','marshfield','MA','USA','02050','alovell44@aol.com','781-738-9960','',0,'sarah lovell','781-640-0563','','large','',''),(441,'Serious MTBums','regular','Greg','Anderson','','Sport','','M','1970-09-05','274 Candlewood Lane','Hanover','MA','USA','02339','anders@piab.com','617-510-7406','',0,'Rebecca Anderson','781-956-6232','','medium','',''),(442,'Serious MTBums','regular','unregistered','rider','','Sport','','F','2011-01-01','','','','USA','','','','',0,'','','','blank','',''),(443,'SINGLESPERM DUO','captain','Bart','Flynn','','Sport','','M','1990-03-08','574 christian St.','White River Junction','VT','USA','05001','nf5140@hws.edu','8023450017','8022962158',1,'John Flynn','8022962158','','medium','THE BIKE HUB - NORWICH, VT',''),(444,'SINGLESPERM DUO','regular','George','Flynn','','Sport','','M','1990-03-08','574 christian St.','White River Junction','VT','USA','05001','gsflyn08@stlawu.edu','8023457111','8022962158',1,'John Flynn','8022962158','','medium','THE BIKE HUB - NORWICH, VT',''),(445,'Velleco, Anthony','captain','Anthony','Velleco','','Sport','','M','1969-07-24','4 Doane Street','Marblehead','MA','US','01945','tony@evogroup.com','781.631.2208','',1,'James Velleco','781.631.8451','','large','',''),(446,'Our team is DTF','captain','Barry','Petzold','','Sport','','M','1976-03-29','1703 Lewis O Gray Drive','Saugus','MA','US','01906','barry.petzold@gmail.com','6176804315','',1,'Kristen Laplante','603-8930-6920','','large','',''),(447,'Our team is DTF','regular','Meredith','Blair','','Sport','','F','1977-08-17','316 Cross St','Winchester','MA','USA','01890','meredithj24@yahoo.com','(781) 775-9950','',1,'Mary Johnson','781 729 3082','','small','',''),(448,'Our team is DTF','regular','Mike','Sorrentino','','Sport','','M','1969-12-16','316 Cross St','Winchester','MA','USA','01890','rblair1216@yahoo.com','7818644636','',1,'Mary johnson','781 729 3082','','large','',''),(449,'Our team is DTF','regular','Kelly','Howie','','Sport','','F','1982-09-28','363 Concord Rd #1','Billerica','MA','USA','01821','izzyhowie@hotmail.com','480-980-1556','',1,'Judy Howie','602-909-6641','','small','',''),(450,'Wiley, Ken','captain','Kenneth','Wiley','P','Expert','','M','1982-05-30','197 Mulberry Street','Claremont','NH','US','03743','ken@team-pinnacle.org','6034776059','',1,'Donna Christian','6034776056','','large','Claremont Cycle Depot',''),(451,'DG Cycle Sports','captain','Ezra','Mullen','J','Expert','','M','1992-10-12','14 Lavoie Dr','Nottingham','NH','USA','03290','em0128261@lmc.edu','6036798610','',0,'Jon Mullen','2318843221','','medium','',''),(452,'CCD Team Pinnacle Masters','captain','Daniel','O\'Neill','P','Sport','','M','1952-04-29','168 Springfield Rd.','Newport','NH','US','03773','danponeill@comcast.net','603-731-3333','',1,'Helen O\'Neill','603-731-3322','280353','medium','',''),(453,'CCD Team Pinnacle Masters','regular','Mark','Gurney','','Sport','','M','1964-05-29','57 Hilltop Drive','Sunapee','NH','USA','03782','mgurney@pinetreecastings.com','603-727-8015','',1,'Rhonda Gurney','603-763-5696','','medium','',''),(454,'Pull MY Finger','captain','Justin','Piskura','','Beginner','','M','1987-03-07','83 Cottage Ave Unit G-1','Ansonia','CT','US','06401','j.piskura@yahoo.com','(203)224-0249','',1,'Janelle Nutley','(203)906-6684','','medium','',''),(455,'Back Bay Pappa Wheelies','captain','CHRISTOPHER','DEGRACE','','Sport','','M','1974-08-04','102 RIVER STREET','CAMBRIDGE','MA','US','02139','christopherdegrace@gmail.com','6177840223','',1,'Dania Magri','6176767799','','x-large','Back Bay Bicycles\r\nPappa Wheelies',''),(456,'Back Bay Pappa Wheelies','regular','Dan','Houston','','Sport','','M','1964-05-28','366 Commonwealth Avenue','boston','MA','USA','02115','info@backbaybicycles.com','617.247.2336','',1,'David Haas','617.247.2336','','x-large','Back Bay Bicycles\r\nPappa Wheelies',''),(457,'Back Bay Pappa Wheelies','regular','Dania','Magri','','Sport','','F','1970-10-18','102 river street','cambridge','MA','USA','02139','dmagri@gmail.com','61767647799','',1,'chris degrace','6177840223','','medium','Back Bay Bicycles',''),(458,'Back Bay Pappa Wheelies','regular','Matt','Fowler','','Sport','','M','1974-05-06','653 Islington Street,','Portsmouth','NH','USA','03801','cyclingfowler@gmail.com','603.427.2060','',1,'Dan Houston','603.427.2060','','large','Pappa Wheelies',''),(459,'Back Bay Pappa Wheelies','regular','Steve','Jacques','','Sport','','M','1972-03-25','653 Islington Street','Elliot','ME','USA','03801','steve@papa-wheelies.com','603.427.2060','',1,'Dan Houston','603.427.2060','','large','Pappa Wheelies',''),(460,'Comp Edge Cycling/Powered By SRAM','captain','Nate','Lachance','','Expert','','M','1984-11-23','3005 Spring St.','Bondsville','MA','US','01009','newdealnate@yahoo.com','413-250-2330','',1,'Carol Lachance','413-283-4400','','blank','Felt Bicycles / Powered By SRAM',''),(461,'Comp Edge Cycling/Powered By SRAM','regular','Sean','Rudzinsky','','Expert','','M','1976-03-18','119 high st','agawam','MA','USA','01001','seanrudzinsky@feltbicycles.com','413-883-3728','',1,'Laura oconnor','413-575-7907','','medium','Felt Bicycles',''),(462,'Comp Edge Cycling/Powered By SRAM','regular','Jeff','Landry','','Sport','','M','1967-11-26','111 Hampden Rd','stafford springs','CT','USA','06076','jforlife3339@yahoo.com','860-989-6552','',1,'lisa cicotte','860-989-3135','','medium','Felt Bicycles / Powered By SRAM',''),(463,'Comp Edge Cycling/Powered By SRAM','regular','scott','decoteau','','Expert','','M','1977-09-20','23 randolf place apt 103','northampton','MA','USA','01060','scott.decoteau@gmail.com','860-899-7956','',1,'Danielle godon','413-478-1237','','small','felt bicycles/ sram',''),(464,'Plummer, Brian','captain','Brian','Plummer','C','Sport','','M','1965-12-02','51 Jenks St','AMHERST','MA','USA','01002','wbplummer@gmail.com','4138351792','4132537149',1,'Wendy Plummer','4138351793','','large','',''),(465,'Stay Thirsty My Friend','captain','Nicholas','Fratello','J','Sport','','M','1977-09-05','22 Old Stagecoach Rd.','Bedford','MA','US','01730','nickfratello@gmail.com','6176205550','',1,'Sharon Wilkins','5085057744','','medium','Stan\'s NoTubes. Moat Mtn Brewery.',''),(466,'Stay Thirsty My Friend','regular','unregistered','rider','','Sport','','M','2011-01-01','','','','USA','','','','',0,'','','','blank','',''),(467,'Chris Krug','captain','Christopher','Krug','J','Pro','','M','1971-05-05','122 Depot St.','N. Conway','NH','USA','03860','hardwaterkiter@gmail.com','800-242-1043','603-356-6251',1,'Molly Savard','603-387-1732','','medium','Precision Endurace','Been riding in the MWV for 26yrs.  Raced a single speed in the 24 hrs about 15 yrs ago.  Spur of the moment I thought I\'d give a geared bike a try.'),(468,'Sniff','captain','Kevin','Johnson','E','Sport','','M','1959-12-15','43 Crestwood Drive','Hollis','NH','USA','03049','kevin@bikes.com','603-809-6334','603-809-6334',1,'Kimberly Johnson','603-566-8682','','xx-large','',''),(469,'Ebinger, Nick','captain','Nicholas','Ebinger','','Sport','','M','1988-02-12','53 Farr Hill Road','Littleton','NH','US','03561','nickebinger@gmail.com','603-991-0550','',1,'Paul Ebinger','6034445142','','large','','I\'ve been riding ma bike for a whole long mount of time, and dem cows hardy everr get in ma way.'),(470,'Lyme Bike Ducks','captain','Sandy','Kelsey','','Sport','','M','1960-11-02','Route 10','Lyme','NH','USA','03768','James.V.Kelsey@Hitchcock.ORG','603-795-2275','',1,'Joan Barthold','603-496-0625','','large','',''),(471,'Lyme Bike Ducks','regular','Preston','Kelsey','','Sport','','M','1993-03-23','Route 10','Lyme','NH','USA','03768','pkelsey@holderness.org','603-795-2275','',1,'Sandy Kelsey','603-795-2275','','medium','',''),(472,'Lyme Bike Ducks','regular','Mason','Vogt','','Sport','','M','1993-05-17','18 Dorchester Rd','Lyme','NH','USA','03768','mavogt11@stlawu.edu','603-795-4762','',1,'Joan Barthold','604-496-0625','','large','',''),(473,'Lyme Bike Ducks','regular','Kristina','Fjeld','','Sport','','F','1967-11-20','Cutting Hill Lane','Lyme','NH','USA','03768','Kristina.E.Fjeld.Olenec@Dartmouth.EDU','603-795-4102','',1,'Joan Barthold','603-496-0625','','medium','',''),(474,'Lyme Bike Ducks','regular','John','Gartner','','Sport','','M','1973-08-22','Rt 10','Lyme','NH','USA','03768','john.gartner@Dartmouth.edu','603-676-4101','',1,'Joan Barthold','603-496-0625','','medium','',''),(475,'Vosburgh, Steve','captain','Steve','Vosburgh','','Expert','','M','1963-03-10','box 112','jackson','NH','US','03846','stvoz@aol.com','603-383-0903','',1,'gwen vosburgh','603-383-0903','','large','',''),(476,'Deming, Bruce','captain','Bruce','Deming','','Sport','','M','1956-12-19','3001 North Second Street','Arlington','VA','US','22201-1205','bruce@brucedeming.com','703 447-0267','',1,'Belle Clay Deming','703 201-9120','','medium','',''),(477,'EMS #2','captain','Shaun','Hickman','','Sport','','M','1976-11-01','1 Vose Farm Road','Peterborough','NH','US','03458','sehickman@msn.com','6038016822','',0,'Kirsten Hickman','603 321 5060','','x-large','',''),(478,'EMS #2','regular','Curtis','Fanti','','Sport','','M','1977-03-12','69 Chestnut Hill Road','Amherst','NH','USA','03031','curtis.fanti@gmail.com','6034614006','',1,'Lauren Fanti','603 461 2007','','large','',''),(479,'EMS #2','regular','Dan','Burke','','Sport','','M','1979-10-31','69 Chestnut Hill Road','Amherst','NH','USA','03031','dburke@bosgus.com','603 801 6822','',1,'Kirsten Hickman','603 321 5060','','x-large','',''),(480,'EMS #2','regular','Patrick','Harvey','','Sport','','M','1976-07-04','69 Chestnut Hill Road','Amherst','NH','USA','03031','patrick.harvey@msius.com','603 801 6822','',1,'Kirsten Hickman','6033215060','','medium','',''),(482,'Five Nocturnal Freewheelers','captain','Carlos','Agudelo','','Sport','','M','1962-12-31','25 Trailside Terrace #23','Francestown','NH','US','03043','cagudelo62@gmail.com','6037161973','',1,'Jennifer Vadney','6035403000','','medium','',''),(483,'Five Nocturnal Freewheelers','regular','Jennifer','Vadney','A','Sport','','F','1976-11-30','25 Trailside Terrace #23','Francestown','NH','USA','03043','javadney@gmail.com','6035403000','6035403000',1,'Carlos Agudelo','6037161973','','medium','',''),(484,'Five Nocturnal Freewheelers','regular','scott','hood','p','Expert','','M','1973-06-16','po box 7','jaffrey','NH','USA','03452','scott.hood980@gmail.com','6035324897','6038310213',1,'shirley','6035326638','','large','',''),(485,'Five Nocturnal Freewheelers','regular','jennifer','hart','a','Sport','','F','1969-08-06','po box 7','jaffrey','NH','USA','03452','jhart418@gmail.com','6035628897','6035324897',1,'betty','6038782165','','small','',''),(486,'Five Nocturnal Freewheelers','regular','Vladimir','Capka','','Sport','','M','1971-12-03','75 Piedmont St','Arlington','MA','USA','02476','v.capka10@gmail.com','7815741350','7815741350',1,'Irene Ota','8019313397','','medium','',''),(487,'Ivan Schwendt','captain','Ivan','Schwendt','','Expert','','M','1971-07-06','17 Ashley ave','Glenburn','ME','US','04401','ischwendt@hotmail.com','207 9422255','',1,'Ivan Schwendt','207 9422255','','large','',''),(488,'AnJ Adventures','captain','Alyssa','Gagnon','','Expert','','F','1974-08-15','48 E St','South Portland','ME','US','04106','mainemtbchic@gmail.com','207.615.5244','',1,'Jason Grossi','9732041441','','medium','Bikeman.com - Alyssa Gagnon\r\nTown Cycle - Jason Grossi',''),(489,'AnJ Adventures','regular','Jason','Grossi','','Expert','','M','1969-06-11','410 Macopin Rd','West Milford','NJ','USA','07480','jason_grossi@yahoo.com','9732041441','9732041441',1,'alyssa gagnon','207.615.5244','','medium','Town Cycle',''),(490,'Page, Tom','captain','Thomas','Page','G','Sport','','M','1967-05-18','5 Scotland Bridge Road','York','ME','US','03909','tpage@maine.rr.com','2073374785','',0,'Bill Page','2073546820','','large','',''),(491,'tim trotter','captain','timothy','trotter','j','Expert','','M','1971-05-08','11 ingalls street','keene','NH','US','03431','ttrotter11@gmail.com','6039030363','',0,'loren','949.287.1421','','large','Claremont Cycle Depot',''),(492,'Voss, Dan','captain','Dan','Voss','','Sport','','M','1971-07-10','35 Reed St.','Lexington','MA','USA','02421','dvoss@intergen.com','617-290-9350','',1,'Jennifer Voss','617-290-9350','','x-large','',''),(493,'Douglas, Stuart','captain','Stuart','Douglas','','Sport','','M','1971-01-31','35 Reed St.','Lexington','MA','USA','02421','stuandgabdouglas@westnet.com.au','617-331-2659','',1,'Jennifer Voss','617-290-9350','','x-large','',''),(494,'Tad Lesniak','captain','Tad','Lesniak','','Sport','','M','1962-01-22','21 centre st','Coventry','RI','USA','02816','dukeman1@cox.net','401-821-1284','',1,'Jackie Lesniak','401-821-1284','','x-large','',''),(495,'Michael Jacobs','captain','Michael','Jacobs','','Sport','','M','1963-05-07','370 Hill St.','Coventry','RI','USA','02816','zenhillmonkeys@verizon.net','4018236724','',1,'Kristin Jacobs','401-823-6724','','large','',''),(497,'Skyline Bikers 2','regular','Kathleen','Deck','','Sport','','F','1972-01-31','53 Dunbarton','Nashua','NH','USA','03063','kathleen1808@gmail.com','6037180753','',1,'Margo Brophy','978-337-1664','','blank','',''),(498,'Skyline Bikers 2','regular','Sarah','Schlaach','','Sport','','F','1973-03-06','po box 760','Hillsboro','NH','USA','03244','sarahsue73@yahoo.com','603-831-0341','',1,'Margo Brophy','978-337-1664','','blank','',''),(499,'Skyline Bikers 2','regular','christine','reel','','Sport','','F','1972-04-19','68 Dunbarton Dr','Nashua','NH','USA','03063','ncreel1@comcast.net','603-557-5164','',1,'Margo Brophy','978-337-1664','','blank','',''),(501,'Main Street Bike Rentals','captain','Joseph','Orsino','M','Sport','','M','1965-11-24','PO Box 774','Bartlett','NH','US','03838','jorsino1@gmail.com','603-383-9176','',1,'Mary Orsino','603-501-8857','','x-large','','');

--
-- Table structure for table `rider_rfid`
--

CREATE TABLE `rider_rfid` (
  `rfid` int(4) NOT NULL DEFAULT '0',
  `uid` int(4) NOT NULL DEFAULT '0',
  UNIQUE KEY `rider_rfid_pkey` (`rfid`)
) ENGINE=MyISAM DEFAULT CHARSET=latin1;

--
-- Dumping data for table `rider_rfid`
--

INSERT INTO `rider_rfid` VALUES (8478,12),(13433,30),(9081,39),(8539,100),(8767,368),(13481,429),(8439,29),(8751,117),(10054,119),(8370,120),(13193,129),(15057,141),(2039,314),(8681,333),(15018,340),(10015,341),(15135,348),(12502,369),(10034,388),(8845,421),(1707,422),(8729,427),(10072,432),(13704,469),(1676,15),(2101,13),(2175,40),(13163,415),(9071,43),(13555,383),(1656,64),(1906,77),(9039,107),(1800,118),(13049,197),(15337,283),(15045,291),(13926,315),(15333,372),(15369,430),(10047,431),(8634,467),(15292,155),(13756,156),(12499,309),(13667,476),(8462,105),(8378,106),(8344,194),(10187,428),(8667,16),(2080,14),(8386,420),(15020,490),(8693,31),(12516,32),(8321,37),(9028,38),(8452,130),(8371,131),(13143,191),(10180,192),(10182,195),(15389,196),(8893,273),(13397,274),(1943,284),(15343,285),(8993,292),(15365,293),(14230,307),(8491,308),(13909,316),(13144,317),(13907,370),(15395,371),(10169,413),(15317,414),(14211,443),(12265,444),(2271,256),(8756,257),(15178,366),(8870,367),(15316,25),(11992,26),(12682,27),(8358,28),(15199,73),(15133,74),(15378,75),(15323,76),(12488,226),(2298,227),(10077,228),(13106,229),(10090,269),(15119,270),(15026,271),(8391,272),(15338,286),(8505,287),(12702,288),(1758,289),(15117,389),(13885,390),(8429,391),(1663,392),(10032,460),(10031,461),(10030,462),(1974,463),(15188,17),(8982,18),(13680,19),(10067,20),(9037,33),(1979,34),(10137,35),(8353,36),(8815,45),(8351,46),(1976,47),(10033,48),(10147,49),(8303,50),(15041,51),(12476,52),(2243,53),(2103,54),(12084,55),(13935,56),(8679,65),(1801,66),(14113,67),(12674,68),(2167,69),(12697,70),(10125,71),(12510,72),(15059,78),(15145,79),(14148,80),(8341,81),(10162,86),(10050,87),(13822,88),(13270,89),(1946,108),(13420,109),(13813,110),(2289,111),(13070,133),(1866,134),(14170,135),(8308,136),(10075,142),(8924,143),(2077,144),(15377,145),(12832,146),(15381,147),(13239,148),(15128,149),(8387,150),(15224,151),(14101,152),(8901,153),(15383,162),(15035,163),(9065,164),(8713,165),(12897,167),(15118,168),(10037,169),(12372,170),(13834,171),(13712,172),(12976,173),(13251,174),(10133,218),(8442,219),(12588,220),(10175,221),(10104,237),(12234,238),(10132,239),(8589,240),(8333,252),(2179,253),(13557,254),(15390,255),(8484,258),(10068,259),(8920,260),(1894,261),(12604,325),(8470,326),(14239,327),(15192,328),(8475,336),(2153,337),(8848,338),(13421,339),(15254,342),(12777,343),(8881,344),(15241,345),(1789,349),(8627,350),(8531,351),(8577,352),(1834,353),(15152,354),(1791,355),(2009,356),(2128,357),(13022,358),(15363,359),(1914,360),(8635,400),(2030,401),(9064,402),(8600,403),(15295,409),(15028,410),(14147,411),(15391,412),(15276,416),(12079,417),(8997,418),(10111,419),(15223,477),(8911,478),(2162,479),(1704,480),(14057,21),(13579,22),(10028,23),(8564,24),(9097,82),(13641,83),(10062,84),(14125,85),(10098,101),(13202,102),(15313,103),(8551,104),(2051,121),(12739,122),(8830,123),(10150,124),(15081,125),(8999,126),(8503,127),(10057,128),(13426,209),(8410,210),(10013,211),(2191,212),(10118,222),(12484,223),(13947,224),(14097,225),(10038,241),(10168,242),(12019,243),(15399,244),(8794,384),(1615,385),(15230,386),(8798,387),(15142,404),(1664,405),(8734,406),(15010,407),(8326,246),(12761,247),(8457,248),(15089,249),(8822,423),(15274,424),(10173,425),(8811,426),(9010,90),(11961,91),(8573,92),(13171,93),(8935,94),(12469,95),(12125,96),(10199,97),(13790,98),(2086,99),(13914,112),(12910,113),(8894,114),(12333,115),(10178,116),(8674,175),(8516,176),(15014,177),(10116,178),(13173,290),(12445,179),(15239,180),(2241,181),(8618,182),(12715,183),(15203,198),(2203,199),(12640,200),(8356,201),(10029,202),(12383,213),(10127,214),(12493,215),(15016,216),(8360,217),(12462,320),(1931,321),(8325,322),(12110,323),(15201,324),(15191,295),(8702,296),(14212,297),(15318,298),(10066,299),(14189,302),(2294,303),(1858,304),(12130,305),(8373,306),(8642,361),(8868,362),(12022,363),(8533,364),(13172,365),(8576,433),(8941,434),(1900,435),(13465,436),(8763,437),(15092,455),(10085,456),(15106,457),(15325,458),(10139,459),(10102,470),(15000,471),(12055,472),(2067,473),(15157,474),(12700,482),(12477,483),(10027,484),(13923,485),(15231,486),(1670,59),(8918,60),(15170,61),(8315,62),(15087,63),(13249,157),(8414,158),(10110,159),(13323,160),(1880,161),(8710,186),(1673,187),(10024,188),(15385,189),(14123,190),(1790,230),(9067,231),(13170,232),(14174,233),(15310,234),(15031,264),(10011,265),(15040,266),(1691,267),(12100,268),(12015,373),(1997,374),(8495,375),(10148,376),(15339,377),(8322,378),(8956,379),(10035,380),(12379,381),(12641,382),(2114,393),(15187,394),(14248,395),(1724,396),(1766,397),(15345,438),(8318,439),(13108,440),(13633,441),(1898,442),(10149,57),(10181,132),(10061,154),(14117,166),(1652,193),(13118,245),(15351,300),(2125,301),(12749,481),(2292,398),(10170,399),(15042,408),(12247,445),(13892,450),(15037,451),(15219,454),(2169,464),(11959,468),(2186,475),(10151,487),(15066,491),(8482,44),(15206,184),(8382,185),(15251,203),(13735,204),(15326,205),(1775,206),(13654,207),(14234,208),(10177,235),(8497,236),(10129,250),(2180,251),(14014,262),(12257,263),(11976,329),(14019,330),(13596,331),(13838,332),(15261,346),(2219,347),(8458,452),(13791,453),(13718,465),(8932,466),(12396,334),(12142,335),(2274,488),(15091,489),(9003,137),(1849,138),(13753,139),(15281,140),(2229,446),(9053,447),(12930,448),(15186,449),(8393,492),(12261,493),(8950,499),(10189,496),(8659,497),(15043,498),(1760,500),(15322,501);

--
-- Table structure for table `team`
--

CREATE TABLE `team` (
  `name` varchar(36) NOT NULL DEFAULT '',
  `city` varchar(26) DEFAULT NULL,
  `state` varchar(26) DEFAULT NULL,
  `country` varchar(26) NOT NULL DEFAULT '',
  `class` char(2) NOT NULL DEFAULT '',
  `ala` tinyint(1) NOT NULL DEFAULT '0',
  `sponsors` varchar(255) DEFAULT NULL,
  `anecdote` mediumtext,
  `fee_paid` decimal(9,2) DEFAULT NULL,
  `online_reg` tinyint(1) NOT NULL DEFAULT '0',
  `payment_type` char(2) DEFAULT NULL,
  `time` timestamp NOT NULL DEFAULT CURRENT_TIMESTAMP,
  `username` varchar(8) DEFAULT NULL,
  `password` varchar(8) DEFAULT NULL,
  `admin_notes` varchar(255) DEFAULT NULL,
  `song_title` varchar(50) DEFAULT NULL,
  `song_artist` varchar(50) DEFAULT NULL,
  `number_of_riders` int(3) DEFAULT NULL,
  UNIQUE KEY `team_pkey` (`name`)
) ENGINE=MyISAM DEFAULT CHARSET=latin1;

--
-- Dumping data for table `team`
--

INSERT INTO `team` VALUES ('Tipert, Christen','Danvers','MA','USA','WF',0,'','',168.50,0,'CC','2011-01-08 13:09:35','0-IXiwG5','Peyton','Purchaser: Christen B Tipert - 10 Stafford Road -  - Danvers - MA - 01923 - US - 978-884-4629 - christen.tipert@verizon.net - 01.08.11','','',1),('Dave Richard','Vassalboro','ME','USA','MF',0,'Central Maine Cycling Club','',168.50,0,'CC','2011-01-08 01:21:39','0-lHAWu3','cmcc11','Purchaser: David T Richard - 35 Katie Drive -  - Vassalboro - ME - 04989 - US - 207-859-8812 - cmcc@roadrunner.com - 01.07.11','','',1),('Bill Jason','Winslow','ME','USA','M3',0,'Central Maine Cycling Club','',168.50,0,'CC','2011-01-07 23:42:42','0-YISRfl','x1xQ3kX3','Purchaser: David T Richard - 35 Katie Drive -  - Vassalboro - ME - 04989 - US - 207-859-8812 - cmcc@roadrunner.com - 01.07.11','','',1),('Inertia','Oshawa','ON','Canada','MF',0,'','',168.50,0,'CC','2011-01-08 13:22:08','0-p2vQHI','jessie00','Purchaser: Steven J. Lines - 2-847 Simcoe St. North - 1450 Hopkins, Unit 6, Whitby, Ontario, L1N 2C3 - Oshawa - ON - L1G 4W1 - CA - 9052403555 - steve.lines@yahoo.com - 01.08.11','','',1),('Martin, Glenda','Cobourg','ON','Canada','WF',0,'','Just looking for a change of scenery and a new place to ride. Crazy doing it solo but why not life is to short I might as well put myself through pain before I get too old. Besides if I am solo I have no worries on how slow I am. :)',234.50,0,'CC','2011-01-08 13:25:01','0-aqsccI','soccer','Purchaser: Glenda E Martin - 200 Bay Street -  - Cobourg - ON - K9A1P6 - CA - 905 372-2790 - glelmart@hotmail.com - 01.08.11','','',1),('Hurtbox','Portland','ME','USA','MS',0,'','',390.00,0,'CC','2011-01-13 16:11:42','0-MPXRmB','ski31LOA','Purchaser: David Hatch - 26 Friar Lane -  - Cumberland - ME - 04021 - US - 2072334760 - dhhatch@gmail.com - 01.13.11','','',4),('Slackers: Part III','Newton','NH','USA','MB',0,'','Back for our third year. Dan, Nick, Jessie,and AJ make up the team. Congrats to Sherrie and Ian.  Here goes nothing.',390.00,0,'CC','2011-01-16 02:06:11','0-htUQys','element','Purchaser: Nicholas DeGruttola III - 10 Highland St -  - Newton - NH - 03858 - US - 2032064498 - nickdegruttola@yahoo.com - 01.15.11','','',4),('Going Down Swinging','Somervile','MA','USA','MP',0,'','',390.00,0,'CC','2011-01-17 18:27:07','0-Rencio','waste19','Purchaser: Colin Reuter - 85 Yorktown St -  - Somerville - MA - 02144 - US - 9174491841 - colin.reuter@gmail.com - 01.17.11','','',4),('Nathan Reel','Nashua','NH','USA','MZ',0,'','1st time solo, 4th year racing.',168.50,0,'CC','2011-01-19 13:17:57','0-9Uv81H','x1x0pz0h','Purchaser: Nathan Reel - 68 Dunbarton Drive -  - Nashua - NH - 03063 - US - 6035214923 - ncreel1@comcast.net - 01.19.11','','',1),('Ward, Daniel','Cumberland','RI','USA','M3',0,'','',168.50,0,'CC','2011-01-20 13:19:05','0-FH4ur1','x1xyQjLt','Purchaser: Daniel Ward - 17 Old Phenix Ave -  - Cranston - RI - 02921 - US - 401-464-2273 - dpward2000@yahoo.com - 01.19.11','','',1),('Skyline Bikers','Medford','MA','USA','MD',0,'','',253.25,0,'CC','2011-01-21 03:17:17','0-eS5yJl','password','Purchaser: Mark Flaherty - 10 dole pl  -  - west newbury - MA - 01985 - US - 2037335887 - furbs_33@yahoo.com - 01.20.11','','',2),('Sucker Punch','Raynham','MA','USA','MS',0,'Now Accepting Donations','Taking cheap shots since 2011',390.00,0,'CC','2011-01-25 19:48:37','0-XNlcDw','pinelodg','Purchaser: Bryan Dupuis - 712 Park Pl -  - Raynham - MA - 02767 - US - 774-281-3104 - Dupuis116@hotmail.com - 01.25.11','You\'re The Best','Joe Esposito',4),('\'Team Tuckermen\'','Presque Isle','ME','USA','MD',0,'','The Tuckermen are a group of cycling and climbing friends. We have been racing together since we competed in the first Aroostook Adventure Race in 1998. We haven\'t stopped yet. We took the name, \"The Tuckermen\" because we used to climb in the White Mountains. We have raced the TransRockies in British Columbia and 24 hour races in Vermont and New Hampshire. We also do as many local races as we can...',386.25,0,'CC','2011-01-25 20:34:57','0-1L6ez2','kermit69','Purchaser: Joseph P StPeter - 42 Cedar Street -  - Presque Isle - ME - 04769 - US - (207) 540-3531 - joseph_st.peter@yahoo.com - 01.25.11','','',2),('Lettvin, Moishe','Boulder','CO','USA','M3',0,'','My first 24 hour race ever was Great Glen, in \'99!',168.50,0,'CC','2011-01-26 02:44:19','0-dS4B7S','moishe1','Purchaser: Jonathan M Lettvin - 645 8th Ave -  - Kirkland - WA - 98033 - US - 206 550 5874 - moishel@gmail.com - 01.25.11','','',1),('the Greg','Middleton','MA','USA','MF',0,'','I\'m an idiot',168.50,0,'CC','2011-01-26 13:01:17','0-ahduiN','franklin','Purchaser: Gregory L Chane - 14 Glover st apt 2 -  - Salem  - MA - 01970 - US - 9789981223 - greglchane@yahoo.com - 01.26.11','','',1),('Reece, Glen','Bangor','ME','USA','MF',0,'','',235.00,0,'CC','2011-08-04 18:53:00','0-53WlLc','x1xVL23U','Purchaser: Glen J. Reece - 119 Skyline Road -  - Bangor - ME - 04401 - US - 207-478-1969 - glenreece@eradawson.com - 08.04.11','','',1),('Slow and Steady Gets Eaten By a Bear','Conway','NH','USA','MS',0,'MWV Velo Bicycling Club','',0.00,0,'CC','2011-07-28 19:23:47','0-E2nfDL','x1xlP8in','Purchaser: Rebecca Oleson - PO Box 2033 -  - North Conway - NH - 03860 - US - 603-356-5439 - roleson@coopercargillchant.com - 07.28.11','','',4),('TiRe','Rindge','NH','USA','MF',0,'','Totally Insane Riding Enthusiasts, been riding this race for at least 13 years!  The best part is now my son who was 3 when I started is now riding with me :)',168.50,0,'CC','2011-01-27 19:49:36','0-d0J6dw','ckmb92','Purchaser: W Christopher Yaceshyn - 10 Monomonac Terrace -  - Rindge - NH - 03461 - US - 603-899-5014 - yacemom@yahoo.com - 01.27.11','','',1),('Me, Myselft & I','Rindge','NH','USA','TJ',0,'','Been a fan of this race since I was 3, watching my dad race and participating in the 24 minutes race and even winning once!  This will be my 3rd year and I cannot wait!',176.00,0,'CC','2011-01-27 19:50:37','0-uQBEEC','x1x2aK3f','Purchaser: W C Yaceshyn - 10 Monomonac Terrace -  - Rindge - NH - 03461 - US - 603-899-5014 - yacemom@yahoo.com - 01.27.11','','',1),('waldo mtn moto-xers, bar harbor bike','brewer','ME','USA','MS',0,'bar harbor bicycle shop in bar harbor, maine.  Crystal \r\nClear Communications contractor for Time Warner Cable. Hamlin marine boat sales and service in bangor, maine. Pinkham commercial fishing group. Tidswell designs featuring ryan and kelly tidswell.','we got nothing up our sleeves. except our hearts. and maybe a chip on our shoulders.',390.00,0,'CC','2011-01-29 11:51:44','0-i0BrzE','mxrocks1','Purchaser: samuel karush - 20 elmwood st apt 4 -  - brewer - ME - 04412 - US - 2073564587 - sam@karush.us - 01.29.11','','',4),('Monkey Brain Sushi','Enfield','NH','USA','MS',0,'','',390.00,0,'CC','2011-01-29 13:34:22','0-zftssW','ekm123','Purchaser: Mark Vojtko - 475 Miller Pond Road -  - Grantham - NH - 03753 - US - 603-667-7333 - mvojtko@juno.com - 01.29.11','','',4),('Mud Munchin\' Monkeys','Bartlett','NH','USA','DC',0,'Glen Group\r\nMal\'s Waggin\' Pals','Following in our big sister (Vanessa) and big brothers (Andrew & Reid) footsteps>  Gonna make you proud!',242.00,0,'CC','2011-07-20 23:16:14','0-VTyZ38','monkey1','Purchaser: Valerie Smith - Po Box 495 -  - Bartlett - NH - 03812 - US - 603-374-6121 - valthegardengal@yahoo.com - 07.20.11','','',2),('Two Wheeled Mafia','loudon','NH','United States','MS',0,'Revolution Cyclery, Felt, Light and Motion','Were a bunch of hell raising, beer drinking, good for nothing italian mountain bikers from NH LOL',390.00,0,'CC','2011-01-29 16:55:35','0-psnl2j','jkm12345','Purchaser: john maleski - 279 north village road - APT-1 - loudon - NH - 03307 - US - 6032193424 - jkmmxzx@comcast.net - 01.29.11','in the dirt','ten man push',4),('Monster head','Lancaster','NH','USA','TM',0,'','Monsters are misunderstood and often vilified',253.25,0,'CC','2011-01-30 02:51:09','0-FwbYAm','Nietzsch','Purchaser: Wesley Hoffman - 3545 82nd street - Apt. #52 - Jackson Heights - NY - 11372 - US - 212-363-0786 - trackbike88@hotmail.com - 01.29.11','','',1),('John\'s Team Dogfish Head','Keene','NH','USA','5C',0,'Dogfish Head Craft Brewed Ales','',488.50,0,'CC','2011-01-30 13:10:04','0-9ABmeN','dogfish','Purchaser: Daniel J Antosiewicz - 21 Forestview Road -  - Keene - NH - 03431 - US - 603-762-0808 - dantosiewicz@rmuchacpa.com - 01.30.11','I Like Beer','Mike Mancy',5),('Bryan, Coley','Gloucester','MA','USA','MF',0,'','My First name is Coley and this is my fourth consecutive solo(and my fifth consecutive G.G.24 race). The best was when I was assigned #24(very auspicious) I would love it if that happened again. I have raced Great Glen in choking dust and 8\" mash potato mud I wonder what it will be like this year?!',168.50,0,'CC','2011-01-30 22:45:33','0-nhy6EU','hsc0866','Purchaser: Coley Bryan - 7 Wise Pl. -  - Gloucester - MA - 01930 - US - 978-282-6509 - harborsidecycle@hotmail.com - 01.30.11','','',1),('acidotic RACING-BLACK','Strafford','NH','USA','MS',0,'','',390.00,0,'CC','2011-01-30 23:49:34','0-4VWKlO','deacons','Purchaser: CHRIS J. DUNN - 43 CROSS ROAD -  - STRAFFORD - NH - 03884 - US - 603.978.5924 - acidoticRACING@hotmail.com - 01.30.11','','',4),('acidotic RACING-GOLD','Fredericksburg','VA','USA','MS',0,'','',390.00,0,'CC','2011-01-30 23:59:38','0-3Q22e0','deacons','Purchaser: CHRIS J. DUNN - 43 CROSS ROAD -  - STRAFFORD - VA - 03884 - US - 603.978.5924 - acidoticRACING@hotmail.com - 01.30.11','','',4),('have MRCy','Franklin','MA','USA','ME',0,'Minuteman Road Club','',390.00,0,'CC','2011-01-31 00:34:18','0-B1g2ah','password','Purchaser: Christopher Pare - 60 Oxford Drive -  - Franklin - MA - 02038 - US - 508 346 3458 - chris_pare@yahoo.com - 01.30.11','','',4),('D.F.L.','Niantic','CT','USA','C5',0,'','Riding with Cross Stuntery style',757.00,0,'CC','2011-08-09 01:16:00','0-KiRmYo','bicycle','Purchaser: Evan Bradley - 87 Roxbury Rd -  - Niantic - CT - 06357 - US - 860-908-5827 - kimbarber28@gmail.com - 08.08.11','','',5),('Dean \'The Polish Missile\' Poplawski','Dudley','MA','USA','MF',0,'Johnson and Johnson Band-Aids, Aleve, Icy-Hot, McDonalds, Coca-Cola','I fought Chuck Norris and it was pretty much a draw.',168.50,0,'CC','2011-01-31 13:21:52','0-fs3aPK','calvin_1','Purchaser: Dean P. Poplawski - 63 Pierpont Road -  - Dudley - MA - 01571 - US - 508-943-9371 - deanpop33@charter.net - 01.31.11','','',1),('Paycheck to Paycheck','Concord','NH','USA','MS',0,'','',390.00,0,'CC','2011-01-31 14:08:16','0-QL7DnF','IFdlx853','Purchaser: Robert Talmadge - 51 District 5 Road -  - Concord - NH - 03303 - US - 603 848 2195 - technoman26@comcast.net - 01.31.11','No Sleep Till Brooklyn','Beastie Boys',4),('Pine Lodge Dominators','Hopkinton','MA','USA','MB',0,'','If you dont have inflatable chairs, you are nothing!',390.00,0,'CC','2011-02-01 01:17:29','0-8uYsMk','dominate','Purchaser: Jason Pritchard - 12 Cunningham St -  - Hopkinton - MA - 01748 - US - 6175492581 - simpest@yahoo.com - 01.31.11','','',4),('Gears Gone Wild','Milford','MA','USA','MS',0,'','',390.00,0,'CC','2011-02-01 02:59:16','0-qhx8cV','biking','Purchaser: David Swift - 252 Congress St -  - Milford - MA - 01757 - US - 9788703543 - massmtnbikn@yahoo.com - 01.31.11','','',4),('Just Ducky, thanks.','Lyme','NH','USA','C5',0,'','',488.50,0,'CC','2011-02-01 03:11:41','0-LByjE6','bartynh','Purchaser: Scott Barthold - 121 Pinnacle Rd -  - Lyme - NH - 03768 - US - 6037954490 - scott@snomatic.com - 01.31.11','','',5),('Peddle to the Meddle','Lyme','NH','USA','C5',0,'','',488.50,0,'CC','2011-02-01 03:14:20','0-AT082m','sixpeat','Purchaser: Scott Barthold - 121 Pinnacle Rd -  - Lyme - NH - 03768 - US - 6037954490 - scott@snomatic.com - 01.31.11','','',5),('Gravity Challenge','Marlborough','CT','USA','M3',0,'Eagle Mountain House & Golf Club\r\nKozlowski Orthodontics\r\nPursuit Athletic Performance\r\ngreat glen trails.\r\nmount washington auto road','Take an aging athlete and car and prepare them to race every event the Auto Road has to offer in the same season.',0.00,0,'CC','2011-02-07 17:47:06','0-FiwmIS','x1xtLKNj','Purchaser: Timothy B Mather - 347 Jones Hollow Rd -  - Marlborough - CT - 06447 - US - 8604676519 - tim@mathermotorsports.com - 02.07.11','','',1),('Foggy Goggle / NorEast','Hampton','NH','USA','MB',0,'','',390.00,0,'CC','2011-02-16 16:13:26','0-Mb2u9v','goggle','Purchaser: Rami El Rayess - 22 Huckleberry Lane -  - Hampton - NH - 03842 - US - 6039696474 - relrayess@gmail.com - 01.27.11','','',4),('Sarausky, Hailey','Littleton','NH','USA','WZ',0,'','',168.50,0,'CC','2011-02-16 16:18:06','0-OT4tnG','x1x9WN8u','Purchaser: Darleen Sarausky - 113 Pleasant St -  - Littleton - NH - 03561 - US - 603-616-6843 - ski4mom@gmail.com - 01.28.11','','',1),('Kling, Lauren','Boston','MA','USA','WZ',0,'','',168.50,0,'CC','2011-02-16 16:21:43','0-cj1ffl','x1xW0qNO','Purchaser: Lauren J Kling - 33 Long Ave, #3 -  - Allston - MA - 02134 - US - 856.803.6752 - lauren.j.kling@gmail.com - 01.31.11','','',1),('Schlottmann, Derrek','Fryeburg','ME','USA','MF',0,'','',198.00,0,'CC','2011-02-16 20:25:56','0-OITPeh','1emecat1','Purchaser: James D Schlottmann - 27 Elm Street -  - Fryeburg - ME - 04037 - US - 207-710-9324 - derrek.schlottmann@gmail.com - 02.16.11','','',1),('HOGG Wild','Chelmsford','MA','USA','MS',0,'','',459.00,0,'CC','2011-02-22 17:53:55','0-wcUwBG','biking','Purchaser: David Swift - 252 Congress St -  - Milford - MA - 01757 - US - 9788703543 - massmtnbikn@yahoo.com - 02.22.11','','',4),('The CT Cranksters','Everywhere','CT','USA','C5',0,'','',574.00,0,'CC','2011-03-08 15:35:27','0-N1KUE1','faster','Purchaser: Susan Lackman - 173 Perry St -  - Unionville - CT - 06085 - US - 860 250-1199 - chicaandinista@gmail.com - 03.08.11','Pain','Three Days Grace',5),('The Dude','Wilmot','NH','USA','MZ',0,'','',264.00,0,'CC','2011-03-09 20:03:24','0-tG9dgr','x1xslCxs','Purchaser: Rosanna Dude - 16 schoolhouse lane -  - wilmot - NH - 03287 - US - 603-828-1001 - rosannaleigh@gmail.com - 02.26.11','','',1),('Rob \'The Pony Express\' Gauthier','Groveton','NH','USA','MF',0,'Town of Groveton\r\nThe really slow USPS team\r\nGambling in NH','It\'s all downhill from here...racing against my personal clock and former teammate the Polish Missle',198.00,0,'CC','2011-03-09 20:06:38','0-tyzyu4','x1x5pNJk','Purchaser: Robert Gauthier - 7 Paper St. -  - Groveton - NH - 03582 - US - 603-636-0049 - robgrovetonemd@gmail.com - 03.06.11','','',1),('Stephen LeBlanc','Woodbury','CT','USA','MZ',0,'TEAM MISFITS\r\nBiker\'s Edge, Bristol CT\r\nMax Muscle, Bristol CT','The only easy race was yesterday',198.00,0,'CC','2011-03-25 16:35:41','0-41vCCW','leblanc','Purchaser: Stephen LeBlanc - 51 Judd Hill Road -  - Woodbury - CT - 06798 - US - 860-810-6439 - stephenleblanc@yahoo.com - 03.25.11','Ironman','Black Sabbath',1),('Woodson, Bill','Rockport','MA','USA','MZ',0,'','',198.00,0,'CC','2011-04-08 01:59:20','0-dMx5ok','x1xG6ySl','Purchaser: William Woodson - 1 Squam Rd -  - Rockport - MA - 01966 - US - 9785028555 - bill.woodson@sas.com - 04.07.11','','',1),('The Slugs','Raynham','MA','USA','MB',0,'','',459.00,0,'CC','2011-04-11 13:48:02','0-Lf0UXX','nu1996','Purchaser: Kerry Kisloski - 853 Locust Street -  - Raynham - MA - 02767 - US - 4012155683 - kkisloski@hotmail.com - 04.11.11','','',4),('Pursuit Fitness','Tolland','CT','USA','MB',0,'','',459.00,0,'CC','2011-04-17 16:56:35','0-gPkyyH','x1x33l1v','Purchaser: Rod Wilson - 71 Bald Hill Road -  - Tolland - CT - 06084 - US - 8604547700 - rodwilsonsr@radcomputing.com - 04.17.11','','',4),('Jaw-Z','Lincoln','NH','USA','MZ',0,'','',198.00,0,'CC','2011-05-02 13:31:48','0-b5npOY','x1x6AI2e','Purchaser: Kristin E Esty - PO Box 1267 - PO Box 820 - Lincoln - NH - 03251 - US - 6036162022 - nhbetty0908@yaoo.com - 04.23.11','','',1),('MDUB','S. Norwalk','CT','USA','MD',0,'','',298.00,0,'CC','2011-05-08 17:42:00','0-9B5cRr','miasoucy','Purchaser: Michael P Ferraro - 125 Washington St - 205 - Norwalk - CT - 06854 - US - 203.722.2192 - ferraro.mick@gmail.com - 05.08.11','','',2),('Mehallo, Chris','Drexel Hill','PA','USA','TM',0,'','',110.00,0,'CC','2011-05-13 01:18:43','0-saEwG9','zephir','Purchaser: Christopher Mehallo - 1014 Wilde Ave  -  - Drexel Hill - PA - 19026 - US - 215 605 0243 - cmehallo@comcast.net - 05.12.11','','',1),('Evaporators','Williston','VT','USA','MS',0,'','',459.00,0,'CC','2011-05-14 13:24:11','0-Lc1DUI','gohard','Purchaser: John H Zouck III - 311 Chamberlin Lane -  - Williston - VT - 05495 - US - 802-578-1781 - zoucks@yahoo.com - 05.14.11','','',4),('Smoking Man and The Bandits','Goffstown','NH','USA','TC',0,'','',271.00,0,'CC','2011-05-15 23:52:50','0-9nZTyQ','BANDITS','Purchaser: Clint Dowd - 15 Bayberry Lane -  - Goffstown - NH - 03045 - US - 603-497-3187 - cdowd@velcro.com - 05.15.11','','',4),('BA','(Hard Hittin\') New Britain','CT','USA','MZ',0,'','',198.00,0,'CC','2011-05-16 21:34:10','0-9nKOOp','x1xrn6sM','Purchaser: Brian Altrui - 64 Beechwood road -  - New Britain - CT - 06053 - US - 8606817775 - baltrui@hotmail.com - 05.16.11','','',1),('Ride Life','Newbury Park','CA','USA','MS',0,'Giant Bicycles','Giant Bicycles employees who are out riding life!',459.00,0,'CC','2011-05-19 17:08:15','0-xdeReY','ridelife','Purchaser: Joshua M Fonner - PO Box 71 -  - Slaterville Springs - NY - 14881 - US - 7078152178 - joshfonner@hotmail.com - 05.19.11','','',4),('White Mountain Wheelers','Bethlehem','NH','USA','MS',0,'','We are a couple of White Mountain School faculty with two recent White Mountain  School alumni to try to carry the team.',459.00,0,'CC','2011-05-20 12:19:19','0-L3SOLw','24hogg','Purchaser: Ben J Mirkin - 371 West Farm Road -  - Bethlehem - NH - 03574 - US - 603 986 5412 - ben.mirkin@whitemountain.org - 05.20.11','','',4),('Ride Giant','Newbury Park','CA','USA','MS',0,'Giant Bicycles','Group of Giant Bicycles employees out riding life!',459.00,0,'CC','2011-05-23 15:00:13','0-xhanVo','ridelife','Purchaser: Joshua M Fonner - PO Box 71 -  - Slaterville Springs - MD - 14881 - US - 7078152178 - joshfonner@hotmail.com - 05.23.11','','',4),('Spenard, John','Manchester','NH','USA','TM',0,'','',110.00,0,'CC','2011-05-23 19:08:49','0-0F7mhH','x1xBxreo','Purchaser: Denise Spenard - 18 Kalisz Lane -  - Manchester - NH - 03109 - US - 6033157400 - dspenard@eastersealsnh.org - 05.23.11','','',1),('Recycled Sports','Seabrook','NH','USA','MY',0,'Recycled Sports of NH, KHS Bicycles, Feedback Sports, Ryders Eyewear, Profile Design','',198.00,0,'CC','2011-05-24 13:13:20','0-M4sXCy','x1xyQoTi','Purchaser: Derek Griggs - PO Box 222 -  - Seabrook - NH - 03874 - US - 603-396-6322 - r.sports.nh@myfairpoint.net - 05.24.11','','',1),('David Swift','Falmouth','MA','USA','MY',0,'','',198.00,0,'CC','2011-05-24 22:36:44','0-3Ywa2z','swift1','Purchaser: David Swift - PO Box 1649 -  - North Falmouth - MA - 02556 - US - 508-564-2517 - Fstop322@aol.com - 05.24.11','','',1),('Pineapple Express','Cohasset','MA','USA','5C',0,'Outside In','',574.00,0,'CC','2011-05-26 16:36:38','0-edJXIG','cohasset','Purchaser: John Naples - 7 Parker Ave -  - Cohasset  - MA - 02025 - US - 718.249.7001 - jmnaples@gmail.com - 05.26.11','','',5),('acidotic RACING-GREY','Strafford','NH','USA','MS',0,'','',459.00,0,'CC','2011-05-28 18:50:51','0-dGRJxH','grey1','Purchaser: CHRIS J. DUNN - 43 CROSS ROAD -  - STRAFFORD - NH - 03884 - US - 603.978.5924 - acidoticRACING@hotmail.com - 05.28.11','','',4),('Mike Haskell','Norton','MA','USA','TM',0,'Capstone Thermal','',110.00,0,'CC','2011-05-30 01:46:04','0-HsIzed','rehoboth','Purchaser: Michael Haskell - 15 Richmond -  - Norton - MA - 02766 - US - 508-212-2204 - mhaskell@gmail.com - 05.29.11','','',1),('Pure Adrenaline','Haverhill','MA','USA','MS',0,'Price Point','',459.00,0,'CC','2011-05-30 21:25:23','0-bCb0zb','artielan','Purchaser: William Biscan - 7 Woodrow Ave -  - Haverhill - MA - 01830 - US - 978-398-8477 - billyb74@comcast.net - 05.30.11','','',4),('CCD Team Pinnacle','Newport','NH','USA','MS',0,'Claremont Cycle Depot','',459.00,0,'CC','2011-05-31 16:32:52','0-3Uu573','Pinnacle','Purchaser: Jeremy Beliveau - PO Box 991 -  - Enfield - NH - 03748 - US - 603-632-9192 - jeremy.beliveau@hypertherm.com - 05.31.11','','',4),('Gnarlz','North Conway','NH','USA','C5',0,'MWV velo, EMS','we are a rag tag bunch of riders from the best team in the ECCC, and one Holderness Graduate',459.00,0,'CC','2011-06-02 13:59:35','0-m60olW','redneck','Purchaser: Ben Cargill - P.O. BOX 717 -  - Intervale - NH - 03845 - US - 6039860755 - mtnbike232@gmail.com - 06.02.11','The Super Secret Project','Plow Guy Boogalo',5),('Mason Racing','Lebanon','NH','USA','C5',0,'Mason Racing Cycles','',574.00,0,'CC','2011-06-02 14:12:25','0-MwMyCQ','not75757','Purchaser: Jason Ouelette - 61 Chestnut street -  - Claremont - NH - 03743 - US - 603-477-3148 - jason@masonracing.com - 06.02.11','','',5),('The Pinnacle Pair','Newport','NH','USA','DM',0,'Claremont Cycle Depot','',169.00,0,'CC','2011-06-02 21:46:46','0-AOjzOV','151515','Purchaser: Brian James Currier - 10 Second Street -  - Newport - NH - 03773 - US - 603-863-7678 - stefnbri@netzero.com - 06.02.11','','',2),('Midnight Ramblers','Thomaston','CT','USA','5C',0,'','',574.00,0,'CC','2011-06-03 01:45:18','0-Nfkys2','A15imbd','Purchaser: Arthur J. Morenz - 152 Branch Rd -  - Thomaston - CT - 06787 - US - 860-283-8973 - artiemorenz@optonline.net - 06.02.11','','',5),('DILLIGAF','Attleboro','MA','USA','MD',0,'Union Velo\r\nNFG Cycles','Where\'s the beer? And Nachos!',298.00,0,'CC','2011-06-03 13:47:36','0-kY6Ssn','foxshox','Purchaser: Joshua A Krzyzek - 63 Spring Hill Drive -  - North Attleboro - MA - 02760 - US - 774-219-2707 - j_krzyzek@yahoo.com - 06.03.11','','',2),('Ian Marks','Houghton','MI','USA','TM',0,'','',110.00,0,'CC','2011-06-03 15:11:58','0-OgBS5r','richard','Purchaser: Ian Marks - 606 Fourth Street -  - Houghton - MI - 49931 - US - 9062811204 - imarks@mtu.edu - 06.03.11','','',1),('Moriah Harris','Candia','NH','USA','WZ',0,'','',198.00,0,'CC','2011-06-03 23:12:49','0-URhHgx','x1xiu5sU','Purchaser: David Harris - 157 Governors rd -  - Pittsfield - NH - 03263 - US - 6035485509 - hrrsdvd@aol.com - 06.03.11','','',1),('Saline Delirium','Hickory','NC','USA','MD',0,'','',298.00,0,'CC','2011-06-04 00:12:04','0-ZWo6EK','makalu','Purchaser: Cameron Fraser - 105 Summer Breeze Ct -  - Statesville - NC - 28677 - US - 704-929-0932 - nobosherpa@yahoo.com - 06.03.11','','',2),('Fear of the Dark','Pittsfield','NH','USA','MF',0,'','',198.00,0,'CC','2011-06-04 00:46:57','0-hlbWV9','x1xAEmOs','Purchaser: David Harris - 157 Governors rd -  - Pittsfield - NH - 03263 - US - 6035485509 - hrrsdvd@aol.com - 06.03.11','','',1),('Wicked Blazing Saddles','Dover','NH','USA','C5',0,'','',574.00,0,'CC','2011-06-04 01:41:13','0-Hdb0Rv','05340B','Purchaser: Wendi L Servetas - 11 South Watson LN -  - Dover - NH - 03820 - US - 603 742 9412 - mtnrunner4@comcast.net - 06.03.11','Bad Company','Five Finger Death Punch',5),('Dirt Nap','Newport','NH','USA','DM',0,'','',169.00,0,'CC','2011-06-04 02:14:49','0-BnFcRT','robscott','Purchaser: Robert L Walker II - 55 Pike Hill Rd -  - Newport - NH - 03773 - US - 603-558-8114 - treborreklaw2@yahoo.com - 06.03.11','','',2),('The Goat Boys','Concord','NH','USA','DM',0,'','Geoff and Al are identical twins. The Goat Boys, as they are known in Europe, were abandoned by their parents in the alpine meadows of Switzerland and raised by an unlikely herd of goats. The \"Goat Boys\", are especially grateful for the good eating here in the meadows of Mount Washington Valley. Please keep your belongings off the ground so as not to tempt the duo.',169.00,0,'CC','2011-06-04 16:36:16','0-gvWMJo','thuja687','Purchaser: Albert F Raine III - 28 Roger Avenue -  - Concord - NH - 03301 - US - 603-226-3449 - jamishead@comcast.net - 06.04.11','','',2),('Cranky Jakes 2','Beverly','MA','USA','DM',0,'','',169.00,0,'CC','2011-06-04 18:12:14','0-oIMNMF','henryb','Purchaser: James A Shafner - 7 Jackson st -  - Beverly - MA - 01915 - US - 9739855033 - jamie.shafner@gmail.com - 06.04.11','','',2),('Epic Nosense','Maynard','MA','USA','MB',0,'','Deer flies make great motivational training partners.  Go fast or feel the pain.',459.00,0,'CC','2011-06-05 02:20:27','0-3v62Wr','miniepic','Purchaser: stephen gregg - 7 tremont street -  - maynard - MA - 01754 - US - 978 897-2263 - lands.gregg@verizon.net - 06.04.11','','',4),('Can\'t Say No','Montgomery Center','VT','USA','C5',0,'','',574.00,0,'CC','2011-06-05 13:46:47','0-YUAhxR','kalysue','Purchaser: Glenn Belongie - PO Box 508 -  - Montgomery Centery Center - VT - 05471 - US - 508 254-4668 - gbelongie@gmail.com - 06.05.11','','',5),('Clark Brothers Racing','Chichester','NH','USA','MS',0,'','',459.00,0,'CC','2011-06-05 13:56:29','0-gw85Ct','cbracing','Purchaser: Kevin M.Como - 43 Connemara Dr. -  - Chichester - NH - 03258 - US - 603-731-4374 - kevinmcomo@gmail.com - 06.05.11','','',4),('More Hours = More Fun','Groton','CT','USA','MB',0,'','Just a bunch of engineers with very little common sense who like to ride.',459.00,0,'CC','2011-06-05 15:32:41','0-dvPpyK','goto7734','Purchaser: Matthew McGrath - 17 Foster Leigh Rd. -  - Niantic - CT - 06357 - US - 6174709415 - mcgrath.matt@gmail.com - 06.05.11','','',4),('Rose Bike','Orono','ME','USA','ME',0,'Rose Bicycle','',459.00,0,'CC','2011-06-05 17:34:22','0-YvJZlL','angusr','Purchaser: James A Rose - 10 Holbrook St. apt 2 -  - Orono - ME - 04032 - US - (207)852-1057 - angusrose88@gmail.com - 06.05.11','','',4),('Bates Masters','Milton','MA','USA','5C',0,'Bike Barn Racing\r\nFirst Taunton Group','',574.00,0,'CC','2011-06-05 18:10:11','0-QRTVAw','bluefish','Purchaser: Kathleen DeSantis - 1047 Metroplolitan Ave -  - Milton - MA - 02186 - US - 508 612-7261 - firsttg@aol.com - 06.05.11','','',5),('Cranky Jakes','Danvers','MA','USA','DM',0,'','',169.00,0,'CC','2011-06-05 20:02:47','0-l4u96K','dfd1821','Purchaser: Michael W Graves - 24 Mt. Carmel Road -  - Danvers - MA - 01923 - US - 978-804-8253 - mtcarmel24@yahoo.com - 06.05.11','','',2),('Spontaneous Combustion','Boston Area','MA','USA','MS',0,'Kidde, Ansul, First Alert, Tyco, Simplex and ADT','New Team Captain - Kevin Johnson\r\nOld Team Capatain - Jeff Forward has been demoted to Team Manager.  Does this mean I get to drive around in a golf cart?',459.00,0,'CC','2011-06-05 21:33:37','0-SyolKm','x1xMCjAa','Purchaser: Jeffery A Forward - 84 Humphrey Street -  - Marblehead - MA - 01945 - US - 781-631-3980 - jeff_forward@verizon.net - 06.05.11','','',4),('The Jamaican Bobsled Team','South Berwick','ME','USA','MB',0,'Philbrick\'s Sports - Dover, NH','The more we ride, the more beer we\'re allowed to drink',459.00,0,'CC','2011-06-05 23:53:28','0-qCtmpe','bobsled','Purchaser: Allen C Albee - 10 Buttonwood Rd.  -  - South Berwick - ME - 03908 - US - 603-387-5112 - Allen_Albee@hotmail.com - 06.05.11','','',4),('Scargill, Brian','Brookline','NH','USA','TM',0,'','',110.00,0,'CC','2011-06-06 00:02:26','0-9AdTwc','prospect','Purchaser: Brian A Scargill Sr - 46 Laurel Crest Drive -  - Brookline - NH - 03033 - US - 603-305-6680 - scargill.brian@gmail.com - 06.05.11','','',1),('steve richard','Dover','NH','USA','MO',0,'','',459.00,0,'CC','2011-06-06 00:27:48','0-fvD9Ku','Rugby13','Purchaser: Michael J Servetas - 11 South Watson Lane -  - Dover - NH - 03820 - US - 6037429412 - servetas@comcast.net - 06.05.11','','',4),('B2GLVC2','Boston','MA','USA','DM',0,'GLV d/b Zipcar\r\nB2C2 p/b Boloco','',169.00,0,'CC','2011-06-06 00:29:36','0-nuYO77','confusio','Purchaser: Hughes Burridge - 3400 N Kensington St -  - Arlington - VA - 22207 - US - 7034892034 - burridge.h@husky.neu.edu - 06.05.11','Wooden Bullets','This is My Fist',2),('Three Men & A Baby','Andover','MA','USA','MS',0,'','',459.00,0,'CC','2011-06-06 00:38:17','0-VqBZj3','Kona11','Purchaser: Herbert M Beherrell - 413 South Main Street -  - Andover - MA - 01810 - US - 617-212-6017 - hbeherrell@tcco.com - 06.05.11','','',4),('S & M','West Lebanon','NH','USA','WD',0,'','Because we love to.  All of the time.  Night and day.  And we get to take turns.',298.00,0,'CC','2011-06-06 00:56:11','0-XdCWLy','rideon','Purchaser: Susan L Painter - 7 Floyd Avenue -  - West Lebanon - NH - 03784 - US - 603-276-9591 - sue.painter@yahoo.com - 06.05.11','','',2),('Awesome!','Temple','NH','USA','MS',0,'','',459.00,0,'CC','2011-06-06 01:00:38','0-DxsLhh','titanium','Purchaser: Paul T Burba - PO Box 217 -  - Temple - NH - 03084 - US - 603-878-4539 - ptburba@gmail.com - 06.05.11','','',4),('Baby Daddies','Portland','ME','USA','DM',0,'Charlotte and Kason','We had the nerve to live in the state of Maine and be under the age of 50!!!',302.00,0,'CC','2011-06-06 01:42:28','0-9q0zY7','chuck09','Purchaser: Eric Barnes - 8 Manor Way -  - Buxton - ME - 04093 - US - 2079292662 - ebarnes3@roadrunner.com - 06.05.11','','',2),('Biking Vikings','Middlebury','CT','USA','5C',0,'','',574.00,0,'CC','2011-06-06 01:54:34','0-03zcoL','vikings','Purchaser: Robert Samuelson - 19 Sandy Beach rd -  - Middlebury - CT - 06762 - US - 203-206-2612 - rnsamuelsonmd@yahoo.com - 06.05.11','','',5),('The Fat Slopers','Montreal','QC','Canada','ME',0,'','We\'re actually rock climbers... with skinny legs! One of us rides lots, two ride sometimes and the other one thinks we\'re going climbing (rocks) for the weekend and has never been on a mountain bike before!',459.00,0,'CC','2011-06-06 01:57:44','0-Vl93BM','Grimper5','Purchaser: julien Duchene-lortie - 346 Elm -  - Montreal - QC - H3Z 1Z5 - CA - (514) 641-5457 - duchene07@gmail.com - 06.05.11','','',4),('Warriors of Radness Part II','Boulder','CO','USA','MD',0,'Back Bay Bicycles, Lupine lighting Systems, Papa Wheelies, Rekluse clutches','It\'s time for a little  shake.  .   .   and bake.\r\nGo fast.  \r\n\'Cause it\'s the fastest who gets paid and the fastest who gets laid.',298.00,0,'CC','2011-06-06 04:08:58','0-1mjNag','rad123','Purchaser: Christopher F Rebula - 2820 6th Street -  - Boulder - CO - 80304 - US - 508 5615495 - christosfranz@gmail.com - 06.06.11','','',2),('Brook Longstaff','Morristown','VT','USA','MF',0,'www.teamspiritar.ca (Team Spirit Adventure Racing)\r\nShine Energy Sysyems Inc. (Geo Thermal)\r\nIride Bike shop (Stowe, VT)\r\nSyncros\r\nSmith Optics','Warm up race for the 2011 Adventure Racing World Championship.',235.00,0,'CC','2011-06-07 20:54:37','0-oIwf3y','x1xGuvJm','Purchaser: Brook Longstaff - 1805 Walton Rd -  - Morristown - VT - 05661 - US - 802-371-8264 - brooklongstaff@me.com - 06.07.11','','',1),('aBOMBinable go-men','Connecticut /','MA','USA','MD',0,'','',371.00,0,'CC','2011-06-10 00:24:57','0-t5byyu','yetitwin','Purchaser: Christopher Salway - 225 Eden Drive -  - Etters - PA - 17319 - US - 7175713356 - cwsalway@gmail.com - 06.09.11','Black aka \"Big\" Betty','Ram Jam',2),('** Team CF , (Cystic Fibrosis)','Herndon','VA','USA','ME',0,'Specialized, SRAM, Hill-Rom, Gettysburg Bicycle & Fitness, Brandywine Cyclery, Infinit, Verge Sport, Rotor Components, Chris Eatough Coaching','Team CF represents a group of competitive cyclists committed to the development of a cure for CF. Members of Team CF compete in a range of cycling disciplines ranging from elite professionals to beginners and include some young adults living with CF. The mission of the Team is to use cycling as a platform to promote fitness for those with CF, to increase awareness of CF, and to raise money for CF research.﻿ \r\nhttp://teamcf.org/',606.00,0,'CC','2011-06-14 16:38:38','0-uEDxWp','Buxton','Purchaser: Jay Pelletier - 1420 Bayshire Lane -  - Herndon - VA - 20170 - US - 571-970-8831 - Pelletier-Jay@imtas.com - 06.14.11','','',4),('TnT','Flemington','NJ','USA','MF',0,'','',301.00,0,'CC','2011-06-16 20:01:21','0-fhZ3Sq','x1xpMQGf','Purchaser: Thomas V Crofton - 23 Maple Court -  - Flemington - NJ - 08822 - US - 9087821203 - tommyc23@gmail.com - 06.16.11','','',1),('Dirt Republic','Nashua','NH','USA','MD',0,'Dirt Republic Eco Bike Wear','',371.00,0,'CC','2011-06-24 19:16:44','0-q8odjd','Antman01','Purchaser: Jonathan P Wayne - 47 Sherri Ann Avenue -  - Nashua - NH - 03064 - US - 6032339844 - jonwayne01@comcast.net - 06.24.11','','',2),('Crank The Zank','Sutton','MA','USA','C5',0,'Zanconato Custom Cycles','',757.00,0,'CC','2011-07-14 14:03:33','0-rFE2RE','puma11','Purchaser: donald baker - 62 meetinghouse circle -  - needham - MA - 02492 - US - 781-864-1974 - velocb@mac.com - 07.14.11','','',5),('D-A-S','Danielson','CT','USA','C5',0,'Danielson Adventure Sports','All Mountain.  All the time.',757.00,0,'CC','2011-06-28 17:08:02','0-L8NUsu','singlesp','Purchaser: Danielson Adventure Sports - 21 Furnace St. -  - Danielson - CT - 06239 - US - 860-774-6010 - don@bikect.com - 06.28.11','','',5),('Jeff Brown/Luv Cycles/Joes Bike Shop','Baltimore','MD','USA','TM',0,'Joe\'s Bike Shop','asdf',146.00,0,'CC','2011-06-28 22:37:48','0-ndv2HC','jeff2443','Purchaser: Jeffrey D Brown - 1415 Morling Ave -  - Baltimore - MD - 21211 - US - 4438515333 - brownwheel@gmail.com - 06.28.11','','',1),('Boss Hoggs Revenge','Boston','MA','USA','MS',0,'Landry\'s Bikes,','',606.00,0,'CC','2011-08-04 14:26:38','0-IiFeZO','bigballs','Purchaser: Todd Prekaski - 105 Winchester Street, #3 -  - Brookline - MA - 02446 - US - 617-513-2425 - tprekaski@gmail.com - 08.04.11','','',4),('Jinks,David','Toms River','NJ','USA','TM',0,'','',212.00,0,'CC','2011-06-30 00:14:32','0-qzLrlM','tarmac12','Purchaser: David Jinks - 359 Flaam st -  - Toms River - NJ - 08753 - US - 732-288-0415 - dajjinks@aol.com - 06.29.11','','',1),('Backcountry Magazine','Underhill','VT','USA','C5',0,'Backcountry Magazine\r\nFirst Trax Ski and Bike Shop','',757.00,0,'CC','2011-07-01 16:42:55','0-DPcy7o','1sttrax','Purchaser: Brian P Lyster - 17 Doon Rd -  - Underhill - VT - 05489 - US - 8027304203 - bplyster@gmail.com - 07.01.11','','',5),('Hopkinton Connection','Hopkinton','MA','USA','MD',0,'','',371.00,0,'CC','2011-07-04 15:13:40','0-TOoIfJ','bosox12','Purchaser: Treavor J Weeden - 38 North Mill Street -  - Hopkinton - MA - 01748 - US - 4138220727 - treavor.weeden@us.pwc.com - 07.04.11','','',2),('Russell, Allen','Peapack','NJ','USA','MY',0,'','',235.00,0,'CC','2011-07-05 01:33:11','0-oH8FYv','x1xpVcce','Purchaser: ALLEN P RUSSELL - 1 Perry St Box 279 -  - Peapack - NJ - 07977 - US - 908-470-9390 - enthalpy1@comcast.net - 07.04.11','','',1),('Honey Badgers','Charlotte','VT','USA','MD',0,'','2 Dudes from the Champlain Valley of VT',606.00,0,'CC','2011-07-12 18:07:18','0-k8piJ0','honey1','Purchaser: David A Cohen - 775 Hills Point Road -  - Charlotte - VT - 05445 - US - 8024255990 - davecohen@gmavt.net - 07.12.11\r\n\r\nLAK split John and Joseph into a men\\\'s pair called Honey Badger II - 8/4/11','','',2),('Palmer,Dan','Tamworth','NH','USA','MZ',0,'','',235.00,0,'CC','2011-07-06 14:56:51','0-UAkmAI','danp1','Purchaser: Daniel Palmer - Po box 462 - 1124 Whittier Road - Tamworth - NH - 03886 - US - 603-986-7194 - moog24@roadrunner.com - 07.06.11','','',1),('Jeffrey Kempesta','Norwich','CT','USA','MF',0,'Mystic Cycle Center','',235.00,0,'CC','2011-07-08 01:26:41','0-Z22tEu','x1x27zlU','Purchaser: Jeffrey M Kempesta - 444 Canterbury tpke -  - Norwich - CT - 06360 - US - 860-984-3782 - jeffkem@comcast.net - 07.07.11','','',1),('Fab Fridays','Stowe','VT','USA','MS',0,'Hyundai \r\nOmni Medical\r\nAnnie Mac\'s Son','',606.00,0,'CC','2011-07-14 22:42:42','0-sIcSuL','cparke7','Purchaser: Christian Parke - 128 Upper Hollow Rd. -  - Stowe - VT - 05672 - US - 8024974376 - cparke1977@hotmail.com - 07.14.11','','',4),('Pinnacle - H2O\'Brien','Newport','NH','USA','DM',0,'','',242.00,0,'CC','2011-07-17 21:22:15','0-4530Pd','h2oman','Purchaser: Dana Waterman - 34 Pleasant St -  - Newport - NH - 03773 - US - 603-863-2613 - dana_waterman@comcast.net - 07.17.11','','',2),('Oravetz cycling team','Pincourt','QC','Canada','DM',0,'-Monique Chevrier','The moment that challenge us the most, define us!',242.00,0,'CC','2011-07-19 01:01:28','0-XhSos9','Oravetz1','Purchaser: Vincent Trepanier - 89 42nd avenue -  - Pincourt - QC - J7V4J5 - CA - 514-646-0607 - vincent.trepanier@polymtl.ca - 07.18.11','Je m\'en vais au marché','La Bolduc',2),('Walsh, Justin','Salem','MA','USA','MZ',0,'REI','In it to win it. And by win it I mean to have fun with my friends, and not win it.',235.00,0,'CC','2011-07-19 14:54:44','0-ks37yT','x1xxAnp1','Purchaser: Justin Walsh - 36 English St. -  - Salem - MA - 01970 - US - 9782694179 - justinwalsh.com@gmail.com - 07.19.11','','',1),('Big Test Icicles','Jamestown','NY','USA','MS',0,'','',606.00,0,'CC','2011-07-22 18:06:05','0-IMB2x6','password','Purchaser: Tony Hall - 3755 Bellview Rd -  - Bemus Point - NY - 14712 - US - 8123443990 - antoniopasillo@hotmail.com - 07.22.11','Trouble in the Kitchen','Off Kilter',4),('Fraser Davidson','Port Perry','ON','Canada','MZ',0,'','Fraser is a member of a recreational team \'Team Inertia\" and DMBA- Durham Mountain Biking Association. He joins this race for the first time as a 24 hr solo rider along with his solo team mates Steve Lines (43) and Glenda Martin (44)',301.00,0,'CC','2011-07-24 16:25:08','0-38ylJP','fraser1','Purchaser: Lisa C Follows - 531 Queen Street -  - Port Perry - ON - L9L 1L2 - CA - 4162759553 - lcfollows@yahoo.com - 07.24.11','','',1),('Ross, Kyle','Intevale','NH','USA','MZ',0,'Kennett Mountain Bike Team, Red Jersey Cyclery','A member of the Kennett Mountain Bike Team, and employee at the Red Jersey Cyclery.',235.00,0,'CC','2011-07-25 18:28:25','0-8sCZu0','kyle1','Purchaser: Michelle Rober - 31 Skyline Drive - P.O. Box 392, Glen NH, 03845 - Intervale - NH - 03845 - US - 603-986-4447 - kyro360@gmail.com - 07.18.11','','',1),('Trail Dogs','Manchester','NH','USA','MS',0,'','',739.00,0,'CC','2011-07-25 18:48:01','0-oOo9Bf','nosleep','Purchaser: Scott W Ellison - PO 986 -  - Manchester - NH - 03105 - US - (603) 621-7122 - s.ellison@clrm.com - 07.25.11','','',4),('Rookies No More','Amherst','NH','USA','DM',0,'','',242.00,0,'CC','2011-07-26 00:28:47','0-4uIfcX','12345678','Purchaser: Dave Hanlon - 4 Brays Lane -  - Amherst - NH - 03031 - US - 603-801-4864 - davehanlon222@gmail.com - 07.25.11','','',2),('Jeff Lukach','Stratham','NH','USA','MZ',0,'DG Cycle Sports','Representing DG Cycle Sports in Epping, NH on a brand new Scott Spark!',235.00,0,'CC','2011-07-27 02:14:14','0-6H1wTL','x1x7Ah8u','Purchaser: Jeffrey Lukach - 10A Maple St. - Apt 311 - Newmarket - NH - 03857 - US - 860 817 2794 - j.lukach@yahoo.com - 07.26.11','','',1),('Bikeman.com- Weak and Feeble Dept.','Bridgton','ME','USA','MS',0,'Team Bikeman.com\r\nTeam Weak and Feeble','A fine mix of experience and young blood aged to perfection over the trails of New England.',0.00,0,'CC','2011-07-28 12:51:39','0-gQ97Sg','ebeth73','Purchaser: Sven Cole - 46 Chadbourne Hill Rd -  - Bridgton - ME - 04009 - US - 207 595 0834 - sven@bridgtonacademy.org - 07.27.11','','',4),('Frame Of Mind Timberwerks','Bemus Point','NY','USA','MS',0,'','',606.00,0,'CC','2011-07-28 14:58:38','0-Flb6Iw','lizzy1','Purchaser: James W. Young - 209 Southland ave -  - Lakewood NY - NY - 14750 - US - 7164853981 - jyoung14750@gmail.com - 07.28.11','','',4),('Cooper Cargill Chant, P.A.','North Conway','NH','USA','MS',0,'Cooper Cargill Chant, P.A.\r\nMWV Velo Club','',606.00,0,'CC','2011-07-28 17:22:41','0-49mtE6','beerbeer','Purchaser: Christopher T Meier  - 2935 White Mountain Highway -  - North Conway - NH - 03860 - US - 603-356-5439 - ctmeier@gmail.com - 07.28.11','','',4),('Flye Cycles','Sunderland','MA','USA','DS',0,'Flye Cycles - www.FlyeCycles.com','',371.00,0,'CC','2011-07-29 22:36:18','0-t6jHii','shredgna','Purchaser: Thomas J Burrow - 55 Woodlot Rd -  - Amherst - MA - 01002 - US - 413-345-5189 - tom.burrow856@gmail.com - 07.29.11','','',2),('Long, Richard','Orono','ME','USA','M3',0,'','',301.00,0,'CC','2011-07-30 00:56:12','0-x1YYZ5','x1xYTEBL','Purchaser: Richard J Long - 700 Forest Avenue -  - Orono - ME - 04473 - US - 207-990-0551 - mainegdog@gmail.com - 07.29.11','','',1),('Jeff Palmer','Tamworth','NH','USA','MZ',0,'Mom and Dad','',301.00,0,'CC','2011-07-31 18:21:15','0-rfLP2J','x1x3VrzM','Purchaser: daniel palmer - po box 462 -  - tamworth - NH - 03886 - US - 6039867194 - moog24@roadrunner.com - 07.31.11','','',1),('Retarded Pigs','Whitehall','NY','USA','MD',0,'','',371.00,0,'CC','2011-07-31 19:00:51','0-ZGlkSv','bike173','Purchaser: Paul F Liebeck - POB 167 -  - Comstock - NY - 12821 - US - 5182818246 - Dredd0331@hotmail.com - 07.31.11','','',2),('Snow, Sean','dunbarton','NH','USA','MF',0,'S+W...HHP...Joe Kings....manchester monarchs....Dupuis Companies...ATC...Yoga balance..rymes oil...Ping PR...Good health is a Habit...Judy Caron Consulting....Foxfire...GSRT...OPA...BIOM...Life life to the Fittest....Daniels Patent law...Endorfun...Anthon','Team S2 and S+W',235.00,0,'CC','2011-08-01 00:08:15','0-Q2UQLl','x1xVFDAl','Purchaser: sean p snow - 61 clifford farm rd -  - dunbarton  - NH - 03046 - US - 6034913812 - s2coaching@yahoo.com - 07.31.11','','',1),('puddle of mud','n.conway','NH','USA','5C',0,'The bike shop','',0.00,0,'CC','2011-08-01 14:15:38','0-J7ss8f','antman','Purchaser: anthony v walker - po box 3454 - 90 north south rd - N.Conway - NH - 03860 - US - 6036625475 - antman101@hotmail.com - 08.01.11','','',5),('mud monkeys','n.conway','NH','USA','5C',0,'the bike shop','',0.00,0,'CC','2011-08-01 14:21:04','0-CES5ma','brutus','Purchaser: jay ingersoll - 226 plains rd -  - harrison - ME - 04040 - US - 2075150151 - plmn68@yahoo.com - 08.01.11','','',5),('Mike Daubenspeck','North Conway','NH','USA','MZ',0,'Precision Endurance, Peaks Coaching Group, Quad Cycles','I like riding bikes and coaching people on how to become faster on their bike.  There\'s not much more to say.',0.00,0,'CC','2011-08-01 20:53:52','0-3TPd7B','mike1','Purchaser: Mike Daubenspeck - 84 Duprey Road -  - North Conway - NH - 03860 - US - 6039863534 - mike@daubenspeck.org - 08.01.11','','',1),('Toure de Four','Lancaster','NH','USA','MB',0,'','Coed team of 3 first timers.',738.00,0,'CC','2011-08-02 00:45:37','0-7ARU4F','mollyb','Purchaser: Glenn B Adams - 17 Pleasant St.  -  - Lancaster  - NH - 03584 - US - 603-788-3693 - may5gba@gmail.com - 08.01.11','','',4),('Bryant, Chris','Glastonbury','CT','USA','MZ',0,'Hammer nutrition','',235.00,0,'CC','2011-08-02 01:04:49','0-Ig4Rxv','x1xi1b51','Purchaser: Chris w Bryant - 1131 d new britain ave -  - West hartford - CT - 06110 - US - 860-884-5056 - Misfitcrash@gmail.com - 08.01.11','','',1),('Mid-bike crisis','Bartlett','NH','USA','ME',0,'Pork Cow U.S.A. Prime\r\nKlementovichphoto.com\r\nBill and Melinda Gates Foundation\r\nRogaine International\r\nSlack Chain!-Fast Chain!','After being teammates with Lance we learned he was right it\'s not about the bike and once you see us race you\'ll see he was right',606.00,0,'CC','2011-08-02 01:23:00','0-7kQG4S','friction','Purchaser: Brian Johnston - 147 Dandiview Rd. -  - North Conway - NH - 03860 - US - (603) 986-5256 - brainjohnston@yahoo.com - 08.01.11','','',4),('Moat Mountain Growlers','North Conway','NH','USA','5C',0,'Moat Mountain Smokehouse & Brewing Company','We Fear No Beer',0.00,0,'CC','2011-08-02 17:48:59','0-Ue8hcG','growler','Purchaser: Ian Connor - Andes Ski Shop -  - Bartlett - NH - 03812 - US - 203-415-7518 - ithreepin@yahoo.com - 08.02.11','','',5),('Taylor Valentine','New Haven','CT','USA','TM',0,'New Haven Bicycling Club/Devils Gear Bike Shop','',146.00,0,'CC','2011-08-03 00:51:00','0-TExXuI','sinister','Purchaser: Taylor L Valentine - 84 Anthony Street - #1F - New Haven - CT - 06515 - US - 203-401-9822 - tayphoo@hotmail.com - 08.02.11','','',1),('Frison, Scott','Milford','CT','USA','TM',0,'Devil\'s Gear Bike Shop','After running the 24 hours as a member of a 4 man team for 4 years in a row, with very humble beginnings to a top 6 finish overall, a brief retirement ensued for other ventures (like the Mt. Washington Hill climb).  It is time to return to this 8 mile loop, many of the team Dirt Nuts alumni going for solo or duo attempts at 12 or 24 hours.',146.00,0,'CC','2011-08-03 11:39:22','0-NMr63p','mtb24hr','Purchaser: Scott W Frison - 15 Morrell Ave -  - Milford - CT - 06461 - US - 203-228-1307 - scrufffrison@gmail.com - 08.03.11','','',1),('NY Night Riders','Ridgewood','NY','USA','MS',0,'','',606.00,0,'CC','2011-08-03 13:07:37','0-qfECpB','197376','Purchaser: Tom Moniuszko - 59-20 bleecker street -  - ridgewood - NY - 11385 - US - 1 917 848 6205 - tomr32nyc@gmail.com - 08.03.11','','',4),('Tenacious Turtles','Ballston Spa','NY','USA','MB',0,'','first timers looking for a good time',606.00,0,'CC','2011-08-03 22:52:05','0-70K2ax','1moj4o','Purchaser: Donald L. Kinne - 12 Foxglove Way  -  - Ballston Spa - NY - 12020 - US - 5189258110 - tpr2381@aol.com - 08.03.11','','',4),('Colvin, Jacob','Wallingford','CT','USA','TM',0,'Pedal Power Bike Shop','Nobody would sack up and do 24hrs duo with me, so I\'m gonna beat them at 12hrs solo!',146.00,0,'CC','2011-08-04 03:32:03','0-jmC9qR','6coiler6','Purchaser: Jacob E. Colvin - 146 South Whittlesey Ave. -  - Wallingford - CT - 06492 - US - 724-552-3119 - colvin.jake@gmail.com - 08.03.11','','',1),('Corey & Trevor','S. Burlington','VT','USA','MD',0,'','',145.00,0,'CC','2011-08-04 15:38:37','0-HjIYnc','honey2','Purchaser: John Klesch - 4 Butler Dr. -  - S. Burlington - VT - 05403 - US - 802.318.5585 - jhkvt@hotmail.com - 08.13.11','','',2),('Eastern Mountain Sports','Peterborough','NH','USA','MS',0,'Eastern Mountain Sports','We are a team of Bike Tech\'s and Enthusiast who currently work for Eastern Mountain Sports.  We have Eric & Eric from Philadelphia, PA, Dan from Ithica, NY, and Brook from right here in Peterborough, NH!',0.00,0,'CC','2011-08-05 12:59:05','0-KMuj6w','emsrocks','Purchaser: Benjamin C. Hall - 244 Old Putney Hill Rd -  - Hopkinton - NH - 03229 - US - 603-933-0262 - benhall@ems.com - 08.05.11','','',4),('Mason, Shannon','Rockport','MA','USA','WF',0,'','',0.00,0,'CC','2011-08-06 01:05:44','0-LCCJPQ','mason1','Purchaser: Shannon M Mason - 14 Granite Street -  - Rockport - MA - 01966 - US - 214-686-9272 - shannon@newenglandactive.com - 08.05.11','','',1),('John Kenific','Westford','MA','USA','MZ',0,'','',235.00,0,'CC','2011-08-06 12:26:50','0-cH66Le','x1xDTzal','Purchaser: John Kenific - 12 Willow Road -  - Westford - MA - 01886 - US - 6179571665 - kenific@hotmail.com - 08.06.11','Minority','Green Day',1),('Jay Dietershagen','lansing','NY','USA','MZ',0,'Me, Myself, and I... And my MOM!!!','',235.00,0,'CC','2011-08-07 02:07:18','0-lYuqBS','x1xm6JOu','Purchaser: patricia k barber - 258 Jersey Hill Rd. -  - Ithaca - NY - 14850 - US - 6075337803 - lansingcrossroads@yahoo.com - 08.06.11','','',1),('Legion of Notavus','Harvard','MA','USA','MO',0,'','Named in honor of cycling buddy Bruce Dufour (nickname Notavus) who had a bad stroke and is battling back mightily',606.00,0,'CC','2011-08-07 12:14:35','0-tJxcbc','dufour','Purchaser: allan edwards - 332 stow road -  - harvard - MA - 01451 - US - 978-621-2120 - allan.edwards@yahoo.com - 08.07.11','Legion of Notavus - Overture','Fitchburg Philharmonic Orchestra',4),('Bradbury, Cj','Beverly','MA','USA','MZ',0,'Felt Bicycles, SRAM','',0.00,0,'CC','2011-08-07 15:06:26','0-1iwC1j','cjbrad1','Purchaser: Cj Bradbury - 186 Hale Street -  - Beverly - MA - 01915 - US - 978-998-9191 - cj@newenglandactive.com - 08.07.11','','',1),('Nicole Wrobleski','Center Conway','NH','USA','WZ',0,'Wrobleski Party Rentals','',0.00,0,'CC','2011-08-08 00:57:33','0-f0f5mb','x1x7ZIUS','Purchaser: Nicole Wrobleski - PO 544 -  - Center Conway - NH - 03813 - US - 603-662-5649 - wrobo@earthlink.net - 08.07.11','','',1),('Abe Wrobleski','Center Conway','NH','USA','M3',0,'Wrobleski Party Rentals','',0.00,0,'CC','2011-08-08 01:01:26','0-fVF0Mj','x1x3n1DX','Purchaser: Abe Wrobleski - PO 544 -  - Center Conway - NH - 03813 - US - 603-662-5649 - info@nhtents.com - 08.07.11','','',1),('Clayton Leavitt','Center Conway','NH','USA','MF',0,'Wrobleski Party Rentals','',0.00,0,'CC','2011-08-08 01:08:05','0-dhWcmJ','x1xzxlmh','Purchaser: Clayton Leavitt - PO 544 -  - Center Conway - NH - 03813 - US - 603-662-3125 - wrobo@earthlink.net - 08.07.11','','',1),('Nelson Cormier','Center Conway','NH','USA','MF',0,'Wrobleski Party Rentals','',0.00,0,'CC','2011-08-08 01:11:35','0-GhDsnW','x1x7nyNh','Purchaser: Nelson Cormier - 46 Jefferson Road -  - Center Conway - NH - 03813 - US - 603-447-4973 - info@nhtents.com - 08.07.11','','',1),('Plummer, Luke','Amherst','MA','USA','MZ',0,'Flye Cycles\r\nMIT Cycling','',235.00,0,'CC','2011-08-08 16:34:34','0-9v2wFl','x1xR1LID','Purchaser: Luke Plummer - 51 Jenks st. -  - Amherst - MA - 01002 - US - 4138351795 - lukulele@mit.edu - 08.08.11','Star Wars, Luke Skywalker Theme','John Williams',1),('Serious MTBums','Plymouth','MA','USA','5C',0,'Serious Cycles','Young and Old, some been riding for longer than some of the teammates have been alive.  It\'s all good.  Riding levels the ages and makes us all feel like kids.',956.00,0,'CC','2011-08-09 01:49:45','0-LFEE3F','mackenzy','Purchaser: Tadd Clelland - 20 Clifford Road -  - Plymouth - MA - 02360 - US - 781-389-5490 - tclelland@slr-usa.com - 08.08.11','','',5),('SINGLESPERM DUO','White River Junction','VT','USA','MD',0,'THE BIKE HUB - NORWICH, VT','We are twins from Vermont.  We do what we want.',371.00,0,'CC','2011-08-09 02:46:02','0-XtSDP0','xT6BqBhd','Purchaser: Neil B Flynn - 574 Christian St. -  - White River Junction - VT - 05001 - US - 8023450017 - neil.flynn@hws.edu - 08.08.11','','',2),('Velleco, Anthony','Marblehead','MA','USA','TM',0,'','',146.00,0,'CC','2011-08-09 03:46:29','0-Dw5dHR','02bike','Purchaser: Anthony Velleco - 4 Doane Street -  - Marblehead - MA - 01945 - US - 781.631.2208 - tony@evogroup.com - 08.08.11','','',1),('Our team is DTF','Seaside Heights','NJ','USA','TC',0,'The Gym\r\nThe Tanning place\r\nthe Laundromat','COME AT ME BRO!!!!!!',418.00,0,'CC','2011-08-09 13:21:16','0-64Pdus','zarthos','Purchaser: Barry Petzold - 1703 Lewis O Gray Drive -  - Saugus - MA - 01906 - US - 6176804315 - barry.petzold@gmail.com - 08.09.11','','',4),('Wiley, Ken','Claremont','NH','USA','TM',0,'Claremont Cycle Depot','Bicycles Keep Me Sane!',146.00,0,'CC','2011-08-09 13:26:27','0-2kqqUw','K80SS619','Purchaser: Kenneth P Wiley - 197 Mulberry Street -  - Claremont - NH - 03743 - US - 6034776059 - ken@team-pinnacle.org - 08.09.11','','',1),('DG Cycle Sports','Nottingham','NH','USA','TM',0,'DG Cycle Sports','',146.00,0,'CC','2011-08-09 13:51:16','0-2xm6eK','bikers','Purchaser: Teri Mullen - 14 Lavoie Dr -  - Nottingham - NH - 03290 - US - 6036798610 - em0128261@lmc.edu - 08.09.11','','',1),('CCD Team Pinnacle Masters','Newport','NH','USA','DM',0,'Claremont Cycle Depot','Up down and all around.  Again.',242.00,0,'CC','2011-08-09 15:45:35','0-IaVuPL','yankee','Purchaser: Daniel P O\'Neill - 168 Springfield Rd. -  - Newport - NH - 03773 - US - 603-731-3333 - danponeill@comcast.net - 08.09.11','','',2),('Pull MY Finger','Ansonia','CT','USA','TM',0,'','',146.00,0,'CC','2011-08-09 16:02:23','0-ZZ3DgR','arnette','Purchaser: Justin Piskura - 83 Cottage Ave Unit G-1 -  - Ansonia - CT - 06401 - US - (203)224-0249 - j.piskura@yahoo.com - 08.09.11','','',1),('Back Bay Pappa Wheelies','Boston','MA','USA','C5',0,'Back Bay Bicycles\r\nPappa Wheelies','',757.00,0,'CC','2011-08-09 16:16:24','0-bDtSNF','bbb2011','Purchaser: CHRISTOPHER DEGRACE - 102 RIVER STREET -  - CAMBRIDGE - MA - 02139 - US - 6177840223 - CHRIStopherdegrace@gmail.com - 08.09.11','','',5),('Comp Edge Cycling/Powered By SRAM','East Longmeadow','MA','USA','ME',0,'Felt Bicycles/ SRAM','',0.00,0,'CC','2011-08-09 16:46:46','0-vYWnK9','doubleta','Purchaser: Nate Lachance - 3005 Spring St. -  - Bondsville - MA - 01009 - US - 413-250-2330 - newdealnate@yahoo.com - 08.09.11','','',4),('Plummer, Brian','Amherst','MA','USA','TM',0,'','My son made me do this.',146.00,0,'CC','2011-08-09 19:31:42','0-BW8r0o','special','Purchaser: Wendy Plummer - 51 Jenks St -  - AMHERST - MA - 01002 - US - 4132537149 - wbplummer@gmail.com - 08.09.11','','',1),('Stay Thirsty My Friend','Arlington','MA','USA','DM',0,'Stan\'s NoTubes','Recovering alcoholics and childhood friends.',242.00,0,'CC','2011-08-09 21:00:18','0-lzLS2b','friend1','Purchaser: Nicholas J. Fratello - 22 Old Stagecoach Rd. -  - Bedford - MA - 01730 - US - 6176205550 - nickfratello@gmail.com - 08.09.11','','',2),('Chris Krug','North Conway','NH','USA','MF',0,'Precision Endurance','',0.00,0,'CC','2011-08-09 21:56:57','0-1vHOi8','ckrug1','Purchaser: Christopher J Krug - Po box 1501 -  - North Conway - NH - 03860 - US - 6033566251 - hardwaterkiter@gmail.com - 08.09.11','','',1),('Sniff','Hollis','NH','USA','TM',0,'Rocky Mountain Bicycles, Kali, SixSixOne and JETT.','',146.00,0,'CC','2011-08-09 23:55:06','0-UOdZXf','x1xDMZku','Purchaser: Kevin Johnson - 43 Crestwood Drive -  - Hollis  - NH - 03049 - US - 603-809-6334 - kevin@bikes.com - 08.09.11','','',1),('Ebinger, Nick','Litttleton','NH','USA','MZ',0,'','This is my 5th year in a row doing this race, and 3rd year doing it solo.... I am looking forward to riding into delirium once again.',235.00,0,'CC','2011-08-10 00:34:38','0-7xE2ly','ebinger1','Purchaser: Nicholas Ebinger - 53 Farr Hill Road -  - Littleton - NH - 03561 - US - 603-991-0550 - nickebinger@gmail.com - 08.09.11','','',1),('Lyme Bike Ducks','Lyme','NH','USA','C5',0,'','',757.00,0,'CC','2011-08-10 01:26:19','0-tC3GwT','fukaduk','Purchaser: Scott Barthold - 121 Pinnacle Rd -  - Lyme - NH - 03768 - US - 603-795-4490 - scott@snomatic.com - 08.09.11','','',5),('Vosburgh, Steve','Jackson','NH','USA','TM',0,'','',0.00,0,'CC','2011-08-10 11:46:30','0-p0PhB7','vosburgh','Purchaser: Steve Vosburgh - box 112 -  - jackson - NH - 03846 - US - 603-383-0903 - stvoz@aol.com - 08.10.11','','',1),('Deming, Bruce','Arlington','VA','USA','MY',0,'','',235.00,0,'CC','2011-08-10 14:00:18','0-9viDpF','x1x5rCSf','Purchaser: Bruce Deming - 3001 North Second Street -  - Arlington - VA - 22201-1205 - US - 703 447-0267 - bruce@brucedeming.com - 08.10.11','','',1),('EMS #2','Peterborough','NH','USA','MS',0,'','',0.00,0,'CC','2011-08-10 14:02:23','0-wcSYoF','Kirsten2','Purchaser: Shaun Hickman - 1 Vose Farm Road -  - Peterborough - NH - 03458 - US - 6038016822 - sehickman@msn.com - 08.10.11','','',4),('Eric Siefer','North Conway','NH','USA','TM',0,'','',146.00,0,'CC','2011-08-10 17:27:00','0-FB9iUg','Maxwell1','Purchaser: eric s siefer - PO Box 6 -  - Kearsarge - NH - 03847-0006 - US - 6039864686 - esief1970@gmail.com - 08.10.11','','',1),('Five Nocturnal Freewheelers','Francestown','NH','USA','C5',0,'','',757.00,0,'CC','2011-08-10 23:47:19','0-yhbdOQ','carlos','Purchaser: Carlos Agudelo - 25 Trailside Terrace #23 -  - Francestown - NH - 03043 - US - 6037161973 - cagudelo62@gmail.com - 08.10.11','','',5),('Ivan Schwendt','Glenburn','ME','USA','TM',0,'','',146.00,0,'CC','2011-08-11 01:47:18','0-rqtwor','bianchi2','Purchaser: Ivan Schwendt - 17 Ashley ave -  - Glenburn - ME - 04401 - US - 207 9422255 - ischwendt@hotmail.com - 08.10.11','','',1),('AnJ Adventures','So Portland','ME','USA','DC',0,'Bikeman.com\r\nTeam Town Cycle','',242.00,0,'CC','2011-08-11 02:58:58','0-JTeCna','pumpkin','Purchaser: Alyssa Gagnon - 48 E St -  - South Portland - ME - 04106 - US - 207.615.5244 - mainemtbchic@gmail.com - 08.10.11','','',2),('Page, Tom','York','ME','USA','M3',0,'','',235.00,0,'CC','2011-08-11 03:16:03','0-meleMQ','x1xqsPrD','Purchaser: Thomas G Page - 5 Scotland Bridge Road -  - York - ME - 03909 - US - 2073374785 - tpage@maine.rr.com - 08.10.11','','',1),('tim trotter','keene','NH','USA','TM',0,'Claremont Cycle Depot','',146.00,0,'CC','2011-08-11 09:23:28','0-vpBcIx','rigis1x1','Purchaser: timothy j trotter - 11 ingalls street -  - keene - NH - 03431 - US - 6039030363 - ttrotter11@gmail.com - 08.10.11','','',1),('Voss, Dan','Lexington','MA','USA','TM',0,'','',146.16,0,'CC','2011-08-11 22:20:00','new0811','x1x36bxe','Purchaser: Dan Voss - 08.12.11','','',1),('Douglas, Stuart','Lexington','MA','USA','TM',0,'','',146.16,0,'CC','2011-08-11 22:33:03','new0811','x1xB7pmK','Purchaser:  Stuart Douglas - 08.12.11','','',1),('Tad Lesniak','Coventry','RI','USA','MF',0,'','',235.00,0,'CC','2011-08-12 20:01:34','new0812','x1xxVQBj','Purchaser:  Tad Lesniak - 08.12.11','','',1),('Michael Jacobs','Coventry','RI','USA','MF',0,'','',235.00,0,'CC','2011-08-12 20:07:02','new0812','x1xbJmb1','Purchaser:  Michael Jacobs - 08.12.11','','',1),('Skyline Bikers 2','medford','MA','USA','WS',0,'','',459.00,0,'CC','2011-08-12 21:15:37','new0812','x1xEAYn8','Purchaser: Ann Brophy - Pd in Feb. Duplicate name was deleted. CH - 02.01.11','','',4),('Ken Bovill','north chelmsford','MA','USA','MZ',0,'','',235.00,0,'CC','2011-08-12 22:04:33','new0812','x1xnPOwL','Purchaser:  Ken Bovill - 08.12.11','','',1),('Main Street Bike Rentals','Bartlett','NH','USA','TM',0,'','',146.00,0,'CC','2011-08-12 23:24:26','0-lCqHTu','x1x98Ceq','Purchaser: Joseph M Orsino - PO Box 774 -  - Bartlett - NH - 03838 - US - 603-383-9176 - jorsino1@gmail.com - 08.12.11','','',1);

--
-- Table structure for table `team_number`
--

CREATE TABLE `team_number` (
  `bib_number` int(4) NOT NULL DEFAULT '0',
  `name` varchar(36) NOT NULL DEFAULT '',
  PRIMARY KEY (`bib_number`,`name`)
) ENGINE=MyISAM DEFAULT CHARSET=latin1;

--
-- Dumping data for table `team_number`
--

INSERT INTO `team_number` VALUES (1,'Bill Jason'),(2,'Ward, Daniel'),(3,'Lettvin, Moishe'),(4,'Gravity Challenge'),(5,'Long, Richard'),(6,'Abe Wrobleski'),(7,'Nathan Reel'),(8,'The Dude'),(9,'Stephen LeBlanc'),(10,'Woodson, Bill'),(11,'Jaw-Z'),(12,'BA'),(13,'Palmer,Dan'),(14,'Walsh, Justin'),(15,'Fraser Davidson'),(16,'Ross, Kyle'),(17,'Jeff Lukach'),(18,'Jeff Palmer'),(19,'Bryant, Chris'),(20,'John Kenific'),(21,'Jay Dietershagen'),(22,'Bradbury, Cj'),(23,'Plummer, Luke'),(24,'Ebinger, Nick'),(25,'Inertia'),(26,'Dave Richard'),(27,'the Greg'),(28,'Reece, Glen'),(29,'TiRe'),(30,'Mike Daubenspeck'),(31,'Bryan, Coley'),(32,'Dean \'The Polish Missile\' Poplawski'),(33,'Schlottmann, Derrek'),(34,'Rob \'The Pony Express\' Gauthier'),(35,'Fear of the Dark'),(36,'Brook Longstaff'),(37,'TnT'),(38,'Jeffrey Kempesta'),(39,'Snow, Sean'),(40,'Clayton Leavitt'),(41,'Nelson Cormier'),(42,'Chris Krug'),(43,'Recycled Sports'),(44,'David Swift'),(45,'Russell, Allen'),(46,'Deming, Bruce'),(47,'Sarausky, Hailey'),(48,'Kling, Lauren'),(49,'Moriah Harris'),(50,'Nicole Wrobleski'),(51,'Martin, Glenda'),(52,'Tipert, Christen'),(53,'Mason, Shannon'),(54,'Page, Tom'),(55,'Tad Lesniak'),(56,'Michael Jacobs'),(57,'Ken Bovill'),(100,'Skyline Bikers'),(101,'\'Team Tuckermen\''),(102,'MDUB'),(103,'DILLIGAF'),(104,'Saline Delirium'),(105,'Warriors of Radness Part II'),(106,'aBOMBinable go-men'),(107,'Dirt Republic'),(108,'Hopkinton Connection'),(109,'Honey Badgers'),(110,'Retarded Pigs'),(111,'Corey & Trevor'),(112,'SINGLESPERM DUO'),(113,'S & M'),(114,'Flye Cycles'),(150,'Going Down Swinging'),(151,'have MRCy'),(152,'Rose Bike'),(153,'The Fat Slopers'),(154,'** Team CF , (Cystic Fibrosis)'),(155,'Mid-bike crisis'),(156,'Comp Edge Cycling/Powered By SRAM'),(157,'Hurtbox'),(158,'Sucker Punch'),(159,'waldo mtn moto-xers, bar harbor bike'),(160,'Monkey Brain Sushi'),(161,'Two Wheeled Mafia'),(162,'acidotic RACING-BLACK'),(163,'acidotic RACING-GOLD'),(164,'Paycheck to Paycheck'),(165,'Gears Gone Wild'),(166,'HOGG Wild'),(167,'Evaporators'),(168,'Ride Life'),(169,'White Mountain Wheelers'),(170,'Ride Giant'),(171,'acidotic RACING-GREY'),(172,'Pure Adrenaline'),(173,'CCD Team Pinnacle'),(174,'Clark Brothers Racing'),(175,'Spontaneous Combustion'),(176,'Three Men & A Baby'),(177,'Awesome!'),(178,'Fab Fridays'),(179,'Big Test Icicles'),(180,'Trail Dogs'),(181,'Bikeman.com- Weak and Feeble Dept.'),(182,'Frame Of Mind Timberwerks'),(183,'Cooper Cargill Chant, P.A.'),(184,'NY Night Riders'),(185,'Boss Hoggs Revenge'),(186,'Eastern Mountain Sports'),(187,'EMS #2'),(188,'Slackers: Part III'),(189,'Pine Lodge Dominators'),(190,'Foggy Goggle / NorEast'),(191,'The Slugs'),(192,'Pursuit Fitness'),(193,'Epic Nosense'),(194,'More Hours = More Fun'),(195,'The Jamaican Bobsled Team'),(196,'Toure de Four'),(197,'Tenacious Turtles'),(198,'steve richard'),(199,'Legion of Notavus'),(200,'Skyline Bikers 2'),(209,'Just Ducky, thanks.'),(210,'Peddle to the Meddle'),(211,'The CT Cranksters'),(212,'Gnarlz'),(213,'Mason Racing'),(214,'Wicked Blazing Saddles'),(215,'Can\'t Say No'),(216,'Crank The Zank'),(217,'D-A-S'),(218,'Backcountry Magazine'),(219,'Slow and Steady Gets Eaten By a Bear'),(220,'D.F.L.'),(221,'Back Bay Pappa Wheelies'),(222,'Lyme Bike Ducks'),(223,'Five Nocturnal Freewheelers'),(224,'John\'s Team Dogfish Head'),(225,'Pineapple Express'),(226,'Midnight Ramblers'),(227,'Bates Masters'),(228,'Biking Vikings'),(229,'puddle of mud'),(230,'mud monkeys'),(231,'Moat Mountain Growlers'),(232,'Serious MTBums'),(300,'Monster head'),(301,'Mehallo, Chris'),(302,'Spenard, John'),(303,'Mike Haskell'),(304,'Ian Marks'),(305,'Scargill, Brian'),(306,'Jeff Brown/Luv Cycles/Joes Bike Shop'),(307,'Jinks,David'),(308,'Eric Siefer'),(309,'Taylor Valentine'),(310,'Frison, Scott'),(311,'Colvin, Jacob'),(312,'Velleco, Anthony'),(313,'Wiley, Ken'),(314,'DG Cycle Sports'),(315,'Pull MY Finger'),(316,'Plummer, Brian'),(317,'Sniff'),(318,'Vosburgh, Steve'),(319,'Ivan Schwendt'),(320,'tim trotter'),(321,'Me, Myselft & I'),(322,'Voss, Dan'),(323,'Douglas, Stuart'),(324,'Main Street Bike Rentals'),(350,'The Pinnacle Pair'),(351,'Dirt Nap'),(352,'The Goat Boys'),(353,'Cranky Jakes 2'),(354,'Cranky Jakes'),(355,'B2GLVC2'),(356,'Baby Daddies'),(357,'Pinnacle - H2O\'Brien'),(358,'Oravetz cycling team'),(359,'Rookies No More'),(360,'CCD Team Pinnacle Masters'),(361,'Stay Thirsty My Friend'),(362,'Mud Munchin\' Monkeys'),(363,'AnJ Adventures'),(400,'Smoking Man and The Bandits'),(401,'Our team is DTF');


