--
-- Host: localhost    Database: grannyge_greatglen2009
-- ------------------------------------------------------


--
-- Current Database: `grannyge_greatglen2009`
--

CREATE DATABASE /*!32312 IF NOT EXISTS*/ `grannyge_greatglen2009` /*!40100 DEFAULT CHARACTER SET latin1 */;

USE `grannyge_greatglen2009`;

--
-- Table structure for table `rider`
--

CREATE TABLE `rider` (
  `uid` int(4) NOT NULL AUTO_INCREMENT,
  `team_name` varchar(50) NOT NULL DEFAULT '',
  `rank` varchar(10) NOT NULL DEFAULT '',
  `firstname` varchar(22) NOT NULL DEFAULT '',
  `lastname` varchar(15) NOT NULL DEFAULT '',
  `middleinit` char(1) DEFAULT NULL,
  `class` varchar(28) NOT NULL DEFAULT '',
  `ssn` varchar(11) DEFAULT NULL,
  `gender` char(1) NOT NULL DEFAULT '',
  `dob` date NOT NULL DEFAULT '0000-00-00',
  `addr1` varchar(64) NOT NULL DEFAULT '',
  `city` varchar(26) NOT NULL DEFAULT '',
  `state` varchar(26) DEFAULT NULL,
  `country` varchar(26) NOT NULL DEFAULT '',
  `zip` varchar(12) NOT NULL DEFAULT '',
  `email` varchar(96) DEFAULT NULL,
  `dayphone` varchar(20) DEFAULT NULL,
  `evephone` varchar(20) DEFAULT NULL,
  `a_waiver` tinyint(1) NOT NULL DEFAULT '0',
  `emergency_contact` varchar(40) DEFAULT NULL,
  `emergency_phone` varchar(20) DEFAULT NULL,
  `admin_notes` varchar(255) DEFAULT NULL,
  `t_shirt_size` varchar(20) DEFAULT NULL,
  `sponsors` varchar(255) DEFAULT NULL,
  `anecdote` mediumtext,
  PRIMARY KEY (`uid`),
  UNIQUE KEY `rider_pkey` (`uid`)
) ENGINE=MyISAM AUTO_INCREMENT=403 DEFAULT CHARSET=latin1;

--
-- Dumping data for table `rider`
--

INSERT INTO `rider` VALUES (2,'Amy Gunn','captain','Amy','Gunn',NULL,'Sport',NULL,'F','1962-04-01','NULL','Henniker','NH','US','3242',NULL,NULL,NULL,1,NULL,NULL,NULL,NULL,NULL,NULL),(3,'Me, Myself & I','captain','Brian','Yaceshyn',NULL,'Sport',NULL,'M','1996-07-19','NULL','Rindge','NH','US','3461',NULL,NULL,NULL,1,NULL,NULL,NULL,NULL,NULL,NULL),(4,'Camden Endurance Programs','captain','R Morgan','Laidlaw',NULL,'Sport',NULL,'M','1972-05-09','NULL','Camden','ME','US','4843',NULL,NULL,NULL,1,NULL,NULL,NULL,NULL,NULL,NULL),(5,'Radical Edge','captain','Pierre','McIntyre',NULL,'Sport',NULL,'M','1974-09-03','NULL','New Maryland','NB','US','E3C1C6',NULL,NULL,NULL,1,NULL,NULL,NULL,NULL,NULL,NULL),(6,'Daniel Bastien','captain','Daniel','Bastien',NULL,'Sport',NULL,'M','1975-06-09','NULL','Rochester','NH','US','3867',NULL,NULL,NULL,1,NULL,NULL,NULL,NULL,NULL,NULL),(7,'uTest','captain','Doron','Reuveni',NULL,'Sport',NULL,'M','1966-11-26','NULL','Ashland','MA','US','1721',NULL,NULL,NULL,1,NULL,NULL,NULL,NULL,NULL,NULL),(8,'Matt Langlais','captain','Matt','Langlais',NULL,'Sport',NULL,'M','1974-02-05','NULL','West Burke','VT','US','5871',NULL,NULL,NULL,1,NULL,NULL,NULL,NULL,NULL,NULL),(9,'Roy Solomon','captain','Roy','Solomon',NULL,'Sport',NULL,'M','1979-05-22','NULL','Ashland','MA','US','1721',NULL,NULL,NULL,1,NULL,NULL,NULL,NULL,NULL,NULL),(10,'Joseph Aubin','captain','Joseph','Aubin',NULL,'Sport',NULL,'M','1979-06-22','NULL','Goffstown','NH','US','3045',NULL,NULL,NULL,1,NULL,NULL,NULL,NULL,NULL,NULL),(11,'Mt. Cycology','captain','Kristopher','Dennan',NULL,'Sport',NULL,'M','1973-09-29','NULL','Winhall','VT','US','5340',NULL,NULL,NULL,1,NULL,NULL,NULL,NULL,NULL,NULL),(12,'Phil Foisy','captain','Philip','Foisy',NULL,'Sport',NULL,'M','1963-06-10','NULL','Potsdam','NY','US','13676',NULL,NULL,NULL,1,NULL,NULL,NULL,NULL,NULL,NULL),(13,'Jim Allott','captain','Jim','Allott',NULL,'Sport',NULL,'M','1959-07-28','NULL','Potsdam','NY','US','13676',NULL,NULL,NULL,1,NULL,NULL,NULL,NULL,NULL,NULL),(14,'Mike Haskell','captain','mike','haskell',NULL,'Sport',NULL,'M','1982-01-15','NULL','norton','MA','US','2766',NULL,NULL,NULL,1,NULL,NULL,NULL,NULL,NULL,NULL),(15,'james sivec','captain','james','sivec',NULL,'Sport',NULL,'M','1978-11-02','NULL','Medford','NY','US','11763',NULL,NULL,NULL,1,NULL,NULL,NULL,NULL,NULL,NULL),(16,'Robert Derouchie','captain','Robert','Derouchie',NULL,'Sport',NULL,'M','1966-06-06','NULL','Brasher Falls','NY','US','13613',NULL,NULL,NULL,1,NULL,NULL,NULL,NULL,NULL,NULL),(17,'David Jinks','captain','David','Jinks',NULL,'Sport',NULL,'M','1968-12-26','NULL','Toms River','NJ','US','8753',NULL,NULL,NULL,1,NULL,NULL,NULL,NULL,NULL,NULL),(18,'Darryl Heale','captain','Darryl','Heale',NULL,'Sport',NULL,'M','1969-04-21','NULL','Toms River','NJ','US','8753',NULL,NULL,NULL,1,NULL,NULL,NULL,NULL,NULL,NULL),(19,'Delta Surveying Services','captain','Paul','Novotasky Jr.',NULL,'Sport',NULL,'M','1971-05-06','NULL','East Hartford','CT','US','6108',NULL,NULL,NULL,1,NULL,NULL,NULL,NULL,NULL,NULL),(20,'Bethel Cycle Sport Club','captain','Emile','Smith',NULL,'Sport',NULL,'M','1969-01-22','NULL','Canaan','NH','US','3741',NULL,NULL,NULL,1,NULL,NULL,NULL,NULL,NULL,NULL),(21,'Cannondale','captain','Jeff','Underhill',NULL,'Sport',NULL,'M','1972-08-18','NULL','Haverhill','NH','US','3765',NULL,NULL,NULL,1,NULL,NULL,NULL,NULL,NULL,NULL),(22,'Hoss and Rider','captain','Kathy','Evans',NULL,'Sport',NULL,'F','1967-07-08','NULL','Concord','NH','US','3301',NULL,NULL,NULL,1,NULL,NULL,NULL,NULL,NULL,NULL),(23,'Hoss and Rider','regular','John','Hickey',NULL,'Sport',NULL,'M','1958-04-12','NULL','Merrimack','NH','US','3054',NULL,NULL,NULL,1,NULL,NULL,NULL,NULL,NULL,NULL),(24,'Ball and Chainring','captain','Carlos','Agudelo',NULL,'Sport',NULL,'M','1962-12-31','NULL','Francestown','NH','US','3043',NULL,NULL,NULL,1,NULL,NULL,NULL,NULL,NULL,NULL),(25,'Ball and Chainring','regular','Jennifer','Agudelo',NULL,'Sport',NULL,'F','1976-11-30','NULL','Francestown','NH','US','3043',NULL,NULL,NULL,1,NULL,NULL,NULL,NULL,NULL,NULL),(26,'The Simpsons','captain','Susan','Simpson',NULL,'Sport',NULL,'F','1962-09-02','NULL','Franconia','NH','US','3580',NULL,NULL,NULL,1,NULL,NULL,NULL,NULL,NULL,NULL),(27,'The Simpsons','regular','Killian','Simpson',NULL,'Sport',NULL,'M','1995-05-24','NULL','Franconia','NH','US','3580',NULL,NULL,NULL,1,NULL,NULL,NULL,NULL,NULL,NULL),(28,'New Hampshire Cycling Club','captain','Geoff','McIntosh',NULL,'Sport',NULL,'M','1966-05-01','NULL','Concord','NH','US','3301',NULL,NULL,NULL,1,NULL,NULL,NULL,NULL,NULL,NULL),(29,'New Hampshire Cycling Club','regular','John','Dowd',NULL,'Sport',NULL,'M','1968-07-05','NULL','Hampton','NH','US','3843',NULL,NULL,NULL,1,NULL,NULL,NULL,NULL,NULL,NULL),(30,'Pure Adrenaline','captain','Billy','Biscan',NULL,'Sport',NULL,'M','1974-05-20','NULL','Wilmington','MA','US','1887',NULL,NULL,NULL,1,NULL,NULL,NULL,NULL,NULL,NULL),(31,'Pure Adrenaline','regular','Nolan','Watts',NULL,'Sport',NULL,'M','1966-09-30','NULL','Cambridge','MA','US','2138',NULL,NULL,NULL,1,NULL,NULL,NULL,NULL,NULL,NULL),(32,'Air Supply','captain','John','Lynch',NULL,'Sport',NULL,'M','1971-08-05','NULL','Ashland','MA','US','1721',NULL,NULL,NULL,1,NULL,NULL,NULL,NULL,NULL,NULL),(33,'Air Supply','regular','Rob','Lynch',NULL,'Sport',NULL,'M','1975-05-19','NULL','Kingston Upon Thames','UNK','US','77777',NULL,NULL,NULL,1,NULL,NULL,NULL,NULL,NULL,NULL),(34,'Rapid Transit','captain','Vladimir','Capka',NULL,'Sport',NULL,'M','1971-12-03','NULL','Arlington','MA','US','2476',NULL,NULL,NULL,1,NULL,NULL,NULL,NULL,NULL,NULL),(35,'Rapid Transit','regular','Steven','Crossley',NULL,'Sport',NULL,'M','1979-02-11','NULL','Medford','MA','US','2155',NULL,NULL,NULL,1,NULL,NULL,NULL,NULL,NULL,NULL),(36,'Fadden Brothers','regular','George','Fadden',NULL,'Sport',NULL,'M','1984-06-17','NULL','Center Conway','NH','US','3813',NULL,NULL,NULL,1,NULL,NULL,NULL,NULL,NULL,NULL),(37,'Fadden Brothers','captain','Roger','Fadden',NULL,'Sport',NULL,'M','1988-08-15','NULL','Center Conway','NH','US','3813',NULL,NULL,NULL,1,NULL,NULL,NULL,NULL,NULL,NULL),(38,'No Bonk Betties','captain','Kate','Walton',NULL,'Sport',NULL,'F','1978-08-28','NULL','Newburyport','MA','US','1950',NULL,NULL,NULL,1,NULL,NULL,NULL,NULL,NULL,NULL),(39,'No Bonk Betties','regular','Justine','Jaeger',NULL,'Sport',NULL,'F','1975-11-24','NULL','Kittery','ME','US','3904',NULL,NULL,NULL,1,NULL,NULL,NULL,NULL,NULL,NULL),(40,'Burnt Out Broads on Bikes','captain','Eleanore','Knott',NULL,'Sport',NULL,'F','1970-07-29','NULL','Raymond','NH','US','3077',NULL,NULL,NULL,1,NULL,NULL,NULL,NULL,NULL,NULL),(41,'Burnt Out Broads on Bikes','regular','Holly','Carson',NULL,'Sport',NULL,'F','1964-09-06','NULL','Concord','NH','US','3301',NULL,NULL,NULL,1,NULL,NULL,NULL,NULL,NULL,NULL),(42,'Coyote Hill','captain','Caitlin','Haedrich',NULL,'Sport',NULL,'F','1994-04-25','NULL','Norwich','VT','US','5055',NULL,NULL,NULL,1,NULL,NULL,NULL,NULL,NULL,NULL),(43,'Coyote Hill','regular','Erin','Donohue',NULL,'Sport',NULL,'F','1994-03-15','NULL','Norwich','VT','US','5055',NULL,NULL,NULL,1,NULL,NULL,NULL,NULL,NULL,NULL),(44,'Slackers','regular','AJ','Shattuck',NULL,'Sport',NULL,'M','1976-06-29','NULL','Newmarket','NH','US','3857',NULL,NULL,NULL,1,NULL,NULL,NULL,NULL,NULL,NULL),(45,'Slackers','captain','Nick','DeGruttola',NULL,'Sport',NULL,'M','1976-06-29','NULL','Newmarket','NH','US','3857',NULL,NULL,NULL,1,NULL,NULL,NULL,NULL,NULL,NULL),(46,'Slackers','regular','Sherrie','Trefry',NULL,'Sport',NULL,'F','1976-06-29','NULL','Newmarket','NH','US','3857',NULL,NULL,NULL,1,NULL,NULL,NULL,NULL,NULL,NULL),(47,'Slackers','regular','Jesse','Fenn',NULL,'Sport',NULL,'M','1976-06-29','NULL','Newmarket','NH','US','3857',NULL,NULL,NULL,1,NULL,NULL,NULL,NULL,NULL,NULL),(48,'Landshark','captain','Hailey','Sarausky',NULL,'Sport',NULL,'F','1993-11-07','NULL','Littleton','NH','US','3561',NULL,NULL,NULL,1,NULL,NULL,NULL,NULL,NULL,NULL),(49,'Littleton Landsharks 1','captain','Jaz','Dowling',NULL,'Sport',NULL,'M','1993-10-14','NULL','Bethlehem','NH','US','3574',NULL,NULL,NULL,1,NULL,NULL,NULL,NULL,NULL,NULL),(50,'www.bikeman.com','captain','George','Lapierre',NULL,'Sport',NULL,'M','1979-02-24','NULL','Williston','VT','US','5495',NULL,NULL,NULL,1,NULL,NULL,NULL,NULL,NULL,NULL),(51,'GT Bicycles Dirt Coalition','captain','Mike','Daubenspeck',NULL,'Sport',NULL,'M','1979-04-11','NULL','North Conway','NH','US','3860',NULL,NULL,NULL,1,NULL,NULL,NULL,NULL,NULL,NULL),(52,'Bike29.com','captain','Jason','Achilich',NULL,'Sport',NULL,'M','1979-01-03','NULL','Burlington','VT','US','5401',NULL,NULL,NULL,1,NULL,NULL,NULL,NULL,NULL,NULL),(53,'Matt Bowser','captain','Matt','Bowser',NULL,'Sport',NULL,'M','1969-03-25','NULL','Canterbury','NH','US','3224',NULL,NULL,NULL,1,NULL,NULL,NULL,NULL,NULL,NULL),(54,'Bikeman.com/Cooper Cargill Chant/MWVelo','captain','Dennis','Morgan',NULL,'Sport',NULL,'M','1968-05-01','NULL','North Conway','NH','US','3860',NULL,NULL,NULL,1,NULL,NULL,NULL,NULL,NULL,NULL),(55,'Team Bulldog/Cycle Craft','captain','Todd','Peterson',NULL,'Sport',NULL,'M','1971-07-03','NULL','Manville','NJ','US','8835',NULL,NULL,NULL,1,NULL,NULL,NULL,NULL,NULL,NULL),(56,'Gabe Boisseau','captain','Gabe','Boisseau',NULL,'Sport',NULL,'M','1979-07-06','NULL','Bethlehem','NH','US','3574',NULL,NULL,NULL,1,NULL,NULL,NULL,NULL,NULL,NULL),(57,'Team Bikeman.com','captain','Sven','Cole',NULL,'Sport',NULL,'M','1973-06-28','NULL','Bridgton','ME','US','4009',NULL,NULL,NULL,1,NULL,NULL,NULL,NULL,NULL,NULL),(58,'Wrobleski Party Rentals','captain','Abram','Wrobleski',NULL,'Sport',NULL,'M','1976-05-19','NULL','Center Conway','NH','US','3813',NULL,NULL,NULL,1,NULL,NULL,NULL,NULL,NULL,NULL),(59,'Littleton Landsharks 2','captain','Jonathan','Sturm',NULL,'Sport',NULL,'M','1977-10-08','NULL','Yarmouth','ME','US','4096',NULL,NULL,NULL,1,NULL,NULL,NULL,NULL,NULL,NULL),(60,'Mark Barton','captain','Mark','Barton',NULL,'Sport',NULL,'M','1971-01-08','NULL','Danvers','MA','US','1923',NULL,NULL,NULL,1,NULL,NULL,NULL,NULL,NULL,NULL),(61,'Team Bill','captain','William','Woodson',NULL,'Sport',NULL,'M','1971-10-02','NULL','Rockport','MA','US','1966',NULL,NULL,NULL,1,NULL,NULL,NULL,NULL,NULL,NULL),(62,'Krankin\' Landshark','captain','Gregory','Jancaitis',NULL,'Sport',NULL,'M','1983-08-03','NULL','Gorham','ME','US','4038',NULL,NULL,NULL,1,NULL,NULL,NULL,NULL,NULL,NULL),(63,'Thomas Swiader','captain','Thomas Swiader','Jr.',NULL,'Sport',NULL,'','1970-01-01','NULL','','','US','',NULL,NULL,NULL,1,NULL,NULL,NULL,NULL,NULL,NULL),(64,'Mystic Velo','captain','Jeff','Campbell',NULL,'Sport',NULL,'M','1978-06-22','NULL','Ledyard','CT','US','6339',NULL,NULL,NULL,1,NULL,NULL,NULL,NULL,NULL,NULL),(65,'Chris Meier','captain','Christopher','Meier',NULL,'Sport',NULL,'M','1972-11-05','NULL','North Conway','NH','US','3860',NULL,NULL,NULL,1,NULL,NULL,NULL,NULL,NULL,NULL),(66,'Aaron Woods','captain','Aaron','Woods',NULL,'Sport',NULL,'M','1972-06-03','NULL','Campton','NH','US','3223',NULL,NULL,NULL,1,NULL,NULL,NULL,NULL,NULL,NULL),(67,'Go Fast Betty Part Deux','captain','Justin','Hawkins',NULL,'Sport',NULL,'M','1977-06-21','NULL','Watertown','MA','US','2472',NULL,NULL,NULL,1,NULL,NULL,NULL,NULL,NULL,NULL),(68,'Matthew Danis','captain','Matthew','Danis',NULL,'Sport',NULL,'M','1974-09-15','NULL','Canterbury','CT','US','6331',NULL,NULL,NULL,1,NULL,NULL,NULL,NULL,NULL,NULL),(69,'Mountain Center Physical Therapy','captain','Patrick','Burford',NULL,'Sport',NULL,'M','1970-07-21','NULL','Brownfield','ME','US','4010',NULL,NULL,NULL,1,NULL,NULL,NULL,NULL,NULL,NULL),(70,'William McGandy','captain','William','McGandy',NULL,'Sport',NULL,'M','1980-12-13','NULL','Lebanon','NH','US','3766',NULL,NULL,NULL,1,NULL,NULL,NULL,NULL,NULL,NULL),(71,'Mystic Cycle Center','captain','Jeffrey','Kempesta',NULL,'Sport',NULL,'M','1971-06-14','NULL','Noorwich','CT','US','6360',NULL,NULL,NULL,1,NULL,NULL,NULL,NULL,NULL,NULL),(72,'Earl\'s','captain','David','Diamond',NULL,'Sport',NULL,'M','1985-10-13','NULL','westford','VT','US','5494',NULL,NULL,NULL,1,NULL,NULL,NULL,NULL,NULL,NULL),(73,'Chain Snappin Landshark','captain','Nick','Ebinger',NULL,'Sport',NULL,'M','1988-02-12','NULL','Littleton','NH','US','3561',NULL,NULL,NULL,1,NULL,NULL,NULL,NULL,NULL,NULL),(74,'Red Jersey Rockets','captain','Robert','Anderson',NULL,'Sport',NULL,'M','1989-12-02','NULL','Kearsarge','NH','US','3847',NULL,NULL,NULL,1,NULL,NULL,NULL,NULL,NULL,NULL),(75,'steve-o, ALL NITE LONG!!','captain','stephen','fleury',NULL,'Sport',NULL,'M','1971-08-10','NULL','holyoke','MA','US','1041',NULL,NULL,NULL,1,NULL,NULL,NULL,NULL,NULL,NULL),(76,'Daniel Ward','captain','Daniel','Ward',NULL,'Sport',NULL,'M','1983-04-13','NULL','Cranston','RI','US','2921',NULL,NULL,NULL,1,NULL,NULL,NULL,NULL,NULL,NULL),(77,'KittensRGr8','captain','jeremiah','macrae-hawkins',NULL,'Sport',NULL,'M','1982-02-23','NULL','lancaster','NH','US','3584',NULL,NULL,NULL,1,NULL,NULL,NULL,NULL,NULL,NULL),(78,'Team Tire','captain','Chris','Yaceshyn',NULL,'Sport',NULL,'M','1964-11-12','NULL','Rindge','NH','US','3461',NULL,NULL,NULL,1,NULL,NULL,NULL,NULL,NULL,NULL),(79,'greg chane','captain','greg','chane',NULL,'Sport',NULL,'M','1966-09-04','NULL','salem','MA','US','1970',NULL,NULL,NULL,1,NULL,NULL,NULL,NULL,NULL,NULL),(80,'denis  niez','captain','denis','niez',NULL,'Sport',NULL,'M','1966-10-05','NULL','bethlehem','CT','US','6791',NULL,NULL,NULL,1,NULL,NULL,NULL,NULL,NULL,NULL),(81,'Mathieu\'s Cycle + Fitness','captain','Bill','Jason',NULL,'Sport',NULL,'M','1969-02-26','NULL','Winslow','ME','US','4901',NULL,NULL,NULL,1,NULL,NULL,NULL,NULL,NULL,NULL),(82,'Dave','captain','David','Harris',NULL,'Sport',NULL,'M','1964-03-27','NULL','Pittsfield','NH','US','3263',NULL,NULL,NULL,1,NULL,NULL,NULL,NULL,NULL,NULL),(83,'Team Harborside Cycle 1','captain','Coley','Bryan',NULL,'Sport',NULL,'M','1968-09-25','NULL','gloucester','MA','CA','1930',NULL,NULL,NULL,1,NULL,NULL,NULL,NULL,NULL,NULL),(84,'TPCASSIDY','captain','thomas','cassidy',NULL,'Sport',NULL,'M','1965-03-23','NULL','new rochelle','NY','CA','10801',NULL,NULL,NULL,1,NULL,NULL,NULL,NULL,NULL,NULL),(85,'Water-Keep/BMCC','captain','Kip','Clyburn',NULL,'Sport',NULL,'M','1967-03-09','NULL','Taylorsville','NC','US','28681',NULL,NULL,NULL,1,NULL,NULL,NULL,NULL,NULL,NULL),(86,'Peter Martin','captain','Peter','Martin',NULL,'Sport',NULL,'M','1963-06-05','NULL','Rockport','MA','CA','1966',NULL,NULL,NULL,1,NULL,NULL,NULL,NULL,NULL,NULL),(87,'Jesse Walker','captain','Jesse','Walker',NULL,'Sport',NULL,'M','0000-00-00','NULL','Union','NH','US','3887',NULL,NULL,NULL,1,NULL,NULL,NULL,NULL,NULL,NULL),(88,'Recycled Sports','captain','Derek','Griggs',NULL,'Sport',NULL,'M','1959-06-30','NULL','Seabrook','NH','US','3874',NULL,NULL,NULL,1,NULL,NULL,NULL,NULL,NULL,NULL),(89,'BILL CHAMPAGNE','captain','bill','champagne',NULL,'Sport',NULL,'M','1957-08-21','NULL','woodbury','CT','US','6798',NULL,NULL,NULL,1,NULL,NULL,NULL,NULL,NULL,NULL),(90,'The Old the Bad and the Ugly','captain','William','Charleton',NULL,'Sport',NULL,'M','1948-09-19','NULL','Harwinton','CT','US','6791',NULL,NULL,NULL,1,NULL,NULL,NULL,NULL,NULL,NULL),(91,'Littleton Landsharks 3','captain','Brett','St Clair',NULL,'Sport',NULL,'M','1957-07-11','NULL','Dunbarton','NH','US','3046',NULL,NULL,NULL,1,NULL,NULL,NULL,NULL,NULL,NULL),(92,'Katrina Zalenski','captain','Katrina','Zalenski',NULL,'Sport',NULL,'F','1974-04-01','NULL','Methuen','MA','US','1844',NULL,NULL,NULL,1,NULL,NULL,NULL,NULL,NULL,NULL),(93,'Mather Graphics','captain','Diane','DiBerardino',NULL,'Sport',NULL,'F','1965-03-18','NULL','East Hartford','CT','CA','6118',NULL,NULL,NULL,1,NULL,NULL,NULL,NULL,NULL,NULL),(94,'Team Harborside Cycle 2','captain','Heidi','Wakeman',NULL,'Sport',NULL,'F','1969-08-31','NULL','Gloucester','MA','US','1930',NULL,NULL,NULL,1,NULL,NULL,NULL,NULL,NULL,NULL),(95,'mtbmind.com/LUNA Chix','captain','Anne','Noga',NULL,'Sport',NULL,'F','1960-08-30','NULL','Salem','MA','US','1970',NULL,NULL,NULL,1,NULL,NULL,NULL,NULL,NULL,NULL),(96,'Cascobaysports.com/Mullet','captain','Billy','Vandervalk',NULL,'Sport',NULL,'M','1975-02-10','NULL','biddeford','ME','US','4005',NULL,NULL,NULL,1,NULL,NULL,NULL,NULL,NULL,NULL),(97,'Cascobaysports.com/Mullet','regular','Nate','Crooker',NULL,'Sport',NULL,'M','1979-08-16','NULL','South Portland','ME','US','4106',NULL,NULL,NULL,1,NULL,NULL,NULL,NULL,NULL,NULL),(98,'Rockwallers','regular','Will','Nesse',NULL,'Sport',NULL,'M','1977-11-14','NULL','Ottawa','ON','US','K1Y2B6',NULL,NULL,NULL,1,NULL,NULL,NULL,NULL,NULL,NULL),(99,'Rockwallers','captain','Justin','Cox',NULL,'Sport',NULL,'M','1976-02-23','NULL','Arlington','MA','US','2474',NULL,NULL,NULL,1,NULL,NULL,NULL,NULL,NULL,NULL),(100,'Two for One Landsharks','captain','David','Harkless',NULL,'Sport',NULL,'M','1963-07-21','NULL','Littleton','NH','US','3561',NULL,NULL,NULL,1,NULL,NULL,NULL,NULL,NULL,NULL),(101,'Two for One Landsharks','regular','Melanie','Brown',NULL,'Sport',NULL,'F','1977-07-19','NULL','Bethlehem','NH','US','3574',NULL,NULL,NULL,1,NULL,NULL,NULL,NULL,NULL,NULL),(102,'Team Littleton Bike and Fitness','regular','James','Myers',NULL,'Sport',NULL,'M','1969-10-01','NULL','Lisbon','NH','US','3585',NULL,NULL,NULL,1,NULL,NULL,NULL,NULL,NULL,NULL),(103,'Team Littleton Bike and Fitness','captain','Edwin','Nason',NULL,'Sport',NULL,'M','1965-12-01','NULL','Monroe','NH','US','3771',NULL,NULL,NULL,1,NULL,NULL,NULL,NULL,NULL,NULL),(104,'THINK SPRING!?','captain','Brian','Spring Sr.',NULL,'Sport',NULL,'M','1969-07-01','NULL','Sterling','MA','US','1564',NULL,NULL,NULL,1,NULL,NULL,NULL,NULL,NULL,NULL),(105,'THINK SPRING!?','regular','Brian','Spring Jr.',NULL,'Sport',NULL,'M','1992-09-16','NULL','Sterling','MA','US','1564',NULL,NULL,NULL,1,NULL,NULL,NULL,NULL,NULL,NULL),(106,'The Dos-Niner Duo','captain','Richard','Person',NULL,'Sport',NULL,'M','1974-08-20','NULL','Hudson','MA','US','1749',NULL,NULL,NULL,1,NULL,NULL,NULL,NULL,NULL,NULL),(107,'The Dos-Niner Duo','regular','Brad','Jurga',NULL,'Sport',NULL,'M','1987-01-08','NULL','Shirley','MA','US','1464',NULL,NULL,NULL,1,NULL,NULL,NULL,NULL,NULL,NULL),(108,'Team Tuckermen','captain','Joseph','St Peter',NULL,'Sport',NULL,'M','1969-02-02','NULL','Presque Isle','ME','US','4769',NULL,NULL,NULL,1,NULL,NULL,NULL,NULL,NULL,NULL),(109,'Team Tuckermen','regular','Edmund','Therrien',NULL,'Sport',NULL,'M','1968-02-09','NULL','Presque Isle','ME','US','4769',NULL,NULL,NULL,1,NULL,NULL,NULL,NULL,NULL,NULL),(110,'Two In The Box, Ready To Go','captain','Justin','Walsh',NULL,'Sport',NULL,'M','1979-03-25','NULL','Brentwood','NH','US','3833',NULL,NULL,NULL,1,NULL,NULL,NULL,NULL,NULL,NULL),(111,'Two In The Box, Ready To Go','regular','Alex','Dardinski',NULL,'Sport',NULL,'M','1970-12-06','NULL','Newburyport','MA','US','1950',NULL,NULL,NULL,1,NULL,NULL,NULL,NULL,NULL,NULL),(112,'Feel the Burn','captain','Ronald','Zangari, Jr.',NULL,'Sport',NULL,'M','1975-12-09','NULL','Warwick','RI','US','2886',NULL,NULL,NULL,1,NULL,NULL,NULL,NULL,NULL,NULL),(113,'Feel the Burn','regular','Anthony','Bolognese',NULL,'Sport',NULL,'M','1970-06-13','NULL','Ponte Vedra Beach','FL','US','32082',NULL,NULL,NULL,1,NULL,NULL,NULL,NULL,NULL,NULL),(114,'Single Track Warriors','captain','Matthew','Quitmeyer',NULL,'Sport',NULL,'M','1970-11-02','NULL','Marstons Mills','MA','US','2648',NULL,NULL,NULL,1,NULL,NULL,NULL,NULL,NULL,NULL),(115,'Single Track Warriors','regular','Jeremy','Stowe',NULL,'Sport',NULL,'M','1973-07-07','NULL','West Greenwich','RI','US','2817',NULL,NULL,NULL,1,NULL,NULL,NULL,NULL,NULL,NULL),(116,'Mountain Valley Sports/Louis Garneau','captain','Brian','king',NULL,'Sport',NULL,'M','1973-04-05','NULL','Grantham','NH','US','3753',NULL,NULL,NULL,1,NULL,NULL,NULL,NULL,NULL,NULL),(117,'Mountain Valley Sports/Louis Garneau','regular','Mark','Vojtko',NULL,'Sport',NULL,'M','1961-11-07','NULL','Grantham','NH','US','3753',NULL,NULL,NULL,1,NULL,NULL,NULL,NULL,NULL,NULL),(118,'August Chiefs','captain','Jonathan','Ramirez',NULL,'Sport',NULL,'M','1977-10-19','NULL','Kittery','ME','US','3904',NULL,NULL,NULL,1,NULL,NULL,NULL,NULL,NULL,NULL),(119,'August Chiefs','regular','Joshua','Ives',NULL,'Sport',NULL,'M','1970-06-23','NULL','Maine','ME','US','3905',NULL,NULL,NULL,1,NULL,NULL,NULL,NULL,NULL,NULL),(120,'Flye Cycles','captain','luke','plummer',NULL,'Sport',NULL,'M','1992-04-26','NULL','amherst','MA','US','1002',NULL,NULL,NULL,1,NULL,NULL,NULL,NULL,NULL,NULL),(121,'Flye Cycles','regular','Tom','Burrow',NULL,'Sport',NULL,'M','1991-02-21','NULL','Amherst','MA','US','1002',NULL,NULL,NULL,1,NULL,NULL,NULL,NULL,NULL,NULL),(122,'Mountain Song','regular','Ross','Edmond',NULL,'Sport',NULL,'M','1972-02-17','NULL','Medford','MA','US','2155',NULL,NULL,NULL,1,NULL,NULL,NULL,NULL,NULL,NULL),(123,'Mountain Song','captain','John','Kenific',NULL,'Sport',NULL,'M','1972-12-15','NULL','Belmont','MA','US','2478',NULL,NULL,NULL,1,NULL,NULL,NULL,NULL,NULL,NULL),(124,'M.C. Hammerers','regular','Christen','Tipert',NULL,'Sport',NULL,'F','1965-07-29','NULL','Danvers','MA','US','1923',NULL,NULL,NULL,1,NULL,NULL,NULL,NULL,NULL,NULL),(125,'M.C. Hammerers','captain','Maura','Byrne',NULL,'Sport',NULL,'F','1971-03-17','NULL','Wenham','MA','US','1984',NULL,NULL,NULL,1,NULL,NULL,NULL,NULL,NULL,NULL),(126,'Angry Exports on Ale','captain','Katy','Sullivan',NULL,'Sport',NULL,'F','1980-10-08','NULL','South Portland','ME','US','4106',NULL,NULL,NULL,1,NULL,NULL,NULL,NULL,NULL,NULL),(127,'Angry Exports on Ale','regular','Deirdre','Fleming',NULL,'Sport',NULL,'F','1980-10-08','NULL','South Portland','ME','US','4106',NULL,NULL,NULL,1,NULL,NULL,NULL,NULL,NULL,NULL),(128,'Muffy Landsharks','captain','Vivian','Buckley',NULL,'Sport',NULL,'F','1966-09-27','NULL','Passumpsic','VT','US','5861',NULL,NULL,NULL,1,NULL,NULL,NULL,NULL,NULL,NULL),(129,'Muffy Landsharks','regular','Jill','Morrison',NULL,'Sport',NULL,'F','1986-02-03','NULL','Lyndon','VT','US','5849',NULL,NULL,NULL,1,NULL,NULL,NULL,NULL,NULL,NULL),(130,'Back Bay Bicycles/Esp Royale Caffe','captain','Adrianne','Thomas',NULL,'Sport',NULL,'F','1983-05-09','NULL','Belfast','ME','US','4915',NULL,NULL,NULL,1,NULL,NULL,NULL,NULL,NULL,NULL),(131,'Back Bay Bicycles/Esp Royale Caffe','captain','lauren','kling',NULL,'Sport',NULL,'F','1986-08-27','NULL','allston','MA','US','2134',NULL,NULL,NULL,1,NULL,NULL,NULL,NULL,NULL,NULL),(132,'Back Bay Bicycles/Esp Royale Caffe','regular','Lori','Kohls',NULL,'Sport',NULL,'F','1984-04-19','NULL','boston','MA','US','2215',NULL,NULL,NULL,1,NULL,NULL,NULL,NULL,NULL,NULL),(133,'Back Bay Bicycles/Esp Royale Caffe','regular','jocelyn','gaudi',NULL,'Sport',NULL,'F','1983-01-29','NULL','Medford','MA','US','2155',NULL,NULL,NULL,1,NULL,NULL,NULL,NULL,NULL,NULL),(134,'Bow-Chicka-Wow-Wow','captain','Elizabeth','McHale',NULL,'Sport',NULL,'F','1976-09-18','NULL','Framingham','MA','US','1702',NULL,NULL,NULL,1,NULL,NULL,NULL,NULL,NULL,NULL),(135,'Bow-Chicka-Wow-Wow','regular','Claire','Standen',NULL,'Sport',NULL,'','1970-01-01','NULL','','','US','',NULL,NULL,NULL,1,NULL,NULL,NULL,NULL,NULL,NULL),(136,'Bow-Chicka-Wow-Wow','regular','Heidi','Sardinha',NULL,'Sport',NULL,'','1970-01-01','NULL','','','US','',NULL,NULL,NULL,1,NULL,NULL,NULL,NULL,NULL,NULL),(137,'Bow-Chicka-Wow-Wow','regular','Kerri','Hamilton',NULL,'Sport',NULL,'','1970-01-01','NULL','','','US','',NULL,NULL,NULL,1,NULL,NULL,NULL,NULL,NULL,NULL),(138,'Yes We Can','captain','Kimmy','Stewart',NULL,'Sport',NULL,'M','1992-09-14','NULL','Ipswich','MA','US','1938',NULL,NULL,NULL,1,NULL,NULL,NULL,NULL,NULL,NULL),(139,'Yes We Can','regular','Silas','Streeter',NULL,'Sport',NULL,'M','1989-10-24','NULL','Newbury','MA','US','1951',NULL,NULL,NULL,1,NULL,NULL,NULL,NULL,NULL,NULL),(140,'Yes We Can','regular','Zander','Goepfert',NULL,'Sport',NULL,'M','1991-04-30','NULL','Manchester','MA','US','1944',NULL,NULL,NULL,1,NULL,NULL,NULL,NULL,NULL,NULL),(141,'Yes We Can','regular','Leah','Breen',NULL,'Sport',NULL,'F','1992-11-13','NULL','Gloucester','MA','US','1930',NULL,NULL,NULL,1,NULL,NULL,NULL,NULL,NULL,NULL),(142,'White Mountain Wheelers','captain','Ben','Mirkin',NULL,'Sport',NULL,'M','1977-03-13','NULL','Bethlehem','NH','US','3574',NULL,NULL,NULL,1,NULL,NULL,NULL,NULL,NULL,NULL),(143,'White Mountain Wheelers','regular','Dan','Annunziato',NULL,'Sport',NULL,'M','1991-07-31','NULL','Bethlehem','NH','US','3574',NULL,NULL,NULL,1,NULL,NULL,NULL,NULL,NULL,NULL),(144,'White Mountain Wheelers','regular','Hiapo','Emmons Shaw',NULL,'Sport',NULL,'M','1972-06-11','NULL','Bethlehem','NH','US','3574',NULL,NULL,NULL,1,NULL,NULL,NULL,NULL,NULL,NULL),(145,'White Mountain Wheelers','regular','James','Evans',NULL,'Sport',NULL,'M','1991-04-18','NULL','Littleton','NH','US','3574',NULL,NULL,NULL,1,NULL,NULL,NULL,NULL,NULL,NULL),(146,'White Mountain Cafe','captain','Jason','Hunter',NULL,'Sport',NULL,'M','1972-02-12','NULL','Berlin','NH','US','3570',NULL,NULL,NULL,1,NULL,NULL,NULL,NULL,NULL,NULL),(147,'White Mountain Cafe','regular','Kara','Hunter',NULL,'Sport',NULL,'F','1973-01-19','NULL','Berlin','NH','US','3570',NULL,NULL,NULL,1,NULL,NULL,NULL,NULL,NULL,NULL),(148,'White Mountain Cafe','regular','Aaron','Gorban',NULL,'Sport',NULL,'M','1974-11-11','NULL','Gorham','NH','US','3581',NULL,NULL,NULL,1,NULL,NULL,NULL,NULL,NULL,NULL),(149,'White Mountain Cafe','regular','Matthew','Bowman',NULL,'Sport',NULL,'M','1972-02-23','NULL','Berlin','NH','US','3570',NULL,NULL,NULL,1,NULL,NULL,NULL,NULL,NULL,NULL),(150,'waldo mtn mxers/bar harbor bike shop','captain','samuel','karush',NULL,'Sport',NULL,'M','1972-04-08','NULL','brewer','ME','US','4412',NULL,NULL,NULL,1,NULL,NULL,NULL,NULL,NULL,NULL),(151,'waldo mtn mxers/bar harbor bike shop','regular','ryan','tidswell',NULL,'Sport',NULL,'M','1978-03-13','NULL','brewer','ME','US','4412',NULL,NULL,NULL,1,NULL,NULL,NULL,NULL,NULL,NULL),(152,'waldo mtn mxers/bar harbor bike shop','regular','alton','pinkham',NULL,'Sport',NULL,'M','1978-08-14','NULL','brewer','ME','US','4412',NULL,NULL,NULL,1,NULL,NULL,NULL,NULL,NULL,NULL),(153,'waldo mtn mxers/bar harbor bike shop','regular','reid','garrity',NULL,'Sport',NULL,'M','1979-12-09','NULL','brewer','ME','US','4412',NULL,NULL,NULL,1,NULL,NULL,NULL,NULL,NULL,NULL),(154,'Three Old Farts & Corey','captain','Eric','Knight',NULL,'Sport',NULL,'M','1963-10-09','NULL','Warwick','RI','US','2886',NULL,NULL,NULL,1,NULL,NULL,NULL,NULL,NULL,NULL),(155,'Three Old Farts & Corey','regular','Dan','Chouinard',NULL,'Sport',NULL,'M','1960-06-07','NULL','Warwick','RI','US','2886',NULL,NULL,NULL,1,NULL,NULL,NULL,NULL,NULL,NULL),(156,'Three Old Farts & Corey','regular','Corey','Chouinard',NULL,'Sport',NULL,'M','1986-02-23','NULL','Warwick','RI','US','2886',NULL,NULL,NULL,1,NULL,NULL,NULL,NULL,NULL,NULL),(157,'Three Old Farts & Corey','regular','Mitch','Willsie',NULL,'Sport',NULL,'M','1955-06-08','NULL','Exeter','RI','US','2822',NULL,NULL,NULL,1,NULL,NULL,NULL,NULL,NULL,NULL),(158,'Team Pinnacle/Claremont Cycle Depot','captain','tIM','trotter',NULL,'Sport',NULL,'M','1971-05-09','NULL','Keene','NH','US','3431',NULL,NULL,NULL,1,NULL,NULL,NULL,NULL,NULL,NULL),(159,'Team Pinnacle/Claremont Cycle Depot','regular','Ryan','O\'Brien',NULL,'Sport',NULL,'M','1971-05-08','NULL','Newport','NH','US','3773',NULL,NULL,NULL,1,NULL,NULL,NULL,NULL,NULL,NULL),(160,'Team Pinnacle/Claremont Cycle Depot','regular','Kenneth','Wiley',NULL,'Sport',NULL,'M','1982-05-30','NULL','Claremont','NH','US','3743',NULL,NULL,NULL,1,NULL,NULL,NULL,NULL,NULL,NULL),(161,'Team Pinnacle/Claremont Cycle Depot','regular','Chris','Pace',NULL,'Sport',NULL,'M','1972-07-20','NULL','Knoxville','TN','US','37918',NULL,NULL,NULL,1,NULL,NULL,NULL,NULL,NULL,NULL),(162,'Team Agony','captain','John','Goeller','','Sport','','M','1963-06-26','','','','USA','','','','',1,'','','','blank','',''),(400,'Meredith\'s Muffins','regular','Barry','Petzold',NULL,'Sport',NULL,'M','0000-00-00','NULL','Winchester','MA','US','NULL',NULL,NULL,NULL,1,NULL,NULL,NULL,NULL,NULL,NULL),(166,'Rhino Bike Works','captain','Brett','Durham',NULL,'Sport',NULL,'M','1973-10-17','NULL','Plymouth','NH','US','3264',NULL,NULL,NULL,1,NULL,NULL,NULL,NULL,NULL,NULL),(167,'Rhino Bike Works','regular','Jeremy','Mears',NULL,'Sport',NULL,'M','1973-12-02','NULL','Logan','UT','US','843214',NULL,NULL,NULL,1,NULL,NULL,NULL,NULL,NULL,NULL),(168,'Rhino Bike Works','regular','Brad','Varney',NULL,'Sport',NULL,'M','1962-08-13','NULL','Belmont','NH','US','3220',NULL,NULL,NULL,1,NULL,NULL,NULL,NULL,NULL,NULL),(169,'Rhino Bike Works','regular','Tyler','Durham',NULL,'Sport',NULL,'M','1978-04-12','NULL','Plymouth','NH','US','3264',NULL,NULL,NULL,1,NULL,NULL,NULL,NULL,NULL,NULL),(170,'On Your Right','captain','Greg','Voyentzie',NULL,'Sport',NULL,'M','1969-04-03','NULL','Hopkinton','MA','US','1748',NULL,NULL,NULL,1,NULL,NULL,NULL,NULL,NULL,NULL),(171,'On Your Right','regular','Don','King',NULL,'Sport',NULL,'M','1969-03-23','NULL','Hopkinton','MA','US','1748',NULL,NULL,NULL,1,NULL,NULL,NULL,NULL,NULL,NULL),(172,'On Your Right','regular','Matt','Kesselhaut',NULL,'Sport',NULL,'M','1971-08-22','NULL','Cape Elizabeth','ME','US','4107',NULL,NULL,NULL,1,NULL,NULL,NULL,NULL,NULL,NULL),(173,'On Your Right','regular','Ed','Mikilitus',NULL,'Sport',NULL,'M','1968-09-19','NULL','Sandown','NH','US','3873',NULL,NULL,NULL,1,NULL,NULL,NULL,NULL,NULL,NULL),(174,'Mid-Coast Mashers','captain','Peter','Carney',NULL,'Sport',NULL,'M','1969-07-17','NULL','Portland','ME','US','4103',NULL,NULL,NULL,1,NULL,NULL,NULL,NULL,NULL,NULL),(175,'Mid-Coast Mashers','regular','Casey','Leonard',NULL,'Sport',NULL,'M','1973-03-20','NULL','Camden','ME','US','4843',NULL,NULL,NULL,1,NULL,NULL,NULL,NULL,NULL,NULL),(176,'Mid-Coast Mashers','regular','Ian','Sady',NULL,'Sport',NULL,'M','1978-08-27','NULL','Thomaston','ME','US','4861',NULL,NULL,NULL,1,NULL,NULL,NULL,NULL,NULL,NULL),(177,'Mid-Coast Mashers','regular','Trevor','Mills',NULL,'Sport',NULL,'M','1978-09-20','NULL','Rockland','ME','US','4841',NULL,NULL,NULL,1,NULL,NULL,NULL,NULL,NULL,NULL),(178,'Half-fast','captain','Michael','Servetas',NULL,'Sport',NULL,'M','1956-11-24','NULL','Dover','NH','US','3820',NULL,NULL,NULL,1,NULL,NULL,NULL,NULL,NULL,NULL),(179,'Half-fast','regular','Eric','Barnes',NULL,'Sport',NULL,'M','1980-01-01','NULL','Buxton','ME','US','4093',NULL,NULL,NULL,1,NULL,NULL,NULL,NULL,NULL,NULL),(180,'Half-fast','regular','Anne','Bringuier','','Sport','','F','1962-10-31','55 lake point circle','taylorsville','NC','US','28681','abringuier@charter.net','','828-495-3290',1,'','','','blank','',''),(181,'Half-fast','regular','Robert','Picard',NULL,'Sport',NULL,'M','1980-01-01','NULL','Portland','ME','US','4103',NULL,NULL,NULL,1,NULL,NULL,NULL,NULL,NULL,NULL),(182,'GREAT GLEN PIRATES','captain','JJ','SULLIVAN',NULL,'Sport',NULL,'M','1972-10-21','NULL','HANSON','MA','US','2341',NULL,NULL,NULL,1,NULL,NULL,NULL,NULL,NULL,NULL),(183,'GREAT GLEN PIRATES','regular','ANDY','MACCORMACK',NULL,'Sport',NULL,'M','1976-01-21','NULL','HANSON','MA','US','2341',NULL,NULL,NULL,1,NULL,NULL,NULL,NULL,NULL,NULL),(184,'GREAT GLEN PIRATES','regular','KEITH','QUIMBY',NULL,'Sport',NULL,'M','1971-03-14','NULL','HANSON','MA','US','2341',NULL,NULL,NULL,1,NULL,NULL,NULL,NULL,NULL,NULL),(185,'GREAT GLEN PIRATES','regular','KEVIN','JOHNSON',NULL,'Sport',NULL,'M','1972-06-07','NULL','HANSON','MA','US','2341',NULL,NULL,NULL,1,NULL,NULL,NULL,NULL,NULL,NULL),(186,'Four Amigos','captain','Calvin','Hunsicker',NULL,'Sport',NULL,'M','1962-06-26','NULL','Bartlett','NH','US','3812',NULL,NULL,NULL,1,NULL,NULL,NULL,NULL,NULL,NULL),(187,'Four Amigos','regular','Joe','Yahna',NULL,'Sport',NULL,'M','1963-10-19','NULL','Bartlett','NH','US','3812',NULL,NULL,NULL,1,NULL,NULL,NULL,NULL,NULL,NULL),(188,'Four Amigos','regular','Michael','Couture',NULL,'Sport',NULL,'M','1959-06-26','NULL','Bartlett','NH','US','3812',NULL,NULL,NULL,1,NULL,NULL,NULL,NULL,NULL,NULL),(189,'Four Amigos','regular','Ross','Emery',NULL,'Sport',NULL,'M','1965-08-23','NULL','Bartlett','NH','US','3812',NULL,NULL,NULL,1,NULL,NULL,NULL,NULL,NULL,NULL),(190,'East Burke Land Sharks','regular','Jon','Rice',NULL,'Sport',NULL,'M','1978-04-17','NULL','East Burke','VT','US','5832',NULL,NULL,NULL,1,NULL,NULL,NULL,NULL,NULL,NULL),(191,'East Burke Land Sharks','regular','Chris','Dussault',NULL,'Sport',NULL,'M','1978-04-17','NULL','East Burke','VT','US','5832',NULL,NULL,NULL,1,NULL,NULL,NULL,NULL,NULL,NULL),(192,'East Burke Land Sharks','regular','Neal','Wilson',NULL,'Sport',NULL,'M','1978-04-17','NULL','East Burke','VT','US','5832',NULL,NULL,NULL,1,NULL,NULL,NULL,NULL,NULL,NULL),(193,'East Burke Land Sharks','captain','James','Bentley',NULL,'Sport',NULL,'M','1978-04-17','NULL','East Burke','VT','US','5832',NULL,NULL,NULL,1,NULL,NULL,NULL,NULL,NULL,NULL),(194,'Dogs Speed','captain','todd','bailey',NULL,'Sport',NULL,'M','1971-07-06','NULL','montpelier','VT','US','5602',NULL,NULL,NULL,1,NULL,NULL,NULL,NULL,NULL,NULL),(195,'Dogs Speed','regular','Roy','Yoder',NULL,'Sport',NULL,'M','1967-12-14','NULL','montpelier','VT','US','5602',NULL,NULL,NULL,1,NULL,NULL,NULL,NULL,NULL,NULL),(196,'Dogs Speed','regular','Joe','Bourassa',NULL,'Sport',NULL,'M','1969-03-20','NULL','montpelier','VT','US','5602',NULL,NULL,NULL,1,NULL,NULL,NULL,NULL,NULL,NULL),(197,'Dogs Speed','regular','Ian','Connor',NULL,'Sport',NULL,'M','1969-08-02','NULL','Cromwell','CT','US','6416',NULL,NULL,NULL,1,NULL,NULL,NULL,NULL,NULL,NULL),(198,'Dirt Nuts 4','captain','Taylor','Valentine',NULL,'Sport',NULL,'M','1981-06-02','NULL','New Haven','CT','US','6511',NULL,NULL,NULL,1,NULL,NULL,NULL,NULL,NULL,NULL),(199,'Dirt Nuts 4','regular','Solin','Florez',NULL,'Sport',NULL,'M','1976-03-07','NULL','New Haven','CT','US','6511',NULL,NULL,NULL,1,NULL,NULL,NULL,NULL,NULL,NULL),(200,'Dirt Nuts 4','regular','Scott','Frison',NULL,'Sport',NULL,'M','1983-07-14','NULL','Nort Haven','CT','US','6473',NULL,NULL,NULL,1,NULL,NULL,NULL,NULL,NULL,NULL),(201,'Dirt Nuts 4','regular','Jake','Colvin',NULL,'Sport',NULL,'M','1976-12-08','NULL','Wallingford','CT','US','6492',NULL,NULL,NULL,1,NULL,NULL,NULL,NULL,NULL,NULL),(202,'Crank Racing 4x','captain','Ron','Salb',NULL,'Sport',NULL,'M','1970-08-04','NULL','Peabody','MA','US','1960',NULL,NULL,NULL,1,NULL,NULL,NULL,NULL,NULL,NULL),(203,'Crank Racing 4x','regular','Dan','Walsh',NULL,'Sport',NULL,'M','1963-07-05','NULL','North Reading','MA','US','1864',NULL,NULL,NULL,1,NULL,NULL,NULL,NULL,NULL,NULL),(204,'Crank Racing 4x','regular','Mihaley','Deak',NULL,'Sport',NULL,'M','1957-12-09','NULL','Salem','NH','US','3079',NULL,NULL,NULL,1,NULL,NULL,NULL,NULL,NULL,NULL),(205,'Crank Racing 4x','regular','Todd','Roberts',NULL,'Sport',NULL,'M','1966-07-05','NULL','North Andover','MA','US','1845',NULL,NULL,NULL,1,NULL,NULL,NULL,NULL,NULL,NULL),(206,'Boss Hoggs','captain','Robert','Bauer',NULL,'Sport',NULL,'M','1970-02-14','NULL','natick','MA','US','1760',NULL,NULL,NULL,1,NULL,NULL,NULL,NULL,NULL,NULL),(207,'Boss Hoggs','regular','Michael','Lowry',NULL,'Sport',NULL,'M','1969-09-30','NULL','Medfield','MA','US','2052',NULL,NULL,NULL,1,NULL,NULL,NULL,NULL,NULL,NULL),(208,'Boss Hoggs','regular','Todd','Prekaski',NULL,'Sport',NULL,'M','1971-12-14','NULL','Brookline','MA','US','2446',NULL,NULL,NULL,1,NULL,NULL,NULL,NULL,NULL,NULL),(209,'Boss Hoggs','regular','Jorge','Hernandez',NULL,'Sport',NULL,'M','1963-07-14','NULL','West Newton,','MA','US','2465',NULL,NULL,NULL,1,NULL,NULL,NULL,NULL,NULL,NULL),(210,'Big Chitt Bikes aka We\'ll sleep when were dead','captain','Daniel','De Frees',NULL,'Sport',NULL,'M','1955-03-10','NULL','Chittenango','NY','US','13037',NULL,NULL,NULL,1,NULL,NULL,NULL,NULL,NULL,NULL),(211,'Big Chitt Bikes aka We\'ll sleep when were dead','regular','Kevin','Hamilton',NULL,'Sport',NULL,'M','1966-09-12','NULL','Essex Junction','VT','US','5452',NULL,NULL,NULL,1,NULL,NULL,NULL,NULL,NULL,NULL),(212,'Big Chitt Bikes aka We\'ll sleep when were dead','regular','Bryce','Button',NULL,'Sport',NULL,'M','1955-03-04','NULL','Canastota','NY','US','13032',NULL,NULL,NULL,1,NULL,NULL,NULL,NULL,NULL,NULL),(213,'Big Chitt Bikes aka We\'ll sleep when were dead','regular','Ed','Ziedens',NULL,'Sport',NULL,'M','1969-06-09','NULL','Waterbury','VT','US','5676',NULL,NULL,NULL,1,NULL,NULL,NULL,NULL,NULL,NULL),(214,'Acidotic Racing-B','regular','Nicholas','Pennell',NULL,'Sport',NULL,'M','1979-08-20','NULL','ALFRED','ME','US','4002',NULL,NULL,NULL,1,NULL,NULL,NULL,NULL,NULL,NULL),(215,'Acidotic Racing-B','captain','Steve','Sprague',NULL,'Sport',NULL,'M','1980-01-01','NULL','STRAFFORD','NH','US','3884',NULL,NULL,NULL,1,NULL,NULL,NULL,NULL,NULL,NULL),(216,'Acidotic Racing-B','regular','Austin','Stonebraker',NULL,'Sport',NULL,'M','1979-08-13','NULL','STRAFFORD','NH','US','3884',NULL,NULL,NULL,1,NULL,NULL,NULL,NULL,NULL,NULL),(217,'Acidotic Racing-B','regular','Steve','Wolfe',NULL,'Sport',NULL,'M','1962-01-01','NULL','STRAFFORD','NH','US','3884',NULL,NULL,NULL,1,NULL,NULL,NULL,NULL,NULL,NULL),(218,'Acidotic Racing','regular','Brayden','Dunn',NULL,'Sport',NULL,'M','0000-00-00','NULL','Stafford','NH','US','3884',NULL,NULL,NULL,1,NULL,NULL,NULL,NULL,NULL,NULL),(219,'Acidotic Racing','regular','Ted','Hall',NULL,'Sport',NULL,'M','0000-00-00','NULL','Merrimack','NH','US','3054',NULL,NULL,NULL,1,NULL,NULL,NULL,NULL,NULL,NULL),(220,'Acidotic Racing','captain','CHRIS J.','DUNN',NULL,'Sport',NULL,'M','1968-11-09','NULL','STRAFFORD','NH','US','3884',NULL,NULL,NULL,1,NULL,NULL,NULL,NULL,NULL,NULL),(221,'Acidotic Racing','regular','Jay J.','Dunn',NULL,'Sport',NULL,'M','1970-05-02','NULL','STRAFFORD','NH','US','3884',NULL,NULL,NULL,1,NULL,NULL,NULL,NULL,NULL,NULL),(222,'International Men of Misery','captain','thom','parsons',NULL,'Sport',NULL,'M','1974-05-26','NULL','somerville','MA','US','2144',NULL,NULL,NULL,1,NULL,NULL,NULL,NULL,NULL,NULL),(223,'International Men of Misery','regular','Mat','Katz',NULL,'Sport',NULL,'M','1979-03-09','NULL','Northfield, VT','VT','US','5663',NULL,NULL,NULL,1,NULL,NULL,NULL,NULL,NULL,NULL),(224,'International Men of Misery','regular','Jeff','Whittingham',NULL,'Sport',NULL,'M','1975-04-03','NULL','Waitsfield','VT','US','5673',NULL,NULL,NULL,1,NULL,NULL,NULL,NULL,NULL,NULL),(225,'International Men of Misery','regular','Harry','Precourt',NULL,'Sport',NULL,'M','1987-02-14','NULL','Sudbury','MA','US','1776',NULL,NULL,NULL,1,NULL,NULL,NULL,NULL,NULL,NULL),(226,'Team Pinnacle Masters','captain','Mark','Gurney',NULL,'Sport',NULL,'M','1964-05-29','NULL','Sunapee','NH','US','3782',NULL,NULL,NULL,1,NULL,NULL,NULL,NULL,NULL,NULL),(227,'Team Pinnacle Masters','regular','Daniel','O\'Neill',NULL,'Sport',NULL,'M','1952-04-29','NULL','Newport','NH','US','3773',NULL,NULL,NULL,1,NULL,NULL,NULL,NULL,NULL,NULL),(228,'Team Pinnacle Masters','regular','Dana','Waterman',NULL,'Sport',NULL,'M','1954-10-12','NULL','Newport','NH','US','3773',NULL,NULL,NULL,1,NULL,NULL,NULL,NULL,NULL,NULL),(229,'Team Pinnacle Masters','regular','Christopher','Naimie',NULL,'Sport',NULL,'M','1963-03-04','NULL','Bow','NH','US','3304',NULL,NULL,NULL,1,NULL,NULL,NULL,NULL,NULL,NULL),(230,'Silent Suffering','captain','Todd','Tallman',NULL,'Sport',NULL,'M','1968-05-03','NULL','New Milford','CT','US','6776',NULL,NULL,NULL,1,NULL,NULL,NULL,NULL,NULL,NULL),(231,'Silent Suffering','regular','Don','Crumrine',NULL,'Sport',NULL,'M','1960-05-03','NULL','Washington','CT','US','6793',NULL,NULL,NULL,1,NULL,NULL,NULL,NULL,NULL,NULL),(232,'Silent Suffering','regular','Roland','Merk',NULL,'Sport',NULL,'M','1961-04-03','NULL','Roxbury','CT','US','6783',NULL,NULL,NULL,1,NULL,NULL,NULL,NULL,NULL,NULL),(233,'Silent Suffering','regular','Mark','Martens',NULL,'Sport',NULL,'M','1967-03-04','NULL','New Milford','CT','US','6776',NULL,NULL,NULL,1,NULL,NULL,NULL,NULL,NULL,NULL),(234,'Kingdom Land Sharks','captain','Brian','Wilson',NULL,'Sport',NULL,'M','1958-11-29','NULL','Lyndon Center','VT','US','5850',NULL,NULL,NULL,1,NULL,NULL,NULL,NULL,NULL,NULL),(235,'Kingdom Land Sharks','regular','Harry','Morrison',NULL,'Sport',NULL,'M','1951-12-03','NULL','Lyndonville','VT','US','5851',NULL,NULL,NULL,1,NULL,NULL,NULL,NULL,NULL,NULL),(236,'Kingdom Land Sharks','regular','Michael','Michaud',NULL,'Sport',NULL,'M','1951-04-26','NULL','West Burke','VT','US','5871',NULL,NULL,NULL,1,NULL,NULL,NULL,NULL,NULL,NULL),(237,'Kingdom Land Sharks','regular','Steve','Feltus',NULL,'Sport',NULL,'M','1946-01-20','NULL','Lyndon','VT','US','5851',NULL,NULL,NULL,1,NULL,NULL,NULL,NULL,NULL,NULL),(238,'UNH','captain','Michael','Frothingham',NULL,'Sport',NULL,'M','1988-10-04','NULL','Ossipee','NH','US','3864',NULL,NULL,NULL,1,NULL,NULL,NULL,NULL,NULL,NULL),(239,'UNH','regular','Ben','Cargill',NULL,'Sport',NULL,'M','1990-06-19','NULL','North Conway','NH','US','3860',NULL,NULL,NULL,1,NULL,NULL,NULL,NULL,NULL,NULL),(240,'UNH','regular','Sean','Berry',NULL,'Sport',NULL,'M','1987-10-12','NULL','Hampton','NH','US','3843',NULL,NULL,NULL,1,NULL,NULL,NULL,NULL,NULL,NULL),(241,'UNH','regular','Temp','Rider 4',NULL,'Sport',NULL,'M','1988-10-04','NULL','Ossipee','NH','US','3864',NULL,NULL,NULL,1,NULL,NULL,NULL,NULL,NULL,NULL),(242,'Skirack.com','regular','Benjamin','Coleman',NULL,'Sport',NULL,'M','1984-01-23','NULL','Burlington','VT','US','5401',NULL,NULL,NULL,1,NULL,NULL,NULL,NULL,NULL,NULL),(243,'Skirack.com','captain','Adam','St Germain',NULL,'Sport',NULL,'M','1984-04-30','NULL','Burlington','VT','US','5401',NULL,NULL,NULL,1,NULL,NULL,NULL,NULL,NULL,NULL),(244,'Skirack.com','regular','Alex','Cox',NULL,'Sport',NULL,'M','1987-08-14','NULL','Burlington','VT','US','5401',NULL,NULL,NULL,1,NULL,NULL,NULL,NULL,NULL,NULL),(245,'Skirack.com','regular','Scott','Dolmat-Connell',NULL,'Sport',NULL,'M','1986-12-23','NULL','Princeton','MA','US','1541',NULL,NULL,NULL,1,NULL,NULL,NULL,NULL,NULL,NULL),(246,'Red jersey cyclery/Michelin/Rocky Mountain','captain','Peter','Ostroski',NULL,'Sport',NULL,'M','1989-07-10','NULL','Intervale','NH','US','3845',NULL,NULL,NULL,1,NULL,NULL,NULL,NULL,NULL,NULL),(247,'Red jersey cyclery/Michelin/Rocky Mountain','regular','Bob','Lesmerises',NULL,'Sport',NULL,'M','1961-04-19','NULL','Franconia','NH','US','3580',NULL,NULL,NULL,1,NULL,NULL,NULL,NULL,NULL,NULL),(248,'Red jersey cyclery/Michelin/Rocky Mountain','regular','Brian','Moody',NULL,'Sport',NULL,'M','1971-07-08','NULL','Intervale','NH','US','38846',NULL,NULL,NULL,1,NULL,NULL,NULL,NULL,NULL,NULL),(249,'Red jersey cyclery/Michelin/Rocky Mountain','regular','Tom','Sampson',NULL,'Sport',NULL,'M','1989-04-18','NULL','Intervale','NH','US','3845',NULL,NULL,NULL,1,NULL,NULL,NULL,NULL,NULL,NULL),(250,'Endo Farmers','captain','Colin','Reuter',NULL,'Sport',NULL,'M','1982-06-21','NULL','Somerville','MA','US','2144',NULL,NULL,NULL,1,NULL,NULL,NULL,NULL,NULL,NULL),(251,'Endo Farmers','regular','Curtis','Boivin',NULL,'Sport',NULL,'M','1988-12-25','NULL','Providence','RI','US','2906',NULL,NULL,NULL,1,NULL,NULL,NULL,NULL,NULL,NULL),(252,'Endo Farmers','regular','Kevin','Sweeney',NULL,'Sport',NULL,'M','1984-12-05','NULL','Medford','MA','US','2155',NULL,NULL,NULL,1,NULL,NULL,NULL,NULL,NULL,NULL),(253,'Endo Farmers','regular','Rob','Stine',NULL,'Sport',NULL,'M','1986-04-09','NULL','West Warwick','RI','US','2893',NULL,NULL,NULL,1,NULL,NULL,NULL,NULL,NULL,NULL),(254,'back bay bicycles/ espresso royale caffe','captain','michael','wissell',NULL,'Sport',NULL,'M','1977-06-12','NULL','allston','MA','US','2134',NULL,NULL,NULL,1,NULL,NULL,NULL,NULL,NULL,NULL),(255,'back bay bicycles/ espresso royale caffe','regular','greg','whitney',NULL,'Sport',NULL,'M','1985-02-08','NULL','allston','MA','US','2134',NULL,NULL,NULL,1,NULL,NULL,NULL,NULL,NULL,NULL),(256,'back bay bicycles/ espresso royale caffe','regular','joshua','wright',NULL,'Sport',NULL,'M','1979-10-26','NULL','allston','MA','US','2134',NULL,NULL,NULL,1,NULL,NULL,NULL,NULL,NULL,NULL),(257,'back bay bicycles/ espresso royale caffe','regular','Erik','Patterson',NULL,'Sport',NULL,'M','1979-06-05','NULL','Charlestown','MA','US','2129',NULL,NULL,NULL,1,NULL,NULL,NULL,NULL,NULL,NULL),(258,'Smiling Landsharks','captain','Bernd','Weber',NULL,'Sport',NULL,'M','1957-10-10','NULL','Littleton','NH','US','3561',NULL,NULL,NULL,1,NULL,NULL,NULL,NULL,NULL,NULL),(259,'Smiling Landsharks','regular','Kory','Pinard',NULL,'Sport',NULL,'M','1965-11-24','NULL','Littleton','NH','US','3561',NULL,NULL,NULL,1,NULL,NULL,NULL,NULL,NULL,NULL),(260,'Smiling Landsharks','regular','Matt','Weber',NULL,'Sport',NULL,'M','1990-02-28','NULL','Littleton','NH','US','3561',NULL,NULL,NULL,1,NULL,NULL,NULL,NULL,NULL,NULL),(261,'Smiling Landsharks','regular','Marty','Montour','','Sport','','M','1987-03-12','NULL','Littleton','NH','US','3561','','','',1,'','','','blank','',''),(262,'Cranky Jakes','captain','Michael','Graves',NULL,'Sport',NULL,'M','1972-03-22','NULL','Danvers','MA','US','1923',NULL,NULL,NULL,1,NULL,NULL,NULL,NULL,NULL,NULL),(263,'Cranky Jakes','regular','Jeff','Graves',NULL,'Sport',NULL,'M','1966-01-05','NULL','North Reading','MA','US','1923',NULL,NULL,NULL,1,NULL,NULL,NULL,NULL,NULL,NULL),(264,'Cranky Jakes','regular','Jamie','Shafner',NULL,'Sport',NULL,'M','1982-05-21','NULL','Beverly','MA','US','1923',NULL,NULL,NULL,1,NULL,NULL,NULL,NULL,NULL,NULL),(265,'Cranky Jakes','regular','P','Brown',NULL,'Sport',NULL,'M','1982-08-25','NULL','Danvers','MA','US','1923',NULL,NULL,NULL,1,NULL,NULL,NULL,NULL,NULL,NULL),(266,'Claremont Cycle Depot / Team Pinnacle','captain','Jeremy','Beliveau',NULL,'Sport',NULL,'M','1975-06-01','NULL','Enfield','NH','US','3748',NULL,NULL,NULL,1,NULL,NULL,NULL,NULL,NULL,NULL),(267,'Claremont Cycle Depot / Team Pinnacle','regular','Jason','Ouelette',NULL,'Sport',NULL,'M','1975-06-23','NULL','Claremont','NH','US','3743',NULL,NULL,NULL,1,NULL,NULL,NULL,NULL,NULL,NULL),(268,'Claremont Cycle Depot / Team Pinnacle','regular','Todd','Chewning',NULL,'Sport',NULL,'M','1969-05-28','NULL','Claremont','NH','US','3743',NULL,NULL,NULL,1,NULL,NULL,NULL,NULL,NULL,NULL),(269,'Claremont Cycle Depot / Team Pinnacle','regular','Robin','Liston',NULL,'Sport',NULL,'M','1983-07-27','NULL','Plainfield','NH','US','3781',NULL,NULL,NULL,1,NULL,NULL,NULL,NULL,NULL,NULL),(270,'Slow and Steady Gets Eaten By A Bear\'','captain','Ben','Emery',NULL,'Sport',NULL,'M','1994-07-19','NULL','Intervale','NH','US','3845',NULL,NULL,NULL,1,NULL,NULL,NULL,NULL,NULL,NULL),(271,'Slow and Steady Gets Eaten By A Bear\'','regular','Mitchell','Yahana',NULL,'Sport',NULL,'M','1995-01-29','NULL','North Conway','NH','US','3860',NULL,NULL,NULL,1,NULL,NULL,NULL,NULL,NULL,NULL),(272,'Slow and Steady Gets Eaten By A Bear\'','regular','Henry','Gotjen',NULL,'Sport',NULL,'M','1993-10-04','NULL','Intervale','NH','US','3845',NULL,NULL,NULL,1,NULL,NULL,NULL,NULL,NULL,NULL),(273,'Slow and Steady Gets Eaten By A Bear\'','regular','Kyle','Rober-Ross',NULL,'Sport',NULL,'M','1993-10-20','NULL','Intervale','NH','US','3845',NULL,NULL,NULL,1,NULL,NULL,NULL,NULL,NULL,NULL),(274,'Slow and Steady Gets Eaten By A Bear\'','regular','Christina','Mallett',NULL,'Sport',NULL,'F','1993-12-26','NULL','North Conway','NH','US','3860',NULL,NULL,NULL,1,NULL,NULL,NULL,NULL,NULL,NULL),(275,'Kelly\'s Heros','captain','Eric','Servetas',NULL,'Sport',NULL,'M','1994-06-06','NULL','Dover','NH','US','3820',NULL,NULL,NULL,1,NULL,NULL,NULL,NULL,NULL,NULL),(276,'Kelly\'s Heros','regular','Brian','Lothrop',NULL,'Sport',NULL,'M','1993-12-30','NULL','Dover','NH','US','3820',NULL,NULL,NULL,1,NULL,NULL,NULL,NULL,NULL,NULL),(277,'Kelly\'s Heros','regular','Kelly','Lothrop',NULL,'Sport',NULL,'F','1991-06-30','NULL','Dover','NH','US','3820',NULL,NULL,NULL,1,NULL,NULL,NULL,NULL,NULL,NULL),(278,'Kelly\'s Heros','regular','Duncan','McGregor',NULL,'Sport',NULL,'M','1993-10-13','NULL','Dover','NH','US','3820',NULL,NULL,NULL,1,NULL,NULL,NULL,NULL,NULL,NULL),(279,'Kelly\'s Heros','regular','Craig','Gosse','','Sport','','M','1994-07-03','NULL','Dover','NH','US','3820','','','',1,'','','','blank','',''),(280,'Conway Chaos','captain','Sam','Getchell',NULL,'Sport',NULL,'M','1993-07-20','NULL','Conway','NH','US','3818',NULL,NULL,NULL,1,NULL,NULL,NULL,NULL,NULL,NULL),(281,'Conway Chaos','regular','Tanner','VanCoesant',NULL,'Sport',NULL,'M','1994-07-19','NULL','North Conway','NH','US','3860',NULL,NULL,NULL,1,NULL,NULL,NULL,NULL,NULL,NULL),(282,'Conway Chaos','regular','Thomas','Gregston',NULL,'Sport',NULL,'M','1994-09-21','NULL','Center Conway','NH','US','3813',NULL,NULL,NULL,1,NULL,NULL,NULL,NULL,NULL,NULL),(283,'Conway Chaos','regular','Adam','Levine',NULL,'Sport',NULL,'M','1994-04-23','NULL','Glen','NH','US','3838',NULL,NULL,NULL,1,NULL,NULL,NULL,NULL,NULL,NULL),(284,'Conway Chaos','regular','Jessie','Couture',NULL,'Sport',NULL,'F','1993-11-03','NULL','North Conway','NH','US','3860',NULL,NULL,NULL,1,NULL,NULL,NULL,NULL,NULL,NULL),(285,'bike one','captain','Anthony','Walker',NULL,'Sport',NULL,'M','1969-05-21','NULL','N.Conway','NH','US','3868',NULL,NULL,NULL,1,NULL,NULL,NULL,NULL,NULL,NULL),(286,'bike one','regular','Benjamin','Ackerly','','Sport','','M','1988-05-20','NULL','N.Conway','NH','US','3868','','','',1,'','','','blank','',''),(287,'bike one','regular','ashley','moore',NULL,'Sport',NULL,'M','1992-01-04','NULL','harrison','ME','US','4040',NULL,NULL,NULL,1,NULL,NULL,NULL,NULL,NULL,NULL),(288,'bike one','regular','Rachel','Bragg','','Sport','','F','1983-11-15','NULL','ctr Conway','NH','US','3813','','','',1,'','','','blank','',''),(289,'bike one','regular','victoria','Walker',NULL,'Sport',NULL,'F','1993-08-13','NULL','N.Conway','NH','US','3868',NULL,NULL,NULL,1,NULL,NULL,NULL,NULL,NULL,NULL),(290,'The Hessians','captain','Craig','Rydingsward',NULL,'Sport',NULL,'M','1980-11-29','NULL','Burlington','CT','US','6013',NULL,NULL,NULL,1,NULL,NULL,NULL,NULL,NULL,NULL),(291,'The Hessians','regular','Bryan','Rydingsward',NULL,'Sport',NULL,'M','1978-03-18','NULL','Somerville','MA','US','2143',NULL,NULL,NULL,1,NULL,NULL,NULL,NULL,NULL,NULL),(292,'The Hessians','regular','John','Nachilly',NULL,'Sport',NULL,'M','1959-03-12','NULL','Durham','NH','US','3824',NULL,NULL,NULL,1,NULL,NULL,NULL,NULL,NULL,NULL),(293,'The Hessians','regular','Michael','Betti',NULL,'Sport',NULL,'M','1978-10-13','NULL','E. Hartford','CT','US','6108',NULL,NULL,NULL,1,NULL,NULL,NULL,NULL,NULL,NULL),(294,'The Hessians','regular','Ken','Miller',NULL,'Sport',NULL,'M','1961-06-01','NULL','South Windsor','CT','US','6074',NULL,NULL,NULL,1,NULL,NULL,NULL,NULL,NULL,NULL),(295,'mudd smugglers','captain','jay','ingersol',NULL,'Sport',NULL,'F','1968-06-20','NULL','harrison','ME','US','4040',NULL,NULL,NULL,1,NULL,NULL,NULL,NULL,NULL,NULL),(296,'mudd smugglers','regular','sue','ingersol',NULL,'Sport',NULL,'F','1965-07-28','NULL','harrison','ME','US','4040',NULL,NULL,NULL,1,NULL,NULL,NULL,NULL,NULL,NULL),(297,'mudd smugglers','regular','greg','neveu',NULL,'Sport',NULL,'M','1982-03-10','NULL','rochester','NH','US','3867',NULL,NULL,NULL,1,NULL,NULL,NULL,NULL,NULL,NULL),(298,'mudd smugglers','regular','david','bragg',NULL,'Sport',NULL,'M','1988-06-22','NULL','betehlem','NH','US','3574',NULL,NULL,NULL,1,NULL,NULL,NULL,NULL,NULL,NULL),(299,'mudd smugglers','regular','matt','holt',NULL,'Sport',NULL,'M','1991-04-08','NULL','effingfam','NH','US','3882',NULL,NULL,NULL,1,NULL,NULL,NULL,NULL,NULL,NULL),(300,'Gotham City Gear Heads','regular','Justin','Piskura',NULL,'Sport',NULL,'M','1961-05-05','NULL','New Fairfield','CT','US','6812',NULL,NULL,NULL,1,NULL,NULL,NULL,NULL,NULL,NULL),(301,'Gotham City Gear Heads','regular','Micheal','Chapleau',NULL,'Sport',NULL,'M','1971-12-16','NULL','New Fairfield','CT','US','6812',NULL,NULL,NULL,1,NULL,NULL,NULL,NULL,NULL,NULL),(302,'Gotham City Gear Heads','regular','Glenn','Banning',NULL,'Sport',NULL,'M','1972-02-10','NULL','New Fairfield','CT','US','6812',NULL,NULL,NULL,1,NULL,NULL,NULL,NULL,NULL,NULL),(303,'Gotham City Gear Heads','captain','Jim','Piskura',NULL,'Sport',NULL,'M','1985-10-10','NULL','New Fairfield','CT','US','6812',NULL,NULL,NULL,1,NULL,NULL,NULL,NULL,NULL,NULL),(304,'Gotham City Gear Heads','regular','Ian','McGrew',NULL,'Sport',NULL,'M','1987-05-18','NULL','New Fairfield','CT','US','6812',NULL,NULL,NULL,1,NULL,NULL,NULL,NULL,NULL,NULL),(305,'Dog Fish Head Ale','regular','Johnathan','Szekula',NULL,'Sport',NULL,'M','1973-10-23','NULL','peterborough','NH','US','3458',NULL,NULL,NULL,1,NULL,NULL,NULL,NULL,NULL,NULL),(306,'Dog Fish Head Ale','regular','Jason','Houston',NULL,'Sport',NULL,'M','1970-09-19','NULL','Keene','NH','US','3431',NULL,NULL,NULL,1,NULL,NULL,NULL,NULL,NULL,NULL),(307,'Dog Fish Head Ale','captain','Mark','Ellingwood',NULL,'Sport',NULL,'M','1981-07-20','NULL','Concord','NH','US','30031',NULL,NULL,NULL,1,NULL,NULL,NULL,NULL,NULL,NULL),(308,'Dog Fish Head Ale','regular','Dan','Antosiewicz',NULL,'Sport',NULL,'M','1972-05-15','NULL','Keene','NH','US','3431',NULL,NULL,NULL,1,NULL,NULL,NULL,NULL,NULL,NULL),(309,'Dog Fish Head Ale','regular','Ted','McGreer',NULL,'Sport',NULL,'M','1969-06-20','NULL','Keene','NH','US','3431',NULL,NULL,NULL,1,NULL,NULL,NULL,NULL,NULL,NULL),(310,'Bates Masters','captain','David','DeSantis',NULL,'Sport',NULL,'M','1961-12-14','NULL','Milton','MA','US','2186',NULL,NULL,NULL,1,NULL,NULL,NULL,NULL,NULL,NULL),(311,'Bates Masters','regular','Eric','Dole',NULL,'Sport',NULL,'M','1964-05-06','NULL','Norwich','VT','US','5055',NULL,NULL,NULL,1,NULL,NULL,NULL,NULL,NULL,NULL),(312,'Bates Masters','regular','John','Peterson','','Sport','','M','1964-10-13','NULL','Warwick','RI','US','2886','','','',1,'','','','blank','',''),(313,'Bates Masters','regular','Stuart','Christie','','Sport','','M','1961-12-20','NULL','Cumberland','ME','US','4021','','','',1,'','','','blank','',''),(314,'Bates Masters','regular','Richard','DeSantis',NULL,'Sport',NULL,'M','1991-11-29','NULL','Milton','MA','US','2186',NULL,NULL,NULL,1,NULL,NULL,NULL,NULL,NULL,NULL),(315,'WORKING MAN IS A $UCKER','regular','Coach Pat','Higgins',NULL,'Sport',NULL,'M','1966-12-03','NULL','Kingston','MA','US','2364',NULL,NULL,NULL,1,NULL,NULL,NULL,NULL,NULL,NULL),(316,'WORKING MAN IS A $UCKER','captain','Doc John','Avery',NULL,'Sport',NULL,'M','1963-10-11','NULL','Taunton','MA','US','2780',NULL,NULL,NULL,1,NULL,NULL,NULL,NULL,NULL,NULL),(317,'WORKING MAN IS A $UCKER','regular','760 Lisa','Higgins',NULL,'Sport',NULL,'F','1965-07-09','NULL','Kingston','MA','US','2364',NULL,NULL,NULL,1,NULL,NULL,NULL,NULL,NULL,NULL),(318,'WORKING MAN IS A $UCKER','regular','Butta Bob','Lenard',NULL,'Sport',NULL,'M','1965-07-22','NULL','Rockland','MA','US','2370',NULL,NULL,NULL,1,NULL,NULL,NULL,NULL,NULL,NULL),(319,'WORKING MAN IS A $UCKER','regular','Derrick','Back',NULL,'Sport',NULL,'M','1986-01-06','NULL','Plymouth','MA','US','2360',NULL,NULL,NULL,1,NULL,NULL,NULL,NULL,NULL,NULL),(320,'Treadheads','regular','Chris','Young',NULL,'Sport',NULL,'M','1970-03-24','NULL','Jay','VT','US','5859',NULL,NULL,NULL,1,NULL,NULL,NULL,NULL,NULL,NULL),(321,'Treadheads','captain','Mike','Klupa',NULL,'Sport',NULL,'M','1970-03-24','NULL','Jay','VT','US','5859',NULL,NULL,NULL,1,NULL,NULL,NULL,NULL,NULL,NULL),(322,'Treadheads','regular','Brendan','O\'Donnell',NULL,'Sport',NULL,'M','1970-03-24','NULL','Jay','VT','US','5859',NULL,NULL,NULL,1,NULL,NULL,NULL,NULL,NULL,NULL),(323,'Treadheads','regular','Glenn','Belongie',NULL,'Sport',NULL,'M','1970-03-24','NULL','Jay','VT','US','5859',NULL,NULL,NULL,1,NULL,NULL,NULL,NULL,NULL,NULL),(324,'Treadheads','regular','Heather','Steinhour',NULL,'Sport',NULL,'F','1970-07-27','NULL','Jay','VT','US','5859',NULL,NULL,NULL,1,NULL,NULL,NULL,NULL,NULL,NULL),(325,'The Lame Ducks','captain','Scott','Barthold',NULL,'Sport',NULL,'M','1956-11-26','NULL','Lyme','NH','US','3768',NULL,NULL,NULL,1,NULL,NULL,NULL,NULL,NULL,NULL),(326,'The Lame Ducks','regular','Michael','Sparks',NULL,'Sport',NULL,'M','1963-09-08','NULL','Plainfield','NH','US','3781',NULL,NULL,NULL,1,NULL,NULL,NULL,NULL,NULL,NULL),(327,'The Lame Ducks','regular','Joan','Barthold',NULL,'Sport',NULL,'M','1960-01-01','NULL','Lyme','NH','US','3768',NULL,NULL,NULL,1,NULL,NULL,NULL,NULL,NULL,NULL),(328,'The Lame Ducks','regular','Zach','Dayno','','Sport','','M','1958-07-23','NULL','Lyme','NH','US','3768','','','',1,'','','','blank','',''),(398,'Meredith\'s Muffins','captain','Meredith','Johnson',NULL,'Sport',NULL,'F','0000-00-00','NULL','Winchester','MA','US','NULL',NULL,NULL,NULL,1,NULL,NULL,NULL,NULL,NULL,NULL),(330,'The Harder you fall the higher you Bounce','captain','Jeanne','Barthold',NULL,'Sport',NULL,'F','1992-08-31','NULL','Lyme','NH','US','3768',NULL,NULL,NULL,1,NULL,NULL,NULL,NULL,NULL,NULL),(331,'The Harder you fall the higher you Bounce','regular','Eric','Barthold',NULL,'Sport',NULL,'M','1990-01-01','NULL','Lyme','NH','US','3768',NULL,NULL,NULL,1,NULL,NULL,NULL,NULL,NULL,NULL),(332,'The Harder you fall the higher you Bounce','regular','Mason','Vogt',NULL,'Sport',NULL,'M','1990-01-01','NULL','Lyme','NH','US','3768',NULL,NULL,NULL,1,NULL,NULL,NULL,NULL,NULL,NULL),(333,'The Harder you fall the higher you Bounce','regular','Scott','Sanderson',NULL,'Sport',NULL,'M','1990-01-01','NULL','Lyme','NH','US','3768',NULL,NULL,NULL,1,NULL,NULL,NULL,NULL,NULL,NULL),(334,'The Harder you fall the higher you Bounce','regular','Travis','Mulvilhill','','Sport','','M','1991-06-15','','','NH','US','','','','',1,'','','','blank','',''),(335,'Rev. Ron\'s Gang','captain','Beth','Penney',NULL,'Sport',NULL,'F','1979-10-23','NULL','Lyndeborough','NH','US','3082',NULL,NULL,NULL,1,NULL,NULL,NULL,NULL,NULL,NULL),(336,'Rev. Ron\'s Gang','regular','Peter','De Santis',NULL,'Sport',NULL,'M','1961-04-24','NULL','Candia','NH','US','3034',NULL,NULL,NULL,1,NULL,NULL,NULL,NULL,NULL,NULL),(337,'Rev. Ron\'s Gang','regular','Bryan','Blackmon',NULL,'Sport',NULL,'M','1969-11-05','NULL','Hooksett','NH','US','3106',NULL,NULL,NULL,1,NULL,NULL,NULL,NULL,NULL,NULL),(338,'Rev. Ron\'s Gang','regular','Dale','Turcott',NULL,'Sport',NULL,'M','1961-09-12','NULL','New Boston','NH','US','3070',NULL,NULL,NULL,1,NULL,NULL,NULL,NULL,NULL,NULL),(339,'Rev. Ron\'s Gang','regular','Michael','Milani',NULL,'Sport',NULL,'M','1973-08-17','NULL','Nashua','NH','US','3063',NULL,NULL,NULL,1,NULL,NULL,NULL,NULL,NULL,NULL),(340,'Nuts \'n Honey','regular','Lynda','Townes',NULL,'Sport',NULL,'F','1961-05-05','NULL','Weare','NH','US','3281',NULL,NULL,NULL,1,NULL,NULL,NULL,NULL,NULL,NULL),(341,'Nuts \'n Honey','regular','Richard','Townes',NULL,'Sport',NULL,'M','1955-09-04','NULL','Weare','NH','US','3281',NULL,NULL,NULL,1,NULL,NULL,NULL,NULL,NULL,NULL),(342,'Nuts \'n Honey','regular','Mike','Duhaime',NULL,'Sport',NULL,'M','1969-12-10','NULL','Weare','NH','US','3281',NULL,NULL,NULL,1,NULL,NULL,NULL,NULL,NULL,NULL),(343,'Nuts \'n Honey','regular','Nick','Smith',NULL,'Sport',NULL,'M','1991-11-19','NULL','Weare','NH','US','3281',NULL,NULL,NULL,1,NULL,NULL,NULL,NULL,NULL,NULL),(344,'Nuts \'n Honey','captain','Alan','Smith',NULL,'Sport',NULL,'M','1966-08-10','NULL','Weare','NH','US','3281',NULL,NULL,NULL,1,NULL,NULL,NULL,NULL,NULL,NULL),(345,'MWV VELO-ciraptors','captain','Philip','Swanson',NULL,'Sport',NULL,'M','1959-04-09','NULL','Intervale','NH','US','3845',NULL,NULL,NULL,1,NULL,NULL,NULL,NULL,NULL,NULL),(346,'MWV VELO-ciraptors','regular','Bill','Bourque',NULL,'Sport',NULL,'M','1956-01-01','NULL','North Conway','NH','US','3860',NULL,NULL,NULL,1,NULL,NULL,NULL,NULL,NULL,NULL),(347,'MWV VELO-ciraptors','regular','Andy','Narducci',NULL,'Sport',NULL,'M','1970-01-01','NULL','North Conway','NH','US','3860',NULL,NULL,NULL,1,NULL,NULL,NULL,NULL,NULL,NULL),(348,'MWV VELO-ciraptors','regular','Becky','Oleson',NULL,'Sport',NULL,'F','1967-05-25','NULL','North Conway','NH','US','3860',NULL,NULL,NULL,1,NULL,NULL,NULL,NULL,NULL,NULL),(349,'MWV VELO-ciraptors','regular','Steve','Bush',NULL,'Sport',NULL,'M','1959-01-01','NULL','North Conway','NH','US','3860',NULL,NULL,NULL,1,NULL,NULL,NULL,NULL,NULL,NULL),(350,'In Need of Rehab','captain','Craig','Jordan',NULL,'Sport',NULL,'M','1979-12-31','NULL','Madison','NH','US','3849',NULL,NULL,NULL,1,NULL,NULL,NULL,NULL,NULL,NULL),(351,'In Need of Rehab','regular','Matt','Michaud',NULL,'Sport',NULL,'M','1977-06-14','NULL','Madison','NH','US','3849',NULL,NULL,NULL,1,NULL,NULL,NULL,NULL,NULL,NULL),(352,'In Need of Rehab','regular','Taylor','Schwartz',NULL,'Sport',NULL,'M','1991-08-29','NULL','Madison','NH','US','3849',NULL,NULL,NULL,1,NULL,NULL,NULL,NULL,NULL,NULL),(353,'In Need of Rehab','regular','Greg','Rodier',NULL,'Sport',NULL,'M','1979-06-22','NULL','Madison','NH','US','3849',NULL,NULL,NULL,1,NULL,NULL,NULL,NULL,NULL,NULL),(354,'In Need of Rehab','regular','Liz','Stokinger',NULL,'Sport',NULL,'F','1983-02-09','NULL','Madison','NH','US','3849',NULL,NULL,NULL,1,NULL,NULL,NULL,NULL,NULL,NULL),(355,'Expecto Patronum','captain','Chuck','d\'Hemecourt',NULL,'Sport',NULL,'M','0000-00-00','NULL','Newton','MA','US','2461',NULL,NULL,NULL,1,NULL,NULL,NULL,NULL,NULL,NULL),(356,'Expecto Patronum','regular','Jesse','Chabot',NULL,'Sport',NULL,'M','0000-00-00','NULL','Newton','MA','US','2459',NULL,NULL,NULL,1,NULL,NULL,NULL,NULL,NULL,NULL),(357,'Expecto Patronum','regular','Frances','Morrison',NULL,'Sport',NULL,'F','0000-00-00','NULL','Fitchburg','MA','US','1420',NULL,NULL,NULL,1,NULL,NULL,NULL,NULL,NULL,NULL),(358,'Expecto Patronum','regular','Nevin Raymond','Ralis',NULL,'Sport',NULL,'M','0000-00-00','NULL','Windham','MA','US','4062',NULL,NULL,NULL,1,NULL,NULL,NULL,NULL,NULL,NULL),(399,'Meredith\'s Muffins','regular','Rich','Blair',NULL,'Sport',NULL,'M','0000-00-00','NULL','Winchester','MA','US','NULL',NULL,NULL,NULL,1,NULL,NULL,NULL,NULL,NULL,NULL),(360,'Essex County Velo','captain','John','Adamik',NULL,'Sport',NULL,'M','1957-02-26','NULL','Byfield','MA','US','1922',NULL,NULL,NULL,1,NULL,NULL,NULL,NULL,NULL,NULL),(361,'Essex County Velo','regular','Connor','Adamik',NULL,'Sport',NULL,'M','1992-11-24','NULL','Byfield','MA','US','1922',NULL,NULL,NULL,1,NULL,NULL,NULL,NULL,NULL,NULL),(362,'Essex County Velo','regular','Sean','McCarthy',NULL,'Sport',NULL,'F','1964-08-29','NULL','Beverly','MA','US','1915',NULL,NULL,NULL,1,NULL,NULL,NULL,NULL,NULL,NULL),(363,'Essex County Velo','regular','Sherri','Curcuru',NULL,'Sport',NULL,'F','1963-03-23','NULL','Gloucester','MA','US','1930',NULL,NULL,NULL,1,NULL,NULL,NULL,NULL,NULL,NULL),(364,'Essex County Velo','regular','Katie','Schutz',NULL,'Sport',NULL,'F','1983-09-14','NULL','Newbury','MA','US','1951',NULL,NULL,NULL,1,NULL,NULL,NULL,NULL,NULL,NULL),(365,'Backcountry Magazine','captain','Brian','Lyster',NULL,'Sport',NULL,'M','1970-10-23','NULL','Underhill','VT','US','5489',NULL,NULL,NULL,1,NULL,NULL,NULL,NULL,NULL,NULL),(366,'Backcountry Magazine','regular','Elizabeth','Lyster',NULL,'Sport',NULL,'F','1971-03-04','NULL','Underhill','VT','US','5489',NULL,NULL,NULL,1,NULL,NULL,NULL,NULL,NULL,NULL),(367,'Backcountry Magazine','regular','Chris','Baron',NULL,'Sport',NULL,'M','1973-06-10','NULL','Underhill','VT','US','5489',NULL,NULL,NULL,1,NULL,NULL,NULL,NULL,NULL,NULL),(368,'Backcountry Magazine','regular','Matt','Thomas',NULL,'Sport',NULL,'M','1975-07-24','NULL','Underhill','VT','US','5489',NULL,NULL,NULL,1,NULL,NULL,NULL,NULL,NULL,NULL),(369,'Backcountry Magazine','regular','Denis','Lyster',NULL,'Sport',NULL,'M','1942-11-14','NULL','Underhill','VT','US','5489',NULL,NULL,NULL,1,NULL,NULL,NULL,NULL,NULL,NULL),(370,'Americans for the ethical treatment of leg hair','captain','Spencer','Taylor',NULL,'Sport',NULL,'M','1981-10-21','NULL','burlington','VT','US','5401',NULL,NULL,NULL,1,NULL,NULL,NULL,NULL,NULL,NULL),(371,'Americans for the ethical treatment of leg hair','regular','Adam','Franco','','Sport','','M','1980-01-14','NULL','Middlebury','VT','US','5401','','','',1,'','','','blank','',''),(372,'Americans for the ethical treatment of leg hair','regular','Serena','Taylor',NULL,'Sport',NULL,'F','1981-07-18','NULL','burlington','VT','US','5401',NULL,NULL,NULL,1,NULL,NULL,NULL,NULL,NULL,NULL),(373,'Americans for the ethical treatment of leg hair','regular','Simon','Bird',NULL,'Sport',NULL,'M','1981-10-18','NULL','burlington','VT','US','5401',NULL,NULL,NULL,1,NULL,NULL,NULL,NULL,NULL,NULL),(374,'Americans for the ethical treatment of leg hair','regular','Steffie','Gould',NULL,'Sport',NULL,'F','1984-02-16','NULL','burlington','VT','US','5401',NULL,NULL,NULL,1,NULL,NULL,NULL,NULL,NULL,NULL),(375,'A Team','captain','tony','delima',NULL,'Sport',NULL,'M','1965-06-18','NULL','ledyard','CT','US','6339',NULL,NULL,NULL,1,NULL,NULL,NULL,NULL,NULL,NULL),(376,'A Team','regular','Lynn','Steel',NULL,'Sport',NULL,'F','1958-09-30','NULL','Stonington','CT','US','6378',NULL,NULL,NULL,1,NULL,NULL,NULL,NULL,NULL,NULL),(377,'A Team','regular','John','Leuba',NULL,'Sport',NULL,'M','1966-04-11','NULL','ledyard','CT','US','6339',NULL,NULL,NULL,1,NULL,NULL,NULL,NULL,NULL,NULL),(378,'A Team','regular','Moustache','Roche',NULL,'Sport',NULL,'M','1953-10-17','NULL','ledyard','CT','US','6339',NULL,NULL,NULL,1,NULL,NULL,NULL,NULL,NULL,NULL),(379,'A Team','regular','Gerry','Ledger',NULL,'Sport',NULL,'M','1960-02-22','NULL','ledyard','CT','US','6339',NULL,NULL,NULL,1,NULL,NULL,NULL,NULL,NULL,NULL),(380,'4 Old Guys & 1 Babe','captain','Clint','Dowd',NULL,'Sport',NULL,'M','1963-11-18','NULL','Goffstown','NH','US','3045',NULL,NULL,NULL,1,NULL,NULL,NULL,NULL,NULL,NULL),(381,'4 Old Guys & 1 Babe','regular','Karen','Holmes',NULL,'Sport',NULL,'F','1977-05-05','NULL','Beverly','MA','US','1915',NULL,NULL,NULL,1,NULL,NULL,NULL,NULL,NULL,NULL),(382,'4 Old Guys & 1 Babe','regular','David','Michaud',NULL,'Sport',NULL,'M','1961-01-03','NULL','Goffstown','NH','US','3045',NULL,NULL,NULL,1,NULL,NULL,NULL,NULL,NULL,NULL),(383,'4 Old Guys & 1 Babe','regular','Dave','Moore',NULL,'Sport',NULL,'M','1966-10-28','NULL','New Boston','NH','US','3070',NULL,NULL,NULL,1,NULL,NULL,NULL,NULL,NULL,NULL),(384,'4 Old Guys & 1 Babe','regular','Dennis','Flanagan',NULL,'Sport',NULL,'M','1963-11-18','NULL','Goffstown','NH','US','3045',NULL,NULL,NULL,1,NULL,NULL,NULL,NULL,NULL,NULL),(385,'4 Beautiful People and the Fat Guy','captain','Nate','Reel',NULL,'Sport',NULL,'M','1973-05-21','NULL','Nashua','NH','US','3063',NULL,NULL,NULL,1,NULL,NULL,NULL,NULL,NULL,NULL),(386,'4 Beautiful People and the Fat Guy','regular','Kathleen','Deck',NULL,'Sport',NULL,'F','1974-01-30','NULL','Nashua','NH','US','3063',NULL,NULL,NULL,1,NULL,NULL,NULL,NULL,NULL,NULL),(387,'4 Beautiful People and the Fat Guy','regular','Ann','Brophy',NULL,'Sport',NULL,'F','1978-01-20','NULL','Medford','MA','US','2155',NULL,NULL,NULL,1,NULL,NULL,NULL,NULL,NULL,NULL),(388,'4 Beautiful People and the Fat Guy','regular','Mark','Flaherty','','Sport','','M','1983-02-17','','','','USA','','','','',1,'','','','blank','',''),(397,'Tonto Returns','captain','Steve','Voshburg','','Sport','','M','1963-03-10','','','','USA','','','','',1,'','','','blank','',''),(396,'Towels, Brian','captain','Brian','Towels','','Sport','','M','1966-05-15','','','','USA','','','','',1,'','','Team # 49','blank','',''),(401,'Meredith\'s Muffins','regular','Dave','MacRimmon',NULL,'Sport',NULL,'M','0000-00-00','NULL','Winchester','MA','US','NULL',NULL,NULL,NULL,1,NULL,NULL,NULL,NULL,NULL,NULL),(402,'MTB Mind','captain','Chris','Gagnon','','Sport','','M','1978-02-27','','Watertown','MA','USA','','','','',1,'','','','medium','','');

--
-- Table structure for table `rider_rfid`
--

CREATE TABLE `rider_rfid` (
  `rfid` int(4) NOT NULL DEFAULT '0',
  `uid` int(4) NOT NULL DEFAULT '0',
  UNIQUE KEY `rider_rfid_pkey` (`rfid`)
) ENGINE=MyISAM DEFAULT CHARSET=latin1;

--
-- Dumping data for table `rider_rfid`
--

INSERT INTO `rider_rfid` VALUES (8393,48),(15011,49),(13753,50),(8473,51),(8763,52),(15293,53),(12055,54),(15340,55),(9018,56),(12757,57),(15291,58),(8611,59),(1747,60),(15261,61),(8409,62),(15181,63),(1800,64),(2279,65),(9026,66),(10174,67),(13842,68),(12640,69),(15164,70),(1898,71),(10178,72),(15371,73),(12648,74),(15154,75),(15196,76),(2035,77),(15395,78),(14104,79),(8894,80),(15230,81),(12031,82),(8980,83),(12238,84),(15271,85),(12536,86),(13031,87),(14188,88),(2122,89),(9067,90),(15396,91),(8338,92),(8494,93),(1813,94),(12976,95),(8353,96),(15149,97),(9012,99),(10111,98),(1997,100),(14215,101),(13850,103),(10010,102),(8556,104),(12074,105),(15249,106),(8371,107),(15397,108),(15046,109),(15120,110),(13214,111),(12502,112),(13145,113),(10025,114),(15294,115),(1914,116),(15251,117),(15292,118),(8991,119),(13909,120),(8559,121),(15384,123),(8823,122),(8537,125),(2216,124),(15057,126),(15186,127),(15044,128),(2262,129),(12385,130),(14101,131),(15221,132),(1752,133),(14177,134),(13382,135),(12933,136),(13786,137),(8751,138),(15151,139),(9069,140),(15153,141),(9053,142),(8809,143),(12001,144),(1926,145),(8827,146),(1777,147),(2298,148),(8907,149),(13469,150),(12261,151),(15234,152),(15088,153),(1976,154),(15194,155),(13587,156),(12626,157),(15022,158),(2194,159),(1789,160),(8726,161),(2133,162),(12760,397),(2171,164),(8327,396),(15264,166),(15317,167),(8881,168),(15363,169),(15239,170),(15398,171),(15205,172),(9042,173),(14061,174),(15373,175),(10020,176),(13057,177),(13640,178),(13526,179),(8315,180),(8830,181),(1745,182),(8632,183),(8850,184),(2138,185),(1812,186),(1901,187),(8679,188),(13596,189),(8322,193),(13251,190),(12899,191),(12396,192),(1946,194),(13034,195),(8316,196),(12316,197),(1866,198),(12116,199),(12813,200),(14157,201),(8956,202),(8413,203),(8815,204),(14152,205),(15082,206),(15075,207),(12889,208),(12130,209),(8482,210),(15331,211),(13594,212),(12490,213),(8314,215),(10199,214),(14224,216),(14198,217),(1625,220),(13465,218),(12585,219),(9064,221),(9033,222),(15323,223),(9063,224),(15059,225),(1827,226),(12378,227),(13050,228),(11979,229),(8443,230),(8883,231),(9003,232),(8573,233),(8318,234),(1766,235),(15199,236),(13444,237),(1723,238),(10128,239),(12369,240),(12641,241),(13300,243),(8941,242),(8367,244),(8643,245),(15191,246),(12288,247),(15346,248),(9028,249),(8381,250),(15038,251),(1945,252),(8666,253),(15070,254),(13274,255),(8693,256),(10135,257),(13032,258),(13323,259),(8496,260),(14235,261),(15246,262),(8997,263),(8810,264),(15227,265),(15388,266),(8510,267),(8952,268),(15193,269),(12383,270),(10019,271),(15345,272),(8964,273),(12180,274),(8783,275),(15025,276),(14135,277),(12405,278),(10034,279),(15047,280),(8618,281),(10009,282),(13438,283),(10104,284),(9070,285),(8979,286),(2273,287),(15091,288),(8904,289),(10041,290),(8401,291),(1975,292),(10083,293),(15314,294),(2272,295),(1963,296),(12310,297),(12659,298),(8647,299),(13933,303),(13529,300),(14121,301),(13504,302),(12159,304),(8427,307),(10084,305),(2160,306),(10157,308),(12076,309),(2018,310),(8328,311),(8339,312),(15216,313),(10079,314),(13299,316),(13371,315),(12030,317),(1761,318),(8334,319),(13295,321),(15094,320),(15168,322),(8320,323),(12339,324),(15062,325),(14213,326),(15318,327),(15141,328),(15097,329),(8799,330),(13022,331),(12840,332),(8819,333),(12048,334),(12649,335),(15074,336),(2146,337),(8951,338),(1904,339),(15220,344),(10184,340),(8506,341),(12033,342),(8363,343),(15332,345),(9071,346),(10191,347),(10047,348),(2009,349),(12545,350),(15391,351),(15144,352),(8798,353),(8475,354),(1981,355),(8600,356),(13887,357),(8916,358),(12960,359),(8926,360),(13892,361),(1970,362),(2294,363),(1816,364),(2206,365),(13426,366),(8489,367),(13208,368),(14211,369),(14089,370),(1794,371),(1943,372),(8940,373),(8873,374),(1663,375),(15139,376),(8848,377),(8702,378),(12015,379),(13558,380),(8981,381),(15189,382),(9034,383),(2281,384),(13961,385),(13346,386),(13790,387),(15152,388),(13170,402),(15093,2),(13186,3),(15171,4),(12541,5),(14148,6),(8497,7),(12527,8),(13344,9),(15296,10),(15109,11),(13292,12),(12662,13),(12702,14),(15247,15),(10091,16),(13834,17),(10015,18),(8312,19),(12956,20),(1991,21),(12635,22),(13106,23),(8903,24),(13222,25),(1736,26),(13570,27),(15326,28),(1624,29),(13317,30),(8602,31),(8432,32),(15125,33),(12700,34),(13239,35),(8922,37),(12604,36),(15034,38),(13290,39),(15155,40),(15107,41),(13420,42),(8317,43),(13838,45),(8882,44),(12194,46),(12739,47),(12878,398),(12614,399),(2079,400),(8801,401);

--
-- Table structure for table `team`
--

CREATE TABLE `team` (
  `name` varchar(50) NOT NULL DEFAULT '',
  `city` varchar(26) DEFAULT NULL,
  `state` varchar(26) DEFAULT NULL,
  `country` varchar(26) NOT NULL DEFAULT '',
  `class` char(2) NOT NULL DEFAULT '',
  `ala` tinyint(1) NOT NULL DEFAULT '0',
  `sponsors` varchar(255) DEFAULT NULL,
  `anecdote` mediumtext,
  `fee_paid` decimal(9,2) DEFAULT NULL,
  `online_reg` tinyint(1) NOT NULL DEFAULT '0',
  `payment_type` char(2) DEFAULT NULL,
  `username` varchar(8) DEFAULT NULL,
  `password` varchar(8) DEFAULT NULL,
  `admin_notes` varchar(255) DEFAULT NULL,
  `song_title` varchar(50) DEFAULT NULL,
  `song_artist` varchar(50) DEFAULT NULL,
  `number_of_riders` int(3) DEFAULT NULL,
  UNIQUE KEY `team_pkey` (`name`)
) ENGINE=MyISAM DEFAULT CHARSET=latin1;

--
-- Dumping data for table `team`
--

INSERT INTO `team` VALUES ('Amy Gunn','Henniker','NH','US','TW',0,NULL,NULL,NULL,0,NULL,NULL,NULL,NULL,NULL,NULL,1),('Me, Myself & I','Rindge','NH','US','JM',0,NULL,NULL,NULL,0,NULL,NULL,NULL,NULL,NULL,NULL,1),('Camden Endurance Programs','Camden','ME','US','TM',0,NULL,NULL,NULL,0,NULL,NULL,NULL,NULL,NULL,NULL,1),('Radical Edge','New Maryland','NB','US','TM',0,NULL,NULL,NULL,0,NULL,NULL,NULL,NULL,NULL,NULL,1),('Daniel Bastien','Rochester','NH','US','TM',0,NULL,NULL,NULL,0,NULL,NULL,NULL,NULL,NULL,NULL,1),('uTest','Ashland','MA','US','TM',0,NULL,NULL,NULL,0,NULL,NULL,NULL,NULL,NULL,NULL,1),('Matt Langlais','West Burke','VT','US','TM',0,NULL,NULL,NULL,0,NULL,NULL,NULL,NULL,NULL,NULL,1),('Roy Solomon','Ashland','MA','US','TM',0,NULL,NULL,NULL,0,NULL,NULL,NULL,NULL,NULL,NULL,1),('Joseph Aubin','Goffstown','NH','US','TM',0,NULL,NULL,NULL,0,NULL,NULL,NULL,NULL,NULL,NULL,1),('Mt. Cycology','Winhall','VT','US','TM',0,NULL,NULL,NULL,0,NULL,NULL,NULL,NULL,NULL,NULL,1),('Phil Foisy','Potsdam','NY','US','TM',0,NULL,NULL,NULL,0,NULL,NULL,NULL,NULL,NULL,NULL,1),('Jim Allott','Potsdam','NY','US','TM',0,NULL,NULL,NULL,0,NULL,NULL,NULL,NULL,NULL,NULL,1),('Mike Haskell','norton','MA','US','TM',0,NULL,NULL,NULL,0,NULL,NULL,NULL,NULL,NULL,NULL,1),('james sivec','Medford','NY','US','TM',0,NULL,NULL,NULL,0,NULL,NULL,NULL,NULL,NULL,NULL,1),('Robert Derouchie','Brasher Falls','NY','US','TM',0,NULL,NULL,NULL,0,NULL,NULL,NULL,NULL,NULL,NULL,1),('David Jinks','Toms River','NJ','US','TM',0,NULL,NULL,NULL,0,NULL,NULL,NULL,NULL,NULL,NULL,1),('Darryl Heale','Toms River','NJ','US','TM',0,NULL,NULL,NULL,0,NULL,NULL,NULL,NULL,NULL,NULL,1),('Delta Surveying Services','East Hartford','CT','US','TM',0,NULL,NULL,NULL,0,NULL,NULL,NULL,NULL,NULL,NULL,1),('Bethel Cycle Sport Club','Canaan','NH','US','TM',0,NULL,NULL,NULL,0,NULL,NULL,NULL,NULL,NULL,NULL,1),('Cannondale','Haverhill','NH','US','TM',0,NULL,NULL,NULL,0,NULL,NULL,NULL,NULL,NULL,NULL,1),('Hoss and Rider','Concord','NH','US','DC',0,NULL,NULL,NULL,0,NULL,NULL,NULL,NULL,NULL,NULL,2),('Ball and Chainring','Francestown','NH','US','DC',0,NULL,NULL,NULL,0,NULL,NULL,NULL,NULL,NULL,NULL,2),('The Simpsons','Franconia','NH','US','DC',0,NULL,NULL,NULL,0,NULL,NULL,NULL,NULL,NULL,NULL,2),('New Hampshire Cycling Club','Concord','NH','US','DM',0,NULL,NULL,NULL,0,NULL,NULL,NULL,NULL,NULL,NULL,2),('Pure Adrenaline','Wilmington','MA','US','DM',0,NULL,NULL,NULL,0,NULL,NULL,NULL,NULL,NULL,NULL,2),('Air Supply','Ashland','MA','US','DM',0,NULL,NULL,NULL,0,NULL,NULL,NULL,NULL,NULL,NULL,2),('Rapid Transit','Arlington','MA','US','DM',0,NULL,NULL,NULL,0,NULL,NULL,NULL,NULL,NULL,NULL,2),('Fadden Brothers','Center Conway','NH','US','DM',0,NULL,NULL,NULL,0,NULL,NULL,NULL,NULL,NULL,NULL,2),('No Bonk Betties','Newburyport','MA','US','DW',0,NULL,NULL,NULL,0,NULL,NULL,NULL,NULL,NULL,NULL,2),('Burnt Out Broads on Bikes','Raymond','NH','US','DW',0,NULL,NULL,NULL,0,NULL,NULL,NULL,NULL,NULL,NULL,2),('Coyote Hill','Norwich','VT','US','DW',0,NULL,NULL,NULL,0,NULL,NULL,NULL,NULL,NULL,NULL,2),('Slackers','Newmarket','NH','US','TO',0,NULL,NULL,NULL,0,NULL,NULL,NULL,NULL,NULL,NULL,4),('Landshark','Littleton','NH','US','WZ',0,NULL,NULL,NULL,0,NULL,NULL,NULL,NULL,NULL,NULL,1),('Towels, Brian','East Hampton','MA','USA','MF',0,'','',0.00,0,'CK','new0807','x1xMQkHp','','','',1),('www.bikeman.com','Williston','VT','US','M3',0,NULL,NULL,NULL,0,NULL,NULL,NULL,NULL,NULL,NULL,1),('GT Bicycles Dirt Coalition','North Conway','NH','US','M3',0,NULL,NULL,NULL,0,NULL,NULL,NULL,NULL,NULL,NULL,1),('Bike29.com','Burlington','VT','US','M3',0,NULL,NULL,NULL,0,NULL,NULL,NULL,NULL,NULL,NULL,1),('Matt Bowser','Canterbury','NH','US','M3',0,NULL,NULL,NULL,0,NULL,NULL,NULL,NULL,NULL,NULL,1),('Bikeman.com/Cooper Cargill Chant/MWVelo','North Conway','NH','US','M3',0,NULL,NULL,NULL,0,NULL,NULL,NULL,NULL,NULL,NULL,1),('Team Bulldog/Cycle Craft','Manville','NJ','US','M3',0,NULL,NULL,NULL,0,NULL,NULL,NULL,NULL,NULL,NULL,1),('Gabe Boisseau','Bethlehem','NH','US','M3',0,NULL,NULL,NULL,0,NULL,NULL,NULL,NULL,NULL,NULL,1),('Team Bikeman.com','Bridgton','ME','US','M3',0,NULL,NULL,NULL,0,NULL,NULL,NULL,NULL,NULL,NULL,1),('Wrobleski Party Rentals','Center Conway','NH','US','M3',0,NULL,NULL,NULL,0,NULL,NULL,NULL,NULL,NULL,NULL,1),('Mark Barton','Danvers','MA','US','MN',0,NULL,NULL,NULL,0,NULL,NULL,NULL,NULL,NULL,NULL,1),('Team Bill','Rockport','MA','US','MN',0,NULL,NULL,NULL,0,NULL,NULL,NULL,NULL,NULL,NULL,1),('Krankin\' Landshark','Gorham','ME','US','MN',0,NULL,NULL,NULL,0,NULL,NULL,NULL,NULL,NULL,NULL,1),('Thomas Swiader','','','US','MN',0,NULL,NULL,NULL,0,NULL,NULL,NULL,NULL,NULL,NULL,1),('Mystic Velo','Ledyard','CT','US','MN',0,NULL,NULL,NULL,0,NULL,NULL,NULL,NULL,NULL,NULL,1),('Chris Meier','North Conway','NH','US','MN',0,NULL,NULL,NULL,0,NULL,NULL,NULL,NULL,NULL,NULL,1),('Aaron Woods','Campton','NH','US','MN',0,NULL,NULL,NULL,0,NULL,NULL,NULL,NULL,NULL,NULL,1),('Go Fast Betty Part Deux','Watertown','MA','US','MN',0,NULL,NULL,NULL,0,NULL,NULL,NULL,NULL,NULL,NULL,1),('Matthew Danis','Canterbury','CT','US','MN',0,NULL,NULL,NULL,0,NULL,NULL,NULL,NULL,NULL,NULL,1),('Mountain Center Physical Therapy','Brownfield','ME','US','MN',0,NULL,NULL,NULL,0,NULL,NULL,NULL,NULL,NULL,NULL,1),('William McGandy','Lebanon','NH','US','MN',0,NULL,NULL,NULL,0,NULL,NULL,NULL,NULL,NULL,NULL,1),('Mystic Cycle Center','Noorwich','CT','US','MN',0,NULL,NULL,NULL,0,NULL,NULL,NULL,NULL,NULL,NULL,1),('Earl\'s','westford','VT','US','MN',0,NULL,NULL,NULL,0,NULL,NULL,NULL,NULL,NULL,NULL,1),('Chain Snappin Landshark','Littleton','NH','US','MN',0,NULL,NULL,NULL,0,NULL,NULL,NULL,NULL,NULL,NULL,1),('Red Jersey Rockets','Kearsarge','NH','US','MN',0,NULL,NULL,NULL,0,NULL,NULL,NULL,NULL,NULL,NULL,1),('steve-o, ALL NITE LONG!!','holyoke','MA','US','MN',0,NULL,NULL,NULL,0,NULL,NULL,NULL,NULL,NULL,NULL,1),('Daniel Ward','Cranston','RI','US','MN',0,NULL,NULL,NULL,0,NULL,NULL,NULL,NULL,NULL,NULL,1),('KittensRGr8','lancaster','NH','US','MN',0,NULL,NULL,NULL,0,NULL,NULL,NULL,NULL,NULL,NULL,1),('Team Tire','Rindge','NH','US','MF',0,NULL,NULL,NULL,0,NULL,NULL,NULL,NULL,NULL,NULL,1),('greg chane','salem','MA','US','MF',0,NULL,NULL,NULL,0,NULL,NULL,NULL,NULL,NULL,NULL,1),('denis  niez','bethlehem','CT','US','MF',0,NULL,NULL,NULL,0,NULL,NULL,NULL,NULL,NULL,NULL,1),('Mathieu\'s Cycle + Fitness','Winslow','ME','US','MF',0,NULL,NULL,NULL,0,NULL,NULL,NULL,NULL,NULL,NULL,1),('Dave','Pittsfield','NH','US','MF',0,NULL,NULL,NULL,0,NULL,NULL,NULL,NULL,NULL,NULL,1),('Littleton Landsharks 1','Bethlehem','NH','US','MZ',0,'','',0.00,0,'',NULL,'','','','',1),('TPCASSIDY','new rochelle','NY','US','MF',0,NULL,NULL,NULL,0,NULL,NULL,NULL,NULL,NULL,NULL,1),('Water-Keep/BMCC','Taylorsville','NC','US','MF',0,NULL,NULL,NULL,0,NULL,NULL,NULL,NULL,NULL,NULL,1),('Peter Martin','Rockport','MA','US','MF',0,NULL,NULL,NULL,0,NULL,NULL,NULL,NULL,NULL,NULL,1),('Jesse Walker','Union','NH','US','MY',0,NULL,NULL,NULL,0,NULL,NULL,NULL,NULL,NULL,NULL,1),('Recycled Sports','Seabrook','NH','US','MY',0,NULL,NULL,NULL,0,NULL,NULL,NULL,NULL,NULL,NULL,1),('BILL CHAMPAGNE','woodbury','CT','US','MY',0,NULL,NULL,NULL,0,NULL,NULL,NULL,NULL,NULL,NULL,1),('The Old the Bad and the Ugly','Harwinton','CT','US','MY',0,NULL,NULL,NULL,0,NULL,NULL,NULL,NULL,NULL,NULL,1),('Katrina Zalenski','Methuen','MA','US','WN',0,NULL,NULL,NULL,0,NULL,NULL,NULL,NULL,NULL,NULL,1),('Mather Graphics','East Hartford','CT','US','WF',0,NULL,NULL,NULL,0,NULL,NULL,NULL,NULL,NULL,NULL,1),('mtbmind.com/LUNA Chix','Salem','MA','US','WF',0,NULL,NULL,NULL,0,NULL,NULL,NULL,NULL,NULL,NULL,1),('Cascobaysports.com/Mullet','biddeford','ME','US','DS',0,NULL,NULL,NULL,0,NULL,NULL,NULL,NULL,NULL,NULL,1),('Rockwallers','Ottawa','ON','CA','DS',0,NULL,NULL,NULL,0,NULL,NULL,NULL,NULL,NULL,NULL,1),('Two for One Landsharks','Littleton','NH','CA','DS',0,NULL,NULL,NULL,0,NULL,NULL,NULL,NULL,NULL,NULL,1),('Team Littleton Bike and Fitness','Lisbon','NH','US','DS',0,NULL,NULL,NULL,0,NULL,NULL,NULL,NULL,NULL,NULL,1),('THINK SPRING!?','Sterling','MA','CA','MD',0,NULL,NULL,NULL,0,NULL,NULL,NULL,NULL,NULL,NULL,2),('The Dos-Niner Duo','Hudson','MA','US','MD',0,NULL,NULL,NULL,0,NULL,NULL,NULL,NULL,NULL,NULL,2),('Team Tuckermen','Presque Isle','ME','US','MD',0,NULL,NULL,NULL,0,NULL,NULL,NULL,NULL,NULL,NULL,2),('Two In The Box, Ready To Go','Brentwood','NH','US','MD',0,NULL,NULL,NULL,0,NULL,NULL,NULL,NULL,NULL,NULL,2),('Feel the Burn','Warwick','RI','US','MD',0,NULL,NULL,NULL,0,NULL,NULL,NULL,NULL,NULL,NULL,2),('Single Track Warriors','Marstons Mills','MA','US','MD',0,NULL,NULL,NULL,0,NULL,NULL,NULL,NULL,NULL,NULL,2),('Mountain Valley Sports/Louis Garneau','Grantham','NH','US','MD',0,NULL,NULL,NULL,0,NULL,NULL,NULL,NULL,NULL,NULL,2),('August Chiefs','Kittery','ME','CA','MD',0,NULL,NULL,NULL,0,NULL,NULL,NULL,NULL,NULL,NULL,2),('Flye Cycles','amherst','MA','US','MD',0,NULL,NULL,NULL,0,NULL,NULL,NULL,NULL,NULL,NULL,2),('Mountain Song','Medford','MA','US','MD',0,NULL,NULL,NULL,0,NULL,NULL,NULL,NULL,NULL,NULL,2),('M.C. Hammerers','Danvers','MA','US','WD',0,NULL,NULL,NULL,0,NULL,NULL,NULL,NULL,NULL,NULL,2),('Angry Exports on Ale','South Portland','ME','US','WD',0,NULL,NULL,NULL,0,NULL,NULL,NULL,NULL,NULL,NULL,2),('Muffy Landsharks','Passumpsic','VT','US','WD',0,NULL,NULL,NULL,0,NULL,NULL,NULL,NULL,NULL,NULL,2),('Back Bay Bicycles/Esp Royale Caffe','Belfast','ME','US','WS',0,NULL,NULL,NULL,0,NULL,NULL,NULL,NULL,NULL,NULL,4),('Bow-Chicka-Wow-Wow','Framingham','MA','US','WB',0,NULL,NULL,NULL,0,NULL,NULL,NULL,NULL,NULL,NULL,4),('Yes We Can','Ipswich','MA','US','MS',0,NULL,NULL,NULL,0,NULL,NULL,NULL,NULL,NULL,NULL,4),('White Mountain Wheelers','Bethlehem','NH','US','MS',0,NULL,NULL,NULL,0,NULL,NULL,NULL,NULL,NULL,NULL,4),('White Mountain Cafe','Berlin','NH','US','MS',0,NULL,NULL,NULL,0,NULL,NULL,NULL,NULL,NULL,NULL,4),('waldo mtn mxers/bar harbor bike shop','brewer','ME','US','MS',0,NULL,NULL,NULL,0,NULL,NULL,NULL,NULL,NULL,NULL,4),('Three Old Farts & Corey','Warwick','RI','US','MS',0,NULL,NULL,NULL,0,NULL,NULL,NULL,NULL,NULL,NULL,4),('Team Pinnacle/Claremont Cycle Depot','Keene','NH','US','MS',0,NULL,NULL,NULL,0,NULL,NULL,NULL,NULL,NULL,NULL,4),('Team Agony','Chicopee','MA','US','MF',0,'','',0.00,0,'',NULL,'','','','',1),('Rhino Bike Works','Plymouth','NH','US','MS',0,NULL,NULL,NULL,0,NULL,NULL,NULL,NULL,NULL,NULL,4),('On Your Right','Hopkinton','MA','US','MS',0,NULL,NULL,NULL,0,NULL,NULL,NULL,NULL,NULL,NULL,4),('Mid-Coast Mashers','Portland','ME','US','MS',0,NULL,NULL,NULL,0,NULL,NULL,NULL,NULL,NULL,NULL,4),('Half-fast','Dover','NH','US','MS',0,NULL,NULL,NULL,0,NULL,NULL,NULL,NULL,NULL,NULL,4),('GREAT GLEN PIRATES','HANSON','MA','US','MS',0,NULL,NULL,NULL,0,NULL,NULL,NULL,NULL,NULL,NULL,4),('Four Amigos','Bartlett','NH','US','MS',0,NULL,NULL,NULL,0,NULL,NULL,NULL,NULL,NULL,NULL,4),('East Burke Land Sharks','East Burke','VT','US','MS',0,NULL,NULL,NULL,0,NULL,NULL,NULL,NULL,NULL,NULL,4),('Dogs Speed','montpelier','VT','US','MS',0,NULL,NULL,NULL,0,NULL,NULL,NULL,NULL,NULL,NULL,4),('Dirt Nuts 4','New Haven','CT','US','ME',0,'','',0.00,0,'',NULL,'','','','',4),('Crank Racing 4x','Peabody','MA','US','MS',0,NULL,NULL,NULL,0,NULL,NULL,NULL,NULL,NULL,NULL,4),('Boss Hoggs','natick','MA','US','MS',0,NULL,NULL,NULL,0,NULL,NULL,NULL,NULL,NULL,NULL,4),('Big Chitt Bikes aka We\'ll sleep when were dead','Chittenango','NY','US','MS',0,NULL,NULL,NULL,0,NULL,NULL,NULL,NULL,NULL,NULL,4),('Acidotic Racing-B','ALFRED','ME','US','MS',0,NULL,NULL,NULL,0,NULL,NULL,NULL,NULL,NULL,NULL,4),('Acidotic Racing','Stafford','NH','US','MS',0,NULL,NULL,NULL,0,NULL,NULL,NULL,NULL,NULL,NULL,4),('International Men of Misery','somerville','MA','US','MP',0,NULL,NULL,NULL,0,NULL,NULL,NULL,NULL,NULL,NULL,4),('Team Pinnacle Masters','Sunapee','NH','US','MO',0,NULL,NULL,NULL,0,NULL,NULL,NULL,NULL,NULL,NULL,4),('Silent Suffering','New Milford','CT','US','MO',0,NULL,NULL,NULL,0,NULL,NULL,NULL,NULL,NULL,NULL,4),('Kingdom Land Sharks','Lyndon Center','VT','US','MO',0,NULL,NULL,NULL,0,NULL,NULL,NULL,NULL,NULL,NULL,4),('UNH','Ossipee','NH','US','ME',0,NULL,NULL,NULL,0,NULL,NULL,NULL,NULL,NULL,NULL,4),('Skirack.com','Burlington','VT','US','ME',0,NULL,NULL,NULL,0,NULL,NULL,NULL,NULL,NULL,NULL,4),('Red jersey cyclery/Michelin/Rocky Mountain','Intervale','NH','US','ME',0,NULL,NULL,NULL,0,NULL,NULL,NULL,NULL,NULL,NULL,4),('Endo Farmers','Somerville','MA','US','ME',0,NULL,NULL,NULL,0,NULL,NULL,NULL,NULL,NULL,NULL,4),('back bay bicycles/ espresso royale caffe','allston','MA','US','ME',0,NULL,NULL,NULL,0,NULL,NULL,NULL,NULL,NULL,NULL,4),('Smiling Landsharks','Littleton','NH','US','MB',0,NULL,NULL,NULL,0,NULL,NULL,NULL,NULL,NULL,NULL,4),('Cranky Jakes','Danvers','MA','US','MB',0,NULL,NULL,NULL,0,NULL,NULL,NULL,NULL,NULL,NULL,4),('Claremont Cycle Depot / Team Pinnacle','Enfield','NH','US','MB',0,NULL,NULL,NULL,0,NULL,NULL,NULL,NULL,NULL,NULL,4),('Slow and Steady Gets Eaten By A Bear\'','Intervale','NH','US','5J',0,NULL,NULL,NULL,0,NULL,NULL,NULL,NULL,NULL,NULL,5),('Kelly\'s Heros','Dover','NH','US','5J',0,NULL,NULL,NULL,0,NULL,NULL,NULL,NULL,NULL,NULL,5),('Conway Chaos','Conway','NH','US','5J',0,NULL,NULL,NULL,0,NULL,NULL,NULL,NULL,NULL,NULL,5),('bike one','N.Conway','NH','US','5C',0,'','',0.00,0,'',NULL,'','','','',5),('The Hessians','Burlington','CT','US','5C',0,NULL,NULL,NULL,0,NULL,NULL,NULL,NULL,NULL,NULL,5),('mudd smugglers','harrison','ME','US','5C',0,NULL,NULL,NULL,0,NULL,NULL,NULL,NULL,NULL,NULL,5),('Gotham City Gear Heads','New Fairfield','CT','US','5C',0,NULL,NULL,NULL,0,NULL,NULL,NULL,NULL,NULL,NULL,5),('Dog Fish Head Ale','Keene','NH','US','5C',0,NULL,NULL,NULL,0,NULL,NULL,NULL,NULL,NULL,NULL,5),('Bates Masters','Milton','MA','US','5C',0,NULL,NULL,NULL,0,NULL,NULL,NULL,NULL,NULL,NULL,5),('WORKING MAN IS A $UCKER','Kingston','MA','US','C5',0,NULL,NULL,NULL,0,NULL,NULL,NULL,NULL,NULL,NULL,5),('Treadheads','Jay','VT','US','C5',0,NULL,NULL,NULL,0,NULL,NULL,NULL,NULL,NULL,NULL,5),('The Lame Ducks','Lyme','NH','US','MS',0,'','',0.00,0,'',NULL,'','','','',4),('The Harder you fall the higher you Bounce','Lyme','NH','US','C5',0,NULL,NULL,NULL,0,NULL,NULL,NULL,NULL,NULL,NULL,5),('Rev. Ron\'s Gang','Lyndeborough','NH','US','C5',0,NULL,NULL,NULL,0,NULL,NULL,NULL,NULL,NULL,NULL,5),('Nuts \'n Honey','Weare','NH','US','C5',0,NULL,NULL,NULL,0,NULL,NULL,NULL,NULL,NULL,NULL,5),('MWV VELO-ciraptors','Intervale','NH','US','C5',0,NULL,NULL,NULL,0,NULL,NULL,NULL,NULL,NULL,NULL,5),('In Need of Rehab','Madison','NH','US','C5',0,NULL,NULL,NULL,0,NULL,NULL,NULL,NULL,NULL,NULL,5),('Expecto Patronum','Newton','MA','US','MS',0,'','',0.00,0,'',NULL,'','','','',4),('Essex County Velo','Byfield','MA','US','C5',0,NULL,NULL,NULL,0,NULL,NULL,NULL,NULL,NULL,NULL,5),('Backcountry Magazine','Underhill','VT','US','C5',0,NULL,NULL,NULL,0,NULL,NULL,NULL,NULL,NULL,NULL,5),('Americans for the ethical treatment of leg hair','burlington','VT','US','C5',0,NULL,NULL,NULL,0,NULL,NULL,NULL,NULL,NULL,NULL,5),('A Team','ledyard','CT','US','C5',0,NULL,NULL,NULL,0,NULL,NULL,NULL,NULL,NULL,NULL,5),('4 Old Guys & 1 Babe','Goffstown','NH','US','C5',0,NULL,NULL,NULL,0,NULL,NULL,NULL,NULL,NULL,NULL,5),('4 Beautiful People and the Fat Guy','West Newbury','MA','US','MB',0,'','',0.00,0,'',NULL,'','','','',4),('Team Harborside Cycle 1','gloucester','MA','US','MF',0,NULL,NULL,NULL,0,NULL,NULL,NULL,NULL,NULL,NULL,1),('Team Harborside Cycle 2','Gloucester','MA','US','WF',0,NULL,NULL,NULL,0,NULL,NULL,NULL,NULL,NULL,NULL,1),('Littleton Landsharks 2','Yarmouth','ME','US','MN',0,NULL,NULL,NULL,0,NULL,NULL,NULL,NULL,NULL,NULL,1),('Littleton Landsharks 3','Dunbarton','NH','US','MY',0,NULL,NULL,NULL,0,NULL,NULL,NULL,NULL,NULL,NULL,1),('Tonto Returns','','NH','USA','TM',0,'','',0.00,0,'CK','new0807','x1xkNza0','team # 320','','',1),('Meredith\'s Muffins','','NH','USA','TC',0,'','',0.00,0,'CK','new0807','x1xSmbmu','','','',4),('MTB Mind','','MA','USA','TM',0,'','',0.00,0,'CK','new0807','x1xXQC4z','team # 361','','',1);

--
-- Table structure for table `team_number`
--

CREATE TABLE `team_number` (
  `bib_number` int(4) NOT NULL DEFAULT '0',
  `name` varchar(50) NOT NULL DEFAULT '',
  PRIMARY KEY (`bib_number`,`name`)
) ENGINE=MyISAM DEFAULT CHARSET=latin1;

--
-- Dumping data for table `team_number`
--

INSERT INTO `team_number` VALUES (1,'Landshark'),(2,'Littleton Landsharks 1'),(3,'www.bikeman.com'),(4,'GT Bicycles Dirt Coalition'),(5,'Bike29.com'),(6,'Matt Bowser'),(7,'Bikeman.com/Cooper Cargill Chant/MWVelo'),(8,'Team Bulldog/Cycle Craft'),(9,'Gabe Boisseau'),(10,'Team Bikeman.com'),(11,'Wrobleski Party Rentals'),(12,'Littleton Landsharks 2'),(13,'Mark Barton'),(14,'Team Bill'),(15,'Krankin\' Landshark'),(16,'Thomas Swiader'),(17,'Mystic Velo'),(18,'Chris Meier'),(19,'Aaron Woods'),(20,'Go Fast Betty Part Deux'),(21,'Matthew Danis'),(22,'Mountain Center Physical Therapy'),(23,'William McGandy'),(24,'Mystic Cycle Center'),(25,'Earl\'s'),(26,'Chain Snappin Landshark'),(27,'Red Jersey Rockets'),(28,'steve-o, ALL NITE LONG!!'),(29,'Daniel Ward'),(30,'KittensRGr8'),(31,'Team Tire'),(32,'greg chane'),(33,'denis  niez'),(34,'Mathieu\'s Cycle + Fitness'),(35,'Dave'),(36,'Team Harborside Cycle 1'),(37,'TPCASSIDY'),(38,'Water-Keep/BMCC'),(39,'Peter Martin'),(40,'Jesse Walker'),(41,'Recycled Sports'),(42,'BILL CHAMPAGNE'),(43,'The Old the Bad and the Ugly'),(44,'Littleton Landsharks 3'),(45,'Katrina Zalenski'),(46,'Mather Graphics'),(47,'Team Harborside Cycle 2'),(48,'mtbmind.com/LUNA Chix'),(49,'Towels, Brian'),(100,'Cascobaysports.com/Mullet'),(101,'Rockwallers'),(102,'Two for One Landsharks'),(103,'Team Littleton Bike and Fitness'),(104,'THINK SPRING!?'),(105,'The Dos-Niner Duo'),(106,'Team Tuckermen'),(107,'Two In The Box, Ready To Go'),(108,'Feel the Burn'),(109,'Single Track Warriors'),(110,'Mountain Valley Sports/Louis Garneau'),(111,'August Chiefs'),(112,'Flye Cycles'),(113,'Mountain Song'),(114,'M.C. Hammerers'),(116,'Angry Exports on Ale'),(117,'Muffy Landsharks'),(121,'Back Bay Bicycles/Esp Royale Caffe'),(122,'Bow-Chicka-Wow-Wow'),(123,'Yes We Can'),(124,'White Mountain Wheelers'),(125,'White Mountain Cafe'),(126,'waldo mtn mxers/bar harbor bike shop'),(127,'Three Old Farts & Corey'),(128,'Team Pinnacle/Claremont Cycle Depot'),(129,'Team Agony'),(130,'Rhino Bike Works'),(131,'On Your Right'),(132,'Mid-Coast Mashers'),(133,'Half-fast'),(134,'GREAT GLEN PIRATES'),(135,'Four Amigos'),(136,'East Burke Land Sharks'),(137,'Dogs Speed'),(138,'Dirt Nuts 4'),(139,'Crank Racing 4x'),(140,'Boss Hoggs'),(141,'Big Chitt Bikes aka We\'ll sleep when were dead'),(142,'Acidotic Racing-B'),(143,'Acidotic Racing'),(144,'International Men of Misery'),(145,'Team Pinnacle Masters'),(146,'Silent Suffering'),(147,'Kingdom Land Sharks'),(148,'UNH'),(149,'Skirack.com'),(150,'Red jersey cyclery/Michelin/Rocky Mountain'),(151,'Endo Farmers'),(152,'back bay bicycles/ espresso royale caffe'),(153,'Smiling Landsharks'),(154,'Cranky Jakes'),(155,'Claremont Cycle Depot / Team Pinnacle'),(164,'Slow and Steady Gets Eaten By A Bear\''),(165,'Kelly\'s Heros'),(166,'Conway Chaos'),(167,'bike one'),(168,'The Hessians'),(169,'mudd smugglers'),(170,'Gotham City Gear Heads'),(171,'Dog Fish Head Ale'),(172,'Bates Masters'),(173,'WORKING MAN IS A $UCKER'),(174,'Treadheads'),(175,'The Lame Ducks'),(176,'The Harder you fall the higher you Bounce'),(177,'Rev. Ron\'s Gang'),(178,'Nuts \'n Honey'),(179,'MWV VELO-ciraptors'),(180,'In Need of Rehab'),(181,'Expecto Patronum'),(182,'Essex County Velo'),(183,'Backcountry Magazine'),(184,'Americans for the ethical treatment of leg hair'),(185,'A Team'),(186,'4 Old Guys & 1 Babe'),(187,'4 Beautiful People and the Fat Guy'),(300,'Amy Gunn'),(301,'Me, Myself & I'),(302,'Camden Endurance Programs'),(303,'Radical Edge'),(304,'Daniel Bastien'),(305,'uTest'),(306,'Matt Langlais'),(307,'Roy Solomon'),(308,'Joseph Aubin'),(309,'Mt. Cycology'),(310,'Phil Foisy'),(311,'Jim Allott'),(312,'Mike Haskell'),(313,'james sivec'),(314,'Robert Derouchie'),(315,'David Jinks'),(316,'Darryl Heale'),(317,'Delta Surveying Services'),(318,'Bethel Cycle Sport Club'),(319,'Cannondale'),(320,'Tonto Returns'),(350,'Hoss and Rider'),(351,'Ball and Chainring'),(352,'The Simpsons'),(353,'New Hampshire Cycling Club'),(354,'Pure Adrenaline'),(355,'Air Supply'),(356,'Rapid Transit'),(357,'Fadden Brothers'),(358,'No Bonk Betties'),(359,'Burnt Out Broads on Bikes'),(360,'Coyote Hill'),(361,'MTB Mind'),(366,'Slackers'),(367,'Meredith\'s Muffins');


