-- MySQL dump 10.13  Distrib 5.5.61, for Linux (x86_64)
--
-- Host: localhost    Database: grannyge_grannyg2008conyers
-- ------------------------------------------------------
-- Server version	5.5.61-cll

/*!40101 SET @OLD_CHARACTER_SET_CLIENT=@@CHARACTER_SET_CLIENT */;
/*!40101 SET @OLD_CHARACTER_SET_RESULTS=@@CHARACTER_SET_RESULTS */;
/*!40101 SET @OLD_COLLATION_CONNECTION=@@COLLATION_CONNECTION */;
/*!40101 SET NAMES utf8 */;
/*!40103 SET @OLD_TIME_ZONE=@@TIME_ZONE */;
/*!40103 SET TIME_ZONE='+00:00' */;
/*!40014 SET @OLD_UNIQUE_CHECKS=@@UNIQUE_CHECKS, UNIQUE_CHECKS=0 */;
/*!40014 SET @OLD_FOREIGN_KEY_CHECKS=@@FOREIGN_KEY_CHECKS, FOREIGN_KEY_CHECKS=0 */;
/*!40101 SET @OLD_SQL_MODE=@@SQL_MODE, SQL_MODE='NO_AUTO_VALUE_ON_ZERO' */;
/*!40111 SET @OLD_SQL_NOTES=@@SQL_NOTES, SQL_NOTES=0 */;

--
-- Current Database: `grannyge_grannyg2008conyers`
--

CREATE DATABASE /*!32312 IF NOT EXISTS*/ `grannyge_grannyg2008conyers` /*!40100 DEFAULT CHARACTER SET latin1 */;

USE `grannyge_grannyg2008conyers`;

--
-- Table structure for table `correcting_timestamp`
--

DROP TABLE IF EXISTS `correcting_timestamp`;
/*!40101 SET @saved_cs_client     = @@character_set_client */;
/*!40101 SET character_set_client = utf8 */;
CREATE TABLE `correcting_timestamp` (
  `rfid` int(8) NOT NULL DEFAULT '0',
  `team_id` int(4) NOT NULL DEFAULT '0',
  `timestamp` decimal(16,5) NOT NULL DEFAULT '0.00000',
  `trans_timestamp` decimal(16,5) NOT NULL DEFAULT '0.00000',
  `trans_type` varchar(16) NOT NULL DEFAULT '',
  `code` text,
  KEY `correcting_timestamp__rfid__idx` (`rfid`),
  KEY `correcting_timestamp__team_id__` (`team_id`)
) ENGINE=MyISAM DEFAULT CHARSET=latin1;
/*!40101 SET character_set_client = @saved_cs_client */;

--
-- Dumping data for table `correcting_timestamp`
--

LOCK TABLES `correcting_timestamp` WRITE;
/*!40000 ALTER TABLE `correcting_timestamp` DISABLE KEYS */;
INSERT INTO `correcting_timestamp` VALUES (2028,0,1211036604.67384,1211036598.00000,'SYS_DELETE_TRANS','unmatched RFID'),(2028,0,1211036606.01382,1211036598.00000,'SYS_DELETE_TRANS','unmatched RFID'),(2028,0,1211036611.50386,1211036619.00000,'SYS_DELETE_TRANS','unmatched RFID'),(2028,0,1211036612.84383,1211036619.00000,'SYS_DELETE_TRANS','unmatched RFID'),(2028,0,1211036613.88383,1211036619.00000,'SYS_DELETE_TRANS','unmatched RFID'),(10116,1,1211038093.32004,1211049973.00000,'SYS_DELETE_TRANS','current first lap rider is logging in again'),(10120,9,1211082964.37004,1211114443.00000,'MAN_DELETE_TRANS','remoteUpdate'),(8564,24,1211039424.45005,1211039429.00000,'SYS_DELETE_TRANS','current first lap rider is logging in again'),(8822,28,1211045021.82007,1211114504.00000,'MAN_DELETE_TRANS','remoteUpdate'),(10168,18,1211117289.64007,1211117312.00000,'SYS_DELETE_TRANS','lap (0.19 min) is too fast, resetting lap start time'),(10060,27,1211043252.63004,1211043274.00000,'SYS_DELETE_TRANS','new rider log in, cancelling lap after 0.06 min.'),(14148,20,1211039202.52004,1211114468.00000,'MAN_DELETE_TRANS','remoteUpdate'),(12022,16,1211045800.07004,1211045817.00000,'SYS_DELETE_TRANS','lap (0.01 min) is too fast, resetting lap start time'),(1670,21,1211053525.66008,1211053551.00000,'SYS_DELETE_TRANS','lap (0.04 min) is too fast, resetting lap start time'),(10022,12,1211049591.33006,1211081500.00000,'SYS_DELETE_TRANS','new rider log in, cancelling lap after 8.53 min.'),(10116,1,1211045671.00000,1211049935.00000,'MAN_INSERT_TRANS','remoteUpdate'),(10116,1,1211048472.00000,1211049973.00000,'MAN_INSERT_TRANS','remoteUpdate'),(8840,28,1211103394.98010,1211114504.00000,'SYS_DELETE_TRANS','new rider log in, cancelling lap after 6.50 min.'),(8576,12,1211049589.47008,1211081500.00000,'SYS_DELETE_TRANS','new rider log in, cancelling lap after 0.03 min.'),(2032,19,1211050522.00000,1211051065.00000,'MAN_INSERT_TRANS','remoteUpdate'),(10131,11,1211043147.00000,1211051703.00000,'MAN_INSERT_TRANS','remoteUpdate'),(2010,14,1211053743.00000,1211054037.00000,'MAN_INSERT_TRANS','remoteUpdate'),(8833,16,1211054633.26003,1211054660.00000,'SYS_DELETE_TRANS','new rider log in, cancelling lap after 0.10 min.'),(2128,5,1211057745.49003,1211057774.00000,'SYS_DELETE_TRANS','lap (0.05 min) is too fast, resetting lap start time'),(10065,9,1211065614.11005,1211114443.00000,'SYS_DELETE_TRANS','new rider log in, cancelling lap after 0.00 min.'),(10065,9,1211069131.27004,1211114443.00000,'SYS_DELETE_TRANS','lap (0.02 min) is too fast, resetting lap start time'),(10065,9,1211069132.36006,1211114443.00000,'SYS_DELETE_TRANS','lap (0.02 min) is too fast, resetting lap start time'),(10120,9,1211051103.61005,1211056526.00000,'MAN_DELETE_TRANS','remoteUpdate'),(10117,14,1211070252.57005,1211087592.00000,'SYS_DELETE_TRANS','lap (0.02 min) is too fast, resetting lap start time'),(2010,14,1211056591.00000,1211056732.00000,'MAN_INSERT_TRANS','remoteUpdate'),(10125,23,1211058520.88005,1211058548.00000,'SYS_DELETE_TRANS','lap (0.06 min) is too fast, resetting lap start time'),(8444,7,1211059132.32004,1211059161.00000,'SYS_DELETE_TRANS','lap (0.05 min) is too fast, resetting lap start time'),(8461,3,1211056757.98004,1211059358.00000,'MAN_DELETE_TRANS','remoteUpdate'),(8461,3,1211058224.57005,1211059358.00000,'SYS_DELETE_TRANS','lap (0.02 min) is too fast, resetting lap start time'),(2032,19,1211065312.00000,1211065557.00000,'MAN_INSERT_TRANS','remoteUpdate'),(8331,23,1211064958.90005,1211064989.00000,'SYS_DELETE_TRANS','lap (0.05 min) is too fast, resetting lap start time'),(2137,18,1211064899.65008,1211065059.00000,'MAN_DELETE_TRANS','remoteUpdate'),(10120,9,1211055714.71005,1211114443.00000,'SYS_DELETE_TRANS','lap (0.04 min) is too fast, resetting lap start time'),(8315,16,1211065895.74004,1211065922.00000,'SYS_DELETE_TRANS','new rider log in, cancelling lap after 0.02 min.'),(2128,5,1211066274.76004,1211066300.00000,'SYS_DELETE_TRANS','lap (0.09 min) is too fast, resetting lap start time'),(2028,0,1211067432.24005,1211067439.00000,'SYS_DELETE_TRANS','unmatched RFID'),(2028,0,1211067433.47004,1211067460.00000,'SYS_DELETE_TRANS','unmatched RFID'),(10120,9,1211055713.54004,1211114443.00000,'SYS_DELETE_TRANS','lap (0.02 min) is too fast, resetting lap start time'),(10120,9,1211051102.27005,1211114443.00000,'SYS_DELETE_TRANS','new rider log in, cancelling lap after 0.01 min.'),(8479,24,1211069660.61005,1211069668.00000,'SYS_DELETE_TRANS','new rider log in, cancelling lap after 0.02 min.'),(10117,14,1211056593.03007,1211087592.00000,'SYS_DELETE_TRANS','lap (0.04 min) is too fast, resetting lap start time'),(2128,5,1211070941.83004,1211070968.00000,'SYS_DELETE_TRANS','lap (0.07 min) is too fast, resetting lap start time'),(8573,16,1211071691.66004,1211071720.00000,'SYS_DELETE_TRANS','new rider log in, cancelling lap after 0.02 min.'),(14235,28,1211074053.83004,1211114504.00000,'SYS_DELETE_TRANS','new rider log in, cancelling lap after 0.02 min.'),(8339,2,1211074309.10005,1211132421.00000,'SYS_DELETE_TRANS','lap (0.04 min) is too fast, resetting lap start time'),(12192,22,1211074944.86005,1211074975.00000,'SYS_DELETE_TRANS','lap (0.04 min) is too fast, resetting lap start time'),(8492,17,1211076065.61005,1211076096.00000,'SYS_DELETE_TRANS','new rider log in, cancelling lap after 0.02 min.'),(13504,23,1211083128.92005,1211083147.00000,'SYS_DELETE_TRANS','lap (0.02 min) is too fast, resetting lap start time'),(10065,9,1211111634.58006,1211114443.00000,'SYS_DELETE_TRANS','lap (0.11 min) is too fast, resetting lap start time'),(8576,12,1211098511.93004,1211098536.00000,'SYS_DELETE_TRANS','lap (0.01 min) is too fast, resetting lap start time'),(2010,14,1211081577.00000,1211087592.00000,'MAN_INSERT_TRANS','remoteUpdate'),(8927,22,1211101721.66006,1211101754.00000,'SYS_DELETE_TRANS','new rider log in, cancelling lap after 0.01 min.'),(12192,22,1211101722.14004,1211101754.00000,'SYS_DELETE_TRANS','new rider log in, cancelling lap after 0.09 min.'),(8927,22,1211101727.83007,1211101754.00000,'SYS_DELETE_TRANS','new rider log in, cancelling lap after 0.02 min.'),(2128,5,1211103359.17009,1211103392.00000,'SYS_DELETE_TRANS','lap (0.05 min) is too fast, resetting lap start time'),(8643,11,1211115522.19005,1211115553.00000,'SYS_DELETE_TRANS','new rider log in, cancelling lap after 0.04 min.'),(1866,26,1211038311.11004,1212603616.00000,'SYS_DELETE_TRANS','current first lap rider is logging in again'),(12192,22,1211105716.98007,1211105750.00000,'SYS_DELETE_TRANS','new rider log in, cancelling lap after 0.02 min.'),(8841,6,1211042780.36005,1211115840.00000,'SYS_DELETE_TRANS','lap (0.06 min) is too fast, resetting lap start time'),(8388,21,1211108326.61116,1211108356.00000,'SYS_DELETE_TRANS','lap (0.04 min) is too fast, resetting lap start time'),(8479,24,1211109944.42006,1211110327.00000,'SYS_DELETE_TRANS','new rider log in, cancelling lap after 5.83 min.'),(1633,25,1211111517.23006,1211111554.00000,'SYS_DELETE_TRANS','lap (0.05 min) is too fast, resetting lap start time'),(1633,25,1211111520.27005,1211111554.00000,'SYS_DELETE_TRANS','new rider log in, cancelling lap after 0.04 min.'),(10065,9,1211043320.02004,1211114443.00000,'SYS_DELETE_TRANS','lap (0.04 min) is too fast, resetting lap start time'),(2128,5,1211112901.52006,1211112918.00000,'SYS_DELETE_TRANS','lap (0.03 min) is too fast, resetting lap start time'),(8503,26,1211088097.44004,1211114394.00000,'MAN_DELETE_TRANS','remoteUpdate'),(8841,6,1211102737.00000,1211115840.00000,'MAN_INSERT_TRANS','remoteUpdate'),(2128,5,1211117543.96008,1211117567.00000,'SYS_DELETE_TRANS','lap (0.03 min) is too fast, resetting lap start time'),(10065,9,1211118111.65008,1211118137.00000,'SYS_DELETE_TRANS','new rider log in, cancelling lap after 0.08 min.'),(8319,28,1211118211.61005,1211118214.00000,'SYS_DELETE_TRANS','new rider log in, cancelling lap after 0.01 min.'),(10022,12,1211119931.56005,1211119941.00000,'SYS_DELETE_TRANS','lap (0.03 min) is too fast, resetting lap start time'),(10022,12,1211124432.20005,1211124457.00000,'SYS_DELETE_TRANS','lap (0.09 min) is too fast, resetting lap start time'),(8388,21,1211123414.40005,1211123435.00000,'SYS_DELETE_TRANS','lap (0.02 min) is too fast, resetting lap start time'),(12022,16,1211123634.81005,1211123656.00000,'SYS_DELETE_TRANS','lap (0.01 min) is too fast, resetting lap start time'),(12765,19,1211119985.00000,1211124049.00000,'MAN_INSERT_TRANS','ms -z'),(10022,12,1211124437.44008,1211124457.00000,'SYS_DELETE_TRANS','new rider log in, cancelling lap after 0.02 min.'),(14086,18,1211124983.87004,1211125008.00000,'SYS_DELETE_TRANS','lap (0.09 min) is too fast, resetting lap start time'),(10168,18,1211129035.43004,1211129042.00000,'SYS_DELETE_TRANS','Can\'t start new lap after race finish'),(10168,18,1211129036.11005,1211129042.00000,'SYS_DELETE_TRANS','Can\'t start new lap after race finish'),(8339,2,1211099959.82010,1211132421.00000,'MAN_DELETE_TRANS','remoteUpdate');
/*!40000 ALTER TABLE `correcting_timestamp` ENABLE KEYS */;
UNLOCK TABLES;

--
-- Table structure for table `lap_time`
--

DROP TABLE IF EXISTS `lap_time`;
/*!40101 SET @saved_cs_client     = @@character_set_client */;
/*!40101 SET character_set_client = utf8 */;
CREATE TABLE `lap_time` (
  `person_id` int(4) NOT NULL DEFAULT '0',
  `team_id` int(4) NOT NULL DEFAULT '0',
  `last_lap_finish_ts` decimal(16,5) NOT NULL DEFAULT '0.00000',
  `start_rfid` int(8) NOT NULL DEFAULT '0',
  `start_ts` decimal(16,5) NOT NULL DEFAULT '0.00000',
  `finish_rfid` int(8) DEFAULT NULL,
  `finish_ts` decimal(16,5) DEFAULT NULL,
  `lap_time` decimal(16,5) DEFAULT NULL,
  KEY `lap_time__person_id__idx` (`person_id`),
  KEY `lap_time__team_id__idx` (`team_id`)
) ENGINE=MyISAM DEFAULT CHARSET=latin1;
/*!40101 SET character_set_client = @saved_cs_client */;

--
-- Dumping data for table `lap_time`
--

LOCK TABLES `lap_time` WRITE;
/*!40000 ALTER TABLE `lap_time` DISABLE KEYS */;
INSERT INTO `lap_time` VALUES (87,14,1211081564.23004,2010,1211081577.00000,8438,1211085017.91101,3453.68097),(75,1,1211045670.21005,10116,1211045671.00000,10116,1211048470.35004,2800.13999),(79,19,1211119985.00000,13156,1211119986.95007,13156,1211122402.52007,2417.52007),(118,4,1211040000.00000,8409,1211038188.59004,8409,1211043650.27004,3650.27004),(3,26,1211119339.30004,8503,1211119341.09005,8503,1211123284.94004,3945.64000),(40,12,1211076499.26005,13668,1211076751.41004,13668,1211080084.08004,3584.81999),(62,17,1211040000.00000,10091,1211038625.27006,10091,1211043038.77004,3038.77004),(59,21,1211040000.00000,1670,1211038745.95004,1670,1211043683.70005,3683.70005),(72,5,1211040000.00000,2128,1211038797.57005,2128,1211043053.29006,3053.29006),(86,10,1211040000.00000,8906,1211038861.74005,8906,1211042629.78008,2629.78008),(17,28,1211113167.58004,8319,1211113169.23005,8319,1211118209.18004,5041.60000),(29,25,1211040000.00000,9014,1211038900.55005,9014,1211043027.04006,3027.04006),(74,8,1211040000.00000,8940,1211038962.07005,8940,1211044014.92003,4014.92003),(14,9,1211111631.48006,10065,1211111641.30006,10065,1211118110.31004,6478.82998),(76,7,1211040000.00000,8444,1211039032.50008,8444,1211043581.14005,3581.14005),(104,23,1211040000.00000,8331,1211039037.29008,8331,1211042995.68008,2995.68008),(53,16,1211040000.00000,8573,1211039094.13005,8573,1211042866.44005,2866.44005),(112,27,1211040000.00000,10060,1211039121.80005,10060,1211043247.99004,3247.99004),(101,11,1211047967.73004,8643,1211047969.17005,8643,1211051388.58005,3420.85001),(67,22,1211059558.76004,8927,1211059559.64004,8927,1211062490.42004,2931.66000),(45,20,1211111363.80005,8979,1211111367.01005,8979,1211114479.99004,3116.18999),(111,6,1211108040.88005,8841,1211108042.03004,8841,1211112675.13004,4634.24999),(70,22,1211040000.00000,10194,1211039297.87004,10194,1211042970.14005,2970.14005),(107,18,1211064897.08004,10168,1211064898.86004,10168,1211068151.17004,3254.09000),(81,24,1211040000.00000,8564,1211039426.89004,8564,1211043796.05003,3796.05003),(86,10,1211042629.78008,8906,1211042632.17004,8906,1211045410.09004,2780.30996),(77,19,1211116955.16004,12765,1211116957.61005,12765,1211119985.00000,3029.83996),(111,6,1211102736.53008,8841,1211102737.00000,8841,1211108040.88005,5304.34997),(75,1,1211042795.40011,10116,1211042796.28005,10116,1211045670.21005,2874.80994),(56,16,1211042866.44005,1853,1211042867.47004,1853,1211045797.19006,2930.75001),(89,14,1211078482.87007,9090,1211078484.39004,9090,1211081564.23004,3081.35997),(68,22,1211042970.14005,2285,1211042971.59005,2285,1211046201.35005,3231.21000),(102,23,1211042995.68008,13504,1211042996.19031,13504,1211045986.70005,2991.01997),(73,2,1211095163.11004,8339,1211095164.69004,8339,1211099958.16006,4795.05002),(32,25,1211043027.04006,12324,1211043034.73004,12324,1211046704.57005,3677.52999),(66,17,1211043038.77004,8492,1211043048.35003,8492,1211045790.27005,2751.50001),(72,5,1211043053.29006,2128,1211043055.08004,2128,1211046511.75005,3458.45999),(40,12,1211073361.73005,13668,1211073363.52005,13668,1211076499.26005,3137.53000),(114,27,1211043247.99004,1777,1211043256.50004,1777,1211047013.12004,3765.13000),(110,18,1211060901.85005,2137,1211060903.18005,2137,1211064897.08004,3995.22999),(14,9,1211105118.92005,10065,1211106050.51005,10065,1211111631.48006,6512.56001),(76,7,1211043581.14005,8444,1211043582.93005,8444,1211047194.38004,3613.23999),(118,4,1211043650.27004,8409,1211043653.91004,8409,1211047881.36005,4231.09001),(60,21,1211043683.70005,2294,1211043685.60005,2294,1211046948.13004,3264.42999),(82,24,1211043796.05003,8378,1211043798.25004,8378,1211047431.91004,3635.86001),(74,8,1211044014.92003,8940,1211044016.15004,8940,1211048272.53004,4257.61001),(44,20,1211108147.72004,8843,1211108148.65008,8843,1211111363.80005,3216.08001),(5,26,1211115496.00005,8918,1211115497.47004,8918,1211119339.30004,3843.29999),(18,28,1211107818.99013,8822,1211107821.71005,8822,1211113167.58004,5348.58991),(88,14,1211075703.64007,12559,1211075704.53004,12559,1211078482.87007,2779.23000),(85,10,1211045410.09004,8980,1211045412.23096,8980,1211047817.46006,2407.37002),(78,19,1211113609.91005,12107,1211113647.12006,12107,1211116955.16004,3345.24999),(111,6,1211098787.52004,8841,1211098788.70005,8841,1211102736.53008,3949.01004),(65,17,1211045790.27005,10155,1211045792.81004,10155,1211048594.64006,2804.37001),(57,16,1211045797.19006,12022,1211045800.71005,12022,1211048638.24004,2841.04998),(71,3,1211056750.59005,8461,1211058225.80003,8461,1211062725.23005,5974.64000),(105,23,1211045986.70005,10125,1211045988.71004,10125,1211049099.92006,3113.22001),(43,12,1211069275.60005,10022,1211069277.31007,10022,1211073361.73005,4086.13000),(67,22,1211046201.35005,8927,1211046202.58009,8927,1211049154.89007,2953.54002),(72,5,1211046511.75005,2128,1211046514.27004,2128,1211050179.35005,3667.60000),(34,25,1211046704.57005,14240,1211046706.14004,14240,1211049688.21007,2983.64002),(58,21,1211046948.13004,9025,1211046949.92004,9025,1211049886.47005,2938.34001),(116,27,1211047013.12004,2216,1211047016.02005,2216,1211050685.09004,3671.97000),(47,20,1211104508.66004,14148,1211104509.93007,14148,1211108147.72004,3639.06000),(73,2,1211090396.71004,8339,1211090398.38007,8339,1211095163.11004,4766.40000),(76,7,1211047194.38004,8444,1211047195.46003,8444,1211050971.85006,3777.47002),(84,24,1211047431.91004,10112,1211047433.86005,10112,1211051039.29004,3607.38000),(109,18,1211057418.10004,14086,1211057420.89004,14086,1211060901.85005,3483.75001),(15,9,1211100486.66004,10120,1211100490.33007,10120,1211105118.92005,4632.26001),(85,10,1211047817.46006,8980,1211047820.10789,8980,1211050342.16005,2524.69999),(118,4,1211047881.36005,8409,1211047886.63005,8409,1211052861.47004,4980.10999),(98,11,1211043145.52005,10131,1211043147.00000,10131,1211047967.73004,4822.20999),(79,19,1211111233.93004,13156,1211111235.57005,13156,1211113609.91005,2375.98001),(90,14,1211072937.21004,10182,1211072938.60004,10182,1211075703.64007,2766.43003),(74,8,1211048272.53004,8940,1211048273.96005,8940,1211052576.24004,4303.71000),(75,1,1211040000.00000,10116,1211038097.02004,10116,1211042795.40011,2795.40011),(111,6,1211093366.99004,8841,1211093368.61004,8841,1211098787.52004,5420.53000),(64,17,1211048594.64006,2086,1211048596.71007,2086,1211051559.44015,2964.80009),(55,16,1211048638.24004,8315,1211048641.92005,8315,1211051497.01004,2858.77000),(103,23,1211049099.92006,8991,1211049125.41007,8991,1211052235.62004,3135.69998),(69,22,1211049154.89007,12192,1211049156.76028,12192,1211052210.41004,3055.51997),(42,12,1211066144.78005,12434,1211066146.71146,12434,1211069275.60005,3130.82000),(27,25,1211049688.21007,14058,1211049691.08005,14058,1211053429.78006,3741.56999),(2,26,1211110269.71005,10114,1211110275.50007,10114,1211115496.00005,5226.29000),(61,21,1211049886.47005,8388,1211049889.40010,8388,1211053524.26008,3637.79003),(75,1,1211048470.35004,10116,1211048472.00000,10116,1211051492.85005,3022.50001),(46,20,1211100190.76004,2125,1211100193.51007,2125,1211104508.66004,4317.90000),(72,5,1211050179.35005,2128,1211050181.28005,2128,1211053801.26007,3621.91002),(86,10,1211050342.16005,8906,1211050344.46004,8906,1211053114.48004,2772.31999),(115,27,1211050685.09004,8548,1211050687.74005,8548,1211053750.86082,3065.77078),(91,14,1211070250.91009,10117,1211070253.53006,10117,1211072937.21004,2686.29995),(106,18,1211054136.09004,12019,1211054138.24005,12019,1211057418.10004,3282.01000),(76,7,1211050971.85006,8444,1211050973.96005,8444,1211054953.12004,3981.26998),(80,19,1211108393.73005,13208,1211108393.83006,13208,1211111233.93004,2840.19999),(83,24,1211051039.29004,8479,1211051040.98005,8479,1211054723.93004,3684.64000),(15,9,1211095493.69004,10120,1211096258.39004,10120,1211100486.66004,4992.97000),(99,11,1211040000.00000,8666,1211039125.73005,8666,1211043145.52005,3145.52005),(73,2,1211079564.90009,8339,1211079566.72004,8339,1211090396.71004,10831.80995),(75,1,1211051492.85005,10116,1211051493.77004,10116,1211054697.54004,3204.68999),(54,16,1211051497.01004,8833,1211051502.52005,8833,1211054632.53005,3135.52001),(63,17,1211051559.44015,13834,1211051562.67005,13834,1211055062.97004,3503.52989),(100,11,1211051388.58005,12294,1211051390.23006,12294,1211054716.18005,3327.60000),(111,6,1211087890.31004,8841,1211087891.58005,8841,1211093366.99004,5476.68000),(70,22,1211052210.41004,10194,1211052212.73005,10194,1211055167.00005,2956.59001),(104,23,1211052235.62004,8331,1211052237.02004,8331,1211055325.50004,3089.88000),(71,3,1211050430.86004,8461,1211052257.02003,8461,1211056750.59005,6319.73001),(74,8,1211052576.24004,8940,1211052577.47004,8940,1211057096.74004,4520.50000),(118,4,1211052861.47004,8409,1211052867.37004,8409,1211058432.17005,5570.70001),(86,10,1211053114.48004,8906,1211053115.48004,8906,1211056181.97004,3067.49000),(41,12,1211062657.08004,8576,1211062658.77005,8576,1211066144.78005,3487.70001),(20,28,1211103394.30004,8647,1211103784.74004,8647,1211107818.99013,4424.69009),(30,25,1211053429.78006,12424,1211053431.26007,12424,1211056442.10006,3012.32000),(4,26,1211087338.24006,1866,1211105254.43014,1866,1211110269.71005,22931.46999),(59,21,1211053524.26008,1670,1211053528.05005,1670,1211057148.84004,3624.57996),(45,20,1211096760.61007,8979,1211096762.70007,8979,1211100190.76004,3430.14997),(77,19,1211105199.03004,12765,1211105203.56006,12765,1211108393.73005,3194.70001),(117,27,1211053750.86082,13660,1211053772.68005,13660,1211057121.76005,3370.89923),(72,5,1211053801.26007,2128,1211053803.07005,2128,1211057744.60005,3943.33998),(87,14,1211067375.29009,2010,1211067382.26004,2010,1211070250.91009,2875.62000),(107,18,1211050928.34004,10168,1211050930.50004,10168,1211054136.09004,3207.75000),(53,16,1211054632.53005,8573,1211054638.97004,8573,1211057134.25004,2501.71999),(75,1,1211054697.54004,10116,1211054698.78004,10116,1211058166.87004,3469.33000),(97,11,1211054716.18005,13999,1211054717.78005,13999,1211057653.42004,2937.23999),(81,24,1211054723.93004,8564,1211054725.90022,8564,1211058258.45005,3534.52001),(76,7,1211054953.12004,8444,1211054954.35005,8444,1211059130.44004,4177.32000),(62,17,1211055062.97004,10091,1211055065.13005,10091,1211057980.21004,2917.24000),(68,22,1211055167.00005,2285,1211055168.05004,2285,1211059558.76004,4391.75999),(102,23,1211055325.50004,13504,1211055326.76004,13504,1211058518.00005,3192.50001),(111,6,1211083115.44006,8841,1211083116.44004,8841,1211087890.31004,4774.86998),(73,2,1211074301.96004,8339,1211074311.59003,8339,1211079564.90009,5262.94005),(85,10,1211056181.97004,8980,1211056183.53004,8980,1211058730.57005,2548.60001),(31,25,1211056442.10006,2082,1211056443.35255,2082,1211060890.61005,4448.50999),(14,9,1211089604.92005,10065,1211089606.56004,10065,1211095493.69004,5888.76999),(44,20,1211093504.48005,8843,1211093506.24005,8843,1211096760.61007,3256.13002),(78,19,1211102014.22004,12107,1211102016.15007,12107,1211105199.03004,3184.81000),(89,14,1211064510.02004,9090,1211064511.19005,9090,1211067375.29009,2865.27005),(71,3,1211044591.09004,8461,1211045857.35004,8461,1211050430.86004,5839.77000),(39,12,1211059792.02004,10164,1211059794.04004,10164,1211062657.08004,2865.06000),(16,28,1211098893.52005,8840,1211098895.89005,8840,1211103394.30004,4500.77999),(74,8,1211057096.74004,8940,1211057097.97004,8940,1211061936.00004,4839.26000),(113,27,1211057121.76005,8891,1211057123.38004,8891,1211059990.38004,2868.61999),(56,16,1211057134.25004,1853,1211057135.36004,1853,1211060120.26004,2986.01000),(60,21,1211057148.84004,2294,1211057149.98004,2294,1211059982.67414,2833.83410),(109,18,1211047534.04003,14086,1211047540.19004,14086,1211050928.34004,3394.30001),(98,11,1211057653.42004,10131,1211057663.75005,10131,1211062289.67005,4636.25001),(72,5,1211057744.60005,2128,1211057748.43004,2128,1211061750.02004,4005.41999),(5,26,1211083206.32005,8918,1211083208.06003,8918,1211087338.24006,4131.92001),(66,17,1211057980.21004,8492,1211057981.18004,8492,1211060767.23004,2787.02000),(75,1,1211058166.87004,10116,1211058167.81004,10116,1211061725.98004,3559.11000),(71,3,1211040000.00000,8461,1211039157.52005,8461,1211044591.09004,4591.09004),(82,24,1211058258.45005,8378,1211058265.60005,8378,1211061631.40017,3372.95012),(105,23,1211058518.00005,10125,1211058524.21003,10125,1211061567.28005,3049.28000),(85,10,1211058730.57005,8980,1211058733.21004,8980,1211061381.30004,2650.72999),(76,7,1211059130.44004,8444,1211059135.41005,8444,1211063017.84005,3887.40001),(88,14,1211061826.93004,12559,1211061828.10006,12559,1211064510.02004,2683.09000),(47,20,1211088318.02004,14148,1211088318.90005,14148,1211093504.48005,5186.46001),(40,12,1211056911.60005,13668,1211056914.38006,13668,1211059792.02004,2880.41999),(77,19,1211098663.60007,12765,1211098682.42005,12765,1211102014.22004,3350.61997),(58,21,1211059982.67414,9025,1211059985.24005,9025,1211063010.93005,3028.25591),(112,27,1211059990.38004,10060,1211059992.55006,10060,1211063007.25005,3016.87001),(111,6,1211078037.31005,8841,1211078038.66005,8841,1211083115.44006,5078.13001),(73,2,1211069749.49005,8339,1211069753.38008,8339,1211074301.96004,4552.46999),(57,16,1211060120.26004,12022,1211060123.60006,12022,1211062946.53005,2826.27001),(16,28,1211094838.38006,8840,1211094839.99005,8840,1211098893.52005,4055.13999),(65,17,1211060767.23004,10155,1211060768.46004,10155,1211063522.81004,2755.58000),(33,25,1211060890.61005,2289,1211060892.72005,2289,1211064810.13005,3919.52000),(110,18,1211043251.18021,2137,1211043254.69005,2137,1211047534.04003,4282.85982),(14,9,1211082956.62004,10065,1211084079.64004,10065,1211089604.92005,6648.30001),(96,26,1211080176.51005,12120,1211080177.84005,12120,1211083206.32005,3029.81000),(86,10,1211061381.30004,8906,1211061384.38005,8906,1211064310.36004,2929.06000),(103,23,1211061567.28005,8991,1211061569.61005,8991,1211064958.19004,3390.90999),(84,24,1211061631.40017,10112,1211061637.06004,10112,1211065600.52842,3969.12825),(75,1,1211061725.98004,10116,1211061727.21005,10116,1211065272.06004,3546.08000),(72,5,1211061750.02004,2128,1211061751.60005,2128,1211066273.52005,4523.50001),(90,14,1211059141.76005,10182,1211059142.65004,10182,1211061826.93004,2685.16999),(74,8,1211061936.00004,8940,1211061937.43005,8940,1211067037.46007,5101.46003),(101,11,1211062289.67005,8643,1211062290.57005,8643,1211066536.48005,4246.81000),(69,22,1211062490.42004,12192,1211062492.46004,12192,1211065591.75005,3101.33001),(78,19,1211095749.89004,12107,1211095753.66004,12107,1211098663.60007,2913.71003),(43,12,1211053238.24005,10022,1211053240.74005,10022,1211056911.60005,3673.36000),(46,20,1211084779.16004,2125,1211084780.67004,2125,1211088318.02004,3538.86000),(55,16,1211062946.53005,8315,1211062948.12004,8315,1211065893.85004,2947.31999),(114,27,1211063007.25005,1777,1211063009.06005,1777,1211066283.33005,3276.08000),(61,21,1211063010.93005,8388,1211063017.43007,8388,1211066690.43004,3679.49999),(76,7,1211063017.84005,8444,1211063019.19004,8444,1211066921.17006,3903.33001),(64,17,1211063522.81004,2086,1211063525.26005,2086,1211066426.87005,2904.06001),(118,4,1211058432.17005,8409,1211063939.01004,8409,1211068223.43004,9791.25999),(71,3,1211062725.23005,8461,1211064130.46005,8461,1211068546.77005,5821.54000),(85,10,1211064310.36004,8980,1211064311.93005,8980,1211067041.21023,2730.85019),(111,6,1211073811.32004,8841,1211073813.76004,8841,1211078037.31005,4225.99001),(91,14,1211056591.00000,10117,1211056595.36005,10117,1211059141.76005,2550.76005),(28,25,1211064810.13005,1633,1211064811.58004,1633,1211068325.84004,3515.70999),(106,18,1211040000.00000,12019,1211039312.30004,12019,1211043251.18021,3251.18021),(104,23,1211064958.19004,8331,1211064961.73004,8331,1211067920.48005,2962.29001),(75,1,1211065272.06004,10116,1211065272.99004,10116,1211068458.18005,3186.12001),(19,28,1211089722.45004,14235,1211089723.68005,14235,1211094838.38006,5115.93002),(73,2,1211065486.40004,8339,1211065488.21005,8339,1211069749.49005,4263.09001),(79,19,1211092755.49004,13156,1211092757.46005,13156,1211095749.89004,2994.40000),(70,22,1211065591.75005,10194,1211065593.01004,10194,1211068453.32003,2861.56998),(83,24,1211065600.52842,8479,1211065602.68004,8479,1211069659.88013,4059.35171),(15,9,1211078821.66005,10120,1211078824.38004,10120,1211082956.62004,4134.95999),(54,16,1211065893.85004,8833,1211065896.75005,8833,1211068992.60004,3098.75000),(45,20,1211081568.84005,8979,1211081571.15005,8979,1211084779.16004,3210.31999),(42,12,1211049585.81006,12434,1211050103.21004,12434,1211053238.24005,3652.42999),(72,5,1211066273.52005,2128,1211066280.01003,2128,1211070939.89005,4666.37000),(116,27,1211066283.33005,2216,1211066287.48004,2216,1211069773.85007,3490.52002),(63,17,1211066426.87005,13834,1211066432.13005,13834,1211069969.12004,3542.24999),(99,11,1211066536.48005,8666,1211066538.53004,8666,1211069549.14004,3012.65999),(2,26,1211074439.34005,10114,1211074443.01005,10114,1211080176.51005,5737.17000),(59,21,1211066690.43004,1670,1211066691.90005,1670,1211070274.38004,3583.95000),(76,7,1211066921.17006,8444,1211066922.24008,8444,1211071294.07009,4372.90003),(74,8,1211067037.46007,8940,1211067038.55005,8940,1211074805.41004,7767.94997),(85,10,1211067041.21023,8980,1211067044.09007,8980,1211069895.15005,2853.93982),(87,14,1211053741.73005,2010,1211053743.00000,2010,1211056591.00000,2849.26995),(79,19,1211089927.97004,13156,1211089931.66004,13156,1211092755.49004,2827.52000),(102,23,1211067920.48005,13504,1211067921.07004,13504,1211071277.64006,3357.16001),(106,18,1211068151.17004,12019,1211068153.64003,12019,1211071609.62011,3458.45007),(118,4,1211068223.43004,8409,1211068225.12005,8409,1211073681.00004,5457.57000),(25,25,1211068325.84004,1656,1211068327.81005,1656,1211071701.80004,3375.96000),(68,22,1211068453.32003,2285,1211068453.98005,2285,1211071717.08005,3263.76002),(75,1,1211068458.18005,10116,1211068459.18005,10116,1211071601.22006,3143.04001),(44,20,1211078513.95006,8843,1211078515.30004,8843,1211081568.84005,3054.88999),(111,6,1211068917.62006,8841,1211068918.96005,8841,1211073811.32004,4893.69998),(53,16,1211068992.60004,8573,1211068993.66007,8573,1211071689.15004,2696.55000),(15,9,1211074494.35003,10120,1211074829.88004,10120,1211078821.66005,4327.31002),(41,12,1211046073.64005,8576,1211046075.69004,8576,1211049585.81006,3512.17001),(100,11,1211069549.14004,12294,1211069551.53004,12294,1211073062.69005,3513.55001),(81,24,1211069659.88013,8564,1211069661.52004,8564,1211073513.21004,3853.32991),(73,2,1211060110.31004,8339,1211060111.89004,8339,1211065486.40004,5376.09000),(115,27,1211069773.85007,8548,1211069775.19008,8548,1211072853.57004,3079.71997),(4,26,1211069795.95006,1866,1211069798.35005,1866,1211074439.34005,4643.38999),(86,10,1211069895.15005,8906,1211069897.32004,8906,1211072826.70004,2931.54999),(62,17,1211069969.12004,10091,1211069972.80005,10091,1211073108.57005,3139.45001),(19,28,1211085638.89004,14235,1211085647.69009,14235,1211089722.45004,4083.56000),(89,14,1211050852.07004,9090,1211050853.57004,9090,1211053741.73005,2889.66001),(60,21,1211070274.38004,2294,1211070275.65009,2294,1211073386.52004,3112.14000),(80,19,1211086734.94005,13208,1211086736.64004,13208,1211089927.97004,3193.02999),(72,5,1211070939.89005,2128,1211070946.12007,2128,1211075707.71005,4767.82000),(105,23,1211071277.64006,10125,1211071278.42006,10125,1211074779.89005,3502.24999),(76,7,1211071294.07009,8444,1211071295.66010,8444,1211076514.79004,5220.71995),(75,1,1211071601.22006,10116,1211071602.55011,10116,1211075248.58004,3647.35998),(47,20,1211075033.30004,14148,1211075035.90004,14148,1211078513.95006,3480.65002),(109,18,1211071609.62011,14086,1211071613.09006,14086,1211075929.19005,4319.56994),(56,16,1211071689.15004,1853,1211071693.00008,1853,1211074695.29007,3006.14003),(29,25,1211071701.80004,9014,1211071705.50004,9014,1211074815.89004,3114.09000),(67,22,1211071717.08005,8927,1211071717.89006,8927,1211074943.93005,3226.85000),(85,10,1211072826.70004,8980,1211072828.54004,8980,1211075753.47006,2926.77002),(117,27,1211072853.57004,13660,1211072855.76005,13660,1211076731.75004,3878.18000),(88,14,1211048174.36006,12559,1211048175.33004,12559,1211050852.07004,2677.70998),(100,11,1211073062.69005,12294,1211073064.00005,12294,1211077609.61007,4546.92002),(66,17,1211073108.57005,8492,1211073109.81006,8492,1211076064.73004,2956.15999),(39,12,1211043080.39005,10164,1211043081.94003,10164,1211046073.64005,2993.25000),(58,21,1211073386.52004,9025,1211073420.60004,9025,1211076598.22007,3211.70003),(82,24,1211073513.21004,8378,1211073514.91008,8378,1211078452.05005,4938.84001),(111,6,1211064434.74005,8841,1211064435.74005,8841,1211068917.62006,4482.88001),(20,28,1211081275.13006,8647,1211081295.64004,8647,1211085638.89004,4363.75998),(80,19,1211083851.89003,13208,1211083852.46005,13208,1211086734.94005,2883.05002),(73,2,1211056049.27005,8339,1211056050.89005,8339,1211060110.31004,4061.03999),(124,26,1211066551.78005,2424,1211066554.71143,2424,1211069795.95006,3244.17001),(57,16,1211074695.29007,12022,1211074699.21004,12022,1211077868.84006,3173.54999),(103,23,1211074779.89005,8991,1211074780.83005,8991,1211078553.04004,3773.14999),(74,8,1211074805.41004,8940,1211074806.64004,8940,1211082587.62011,7782.21007),(14,9,1211069129.66007,10065,1211069133.43004,10065,1211074494.35003,5364.68996),(30,25,1211074815.89004,12424,1211074842.95005,12424,1211078072.94004,3257.05000),(69,22,1211074943.93005,12192,1211074947.51004,12192,1211078219.77004,3275.83999),(46,20,1211071611.41007,2125,1211071612.30010,2125,1211075033.30004,3421.88997),(75,1,1211075248.58004,10116,1211075249.69007,10116,1211079324.10007,4075.52003),(90,14,1211045404.52005,10182,1211045406.09006,10182,1211048174.36006,2769.84001),(72,5,1211075707.71005,2128,1211075710.76007,2128,1211080560.72006,4853.01001),(86,10,1211075753.47006,8906,1211075754.95006,8906,1211078885.02004,3131.54998),(107,18,1211075929.19005,10168,1211075932.97007,10168,1211079592.73004,3663.53999),(65,17,1211076064.73004,10155,1211076067.06006,10155,1211079226.81005,3162.08001),(76,7,1211076514.79004,8444,1211076516.58007,8444,1211082765.79005,6251.00001),(61,21,1211076598.22007,8388,1211076600.96007,8388,1211080644.75005,4046.52998),(113,27,1211076731.75004,8891,1211076737.88007,8891,1211079981.90005,3250.15001),(40,12,1211040000.00000,13668,1211038349.08004,13668,1211043080.39005,3080.39005),(77,19,1211080479.25024,12765,1211080479.54009,12765,1211083851.89003,3372.63979),(97,11,1211077609.61007,13999,1211077611.32005,13999,1211080969.58006,3359.96999),(16,28,1211077710.38004,8840,1211077794.01005,8840,1211081275.13006,3564.75002),(55,16,1211077868.84006,8315,1211077871.34006,8315,1211081195.38007,3326.54001),(111,6,1211060069.72004,8841,1211060070.77004,8841,1211064434.74005,4365.02001),(28,25,1211078072.94004,1633,1211078115.17004,1633,1211082184.85003,4111.90999),(70,22,1211078219.77004,10194,1211078222.55004,10194,1211081323.73006,3103.96002),(84,24,1211078452.05005,10112,1211078453.99004,10112,1211082933.92005,4481.87000),(91,14,1211042878.22005,10117,1211042879.22004,10117,1211045404.52005,2526.30000),(45,20,1211068847.39007,8979,1211068848.03006,8979,1211071611.41007,2764.02000),(104,23,1211078553.04004,8331,1211078554.43005,8331,1211083127.00005,4573.96001),(15,9,1211065613.13014,10120,1211065614.26005,10120,1211069129.66007,3516.52993),(85,10,1211078885.02004,8980,1211078889.82007,8980,1211081883.54005,2998.52001),(64,17,1211079226.81005,2086,1211079228.74004,2086,1211082409.58004,3182.76999),(75,1,1211079324.10007,10116,1211079325.33005,10116,1211083216.65004,3892.54997),(73,2,1211051420.04005,8339,1211051421.63003,8339,1211056049.27005,4629.23000),(106,18,1211079592.73004,12019,1211079597.24007,12019,1211083698.80005,4106.07001),(112,27,1211079981.90005,10060,1211079983.69005,10060,1211083411.19022,3429.29017),(1,26,1211061258.84005,13381,1211061260.87004,13381,1211066551.78005,5292.94000),(78,19,1211077188.99004,12107,1211077190.18004,12107,1211080479.25024,3290.26020),(72,5,1211080560.72006,2128,1211080562.11009,2128,1211085121.35004,4560.62998),(59,21,1211080644.75005,1670,1211080646.03005,1670,1211084675.44006,4030.69001),(97,11,1211080969.58006,13999,1211080973.13004,13999,1211084529.44005,3559.85999),(54,16,1211081195.38007,8833,1211081196.75004,8833,1211084509.38079,3314.00072),(20,28,1211074050.88004,8647,1211074054.80004,8647,1211077710.38004,3659.50000),(68,22,1211081323.73006,2285,1211081324.86004,2285,1211084702.15004,3378.41998),(39,12,1211080084.08004,8797,1211080085.87005,8797,1211083286.94005,3202.86001),(44,20,1211066034.20004,8843,1211066035.78005,8843,1211068847.39007,2813.19003),(86,10,1211081883.54005,8906,1211081887.19004,8906,1211102533.19024,20649.65019),(29,25,1211082184.85003,9014,1211082372.23004,9014,1211085841.45005,3656.60002),(63,17,1211082409.58004,13834,1211082412.59004,13834,1211086258.56005,3848.98001),(74,8,1211082587.62011,8940,1211082588.61005,8940,1211096308.61007,13720.98996),(76,7,1211082765.79005,8444,1211082766.88005,8444,1211094889.09203,12123.30198),(14,9,1211060928.84004,10065,1211060931.33005,10065,1211065613.13014,4684.29010),(111,6,1211055940.37004,8841,1211055941.45005,8841,1211060069.72004,4129.35000),(102,23,1211083127.00005,13504,1211083130.26004,13504,1211086755.21005,3628.21000),(96,26,1211057872.05004,12120,1211057875.17004,12120,1211061258.84005,3386.79001),(75,1,1211083216.65004,10116,1211083217.97004,10116,1211086957.74004,3741.09000),(41,12,1211083286.94005,8576,1211083288.51004,8576,1211087032.36007,3745.42002),(114,27,1211083411.19022,1777,1211083413.01009,1777,1211087230.52004,3819.32982),(109,18,1211083698.80005,14086,1211083721.83004,14086,1211088842.39004,5143.58999),(83,24,1211082933.92005,8479,1211083812.36005,8479,1211088405.05004,5471.12999),(77,19,1211074076.33004,12765,1211074079.71005,12765,1211077188.99004,3112.66000),(53,16,1211084509.38079,8573,1211084516.40004,8573,1211087522.55004,3013.16925),(101,11,1211084529.44005,8643,1211084561.37004,8643,1211088442.41004,3912.96999),(60,21,1211084675.44006,2294,1211084677.20080,2294,1211088493.79004,3818.34998),(67,22,1211084702.15004,8927,1211084702.77004,8927,1211087976.32005,3274.17001),(47,20,1211062667.94003,14148,1211062668.82004,14148,1211066034.20004,3366.26001),(87,14,1211040000.00000,2010,1211037708.39005,2010,1211042878.22005,2878.22005),(72,5,1211085121.35004,2128,1211085122.81004,2128,1211089482.73004,4361.38000),(19,28,1211070166.74006,14235,1211070168.59008,14235,1211074050.88004,3884.13998),(29,25,1211085841.45005,9014,1211085845.90004,9014,1211090287.77005,4446.32000),(62,17,1211086258.56005,10091,1211086260.12004,10091,1211089609.46005,3350.90000),(78,19,1211070757.32005,12107,1211070758.52006,12107,1211074076.33004,3319.00999),(105,23,1211086755.21005,10125,1211086765.77005,10125,1211090588.54004,3833.32999),(75,1,1211086957.74004,10116,1211086959.02006,10116,1211090969.50005,4011.76001),(42,12,1211087032.36007,12434,1211087034.87006,12434,1211090501.40009,3469.04002),(116,27,1211087230.52004,2216,1211087234.50004,2216,1211092164.74005,4934.22001),(56,16,1211087522.55004,1853,1211087525.01005,1853,1211091026.73004,3504.18000),(91,14,1211085017.91101,10117,1211085022.20006,10117,1211087861.51003,2843.59902),(90,14,1211087861.51003,10182,1211087862.79004,10182,1211090753.23008,2891.72005),(111,6,1211052093.76005,8841,1211052094.85005,8841,1211055940.37004,3846.60999),(69,22,1211087976.32005,12192,1211087977.38005,12192,1211091385.21004,3408.88999),(3,26,1211053502.65006,8503,1211053504.60008,8503,1211057872.05004,4369.39998),(46,20,1211059311.38004,2125,1211059312.29012,2125,1211062667.94003,3356.55999),(81,24,1211088405.05004,8564,1211088407.68004,8564,1211092692.42005,4287.37001),(99,11,1211088442.41004,8666,1211088443.50005,8666,1211092055.81004,3613.40000),(58,21,1211088493.79004,9025,1211088499.63005,9025,1211092049.50004,3555.71000),(107,18,1211088842.39004,10168,1211088843.99005,10168,1211093282.97004,4440.58000),(72,5,1211089482.73004,2128,1211089483.69005,2128,1211094095.77004,4613.04000),(15,9,1211055711.52004,10120,1211055717.14004,10120,1211060928.84004,5217.32000),(66,17,1211089609.46005,8492,1211089611.12005,8492,1211093982.04004,4372.57999),(17,28,1211065399.42004,8319,1211065400.19005,8319,1211070166.74006,4767.32002),(118,4,1211073681.00004,8409,1211089778.18004,8409,1211094043.08005,20362.08001),(79,19,1211067693.50004,13156,1211067695.47005,13156,1211070757.32005,3063.82001),(29,25,1211090287.77005,9014,1211090290.99004,9014,1211094899.94011,4612.17006),(73,2,1211047156.69013,8339,1211047158.76003,8339,1211051420.04005,4263.34992),(43,12,1211090501.40009,10022,1211090503.56004,10022,1211095155.62005,4654.21996),(103,23,1211090588.54004,8991,1211090591.29005,8991,1211094851.36005,4262.82001),(88,14,1211090753.23008,12559,1211090754.38005,12559,1211093744.65004,2991.41996),(75,1,1211090969.50005,10116,1211090971.19004,10116,1211096220.09005,5250.59000),(53,16,1211091026.73004,8573,1211091029.67005,8573,1211094227.62004,3200.89000),(70,22,1211091385.21004,10194,1211091386.52004,10194,1211094711.64006,3326.43002),(61,21,1211092049.50004,8388,1211092057.54007,8388,1211096507.00022,4457.50018),(99,11,1211092055.81004,8666,1211092059.11004,8666,1211096958.14006,4902.33002),(115,27,1211092164.74005,8548,1211092174.20007,8548,1211095960.33005,3795.59000),(79,19,1211065310.75005,2032,1211065312.00000,13156,1211067693.50004,2382.74999),(82,24,1211092692.42005,8378,1211093238.69004,8378,1211098501.65007,5809.23002),(106,18,1211093282.97004,12019,1211093289.39005,12019,1211097346.66006,4063.69002),(111,6,1211048540.22165,8841,1211048541.27004,8841,1211052093.76005,3553.53840),(45,20,1211056545.11004,8979,1211056546.46004,8979,1211059311.38004,2766.27000),(89,14,1211093744.65004,9090,1211093747.02004,9090,1211097006.50005,3261.85001),(65,17,1211093982.04004,10155,1211093983.63003,10155,1211097369.08006,3387.04002),(118,4,1211094043.08005,8409,1211094046.77004,8409,1211099044.59004,5001.50999),(72,5,1211094095.77004,2128,1211094096.88005,2128,1211098870.13004,4774.36000),(56,16,1211094227.62004,1853,1211094230.03004,1853,1211097805.00004,3577.38000),(68,22,1211094711.64006,2285,1211094760.62005,2285,1211098258.27005,3546.62999),(18,28,1211060714.14005,8822,1211060715.38004,8822,1211065399.42004,4685.27999),(104,23,1211094851.36005,8331,1211094852.61005,8331,1211098279.04007,3427.68002),(76,7,1211094889.09203,8444,1211094890.06032,8444,1211101238.44006,6349.34803),(25,25,1211094899.94011,1656,1211094933.75005,1656,1211098954.62005,4054.67994),(39,12,1211095155.62005,8797,1211095156.62004,8797,1211098506.73005,3351.11000),(73,2,1211043021.49004,8339,1211043023.30005,8339,1211047156.69013,4135.20009),(80,19,1211062539.36004,13208,1211062541.64005,13208,1211065310.75005,2771.39001),(117,27,1211095960.33005,13660,1211095962.72004,13660,1211100288.32004,4327.98999),(75,1,1211096220.09005,10116,1211096222.03004,10116,1211100740.01006,4519.92001),(14,9,1211051101.46004,10065,1211051102.90005,10065,1211055711.52004,4610.06000),(74,8,1211096308.61007,8940,1211096309.77007,8940,1211101672.83005,5364.21998),(59,21,1211096507.00022,1670,1211096508.53004,1670,1211100785.09007,4278.08985),(44,20,1211053729.73004,8843,1211053731.54007,8843,1211056545.11004,2815.38000),(101,11,1211096958.14006,8643,1211096972.01006,8643,1211100633.67005,3675.52999),(87,14,1211097006.50005,8438,1211097034.79005,8438,1211100371.77005,3365.27000),(109,18,1211097346.66006,14086,1211097349.30005,14086,1211101605.33005,4258.66999),(64,17,1211097369.08006,2086,1211097371.59004,2086,1211100587.18007,3218.10001),(57,16,1211097805.00004,12022,1211097816.90004,12022,1211101213.59007,3408.59003),(67,22,1211098258.27005,8927,1211098259.51004,8927,1211101721.01142,3462.74137),(102,23,1211098279.04007,13504,1211098280.45005,13504,1211102820.39079,4541.35072),(41,12,1211098506.73005,8576,1211098512.57005,8576,1211102440.32004,3933.58999),(80,19,1211059972.69004,13208,1211059974.26005,13208,1211062539.36004,2566.67000),(111,6,1211045580.59004,8841,1211045581.94003,8841,1211048540.22165,2959.63161),(72,5,1211098870.13004,2128,1211098871.79005,2128,1211103357.94004,4487.81000),(16,28,1211056993.42003,8840,1211056995.22004,8840,1211060714.14005,3720.72002),(30,25,1211098954.62005,12424,1211098983.25017,12424,1211102845.51004,3890.88999),(73,2,1211040000.00000,8339,1211038956.21004,8339,1211043021.49004,3021.49004),(47,20,1211050043.29004,14148,1211050044.83004,14148,1211053729.73004,3686.44000),(113,27,1211100288.32004,8891,1211100290.21004,8891,1211103540.77005,3252.45001),(91,14,1211100371.77005,10117,1211100373.57007,10117,1211103267.81005,2896.04000),(15,9,1211047735.11004,10120,1211047737.13004,10120,1211051101.46004,3366.35000),(63,17,1211100587.18007,13834,1211100593.10004,13834,1211104491.72005,3904.53998),(100,11,1211100633.67005,12294,1211100684.26007,12294,1211104809.38005,4175.71000),(75,1,1211100740.01006,10116,1211100741.28004,10116,1211106932.44008,6192.43002),(60,21,1211100785.09007,2294,1211100787.98017,2294,1211104891.33005,4106.23998),(55,16,1211101213.59007,8315,1211101215.53004,8315,1211104913.33007,3699.74000),(76,7,1211101238.44006,8444,1211101239.83009,8444,1211110771.39006,9532.95000),(107,18,1211101605.33005,10168,1211101607.65010,10168,1211106087.84006,4482.51001),(74,8,1211101672.83005,8940,1211101674.06007,8940,1211116349.96013,14677.13008),(69,22,1211101721.01142,12192,1211101729.09007,12192,1211105715.60004,3994.58862),(77,19,1211056702.35005,12765,1211056707.17005,12765,1211059972.69004,3270.33999),(42,12,1211102440.32004,12434,1211102510.51005,12434,1211106537.89004,4097.57000),(86,10,1211102533.19024,8906,1211102536.67005,8906,1211105887.21015,3354.01991),(105,23,1211102820.39079,10125,1211102821.60004,10125,1211107025.73004,4205.33925),(30,25,1211102845.51004,12424,1211102851.07009,12424,1211107141.40008,4295.89004),(90,14,1211103267.81005,10182,1211103317.86008,10182,1211106368.40007,3100.59002),(72,5,1211103357.94004,2128,1211103362.18007,2128,1211108502.57005,5144.63001),(20,28,1211053390.35004,8647,1211053399.14006,8647,1211056993.42003,3603.06999),(112,27,1211103540.77005,10060,1211103543.03004,10060,1211107005.86017,3465.09012),(62,17,1211104491.72005,10091,1211104492.96004,10091,1211107821.62005,3329.90000),(46,20,1211047118.66004,2125,1211047119.90005,2125,1211050043.29004,2924.63000),(97,11,1211104809.38005,13999,1211104816.19008,13999,1211108241.66005,3432.28000),(58,21,1211104891.33005,9025,1211104903.77004,9025,1211108318.86007,3427.53002),(54,16,1211104913.33007,8833,1211104914.90004,8833,1211108222.18009,3308.85002),(77,19,1211053732.94004,12765,1211053742.37005,12765,1211056702.35005,2969.41001),(83,24,1211098501.65007,8479,1211105647.41004,8479,1211109941.90007,11440.25000),(70,22,1211105715.60004,10194,1211105718.41007,10194,1211109086.51005,3370.91001),(85,10,1211105887.21015,8980,1211105888.71007,8980,1211108797.48004,2910.26989),(14,9,1211043317.51003,10065,1211043322.12006,10065,1211047735.11004,4417.60001),(110,18,1211106087.84006,2137,1211106090.77007,2137,1211110041.46007,3953.62001),(88,14,1211106368.40007,12559,1211106384.30006,12559,1211109415.71004,3047.30997),(40,12,1211106537.89004,13668,1211106539.64009,13668,1211109541.54005,3003.65001),(75,1,1211106932.44008,10116,1211106937.52010,10116,1211110818.42005,3885.97997),(114,27,1211107005.86017,1777,1211107008.44010,1777,1211110598.07011,3592.20994),(103,23,1211107025.73004,8991,1211107031.38005,8991,1211111781.85004,4756.12000),(28,25,1211107141.40008,1633,1211107190.72004,1633,1211111515.38005,4373.97997),(19,28,1211045019.25147,14235,1211050036.10005,14235,1211053390.35004,8371.09857),(66,17,1211107821.62005,8492,1211107822.87005,8492,1211110715.97006,2894.35001),(111,6,1211042779.70004,8841,1211042783.80005,8841,1211045580.59004,2800.89000),(45,20,1211044487.70004,8979,1211044488.79004,8979,1211047118.66004,2630.96000),(57,16,1211108222.18009,12022,1211108224.47005,12022,1211111334.01005,3111.82996),(99,11,1211108241.66005,8666,1211108243.20009,8666,1211111465.56005,3223.90000),(61,21,1211108318.86007,8388,1211108328.98007,8388,1211112937.17004,4618.30997),(78,19,1211050522.00000,12107,1211050523.33003,12107,1211053732.94004,3210.94004),(72,5,1211108502.57005,2128,1211108503.80005,2128,1211112900.52047,4397.95042),(85,10,1211108797.48004,8980,1211108800.80006,8980,1211111746.26005,2948.78001),(68,22,1211109086.51005,2285,1211109088.07005,2285,1211112437.41004,3350.89999),(89,14,1211109415.71004,9090,1211109416.87005,9090,1211112654.34044,3238.63040),(39,12,1211109541.54005,8797,1211109545.23004,8797,1211113103.95007,3562.41002),(81,24,1211109941.90007,8564,1211110294.32005,8564,1211114625.99004,4684.08997),(106,18,1211110041.46007,12019,1211110047.66006,12019,1211113668.85008,3627.39001),(5,26,1211049722.43004,8918,1211049724.39004,8918,1211053502.65006,3780.22002),(115,27,1211110598.07011,8548,1211110600.12006,8548,1211113762.19005,3164.11994),(65,17,1211110715.97006,10155,1211110719.06007,10155,1211113684.05159,2968.08153),(76,7,1211110771.39006,8444,1211110772.27005,8444,1211116744.50004,5973.10998),(71,3,1211068546.77005,8461,1211110791.76004,8461,1211115742.04009,47195.27004),(75,1,1211110818.42005,10116,1211110819.66004,10116,1211114961.27004,4142.84999),(118,4,1211099044.59004,8409,1211110986.29004,8409,1211115154.16004,16109.57000),(79,19,1211047983.28005,2032,1211047985.22004,2032,1211050522.00000,2538.71995),(55,16,1211111334.01005,8315,1211111335.76005,8315,1211114608.32006,3274.31001),(44,20,1211040000.00000,8843,1211041588.28005,8843,1211044487.70004,4487.70004),(101,11,1211111465.56005,8643,1211111466.83005,8643,1211115519.49004,4053.92999),(26,25,1211111515.38005,8330,1211111522.87005,8330,1211117267.65005,5752.27000),(15,9,1211040000.00000,10120,1211038976.61003,10120,1211043317.51003,3317.51003),(86,10,1211111746.26005,8906,1211111747.97006,8906,1211114868.32004,3122.05999),(104,23,1211111781.85004,8331,1211111783.39008,8331,1211115453.21004,3671.36000),(67,22,1211112437.41004,8927,1211112439.07006,8927,1211115711.00005,3273.59001),(87,14,1211112654.34044,8438,1211112655.84004,8438,1211115826.31015,3171.96971),(111,6,1211040000.00000,8841,1211039291.25005,8841,1211042779.70004,2779.70004),(72,5,1211112900.52047,2128,1211112903.13005,2128,1211117542.85004,4642.32957),(59,21,1211112937.17004,1670,1211112939.10005,1670,1211116972.88005,4035.71001),(41,12,1211113103.95007,8576,1211113106.87005,8576,1211116597.03005,3493.07998),(17,28,1211040000.00000,8319,1211038883.49004,8319,1211045019.25147,5019.25147),(79,19,1211045573.92004,2032,1211045575.86004,2032,1211047983.28005,2409.36001),(109,18,1211113668.85008,14086,1211113670.55006,14086,1211117277.31004,3608.45996),(64,17,1211113684.05159,2086,1211113689.98004,2086,1211116814.77008,3130.71849),(117,27,1211113762.19005,13660,1211113763.87079,13660,1211117280.87004,3518.67999),(46,20,1211114479.99004,2125,1211114480.97003,2125,1211117699.14004,3219.15000),(54,16,1211114608.32006,8833,1211114610.37007,8833,1211117785.38004,3177.05998),(84,24,1211114625.99004,10112,1211114628.98003,10112,1211118968.83009,4342.84005),(85,10,1211114868.32004,8980,1211114870.24009,8980,1211117766.62003,2898.29999),(75,1,1211114961.27004,10116,1211114962.85005,10116,1211119915.81006,4954.54002),(118,4,1211115154.16004,8409,1211115156.65004,8409,1211120505.92007,5351.76003),(102,23,1211115453.21004,13504,1211115454.98004,13504,1211118965.65004,3512.44000),(2,26,1211044936.40005,10114,1211044940.03005,10114,1211049722.43004,4786.02999),(100,11,1211115519.49004,12294,1211115524.52005,12294,1211119143.56005,3624.07001),(69,22,1211115711.00005,12192,1211115711.79004,12192,1211119274.80004,3563.79999),(111,6,1211112675.13004,8841,1211112676.47005,8841,1211117324.77004,4649.64000),(91,14,1211115826.31015,10117,1211115828.68005,10117,1211118525.94005,2699.62990),(74,8,1211116349.96013,8940,1211116351.13004,8940,1211121510.93010,5160.96997),(42,12,1211116597.03005,12434,1211116598.85006,12434,1211119927.15007,3330.12002),(76,7,1211116744.50004,8444,1211116745.84005,8444,1211123050.80004,6306.30000),(63,17,1211116814.77008,13834,1211116819.86004,13834,1211120562.55004,3747.77996),(80,19,1211042776.21004,13208,1211042778.42003,13208,1211045573.92004,2797.71000),(60,21,1211116972.88005,2294,1211116974.07004,2294,1211120308.66005,3335.78000),(32,25,1211117267.65005,12324,1211117269.52004,12324,1211120857.28006,3589.63001),(113,27,1211117280.87004,8891,1211117282.80005,8891,1211120344.24004,3063.37000),(107,18,1211117277.31004,10168,1211117300.99005,10168,1211121115.88004,3838.57000),(111,6,1211117324.77004,8841,1211117326.21004,8841,1211121099.51004,3774.74000),(71,3,1211115742.04009,8461,1211117369.86004,8461,1211122179.71007,6437.66998),(72,5,1211117542.85004,2128,1211117545.54004,2128,1211122010.71005,4467.86001),(47,20,1211117699.14004,14148,1211117701.58004,14148,1211121178.31006,3479.17002),(86,10,1211117766.62003,8906,1211117770.76004,8906,1211120817.63007,3051.01004),(53,16,1211117785.38004,8573,1211117787.48144,8573,1211120734.82004,2949.44000),(15,9,1211118110.31004,10120,1211118116.68005,10120,1211121793.23007,3682.92003),(19,28,1211118209.18004,14235,1211118212.50004,14235,1211121710.53004,3501.35000),(90,14,1211118525.94005,10182,1211118527.26003,10182,1211121241.60006,2715.66001),(82,24,1211118968.83009,8378,1211118972.69004,8378,1211123257.43005,4288.59996),(97,11,1211119143.56005,13999,1211119151.13004,13999,1211122309.37006,3165.81001),(105,23,1211118965.65004,10125,1211119188.12003,10125,1211123495.37004,4529.72000),(70,22,1211119274.80004,10194,1211119278.32005,10194,1211122466.76006,3191.96002),(4,26,1211040000.00000,1866,1211038317.13004,1866,1211044936.40005,4936.40005),(43,12,1211119927.15007,10022,1211119933.25007,10022,1211124430.62005,4503.46998),(58,21,1211120308.66005,9025,1211120313.30007,9025,1211123411.03005,3102.37000),(112,27,1211120344.24004,10060,1211120345.90004,10060,1211123507.38003,3163.13999),(62,17,1211120562.55004,10091,1211120563.70007,10091,1211123659.89003,3097.33999),(56,16,1211120734.82004,1853,1211120736.51004,1853,1211123630.96007,2896.14003),(85,10,1211120817.63007,8980,1211120819.42007,8980,1211123872.86005,3055.22998),(33,25,1211120857.28006,2289,1211120859.77005,2289,1211124589.06004,3731.77998),(111,6,1211121099.51004,8841,1211121100.93005,8841,1211125747.75005,4648.24001),(110,18,1211121115.88004,2137,1211121118.88005,2137,1211124956.09005,3840.21001),(44,20,1211121178.31006,8843,1211121180.00005,8843,1211124391.55003,3213.23997),(88,14,1211121241.60006,12559,1211121242.59005,12559,1211123968.02005,2726.41999),(18,28,1211121710.53004,8822,1211121717.59009,8822,1211126698.84003,4988.30999),(72,5,1211122010.71005,2128,1211122011.71004,2128,1211126785.24005,4774.53000),(71,3,1211122179.71007,8461,1211122182.93006,8461,1211127846.90004,5667.18997),(99,11,1211122309.37006,8666,1211122310.47007,8666,1211125348.57005,3039.19999),(80,19,1211040000.00000,13208,1211038138.69005,13208,1211042776.21004,2776.21004),(68,22,1211122466.76006,2285,1211122467.69004,2285,1211125777.48004,3310.71998),(61,21,1211123411.03005,8388,1211123415.48006,8388,1211127060.85004,3649.81999),(104,23,1211123495.37004,8331,1211123498.64005,8331,1211126611.71005,3116.34001),(57,16,1211123630.96007,12022,1211123635.46004,12022,1211126747.72005,3116.75998),(66,17,1211123659.89003,8492,1211123661.35004,8492,1211126494.81005,2834.92002),(89,14,1211123968.02005,9090,1211123969.02008,9090,1211126868.58004,2900.55999),(80,19,1211122402.52007,13208,1211122403.49007,13208,1211125013.25004,2610.72997),(45,20,1211124391.55003,8979,1211124392.51005,8979,1211128163.72005,3772.17002),(40,12,1211124430.62005,13668,1211124438.81004,13668,1211127292.61004,2861.98999),(109,18,1211124956.09005,14086,1211124989.36005,14086,1211128828.48004,3872.38999),(79,19,1211125013.25004,13156,1211125014.01005,13156,1211127481.86004,2468.61000),(67,22,1211125777.48004,8927,1211125778.60005,8927,1211129218.07004,3440.59000);
/*!40000 ALTER TABLE `lap_time` ENABLE KEYS */;
UNLOCK TABLES;

--
-- Table structure for table `penalty`
--

DROP TABLE IF EXISTS `penalty`;
/*!40101 SET @saved_cs_client     = @@character_set_client */;
/*!40101 SET character_set_client = utf8 */;
CREATE TABLE `penalty` (
  `team_id` int(4) NOT NULL DEFAULT '0',
  `time` int(4) NOT NULL DEFAULT '0',
  KEY `penalty__team_id__idx` (`team_id`)
) ENGINE=MyISAM DEFAULT CHARSET=latin1;
/*!40101 SET character_set_client = @saved_cs_client */;

--
-- Dumping data for table `penalty`
--

LOCK TABLES `penalty` WRITE;
/*!40000 ALTER TABLE `penalty` DISABLE KEYS */;
/*!40000 ALTER TABLE `penalty` ENABLE KEYS */;
UNLOCK TABLES;

--
-- Table structure for table `raw_timestamp`
--

DROP TABLE IF EXISTS `raw_timestamp`;
/*!40101 SET @saved_cs_client     = @@character_set_client */;
/*!40101 SET character_set_client = utf8 */;
CREATE TABLE `raw_timestamp` (
  `rfid` int(8) NOT NULL DEFAULT '0',
  `timestamp` decimal(16,5) NOT NULL DEFAULT '0.00000',
  KEY `raw_timestamp__rfid__idx` (`rfid`)
) ENGINE=MyISAM DEFAULT CHARSET=latin1;
/*!40101 SET character_set_client = @saved_cs_client */;

--
-- Dumping data for table `raw_timestamp`
--

LOCK TABLES `raw_timestamp` WRITE;
/*!40000 ALTER TABLE `raw_timestamp` DISABLE KEYS */;
INSERT INTO `raw_timestamp` VALUES (2028,1211036604.67384),(2028,1211036606.01382),(2028,1211036611.50386),(2028,1211036612.84383),(2028,1211036613.88383),(2010,1211037708.39005),(10116,1211038093.32004),(10116,1211038097.02004),(13208,1211038138.69005),(8409,1211038188.59004),(1866,1211038311.11004),(1866,1211038317.13004),(13668,1211038349.08004),(10091,1211038625.27006),(1670,1211038745.95004),(2128,1211038797.57005),(8906,1211038861.74005),(8319,1211038883.49004),(9014,1211038900.55005),(8339,1211038956.21004),(8940,1211038962.07005),(10120,1211038976.61003),(8444,1211039032.50008),(8331,1211039037.29008),(8573,1211039094.13005),(10060,1211039121.80005),(8666,1211039125.73005),(8461,1211039157.52005),(14148,1211039202.52004),(8841,1211039291.25005),(10194,1211039297.87004),(12019,1211039312.30004),(8564,1211039424.45005),(8564,1211039426.89004),(8843,1211041588.28005),(8906,1211042629.78008),(8906,1211042632.17004),(13208,1211042776.21004),(13208,1211042778.42003),(8841,1211042779.70004),(8841,1211042780.36005),(8841,1211042783.80005),(10116,1211042795.40011),(10116,1211042796.28005),(8573,1211042866.44005),(1853,1211042867.47004),(2010,1211042878.22005),(10117,1211042879.22004),(10194,1211042970.14005),(2285,1211042971.59005),(8331,1211042995.68008),(13504,1211042996.19031),(8339,1211043021.49004),(8339,1211043023.30005),(9014,1211043027.04006),(12324,1211043034.73004),(10091,1211043038.77004),(8492,1211043048.35003),(2128,1211043053.29006),(2128,1211043055.08004),(13668,1211043080.39005),(10164,1211043081.94003),(8666,1211043145.52005),(10060,1211043247.99004),(12019,1211043251.18021),(10060,1211043252.63004),(2137,1211043254.69005),(1777,1211043256.50004),(10120,1211043317.51003),(10065,1211043320.02004),(10065,1211043322.12006),(8444,1211043581.14005),(8444,1211043582.93005),(8409,1211043650.27004),(8409,1211043653.91004),(1670,1211043683.70005),(2294,1211043685.60005),(8564,1211043796.05003),(8378,1211043798.25004),(8940,1211044014.92003),(8940,1211044016.15004),(8843,1211044487.70004),(8979,1211044488.79004),(8461,1211044591.09004),(1866,1211044936.40005),(10114,1211044940.03005),(8319,1211045019.25147),(8822,1211045021.82007),(10117,1211045404.52005),(10182,1211045406.09006),(8906,1211045410.09004),(8980,1211045412.23096),(13208,1211045573.92004),(2032,1211045575.86004),(8841,1211045580.59004),(8841,1211045581.94003),(10116,1211045670.21005),(8492,1211045790.27005),(10155,1211045792.81004),(1853,1211045797.19006),(12022,1211045800.07004),(12022,1211045800.71005),(8461,1211045857.35004),(13504,1211045986.70005),(10125,1211045988.71004),(10164,1211046073.64005),(8576,1211046075.69004),(2285,1211046201.35005),(8927,1211046202.58009),(2128,1211046511.75005),(2128,1211046514.27004),(12324,1211046704.57005),(14240,1211046706.14004),(2294,1211046948.13004),(9025,1211046949.92004),(1777,1211047013.12004),(2216,1211047016.02005),(8979,1211047118.66004),(2125,1211047119.90005),(8339,1211047156.69013),(8339,1211047158.76003),(8444,1211047194.38004),(8444,1211047195.46003),(8378,1211047431.91004),(10112,1211047433.86005),(2137,1211047534.04003),(14086,1211047540.19004),(10065,1211047735.11004),(10120,1211047737.13004),(8980,1211047817.46006),(8980,1211047820.10789),(8409,1211047881.36005),(8409,1211047886.63005),(10131,1211047967.73004),(8643,1211047969.17005),(2032,1211047983.28005),(2032,1211047985.22004),(10182,1211048174.36006),(12559,1211048175.33004),(8940,1211048272.53004),(8940,1211048273.96005),(10116,1211048470.35004),(8841,1211048540.22165),(8841,1211048541.27004),(10155,1211048594.64006),(2086,1211048596.71007),(12022,1211048638.24004),(8315,1211048641.92005),(10125,1211049099.92006),(8991,1211049125.41007),(8927,1211049154.89007),(12192,1211049156.76028),(8576,1211049585.81006),(8576,1211049589.47008),(10022,1211049591.33006),(14240,1211049688.21007),(14058,1211049691.08005),(10114,1211049722.43004),(8918,1211049724.39004),(9025,1211049886.47005),(8388,1211049889.40010),(14235,1211050036.10005),(2125,1211050043.29004),(14148,1211050044.83004),(12434,1211050103.21004),(2128,1211050179.35005),(2128,1211050181.28005),(8980,1211050342.16005),(8906,1211050344.46004),(8461,1211050430.86004),(12107,1211050523.33003),(2216,1211050685.09004),(8548,1211050687.74005),(12559,1211050852.07004),(9090,1211050853.57004),(14086,1211050928.34004),(10168,1211050930.50004),(8444,1211050971.85006),(8444,1211050973.96005),(10112,1211051039.29004),(8479,1211051040.98005),(10120,1211051101.46004),(10120,1211051102.27005),(10065,1211051102.90005),(10120,1211051103.61005),(8643,1211051388.58005),(12294,1211051390.23006),(8339,1211051420.04005),(8339,1211051421.63003),(10116,1211051492.85005),(10116,1211051493.77004),(8315,1211051497.01004),(8833,1211051502.52005),(2086,1211051559.44015),(13834,1211051562.67005),(8841,1211052093.76005),(8841,1211052094.85005),(12192,1211052210.41004),(10194,1211052212.73005),(8991,1211052235.62004),(8331,1211052237.02004),(8461,1211052257.02003),(8940,1211052576.24004),(8940,1211052577.47004),(8409,1211052861.47004),(8409,1211052867.37004),(8906,1211053114.48004),(8906,1211053115.48004),(12434,1211053238.24005),(10022,1211053240.74005),(14235,1211053390.35004),(8647,1211053399.14006),(14058,1211053429.78006),(12424,1211053431.26007),(8918,1211053502.65006),(8503,1211053504.60008),(8388,1211053524.26008),(1670,1211053525.66008),(1670,1211053528.05005),(14148,1211053729.73004),(8843,1211053731.54007),(12107,1211053732.94004),(9090,1211053741.73005),(12765,1211053742.37005),(8548,1211053750.86082),(13660,1211053772.68005),(2128,1211053801.26007),(2128,1211053803.07005),(10168,1211054136.09004),(12019,1211054138.24005),(8833,1211054632.53005),(8833,1211054633.26003),(8573,1211054638.97004),(10116,1211054697.54004),(10116,1211054698.78004),(12294,1211054716.18005),(13999,1211054717.78005),(8479,1211054723.93004),(8564,1211054725.90022),(8444,1211054953.12004),(8444,1211054954.35005),(13834,1211055062.97004),(10091,1211055065.13005),(10194,1211055167.00005),(2285,1211055168.05004),(8331,1211055325.50004),(13504,1211055326.76004),(10065,1211055711.52004),(10120,1211055713.54004),(10120,1211055714.71005),(10120,1211055717.14004),(8841,1211055940.37004),(8841,1211055941.45005),(8339,1211056049.27005),(8339,1211056050.89005),(8906,1211056181.97004),(8980,1211056183.53004),(12424,1211056442.10006),(2082,1211056443.35255),(8843,1211056545.11004),(8979,1211056546.46004),(10117,1211056593.03007),(10117,1211056595.36005),(12765,1211056702.35005),(12765,1211056707.17005),(8461,1211056750.59005),(8461,1211056757.98004),(10022,1211056911.60005),(13668,1211056914.38006),(8647,1211056993.42003),(8840,1211056995.22004),(8940,1211057096.74004),(8940,1211057097.97004),(13660,1211057121.76005),(8891,1211057123.38004),(8573,1211057134.25004),(1853,1211057135.36004),(1670,1211057148.84004),(2294,1211057149.98004),(12019,1211057418.10004),(14086,1211057420.89004),(13999,1211057653.42004),(10131,1211057663.75005),(2128,1211057744.60005),(2128,1211057745.49003),(2128,1211057748.43004),(8503,1211057872.05004),(12120,1211057875.17004),(10091,1211057980.21004),(8492,1211057981.18004),(10116,1211058166.87004),(10116,1211058167.81004),(8461,1211058224.57005),(8461,1211058225.80003),(8564,1211058258.45005),(8378,1211058265.60005),(8409,1211058432.17005),(13504,1211058518.00005),(10125,1211058520.88005),(10125,1211058524.21003),(8980,1211058730.57005),(8980,1211058733.21004),(8444,1211059130.44004),(8444,1211059132.32004),(8444,1211059135.41005),(10117,1211059141.76005),(10182,1211059142.65004),(8979,1211059311.38004),(2125,1211059312.29012),(2285,1211059558.76004),(8927,1211059559.64004),(13668,1211059792.02004),(10164,1211059794.04004),(12765,1211059972.69004),(13208,1211059974.26005),(2294,1211059982.67414),(9025,1211059985.24005),(8891,1211059990.38004),(10060,1211059992.55006),(8841,1211060069.72004),(8841,1211060070.77004),(8339,1211060110.31004),(8339,1211060111.89004),(1853,1211060120.26004),(12022,1211060123.60006),(8840,1211060714.14005),(8822,1211060715.38004),(8492,1211060767.23004),(10155,1211060768.46004),(2082,1211060890.61005),(2289,1211060892.72005),(14086,1211060901.85005),(2137,1211060903.18005),(10120,1211060928.84004),(10065,1211060931.33005),(12120,1211061258.84005),(13381,1211061260.87004),(8980,1211061381.30004),(8906,1211061384.38005),(10125,1211061567.28005),(8991,1211061569.61005),(8378,1211061631.40017),(10112,1211061637.06004),(10116,1211061725.98004),(10116,1211061727.21005),(2128,1211061750.02004),(2128,1211061751.60005),(10182,1211061826.93004),(12559,1211061828.10006),(8940,1211061936.00004),(8940,1211061937.43005),(10131,1211062289.67005),(8643,1211062290.57005),(8927,1211062490.42004),(12192,1211062492.46004),(13208,1211062539.36004),(13208,1211062541.64005),(10164,1211062657.08004),(8576,1211062658.77005),(2125,1211062667.94003),(14148,1211062668.82004),(8461,1211062725.23005),(12022,1211062946.53005),(8315,1211062948.12004),(10060,1211063007.25005),(1777,1211063009.06005),(9025,1211063010.93005),(8388,1211063017.43007),(8444,1211063017.84005),(8444,1211063019.19004),(10155,1211063522.81004),(2086,1211063525.26005),(8409,1211063939.01004),(8461,1211064130.46005),(8906,1211064310.36004),(8980,1211064311.93005),(8841,1211064434.74005),(8841,1211064435.74005),(12559,1211064510.02004),(9090,1211064511.19005),(2289,1211064810.13005),(1633,1211064811.58004),(2137,1211064897.08004),(10168,1211064898.86004),(2137,1211064899.65008),(8991,1211064958.19004),(8331,1211064958.90005),(8331,1211064961.73004),(10116,1211065272.06004),(10116,1211065272.99004),(13208,1211065310.75005),(8822,1211065399.42004),(8319,1211065400.19005),(8339,1211065486.40004),(8339,1211065488.21005),(12192,1211065591.75005),(10194,1211065593.01004),(10112,1211065600.52842),(8479,1211065602.68004),(10065,1211065613.13014),(10065,1211065614.11005),(10120,1211065614.26005),(8315,1211065893.85004),(8315,1211065895.74004),(8833,1211065896.75005),(14148,1211066034.20004),(8843,1211066035.78005),(8576,1211066144.78005),(12434,1211066146.71146),(2128,1211066273.52005),(2128,1211066274.76004),(2128,1211066280.01003),(1777,1211066283.33005),(2216,1211066287.48004),(2086,1211066426.87005),(13834,1211066432.13005),(8643,1211066536.48005),(8666,1211066538.53004),(13381,1211066551.78005),(2424,1211066554.71143),(8388,1211066690.43004),(1670,1211066691.90005),(8444,1211066921.17006),(8444,1211066922.24008),(8940,1211067037.46007),(8940,1211067038.55005),(8980,1211067041.21023),(8980,1211067044.09007),(9090,1211067375.29009),(2010,1211067382.26004),(2028,1211067432.24005),(2028,1211067433.47004),(13156,1211067693.50004),(13156,1211067695.47005),(8331,1211067920.48005),(13504,1211067921.07004),(10168,1211068151.17004),(12019,1211068153.64003),(8409,1211068223.43004),(8409,1211068225.12005),(1633,1211068325.84004),(1656,1211068327.81005),(10194,1211068453.32003),(2285,1211068453.98005),(10116,1211068458.18005),(10116,1211068459.18005),(8461,1211068546.77005),(8843,1211068847.39007),(8979,1211068848.03006),(8841,1211068917.62006),(8841,1211068918.96005),(8833,1211068992.60004),(8573,1211068993.66007),(10120,1211069129.66007),(10065,1211069131.27004),(10065,1211069132.36006),(10065,1211069133.43004),(12434,1211069275.60005),(10022,1211069277.31007),(8666,1211069549.14004),(12294,1211069551.53004),(8479,1211069659.88013),(8479,1211069660.61005),(8564,1211069661.52004),(8339,1211069749.49005),(8339,1211069753.38008),(2216,1211069773.85007),(8548,1211069775.19008),(2424,1211069795.95006),(1866,1211069798.35005),(8980,1211069895.15005),(8906,1211069897.32004),(13834,1211069969.12004),(10091,1211069972.80005),(8319,1211070166.74006),(14235,1211070168.59008),(2010,1211070250.91009),(10117,1211070252.57005),(10117,1211070253.53006),(1670,1211070274.38004),(2294,1211070275.65009),(13156,1211070757.32005),(12107,1211070758.52006),(2128,1211070939.89005),(2128,1211070941.83004),(2128,1211070946.12007),(13504,1211071277.64006),(10125,1211071278.42006),(8444,1211071294.07009),(8444,1211071295.66010),(10116,1211071601.22006),(10116,1211071602.55011),(12019,1211071609.62011),(8979,1211071611.41007),(2125,1211071612.30010),(14086,1211071613.09006),(8573,1211071689.15004),(8573,1211071691.66004),(1853,1211071693.00008),(1656,1211071701.80004),(9014,1211071705.50004),(2285,1211071717.08005),(8927,1211071717.89006),(8906,1211072826.70004),(8980,1211072828.54004),(8548,1211072853.57004),(13660,1211072855.76005),(10117,1211072937.21004),(10182,1211072938.60004),(12294,1211073062.69005),(12294,1211073064.00005),(10091,1211073108.57005),(8492,1211073109.81006),(10022,1211073361.73005),(13668,1211073363.52005),(2294,1211073386.52004),(9025,1211073420.60004),(8564,1211073513.21004),(8378,1211073514.91008),(8409,1211073681.00004),(8841,1211073811.32004),(8841,1211073813.76004),(14235,1211074050.88004),(14235,1211074053.83004),(8647,1211074054.80004),(12107,1211074076.33004),(12765,1211074079.71005),(8339,1211074301.96004),(8339,1211074309.10005),(8339,1211074311.59003),(1866,1211074439.34005),(10114,1211074443.01005),(10065,1211074494.35003),(1853,1211074695.29007),(12022,1211074699.21004),(10125,1211074779.89005),(8991,1211074780.83005),(8940,1211074805.41004),(8940,1211074806.64004),(9014,1211074815.89004),(10120,1211074829.88004),(12424,1211074842.95005),(8927,1211074943.93005),(12192,1211074944.86005),(12192,1211074947.51004),(2125,1211075033.30004),(14148,1211075035.90004),(10116,1211075248.58004),(10116,1211075249.69007),(10182,1211075703.64007),(12559,1211075704.53004),(2128,1211075707.71005),(2128,1211075710.76007),(8980,1211075753.47006),(8906,1211075754.95006),(14086,1211075929.19005),(10168,1211075932.97007),(8492,1211076064.73004),(8492,1211076065.61005),(10155,1211076067.06006),(13668,1211076499.26005),(8444,1211076514.79004),(8444,1211076516.58007),(9025,1211076598.22007),(8388,1211076600.96007),(13660,1211076731.75004),(8891,1211076737.88007),(13668,1211076751.41004),(12765,1211077188.99004),(12107,1211077190.18004),(12294,1211077609.61007),(13999,1211077611.32005),(8647,1211077710.38004),(8840,1211077794.01005),(12022,1211077868.84006),(8315,1211077871.34006),(8841,1211078037.31005),(8841,1211078038.66005),(12424,1211078072.94004),(1633,1211078115.17004),(12192,1211078219.77004),(10194,1211078222.55004),(8378,1211078452.05005),(10112,1211078453.99004),(12559,1211078482.87007),(9090,1211078484.39004),(14148,1211078513.95006),(8843,1211078515.30004),(8991,1211078553.04004),(8331,1211078554.43005),(10120,1211078821.66005),(10120,1211078824.38004),(8906,1211078885.02004),(8980,1211078889.82007),(10155,1211079226.81005),(2086,1211079228.74004),(10116,1211079324.10007),(10116,1211079325.33005),(8339,1211079564.90009),(8339,1211079566.72004),(10168,1211079592.73004),(12019,1211079597.24007),(8891,1211079981.90005),(10060,1211079983.69005),(13668,1211080084.08004),(8797,1211080085.87005),(10114,1211080176.51005),(12120,1211080177.84005),(12107,1211080479.25024),(12765,1211080479.54009),(2128,1211080560.72006),(2128,1211080562.11009),(8388,1211080644.75005),(1670,1211080646.03005),(13999,1211080969.58006),(13999,1211080973.13004),(8315,1211081195.38007),(8833,1211081196.75004),(8840,1211081275.13006),(8647,1211081295.64004),(10194,1211081323.73006),(2285,1211081324.86004),(9090,1211081564.23004),(8843,1211081568.84005),(8979,1211081571.15005),(8980,1211081883.54005),(8906,1211081887.19004),(1633,1211082184.85003),(9014,1211082372.23004),(2086,1211082409.58004),(13834,1211082412.59004),(8940,1211082587.62011),(8940,1211082588.61005),(8444,1211082765.79005),(8444,1211082766.88005),(10112,1211082933.92005),(10120,1211082956.62004),(10120,1211082964.37004),(8841,1211083115.44006),(8841,1211083116.44004),(8331,1211083127.00005),(13504,1211083128.92005),(13504,1211083130.26004),(12120,1211083206.32005),(8918,1211083208.06003),(10116,1211083216.65004),(10116,1211083217.97004),(8797,1211083286.94005),(8576,1211083288.51004),(10060,1211083411.19022),(1777,1211083413.01009),(12019,1211083698.80005),(14086,1211083721.83004),(8479,1211083812.36005),(12765,1211083851.89003),(13208,1211083852.46005),(10065,1211084079.64004),(8833,1211084509.38079),(8573,1211084516.40004),(13999,1211084529.44005),(8643,1211084561.37004),(1670,1211084675.44006),(2294,1211084677.20080),(2285,1211084702.15004),(8927,1211084702.77004),(8979,1211084779.16004),(2125,1211084780.67004),(8438,1211085017.91101),(10117,1211085022.20006),(2128,1211085121.35004),(2128,1211085122.81004),(8647,1211085638.89004),(14235,1211085647.69009),(9014,1211085841.45005),(9014,1211085845.90004),(13834,1211086258.56005),(10091,1211086260.12004),(13208,1211086734.94005),(13208,1211086736.64004),(13504,1211086755.21005),(10125,1211086765.77005),(10116,1211086957.74004),(10116,1211086959.02006),(8576,1211087032.36007),(12434,1211087034.87006),(1777,1211087230.52004),(2216,1211087234.50004),(8918,1211087338.24006),(8573,1211087522.55004),(1853,1211087525.01005),(10117,1211087861.51003),(10182,1211087862.79004),(8841,1211087890.31004),(8841,1211087891.58005),(8927,1211087976.32005),(12192,1211087977.38005),(8503,1211088097.44004),(2125,1211088318.02004),(14148,1211088318.90005),(8479,1211088405.05004),(8564,1211088407.68004),(8643,1211088442.41004),(8666,1211088443.50005),(2294,1211088493.79004),(9025,1211088499.63005),(14086,1211088842.39004),(10168,1211088843.99005),(2128,1211089482.73004),(2128,1211089483.69005),(10065,1211089604.92005),(10065,1211089606.56004),(10091,1211089609.46005),(8492,1211089611.12005),(14235,1211089722.45004),(14235,1211089723.68005),(8409,1211089778.18004),(13208,1211089927.97004),(13156,1211089931.66004),(9014,1211090287.77005),(9014,1211090290.99004),(8339,1211090396.71004),(8339,1211090398.38007),(12434,1211090501.40009),(10022,1211090503.56004),(10125,1211090588.54004),(8991,1211090591.29005),(10182,1211090753.23008),(12559,1211090754.38005),(10116,1211090969.50005),(10116,1211090971.19004),(1853,1211091026.73004),(8573,1211091029.67005),(12192,1211091385.21004),(10194,1211091386.52004),(9025,1211092049.50004),(8666,1211092055.81004),(8388,1211092057.54007),(8666,1211092059.11004),(2216,1211092164.74005),(8548,1211092174.20007),(8564,1211092692.42005),(13156,1211092755.49004),(13156,1211092757.46005),(8378,1211093238.69004),(10168,1211093282.97004),(12019,1211093289.39005),(8841,1211093366.99004),(8841,1211093368.61004),(14148,1211093504.48005),(8843,1211093506.24005),(12559,1211093744.65004),(9090,1211093747.02004),(8492,1211093982.04004),(10155,1211093983.63003),(8409,1211094043.08005),(8409,1211094046.77004),(2128,1211094095.77004),(2128,1211094096.88005),(8573,1211094227.62004),(1853,1211094230.03004),(10194,1211094711.64006),(2285,1211094760.62005),(14235,1211094838.38006),(8840,1211094839.99005),(8991,1211094851.36005),(8331,1211094852.61005),(8444,1211094889.09203),(8444,1211094890.06032),(9014,1211094899.94011),(1656,1211094933.75005),(10022,1211095155.62005),(8797,1211095156.62004),(8339,1211095163.11004),(8339,1211095164.69004),(10065,1211095493.69004),(13156,1211095749.89004),(12107,1211095753.66004),(8548,1211095960.33005),(13660,1211095962.72004),(10116,1211096220.09005),(10116,1211096222.03004),(10120,1211096258.39004),(8940,1211096308.61007),(8940,1211096309.77007),(8388,1211096507.00022),(1670,1211096508.53004),(8843,1211096760.61007),(8979,1211096762.70007),(8666,1211096958.14006),(8643,1211096972.01006),(9090,1211097006.50005),(8438,1211097034.79005),(12019,1211097346.66006),(14086,1211097349.30005),(10155,1211097369.08006),(2086,1211097371.59004),(1853,1211097805.00004),(12022,1211097816.90004),(2285,1211098258.27005),(8927,1211098259.51004),(8331,1211098279.04007),(13504,1211098280.45005),(8378,1211098501.65007),(8797,1211098506.73005),(8576,1211098511.93004),(8576,1211098512.57005),(12107,1211098663.60007),(12765,1211098682.42005),(8841,1211098787.52004),(8841,1211098788.70005),(2128,1211098870.13004),(2128,1211098871.79005),(8840,1211098893.52005),(8840,1211098895.89005),(1656,1211098954.62005),(12424,1211098983.25017),(8409,1211099044.59004),(8339,1211099958.16006),(8339,1211099959.82010),(8979,1211100190.76004),(2125,1211100193.51007),(13660,1211100288.32004),(8891,1211100290.21004),(8438,1211100371.77005),(10117,1211100373.57007),(10120,1211100486.66004),(10120,1211100490.33007),(2086,1211100587.18007),(13834,1211100593.10004),(8643,1211100633.67005),(12294,1211100684.26007),(10116,1211100740.01006),(10116,1211100741.28004),(1670,1211100785.09007),(2294,1211100787.98017),(12022,1211101213.59007),(8315,1211101215.53004),(8444,1211101238.44006),(8444,1211101239.83009),(14086,1211101605.33005),(10168,1211101607.65010),(8940,1211101672.83005),(8940,1211101674.06007),(8927,1211101721.01142),(8927,1211101721.66006),(12192,1211101722.14004),(8927,1211101727.83007),(12192,1211101729.09007),(12765,1211102014.22004),(12107,1211102016.15007),(8576,1211102440.32004),(12434,1211102510.51005),(8906,1211102533.19024),(8906,1211102536.67005),(8841,1211102736.53008),(13504,1211102820.39079),(10125,1211102821.60004),(12424,1211102845.51004),(12424,1211102851.07009),(10117,1211103267.81005),(10182,1211103317.86008),(2128,1211103357.94004),(2128,1211103359.17009),(2128,1211103362.18007),(8840,1211103394.30004),(8840,1211103394.98010),(8891,1211103540.77005),(10060,1211103543.03004),(8647,1211103784.74004),(13834,1211104491.72005),(10091,1211104492.96004),(2125,1211104508.66004),(14148,1211104509.93007),(12294,1211104809.38005),(13999,1211104816.19008),(2294,1211104891.33005),(9025,1211104903.77004),(8315,1211104913.33007),(8833,1211104914.90004),(10120,1211105118.92005),(12107,1211105199.03004),(12765,1211105203.56006),(1866,1211105254.43014),(8479,1211105647.41004),(12192,1211105715.60004),(12192,1211105716.98007),(10194,1211105718.41007),(8906,1211105887.21015),(8980,1211105888.71007),(10065,1211106050.51005),(10168,1211106087.84006),(2137,1211106090.77007),(10182,1211106368.40007),(12559,1211106384.30006),(12434,1211106537.89004),(13668,1211106539.64009),(10116,1211106932.44008),(10116,1211106937.52010),(10060,1211107005.86017),(1777,1211107008.44010),(10125,1211107025.73004),(8991,1211107031.38005),(12424,1211107141.40008),(1633,1211107190.72004),(8647,1211107818.99013),(10091,1211107821.62005),(8822,1211107821.71005),(8492,1211107822.87005),(8841,1211108040.88005),(8841,1211108042.03004),(14148,1211108147.72004),(8843,1211108148.65008),(8833,1211108222.18009),(12022,1211108224.47005),(13999,1211108241.66005),(8666,1211108243.20009),(9025,1211108318.86007),(8388,1211108326.61116),(8388,1211108328.98007),(12765,1211108393.73005),(13208,1211108393.83006),(2128,1211108502.57005),(2128,1211108503.80005),(8980,1211108797.48004),(8980,1211108800.80006),(10194,1211109086.51005),(2285,1211109088.07005),(12559,1211109415.71004),(9090,1211109416.87005),(13668,1211109541.54005),(8797,1211109545.23004),(8479,1211109941.90007),(8479,1211109944.42006),(2137,1211110041.46007),(12019,1211110047.66006),(1866,1211110269.71005),(10114,1211110275.50007),(8564,1211110294.32005),(1777,1211110598.07011),(8548,1211110600.12006),(8492,1211110715.97006),(10155,1211110719.06007),(8444,1211110771.39006),(8444,1211110772.27005),(8461,1211110791.76004),(10116,1211110818.42005),(10116,1211110819.66004),(8409,1211110986.29004),(13208,1211111233.93004),(13156,1211111235.57005),(12022,1211111334.01005),(8315,1211111335.76005),(8843,1211111363.80005),(8979,1211111367.01005),(8666,1211111465.56005),(8643,1211111466.83005),(1633,1211111515.38005),(1633,1211111517.23006),(1633,1211111520.27005),(8330,1211111522.87005),(10065,1211111631.48006),(10065,1211111634.58006),(10065,1211111641.30006),(8980,1211111746.26005),(8906,1211111747.97006),(8991,1211111781.85004),(8331,1211111783.39008),(2285,1211112437.41004),(8927,1211112439.07006),(9090,1211112654.34044),(8438,1211112655.84004),(8841,1211112675.13004),(8841,1211112676.47005),(2128,1211112900.52047),(2128,1211112901.52006),(2128,1211112903.13005),(8388,1211112937.17004),(1670,1211112939.10005),(8797,1211113103.95007),(8576,1211113106.87005),(8822,1211113167.58004),(8319,1211113169.23005),(13156,1211113609.91005),(12107,1211113647.12006),(12019,1211113668.85008),(14086,1211113670.55006),(10155,1211113684.05159),(2086,1211113689.98004),(8548,1211113762.19005),(13660,1211113763.87079),(8979,1211114479.99004),(2125,1211114480.97003),(8315,1211114608.32006),(8833,1211114610.37007),(8564,1211114625.99004),(10112,1211114628.98003),(8906,1211114868.32004),(8980,1211114870.24009),(10116,1211114961.27004),(10116,1211114962.85005),(8409,1211115154.16004),(8409,1211115156.65004),(8331,1211115453.21004),(13504,1211115454.98004),(10114,1211115496.00005),(8918,1211115497.47004),(8643,1211115519.49004),(8643,1211115522.19005),(12294,1211115524.52005),(8927,1211115711.00005),(12192,1211115711.79004),(8461,1211115742.04009),(8438,1211115826.31015),(10117,1211115828.68005),(8940,1211116349.96013),(8940,1211116351.13004),(8576,1211116597.03005),(12434,1211116598.85006),(8444,1211116744.50004),(8444,1211116745.84005),(2086,1211116814.77008),(13834,1211116819.86004),(12107,1211116955.16004),(12765,1211116957.61005),(1670,1211116972.88005),(2294,1211116974.07004),(8330,1211117267.65005),(12324,1211117269.52004),(14086,1211117277.31004),(13660,1211117280.87004),(8891,1211117282.80005),(10168,1211117289.64007),(10168,1211117300.99005),(8841,1211117324.77004),(8841,1211117326.21004),(8461,1211117369.86004),(2128,1211117542.85004),(2128,1211117543.96008),(2128,1211117545.54004),(2125,1211117699.14004),(14148,1211117701.58004),(8980,1211117766.62003),(8906,1211117770.76004),(8833,1211117785.38004),(8573,1211117787.48144),(10065,1211118110.31004),(10065,1211118111.65008),(10120,1211118116.68005),(8319,1211118209.18004),(8319,1211118211.61005),(14235,1211118212.50004),(10117,1211118525.94005),(10182,1211118527.26003),(13504,1211118965.65004),(10112,1211118968.83009),(8378,1211118972.69004),(12294,1211119143.56005),(13999,1211119151.13004),(10125,1211119188.12003),(12192,1211119274.80004),(10194,1211119278.32005),(8918,1211119339.30004),(8503,1211119341.09005),(10116,1211119915.81006),(12434,1211119927.15007),(10022,1211119931.56005),(10022,1211119933.25007),(13156,1211119986.95007),(2294,1211120308.66005),(9025,1211120313.30007),(8891,1211120344.24004),(10060,1211120345.90004),(8409,1211120505.92007),(13834,1211120562.55004),(10091,1211120563.70007),(8573,1211120734.82004),(1853,1211120736.51004),(8906,1211120817.63007),(8980,1211120819.42007),(12324,1211120857.28006),(2289,1211120859.77005),(8841,1211121099.51004),(8841,1211121100.93005),(10168,1211121115.88004),(2137,1211121118.88005),(14148,1211121178.31006),(8843,1211121180.00005),(10182,1211121241.60006),(12559,1211121242.59005),(8940,1211121510.93010),(14235,1211121710.53004),(8822,1211121717.59009),(10120,1211121793.23007),(2128,1211122010.71005),(2128,1211122011.71004),(8461,1211122179.71007),(8461,1211122182.93006),(13999,1211122309.37006),(8666,1211122310.47007),(13156,1211122402.52007),(13208,1211122403.49007),(10194,1211122466.76006),(2285,1211122467.69004),(8444,1211123050.80004),(8378,1211123257.43005),(8503,1211123284.94004),(9025,1211123411.03005),(8388,1211123414.40005),(8388,1211123415.48006),(10125,1211123495.37004),(8331,1211123498.64005),(10060,1211123507.38003),(1853,1211123630.96007),(12022,1211123634.81005),(12022,1211123635.46004),(10091,1211123659.89003),(8492,1211123661.35004),(8980,1211123872.86005),(12559,1211123968.02005),(9090,1211123969.02008),(8843,1211124391.55003),(8979,1211124392.51005),(10022,1211124430.62005),(10022,1211124432.20005),(10022,1211124437.44008),(13668,1211124438.81004),(2289,1211124589.06004),(2137,1211124956.09005),(14086,1211124983.87004),(14086,1211124989.36005),(13208,1211125013.25004),(13156,1211125014.01005),(8666,1211125348.57005),(8841,1211125747.75005),(2285,1211125777.48004),(8927,1211125778.60005),(8492,1211126494.81005),(8331,1211126611.71005),(8822,1211126698.84003),(12022,1211126747.72005),(2128,1211126785.24005),(9090,1211126868.58004),(8388,1211127060.85004),(13668,1211127292.61004),(13156,1211127481.86004),(8461,1211127846.90004),(8979,1211128163.72005),(14086,1211128828.48004),(10168,1211129035.43004),(10168,1211129036.11005),(8927,1211129218.07004);
/*!40000 ALTER TABLE `raw_timestamp` ENABLE KEYS */;
UNLOCK TABLES;

--
-- Table structure for table `rider`
--

DROP TABLE IF EXISTS `rider`;
/*!40101 SET @saved_cs_client     = @@character_set_client */;
/*!40101 SET character_set_client = utf8 */;
CREATE TABLE `rider` (
  `person_id` int(4) NOT NULL DEFAULT '0',
  `team_id` int(4) DEFAULT NULL,
  `last_name` varchar(24) NOT NULL DEFAULT '',
  `first_name` varchar(24) NOT NULL DEFAULT '',
  `middle_name` varchar(24) DEFAULT NULL,
  `city` varchar(36) DEFAULT NULL,
  `state` char(2) DEFAULT NULL,
  `country` varchar(24) DEFAULT NULL,
  `gender` char(1) DEFAULT NULL,
  `notes` text,
  PRIMARY KEY (`person_id`),
  KEY `rider__team_id__idx` (`team_id`)
) ENGINE=MyISAM DEFAULT CHARSET=latin1;
/*!40101 SET character_set_client = @saved_cs_client */;

--
-- Dumping data for table `rider`
--

LOCK TABLES `rider` WRITE;
/*!40000 ALTER TABLE `rider` DISABLE KEYS */;
INSERT INTO `rider` VALUES (75,1,'O\'Dea','Edward','M','Atlanta','GA','USA','M',''),(73,2,'Alligood','Joe','B','Milwaukee','WI','USA','M',''),(71,3,'Simons','Jim','','Bozeman','MT','USA','M',''),(118,4,'Hanna','Kenny','J','FLANDERS','NJ','USA','M',''),(72,5,'Ayhan','Emrah','','Hackettstown','NB','USA','M',''),(111,6,'McMillan','Jimmy','C','glen allen','VA','USA','M',''),(76,7,'O\'Dea','Namrita','K','Atlanta','GA','USA','F',''),(74,8,'Baumgardt-Kays','Liz','N','Loves Park','IL','USA','F',''),(15,9,'Koch','John','M','Maple Grove','MN','USA','M',''),(14,9,'Zerbe','Glenn','H','Minneapolis','MN','USA','M',''),(86,10,'Edge','Jeremy','','Athens','GA','USA','M',''),(85,10,'Lanzilotta','William','N','Athens','GA','USA','M',''),(97,11,'Kovacevich','Peter','S','cumming','GA','USA','M',''),(98,11,'Lilly','Megan','T','Marietta','GA','USA','F',''),(99,11,'Lilly','Thom','','Marietta','GA','USA','M',''),(100,11,'Hawley','Matthew','J','Cumming','GA','USA','M',''),(101,11,'Kovacevich','Joseph','M','Cumming','GA','USA','M',''),(39,12,'Jacobson','Jeff','C','Laguna Hills','CA','USA','M',''),(40,12,'Quinn','Mitch','','Raleigh','NC','USA','M',''),(41,12,'Morris','Perry','J','Raleigh','NC','USA','M',''),(42,12,'Rust','Steve','J','Suwanee','GA','USA','M',''),(43,12,'Rust','Jason','','Suwanee','GA','USA','M',''),(87,14,'Rampton','Christopher','J','Atlanta','GA','USA','M',''),(88,14,'Rampton','Kurt','R','Atlanta','GA','USA','M',''),(89,14,'Durkin','Craig','','Doraville','GA','USA','M',''),(90,14,'Chamberlain','Aaron','A','Atlanta','GA','USA','M',''),(91,14,'Crenshaw','Austin','','Atlanta','GA','USA','M',''),(48,15,'Averill','Graham','','Asheville','NC','USA','M',''),(49,15,'rider','unregistered','','','','USA','M',''),(50,15,'rider','unregistered','','','','USA','M',''),(51,15,'rider','unregistered','','','','USA','M',''),(52,15,'rider','unregistered','','','','USA','M',''),(53,16,'Rojas','Andres','F','Alpharetta','GA','USA','M',''),(54,16,'Pelaez','Juan','P','Suwanee','GA','USA','M',''),(55,16,'Giraldo','Jorge','','Alpharetta','GA','USA','M',''),(56,16,'Zuluaga','Carlos','','alpharetta','GA','USA','M',''),(57,16,'Gomez','Juan','C','Suwanee','GA','USA','M',''),(62,17,'Neal','John','L','Trussville','AL','USA','M',''),(63,17,'Bradford','John','R','Pell City','AL','USA','M',''),(64,17,'Grund','Christopher','M','Alabaster','AL','USA','M',''),(65,17,'Gibbs','Brendan','','Birmingham','AL','USA','M',''),(66,17,'Cotlin','Joe','','Birmingham','AL','USA','M',''),(106,18,'Sperier','Stephen','W','Mandeville','LA','United States','M',''),(107,18,'Mutell','Dennis','B','Mandeville','LA','USA','M',''),(108,18,'Clark','Pen','','Covington','LA','USA','M',''),(109,18,'Salaun','Bill','C','Madisonville','LA','USA','M',''),(110,18,'Dubroc','Eric','','Mandeville','LA','USA','M',''),(77,19,'Skalski','Eric','J','Bonita','CA','USA','M',''),(78,19,'Bair','Ted','D','San Diego','CA','USA','M',''),(79,19,'Sibly','Nathan','','','','USA','M',''),(80,19,'Everett','Michael','D','Imperial Beach','CA','USA','M',''),(45,20,'Brown','Jacob','R','Morgantown','WV','USA','M',''),(46,20,'Brown','Lucas','M','Blacksburg','VA','USA','M',''),(44,20,'Dwyer','Scott','T','Forest','VA','USA','M',''),(47,20,'Barnes','Clint','L','Warrenton','VA','USA','M',''),(58,21,'Wolfe','Ron','','Rincon','GA','USA','M',''),(59,21,'Lineberry','Pat','','Savannah','GA','USA','M',''),(60,21,'McCarty','Steve','','Pooler','GA','USA','M',''),(61,21,'Green','Ron','','Savannah','GA','USA','M',''),(67,22,'Millard','Chase','R','Philadelphia','PA','USA','M',''),(68,22,'Schmidt','Paul','','gainesville','FL','USA','M',''),(69,22,'Schwartz','Forrest','G','Morgantown','WV','USA','M',''),(70,22,'Harlan','Nathan','J','Morgantown','WV','USA','M',''),(102,23,'Harris','Mike','','Marietta','GA','USA','M',''),(103,23,'Senk','Jono','A','Sandy Springs','GA','USA','M',''),(104,23,'Myrick Jr.','Charles','L','Atlanta','GA','USA','M',''),(105,23,'Dunwoody','Ladd','','Marietta','GA','USA','M',''),(81,24,'Latty','David','','Lula','GA','USA','M',''),(82,24,'White','Stan','','Mountain City','GA','USA','M',''),(83,24,'Blackstock','Tommy','S','Talmo','GA','USA','M',''),(84,24,'Elam','Joe','','Alto','GA','USA','M',''),(25,25,'Bready','Walt','','Woodstock','GA','USA','M',''),(26,25,'Sauret','Tom','','Gainesville','GA','USA','M',''),(27,25,'Allen','Robin','','Marietta','GA','USA','F',''),(28,25,'Gandy','Jeff','','Woodstock','GA','USA','M',''),(29,25,'Elzey','Daniel','','Athens','GA','USA','M',''),(30,25,'Grieco','Bob','','Roswell','GA','USA','M',''),(31,25,'Mullins','Stephen','','Atlanta','GA','USA','M',''),(32,25,'Dickman','Bruce','','Roswell','GA','USA','M',''),(33,25,'Hughes','Tom','','Gainesville','GA','USA','M',''),(34,25,'Fisher','Gary','','San Anselmo','CA','USA','M',''),(1,26,'Gillespie','Elizabeth','A','Bryson City','NC','USA','F',''),(2,26,'Kyle','Gary','C','Spartanburg','SC','USA','M',''),(3,26,'Killian','Teresa','G','Sylva','NC','USA','F',''),(4,26,'Leonard','George','T','Greer','SC','USA','M',''),(5,26,'Barnao','Matt','W','Asheville','NC','USA','M',''),(96,26,'Skilbeck','Paul','','San Francisco','CA','USA','M',''),(112,27,'Ford','David','M','Conyers','GA','USA','M',''),(113,27,'Walden','Tim','','Conyers','GA','USA','M',''),(114,27,'Byrd','Timothy','D','Conyers','GA','USA','M',''),(115,27,'Worsham','Keith','D','Stockbridge','GA','USA','M',''),(116,27,'Worsham','Micah','J','Stockbridge','GA','USA','M',''),(117,27,'Thome','Phil','','Atlanta','GA','USA','M',''),(16,28,'Makino','Atsushi','','Roswell','GA','USA','M',''),(17,28,'Mastropasqua','Mark','A','Atlanta','GA','USA','M',''),(18,28,'Forio','Trudy','A','Atlanta','GA','USA','F',''),(19,28,'Takashima','Shunichi','','Sterling','VA','USA','M',''),(20,28,'Murphy','Michael','K','Atlatna','GA','USA','M',''),(124,26,'Knight','Laird','A','Thomas','WV','USA','M','');
/*!40000 ALTER TABLE `rider` ENABLE KEYS */;
UNLOCK TABLES;

--
-- Table structure for table `rider_rfid`
--

DROP TABLE IF EXISTS `rider_rfid`;
/*!40101 SET @saved_cs_client     = @@character_set_client */;
/*!40101 SET character_set_client = utf8 */;
CREATE TABLE `rider_rfid` (
  `person_id` int(4) NOT NULL DEFAULT '0',
  `rfid` int(8) NOT NULL DEFAULT '0',
  KEY `rider_rfid__person_id__idx` (`person_id`),
  KEY `rider_rfid__rfid__idx` (`rfid`)
) ENGINE=MyISAM DEFAULT CHARSET=latin1;
/*!40101 SET character_set_client = @saved_cs_client */;

--
-- Dumping data for table `rider_rfid`
--

LOCK TABLES `rider_rfid` WRITE;
/*!40000 ALTER TABLE `rider_rfid` DISABLE KEYS */;
INSERT INTO `rider_rfid` VALUES (75,10116),(73,8339),(71,8461),(118,8409),(72,2128),(111,8841),(76,8444),(74,8940),(15,10120),(14,10065),(86,8906),(85,8980),(97,13999),(98,10131),(99,8666),(100,12294),(101,8643),(39,10164),(40,13668),(41,8576),(42,12434),(43,10022),(87,2010),(88,12559),(89,9090),(90,10182),(91,10117),(48,13106),(49,8739),(50,8662),(51,12735),(52,9016),(53,8573),(54,8833),(55,8315),(56,1853),(57,12022),(62,10091),(63,13834),(64,2086),(65,10155),(66,8492),(106,12019),(107,10168),(108,8540),(109,14086),(110,2137),(77,12765),(78,12107),(79,2032),(80,13208),(45,8979),(46,2125),(44,8843),(47,14148),(58,9025),(59,1670),(60,2294),(61,8388),(67,8927),(68,2285),(69,12192),(70,10194),(102,13504),(103,8991),(104,8331),(105,10125),(81,8564),(82,8378),(83,8479),(84,10112),(25,1656),(26,8330),(27,14058),(28,1633),(29,9014),(30,12424),(31,2082),(32,12324),(33,2289),(34,14240),(1,13381),(2,10114),(3,8503),(4,1866),(5,8918),(96,12120),(112,10060),(113,8891),(114,1777),(115,8548),(116,2216),(117,13660),(16,8840),(17,8319),(18,8822),(19,14235),(20,8647),(79,13156),(39,8797),(87,8438),(124,2424);
/*!40000 ALTER TABLE `rider_rfid` ENABLE KEYS */;
UNLOCK TABLES;

--
-- Table structure for table `standings`
--

DROP TABLE IF EXISTS `standings`;
/*!40101 SET @saved_cs_client     = @@character_set_client */;
/*!40101 SET character_set_client = utf8 */;
CREATE TABLE `standings` (
  `team_id` int(4) NOT NULL DEFAULT '0',
  `class` char(2) NOT NULL DEFAULT '',
  `laps` int(4) NOT NULL DEFAULT '0',
  `last_lap_finish_ts` double(16,5) NOT NULL DEFAULT '0.00000',
  KEY `standings__llap_finish_ts__idx` (`last_lap_finish_ts`)
) ENGINE=MyISAM DEFAULT CHARSET=latin1;
/*!40101 SET character_set_client = @saved_cs_client */;

--
-- Dumping data for table `standings`
--

LOCK TABLES `standings` WRITE;
/*!40000 ALTER TABLE `standings` DISABLE KEYS */;
INSERT INTO `standings` VALUES (10,'C2',23,1211123872.86005),(19,'MS',30,1211127481.86004),(6,'M1',20,1211125747.75005),(1,'M1',21,1211119915.81006),(16,'5M',28,1211126747.72005),(14,'5M',30,1211126868.58004),(22,'MS',27,1211129218.07004),(23,'MS',24,1211126611.71005),(2,'M1',12,1211099958.16006),(25,'JF',22,1211124589.06004),(17,'5M',27,1211126494.81005),(5,'M1',20,1211126785.24005),(12,'5M',25,1211127292.61004),(11,'C5',23,1211125348.57005),(27,'JF',24,1211123507.38003),(18,'5M',23,1211128828.48004),(9,'C2',17,1211121793.23007),(7,'W1',15,1211123050.80004),(4,'M1',10,1211120505.92007),(21,'MS',24,1211127060.85004),(24,'MV',18,1211123257.43005),(8,'W1',12,1211121510.93010),(20,'MS',26,1211128163.72005),(3,'M1',8,1211127846.90004),(26,'JF',15,1211123284.94004),(28,'JF',19,1211126698.84003);
/*!40000 ALTER TABLE `standings` ENABLE KEYS */;
UNLOCK TABLES;

--
-- Table structure for table `team`
--

DROP TABLE IF EXISTS `team`;
/*!40101 SET @saved_cs_client     = @@character_set_client */;
/*!40101 SET character_set_client = utf8 */;
CREATE TABLE `team` (
  `id` int(4) NOT NULL AUTO_INCREMENT,
  `bib_number` int(4) DEFAULT NULL,
  `class` char(2) NOT NULL DEFAULT '',
  `name` varchar(40) NOT NULL DEFAULT '',
  `captain_id` int(4) DEFAULT NULL,
  `sponsor` text,
  `notes` text,
  PRIMARY KEY (`id`),
  UNIQUE KEY `team_name_key` (`name`),
  UNIQUE KEY `team_bib_number_key` (`bib_number`),
  KEY `team__id__idx` (`id`)
) ENGINE=MyISAM AUTO_INCREMENT=29 DEFAULT CHARSET=latin1;
/*!40101 SET character_set_client = @saved_cs_client */;

--
-- Dumping data for table `team`
--

LOCK TABLES `team` WRITE;
/*!40000 ALTER TABLE `team` DISABLE KEYS */;
INSERT INTO `team` VALUES (1,1,'M1','O\'Dea, Edward M.',75,NULL,NULL),(2,2,'M1','Alligood, Joe B.',73,NULL,NULL),(3,3,'M1','Simons, Jim',71,NULL,NULL),(4,4,'M1','Hanna, Kenny J.',118,NULL,NULL),(5,5,'M1','Ayhan, Emrah',72,NULL,NULL),(6,6,'M1','McMillan, Jimmy C.',111,NULL,NULL),(7,7,'W1','O\'Dea, Namrita K.',76,NULL,NULL),(8,8,'W1','Baumgardt-Kays, Liz N.',74,NULL,NULL),(9,9,'C2','Bone Crushers',14,NULL,NULL),(10,10,'C2','Wakeracing\'s - The Crew, less two.',85,NULL,NULL),(11,11,'C5','Priority Fe-Mail',97,NULL,NULL),(12,12,'5M','The Cyclepaths',39,NULL,NULL),(14,14,'5M','Faster Mustache',87,NULL,NULL),(15,15,'5M','Blue Ridge Outdoors',48,NULL,NULL),(16,16,'5M','ZerieUSA',53,NULL,NULL),(17,17,'5M','BUMP n\' Uglies',62,NULL,NULL),(18,18,'5M','Jack Legs Part 3',106,NULL,NULL),(19,19,'MS','NSW Flyin\' Frogs',77,NULL,NULL),(20,20,'MS','VT Dragonsauce',44,NULL,NULL),(21,21,'MS','Wolf Pack',58,NULL,NULL),(22,22,'MS','Incognito Endurance',67,NULL,NULL),(23,23,'MS','Atlanta Cycling',102,NULL,NULL),(24,24,'MV','Habersham Bicycles',81,NULL,NULL),(25,25,'JF','20 Years of SORBA',25,NULL,NULL),(26,26,'JF','Group Therapy',1,NULL,NULL),(27,27,'JF','Delta Farce',112,NULL,NULL),(28,28,'JF','The Preston Partnership',16,NULL,NULL);
/*!40000 ALTER TABLE `team` ENABLE KEYS */;
UNLOCK TABLES;
/*!40103 SET TIME_ZONE=@OLD_TIME_ZONE */;

/*!40101 SET SQL_MODE=@OLD_SQL_MODE */;
/*!40014 SET FOREIGN_KEY_CHECKS=@OLD_FOREIGN_KEY_CHECKS */;
/*!40014 SET UNIQUE_CHECKS=@OLD_UNIQUE_CHECKS */;
/*!40101 SET CHARACTER_SET_CLIENT=@OLD_CHARACTER_SET_CLIENT */;
/*!40101 SET CHARACTER_SET_RESULTS=@OLD_CHARACTER_SET_RESULTS */;
/*!40101 SET COLLATION_CONNECTION=@OLD_COLLATION_CONNECTION */;
/*!40111 SET SQL_NOTES=@OLD_SQL_NOTES */;

-- Dump completed on 2018-12-07 22:45:28
