-- MySQL dump 10.13  Distrib 5.5.61, for Linux (x86_64)
--
-- Host: localhost    Database: grannyge_grannyg2007landahl
-- ------------------------------------------------------
-- Server version	5.5.61-cll

/*!40101 SET @OLD_CHARACTER_SET_CLIENT=@@CHARACTER_SET_CLIENT */;
/*!40101 SET @OLD_CHARACTER_SET_RESULTS=@@CHARACTER_SET_RESULTS */;
/*!40101 SET @OLD_COLLATION_CONNECTION=@@COLLATION_CONNECTION */;
/*!40101 SET NAMES utf8 */;
/*!40103 SET @OLD_TIME_ZONE=@@TIME_ZONE */;
/*!40103 SET TIME_ZONE='+00:00' */;
/*!40014 SET @OLD_UNIQUE_CHECKS=@@UNIQUE_CHECKS, UNIQUE_CHECKS=0 */;
/*!40014 SET @OLD_FOREIGN_KEY_CHECKS=@@FOREIGN_KEY_CHECKS, FOREIGN_KEY_CHECKS=0 */;
/*!40101 SET @OLD_SQL_MODE=@@SQL_MODE, SQL_MODE='NO_AUTO_VALUE_ON_ZERO' */;
/*!40111 SET @OLD_SQL_NOTES=@@SQL_NOTES, SQL_NOTES=0 */;

--
-- Current Database: `grannyge_grannyg2007landahl`
--

CREATE DATABASE /*!32312 IF NOT EXISTS*/ `grannyge_grannyg2007landahl` /*!40100 DEFAULT CHARACTER SET latin1 */;

USE `grannyge_grannyg2007landahl`;

--
-- Table structure for table `correcting_timestamp`
--

DROP TABLE IF EXISTS `correcting_timestamp`;
/*!40101 SET @saved_cs_client     = @@character_set_client */;
/*!40101 SET character_set_client = utf8 */;
CREATE TABLE `correcting_timestamp` (
  `rfid` int(8) NOT NULL DEFAULT '0',
  `team_id` int(4) NOT NULL DEFAULT '0',
  `timestamp` decimal(16,5) NOT NULL DEFAULT '0.00000',
  `trans_timestamp` decimal(16,5) NOT NULL DEFAULT '0.00000',
  `trans_type` varchar(16) NOT NULL DEFAULT '',
  `code` text,
  KEY `correcting_timestamp__rfid__idx` (`rfid`),
  KEY `correcting_timestamp__team_id__` (`team_id`)
) ENGINE=MyISAM DEFAULT CHARSET=latin1;
/*!40101 SET character_set_client = @saved_cs_client */;

--
-- Dumping data for table `correcting_timestamp`
--

LOCK TABLES `correcting_timestamp` WRITE;
/*!40000 ALTER TABLE `correcting_timestamp` DISABLE KEYS */;
INSERT INTO `correcting_timestamp` VALUES (14061,19,1190472721.52285,1190489299.00000,'MAN_DELETE_TRANS','no go -z'),(14061,19,1190472726.00284,1190489342.00000,'MAN_DELETE_TRANS','no go -z'),(14061,19,1190472724.26285,1190489322.00000,'MAN_DELETE_TRANS','no go -z'),(8999,20,1190482021.47005,1190494128.00000,'SYS_DELETE_TRANS','lap (0.01 min) is too fast, resetting lap start time'),(12016,20,1190473317.31004,1190494128.00000,'SYS_DELETE_TRANS','current first lap rider is logging in again'),(13171,25,1190475986.18005,1190494190.00000,'SYS_DELETE_TRANS','current first lap rider is logging in again'),(12079,17,1190526671.63004,1190555618.00000,'SYS_DELETE_TRANS','lap (0.01 min) is too fast, resetting lap start time'),(2264,28,1190475086.82022,1190494230.00000,'SYS_DELETE_TRANS','new rider log in, cancelling lap after 74.88 min.'),(14179,20,1190511574.70005,1190515183.00000,'SYS_DELETE_TRANS','lap (0.02 min) is too fast, resetting lap start time'),(12861,18,1190526246.71005,1190529872.00000,'SYS_DELETE_TRANS','new rider log in, cancelling lap after 0.02 min.'),(13999,1,1190487364.00000,1190491038.00000,'MAN_INSERT_TRANS','remoteUpdate'),(14061,19,1190472719.58292,1190489256.00000,'MAN_DELETE_TRANS','no go -z'),(12583,30,1190481000.47005,1190484676.00000,'MAN_DELETE_TRANS','remoteUpdate'),(2004,20,1190487004.00000,1190490960.00000,'MAN_INSERT_TRANS','remoteUpdate'),(8999,20,1190487004.79005,1190490920.00000,'MAN_DELETE_TRANS','remoteUpdate'),(1868,36,1190481939.50004,1190485817.00000,'MAN_DELETE_TRANS','remoteUpdate'),(13999,1,1190483712.00000,1190487604.00000,'MAN_INSERT_TRANS','remoteUpdate'),(14061,19,1190472714.50287,1190489241.00000,'MAN_DELETE_TRANS','nogo -z'),(2118,27,1190483860.77007,1190487513.00000,'MAN_DELETE_TRANS','remoteUpdate'),(12016,20,1190473304.10005,1190494128.00000,'SYS_DELETE_TRANS','current first lap rider is logging in again'),(2004,20,1190487004.57004,1190490841.00000,'MAN_DELETE_TRANS','remoteUpdate'),(2118,27,1190487532.99005,1190494217.00000,'SYS_DELETE_TRANS','new rider log in, cancelling lap after 0.07 min.'),(12103,26,1190489448.99004,1190523442.00000,'SYS_DELETE_TRANS','lap (0.05 min) is too fast, resetting lap start time'),(2280,31,1190489471.22005,1190567209.00000,'SYS_DELETE_TRANS','lap (0.01 min) is too fast, resetting lap start time'),(12648,25,1190489680.58005,1190494190.00000,'SYS_DELETE_TRANS','lap (0.07 min) is too fast, resetting lap start time'),(12430,36,1190487164.35006,1190494357.00000,'SYS_DELETE_TRANS','new rider log in, cancelling lap after 55.60 min.'),(10058,21,1190484595.59016,1190494621.00000,'SYS_DELETE_TRANS','new rider log in, cancelling lap after 107.01 min.'),(13258,14,1190487513.04004,1190495049.00000,'SYS_DELETE_TRANS','new rider log in, cancelling lap after 65.47 min.'),(2004,20,1190491688.57019,1190495326.00000,'SYS_DELETE_TRANS','new rider log in, cancelling lap after 0.28 min.'),(12030,13,1190492250.59007,1190495876.00000,'SYS_DELETE_TRANS','new rider log in, cancelling lap after 0.02 min.'),(12269,15,1190554693.30006,1190558323.00000,'SYS_DELETE_TRANS','new rider log in, cancelling lap after 0.07 min.'),(1901,17,1190489247.70005,1190555618.00000,'SYS_DELETE_TRANS','lap (0.09 min) is too fast, resetting lap start time'),(9025,34,1190497445.04005,1190501070.00000,'SYS_DELETE_TRANS','lap (0.08 min) is too fast, resetting lap start time'),(13993,36,1190494985.58011,1190501722.00000,'SYS_DELETE_TRANS','new rider log in, cancelling lap after 52.18 min.'),(2160,19,1190498381.04005,1190501987.00000,'SYS_DELETE_TRANS','lap (0.01 min) is too fast, resetting lap start time'),(8952,11,1190498483.97003,1190502095.00000,'SYS_DELETE_TRANS','lap (0.04 min) is too fast, resetting lap start time'),(14179,20,1190564516.45004,1190568119.00000,'SYS_DELETE_TRANS','Can\'t start new lap after race finish'),(1963,28,1190499409.07004,1190503028.00000,'SYS_DELETE_TRANS','lap (0.04 min) is too fast, resetting lap start time'),(1963,28,1190499411.22010,1190503028.00000,'SYS_DELETE_TRANS','lap (0.01 min) is too fast, resetting lap start time'),(2281,7,1190500225.88004,1190503852.00000,'SYS_DELETE_TRANS','lap (0.05 min) is too fast, resetting lap start time'),(1753,18,1190509561.14004,1190513170.00000,'SYS_DELETE_TRANS','lap (0.03 min) is too fast, resetting lap start time'),(9057,29,1190480553.97005,1190509273.00000,'SYS_DELETE_TRANS','lap (0.03 min) is too fast, resetting lap start time'),(9025,34,1190507059.42004,1190510690.00000,'SYS_DELETE_TRANS','new rider log in, cancelling lap after 0.08 min.'),(8999,20,1190501852.42004,1190505473.00000,'SYS_DELETE_TRANS','lap (0.02 min) is too fast, resetting lap start time'),(12190,25,1190502197.88004,1190505826.00000,'SYS_DELETE_TRANS','new rider log in, cancelling lap after 0.05 min.'),(8803,29,1190501012.72003,1190509273.00000,'MAN_DELETE_TRANS','remoteUpdate'),(1801,12,1190511577.77004,1190515206.00000,'SYS_DELETE_TRANS','lap (0.06 min) is too fast, resetting lap start time'),(12269,15,1190516169.60005,1190519801.00000,'SYS_DELETE_TRANS','lap (0.05 min) is too fast, resetting lap start time'),(12861,18,1190526245.01010,1190529850.00000,'SYS_DELETE_TRANS','lap (0.03 min) is too fast, resetting lap start time'),(12861,18,1190519129.27005,1190522758.00000,'SYS_DELETE_TRANS','lap (0.04 min) is too fast, resetting lap start time'),(13317,26,1190495368.09003,1190523442.00000,'SYS_DELETE_TRANS','lap (0.03 min) is too fast, resetting lap start time'),(1659,24,1190526542.75007,1190564207.00000,'SYS_DELETE_TRANS','new rider log in, cancelling lap after 9.71 min.'),(12653,22,1190517826.26005,1190553941.00000,'MAN_DELETE_TRANS','remoteUpdate'),(14073,26,1190519726.74004,1190523441.00000,'MAN_DELETE_TRANS','remoteUpdate'),(2138,29,1190523028.74005,1190526648.00000,'SYS_DELETE_TRANS','lap (0.09 min) is too fast, resetting lap start time'),(13344,27,1190523042.74006,1190526648.00000,'SYS_DELETE_TRANS','lap (0.03 min) is too fast, resetting lap start time'),(12269,15,1190550751.14006,1190554362.00000,'SYS_DELETE_TRANS','lap (0.03 min) is too fast, resetting lap start time'),(12967,30,1190524141.12007,1190527937.00000,'MAN_DELETE_TRANS','remoteUpdate'),(2138,29,1190523034.43005,1190530583.00000,'SYS_DELETE_TRANS','new rider log in, cancelling lap after 65.72 min.'),(8949,12,1190565929.61010,1190569549.00000,'SYS_DELETE_TRANS','Can\'t start new lap after race finish'),(13171,25,1190531114.71004,1190534737.00000,'SYS_DELETE_TRANS','lap (0.03 min) is too fast, resetting lap start time'),(1674,29,1190526977.76006,1190534920.00000,'SYS_DELETE_TRANS','new rider log in, cancelling lap after 72.20 min.'),(2171,24,1190515292.10005,1190564206.00000,'SYS_DELETE_TRANS','new rider log in, cancelling lap after 80.78 min.'),(1659,24,1190482626.84005,1190564206.00000,'SYS_DELETE_TRANS','new rider log in, cancelling lap after 0.04 min.'),(13712,24,1190555933.80006,1190564206.00000,'MAN_DELETE_TRANS','remoteUpdate'),(8601,14,1190534100.23013,1190537721.00000,'SYS_DELETE_TRANS','lap (0.09 min) is too fast, resetting lap start time'),(1794,12,1190536223.75004,1190539849.00000,'SYS_DELETE_TRANS','lap (0.03 min) is too fast, resetting lap start time'),(2138,29,1190540799.43006,1190544425.00000,'SYS_DELETE_TRANS','lap (0.04 min) is too fast, resetting lap start time'),(14179,20,1190541114.71004,1190544738.00000,'SYS_DELETE_TRANS','new rider log in, cancelling lap after 0.05 min.'),(14033,13,1190543367.35005,1190546999.00000,'SYS_DELETE_TRANS','lap (0.10 min) is too fast, resetting lap start time'),(1836,26,1190545917.64004,1190549540.00000,'SYS_DELETE_TRANS','lap (0.06 min) is too fast, resetting lap start time'),(12653,22,1190531553.70006,1190553941.00000,'SYS_DELETE_TRANS','lap (0.03 min) is too fast, resetting lap start time'),(12653,22,1190550086.31004,1190553941.00000,'SYS_DELETE_TRANS','lap (0.03 min) is too fast, resetting lap start time'),(12653,22,1190480732.14142,1190553941.00000,'SYS_DELETE_TRANS','lap (0.02 min) is too fast, resetting lap start time'),(12653,22,1190496644.50004,1190553941.00000,'SYS_DELETE_TRANS','lap (0.02 min) is too fast, resetting lap start time'),(12653,22,1190550085.35004,1190553863.00000,'MAN_DELETE_TRANS','remoteUpdate'),(13810,21,1190552460.37005,1190556069.00000,'SYS_DELETE_TRANS','lap (0.03 min) is too fast, resetting lap start time'),(1640,17,1190474033.17158,1190555618.00000,'SYS_DELETE_TRANS','current first lap rider is logging in again'),(12079,17,1190551843.66009,1190555618.00000,'MAN_DELETE_TRANS','remoteUpdate'),(13712,24,1190550593.32005,1190564207.00000,'SYS_DELETE_TRANS','lap (0.04 min) is too fast, resetting lap start time'),(1973,18,1190557845.52004,1190561468.00000,'SYS_DELETE_TRANS','lap (0.03 min) is too fast, resetting lap start time'),(9033,32,1190499401.70005,1190562628.00000,'SYS_DELETE_TRANS','lap (0.03 min) is too fast, resetting lap start time'),(9033,32,1190532507.91007,1190562629.00000,'SYS_DELETE_TRANS','lap (0.02 min) is too fast, resetting lap start time'),(1674,29,1190558888.08005,1190562518.00000,'SYS_DELETE_TRANS','lap (0.02 min) is too fast, resetting lap start time'),(12134,32,1190558516.97006,1190562628.00000,'MAN_DELETE_TRANS','remoteUpdate'),(13145,23,1190564557.11714,1190568161.00000,'SYS_DELETE_TRANS','Can\'t start new lap after race finish'),(8922,31,1190562117.17004,1190567209.00000,'MAN_DELETE_TRANS','remoteUpdate'),(8922,31,1190557620.10004,1190567210.00000,'SYS_DELETE_TRANS','new rider log in, cancelling lap after 75.02 min.'),(13558,31,1190562111.14005,1190567047.00000,'MAN_DELETE_TRANS','remoteUpdate'),(13999,1,1190552791.86004,1190570293.00000,'MAN_DELETE_TRANS','remoteUpdate'),(14089,5,1190554539.20006,1190570321.00000,'MAN_DELETE_TRANS','remoteUpdate'),(12997,8,1190557019.56005,1190570394.00000,'MAN_DELETE_TRANS','remoteUpdate'),(8921,0,1192259978.37378,1192263590.00000,'SYS_DELETE_TRANS','unmatched RFID'),(8921,0,1192259982.58379,1192263612.00000,'SYS_DELETE_TRANS','unmatched RFID'),(8921,0,1192259986.55379,1192263612.00000,'SYS_DELETE_TRANS','unmatched RFID'),(8921,0,1192286372.67715,1192289990.00000,'SYS_DELETE_TRANS','unmatched RFID'),(8921,0,1192286379.21715,1192290012.00000,'SYS_DELETE_TRANS','unmatched RFID'),(8921,0,1192286384.97716,1192290012.00000,'SYS_DELETE_TRANS','unmatched RFID'),(8921,0,1192286391.21716,1192290012.00000,'SYS_DELETE_TRANS','unmatched RFID'),(8921,0,1192286396.85715,1192290012.00000,'SYS_DELETE_TRANS','unmatched RFID'),(8921,0,1192286405.53717,1192290035.00000,'SYS_DELETE_TRANS','unmatched RFID'),(8921,0,1192286411.52716,1192290035.00000,'SYS_DELETE_TRANS','unmatched RFID'),(8921,0,1192286417.77715,1192290035.00000,'SYS_DELETE_TRANS','unmatched RFID'),(8921,0,1192286423.83716,1192290057.00000,'SYS_DELETE_TRANS','unmatched RFID'),(8921,0,1192289066.45714,1192292680.00000,'SYS_DELETE_TRANS','unmatched RFID'),(8921,0,1192289067.68714,1192292680.00000,'SYS_DELETE_TRANS','unmatched RFID'),(8921,0,1192289068.95714,1192292703.00000,'SYS_DELETE_TRANS','unmatched RFID');
/*!40000 ALTER TABLE `correcting_timestamp` ENABLE KEYS */;
UNLOCK TABLES;

--
-- Table structure for table `lap_time`
--

DROP TABLE IF EXISTS `lap_time`;
/*!40101 SET @saved_cs_client     = @@character_set_client */;
/*!40101 SET character_set_client = utf8 */;
CREATE TABLE `lap_time` (
  `person_id` int(4) NOT NULL DEFAULT '0',
  `team_id` int(4) NOT NULL DEFAULT '0',
  `last_lap_finish_ts` decimal(16,5) NOT NULL DEFAULT '0.00000',
  `start_rfid` int(8) NOT NULL DEFAULT '0',
  `start_ts` decimal(16,5) NOT NULL DEFAULT '0.00000',
  `finish_rfid` int(8) DEFAULT NULL,
  `finish_ts` decimal(16,5) DEFAULT NULL,
  `lap_time` decimal(16,5) DEFAULT NULL,
  KEY `lap_time__person_id__idx` (`person_id`),
  KEY `lap_time__team_id__idx` (`team_id`)
) ENGINE=MyISAM DEFAULT CHARSET=latin1;
/*!40101 SET character_set_client = @saved_cs_client */;

--
-- Dumping data for table `lap_time`
--

LOCK TABLES `lap_time` WRITE;
/*!40000 ALTER TABLE `lap_time` DISABLE KEYS */;
INSERT INTO `lap_time` VALUES (8,19,1190489686.96005,12101,1190489845.28005,12101,1190493912.25005,4225.29000),(106,29,1190501021.65005,8803,1190501022.84004,8803,1190505161.43148,4139.78143),(36,23,1190488959.29005,13145,1190488960.08005,13145,1190493073.24004,4113.94999),(26,20,1190486995.52005,2004,1190487004.00000,2004,1190491677.45004,4681.92999),(46,24,1190555927.13004,2171,1190555931.51005,2171,1190560474.67004,4547.54000),(82,26,1190519729.09004,14073,1190519730.74005,14073,1190524212.26004,4483.17000),(33,22,1190550086.17007,12653,1190550088.29006,12653,1190554128.81011,4042.64004),(98,18,1190488772.52005,13834,1190488773.37005,13834,1190493230.12004,4457.59999),(60,12,1190487599.23005,1794,1190487600.83004,1794,1190491768.61004,4169.37999),(4,16,1190485049.32005,10009,1190485057.53005,10009,1190491342.67004,6293.34999),(58,17,1190547877.42004,1640,1190547879.44004,1640,1190551843.67042,3966.25038),(121,9,1190488927.78005,12721,1190488929.37003,12721,1190496132.69005,7204.91000),(28,21,1190484594.55004,13353,1190491016.44004,13353,1190495254.81005,10660.26001),(113,34,1190486330.99004,12724,1190486332.57005,12724,1190490770.67004,4439.68000),(59,4,1190490028.48004,8576,1190490029.43004,8576,1190495713.68005,5685.20001),(70,13,1190488106.35003,12030,1190488107.88004,12030,1190492247.36005,4141.01002),(111,30,1190518095.92750,12604,1190518134.79004,12604,1190524141.13007,6045.20257),(89,28,1190490576.66004,8609,1190490577.64004,8609,1190495186.59011,4609.93007),(78,14,1190487511.58003,12690,1190491441.35004,12690,1190495005.29011,7493.71008),(95,15,1190488407.33005,12269,1190488408.86005,12269,1190492094.72004,3687.38999),(87,27,1190487531.88021,13292,1190487537.00005,13292,1190491049.24005,3517.35984),(67,33,1190489049.60004,14195,1190489050.62004,14195,1190492572.57007,3522.97003),(118,32,1190554257.23007,12252,1190554259.62011,12252,1190558518.05013,4260.82006),(40,11,1190489673.09005,8952,1190489674.36004,8952,1190494058.92008,4385.83003),(73,25,1190489679.10004,12648,1190489684.60004,12648,1190493888.17005,4209.07001),(102,7,1190485770.80003,2281,1190485772.38006,2281,1190490519.67005,4748.87002),(123,35,1190484207.81004,2067,1190484210.08005,2067,1190497329.65004,13121.84000),(53,3,1190488827.44005,13686,1190488828.88005,13686,1190493020.30005,4192.86000),(101,6,1190489331.20005,8667,1190489332.64005,8667,1190496554.75004,7223.54999),(124,36,1190487163.09005,8960,1190490500.21004,8960,1190494967.52011,7804.43006),(103,1,1190547277.58004,13999,1190547278.84007,13999,1190552790.39004,5512.81000),(63,12,1190483727.81005,8949,1190483728.69005,8949,1190487599.23005,3871.42000),(27,21,1190480352.56004,2112,1190480352.75004,2112,1190484594.55004,4241.99000),(86,27,1190483861.77004,2118,1190483863.93004,2118,1190487531.88021,3670.11017),(79,14,1190483856.87005,8601,1190483859.36005,8601,1190487511.58003,3654.70998),(99,18,1190485153.23004,10092,1190485154.53004,10092,1190488772.52005,3619.29001),(117,32,1190550521.45004,9033,1190550524.93005,9033,1190554257.23007,3735.78003),(66,33,1190485367.99005,1690,1190485368.90005,1690,1190489049.60004,3681.60999),(35,23,1190484639.66005,13026,1190484641.20005,13026,1190488959.29005,4319.63000),(71,13,1190484263.15004,9080,1190484264.75004,9080,1190488106.35003,3843.19999),(105,29,1190496581.06008,9057,1190496583.45004,9057,1190501021.65005,4440.58997),(94,15,1190484242.70004,8959,1190484244.73004,8959,1190488407.33005,4164.63001),(53,3,1190484559.84005,13686,1190484561.42010,13686,1190488827.44005,4267.60000),(122,8,1190548734.01005,12997,1190548745.10004,12997,1190557017.33004,8283.31999),(34,22,1190545613.54005,13594,1190545614.94005,13594,1190550086.17007,4472.63002),(54,17,1190541731.33004,14113,1190541739.59005,14113,1190547877.42004,6146.09000),(72,25,1190485437.67005,10020,1190485439.66005,10020,1190489679.10004,4241.42999),(52,31,1190557616.64004,13558,1190562121.30005,13558,1190566451.05004,8834.41000),(2,16,1190480879.67004,12294,1190480881.40005,12294,1190485049.32005,4169.65001),(7,19,1190485385.21004,2160,1190485386.09004,2160,1190489686.96005,4301.75001),(59,4,1190485322.69004,8576,1190485323.57005,8576,1190490028.48004,4705.79000),(112,30,1190513392.31008,12583,1190513393.75007,12583,1190518095.92750,4703.61742),(39,11,1190485512.82004,1914,1190485514.88021,1914,1190489673.09005,4160.27001),(104,5,1190513103.04005,14089,1190513104.53005,14089,1190554537.98011,41434.94006),(102,7,1190481168.48005,2281,1190481170.06005,2281,1190485770.80003,4602.31998),(116,34,1190481188.86003,12760,1190481191.37004,12760,1190486330.99004,5142.13001),(81,26,1190514466.77006,13317,1190514468.02004,13317,1190519729.09004,5262.31998),(23,20,1190482018.97005,8999,1190482022.36005,8999,1190486995.52005,4976.55000),(126,36,1190481949.85010,1868,1190481951.43029,1868,1190487163.09005,5213.23995),(101,6,1190482510.59005,8667,1190482512.73004,8667,1190489331.20005,6820.61000),(45,24,1190550583.26032,13712,1190550595.83145,13712,1190555927.13004,5343.86972),(121,9,1190482706.03005,12721,1190482707.96010,12721,1190488927.78005,6221.75000),(62,12,1190480336.43010,1801,1190480337.32004,1801,1190483727.81005,3391.37995),(76,14,1190480409.40004,1666,1190480410.49004,1666,1190483856.87005,3447.47001),(84,27,1190480358.84004,1775,1190480360.30004,1775,1190483861.77004,3502.93000),(103,1,1190541927.56005,13999,1190541929.50004,13999,1190547277.58004,5350.01999),(123,35,1190476800.00000,2067,1190476118.20005,2067,1190484207.81004,7407.81004),(92,15,1190480561.22003,13118,1190480565.58004,13118,1190484242.70004,3681.48001),(69,13,1190480546.03005,13366,1190480549.78005,13366,1190484263.15004,3717.11999),(120,32,1190545312.69004,2135,1190545313.79005,2135,1190550521.45004,5208.76000),(107,29,1190492749.56005,1674,1190492752.26011,1674,1190496581.06008,3831.50003),(122,8,1190538467.67006,12997,1190538469.93005,12997,1190548734.01005,10266.33999),(53,3,1190480583.38004,13686,1190480585.00004,13686,1190484559.84005,3976.46001),(32,22,1190540750.56006,9092,1190540751.47009,9092,1190545613.54005,4862.97999),(30,21,1190476800.00000,13810,1190474254.01007,13810,1190480352.56004,3552.56004),(37,23,1190480540.00005,1840,1190480543.33004,1840,1190484639.66005,4099.66000),(56,17,1190536357.87004,1901,1190536361.74007,1901,1190541731.33004,5373.46000),(52,31,1190553648.48006,13558,1190553650.90005,13558,1190557616.64004,3968.15998),(3,16,1190476800.00000,12417,1190474002.63006,12417,1190480879.67004,4079.67004),(90,28,1190485111.88004,13752,1190485116.89019,13752,1190490576.66004,5464.78000),(98,18,1190480428.82005,13834,1190480430.43007,13834,1190485153.23004,4724.40999),(59,4,1190480984.12005,8576,1190480985.01004,8576,1190485322.69004,4338.56999),(65,33,1190480503.09003,14153,1190480504.26003,14153,1190485367.99005,4864.90002),(6,19,1190480950.78005,12542,1190480952.60004,12542,1190485385.21004,4434.42999),(74,25,1190480817.85005,12190,1190480818.85004,12190,1190485437.67005,4619.82000),(83,26,1190508118.86004,12103,1190508125.09004,12103,1190514466.77006,6347.91002),(40,11,1190481069.35005,8952,1190481083.83004,8952,1190485512.82004,4443.46999),(110,30,1190507631.61004,12643,1190507636.93004,12643,1190513392.31008,5760.70004),(102,7,1190476800.00000,2281,1190476083.36005,2281,1190481168.48005,4368.48005),(104,5,1190505099.47006,14089,1190505100.96004,14089,1190513103.04005,8003.56999),(115,34,1190476800.00000,9025,1190474595.90038,9025,1190481188.86003,4388.86003),(24,20,1190476800.00000,12016,1190473323.28008,12016,1190482018.97005,5218.97005),(125,36,1190476800.00000,13993,1190476245.92007,13993,1190481949.85010,5149.85010),(48,24,1190545169.89005,1659,1190545171.18007,1659,1190550583.26032,5413.37027),(103,1,1190536295.56005,13999,1190536296.93005,13999,1190541927.56005,5632.00000),(78,14,1190476800.00000,12690,1190475118.95005,12690,1190480409.40004,3609.40004),(85,27,1190476800.00000,13344,1190475325.51005,13344,1190480358.84004,3558.84004),(61,12,1190476800.00000,8860,1190473959.99010,8860,1190480336.43010,3536.43010),(119,32,1190541310.68004,12134,1190541312.12007,12134,1190545312.69004,4002.01000),(68,13,1190476800.00000,14033,1190474827.19162,14033,1190480546.03005,3746.03005),(108,29,1190488370.84005,2138,1190488371.39005,2138,1190492749.56005,4378.72000),(93,15,1190476800.00000,9075,1190475184.00008,9075,1190480561.22003,3761.22003),(31,22,1190535937.11007,8969,1190535938.68005,8969,1190540750.56006,4813.44999),(99,18,1190476800.00000,10092,1190473943.27004,10092,1190480428.82005,3628.82005),(53,3,1190476800.00000,13686,1190476129.52005,13686,1190480583.38004,3783.38004),(122,8,1190525840.33005,12997,1190525842.45006,12997,1190538467.67006,12627.34001),(121,9,1190476800.00000,12721,1190474108.09005,12721,1190482706.03005,5906.03005),(38,23,1190476800.00000,13358,1190473288.90005,13358,1190480540.00005,3740.00005),(64,33,1190476800.00000,1870,1190475520.13005,1870,1190480503.09003,3703.09003),(55,17,1190530945.33011,14177,1190530948.58005,14177,1190536357.87004,5412.53993),(101,6,1190476800.00000,8667,1190476198.72004,8667,1190482510.59005,5710.59005),(80,26,1190503859.97009,1836,1190503862.13004,1836,1190508118.86004,4258.88995),(51,31,1190548809.00004,12687,1190549324.14004,12687,1190553648.48006,4839.48002),(109,30,1190503454.47015,12967,1190503456.63004,12967,1190507631.61004,4177.13989),(39,11,1190476800.00000,1914,1190475755.88004,1914,1190481069.35005,4269.35005),(75,25,1190476800.00000,13171,1190475991.11004,13171,1190480817.85005,4017.85005),(8,19,1190476800.00000,12101,1190474862.06006,12101,1190480950.78005,4150.78005),(59,4,1190476800.00000,8576,1190474709.08008,8576,1190480984.12005,4184.12005),(102,7,1190490519.67005,2281,1190490521.30004,2281,1190495718.45004,5198.77999),(88,28,1190476800.00000,1963,1190479579.72004,1963,1190485111.88004,8311.88004),(114,34,1190490770.67004,2018,1190490773.31004,2018,1190497441.30004,6670.63000),(85,27,1190491049.24005,13344,1190491051.40004,13344,1190494872.32011,3823.08006),(103,1,1190531544.64004,13999,1190531545.63007,13999,1190536295.56005,4750.92001),(1,16,1190491342.67004,14171,1190491355.70005,14171,1190495843.82005,4501.15001),(25,20,1190491677.45004,14179,1190491705.44003,14179,1190496795.60005,5118.15001),(61,12,1190491768.61004,8860,1190491769.53004,8860,1190495375.86005,3607.25001),(118,32,1190536457.77004,12252,1190536460.26004,12252,1190541310.68004,4852.91000),(93,15,1190492094.72004,9075,1190492096.26004,9075,1190495874.51004,3779.79000),(68,13,1190492247.36005,14033,1190492251.82005,14033,1190496180.00005,3932.64000),(104,5,1190498247.16004,14089,1190498248.61005,14089,1190505099.47006,6852.31002),(64,33,1190492572.57007,1870,1190492573.70004,1870,1190496308.57005,3735.99998),(33,22,1190531553.06007,12653,1190531555.56006,12653,1190535937.11007,4384.05000),(106,29,1190484511.73005,8803,1190484512.94005,8803,1190488370.84005,3859.11000),(53,3,1190493020.30005,13686,1190493021.82004,13686,1190497368.31004,4348.00999),(38,23,1190493073.24004,13358,1190493074.37004,13358,1190496776.21003,3702.96999),(46,24,1190539847.90005,2171,1190539867.47006,2171,1190545169.89005,5321.99000),(96,18,1190493230.12004,1753,1190493238.92004,1753,1190497783.55005,4553.43001),(49,31,1190541124.38005,2280,1190544450.46005,2280,1190548809.00004,7684.61999),(122,8,1190519432.13004,12997,1190519433.59004,12997,1190525840.33005,6408.20001),(75,25,1190493888.17005,13171,1190493889.60005,13171,1190498080.64006,4192.47001),(6,19,1190493912.25005,12542,1190493914.44005,12542,1190498379.54005,4467.29000),(39,11,1190494058.92008,1914,1190494060.23004,1914,1190498482.74004,4423.81996),(57,17,1190526670.66007,12079,1190526672.27004,12079,1190530945.33011,4274.67004),(111,30,1190498846.43007,12604,1190498848.91005,12604,1190503454.47015,4608.04008),(84,27,1190494872.32011,1775,1190494873.78010,1775,1190498524.23004,3651.90993),(127,36,1190494967.52011,12430,1190498116.42011,12430,1190503122.59005,8155.06994),(103,1,1190525236.59005,13999,1190525238.00004,13999,1190531544.64004,6308.04999),(76,14,1190495005.29011,1666,1190495006.87010,1666,1190498443.74005,3438.44994),(91,28,1190495186.59011,2264,1190495190.28005,2264,1190499406.82005,4220.22994),(30,21,1190495254.81005,13810,1190495256.11004,13810,1190499180.97004,3926.15999),(82,26,1190499963.97010,14073,1190499964.45004,14073,1190503859.97009,3895.99999),(62,12,1190495375.86005,1801,1190495376.44003,1801,1190498969.68004,3593.81999),(117,32,1190532505.58016,9033,1190532509.25007,9033,1190536457.77004,3952.18988),(59,4,1190495713.68005,8576,1190495714.77005,8576,1190500163.83004,4450.14999),(102,7,1190495718.45004,2281,1190495719.85004,2281,1190500224.44004,4505.99000),(5,16,1190495843.82005,12660,1190495846.80004,12660,1190501643.95004,5800.12999),(92,15,1190495874.51004,13118,1190495875.55003,13118,1190499603.75004,3729.24000),(121,9,1190496132.69005,12721,1190496135.37006,12721,1190502360.22004,6227.52999),(69,13,1190496180.00005,13366,1190496183.48006,13366,1190499991.67006,3811.67001),(65,33,1190496308.57005,14153,1190496309.53003,14153,1190500339.58004,4031.00999),(101,6,1190496554.75004,8667,1190496556.68006,8667,1190505004.39004,8449.64000),(105,29,1190480551.58005,9057,1190480555.79005,9057,1190484511.73005,3960.15000),(34,22,1190527098.65006,13594,1190527104.73016,13594,1190531553.06007,4454.41001),(37,23,1190496776.21003,1840,1190496777.39005,1840,1190500872.64004,4096.43001),(24,20,1190496795.60005,12016,1190496798.65005,12016,1190501846.15004,5050.54999),(123,35,1190497329.65004,2067,1190497333.29004,2067,1190504166.28005,6836.63001),(53,3,1190497368.31004,13686,1190497371.51004,13686,1190502088.25004,4719.94000),(50,31,1190532888.36013,8922,1190534094.68006,8922,1190541124.38005,8236.01992),(115,34,1190497441.30004,9025,1190497450.07004,9025,1190501873.88004,4432.58000),(47,24,1190533463.26414,13579,1190533464.20008,13579,1190539847.90005,6384.63591),(100,18,1190497783.55005,1973,1190497785.33027,1973,1190501994.62004,4211.06999),(74,25,1190498080.64006,12190,1190498081.32007,12190,1190502196.54004,4115.89998),(104,5,1190492434.97010,14089,1190492436.51004,14089,1190498247.16004,5812.18994),(7,19,1190498379.54005,2160,1190498381.68006,2160,1190502858.80004,4479.25999),(79,14,1190498443.74005,8601,1190498446.89004,8601,1190502083.61004,3639.86999),(40,11,1190498482.74004,8952,1190498486.28014,8952,1190503179.55005,4696.81001),(86,27,1190498524.23004,2118,1190498526.05005,2118,1190502451.53005,3927.30001),(112,30,1190494472.46005,12583,1190494474.52004,12583,1190498846.43007,4373.97002),(122,8,1190511878.48005,12997,1190511880.97004,12997,1190519432.13004,7553.64999),(103,1,1190520240.91005,13999,1190520242.63004,13999,1190525236.59005,4995.68000),(63,12,1190498969.68004,8949,1190498970.33003,8949,1190502804.77012,3835.09008),(27,21,1190499180.97004,2112,1190499182.19005,2112,1190503500.17004,4319.20000),(58,17,1190522472.32003,1640,1190522472.89004,1640,1190526670.66007,4198.34004),(120,32,1190528207.13006,2135,1190528207.97007,2135,1190532505.58016,4298.45010),(88,28,1190499406.82005,1963,1190499412.12004,1963,1190505069.51007,5662.69002),(94,15,1190499603.75004,8959,1190499604.76004,8959,1190503834.25005,4230.50001),(81,26,1190495366.54006,13317,1190495369.75005,13317,1190499963.97010,4597.43004),(71,13,1190499991.67006,9080,1190499993.78004,9080,1190503936.57017,3944.90011),(59,4,1190500163.83004,8576,1190500164.92019,8576,1190512709.83004,12546.00000),(102,7,1190500224.44004,2281,1190500228.76004,2281,1190508889.09004,8664.65000),(66,33,1190500339.58004,1690,1190500341.19004,1690,1190504154.57005,3814.99001),(32,22,1190522371.68005,9092,1190522372.68005,9092,1190527098.65006,4726.97001),(35,23,1190500872.64004,13026,1190500873.23004,13026,1190505328.39005,4455.75001),(52,31,1190528688.22006,13558,1190528701.46006,13558,1190532888.36013,4200.14007),(3,16,1190501643.95004,12417,1190501647.22004,12417,1190505883.60005,4239.65001),(23,20,1190501846.15004,8999,1190501853.65004,8999,1190506621.85004,4775.70000),(115,34,1190501873.88004,9025,1190501876.27008,9025,1190507058.43007,5184.55003),(97,18,1190501994.62004,12861,1190501996.28004,12861,1190509560.16004,7565.54000),(78,14,1190502083.61004,12690,1190502085.75004,12690,1190505806.20005,3722.59001),(53,3,1190502088.25004,13686,1190502089.85005,13686,1190507529.55005,5441.30001),(72,25,1190502196.54004,10020,1190502200.80004,10020,1190506654.67004,4458.13000),(121,9,1190502360.22004,12721,1190502362.89004,12721,1190511180.63004,8820.41000),(87,27,1190502451.53005,13292,1190502453.65005,13292,1190506467.03004,4015.49999),(103,1,1190515341.67005,13999,1190515343.42004,13999,1190520240.91005,4899.24000),(60,12,1190502804.77012,1794,1190502806.11004,1794,1190507513.89004,4709.11992),(8,19,1190502858.80004,12101,1190502859.96005,12101,1190507478.20004,4619.40000),(119,32,1190524088.95005,12134,1190524091.00004,12134,1190528207.13006,4118.18001),(126,36,1190503122.59005,1868,1190503126.68004,1868,1190508586.65005,5464.06000),(39,11,1190503179.55005,1914,1190503180.90004,1914,1190508075.56004,4896.00999),(54,17,1190517807.52004,14113,1190517809.60004,14113,1190522472.32003,4664.79999),(110,30,1190489603.32003,12643,1190489607.08004,12643,1190494472.46005,4869.14002),(29,21,1190503500.17004,10058,1190503501.49007,10058,1190509373.65004,5873.48000),(45,24,1190526533.75006,13712,1190527125.46008,13712,1190533463.26414,6929.51408),(95,15,1190503834.25005,12269,1190503836.84007,12269,1190507974.74005,4140.49000),(83,26,1190489445.63004,12103,1190489451.82005,12103,1190495366.54006,5920.91002),(70,13,1190503936.57017,12030,1190503941.15009,12030,1190508615.69005,4679.11988),(67,33,1190504154.57005,14195,1190504155.64003,14195,1190507891.68004,3737.10999),(123,35,1190504166.28005,2067,1190504168.21005,2067,1190563692.52005,59526.24000),(31,22,1190517823.81005,8969,1190517825.95004,8969,1190522371.68005,4547.87000),(101,6,1190505004.39004,8667,1190505007.01005,8667,1190543733.49004,38729.10000),(90,28,1190505069.51007,13752,1190505070.12006,13752,1190511405.96004,6336.44997),(104,5,1190486065.09003,14089,1190486066.36005,14089,1190492434.97010,6369.88007),(107,29,1190476800.00000,1674,1190473269.41007,1674,1190480551.58005,3751.58005),(36,23,1190505328.39005,13145,1190505329.72005,13145,1190509906.19006,4577.80001),(108,29,1190505161.43148,2138,1190505165.51007,2138,1190509828.57005,4667.13857),(76,14,1190505806.20005,1666,1190505807.20004,1666,1190509674.70004,3868.49999),(2,16,1190505883.60005,12294,1190505886.06007,12294,1190510165.19005,4281.59000),(122,8,1190506119.85006,12997,1190506121.48028,12997,1190511878.48005,5758.62999),(52,31,1190524580.41017,13558,1190524581.78007,13558,1190528688.22006,4107.80989),(85,27,1190506467.03004,13344,1190506468.61003,13344,1190510569.14005,4102.11001),(26,20,1190506621.85004,2004,1190506624.44005,2004,1190511573.55005,4951.70001),(73,25,1190506654.67004,12648,1190506656.14004,12648,1190511266.12004,4611.45000),(118,32,1190519139.42004,12252,1190519141.11004,12252,1190524088.95005,4949.53001),(116,34,1190507058.43007,12760,1190507064.01004,12760,1190513159.53004,6101.09997),(103,1,1190511220.58004,13999,1190511223.09004,13999,1190515341.67005,4121.09001),(56,17,1190512653.49004,1901,1190512656.69005,1901,1190517807.52004,5154.03000),(6,19,1190507478.20004,12542,1190507485.13004,12542,1190512796.93004,5318.73000),(61,12,1190507513.89004,8860,1190507514.53008,8860,1190511576.18006,4062.29002),(53,3,1190507529.55005,13686,1190507531.28006,13686,1190512724.45004,5194.89999),(109,30,1190485567.88004,12967,1190485569.21004,12967,1190489603.32003,4035.43999),(64,33,1190507891.68004,1870,1190507892.92005,1870,1190511826.84004,3935.16000),(93,15,1190507974.74005,9075,1190507976.50005,9075,1190511967.42005,3992.68000),(39,11,1190508075.56004,1914,1190508076.92014,1914,1190513171.62004,5096.06000),(80,26,1190485464.82004,1836,1190485467.22005,1836,1190489445.63004,3980.81000),(124,36,1190508586.65005,8960,1190508589.02005,8960,1190512923.24008,4336.59003),(68,13,1190508615.69005,14033,1190508617.36004,14033,1190512930.80005,4315.11000),(102,7,1190508889.09004,2281,1190508891.05004,2281,1190513960.47004,5071.38000),(48,24,1190515290.52005,1659,1190520138.70004,1659,1190526533.75006,11243.23001),(33,22,1190513600.24006,12653,1190513600.55005,12653,1190517823.81005,4223.56999),(28,21,1190509373.65004,13353,1190509374.58004,13353,1190514146.48006,4772.83002),(96,18,1190509560.16004,1753,1190509562.93005,1753,1190514595.17006,5035.01002),(79,14,1190509674.70004,8601,1190509676.66005,8601,1190513760.93004,4086.23000),(107,29,1190509828.57005,1674,1190509829.54008,1674,1190514359.95005,4531.38000),(38,23,1190509906.19006,13358,1190509908.18008,13358,1190513912.90005,4006.70999),(4,16,1190510165.19005,10009,1190510167.11005,10009,1190517391.58006,7226.39001),(84,27,1190510569.14005,1775,1190510571.38005,1775,1190514720.58007,4151.44002),(51,31,1190519972.49005,12687,1190519974.65005,12687,1190524580.41017,4607.92012),(121,9,1190511180.63004,12721,1190511181.89004,12721,1190519765.88005,8585.25001),(117,32,1190515229.61004,9033,1190515231.16005,9033,1190519139.42004,3909.81000),(103,1,1190507117.61004,13999,1190507118.60003,13999,1190511220.58004,4102.97000),(75,25,1190511266.12004,13171,1190511273.31010,13171,1190515843.93005,4577.81001),(89,28,1190511405.96004,8609,1190511407.04007,8609,1190516476.42006,5070.46002),(25,20,1190511573.55005,14179,1190511575.84005,14179,1190517076.99009,5503.44004),(62,12,1190511576.18006,1801,1190511581.34005,1801,1190515349.97004,3773.78998),(65,33,1190511826.84004,14153,1190511828.04007,14153,1190516104.04005,4277.20001),(122,8,1190498908.97004,12997,1190498910.39004,12997,1190506119.85006,7210.88002),(92,15,1190511967.42005,13118,1190511968.74005,13118,1190516167.08004,4199.65999),(55,17,1190507462.82005,14177,1190507465.60004,14177,1190512653.49004,5190.66999),(59,4,1190512709.83004,8576,1190512710.71010,8576,1190518947.68004,6237.85000),(53,3,1190512724.45004,13686,1190512725.71144,13686,1190518770.33004,6045.88000),(7,19,1190512796.93004,2160,1190512798.42003,2160,1190517739.06006,4942.13002),(125,36,1190512923.24008,13993,1190512925.33005,13993,1190519480.39004,6557.14996),(68,13,1190512930.80005,14033,1190512933.32008,14033,1190517748.80005,4818.00000),(104,5,1190481110.01004,14089,1190481112.37004,14089,1190486065.09003,4955.07999),(116,34,1190513159.53004,12760,1190513161.81004,12760,1190520804.06005,7644.53001),(40,11,1190513171.62004,8952,1190513172.85004,8952,1190518142.26005,4970.64001),(111,30,1190480995.02005,12604,1190481000.44005,12604,1190485567.88004,4572.85999),(34,22,1190509180.51005,13594,1190509183.11004,13594,1190513600.24006,4419.73001),(78,14,1190513760.93004,12690,1190513762.96006,12690,1190517608.50005,3847.57001),(37,23,1190513912.90005,1840,1190513914.13007,1840,1190518356.96011,4444.06006),(102,7,1190513960.47004,2281,1190513962.19004,2281,1190523905.98004,9945.51000),(30,21,1190514146.48006,13810,1190514148.48004,13810,1190518111.81005,3965.32999),(105,29,1190514359.95005,9057,1190514364.44007,9057,1190518677.34009,4317.39004),(82,26,1190481489.13005,14073,1190481492.39004,14073,1190485464.82004,3975.68999),(100,18,1190514595.17006,1973,1190514596.70004,1973,1190519126.97004,4531.79998),(86,27,1190514720.58007,2118,1190514721.98014,2118,1190519046.18005,4325.59998),(120,32,1190511195.76009,2135,1190511196.89003,2135,1190515229.61004,4033.84995),(47,24,1190509169.41004,13579,1190509170.53005,13579,1190515290.52005,6121.11001),(103,1,1190502770.16004,13999,1190502771.42005,13999,1190507117.61004,4347.45000),(63,12,1190515349.97004,8949,1190515351.31005,8949,1190519451.69004,4101.72000),(51,31,1190515371.14004,12687,1190515372.57005,12687,1190519972.49005,4601.35001),(74,25,1190515843.93005,12190,1190515844.80005,12190,1190520608.61004,4764.67999),(66,33,1190516104.04005,1690,1190516105.99005,1690,1190520102.72005,3998.68000),(95,15,1190516167.08004,12269,1190516172.36005,12269,1190521344.00004,5176.92000),(91,28,1190516476.42006,2264,1190516478.51004,2264,1190521506.18005,5029.75999),(24,20,1190517076.99009,12016,1190517079.52007,12016,1190522959.14005,5882.14996),(76,14,1190517608.50005,1666,1190517609.58005,1666,1190521699.88006,4091.38001),(8,19,1190517739.06006,12101,1190517742.75004,12101,1190522806.13005,5067.06999),(69,13,1190517748.80005,13366,1190517751.51006,13366,1190522154.04004,4405.23999),(57,17,1190503214.11003,12079,1190503215.50005,12079,1190507462.82005,4248.71002),(32,22,1190504596.27008,9092,1190504597.88004,9092,1190509180.51005,4584.23997),(27,21,1190518111.81005,2112,1190518113.21006,2112,1190522818.12005,4706.31000),(112,30,1190476800.00000,12583,1190474918.88004,12583,1190480995.02005,4195.02005),(40,11,1190518142.26005,8952,1190518143.42008,8952,1190523170.38005,5028.12000),(1,16,1190517391.58006,14171,1190518308.90004,14171,1190523196.65004,5805.06998),(35,23,1190518356.96011,13026,1190518357.64004,13026,1190523019.71005,4662.74994),(106,29,1190518677.34009,8803,1190518678.23005,8803,1190523025.83005,4348.48996),(53,3,1190518770.33004,13686,1190518771.93005,13686,1190526746.17006,7975.84002),(59,4,1190518947.68004,8576,1190518950.09004,8576,1190537454.25005,18506.57001),(87,27,1190519046.18005,13292,1190519050.21003,13292,1190523041.37005,3995.19000),(97,18,1190519126.97004,12861,1190519131.90004,12861,1190526243.54005,7116.57001),(119,32,1190506960.09004,12134,1190506962.13004,12134,1190511195.76009,4235.67005),(122,8,1190493661.24004,12997,1190493662.96004,12997,1190498908.97004,5247.73000),(60,12,1190519451.69004,1794,1190519452.33005,1794,1190524137.23004,4685.54000),(127,36,1190519480.39004,12430,1190519482.79006,12430,1190524857.13004,5376.74000),(81,26,1190476800.00000,13317,1190473435.62005,13317,1190481489.13005,4689.13005),(121,9,1190519765.88005,12721,1190519775.69005,12721,1190539533.35004,19767.46999),(49,31,1190510830.34005,2280,1190510833.49004,2280,1190515371.14004,4540.79999),(67,33,1190520102.72005,14195,1190520104.24004,14195,1190524182.85004,4080.12999),(103,1,1190498924.67004,13999,1190498925.44004,13999,1190502770.16004,3845.49000),(72,25,1190520608.61004,10020,1190520610.29005,10020,1190526087.80004,5479.19000),(113,34,1190520804.06005,12724,1190520812.64004,12724,1190525764.03004,4959.96999),(93,15,1190521344.00004,9075,1190521345.37004,9075,1190525343.43006,3999.43002),(88,28,1190521506.18005,1963,1190521508.98004,1963,1190528173.94006,6667.76001),(79,14,1190521699.88006,8601,1190521702.21011,8601,1190526052.33004,4352.44998),(69,13,1190522154.04004,13366,1190522156.93005,13366,1190526512.74004,4358.70000),(58,17,1190499346.77004,1640,1190499348.24004,1640,1190503214.11003,3867.33999),(6,19,1190522806.13005,12542,1190522810.88004,12542,1190528380.77004,5574.63999),(29,21,1190522818.12005,10058,1190522819.35004,10058,1190528236.79005,5418.67000),(23,20,1190522959.14005,8999,1190522962.03056,8999,1190528128.42007,5169.28002),(36,23,1190523019.71005,13145,1190523020.62004,13145,1190527826.65004,4806.93999),(105,29,1190523025.83005,9057,1190531309.62005,9057,1190536318.22007,13292.39002),(85,27,1190523041.37005,13344,1190523044.67004,13344,1190527254.78004,4213.40999),(5,16,1190523196.65004,12660,1190523198.24006,12660,1190532998.42005,9801.77001),(102,7,1190523905.98004,2281,1190523907.56004,2281,1190530436.98005,6531.00001),(31,22,1190500627.09004,8969,1190500627.81005,8969,1190504596.27008,3969.18004),(118,32,1190502997.99005,12252,1190503006.32011,12252,1190506960.09004,3962.09999),(61,12,1190524137.23004,8860,1190524138.16004,8860,1190528080.99006,3943.76002),(64,33,1190524182.85004,1870,1190524183.73003,1870,1190528243.46007,4060.61003),(80,26,1190524212.26004,1836,1190524217.56005,1836,1190528650.04008,4437.78004),(109,30,1190524141.13007,12967,1190524145.63005,12967,1190528261.88005,4120.74998),(49,31,1190506275.33005,2280,1190506276.65004,2280,1190510830.34005,4555.01000),(103,1,1190494999.17010,13999,1190495000.40007,13999,1190498924.67004,3925.49994),(92,15,1190525343.43006,13118,1190525345.49004,13118,1190529384.32003,4040.88997),(113,34,1190525764.03004,12724,1190525767.21004,12724,1190531270.93004,5506.90000),(122,8,1190488897.05005,12997,1190488898.16005,12997,1190493661.24004,4764.18999),(78,14,1190526052.33004,12690,1190526054.24005,12690,1190530129.83004,4077.50000),(73,25,1190526087.80004,12648,1190526089.23005,12648,1190531107.20008,5019.40004),(99,18,1190526243.54005,10092,1190526247.81007,10092,1190530290.91005,4047.37000),(45,24,1190503528.71005,13712,1190503530.64006,13712,1190509169.41004,5640.69999),(54,17,1190494212.94004,14113,1190494219.60005,14113,1190499346.77004,5133.83000),(53,3,1190526746.17006,13686,1190526747.64004,13686,1190531997.51004,5251.33998),(71,13,1190526512.74004,9080,1190527093.60005,9080,1190532254.92006,5742.18002),(33,22,1190496644.26004,12653,1190496645.86004,12653,1190500627.09004,3982.83000),(84,27,1190527254.78004,1775,1190527257.37004,1775,1190531374.95007,4120.17003),(38,23,1190527826.65004,13358,1190527828.49004,13358,1190532278.55004,4451.90000),(62,12,1190528080.99006,1801,1190528081.54005,1801,1190531858.98007,3777.99001),(26,20,1190528128.42007,2004,1190528129.35023,2004,1190534612.53004,6484.10997),(117,32,1190499398.68006,9033,1190499403.74004,9033,1190502997.99005,3599.30999),(28,21,1190528236.79005,13353,1190528238.30007,13353,1190533324.70005,5087.91000),(65,33,1190528243.46007,14153,1190528244.27004,14153,1190532717.10005,4473.63998),(7,19,1190528380.77004,2160,1190528381.87004,2160,1190534626.43004,6245.66000),(110,30,1190528261.88005,12643,1190528547.49005,12643,1190536221.17007,7959.29002),(83,26,1190528650.04008,12103,1190528651.03005,12103,1190536267.10006,7617.05998),(50,31,1190501167.83005,8922,1190501170.20005,8922,1190506275.33005,5107.50000),(94,15,1190529384.32003,8959,1190529387.50005,8959,1190534003.10004,4618.78001),(76,14,1190530129.83004,1666,1190530130.49005,1666,1190534097.44005,3967.61001),(98,18,1190530290.91005,13834,1190530292.25006,13834,1190535349.64005,5058.73000),(89,28,1190528173.94006,8609,1190530403.28004,8609,1190535401.16006,7227.22000),(102,7,1190530436.98005,2281,1190530438.95004,2281,1190540608.39006,10171.41001),(56,17,1190489246.40005,1901,1190489252.86004,1901,1190494212.94004,4966.53999),(75,25,1190531107.20008,13171,1190531116.38004,13171,1190535773.08005,4665.87997),(114,34,1190531270.93004,2018,1190531273.14005,2018,1190538812.76004,7541.83000),(86,27,1190531374.95007,2118,1190531378.73007,2118,1190535900.86006,4525.90999),(103,1,1190491183.56004,13999,1190491189.13003,13999,1190494999.17010,3815.61006),(34,22,1190492652.44005,13594,1190492654.36005,13594,1190496644.26004,3991.81999),(63,12,1190531858.98007,8949,1190531859.87004,8949,1190536223.10005,4364.11998),(53,3,1190531997.51004,13686,1190531998.97005,13686,1190537571.49006,5573.98002),(71,13,1190532254.92006,9080,1190532258.60005,9080,1190537417.45005,5162.52999),(37,23,1190532278.55004,1840,1190532279.89004,1840,1190537038.90006,4760.35002),(120,32,1190495519.44005,2135,1190495519.67009,2135,1190499398.68006,3879.24001),(66,33,1190532717.10005,1690,1190532723.32005,1690,1190536935.79007,4218.69002),(3,16,1190532998.42005,12417,1190533036.09005,12417,1190538057.95005,5059.53000),(30,21,1190533324.70005,13810,1190533325.91007,13810,1190537481.42005,4156.72000),(48,24,1190497587.85003,1659,1190497597.49008,1659,1190503528.71005,5940.86002),(95,15,1190534003.10004,12269,1190534005.67005,12269,1190538282.36005,4279.26001),(52,31,1190497388.96004,13558,1190497390.84004,13558,1190501167.83005,3778.87001),(79,14,1190534097.44005,8601,1190534105.58008,8601,1190538770.59005,4673.15000),(25,20,1190534612.53004,14179,1190534617.56004,14179,1190541106.81004,6494.28000),(99,18,1190535349.64005,10092,1190535503.02004,10092,1190539527.51004,4177.86999),(74,25,1190535773.08005,12190,1190535775.98005,12190,1190540645.18006,4872.10001),(87,27,1190535900.86006,13292,1190535902.81007,13292,1190540079.82005,4178.95999),(32,22,1190488485.10004,9092,1190488485.74004,9092,1190492652.44005,4167.34001),(60,12,1190536223.10005,1794,1190536225.66007,1794,1190541996.56004,5773.45999),(112,30,1190536221.17007,12583,1190536225.93006,12583,1190541355.81005,5134.63998),(81,26,1190536267.10006,13317,1190536275.67006,13317,1190541438.96006,5171.86000),(103,1,1190487363.28005,13999,1190487364.00000,13999,1190491183.56004,3820.27999),(106,29,1190536318.22007,8803,1190536320.06009,8803,1190540796.30010,4478.08003),(55,17,1190484650.92004,14177,1190484651.57004,14177,1190489246.40005,4595.48001),(119,32,1190491829.70005,12134,1190491831.39005,12134,1190495519.44005,3689.74000),(67,33,1190536935.79007,14195,1190536936.36005,14195,1190540825.54006,3889.74999),(35,23,1190537038.90006,13026,1190537039.79004,13026,1190542073.94003,5035.03997),(70,13,1190537417.45005,12030,1190537418.55005,12030,1190543367.24005,5949.79000),(59,4,1190537454.25005,8576,1190537455.49004,8576,1190549464.09005,12009.84000),(27,21,1190537481.42005,2112,1190537482.70004,2112,1190542698.38006,5216.96001),(53,3,1190537571.49006,13686,1190537573.84005,13686,1190544041.10005,6469.60999),(2,16,1190538057.95005,12294,1190538062.86005,12294,1190542938.56004,4880.60999),(93,15,1190538282.36005,9075,1190538286.95004,9075,1190542488.75004,4206.38999),(122,8,1190484529.56005,12997,1190484530.79005,12997,1190488897.05005,4367.49000),(78,14,1190538770.59005,12690,1190538773.26004,12690,1190542844.15007,4073.56002),(114,34,1190538812.76004,2018,1190538818.27005,2018,1190548224.23004,9411.47000),(98,18,1190539527.51004,13834,1190539529.20004,13834,1190544867.96007,5340.45003),(121,9,1190539533.35004,12721,1190539535.72004,12721,1190550959.18004,11425.83000),(46,24,1190493156.17003,2171,1190493157.75003,2171,1190497587.85003,4431.68000),(39,11,1190523170.38005,1914,1190540040.75004,1914,1190545228.54007,22058.16002),(85,27,1190540079.82005,13344,1190540081.22005,13344,1190544175.18004,4095.35999),(102,7,1190540608.39006,2281,1190540609.99007,2281,1190555226.40006,14618.01000),(72,25,1190540645.18006,10020,1190540649.23012,10020,1190545469.51004,4824.32998),(31,22,1190484566.24004,8969,1190484567.53005,8969,1190488485.10004,3918.86000),(108,29,1190540796.30010,2138,1190540802.02021,2138,1190546137.49005,5341.18995),(64,33,1190540825.54006,1870,1190540827.41011,1870,1190545041.20007,4215.66001),(24,20,1190541106.81004,12016,1190541117.82007,12016,1190546150.02005,5043.21001),(118,32,1190487955.23005,12252,1190487963.40005,12252,1190491829.70005,3874.47000),(8,19,1190534626.43004,12101,1190541342.44007,12101,1190546891.31004,12264.88000),(111,30,1190541355.81005,12604,1190541365.15004,12604,1190546546.01004,5190.19999),(82,26,1190541438.96006,14073,1190541441.59005,14073,1190545912.65006,4473.69000),(57,17,1190480743.28005,12079,1190480744.50004,12079,1190484650.92004,3907.63999),(103,1,1190483711.49005,13999,1190483712.00000,13999,1190487363.28005,3651.79000),(61,12,1190541996.56004,8860,1190541997.65005,8860,1190546158.74005,4162.18001),(36,23,1190542073.94003,13145,1190542075.53004,13145,1190546636.16006,4562.22003),(92,15,1190542488.75004,13118,1190542490.97004,13118,1190546581.36007,4092.61003),(29,21,1190542698.38006,10058,1190542699.25007,10058,1190547881.81004,5183.42998),(76,14,1190542844.15007,1666,1190542845.00005,1666,1190546829.76005,3985.60998),(4,16,1190542938.56004,10009,1190542946.72006,10009,1190550949.11008,8010.55004),(68,13,1190543367.24005,14033,1190543373.31006,14033,1190547799.79004,4432.54999),(101,6,1190543733.49004,8667,1190543736.49004,8667,1190553280.92006,9547.43002),(53,3,1190544041.10005,13686,1190544042.68004,13686,1190549508.91004,5467.80999),(84,27,1190544175.18004,1775,1190544176.41004,1775,1190548098.84005,3923.66001),(51,31,1190493305.59005,12687,1190493307.33005,12687,1190497388.96004,4083.36999),(96,18,1190544867.96007,1753,1190544868.40007,1753,1190549602.26004,4734.29997),(65,33,1190545041.20007,14153,1190545042.05004,14153,1190549273.20004,4231.99997),(47,24,1190487372.18005,13579,1190487373.70005,13579,1190493156.17003,5783.98998),(117,32,1190484360.97004,9033,1190484362.29005,9033,1190487955.23005,3594.26001),(73,25,1190545469.51004,12648,1190545470.79006,12648,1190550089.16004,4619.65000),(33,22,1190480730.88005,12653,1190480733.25004,12653,1190484566.24004,3835.35999),(80,26,1190545912.65006,1836,1190545921.36004,1836,1190549923.62004,4010.96998),(107,29,1190546137.49005,1674,1190546138.87005,1674,1190550353.96003,4216.46998),(62,12,1190546158.74005,1801,1190546159.66004,1801,1190550073.44014,3914.70009),(23,20,1190546150.02005,8999,1190546172.10004,8999,1190551752.95004,5602.92999),(94,15,1190546581.36007,8959,1190546582.22006,8959,1190550750.28009,4168.92002),(38,23,1190546636.16006,13358,1190546637.87004,13358,1190550733.13540,4096.97534),(109,30,1190546546.01004,12967,1190546641.26008,12967,1190550893.21004,4347.20000),(79,14,1190546829.76005,8601,1190546831.46004,8601,1190551376.35004,4546.58999),(103,1,1190480276.75005,13999,1190480277.59004,13999,1190483711.49005,3434.74000),(69,13,1190547799.79004,13366,1190547801.06005,13366,1190551936.64013,4136.85009),(58,17,1190476800.00000,1640,1190476163.12018,1640,1190480743.28005,3943.28005),(28,21,1190547881.81004,13353,1190547883.04004,13353,1190552459.65007,4577.84003),(87,27,1190548098.84005,13292,1190548100.67004,13292,1190551896.70008,3797.86003),(115,34,1190548224.23004,9025,1190548508.96005,9025,1190553495.79005,5271.56001),(122,8,1190480579.91005,12997,1190480587.73005,12997,1190484529.56005,3949.65000),(66,33,1190549273.20004,1690,1190549274.76005,1690,1190553315.00005,4041.80001),(6,19,1190546891.31004,12542,1190549293.13005,12542,1190553723.93005,6832.62001),(49,31,1190489470.48004,2280,1190489471.90004,2280,1190493305.59005,3835.11001),(59,4,1190549464.09005,8576,1190549465.32005,8576,1190558574.99007,9110.90002),(53,3,1190549508.91004,13686,1190549510.34005,13686,1190555239.30005,5730.39001),(100,18,1190549602.26004,1973,1190549605.25004,1973,1190553752.25005,4149.99001),(81,26,1190549923.62004,13317,1190549930.98004,13317,1190554718.57006,4794.95002),(63,12,1190550073.44014,8949,1190550074.07004,8949,1190554075.64006,4002.19992),(75,25,1190550089.16004,13171,1190550093.54004,13171,1190554552.55005,4463.39001),(34,22,1190476800.00000,13594,1190473614.38004,13594,1190480730.88005,3930.88005),(106,29,1190550353.96003,8803,1190550355.08005,8803,1190554605.83008,4251.87005),(120,32,1190480481.87005,2135,1190480482.89005,2135,1190484360.97004,3879.09999),(45,24,1190482618.98004,13712,1190482629.20004,13712,1190487372.18005,4753.20001),(37,23,1190550733.13540,1840,1190550735.65008,1840,1190555056.82006,4323.68466),(95,15,1190550750.28009,12269,1190550752.99005,12269,1190554692.07005,3941.78996),(110,30,1190550893.21004,12643,1190550894.28004,12643,1190556067.43005,5174.22001),(1,16,1190550949.11008,14171,1190550953.92005,14171,1190555612.90006,4663.78998),(121,9,1190550959.18004,12721,1190550960.80004,12721,1190559549.66003,8590.47999),(78,14,1190551376.35004,12690,1190551378.77553,12690,1190555313.50007,3937.15003),(26,20,1190551752.95004,2004,1190551754.82004,2004,1190557508.04005,5755.09001),(85,27,1190551896.70008,13344,1190551898.31007,13344,1190555773.52006,3876.81998),(71,13,1190551936.64013,9080,1190551938.95005,9080,1190555949.10005,4012.45992),(57,17,1190551843.67042,12079,1190551844.44007,12079,1190556083.67008,4239.99966),(30,21,1190552459.65007,13810,1190552462.18005,13810,1190556254.70007,3795.05000),(103,1,1190476800.00000,13999,1190473965.46004,13999,1190480276.75005,3476.75005),(101,6,1190553280.92006,8667,1190553283.20004,8667,1190560242.12141,6961.20135),(67,33,1190553315.00005,14195,1190553316.00005,14195,1190556987.59005,3672.59000),(116,34,1190553495.79005,12760,1190553500.15004,12760,1190561026.09004,7530.29999),(50,31,1190484685.07005,8922,1190484697.84003,8922,1190489470.48004,4785.40999),(7,19,1190553723.93005,2160,1190553724.59004,2160,1190558353.43008,4629.50003),(99,18,1190553752.25005,10092,1190553770.45004,10092,1190557844.15005,4091.90000),(61,12,1190554075.64006,8860,1190554076.26007,8860,1190557833.38005,3757.73999),(31,22,1190554128.81011,8969,1190554130.83010,8969,1190558442.37007,4313.55996),(119,32,1190476800.00000,12134,1190475699.36005,12134,1190480481.87005,3681.87005),(104,5,1190476800.00000,14089,1190476088.73005,14089,1190481110.01004,4310.01004),(74,25,1190554552.55005,12190,1190554553.21009,12190,1190559596.21768,5043.66763),(105,29,1190554605.83008,9057,1190554609.51006,9057,1190558886.24004,4280.40996),(93,15,1190554692.07005,9075,1190554697.24005,9075,1190558612.52007,3920.45002),(83,26,1190554718.57006,12103,1190554719.48006,12103,1190561036.51003,6317.93997),(35,23,1190555056.82006,13026,1190555057.91006,13026,1190559776.05011,4719.23005),(102,7,1190555226.40006,2281,1190555228.44005,2281,1190561380.29004,6153.88998),(53,3,1190555239.30005,13686,1190555240.78005,13686,1190561388.75004,6149.44999),(76,14,1190555313.50007,1666,1190555314.27004,1666,1190559354.86004,4041.35997),(5,16,1190555612.90006,12660,1190555613.97004,12660,1190561077.17006,5464.27000),(39,11,1190545228.54007,1914,1190555658.16007,1914,1190560140.41005,14911.86998),(84,27,1190555773.52006,1775,1190555774.40007,1775,1190559690.33004,3916.80998),(48,24,1190476800.00000,1659,1190473358.34005,1659,1190482618.98004,5818.98004),(70,13,1190555949.10005,12030,1190555952.78006,12030,1190561054.22140,5105.12135),(55,17,1190556083.67008,14177,1190556085.90005,14177,1190562241.61004,6157.93996),(27,21,1190556254.70007,2112,1190556255.52007,2112,1190560622.35005,4367.64998),(64,33,1190556987.59005,1870,1190556988.70005,1870,1190560816.24005,3828.65000),(122,8,1190476800.00000,12997,1190474185.16007,12997,1190480579.91005,3779.91005),(25,20,1190557508.04005,14179,1190557510.67005,14179,1190564515.45005,7007.41000),(52,31,1190480831.83004,13558,1190480834.40005,13558,1190484685.07005,3853.24001),(62,12,1190557833.38005,1801,1190557834.27004,1801,1190561609.21012,3775.83007),(100,18,1190557844.15005,1973,1190557847.61005,1973,1190562345.58004,4501.42999),(8,19,1190558353.43008,12101,1190558354.90006,12101,1190563008.85005,4655.41997),(34,22,1190558442.37007,13594,1190558443.18007,13594,1190562721.99005,4279.61998),(92,15,1190558612.52007,13118,1190558613.76008,13118,1190562573.55006,3961.02999),(107,29,1190558886.24004,1674,1190558889.07005,1674,1190563377.75003,4491.50999),(119,32,1190558518.05013,12134,1190558519.49007,12134,1190562109.71004,3591.65991),(78,14,1190559354.86004,12690,1190559356.71004,12690,1190563738.75003,4383.88999),(72,25,1190559596.21768,10020,1190559597.37005,10020,1190564613.05005,5016.83237),(87,27,1190559690.33004,13292,1190559691.69005,13292,1190563783.95005,4093.62001),(36,23,1190559776.05011,13145,1190559778.35007,13145,1190564556.15005,4780.09994),(101,6,1190560242.12141,8667,1190560245.09004,8667,1190566229.43003,5987.30862),(29,21,1190560622.35005,10058,1190560623.36004,10058,1190565858.60004,5236.24999),(65,33,1190560816.24005,14153,1190560817.81032,14153,1190565148.45005,4332.21000),(82,26,1190561036.51003,14073,1190561038.64004,14073,1190565109.54007,4073.03004),(68,13,1190561054.22140,14033,1190561059.10004,14033,1190565502.81006,4448.58866),(63,12,1190561609.21012,8949,1190561610.30005,8949,1190565925.84005,4316.62993),(117,32,1190562109.71004,9033,1190562112.72004,9033,1190565937.93005,3828.22001),(58,17,1190562241.61004,1640,1190562242.41007,1640,1190566236.19005,3994.58001),(99,18,1190562345.58004,10092,1190562346.46005,10092,1190566062.87005,3717.29001),(94,15,1190562573.55006,8959,1190562574.78005,8959,1190566958.31004,4384.75998),(51,31,1190476800.00000,12687,1190473343.64004,12687,1190480831.83004,4031.83004);
/*!40000 ALTER TABLE `lap_time` ENABLE KEYS */;
UNLOCK TABLES;

--
-- Table structure for table `penalty`
--

DROP TABLE IF EXISTS `penalty`;
/*!40101 SET @saved_cs_client     = @@character_set_client */;
/*!40101 SET character_set_client = utf8 */;
CREATE TABLE `penalty` (
  `team_id` int(4) NOT NULL DEFAULT '0',
  `time` int(4) NOT NULL DEFAULT '0',
  KEY `penalty__team_id__idx` (`team_id`)
) ENGINE=MyISAM DEFAULT CHARSET=latin1;
/*!40101 SET character_set_client = @saved_cs_client */;

--
-- Dumping data for table `penalty`
--

LOCK TABLES `penalty` WRITE;
/*!40000 ALTER TABLE `penalty` DISABLE KEYS */;
/*!40000 ALTER TABLE `penalty` ENABLE KEYS */;
UNLOCK TABLES;

--
-- Table structure for table `raw_timestamp`
--

DROP TABLE IF EXISTS `raw_timestamp`;
/*!40101 SET @saved_cs_client     = @@character_set_client */;
/*!40101 SET character_set_client = utf8 */;
CREATE TABLE `raw_timestamp` (
  `rfid` int(8) NOT NULL DEFAULT '0',
  `timestamp` decimal(16,5) NOT NULL DEFAULT '0.00000',
  KEY `raw_timestamp__rfid__idx` (`rfid`)
) ENGINE=MyISAM DEFAULT CHARSET=latin1;
/*!40101 SET character_set_client = @saved_cs_client */;

--
-- Dumping data for table `raw_timestamp`
--

LOCK TABLES `raw_timestamp` WRITE;
/*!40000 ALTER TABLE `raw_timestamp` DISABLE KEYS */;
INSERT INTO `raw_timestamp` VALUES (14061,1190472714.50287),(14061,1190472719.58292),(14061,1190472721.52285),(14061,1190472724.26285),(14061,1190472726.00284),(1674,1190473269.41007),(13358,1190473288.90005),(12016,1190473304.10005),(12016,1190473317.31004),(12016,1190473323.28008),(12687,1190473343.64004),(1659,1190473358.34005),(13317,1190473435.62005),(13594,1190473614.38004),(10092,1190473943.27004),(8860,1190473959.99010),(13999,1190473965.46004),(12417,1190474002.63006),(1640,1190474033.17158),(12721,1190474108.09005),(12997,1190474185.16007),(13810,1190474254.01007),(9025,1190474595.90038),(8576,1190474709.08008),(14033,1190474827.19162),(12101,1190474862.06006),(12583,1190474918.88004),(2264,1190475086.82022),(12690,1190475118.95005),(9075,1190475184.00008),(13344,1190475325.51005),(1870,1190475520.13005),(12134,1190475699.36005),(1914,1190475755.88004),(13171,1190475986.18005),(13171,1190475991.11004),(2281,1190476083.36005),(14089,1190476088.73005),(2067,1190476118.20005),(13686,1190476129.52005),(1640,1190476163.12018),(8667,1190476198.72004),(13993,1190476245.92007),(1963,1190479579.72004),(13999,1190480276.75005),(13999,1190480277.59004),(8860,1190480336.43010),(1801,1190480337.32004),(13810,1190480352.56004),(2112,1190480352.75004),(13344,1190480358.84004),(1775,1190480360.30004),(12690,1190480409.40004),(1666,1190480410.49004),(10092,1190480428.82005),(13834,1190480430.43007),(12134,1190480481.87005),(2135,1190480482.89005),(1870,1190480503.09003),(14153,1190480504.26003),(13358,1190480540.00005),(1840,1190480543.33004),(14033,1190480546.03005),(13366,1190480549.78005),(1674,1190480551.58005),(9057,1190480553.97005),(9057,1190480555.79005),(9075,1190480561.22003),(13118,1190480565.58004),(12997,1190480579.91005),(13686,1190480583.38004),(13686,1190480585.00004),(12997,1190480587.73005),(13594,1190480730.88005),(12653,1190480732.14142),(12653,1190480733.25004),(1640,1190480743.28005),(12079,1190480744.50004),(13171,1190480817.85005),(12190,1190480818.85004),(12687,1190480831.83004),(13558,1190480834.40005),(12417,1190480879.67004),(12294,1190480881.40005),(12101,1190480950.78005),(12542,1190480952.60004),(8576,1190480984.12005),(8576,1190480985.01004),(12583,1190480995.02005),(12604,1190481000.44005),(12583,1190481000.47005),(1914,1190481069.35005),(8952,1190481083.83004),(14089,1190481110.01004),(14089,1190481112.37004),(2281,1190481168.48005),(2281,1190481170.06005),(9025,1190481188.86003),(12760,1190481191.37004),(13317,1190481489.13005),(14073,1190481492.39004),(1868,1190481939.50004),(13993,1190481949.85010),(1868,1190481951.43029),(12016,1190482018.97005),(8999,1190482021.47005),(8999,1190482022.36005),(8667,1190482510.59005),(8667,1190482512.73004),(1659,1190482618.98004),(1659,1190482626.84005),(13712,1190482629.20004),(12721,1190482706.03005),(12721,1190482707.96010),(13999,1190483711.49005),(1801,1190483727.81005),(8949,1190483728.69005),(1666,1190483856.87005),(8601,1190483859.36005),(2118,1190483860.77007),(1775,1190483861.77004),(2118,1190483863.93004),(2067,1190484207.81004),(2067,1190484210.08005),(13118,1190484242.70004),(8959,1190484244.73004),(13366,1190484263.15004),(9080,1190484264.75004),(2135,1190484360.97004),(9033,1190484362.29005),(9057,1190484511.73005),(8803,1190484512.94005),(12997,1190484529.56005),(12997,1190484530.79005),(13686,1190484559.84005),(13686,1190484561.42010),(12653,1190484566.24004),(8969,1190484567.53005),(2112,1190484594.55004),(10058,1190484595.59016),(1840,1190484639.66005),(13026,1190484641.20005),(12079,1190484650.92004),(14177,1190484651.57004),(13558,1190484685.07005),(8922,1190484697.84003),(12294,1190485049.32005),(10009,1190485057.53005),(1963,1190485111.88004),(13752,1190485116.89019),(13834,1190485153.23004),(10092,1190485154.53004),(8576,1190485322.69004),(8576,1190485323.57005),(14153,1190485367.99005),(1690,1190485368.90005),(12542,1190485385.21004),(2160,1190485386.09004),(12190,1190485437.67005),(10020,1190485439.66005),(14073,1190485464.82004),(1836,1190485467.22005),(8952,1190485512.82004),(1914,1190485514.88021),(12604,1190485567.88004),(12967,1190485569.21004),(2281,1190485770.80003),(2281,1190485772.38006),(14089,1190486065.09003),(14089,1190486066.36005),(12760,1190486330.99004),(12724,1190486332.57005),(8999,1190486995.52005),(2004,1190487004.57004),(8999,1190487004.79005),(1868,1190487163.09005),(12430,1190487164.35006),(13999,1190487363.28005),(13712,1190487372.18005),(13579,1190487373.70005),(8601,1190487511.58003),(13258,1190487513.04004),(2118,1190487531.88021),(2118,1190487532.99005),(13292,1190487537.00005),(8949,1190487599.23005),(1794,1190487600.83004),(9033,1190487955.23005),(12252,1190487963.40005),(9080,1190488106.35003),(12030,1190488107.88004),(8803,1190488370.84005),(2138,1190488371.39005),(8959,1190488407.33005),(12269,1190488408.86005),(8969,1190488485.10004),(9092,1190488485.74004),(10092,1190488772.52005),(13834,1190488773.37005),(13686,1190488827.44005),(13686,1190488828.88005),(12997,1190488897.05005),(12997,1190488898.16005),(12721,1190488927.78005),(12721,1190488929.37003),(13026,1190488959.29005),(13145,1190488960.08005),(1690,1190489049.60004),(14195,1190489050.62004),(14177,1190489246.40005),(1901,1190489247.70005),(1901,1190489252.86004),(8667,1190489331.20005),(8667,1190489332.64005),(1836,1190489445.63004),(12103,1190489448.99004),(12103,1190489451.82005),(8922,1190489470.48004),(2280,1190489471.22005),(2280,1190489471.90004),(12967,1190489603.32003),(12643,1190489607.08004),(1914,1190489673.09005),(8952,1190489674.36004),(10020,1190489679.10004),(12648,1190489680.58005),(12648,1190489684.60004),(2160,1190489686.96005),(12101,1190489845.28005),(8576,1190490028.48004),(8576,1190490029.43004),(8960,1190490500.21004),(2281,1190490519.67005),(2281,1190490521.30004),(13752,1190490576.66004),(8609,1190490577.64004),(12724,1190490770.67004),(2018,1190490773.31004),(13353,1190491016.44004),(13292,1190491049.24005),(13344,1190491051.40004),(13999,1190491183.56004),(13999,1190491189.13003),(10009,1190491342.67004),(14171,1190491355.70005),(12690,1190491441.35004),(2004,1190491677.45004),(2004,1190491688.57019),(14179,1190491705.44003),(1794,1190491768.61004),(8860,1190491769.53004),(12252,1190491829.70005),(12134,1190491831.39005),(12269,1190492094.72004),(9075,1190492096.26004),(12030,1190492247.36005),(12030,1190492250.59007),(14033,1190492251.82005),(14089,1190492434.97010),(14089,1190492436.51004),(14195,1190492572.57007),(1870,1190492573.70004),(9092,1190492652.44005),(13594,1190492654.36005),(2138,1190492749.56005),(1674,1190492752.26011),(13686,1190493020.30005),(13686,1190493021.82004),(13145,1190493073.24004),(13358,1190493074.37004),(13579,1190493156.17003),(2171,1190493157.75003),(13834,1190493230.12004),(1753,1190493238.92004),(2280,1190493305.59005),(12687,1190493307.33005),(12997,1190493661.24004),(12997,1190493662.96004),(12648,1190493888.17005),(13171,1190493889.60005),(12101,1190493912.25005),(12542,1190493914.44005),(8952,1190494058.92008),(1914,1190494060.23004),(1901,1190494212.94004),(14113,1190494219.60005),(12643,1190494472.46005),(12583,1190494474.52004),(13344,1190494872.32011),(1775,1190494873.78010),(8960,1190494967.52011),(13993,1190494985.58011),(13999,1190494999.17010),(13999,1190495000.40007),(12690,1190495005.29011),(1666,1190495006.87010),(8609,1190495186.59011),(2264,1190495190.28005),(13353,1190495254.81005),(13810,1190495256.11004),(12103,1190495366.54006),(13317,1190495368.09003),(13317,1190495369.75005),(8860,1190495375.86005),(1801,1190495376.44003),(12134,1190495519.44005),(2135,1190495519.67009),(8576,1190495713.68005),(8576,1190495714.77005),(2281,1190495718.45004),(2281,1190495719.85004),(14171,1190495843.82005),(12660,1190495846.80004),(9075,1190495874.51004),(13118,1190495875.55003),(12721,1190496132.69005),(12721,1190496135.37006),(14033,1190496180.00005),(13366,1190496183.48006),(1870,1190496308.57005),(14153,1190496309.53003),(8667,1190496554.75004),(8667,1190496556.68006),(1674,1190496581.06008),(9057,1190496583.45004),(13594,1190496644.26004),(12653,1190496644.50004),(12653,1190496645.86004),(13358,1190496776.21003),(1840,1190496777.39005),(14179,1190496795.60005),(12016,1190496798.65005),(2067,1190497329.65004),(2067,1190497333.29004),(13686,1190497368.31004),(13686,1190497371.51004),(12687,1190497388.96004),(13558,1190497390.84004),(2018,1190497441.30004),(9025,1190497445.04005),(9025,1190497450.07004),(2171,1190497587.85003),(1659,1190497597.49008),(1753,1190497783.55005),(1973,1190497785.33027),(13171,1190498080.64006),(12190,1190498081.32007),(12430,1190498116.42011),(14089,1190498247.16004),(14089,1190498248.61005),(12542,1190498379.54005),(2160,1190498381.04005),(2160,1190498381.68006),(1666,1190498443.74005),(8601,1190498446.89004),(1914,1190498482.74004),(8952,1190498483.97003),(8952,1190498486.28014),(1775,1190498524.23004),(2118,1190498526.05005),(12583,1190498846.43007),(12604,1190498848.91005),(12997,1190498908.97004),(12997,1190498910.39004),(13999,1190498924.67004),(13999,1190498925.44004),(1801,1190498969.68004),(8949,1190498970.33003),(13810,1190499180.97004),(2112,1190499182.19005),(14113,1190499346.77004),(1640,1190499348.24004),(2135,1190499398.68006),(9033,1190499401.70005),(9033,1190499403.74004),(2264,1190499406.82005),(1963,1190499409.07004),(1963,1190499411.22010),(1963,1190499412.12004),(13118,1190499603.75004),(8959,1190499604.76004),(13317,1190499963.97010),(14073,1190499964.45004),(13366,1190499991.67006),(9080,1190499993.78004),(8576,1190500163.83004),(8576,1190500164.92019),(2281,1190500224.44004),(2281,1190500225.88004),(2281,1190500228.76004),(14153,1190500339.58004),(1690,1190500341.19004),(12653,1190500627.09004),(8969,1190500627.81005),(1840,1190500872.64004),(13026,1190500873.23004),(8803,1190501012.72003),(9057,1190501021.65005),(8803,1190501022.84004),(13558,1190501167.83005),(8922,1190501170.20005),(12660,1190501643.95004),(12417,1190501647.22004),(12016,1190501846.15004),(8999,1190501852.42004),(8999,1190501853.65004),(9025,1190501873.88004),(9025,1190501876.27008),(1973,1190501994.62004),(12861,1190501996.28004),(8601,1190502083.61004),(12690,1190502085.75004),(13686,1190502088.25004),(13686,1190502089.85005),(12190,1190502196.54004),(12190,1190502197.88004),(10020,1190502200.80004),(12721,1190502360.22004),(12721,1190502362.89004),(2118,1190502451.53005),(13292,1190502453.65005),(13999,1190502770.16004),(13999,1190502771.42005),(8949,1190502804.77012),(1794,1190502806.11004),(2160,1190502858.80004),(12101,1190502859.96005),(9033,1190502997.99005),(12252,1190503006.32011),(12430,1190503122.59005),(1868,1190503126.68004),(8952,1190503179.55005),(1914,1190503180.90004),(1640,1190503214.11003),(12079,1190503215.50005),(12604,1190503454.47015),(12967,1190503456.63004),(2112,1190503500.17004),(10058,1190503501.49007),(1659,1190503528.71005),(13712,1190503530.64006),(8959,1190503834.25005),(12269,1190503836.84007),(14073,1190503859.97009),(1836,1190503862.13004),(9080,1190503936.57017),(12030,1190503941.15009),(1690,1190504154.57005),(14195,1190504155.64003),(2067,1190504166.28005),(2067,1190504168.21005),(8969,1190504596.27008),(9092,1190504597.88004),(8667,1190505004.39004),(8667,1190505007.01005),(1963,1190505069.51007),(13752,1190505070.12006),(14089,1190505099.47006),(14089,1190505100.96004),(8803,1190505161.43148),(2138,1190505165.51007),(13026,1190505328.39005),(13145,1190505329.72005),(12690,1190505806.20005),(1666,1190505807.20004),(12417,1190505883.60005),(12294,1190505886.06007),(12997,1190506119.85006),(12997,1190506121.48028),(8922,1190506275.33005),(2280,1190506276.65004),(13292,1190506467.03004),(13344,1190506468.61003),(8999,1190506621.85004),(2004,1190506624.44005),(10020,1190506654.67004),(12648,1190506656.14004),(12252,1190506960.09004),(12134,1190506962.13004),(9025,1190507058.43007),(9025,1190507059.42004),(12760,1190507064.01004),(13999,1190507117.61004),(13999,1190507118.60003),(12079,1190507462.82005),(14177,1190507465.60004),(12101,1190507478.20004),(12542,1190507485.13004),(1794,1190507513.89004),(8860,1190507514.53008),(13686,1190507529.55005),(13686,1190507531.28006),(12967,1190507631.61004),(12643,1190507636.93004),(14195,1190507891.68004),(1870,1190507892.92005),(12269,1190507974.74005),(9075,1190507976.50005),(1914,1190508075.56004),(1914,1190508076.92014),(1836,1190508118.86004),(12103,1190508125.09004),(1868,1190508586.65005),(8960,1190508589.02005),(12030,1190508615.69005),(14033,1190508617.36004),(2281,1190508889.09004),(2281,1190508891.05004),(13712,1190509169.41004),(13579,1190509170.53005),(9092,1190509180.51005),(13594,1190509183.11004),(10058,1190509373.65004),(13353,1190509374.58004),(12861,1190509560.16004),(1753,1190509561.14004),(1753,1190509562.93005),(1666,1190509674.70004),(8601,1190509676.66005),(2138,1190509828.57005),(1674,1190509829.54008),(13145,1190509906.19006),(13358,1190509908.18008),(12294,1190510165.19005),(10009,1190510167.11005),(13344,1190510569.14005),(1775,1190510571.38005),(2280,1190510830.34005),(2280,1190510833.49004),(12721,1190511180.63004),(12721,1190511181.89004),(12134,1190511195.76009),(2135,1190511196.89003),(13999,1190511220.58004),(13999,1190511223.09004),(12648,1190511266.12004),(13171,1190511273.31010),(13752,1190511405.96004),(8609,1190511407.04007),(2004,1190511573.55005),(14179,1190511574.70005),(14179,1190511575.84005),(8860,1190511576.18006),(1801,1190511577.77004),(1801,1190511581.34005),(1870,1190511826.84004),(14153,1190511828.04007),(12997,1190511878.48005),(12997,1190511880.97004),(9075,1190511967.42005),(13118,1190511968.74005),(14177,1190512653.49004),(1901,1190512656.69005),(8576,1190512709.83004),(8576,1190512710.71010),(13686,1190512724.45004),(13686,1190512725.71144),(12542,1190512796.93004),(2160,1190512798.42003),(8960,1190512923.24008),(13993,1190512925.33005),(14033,1190512930.80005),(14033,1190512933.32008),(14089,1190513103.04005),(14089,1190513104.53005),(12760,1190513159.53004),(12760,1190513161.81004),(1914,1190513171.62004),(8952,1190513172.85004),(12643,1190513392.31008),(12583,1190513393.75007),(13594,1190513600.24006),(12653,1190513600.55005),(8601,1190513760.93004),(12690,1190513762.96006),(13358,1190513912.90005),(1840,1190513914.13007),(2281,1190513960.47004),(2281,1190513962.19004),(13353,1190514146.48006),(13810,1190514148.48004),(1674,1190514359.95005),(9057,1190514364.44007),(12103,1190514466.77006),(13317,1190514468.02004),(1753,1190514595.17006),(1973,1190514596.70004),(1775,1190514720.58007),(2118,1190514721.98014),(2135,1190515229.61004),(9033,1190515231.16005),(13579,1190515290.52005),(2171,1190515292.10005),(13999,1190515341.67005),(13999,1190515343.42004),(1801,1190515349.97004),(8949,1190515351.31005),(2280,1190515371.14004),(12687,1190515372.57005),(13171,1190515843.93005),(12190,1190515844.80005),(14153,1190516104.04005),(1690,1190516105.99005),(13118,1190516167.08004),(12269,1190516169.60005),(12269,1190516172.36005),(8609,1190516476.42006),(2264,1190516478.51004),(14179,1190517076.99009),(12016,1190517079.52007),(10009,1190517391.58006),(12690,1190517608.50005),(1666,1190517609.58005),(2160,1190517739.06006),(12101,1190517742.75004),(14033,1190517748.80005),(13366,1190517751.51006),(1901,1190517807.52004),(14113,1190517809.60004),(12653,1190517823.81005),(8969,1190517825.95004),(12653,1190517826.26005),(12583,1190518095.92750),(13810,1190518111.81005),(2112,1190518113.21006),(12604,1190518134.79004),(8952,1190518142.26005),(8952,1190518143.42008),(14171,1190518308.90004),(1840,1190518356.96011),(13026,1190518357.64004),(9057,1190518677.34009),(8803,1190518678.23005),(13686,1190518770.33004),(13686,1190518771.93005),(8576,1190518947.68004),(8576,1190518950.09004),(2118,1190519046.18005),(13292,1190519050.21003),(1973,1190519126.97004),(12861,1190519129.27005),(12861,1190519131.90004),(9033,1190519139.42004),(12252,1190519141.11004),(12997,1190519432.13004),(12997,1190519433.59004),(8949,1190519451.69004),(1794,1190519452.33005),(13993,1190519480.39004),(12430,1190519482.79006),(14073,1190519726.74004),(13317,1190519729.09004),(14073,1190519730.74005),(12721,1190519765.88005),(12721,1190519775.69005),(12687,1190519972.49005),(12687,1190519974.65005),(1690,1190520102.72005),(14195,1190520104.24004),(1659,1190520138.70004),(13999,1190520240.91005),(13999,1190520242.63004),(12190,1190520608.61004),(10020,1190520610.29005),(12760,1190520804.06005),(12724,1190520812.64004),(12269,1190521344.00004),(9075,1190521345.37004),(2264,1190521506.18005),(1963,1190521508.98004),(1666,1190521699.88006),(8601,1190521702.21011),(13366,1190522154.04004),(13366,1190522156.93005),(8969,1190522371.68005),(9092,1190522372.68005),(14113,1190522472.32003),(1640,1190522472.89004),(12101,1190522806.13005),(12542,1190522810.88004),(2112,1190522818.12005),(10058,1190522819.35004),(12016,1190522959.14005),(8999,1190522962.03056),(13026,1190523019.71005),(13145,1190523020.62004),(8803,1190523025.83005),(2138,1190523028.74005),(2138,1190523034.43005),(13292,1190523041.37005),(13344,1190523042.74006),(13344,1190523044.67004),(8952,1190523170.38005),(14171,1190523196.65004),(12660,1190523198.24006),(2281,1190523905.98004),(2281,1190523907.56004),(12252,1190524088.95005),(12134,1190524091.00004),(1794,1190524137.23004),(8860,1190524138.16004),(12967,1190524141.12007),(12604,1190524141.13007),(12967,1190524145.63005),(14195,1190524182.85004),(1870,1190524183.73003),(14073,1190524212.26004),(1836,1190524217.56005),(12687,1190524580.41017),(13558,1190524581.78007),(12430,1190524857.13004),(13999,1190525236.59005),(13999,1190525238.00004),(9075,1190525343.43006),(13118,1190525345.49004),(12724,1190525764.03004),(12724,1190525767.21004),(12997,1190525840.33005),(12997,1190525842.45006),(8601,1190526052.33004),(12690,1190526054.24005),(10020,1190526087.80004),(12648,1190526089.23005),(12861,1190526243.54005),(12861,1190526245.01010),(12861,1190526246.71005),(10092,1190526247.81007),(13366,1190526512.74004),(1659,1190526533.75006),(1659,1190526542.75007),(1640,1190526670.66007),(12079,1190526671.63004),(12079,1190526672.27004),(13686,1190526746.17006),(13686,1190526747.64004),(1674,1190526977.76006),(9080,1190527093.60005),(9092,1190527098.65006),(13594,1190527104.73016),(13712,1190527125.46008),(13344,1190527254.78004),(1775,1190527257.37004),(13145,1190527826.65004),(13358,1190527828.49004),(8860,1190528080.99006),(1801,1190528081.54005),(8999,1190528128.42007),(2004,1190528129.35023),(1963,1190528173.94006),(12134,1190528207.13006),(2135,1190528207.97007),(10058,1190528236.79005),(13353,1190528238.30007),(1870,1190528243.46007),(14153,1190528244.27004),(12967,1190528261.88005),(12542,1190528380.77004),(2160,1190528381.87004),(12643,1190528547.49005),(1836,1190528650.04008),(12103,1190528651.03005),(13558,1190528688.22006),(13558,1190528701.46006),(13118,1190529384.32003),(8959,1190529387.50005),(12690,1190530129.83004),(1666,1190530130.49005),(10092,1190530290.91005),(13834,1190530292.25006),(8609,1190530403.28004),(2281,1190530436.98005),(2281,1190530438.95004),(12079,1190530945.33011),(14177,1190530948.58005),(12648,1190531107.20008),(13171,1190531114.71004),(13171,1190531116.38004),(12724,1190531270.93004),(2018,1190531273.14005),(9057,1190531309.62005),(1775,1190531374.95007),(2118,1190531378.73007),(13999,1190531544.64004),(13999,1190531545.63007),(13594,1190531553.06007),(12653,1190531553.70006),(12653,1190531555.56006),(1801,1190531858.98007),(8949,1190531859.87004),(13686,1190531997.51004),(13686,1190531998.97005),(9080,1190532254.92006),(9080,1190532258.60005),(13358,1190532278.55004),(1840,1190532279.89004),(2135,1190532505.58016),(9033,1190532507.91007),(9033,1190532509.25007),(14153,1190532717.10005),(1690,1190532723.32005),(13558,1190532888.36013),(12660,1190532998.42005),(12417,1190533036.09005),(13353,1190533324.70005),(13810,1190533325.91007),(13712,1190533463.26414),(13579,1190533464.20008),(8959,1190534003.10004),(12269,1190534005.67005),(8922,1190534094.68006),(1666,1190534097.44005),(8601,1190534100.23013),(8601,1190534105.58008),(2004,1190534612.53004),(14179,1190534617.56004),(2160,1190534626.43004),(13834,1190535349.64005),(8609,1190535401.16006),(10092,1190535503.02004),(13171,1190535773.08005),(12190,1190535775.98005),(2118,1190535900.86006),(13292,1190535902.81007),(12653,1190535937.11007),(8969,1190535938.68005),(12643,1190536221.17007),(8949,1190536223.10005),(1794,1190536223.75004),(1794,1190536225.66007),(12583,1190536225.93006),(12103,1190536267.10006),(13317,1190536275.67006),(13999,1190536295.56005),(13999,1190536296.93005),(9057,1190536318.22007),(8803,1190536320.06009),(14177,1190536357.87004),(1901,1190536361.74007),(9033,1190536457.77004),(12252,1190536460.26004),(1690,1190536935.79007),(14195,1190536936.36005),(1840,1190537038.90006),(13026,1190537039.79004),(9080,1190537417.45005),(12030,1190537418.55005),(8576,1190537454.25005),(8576,1190537455.49004),(13810,1190537481.42005),(2112,1190537482.70004),(13686,1190537571.49006),(13686,1190537573.84005),(12417,1190538057.95005),(12294,1190538062.86005),(12269,1190538282.36005),(9075,1190538286.95004),(12997,1190538467.67006),(12997,1190538469.93005),(8601,1190538770.59005),(12690,1190538773.26004),(2018,1190538812.76004),(2018,1190538818.27005),(10092,1190539527.51004),(13834,1190539529.20004),(12721,1190539533.35004),(12721,1190539535.72004),(13579,1190539847.90005),(2171,1190539867.47006),(1914,1190540040.75004),(13292,1190540079.82005),(13344,1190540081.22005),(2281,1190540608.39006),(2281,1190540609.99007),(12190,1190540645.18006),(10020,1190540649.23012),(8969,1190540750.56006),(9092,1190540751.47009),(8803,1190540796.30010),(2138,1190540799.43006),(2138,1190540802.02021),(14195,1190540825.54006),(1870,1190540827.41011),(14179,1190541106.81004),(14179,1190541114.71004),(12016,1190541117.82007),(8922,1190541124.38005),(12252,1190541310.68004),(12134,1190541312.12007),(12101,1190541342.44007),(12583,1190541355.81005),(12604,1190541365.15004),(13317,1190541438.96006),(14073,1190541441.59005),(1901,1190541731.33004),(14113,1190541739.59005),(13999,1190541927.56005),(13999,1190541929.50004),(1794,1190541996.56004),(8860,1190541997.65005),(13026,1190542073.94003),(13145,1190542075.53004),(9075,1190542488.75004),(13118,1190542490.97004),(2112,1190542698.38006),(10058,1190542699.25007),(12690,1190542844.15007),(1666,1190542845.00005),(12294,1190542938.56004),(10009,1190542946.72006),(12030,1190543367.24005),(14033,1190543367.35005),(14033,1190543373.31006),(8667,1190543733.49004),(8667,1190543736.49004),(13686,1190544041.10005),(13686,1190544042.68004),(13344,1190544175.18004),(1775,1190544176.41004),(2280,1190544450.46005),(13834,1190544867.96007),(1753,1190544868.40007),(1870,1190545041.20007),(14153,1190545042.05004),(2171,1190545169.89005),(1659,1190545171.18007),(1914,1190545228.54007),(12134,1190545312.69004),(2135,1190545313.79005),(10020,1190545469.51004),(12648,1190545470.79006),(9092,1190545613.54005),(13594,1190545614.94005),(14073,1190545912.65006),(1836,1190545917.64004),(1836,1190545921.36004),(2138,1190546137.49005),(1674,1190546138.87005),(12016,1190546150.02005),(8860,1190546158.74005),(1801,1190546159.66004),(8999,1190546172.10004),(12604,1190546546.01004),(13118,1190546581.36007),(8959,1190546582.22006),(13145,1190546636.16006),(13358,1190546637.87004),(12967,1190546641.26008),(1666,1190546829.76005),(8601,1190546831.46004),(12101,1190546891.31004),(13999,1190547277.58004),(13999,1190547278.84007),(14033,1190547799.79004),(13366,1190547801.06005),(14113,1190547877.42004),(1640,1190547879.44004),(10058,1190547881.81004),(13353,1190547883.04004),(1775,1190548098.84005),(13292,1190548100.67004),(2018,1190548224.23004),(9025,1190548508.96005),(12997,1190548734.01005),(12997,1190548745.10004),(2280,1190548809.00004),(14153,1190549273.20004),(1690,1190549274.76005),(12542,1190549293.13005),(12687,1190549324.14004),(8576,1190549464.09005),(8576,1190549465.32005),(13686,1190549508.91004),(13686,1190549510.34005),(1753,1190549602.26004),(1973,1190549605.25004),(1836,1190549923.62004),(13317,1190549930.98004),(1801,1190550073.44014),(8949,1190550074.07004),(12653,1190550085.35004),(13594,1190550086.17007),(12653,1190550086.31004),(12653,1190550088.29006),(12648,1190550089.16004),(13171,1190550093.54004),(1674,1190550353.96003),(8803,1190550355.08005),(2135,1190550521.45004),(9033,1190550524.93005),(1659,1190550583.26032),(13712,1190550593.32005),(13712,1190550595.83145),(13358,1190550733.13540),(1840,1190550735.65008),(8959,1190550750.28009),(12269,1190550751.14006),(12269,1190550752.99005),(12967,1190550893.21004),(12643,1190550894.28004),(10009,1190550949.11008),(14171,1190550953.92005),(12721,1190550959.18004),(12721,1190550960.80004),(8601,1190551376.35004),(12690,1190551378.77553),(8999,1190551752.95004),(2004,1190551754.82004),(12079,1190551843.66009),(1640,1190551843.67042),(12079,1190551844.44007),(13292,1190551896.70008),(13344,1190551898.31007),(13366,1190551936.64013),(9080,1190551938.95005),(13353,1190552459.65007),(13810,1190552460.37005),(13810,1190552462.18005),(13999,1190552790.39004),(13999,1190552791.86004),(8667,1190553280.92006),(8667,1190553283.20004),(1690,1190553315.00005),(14195,1190553316.00005),(9025,1190553495.79005),(12760,1190553500.15004),(12687,1190553648.48006),(13558,1190553650.90005),(12542,1190553723.93005),(2160,1190553724.59004),(1973,1190553752.25005),(10092,1190553770.45004),(8949,1190554075.64006),(8860,1190554076.26007),(12653,1190554128.81011),(8969,1190554130.83010),(9033,1190554257.23007),(12252,1190554259.62011),(14089,1190554537.98011),(14089,1190554539.20006),(13171,1190554552.55005),(12190,1190554553.21009),(8803,1190554605.83008),(9057,1190554609.51006),(12269,1190554692.07005),(12269,1190554693.30006),(9075,1190554697.24005),(13317,1190554718.57006),(12103,1190554719.48006),(1840,1190555056.82006),(13026,1190555057.91006),(2281,1190555226.40006),(2281,1190555228.44005),(13686,1190555239.30005),(13686,1190555240.78005),(12690,1190555313.50007),(1666,1190555314.27004),(14171,1190555612.90006),(12660,1190555613.97004),(1914,1190555658.16007),(13344,1190555773.52006),(1775,1190555774.40007),(13712,1190555927.13004),(2171,1190555931.51005),(13712,1190555933.80006),(9080,1190555949.10005),(12030,1190555952.78006),(12643,1190556067.43005),(12079,1190556083.67008),(14177,1190556085.90005),(13810,1190556254.70007),(2112,1190556255.52007),(14195,1190556987.59005),(1870,1190556988.70005),(12997,1190557017.33004),(12997,1190557019.56005),(2004,1190557508.04005),(14179,1190557510.67005),(13558,1190557616.64004),(8922,1190557620.10004),(8860,1190557833.38005),(1801,1190557834.27004),(10092,1190557844.15005),(1973,1190557845.52004),(1973,1190557847.61005),(2160,1190558353.43008),(12101,1190558354.90006),(8969,1190558442.37007),(13594,1190558443.18007),(12134,1190558516.97006),(12252,1190558518.05013),(12134,1190558519.49007),(8576,1190558574.99007),(9075,1190558612.52007),(13118,1190558613.76008),(9057,1190558886.24004),(1674,1190558888.08005),(1674,1190558889.07005),(1666,1190559354.86004),(12690,1190559356.71004),(12721,1190559549.66003),(12190,1190559596.21768),(10020,1190559597.37005),(1775,1190559690.33004),(13292,1190559691.69005),(13026,1190559776.05011),(13145,1190559778.35007),(1914,1190560140.41005),(8667,1190560242.12141),(8667,1190560245.09004),(2171,1190560474.67004),(2112,1190560622.35005),(10058,1190560623.36004),(1870,1190560816.24005),(14153,1190560817.81032),(12760,1190561026.09004),(12103,1190561036.51003),(14073,1190561038.64004),(12030,1190561054.22140),(14033,1190561059.10004),(12660,1190561077.17006),(2281,1190561380.29004),(13686,1190561388.75004),(1801,1190561609.21012),(8949,1190561610.30005),(12134,1190562109.71004),(13558,1190562111.14005),(9033,1190562112.72004),(8922,1190562117.17004),(13558,1190562121.30005),(14177,1190562241.61004),(1640,1190562242.41007),(1973,1190562345.58004),(10092,1190562346.46005),(13118,1190562573.55006),(8959,1190562574.78005),(13594,1190562721.99005),(12101,1190563008.85005),(1674,1190563377.75003),(2067,1190563692.52005),(12690,1190563738.75003),(13292,1190563783.95005),(14179,1190564515.45005),(14179,1190564516.45004),(13145,1190564556.15005),(13145,1190564557.11714),(10020,1190564613.05005),(14073,1190565109.54007),(14153,1190565148.45005),(14033,1190565502.81006),(10058,1190565858.60004),(8949,1190565925.84005),(8949,1190565929.61010),(9033,1190565937.93005),(10092,1190566062.87005),(8667,1190566229.43003),(1640,1190566236.19005),(13558,1190566451.05004),(8959,1190566958.31004),(8921,1192259978.37378),(8921,1192259982.58379),(8921,1192259986.55379),(8921,1192286372.67715),(8921,1192286379.21715),(8921,1192286384.97716),(8921,1192286391.21716),(8921,1192286396.85715),(8921,1192286405.53717),(8921,1192286411.52716),(8921,1192286417.77715),(8921,1192286423.83716),(8921,1192289066.45714),(8921,1192289067.68714),(8921,1192289068.95714);
/*!40000 ALTER TABLE `raw_timestamp` ENABLE KEYS */;
UNLOCK TABLES;

--
-- Table structure for table `rider`
--

DROP TABLE IF EXISTS `rider`;
/*!40101 SET @saved_cs_client     = @@character_set_client */;
/*!40101 SET character_set_client = utf8 */;
CREATE TABLE `rider` (
  `person_id` int(4) NOT NULL DEFAULT '0',
  `team_id` int(4) DEFAULT NULL,
  `last_name` varchar(24) NOT NULL DEFAULT '',
  `first_name` varchar(24) NOT NULL DEFAULT '',
  `middle_name` varchar(24) DEFAULT NULL,
  `city` varchar(36) DEFAULT NULL,
  `state` char(2) DEFAULT NULL,
  `country` varchar(24) DEFAULT NULL,
  `gender` char(1) DEFAULT NULL,
  `notes` text,
  PRIMARY KEY (`person_id`),
  KEY `rider__team_id__idx` (`team_id`)
) ENGINE=MyISAM DEFAULT CHARSET=latin1;
/*!40101 SET character_set_client = @saved_cs_client */;

--
-- Dumping data for table `rider`
--

LOCK TABLES `rider` WRITE;
/*!40000 ALTER TABLE `rider` DISABLE KEYS */;
INSERT INTO `rider` VALUES (103,1,'Tostado','Josh','J','breckenridge','CO','USA','M',''),(22,2,'Baker','Will','T','Harbor Springs','MI','USA','M',''),(53,3,'Goscinski','Dwayne','A','crystal city','MO','USA','M',''),(59,4,'Brixey','Chad','A','Hazelwood','MO','USA','M',''),(104,5,'Carroll','Lorne','D','Kansas City','MO','USA','M',''),(101,6,'Burks','Eric','J','Fulton','MO','USA','M',''),(102,7,'Johnson','Mitch','J','Ballwin','MO','USA','M',''),(122,8,'Gersib','Matt','','Lincoln','NE','USA','M',''),(121,9,'Pastrovich','Emily','D','Mission','KS','USA','F',''),(39,11,'Fabbro','Alexandria','','Mammoth Lakes','CA','USA','F',''),(40,11,'Kanayan','Heidi','M','Mammoth Lakes','CA','USA','F',''),(60,12,'Cronin','Skip','R','Lincoln','NE','USA','M',''),(61,12,'Savery','Mark','D','Omaha','NE','USA','M',''),(62,12,'Woodman','Nate','J','Lincoln','NE','USA','M',''),(63,12,'Rosenau','Sam','','Lincoln','NE','USA','M',''),(68,13,'Donjoian','John','P','St. Charles','MO','USA','M',''),(69,13,'Adams','Bryan','','Saint Louis','MO','USA','M',''),(70,13,'Twist','John','','St. Louis','MO','USA','M',''),(71,13,'Keane','B.J.','','O\'Fallon','MO','USA','M',''),(76,14,'Lanzilotta','William','N','Athens','GA','USA','M',''),(77,14,'Hendershott','James','','Covington','GA','USA','M',''),(78,14,'Edge','Jeremy','','Athens','GA','USA','M',''),(79,14,'Gentry','Matt','','Watkinsville','GA','USA','M',''),(92,15,'Klasmeier','Michael','','Crofton','MD','USA','M',''),(93,15,'Donahue','Matt','','Washington','DC','USA','M',''),(94,15,'Foley','Joe','','Silver Spring','MD','USA','M',''),(95,15,'Biggs','Darren','','Arlington','VA','USA','M',''),(1,16,'Brooks','Karen','','Pittsburgh','PA','USA','F',''),(2,16,'Crymes','Clay','F','Fayetteville','AR','USA','M',''),(3,16,'Nierman','Kevin','','Lee\'s Summit','MO','USA','M',''),(4,16,'Dehner','Melissa','M','Fairway','KS','USA','F',''),(5,16,'Swanson','Mick','','Prairie Village','KS','USA','M',''),(54,17,'Hooks','Danny','H','Lees Summit','MO','USA','M',''),(55,17,'Reed','Jeremy','L','Springfield','MO','USA','M',''),(56,17,'Parra','David','B','Lee\'s Summit','MO','USA','M',''),(57,17,'Muller','Will','O','blue springs','','USA','M',''),(58,17,'Luffman','Micah','D','Lees Summit','MO','USA','M',''),(96,18,'Smith','Dave','R','Blue Springs','MO','USA','M',''),(97,18,'Dowell','Stephen','M','Raytown','MO','USA','M',''),(98,18,'Brown','Keith','M','independence','MO','USA','M',''),(99,18,'Rogers','Zach','','Kansas City','MO','USA','M',''),(100,18,'Huber','Thomas','B','Blue Springs','MO','USA','M',''),(6,19,'Smith','Barry','','Mounds','OK','usa','M',''),(7,19,'Bode','Charles','B','Mounds','OK','USA','M',''),(8,19,'Franklin','Brian','','','','USA','M',''),(9,19,'rider','unregistered','','','','USA','M',''),(24,20,'Gulley','Jeremy','M','Paola','KS','USA','M',''),(25,20,'Rees','David','','Kansas City','MO','USA','M',''),(23,20,'Brocket','Jamie','P','Raytown','MO','USA','M',''),(26,20,'Banda','Eric','L','Kansas City','KS','USA','M',''),(30,21,'Folendore','Michael','R','lawrence','KS','USA','M',''),(29,21,'Bundy','Brandon','','Lawrence','KS','USA','M',''),(28,21,'Hershey','Chris','S','Kansas City','MO','USA','M',''),(27,21,'Fox','Joe','','Kansas City','MO','USA','M',''),(31,22,'Mace','Christopher','L','Colorado Springs','CO','USA','M',''),(32,22,'Hohensee','David','','Golden','CO','USA','M',''),(33,22,'Baltrusch','Tod','Q','Colorado Springs','CO','USA','M',''),(34,22,'Tomitsch','Peter','','Colorado Springs','CO','USA','M',''),(35,23,'Sonntag','Pete','','Breckenridge','CO','USA','M',''),(36,23,'Lifgren','Jeff','','Breckenridge','CO','USA','M',''),(37,23,'Hanson','Barry','','Dillon','CO','USA','M',''),(38,23,'Roop','Kevin','','Avon','CO','USA','M',''),(47,24,'Kingsley','Jeff','','Lansing','KS','USA','M',''),(48,24,'Wise','Mike','','FT LEAVENWORTH','KS','USA','M',''),(46,24,'Baugher','Matthew','R','St. Joseph','MO','USA','M',''),(45,24,'Schoen','Andrew','L','Little Rock','AR','USA','M',''),(72,25,'Leonas','Michael','D','Lee\'s Summit','MO','USA','M',''),(73,25,'Fontaine','Todd','L','Great Falls','MT','USA','M',''),(74,25,'Leonas','Mark','A','Bradford','NH','USA','M',''),(75,25,'Mulnix','Raymond','G','Bethany','MO','USA','M',''),(80,26,'Saueracker','Paul','','Evergreen','CO','USA','M',''),(81,26,'Jenkins','Mark','A','Chillicothe','MO','USA','M',''),(82,26,'Wood','Sean','C','Evergreen','CO','USA','M',''),(83,26,'Carpenter','Cris','','Lee\'s Summit','MO','USA','M',''),(84,27,'Anderson','Rich','W','Lee\'s Summit','MO','USA','M',''),(85,27,'Jones','Shawn','A','Salina','','USA','M',''),(86,27,'Blum','Ashley','M','Independence','MO','USA','M',''),(87,27,'Wagner','John','L','Salina','KS','USA','M',''),(88,28,'Worlock','Scott','J','Salina','KS','USA','M',''),(89,28,'Nickelson','Troy','','salina','KS','USA','M',''),(90,28,'Collins','Robert','','salina','KS','USA','M',''),(91,28,'Hecker','Greg','','salina','KS','USA','M',''),(105,29,'Dillard','Chris','','Fayetteville','AR','USA','M',''),(106,29,'Stafford','Neil','','Fayetteville','AR','USA','M',''),(107,29,'Hanley','Aaron','','Fayetteville','AR','USA','M',''),(108,29,'White','Ira','','Fayetteville','AR','USA','M',''),(109,30,'King','Tim','L','Smithville','MO','USA','M',''),(110,30,'Paci','Joe','A','N Kansas City','MO','USA','M',''),(111,30,'Calhoon','Kevin','D','Kearney','MO','USA','M',''),(112,30,'Browning','Aaron','J','Kansas City','MO','USA','M',''),(49,31,'Sandknop','Greg','','St. Louis','MO','USA','M',''),(50,31,'Hoffmeyer','Matt','','Saint Louis','MO','USA','M',''),(51,31,'Grothoff','Matt','','Manchester','MO','USA','M',''),(52,31,'Metz','Robert','T','High Ridge','MO','USA','M',''),(117,32,'Stoeltzing','Craig','T','Blue Springs','MO','USA','M',''),(118,32,'Stephens','Travis','R','overland park','KS','USA','M',''),(119,32,'Fuhrmann','Dan','J','Rolla','MO','USA','M',''),(120,32,'Dutcher','Matt','','Lenexa','KS','USA','M',''),(64,33,'Long','Doug','D','Chillicothe','MO','USA','M',''),(65,33,'Chambers','Doug','','Great Bend','KS','USA','M',''),(66,33,'Shiflett','James','','Meadville','MO','USA','M',''),(67,33,'Riedy','Lyle','J','Topeka','KS','USA','M',''),(113,34,'Whitaker','Scott','','Godfrey','IL','USA','M',''),(114,34,'Bonney','Rick','G','Ferguson','MO','USA','M',''),(115,34,'Rippelmeyer','Jeff','','Wentzville','MO','USA','M',''),(116,34,'Easterling','Ray','','Saint Charles','MO','USA','M',''),(123,35,'Mason','Max','W','Lees Summit','MO','USA','M',''),(124,36,'Coppage','Brett','J','Plattsburg','MO','USA','M',''),(125,36,'Rahmeyer','Grant','S','Kansas City','MO','USA','M',''),(126,36,'Tierney','Sean','T','Westwood','KS','USA','M',''),(127,36,'Tierney','Joseph','P','Westwood','KS','USA','M','');
/*!40000 ALTER TABLE `rider` ENABLE KEYS */;
UNLOCK TABLES;

--
-- Table structure for table `rider_rfid`
--

DROP TABLE IF EXISTS `rider_rfid`;
/*!40101 SET @saved_cs_client     = @@character_set_client */;
/*!40101 SET character_set_client = utf8 */;
CREATE TABLE `rider_rfid` (
  `person_id` int(4) NOT NULL DEFAULT '0',
  `rfid` int(8) NOT NULL DEFAULT '0',
  KEY `rider_rfid__person_id__idx` (`person_id`),
  KEY `rider_rfid__rfid__idx` (`rfid`)
) ENGINE=MyISAM DEFAULT CHARSET=latin1;
/*!40101 SET character_set_client = @saved_cs_client */;

--
-- Dumping data for table `rider_rfid`
--

LOCK TABLES `rider_rfid` WRITE;
/*!40000 ALTER TABLE `rider_rfid` DISABLE KEYS */;
INSERT INTO `rider_rfid` VALUES (103,13999),(22,1948),(53,13686),(59,8576),(104,14089),(101,8667),(102,2281),(122,12997),(121,12721),(39,1914),(40,8952),(60,1794),(61,8860),(62,1801),(63,8949),(68,14033),(69,13366),(70,12030),(71,9080),(76,1666),(77,13258),(78,12690),(79,8601),(92,13118),(93,9075),(94,8959),(95,12269),(1,14171),(2,12294),(3,12417),(4,10009),(5,12660),(54,14113),(55,14177),(56,1901),(57,12079),(58,1640),(96,1753),(97,12861),(98,13834),(99,10092),(100,1973),(6,12542),(7,2160),(8,12101),(9,14061),(24,12016),(25,14179),(23,8999),(26,2004),(30,13810),(29,10058),(28,13353),(27,2112),(31,8969),(32,9092),(33,12653),(34,13594),(35,13026),(36,13145),(37,1840),(38,13358),(47,13579),(48,1659),(46,2171),(45,13712),(72,10020),(73,12648),(74,12190),(75,13171),(80,1836),(81,13317),(82,14073),(83,12103),(84,1775),(85,13344),(86,2118),(87,13292),(88,1963),(89,8609),(90,13752),(91,2264),(105,9057),(106,8803),(107,1674),(108,2138),(109,12967),(110,12643),(111,12604),(112,12583),(49,2280),(50,8922),(51,12687),(52,13558),(117,9033),(118,12252),(119,12134),(120,2135),(64,1870),(65,14153),(66,1690),(67,14195),(113,12724),(114,2018),(115,9025),(116,12760),(123,2067),(124,8960),(125,13993),(126,1868),(127,12430);
/*!40000 ALTER TABLE `rider_rfid` ENABLE KEYS */;
UNLOCK TABLES;

--
-- Table structure for table `standings`
--

DROP TABLE IF EXISTS `standings`;
/*!40101 SET @saved_cs_client     = @@character_set_client */;
/*!40101 SET character_set_client = utf8 */;
CREATE TABLE `standings` (
  `team_id` int(4) NOT NULL DEFAULT '0',
  `class` char(2) NOT NULL DEFAULT '',
  `laps` int(4) NOT NULL DEFAULT '0',
  `last_lap_finish_ts` double(16,5) NOT NULL DEFAULT '0.00000',
  KEY `standings__llap_finish_ts__idx` (`last_lap_finish_ts`)
) ENGINE=MyISAM DEFAULT CHARSET=latin1;
/*!40101 SET character_set_client = @saved_cs_client */;

--
-- Dumping data for table `standings`
--

LOCK TABLES `standings` WRITE;
/*!40000 ALTER TABLE `standings` DISABLE KEYS */;
INSERT INTO `standings` VALUES (1,'M1',17,1190552790.39004),(12,'ME',22,1190565925.84005),(21,'MS',18,1190565858.60004),(27,'MS',22,1190563783.95005),(14,'ME',21,1190563738.75003),(18,'5M',19,1190566062.87005),(32,'SR',22,1190565937.93005),(33,'MM',22,1190565148.45005),(23,'MS',20,1190564556.15005),(13,'ME',20,1190565502.81006),(29,'MS',18,1190563377.75003),(15,'ME',22,1190566958.31004),(8,'M1',12,1190557017.33004),(3,'M1',16,1190561388.75004),(22,'MS',20,1190562721.99005),(17,'5M',19,1190566236.19005),(25,'MS',19,1190564613.05005),(31,'SR',18,1190566451.05004),(16,'C5',15,1190561077.17006),(19,'MV',16,1190563008.85005),(4,'M1',10,1190558574.99007),(30,'MS',16,1190556067.43005),(11,'C2',12,1190560140.41005),(5,'M1',7,1190554537.98011),(7,'M1',12,1190561380.29004),(34,'MC',14,1190561026.09004),(26,'MS',18,1190565109.54007),(20,'MS',16,1190564515.45005),(36,'MS',8,1190524857.13004),(6,'M1',8,1190566229.43003),(24,'MS',14,1190560474.67004),(9,'W1',9,1190559549.66003),(35,'M1',4,1190563692.52005),(28,'MS',10,1190535401.16006);
/*!40000 ALTER TABLE `standings` ENABLE KEYS */;
UNLOCK TABLES;

--
-- Table structure for table `team`
--

DROP TABLE IF EXISTS `team`;
/*!40101 SET @saved_cs_client     = @@character_set_client */;
/*!40101 SET character_set_client = utf8 */;
CREATE TABLE `team` (
  `id` int(4) NOT NULL AUTO_INCREMENT,
  `bib_number` int(4) DEFAULT NULL,
  `class` char(2) NOT NULL DEFAULT '',
  `name` varchar(40) NOT NULL DEFAULT '',
  `captain_id` int(4) DEFAULT NULL,
  `sponsor` text,
  `notes` text,
  PRIMARY KEY (`id`),
  UNIQUE KEY `team_name_key` (`name`),
  UNIQUE KEY `team_bib_number_key` (`bib_number`),
  KEY `team__id__idx` (`id`)
) ENGINE=MyISAM AUTO_INCREMENT=37 DEFAULT CHARSET=latin1;
/*!40101 SET character_set_client = @saved_cs_client */;

--
-- Dumping data for table `team`
--

LOCK TABLES `team` WRITE;
/*!40000 ALTER TABLE `team` DISABLE KEYS */;
INSERT INTO `team` VALUES (1,1,'M1','Tostado, Josh J.',103,NULL,NULL),(2,2,'M1','Baker, Will T.',22,NULL,NULL),(3,3,'M1','Goscinski, Dwayne A.',53,NULL,NULL),(4,4,'M1','Brixey, Chad A.',59,NULL,NULL),(5,5,'M1','Carroll, Lorne D.',104,NULL,NULL),(6,6,'M1','Burks, Eric J.',101,NULL,NULL),(7,7,'M1','Johnson, Mitch J.',102,NULL,NULL),(8,8,'M1','Gersib, Matt',122,NULL,NULL),(9,9,'W1','Pastrovich, Emily D.',121,NULL,NULL),(11,11,'C2','Mini Mammoth',39,NULL,NULL),(12,12,'ME','Evil Unicorns',60,NULL,NULL),(13,13,'ME','The Shortbus Mafia',68,NULL,NULL),(14,14,'ME','Athens Wrecking Crew - The Hub',76,NULL,NULL),(15,15,'ME','DCMTB/City Bikes',92,NULL,NULL),(16,16,'C5','The Dirt Rag Artsy Fartsy Five',1,NULL,NULL),(17,17,'5M','Summit Bikes Retreads',54,NULL,NULL),(18,18,'5M','Jackson County Trailwatchers',96,NULL,NULL),(19,19,'MV','Back Spasm',6,NULL,NULL),(20,20,'MS','Etruscan Warriors',23,NULL,NULL),(21,21,'MS','Cycle City',27,NULL,NULL),(22,22,'MS','CODE 3',31,NULL,NULL),(23,23,'MS','Tube Steak Supply',35,NULL,NULL),(24,24,'MS','Herc Drivers',45,NULL,NULL),(25,25,'MS','Pushers',72,NULL,NULL),(26,26,'MS','The Denver KC Rivalry',80,NULL,NULL),(27,27,'MS','Bike Tek',84,NULL,NULL),(28,28,'MS','Bike Tek 2',88,NULL,NULL),(29,29,'MS','Highroller Cyclery',105,NULL,NULL),(30,30,'MS','Paci Troopers',109,NULL,NULL),(31,31,'SR','-TEAM SEAGAL-',49,NULL,NULL),(32,32,'SR','PC LOAD LETTER',117,NULL,NULL),(33,33,'MM','4Fast Over45',64,NULL,NULL),(34,34,'MC','Forbidden Donut',113,NULL,NULL),(35,35,'M1','Mason, Max',123,NULL,NULL),(36,36,'MS','Over Wait',124,NULL,NULL);
/*!40000 ALTER TABLE `team` ENABLE KEYS */;
UNLOCK TABLES;
/*!40103 SET TIME_ZONE=@OLD_TIME_ZONE */;

/*!40101 SET SQL_MODE=@OLD_SQL_MODE */;
/*!40014 SET FOREIGN_KEY_CHECKS=@OLD_FOREIGN_KEY_CHECKS */;
/*!40014 SET UNIQUE_CHECKS=@OLD_UNIQUE_CHECKS */;
/*!40101 SET CHARACTER_SET_CLIENT=@OLD_CHARACTER_SET_CLIENT */;
/*!40101 SET CHARACTER_SET_RESULTS=@OLD_CHARACTER_SET_RESULTS */;
/*!40101 SET COLLATION_CONNECTION=@OLD_COLLATION_CONNECTION */;
/*!40111 SET SQL_NOTES=@OLD_SQL_NOTES */;

-- Dump completed on 2018-12-07 22:45:28
