-- MySQL dump 10.13  Distrib 5.5.61, for Linux (x86_64)
--
-- Host: localhost    Database: grannyge_grannyg2007killington
-- ------------------------------------------------------
-- Server version	5.5.61-cll

/*!40101 SET @OLD_CHARACTER_SET_CLIENT=@@CHARACTER_SET_CLIENT */;
/*!40101 SET @OLD_CHARACTER_SET_RESULTS=@@CHARACTER_SET_RESULTS */;
/*!40101 SET @OLD_COLLATION_CONNECTION=@@COLLATION_CONNECTION */;
/*!40101 SET NAMES utf8 */;
/*!40103 SET @OLD_TIME_ZONE=@@TIME_ZONE */;
/*!40103 SET TIME_ZONE='+00:00' */;
/*!40014 SET @OLD_UNIQUE_CHECKS=@@UNIQUE_CHECKS, UNIQUE_CHECKS=0 */;
/*!40014 SET @OLD_FOREIGN_KEY_CHECKS=@@FOREIGN_KEY_CHECKS, FOREIGN_KEY_CHECKS=0 */;
/*!40101 SET @OLD_SQL_MODE=@@SQL_MODE, SQL_MODE='NO_AUTO_VALUE_ON_ZERO' */;
/*!40111 SET @OLD_SQL_NOTES=@@SQL_NOTES, SQL_NOTES=0 */;

--
-- Current Database: `grannyge_grannyg2007killington`
--

CREATE DATABASE /*!32312 IF NOT EXISTS*/ `grannyge_grannyg2007killington` /*!40100 DEFAULT CHARACTER SET latin1 */;

USE `grannyge_grannyg2007killington`;

--
-- Table structure for table `correcting_timestamp`
--

DROP TABLE IF EXISTS `correcting_timestamp`;
/*!40101 SET @saved_cs_client     = @@character_set_client */;
/*!40101 SET character_set_client = utf8 */;
CREATE TABLE `correcting_timestamp` (
  `rfid` int(8) NOT NULL DEFAULT '0',
  `team_id` int(4) NOT NULL DEFAULT '0',
  `timestamp` decimal(16,5) NOT NULL DEFAULT '0.00000',
  `trans_timestamp` decimal(16,5) NOT NULL DEFAULT '0.00000',
  `trans_type` varchar(16) NOT NULL DEFAULT '',
  `code` text,
  KEY `correcting_timestamp__rfid__idx` (`rfid`),
  KEY `correcting_timestamp__team_id__` (`team_id`)
) ENGINE=MyISAM DEFAULT CHARSET=latin1;
/*!40101 SET character_set_client = @saved_cs_client */;

--
-- Dumping data for table `correcting_timestamp`
--

LOCK TABLES `correcting_timestamp` WRITE;
/*!40000 ALTER TABLE `correcting_timestamp` DISABLE KEYS */;
INSERT INTO `correcting_timestamp` VALUES (2210,0,1185677656.46005,1185677666.00000,'SYS_DELETE_TRANS','unmatched RFID'),(13010,26,1185695560.33008,1185695581.00000,'SYS_DELETE_TRANS','new rider log in, cancelling lap after 0.05 min.'),(1951,28,1185664408.94007,1185725725.00000,'SYS_DELETE_TRANS','new rider log in, cancelling lap after 0.03 min.'),(8906,0,1185632670.54535,1185632670.00000,'SYS_DELETE_TRANS','unmatched RFID'),(8906,0,1185632673.02528,1185632693.00000,'SYS_DELETE_TRANS','unmatched RFID'),(8906,0,1185632674.71528,1185632693.00000,'SYS_DELETE_TRANS','unmatched RFID'),(8906,0,1185632680.44530,1185632693.00000,'SYS_DELETE_TRANS','unmatched RFID'),(8906,0,1185632682.14529,1185632693.00000,'SYS_DELETE_TRANS','unmatched RFID'),(8906,0,1185632683.52531,1185632693.00000,'SYS_DELETE_TRANS','unmatched RFID'),(2021,34,1185648523.16004,1185648707.00000,'MAN_DELETE_TRANS','no go -z'),(12633,6,1185644421.23005,1185727662.00000,'SYS_DELETE_TRANS','lap (0.06 min) is too fast, resetting lap start time'),(9046,7,1185637738.56004,1185727694.00000,'SYS_DELETE_TRANS','current first lap rider is logging in again'),(10077,28,1185642399.11005,1185725725.00000,'SYS_DELETE_TRANS','new rider log in, cancelling lap after 0.03 min.'),(10043,38,1185691360.49005,1185691378.00000,'SYS_DELETE_TRANS','lap (0.06 min) is too fast, resetting lap start time'),(10022,24,1185680033.38005,1185680178.00000,'MAN_DELETE_TRANS','remoteUpdate'),(12910,19,1185643277.53006,1185643304.00000,'SYS_DELETE_TRANS','lap (0.10 min) is too fast, resetting lap start time'),(1734,25,1185643295.71007,1185643304.00000,'SYS_DELETE_TRANS','new rider log in, cancelling lap after 0.12 min.'),(12532,25,1185643302.80006,1185643304.00000,'SYS_DELETE_TRANS','lap (0.02 min) is too fast, resetting lap start time'),(12633,6,1185637445.17005,1185727662.00000,'SYS_DELETE_TRANS','current first lap rider is logging in again'),(8686,17,1185651927.21005,1185651949.00000,'SYS_DELETE_TRANS','lap (0.04 min) is too fast, resetting lap start time'),(8415,22,1185646317.10023,1185715241.00000,'SYS_DELETE_TRANS','new rider log in, cancelling lap after 0.03 min.'),(12548,9,1185642206.00000,1185646370.00000,'MAN_INSERT_TRANS','ms -z'),(2035,18,1185648694.44004,1185648715.00000,'SYS_DELETE_TRANS','new rider log in, cancelling lap after 0.03 min.'),(13660,30,1185726432.56004,1185726435.00000,'SYS_DELETE_TRANS','Can\'t start new lap after race finish'),(13668,34,1185636082.90606,1185648708.00000,'SYS_DELETE_TRANS','current first lap rider is logging in again'),(2240,34,1185648525.32006,1185648708.00000,'SYS_DELETE_TRANS','new rider log in, cancelling lap after 0.04 min.'),(2021,34,1185648522.48012,1185648690.00000,'MAN_DELETE_TRANS','no go -z'),(8774,13,1185652617.92721,1185652640.00000,'SYS_DELETE_TRANS','new rider log in, cancelling lap after 0.02 min.'),(10059,32,1185653731.86010,1185653741.00000,'SYS_DELETE_TRANS','lap (0.04 min) is too fast, resetting lap start time'),(10043,38,1185654463.65005,1185654475.00000,'SYS_DELETE_TRANS','lap (0.01 min) is too fast, resetting lap start time'),(8916,35,1185655495.93005,1185655516.00000,'SYS_DELETE_TRANS','lap (0.04 min) is too fast, resetting lap start time'),(10043,38,1185658462.37004,1185658482.00000,'SYS_DELETE_TRANS','new rider log in, cancelling lap after 0.04 min.'),(8657,31,1185658792.25004,1185658811.00000,'SYS_DELETE_TRANS','new rider log in, cancelling lap after 0.05 min.'),(13010,26,1185658938.75005,1185658955.00000,'SYS_DELETE_TRANS','lap (0.06 min) is too fast, resetting lap start time'),(13529,20,1185661523.80005,1185661537.00000,'SYS_DELETE_TRANS','new rider log in, cancelling lap after 0.04 min.'),(8933,3,1185675938.94005,1185727633.00000,'MAN_DELETE_TRANS','remoteUpdate'),(2099,31,1185663420.72989,1185663442.00000,'SYS_DELETE_TRANS','new rider log in, cancelling lap after 0.06 min.'),(13274,21,1185664115.42005,1185664131.00000,'SYS_DELETE_TRANS','new rider log in, cancelling lap after 0.04 min.'),(2292,5,1185677404.00000,1185689952.00000,'MAN_INSERT_TRANS','remoteUpdate'),(8556,15,1185669480.32004,1185680054.00000,'MAN_DELETE_TRANS','remoteUpdate'),(10045,38,1185667249.85005,1185667262.00000,'SYS_DELETE_TRANS','new rider log in, cancelling lap after 0.04 min.'),(8722,25,1185669581.03004,1185669606.00000,'SYS_DELETE_TRANS','lap (0.05 min) is too fast, resetting lap start time'),(8906,0,1185670183.39005,1185670187.00000,'SYS_DELETE_TRANS','unmatched RFID'),(8906,0,1185670192.22004,1185670209.00000,'SYS_DELETE_TRANS','unmatched RFID'),(8906,0,1185670193.45004,1185670209.00000,'SYS_DELETE_TRANS','unmatched RFID'),(8906,0,1185670268.32004,1185670268.00000,'SYS_DELETE_TRANS','unmatched RFID'),(12489,29,1185670288.50004,1185670313.00000,'SYS_DELETE_TRANS','lap (0.06 min) is too fast, resetting lap start time'),(8906,0,1185670436.96004,1185670437.00000,'SYS_DELETE_TRANS','unmatched RFID'),(2240,34,1185671580.19004,1185671624.00000,'SYS_DELETE_TRANS','new rider log in, cancelling lap after 0.42 min.'),(13218,8,1185719864.31004,1185721840.00000,'MAN_DELETE_TRANS','remoteUpdate'),(13898,15,1185642432.56004,1185680054.00000,'SYS_DELETE_TRANS','lap (0.02 min) is too fast, resetting lap start time'),(12001,27,1185683891.17004,1185695800.00000,'SYS_DELETE_TRANS','lap (0.14 min) is too fast, resetting lap start time'),(8933,3,1185661653.17003,1185727633.00000,'SYS_DELETE_TRANS','lap (0.17 min) is too fast, resetting lap start time'),(9028,38,1185676467.30004,1185676488.00000,'SYS_DELETE_TRANS','lap (0.05 min) is too fast, resetting lap start time'),(12489,29,1185675447.57005,1185676893.00000,'SYS_DELETE_TRANS','lap (24.06 min) is too fast, resetting lap start time'),(13299,23,1185700501.32006,1185700526.00000,'SYS_DELETE_TRANS','lap (0.08 min) is too fast, resetting lap start time'),(12532,25,1185699997.66009,1185701366.00000,'SYS_DELETE_TRANS','new rider log in, cancelling lap after 20.67 min.'),(13565,16,1185701840.52005,1185701868.00000,'SYS_DELETE_TRANS','new rider log in, cancelling lap after 0.08 min.'),(1965,17,1185705295.07009,1185705319.00000,'SYS_DELETE_TRANS','new rider log in, cancelling lap after 0.02 min.'),(12369,23,1185710856.38004,1185710888.00000,'SYS_DELETE_TRANS','lap (0.05 min) is too fast, resetting lap start time'),(8760,22,1185710783.75004,1185715241.00000,'SYS_DELETE_TRANS','lap (0.11 min) is too fast, resetting lap start time'),(8894,2,1185673243.52014,1185721366.00000,'SYS_DELETE_TRANS','lap (0.07 min) is too fast, resetting lap start time'),(8900,36,1185718292.12005,1185718331.00000,'SYS_DELETE_TRANS','lap (0.14 min) is too fast, resetting lap start time'),(10044,38,1185718582.31004,1185718611.00000,'SYS_DELETE_TRANS','lap (0.02 min) is too fast, resetting lap start time'),(12316,12,1185680046.54005,1185720523.00000,'MAN_DELETE_TRANS','remoteUpdate'),(12185,21,1185724837.91004,1185724840.00000,'SYS_DELETE_TRANS','Can\'t start new lap if last lap finished after race finish'),(13595,28,1185651121.55005,1185725725.00000,'SYS_DELETE_TRANS','new rider log in, cancelling lap after 0.12 min.'),(13595,28,1185721137.00000,1185725725.00000,'MAN_INSERT_TRANS','remoteUpdate'),(10045,38,1185726451.88004,1185726458.00000,'SYS_DELETE_TRANS','Can\'t start new lap after race finish'),(8933,3,1185675939.63004,1185727616.00000,'MAN_DELETE_TRANS','remoteUpdate'),(12633,6,1185716463.32005,1185727662.00000,'MAN_DELETE_TRANS','remoteUpdate'),(9046,7,1185719201.98004,1185727694.00000,'MAN_DELETE_TRANS','remoteUpdate'),(13556,10,1185674009.13004,1185727723.00000,'MAN_DELETE_TRANS','remoteUpdate'),(9067,37,1185674005.67005,1185727748.00000,'MAN_DELETE_TRANS','remoteUpdate');
/*!40000 ALTER TABLE `correcting_timestamp` ENABLE KEYS */;
UNLOCK TABLES;

--
-- Table structure for table `lap_time`
--

DROP TABLE IF EXISTS `lap_time`;
/*!40101 SET @saved_cs_client     = @@character_set_client */;
/*!40101 SET character_set_client = utf8 */;
CREATE TABLE `lap_time` (
  `person_id` int(4) NOT NULL DEFAULT '0',
  `team_id` int(4) NOT NULL DEFAULT '0',
  `last_lap_finish_ts` decimal(16,5) NOT NULL DEFAULT '0.00000',
  `start_rfid` int(8) NOT NULL DEFAULT '0',
  `start_ts` decimal(16,5) NOT NULL DEFAULT '0.00000',
  `finish_rfid` int(8) DEFAULT NULL,
  `finish_ts` decimal(16,5) DEFAULT NULL,
  `lap_time` decimal(16,5) DEFAULT NULL,
  KEY `lap_time__person_id__idx` (`person_id`),
  KEY `lap_time__team_id__idx` (`team_id`)
) ENGINE=MyISAM DEFAULT CHARSET=latin1;
/*!40101 SET character_set_client = @saved_cs_client */;

--
-- Dumping data for table `lap_time`
--

LOCK TABLES `lap_time` WRITE;
/*!40000 ALTER TABLE `lap_time` DISABLE KEYS */;
INSERT INTO `lap_time` VALUES (97,30,1185638400.00000,13660,1185635953.90532,13660,1185642994.37007,4594.37007),(91,34,1185643796.38004,2240,1185643808.67005,2240,1185648523.47005,4727.09001),(86,23,1185638400.00000,13299,1185636155.53529,13299,1185643164.85005,4764.85005),(102,20,1185638400.00000,8759,1185636426.89528,8759,1185643177.47005,4777.47005),(72,29,1185638400.00000,12026,1185636721.85006,12026,1185644425.50005,6025.50005),(18,24,1185675774.71005,9035,1185675778.14005,9035,1185680080.96004,4306.24999),(75,33,1185677688.21007,8917,1185677953.75005,8917,1185684097.37005,6409.15998),(92,15,1185673547.41141,13273,1185673549.34005,13273,1185677759.77005,4212.35864),(26,25,1185638400.00000,1734,1185637112.56004,1734,1185643293.55007,4893.55007),(109,11,1185638400.00000,12541,1185637134.18004,12541,1185646631.41004,8231.41004),(52,19,1185638400.00000,8768,1185637154.19004,8768,1185643275.11007,4875.11007),(30,31,1185638400.00000,2099,1185637249.69005,2099,1185643086.27007,4686.27007),(122,38,1185638400.00000,10045,1185637270.17005,10045,1185642600.24006,4200.24006),(22,12,1185721887.73005,12316,1185721950.09004,12316,1185727754.90006,5867.17001),(49,4,1185638400.00000,2049,1185637329.69004,2049,1185643235.13005,4835.13005),(87,5,1185677402.21007,2292,1185677404.00000,2292,1185687670.96007,10268.75000),(81,16,1185638400.00000,1869,1185637422.02004,1869,1185642740.42004,4340.42004),(9,22,1185710778.72004,8760,1185710790.15004,1768,1185715111.76009,4333.04005),(110,14,1185638400.00000,14121,1185637520.36004,14121,1185643339.69007,4939.69007),(115,17,1185638400.00000,1965,1185637604.84004,1965,1185642249.18004,3849.18004),(64,27,1185690008.87005,13295,1185690009.79005,13295,1185702793.91007,12785.04002),(37,18,1185638400.00000,1663,1185637653.12004,1663,1185643674.76005,5274.76005),(33,13,1185638400.00000,8774,1185637669.67004,8774,1185643256.87005,4856.87005),(67,28,1185716445.86004,1951,1185716447.55005,1951,1185721136.84004,4690.98000),(42,32,1185638400.00000,10004,1185637788.30145,10004,1185644076.18270,5676.18270),(94,15,1185721653.40005,13898,1185721655.25005,13898,1185726062.07005,4408.67000),(22,12,1185716082.81005,12316,1185716084.16003,12316,1185721887.73005,5804.92000),(121,36,1185638400.00000,12352,1185637830.83005,12352,1185644353.54004,5953.54004),(46,21,1185638400.00000,12185,1185637947.52005,12185,1185643006.20006,4606.20006),(107,9,1185642205.02005,12548,1185642206.00000,12548,1185646181.57004,3976.54999),(108,1,1185638400.00000,14157,1185638048.75003,14157,1185642276.24005,3876.24005),(6,35,1185638400.00000,13606,1185638161.09003,13606,1185644135.24006,5735.24006),(61,26,1185638400.00000,13357,1185638482.38005,13357,1185643859.72005,5459.72005),(116,7,1185712935.08004,9046,1185712936.39004,9046,1185719200.22005,6265.14001),(11,22,1185687976.28007,8978,1185705082.82005,8978,1185710778.72004,22802.43997),(113,17,1185642249.18004,8980,1185642259.12007,8980,1185646828.64004,4579.46000),(108,1,1185642276.24005,14157,1185642279.03007,14157,1185646378.80006,4102.56001),(69,28,1185712371.71006,10077,1185712373.55007,10077,1185716445.86004,4074.14998),(94,15,1185669426.80005,13898,1185669429.23005,13898,1185673547.41141,4120.61136),(127,37,1185667162.59005,9067,1185667164.57004,9067,1185674004.35005,6841.76000),(126,10,1185667164.51004,13556,1185667166.00005,13556,1185674007.47003,6842.95999),(122,38,1185642600.24006,10045,1185642612.50005,10045,1185647055.26005,4455.01999),(87,5,1185669639.55005,2292,1185669640.91004,2292,1185677402.21007,7762.66002),(82,16,1185642740.42004,2272,1185642742.93006,2272,1185646440.55005,3700.13001),(21,24,1185668653.81008,1971,1185668655.74007,1971,1185675774.71005,7120.89997),(100,30,1185642994.37007,12873,1185642996.77006,12873,1185647249.13005,4254.75998),(28,31,1185643086.27007,10014,1185643088.86007,10014,1185647766.86009,4680.59002),(83,23,1185643164.85005,1707,1185643167.57007,1707,1185648206.46010,5041.61005),(103,20,1185643177.47005,1615,1185643182.54007,1615,1185648560.82004,5383.34999),(45,21,1185643006.20006,1751,1185643185.69005,1751,1185648374.67005,5368.46999),(49,4,1185643235.13005,2049,1185643238.22008,2049,1185649345.06005,6109.93000),(32,13,1185643256.87005,12074,1185643259.04005,12074,1185647680.40005,4423.53000),(50,19,1185643275.11007,12910,1185643283.44004,12910,1185647113.75003,3838.63996),(101,8,1185687890.06005,13218,1185713559.29007,13218,1185719863.21005,31973.15000),(24,25,1185643293.55007,12532,1185643303.76006,12532,1185647972.79009,4679.24002),(111,14,1185643339.69007,13323,1185643341.97006,13323,1185648695.22008,5355.53001),(63,27,1185683484.59005,12001,1185683899.54006,12001,1185690008.87005,6524.28000),(23,2,1185680035.83005,8894,1185716081.99003,8894,1185721884.17005,41848.34000),(36,18,1185643674.76005,2035,1185643676.81003,2035,1185648691.35022,5016.59017),(43,3,1185668102.98005,8933,1185668106.72005,8933,1185675932.98004,7829.99999),(22,12,1185680043.03003,12316,1185710395.19009,12316,1185716082.81005,36039.78002),(88,34,1185638400.00000,13668,1185636085.83530,13668,1185643796.38004,5396.38004),(78,33,1185672487.32005,9084,1185672489.89004,9084,1185677688.21007,5200.89002),(59,26,1185643859.72005,1989,1185643863.08005,1989,1185650663.78005,6804.06000),(39,32,1185644076.18270,2139,1185644078.73004,2139,1185648550.30003,4474.11733),(8,35,1185644135.24006,2063,1185644137.40004,2063,1185649719.48005,5584.23999),(96,6,1185708793.37004,12633,1185708795.12005,12633,1185716461.64004,7668.27000),(71,29,1185644425.50005,9049,1185644428.36004,9049,1185649564.60005,5139.10000),(118,36,1185644353.54004,1673,1185644983.20005,1673,1185650251.21004,5897.67000),(116,7,1185707510.28010,9046,1185707511.51011,9046,1185712935.08004,5424.79994),(95,15,1185662718.14145,8556,1185662719.46004,8556,1185669426.80005,6708.65860),(107,9,1185638400.00000,12548,1185637980.89004,12548,1185642205.02005,3805.02005),(10,22,1185681862.88005,8415,1185681864.05005,8415,1185687976.28007,6113.40002),(107,9,1185646181.57004,12548,1185646187.71004,12548,1185650769.48004,4587.91000),(108,1,1185646378.80006,14157,1185646380.29011,14157,1185651035.94005,4657.13999),(79,16,1185646440.55005,13565,1185646563.39005,13565,1185650385.12004,3944.56999),(109,11,1185646631.41004,12541,1185646632.56004,12541,1185652843.47004,6212.06000),(114,17,1185646828.64004,8666,1185646829.76004,8666,1185651925.08005,5096.44001),(87,5,1185663413.66005,2292,1185663415.01006,2292,1185669639.55005,6225.89000),(127,37,1185662204.15005,9067,1185662205.58005,9067,1185667162.59005,4958.44000),(126,10,1185662205.88004,13556,1185662207.06005,13556,1185667164.51004,4958.63000),(123,38,1185647055.26005,10044,1185647059.11005,10044,1185650595.35004,3540.08999),(70,28,1185706584.39004,1884,1185706587.17004,1884,1185712371.71006,5787.32002),(51,19,1185647113.75003,14042,1185647118.15005,14042,1185651899.47005,4785.72002),(99,30,1185647249.13005,1745,1185647252.23004,1745,1185651684.90004,4435.76999),(33,13,1185647680.40005,8774,1185647681.49010,8774,1185652615.25004,4934.84999),(31,31,1185647766.86009,14016,1185647768.73006,14016,1185652852.13773,5085.27764),(65,27,1185676017.50004,10085,1185676025.20004,10085,1185683484.59005,7467.09001),(27,25,1185647972.79009,8722,1185647976.68010,8722,1185652999.14005,5026.34996),(20,24,1185662796.45004,12163,1185662797.09004,12163,1185668653.81008,5857.36004),(84,23,1185648206.46010,12369,1185648209.09005,12369,1185653116.98006,4910.51996),(48,21,1185648374.67005,1906,1185648385.65004,1906,1185653718.74005,5344.07000),(40,32,1185648550.30003,12481,1185648553.23005,12481,1185653730.28007,5179.98004),(105,20,1185648560.82004,13355,1185648565.58005,13355,1185657496.38005,8935.56001),(89,34,1185648523.47005,2021,1185648527.55005,2021,1185655834.95005,7311.48000),(38,18,1185648691.35022,8979,1185648696.05005,8979,1185654800.28004,6108.92982),(110,14,1185648695.22008,14121,1185648700.17005,14121,1185654059.55010,5364.33002),(101,8,1185681167.57004,13218,1185681168.80005,13218,1185687890.06005,6722.49001),(49,4,1185649345.06005,2049,1185649347.10008,2049,1185656242.91008,6897.85003),(23,2,1185669795.40005,8894,1185673247.77007,8894,1185680035.83005,10240.43000),(22,12,1185669810.17005,12316,1185673261.55007,12316,1185680043.03003,10232.85998),(43,3,1185661651.47005,8933,1185661663.53004,8933,1185668102.98005,6451.51000),(76,33,1185665865.72004,1986,1185665866.95005,1986,1185672487.32005,6621.60001),(73,29,1185649564.60005,12559,1185649614.46005,12559,1185654313.65005,4749.05000),(5,35,1185649719.48005,8713,1185649721.31005,8713,1185655492.76005,5773.28000),(116,7,1185702325.49004,9046,1185702326.47005,9046,1185707510.28010,5184.79006),(93,15,1185658401.28004,1625,1185658404.01005,1625,1185662718.14145,4316.86141),(80,16,1185650385.12004,13302,1185650386.97004,13302,1185654232.58007,3847.46003),(123,38,1185650595.35004,10044,1185650599.89004,10044,1185654457.77003,3862.41999),(60,26,1185650663.78005,1853,1185650666.36007,1853,1185658930.85005,8267.07000),(96,6,1185673223.54006,12633,1185673226.77007,12633,1185708793.37004,35569.82998),(121,36,1185650251.21004,12352,1185650744.59005,12352,1185657117.60005,6866.39001),(107,9,1185650769.48004,12548,1185650770.71005,12548,1185655593.70005,4824.22001),(108,1,1185651035.94005,14157,1185651037.12004,14157,1185655649.16004,4613.21999),(9,22,1185676556.89005,8760,1185676980.59004,8760,1185681862.88005,5305.99000),(68,28,1185702228.95008,13595,1185702230.94005,13595,1185706584.39004,4355.43996),(98,30,1185651684.90004,12597,1185651688.04004,12597,1185655858.08004,4173.18000),(87,5,1185657873.35004,2292,1185657874.62004,2292,1185663413.66005,5540.31001),(54,19,1185651899.47005,13239,1185651908.40004,13239,1185656960.15005,5060.68000),(112,17,1185651925.08005,8686,1185651929.50005,8686,1185657385.19005,5460.11000),(127,37,1185657019.08006,9067,1185657020.47005,9067,1185662204.15005,5185.06999),(126,10,1185657017.86004,13556,1185657019.20004,13556,1185662205.88004,5188.02000),(32,13,1185652615.25004,12074,1185652619.15005,12074,1185656994.12006,4378.87002),(64,27,1185669932.86005,13295,1185669934.62005,13295,1185676017.50004,6084.63999),(109,11,1185652843.47004,12541,1185652844.43065,12541,1185659642.70004,6799.23000),(29,31,1185652852.13773,8657,1185652853.81006,8657,1185658788.49059,5936.35286),(25,25,1185652999.14005,13251,1185653006.23007,13251,1185660055.15005,7056.01000),(85,23,1185653116.98006,10017,1185653119.66008,10017,1185657263.75006,4146.77000),(47,21,1185653718.74005,8744,1185653722.64010,8744,1185659674.76004,5956.01999),(41,32,1185653730.28007,10059,1185653734.18006,10059,1185659294.36005,5564.07998),(111,14,1185654059.55010,13323,1185654070.26005,13323,1185659921.35004,5861.79994),(19,24,1185658335.42004,10022,1185658337.54004,10022,1185662796.45004,4461.03000),(81,16,1185654232.58007,1869,1185654234.89005,1869,1185658370.24004,4137.65997),(116,7,1185697098.02007,9046,1185697099.25005,9046,1185702325.49004,5227.46997),(74,29,1185654313.65005,12489,1185654425.91004,12489,1185659326.89005,5013.24000),(92,15,1185654450.48004,13273,1185654453.07005,13273,1185658401.28004,3950.80000),(124,38,1185654457.77003,10043,1185654464.36005,10043,1185658458.58005,4000.81002),(34,18,1185654800.28004,10016,1185654801.67005,10016,1185660633.80005,5833.52001),(77,33,1185660209.23004,8650,1185660211.29005,8650,1185665865.72004,5656.49000),(43,3,1185655372.41008,8933,1185655374.89005,8933,1185661651.47005,6279.05997),(7,35,1185655492.76005,8916,1185655498.56004,8916,1185663506.50005,8013.74000),(23,2,1185662049.28005,8894,1185663015.91004,8894,1185669795.40005,7746.12000),(22,12,1185662061.70005,12316,1185662990.70005,12316,1185669810.17005,7748.47000),(107,9,1185655593.70005,12548,1185655594.79005,12548,1185660439.45004,4845.74999),(108,1,1185655649.16004,14157,1185655650.42004,14157,1185660206.42004,4557.26000),(90,34,1185655834.95005,8651,1185655854.89004,8651,1185661043.11005,5208.16000),(97,30,1185655858.08004,13660,1185655862.58004,13660,1185660302.24005,4444.16001),(67,28,1185697301.08006,1951,1185697304.40007,1951,1185702228.95008,4927.87002),(12,22,1185670605.14004,8907,1185670826.27004,8907,1185676556.89005,5951.75001),(53,19,1185656960.15005,8572,1185656971.34004,8572,1185661213.32004,4253.16999),(33,13,1185656994.12006,8774,1185656996.46007,8774,1185661882.32004,4888.19998),(126,10,1185652013.83009,13556,1185652015.41005,13556,1185657017.86004,5004.02995),(127,37,1185652005.13003,9067,1185652006.57005,9067,1185657019.08006,5013.95003),(120,36,1185657117.60005,8900,1185657147.77005,8900,1185663925.96005,6808.36000),(86,23,1185657263.75006,13299,1185657265.85005,13299,1185661947.98005,4684.22999),(115,17,1185657385.19005,1965,1185657386.81003,1965,1185661050.18004,3664.98999),(104,20,1185657496.38005,13529,1185657497.36004,13529,1185661512.55005,4016.17000),(96,6,1185664884.51004,12633,1185664885.97006,12633,1185673223.54006,8339.03002),(87,5,1185651847.50004,2292,1185651848.81004,2292,1185657873.35004,6025.85000),(18,24,1185654095.86004,9035,1185654097.79009,9035,1185658335.42004,4239.56000),(82,16,1185658370.24004,2272,1185658372.17004,2272,1185662034.12005,3663.88001),(93,15,1185650140.42004,1625,1185650143.57006,1625,1185654450.48004,4310.06000),(125,38,1185658458.58005,9028,1185658465.00005,9028,1185663176.56004,4717.97999),(30,31,1185658788.49059,2099,1185658795.38005,2099,1185663419.16006,4630.66947),(116,7,1185690910.80004,9046,1185690912.10004,9046,1185697098.02007,6187.22003),(62,26,1185658930.85005,13010,1185658942.35004,13010,1185665204.45007,6273.60002),(66,27,1185664038.25008,14135,1185664039.27006,14135,1185669932.86005,5894.60997),(42,32,1185659294.36005,10004,1185659310.57005,10004,1185663996.23005,4701.87000),(72,29,1185659326.89005,12026,1185659336.63004,12026,1185664793.43011,5466.54006),(109,11,1185659642.70004,12541,1185659643.97005,12541,1185666436.51005,6793.81001),(44,21,1185659674.76004,13274,1185659677.54004,13274,1185664108.60007,4433.84003),(110,14,1185659921.35004,14121,1185659925.60004,14121,1185665218.85004,5297.50000),(69,28,1185693109.01005,10077,1185693111.53005,10077,1185697301.08006,4192.07001),(26,25,1185660055.15005,1734,1185660057.13004,1734,1185664787.19005,4732.04000),(108,1,1185660206.42004,14157,1185660207.65004,14157,1185666423.78004,6217.36000),(75,33,1185654836.41010,8917,1185654839.51004,8917,1185660209.23004,5372.81994),(100,30,1185660302.24005,12873,1185660303.82005,12873,1185664741.06007,4438.82002),(107,9,1185660439.45004,12548,1185660440.61005,12548,1185665523.50005,5084.05001),(11,22,1185665233.23005,8978,1185665236.21140,8978,1185670605.14004,5371.90999),(35,18,1185660633.80005,1827,1185660636.79005,1827,1185665164.64005,4530.84000),(88,34,1185661043.11005,13668,1185661051.43007,13668,1185666351.82004,5308.70999),(113,17,1185661050.18004,8980,1185661052.46020,8980,1185665756.56005,4706.38001),(52,19,1185661213.32004,8768,1185661215.38004,8768,1185665662.69005,4449.37001),(106,20,1185661512.55005,14186,1185661526.15004,14186,1185666101.95005,4589.40000),(43,3,1185649397.00004,8933,1185649399.98005,8933,1185655372.41008,5975.41004),(32,13,1185661882.32004,12074,1185661883.98004,12074,1185666626.57004,4744.25000),(83,23,1185661947.98005,1707,1185661949.65004,1707,1185666601.52004,4653.53999),(79,16,1185662034.12005,13565,1185662035.90004,13565,1185666084.75004,4050.62999),(127,37,1185647045.53021,9067,1185647046.96005,9067,1185652005.13003,4959.59982),(126,10,1185647045.27005,13556,1185647047.99004,13556,1185652013.83009,4968.56004),(94,15,1185646086.76004,13898,1185646088.77005,13898,1185650140.42004,4053.66000),(21,24,1185648025.80007,1971,1185648028.79010,1971,1185654095.86004,6070.05997),(22,12,1185655557.56004,12316,1185655559.14004,12316,1185662061.70005,6504.14001),(23,2,1185655553.88004,8894,1185655555.89005,8894,1185662049.28005,6495.40001),(122,38,1185663176.56004,10045,1185663177.51010,10045,1185667238.18005,4061.62001),(116,7,1185684686.89004,9046,1185684688.20004,9046,1185690910.80004,6223.91000),(87,5,1185646944.85010,2292,1185646947.83008,2292,1185651847.50004,4902.64994),(28,31,1185663419.16006,10014,1185663424.14006,10014,1185668439.63007,5020.47001),(6,35,1185663506.50005,13606,1185663508.77006,13606,1185669461.08004,5954.57999),(117,36,1185663925.96005,13385,1185663927.38008,13385,1185668661.46005,4735.50000),(39,32,1185663996.23005,2139,1185663997.50008,2139,1185668589.24009,4593.01004),(63,27,1185659051.90004,12001,1185659053.13004,12001,1185664038.25008,4986.35004),(46,21,1185664108.60007,12185,1185664117.70005,12185,1185668888.71004,4780.10997),(70,28,1185687465.54007,1884,1185687468.55005,1884,1185693109.01005,5643.46998),(99,30,1185664741.06007,1745,1185664743.03007,1745,1185669362.38004,4621.31997),(71,29,1185664793.43011,9049,1185664799.97008,9049,1185670285.92003,5492.48992),(24,25,1185664787.19005,12532,1185664803.31008,12532,1185669558.93005,4771.74000),(96,6,1185657858.13004,12633,1185657860.06004,12633,1185664884.51004,7026.38000),(37,18,1185665164.64005,1663,1185665166.89310,1663,1185670066.52006,4901.88001),(61,26,1185665204.45007,13357,1185665208.43012,13357,1185670843.27006,5638.81999),(111,14,1185665218.85004,13323,1185665222.53004,13323,1185671131.54005,5912.69001),(10,22,1185660560.63004,8415,1185660562.54005,8415,1185665233.23005,4672.60001),(107,9,1185665523.50005,12548,1185665524.76004,12548,1185670387.48004,4863.97999),(50,19,1185665662.69005,12910,1185665663.81003,12910,1185669817.17004,4154.47999),(114,17,1185665756.56005,8666,1185665757.93004,8666,1185671607.65006,5851.09001),(78,33,1185649448.20004,9084,1185649450.72004,9084,1185654836.41010,5388.21006),(80,16,1185666084.75004,13302,1185666088.65006,13302,1185670121.19005,4036.44001),(102,20,1185666101.95005,8759,1185666104.93004,8759,1185670890.28006,4788.33001),(91,34,1185666351.82004,2240,1185666368.67005,2240,1185671577.97005,5226.15001),(108,1,1185666423.78004,14157,1185666425.01004,14157,1185674041.86005,7618.08001),(109,11,1185666436.51005,12541,1185666437.78005,12541,1185674672.35004,8235.83999),(84,23,1185666601.52004,12369,1185666602.62007,12369,1185672057.31005,5455.79001),(33,13,1185666626.57004,8774,1185666628.59020,8774,1185672271.65005,5645.08001),(49,4,1185656242.91008,2049,1185667125.48004,2049,1185673175.32005,16932.40997),(101,8,1185673158.83006,13218,1185673159.74005,13218,1185681167.57004,8008.73998),(127,37,1185642596.05005,9067,1185642597.39009,9067,1185647045.53021,4449.48016),(126,10,1185642597.41012,13556,1185642601.19007,13556,1185647045.27005,4447.85993),(124,38,1185667238.18005,10043,1185667252.32005,10043,1185671499.07005,4260.89000),(116,7,1185679191.81005,9046,1185679192.81005,9046,1185684686.89004,5495.07999),(43,3,1185643732.00006,8933,1185643735.33007,8933,1185649397.00004,5664.99998),(31,31,1185668439.63007,14016,1185668441.75007,14016,1185674222.82004,5783.18997),(40,32,1185668589.24009,12481,1185668595.91007,12481,1185674317.35004,5728.10995),(68,28,1185683030.13004,13595,1185683031.71004,13595,1185687465.54007,4435.41003),(20,24,1185642936.78004,12163,1185642941.37006,12163,1185648025.80007,5089.02003),(120,36,1185668661.46005,8900,1185668724.07008,8900,1185676833.87004,8172.40999),(45,21,1185668888.71004,1751,1185668891.80009,1751,1185674154.49004,5265.78000),(98,30,1185669362.38004,12597,1185669365.93004,12597,1185674596.11004,5233.73000),(94,15,1185642430.63007,13898,1185642433.58004,13898,1185646086.76004,3656.12997),(27,25,1185669558.93005,8722,1185669584.11005,8722,1185674886.46005,5327.53000),(8,35,1185669461.08004,2063,1185669602.53005,2063,1185676525.85004,7064.77000),(87,5,1185642611.66005,2292,1185642627.74005,2292,1185646944.85010,4333.19005),(51,19,1185669817.17004,14042,1185669822.01004,14042,1185674946.00004,5128.83000),(65,27,1185652770.11004,10085,1185652771.66009,10085,1185659051.90004,6281.79000),(36,18,1185670066.52006,2035,1185670067.20004,2035,1185675385.12004,5318.59998),(81,16,1185670121.19005,1869,1185670122.63004,1869,1185675007.22004,4886.02999),(74,29,1185670285.92003,12489,1185670292.15005,12489,1185675370.98005,5085.06002),(107,9,1185670387.48004,12548,1185670388.56004,12548,1185675515.38004,5127.90000),(9,22,1185656314.17004,8760,1185656315.70004,8760,1185660560.63004,4246.46000),(103,20,1185670890.28006,1615,1185670893.37007,1615,1185677134.28004,6243.99998),(59,26,1185670843.27006,1989,1185671321.80006,1989,1185678514.01004,7670.73998),(111,14,1185671131.54005,13323,1185671479.64004,13323,1185677569.26004,6437.71999),(122,38,1185671499.07005,10045,1185671502.85005,10045,1185676463.93004,4964.85999),(89,34,1185671577.97005,2021,1185671605.28004,2021,1185679584.45004,8006.47999),(112,17,1185671607.65006,8686,1185671615.68008,8686,1185678075.83005,6468.17999),(85,23,1185672057.31005,10017,1185672060.20005,10017,1185676832.67004,4775.35999),(33,13,1185672271.65005,8774,1185672273.04004,8774,1185678109.09004,5837.43999),(76,33,1185643827.28005,1986,1185643832.24005,1986,1185649448.20004,5620.91999),(101,8,1185656231.82005,13218,1185667126.38005,13218,1185673158.83006,16927.01001),(49,4,1185673175.32005,2049,1185673180.99007,2049,1185681192.61143,8017.29138),(96,6,1185650722.26004,12633,1185650723.71004,12633,1185657858.13004,7135.87000),(23,2,1185649358.09005,8894,1185649360.02005,8894,1185655553.88004,6195.78999),(22,12,1185649365.44004,12316,1185649367.61004,12316,1185655557.56004,6192.12000),(67,28,1185677859.36005,1951,1185677872.96005,1951,1185683030.13004,5170.76999),(127,37,1185638400.00000,9067,1185638156.77004,9067,1185642596.05005,4196.05005),(126,10,1185638400.00000,13556,1185638096.40004,13556,1185642597.41012,4197.41012),(108,1,1185674041.86005,14157,1185674043.24005,14157,1185678930.73004,4888.86999),(48,21,1185674154.49004,1906,1185674158.54004,1906,1185680130.62006,5976.13002),(29,31,1185674222.82004,8657,1185674224.60005,8657,1185680897.57004,6674.75000),(116,7,1185674314.41008,9046,1185674316.00004,9046,1185679191.81005,4877.39997),(41,32,1185674317.35004,10059,1185674318.58004,10059,1185680161.57004,5844.22000),(97,30,1185674596.11004,13660,1185674598.04004,13660,1185679340.21004,4744.10000),(109,11,1185674672.35004,12541,1185674674.08004,12541,1185683590.30004,8917.95000),(25,25,1185674886.46005,13251,1185674889.92004,13251,1185686799.81006,11913.35001),(54,19,1185674946.00004,13239,1185674957.87005,13239,1185680809.04005,5863.04001),(82,16,1185675007.22004,2272,1185675008.49003,2272,1185679212.60004,4205.38000),(38,18,1185675385.12004,8979,1185675397.52009,8979,1185680981.05005,5595.93001),(74,29,1185675370.98005,12489,1185676890.99005,12489,1185684396.41007,9025.43002),(107,9,1185675515.38004,12548,1185675516.69004,12548,1185680792.75004,5277.37000),(19,24,1185638400.00000,10022,1185636805.32005,10022,1185642936.78004,4536.78004),(43,3,1185638400.00000,8933,1185636842.04004,8933,1185643732.00006,5332.00006),(64,27,1185647866.40006,13295,1185647870.80006,13295,1185652770.11004,4903.70998),(125,38,1185676463.93004,9028,1185676470.15004,9028,1185681610.75004,5146.82000),(5,35,1185676525.85004,8713,1185676528.16004,8713,1185684280.07005,7754.22001),(86,23,1185676832.67004,13299,1185676835.53004,13299,1185684433.20004,7600.53000),(12,22,1185651104.88004,8907,1185651106.69005,8907,1185656314.17004,5209.29000),(105,20,1185677134.28004,13355,1185677145.31004,13355,1185684901.27006,7766.99002),(119,36,1185676833.87004,2210,1185677656.46005,2210,1185686933.62005,10099.75001),(92,15,1185638400.00000,13273,1185637087.62005,13273,1185642430.63007,4030.63007),(77,33,1185638400.00000,8650,1185637026.68005,8650,1185643827.28005,5427.28005),(115,17,1185678075.83005,1965,1185678078.00005,1965,1185683051.95004,4976.11999),(32,13,1185678109.09004,12074,1185678111.00004,12074,1185683588.94005,5479.85001),(69,28,1185673652.46004,10077,1185673654.95003,10077,1185677859.36005,4206.90001),(60,26,1185678514.01004,1853,1185678516.14007,1853,1185689098.75004,10584.74000),(108,1,1185678930.73004,14157,1185678931.76005,14157,1185684046.76005,5116.03001),(116,7,1185668096.70006,9046,1185668098.01004,9046,1185674314.41008,6217.71002),(79,16,1185679212.60004,13565,1185679214.61004,13565,1185683688.94007,4476.34003),(100,30,1185679340.21004,12873,1185679351.59005,12873,1185684603.72004,5263.51000),(90,34,1185679584.45004,8651,1185679595.63003,8651,1185685357.76006,5773.31002),(110,14,1185677569.26004,14121,1185679662.27005,14121,1185685447.49004,7878.23000),(94,15,1185677759.77005,13898,1185677764.36006,13898,1185682163.94005,4404.17000),(22,12,1185643655.81005,12316,1185643760.94005,12316,1185649365.44004,5709.62999),(47,21,1185680130.62006,8744,1185680138.43004,8744,1185687326.15004,7195.52998),(19,24,1185680080.96004,10022,1185680082.66004,10022,1185685136.46009,5055.50005),(42,32,1185680161.57004,10004,1185680170.85004,10004,1185685589.97004,5428.40000),(107,9,1185680792.75004,12548,1185680793.74005,12548,1185685778.76004,4986.01000),(53,19,1185680809.04005,8572,1185680812.49004,8572,1185685363.60005,4554.56000),(30,31,1185680897.57004,2099,1185680899.10005,2099,1185686158.36004,5260.79000),(34,18,1185680981.05005,10016,1185681072.53005,10016,1185687168.99007,6187.94002),(101,8,1185649334.37005,13218,1185649345.25004,13218,1185656231.82005,6897.45000),(124,38,1185681610.75004,10043,1185681616.52004,10043,1185685957.63004,4346.88000),(11,22,1185646303.53005,8978,1185646318.86004,8978,1185651104.88004,4801.34999),(93,15,1185682163.94005,1625,1185682171.70004,1625,1185687183.58009,5019.64004),(70,28,1185668646.67007,1884,1185668650.40020,1884,1185673652.46004,5005.78997),(113,17,1185683051.95004,8980,1185683052.67004,8980,1185688741.14005,5689.19001),(32,13,1185683588.94005,12074,1185683590.90004,12074,1185689353.13004,5764.18999),(109,11,1185683590.30004,12541,1185683591.79007,12541,1185692357.74004,8767.44000),(80,16,1185683688.94007,13302,1185683693.27006,13302,1185687950.45006,4261.50999),(66,27,1185643396.30005,14135,1185643405.19005,14135,1185647866.40006,4470.10001),(108,1,1185684046.76005,14157,1185684047.90005,14157,1185695554.62006,11507.86001),(83,23,1185684433.20004,1707,1185684435.83005,1707,1185689523.72004,5090.52000),(73,29,1185684396.41007,12559,1185684485.17007,12559,1185689635.83005,5239.41998),(99,30,1185684603.72004,1745,1185684608.25005,1745,1185689520.22005,4916.50001),(116,7,1185663396.77005,9046,1185663398.08005,9046,1185668096.70006,4699.93001),(77,33,1185684097.37005,8650,1185684710.37007,8650,1185691541.52005,7444.15000),(104,20,1185684901.27006,13529,1185684911.98007,13529,1185689505.04005,4603.76999),(20,24,1185685136.46009,12163,1185685137.58007,12163,1185691250.73004,6114.26995),(52,19,1185685363.60005,8768,1185685368.54005,8768,1185690265.46005,4901.86000),(39,32,1185685589.97004,2139,1185685591.07005,2139,1185690833.70005,5243.73001),(107,9,1185685778.76004,12548,1185685779.99004,12548,1185691926.59265,6147.83261),(123,38,1185685957.63004,10044,1185685960.15006,10044,1185691348.87004,5391.24000),(28,31,1185686158.36004,10014,1185686160.63005,10014,1185691431.43006,5273.07002),(7,35,1185684280.07005,8916,1185686654.77005,8916,1185698341.24006,14061.17001),(26,25,1185686799.81006,1734,1185686804.67006,1734,1185694183.61005,7383.79999),(117,36,1185686933.62005,13385,1185687007.51006,13385,1185692470.41009,5536.79004),(35,18,1185687168.99007,1827,1185687171.64007,1827,1185692869.20004,5700.20997),(92,15,1185687183.58009,13273,1185687185.74006,13273,1185691986.82004,4803.23995),(44,21,1185687326.15004,13274,1185687439.07007,13274,1185692288.33005,4962.18001),(68,28,1185664408.27007,13595,1185664410.98004,13595,1185668646.67007,4238.40000),(87,5,1185638400.00000,2292,1185637344.32005,2292,1185642611.66005,4211.66005),(81,16,1185687950.45006,1869,1185687952.06004,1869,1185693044.72004,5094.26998),(110,14,1185685447.49004,14121,1185687953.30009,14121,1185694639.16005,9191.67001),(91,34,1185685357.76006,2240,1185688190.06005,2240,1185694147.19012,8789.43006),(114,17,1185688741.14005,8666,1185688745.49004,8666,1185694387.86008,5646.72003),(62,26,1185689098.75004,13010,1185689114.80004,13010,1185695559.24007,6460.49003),(33,13,1185689353.13004,8774,1185689355.81004,8774,1185695012.99005,5659.86001),(99,30,1185689520.22005,1745,1185689521.84004,1745,1185694765.72008,5245.50003),(84,23,1185689523.72004,12369,1185689526.84004,12369,1185695358.52006,5834.80002),(106,20,1185689505.04005,14186,1185689543.15006,14186,1185695160.74005,5655.70000),(72,29,1185689635.83005,12026,1185689640.55004,12026,1185695572.55004,5936.71999),(87,5,1185687670.96007,2292,1185687671.88005,2292,1185698518.92004,10847.95997),(63,27,1185638400.00000,12001,1185637620.94005,12001,1185643396.30005,4996.30005),(50,19,1185690265.46005,12910,1185690266.61005,12910,1185694524.94005,4259.48000),(40,32,1185690833.70005,12481,1185690836.56005,12481,1185696820.12004,5986.41999),(116,7,1185658861.57008,9046,1185658862.80005,9046,1185663396.77005,4535.19997),(21,24,1185691250.73004,1971,1185691256.35005,1971,1185700067.75007,8817.02003),(124,38,1185691348.87004,10043,1185691363.82004,10043,1185696538.76005,5189.89001),(31,31,1185691431.43006,14016,1185691432.72006,14016,1185697529.09004,6097.65998),(107,9,1185691926.59265,12548,1185691927.96004,12548,1185697950.65004,6024.05739),(93,15,1185691986.82004,1625,1185691988.26005,1625,1185697157.31007,5170.49003),(46,21,1185692288.33005,12185,1185692315.26004,12185,1185697735.80004,5447.46999),(109,11,1185692357.74004,12541,1185692359.10004,12541,1185705024.14009,12666.40005),(117,36,1185692470.41009,13385,1185692602.34008,13385,1185698279.59007,5809.17998),(78,33,1185691541.52005,9084,1185692611.70007,9084,1185698053.32006,6511.80001),(37,18,1185692869.20004,1663,1185692870.65006,1663,1185698359.49005,5490.29001),(82,16,1185693044.72004,2272,1185693053.71005,2272,1185697278.99004,4234.27000),(67,28,1185659955.32004,1951,1185659957.60004,1951,1185664408.27007,4452.95003),(24,25,1185694183.61005,12532,1185694361.35008,12532,1185699996.21075,5812.60070),(112,17,1185694387.86008,8686,1185694397.63008,8686,1185701062.02005,6674.15997),(51,19,1185694524.94005,14042,1185694527.97008,14042,1185700089.01006,5564.07001),(111,14,1185694639.16005,13323,1185694643.41009,13323,1185701358.14005,6718.98000),(97,30,1185694765.72008,13660,1185694767.75008,13660,1185700205.83005,5440.10997),(32,13,1185695012.99005,12074,1185695016.08006,12074,1185700985.82004,5972.82999),(102,20,1185695160.74005,8759,1185695166.93004,8759,1185700589.96006,5429.22001),(108,1,1185695554.62006,14157,1185695555.53005,14157,1185702320.28004,6765.65998),(61,26,1185695559.24007,13357,1185695563.13004,13357,1185701812.51004,6253.26997),(85,23,1185695358.52006,10017,1185695593.35007,10017,1185700498.99009,5140.47003),(124,38,1185696538.76005,10043,1185696541.04005,10043,1185701857.71004,5318.94999),(41,32,1185696820.12004,10059,1185696820.53004,10059,1185703092.55007,6272.43003),(116,7,1185654308.83004,9046,1185654310.12005,9046,1185658861.57008,4552.74004),(94,15,1185697157.31007,13898,1185697159.66006,13898,1185701483.96005,4326.64998),(71,29,1185695572.55004,9049,1185697235.95006,9049,1185703883.60004,8311.05000),(79,16,1185697278.99004,13565,1185697281.27006,13565,1185701838.19009,4559.20005),(69,28,1185655885.05005,10077,1185655888.33004,10077,1185659955.32004,4070.26999),(29,31,1185697529.09004,8657,1185697531.13007,8657,1185704411.70006,6882.61002),(45,21,1185697735.80004,1751,1185697737.60005,1751,1185702917.58005,5181.78001),(107,9,1185697950.65004,12548,1185697952.23004,12548,1185704211.49006,6260.84002),(36,18,1185698359.49005,2035,1185698362.49004,2035,1185704119.72004,5760.22999),(118,36,1185698279.59007,1673,1185698433.45004,1673,1185704253.16005,5973.56998),(87,5,1185698518.92004,2292,1185698521.43007,2292,1185709440.94005,10922.02001),(27,25,1185699996.21075,8722,1185701237.61004,8722,1185706752.17005,6755.95930),(18,24,1185700067.75007,9035,1185700071.82007,9035,1185704666.98005,4599.22998),(54,19,1185700089.01006,13239,1185700094.69005,13239,1185705906.03006,5817.02000),(100,30,1185700205.83005,12873,1185700209.40004,12873,1185705315.94020,5110.11015),(86,23,1185700498.99009,13299,1185700506.05004,13299,1185705939.28005,5440.28996),(103,20,1185700589.96006,1615,1185700591.89004,1615,1185706906.57004,6316.60998),(6,35,1185698341.24006,13606,1185700728.17005,13606,1185707435.66004,9094.41998),(76,33,1185698053.32006,1986,1185700822.10004,1986,1185706778.91004,8725.58998),(115,17,1185701062.02005,1965,1185701063.99004,1965,1185705287.44009,4225.42004),(92,15,1185701483.96005,13273,1185701486.46008,13273,1185706047.44006,4563.48001),(59,26,1185701812.51004,1989,1185701815.53004,1989,1185709407.59007,7595.08003),(80,16,1185701838.19009,13302,1185701845.09004,13302,1185705951.62007,4113.42998),(70,28,1185651119.51005,1884,1185651128.49004,1884,1185655885.05005,4765.54000),(108,1,1185702320.28004,14157,1185702321.00005,14157,1185711274.48026,8954.20022),(116,7,1185650116.23005,9046,1185650117.20005,9046,1185654308.83004,4192.59999),(125,38,1185701857.71004,9028,1185702520.50006,9028,1185707285.41007,5427.70003),(65,27,1185702793.91007,8923,1185702800.96004,8923,1185710112.15003,7318.23996),(48,21,1185702917.58005,1906,1185702926.87005,1906,1185708515.34005,5597.76000),(42,32,1185703092.55007,10004,1185703097.70005,10004,1185708236.85004,5144.29997),(73,29,1185703883.60004,12559,1185703887.05007,12559,1185708741.12005,4857.52001),(38,18,1185704119.72004,8979,1185704122.42005,8979,1185709780.02004,5660.30000),(107,9,1185704211.49006,12548,1185704212.72007,12548,1185709651.67005,5440.17999),(118,36,1185704253.16005,1673,1185704254.50005,1673,1185710291.88009,6038.72004),(30,31,1185704411.70006,2099,1185704413.14014,2099,1185709409.45005,4997.74999),(19,24,1185704666.98005,10022,1185704668.74004,10022,1185709725.35005,5058.37000),(109,11,1185705024.14009,12541,1185705025.38006,12541,1185716162.66004,11138.51995),(10,22,1185642217.81005,8415,1185642221.24004,8415,1185646303.53005,4085.72000),(113,17,1185705287.44009,8980,1185705296.30005,8980,1185710685.27005,5397.82996),(99,30,1185705315.94020,1745,1185705324.96017,1745,1185710743.93004,5427.98984),(53,19,1185705906.03006,8572,1185705908.22005,8572,1185710370.01004,4463.97998),(83,23,1185705939.28005,1707,1185705940.86005,1707,1185710854.40005,4915.12000),(81,16,1185705951.62007,1869,1185705952.72007,1869,1185710218.78005,4267.15998),(94,15,1185706047.44006,13898,1185706050.29005,13898,1185710240.03004,4192.58998),(68,28,1185647105.75005,13595,1185647107.33006,13595,1185651119.51005,4013.76000),(75,33,1185706778.91004,8917,1185706781.41004,8917,1185712510.38008,5731.47004),(104,20,1185706906.57004,13529,1185706918.27005,13529,1185711054.25004,4147.68000),(49,4,1185681192.61143,2049,1185707383.93007,2049,1185712978.46009,31785.84866),(116,7,1185646050.49003,9046,1185646051.57005,9046,1185650116.23005,4065.74002),(26,25,1185706752.17005,1734,1185707911.97007,1734,1185714056.48006,7304.31001),(39,32,1185708236.85004,2139,1185708237.71015,2139,1185713488.14012,5251.29008),(8,35,1185707435.66004,2063,1185708348.78004,2063,1185715311.36004,7875.70000),(47,21,1185708515.34005,8744,1185708517.57005,8744,1185715166.42007,6651.08002),(122,38,1185707285.41007,10045,1185708559.80004,10045,1185712701.06006,5415.64999),(72,29,1185708741.12005,12026,1185708742.65004,12026,1185714499.99008,5758.87003),(96,6,1185644418.73004,12633,1185644424.72005,12633,1185650722.26004,6303.53000),(60,26,1185709407.59007,1853,1185709410.48007,1853,1185719104.98005,9697.38998),(28,31,1185709409.45005,10014,1185709411.95007,10014,1185714356.32007,4946.87002),(87,5,1185709440.94005,2292,1185709442.17009,2292,1185716179.31004,6738.36999),(107,9,1185709651.67005,12548,1185709652.76004,12548,1185716203.54627,6551.87622),(20,24,1185709725.35005,12163,1185709729.01005,12163,1185715899.20005,6173.85000),(34,18,1185709780.02004,10016,1185709780.68004,10016,1185715562.87005,5782.85001),(63,27,1185710112.15003,12001,1185710113.28004,12001,1185715206.64005,5094.49002),(93,15,1185710240.03004,1625,1185710241.73004,1625,1185715075.26008,4835.23004),(119,36,1185710291.88009,2210,1185710293.31005,2210,1185718219.22004,7927.33995),(82,16,1185710218.78005,2272,1185710347.67004,2272,1185714587.08006,4368.30001),(52,19,1185710370.01004,8768,1185710372.25004,8768,1185714915.96005,4545.95001),(114,17,1185710685.27005,8666,1185710686.96004,8666,1185715973.48005,5288.21000),(97,30,1185710743.93004,13660,1185710745.16004,13660,1185715772.05004,5028.12000),(9,22,1185638400.00000,8760,1185637475.56005,8760,1185642217.81005,3817.81005),(84,23,1185710854.40005,12369,1185710859.58005,12369,1185716308.88004,5454.47999),(106,20,1185711054.25004,14186,1185711056.91006,14186,1185716184.10004,5129.85000),(108,1,1185711274.48026,14157,1185711276.11006,14157,1185717570.76007,6296.27981),(67,28,1185642394.63005,1951,1185642401.15008,1951,1185647105.75005,4711.12000),(110,14,1185701358.14005,14121,1185712399.70004,14121,1185718276.85004,16918.70999),(125,38,1185712701.06006,9028,1185712737.13052,9028,1185718578.50004,5877.43998),(116,7,1185642195.19005,9046,1185642196.43006,9046,1185646050.49003,3855.29998),(49,4,1185712978.46009,2049,1185712979.81004,2049,1185719902.10004,6923.63995),(40,32,1185713488.14012,12481,1185713490.59016,12481,1185719191.46005,5703.31993),(101,8,1185643278.37007,13218,1185643279.64004,13218,1185649334.37005,6055.99998),(24,25,1185714056.48006,12532,1185714060.30011,12532,1185719165.35143,5108.87137),(31,31,1185714356.32007,14016,1185714357.55008,14016,1185719621.54004,5265.21997),(79,16,1185714587.08006,13565,1185714589.34008,13565,1185719192.45006,4605.37000),(88,34,1185694147.19012,13668,1185714678.83005,13668,1185720038.36005,25891.16993),(50,19,1185714915.96005,12910,1185714916.90006,12910,1185718760.10004,3844.13999),(95,15,1185715075.26008,8556,1185715076.94009,8556,1185721653.40005,6578.13997),(76,33,1185712510.38008,1986,1185715141.42006,1986,1185721335.21005,8824.82997),(44,21,1185715166.42007,13274,1185715169.27006,13274,1185719921.94005,4755.51998),(5,35,1185715311.36004,8713,1185715315.84004,8713,1185721603.50005,6292.14001),(66,27,1185715206.64005,14135,1185715542.30004,14135,1185720583.34005,5376.70000),(35,18,1185715562.87005,1827,1185715565.09005,1827,1185720270.42004,4707.54999),(33,13,1185700985.82004,8774,1185715642.72004,8774,1185720781.62005,19795.80001),(100,30,1185715772.05004,12873,1185715774.05004,12873,1185720550.58005,4778.53001),(18,24,1185715899.20005,9035,1185715953.70004,9035,1185719970.13006,4070.93001),(112,17,1185715973.48005,8686,1185715991.88725,8686,1185722004.23005,6030.75000),(23,2,1185643641.86004,8894,1185643645.51004,8894,1185649358.09005,5716.23001),(22,12,1185638400.00000,12316,1185637797.53004,12316,1185643655.81005,5255.81005),(109,11,1185716162.66004,12541,1185716164.16004,12541,1185725173.50005,9010.84001),(87,5,1185716179.31004,2292,1185716180.77004,2292,1185723893.00147,7713.69143),(102,20,1185716184.10004,8759,1185716186.58004,8759,1185720864.38010,4680.28006),(85,23,1185716308.88004,10017,1185716316.80004,10017,1185720880.03005,4571.15001),(69,28,1185638400.00000,10077,1185637684.93004,10077,1185642394.63005,3994.63005),(96,6,1185638400.00000,12633,1185637450.72005,12633,1185644418.73004,6018.73004),(108,1,1185717570.76007,14157,1185717573.03005,14157,1185724401.56004,6830.79997),(120,36,1185718219.22004,8900,1185718300.49005,8900,1185725345.58004,7126.36000),(123,38,1185718578.50004,10044,1185718583.52005,10044,1185722292.79004,3714.29000),(51,19,1185718760.10004,14042,1185718762.38004,14042,1185723573.86003,4813.75999),(62,26,1185719104.98005,13010,1185719112.89004,13010,1185725112.35005,6007.37000),(27,25,1185719165.35143,8722,1185719170.50004,8722,1185724787.64005,5622.28862),(42,32,1185719191.46005,10004,1185719192.87005,10004,1185724207.87005,5016.41000),(80,16,1185719192.45006,13302,1185719195.19008,13302,1185723136.43003,3943.97997),(116,7,1185638400.00000,9046,1185637742.22006,9046,1185642195.19005,3795.19005),(30,31,1185719621.54004,2099,1185719623.14004,2099,1185724394.13004,4772.59000),(101,8,1185638400.00000,13218,1185637299.31004,13218,1185643278.37007,4878.37007),(46,21,1185719921.94005,12185,1185719924.92005,12185,1185724836.12006,4914.18001),(19,24,1185719970.13006,10022,1185719972.13013,10022,1185725077.32004,5107.18998),(37,18,1185720270.42004,1663,1185720272.97004,1663,1185725107.18004,4836.76000),(32,13,1185720781.62005,12074,1185720782.76023,12074,1185725480.86005,4699.24000),(104,20,1185720864.38010,13529,1185720867.96003,13529,1185725127.46004,4263.07994),(97,30,1185720550.58005,13660,1185720925.04004,13660,1185726431.91004,5881.32999),(23,2,1185638400.00000,8894,1185637794.80004,8894,1185643641.86004,5241.86004),(122,38,1185722292.79004,10045,1185722336.58005,10045,1185726450.19009,4157.40005),(81,16,1185723136.43003,1869,1185723161.92005,1869,1185727715.26205,4578.83202),(53,19,1185723573.86003,8572,1185723574.94005,8572,1185727937.84003,4363.98000),(39,32,1185724207.87005,2139,1185724208.49004,2139,1185729088.89005,4881.02000),(28,31,1185724394.13004,10014,1185724395.71011,10014,1185729131.31006,4737.18002),(68,28,1185721136.84004,13595,1185721137.00000,13595,1185725154.45004,4017.61000);
/*!40000 ALTER TABLE `lap_time` ENABLE KEYS */;
UNLOCK TABLES;

--
-- Table structure for table `penalty`
--

DROP TABLE IF EXISTS `penalty`;
/*!40101 SET @saved_cs_client     = @@character_set_client */;
/*!40101 SET character_set_client = utf8 */;
CREATE TABLE `penalty` (
  `team_id` int(4) NOT NULL DEFAULT '0',
  `time` int(4) NOT NULL DEFAULT '0',
  KEY `penalty__team_id__idx` (`team_id`)
) ENGINE=MyISAM DEFAULT CHARSET=latin1;
/*!40101 SET character_set_client = @saved_cs_client */;

--
-- Dumping data for table `penalty`
--

LOCK TABLES `penalty` WRITE;
/*!40000 ALTER TABLE `penalty` DISABLE KEYS */;
INSERT INTO `penalty` VALUES (25,300),(34,300);
/*!40000 ALTER TABLE `penalty` ENABLE KEYS */;
UNLOCK TABLES;

--
-- Table structure for table `raw_timestamp`
--

DROP TABLE IF EXISTS `raw_timestamp`;
/*!40101 SET @saved_cs_client     = @@character_set_client */;
/*!40101 SET character_set_client = utf8 */;
CREATE TABLE `raw_timestamp` (
  `rfid` int(8) NOT NULL DEFAULT '0',
  `timestamp` decimal(16,5) NOT NULL DEFAULT '0.00000',
  KEY `raw_timestamp__rfid__idx` (`rfid`)
) ENGINE=MyISAM DEFAULT CHARSET=latin1;
/*!40101 SET character_set_client = @saved_cs_client */;

--
-- Dumping data for table `raw_timestamp`
--

LOCK TABLES `raw_timestamp` WRITE;
/*!40000 ALTER TABLE `raw_timestamp` DISABLE KEYS */;
INSERT INTO `raw_timestamp` VALUES (2210,1185677656.46005),(9084,1185677688.21007),(13273,1185677759.77005),(13898,1185677764.36006),(10077,1185677859.36005),(1951,1185677872.96005),(8906,1185632670.54535),(8906,1185632673.02528),(8906,1185632674.71528),(8906,1185632680.44530),(8906,1185632682.14529),(8906,1185632683.52531),(13660,1185635953.90532),(13668,1185636082.90606),(13668,1185636085.83530),(13299,1185636155.53529),(8759,1185636426.89528),(12026,1185636721.85006),(10022,1185636805.32005),(8933,1185636842.04004),(8650,1185637026.68005),(13273,1185637087.62005),(1734,1185637112.56004),(12541,1185637134.18004),(8768,1185637154.19004),(2099,1185637249.69005),(10045,1185637270.17005),(13218,1185637299.31004),(2049,1185637329.69004),(2292,1185637344.32005),(1869,1185637422.02004),(12633,1185637445.17005),(12633,1185637450.72005),(8760,1185637475.56005),(14121,1185637520.36004),(1965,1185637604.84004),(12001,1185637620.94005),(1663,1185637653.12004),(8774,1185637669.67004),(10077,1185637684.93004),(9046,1185637738.56004),(9046,1185637742.22006),(10004,1185637788.30145),(8894,1185637794.80004),(12316,1185637797.53004),(12352,1185637830.83005),(12185,1185637947.52005),(12548,1185637980.89004),(14157,1185638048.75003),(13556,1185638096.40004),(9067,1185638156.77004),(13606,1185638161.09003),(13357,1185638482.38005),(9046,1185642195.19005),(9046,1185642196.43006),(12548,1185642205.02005),(8760,1185642217.81005),(8415,1185642221.24004),(1965,1185642249.18004),(8980,1185642259.12007),(14157,1185642276.24005),(14157,1185642279.03007),(10077,1185642394.63005),(10077,1185642399.11005),(1951,1185642401.15008),(13273,1185642430.63007),(13898,1185642432.56004),(13898,1185642433.58004),(9067,1185642596.05005),(9067,1185642597.39009),(13556,1185642597.41012),(10045,1185642600.24006),(13556,1185642601.19007),(2292,1185642611.66005),(10045,1185642612.50005),(2292,1185642627.74005),(1869,1185642740.42004),(2272,1185642742.93006),(10022,1185642936.78004),(12163,1185642941.37006),(13660,1185642994.37007),(12873,1185642996.77006),(12185,1185643006.20006),(2099,1185643086.27007),(10014,1185643088.86007),(13299,1185643164.85005),(1707,1185643167.57007),(8759,1185643177.47005),(1615,1185643182.54007),(1751,1185643185.69005),(2049,1185643235.13005),(2049,1185643238.22008),(8774,1185643256.87005),(12074,1185643259.04005),(8768,1185643275.11007),(12910,1185643277.53006),(13218,1185643278.37007),(13218,1185643279.64004),(12910,1185643283.44004),(1734,1185643293.55007),(1734,1185643295.71007),(12532,1185643302.80006),(12532,1185643303.76006),(14121,1185643339.69007),(13323,1185643341.97006),(12001,1185643396.30005),(14135,1185643405.19005),(8894,1185643641.86004),(8894,1185643645.51004),(12316,1185643655.81005),(1663,1185643674.76005),(2035,1185643676.81003),(8933,1185643732.00006),(8933,1185643735.33007),(12316,1185643760.94005),(13668,1185643796.38004),(2240,1185643808.67005),(8650,1185643827.28005),(1986,1185643832.24005),(13357,1185643859.72005),(1989,1185643863.08005),(10004,1185644076.18270),(2139,1185644078.73004),(13606,1185644135.24006),(2063,1185644137.40004),(12352,1185644353.54004),(12633,1185644418.73004),(12633,1185644421.23005),(12633,1185644424.72005),(12026,1185644425.50005),(9049,1185644428.36004),(1673,1185644983.20005),(9046,1185646050.49003),(9046,1185646051.57005),(13898,1185646086.76004),(13898,1185646088.77005),(12548,1185646181.57004),(12548,1185646187.71004),(8415,1185646303.53005),(8415,1185646317.10023),(8978,1185646318.86004),(14157,1185646378.80006),(14157,1185646380.29011),(2272,1185646440.55005),(13565,1185646563.39005),(12541,1185646631.41004),(12541,1185646632.56004),(8980,1185646828.64004),(8666,1185646829.76004),(2292,1185646944.85010),(2292,1185646947.83008),(13556,1185647045.27005),(9067,1185647045.53021),(9067,1185647046.96005),(13556,1185647047.99004),(10045,1185647055.26005),(10044,1185647059.11005),(1951,1185647105.75005),(13595,1185647107.33006),(12910,1185647113.75003),(14042,1185647118.15005),(12873,1185647249.13005),(1745,1185647252.23004),(12074,1185647680.40005),(8774,1185647681.49010),(10014,1185647766.86009),(14016,1185647768.73006),(14135,1185647866.40006),(13295,1185647870.80006),(12532,1185647972.79009),(8722,1185647976.68010),(12163,1185648025.80007),(1971,1185648028.79010),(1707,1185648206.46010),(12369,1185648209.09005),(1751,1185648374.67005),(1906,1185648385.65004),(2021,1185648522.48012),(2021,1185648523.16004),(2240,1185648523.47005),(2240,1185648525.32006),(2021,1185648527.55005),(2139,1185648550.30003),(12481,1185648553.23005),(1615,1185648560.82004),(13355,1185648565.58005),(2035,1185648691.35022),(2035,1185648694.44004),(13323,1185648695.22008),(8979,1185648696.05005),(14121,1185648700.17005),(13218,1185649334.37005),(2049,1185649345.06005),(13218,1185649345.25004),(2049,1185649347.10008),(8894,1185649358.09005),(8894,1185649360.02005),(12316,1185649365.44004),(12316,1185649367.61004),(8933,1185649397.00004),(8933,1185649399.98005),(1986,1185649448.20004),(9084,1185649450.72004),(9049,1185649564.60005),(12559,1185649614.46005),(2063,1185649719.48005),(8713,1185649721.31005),(9046,1185650116.23005),(9046,1185650117.20005),(13898,1185650140.42004),(1625,1185650143.57006),(1673,1185650251.21004),(13565,1185650385.12004),(13302,1185650386.97004),(10044,1185650595.35004),(10044,1185650599.89004),(1989,1185650663.78005),(1853,1185650666.36007),(12633,1185650722.26004),(12633,1185650723.71004),(12352,1185650744.59005),(12548,1185650769.48004),(12548,1185650770.71005),(14157,1185651035.94005),(14157,1185651037.12004),(8978,1185651104.88004),(8907,1185651106.69005),(13595,1185651119.51005),(13595,1185651121.55005),(1884,1185651128.49004),(1745,1185651684.90004),(12597,1185651688.04004),(2292,1185651847.50004),(2292,1185651848.81004),(14042,1185651899.47005),(13239,1185651908.40004),(8666,1185651925.08005),(8686,1185651927.21005),(8686,1185651929.50005),(9067,1185652005.13003),(9067,1185652006.57005),(13556,1185652013.83009),(13556,1185652015.41005),(8774,1185652615.25004),(8774,1185652617.92721),(12074,1185652619.15005),(13295,1185652770.11004),(10085,1185652771.66009),(12541,1185652843.47004),(12541,1185652844.43065),(14016,1185652852.13773),(8657,1185652853.81006),(8722,1185652999.14005),(13251,1185653006.23007),(12369,1185653116.98006),(10017,1185653119.66008),(1906,1185653718.74005),(8744,1185653722.64010),(12481,1185653730.28007),(10059,1185653731.86010),(10059,1185653734.18006),(14121,1185654059.55010),(13323,1185654070.26005),(1971,1185654095.86004),(9035,1185654097.79009),(13302,1185654232.58007),(1869,1185654234.89005),(9046,1185654308.83004),(9046,1185654310.12005),(12559,1185654313.65005),(12489,1185654425.91004),(1625,1185654450.48004),(13273,1185654453.07005),(10044,1185654457.77003),(10043,1185654463.65005),(10043,1185654464.36005),(8979,1185654800.28004),(10016,1185654801.67005),(9084,1185654836.41010),(8917,1185654839.51004),(8933,1185655372.41008),(8933,1185655374.89005),(8713,1185655492.76005),(8916,1185655495.93005),(8916,1185655498.56004),(8894,1185655553.88004),(8894,1185655555.89005),(12316,1185655557.56004),(12316,1185655559.14004),(12548,1185655593.70005),(12548,1185655594.79005),(14157,1185655649.16004),(14157,1185655650.42004),(2021,1185655834.95005),(8651,1185655854.89004),(12597,1185655858.08004),(13660,1185655862.58004),(1884,1185655885.05005),(10077,1185655888.33004),(13218,1185656231.82005),(2049,1185656242.91008),(8907,1185656314.17004),(8760,1185656315.70004),(13239,1185656960.15005),(8572,1185656971.34004),(12074,1185656994.12006),(8774,1185656996.46007),(13556,1185657017.86004),(9067,1185657019.08006),(13556,1185657019.20004),(9067,1185657020.47005),(12352,1185657117.60005),(8900,1185657147.77005),(10017,1185657263.75006),(13299,1185657265.85005),(8686,1185657385.19005),(1965,1185657386.81003),(13355,1185657496.38005),(13529,1185657497.36004),(12633,1185657858.13004),(12633,1185657860.06004),(2292,1185657873.35004),(2292,1185657874.62004),(9035,1185658335.42004),(10022,1185658337.54004),(1869,1185658370.24004),(2272,1185658372.17004),(13273,1185658401.28004),(1625,1185658404.01005),(10043,1185658458.58005),(10043,1185658462.37004),(9028,1185658465.00005),(8657,1185658788.49059),(8657,1185658792.25004),(2099,1185658795.38005),(9046,1185658861.57008),(9046,1185658862.80005),(1853,1185658930.85005),(13010,1185658938.75005),(13010,1185658942.35004),(10085,1185659051.90004),(12001,1185659053.13004),(10059,1185659294.36005),(10004,1185659310.57005),(12489,1185659326.89005),(12026,1185659336.63004),(12541,1185659642.70004),(12541,1185659643.97005),(8744,1185659674.76004),(13274,1185659677.54004),(13323,1185659921.35004),(14121,1185659925.60004),(10077,1185659955.32004),(1951,1185659957.60004),(13251,1185660055.15005),(1734,1185660057.13004),(14157,1185660206.42004),(14157,1185660207.65004),(8917,1185660209.23004),(8650,1185660211.29005),(13660,1185660302.24005),(12873,1185660303.82005),(12548,1185660439.45004),(12548,1185660440.61005),(8760,1185660560.63004),(8415,1185660562.54005),(10016,1185660633.80005),(1827,1185660636.79005),(8651,1185661043.11005),(1965,1185661050.18004),(13668,1185661051.43007),(8980,1185661052.46020),(8572,1185661213.32004),(8768,1185661215.38004),(13529,1185661512.55005),(13529,1185661523.80005),(14186,1185661526.15004),(8933,1185661651.47005),(8933,1185661653.17003),(8933,1185661663.53004),(8774,1185661882.32004),(12074,1185661883.98004),(13299,1185661947.98005),(1707,1185661949.65004),(2272,1185662034.12005),(13565,1185662035.90004),(8894,1185662049.28005),(12316,1185662061.70005),(9067,1185662204.15005),(9067,1185662205.58005),(13556,1185662205.88004),(13556,1185662207.06005),(1625,1185662718.14145),(8556,1185662719.46004),(10022,1185662796.45004),(12163,1185662797.09004),(12316,1185662990.70005),(8894,1185663015.91004),(9028,1185663176.56004),(10045,1185663177.51010),(9046,1185663396.77005),(9046,1185663398.08005),(2292,1185663413.66005),(2292,1185663415.01006),(2099,1185663419.16006),(2099,1185663420.72989),(10014,1185663424.14006),(8916,1185663506.50005),(13606,1185663508.77006),(8900,1185663925.96005),(13385,1185663927.38008),(10004,1185663996.23005),(2139,1185663997.50008),(12001,1185664038.25008),(14135,1185664039.27006),(13274,1185664108.60007),(13274,1185664115.42005),(12185,1185664117.70005),(1951,1185664408.27007),(1951,1185664408.94007),(13595,1185664410.98004),(12873,1185664741.06007),(1745,1185664743.03007),(1734,1185664787.19005),(12026,1185664793.43011),(9049,1185664799.97008),(12532,1185664803.31008),(12633,1185664884.51004),(12633,1185664885.97006),(1827,1185665164.64005),(1663,1185665166.89310),(13010,1185665204.45007),(13357,1185665208.43012),(14121,1185665218.85004),(13323,1185665222.53004),(8415,1185665233.23005),(8978,1185665236.21140),(12548,1185665523.50005),(12548,1185665524.76004),(8768,1185665662.69005),(12910,1185665663.81003),(8980,1185665756.56005),(8666,1185665757.93004),(8650,1185665865.72004),(1986,1185665866.95005),(13565,1185666084.75004),(13302,1185666088.65006),(14186,1185666101.95005),(8759,1185666104.93004),(13668,1185666351.82004),(2240,1185666368.67005),(14157,1185666423.78004),(14157,1185666425.01004),(12541,1185666436.51005),(12541,1185666437.78005),(1707,1185666601.52004),(12369,1185666602.62007),(12074,1185666626.57004),(8774,1185666628.59020),(2049,1185667125.48004),(13218,1185667126.38005),(9067,1185667162.59005),(13556,1185667164.51004),(9067,1185667164.57004),(13556,1185667166.00005),(10045,1185667238.18005),(10045,1185667249.85005),(10043,1185667252.32005),(9046,1185668096.70006),(9046,1185668098.01004),(8933,1185668102.98005),(8933,1185668106.72005),(10014,1185668439.63007),(14016,1185668441.75007),(2139,1185668589.24009),(12481,1185668595.91007),(13595,1185668646.67007),(1884,1185668650.40020),(12163,1185668653.81008),(1971,1185668655.74007),(13385,1185668661.46005),(8900,1185668724.07008),(12185,1185668888.71004),(1751,1185668891.80009),(1745,1185669362.38004),(12597,1185669365.93004),(8556,1185669426.80005),(13898,1185669429.23005),(13606,1185669461.08004),(8556,1185669480.32004),(12532,1185669558.93005),(8722,1185669581.03004),(8722,1185669584.11005),(2063,1185669602.53005),(2292,1185669639.55005),(2292,1185669640.91004),(8894,1185669795.40005),(12316,1185669810.17005),(12910,1185669817.17004),(14042,1185669822.01004),(14135,1185669932.86005),(13295,1185669934.62005),(1663,1185670066.52006),(2035,1185670067.20004),(13302,1185670121.19005),(1869,1185670122.63004),(8906,1185670183.39005),(8906,1185670192.22004),(8906,1185670193.45004),(8906,1185670268.32004),(9049,1185670285.92003),(12489,1185670288.50004),(12489,1185670292.15005),(12548,1185670387.48004),(12548,1185670388.56004),(8906,1185670436.96004),(8978,1185670605.14004),(8907,1185670826.27004),(13357,1185670843.27006),(8759,1185670890.28006),(1615,1185670893.37007),(13323,1185671131.54005),(1989,1185671321.80006),(13323,1185671479.64004),(10043,1185671499.07005),(10045,1185671502.85005),(2240,1185671577.97005),(2240,1185671580.19004),(2021,1185671605.28004),(8666,1185671607.65006),(8686,1185671615.68008),(12369,1185672057.31005),(10017,1185672060.20005),(8774,1185672271.65005),(8774,1185672273.04004),(1986,1185672487.32005),(9084,1185672489.89004),(13218,1185673158.83006),(13218,1185673159.74005),(2049,1185673175.32005),(2049,1185673180.99007),(12633,1185673223.54006),(12633,1185673226.77007),(8894,1185673243.52014),(8894,1185673247.77007),(12316,1185673261.55007),(13898,1185673547.41141),(13273,1185673549.34005),(1884,1185673652.46004),(10077,1185673654.95003),(9067,1185674004.35005),(9067,1185674005.67005),(13556,1185674007.47003),(13556,1185674009.13004),(14157,1185674041.86005),(14157,1185674043.24005),(1751,1185674154.49004),(1906,1185674158.54004),(14016,1185674222.82004),(8657,1185674224.60005),(9046,1185674314.41008),(9046,1185674316.00004),(12481,1185674317.35004),(10059,1185674318.58004),(12597,1185674596.11004),(13660,1185674598.04004),(12541,1185674672.35004),(12541,1185674674.08004),(8722,1185674886.46005),(13251,1185674889.92004),(14042,1185674946.00004),(13239,1185674957.87005),(1869,1185675007.22004),(2272,1185675008.49003),(12489,1185675370.98005),(2035,1185675385.12004),(8979,1185675397.52009),(12489,1185675447.57005),(12548,1185675515.38004),(12548,1185675516.69004),(1971,1185675774.71005),(9035,1185675778.14005),(8933,1185675932.98004),(8933,1185675938.94005),(8933,1185675939.63004),(13295,1185676017.50004),(10085,1185676025.20004),(10045,1185676463.93004),(9028,1185676467.30004),(9028,1185676470.15004),(2063,1185676525.85004),(8713,1185676528.16004),(8907,1185676556.89005),(10017,1185676832.67004),(8900,1185676833.87004),(13299,1185676835.53004),(12489,1185676890.99005),(8760,1185676980.59004),(1615,1185677134.28004),(13355,1185677145.31004),(2292,1185677402.21007),(13323,1185677569.26004),(2210,1185677656.46005),(9084,1185677688.21007),(13273,1185677759.77005),(13898,1185677764.36006),(8917,1185677953.75005),(8686,1185678075.83005),(1965,1185678078.00005),(8774,1185678109.09004),(12074,1185678111.00004),(1989,1185678514.01004),(1853,1185678516.14007),(14157,1185678930.73004),(14157,1185678931.76005),(9046,1185679191.81005),(9046,1185679192.81005),(2272,1185679212.60004),(13565,1185679214.61004),(13660,1185679340.21004),(12873,1185679351.59005),(2021,1185679584.45004),(8651,1185679595.63003),(14121,1185679662.27005),(10022,1185680033.38005),(8894,1185680035.83005),(12316,1185680043.03003),(12316,1185680046.54005),(9035,1185680080.96004),(10022,1185680082.66004),(1906,1185680130.62006),(8744,1185680138.43004),(10059,1185680161.57004),(10004,1185680170.85004),(12548,1185680792.75004),(12548,1185680793.74005),(13239,1185680809.04005),(8572,1185680812.49004),(8657,1185680897.57004),(2099,1185680899.10005),(8979,1185680981.05005),(10016,1185681072.53005),(13218,1185681167.57004),(13218,1185681168.80005),(2049,1185681192.61143),(9028,1185681610.75004),(10043,1185681616.52004),(8760,1185681862.88005),(8415,1185681864.05005),(13898,1185682163.94005),(1625,1185682171.70004),(1951,1185683030.13004),(13595,1185683031.71004),(1965,1185683051.95004),(8980,1185683052.67004),(10085,1185683484.59005),(12074,1185683588.94005),(12541,1185683590.30004),(12074,1185683590.90004),(12541,1185683591.79007),(13565,1185683688.94007),(13302,1185683693.27006),(12001,1185683891.17004),(12001,1185683899.54006),(14157,1185684046.76005),(14157,1185684047.90005),(8917,1185684097.37005),(8713,1185684280.07005),(12489,1185684396.41007),(13299,1185684433.20004),(1707,1185684435.83005),(12559,1185684485.17007),(12873,1185684603.72004),(1745,1185684608.25005),(9046,1185684686.89004),(9046,1185684688.20004),(8650,1185684710.37007),(13355,1185684901.27006),(13529,1185684911.98007),(10022,1185685136.46009),(12163,1185685137.58007),(8651,1185685357.76006),(8572,1185685363.60005),(8768,1185685368.54005),(14121,1185685447.49004),(10004,1185685589.97004),(2139,1185685591.07005),(12548,1185685778.76004),(12548,1185685779.99004),(10043,1185685957.63004),(10044,1185685960.15006),(2099,1185686158.36004),(10014,1185686160.63005),(8916,1185686654.77005),(13251,1185686799.81006),(1734,1185686804.67006),(2210,1185686933.62005),(13385,1185687007.51006),(10016,1185687168.99007),(1827,1185687171.64007),(1625,1185687183.58009),(13273,1185687185.74006),(8744,1185687326.15004),(13274,1185687439.07007),(13595,1185687465.54007),(1884,1185687468.55005),(2292,1185687670.96007),(2292,1185687671.88005),(13218,1185687890.06005),(13302,1185687950.45006),(1869,1185687952.06004),(14121,1185687953.30009),(8415,1185687976.28007),(2240,1185688190.06005),(8980,1185688741.14005),(8666,1185688745.49004),(1853,1185689098.75004),(13010,1185689114.80004),(12074,1185689353.13004),(8774,1185689355.81004),(13529,1185689505.04005),(1745,1185689520.22005),(1745,1185689521.84004),(1707,1185689523.72004),(12369,1185689526.84004),(14186,1185689543.15006),(12559,1185689635.83005),(12026,1185689640.55004),(12001,1185690008.87005),(13295,1185690009.79005),(8768,1185690265.46005),(12910,1185690266.61005),(2139,1185690833.70005),(12481,1185690836.56005),(9046,1185690910.80004),(9046,1185690912.10004),(12163,1185691250.73004),(1971,1185691256.35005),(10044,1185691348.87004),(10043,1185691360.49005),(10043,1185691363.82004),(10014,1185691431.43006),(14016,1185691432.72006),(8650,1185691541.52005),(12548,1185691926.59265),(12548,1185691927.96004),(13273,1185691986.82004),(1625,1185691988.26005),(13274,1185692288.33005),(12185,1185692315.26004),(12541,1185692357.74004),(12541,1185692359.10004),(13385,1185692470.41009),(13385,1185692602.34008),(9084,1185692611.70007),(1827,1185692869.20004),(1663,1185692870.65006),(1869,1185693044.72004),(2272,1185693053.71005),(1884,1185693109.01005),(10077,1185693111.53005),(2240,1185694147.19012),(1734,1185694183.61005),(12532,1185694361.35008),(8666,1185694387.86008),(8686,1185694397.63008),(12910,1185694524.94005),(14042,1185694527.97008),(14121,1185694639.16005),(13323,1185694643.41009),(1745,1185694765.72008),(13660,1185694767.75008),(8774,1185695012.99005),(12074,1185695016.08006),(14186,1185695160.74005),(8759,1185695166.93004),(12369,1185695358.52006),(14157,1185695554.62006),(14157,1185695555.53005),(13010,1185695559.24007),(13010,1185695560.33008),(13357,1185695563.13004),(12026,1185695572.55004),(10017,1185695593.35007),(10043,1185696538.76005),(10043,1185696541.04005),(12481,1185696820.12004),(10059,1185696820.53004),(9046,1185697098.02007),(9046,1185697099.25005),(1625,1185697157.31007),(13898,1185697159.66006),(9049,1185697235.95006),(2272,1185697278.99004),(13565,1185697281.27006),(10077,1185697301.08006),(1951,1185697304.40007),(14016,1185697529.09004),(8657,1185697531.13007),(12185,1185697735.80004),(1751,1185697737.60005),(12548,1185697950.65004),(12548,1185697952.23004),(9084,1185698053.32006),(13385,1185698279.59007),(8916,1185698341.24006),(1663,1185698359.49005),(2035,1185698362.49004),(1673,1185698433.45004),(2292,1185698518.92004),(2292,1185698521.43007),(12532,1185699996.21075),(12532,1185699997.66009),(1971,1185700067.75007),(9035,1185700071.82007),(14042,1185700089.01006),(13239,1185700094.69005),(13660,1185700205.83005),(12873,1185700209.40004),(10017,1185700498.99009),(13299,1185700501.32006),(13299,1185700506.05004),(8759,1185700589.96006),(1615,1185700591.89004),(13606,1185700728.17005),(1986,1185700822.10004),(12074,1185700985.82004),(8686,1185701062.02005),(1965,1185701063.99004),(8722,1185701237.61004),(13323,1185701358.14005),(13898,1185701483.96005),(13273,1185701486.46008),(13357,1185701812.51004),(1989,1185701815.53004),(13565,1185701838.19009),(13565,1185701840.52005),(13302,1185701845.09004),(10043,1185701857.71004),(1951,1185702228.95008),(13595,1185702230.94005),(14157,1185702320.28004),(14157,1185702321.00005),(9046,1185702325.49004),(9046,1185702326.47005),(9028,1185702520.50006),(13295,1185702793.91007),(8923,1185702800.96004),(1751,1185702917.58005),(1906,1185702926.87005),(10059,1185703092.55007),(10004,1185703097.70005),(9049,1185703883.60004),(12559,1185703887.05007),(2035,1185704119.72004),(8979,1185704122.42005),(12548,1185704211.49006),(12548,1185704212.72007),(1673,1185704253.16005),(1673,1185704254.50005),(8657,1185704411.70006),(2099,1185704413.14014),(9035,1185704666.98005),(10022,1185704668.74004),(12541,1185705024.14009),(12541,1185705025.38006),(8978,1185705082.82005),(1965,1185705287.44009),(1965,1185705295.07009),(8980,1185705296.30005),(12873,1185705315.94020),(1745,1185705324.96017),(13239,1185705906.03006),(8572,1185705908.22005),(13299,1185705939.28005),(1707,1185705940.86005),(13302,1185705951.62007),(1869,1185705952.72007),(13273,1185706047.44006),(13898,1185706050.29005),(13595,1185706584.39004),(1884,1185706587.17004),(8722,1185706752.17005),(1986,1185706778.91004),(8917,1185706781.41004),(1615,1185706906.57004),(13529,1185706918.27005),(9028,1185707285.41007),(2049,1185707383.93007),(13606,1185707435.66004),(9046,1185707510.28010),(9046,1185707511.51011),(1734,1185707911.97007),(10004,1185708236.85004),(2139,1185708237.71015),(2063,1185708348.78004),(1906,1185708515.34005),(8744,1185708517.57005),(10045,1185708559.80004),(12559,1185708741.12005),(12026,1185708742.65004),(12633,1185708793.37004),(12633,1185708795.12005),(1989,1185709407.59007),(2099,1185709409.45005),(1853,1185709410.48007),(10014,1185709411.95007),(2292,1185709440.94005),(2292,1185709442.17009),(12548,1185709651.67005),(12548,1185709652.76004),(10022,1185709725.35005),(12163,1185709729.01005),(8979,1185709780.02004),(10016,1185709780.68004),(8923,1185710112.15003),(12001,1185710113.28004),(1869,1185710218.78005),(13898,1185710240.03004),(1625,1185710241.73004),(1673,1185710291.88009),(2210,1185710293.31005),(2272,1185710347.67004),(8572,1185710370.01004),(8768,1185710372.25004),(12316,1185710395.19009),(8980,1185710685.27005),(8666,1185710686.96004),(1745,1185710743.93004),(13660,1185710745.16004),(8978,1185710778.72004),(8760,1185710783.75004),(8760,1185710790.15004),(1707,1185710854.40005),(12369,1185710856.38004),(12369,1185710859.58005),(13529,1185711054.25004),(14186,1185711056.91006),(14157,1185711274.48026),(14157,1185711276.11006),(1884,1185712371.71006),(10077,1185712373.55007),(14121,1185712399.70004),(8917,1185712510.38008),(10045,1185712701.06006),(9028,1185712737.13052),(9046,1185712935.08004),(9046,1185712936.39004),(2049,1185712978.46009),(2049,1185712979.81004),(2139,1185713488.14012),(12481,1185713490.59016),(13218,1185713559.29007),(1734,1185714056.48006),(12532,1185714060.30011),(10014,1185714356.32007),(14016,1185714357.55008),(12026,1185714499.99008),(2272,1185714587.08006),(13565,1185714589.34008),(13668,1185714678.83005),(8768,1185714915.96005),(12910,1185714916.90006),(1625,1185715075.26008),(8556,1185715076.94009),(1768,1185715111.76009),(1986,1185715141.42006),(8744,1185715166.42007),(13274,1185715169.27006),(12001,1185715206.64005),(2063,1185715311.36004),(8713,1185715315.84004),(14135,1185715542.30004),(10016,1185715562.87005),(1827,1185715565.09005),(8774,1185715642.72004),(13660,1185715772.05004),(12873,1185715774.05004),(12163,1185715899.20005),(9035,1185715953.70004),(8666,1185715973.48005),(8686,1185715991.88725),(8894,1185716081.99003),(12316,1185716082.81005),(12316,1185716084.16003),(12541,1185716162.66004),(12541,1185716164.16004),(2292,1185716179.31004),(2292,1185716180.77004),(14186,1185716184.10004),(8759,1185716186.58004),(12548,1185716203.54627),(12369,1185716308.88004),(10017,1185716316.80004),(10077,1185716445.86004),(1951,1185716447.55005),(12633,1185716461.64004),(12633,1185716463.32005),(14157,1185717570.76007),(14157,1185717573.03005),(2210,1185718219.22004),(14121,1185718276.85004),(8900,1185718292.12005),(8900,1185718300.49005),(9028,1185718578.50004),(10044,1185718582.31004),(10044,1185718583.52005),(12910,1185718760.10004),(14042,1185718762.38004),(1853,1185719104.98005),(13010,1185719112.89004),(12532,1185719165.35143),(8722,1185719170.50004),(12481,1185719191.46005),(13565,1185719192.45006),(10004,1185719192.87005),(13302,1185719195.19008),(9046,1185719200.22005),(9046,1185719201.98004),(14016,1185719621.54004),(2099,1185719623.14004),(13218,1185719863.21005),(13218,1185719864.31004),(2049,1185719902.10004),(13274,1185719921.94005),(12185,1185719924.92005),(9035,1185719970.13006),(10022,1185719972.13013),(13668,1185720038.36005),(1827,1185720270.42004),(1663,1185720272.97004),(12873,1185720550.58005),(14135,1185720583.34005),(8774,1185720781.62005),(12074,1185720782.76023),(8759,1185720864.38010),(13529,1185720867.96003),(10017,1185720880.03005),(13660,1185720925.04004),(1951,1185721136.84004),(1986,1185721335.21005),(8713,1185721603.50005),(8556,1185721653.40005),(13898,1185721655.25005),(8894,1185721884.17005),(12316,1185721887.73005),(12316,1185721950.09004),(8686,1185722004.23005),(10044,1185722292.79004),(10045,1185722336.58005),(13302,1185723136.43003),(1869,1185723161.92005),(14042,1185723573.86003),(8572,1185723574.94005),(2292,1185723893.00147),(10004,1185724207.87005),(2139,1185724208.49004),(2099,1185724394.13004),(10014,1185724395.71011),(14157,1185724401.56004),(8722,1185724787.64005),(12185,1185724836.12006),(12185,1185724837.91004),(10022,1185725077.32004),(1663,1185725107.18004),(13010,1185725112.35005),(13529,1185725127.46004),(13595,1185725154.45004),(12541,1185725173.50005),(8900,1185725345.58004),(12074,1185725480.86005),(13898,1185726062.07005),(13660,1185726431.91004),(13660,1185726432.56004),(10045,1185726450.19009),(10045,1185726451.88004),(1869,1185727715.26205),(12316,1185727754.90006),(8572,1185727937.84003),(2139,1185729088.89005),(10014,1185729131.31006);
/*!40000 ALTER TABLE `raw_timestamp` ENABLE KEYS */;
UNLOCK TABLES;

--
-- Table structure for table `rider`
--

DROP TABLE IF EXISTS `rider`;
/*!40101 SET @saved_cs_client     = @@character_set_client */;
/*!40101 SET character_set_client = utf8 */;
CREATE TABLE `rider` (
  `person_id` int(4) NOT NULL DEFAULT '0',
  `team_id` int(4) DEFAULT NULL,
  `last_name` varchar(24) NOT NULL DEFAULT '',
  `first_name` varchar(24) NOT NULL DEFAULT '',
  `middle_name` varchar(24) DEFAULT NULL,
  `city` varchar(36) DEFAULT NULL,
  `state` char(2) DEFAULT NULL,
  `country` varchar(24) DEFAULT NULL,
  `gender` char(1) DEFAULT NULL,
  `notes` text,
  PRIMARY KEY (`person_id`),
  KEY `rider__team_id__idx` (`team_id`)
) ENGINE=MyISAM DEFAULT CHARSET=latin1;
/*!40101 SET character_set_client = @saved_cs_client */;

--
-- Dumping data for table `rider`
--

LOCK TABLES `rider` WRITE;
/*!40000 ALTER TABLE `rider` DISABLE KEYS */;
INSERT INTO `rider` VALUES (108,1,'Gagnon','Chris','P','Newton','MA','USA','M',''),(23,2,'Conine','Steven','K','Boston','MA','USA','M',''),(43,3,'Bieger','Brian','P','Piscataway','NJ','USA','M',''),(49,4,'Hanna iii','Kenneth','j','FLANDERS','NJ','USA','M',''),(87,5,'Diamond','David','R','westford','VT','USA','M',''),(96,6,'Boutet','Jacques','','Anchorage','AK','USA','M',''),(116,7,'Lichtenwalner','Rob','P','nazareth','PA','USA','M',''),(101,8,'Ayres III','Artie','L','Morristown','NJ','USA','M',''),(107,9,'Staton','Stewart','S','Ashburn','VA','USA','M',''),(126,10,'Myers','Jamie','','Lisbon','NH','USA','M',''),(109,11,'Forsyth','Holly','','Verona','PA','USA','F',''),(22,12,'Conine','Alexi','K','Boston','MA','USA','F',''),(32,13,'Fabbro','Alexandria','','Mammoth Lakes','CA','USA','F',''),(33,13,'Kanayan','Heidi','M','Mammoth Lakes','CA','United States','F',''),(110,14,'Timm','Kenneth','G','West Islip','NY','USA','M',''),(111,14,'Kozyrski','Tony','J','Ridge','NY','USA','M',''),(92,15,'Carey','Brian','C','Furlong','PA','USA','M',''),(93,15,'Brown','Kevin','F','fairfield','CT','USA','M',''),(94,15,'Sullivan','Sean','M','Santa Cruz','CA','USA','M',''),(95,15,'Ford','Terrence','J','Newtown','CT','USA','M',''),(79,16,'Klasmeier','Michael','','Crofton','MD','USA','M',''),(80,16,'Donahue','Matt','','Washington','DC','USA','M',''),(81,16,'Foley','Joe','','Silver Spring','MD','USA','M',''),(82,16,'Baake','Kent','','Alexandria','VA','USA','M',''),(112,17,'Miller','Jeff','M','Pittsford','NY','USA','M',''),(113,17,'Gosenhauser','Josh','','Rochester','NY','USA','M',''),(114,17,'Nacca','Joseph','','Rochester','NY','USA','M',''),(115,17,'Colfer','Damien','','Newmarket','NH','USA','M',''),(34,18,'Ritchie','Miriam','','York Springs','PA','USA','F',''),(35,18,'Ritchie','Stan','','Harrisburg','PA','USA','M',''),(36,18,'Ritchie','Seth','','Spring Grove','PA','USA','M',''),(37,18,'Patches','Ryan','','Myerstown','PA','USA','M',''),(38,18,'Schweitzer','Brad','','Northborough','MA','USA','M',''),(50,19,'Harris','Mike','','Ajax','ON','Canada','M',''),(51,19,'Uesson','Marty','','Pickering','ON','Canada','M',''),(52,19,'Stone','Dave','','Scarborough','ON','Canada','M',''),(53,19,'LeClerc','Dustin','','Oakville','ON','Canada','M',''),(54,19,'Leslie','Alison','','Arcadia','CA','USA','F',''),(102,20,'Kerns','Brian','D','Mendon','VT','USA','M',''),(103,20,'Roy','Amy','L','Orwell','VT','USA','F',''),(104,20,'Crossley','Steve','','Andover','MA','USA','M',''),(105,20,'Treven','Gary','J','Bloomsburg','PA','USA','M',''),(106,20,'Russo','Michael','G','Mendon','VT','USA','M',''),(44,21,'Celardo','Brian','','Fanwood','NJ','USA','M',''),(45,21,'Dowling','Peter','','South Orange','','USA','M',''),(46,21,'Esposito','Dan','','Staten Island','NY','USA','M',''),(47,21,'Yorks','Robert','','Warwick','NY','USA','M',''),(48,21,'Kechner','Michael','','Warwick','NY','USA','M',''),(9,22,'Smolenski','Jon','P','Fort Monmouth','NJ','USA','M',''),(10,22,'Kitz','Mark','','Brick','NJ','USA','M',''),(11,22,'Rios','Jeffrey','R','New York','NY','USA','M',''),(12,22,'Roberts','Brent','','New York','NY','USA','M',''),(85,23,'Kovacs','Martin','','Dripping Springs','TX','USA','M',''),(86,23,'Bastian','Bradley','E','Presque Isle','ME','USA','M',''),(84,23,'St.Peter','Joseph','P','Presque Isle','ME','USA','M',''),(83,23,'Therrien Jr','Edmund','C','Presque Isle','ME','USA','M',''),(18,24,'Sullivan','Randy','J','Barrington','NJ','USA','M',''),(19,24,'Croce','Sean','M','Franklinville','NJ','USA','M',''),(20,24,'Worthington','Bill','','Swedesboro','NJ','USA','M',''),(21,24,'Harker','Jeff','','Swedesboro','NJ','USA','M',''),(24,25,'Magyera','Steve','','New York City','NY','USA','M',''),(25,25,'Hwang','Jerry','','Villanova','PA','USA','M',''),(26,25,'Gellner','Noah','','New York','NY','USA','M',''),(27,25,'Morrow','Greg','','Exton','PA','USA','M',''),(59,26,'Genovese','Joe','','Patchogue','NY','USA','M',''),(60,26,'Gonzalez','Tom','','Richmond Hill','NY','USA','M',''),(61,26,'DiBernardo','Joe','','East Setauket','NY','USA','M',''),(62,26,'Hernandez','Ramon','','Bethpage','NY','USA','M',''),(63,27,'Dunn','Jesse','A','camden','ME','USA','M',''),(64,27,'Buck','Jason','','Thomaston','ME','USA','M',''),(65,27,'Davis','Kevin','H','Camden','ME','USA','M',''),(66,27,'Mank','Caleb','W','Hope','ME','USA','M',''),(67,28,'Versieux','Henrique','M','New York','NY','USA','M',''),(68,28,'Mora','Marco','','new york','NY','USA','M',''),(69,28,'Slingerland','Scott','','nazareth','PA','USA','M',''),(70,28,'Morehouse','Jeff','','wind gap','PA','USA','M',''),(71,29,'Rosenthal','Stephen','S','New York','NY','USA','M',''),(72,29,'Wadleigh','Shaun','','Hudson Falls','NY','USA','M',''),(73,29,'Eichele','Christian','','bronx','NY','USA','M',''),(74,29,'Jacobson','Saul','','Brooklyn','NY','USA','M',''),(97,30,'Malloy','Eric','M','Deerfield','MA','USA','M',''),(98,30,'Williams','Lucas','S','Deerfield','MA','USA','M',''),(99,30,'Smith','Wes','B','W. Whately','MA','USA','M',''),(100,30,'Blowers','John','C','Northampton','MA','USA','M',''),(28,31,'Baker','Matthew','J','Danbury','CT','USA','M',''),(29,31,'Brunzell','Mike','','West Boylston','MA','USA','M',''),(30,31,'Matejka','Jody','M','easton','CT','USA','M',''),(31,31,'Bordeleau','Ted','F','Orange','CT','USA','M',''),(39,32,'Burke','Tom','','Vienna','VA','USA','M',''),(40,32,'Sorrel','JP','','Vienna','VA','USA','M',''),(41,32,'Frederick','Jeff','','Vienna','VA','USA','M',''),(42,32,'Sullenger','J. Bard','','Vienna','VA','USA','M',''),(75,33,'Schwartz','Brett','','new york','NY','USA','M',''),(76,33,'Gruman','Adam','','Boca Raton','FL','USA','M',''),(77,33,'Shashaty','Bill','','Stone Ridge','NY','USA','M',''),(78,33,'Anderson','Tom','','Hellertown','PA','USA','M',''),(88,34,'Agid','Paul','S','Fairfield','CT','USA','M',''),(89,34,'Moltzau','Scott','','Fairfield','CT','USA','M',''),(90,34,'Caissy','Jim','','Fairfield','CT','USA','M',''),(91,34,'Schwabe','Bob','','Fairfield','CT','USA','M',''),(6,35,'Swanson','Tim','P','Peoria','IL','USA','M',''),(5,35,'Krejci','Cosmos','G','Bethlehem','PA','USA','M',''),(7,35,'Heckler','Andrew','M','Green Lane','PA','USA','M',''),(8,35,'Nunan','Russell','','Bath','PA','USA','M',''),(121,36,'Dougherty','Max','','Pittsfield','VT','USA','M',''),(119,36,'Rosenthal','Marty','','Mendon','VT','USA','M',''),(120,36,'Quinlan','Matt','','Pittsfield','VT','USA','M',''),(117,36,'Desena','Joseph','','Pittsfield','VT','USA','M',''),(118,36,'Hayden','Jason','','Pittsfield','VT','USA','M',''),(127,37,'Stiles','David','','Lisbon','NH','USA','M',''),(122,38,'Guggenberger','Pepi','','','','USA','M',''),(123,38,'Belchak','Jamie','','','','USA','M',''),(124,38,'Lamb','Jon','','','','USA','M',''),(125,38,'McLallen','Sol','','','','USA','M','');
/*!40000 ALTER TABLE `rider` ENABLE KEYS */;
UNLOCK TABLES;

--
-- Table structure for table `rider_rfid`
--

DROP TABLE IF EXISTS `rider_rfid`;
/*!40101 SET @saved_cs_client     = @@character_set_client */;
/*!40101 SET character_set_client = utf8 */;
CREATE TABLE `rider_rfid` (
  `person_id` int(4) NOT NULL DEFAULT '0',
  `rfid` int(8) NOT NULL DEFAULT '0',
  KEY `rider_rfid__person_id__idx` (`person_id`),
  KEY `rider_rfid__rfid__idx` (`rfid`)
) ENGINE=MyISAM DEFAULT CHARSET=latin1;
/*!40101 SET character_set_client = @saved_cs_client */;

--
-- Dumping data for table `rider_rfid`
--

LOCK TABLES `rider_rfid` WRITE;
/*!40000 ALTER TABLE `rider_rfid` DISABLE KEYS */;
INSERT INTO `rider_rfid` VALUES (108,14157),(23,8894),(43,8933),(49,2049),(87,2292),(96,12633),(116,9046),(101,13218),(107,12548),(126,13556),(109,12541),(22,12316),(32,12074),(33,8774),(110,14121),(111,13323),(92,13273),(93,1625),(94,13898),(95,8556),(79,13565),(80,13302),(81,1869),(82,2272),(112,8686),(113,8980),(114,8666),(115,1965),(34,10016),(35,1827),(36,2035),(37,1663),(38,8979),(50,12910),(51,14042),(52,8768),(53,8572),(54,13239),(102,8759),(103,1615),(104,13529),(105,13355),(106,14186),(44,13274),(45,1751),(46,12185),(47,8744),(48,1906),(9,8760),(10,8415),(11,8978),(12,8907),(85,10017),(86,13299),(84,12369),(83,1707),(18,9035),(19,10022),(20,12163),(21,1971),(24,12532),(25,13251),(26,1734),(27,8722),(59,1989),(60,1853),(61,13357),(62,13010),(63,12001),(64,13295),(65,10085),(66,14135),(67,1951),(68,13595),(69,10077),(70,1884),(71,9049),(72,12026),(73,12559),(74,12489),(97,13660),(98,12597),(99,1745),(100,12873),(28,10014),(29,8657),(30,2099),(31,14016),(39,2139),(40,12481),(41,10059),(42,10004),(75,8917),(76,1986),(77,8650),(78,9084),(88,13668),(89,2021),(90,8651),(91,2240),(6,13606),(5,8713),(7,8916),(8,2063),(121,12352),(119,2210),(120,8900),(117,13385),(118,1673),(127,9067),(122,10045),(123,10044),(124,10043),(125,9028),(65,8923),(9,1768);
/*!40000 ALTER TABLE `rider_rfid` ENABLE KEYS */;
UNLOCK TABLES;

--
-- Table structure for table `standings`
--

DROP TABLE IF EXISTS `standings`;
/*!40101 SET @saved_cs_client     = @@character_set_client */;
/*!40101 SET character_set_client = utf8 */;
CREATE TABLE `standings` (
  `team_id` int(4) NOT NULL DEFAULT '0',
  `class` char(2) NOT NULL DEFAULT '',
  `laps` int(4) NOT NULL DEFAULT '0',
  `last_lap_finish_ts` double(11,5) NOT NULL DEFAULT '0.00000',
  KEY `standings__llap_finish_ts__idx` (`last_lap_finish_ts`)
) ENGINE=MyISAM DEFAULT CHARSET=latin1;
/*!40101 SET character_set_client = @saved_cs_client */;

--
-- Dumping data for table `standings`
--

LOCK TABLES `standings` WRITE;
/*!40000 ALTER TABLE `standings` DISABLE KEYS */;
INSERT INTO `standings` VALUES (7,'M1',16,999999.99999),(9,'M1',15,999999.99999),(22,'MS',12,999999.99999),(17,'ME',16,999999.99999),(1,'M1',14,999999.99999),(28,'MS',19,999999.99999),(15,'ME',19,999999.99999),(37,'M1',7,999999.99999),(10,'M1',7,999999.99999),(38,'ME',19,999999.99999),(5,'M1',12,999999.99999),(16,'ME',21,999999.99999),(24,'MS',16,999999.99999),(30,'MS',18,999999.99999),(21,'5M',16,999999.99999),(31,'MV',17,999999.99999),(23,'MS',16,999999.99999),(20,'C5',16,999999.99999),(4,'M1',7,999999.99999),(13,'C2',14,999999.99999),(19,'C5',19,999999.99999),(8,'M1',7,999999.99999),(25,'MS',14,999999.99999),(14,'C2',11,999999.99999),(27,'MS',13,999999.99999),(2,'M1',7,999999.99999),(12,'W1',9,999999.99999),(18,'C5',16,999999.99999),(3,'M1',6,999999.99999),(34,'MV',10,999999.99999),(33,'MV',13,999999.99999),(26,'MS',12,999999.99999),(32,'MV',17,999999.99999),(35,'JF',11,999999.99999),(36,'5M',13,999999.99999),(6,'M1',7,999999.99999),(29,'MS',13,999999.99999),(11,'W1',10,999999.99999);
/*!40000 ALTER TABLE `standings` ENABLE KEYS */;
UNLOCK TABLES;

--
-- Table structure for table `team`
--

DROP TABLE IF EXISTS `team`;
/*!40101 SET @saved_cs_client     = @@character_set_client */;
/*!40101 SET character_set_client = utf8 */;
CREATE TABLE `team` (
  `id` int(4) NOT NULL AUTO_INCREMENT,
  `bib_number` int(4) DEFAULT NULL,
  `class` char(2) NOT NULL DEFAULT '',
  `name` varchar(40) NOT NULL DEFAULT '',
  `captain_id` int(4) DEFAULT NULL,
  `sponsor` text,
  `notes` text,
  PRIMARY KEY (`id`),
  UNIQUE KEY `team_name_key` (`name`),
  UNIQUE KEY `team_bib_number_key` (`bib_number`),
  KEY `team__id__idx` (`id`)
) ENGINE=MyISAM AUTO_INCREMENT=39 DEFAULT CHARSET=latin1;
/*!40101 SET character_set_client = @saved_cs_client */;

--
-- Dumping data for table `team`
--

LOCK TABLES `team` WRITE;
/*!40000 ALTER TABLE `team` DISABLE KEYS */;
INSERT INTO `team` VALUES (1,1,'M1','Gagnon, Chris P.',108,NULL,NULL),(2,2,'M1','Conine, Steven K.',23,NULL,NULL),(3,3,'M1','Bieger, Brian P.',43,NULL,NULL),(4,4,'M1','Hanna iii, Kenneth j.',49,NULL,NULL),(5,5,'M1','Diamond, David R.',87,NULL,NULL),(6,6,'M1','Boutet, Jacques',96,NULL,NULL),(7,7,'M1','Lichtenwalner, Rob P.',116,NULL,NULL),(8,8,'M1','Ayres III, Artie L.',101,NULL,NULL),(9,9,'M1','Staton, Stewart S.',107,NULL,NULL),(10,10,'M1','Myers, Jamie',126,NULL,NULL),(11,11,'W1','Forsyth, Holly',109,NULL,NULL),(12,12,'W1','Conine, Alexi K.',22,NULL,NULL),(13,13,'C2','Mini Mammoth',32,NULL,NULL),(14,14,'C2','Hello Kitty',110,NULL,NULL),(15,15,'ME','Bill Barrow\'s Memorial Ride',92,NULL,NULL),(16,16,'ME','DCMTB/City Bikes',79,NULL,NULL),(17,17,'ME','Running On Empty',112,NULL,NULL),(18,18,'C5','IC3 Five Alive!',34,NULL,NULL),(19,19,'C5','Elite Racing',50,NULL,NULL),(20,20,'C5','Reigning Cat and Dogs',102,NULL,NULL),(21,21,'5M','Just A Bunch Of Pansies',44,NULL,NULL),(22,22,'MS','Phat Ones',9,NULL,NULL),(23,23,'MS','The Tuckermen',83,NULL,NULL),(24,24,'MS','Plan B',18,NULL,NULL),(25,25,'MS','4 Blind Mice',24,NULL,NULL),(26,26,'MS','Section-8',59,NULL,NULL),(27,27,'MS','mighty milquetoasts',63,NULL,NULL),(28,28,'MS','Sids Bikes 1',67,NULL,NULL),(29,29,'MS','Sids Bikes 2',71,NULL,NULL),(30,30,'MS','Napoleon\'s Entourage',97,NULL,NULL),(31,31,'MV','F.I.S.T. For All',28,NULL,NULL),(32,32,'MV','Renob',39,NULL,NULL),(33,33,'MV','Sid\'s III',75,NULL,NULL),(34,34,'MV','Snow Patrol',88,NULL,NULL),(35,35,'JF','Motrin',5,NULL,NULL),(36,36,'5M','Kill-Pit',117,NULL,NULL),(37,37,'M1','Stiles, David',127,NULL,NULL),(38,38,'ME','Team Hammer',122,NULL,NULL);
/*!40000 ALTER TABLE `team` ENABLE KEYS */;
UNLOCK TABLES;
/*!40103 SET TIME_ZONE=@OLD_TIME_ZONE */;

/*!40101 SET SQL_MODE=@OLD_SQL_MODE */;
/*!40014 SET FOREIGN_KEY_CHECKS=@OLD_FOREIGN_KEY_CHECKS */;
/*!40014 SET UNIQUE_CHECKS=@OLD_UNIQUE_CHECKS */;
/*!40101 SET CHARACTER_SET_CLIENT=@OLD_CHARACTER_SET_CLIENT */;
/*!40101 SET CHARACTER_SET_RESULTS=@OLD_CHARACTER_SET_RESULTS */;
/*!40101 SET COLLATION_CONNECTION=@OLD_COLLATION_CONNECTION */;
/*!40111 SET SQL_NOTES=@OLD_SQL_NOTES */;

-- Dump completed on 2018-12-07 22:45:27
