-- MySQL dump 10.13  Distrib 5.5.61, for Linux (x86_64)
--
-- Host: localhost    Database: grannyge_grannyg2007conyers
-- ------------------------------------------------------
-- Server version	5.5.61-cll

/*!40101 SET @OLD_CHARACTER_SET_CLIENT=@@CHARACTER_SET_CLIENT */;
/*!40101 SET @OLD_CHARACTER_SET_RESULTS=@@CHARACTER_SET_RESULTS */;
/*!40101 SET @OLD_COLLATION_CONNECTION=@@COLLATION_CONNECTION */;
/*!40101 SET NAMES utf8 */;
/*!40103 SET @OLD_TIME_ZONE=@@TIME_ZONE */;
/*!40103 SET TIME_ZONE='+00:00' */;
/*!40014 SET @OLD_UNIQUE_CHECKS=@@UNIQUE_CHECKS, UNIQUE_CHECKS=0 */;
/*!40014 SET @OLD_FOREIGN_KEY_CHECKS=@@FOREIGN_KEY_CHECKS, FOREIGN_KEY_CHECKS=0 */;
/*!40101 SET @OLD_SQL_MODE=@@SQL_MODE, SQL_MODE='NO_AUTO_VALUE_ON_ZERO' */;
/*!40111 SET @OLD_SQL_NOTES=@@SQL_NOTES, SQL_NOTES=0 */;

--
-- Current Database: `grannyge_grannyg2007conyers`
--

CREATE DATABASE /*!32312 IF NOT EXISTS*/ `grannyge_grannyg2007conyers` /*!40100 DEFAULT CHARACTER SET latin1 */;

USE `grannyge_grannyg2007conyers`;

--
-- Table structure for table `correcting_timestamp`
--

DROP TABLE IF EXISTS `correcting_timestamp`;
/*!40101 SET @saved_cs_client     = @@character_set_client */;
/*!40101 SET character_set_client = utf8 */;
CREATE TABLE `correcting_timestamp` (
  `rfid` int(8) NOT NULL DEFAULT '0',
  `team_id` int(4) NOT NULL DEFAULT '0',
  `timestamp` decimal(16,5) NOT NULL DEFAULT '0.00000',
  `trans_timestamp` decimal(16,5) NOT NULL DEFAULT '0.00000',
  `trans_type` varchar(16) NOT NULL DEFAULT '',
  `code` text,
  KEY `correcting_timestamp__rfid__idx` (`rfid`),
  KEY `correcting_timestamp__team_id__` (`team_id`)
) ENGINE=MyISAM DEFAULT CHARSET=latin1;
/*!40101 SET character_set_client = @saved_cs_client */;

--
-- Dumping data for table `correcting_timestamp`
--

LOCK TABLES `correcting_timestamp` WRITE;
/*!40000 ALTER TABLE `correcting_timestamp` DISABLE KEYS */;
INSERT INTO `correcting_timestamp` VALUES (1906,0,1179586477.68218,1179586505.00000,'SYS_DELETE_TRANS','unmatched RFID'),(1906,0,1179586480.87218,1179586528.00000,'SYS_DELETE_TRANS','unmatched RFID'),(1906,0,1179586483.92218,1179586528.00000,'SYS_DELETE_TRANS','unmatched RFID'),(1906,0,1179586486.81222,1179586528.00000,'SYS_DELETE_TRANS','unmatched RFID'),(1651,21,1179587636.08005,1179587640.00000,'SYS_DELETE_TRANS','current first lap rider is logging in again'),(8907,6,1179588302.13013,1179588318.00000,'SYS_DELETE_TRANS','current first lap rider is logging in again'),(10080,1,1179588312.36007,1179588340.00000,'SYS_DELETE_TRANS','current first lap rider is logging in again'),(10080,1,1179588313.77008,1179588340.00000,'SYS_DELETE_TRANS','current first lap rider is logging in again'),(10080,1,1179592737.23005,1179592740.00000,'SYS_DELETE_TRANS','lap (0.02 min) is too fast, resetting lap start time'),(14157,9,1179599890.00000,1179608232.00000,'MAN_INSERT_TRANS','remoteUpdate'),(14213,4,1179592720.00000,1179593290.00000,'MAN_INSERT_TRANS','remoteUpdate'),(13786,17,1179593220.00000,1179593658.00000,'MAN_INSERT_TRANS','remoteUpdate'),(1615,15,1179593281.68003,1179593601.00000,'SYS_DELETE_TRANS','lap (0.04 min) is too fast, resetting lap start time'),(2292,15,1179593280.45004,1179593601.00000,'SYS_DELETE_TRANS','new rider log in, cancelling lap after 0.02 min.'),(12629,26,1179632763.67004,1179679489.00000,'SYS_DELETE_TRANS','lap (0.02 min) is too fast, resetting lap start time'),(2292,15,1179593285.19005,1179593601.00000,'MAN_DELETE_TRANS','remoteUpdate'),(1906,0,1179594014.56005,1179594018.00000,'SYS_DELETE_TRANS','unmatched RFID'),(14213,4,1179592721.00000,1179595283.00000,'MAN_INSERT_TRANS','remoteUpdate'),(14213,4,1179595052.80004,1179595192.00000,'MAN_DELETE_TRANS','remoteUpdate'),(14213,4,1179595025.86004,1179595243.00000,'MAN_DELETE_TRANS','remoteUpdate'),(13355,4,1179595038.03005,1179595217.00000,'MAN_DELETE_TRANS','remoteUpdate'),(8980,14,1179595231.53141,1179595258.00000,'SYS_DELETE_TRANS','new rider log in, cancelling lap after 0.03 min.'),(13355,4,1179595035.93004,1179595155.00000,'MAN_DELETE_TRANS','remoteUpdate'),(14213,4,1179595025.00000,1179595324.00000,'MAN_INSERT_TRANS','remoteUpdate'),(14213,4,1179592703.00000,1179595657.00000,'MAN_INSERT_TRANS','remoteUpdate'),(14213,4,1179592720.00000,1179679522.00000,'SYS_DELETE_TRANS','lap (0.02 min) is too fast, resetting lap start time'),(13557,2,1179629764.00000,1179672336.00000,'MAN_INSERT_TRANS','remoteUpdate'),(10017,20,1179598745.91005,1179598765.00000,'SYS_DELETE_TRANS','new rider log in, cancelling lap after 0.16 min.'),(9077,17,1179657376.60005,1179657406.00000,'SYS_DELETE_TRANS','new rider log in, cancelling lap after 0.03 min.'),(13557,2,1179600732.00000,1179600856.00000,'MAN_INSERT_TRANS','remoteUpdate'),(13156,25,1179604461.03004,1179607187.00000,'SYS_DELETE_TRANS','new rider log in, cancelling lap after 0.05 min.'),(13156,25,1179601154.97005,1179607187.00000,'SYS_DELETE_TRANS','lap (0.01 min) is too fast, resetting lap start time'),(13556,0,1179601752.40004,1179601760.00000,'SYS_DELETE_TRANS','unmatched RFID'),(2219,11,1179598453.00000,1179601392.00000,'MAN_INSERT_TRANS','remoteUpdate'),(13156,25,1179618363.50005,1179618387.00000,'SYS_DELETE_TRANS','lap (0.02 min) is too fast, resetting lap start time'),(9077,17,1179613801.07006,1179614554.00000,'SYS_DELETE_TRANS','new rider log in, cancelling lap after 0.04 min.'),(13302,16,1179601754.00000,1179602008.00000,'MAN_INSERT_TRANS','remoteUpdate'),(13156,25,1179601151.72004,1179607187.00000,'SYS_DELETE_TRANS','lap (0.05 min) is too fast, resetting lap start time'),(12406,18,1179604901.69005,1179604907.00000,'SYS_DELETE_TRANS','new rider log in, cancelling lap after 0.01 min.'),(13557,2,1179603367.00000,1179672144.00000,'MAN_INSERT_TRANS','remoteUpdate'),(13106,25,1179593947.59004,1179607187.00000,'SYS_DELETE_TRANS','new rider log in, cancelling lap after 0.03 min.'),(13106,25,1179607132.82006,1179607187.00000,'MAN_DELETE_TRANS','remoteUpdate'),(13302,16,1179613379.53004,1179613404.00000,'SYS_DELETE_TRANS','new rider log in, cancelling lap after 0.01 min.'),(13677,18,1179613615.82004,1179613622.00000,'SYS_DELETE_TRANS','new rider log in, cancelling lap after 0.04 min.'),(11979,17,1179601892.01147,1179614554.00000,'SYS_DELETE_TRANS','lap (0.05 min) is too fast, resetting lap start time'),(13786,17,1179607724.00000,1179614554.00000,'MAN_INSERT_TRANS','remoteUpdate'),(8673,20,1179619343.42005,1179619446.00000,'SYS_DELETE_TRANS','new rider log in, cancelling lap after 1.33 min.'),(12629,26,1179620031.29004,1179679489.00000,'SYS_DELETE_TRANS','lap (0.01 min) is too fast, resetting lap start time'),(12097,19,1179621199.57005,1179650422.00000,'SYS_DELETE_TRANS','new rider log in, cancelling lap after 0.05 min.'),(13302,16,1179622104.89005,1179622117.00000,'SYS_DELETE_TRANS','lap (0.04 min) is too fast, resetting lap start time'),(12463,24,1179624596.05006,1179624626.00000,'SYS_DELETE_TRANS','lap (0.07 min) is too fast, resetting lap start time'),(13218,25,1179625888.98004,1179625911.00000,'SYS_DELETE_TRANS','new rider log in, cancelling lap after 0.03 min.'),(12463,24,1179627741.21004,1179627763.00000,'SYS_DELETE_TRANS','new rider log in, cancelling lap after 0.05 min.'),(13274,15,1179628783.30007,1179628808.00000,'SYS_DELETE_TRANS','new rider log in, cancelling lap after 0.06 min.'),(8774,16,1179631590.57005,1179631641.00000,'SYS_DELETE_TRANS','new rider log in, cancelling lap after 0.63 min.'),(12629,26,1179593549.42004,1179679489.00000,'SYS_DELETE_TRANS','lap (0.02 min) is too fast, resetting lap start time'),(10093,21,1179635255.85005,1179635266.00000,'SYS_DELETE_TRANS','lap (0.02 min) is too fast, resetting lap start time'),(12406,18,1179635709.11005,1179635723.00000,'SYS_DELETE_TRANS','lap (0.09 min) is too fast, resetting lap start time'),(13302,16,1179638302.55004,1179638330.00000,'SYS_DELETE_TRANS','new rider log in, cancelling lap after 0.14 min.'),(12097,19,1179637638.00000,1179650421.00000,'MAN_INSERT_TRANS','remoteUpdate'),(8978,5,1179595224.00000,1179644995.00000,'MAN_INSERT_TRANS','remoteUpdate'),(8978,5,1179598568.00000,1179645114.00000,'MAN_INSERT_TRANS','remoteUpdate'),(8978,5,1179601508.00000,1179645029.00000,'MAN_INSERT_TRANS','remoteUpdate'),(8978,5,1179607640.00000,1179645164.00000,'MAN_INSERT_TRANS','remoteUpdate'),(8978,5,1179592795.00000,1179645085.00000,'MAN_INSERT_TRANS','remoteUpdate'),(1707,12,1179653666.66004,1179653699.00000,'SYS_DELETE_TRANS','lap (0.02 min) is too fast, resetting lap start time'),(8978,5,1179611077.00000,1179645190.00000,'MAN_INSERT_TRANS','remoteUpdate'),(14141,19,1179599915.30003,1179650422.00000,'SYS_DELETE_TRANS','new rider log in, cancelling lap after 0.03 min.'),(13274,15,1179658578.42004,1179658592.00000,'SYS_DELETE_TRANS','lap (0.01 min) is too fast, resetting lap start time'),(8978,5,1179663460.31005,1179679557.00000,'SYS_DELETE_TRANS','lap (0.01 min) is too fast, resetting lap start time'),(14157,9,1179626336.27004,1179666259.00000,'MAN_DELETE_TRANS','remoteUpdate'),(12051,27,1179666745.29004,1179666772.00000,'SYS_DELETE_TRANS','lap (0.06 min) is too fast, resetting lap start time'),(12051,27,1179666749.07005,1179666772.00000,'SYS_DELETE_TRANS','lap (0.02 min) is too fast, resetting lap start time'),(13557,2,1179592850.00000,1179671946.00000,'MAN_INSERT_TRANS','remoteUpdate'),(13557,2,1179612548.00000,1179672201.00000,'MAN_INSERT_TRANS','remoteUpdate'),(13557,2,1179595626.00000,1179671991.00000,'MAN_INSERT_TRANS','remoteUpdate'),(13557,2,1179598146.17004,1179672371.00000,'SYS_DELETE_TRANS','lap (0.06 min) is too fast, resetting lap start time'),(13557,2,1179609016.00000,1179672260.00000,'MAN_INSERT_TRANS','remoteUpdate'),(13557,2,1179633087.00000,1179672371.00000,'MAN_INSERT_TRANS','remoteUpdate'),(8979,24,1179676156.79005,1179676162.00000,'SYS_DELETE_TRANS','lap (0.02 min) is too fast, resetting lap start time'),(1906,0,1179677155.23004,1179677165.00000,'SYS_DELETE_TRANS','unmatched RFID'),(8580,13,1179677531.92004,1179677535.00000,'SYS_DELETE_TRANS','Can\'t start new lap after race finish'),(12629,26,1179673701.69004,1179679489.00000,'MAN_DELETE_TRANS','remoteUpdate'),(13355,4,1179672701.58005,1179679522.00000,'MAN_DELETE_TRANS','remoteUpdate'),(8978,5,1179667028.15004,1179679557.00000,'MAN_DELETE_TRANS','remoteUpdate'),(8979,24,1179682274.37005,1179682286.00000,'SYS_DELETE_TRANS','Can\'t start new lap after race finish');
/*!40000 ALTER TABLE `correcting_timestamp` ENABLE KEYS */;
UNLOCK TABLES;

--
-- Table structure for table `lap_time`
--

DROP TABLE IF EXISTS `lap_time`;
/*!40101 SET @saved_cs_client     = @@character_set_client */;
/*!40101 SET character_set_client = utf8 */;
CREATE TABLE `lap_time` (
  `person_id` int(4) NOT NULL DEFAULT '0',
  `team_id` int(4) NOT NULL DEFAULT '0',
  `last_lap_finish_ts` decimal(16,5) NOT NULL DEFAULT '0.00000',
  `start_rfid` int(8) NOT NULL DEFAULT '0',
  `start_ts` decimal(16,5) NOT NULL DEFAULT '0.00000',
  `finish_rfid` int(8) DEFAULT NULL,
  `finish_ts` decimal(16,5) DEFAULT NULL,
  `lap_time` decimal(16,5) DEFAULT NULL,
  KEY `lap_time__person_id__idx` (`person_id`),
  KEY `lap_time__team_id__idx` (`team_id`)
) ENGINE=MyISAM DEFAULT CHARSET=latin1;
/*!40101 SET character_set_client = @saved_cs_client */;

--
-- Dumping data for table `lap_time`
--

LOCK TABLES `lap_time` WRITE;
/*!40000 ALTER TABLE `lap_time` DISABLE KEYS */;
INSERT INTO `lap_time` VALUES (80,3,1179590400.00000,12548,1179587530.65005,12548,1179592795.65005,2395.65005),(19,21,1179590400.00000,1651,1179587637.50005,1651,1179593802.72004,3402.72004),(56,2,1179633087.00000,13557,1179633088.23004,13557,1179638301.95004,5214.95004),(24,10,1179590400.00000,8760,1179588071.16005,8760,1179593313.16005,2913.16005),(76,25,1179604460.25004,13218,1179604464.12005,13218,1179608201.26005,3741.01001),(32,23,1179590400.00000,8759,1179588239.35004,8759,1179593493.37004,3093.37004),(44,24,1179590400.00000,12369,1179588283.92004,12369,1179593643.95004,3243.95004),(58,6,1179590400.00000,8907,1179588308.58004,8907,1179593292.28004,2892.28004),(63,1,1179590400.00000,10080,1179588315.00005,10080,1179592736.24004,2336.24004),(11,16,1179598861.96004,13302,1179598863.47005,13302,1179601754.00000,2892.03996),(37,14,1179590400.00000,8980,1179588399.58005,8980,1179595216.88005,4816.88005),(72,18,1179590400.00000,12406,1179588433.96004,12406,1179593343.55005,2943.55005),(8,15,1179593277.47005,1615,1179593283.86004,1615,1179597429.43004,4151.95999),(18,19,1179645533.36005,13529,1179645535.14004,13529,1179649412.68006,3879.32001),(49,20,1179590400.00000,12633,1179588644.71004,12633,1179594237.73004,3837.73004),(64,8,1179590400.00000,12859,1179588687.06005,12859,1179593825.94004,3425.94004),(54,12,1179590400.00000,1751,1179588831.31005,1751,1179593061.06005,2661.06005),(59,13,1179590400.00000,8580,1179589199.45004,8580,1179592912.61005,2512.61005),(79,7,1179590400.00000,8681,1179589269.68005,8681,1179593304.90005,2904.90005),(67,17,1179610729.76004,9077,1179610730.81003,9077,1179613800.42007,3070.66003),(69,9,1179626332.65005,14157,1179665027.52005,14157,1179669313.73004,42981.07999),(25,22,1179590400.00000,2049,1179589494.28005,2049,1179594049.40139,3649.40139),(39,11,1179598452.57004,2219,1179598453.00000,2219,1179601259.03004,2806.46000),(83,27,1179590400.00000,12051,1179589652.81005,12051,1179593499.44004,3099.44004),(63,1,1179592736.24004,10080,1179592738.55004,10080,1179595077.93006,2341.69002),(80,3,1179592795.65005,12548,1179592796.64103,12548,1179595208.13005,2412.48000),(62,13,1179592912.61005,8648,1179592915.03004,8648,1179595237.25004,2324.63999),(55,12,1179593061.06005,13484,1179593062.30004,13484,1179595566.69005,2505.63000),(13,16,1179596025.74010,2080,1179596027.47005,2080,1179598861.96004,2836.21994),(39,11,1179595444.74005,2219,1179595446.79004,2219,1179598452.57004,3007.82999),(9,15,1179590400.00000,2292,1179588493.00004,2292,1179593277.47005,2877.47005),(58,6,1179593292.28004,8907,1179593294.94011,8907,1179596253.24004,2960.96000),(79,7,1179593304.90005,8681,1179593306.30004,8681,1179596538.25004,3233.34999),(23,10,1179593313.16005,8725,1179593315.79004,8725,1179597052.86003,3739.69998),(73,18,1179593343.55005,8415,1179593344.90004,8415,1179596275.55005,2932.00000),(69,9,1179621866.97005,14157,1179621868.36004,14157,1179626332.65005,4465.68000),(29,23,1179593493.37004,12910,1179593495.65007,12910,1179596336.22005,2842.85001),(83,27,1179593499.44004,12051,1179593501.83006,12051,1179596703.65005,3204.21001),(82,26,1179668191.27005,12629,1179668192.79393,12629,1179673700.67004,5509.39999),(18,19,1179641789.97004,13529,1179641790.91147,13529,1179645533.36005,3743.39001),(45,24,1179593643.95004,12463,1179593648.90004,12463,1179596477.71004,2833.76000),(65,17,1179607723.26004,13786,1179607724.00000,13786,1179610729.76004,3006.50000),(20,21,1179593802.72004,10093,1179593804.16004,10093,1179597664.85005,3862.13001),(64,8,1179593825.94004,12859,1179593827.71004,12859,1179597393.73143,3567.79139),(75,25,1179601141.66004,13156,1179601155.66004,13156,1179604460.25004,3318.59000),(26,22,1179594049.40139,14113,1179594051.44004,14113,1179597077.92004,3028.51865),(50,20,1179594237.73004,10017,1179594243.48005,10017,1179598738.54003,4500.80999),(57,4,1179668651.34004,13355,1179668652.72005,13355,1179672700.86003,4049.51999),(63,1,1179595077.93006,10080,1179595078.92004,10080,1179597508.63005,2430.69999),(80,3,1179595208.13005,12548,1179595209.02003,12548,1179597750.73009,2542.60004),(81,5,1179663459.23005,8978,1179663461.20005,8978,1179667026.91005,3567.68000),(33,14,1179595216.88005,1976,1179595233.57005,1976,1179598231.72005,3014.84000),(61,13,1179595237.25004,12784,1179595238.79005,12784,1179597700.55005,2463.30001),(57,4,1179665147.55012,13355,1179665148.89006,13355,1179668651.34004,3503.78992),(38,11,1179593105.17004,12316,1179593106.75004,12316,1179595444.74005,2339.57001),(52,12,1179595566.69005,1707,1179595567.92004,1707,1179598165.79004,2599.09999),(56,2,1179629762.61005,13557,1179629764.00000,13557,1179633087.00000,3324.38995),(10,16,1179593071.06005,8774,1179593072.40005,8774,1179596025.74010,2954.68005),(58,6,1179596253.24004,8907,1179596256.17004,8907,1179599512.41004,3259.17000),(70,18,1179596275.55005,12248,1179596277.52005,12248,1179599127.12004,2851.56999),(30,23,1179596336.22005,8504,1179596337.14008,8504,1179599522.37005,3186.15000),(68,17,1179605062.44005,14186,1179605063.72003,14186,1179607723.26004,2660.81999),(42,24,1179596477.71004,8979,1179596489.57005,8979,1179601950.46005,5472.75001),(69,9,1179617954.43005,14157,1179617956.15005,14157,1179621866.97005,3912.54000),(79,7,1179596538.25004,8681,1179596539.68005,8681,1179600341.72005,3803.47001),(83,27,1179596703.65005,12051,1179596704.90004,12051,1179600223.38004,3519.72999),(17,19,1179637634.72048,12097,1179637638.00000,12097,1179641789.97004,4155.24956),(78,25,1179596778.29004,14177,1179596780.10004,14177,1179601141.66004,4363.37000),(82,26,1179663056.46007,12629,1179663058.05005,12629,1179668191.27005,5134.80998),(24,10,1179597052.86003,8760,1179597055.19004,8760,1179600042.95004,2990.09001),(27,22,1179597077.92004,1779,1179597080.62005,1779,1179601601.79005,4523.87001),(64,8,1179597393.73143,12859,1179597394.61004,12859,1179601198.22005,3804.48862),(57,4,1179661401.39005,13355,1179661402.87007,13355,1179665147.55012,3746.16007),(7,15,1179597429.43004,13274,1179597433.69004,13274,1179600540.65005,3111.22001),(63,1,1179597508.63005,10080,1179597509.56004,10080,1179600029.53004,2520.89999),(22,21,1179597664.85005,10016,1179597667.15005,10016,1179600733.74008,3068.89003),(60,13,1179597700.55005,13565,1179597701.71004,13565,1179599929.83005,2229.28000),(80,3,1179597750.73009,12548,1179597751.72004,12548,1179600436.04004,2685.30995),(56,2,1179626680.72004,13557,1179626682.21005,13557,1179629762.61005,3081.89001),(53,12,1179598165.79004,1663,1179598168.67005,1663,1179600760.80276,2595.01272),(36,14,1179598231.72005,8556,1179598233.74008,8556,1179601763.88287,3532.16282),(48,20,1179598738.54003,1901,1179598755.32005,1901,1179601323.52005,2584.98002),(12,16,1179590400.00000,1832,1179588374.15005,1832,1179593071.06005,2671.06005),(66,17,1179601890.27004,11979,1179601894.86004,11979,1179605062.44005,3172.17001),(71,18,1179599127.12004,13677,1179599128.11005,13677,1179602049.26010,2922.14006),(58,6,1179599512.41004,8907,1179599513.87004,8907,1179602580.02005,3067.61001),(31,23,1179599522.37005,12541,1179599524.00005,12541,1179602995.46004,3473.08999),(57,4,1179657790.85005,13355,1179657792.55004,13355,1179661401.39005,3610.54000),(17,19,1179633672.72005,12097,1179633674.65004,12097,1179637634.72048,3962.00043),(59,13,1179599929.83005,8580,1179599932.37004,8580,1179602489.36005,2559.53000),(63,1,1179600029.53004,10080,1179600030.84009,10080,1179602717.11004,2687.58000),(23,10,1179600042.95004,8725,1179600044.33004,8725,1179603903.88009,3860.93005),(83,27,1179600223.38004,12051,1179600224.43003,12051,1179603847.27848,3623.89844),(82,26,1179657972.57004,12629,1179657973.61004,12629,1179663056.46007,5083.89003),(79,7,1179600341.72005,8681,1179600343.30005,8681,1179619415.06003,19073.33998),(80,3,1179600436.04004,12548,1179600437.03005,12548,1179603185.14004,2749.10000),(5,15,1179600540.65005,1965,1179600542.56003,1965,1179603838.78004,3298.12999),(21,21,1179600733.74008,13976,1179600737.83004,13976,1179605321.61005,4587.86997),(54,12,1179600760.80276,1751,1179600761.69004,1751,1179603374.69003,2613.88727),(56,2,1179622281.54005,13557,1179622282.46007,13557,1179626680.72004,4399.17999),(74,25,1179593939.99631,8957,1179593949.17004,8957,1179596778.29004,2838.29373),(64,8,1179601198.22005,12859,1179601199.36004,12859,1179605814.54005,4616.32000),(38,11,1179590400.00000,12316,1179589512.74005,12316,1179593105.17004,2705.17004),(51,20,1179601323.52005,8673,1179601325.53005,8673,1179604664.61005,3341.09000),(38,11,1179601259.03004,12316,1179601260.70218,12316,1179604093.19004,2834.16000),(81,5,1179659678.39003,8978,1179659680.30005,8978,1179663459.23005,3780.84002),(28,22,1179601601.79005,12079,1179601603.72006,12079,1179607631.47005,6029.68000),(35,14,1179601763.88287,13502,1179601766.50005,13502,1179605832.10005,4068.21718),(65,17,1179598965.75004,13786,1179598966.74005,13786,1179601890.27004,2924.52000),(46,24,1179601950.46005,1633,1179601954.09014,1633,1179604821.42018,2870.96013),(12,16,1179601754.00000,1832,1179601755.38003,1832,1179604424.23004,2670.23004),(72,18,1179602049.26010,12406,1179602051.65005,12406,1179604901.05004,2851.78994),(57,4,1179654004.62008,13355,1179654006.41004,13355,1179657790.85005,3786.22997),(62,13,1179602489.36005,8648,1179602491.58005,8648,1179604849.71004,2360.34999),(58,6,1179602580.02005,8907,1179602581.36005,8907,1179605760.02003,3179.99998),(63,1,1179602717.11004,10080,1179602717.99004,10080,1179605554.26004,2837.15000),(32,23,1179602995.46004,8759,1179602998.29026,8759,1179606079.57005,3084.11001),(80,3,1179603185.14004,12548,1179603186.30005,12548,1179605896.30005,2711.16001),(69,9,1179614253.47004,14157,1179614255.25005,14157,1179617954.43005,3700.96001),(55,12,1179603374.69003,13484,1179603376.25004,13484,1179605940.49004,2565.80001),(15,19,1179628423.60003,8666,1179628425.13004,8666,1179633672.72005,5249.12002),(9,15,1179603838.78004,2292,1179603840.81005,2292,1179606730.56007,2891.78003),(83,27,1179603847.27848,12051,1179603848.64006,12051,1179607900.06004,4052.78156),(82,26,1179652142.22011,12629,1179652143.57010,12629,1179657972.57004,5830.34993),(24,10,1179603903.88009,8760,1179603908.28005,8760,1179606960.91004,3057.02995),(39,11,1179604093.19004,2219,1179604094.42004,2219,1179607150.37005,3057.18001),(81,5,1179644283.01005,8978,1179644284.82006,8978,1179659678.39003,15395.37998),(10,16,1179604424.23004,8774,1179604424.87004,8774,1179607425.96005,3001.73001),(77,25,1179590400.00000,13106,1179588235.79005,13106,1179593939.99631,3539.99631),(49,20,1179604664.61005,12633,1179604682.88004,12633,1179609511.27005,4846.66000),(47,24,1179604821.42018,14168,1179604823.11006,14168,1179609314.29006,4492.86988),(61,13,1179604849.71004,12784,1179604851.29005,12784,1179607299.09004,2449.38000),(73,18,1179604901.05004,8415,1179604901.99009,8415,1179607781.78005,2880.73001),(57,4,1179650375.28005,13355,1179650376.39004,13355,1179654004.62008,3629.34003),(68,17,1179596348.71004,14186,1179596349.94005,14186,1179598965.75004,2617.04000),(19,21,1179605321.61005,1651,1179605323.42005,1651,1179608770.67004,3449.05999),(63,1,1179605554.26004,10080,1179605555.35004,10080,1179608483.14005,2928.88001),(58,6,1179605760.02003,8907,1179605761.86005,8907,1179609140.79004,3380.77001),(64,8,1179605814.54005,12859,1179605815.51004,12859,1179610389.62004,4575.07999),(34,14,1179605832.10005,9096,1179605834.73005,9096,1179609935.92005,4103.82000),(80,3,1179605896.30005,12548,1179605897.19003,12548,1179608845.32005,2949.02000),(52,12,1179605940.49004,1707,1179605942.35005,1707,1179608596.89005,2656.40001),(29,23,1179606079.57005,12910,1179606081.15005,12910,1179608895.36004,2815.78999),(56,2,1179619015.48005,13557,1179619016.53004,13557,1179622281.54005,3266.06000),(8,15,1179606730.56007,1615,1179606731.71005,1615,1179610866.45011,4135.89004),(69,9,1179610601.72005,14157,1179610605.85005,14157,1179614253.47004,3651.74999),(23,10,1179606960.91004,8725,1179606962.69019,8725,1179610962.74007,4001.83003),(16,19,1179624764.88005,14141,1179624766.39007,14141,1179628423.60003,3658.71998),(38,11,1179607150.37005,12316,1179607151.68007,12316,1179609976.08006,2825.71001),(60,13,1179607299.09004,13565,1179607301.88729,13565,1179609675.06003,2375.96999),(13,16,1179607425.96005,2080,1179607427.65005,2080,1179610349.45004,2923.48999),(25,22,1179607631.47005,2049,1179607633.40005,2049,1179611446.60004,3815.12999),(57,4,1179647071.14005,13355,1179647072.21005,13355,1179650375.28005,3304.14000),(82,26,1179647307.83005,12629,1179647308.64006,12629,1179652142.22011,4834.39006),(70,18,1179607781.78005,12248,1179607784.42005,12248,1179610638.72004,2856.93999),(83,27,1179607900.06004,12051,1179607901.40006,12051,1179611364.68005,3464.62001),(77,25,1179608201.26005,13106,1179608217.65005,13106,1179611461.97005,3260.71000),(69,9,1179606886.51004,14157,1179606888.25004,14157,1179610601.72005,3715.21001),(63,1,1179608483.14005,10080,1179608484.37005,10080,1179611349.37004,2866.22999),(53,12,1179608596.89005,1663,1179608598.17025,1663,1179611217.60005,2620.71000),(20,21,1179608770.67004,10093,1179608773.42005,10093,1179612477.64004,3706.97000),(80,3,1179608845.32005,12548,1179608846.20005,12548,1179611668.20005,2822.88000),(30,23,1179608895.36004,8504,1179608897.80009,8504,1179611909.79005,3014.43001),(58,6,1179609140.79004,8907,1179609142.06004,8907,1179612879.35004,3738.56000),(43,24,1179609314.29006,13600,1179609319.53004,13600,1179612901.67004,3587.37998),(50,20,1179609511.27005,10017,1179609514.25005,10017,1179613100.37006,3589.10001),(59,13,1179609675.06003,8580,1179609677.21005,8580,1179612171.00004,2495.94001),(37,14,1179609935.92005,8980,1179609937.45010,8980,1179613287.74005,3351.82000),(39,11,1179609976.08006,2219,1179609977.66007,2219,1179613263.43004,3287.34998),(57,4,1179643616.10006,13355,1179643617.47006,13355,1179647071.14005,3455.03999),(11,16,1179610349.45004,13302,1179610351.03005,13302,1179613376.48004,3027.03000),(64,8,1179610389.62004,12859,1179610390.59004,12859,1179614790.81004,4401.19000),(69,9,1179603325.12005,14157,1179603327.16005,14157,1179606886.51004,3561.38999),(71,18,1179610638.72004,13677,1179610640.30003,13677,1179613613.66005,2974.94001),(66,17,1179593220.00000,11979,1179593221.68005,11979,1179596348.71004,3128.71004),(18,19,1179621194.79004,13529,1179621202.70005,13529,1179624764.88005,3570.09001),(7,15,1179610866.45011,13274,1179610869.15004,13274,1179614155.48003,3289.02992),(24,10,1179610962.74007,8760,1179610964.68005,8760,1179613963.88007,3001.14000),(81,5,1179640105.55005,8978,1179640106.87004,8978,1179644283.01005,4177.46000),(54,12,1179611217.60005,1751,1179611218.52005,1751,1179613876.85004,2659.24999),(63,1,1179611349.37004,10080,1179611350.33004,10080,1179614307.32217,2957.95213),(83,27,1179611364.68005,12051,1179611366.13640,12051,1179615271.12005,3906.44000),(26,22,1179611446.60004,14113,1179611449.04004,14113,1179614491.04005,3044.44001),(74,25,1179611461.97005,8957,1179611465.49004,8957,1179614326.20004,2864.22999),(80,3,1179611668.20005,12548,1179611669.09004,12548,1179614746.30004,3078.09999),(82,26,1179642463.95005,12629,1179642465.51005,12629,1179647307.83005,4843.88000),(31,23,1179611909.79005,12541,1179611911.01004,12541,1179615659.03005,3749.24000),(62,13,1179612171.00004,8648,1179612172.55004,8648,1179614600.53005,2429.53001),(22,21,1179612477.64004,10016,1179612479.22008,10016,1179615616.72005,3139.08001),(56,2,1179615944.98004,13557,1179615945.70004,13557,1179619015.48005,3070.50001),(58,6,1179612879.35004,8907,1179612880.66004,8907,1179616753.72004,3874.37000),(41,24,1179612901.67004,1819,1179612903.90005,1819,1179616593.44005,3691.77001),(57,4,1179640297.19004,13355,1179640298.77004,13355,1179643616.10006,3318.91002),(48,20,1179613100.37006,1901,1179613102.07004,1901,1179615841.88010,2741.51004),(38,11,1179613263.43004,12316,1179613264.66005,12316,1179616157.40005,2893.97001),(33,14,1179613287.74005,1976,1179613289.75005,1976,1179616208.13004,2920.38999),(12,16,1179613376.48004,1832,1179613380.31004,1832,1179616037.17005,2660.69001),(72,18,1179613613.66005,12406,1179613618.02004,12406,1179616576.84005,2963.18000),(65,17,1179590400.00000,13786,1179589423.07004,13786,1179593220.00000,2820.00000),(55,12,1179613876.85004,13484,1179613878.73005,13484,1179616465.90005,2589.05001),(17,19,1179617782.94004,12097,1179617784.62005,12097,1179621194.79004,3411.85000),(81,5,1179636678.95005,8978,1179636680.53005,8978,1179640105.55005,3426.60000),(5,15,1179614155.48003,1965,1179614157.57005,1965,1179617487.11005,3331.63002),(69,9,1179599889.40004,14157,1179599890.00000,14157,1179603325.12005,3435.72001),(63,1,1179614307.32217,10080,1179614308.58005,10080,1179617397.41004,3090.08787),(78,25,1179614326.20004,14177,1179614327.46017,14177,1179618357.96004,4031.76000),(27,22,1179614491.04005,1779,1179614493.25004,1779,1179619440.14004,4949.09999),(66,17,1179613800.42007,11979,1179613803.60005,11979,1179616935.04004,3134.61997),(61,13,1179614600.53005,12784,1179614601.87011,12784,1179617072.42004,2471.88999),(80,3,1179614746.30004,12548,1179614747.53005,12548,1179618196.03004,3449.73000),(64,8,1179614790.81004,12859,1179614791.89005,12859,1179620281.94005,5491.13001),(83,27,1179615271.12005,12051,1179615272.20004,12051,1179619383.40005,4112.28000),(57,4,1179637000.91006,13355,1179637002.27007,13355,1179640297.19004,3296.27998),(21,21,1179615616.72005,13976,1179615618.65005,13976,1179620043.69004,4426.96999),(32,23,1179615659.03005,8759,1179615661.52004,8759,1179618793.57006,3134.54001),(82,26,1179637371.94006,12629,1179637373.31005,12629,1179642463.95005,5092.00999),(51,20,1179615841.88010,8673,1179615843.50004,8673,1179619341.05004,3499.16994),(56,2,1179612547.82005,13557,1179612548.00000,13557,1179615944.98004,3397.15999),(10,16,1179616037.17005,8774,1179616037.91004,8774,1179619167.52004,3130.34999),(39,11,1179616157.40005,2219,1179616158.68010,2219,1179619234.29004,3076.88999),(36,14,1179616208.13004,8556,1179616210.75005,8556,1179620059.56005,3851.43001),(52,12,1179616465.90005,1707,1179616468.21005,1707,1179619116.31005,2650.41000),(73,18,1179616576.84005,8415,1179616577.52004,8415,1179619559.24003,2982.39998),(40,24,1179616593.44005,1869,1179616596.96004,1869,1179621340.25004,4746.80999),(58,6,1179616753.72004,8907,1179616755.76004,8907,1179621401.93004,4648.21000),(68,17,1179616935.04004,14186,1179616937.06005,14186,1179619567.75004,2632.71000),(60,13,1179617072.42004,13565,1179617073.45005,13565,1179619586.19005,2513.77001),(81,5,1179624621.52007,8978,1179624623.19004,8978,1179636678.95005,12057.42998),(63,1,1179617397.41004,10080,1179617398.64004,10080,1179620640.97005,3243.56001),(9,15,1179617487.11005,2292,1179617490.88004,2292,1179620384.15010,2897.04005),(15,19,1179614062.57005,8666,1179614064.15005,8666,1179617782.94004,3720.36999),(69,9,1179596495.66004,14157,1179596497.35005,14157,1179599889.40004,3393.74000),(80,3,1179618196.03004,12548,1179618197.61004,12548,1179621873.54005,3677.51001),(57,4,1179633830.89004,13355,1179633832.20004,13355,1179637000.91006,3170.02002),(75,25,1179618357.96004,13156,1179618364.64004,13156,1179621656.95005,3298.99001),(23,10,1179613963.88007,8725,1179618675.93004,8725,1179622922.68005,8958.79998),(29,23,1179618793.57006,12910,1179618798.41003,12910,1179621758.11005,2964.53999),(56,2,1179609015.64005,13557,1179609016.00000,13557,1179612547.82005,3532.18000),(53,12,1179619116.31005,1663,1179619117.83005,1663,1179621776.86004,2660.54999),(13,16,1179619167.52004,2080,1179619168.86005,2080,1179622103.55004,2936.03000),(38,11,1179619234.29004,12316,1179619235.29004,12316,1179622302.22009,3067.93005),(49,20,1179619341.05004,12633,1179619423.16005,12633,1179623951.20006,4610.15002),(83,27,1179619383.40005,12051,1179619385.45003,12051,1179624438.61007,5055.21002),(28,22,1179619440.14004,12079,1179619441.95005,12079,1179625729.50004,6289.36000),(70,18,1179619559.24003,12248,1179619562.11004,12248,1179622553.13005,2993.89002),(67,17,1179619567.75004,9077,1179619569.44004,9077,1179622696.37005,3128.62001),(59,13,1179619586.19005,8580,1179619588.82005,8580,1179622120.04005,2533.85000),(82,26,1179632762.68004,12629,1179632765.01004,12629,1179637371.94006,4609.26002),(19,21,1179620043.69004,1651,1179620046.32004,1651,1179624059.59006,4015.90002),(36,14,1179620059.56005,8556,1179620061.14004,8556,1179624548.44007,4488.88002),(64,8,1179620281.94005,12859,1179620282.86004,12859,1179624535.49005,4253.55000),(81,5,1179620359.54005,8978,1179620360.45004,8978,1179624621.52007,4261.98002),(8,15,1179620384.15010,1615,1179620386.20004,1615,1179624868.49007,4484.33997),(63,1,1179620640.97005,10080,1179620641.89004,10080,1179623780.11006,3139.14001),(57,4,1179630620.03005,13355,1179630623.93006,13355,1179633830.89004,3210.85999),(16,19,1179610757.97004,14141,1179610759.55005,14141,1179614062.57005,3304.60001),(44,24,1179621340.25004,12369,1179621341.91004,12369,1179624594.48005,3254.23001),(58,6,1179621401.93004,8907,1179621403.51004,8907,1179625222.84004,3820.91000),(76,25,1179621656.95005,13218,1179621658.29005,13218,1179625881.63003,4224.67998),(30,23,1179621758.11005,8504,1179621758.87004,8504,1179625559.52005,3801.41000),(54,12,1179621776.86004,1751,1179621778.11005,1751,1179624777.40006,3000.54002),(69,9,1179593347.62004,14157,1179593351.50004,14157,1179596495.66004,3148.04000),(80,3,1179621873.54005,12548,1179621874.81004,12548,1179625286.86007,3413.32002),(11,16,1179622103.55004,13302,1179622107.08004,13302,1179625329.39005,3225.84001),(62,13,1179622120.04005,8648,1179622121.62005,8648,1179624713.95005,2593.91000),(56,2,1179606106.23004,13557,1179606107.11004,13557,1179609015.64005,2909.41001),(38,11,1179622302.22009,12316,1179622303.34004,12316,1179625621.22008,3318.99999),(65,17,1179622696.37005,13786,1179622698.65005,13786,1179626398.41005,3702.04000),(24,10,1179622922.68005,8760,1179622930.64005,8760,1179626303.67004,3380.98999),(63,1,1179623780.11006,10080,1179623781.34006,10080,1179626920.31005,3140.19999),(49,20,1179623951.20006,12633,1179623953.17006,12633,1179629900.33006,5949.13000),(57,4,1179627317.25004,13355,1179627318.41004,13355,1179630620.03005,3302.78001),(20,21,1179624059.59006,10093,1179624375.55005,10093,1179630327.49007,6267.90001),(83,27,1179624438.61007,12051,1179624439.99006,12051,1179634243.65004,9805.03997),(82,26,1179628650.07005,12629,1179628651.18004,12629,1179632762.68004,4112.60999),(64,8,1179624535.49005,12859,1179624536.97005,12859,1179630209.27008,5673.78003),(35,14,1179624548.44007,13502,1179624552.05008,13502,1179629844.29005,5295.84998),(45,24,1179624594.48005,12463,1179624600.04005,12463,1179627733.12003,3138.63998),(81,5,1179617228.87004,8978,1179617229.86004,8978,1179620359.54005,3130.67001),(61,13,1179624713.95005,12784,1179624715.27008,12784,1179627340.83005,2626.88000),(18,19,1179607029.07005,13529,1179607034.76005,13529,1179610757.97004,3728.89999),(55,12,1179624777.40006,13484,1179624778.90006,13484,1179627875.50009,3098.10003),(7,15,1179624868.49007,13274,1179624869.86005,13274,1179628780.75007,3912.26000),(58,6,1179625222.84004,8907,1179625224.28004,8907,1179629118.39005,3895.55001),(80,3,1179625286.86007,12548,1179625289.05004,12548,1179629124.12007,3837.26000),(12,16,1179625329.39005,1832,1179625338.42005,1832,1179628242.09004,2912.69999),(31,23,1179625559.52005,12541,1179625562.12005,12541,1179630200.44004,4640.91999),(39,11,1179625621.22008,2219,1179625625.27004,2219,1179629006.92007,3385.69999),(25,22,1179625729.50004,2049,1179625733.14003,2049,1179630678.59005,4949.09001),(74,25,1179625881.63003,8957,1179625890.95004,8957,1179629561.24008,3679.61005),(69,9,1179590400.00000,14157,1179589452.10004,14157,1179593347.62004,2947.62004),(66,17,1179626398.41005,11979,1179626402.82006,11979,1179630191.74004,3793.32999),(56,2,1179603365.55004,13557,1179603367.00000,13557,1179606106.23004,2740.68000),(63,1,1179626920.31005,10080,1179626921.31004,10080,1179630020.16007,3099.85002),(57,4,1179624098.11004,13355,1179624100.09004,13355,1179627317.25004,3219.14000),(60,13,1179627340.83005,13565,1179627342.18004,13565,1179630084.14007,2743.31002),(73,18,1179622553.13005,8415,1179627377.25005,8415,1179630898.36005,8345.23000),(46,24,1179627733.12003,1633,1179627744.19004,1633,1179630918.11004,3184.99001),(55,12,1179627875.50009,13484,1179627878.11004,13484,1179631038.79005,3163.28996),(10,16,1179628242.09004,8774,1179628243.69725,8774,1179631589.92005,3347.83001),(17,19,1179603761.94025,12097,1179603764.21004,12097,1179607029.07005,3267.12980),(82,26,1179624444.25007,12629,1179624445.24005,12629,1179628650.07005,4205.81998),(5,15,1179628780.75007,1965,1179628786.73142,1965,1179632655.48004,3874.72997),(39,11,1179629006.92007,2219,1179629008.80007,2219,1179632745.79004,3738.86997),(58,6,1179629118.39005,8907,1179629119.70014,8907,1179633414.93004,4296.53999),(80,3,1179629124.12007,12548,1179629125.39004,12548,1179634655.67004,5531.54997),(78,25,1179629561.24008,14177,1179629562.24007,14177,1179634425.03004,4863.78996),(50,20,1179629900.33006,10017,1179629908.49004,10017,1179633607.02005,3706.68999),(63,1,1179630020.16007,10080,1179630021.25005,10080,1179633276.94005,3256.77998),(59,13,1179630084.14007,8580,1179630087.45005,8580,1179632861.67004,2777.52997),(68,17,1179630191.74004,14186,1179630192.48004,14186,1179633092.41004,2900.67000),(32,23,1179630200.44004,8759,1179630203.41008,8759,1179634031.55007,3831.11003),(64,8,1179630209.27008,12859,1179630210.24005,12859,1179651398.91004,21189.63996),(19,21,1179630327.49007,1651,1179630334.04005,1651,1179634608.85005,4281.35998),(57,4,1179621103.88009,13355,1179621104.92004,13355,1179624098.11004,2994.22995),(26,22,1179630678.59005,14113,1179630692.33004,14113,1179634147.87004,3469.27999),(43,24,1179630918.11004,13600,1179630921.09003,13600,1179634943.67004,4025.56000),(52,12,1179631038.79005,1707,1179631051.05005,1707,1179634288.47005,3249.68000),(37,14,1179629844.29005,8980,1179631073.42006,8980,1179635764.40005,5920.11000),(13,16,1179631589.92005,2080,1179631628.57005,2080,1179634893.81005,3303.89000),(72,18,1179630898.36005,12406,1179632437.28006,12406,1179635670.14005,4771.78000),(9,15,1179632655.48004,2292,1179632656.87004,2292,1179635984.64005,3329.16001),(39,11,1179632745.79004,2219,1179632747.25005,2219,1179636542.92007,3797.13003),(82,26,1179620030.65005,12629,1179620031.97004,12629,1179624444.25007,4413.60002),(62,13,1179632861.67004,8648,1179632863.83004,8648,1179635693.04004,2831.37000),(56,2,1179600731.39005,13557,1179600732.00000,13557,1179603365.55004,2634.15999),(67,17,1179633092.41004,9077,1179633094.10004,9077,1179636825.29007,3732.88003),(63,1,1179633276.94005,10080,1179633278.18004,10080,1179636475.72004,3198.77999),(58,6,1179633414.93004,8907,1179633416.55004,8907,1179637829.08005,4414.15001),(50,20,1179633607.02005,10017,1179633621.52004,10017,1179637475.12005,3868.10000),(15,19,1179599905.94004,8666,1179599917.08005,8666,1179603761.94025,3856.00021),(57,4,1179618335.02005,13355,1179618336.02003,13355,1179621103.88009,2768.86004),(29,23,1179634031.55007,12910,1179634034.55005,12910,1179637454.39007,3422.84000),(83,27,1179634243.65004,12051,1179634245.34008,12051,1179649663.14004,15419.49000),(52,12,1179634288.47005,1707,1179634290.54005,1707,1179637647.61004,3359.13999),(80,3,1179634655.67004,12548,1179634657.21005,12548,1179638573.49004,3917.82000),(27,22,1179634147.87004,1779,1179634779.31004,1779,1179640537.20004,6389.33000),(11,16,1179634893.81005,13302,1179634895.74005,13302,1179638301.10005,3407.29000),(41,24,1179634943.67004,1819,1179634959.28004,1819,1179639202.13007,4258.46003),(20,21,1179634608.85005,10093,1179635257.20004,10093,1179640624.70007,6015.85002),(59,13,1179635693.04004,8580,1179635696.48004,8580,1179638613.05006,2920.01002),(72,18,1179635670.14005,12406,1179635714.49005,12406,1179639951.03005,4280.89000),(37,14,1179635764.40005,8980,1179635766.07005,8980,1179640986.52080,5222.12075),(8,15,1179635984.64005,1615,1179636120.33004,1615,1179641398.59007,5413.95002),(63,1,1179636475.72004,10080,1179636476.95007,10080,1179639833.78005,3358.06001),(38,11,1179636542.92007,12316,1179636546.95006,12316,1179639877.97005,3335.04998),(81,5,1179614096.95003,8978,1179614098.18004,8978,1179617228.87004,3131.92001),(65,17,1179636825.29007,13786,1179636827.65007,13786,1179641052.38005,4227.08998),(57,4,1179615608.91005,13355,1179615611.54005,13355,1179618335.02005,2726.11000),(82,26,1179615763.74006,12629,1179615765.08005,12629,1179620030.65005,4266.90999),(30,23,1179637454.39007,8504,1179637455.62007,8504,1179641143.74006,3689.34999),(48,20,1179637475.12005,1901,1179637478.10005,1901,1179640840.78099,3365.66094),(53,12,1179637647.61004,1663,1179637649.43004,1663,1179640679.85007,3032.24003),(58,6,1179637829.08005,8907,1179637831.59004,8907,1179642657.28005,4828.20000),(12,16,1179638301.10005,1832,1179638311.23005,1832,1179641203.84009,2902.74004),(80,3,1179638573.49004,12548,1179638574.80007,12548,1179642848.44004,4274.95000),(62,13,1179638613.05006,8648,1179638614.86004,8648,1179641632.34006,3019.29000),(40,24,1179639202.13007,1869,1179639203.54004,1869,1179644991.97005,5789.83998),(63,1,1179639833.78005,10080,1179639834.94005,10080,1179643741.37017,3907.59012),(38,11,1179639877.97005,12316,1179639879.23005,12316,1179643426.10005,3548.13000),(81,5,1179611077.00000,8978,1179611080.60005,8978,1179614096.95003,3019.95003),(57,4,1179612985.73003,13355,1179612986.72004,13355,1179615608.91005,2623.18002),(22,21,1179640624.70007,10016,1179640626.37004,10016,1179644769.48004,4144.77997),(53,12,1179640679.85007,1663,1179640682.77044,1663,1179644080.71005,3400.85998),(48,20,1179640840.78099,1901,1179640855.66006,1901,1179644009.67004,3168.88905),(28,22,1179640537.20004,12079,1179640880.77054,12079,1179648139.77011,7602.57007),(66,17,1179641052.38005,11979,1179641056.20005,11979,1179644471.78004,3419.39999),(31,23,1179641143.74006,12541,1179641145.21006,12541,1179645588.70004,4444.95998),(10,16,1179641203.84009,8774,1179641205.07008,8774,1179644649.15005,3445.30996),(7,15,1179641398.59007,13274,1179641398.97008,13274,1179645336.23004,3937.63997),(61,13,1179641632.34006,12784,1179641636.48007,12784,1179644273.05005,2640.70999),(16,19,1179596772.10005,14141,1179596773.56005,14141,1179599905.94004,3133.83999),(33,14,1179640986.52080,1976,1179641979.91004,1976,1179645605.72005,4619.19925),(82,26,1179611736.62004,12629,1179611737.61004,12629,1179615763.74006,4027.12002),(58,6,1179642657.28005,8907,1179642660.02005,8907,1179647613.23008,4955.95003),(80,3,1179642848.44004,12548,1179642849.70005,12548,1179647450.88005,4602.44001),(38,11,1179643426.10005,12316,1179643426.98005,12316,1179646903.81006,3477.71001),(57,4,1179610335.24005,13355,1179610336.23005,13355,1179612985.73003,2650.48998),(63,1,1179643741.37017,10080,1179643742.60037,10080,1179647243.15004,3501.77987),(51,20,1179644009.67004,8673,1179644013.20036,8673,1179648131.30005,4121.63001),(54,12,1179644080.71005,1751,1179644083.26005,1751,1179647061.78005,2981.07000),(81,5,1179607638.78005,8978,1179607640.00000,8978,1179611077.00000,3438.21995),(61,13,1179644273.05005,12784,1179644295.03004,12784,1179647284.02004,3010.96999),(68,17,1179644471.78004,14186,1179644474.09004,14186,1179647532.67004,3060.89000),(13,16,1179644649.15005,2080,1179644652.86004,2080,1179648031.30009,3382.15004),(45,24,1179644991.97005,12463,1179645012.44005,12463,1179648718.21007,3726.24002),(81,5,1179604372.13004,8978,1179604373.47005,8978,1179607638.78005,3266.65001),(81,5,1179601508.00000,8978,1179601511.39005,8978,1179604372.13004,2864.13004),(81,5,1179598565.94004,8978,1179598568.00000,8978,1179601508.00000,2942.05996),(5,15,1179645336.23004,1965,1179645467.51003,1965,1179649573.89004,4237.66000),(18,19,1179593557.12004,13529,1179593558.93004,13529,1179596772.10005,3214.98001),(22,21,1179644769.48004,10016,1179645585.02144,10016,1179649331.80011,4562.32007),(32,23,1179645588.70004,8759,1179645594.06005,8759,1179649771.19004,4182.49000),(33,14,1179645605.72005,1976,1179645608.61010,1976,1179649099.08006,3493.36001),(38,11,1179646903.81006,12316,1179646904.73007,12316,1179650461.59005,3557.77999),(54,12,1179647061.78005,1751,1179647063.09009,1751,1179650197.99004,3136.20999),(57,4,1179607649.39005,13355,1179607650.50013,13355,1179610335.24005,2685.85000),(63,1,1179647243.15004,10080,1179647244.24007,10080,1179650869.53005,3626.38001),(60,13,1179647284.02004,13565,1179647286.00007,13565,1179649865.03005,2581.01001),(82,26,1179607734.50005,12629,1179607735.85004,12629,1179611736.62004,4002.11999),(80,3,1179647450.88005,12548,1179647452.49004,12548,1179652463.73005,5012.85000),(68,17,1179647532.67004,14186,1179647553.22005,14186,1179650876.79003,3344.11999),(58,6,1179647613.23008,8907,1179647614.85005,8907,1179652940.68004,5327.44996),(11,16,1179648031.30009,13302,1179648058.13009,13302,1179651755.59004,3724.28995),(51,20,1179648131.30005,8673,1179648152.17005,8673,1179653058.11005,4926.81000),(25,22,1179648139.77011,2049,1179648692.76008,2049,1179653926.29004,5786.51993),(46,24,1179648718.21007,1633,1179648728.96006,1633,1179652253.33005,3535.11998),(19,21,1179649331.80011,1651,1179649333.77016,1651,1179654274.70004,4942.89993),(17,19,1179590400.00000,12097,1179588512.35005,12097,1179593557.12004,3157.12004),(9,15,1179649573.89004,2292,1179649576.75004,2292,1179653140.74005,3566.85001),(83,27,1179649663.14004,12051,1179649664.51004,12051,1179656636.97005,6973.83001),(29,23,1179649771.19004,12910,1179649776.00004,12910,1179653548.29005,3777.10001),(60,13,1179649865.03005,13565,1179649866.35004,13565,1179652514.24004,2649.20999),(55,12,1179650197.99004,13484,1179650200.04367,13484,1179653595.31005,3397.32001),(57,4,1179605029.63004,13355,1179605030.69004,13355,1179607649.39005,2619.76001),(16,19,1179649412.68006,14141,1179649414.30006,14141,1179653097.37005,3684.68999),(38,11,1179650461.59005,12316,1179650462.50005,12316,1179653825.76008,3364.17003),(63,1,1179650869.53005,10080,1179650870.53004,10080,1179655390.11006,4520.58001),(66,17,1179650876.79003,11979,1179650881.58005,11979,1179653643.07006,2766.28003),(36,14,1179649099.08006,8556,1179650917.66005,8556,1179656005.87005,6906.78999),(64,8,1179651398.91004,12859,1179651399.83004,12859,1179656647.07006,5248.16002),(12,16,1179651755.59004,1832,1179651769.67006,1832,1179654733.40007,2977.81003),(82,26,1179603853.17004,12629,1179603854.17004,12629,1179607734.50005,3881.33001),(80,3,1179652463.73005,12548,1179652465.05004,12548,1179657779.24010,5315.51005),(59,13,1179652514.24004,8580,1179652524.43004,8580,1179655521.09006,3006.85002),(58,6,1179652940.68004,8907,1179652942.34005,8907,1179658052.61005,5111.93001),(16,19,1179653097.37005,14141,1179653099.85005,14141,1179657178.96004,4081.58999),(49,20,1179653058.11005,12633,1179653119.71005,12633,1179658139.27004,5081.15999),(8,15,1179653140.74005,1615,1179653336.38005,1615,1179658410.72004,5269.97999),(30,23,1179653548.29005,8504,1179653550.43006,8504,1179657266.76005,3718.47000),(67,17,1179653643.07006,9077,1179653645.00005,9077,1179657368.97005,3725.89999),(52,12,1179653595.31005,1707,1179653667.74005,1707,1179657083.17005,3487.86000),(26,22,1179653926.29004,14113,1179653955.49005,14113,1179657509.10004,3582.81000),(39,11,1179653825.76008,2219,1179653992.48005,2219,1179657995.12005,4169.35997),(57,4,1179602415.63005,13355,1179602416.95005,13355,1179605029.63004,2613.99999),(10,16,1179654733.40007,8774,1179654734.29004,8774,1179658191.21004,3457.80997),(63,1,1179655390.11006,10080,1179655391.30006,10080,1179659347.58005,3957.46999),(62,13,1179655521.09006,8648,1179655522.69006,8648,1179659297.45003,3776.35997),(70,18,1179639951.03005,12248,1179655996.26005,12248,1179659442.44005,19491.41000),(77,25,1179634425.03004,13106,1179656508.28008,13106,1179660214.82005,25789.79001),(64,8,1179656647.07006,12859,1179656647.98010,12859,1179662262.84080,5615.77074),(53,12,1179657083.17005,1663,1179657084.75009,1663,1179660767.31004,3684.13999),(15,19,1179657178.96004,8666,1179657182.01007,8666,1179661916.12333,4737.16329),(31,23,1179657266.76005,12541,1179657268.77004,12541,1179661384.31004,4117.54999),(24,10,1179626303.67004,8760,1179657302.58006,8760,1179660574.66004,34270.99000),(65,17,1179657368.97005,13786,1179657378.56004,13786,1179661022.58004,3653.60999),(19,21,1179654274.70004,1651,1179657662.03005,1651,1179661738.58004,7463.88000),(80,3,1179657779.24010,12548,1179657780.86005,12548,1179661641.02005,3861.77995),(57,4,1179599883.57004,13355,1179599884.56005,13355,1179602415.63005,2532.06001),(82,26,1179600229.96004,12629,1179600231.19006,12629,1179603853.17004,3623.21000),(26,22,1179657509.10004,14113,1179658023.68008,14113,1179661931.39005,4422.29001),(58,6,1179658052.61005,8907,1179658053.88010,8907,1179663327.93004,5275.31999),(50,20,1179658139.27004,10017,1179658142.52005,10017,1179662497.20628,4357.93624),(13,16,1179658191.21004,2080,1179658194.30004,2080,1179661149.97004,2958.76000),(34,14,1179656005.87005,9096,1179658214.32005,9096,1179663018.46004,7012.58999),(7,15,1179658410.72004,13274,1179658579.19010,13274,1179662356.17006,3945.45002),(61,13,1179659297.45003,12784,1179659299.31005,12784,1179661870.31004,2572.86001),(63,1,1179659347.58005,10080,1179659348.47004,10080,1179663153.12004,3805.53999),(70,18,1179659442.44005,12248,1179659444.83005,12248,1179663209.91005,3767.47000),(81,5,1179595222.99004,8978,1179595224.00000,8978,1179598565.94004,3342.95000),(77,25,1179660214.82005,13106,1179660237.93004,13106,1179663804.13005,3589.31000),(24,10,1179660574.66004,8760,1179660576.01004,8760,1179663857.44004,3282.78000),(54,12,1179660767.31004,1751,1179660768.89004,1751,1179663737.26005,2969.95001),(67,17,1179661022.58004,9077,1179661024.08005,9077,1179664522.56004,3499.98000),(44,24,1179652253.33005,12369,1179661177.16005,12369,1179664769.52004,12516.18999),(11,16,1179661149.97004,13302,1179661237.01004,13302,1179664420.95006,3270.98002),(32,23,1179661384.31004,8759,1179661388.76004,8759,1179664977.74005,3593.43001),(57,4,1179597420.46004,13355,1179597421.80005,13355,1179599883.57004,2463.11000),(80,3,1179661641.02005,12548,1179661642.60005,12548,1179666475.99003,4834.96998),(22,21,1179661738.58004,10016,1179661853.71005,10016,1179665443.61005,3705.03001),(60,13,1179661870.31004,13565,1179661871.84004,13565,1179664530.30005,2659.99001),(15,19,1179661916.12333,8666,1179661917.58005,8666,1179667400.09004,5483.96671),(64,8,1179662262.84080,12859,1179662264.16005,12859,1179667119.30004,4856.45924),(48,20,1179662497.20628,1901,1179662498.77006,1901,1179665499.00005,3001.79377),(5,15,1179662356.17006,1965,1179662567.78004,1965,1179667075.37005,4719.19999),(25,22,1179661931.39005,2049,1179662728.41005,2049,1179667837.38004,5905.98999),(82,26,1179596789.91004,12629,1179596791.00005,12629,1179600229.96004,3440.05000),(63,1,1179663153.12004,10080,1179663154.10004,10080,1179667323.25004,4170.13000),(58,6,1179663327.93004,8907,1179663329.51006,8907,1179668083.45004,4755.52000),(81,5,1179592792.07005,8978,1179592795.00000,8978,1179595222.99004,2430.91999),(55,12,1179663737.26005,13484,1179663738.84004,13484,1179666494.56005,2757.30000),(70,18,1179663209.91005,12248,1179663841.15005,12248,1179667286.33005,4076.42000),(23,10,1179663857.44004,8725,1179664017.53006,8725,1179668230.23005,4372.79001),(74,25,1179663804.13005,8957,1179664313.91006,8957,1179667519.88004,3715.74999),(12,16,1179664420.95006,1832,1179664422.65005,1832,1179667177.72004,2756.76998),(65,17,1179664522.56004,13786,1179664525.19004,13786,1179667934.71005,3412.15001),(59,13,1179664530.30005,8580,1179664534.47004,8580,1179667158.41004,2628.10999),(47,24,1179664769.52004,14168,1179664771.68004,14168,1179669463.88005,4694.36001),(37,14,1179663018.46004,8980,1179664795.60005,8980,1179668812.12004,5793.66000),(29,23,1179664977.74005,12910,1179664980.48004,12910,1179667993.43005,3015.69000),(57,4,1179595025.00000,14213,1179595054.24004,13355,1179597420.46004,2395.46004),(51,20,1179665499.00005,8673,1179665500.46005,8673,1179669130.11005,3631.11000),(80,3,1179666475.99003,12548,1179666477.65005,12548,1179671295.16004,4819.17001),(52,12,1179666494.56005,1707,1179666497.47005,1707,1179669379.34004,2884.77999),(22,21,1179665443.61005,10016,1179666527.61005,10016,1179670192.36005,4748.75000),(83,27,1179656636.97005,12051,1179666750.51005,12051,1179670965.97005,14329.00000),(81,5,1179590400.00000,8978,1179589281.74004,8978,1179592792.07005,2392.07005),(64,8,1179667119.30004,12859,1179667120.45005,12859,1179671172.71005,4053.41001),(39,11,1179657995.12005,2219,1179667126.10005,2219,1179671189.54005,13194.42000),(62,13,1179667158.41004,8648,1179667159.99004,8648,1179669719.45004,2561.04000),(10,16,1179667177.72004,8774,1179667178.85005,8774,1179670512.31004,3334.59000),(73,18,1179667286.33005,8415,1179667287.06004,8415,1179670359.93005,3073.60000),(63,1,1179667323.25004,10080,1179667326.78004,10080,1179671297.66005,3974.41001),(17,19,1179667400.09004,12097,1179667402.61004,12097,1179670881.51005,3481.42001),(74,25,1179667519.88004,8957,1179667521.61004,8957,1179674193.52005,6673.64001),(68,17,1179667934.71005,14186,1179667939.83005,14186,1179670741.41004,2806.69999),(30,23,1179667993.43005,8504,1179667994.77005,8504,1179671312.91004,3319.47999),(58,6,1179668083.45004,8907,1179668085.25868,8907,1179671706.57004,3623.12000),(82,26,1179593547.05004,12629,1179593550.84288,12629,1179596789.91004,3242.86000),(24,10,1179668230.23005,8760,1179668231.57004,8760,1179671517.66005,3287.43000),(57,4,1179592703.00000,14213,1179592721.00000,14213,1179595025.00000,2322.00000),(33,14,1179668812.12004,1976,1179668813.70005,1976,1179671836.41005,3024.29001),(49,20,1179669130.11005,12633,1179669134.45005,12633,1179672713.15005,3583.04000),(69,9,1179669313.73004,14157,1179669315.12003,14157,1179672904.85004,3591.12000),(53,12,1179669379.34004,1663,1179669380.96004,1663,1179672428.01004,3048.67000),(43,24,1179669463.88005,13600,1179669465.19005,13600,1179673283.14004,3819.25999),(61,13,1179669719.45004,12784,1179669721.88004,12784,1179672257.78560,2538.33556),(20,21,1179670192.36005,10093,1179670276.96004,10093,1179674868.28005,4675.92000),(13,16,1179670512.31004,2080,1179670513.89004,2080,1179673376.49004,2864.18000),(72,18,1179670359.93005,12406,1179670527.69004,12406,1179673772.21007,3412.28002),(67,17,1179670741.41004,9077,1179670742.64004,9077,1179674405.50006,3664.09002),(18,19,1179670881.51005,13529,1179670883.44004,13529,1179674423.09004,3541.57999),(83,27,1179670965.97005,12051,1179670967.43005,12051,1179674979.37005,4013.40000),(64,8,1179671172.71005,12859,1179671173.95004,12859,1179676135.12008,4962.41003),(31,23,1179671312.91004,12541,1179671314.84005,12541,1179675152.68004,3839.77000),(23,10,1179671517.66005,8725,1179671519.09004,8725,1179675649.77007,4132.11002),(58,6,1179671706.57004,8907,1179671707.80004,8907,1179675163.11005,3456.54001),(36,14,1179671836.41005,8556,1179671838.38004,8556,1179676879.54004,5043.12999),(56,2,1179598144.95004,13557,1179598149.53005,13557,1179600731.39005,2586.44001),(56,2,1179595625.17005,13557,1179595626.00000,13557,1179598144.95004,2519.77999),(56,2,1179592848.15004,13557,1179592850.00000,13557,1179595625.17005,2777.02001),(60,13,1179672257.78560,13565,1179672260.00009,13565,1179674832.43004,2574.64444),(56,2,1179590400.00000,13557,1179587708.05004,13557,1179592848.15004,2448.15004),(54,12,1179672428.01004,1751,1179672429.94004,1751,1179675335.11007,2907.10003),(57,4,1179590400.00000,14213,1179588138.74005,14213,1179592703.00000,2303.00000),(50,20,1179672713.15005,10017,1179672715.66010,10017,1179676549.93015,3836.78010),(69,9,1179672904.85004,14157,1179672906.97005,14157,1179676642.88007,3738.03003),(45,24,1179673283.14004,12463,1179673287.41005,12463,1179676155.21008,2872.07004),(11,16,1179673376.49004,13302,1179673383.35004,13302,1179677324.35005,3947.86001),(82,26,1179590400.00000,12629,1179588615.18004,12629,1179593547.05004,3147.05004),(73,18,1179673772.21007,8415,1179673773.09004,8415,1179677084.09004,3311.87997),(75,25,1179674193.52005,13156,1179674196.26004,13156,1179677507.62005,3314.10000),(68,17,1179674405.50006,14186,1179674407.43005,14186,1179677440.58004,3035.07998),(16,19,1179674423.09004,14141,1179674427.69005,14141,1179677984.36006,3561.27002),(59,13,1179674832.43004,8580,1179674835.05005,8580,1179677531.27005,2698.84001),(83,27,1179674979.37005,12051,1179674980.84007,12051,1179679273.78004,4294.40999),(29,23,1179675152.68004,12910,1179675157.26006,12910,1179678682.55004,3529.87000),(55,12,1179675335.11007,13484,1179675336.64004,13484,1179678419.47004,3084.35997),(24,10,1179675649.77007,8760,1179675651.20005,8760,1179678898.41007,3248.64000),(42,24,1179676155.21008,8979,1179676158.02007,8979,1179682273.31005,6118.09997),(48,20,1179676549.93015,1901,1179676563.19004,1901,1179680329.95004,3780.01989);
/*!40000 ALTER TABLE `lap_time` ENABLE KEYS */;
UNLOCK TABLES;

--
-- Table structure for table `penalty`
--

DROP TABLE IF EXISTS `penalty`;
/*!40101 SET @saved_cs_client     = @@character_set_client */;
/*!40101 SET character_set_client = utf8 */;
CREATE TABLE `penalty` (
  `team_id` int(4) NOT NULL DEFAULT '0',
  `time` int(4) NOT NULL DEFAULT '0',
  KEY `penalty__team_id__idx` (`team_id`)
) ENGINE=MyISAM DEFAULT CHARSET=latin1;
/*!40101 SET character_set_client = @saved_cs_client */;

--
-- Dumping data for table `penalty`
--

LOCK TABLES `penalty` WRITE;
/*!40000 ALTER TABLE `penalty` DISABLE KEYS */;
INSERT INTO `penalty` VALUES (19,300),(21,300),(25,300);
/*!40000 ALTER TABLE `penalty` ENABLE KEYS */;
UNLOCK TABLES;

--
-- Table structure for table `raw_timestamp`
--

DROP TABLE IF EXISTS `raw_timestamp`;
/*!40101 SET @saved_cs_client     = @@character_set_client */;
/*!40101 SET character_set_client = utf8 */;
CREATE TABLE `raw_timestamp` (
  `rfid` int(8) NOT NULL DEFAULT '0',
  `timestamp` decimal(16,5) NOT NULL DEFAULT '0.00000',
  KEY `raw_timestamp__rfid__idx` (`rfid`)
) ENGINE=MyISAM DEFAULT CHARSET=latin1;
/*!40101 SET character_set_client = @saved_cs_client */;

--
-- Dumping data for table `raw_timestamp`
--

LOCK TABLES `raw_timestamp` WRITE;
/*!40000 ALTER TABLE `raw_timestamp` DISABLE KEYS */;
INSERT INTO `raw_timestamp` VALUES (1906,1179586477.68218),(1906,1179586480.87218),(1906,1179586483.92218),(1906,1179586486.81222),(12548,1179587530.65005),(1651,1179587636.08005),(1651,1179587637.50005),(13557,1179587708.05004),(8760,1179588071.16005),(14213,1179588138.74005),(13106,1179588235.79005),(8759,1179588239.35004),(12369,1179588283.92004),(8907,1179588302.13013),(8907,1179588308.58004),(10080,1179588312.36007),(10080,1179588313.77008),(10080,1179588315.00005),(1832,1179588374.15005),(8980,1179588399.58005),(12406,1179588433.96004),(2292,1179588493.00004),(12097,1179588512.35005),(12629,1179588615.18004),(12633,1179588644.71004),(12859,1179588687.06005),(1751,1179588831.31005),(8580,1179589199.45004),(8681,1179589269.68005),(8978,1179589281.74004),(13786,1179589423.07004),(14157,1179589452.10004),(2049,1179589494.28005),(12316,1179589512.74005),(12051,1179589652.81005),(10080,1179592736.24004),(10080,1179592737.23005),(10080,1179592738.55004),(8978,1179592792.07005),(12548,1179592795.65005),(12548,1179592796.64103),(13557,1179592848.15004),(8580,1179592912.61005),(8648,1179592915.03004),(1751,1179593061.06005),(13484,1179593062.30004),(1832,1179593071.06005),(8774,1179593072.40005),(12316,1179593105.17004),(12316,1179593106.75004),(11979,1179593221.68005),(2292,1179593277.47005),(2292,1179593280.45004),(1615,1179593281.68003),(1615,1179593283.86004),(2292,1179593285.19005),(8907,1179593292.28004),(8907,1179593294.94011),(8681,1179593304.90005),(8681,1179593306.30004),(8760,1179593313.16005),(8725,1179593315.79004),(12406,1179593343.55005),(8415,1179593344.90004),(14157,1179593347.62004),(14157,1179593351.50004),(8759,1179593493.37004),(12910,1179593495.65007),(12051,1179593499.44004),(12051,1179593501.83006),(12629,1179593547.05004),(12629,1179593549.42004),(12629,1179593550.84288),(12097,1179593557.12004),(13529,1179593558.93004),(12369,1179593643.95004),(12463,1179593648.90004),(1651,1179593802.72004),(10093,1179593804.16004),(12859,1179593825.94004),(12859,1179593827.71004),(13106,1179593939.99631),(13106,1179593947.59004),(8957,1179593949.17004),(1906,1179594014.56005),(2049,1179594049.40139),(14113,1179594051.44004),(12633,1179594237.73004),(10017,1179594243.48005),(14213,1179595025.86004),(13355,1179595035.93004),(13355,1179595038.03005),(14213,1179595052.80004),(14213,1179595054.24004),(10080,1179595077.93006),(10080,1179595078.92004),(12548,1179595208.13005),(12548,1179595209.02003),(8980,1179595216.88005),(8978,1179595222.99004),(8980,1179595231.53141),(1976,1179595233.57005),(8648,1179595237.25004),(12784,1179595238.79005),(12316,1179595444.74005),(2219,1179595446.79004),(13484,1179595566.69005),(1707,1179595567.92004),(13557,1179595625.17005),(8774,1179596025.74010),(2080,1179596027.47005),(8907,1179596253.24004),(8907,1179596256.17004),(8415,1179596275.55005),(12248,1179596277.52005),(12910,1179596336.22005),(8504,1179596337.14008),(11979,1179596348.71004),(14186,1179596349.94005),(12463,1179596477.71004),(8979,1179596489.57005),(14157,1179596495.66004),(14157,1179596497.35005),(8681,1179596538.25004),(8681,1179596539.68005),(12051,1179596703.65005),(12051,1179596704.90004),(13529,1179596772.10005),(14141,1179596773.56005),(8957,1179596778.29004),(14177,1179596780.10004),(12629,1179596789.91004),(12629,1179596791.00005),(8725,1179597052.86003),(8760,1179597055.19004),(14113,1179597077.92004),(1779,1179597080.62005),(12859,1179597393.73143),(12859,1179597394.61004),(13355,1179597420.46004),(13355,1179597421.80005),(1615,1179597429.43004),(13274,1179597433.69004),(10080,1179597508.63005),(10080,1179597509.56004),(10093,1179597664.85005),(10016,1179597667.15005),(12784,1179597700.55005),(13565,1179597701.71004),(12548,1179597750.73009),(12548,1179597751.72004),(13557,1179598144.95004),(13557,1179598146.17004),(13557,1179598149.53005),(1707,1179598165.79004),(1663,1179598168.67005),(1976,1179598231.72005),(8556,1179598233.74008),(2219,1179598452.57004),(8978,1179598565.94004),(10017,1179598738.54003),(10017,1179598745.91005),(1901,1179598755.32005),(2080,1179598861.96004),(13302,1179598863.47005),(14186,1179598965.75004),(13786,1179598966.74005),(12248,1179599127.12004),(13677,1179599128.11005),(8907,1179599512.41004),(8907,1179599513.87004),(8504,1179599522.37005),(12541,1179599524.00005),(13355,1179599883.57004),(13355,1179599884.56005),(14157,1179599889.40004),(14141,1179599905.94004),(14141,1179599915.30003),(8666,1179599917.08005),(13565,1179599929.83005),(8580,1179599932.37004),(10080,1179600029.53004),(10080,1179600030.84009),(8760,1179600042.95004),(8725,1179600044.33004),(12051,1179600223.38004),(12051,1179600224.43003),(12629,1179600229.96004),(12629,1179600231.19006),(8681,1179600341.72005),(8681,1179600343.30005),(12548,1179600436.04004),(12548,1179600437.03005),(13274,1179600540.65005),(1965,1179600542.56003),(13557,1179600731.39005),(10016,1179600733.74008),(13976,1179600737.83004),(1663,1179600760.80276),(1751,1179600761.69004),(14177,1179601141.66004),(13156,1179601151.72004),(13156,1179601154.97005),(13156,1179601155.66004),(12859,1179601198.22005),(12859,1179601199.36004),(2219,1179601259.03004),(12316,1179601260.70218),(1901,1179601323.52005),(8673,1179601325.53005),(8978,1179601511.39005),(1779,1179601601.79005),(12079,1179601603.72006),(13556,1179601752.40004),(1832,1179601755.38003),(8556,1179601763.88287),(13502,1179601766.50005),(13786,1179601890.27004),(11979,1179601892.01147),(11979,1179601894.86004),(8979,1179601950.46005),(1633,1179601954.09014),(13677,1179602049.26010),(12406,1179602051.65005),(13355,1179602415.63005),(13355,1179602416.95005),(8580,1179602489.36005),(8648,1179602491.58005),(8907,1179602580.02005),(8907,1179602581.36005),(10080,1179602717.11004),(10080,1179602717.99004),(12541,1179602995.46004),(8759,1179602998.29026),(12548,1179603185.14004),(12548,1179603186.30005),(14157,1179603325.12005),(14157,1179603327.16005),(13557,1179603365.55004),(1751,1179603374.69003),(13484,1179603376.25004),(8666,1179603761.94025),(12097,1179603764.21004),(1965,1179603838.78004),(2292,1179603840.81005),(12051,1179603847.27848),(12051,1179603848.64006),(12629,1179603853.17004),(12629,1179603854.17004),(8725,1179603903.88009),(8760,1179603908.28005),(12316,1179604093.19004),(2219,1179604094.42004),(8978,1179604372.13004),(8978,1179604373.47005),(1832,1179604424.23004),(8774,1179604424.87004),(13156,1179604460.25004),(13156,1179604461.03004),(13218,1179604464.12005),(8673,1179604664.61005),(12633,1179604682.88004),(1633,1179604821.42018),(14168,1179604823.11006),(8648,1179604849.71004),(12784,1179604851.29005),(12406,1179604901.05004),(12406,1179604901.69005),(8415,1179604901.99009),(13355,1179605029.63004),(13355,1179605030.69004),(11979,1179605062.44005),(14186,1179605063.72003),(13976,1179605321.61005),(1651,1179605323.42005),(10080,1179605554.26004),(10080,1179605555.35004),(8907,1179605760.02003),(8907,1179605761.86005),(12859,1179605814.54005),(12859,1179605815.51004),(13502,1179605832.10005),(9096,1179605834.73005),(12548,1179605896.30005),(12548,1179605897.19003),(13484,1179605940.49004),(1707,1179605942.35005),(8759,1179606079.57005),(12910,1179606081.15005),(13557,1179606106.23004),(13557,1179606107.11004),(2292,1179606730.56007),(1615,1179606731.71005),(14157,1179606886.51004),(14157,1179606888.25004),(8760,1179606960.91004),(8725,1179606962.69019),(12097,1179607029.07005),(13529,1179607034.76005),(13106,1179607132.82006),(2219,1179607150.37005),(12316,1179607151.68007),(12784,1179607299.09004),(13565,1179607301.88729),(8774,1179607425.96005),(2080,1179607427.65005),(12079,1179607631.47005),(2049,1179607633.40005),(8978,1179607638.78005),(13355,1179607649.39005),(13355,1179607650.50013),(14186,1179607723.26004),(12629,1179607734.50005),(12629,1179607735.85004),(8415,1179607781.78005),(12248,1179607784.42005),(12051,1179607900.06004),(12051,1179607901.40006),(13218,1179608201.26005),(13106,1179608217.65005),(10080,1179608483.14005),(10080,1179608484.37005),(1707,1179608596.89005),(1663,1179608598.17025),(1651,1179608770.67004),(10093,1179608773.42005),(12548,1179608845.32005),(12548,1179608846.20005),(12910,1179608895.36004),(8504,1179608897.80009),(13557,1179609015.64005),(8907,1179609140.79004),(8907,1179609142.06004),(14168,1179609314.29006),(13600,1179609319.53004),(12633,1179609511.27005),(10017,1179609514.25005),(13565,1179609675.06003),(8580,1179609677.21005),(9096,1179609935.92005),(8980,1179609937.45010),(12316,1179609976.08006),(2219,1179609977.66007),(13355,1179610335.24005),(13355,1179610336.23005),(2080,1179610349.45004),(13302,1179610351.03005),(12859,1179610389.62004),(12859,1179610390.59004),(14157,1179610601.72005),(14157,1179610605.85005),(12248,1179610638.72004),(13677,1179610640.30003),(13786,1179610729.76004),(9077,1179610730.81003),(13529,1179610757.97004),(14141,1179610759.55005),(1615,1179610866.45011),(13274,1179610869.15004),(8725,1179610962.74007),(8760,1179610964.68005),(8978,1179611080.60005),(1663,1179611217.60005),(1751,1179611218.52005),(10080,1179611349.37004),(10080,1179611350.33004),(12051,1179611364.68005),(12051,1179611366.13640),(2049,1179611446.60004),(14113,1179611449.04004),(13106,1179611461.97005),(8957,1179611465.49004),(12548,1179611668.20005),(12548,1179611669.09004),(12629,1179611736.62004),(12629,1179611737.61004),(8504,1179611909.79005),(12541,1179611911.01004),(8580,1179612171.00004),(8648,1179612172.55004),(10093,1179612477.64004),(10016,1179612479.22008),(13557,1179612547.82005),(8907,1179612879.35004),(8907,1179612880.66004),(13600,1179612901.67004),(1819,1179612903.90005),(13355,1179612985.73003),(13355,1179612986.72004),(10017,1179613100.37006),(1901,1179613102.07004),(2219,1179613263.43004),(12316,1179613264.66005),(8980,1179613287.74005),(1976,1179613289.75005),(13302,1179613376.48004),(13302,1179613379.53004),(1832,1179613380.31004),(13677,1179613613.66005),(13677,1179613615.82004),(12406,1179613618.02004),(9077,1179613800.42007),(9077,1179613801.07006),(11979,1179613803.60005),(1751,1179613876.85004),(13484,1179613878.73005),(8760,1179613963.88007),(14141,1179614062.57005),(8666,1179614064.15005),(8978,1179614096.95003),(8978,1179614098.18004),(13274,1179614155.48003),(1965,1179614157.57005),(14157,1179614253.47004),(14157,1179614255.25005),(10080,1179614307.32217),(10080,1179614308.58005),(8957,1179614326.20004),(14177,1179614327.46017),(14113,1179614491.04005),(1779,1179614493.25004),(8648,1179614600.53005),(12784,1179614601.87011),(12548,1179614746.30004),(12548,1179614747.53005),(12859,1179614790.81004),(12859,1179614791.89005),(12051,1179615271.12005),(12051,1179615272.20004),(13355,1179615608.91005),(13355,1179615611.54005),(10016,1179615616.72005),(13976,1179615618.65005),(12541,1179615659.03005),(8759,1179615661.52004),(12629,1179615763.74006),(12629,1179615765.08005),(1901,1179615841.88010),(8673,1179615843.50004),(13557,1179615944.98004),(13557,1179615945.70004),(1832,1179616037.17005),(8774,1179616037.91004),(12316,1179616157.40005),(2219,1179616158.68010),(1976,1179616208.13004),(8556,1179616210.75005),(13484,1179616465.90005),(1707,1179616468.21005),(12406,1179616576.84005),(8415,1179616577.52004),(1819,1179616593.44005),(1869,1179616596.96004),(8907,1179616753.72004),(8907,1179616755.76004),(11979,1179616935.04004),(14186,1179616937.06005),(12784,1179617072.42004),(13565,1179617073.45005),(8978,1179617228.87004),(8978,1179617229.86004),(10080,1179617397.41004),(10080,1179617398.64004),(1965,1179617487.11005),(2292,1179617490.88004),(8666,1179617782.94004),(12097,1179617784.62005),(14157,1179617954.43005),(14157,1179617956.15005),(12548,1179618196.03004),(12548,1179618197.61004),(13355,1179618335.02005),(13355,1179618336.02003),(14177,1179618357.96004),(13156,1179618363.50005),(13156,1179618364.64004),(8725,1179618675.93004),(8759,1179618793.57006),(12910,1179618798.41003),(13557,1179619015.48005),(13557,1179619016.53004),(1707,1179619116.31005),(1663,1179619117.83005),(8774,1179619167.52004),(2080,1179619168.86005),(2219,1179619234.29004),(12316,1179619235.29004),(8673,1179619341.05004),(8673,1179619343.42005),(12051,1179619383.40005),(12051,1179619385.45003),(8681,1179619415.06003),(12633,1179619423.16005),(1779,1179619440.14004),(12079,1179619441.95005),(8415,1179619559.24003),(12248,1179619562.11004),(14186,1179619567.75004),(9077,1179619569.44004),(13565,1179619586.19005),(8580,1179619588.82005),(12629,1179620030.65005),(12629,1179620031.29004),(12629,1179620031.97004),(13976,1179620043.69004),(1651,1179620046.32004),(8556,1179620059.56005),(8556,1179620061.14004),(12859,1179620281.94005),(12859,1179620282.86004),(8978,1179620359.54005),(8978,1179620360.45004),(2292,1179620384.15010),(1615,1179620386.20004),(10080,1179620640.97005),(10080,1179620641.89004),(13355,1179621103.88009),(13355,1179621104.92004),(12097,1179621194.79004),(12097,1179621199.57005),(13529,1179621202.70005),(1869,1179621340.25004),(12369,1179621341.91004),(8907,1179621401.93004),(8907,1179621403.51004),(13156,1179621656.95005),(13218,1179621658.29005),(12910,1179621758.11005),(8504,1179621758.87004),(1663,1179621776.86004),(1751,1179621778.11005),(14157,1179621866.97005),(14157,1179621868.36004),(12548,1179621873.54005),(12548,1179621874.81004),(2080,1179622103.55004),(13302,1179622104.89005),(13302,1179622107.08004),(8580,1179622120.04005),(8648,1179622121.62005),(13557,1179622281.54005),(13557,1179622282.46007),(12316,1179622302.22009),(12316,1179622303.34004),(12248,1179622553.13005),(9077,1179622696.37005),(13786,1179622698.65005),(8725,1179622922.68005),(8760,1179622930.64005),(10080,1179623780.11006),(10080,1179623781.34006),(12633,1179623951.20006),(12633,1179623953.17006),(1651,1179624059.59006),(13355,1179624098.11004),(13355,1179624100.09004),(10093,1179624375.55005),(12051,1179624438.61007),(12051,1179624439.99006),(12629,1179624444.25007),(12629,1179624445.24005),(12859,1179624535.49005),(12859,1179624536.97005),(8556,1179624548.44007),(13502,1179624552.05008),(12369,1179624594.48005),(12463,1179624596.05006),(12463,1179624600.04005),(8978,1179624621.52007),(8978,1179624623.19004),(8648,1179624713.95005),(12784,1179624715.27008),(13529,1179624764.88005),(14141,1179624766.39007),(1751,1179624777.40006),(13484,1179624778.90006),(1615,1179624868.49007),(13274,1179624869.86005),(8907,1179625222.84004),(8907,1179625224.28004),(12548,1179625286.86007),(12548,1179625289.05004),(13302,1179625329.39005),(1832,1179625338.42005),(8504,1179625559.52005),(12541,1179625562.12005),(12316,1179625621.22008),(2219,1179625625.27004),(12079,1179625729.50004),(2049,1179625733.14003),(13218,1179625881.63003),(13218,1179625888.98004),(8957,1179625890.95004),(8760,1179626303.67004),(14157,1179626332.65005),(14157,1179626336.27004),(13786,1179626398.41005),(11979,1179626402.82006),(13557,1179626680.72004),(13557,1179626682.21005),(10080,1179626920.31005),(10080,1179626921.31004),(13355,1179627317.25004),(13355,1179627318.41004),(12784,1179627340.83005),(13565,1179627342.18004),(8415,1179627377.25005),(12463,1179627733.12003),(12463,1179627741.21004),(1633,1179627744.19004),(13484,1179627875.50009),(13484,1179627878.11004),(1832,1179628242.09004),(8774,1179628243.69725),(14141,1179628423.60003),(8666,1179628425.13004),(12629,1179628650.07005),(12629,1179628651.18004),(13274,1179628780.75007),(13274,1179628783.30007),(1965,1179628786.73142),(2219,1179629006.92007),(2219,1179629008.80007),(8907,1179629118.39005),(8907,1179629119.70014),(12548,1179629124.12007),(12548,1179629125.39004),(8957,1179629561.24008),(14177,1179629562.24007),(13557,1179629762.61005),(13502,1179629844.29005),(12633,1179629900.33006),(10017,1179629908.49004),(10080,1179630020.16007),(10080,1179630021.25005),(13565,1179630084.14007),(8580,1179630087.45005),(11979,1179630191.74004),(14186,1179630192.48004),(12541,1179630200.44004),(8759,1179630203.41008),(12859,1179630209.27008),(12859,1179630210.24005),(10093,1179630327.49007),(1651,1179630334.04005),(13355,1179630620.03005),(13355,1179630623.93006),(2049,1179630678.59005),(14113,1179630692.33004),(8415,1179630898.36005),(1633,1179630918.11004),(13600,1179630921.09003),(13484,1179631038.79005),(1707,1179631051.05005),(8980,1179631073.42006),(8774,1179631589.92005),(8774,1179631590.57005),(2080,1179631628.57005),(12406,1179632437.28006),(1965,1179632655.48004),(2292,1179632656.87004),(2219,1179632745.79004),(2219,1179632747.25005),(12629,1179632762.68004),(12629,1179632763.67004),(12629,1179632765.01004),(8580,1179632861.67004),(8648,1179632863.83004),(13557,1179633088.23004),(14186,1179633092.41004),(9077,1179633094.10004),(10080,1179633276.94005),(10080,1179633278.18004),(8907,1179633414.93004),(8907,1179633416.55004),(10017,1179633607.02005),(10017,1179633621.52004),(8666,1179633672.72005),(12097,1179633674.65004),(13355,1179633830.89004),(13355,1179633832.20004),(8759,1179634031.55007),(12910,1179634034.55005),(14113,1179634147.87004),(12051,1179634243.65004),(12051,1179634245.34008),(1707,1179634288.47005),(1707,1179634290.54005),(14177,1179634425.03004),(1651,1179634608.85005),(12548,1179634655.67004),(12548,1179634657.21005),(1779,1179634779.31004),(2080,1179634893.81005),(13302,1179634895.74005),(13600,1179634943.67004),(1819,1179634959.28004),(10093,1179635255.85005),(10093,1179635257.20004),(12406,1179635670.14005),(8648,1179635693.04004),(8580,1179635696.48004),(12406,1179635709.11005),(12406,1179635714.49005),(8980,1179635764.40005),(8980,1179635766.07005),(2292,1179635984.64005),(1615,1179636120.33004),(10080,1179636475.72004),(10080,1179636476.95007),(2219,1179636542.92007),(12316,1179636546.95006),(8978,1179636678.95005),(8978,1179636680.53005),(9077,1179636825.29007),(13786,1179636827.65007),(13355,1179637000.91006),(13355,1179637002.27007),(12629,1179637371.94006),(12629,1179637373.31005),(12910,1179637454.39007),(8504,1179637455.62007),(10017,1179637475.12005),(1901,1179637478.10005),(12097,1179637634.72048),(1707,1179637647.61004),(1663,1179637649.43004),(8907,1179637829.08005),(8907,1179637831.59004),(13302,1179638301.10005),(13557,1179638301.95004),(13302,1179638302.55004),(1832,1179638311.23005),(12548,1179638573.49004),(12548,1179638574.80007),(8580,1179638613.05006),(8648,1179638614.86004),(1819,1179639202.13007),(1869,1179639203.54004),(10080,1179639833.78005),(10080,1179639834.94005),(12316,1179639877.97005),(12316,1179639879.23005),(12406,1179639951.03005),(8978,1179640105.55005),(8978,1179640106.87004),(13355,1179640297.19004),(13355,1179640298.77004),(1779,1179640537.20004),(10093,1179640624.70007),(10016,1179640626.37004),(1663,1179640679.85007),(1663,1179640682.77044),(1901,1179640840.78099),(1901,1179640855.66006),(12079,1179640880.77054),(8980,1179640986.52080),(13786,1179641052.38005),(11979,1179641056.20005),(8504,1179641143.74006),(12541,1179641145.21006),(1832,1179641203.84009),(8774,1179641205.07008),(1615,1179641398.59007),(13274,1179641398.97008),(8648,1179641632.34006),(12784,1179641636.48007),(12097,1179641789.97004),(13529,1179641790.91147),(1976,1179641979.91004),(12629,1179642463.95005),(12629,1179642465.51005),(8907,1179642657.28005),(8907,1179642660.02005),(12548,1179642848.44004),(12548,1179642849.70005),(12316,1179643426.10005),(12316,1179643426.98005),(13355,1179643616.10006),(13355,1179643617.47006),(10080,1179643741.37017),(10080,1179643742.60037),(1901,1179644009.67004),(8673,1179644013.20036),(1663,1179644080.71005),(1751,1179644083.26005),(12784,1179644273.05005),(8978,1179644283.01005),(8978,1179644284.82006),(12784,1179644295.03004),(11979,1179644471.78004),(14186,1179644474.09004),(8774,1179644649.15005),(2080,1179644652.86004),(10016,1179644769.48004),(1869,1179644991.97005),(12463,1179645012.44005),(13274,1179645336.23004),(1965,1179645467.51003),(13529,1179645533.36005),(13529,1179645535.14004),(10016,1179645585.02144),(12541,1179645588.70004),(8759,1179645594.06005),(1976,1179645605.72005),(1976,1179645608.61010),(12316,1179646903.81006),(12316,1179646904.73007),(1751,1179647061.78005),(1751,1179647063.09009),(13355,1179647071.14005),(13355,1179647072.21005),(10080,1179647243.15004),(10080,1179647244.24007),(12784,1179647284.02004),(13565,1179647286.00007),(12629,1179647307.83005),(12629,1179647308.64006),(12548,1179647450.88005),(12548,1179647452.49004),(14186,1179647532.67004),(14186,1179647553.22005),(8907,1179647613.23008),(8907,1179647614.85005),(2080,1179648031.30009),(13302,1179648058.13009),(8673,1179648131.30005),(12079,1179648139.77011),(8673,1179648152.17005),(2049,1179648692.76008),(12463,1179648718.21007),(1633,1179648728.96006),(1976,1179649099.08006),(10016,1179649331.80011),(1651,1179649333.77016),(13529,1179649412.68006),(14141,1179649414.30006),(1965,1179649573.89004),(2292,1179649576.75004),(12051,1179649663.14004),(12051,1179649664.51004),(8759,1179649771.19004),(12910,1179649776.00004),(13565,1179649865.03005),(13565,1179649866.35004),(1751,1179650197.99004),(13484,1179650200.04367),(13355,1179650375.28005),(13355,1179650376.39004),(12316,1179650461.59005),(12316,1179650462.50005),(10080,1179650869.53005),(10080,1179650870.53004),(14186,1179650876.79003),(11979,1179650881.58005),(8556,1179650917.66005),(12859,1179651398.91004),(12859,1179651399.83004),(13302,1179651755.59004),(1832,1179651769.67006),(12629,1179652142.22011),(12629,1179652143.57010),(1633,1179652253.33005),(12548,1179652463.73005),(12548,1179652465.05004),(13565,1179652514.24004),(8580,1179652524.43004),(8907,1179652940.68004),(8907,1179652942.34005),(8673,1179653058.11005),(14141,1179653097.37005),(14141,1179653099.85005),(12633,1179653119.71005),(2292,1179653140.74005),(1615,1179653336.38005),(12910,1179653548.29005),(8504,1179653550.43006),(13484,1179653595.31005),(11979,1179653643.07006),(9077,1179653645.00005),(1707,1179653666.66004),(1707,1179653667.74005),(12316,1179653825.76008),(2049,1179653926.29004),(14113,1179653955.49005),(2219,1179653992.48005),(13355,1179654004.62008),(13355,1179654006.41004),(1651,1179654274.70004),(1832,1179654733.40007),(8774,1179654734.29004),(10080,1179655390.11006),(10080,1179655391.30006),(8580,1179655521.09006),(8648,1179655522.69006),(12248,1179655996.26005),(8556,1179656005.87005),(13106,1179656508.28008),(12051,1179656636.97005),(12859,1179656647.07006),(12859,1179656647.98010),(1707,1179657083.17005),(1663,1179657084.75009),(14141,1179657178.96004),(8666,1179657182.01007),(8504,1179657266.76005),(12541,1179657268.77004),(8760,1179657302.58006),(9077,1179657368.97005),(9077,1179657376.60005),(13786,1179657378.56004),(14113,1179657509.10004),(1651,1179657662.03005),(12548,1179657779.24010),(12548,1179657780.86005),(13355,1179657790.85005),(13355,1179657792.55004),(12629,1179657972.57004),(12629,1179657973.61004),(2219,1179657995.12005),(14113,1179658023.68008),(8907,1179658052.61005),(8907,1179658053.88010),(12633,1179658139.27004),(10017,1179658142.52005),(8774,1179658191.21004),(2080,1179658194.30004),(9096,1179658214.32005),(1615,1179658410.72004),(13274,1179658578.42004),(13274,1179658579.19010),(8648,1179659297.45003),(12784,1179659299.31005),(10080,1179659347.58005),(10080,1179659348.47004),(12248,1179659442.44005),(12248,1179659444.83005),(8978,1179659678.39003),(8978,1179659680.30005),(13106,1179660214.82005),(13106,1179660237.93004),(8760,1179660574.66004),(8760,1179660576.01004),(1663,1179660767.31004),(1751,1179660768.89004),(13786,1179661022.58004),(9077,1179661024.08005),(2080,1179661149.97004),(12369,1179661177.16005),(13302,1179661237.01004),(12541,1179661384.31004),(8759,1179661388.76004),(13355,1179661401.39005),(13355,1179661402.87007),(12548,1179661641.02005),(12548,1179661642.60005),(1651,1179661738.58004),(10016,1179661853.71005),(12784,1179661870.31004),(13565,1179661871.84004),(8666,1179661916.12333),(8666,1179661917.58005),(14113,1179661931.39005),(12859,1179662262.84080),(12859,1179662264.16005),(13274,1179662356.17006),(10017,1179662497.20628),(1901,1179662498.77006),(1965,1179662567.78004),(2049,1179662728.41005),(9096,1179663018.46004),(12629,1179663056.46007),(12629,1179663058.05005),(10080,1179663153.12004),(10080,1179663154.10004),(12248,1179663209.91005),(8907,1179663327.93004),(8907,1179663329.51006),(8978,1179663459.23005),(8978,1179663460.31005),(8978,1179663461.20005),(1751,1179663737.26005),(13484,1179663738.84004),(13106,1179663804.13005),(12248,1179663841.15005),(8760,1179663857.44004),(8725,1179664017.53006),(8957,1179664313.91006),(13302,1179664420.95006),(1832,1179664422.65005),(9077,1179664522.56004),(13786,1179664525.19004),(13565,1179664530.30005),(8580,1179664534.47004),(12369,1179664769.52004),(14168,1179664771.68004),(8980,1179664795.60005),(8759,1179664977.74005),(12910,1179664980.48004),(14157,1179665027.52005),(13355,1179665147.55012),(13355,1179665148.89006),(10016,1179665443.61005),(1901,1179665499.00005),(8673,1179665500.46005),(12548,1179666475.99003),(12548,1179666477.65005),(13484,1179666494.56005),(1707,1179666497.47005),(10016,1179666527.61005),(12051,1179666745.29004),(12051,1179666749.07005),(12051,1179666750.51005),(8978,1179667026.91005),(8978,1179667028.15004),(1965,1179667075.37005),(12859,1179667119.30004),(12859,1179667120.45005),(2219,1179667126.10005),(8580,1179667158.41004),(8648,1179667159.99004),(1832,1179667177.72004),(8774,1179667178.85005),(12248,1179667286.33005),(8415,1179667287.06004),(10080,1179667323.25004),(10080,1179667326.78004),(8666,1179667400.09004),(12097,1179667402.61004),(8957,1179667519.88004),(8957,1179667521.61004),(2049,1179667837.38004),(13786,1179667934.71005),(14186,1179667939.83005),(12910,1179667993.43005),(8504,1179667994.77005),(8907,1179668083.45004),(8907,1179668085.25868),(12629,1179668191.27005),(12629,1179668192.79393),(8725,1179668230.23005),(8760,1179668231.57004),(13355,1179668651.34004),(13355,1179668652.72005),(8980,1179668812.12004),(1976,1179668813.70005),(8673,1179669130.11005),(12633,1179669134.45005),(14157,1179669313.73004),(14157,1179669315.12003),(1707,1179669379.34004),(1663,1179669380.96004),(14168,1179669463.88005),(13600,1179669465.19005),(8648,1179669719.45004),(12784,1179669721.88004),(10016,1179670192.36005),(10093,1179670276.96004),(8415,1179670359.93005),(8774,1179670512.31004),(2080,1179670513.89004),(12406,1179670527.69004),(14186,1179670741.41004),(9077,1179670742.64004),(12097,1179670881.51005),(13529,1179670883.44004),(12051,1179670965.97005),(12051,1179670967.43005),(12859,1179671172.71005),(12859,1179671173.95004),(2219,1179671189.54005),(12548,1179671295.16004),(10080,1179671297.66005),(8504,1179671312.91004),(12541,1179671314.84005),(8760,1179671517.66005),(8725,1179671519.09004),(8907,1179671706.57004),(8907,1179671707.80004),(1976,1179671836.41005),(8556,1179671838.38004),(12784,1179672257.78560),(13565,1179672260.00009),(1663,1179672428.01004),(1751,1179672429.94004),(13355,1179672700.86003),(13355,1179672701.58005),(12633,1179672713.15005),(10017,1179672715.66010),(14157,1179672904.85004),(14157,1179672906.97005),(13600,1179673283.14004),(12463,1179673287.41005),(2080,1179673376.49004),(13302,1179673383.35004),(12629,1179673700.67004),(12629,1179673701.69004),(12406,1179673772.21007),(8415,1179673773.09004),(8957,1179674193.52005),(13156,1179674196.26004),(9077,1179674405.50006),(14186,1179674407.43005),(13529,1179674423.09004),(14141,1179674427.69005),(13565,1179674832.43004),(8580,1179674835.05005),(10093,1179674868.28005),(12051,1179674979.37005),(12051,1179674980.84007),(12541,1179675152.68004),(12910,1179675157.26006),(8907,1179675163.11005),(1751,1179675335.11007),(13484,1179675336.64004),(8725,1179675649.77007),(8760,1179675651.20005),(12859,1179676135.12008),(12463,1179676155.21008),(8979,1179676156.79005),(8979,1179676158.02007),(10017,1179676549.93015),(1901,1179676563.19004),(14157,1179676642.88007),(8556,1179676879.54004),(8415,1179677084.09004),(1906,1179677155.23004),(13302,1179677324.35005),(14186,1179677440.58004),(13156,1179677507.62005),(8580,1179677531.27005),(8580,1179677531.92004),(14141,1179677984.36006),(13484,1179678419.47004),(12910,1179678682.55004),(8760,1179678898.41007),(12051,1179679273.78004),(1901,1179680329.95004),(8979,1179682273.31005),(8979,1179682274.37005);
/*!40000 ALTER TABLE `raw_timestamp` ENABLE KEYS */;
UNLOCK TABLES;

--
-- Table structure for table `rider`
--

DROP TABLE IF EXISTS `rider`;
/*!40101 SET @saved_cs_client     = @@character_set_client */;
/*!40101 SET character_set_client = utf8 */;
CREATE TABLE `rider` (
  `person_id` int(4) NOT NULL DEFAULT '0',
  `team_id` int(4) DEFAULT NULL,
  `last_name` varchar(24) NOT NULL DEFAULT '',
  `first_name` varchar(24) NOT NULL DEFAULT '',
  `middle_name` varchar(24) DEFAULT NULL,
  `city` varchar(36) DEFAULT NULL,
  `state` char(2) DEFAULT NULL,
  `country` varchar(24) DEFAULT NULL,
  `gender` char(1) DEFAULT NULL,
  `notes` text,
  PRIMARY KEY (`person_id`),
  KEY `rider__team_id__idx` (`team_id`)
) ENGINE=MyISAM DEFAULT CHARSET=latin1;
/*!40101 SET character_set_client = @saved_cs_client */;

--
-- Dumping data for table `rider`
--

LOCK TABLES `rider` WRITE;
/*!40000 ALTER TABLE `rider` DISABLE KEYS */;
INSERT INTO `rider` VALUES (63,1,'Marenchin','Ernesto','A','stow','OH','USA','M',''),(56,2,'O\'Dea','Edward','','Atlanta','GA','United States','M',''),(80,3,'Lichtenwalner','Rob','P','nazareth','PA','USA','M',''),(57,4,'Tostado','Josh','J','breckenridge','CO','USA','M',''),(81,5,'Gagnon','Chris','P','Newton','MA','USA','M',''),(58,6,'Smith','Douglas','S','Gainesville','FL','USA','M',''),(79,7,'Cervati','Tony','','Durham','NC','USA','M',''),(64,8,'Forsyth','Holly','L','Verona','PA','USA','F',''),(69,9,'Tomlinson','Sandra','S','Jacksonville','FL','USA','F',''),(23,10,'Montgomery','Alison','R','Reisterstown','MD','USA','F',''),(24,10,'Mutschler','Brian','J','Reisterstown','MD','USA','M',''),(38,11,'Mazaitis','Tom','','Mammoth Lakes','CA','USA','M',''),(39,11,'Fabbro','Alexandria','','Mammoth Lakes','CA','USA','F',''),(52,12,'Klasmeier','Michael','','Crofton','MD','USA','M',''),(53,12,'Wheaton','Jonathan','','Sykesville','MD','USA','M',''),(54,12,'Viers','Steve','','Washington','DC','USA','M',''),(55,12,'Baake','Kent','','Alexandria','VA','USA','M',''),(59,13,'Lanzilotta','William','N','Athens','GA','USA','M',''),(60,13,'Shirey','Jeff','H','Athens','GA','USA','M',''),(61,13,'Edge','Jeremy','L','Athens','GA','USA','M',''),(62,13,'Slafkosky','Matt','','Athens','GA','USA','M',''),(33,14,'Johnson','Thomas','D','Dunwoody','GA','USA','M',''),(34,14,'Ledbetter','Jennifer','N','Dunwoody','GA','USA','F',''),(35,14,'Showalter','Traci','','Fredericksburg','VA','USA','F',''),(36,14,'Vang','Donny','R','Fredericksburg','VA','USA','M',''),(37,14,'Burgess','Jeff','A','Carrollton','GA','USA','M',''),(7,15,'Mutell','Dennis','B','Mandeville','LA','USA','M',''),(6,15,'SPERIER','Steve','W','Mandeville','LA','USA','M',''),(5,15,'Salaun','Bill','','Mandeville','LA','USA','M',''),(8,15,'Miltenberger','Hank','','Covington','LA','USA','M',''),(9,15,'Clark','Pen','','Covington','LA','USA','M',''),(10,16,'Wood','Jonathan','B','Marietta','GA','USA','M',''),(11,16,'Lamar','Michel','C','Marietta','GA','USA','M',''),(12,16,'Willis','Chris','','Marietta','GA','USA','M',''),(13,16,'Thornton','Dan','L','Marietta','GA','United States','M',''),(65,17,'Hendershot','James','','Covington','GA','USA','M',''),(66,17,'Stradley','Jim','','Madison','GA','USA','M',''),(67,17,'Erwin','Jon','','Dacula','GA','USA','M',''),(68,17,'Hagianu','Alex','','Athens','GA','USA','M',''),(70,18,'Levering','Darryl','F','Columbus','OH','USA','M',''),(71,18,'Dawson','Rich','D','Columbus','OH','USA','M',''),(72,18,'Scott','Jake','J','Worthington','OH','USA','M',''),(73,18,'Keegan','Keith','J','Granville','OH','USA','M',''),(15,19,'Bryan','Eason','','Wilmington','NC','USA','M',''),(16,19,'Flynn','Hayes','','Birmingham','AL','USA','M',''),(17,19,'Vomit','Doctor','','Roanoke','VA','USA','M',''),(18,19,'Newman','Scott','','Eagle','CO','USA','M',''),(48,20,'Baris','Brent','E','Gainesville','FL','USA','M',''),(49,20,'Biasini','Matthew','J','Tampa','FL','USA','M',''),(50,20,'Heil','Donald','','Tampa','FL','USA','M',''),(51,20,'Medina','Santiago','R','Ocala','FL','USA','M',''),(19,21,'Sherline','Douglas','A','Charlotte','NC','USA','M',''),(20,21,'Sangster','Harrison','P','Wevertown','NY','USA','M',''),(21,21,'McDowell','Travis','','Marietta','GA','USA','M',''),(22,21,'Marshall','Rick','A','White','GA','USA','M',''),(25,22,'Herbaugh','Mark','E','Morehead City','NC','USA','M',''),(26,22,'Kongruengkit','Jip','','Charlotte','NC','USA','M',''),(27,22,'Queen','Rex','S','Madison','','USA','M',''),(28,22,'McLamb','Clint','O','Baltimore','MD','USA','M',''),(29,23,'Wolfe','Ron','','Savannah','GA','USA','M',''),(30,23,'Braddock','Corey','','Savannah','GA','USA','M',''),(31,23,'Fitzpatrick','Brad','','Pooler','GA','USA','M',''),(32,23,'McConnell','Kenneth','S','Savannah','GA','USA','M',''),(40,24,'Stevens','Sherri','','Atlanta','GA','USA','F',''),(41,24,'Gagne','Catherine','E','Marietta','GA','USA','F',''),(42,24,'Cummins','Lori','','Canton','GA','USA','F',''),(43,24,'Cummins','Grog','','Canton','GA','USA','M',''),(44,24,'Chorazak','Dave','','Port Charlotte','FL','USA','M',''),(45,24,'Ford','David','','Conyers','GA','USA','M',''),(46,24,'Byrd','Timothy','','Conyers','GA','USA','M',''),(47,24,'Zobel','Robert','D','Roswell','GA','USA','M',''),(74,25,'Elzey','Daniel','K','Athens','GA','USA','M',''),(75,25,'Bready','Walt','','Woodstock','GA','USA','M',''),(76,25,'Owen','Keith','','Mount Airy','GA','USA','M',''),(77,25,'Dickman','Bruce','','Roswell','GA','USA','M',''),(78,25,'Gandy','Jeff','','Woodstock','GA','USA','M',''),(82,26,'Tieszen','Erika','','Frisco','CO','USA','F',''),(83,27,'MarchandCollins','Sally','','Carmel','IN','USA','F','extra emergency number - 765-436-2600\r\nBruce (support) - 828-215-0685');
/*!40000 ALTER TABLE `rider` ENABLE KEYS */;
UNLOCK TABLES;

--
-- Table structure for table `rider_rfid`
--

DROP TABLE IF EXISTS `rider_rfid`;
/*!40101 SET @saved_cs_client     = @@character_set_client */;
/*!40101 SET character_set_client = utf8 */;
CREATE TABLE `rider_rfid` (
  `person_id` int(4) NOT NULL DEFAULT '0',
  `rfid` int(8) NOT NULL DEFAULT '0',
  KEY `rider_rfid__person_id__idx` (`person_id`),
  KEY `rider_rfid__rfid__idx` (`rfid`)
) ENGINE=MyISAM DEFAULT CHARSET=latin1;
/*!40101 SET character_set_client = @saved_cs_client */;

--
-- Dumping data for table `rider_rfid`
--

LOCK TABLES `rider_rfid` WRITE;
/*!40000 ALTER TABLE `rider_rfid` DISABLE KEYS */;
INSERT INTO `rider_rfid` VALUES (63,10080),(56,13557),(80,12548),(57,14213),(81,8978),(58,8907),(79,8681),(64,12859),(69,14157),(23,8725),(24,8760),(38,12316),(39,2219),(52,1707),(53,1663),(54,1751),(55,13484),(59,8580),(60,13565),(61,12784),(62,8648),(33,1976),(34,9096),(35,13502),(36,8556),(37,8980),(7,13274),(6,8988),(5,1965),(8,1615),(9,2292),(10,8774),(11,13302),(12,1832),(13,2080),(65,13786),(66,11979),(67,9077),(68,14186),(70,12248),(71,13677),(72,12406),(73,8415),(15,8666),(16,14141),(17,12097),(18,13529),(48,1901),(49,12633),(50,10017),(51,8673),(19,1651),(20,10093),(21,13976),(22,10016),(25,2049),(26,14113),(27,1779),(28,12079),(29,12910),(30,8504),(31,12541),(32,8759),(40,1869),(41,1819),(42,8979),(43,13600),(44,12369),(45,12463),(46,1633),(47,14168),(74,8957),(75,13156),(76,13218),(77,13106),(78,14177),(82,12629),(83,12051),(57,13355);
/*!40000 ALTER TABLE `rider_rfid` ENABLE KEYS */;
UNLOCK TABLES;

--
-- Table structure for table `standings`
--

DROP TABLE IF EXISTS `standings`;
/*!40101 SET @saved_cs_client     = @@character_set_client */;
/*!40101 SET character_set_client = utf8 */;
CREATE TABLE `standings` (
  `team_id` int(4) NOT NULL DEFAULT '0',
  `class` char(2) NOT NULL DEFAULT '',
  `laps` int(4) NOT NULL DEFAULT '0',
  `last_lap_finish_ts` double(11,5) NOT NULL DEFAULT '0.00000',
  KEY `standings__llap_finish_ts__idx` (`last_lap_finish_ts`)
) ENGINE=MyISAM DEFAULT CHARSET=latin1;
/*!40101 SET character_set_client = @saved_cs_client */;

--
-- Dumping data for table `standings`
--

LOCK TABLES `standings` WRITE;
/*!40000 ALTER TABLE `standings` DISABLE KEYS */;
INSERT INTO `standings` VALUES (1,'M1',25,999999.99999),(5,'M1',17,999999.99999),(3,'M1',22,999999.99999),(2,'M1',15,999999.99999),(13,'ME',33,999999.99999),(12,'ME',30,999999.99999),(16,'MS',28,999999.99999),(11,'C2',22,999999.99999),(15,'5M',20,999999.99999),(4,'M1',27,999999.99999),(6,'M1',21,999999.99999),(7,'M1',4,999999.99999),(10,'C2',15,999999.99999),(18,'SR',20,999999.99999),(9,'W1',13,999999.99999),(23,'JF',25,999999.99999),(27,'W1',15,999999.99999),(26,'W1',19,999999.99999),(19,'MV',23,999999.99999),(24,'JF',21,999999.99999),(17,'MS',27,999999.99999),(21,'JF',19,999999.99999),(8,'W1',15,999999.99999),(25,'JF',17,999999.99999),(22,'JF',16,999999.99999),(20,'MS',23,999999.99999),(14,'C5',19,999999.99999);
/*!40000 ALTER TABLE `standings` ENABLE KEYS */;
UNLOCK TABLES;

--
-- Table structure for table `team`
--

DROP TABLE IF EXISTS `team`;
/*!40101 SET @saved_cs_client     = @@character_set_client */;
/*!40101 SET character_set_client = utf8 */;
CREATE TABLE `team` (
  `id` int(4) NOT NULL AUTO_INCREMENT,
  `bib_number` int(4) DEFAULT NULL,
  `class` char(2) NOT NULL DEFAULT '',
  `name` varchar(40) NOT NULL DEFAULT '',
  `captain_id` int(4) DEFAULT NULL,
  `sponsor` text,
  `notes` text,
  PRIMARY KEY (`id`),
  UNIQUE KEY `team_name_key` (`name`),
  UNIQUE KEY `team_bib_number_key` (`bib_number`),
  KEY `team__id__idx` (`id`)
) ENGINE=MyISAM AUTO_INCREMENT=28 DEFAULT CHARSET=latin1;
/*!40101 SET character_set_client = @saved_cs_client */;

--
-- Dumping data for table `team`
--

LOCK TABLES `team` WRITE;
/*!40000 ALTER TABLE `team` DISABLE KEYS */;
INSERT INTO `team` VALUES (1,1,'M1','Marenchin, Ernesto A.',63,NULL,NULL),(2,2,'M1','O\'Dea, Edward',56,NULL,NULL),(3,3,'M1','Lichtenwalner, Rob P.',80,NULL,NULL),(4,4,'M1','Tostado, Josh J.',57,NULL,NULL),(5,5,'M1','Gagnon, Chris P.',81,NULL,NULL),(6,6,'M1','Smith, Douglas',58,NULL,NULL),(7,7,'M1','Cervati, Tony',79,NULL,NULL),(8,8,'W1','Forsyth, Holly',64,NULL,NULL),(9,9,'W1','Tomlinson, Sandra S.',69,NULL,NULL),(10,10,'C2','SQL Solutions',23,NULL,NULL),(11,11,'C2','Mini Mammoth',38,NULL,NULL),(12,12,'ME','DCMTB/City Bikes',52,NULL,NULL),(13,13,'ME','Athens Wrecking Crew - The Hub',59,NULL,NULL),(14,14,'C5','Hole Shot Heroes',33,NULL,NULL),(15,15,'5M','Jacklegs Again',5,NULL,NULL),(16,16,'MS','Free-Flite Bicycles',10,NULL,NULL),(17,17,'MS','The Hub/Terrapin',65,NULL,NULL),(18,18,'SR','Dirt Church',70,NULL,NULL),(19,19,'MV','Stinging Nettles',15,NULL,NULL),(20,20,'MS','Toothless in Tampa',48,NULL,NULL),(21,21,'JF','Buddha Belly',19,NULL,NULL),(22,22,'JF','Buddha Bellier',25,NULL,NULL),(23,23,'JF','Wolf Pack',29,NULL,NULL),(24,24,'JF','Ten Sore Taints',40,NULL,NULL),(25,25,'JF','SORBA',74,NULL,NULL),(26,26,'W1','Tieszen, Erika',82,NULL,NULL),(27,27,'W1','Marchand Collins, Sally',83,NULL,NULL);
/*!40000 ALTER TABLE `team` ENABLE KEYS */;
UNLOCK TABLES;
/*!40103 SET TIME_ZONE=@OLD_TIME_ZONE */;

/*!40101 SET SQL_MODE=@OLD_SQL_MODE */;
/*!40014 SET FOREIGN_KEY_CHECKS=@OLD_FOREIGN_KEY_CHECKS */;
/*!40014 SET UNIQUE_CHECKS=@OLD_UNIQUE_CHECKS */;
/*!40101 SET CHARACTER_SET_CLIENT=@OLD_CHARACTER_SET_CLIENT */;
/*!40101 SET CHARACTER_SET_RESULTS=@OLD_CHARACTER_SET_RESULTS */;
/*!40101 SET COLLATION_CONNECTION=@OLD_COLLATION_CONNECTION */;
/*!40111 SET SQL_NOTES=@OLD_SQL_NOTES */;

-- Dump completed on 2018-12-07 22:45:27
