--
-- Host: localhost    Database: grannyge_grannyg2003temecula
-- ------------------------------------------------------


--
-- Current Database: `grannyge_grannyg2003temecula`
--

CREATE DATABASE /*!32312 IF NOT EXISTS*/ `grannyge_grannyg2003temecula` /*!40100 DEFAULT CHARACTER SET latin1 */;

USE `grannyge_grannyg2003temecula`;

--
-- Table structure for table `correcting_timestamp`
--

CREATE TABLE `correcting_timestamp` (
  `rfid` int(8) NOT NULL DEFAULT '0',
  `team_id` int(4) NOT NULL DEFAULT '0',
  `timestamp` decimal(16,5) NOT NULL DEFAULT '0.00000',
  `trans_timestamp` decimal(16,5) NOT NULL DEFAULT '0.00000',
  `trans_type` varchar(16) NOT NULL DEFAULT '',
  `code` text,
  KEY `correcting_timestamp__rfid__idx` (`rfid`),
  KEY `correcting_timestamp__team_id__` (`team_id`)
) ENGINE=MyISAM DEFAULT CHARSET=latin1;

--
-- Dumping data for table `correcting_timestamp`
--


--
-- Table structure for table `lap_time`
--

CREATE TABLE `lap_time` (
  `person_id` int(4) NOT NULL DEFAULT '0',
  `team_id` int(4) NOT NULL DEFAULT '0',
  `last_lap_finish_ts` decimal(16,5) NOT NULL DEFAULT '0.00000',
  `start_rfid` int(8) NOT NULL DEFAULT '0',
  `start_ts` decimal(16,5) NOT NULL DEFAULT '0.00000',
  `finish_rfid` int(8) DEFAULT NULL,
  `finish_ts` decimal(16,5) DEFAULT NULL,
  `lap_time` decimal(16,5) DEFAULT NULL,
  KEY `lap_time__person_id__idx` (`person_id`),
  KEY `lap_time__team_id__idx` (`team_id`)
) ENGINE=MyISAM DEFAULT CHARSET=latin1;

--
-- Dumping data for table `lap_time`
--

INSERT INTO `lap_time` VALUES (287,81,1051383600.00000,14192,1051381907.07798,14192,1051387043.01799,3443.01799),(118,43,1051383600.00000,13320,1051382154.88812,13320,1051387505.81799,3905.81799),(130,15,1051383600.00000,14143,1051383171.92801,14143,1051387592.57798,3992.57798),(261,18,1051383600.00000,12778,1051382043.33802,12778,1051387870.21799,4270.21799),(340,61,1051383600.00000,14205,1051382810.82801,14205,1051387924.84797,4324.84797),(337,70,1051383600.00000,13836,1051381799.46798,13836,1051387952.05801,4352.05801),(94,46,1051383600.00000,14163,1051382104.55799,14163,1051388076.12803,4476.12803),(186,45,1051383600.00000,12649,1051382012.28798,12649,1051388139.08801,4539.08801),(193,47,1051383600.00000,13314,1051383600.00000,13314,1051388201.36799,4601.36799),(151,2,1051383600.00000,12857,1051383353.97798,12857,1051388551.99798,4951.99798),(268,14,1051383600.00000,13317,1051383296.66801,13317,1051388698.32800,5098.32800),(349,17,1051383600.00000,11977,1051383044.32799,11977,1051388795.82800,5195.82800),(98,38,1051383600.00000,13550,1051382065.77800,13550,1051389069.03798,5469.03798),(13,31,1051387066.50798,13912,1051387077.71799,13912,1051390576.24801,3509.74003),(61,86,1051387410.72799,13882,1051387412.53805,13882,1051390993.61800,3582.89001),(154,64,1051387344.50798,12395,1051387347.71802,12395,1051391363.82797,4019.31999),(167,80,1051388002.93800,13141,1051388004.42798,13141,1051391849.19800,3846.26000),(123,21,1051388220.86799,13215,1051388224.56799,13215,1051392507.74798,4286.87999),(51,78,1051388097.75800,12960,1051388103.89802,12960,1051392669.16798,4571.40998),(296,77,1051388885.38798,12400,1051388894.17800,12400,1051393149.97799,4264.59001),(169,19,1051388013.73799,13523,1051388019.35798,13523,1051393378.62799,5364.89000),(286,5,1051388608.55797,12072,1051388609.78798,12072,1051393820.69799,5212.14002),(20,40,1051389111.49801,12915,1051389115.83800,12915,1051393926.70797,4815.20996),(377,93,1051388562.06803,12738,1051388565.40798,12738,1051394079.58799,5517.51996),(351,17,1051388795.82800,13822,1051388953.01799,13822,1051394972.45797,6176.62997),(318,84,1051391157.24797,13212,1051391158.68798,13212,1051395168.02800,4010.78003),(362,29,1051391105.31799,13968,1051391106.75798,13968,1051395525.64797,4420.32998),(249,13,1051391810.90802,14201,1051391812.25798,14201,1051396035.93798,4225.02996),(338,70,1051392754.54799,13026,1051392757.41798,13026,1051397606.56799,4852.02000),(63,6,1051392698.62798,12961,1051392701.60797,12961,1051397804.69802,5106.07004),(282,35,1051393189.01798,12761,1051393191.63798,12761,1051397838.83797,4649.81999),(15,31,1051394186.88798,12169,1051394189.95798,12169,1051398040.80797,3853.91999),(254,71,1051392767.39881,13785,1051392769.91797,13785,1051398137.10798,5369.70917),(175,11,1051395398.05800,13036,1051395399.19802,13036,1051399040.23802,3642.18002),(352,17,1051394972.45797,12109,1051394976.91797,12109,1051399606.13798,4633.68001),(162,54,1051396027.99797,13022,1051396030.26801,13022,1051399772.78004,3744.78207),(368,30,1051392792.27797,13755,1051392794.30798,13755,1051399960.58004,7168.30207),(219,10,1051396922.43801,1668,1051396924.01801,1668,1051401029.80007,4107.36206),(14,31,1051398040.80797,12137,1051398047.69797,12137,1051401503.14005,3462.33208),(199,72,1051397009.92801,13107,1051397013.14801,13107,1051401602.81005,4592.88204),(100,85,1051397576.31797,12182,1051397579.65798,12182,1051401968.37004,4392.05207),(160,4,1051383600.00000,14007,1051382831.72811,14007,1051386658.24798,3058.24798),(177,11,1051383600.00000,2153,1051382730.08799,2153,1051387241.44798,3641.44798),(307,79,1051383600.00000,13529,1051383252.77800,13529,1051387938.39800,4338.39800),(57,25,1051383600.00000,14003,1051383360.10797,14003,1051388095.52798,4495.52798),(63,6,1051383600.00000,12961,1051383183.63797,12961,1051388116.87801,4516.87801),(220,10,1051383600.00000,12617,1051382082.97799,12617,1051388339.48801,4739.48801),(140,58,1051383600.00000,12570,1051383297.90798,12570,1051388769.47801,5169.47801),(213,24,1051383600.00000,13407,1051383236.09801,13407,1051388831.98799,5231.98799),(35,56,1051387277.48803,14126,1051387278.80801,14126,1051390835.54800,3558.05997),(330,8,1051387554.90799,1902,1051387556.64799,1902,1051391578.94802,4024.04003),(23,59,1051387895.81798,12633,1051387898.78798,12633,1051391682.95799,3787.14001),(343,1,1051387959.80799,12076,1051387961.65798,12076,1051391923.50798,3963.69999),(88,52,1051387472.29798,14017,1051387474.71798,14017,1051391988.69798,4516.40000),(368,30,1051387704.21798,13755,1051387711.22049,13755,1051392792.27797,5088.05999),(28,37,1051388592.99799,12501,1051388609.19798,12501,1051393153.52798,4560.52999),(267,14,1051388698.32800,14169,1051388704.09799,14169,1051393253.89798,4555.56998),(104,57,1051388877.41798,13673,1051388880.73798,13673,1051393417.79798,4540.38000),(383,94,1051388453.70798,12516,1051388457.96798,12516,1051393862.86798,5409.16000),(326,41,1051390719.48798,13567,1051390722.15799,13567,1051394292.41799,3572.93001),(145,87,1051391067.06798,12188,1051391069.73798,12188,1051394620.09800,3553.03002),(92,46,1051392048.67797,12512,1051392049.88798,12512,1051395960.06799,3911.39002),(309,79,1051392296.27797,12328,1051392300.74799,12328,1051396766.50800,4470.23003),(345,62,1051393125.68798,13576,1051393130.05798,13576,1051397471.28798,4345.60000),(188,45,1051392901.27798,12015,1051392906.19799,12015,1051397545.49798,4644.22000),(298,77,1051393149.97799,14127,1051393152.34799,14127,1051397729.24813,4579.27014),(288,81,1051394287.31797,12896,1051394288.89798,12896,1051398804.28797,4516.97000),(208,68,1051395387.40799,14232,1051395389.22797,14232,1051399066.50799,3679.10000),(25,7,1051395091.05799,12964,1051395093.09800,12964,1051399656.08798,4565.02999),(362,29,1051395525.64797,13968,1051395527.36800,13968,1051400160.66004,4635.01207),(216,76,1051395397.31800,13621,1051395412.52799,13621,1051400248.31417,4850.99617),(346,62,1051397471.28798,13082,1051397474.58798,13082,1051402103.61007,4632.32209),(324,42,1051398869.48798,13393,1051398871.43798,13393,1051402348.42006,3478.93208),(27,37,1051397786.38798,13081,1051397788.54797,13081,1051402564.40007,4778.01209),(177,11,1051399040.23802,2153,1051399041.55798,2153,1051402596.59007,3556.35205),(308,79,1051396766.50800,14189,1051396770.53798,14189,1051402843.06035,6076.55235),(374,91,1051396527.37801,14065,1051396536.06798,14065,1051403022.64009,6495.26208),(297,77,1051397729.24813,13876,1051397738.09798,13876,1051403065.36021,5336.11208),(71,34,1051399526.06801,13487,1051399537.45801,13487,1051403131.15005,3605.08204),(152,64,1051399934.52005,12794,1051399938.31007,12794,1051403610.75005,3676.23000),(25,7,1051399656.08798,12964,1051399657.51799,12964,1051403770.05005,4113.96207),(142,58,1051397217.45798,14247,1051397242.87797,14247,1051403875.95882,6658.50084),(34,56,1051383600.00000,13428,1051381943.42798,13428,1051387277.48803,3677.48803),(200,72,1051383600.00000,12992,1051382943.92799,12992,1051387669.78800,4069.78800),(354,60,1051383600.00000,12786,1051383386.04799,12786,1051387698.27799,4098.27799),(343,1,1051383600.00000,12076,1051383314.19804,12076,1051387959.80799,4359.80799),(203,63,1051383600.00000,12159,1051382294.13798,12159,1051388307.19801,4707.19801),(26,37,1051383600.00000,13213,1051382795.17799,13213,1051388592.99799,4992.99799),(329,41,1051387051.75801,13013,1051387056.47800,13013,1051390719.48798,3667.72997),(176,11,1051387241.44798,13844,1051387575.46798,13844,1051391055.67799,3814.23001),(322,42,1051387044.10802,13443,1051387046.46801,13443,1051391165.72801,4121.61999),(117,43,1051387505.81799,13737,1051387507.78798,13737,1051391400.99839,3895.18040),(69,34,1051387225.36801,14050,1051387227.02802,14050,1051391601.62798,4376.25997),(357,60,1051387698.27799,12886,1051387700.28798,12886,1051391979.98797,4281.70998),(129,15,1051387592.57798,13025,1051387596.06798,13025,1051392303.65798,4711.08000),(40,26,1051388419.10801,12973,1051388422.13799,12973,1051392337.07798,3917.96997),(341,61,1051387924.84797,14048,1051387927.86798,14048,1051392892.68797,4967.84000),(290,81,1051390558.48801,14038,1051390561.69801,14038,1051394287.31797,3728.82996),(365,89,1051388522.76800,12334,1051388525.73798,12334,1051394350.21798,5827.44998),(280,82,1051388898.87803,12706,1051388900.72800,12706,1051394392.55797,5493.67994),(229,9,1051388174.00798,14135,1051388175.11800,14135,1051394558.58989,6384.58191),(321,42,1051391165.72801,12988,1051391168.14798,12988,1051394593.51799,3427.78998),(153,64,1051391363.82797,13371,1051391366.75799,13371,1051395482.09800,4118.27003),(166,80,1051391849.19800,14225,1051391859.89801,14225,1051395577.90798,3728.70998),(330,8,1051391578.94802,1902,1051391580.17797,1902,1051395801.84800,4222.89998),(194,22,1051392486.10798,13163,1051392487.12797,13163,1051396231.72806,3745.62008),(41,26,1051392337.07798,12558,1051392341.59797,12558,1051396364.64801,4027.57003),(242,69,1051390448.55798,12145,1051390453.17797,12145,1051396763.41797,6314.85999),(138,50,1051392614.95797,12152,1051392773.63798,12152,1051396868.89802,4253.94005),(106,57,1051393417.79798,13118,1051393420.73797,13118,1051397986.47797,4568.67999),(390,96,1051392732.90798,13357,1051392735.70798,13357,1051398122.52798,5389.62000),(190,47,1051392759.64797,13318,1051392764.74797,13318,1051398414.51069,5654.86272),(366,89,1051394350.21798,13253,1051394353.52798,13253,1051398550.19798,4199.98000),(36,56,1051394489.21799,12700,1051394491.25797,12700,1051398551.25798,4062.03999),(124,21,1051392507.74798,13044,1051392509.64798,13044,1051398818.27797,6310.52999),(317,84,1051395168.02800,13651,1051395174.40799,13651,1051399119.35798,3951.32998),(178,39,1051395434.82799,12654,1051395437.33801,12654,1051399151.09799,3716.27000),(31,16,1051394610.13799,13127,1051394622.32798,13127,1051399233.13801,4623.00002),(70,34,1051395779.48802,11951,1051395781.68797,11951,1051399526.06801,3746.57999),(377,93,1051394079.58799,12738,1051394082.57798,12738,1051399810.16009,5730.57210),(229,9,1051394558.58989,14135,1051394564.05798,14135,1051399829.52004,5270.93015),(135,50,1051396868.89802,14219,1051396872.90801,14219,1051401003.82004,4134.92202),(327,41,1051383600.00000,14052,1051382424.37798,14052,1051387051.75801,3451.75801),(14,31,1051383600.00000,12137,1051382644.83812,12137,1051387066.50798,3466.50798),(372,91,1051383600.00000,13517,1051381777.07812,13517,1051387199.91799,3599.91799),(25,7,1051383600.00000,12964,1051383113.32803,12964,1051387216.32798,3616.32798),(152,64,1051383600.00000,12794,1051381955.17801,12794,1051387344.50798,3744.50798),(60,86,1051383600.00000,13466,1051382578.59810,13466,1051387410.72799,3810.72799),(316,84,1051383600.00000,12908,1051383327.29798,12908,1051387461.98799,3861.98799),(368,30,1051383600.00000,13755,1051382697.67799,13755,1051387704.21798,4104.21798),(100,85,1051383600.00000,12182,1051382689.11798,12182,1051387979.60799,4379.60799),(170,19,1051383600.00000,12851,1051381936.47798,12851,1051388013.73799,4413.73799),(50,78,1051383600.00000,12261,1051382329.86802,12261,1051388097.75800,4497.75800),(234,20,1051383600.00000,12046,1051383047.15800,12046,1051388243.51799,4643.51799),(293,73,1051383600.00000,13480,1051382889.40797,13480,1051388478.25800,4878.25800),(377,93,1051383600.00000,12738,1051383451.98798,12738,1051388562.06803,4962.06803),(286,5,1051383600.00000,12072,1051381984.84811,12072,1051388608.55797,5008.55797),(347,62,1051383600.00000,12673,1051382066.16798,12673,1051388662.89801,5062.89801),(295,77,1051383600.00000,12257,1051381859.03797,12257,1051388885.38798,5285.38798),(17,40,1051383600.00000,14137,1051382303.30802,14137,1051389111.49801,5511.49801),(160,4,1051386658.24798,14007,1051386661.44799,14007,1051389798.11797,3139.86999),(240,69,1051383600.00000,12019,1051381852.52811,12019,1051390448.55798,6848.55798),(143,87,1051387547.67798,12296,1051387551.36797,12296,1051391067.06798,3519.39000),(209,68,1051387563.62798,13947,1051387590.75798,13947,1051391352.07799,3788.45001),(273,44,1051388059.21800,13566,1051388063.82800,13566,1051391510.54797,3451.32997),(161,54,1051387907.41798,14235,1051387908.06797,14235,1051391749.69803,3842.28005),(226,65,1051387850.88798,13758,1051387854.33799,13758,1051391751.58802,3900.70004),(250,13,1051387647.76798,12967,1051387650.80799,12967,1051391810.90802,4163.14004),(310,79,1051387938.39800,13969,1051387942.36798,13969,1051392296.27797,4357.87997),(219,10,1051388339.48801,1668,1051388341.54801,1668,1051392457.73798,4118.24997),(353,3,1051387756.07799,2241,1051387761.60801,2241,1051392617.31797,4861.23998),(63,6,1051388116.87801,12961,1051388122.93799,12961,1051392698.62798,4581.74997),(192,47,1051388201.36799,12997,1051388210.24800,12997,1051392759.64797,4558.27998),(283,35,1051387997.01798,12294,1051388000.71799,12294,1051393189.01798,5192.00000),(214,24,1051388831.98799,14223,1051388833.65801,14223,1051393559.27798,4727.28999),(151,2,1051388551.99798,12857,1051388557.37801,12857,1051393978.92798,5426.93000),(32,16,1051390794.14800,12153,1051390795.83802,12153,1051394610.13799,3815.98999),(59,86,1051390993.61800,13579,1051390997.53801,13579,1051394692.67798,3699.05998),(378,95,1051391558.29797,12450,1051391560.26798,12450,1051395408.29800,3850.00003),(179,39,1051391039.32798,13043,1051391044.35798,13043,1051395434.82799,4395.50001),(127,15,1051392303.65798,13222,1051392308.08799,13222,1051396810.52798,4506.87000),(220,10,1051392457.73798,12617,1051392462.06798,12617,1051396922.43801,4464.70003),(141,58,1051392927.31798,13411,1051392940.04995,13411,1051397217.45798,4290.14000),(204,63,1051392631.83799,14141,1051392635.27799,14141,1051397438.05799,4806.22000),(270,44,1051395530.23809,13455,1051395532.70798,13455,1051399457.54800,3927.30991),(151,2,1051393978.92798,12857,1051393981.36798,12857,1051399701.53799,5722.61001),(228,65,1051395493.85800,13555,1051395496.13801,13555,1051399749.26005,4255.40205),(381,92,1051396197.36801,13322,1051396200.40107,13322,1051399877.04004,3679.67203),(91,52,1051396330.78797,13266,1051396333.28798,13266,1051400190.67005,3859.88208),(71,34,1051383600.00000,13487,1051382284.86797,13487,1051387225.36801,3625.36801),(91,52,1051383600.00000,13266,1051382448.46799,13266,1051387472.29798,3872.29798),(330,8,1051383600.00000,1902,1051381809.25798,1902,1051387554.90799,3954.90799),(353,3,1051383600.00000,2241,1051382175.38799,2241,1051387756.07799,4156.07799),(136,50,1051383600.00000,13580,1051382344.46798,13580,1051388225.63800,4625.63800),(38,26,1051383600.00000,12185,1051382595.24797,12185,1051388419.10801,4819.10801),(364,89,1051383600.00000,12877,1051382656.70811,12877,1051388522.76800,4922.76800),(302,74,1051383600.00000,13838,1051382598.25798,13838,1051388819.68797,5219.68797),(278,82,1051383600.00000,13156,1051382096.20798,13156,1051388898.87803,5298.87803),(319,16,1051387169.62800,12746,1051387171.63799,12746,1051390794.14800,3624.52000),(181,39,1051387407.39799,12134,1051387412.55802,12134,1051391039.32798,3631.92999),(263,18,1051387870.21799,14019,1051387873.07798,14019,1051391829.12802,3958.91003),(382,92,1051387308.68802,12417,1051387312.72801,12417,1051391900.46799,4591.77997),(93,46,1051388076.12803,12582,1051388080.94801,12582,1051392048.67797,3972.54994),(78,27,1051387924.57798,12998,1051387927.19799,12998,1051392053.59799,4129.02001),(231,20,1051388243.51799,13249,1051388251.02798,13249,1051392514.84797,4271.32998),(252,71,1051388297.50799,13659,1051388300.07799,13659,1051392767.39881,4469.89082),(189,45,1051388139.08801,12648,1051388143.52801,12648,1051392901.27798,4762.18997),(101,85,1051387979.60799,13396,1051387987.31798,13396,1051392939.09798,4959.48999),(160,4,1051389798.11797,14007,1051389801.31800,14007,1051393068.49798,3270.38001),(156,67,1051388316.99798,13594,1051388577.89798,13594,1051393118.48798,4801.49000),(16,31,1051390576.24801,13937,1051390582.98803,13937,1051394186.88798,3610.63997),(96,38,1051389069.03798,13485,1051389072.12819,13485,1051396704.95799,7635.92001),(262,18,1051391829.12802,12387,1051391833.49801,12387,1051397851.72797,6022.59995),(54,25,1051392404.40798,13387,1051392406.85799,13387,1051397920.07799,5515.67001),(323,42,1051394593.51799,12426,1051394596.59798,12426,1051398869.48798,4275.96999),(173,19,1051393378.62799,12268,1051393382.64798,12268,1051399126.56801,5747.94002),(279,82,1051394392.55797,13484,1051394394.13798,13484,1051399634.93800,5242.38003),(165,80,1051395577.90798,13536,1051395581.21799,13536,1051399966.71005,4388.80207),(160,4,1051397039.29800,14007,1051397045.74799,14007,1051400494.52009,3455.22209),(292,73,1051396513.83798,12559,1051396519.96799,12559,1051400769.25006,4255.41208),(343,1,1051396805.29798,12076,1051396807.68798,12076,1051401130.77004,4325.47206),(24,59,1051396274.28798,13172,1051396276.25314,13172,1051401292.58003,5018.29205),(197,22,1051396231.72806,12626,1051396234.92800,12626,1051401443.44004,5211.71198),(48,78,1051397269.45799,12488,1051397273.79798,12488,1051401675.34004,4405.88205),(203,63,1051397438.05799,12159,1051397442.29799,12159,1051402098.94004,4660.88205),(149,48,1051397204.74798,13173,1051397208.48799,13173,1051402128.15007,4923.40209),(388,96,1051383600.00000,12124,1051383369.79798,12124,1051387098.58799,3498.58799),(9,53,1051383600.00000,12121,1051382487.60802,12121,1051387550.06798,3950.06798),(207,68,1051383600.00000,14060,1051382623.13802,14060,1051387563.62798,3963.62798),(247,13,1051383600.00000,13328,1051382628.55798,13328,1051387647.76798,4047.76798),(225,65,1051383600.00000,12847,1051381985.25797,12847,1051387850.88798,4250.88798),(163,54,1051383600.00000,13718,1051382505.49812,13718,1051387907.41798,4307.41798),(284,35,1051383600.00000,13274,1051382679.98811,13274,1051387997.01798,4397.01798),(272,44,1051383600.00000,14140,1051381889.26798,14140,1051388059.21800,4459.21800),(159,67,1051383600.00000,12029,1051383191.47802,12029,1051388316.99798,4716.99798),(386,94,1051383600.00000,14023,1051382510.53799,14023,1051388453.70798,4853.70798),(105,57,1051383600.00000,14198,1051382466.16800,14198,1051388877.41798,5277.41798),(53,25,1051388095.52798,13892,1051388097.45801,13892,1051392404.40798,4308.88000),(299,74,1051388819.68797,14218,1051388825.92800,14218,1051393902.78797,5083.10000),(132,83,1051388965.94799,13522,1051388968.10801,13522,1051394106.90798,5140.95999),(37,56,1051390835.54800,12777,1051390840.73800,12777,1051394489.21799,3653.66999),(25,7,1051391029.17800,12964,1051391030.51799,12964,1051395091.05799,4061.87999),(119,43,1051391400.99839,13408,1051391402.80797,13408,1051395350.87800,3949.87961),(217,76,1051391544.97799,12125,1051391556.21798,12125,1051395397.31800,3852.34001),(379,92,1051391900.46799,12489,1051391916.75797,12489,1051396197.36801,4296.90002),(21,59,1051391682.95799,13228,1051391685.83800,13228,1051396274.28798,4591.32999),(355,60,1051391979.98797,12596,1051391982.95797,12596,1051396804.66799,4824.68002),(202,72,1051392534.72799,13756,1051392558.69798,13756,1051397009.92801,4475.20002),(157,67,1051393118.48798,12937,1051393120.04797,12937,1051397370.16798,4251.68000),(29,37,1051393153.52798,13798,1051393157.94798,13798,1051397786.38798,4632.86000),(74,51,1051383600.00000,12802,1051383228.42798,12802,1051389952.64799,6352.64799),(76,51,1051389952.64799,12866,1051389954.56799,12866,1051393800.00000,3847.35201),(75,51,1051393800.00000,12045,1051393829.82798,12045,1051398096.01798,4296.01798),(301,74,1051393902.78797,12378,1051393905.35798,12378,1051398796.34798,4893.56001),(353,3,1051392617.31797,2241,1051392619.85799,2241,1051399137.27798,6519.96001),(286,5,1051393820.69799,12072,1051393822.27799,12072,1051399502.29800,5681.60001),(384,94,1051393862.86798,13863,1051393865.98797,13863,1051399978.35005,6115.48207),(330,8,1051395801.84800,1902,1051395803.18801,1902,1051400199.52005,4397.67205),(248,13,1051396035.93798,12031,1051396037.41941,12031,1051400819.45010,4783.51212),(79,27,1051396963.73801,13897,1051396967.92801,13897,1051401278.52004,4314.78203),(187,45,1051397545.49798,13660,1051397547.88797,13660,1051401683.66005,4138.16207),(287,81,1051398804.28797,14192,1051398810.56798,14192,1051402223.05004,3418.76207),(128,15,1051396810.52798,12612,1051396835.95797,12612,1051402278.57007,5468.04209),(239,69,1051396763.41797,13116,1051396787.63798,13116,1051402451.80007,5688.38210),(339,61,1051397092.18800,12542,1051397096.10800,12542,1051402464.82004,5372.63204),(77,51,1051398096.01798,11969,1051398098.86798,11969,1051402803.88009,4707.86211),(324,42,1051383600.00000,13393,1051382034.23798,13393,1051387044.10802,3444.10802),(30,16,1051383600.00000,12386,1051381973.78797,12386,1051387169.62800,3569.62800),(362,29,1051383600.00000,13968,1051383388.32800,13968,1051387266.37802,3666.37802),(180,39,1051383600.00000,13465,1051383096.43799,13465,1051387407.39799,3807.39799),(218,76,1051383600.00000,12518,1051382006.11799,12518,1051387499.76798,3899.76798),(80,27,1051383600.00000,12156,1051382785.76798,12156,1051387924.57798,4324.57798),(168,80,1051383600.00000,12201,1051382748.74798,12201,1051388002.93800,4402.93800),(125,21,1051383600.00000,12131,1051382152.71798,12131,1051388220.86799,4620.86799),(253,71,1051383600.00000,13834,1051382714.92798,13834,1051388297.50799,4697.50799),(196,22,1051383600.00000,13922,1051382660.25799,13922,1051388392.63801,4792.63801),(25,7,1051387216.32798,12964,1051387221.59802,12964,1051391029.17800,3812.85002),(362,29,1051387266.37802,13968,1051387268.96802,13968,1051391105.31799,3838.93997),(315,84,1051387461.98799,13779,1051387468.47799,13779,1051391157.24797,3695.25998),(378,95,1051387560.64800,12450,1051387564.51797,12450,1051391558.29797,3997.64997),(11,53,1051387550.06798,13263,1051387551.32799,13263,1051391704.71799,4154.65001),(376,91,1051387199.91799,12550,1051387204.23799,12550,1051392488.33799,5288.42000),(201,72,1051387669.78800,12809,1051387674.76798,12809,1051392534.72799,4864.93999),(294,73,1051388478.25800,13762,1051388483.84807,13762,1051392542.53797,4064.27997),(139,58,1051388769.47801,13018,1051388773.14798,13018,1051392927.31798,4157.83997),(149,48,1051387647.20799,13173,1051387649.59798,13173,1051393116.92799,5469.72000),(344,62,1051388662.89801,12743,1051388664.86798,12743,1051393125.68798,4462.78997),(210,68,1051391352.07799,12662,1051391353.39798,12662,1051395387.40799,4035.33000),(174,11,1051391055.67799,13572,1051391057.64801,13572,1051395398.05800,4342.38001),(271,44,1051391510.54797,12265,1051391512.71797,12265,1051395530.23809,4019.69012),(90,52,1051391988.69798,13650,1051391991.76799,13650,1051396330.78797,4342.08999),(375,91,1051392488.33799,12462,1051392526.92798,12462,1051396527.37801,4039.04002),(343,1,1051391923.50798,12076,1051391925.37798,12076,1051396805.29798,4881.79000),(160,4,1051393068.49798,14007,1051393071.03799,14007,1051397039.29800,3970.80002),(147,48,1051393116.92799,12107,1051393121.59798,12107,1051397204.74798,4087.81999),(102,85,1051392939.09798,12756,1051392951.19799,12756,1051397576.31797,4637.21999),(144,87,1051394620.09800,12202,1051394623.43797,12202,1051399435.88799,4815.78999),(120,43,1051395350.87800,13814,1051395353.26797,13814,1051399493.26800,4142.39000),(378,95,1051395408.29800,12450,1051395414.76798,12450,1051399669.76797,4261.46997),(134,83,1051394106.90798,13027,1051394110.97798,13027,1051399867.94005,5761.03207),(327,41,1051397859.94799,14052,1051397862.83798,14052,1051401380.54004,3520.59205),(39,26,1051396364.64801,12593,1051396366.62797,12593,1051401394.42004,5029.77203),(356,60,1051396804.66799,12054,1051396806.59800,12054,1051401903.65004,5098.98205),(34,56,1051398551.25798,13428,1051398553.30799,13428,1051402229.40005,3678.14207),(107,57,1051397986.47797,14033,1051398062.47798,14033,1051402337.60011,4351.12214),(380,92,1051383600.00000,12615,1051382773.92799,12615,1051387308.68802,3708.68802),(146,87,1051383600.00000,12837,1051382112.80801,12837,1051387547.67798,3947.67798),(378,95,1051383600.00000,12450,1051383124.78798,12450,1051387560.64800,3960.64800),(147,48,1051383600.00000,12107,1051382126.91799,12107,1051387647.20799,4047.20799),(22,59,1051383600.00000,13221,1051381960.71810,13221,1051387895.81798,4295.81798),(229,9,1051383600.00000,14135,1051383400.08800,14135,1051388174.00798,4574.00798),(133,83,1051383600.00000,12249,1051382031.02813,12249,1051388965.94799,5365.94799),(289,81,1051387043.01799,12409,1051387052.02799,12409,1051390558.48801,3515.47002),(215,76,1051387499.76798,13111,1051387513.76798,13111,1051391544.97799,4045.21001),(195,22,1051388392.63801,13506,1051388445.02800,13506,1051392486.10798,4093.46997),(137,50,1051388225.63800,12425,1051388229.04800,12425,1051392614.95797,4389.31997),(206,63,1051388307.19801,13034,1051388310.07801,13034,1051392631.83799,4324.63998),(389,96,1051387098.58799,13180,1051387116.54799,13180,1051392732.90798,5634.31999),(335,70,1051387952.05801,13481,1051387991.17800,13481,1051392754.54799,4802.48998),(12,53,1051391704.71799,12807,1051391711.97799,12807,1051395380.78799,3676.07000),(227,65,1051391751.58802,13885,1051391756.89799,13885,1051395493.85800,3742.26998),(325,34,1051391601.62798,13049,1051391606.74798,13049,1051395779.48802,4177.86004),(164,54,1051391749.69803,13415,1051391752.54799,13415,1051396027.99797,4278.29994),(291,73,1051392542.53797,13513,1051392546.36798,13513,1051396513.83798,3971.30001),(82,27,1051392053.59799,12219,1051392055.56799,12219,1051396963.73801,4910.14002),(342,61,1051392892.68797,13057,1051392895.07892,13057,1051397092.18800,4199.50003),(49,78,1051392669.16798,12980,1051392672.26798,12980,1051397269.45799,4600.29001),(66,23,1051383600.00000,12372,1051382983.77797,12372,1051387566.25799,3966.25799),(65,23,1051387566.25799,12966,1051387569.64798,12966,1051391545.91798,3979.65999),(67,23,1051391545.91798,12725,1051391549.77798,12725,1051396478.42800,4932.51002),(328,41,1051394292.41799,11976,1051394294.42799,11976,1051397859.94799,3567.53000),(230,20,1051392514.84797,11999,1051392519.10798,11999,1051398104.04799,5589.20002),(19,40,1051393926.70797,13704,1051393929.52798,13704,1051398338.91798,4412.21001),(211,24,1051393559.27798,12751,1051393574.68799,12751,1051398595.03797,5035.75999),(58,86,1051394692.67798,13613,1051394694.92798,13613,1051398638.95797,3946.27999),(10,53,1051395380.78799,12055,1051395382.46799,12055,1051399498.27798,4117.48999),(155,64,1051395482.09800,13066,1051395483.86798,13066,1051399934.52005,4452.42205),(95,46,1051395960.06799,13846,1051395961.60799,13846,1051400345.85009,4385.78210),(64,23,1051396478.42800,11984,1051396481.63798,11984,1051401258.29004,4779.86204),(269,14,1051393253.89798,13350,1051393259.45798,13350,1051402098.35007,8844.45209),(158,67,1051397370.16798,13478,1051397374.96797,13478,1051403168.37010,5798.20212),(122,21,1051398818.27797,12399,1051398822.40797,12399,1051403327.15004,4508.87207),(232,20,1051398104.04799,13636,1051398105.98797,13636,1051403418.11004,5314.06205),(350,17,1051399606.13798,14157,1051399623.88802,14157,1051404482.19007,4876.05209),(94,46,1051400345.85009,14163,1051400349.23027,14163,1051404720.14005,4374.28996),(131,83,1051399867.94005,13031,1051399870.46004,13031,1051404749.14005,4881.20000),(13,31,1051401503.14005,13912,1051401505.25004,13912,1051405093.78004,3590.63999),(136,50,1051401003.82004,13580,1051401005.43004,13580,1051405630.47005,4626.65001),(220,10,1051401029.80007,12617,1051401031.77005,12617,1051405663.25005,4633.44998),(289,81,1051402223.05004,12409,1051402224.83007,12409,1051405710.79005,3487.74001),(200,72,1051401602.81005,12992,1051401608.24005,12992,1051405792.92005,4190.11000),(322,42,1051402348.42006,13443,1051402350.00006,13443,1051406373.56005,4025.13999),(143,87,1051403386.41006,12296,1051403388.34005,12296,1051406832.81004,3446.39998),(69,34,1051403131.15005,14050,1051403133.43006,14050,1051407437.11007,4305.96002),(26,37,1051402564.40007,13213,1051402568.07005,13213,1051407463.59007,4899.19000),(121,21,1051403327.15004,13694,1051403334.75005,13694,1051407817.33006,4490.18002),(241,69,1051402451.80007,13170,1051402682.61009,13170,1051408559.08008,6107.28001),(295,77,1051403065.36021,12257,1051403068.92012,12257,1051408647.78006,5582.41985),(140,58,1051403875.95882,12570,1051403879.27008,12570,1051408913.98005,5038.02123),(37,56,1051405715.16005,12777,1051405716.97004,12777,1051409429.44005,3714.28000),(40,26,1051405954.32005,12973,1051405955.90005,12973,1051409820.13004,3865.80999),(137,50,1051405630.47005,12425,1051405633.12004,12425,1051410060.88005,4430.41000),(386,94,1051405544.35005,14023,1051405547.05005,14023,1051410234.17005,4689.82000),(189,45,1051406113.38004,12648,1051406117.24004,12648,1051410680.83009,4567.45005),(210,68,1051406673.55007,12662,1051406674.78007,12662,1051410781.24007,4107.69000),(266,14,1051406381.50006,13450,1051406384.81004,13450,1051411052.94004,4671.43998),(310,79,1051406850.62005,13969,1051406854.86005,13969,1051411471.82005,4621.20000),(344,62,1051406889.38005,12743,1051406891.22005,12743,1051411500.13004,4610.74999),(166,80,1051408119.57005,14225,1051408121.28008,14225,1051411916.25004,3796.67999),(15,31,1051408826.03005,12169,1051408838.55005,12169,1051412715.44005,3889.41000),(20,40,1051408731.88004,12915,1051408744.15005,12915,1051413604.97004,4873.09000),(65,23,1051409660.31004,12966,1051409663.20005,12966,1051413877.42004,4217.11000),(349,17,1051409232.32005,11977,1051409313.81004,11977,1051415150.54004,5918.21999),(188,45,1051410680.83009,12015,1051410684.96008,12015,1051415467.37004,4786.53995),(63,6,1051409474.09005,12961,1051409477.11004,12961,1051415797.53008,6323.44003),(132,83,1051410276.27005,13522,1051410277.89005,13522,1051415999.31004,5723.03999),(280,82,1051410125.96005,12706,1051410129.38005,12706,1051416493.27006,6367.31001),(228,65,1051412203.20009,13555,1051412205.72005,13555,1051417020.47056,4817.27047),(123,21,1051412558.28005,13215,1051412561.78004,13215,1051417616.88004,5058.59999),(376,91,1051412043.40004,12550,1051412051.86005,12550,1051417830.67005,5787.27001),(151,2,1051411795.45004,12857,1051411797.76004,12857,1051417882.29004,6086.84000),(60,86,1051414353.10005,13466,1051414355.84005,13466,1051418481.28005,4128.18000),(292,73,1051414151.36004,12559,1051414155.39005,12559,1051418812.96007,4661.60003),(365,89,1051413459.63005,12334,1051413462.15004,12334,1051419986.56006,6526.93001),(180,39,1051415608.83005,13465,1051415611.95004,13465,1051419998.53005,4389.70000),(152,64,1051416923.26006,12794,1051416925.85005,12794,1051420892.90007,3969.64001),(346,62,1051416469.42005,13082,1051416471.59004,13082,1051421723.05005,5253.63000),(387,96,1051398122.52798,13818,1051398125.20798,13818,1051402339.38006,4216.85208),(60,86,1051398638.95797,13466,1051398642.02798,13466,1051402428.48005,3789.52208),(207,68,1051399066.50799,14060,1051399070.23115,14060,1051402907.05005,3840.54206),(18,40,1051398338.91798,12901,1051398341.76798,12901,1051403097.58008,4758.66210),(146,87,1051399435.88799,12837,1051399437.77802,12837,1051403386.41006,3950.52207),(260,18,1051397851.72797,13409,1051397855.70797,13409,1051403450.16009,5598.43212),(380,92,1051399877.04004,12615,1051399884.00004,12615,1051403627.25004,3750.21000),(163,54,1051399772.78004,13718,1051399774.01004,13718,1051403928.90090,4156.12086),(281,82,1051399634.93800,12380,1051399638.26801,12380,1051404587.86005,4952.92205),(385,94,1051399978.35005,13614,1051399981.65005,13614,1051405544.35005,5566.00000),(147,48,1051402128.15007,12107,1051402132.64005,12107,1051406298.14006,4169.98999),(343,1,1051401130.77004,12076,1051401132.43005,12076,1051406445.27009,5314.50005),(340,61,1051402464.82004,14205,1051402466.48004,14205,1051406737.98004,4273.16000),(307,79,1051402843.06035,13529,1051402854.76043,13529,1051406850.62005,4007.55970),(101,85,1051401968.37004,13396,1051401970.97004,13396,1051406942.93009,4974.56005),(11,53,1051403402.93014,13263,1051403404.86004,13263,1051407536.47008,4133.53994),(57,25,1051403012.69010,14003,1051403014.96007,14003,1051407729.63008,4716.93998),(105,57,1051402337.60011,14198,1051402340.01005,14198,1051407803.73006,5466.12995),(167,80,1051404270.27004,13141,1051404271.15005,13141,1051408119.57005,3849.30001),(226,65,1051404181.66004,13758,1051404185.69005,13758,1051408197.33007,4015.67003),(215,76,1051404344.28005,13111,1051404348.82004,13111,1051408331.66005,3987.38000),(367,89,1051403521.15004,13238,1051403522.74003,13238,1051408632.27011,5111.12007),(16,31,1051405093.78004,13937,1051405096.27005,13937,1051408826.03005,3732.25001),(247,13,1051405200.69005,13328,1051405202.42005,13328,1051409132.03004,3931.33999),(80,27,1051405717.43005,12156,1051405719.80005,12156,1051410230.29010,4512.86005),(97,38,1051405314.36004,12369,1051405319.46004,12369,1051410510.77394,5196.41390),(330,8,1051410537.22008,1902,1051410538.88008,NULL,NULL,NULL),(196,22,1051406366.43007,13922,1051406367.78004,13922,1051410891.89017,4525.46010),(212,24,1051405438.35004,13395,1051405463.05004,13395,1051411073.39004,5635.04000),(28,37,1051407463.59007,12501,1051407467.84004,12501,1051412155.64005,4692.04998),(217,76,1051408331.66005,12125,1051408338.52008,12125,1051412400.06005,4068.40000),(125,21,1051407817.33006,12131,1051407820.06009,12131,1051412558.28005,4740.94999),(234,20,1051408680.85026,12046,1051408687.58004,12046,1051412786.14007,4105.28981),(138,50,1051410060.88005,12152,1051410063.74004,12152,1051414278.54007,4217.66002),(334,66,1051403645.95005,14245,1051408529.62008,14245,1051414699.72005,11053.77000),(299,74,1051409089.45004,14218,1051409092.14003,14218,1051414911.72005,5822.27001),(355,60,1051410150.57005,12596,1051410157.38005,12596,1051415399.33005,5248.76000),(383,94,1051410234.17005,12516,1051410237.89004,12516,1051416067.63004,5833.45999),(216,76,1051412400.06005,13621,1051412402.49005,13621,1051417751.58007,5351.52002),(287,81,1051414805.95004,14192,1051414808.12004,14192,1051418669.13006,3863.18002),(300,74,1051398796.34798,12632,1051398802.77799,12632,1051404157.96005,5361.61207),(353,3,1051399137.27798,2241,1051399140.03801,2241,1051405382.81005,6245.53207),(22,59,1051401292.58003,13221,1051401304.33004,13221,1051405643.40005,4350.82002),(388,96,1051402339.38006,12124,1051402341.72006,12124,1051405684.49005,3345.10999),(61,86,1051402428.48005,13882,1051402431.58006,13882,1051405965.26004,3536.77999),(198,22,1051401443.44004,13546,1051401444.48005,13546,1051406366.43007,4922.99003),(209,68,1051402907.05005,13947,1051402912.91009,13947,1051406673.55007,3766.50002),(284,35,1051402645.41006,13274,1051402647.64007,13274,1051406993.68004,4348.26998),(273,44,1051403966.62004,13566,1051403968.42005,13566,1051407361.15007,3394.53003),(373,91,1051403022.64009,13874,1051403030.67009,13874,1051407414.83006,4392.18997),(261,18,1051403450.16009,12778,1051403455.58007,12778,1051407540.97005,4090.80996),(159,67,1051403168.37010,12029,1051403173.55010,12029,1051407827.39007,4659.01997),(368,30,1051399960.58004,13755,1051399962.42004,13755,1051408380.01007,8419.43003),(74,51,1051402803.88009,12802,1051402806.26007,12802,1051408673.53004,5869.64995),(59,86,1051405965.26004,13579,1051405966.84007,13579,1051409830.08005,3864.82001),(357,60,1051405745.60004,12886,1051405746.77005,12886,1051410150.57005,4404.97001),(145,87,1051406832.81004,12188,1051406835.55007,12188,1051410377.22008,3544.41004),(174,11,1051406119.46005,13572,1051406126.28009,13572,1051410433.21005,4313.75000),(318,84,1051406857.95007,13212,1051406862.54007,13212,1051411039.25004,4181.29997),(70,34,1051407437.11007,11951,1051407440.54004,11951,1051411153.62004,3716.50997),(130,15,1051407207.69005,14143,1051407210.17005,14143,1051411256.18004,4048.48999),(229,9,1051405181.20005,14135,1051405184.34008,14135,1051411314.30005,6133.10000),(102,85,1051406942.93009,12756,1051406946.27008,12756,1051411550.27005,4607.33996),(283,35,1051406993.68004,12294,1051406996.87005,12294,1051411950.89004,4957.21000),(372,91,1051407414.83006,13517,1051407813.62006,13517,1051412043.40004,4628.56998),(379,92,1051408176.91006,12489,1051408179.54008,12489,1051412601.68005,4424.76999),(377,93,1051406620.63006,12738,1051406623.65005,12738,1051413528.58005,6907.94999),(291,73,1051409552.93005,13513,1051409554.59005,13513,1051414151.36004,4598.42999),(41,26,1051409820.13004,12558,1051409909.05005,12558,1051414367.27007,4547.14003),(78,27,1051410230.29010,12998,1051410231.17005,12998,1051414630.56004,4400.26994),(208,68,1051410781.24007,14232,1051410782.35007,14232,1051414812.59005,4031.34998),(202,72,1051410563.08008,13756,1051410565.51007,13756,1051415616.76004,5053.67996),(144,87,1051410377.22008,12202,1051410378.89005,12202,1051415820.64006,5443.41998),(120,43,1051411543.79004,13814,1051411546.55004,13814,1051415953.57005,4409.78001),(343,1,1051411155.17004,12076,1051411161.24010,12076,1051416100.16009,4944.99005),(98,38,1051410510.77394,13550,1051410513.29006,13550,1051416266.23005,5755.45611),(55,25,1051397920.07799,13786,1051397923.16797,13786,1051403012.69010,5092.61211),(316,84,1051399119.35798,12908,1051399121.34800,12908,1051403089.25047,3969.89249),(255,71,1051398137.10798,14136,1051398140.69799,14136,1051403446.39005,5309.28207),(225,65,1051399749.26005,12847,1051399751.43005,12847,1051404181.66004,4432.39999),(168,80,1051399966.71005,12201,1051399970.33004,12201,1051404270.27004,4303.55999),(218,76,1051400248.31417,12518,1051400250.63005,12518,1051404344.28005,4095.96588),(330,8,1051400199.52005,1902,1051400200.75005,1902,1051404683.24006,4483.72001),(251,13,1051400819.45010,14188,1051400821.90009,14188,1051405200.69005,4381.23995),(286,5,1051399502.29800,12072,1051399503.73798,12072,1051405588.56004,6086.26204),(265,14,1051402098.35007,13435,1051402102.11007,13435,1051406381.50006,4283.14999),(347,62,1051402103.61007,12673,1051402106.29007,12673,1051406889.38005,4785.76998),(117,43,1051403649.90005,13737,1051403651.91005,13737,1051407616.76004,3966.85999),(91,52,1051404585.68004,13266,1051404587.13007,13266,1051408360.33005,3774.65001),(25,7,1051403770.05005,12964,1051403772.48005,12964,1051408607.48006,4837.43001),(93,46,1051404720.14005,12582,1051404723.69005,12582,1051408742.31004,4022.16999),(63,6,1051403609.55005,12961,1051403612.28005,12961,1051409474.09005,5864.54000),(294,73,1051405608.62004,13762,1051405610.12005,13762,1051409552.93005,3944.31001),(30,16,1051406421.63007,12386,1051406422.43007,12386,1051409750.70005,3329.06998),(362,29,1051404555.07005,13968,1051404557.03006,13968,1051410370.27007,5815.20002),(263,18,1051407540.97005,14019,1051407542.64007,14019,1051411407.01005,3866.04000),(149,48,1051406298.14006,13173,1051406301.21005,13173,1051411736.37004,5438.22998),(151,2,1051405749.96004,12857,1051405752.23005,12857,1051411795.45004,6045.49000),(335,70,1051407040.72004,13481,1051407043.36005,13481,1051411908.49005,4867.77001),(341,61,1051406737.98004,14048,1051406741.04006,14048,1051411926.69004,5188.71000),(76,51,1051408673.53004,12866,1051408676.18005,12866,1051412563.65005,3890.12001),(156,67,1051407827.39007,13594,1051407852.57008,13594,1051413109.35006,5281.95999),(319,16,1051409750.70005,12746,1051409751.58005,12746,1051413299.90005,3549.20000),(175,11,1051410433.21005,13036,1051410434.55005,13036,1051415058.25004,4625.03999),(325,34,1051411153.62004,13049,1051411160.68005,13049,1051415624.71007,4471.09003),(220,10,1051409788.81004,12617,1051409791.43005,12617,1051415907.52005,6118.71001),(327,41,1051412446.88052,14052,1051412451.71004,14052,1051416312.09005,3865.20953),(21,59,1051409487.51005,13228,1051409491.16005,13228,1051416492.22006,7004.71001),(100,85,1051411550.27005,12182,1051411553.73005,12182,1051416569.19006,5018.92001),(155,64,1051411953.29004,13066,1051411955.61008,13066,1051416923.26006,4969.97002),(95,46,1051412806.14008,13846,1051412806.95009,13846,1051417701.66005,4895.51997),(141,58,1051413264.71006,13411,1051413268.29031,13411,1051417946.74005,4682.02999),(157,67,1051413109.35006,12937,1051413110.93010,12937,1051418171.45006,5062.10000),(90,52,1051413301.57005,13650,1051413304.71009,13650,1051418200.87005,4899.30000),(298,77,1051413345.75004,14127,1051413347.32008,14127,1051418979.59005,5633.84001),(329,41,1051416312.09005,13013,1051416315.08007,13013,1051420405.91004,4093.81999),(118,43,1051415953.57005,13320,1051415956.08005,13320,1051420434.79004,4481.21999),(272,44,1051416414.50005,14140,1051416425.03005,14140,1051421250.12006,4835.62001),(267,14,1051417010.95004,14169,1051417014.44005,14169,1051421683.17005,4672.22001),(61,86,1051418481.28005,13882,1051418484.35005,13882,1051422556.29005,4075.01000),(94,46,1051417701.66005,14163,1051417704.08004,14163,1051422726.05004,5024.38999),(322,42,1051418649.86005,13443,1051418651.19005,13443,1051422969.25005,4319.39000),(230,20,1051417894.61006,11999,1051417897.44005,11999,1051424522.20007,6627.59001),(18,40,1051418987.28004,12901,1051418990.68004,12901,1051424623.16005,5635.88001),(151,2,1051417882.29004,12857,1051417884.45004,12857,1051424627.81007,6745.52003),(336,70,1051397606.56799,13856,1051397611.29799,13856,1051402530.13004,4923.56205),(285,35,1051397838.83797,13458,1051397841.10799,13458,1051402645.41006,4806.57209),(63,6,1051397804.69802,12961,1051397807.67797,12961,1051403609.55005,5804.85203),(191,47,1051398414.51069,14004,1051398418.40811,14004,1051403695.06004,5280.54935),(229,9,1051399829.52004,14135,1051399832.32004,14135,1051405181.20005,5351.68001),(171,19,1051399126.56801,13578,1051399131.74992,13578,1051405643.01005,6516.44204),(354,60,1051401903.65004,12786,1051401905.76005,12786,1051405745.60004,3841.95000),(186,45,1051401683.66005,12649,1051401686.29004,12649,1051406113.38004,4429.71999),(50,78,1051401675.34004,12261,1051401679.30005,12261,1051406354.38006,4679.04002),(33,16,1051399233.13801,12194,1051399262.56799,12194,1051406421.63007,7188.49206),(181,39,1051402954.15010,12134,1051402957.59005,12134,1051406717.20004,3763.04994),(326,41,1051405051.18007,13567,1051405054.15007,13567,1051408530.31005,3479.12998),(233,20,1051403418.11004,12324,1051403425.27007,12324,1051408680.85026,5262.74022),(278,82,1051404587.86005,13156,1051404590.50006,13156,1051410125.96005,5538.10000),(204,63,1051406823.32007,14141,1051406825.02007,14141,1051411852.63005,5029.30998),(227,65,1051408197.33007,13885,1051408200.62007,13885,1051412203.20009,4005.87002),(53,25,1051407729.63008,13892,1051407732.02006,13892,1051412386.39041,4656.76033),(139,58,1051408913.98005,13018,1051408915.93005,13018,1051413264.71006,4350.73001),(378,95,1051399669.76797,12450,1051408996.67005,12450,1051413268.02009,13598.25212),(296,77,1051408647.78006,12400,1051408652.05005,12400,1051413345.75004,4697.96998),(288,81,1051409465.67005,12896,1051409467.35005,12896,1051414805.95004,5340.27999),(49,78,1051410763.97008,12980,1051410765.29007,12980,1051415648.75005,4884.77997),(10,53,1051411284.42005,12055,1051411286.25005,12055,1051415826.23005,4541.81000),(170,19,1051411129.58005,12851,1051411132.60004,12851,1051415835.02005,4705.44000),(345,62,1051411500.13004,13576,1051411503.45005,13576,1051416469.42005,4969.29001),(14,31,1051412715.44005,12137,1051412718.45005,12137,1051416526.63011,3811.19006),(381,92,1051412601.68005,13322,1051412604.50004,13322,1051416766.76007,4165.08002),(29,37,1051412155.64005,13798,1051412158.72004,13798,1051417278.90005,5123.26000),(32,16,1051413299.90005,12153,1051413301.94005,12153,1051417347.75004,4047.84999),(213,24,1051411073.39004,13407,1051411092.34005,13407,1051417658.06004,6584.67000),(378,95,1051413268.02009,12450,1051413270.26009,12450,1051417782.50005,4514.47996),(34,56,1051413798.26004,13428,1051413800.25005,13428,1051417807.62005,4009.36001),(135,50,1051414278.54007,14219,1051414314.04007,14219,1051418665.69007,4387.15000),(262,18,1051411407.01005,12387,1051411410.03004,12387,1051418744.66005,7337.65000),(249,13,1051413722.25005,14201,1051413723.64006,14201,1051418789.74004,5067.48999),(48,78,1051415648.75005,12488,1051415652.04005,12488,1051420476.76004,4828.00999),(180,39,1051399151.09799,13465,1051399153.71799,13465,1051402954.15010,3803.05211),(9,53,1051399498.27798,12121,1051399502.98799,12121,1051403402.93014,3904.65216),(363,89,1051398550.19798,12127,1051398554.16799,12127,1051403521.15004,4970.95206),(118,43,1051399493.26800,13320,1051399495.77798,13320,1051403649.90005,4156.63205),(160,4,1051400494.52009,14007,1051400497.60010,14007,1051404130.91005,3636.38996),(362,29,1051400160.66004,13968,1051400162.37004,13968,1051404555.07005,4394.41001),(89,52,1051400190.67005,13028,1051400192.48004,13028,1051404585.68004,4395.00999),(99,38,1051396704.95799,12918,1051396707.95798,12918,1051405314.36004,8609.40205),(293,73,1051400769.25006,13480,1051400771.07006,13480,1051405608.62004,4839.36998),(151,2,1051399701.53799,12857,1051399703.52798,12857,1051405749.96004,6048.42205),(206,63,1051402098.94004,13034,1051402101.51007,13034,1051406823.32007,4724.38003),(315,84,1051403089.25047,13779,1051403091.12010,13779,1051406857.95007,3768.69960),(337,70,1051402530.13004,13836,1051402592.44005,13836,1051407040.72004,4510.59000),(154,64,1051403610.75005,12395,1051403612.69004,12395,1051407663.22007,4052.47002),(193,47,1051403695.06004,13314,1051403697.25005,13314,1051407965.83007,4270.77003),(253,71,1051403446.39005,13834,1051403449.60004,13834,1051408062.63005,4616.24000),(382,92,1051403627.25004,12417,1051403631.37004,12417,1051408176.91006,4549.66002),(17,40,1051403097.58008,14137,1051403101.25005,14137,1051408731.88004,5634.29996),(302,74,1051404157.96005,13838,1051404159.40082,13838,1051409089.45004,4931.48999),(348,17,1051404482.19007,12813,1051404545.70007,12813,1051409232.32005,4750.12998),(23,59,1051405643.40005,12633,1051405648.23005,12633,1051409487.51005,3844.11000),(343,1,1051406445.27009,12076,1051406447.11007,12076,1051411155.17004,4709.89995),(333,66,1051383600.00000,13661,1051383110.86804,13661,1051388619.65800,5019.65800),(334,66,1051388619.65800,14245,1051388623.60798,14245,1051393315.39799,4695.73999),(331,66,1051393315.39799,13333,1051393318.71799,13333,1051398341.61797,5026.21998),(332,66,1051398341.61797,14248,1051398344.74797,14248,1051403645.95005,5304.33208),(12,53,1051407536.47008,12807,1051407538.66009,12807,1051411284.42005,3747.94997),(353,3,1051405382.81005,2241,1051405385.44005,2241,1051411392.42005,6009.61000),(119,43,1051407616.76004,13408,1051407618.10005,13408,1051411543.79004,3927.03000),(160,4,1051408116.78004,14007,1051408122.42008,14007,1051412179.73006,4062.95002),(104,57,1051407803.73006,13673,1051407806.90007,13673,1051412543.99004,4740.25998),(92,46,1051408742.31004,12512,1051408752.70004,12512,1051412806.14008,4063.83004),(192,47,1051407965.83007,12997,1051408011.18008,12997,1051413457.11004,5491.27997),(364,89,1051408632.27011,12877,1051408637.40005,12877,1051413459.63005,4827.35994),(236,33,1051383600.00000,13734,1051383357.31798,13734,1051388622.06799,5022.06799),(235,33,1051388622.06799,12289,1051388633.39799,12289,1051392794.84798,4172.77999),(236,33,1051392794.84798,13734,1051393022.34797,13734,1051398034.93797,5240.08999),(235,33,1051398034.93797,12289,1051398112.19799,12289,1051402406.20007,4371.26210),(236,33,1051402406.20007,13734,1051402775.03008,13734,1051407837.86006,5431.65999),(235,33,1051407837.86006,12289,1051408640.00000,12289,1051413480.00000,5642.13994),(320,24,1051398595.03797,12446,1051398596.26797,12446,1051405438.35004,6843.31207),(35,56,1051402229.40005,14126,1051402230.67005,14126,1051405715.16005,3485.76000),(68,23,1051401258.29004,12784,1051401302.99005,12784,1051405791.16005,4532.87001),(38,26,1051401394.42004,12185,1051401396.69005,12185,1051405954.32005,4559.90001),(377,93,1051399810.16009,12738,1051399822.43004,12738,1051406620.63006,6810.46997),(126,15,1051402278.57007,12941,1051402300.24006,12941,1051407207.69005,4929.11998),(161,54,1051403928.90090,14235,1051403930.13003,14235,1051408018.96005,4090.05915),(321,42,1051406373.56005,12988,1051406380.18007,12988,1051409917.42016,3543.86011),(330,8,1051404683.24006,1902,1051404684.69004,1902,1051410537.22008,5853.98002),(201,72,1051405792.92005,12809,1051405795.22182,12809,1051410563.08008,4770.16003),(51,78,1051406354.38006,12960,1051406357.01007,12960,1051410763.97008,4409.59002),(172,19,1051405643.01005,12867,1051405650.33004,12867,1051411129.58005,5486.57000),(389,96,1051405684.49005,13180,1051405685.67005,13180,1051411540.34005,5855.85000),(271,44,1051407361.15007,12265,1051407362.61005,12265,1051411714.07004,4352.91997),(286,5,1051405588.56004,12072,1051405589.83005,12072,1051411858.24004,6269.68000),(153,64,1051407663.22007,13371,1051407665.19007,13371,1051411953.29004,4290.06997),(328,41,1051408530.31005,11976,1051408540.99008,11976,1051412446.88052,3916.57047),(25,7,1051408607.48006,12964,1051408609.17007,12964,1051412938.83009,4331.35003),(250,13,1051409132.03004,12967,1051409136.05005,12967,1051413722.25005,4590.22001),(36,56,1051409429.44005,12700,1051409430.96005,12700,1051413798.26004,4368.81999),(58,86,1051409830.08005,13613,1051409831.99004,13613,1051414353.10005,4523.02000),(323,42,1051409917.42016,12426,1051409926.10004,12426,1051414600.68004,4683.25988),(178,39,1051411432.11005,12654,1051411434.53005,12654,1051415608.83005,4176.72000),(195,22,1051410891.89017,13506,1051410898.06005,13506,1051416037.95004,5146.05987),(309,79,1051411471.82005,12328,1051411476.47005,12328,1051416478.35004,5006.52999),(165,80,1051411916.25004,13536,1051411925.06005,13536,1051416891.46005,4975.21001),(268,14,1051411052.94004,13317,1051411056.23005,13317,1051417010.95004,5958.01000),(338,70,1051411908.49005,13026,1051411911.37004,13026,1051417032.24006,5123.75001),(282,35,1051411950.89004,12761,1051411955.43004,12761,1051417174.93005,5224.04001),(160,4,1051412179.73006,14007,1051412181.54005,14007,1051417215.85004,5036.11998),(240,69,1051408559.08008,12019,1051408581.78231,12019,1051417655.61006,9096.52998),(106,57,1051412543.99004,13118,1051412548.11006,13118,1051418321.69006,5777.70002),(390,96,1051411540.34005,13357,1051411542.94004,13357,1051418634.65005,7094.31000),(286,5,1051411858.24004,12072,1051411859.58004,12072,1051419365.44007,7507.20003),(368,30,1051408380.01007,13755,1051408382.38006,13755,1051419656.29005,11276.27998),(177,11,1051415058.25004,2153,1051415060.97004,2153,1051419899.25005,4841.00001),(9,53,1051415826.23005,12121,1051415833.54007,12121,1051419914.17005,4087.94000),(71,34,1051415624.71007,13487,1051415650.38006,13487,1051420021.68005,4396.96998),(147,48,1051416536.06007,12107,1051416537.41008,12107,1051420911.31005,4375.24998),(380,92,1051416766.76007,12615,1051416769.07005,12615,1051421038.49004,4271.72997),(101,85,1051416569.19006,13396,1051416571.51005,13396,1051422394.45005,5825.25999),(225,65,1051417020.47056,12847,1051417022.36005,12847,1051422529.11004,5508.63948),(289,81,1051418669.13006,12409,1051418678.39004,12409,1051422530.95005,3861.81999),(24,59,1051416492.22006,13172,1051416500.12005,13172,1051422765.75004,6273.52998),(142,58,1051417946.74005,14247,1051417949.71005,14247,1051423918.41010,5971.67005),(124,21,1051417616.88004,13044,1051417617.85007,13044,1051424971.68007,7354.80003),(297,77,1051418979.59005,13876,1051418982.33007,13876,1051426611.54006,7631.95001),(272,44,1051399457.54800,14140,1051399459.12800,14140,1051403966.62004,4509.07204),(329,41,1051401380.54004,13013,1051401384.99007,13013,1051405051.18007,3670.64003),(81,27,1051401278.52004,2232,1051401284.20019,2232,1051405717.43005,4438.91001),(176,11,1051402596.59007,13844,1051402597.74005,13844,1051406119.46005,3522.86998),(160,4,1051404130.91005,14007,1051404135.97004,14007,1051408116.78004,3985.86999),(290,81,1051405710.79005,14038,1051405712.03005,14038,1051409465.67005,3754.88000),(66,23,1051405791.16005,12372,1051405793.90005,12372,1051409660.31004,3869.14999),(219,10,1051405663.25005,1668,1051405664.83005,1668,1051409788.81004,4125.55999),(133,83,1051404749.14005,12249,1051404752.78007,12249,1051410276.27005,5527.13000),(179,39,1051406717.20004,13043,1051406721.21005,13043,1051411432.11005,4714.91001),(164,54,1051408018.96005,13415,1051408022.77006,13415,1051412502.17004,4483.20999),(252,71,1051408062.63005,13659,1051408064.33007,13659,1051412766.18008,4703.55003),(88,52,1051408360.33005,14017,1051408368.61705,14017,1051413301.57005,4941.24000),(317,84,1051411039.25004,13651,1051411041.33004,13651,1051415338.91005,4299.66001),(270,44,1051411714.07004,13455,1051411716.10005,13455,1051416414.50005,4700.43001),(148,48,1051411736.37004,13084,1051411739.11004,13084,1051416536.06007,4799.69003),(129,15,1051411256.18004,13025,1051411258.34004,13025,1051416569.74006,5313.56002),(342,61,1051411926.69004,13057,1051411931.06004,13057,1051416596.89005,4670.20001),(75,51,1051412563.65005,12045,1051412566.66005,12045,1051417047.71006,4484.06001),(229,9,1051411314.30005,14135,1051411316.72004,14135,1051417885.87006,6571.57001),(231,20,1051412786.14007,13249,1051412795.11009,13249,1051417894.61006,5108.46999),(353,3,1051411392.42005,2241,1051411395.63004,2241,1051418755.15005,7362.73000),(19,40,1051413604.97004,13704,1051413627.48005,13704,1051418987.28004,5382.31000),(203,63,1051411852.63005,12159,1051411858.85004,12159,1051419036.29005,7183.66000),(163,54,1051416627.47005,13718,1051416628.91004,13718,1051421345.68009,4718.21004),(67,23,1051413877.42004,12725,1051413884.73004,12725,1051421921.18005,8043.76001),(169,19,1051415835.02005,13523,1051416070.22007,13523,1051422066.21004,6231.18999),(336,70,1051417032.24006,13856,1051417037.44005,13856,1051422977.10004,5944.85998),(206,63,1051419036.29005,13034,1051419038.71005,13034,1051425104.89006,6068.60001),(162,54,1051412502.17004,13022,1051412505.80007,13022,1051416627.47005,4125.30001),(25,7,1051412938.83009,12964,1051412940.17010,12964,1051418532.10006,5593.26997),(324,42,1051414600.68004,13393,1051414602.77007,13393,1051418649.86005,4049.18001),(207,68,1051414812.59005,14060,1051414819.21005,14060,1051419013.84004,4201.24999),(187,45,1051415467.37004,13660,1051415472.57004,13660,1051420129.36005,4661.99001),(146,87,1051415820.64006,12837,1051415822.80006,12837,1051420149.45006,4328.81000),(331,66,1051414699.72005,13333,1051414709.71004,13333,1051420921.20005,6221.48000),(35,56,1051417807.62005,14126,1051417821.39005,14126,1051421847.33005,4039.71000),(31,16,1051417347.75004,13127,1051417354.24005,13127,1051422045.91004,4698.16000),(384,94,1051416067.63004,13863,1051416069.60005,13863,1051422238.31005,6170.68001),(27,37,1051417278.90005,13081,1051417282.95005,13081,1051422572.21004,5293.30999),(89,52,1051418200.87005,13028,1051418208.93009,13028,1051423086.60004,4885.72999),(248,13,1051418789.74004,12031,1051418791.31007,12031,1051423452.18005,4662.44001),(372,91,1051417830.67005,13517,1051417834.27004,13517,1051451039.49722,33208.82717),(160,4,1051417215.85004,14007,1051417218.61006,14007,1051421641.52004,4425.67000),(127,15,1051416569.74006,13222,1051416573.45005,13222,1051421851.29004,5281.54998),(168,80,1051416891.46005,12201,1051416898.12006,12201,1051421855.29003,4963.82998),(308,79,1051416478.35004,14189,1051416484.92004,14189,1051422921.30004,6442.95000),(136,50,1051418665.69007,13580,1051418670.43006,13580,1051424187.82005,5522.12998),(239,69,1051417655.61006,13116,1051417739.18005,13116,1051424339.24005,6683.62999),(158,67,1051418171.45006,13478,1051418254.00010,13478,1051425132.00004,6960.54998),(254,71,1051412766.18008,13785,1051412768.84101,13785,1051419317.28007,6551.09999),(54,25,1051412386.39041,13387,1051412388.87006,13387,1051419428.70005,7042.30964),(316,84,1051415338.91005,12908,1051415341.20007,12908,1051420156.98006,4818.07001),(194,22,1051416037.95004,13163,1051416039.26007,13163,1051420253.09005,4215.14001),(82,27,1051414630.56004,12219,1051414637.75006,12219,1051420273.56004,5643.00000),(301,74,1051414911.72005,12378,1051414914.77004,12378,1051420597.11007,5685.39002),(219,10,1051415907.52005,1668,1051415910.76009,1668,1051420611.52005,4704.00000),(13,31,1051416526.63011,13912,1051416528.13005,13912,1051421040.81018,4514.18007),(190,47,1051413457.11004,13318,1051413465.39005,13318,1051421053.81007,7596.70003),(39,26,1051414367.27007,12593,1051414915.62005,12593,1051421061.08006,6693.80999),(343,1,1051416100.16009,12076,1051416102.01004,12076,1051421336.63005,5236.46996),(356,60,1051415399.33005,12054,1051415404.37005,12054,1051421493.10019,6093.77014),(199,72,1051415616.76004,13107,1051415622.55004,13107,1051421937.18005,6320.42001),(63,6,1051415797.53008,12961,1051415800.54005,12961,1051422030.38005,6232.84997),(218,76,1051417751.58007,12518,1051417767.48007,12518,1051422073.16005,4321.57998),(77,51,1051417047.71006,11969,1051417050.68005,11969,1051422420.99004,5373.27998),(285,35,1051417174.93005,13458,1051417177.46004,13458,1051422533.63005,5358.70000),(279,82,1051416493.27006,13484,1051416494.89004,13484,1051422759.07005,6265.79999),(134,83,1051415999.31004,13027,1051416003.80004,13027,1051423031.98005,7032.67001),(214,24,1051417658.06004,14223,1051417662.09004,14223,1051423036.35005,5378.29001),(351,17,1051415150.54004,13822,1051415162.27005,13822,1051423080.68006,7930.14002),(387,96,1051418634.65005,13818,1051418649.43006,13818,1051423338.00004,4703.34999),(107,57,1051418321.69006,14033,1051418331.20006,14033,1051423368.32004,5046.62998),(209,68,1051419013.84004,13947,1051419018.21006,13947,1051423482.50005,4468.66001),(176,11,1051419899.25005,13844,1051419903.93356,13844,1051423577.23008,3677.98003),(143,87,1051420149.45006,12296,1051420274.18005,12296,1051424134.87004,3985.41998),(326,41,1051420405.91004,13567,1051420411.11007,13567,1051424362.34004,3956.43000),(260,18,1051418744.66005,13409,1051418747.28006,13409,1051425299.78005,6555.12000),(69,34,1051420021.68005,14050,1051420024.86005,14050,1051425486.41011,5464.73006),(25,7,1051418532.10006,12964,1051418539.97017,12964,1051425749.93006,7217.83000),(255,71,1051419317.28007,14136,1051419321.90006,14136,1051425778.44005,6461.15998),(167,80,1051421855.29003,13141,1051421856.72005,13141,1051426233.10007,4377.81004),(226,65,1051422529.11004,13758,1051422534.95005,13758,1051427027.04004,4497.93000),(337,70,1051422977.10004,13836,1051422978.91004,13836,1051428028.46007,5051.36003),(15,31,1051425116.14005,12169,1051425117.86006,12169,1051429271.33007,4155.19002),(211,24,1051423036.35005,12751,1051423061.25004,12751,1051429384.69004,6348.33999),(137,50,1051424187.82005,12425,1051424191.27007,12425,1051429432.55004,5244.72999),(271,44,1051425041.72005,12265,1051425043.10007,12265,1051429647.69005,4605.97000),(153,64,1051425657.75005,13371,1051425667.65005,13371,1051430323.35005,4665.60000),(189,45,1051425548.26004,12648,1051425551.58004,12648,1051431231.35005,5683.09001),(160,4,1051426322.39005,14007,1051426324.79004,14007,1051431257.82005,4935.43000),(379,92,1051426648.03006,12489,1051426659.58007,12489,1051432187.67004,5539.63998),(198,22,1051426506.22004,13546,1051426507.18007,13546,1051432215.19004,5708.97000),(357,60,1051425705.31004,12886,1051425707.50004,12886,1051432400.86007,6695.55003),(266,14,1051426810.80008,13450,1051426816.93007,13450,1051432430.54005,5619.73997),(100,85,1051427636.46004,12182,1051427639.65004,12182,1051432912.53007,5276.07003),(247,13,1051428584.25006,13328,1051428585.76010,13328,1051432973.77007,4389.52001),(175,11,1051428708.27005,13036,1051428717.57008,13036,1051433380.79006,4672.52001),(28,37,1051429409.79004,12501,1051429415.30005,12501,1051434890.12004,5480.33000),(386,94,1051429531.30005,14023,1051429533.73005,14023,1051435399.27005,5867.97000),(278,82,1051428767.94010,13156,1051428772.64010,13156,1051436050.42004,7282.47994),(155,64,1051430323.35005,13066,1051430326.71005,13066,1051436164.38004,5841.02999),(207,68,1051433075.98005,14060,1051433079.65007,14060,1051437380.81005,4304.83000),(377,93,1051428487.45004,12738,1051428502.05005,12738,1051437691.23008,9203.78004),(368,30,1051419656.29005,13755,1051419658.68007,13755,1051437847.12006,18190.83001),(196,22,1051432215.19004,13922,1051432220.80004,13922,1051438106.05006,5890.86002),(143,87,1051434118.00009,12296,1051434121.09006,12296,1051438400.29006,4282.28997),(70,34,1051434190.90005,11951,1051434192.97005,11951,1051438448.98005,4258.08000),(35,56,1051435248.89043,14126,1051435250.19023,14126,1051439414.78007,4165.88964),(272,44,1051434699.04005,14140,1051434700.69007,14140,1051439990.19042,5291.15037),(141,58,1051435095.00005,13411,1051435097.66006,13411,1051440065.84004,4970.83999),(244,36,1051418861.51004,12899,1051430099.29005,12899,1051440138.32009,21276.81005),(367,89,1051429988.84004,13238,1051429990.57006,13238,1051440172.74005,10183.90001),(342,61,1051436061.25005,13057,1051436065.55005,13057,1051440861.63009,4800.38004),(163,54,1051435482.18005,13718,1051435707.49004,13718,1051440910.74006,5428.56001),(326,41,1051436709.95005,13567,1051436749.94004,13567,1051440958.59010,4248.64005),(160,4,1051436134.77005,14007,1051436136.86004,14007,1051440977.29008,4842.52003),(181,39,1051438135.56007,12134,1051438139.26007,12134,1051442402.64005,4267.07998),(149,48,1051436483.88005,13173,1051436871.92004,13173,1051442439.91004,5956.02999),(390,96,1051433756.01005,13357,1051433758.33008,13357,1051442472.45004,8716.43999),(379,92,1051437051.16005,12489,1051437063.73005,12489,1051442628.57007,5577.41002),(19,40,1051436915.00004,13704,1051436930.24004,13704,1051442921.76007,6006.76003),(37,56,1051439414.78007,12777,1051439516.45004,12777,1051444231.31005,4816.52998),(369,90,1051439662.44042,14149,1051439665.89004,14149,1051444927.41006,5264.96964),(356,60,1051438790.74005,12054,1051438794.03007,12054,1051446260.53007,7469.79002),(293,73,1051418812.96007,13480,1051418814.82006,13480,1051424232.05005,5419.08998),(366,89,1051419986.56006,13253,1051419987.90005,13253,1051424292.64005,4306.07999),(110,32,1051383600.00000,12490,1051381908.22798,12490,1051388109.62801,4509.62801),(108,32,1051388109.62801,13245,1051388112.98798,13245,1051392745.64798,4636.01997),(109,32,1051392745.64798,12955,1051392748.70797,12955,1051397820.15798,5074.51000),(111,32,1051397820.15798,12457,1051397822.39797,12457,1051402468.67005,4648.51207),(110,32,1051402468.67005,12490,1051402471.59007,12490,1051407268.04006,4799.37001),(108,32,1051407268.04006,13245,1051407269.99004,13245,1051411987.78004,4719.73998),(109,32,1051411987.78004,12955,1051412033.28021,12955,1051417786.37006,5798.59002),(111,32,1051417786.37006,12457,1051417804.61364,12457,1051423709.66005,5923.28999),(16,31,1051421040.81018,13937,1051421042.44007,13937,1051425116.14005,4075.32987),(160,4,1051421641.52004,14007,1051421644.22010,14007,1051426322.39005,4680.87001),(197,22,1051420253.09005,12626,1051420255.40006,12626,1051426506.22004,6253.12999),(382,92,1051421038.49004,12417,1051421040.07005,12417,1051426648.03006,5609.54002),(149,48,1051420911.31005,13173,1051420916.94006,13173,1051426687.20004,5775.88999),(265,14,1051421683.17005,13435,1051421689.53004,13435,1051426810.80008,5127.63003),(343,1,1051421336.63005,12076,1051421338.48007,12076,1051427226.65005,5890.02000),(307,79,1051422921.30004,13529,1051422923.27004,13529,1051427278.24007,4356.94003),(286,5,1051419365.44007,12072,1051419366.81005,12072,1051427469.69004,8104.24997),(22,59,1051422765.75004,13221,1051422790.59005,13221,1051427829.30005,5063.55001),(145,87,1051424134.87004,12188,1051424187.53007,12188,1051428209.49004,4074.62000),(174,11,1051423577.23008,13572,1051423591.14004,13572,1051428708.27005,5131.03997),(63,6,1051422030.38005,12961,1051422032.43004,12961,1051428903.02006,6872.64001),(110,32,1051423709.66005,2269,1051423710.00000,2269,1051429231.91006,5522.25001),(318,84,1051424653.55006,13212,1051424660.66006,13212,1051429353.57004,4700.01998),(26,37,1051422572.21004,13213,1051422819.89005,13213,1051429409.79004,6837.58000),(179,39,1051424266.64004,13043,1051424273.86012,13043,1051429479.75005,5213.11001),(319,16,1051425913.28024,12746,1051425914.51007,12746,1051429706.93004,3793.64980),(173,19,1051422066.21004,12268,1051422865.19004,12268,1051430017.87005,7951.66001),(10,53,1051424499.39007,12055,1051425264.80007,12055,1051430075.04004,5575.64997),(217,76,1051426463.50004,12125,1051426475.04004,12125,1051430950.20004,4486.70000),(40,26,1051426359.19005,12973,1051426364.03004,12973,1051431565.27004,5206.07999),(58,86,1051427000.19005,13613,1051427003.21004,13613,1051431800.14004,4799.94999),(193,47,1051428002.20006,13314,1051428192.11006,13314,1051434113.88006,6111.68000),(126,15,1051428336.74007,12941,1051428339.73005,12941,1051434191.03005,5854.28998),(108,32,1051429231.91006,13245,1051429241.26008,13245,1051434590.13004,5358.21998),(139,58,1051430451.30004,13018,1051430453.66004,13018,1051435095.00005,4643.70001),(350,17,1051428791.09007,14157,1051429862.51005,14157,1051435647.91005,6856.81998),(341,61,1051429655.80004,14048,1051429661.55004,14048,1051436061.25005,6405.45001),(165,80,1051430925.69004,13536,1051430927.97005,13536,1051436196.32005,5270.63001),(263,18,1051431800.51005,14019,1051431804.65005,14019,1051436313.36005,4512.85000),(233,20,1051430586.27004,12324,1051430599.28005,12324,1051436623.11005,6036.84001),(329,41,1051432613.59004,13013,1051432617.37005,13013,1051436709.95005,4096.36001),(252,71,1051431380.57005,13659,1051431382.58007,13659,1051437124.90008,5744.33003),(180,39,1051433759.21005,13465,1051433764.37009,13465,1051438135.56007,4376.35002),(220,10,1051431898.46005,12617,1051431901.81005,12617,1051438165.90008,6267.44003),(38,26,1051421061.08006,12185,1051421064.75006,12185,1051426359.19005,5298.10999),(215,76,1051422073.16005,13111,1051422075.43004,13111,1051426463.50004,4390.33999),(290,81,1051422530.95005,14038,1051422532.09004,14038,1051426769.94005,4238.99000),(200,72,1051421937.18005,12992,1051421939.76005,12992,1051426889.99004,4952.80999),(284,35,1051422533.63005,13274,1051422535.13004,13274,1051427391.73006,4858.10001),(64,23,1051421921.18005,2261,1051421924.03007,2261,1051427696.59007,5775.41002),(347,62,1051421723.05005,12673,1051421727.08005,12673,1051427850.35005,6127.30000),(353,3,1051418755.15005,2241,1051418760.92004,2241,1051428687.68007,9932.53002),(294,73,1051424232.05005,13762,1051424233.97005,13762,1051428935.77008,4703.72003),(119,43,1051424720.52007,13408,1051424722.49007,13408,1051429000.24016,4279.72009),(385,94,1051422238.31005,13614,1051422242.35065,13614,1051429531.30005,7292.99000),(74,51,1051422420.99004,12802,1051422425.75005,12802,1051429824.86004,7403.87000),(122,21,1051424971.68007,12399,1051424974.44008,12399,1051430269.43005,5297.74998),(140,58,1051423918.41010,12570,1051423968.89005,12570,1051430451.30004,6532.88994),(232,20,1051424522.20007,13636,1051424549.37007,13636,1051430586.27004,6064.06997),(164,54,1051425900.20007,13415,1051425904.34006,13415,1051431297.39006,5397.18999),(151,2,1051424627.81007,12857,1051424630.24005,12857,1051431343.01005,6715.19998),(253,71,1051425778.44005,13834,1051425782.48005,13834,1051431380.57005,5602.13000),(51,78,1051426547.49005,12960,1051426551.14007,12960,1051431579.38005,5031.89000),(220,10,1051426145.37005,12617,1051426154.20005,12617,1051431898.46005,5753.09000),(148,48,1051426687.20004,13084,1051426994.38005,13084,1051431986.28004,5299.08000),(229,9,1051424998.30005,14135,1051425002.76008,14135,1051432872.49007,7874.19002),(295,77,1051426611.54006,12257,1051426615.52007,12257,1051433351.26005,6739.71999),(335,70,1051428028.46007,13481,1051428030.78006,13481,1051433543.93007,5515.47000),(144,87,1051428209.49004,12202,1051428212.11004,12202,1051434118.00009,5908.51005),(325,34,1051429562.01005,13049,1051429569.84660,13049,1051434190.90005,4628.89000),(270,44,1051429647.69005,13455,1051429649.73005,13455,1051434699.04005,5051.35000),(286,5,1051427469.69004,12072,1051427471.06005,12072,1051435696.94007,8227.25003),(60,86,1051431800.14004,13466,1051431802.28005,13466,1051436101.50004,4301.36000),(324,42,1051432066.87005,13393,1051432068.46005,13393,1051436194.38004,4127.50999),(310,79,1051433505.06005,13969,1051433509.82010,13969,1051438873.92004,5368.85999),(338,70,1051433543.93007,13026,1051433546.92007,13026,1051438970.09004,5426.15997),(343,1,1051432751.46005,12076,1051432753.16004,12076,1051439017.52005,6266.06000),(11,53,1051434247.74005,13263,1051434497.36121,13263,1051439527.04053,5279.30048),(101,85,1051432912.53007,13396,1051433052.65011,13396,1051439550.02054,6637.49047),(296,77,1051433351.26005,12400,1051433354.83004,12400,1051439768.08004,6416.81999),(334,66,1051434589.50010,14245,1051434701.53005,14245,1051440586.93008,5997.42998),(176,11,1051437997.95005,13844,1051437998.94006,13844,1051441909.77004,3911.81999),(219,10,1051438165.90008,1668,1051438878.67005,1668,1051444633.61004,6467.70996),(286,5,1051435696.94007,12072,1051435698.90880,12072,1051445059.55007,9362.61000),(15,31,1051441103.83010,12169,1051441104.86005,12169,1051445294.18009,4190.34999),(298,77,1051439768.08004,14127,1051439770.28006,14127,1051445945.83009,6177.75005),(181,39,1051419998.53005,12134,1051420003.13004,12134,1051424266.64004,4268.10999),(117,43,1051420434.79004,13737,1051420437.17006,13737,1051424720.52007,4285.73003),(339,61,1051416596.89005,12542,1051416599.96005,12542,1051424811.42005,8214.53000),(273,44,1051421250.12006,13566,1051421251.73005,13566,1051425041.72005,3791.59999),(96,38,1051416266.23005,13485,1051416268.66006,13485,1051425146.26005,8880.03000),(55,25,1051419428.70005,13786,1051419431.32005,13786,1051425721.01006,6292.31001),(37,56,1051421847.33005,12777,1051421849.72004,12777,1051426217.97007,4370.64002),(128,15,1051421851.29004,12612,1051421854.24004,12612,1051428336.74007,6485.45003),(332,66,1051420921.20005,14248,1051421058.55005,14248,1051428655.87006,7734.67001),(352,17,1051423080.68006,12109,1051423091.61004,12109,1051428791.09007,5710.41001),(70,34,1051425486.41011,11951,1051425488.85004,11951,1051429562.01005,4075.59994),(363,89,1051424292.64005,12127,1051424295.54004,12127,1051429988.84004,5696.19999),(166,80,1051426233.10007,14225,1051426240.75006,14225,1051430925.69004,4692.58997),(17,40,1051424623.16005,14137,1051424625.43007,14137,1051431784.65004,7161.48999),(25,7,1051425749.93006,12964,1051425751.65004,12964,1051431831.69004,6081.75998),(323,42,1051426824.08005,12426,1051426833.31007,12426,1051432066.87005,5242.79000),(302,74,1051426351.58005,13838,1051426353.38006,13838,1051432408.51005,6056.93000),(14,31,1051429271.33007,12137,1051429273.00007,12137,1051433141.70004,3870.36997),(120,43,1051429000.24016,13814,1051429002.52029,13814,1051433463.26005,4463.01989),(307,79,1051427278.24007,13529,1051427349.11005,13529,1051433505.06005,6226.81998),(9,53,1051430075.04004,12121,1051430076.11004,12121,1051434247.74005,4172.70001),(157,67,1051430710.97005,12937,1051430712.61005,12937,1051436123.61005,5412.64000),(133,83,1051428610.51007,12249,1051428613.30005,12249,1051436260.74004,7650.22997),(121,21,1051430269.43005,13694,1051430272.20004,13694,1051436435.03005,6165.60000),(147,48,1051431986.28004,12107,1051431988.05004,12107,1051436483.88005,4497.60001),(13,31,1051433141.70004,13912,1051433143.36004,13912,1051437074.09005,3932.39001),(202,72,1051433478.18005,13756,1051433483.29006,13756,1051438597.00007,5118.82002),(171,19,1051430017.87005,13578,1051430022.36004,13578,1051440230.38008,10212.51003),(322,42,1051436194.38004,13443,1051436196.11007,13443,1051440758.17005,4563.79001),(109,32,1051434590.13004,12955,1051434592.01005,12955,1051441033.30006,6443.17002),(106,57,1051435014.98006,13118,1051435019.65005,13118,1051441150.42007,6135.44001),(125,21,1051436435.03005,12131,1051436437.66005,12131,1051441605.95005,5170.92000),(40,26,1051436114.02005,12973,1051436490.91005,12973,1051442779.55006,6665.53001),(25,7,1051437350.16055,12964,1051437351.93006,12964,1051442859.37005,5509.20950),(145,87,1051438400.29006,12188,1051438454.85007,12188,1051442908.97004,4508.67998),(273,44,1051439990.19042,13566,1051439992.62004,13566,1051443900.12948,3909.93906),(12,53,1051439527.04053,12807,1051439529.43005,12807,1051444110.22005,4583.17952),(309,79,1051438873.92004,12328,1051438886.58007,12328,1051444313.79005,5439.87001),(285,35,1051439065.56004,13458,1051439068.35005,13458,1051444777.99004,5712.43000),(240,69,1051433667.72005,12019,1051434233.87007,12019,1051445011.34006,11343.62001),(254,71,1051437124.90008,13785,1051437127.72007,13785,1051445452.93007,8328.02999),(243,36,1051440138.32009,12290,1051440141.29006,12290,1051445907.39004,5769.06995),(107,57,1051441150.42007,14033,1051441153.05007,14033,1051446167.98005,5017.55998),(342,61,1051440861.63009,13057,1051440865.80006,13057,1051446212.24005,5350.60996),(336,70,1051438970.09004,13856,1051438972.80005,13856,1051446232.52005,7262.43001),(377,93,1051437691.23008,12738,1051437695.27006,12738,1051454941.99235,17250.76227),(161,54,1051421345.68009,14235,1051421347.37005,14235,1051425900.20007,4554.51998),(219,10,1051420611.52005,1668,1051420614.53007,1668,1051426145.37005,5533.85000),(50,78,1051420476.76004,12261,1051420494.93005,12261,1051426547.49005,6070.73001),(88,52,1051423086.60004,14017,1051423621.83006,14017,1051428467.31006,5380.71002),(328,41,1051424362.34004,11976,1051424366.81005,11976,1051428598.66010,4236.32006),(105,57,1051423368.32004,14198,1051423371.31005,14198,1051429638.21005,6269.89001),(159,67,1051425132.00004,12029,1051425203.56010,12029,1051430710.97005,5578.97001),(36,56,1051426217.97007,12700,1051426219.23007,12700,1051431114.18004,4896.20997),(92,46,1051427476.02004,12512,1051427479.56004,12512,1051431897.00004,4420.98000),(228,65,1051427027.04004,13555,1051427030.70005,13555,1051432485.74004,5458.70000),(344,62,1051427850.35005,12743,1051427851.28004,12743,1051433039.07004,5188.71999),(389,96,1051427299.08005,13180,1051427300.52005,13180,1051433756.01005,6456.93000),(34,56,1051431114.18004,2211,1051431117.58005,2211,1051435248.89043,4134.71039),(99,38,1051425146.26005,12918,1051425149.29005,12918,1051435555.64011,10409.38006),(216,76,1051430950.20004,13621,1051430956.90003,13621,1051436870.85004,5920.65000),(49,78,1051431579.38005,12980,1051431582.76004,12980,1051436890.62005,5311.24000),(66,23,1051432716.45005,12372,1051432722.41008,12372,1051437334.19006,4617.74001),(25,7,1051431831.69004,12964,1051431833.13003,12964,1051437350.16055,5518.47051),(320,24,1051429384.69004,12446,1051429386.84005,12446,1051437939.85007,8555.16003),(118,43,1051433463.26005,13320,1051433467.14004,13320,1051438304.47005,4841.21000),(345,62,1051433039.07004,13576,1051433041.70007,13576,1051438347.30004,5308.23000),(299,74,1051432408.51005,14218,1051432410.95004,14218,1051438513.89007,6105.38002),(282,35,1051433280.30004,12761,1051433282.57004,12761,1051439065.56004,5785.26000),(75,51,1051433937.73006,12045,1051433939.31005,12045,1051439094.80004,5157.06998),(130,15,1051434191.03005,14143,1051434193.68005,14143,1051439532.40007,5341.37002),(152,64,1051436164.38004,12794,1051436166.81007,12794,1051440358.31009,4193.93005),(218,76,1051436870.85004,12518,1051436873.56005,12518,1051441500.11005,4629.26001),(97,38,1051435555.64011,12369,1051435635.83005,12369,1051441894.50007,6338.85996),(11,53,1051419914.17005,13263,1051419915.78006,13263,1051424499.39007,4585.22002),(229,9,1051417885.87006,14135,1051417888.03005,14135,1051424998.30005,7112.42999),(79,27,1051420273.56004,13897,1051420278.19004,13897,1051425112.06007,4838.50003),(154,64,1051420892.90007,12395,1051420907.47005,12395,1051425657.75005,4764.84998),(30,16,1051422045.91004,12386,1051422046.79005,12386,1051425913.28024,3867.37020),(59,86,1051422556.29005,13579,1051422559.37004,13579,1051427000.19005,4443.90000),(102,85,1051422394.45005,12756,1051422400.19005,12756,1051427636.46004,5242.00999),(191,47,1051421053.81007,14004,1051421064.58004,14004,1051428002.20006,6948.38999),(377,93,1051413528.58005,12738,1051413531.21004,12738,1051428487.45004,14958.86999),(251,13,1051423452.18005,14188,1051423454.69005,14188,1051428584.25006,5132.07001),(281,82,1051422759.07005,12380,1051422761.79005,12380,1051428767.94010,6008.87005),(340,61,1051424811.42005,14205,1051424813.43007,14205,1051429655.80004,4844.37999),(264,18,1051425299.78005,14148,1051425326.19007,14148,1051431800.51005,6500.73000),(23,59,1051427829.30005,12633,1051427832.85004,12633,1051433007.17006,5177.87001),(201,72,1051426889.99004,12809,1051426891.96004,12809,1051433478.18005,6588.19001),(288,81,1051426769.94005,12896,1051426773.53005,12896,1051433523.40009,6753.46004),(241,69,1051424339.24005,13170,1051424721.86005,13170,1051433667.72005,9328.48000),(178,39,1051429479.75005,12654,1051429484.32003,12654,1051433759.21005,4279.46000),(76,51,1051429824.86004,12866,1051429828.98005,12866,1051433937.73006,4112.87002),(80,27,1051429916.86005,12156,1051429933.13004,12156,1051434829.18139,4912.32134),(370,90,1051383600.00000,12339,1051382936.47800,12339,1051387388.76799,3788.76799),(369,90,1051387388.76799,14149,1051387390.90800,14149,1051391297.27798,3908.50999),(370,90,1051391297.27798,12339,1051391307.30798,12339,1051395184.67800,3887.40002),(369,90,1051395184.67800,14149,1051395186.64798,14149,1051399292.27798,4107.59998),(370,90,1051399292.27798,12339,1051399295.40800,12339,1051403495.00005,4202.72207),(369,90,1051403495.00005,14149,1051403502.92005,14149,1051407522.72007,4027.72002),(370,90,1051407522.72007,12339,1051407525.32008,12339,1051411565.66004,4042.93997),(369,90,1051411565.66004,14149,1051411568.63005,14149,1051415878.78004,4313.12000),(370,90,1051415878.78004,12339,1051415881.01005,12339,1051420441.12004,4562.34000),(369,90,1051420441.12004,14149,1051420465.81004,14149,1051425041.97005,4600.85001),(370,90,1051425041.97005,12339,1051425044.64013,12339,1051429606.11005,4564.14000),(369,90,1051429606.11005,14149,1051429609.13004,14149,1051434615.63007,5009.52002),(63,6,1051428903.02006,12961,1051428905.33006,12961,1051436505.17005,7602.14999),(20,40,1051431784.65004,12915,1051431821.18004,12915,1051436915.00004,5130.35000),(292,73,1051433567.05007,12559,1051433573.45005,12559,1051438847.49005,5280.43998),(135,50,1051434671.06007,14219,1051434673.42010,14219,1051439658.48093,4987.42086),(370,90,1051434615.63007,12339,1051434620.52006,12339,1051439662.44042,5046.81035),(61,86,1051436101.50004,13882,1051436116.07005,13882,1051440620.07006,4518.57002),(261,18,1051436313.36005,12778,1051436327.51005,12778,1051441103.04006,4789.68001),(289,81,1051437424.97004,12409,1051437427.13007,12409,1051441331.14005,3906.17001),(48,78,1051436890.62005,12488,1051436894.93004,12488,1051442001.76005,5111.14000),(249,13,1051438188.12006,14201,1051438196.45009,14201,1051443594.94004,5406.81998),(315,84,1051438767.82004,13779,1051438790.56004,13779,1051443793.47005,5025.65001),(343,1,1051439017.52005,12076,1051439019.54004,12076,1051444659.41004,5641.88999),(102,85,1051439550.02054,12756,1051439555.21076,12756,1051445208.87007,5658.84953),(136,50,1051439658.48093,13580,1051439660.72055,13580,1051446004.28004,6345.79911),(353,3,1051437081.00004,2241,1051437083.62005,2241,1051446253.25004,9172.25000),(79,27,1051440178.44009,13897,1051440180.95009,13897,1051446527.98005,6349.53996),(111,32,1051441033.30006,12457,1051441037.11009,12457,1051446796.61006,5763.31000),(315,84,1051420156.98006,13779,1051420158.67007,13779,1051424653.55006,4496.57000),(186,45,1051420129.36005,12649,1051420136.02005,12649,1051425548.26004,5418.89999),(354,60,1051421493.10019,12786,1051421495.14006,12786,1051425705.31004,4212.20985),(300,74,1051420597.11007,12632,1051420599.39005,12632,1051426351.58005,5754.46998),(321,42,1051422969.25005,12988,1051422974.96005,12988,1051426824.08005,3854.83000),(388,96,1051423338.00004,12124,1051423344.35004,12124,1051427299.08005,3961.08001),(93,46,1051422726.05004,12582,1051422727.67004,12582,1051427476.02004,4749.97000),(210,68,1051423482.50005,12662,1051423483.78008,12662,1051428052.59007,4570.09002),(131,83,1051423031.98005,13031,1051423034.91005,13031,1051428610.51007,5578.53002),(81,27,1051425112.06007,2232,1051425114.34005,2232,1051429916.86005,4804.79998),(243,36,1051383600.00000,12290,1051383113.43804,12290,1051388042.80801,4442.80801),(246,36,1051388042.80801,13117,1051388044.46800,13117,1051392334.80797,4291.99996),(245,36,1051392334.80797,12647,1051392337.16797,12647,1051400111.70005,7776.89208),(244,36,1051400111.70005,12899,1051400114.21004,12899,1051408291.12007,8179.42002),(243,36,1051408291.12007,12290,1051409096.16007,12290,1051414275.08005,5983.95998),(246,36,1051414275.08005,13117,1051414284.99008,13117,1051418861.51004,4586.42999),(53,25,1051425721.01006,13892,1051425735.74005,13892,1051430755.85004,5034.83998),(327,41,1051428598.66010,14052,1051428600.81140,14052,1051432613.59004,4014.92994),(68,23,1051427696.59007,12784,1051427699.40004,12784,1051432716.45005,5019.85998),(343,1,1051427226.65005,12076,1051427229.07005,12076,1051432751.46005,5524.81000),(208,68,1051428052.59007,14232,1051428699.34011,14232,1051433075.98005,5023.38998),(283,35,1051427391.73006,12294,1051427393.34004,12294,1051433280.30004,5888.56998),(291,73,1051428935.77008,13513,1051428937.38006,13513,1051433567.05007,4631.27999),(317,84,1051429353.57004,13651,1051429358.83005,13651,1051433813.29005,4459.72001),(32,16,1051429706.93004,12153,1051429707.93003,12153,1051434410.46007,4703.53003),(333,66,1051428655.87006,13661,1051428737.05007,13661,1051434589.50010,5933.63004),(138,50,1051429432.55004,12152,1051429434.40004,12152,1051434671.06007,5238.51003),(104,57,1051429638.21005,13673,1051429641.48004,13673,1051435014.98006,5376.77001),(162,54,1051431297.39006,13022,1051431300.27004,13022,1051435482.18005,4184.78999),(90,52,1051428467.31006,13650,1051428469.59007,13650,1051435508.00005,7040.68999),(41,26,1051431565.27004,12558,1051431583.66004,12558,1051436114.02005,4548.75001),(160,4,1051431257.82005,14007,1051431260.30005,14007,1051436134.77005,4876.95000),(188,45,1051431231.35005,12015,1051431233.53004,12015,1051436610.67005,5379.32000),(381,92,1051432187.67004,13322,1051432191.00105,13322,1051437051.16005,4863.49001),(353,3,1051428687.68007,2241,1051428691.82007,2241,1051437081.00004,8393.31997),(95,46,1051431897.00004,13846,1051431898.10005,13846,1051437300.70011,5403.70007),(287,81,1051433523.40009,14192,1051433525.07005,14192,1051437424.97004,3901.56995),(151,2,1051431343.01005,12857,1051431344.77004,12857,1051437983.72006,6640.71001),(177,11,1051433380.79006,2153,1051433382.37004,2153,1051437997.95005,4617.15999),(250,13,1051432973.77007,12967,1051432976.87004,12967,1051438188.12006,5214.34999),(78,27,1051434829.18139,12998,1051434834.65007,12998,1051440178.44009,5349.25870),(89,52,1051435508.00005,13028,1051435510.01005,13028,1051441148.47010,5640.47005),(117,43,1051438304.47005,13737,1051438306.65007,13737,1051442612.64007,4308.17002),(77,51,1051439094.80004,11969,1051439097.46007,11969,1051445038.27010,5943.47006),(154,64,1051440358.31009,12395,1051440374.94005,12395,1051445873.25004,5514.93995),(160,4,1051440977.29008,14007,1051440979.33009,14007,1051445943.81005,4966.51997),(142,58,1051440065.84004,14247,1051440071.68081,14247,1051446483.17005,6417.33001),(355,60,1051432400.86007,12596,1051432404.99004,12596,1051438790.74005,6389.87998),(229,9,1051432872.49007,14135,1051432875.67005,14135,1051439570.45096,6697.96089),(16,31,1051437074.09005,13937,1051437076.24004,13937,1051441103.83010,4029.74005),(301,74,1051438513.89007,12378,1051438518.36004,12378,1051444248.16009,5734.27002),(293,73,1051438847.49005,13480,1051438849.35004,13480,1051444434.95004,5587.45999),(321,42,1051440758.17005,12988,1051440759.74010,12988,1051444799.97005,4041.80000),(59,86,1051440620.07006,13579,1051440622.36008,13579,1051444973.42028,4353.35022),(212,24,1051437939.85007,13395,1051438343.91007,13395,1051445740.90004,7801.04997),(316,84,1051433813.29005,12908,1051433815.20004,12908,1051438767.82004,4954.52999),(31,16,1051434410.46007,13127,1051434411.73009,13127,1051439641.70149,5231.24142),(168,80,1051436196.32005,12201,1051436198.49004,12201,1051441324.28015,5127.96010),(29,37,1051434890.12004,13798,1051436140.86004,13798,1051441717.66005,6827.54001),(209,68,1051437380.81005,13947,1051437386.47007,13947,1051441916.72004,4535.90999),(348,17,1051435647.91005,12813,1051436588.92005,12813,1051441957.46009,6309.55004),(234,20,1051436623.11005,12046,1051436763.33005,12046,1051442450.91004,5827.79999),(94,46,1051437300.70011,14163,1051437304.13006,14163,1051442509.55012,5208.85001),(280,82,1051436050.42004,12706,1051436052.00005,12706,1051442759.07005,6708.65001),(187,45,1051436610.67005,13660,1051437437.85008,13660,1051442963.61006,6352.94001),(195,22,1051438106.05006,13506,1051438108.76006,13506,1051443005.60007,4899.55001),(65,23,1051437334.19006,12966,1051438153.88006,12966,1051443042.74007,5708.55001),(268,14,1051432430.54005,13317,1051432432.66004,13317,1051443252.21003,10821.66998),(132,83,1051436260.74004,13522,1051436263.69004,13522,1051443323.89005,7063.15001),(55,25,1051430755.85004,13786,1051436461.60004,13786,1051443415.84004,12659.99000),(30,16,1051439641.70149,12386,1051439642.84007,12386,1051443500.13005,3858.42856),(346,62,1051438347.30004,13082,1051438352.15005,13082,1051443712.35005,5365.05001),(192,47,1051434113.88006,12997,1051434299.24011,12997,1051443853.54004,9739.65998),(318,84,1051443793.47005,13212,1051443796.57004,13212,1051448667.52004,4874.04999),(10,53,1051444110.22005,12055,1051444111.90004,12055,1051448990.31004,4880.08999),(349,17,1051441957.46009,11977,1051442693.96005,11977,1051449531.97005,7574.50996),(337,70,1051446232.52005,13836,1051446239.39004,13836,1051451318.89004,5086.36999),(92,46,1051447298.60005,12512,1051447299.28006,12512,1051451435.07006,4136.47001),(164,54,1051445721.95004,13415,1051445736.69007,13415,1051451472.07006,5750.12002),(74,51,1051445038.27010,12802,1051445041.94009,12802,1051451771.94005,6733.66995),(178,39,1051447875.17009,12654,1051447879.76009,12654,1051452270.81005,4395.63996),(34,56,1051449077.32004,2211,1051449082.27004,2211,1051453221.59004,4144.27000),(230,20,1051448037.23006,11999,1051448040.75011,11999,1051453957.72005,5920.48999),(324,42,1051450208.50010,13393,1051450230.88005,13393,1051454305.74008,4097.23998),(365,89,1051446000.96007,12334,1051446003.68005,12334,1051454345.48006,8344.51999),(197,22,1051448547.96004,12626,1051448549.96005,12626,1051454370.62007,5822.66003),(96,38,1051447537.25005,13485,1051447541.25005,13485,1051455441.02008,7903.77003),(307,79,1051450874.01007,13529,1051450878.51007,13529,1051455499.02005,4625.00998),(281,82,1051450104.48005,12380,1051450107.82007,12380,1051455590.89007,5486.41002),(335,70,1051451318.89004,13481,1051451321.23006,13481,1051456153.49006,4834.60002),(139,58,1051452279.93004,13018,1051452282.81004,13018,1051456545.09004,4265.16000),(340,61,1051452482.63006,14205,1051452484.95004,14205,1051456864.41004,4381.77998),(35,56,1051453221.59004,13374,1051453222.71005,13374,1051456928.10005,3706.51001),(106,57,1051451638.86005,13118,1051451983.06005,13118,1051457631.05005,5992.19000),(378,95,1051417782.50005,12450,1051454310.78005,12450,1051458699.87005,40917.37000),(149,48,1051452512.53009,13173,1051452627.59005,13173,1051459280.15008,6767.61999),(354,60,1051455389.38004,12786,1051455605.27008,12786,1051460150.21009,4760.83005),(91,52,1051456426.03005,13266,1051456430.04005,13266,1051460347.12007,3921.09002),(202,72,1051456221.72006,13756,1051456225.03005,13756,1051461206.32008,4984.60002),(48,78,1051457017.42008,12488,1051457019.58018,12488,1051461509.02007,4491.59999),(170,19,1051452198.53009,12851,1051457427.75005,12851,1051462426.87004,10228.33995),(377,93,1051454941.99235,12738,1051454945.72008,12738,1051462512.76004,7570.76769),(109,32,1051457701.77005,12955,1051457704.12007,12955,1051463339.17007,5637.40002),(196,22,1051459514.50005,13922,1051459516.19006,13922,1051464143.53004,4629.02999),(210,68,1051459820.62008,12662,1051459822.24009,12662,1051464150.34005,4329.71997),(334,66,1051460274.40006,14245,1051460398.98005,14245,1051465812.09005,5537.68999),(249,13,1051461770.17009,14201,1051461771.17008,14201,1051466484.55004,4714.37995),(157,67,1051462465.67008,12937,1051462467.68005,12937,1051467184.82009,4719.15001),(111,32,1051463339.17007,12457,1051463341.97007,12457,1051468541.62005,5202.44998),(92,46,1051464949.60005,12512,1051464950.60005,12512,1051469170.75004,4221.14999),(189,45,1051463422.52004,12648,1051463467.75007,12648,1051470059.83006,6637.31002),(246,36,1051461138.45005,13117,1051461147.20007,13117,1051470101.47007,8963.02002),(175,11,1051464715.89013,13036,1051464718.73005,13036,1051470113.55005,5397.65992),(76,51,1051466000.13005,12866,1051466002.76118,12866,1051470114.45175,4114.32170),(285,35,1051460253.77004,13458,1051460262.19008,13458,1051470124.50005,9870.73001),(25,7,1051464967.79004,12964,1051464969.48004,12964,1051470227.58005,5259.79001),(53,25,1051462930.63007,13892,1051462932.91007,13892,1051470289.02008,7358.39001),(307,79,1051465631.33004,13529,1051465635.24004,13529,1051470347.71006,4716.38002),(354,60,1051465789.84005,12786,1051465793.21003,12786,1051470651.48006,4861.64001),(101,85,1051465463.22004,13396,1051465465.73005,13396,1051470810.63007,5347.41003),(69,34,1051438448.98005,14050,1051438458.02007,14050,1051444147.07007,5698.09002),(129,15,1051439532.40007,13025,1051439536.65112,13025,1051445246.40006,5713.99999),(387,96,1051442472.45004,13818,1051442479.13005,13818,1051447333.80008,4861.35004),(264,18,1051441103.04006,14148,1051441107.72431,14148,1051448016.34013,6913.30007),(331,66,1051440586.93008,13333,1051441306.40006,13333,1051448484.26008,7897.33000),(18,40,1051442921.76007,12901,1051442924.25393,12901,1051448754.32004,5832.55997),(287,81,1051445878.37005,14192,1051445881.01005,14192,1051449641.48008,3763.11003),(58,86,1051444973.42028,13613,1051445053.40010,13613,1051449755.38008,4781.95980),(323,42,1051444799.97005,12426,1051444815.05005,12426,1051450208.50010,5408.53005),(308,79,1051444313.79005,14189,1051444316.33004,14189,1051450874.01007,6560.22002),(190,47,1051443853.54004,13318,1051444390.74006,13318,1051451223.31005,7369.77001),(170,19,1051447262.06006,12851,1051447266.20005,12851,1051452198.53009,4936.47003),(339,61,1051446212.24005,12542,1051446214.49004,12542,1051452482.63006,6270.39001),(343,1,1051444659.41004,12076,1051444662.15004,12076,1051452991.02007,8331.61003),(189,45,1051448158.48006,12648,1051448160.99007,12648,1051453565.97005,5407.48999),(313,49,1051446313.35005,13358,1051446973.22005,13358,1051454147.83007,7834.48002),(165,80,1051450268.38006,13536,1051450273.63004,13536,1051455197.72004,4929.33998),(76,51,1051451771.94005,12866,1051451775.02006,12866,1051455736.91007,3964.97002),(302,74,1051450651.48006,13838,1051450653.57004,13838,1051456119.82011,5468.34005),(229,9,1051450527.69007,14135,1051450529.52004,14135,1051456638.37005,6110.67998),(156,67,1051436123.61005,13594,1051452126.24005,13594,1051457007.73004,20884.11999),(326,41,1051453894.62005,13567,1051453896.89005,13567,1051457623.75004,3729.12999),(61,86,1051453727.71005,13882,1051453729.89005,13882,1051457625.66008,3897.95003),(108,32,1051452411.91005,13245,1051452414.97006,13245,1051457701.77005,5289.86000),(224,12,1051452893.30005,12859,1051452894.22016,12859,1051457918.97005,5025.67000),(289,81,1051454949.44006,12409,1051454951.44005,12409,1051458610.82007,3661.38001),(168,80,1051455197.72004,12201,1051455200.30007,12201,1051459688.25008,4490.53004),(176,11,1051455752.27007,13844,1051455752.92005,13844,1051459734.75008,3982.48001),(117,43,1051455885.75007,13737,1051455888.03006,13737,1051459997.23020,4111.48013),(282,35,1051455325.27006,12761,1051455327.77006,12761,1051460253.77004,4928.49998),(37,56,1051456928.10005,12777,1051456930.72007,12777,1051460972.83007,4044.73002),(141,58,1051456545.09004,13411,1051456550.74004,13411,1051461353.82013,4808.73009),(59,86,1051457625.66008,13579,1051457627.25007,13579,1051461745.95007,4120.28999),(273,44,1051458320.01004,13566,1051458327.49005,13566,1051461888.85007,3568.84003),(220,10,1051455458.63004,12617,1051455461.96006,12617,1051462495.85008,7037.22004),(236,33,1051457582.14008,13734,1051457640.71006,13734,1051462716.21007,5134.06999),(28,37,1051456560.55005,12501,1051457876.96005,12501,1051462829.83005,6269.28000),(343,1,1051458565.61007,12076,1051458569.05006,12076,1051463314.18007,4748.57000),(390,96,1051457208.63005,13357,1051457211.00020,13357,1051463620.98004,6412.34999),(363,89,1051458792.78007,12127,1051458794.62007,12127,1051464166.85005,5374.06998),(148,48,1051459280.15008,13084,1051459283.13005,13084,1051464245.95005,4965.79997),(130,15,1051461310.60006,14143,1051461313.20043,14143,1051465310.12004,3999.51998),(14,31,1051461991.84009,12137,1051461994.12005,12137,1051465717.09005,3725.24996),(355,60,1051460150.21009,12596,1051460163.85010,12596,1051465789.84005,5639.62996),(383,94,1051435399.27005,12516,1051436316.53004,12516,1051444475.22004,9075.94999),(151,2,1051437983.72006,12857,1051437986.03006,12857,1051445751.32005,7767.59999),(210,68,1051441916.72004,12662,1051441918.69004,12662,1051446832.22005,4915.50001),(50,78,1051442001.76005,12261,1051442004.27007,12261,1051447180.59005,5178.83000),(174,11,1051441909.77004,13572,1051441919.87004,13572,1051447239.62004,5329.85000),(27,37,1051441717.66005,13081,1051441769.02005,13081,1051447406.93006,5689.27001),(248,13,1051443594.94004,12031,1051443596.98004,12031,1051448270.36005,4675.42001),(194,22,1051443005.60007,13163,1051443007.18007,13163,1051448547.96004,5542.35997),(70,34,1051444147.07007,11951,1051444148.80005,11951,1051448983.05005,4835.97998),(14,31,1051445294.18009,12137,1051445295.62006,12137,1051449142.30005,3848.11996),(127,15,1051445246.40006,13222,1051445249.92006,13222,1051450371.17005,5124.76999),(67,23,1051443042.74007,12725,1051443052.45005,12725,1051450546.01007,7503.27000),(160,4,1051445943.81005,14007,1051445945.37006,14007,1051450860.33005,4916.52000),(137,50,1051446004.28004,12425,1051446009.22006,12425,1051451226.98008,5222.70004),(51,78,1051447180.59005,12960,1051447195.98006,12960,1051451907.12007,4726.53002),(143,87,1051449073.17008,12296,1051449349.16004,12296,1051454243.37005,5170.19997),(21,59,1051433007.17006,13228,1051448774.05004,13228,1051454560.68003,21553.50997),(283,35,1051449688.22005,12294,1051449691.33004,12294,1051455325.27006,5637.05001),(262,18,1051448016.34013,12387,1051448021.69010,12387,1051455435.79007,7419.44994),(344,62,1051451213.32005,12743,1051451214.55006,12743,1051456057.89005,4844.57000),(31,16,1051451692.74004,13127,1051451694.43007,13127,1051456442.84004,4750.10000),(216,76,1051450736.52007,13621,1051450740.80010,13621,1051456669.40004,5932.87997),(389,96,1051450832.98007,13180,1051450834.94005,13180,1051457208.63005,6375.64998),(374,91,1051451039.49722,14065,1051451050.49731,14065,1051458033.37004,6993.87282),(366,89,1051454345.48006,13253,1051454347.27004,13253,1051458792.78007,4447.30001),(155,64,1051454624.44006,13066,1051454626.38008,13066,1051459879.24005,5254.79999),(311,49,1051454147.83007,11965,1051454524.38006,11965,1051460199.19008,6051.36001),(345,62,1051456057.89005,13576,1051456061.15004,13576,1051460674.33006,4616.44001),(75,51,1051455736.91007,12045,1051455739.02008,12045,1051460960.75006,5223.83999),(327,41,1051457623.75004,14052,1051457626.40055,14052,1051461412.00008,3788.25004),(352,17,1051456865.98007,12109,1051456930.06004,12109,1051462038.48008,5172.50001),(341,61,1051456864.41004,14048,1051456869.37005,14048,1051462066.09005,5201.68001),(290,81,1051458610.82007,14038,1051458612.06004,14038,1051462700.85008,4090.03001),(373,91,1051458033.37004,13874,1051458043.16007,13874,1051462881.79004,4848.42000),(161,54,1051459769.43009,14235,1051459784.71005,14235,1051463798.83007,4029.39998),(151,2,1051458207.05005,12857,1051458209.19004,12857,1051463974.05005,5767.00000),(154,64,1051459879.24005,12395,1051459881.13008,12395,1051464071.65025,4192.41020),(346,62,1051460674.33006,13082,1051460675.95005,13082,1051465434.94005,4760.60999),(215,76,1051461251.79008,13111,1051461254.31006,13111,1051465827.66005,4575.86997),(9,53,1051462040.29006,12121,1051462042.01006,12121,1051466091.00005,4050.70999),(144,87,1051461551.46019,12202,1051461627.75008,12202,1051466400.66006,4849.19987),(287,81,1051462700.85008,14192,1051462702.55007,14192,1051466427.25004,3726.39996),(19,40,1051461369.30006,13704,1051461823.64006,13704,1051466544.04007,5174.74001),(361,28,1051383600.00000,14130,1051381850.08801,14130,1051387661.11797,4061.11797),(359,28,1051387661.11797,13089,1051387666.62798,13089,1051392016.26798,4355.15001),(360,28,1051392016.26798,13654,1051392018.24798,13654,1051396430.48798,4414.22000),(358,28,1051396430.48798,14168,1051396433.68820,14168,1051401452.58004,5022.09206),(314,49,1051383600.00000,13417,1051381986.63798,13417,1051388819.72797,5219.72797),(313,49,1051388819.72797,13358,1051388822.85806,13358,1051395238.87799,6419.15002),(311,49,1051395238.87799,11965,1051395242.65800,11965,1051400327.58008,5088.70209),(314,49,1051400327.58008,13417,1051400336.70005,13417,1051405886.00006,5558.41998),(313,49,1051405886.00006,13358,1051405888.57005,13358,1051413313.86009,7427.86003),(311,49,1051413313.86009,11965,1051413316.13009,11965,1051418772.34004,5458.47995),(314,49,1051418772.34004,13417,1051419023.49007,13417,1051425599.11006,6826.77002),(313,49,1051425599.11006,13358,1051425604.77005,13358,1051432960.90004,7361.78998),(311,49,1051432960.90004,11965,1051432965.65007,11965,1051438548.40006,5587.50002),(314,49,1051438548.40006,13417,1051439898.04064,13417,1051446313.35005,7764.94999),(319,16,1051443500.13005,12746,1051443503.86005,12746,1051447400.26008,3900.13003),(224,12,1051383600.00000,12859,1051381904.52811,12859,1051388177.78800,4577.78800),(223,12,1051388177.78800,12438,1051388192.90799,12438,1051392168.09798,3990.30998),(221,12,1051392168.09798,14171,1051392170.06797,14171,1051396780.19801,4612.10003),(222,12,1051396780.19801,12651,1051396792.50800,12651,1051401333.76005,4553.56204),(224,12,1051401333.76005,12859,1051401335.82004,12859,1051405938.30024,4604.54019),(223,12,1051405938.30024,12438,1051405941.48006,12438,1051410322.23006,4383.92982),(221,12,1051410322.23006,14171,1051410324.12004,14171,1051415628.36015,5306.13009),(222,12,1051415628.36015,12651,1051415630.33005,12651,1051420943.11004,5314.74989),(224,12,1051420943.11004,12859,1051420944.79005,12859,1051426750.84004,5807.73000),(223,12,1051426750.84004,12438,1051426754.05004,12438,1051431957.63005,5206.79001),(221,12,1051431957.63005,14171,1051431960.05005,14171,1051438168.38006,6210.75001),(222,12,1051438168.38006,12651,1051438200.00000,12651,1051443540.00000,5371.61994),(224,12,1051443540.00000,12859,1051443543.00000,12859,1051447980.00000,4440.00000),(267,14,1051443252.21003,14169,1051443522.23006,14169,1051448604.19004,5351.98001),(25,7,1051442859.37005,12964,1051442861.07004,12964,1051449016.78004,6157.40999),(166,80,1051445723.13005,14225,1051445725.37076,14225,1051450268.38006,4545.25001),(220,10,1051444633.61004,12617,1051444638.01005,12617,1051450692.91005,6059.30001),(217,76,1051446347.77005,12125,1051446352.78004,12125,1051450736.52007,4388.75002),(39,26,1051442779.55006,12593,1051442791.99004,12593,1051450802.11004,8022.55998),(104,57,1051446167.98005,13673,1051446716.55004,13673,1051451638.86005,5470.88000),(167,80,1051441324.28015,13141,1051441325.43008,13141,1051445723.13005,4398.84990),(364,89,1051440172.74005,12877,1051440175.60008,12877,1051446000.96007,5828.22002),(368,30,1051437847.12006,13755,1051437854.66006,13755,1051447963.78008,10116.66002),(148,48,1051442439.91004,13084,1051442441.58005,13084,1051448056.43010,5616.52006),(186,45,1051442963.61006,12649,1051443136.16009,12649,1051448158.48006,5194.87000),(36,56,1051444231.31005,12700,1051444232.66004,12700,1051449077.32004,4846.00999),(200,72,1051445017.89009,12992,1051445020.32009,12992,1051449794.11006,4776.21997),(370,90,1051444927.41006,12339,1051444931.47006,12339,1051450078.80010,5151.39004),(279,82,1051442759.07005,13484,1051442760.66006,13484,1051450104.48005,7345.41000),(354,60,1051446260.53007,12786,1051446351.54004,12786,1051450461.97005,4201.43998),(347,62,1051443712.35005,12673,1051443721.05005,12673,1051451213.32005,7500.97000),(175,11,1051447239.62004,13036,1051447243.14006,13036,1051451532.58005,4292.96001),(140,58,1051446483.17005,12570,1051446532.09005,12570,1051452279.93004,5796.75999),(13,31,1051449142.30005,13912,1051449144.11005,13912,1051453279.74015,4137.44010),(265,14,1051448604.19004,13435,1051448608.76005,13435,1051453693.96006,5089.77002),(60,86,1051449755.38008,13466,1051449758.68005,13466,1051453727.71005,3972.32997),(25,7,1051449016.78004,12964,1051449018.39004,12964,1051454030.76007,5013.98003),(381,92,1051449708.94006,13322,1051449711.49004,13322,1051454342.00007,4633.06001),(124,21,1051446796.34005,13044,1051446798.15004,13044,1051454602.93005,7806.59000),(160,4,1051450860.33005,14007,1051450865.44007,14007,1051455404.22007,4543.89002),(162,54,1051451472.07006,13022,1051451474.69004,13022,1051455453.46004,3981.38998),(219,10,1051450692.91005,1668,1051450697.12008,1668,1051455458.63004,4765.71999),(177,11,1051451532.58005,2153,1051451547.93004,2153,1051455752.27007,4219.69002),(95,46,1051451435.07006,13846,1051451437.47193,13846,1051456141.84006,4706.77000),(128,15,1051450371.17005,12612,1051450373.71004,12612,1051456277.33004,5906.15999),(91,52,1051441148.47010,13266,1051452202.46006,13266,1051456426.03005,15277.55995),(180,39,1051452270.81005,13465,1051452275.18005,13465,1051456504.49017,4233.68012),(191,47,1051451223.31005,14004,1051451271.10007,14004,1051456847.84004,5624.52999),(353,3,1051446253.25004,2241,1051446255.72004,2241,1051457036.30005,10783.05001),(80,27,1051451656.39005,12156,1051451659.16006,12156,1051457181.11008,5524.72003),(316,84,1051453089.01005,12908,1051453090.74007,12908,1051457545.29012,4456.28007),(71,34,1051453828.71005,13487,1051453831.45004,13487,1051457761.60006,3932.89001),(151,2,1051452590.74005,12857,1051452592.53010,12857,1051458207.05005,5616.31000),(241,69,1051451742.72004,13170,1051452061.61004,13170,1051458564.32004,6821.60000),(266,14,1051453693.96006,13450,1051453696.47006,13450,1051458641.98005,4948.01999),(322,42,1051454305.74008,13443,1051454307.04643,13443,1051458958.68005,4652.93997),(232,20,1051453957.72005,13636,1051453959.30005,13636,1051459128.10005,5170.38000),(160,4,1051455404.22007,14007,1051455406.85008,14007,1051459747.12005,4342.89998),(68,23,1051455640.20007,12784,1051455652.12005,12784,1051460223.37005,4583.16998),(353,3,1051457036.30005,2241,1051457038.93005,2241,1051461514.93008,4478.63003),(250,13,1051457129.69010,12967,1051457131.35005,12967,1051461770.17009,4640.47999),(12,53,1051457945.35005,12807,1051457947.15005,12807,1051462040.29006,4094.94001),(33,16,1051456442.84004,12194,1051456443.95007,12194,1051463143.63007,6700.79003),(186,45,1051458745.80004,12649,1051458756.34005,12649,1051463422.52004,4676.72000),(328,41,1051440958.59010,11976,1051440960.30007,11976,1051445251.51010,4292.92000),(271,44,1051443900.12948,12265,1051443902.16008,12265,1051448692.49005,4792.36057),(382,92,1051442628.57007,12417,1051443262.69004,12417,1051449708.94006,7080.36999),(100,85,1051445208.87007,12182,1051445216.34006,12182,1051450280.65007,5071.78000),(229,9,1051439570.45096,14135,1051439572.23007,14135,1051450527.69007,10957.23911),(300,74,1051444248.16009,12632,1051444250.80004,12632,1051450651.48006,6403.31997),(32,16,1051447400.26008,12153,1051447401.46005,12153,1051451692.74004,4292.47996),(286,5,1051445059.55007,12072,1051445060.93007,12072,1051452096.91004,7037.35997),(151,2,1051445751.32005,12857,1051445754.41005,12857,1051452590.74005,6839.42000),(325,34,1051448983.05005,13049,1051449016.27005,13049,1051453828.71005,4845.66000),(288,81,1051449641.48008,12896,1051449644.23007,12896,1051454949.44006,5307.95998),(369,90,1051450078.80010,14149,1051450084.00006,14149,1051454966.33004,4887.52994),(207,68,1051451470.58006,14060,1051451473.32004,14060,1051455487.32006,4016.74000),(101,85,1051450280.65007,13396,1051450284.73004,13396,1051455696.19007,5415.54000),(118,43,1051451445.58004,13320,1051451446.91005,13320,1051455885.75007,4440.17003),(38,26,1051450802.11004,12185,1051450884.40004,12185,1051455893.19007,5091.08003),(201,72,1051449794.11006,12809,1051449796.97007,12809,1051456221.72006,6427.61000),(16,31,1051453279.74015,13937,1051453284.44006,13937,1051457902.57006,4622.82991),(343,1,1051452991.02007,12076,1051452992.94004,12076,1051458565.61007,5574.59000),(379,92,1051454342.00007,12489,1051454718.37005,12489,1051459722.58009,5380.58002),(41,26,1051455893.19007,12558,1051455905.60006,12558,1051460066.19006,4172.99999),(333,66,1051454899.83979,13661,1051455145.32004,13661,1051460274.40006,5374.56027),(181,39,1051456504.49017,12134,1051456506.55005,12134,1051460650.83006,4146.33989),(278,82,1051455590.89007,13156,1051455593.53006,13156,1051461761.34008,6170.45001),(15,31,1051457902.57006,12169,1051457903.66101,12169,1051461991.84009,4089.27003),(66,23,1051460223.37005,12372,1051460230.37008,12372,1051464146.62005,3923.25000),(121,21,1051459713.95008,13694,1051459773.33006,13694,1051464497.48005,4783.52997),(40,26,1051460066.19006,12973,1051460070.29008,12973,1051464823.19004,4756.99998),(329,41,1051461412.00008,13013,1051461414.85009,13013,1051465363.02005,3951.01997),(36,56,1051460972.83007,12700,1051461048.58016,12700,1051465440.07005,4467.23998),(90,52,1051460347.12007,13650,1051460349.04008,13650,1051465475.86004,5128.73997),(179,39,1051460650.83006,13043,1051460653.74005,13043,1051465829.49004,5178.65998),(77,51,1051460960.75006,11969,1051460967.50004,11969,1051466000.13005,5039.37999),(136,50,1051461132.30007,13580,1051461133.98005,13580,1051466366.77004,5234.46997),(97,38,1051455441.02008,12369,1051461322.63033,12369,1051467082.96004,11641.93996),(301,74,1051461847.57005,12378,1051461849.54006,12378,1051467111.39005,5263.82000),(142,58,1051461353.82013,14247,1051461367.60005,14247,1051467356.00004,6002.17991),(264,18,1051461154.45006,14148,1051461167.76006,14148,1051467399.48004,6245.02998),(344,62,1051465434.94005,12743,1051465460.95004,12743,1051470025.95008,4591.01003),(386,94,1051459272.60006,14023,1051459274.42005,14023,1051470042.56007,10769.96001),(131,83,1051450239.63006,13031,1051450242.61006,13031,1051470059.45006,19819.82000),(24,59,1051454560.68003,13172,1051458547.84004,13172,1051470071.50005,15510.82002),(160,4,1051459747.12005,14007,1051459749.40005,14007,1051470087.98008,10340.86003),(178,39,1051465829.49004,12654,1051465833.03005,12654,1051470108.35004,4278.86000),(161,54,1051440910.74006,14235,1051440911.84007,14235,1051445721.95004,4811.20998),(290,81,1051441331.14005,14038,1051441332.29005,14038,1051445878.37005,4547.23000),(119,43,1051442612.64007,13408,1051442614.57005,13408,1051446881.07005,4268.42998),(172,19,1051440230.38008,12867,1051440234.88008,12867,1051447262.06006,7031.67998),(179,39,1051442402.64005,13043,1051442408.13004,13043,1051447875.17009,5472.53004),(231,20,1051442450.91004,13249,1051442460.87005,13249,1051448037.23006,5586.32002),(294,73,1051444434.95004,13762,1051444439.32005,13762,1051449202.08006,4767.13002),(134,83,1051443323.89005,13027,1051443328.98005,13027,1051450239.63006,6915.74001),(208,68,1051446832.22005,14232,1051446833.92005,14232,1051451470.58006,4638.36001),(255,71,1051445452.93007,14136,1051445457.63006,14136,1051451702.68007,6249.75000),(239,69,1051445011.34006,13116,1051445015.23009,13116,1051451742.72004,6731.37998),(213,24,1051445740.90004,13407,1051445954.77005,13407,1051451942.51005,6201.61001),(384,94,1051444475.22004,13863,1051445912.39005,13863,1051452351.98006,7876.76002),(110,32,1051446796.61006,2269,1051446798.91006,2269,1051452411.91005,5615.29999),(251,13,1051448270.36005,14188,1051448271.73007,14188,1051452999.66011,4729.30006),(317,84,1051448667.52004,13651,1051448669.17005,13651,1051453089.01005,4421.49001),(9,53,1051448990.31004,12121,1051449126.93005,12121,1051453406.96004,4416.65000),(291,73,1051449202.08006,13513,1051449205.69011,13513,1051453525.27005,4323.18999),(357,60,1051450461.97005,12886,1051450463.58004,12886,1051455389.38004,4927.40999),(64,23,1051450546.01007,2261,1051450550.30006,2261,1051455640.20007,5094.19000),(26,37,1051447406.93006,13213,1051451385.68008,13213,1051456560.55005,9153.61999),(351,17,1051449531.97005,13822,1051450174.77007,13822,1051456865.98007,7334.01002),(214,24,1051451942.51005,14223,1051451947.59004,14223,1051457119.18008,5176.67003),(11,53,1051453406.96004,13263,1051453409.00006,13263,1051457945.35005,4538.39001),(146,87,1051454243.37005,12837,1051454245.07006,12837,1051458035.65005,3792.28000),(25,7,1051454030.76007,12964,1051454032.45007,12964,1051459265.21008,5234.45001),(385,94,1051452351.98006,13614,1051452726.02004,13614,1051459272.60006,6920.62000),(310,79,1051455499.02005,13969,1051455502.50007,13969,1051460537.15007,5038.13002),(102,85,1051455696.19007,12756,1051455701.53007,12756,1051460809.79005,5113.59998),(338,70,1051456153.49006,13026,1051456156.62006,13026,1051461050.59004,4897.09998),(243,36,1051450451.65004,12290,1051456603.25004,12290,1051461138.45005,10686.80001),(315,84,1051457545.29012,13779,1051457546.96005,13779,1051461526.60019,3981.31007),(145,87,1051458035.65005,12188,1051458037.48004,12188,1051461551.46019,3515.81014),(159,67,1051457007.73004,12029,1051457012.22011,12029,1051462465.67008,5457.94004),(199,72,1051438597.00007,13107,1051438603.06007,13107,1051445017.89009,6420.89002),(215,76,1051441500.11005,13111,1051441503.87005,13111,1051446347.77005,4847.66000),(123,21,1051441605.95005,13215,1051441607.85004,13215,1051446796.34005,5190.39000),(93,46,1051442509.55012,12582,1051442512.44003,12582,1051447298.60005,4789.04993),(98,38,1051441894.50007,13550,1051441899.84004,13550,1051447537.25005,5642.74998),(144,87,1051442908.97004,12202,1051442913.31005,12202,1051449073.17008,6164.20004),(284,35,1051444777.99004,13274,1051444781.21005,13274,1051449688.22005,4910.23001),(327,41,1051445251.51010,14052,1051445252.74011,14052,1051449728.01004,4476.49994),(246,36,1051445907.39004,13117,1051445911.41004,13117,1051450451.65004,4544.26000),(153,64,1051445873.25004,13371,1051445875.88004,13371,1051450798.51006,4925.26002),(388,96,1051447333.80008,12124,1051447335.40005,12124,1051450832.98007,3499.17999),(120,43,1051446881.07005,13814,1051446883.00005,13814,1051451445.58004,4564.50999),(81,27,1051446527.98005,2232,1051446530.52005,2232,1051451656.39005,5128.41000),(147,48,1051448056.43010,12107,1051448057.49007,12107,1051452512.53009,4456.09999),(222,12,1051447980.00000,12651,1051447995.64005,12651,1051452893.30005,4913.30005),(329,41,1051449728.01004,13013,1051449730.08007,13013,1051453894.62005,4166.61001),(152,64,1051450798.51006,12794,1051450800.21004,12794,1051454624.44006,3825.93000),(332,66,1051448484.26008,14248,1051448486.54006,14248,1051454899.83979,6415.57971),(138,50,1051451226.98008,12152,1051451230.53011,12152,1051456527.34004,5300.35996),(49,78,1051451907.12007,12980,1051451910.15004,12980,1051457017.42008,5110.30001),(235,33,1051413480.00000,12289,1051453009.62013,12289,1051457582.14008,44102.14008),(272,44,1051453170.24006,14140,1051453175.18005,14140,1051458320.01004,5149.76998),(63,6,1051452811.33016,12961,1051452814.31004,12961,1051458324.15004,5512.81988),(163,54,1051455453.46004,13718,1051455454.65006,13718,1051459769.43009,4315.97005),(135,50,1051456527.34004,14219,1051456530.76005,14219,1051461132.30007,4604.96003),(260,18,1051455435.79007,13409,1051455439.24004,13409,1051461154.45006,5718.65999),(20,40,1051448754.32004,12915,1051455750.39004,12915,1051461369.30006,12614.98002),(252,71,1051456892.65005,13659,1051456897.89004,13659,1051462106.76005,5214.11000),(107,57,1051457631.05005,14033,1051457636.69005,14033,1051462126.50006,4495.45001),(78,27,1051457181.11008,12998,1051457187.23007,12998,1051462134.90006,4953.78998),(211,24,1051457119.18008,12751,1051457121.13007,12751,1051462438.42006,5319.23998),(57,25,1051443415.84004,14003,1051458461.93004,14003,1051462930.63007,19514.79003),(63,6,1051458324.15004,12961,1051458326.43004,12961,1051464131.29007,5807.14003),(119,43,1051459997.23020,13408,1051459998.67007,13408,1051464183.22005,4185.98985),(309,79,1051460537.15007,12328,1051460540.40008,12328,1051465631.33004,5094.17997),(192,47,1051461391.08007,12997,1051461435.13005,12997,1051465984.52004,4593.43997),(318,84,1051461526.60019,13212,1051461530.74011,13212,1051466143.97004,4617.36985),(271,44,1051461888.85007,12265,1051461892.52006,12265,1051466163.46005,4274.60998),(50,78,1051461509.02007,12261,1051461513.24023,12261,1051466434.34006,4925.31999),(350,17,1051462038.48008,14157,1051462048.13005,14157,1051466863.68004,4825.19996),(221,12,1051461844.93005,14171,1051461848.60009,14171,1051466944.81005,5099.88000),(240,69,1051458564.32004,12019,1051458846.76004,12019,1051467243.12004,8678.80000),(336,70,1051461050.59004,13856,1051461180.05007,13856,1051467300.06004,6249.47000),(387,96,1051463620.98004,13818,1051463621.83007,13818,1051468024.67005,4403.69001),(65,23,1051464146.62005,12966,1051464149.95004,12966,1051468459.83004,4313.20999),(172,19,1051462426.87004,12867,1051462430.31004,12867,1051469282.85004,6855.98000),(29,37,1051462829.83005,13798,1051463711.90014,13798,1051470094.32006,7264.49001),(219,10,1051462495.85008,1668,1051462498.48005,1668,1051470122.61007,7626.75999),(353,3,1051461514.93008,2241,1051461517.01007,2241,1051470141.61014,8626.68006),(367,89,1051464166.85005,13238,1051464171.42007,13238,1051470170.45007,6003.60002),(63,6,1051436505.17005,12961,1051436508.03004,12961,1051452811.33016,16306.16011),(270,44,1051448692.49005,13455,1051448711.02004,13455,1051453170.24006,4477.75001),(253,71,1051451702.68007,13834,1051451706.02004,13834,1051456892.65005,5189.96998),(247,13,1051452999.66011,13328,1051453001.01005,13328,1051457129.69010,4130.02999),(292,73,1051453525.27005,12559,1051453529.41006,12559,1051458252.17004,4726.89999),(188,45,1051453565.97005,12015,1051453570.83006,12015,1051458745.80004,5179.82999),(198,22,1051454370.62007,13546,1051454373.25007,13546,1051459514.50005,5143.87998),(122,21,1051454602.93005,12399,1051454605.54006,12399,1051459713.95008,5111.02003),(209,68,1051455487.32006,13947,1051455490.92006,13947,1051459820.62008,4333.30002),(94,46,1051456141.84006,14163,1051456144.23004,14163,1051460587.87004,4446.02998),(218,76,1051456669.40004,12518,1051456678.33004,12518,1051461251.79008,4582.39004),(126,15,1051456277.33004,12941,1051456279.37007,12941,1051461310.60006,5033.27002),(193,47,1051456847.84004,13314,1051456849.77003,13314,1051461391.08007,4543.24003),(223,12,1051457918.97005,12438,1051457922.65004,12438,1051461844.93005,3925.96000),(299,74,1051456119.82011,14218,1051456126.55004,14218,1051461847.57005,5727.74994),(370,90,1051454966.33004,12339,1051454970.36005,12339,1051462323.77009,7357.44005),(321,42,1051458958.68005,12988,1051458960.61006,12988,1051462516.24004,3557.55999),(69,34,1051457761.60006,14050,1051457764.53010,14050,1051462683.99007,4922.39001),(378,95,1051458699.87005,12450,1051458702.20004,12450,1051462975.32005,4275.45000),(293,73,1051458252.17004,13480,1051458253.98004,13480,1051463524.93007,5272.76003),(167,80,1051459688.25008,13141,1051459688.79009,13141,1051463605.24005,3916.98997),(203,63,1051425104.89006,12159,1051458532.48005,12159,1051463701.48006,38596.59000),(174,11,1051459734.75008,13572,1051459738.79008,13572,1051464715.89013,4981.14005),(381,92,1051459722.58009,13322,1051460162.02006,13322,1051464799.82006,5077.23997),(93,46,1051460587.87004,12582,1051460590.02006,12582,1051464949.60005,4361.73001),(25,7,1051459265.21008,12964,1051459266.90005,12964,1051464967.79004,5702.57996),(100,85,1051460809.79005,12182,1051460815.79006,12182,1051465463.22004,4653.42999),(199,72,1051461206.32008,13107,1051461239.91006,13107,1051467105.52005,5899.19997),(322,42,1051462516.24004,13443,1051462518.59004,13443,1051467240.44005,4724.20001),(70,34,1051462683.99007,11951,1051463066.91007,11951,1051467348.23005,4664.23998),(105,57,1051462126.50006,14198,1051462128.78008,14198,1051467594.78005,5468.27999),(91,52,1051465475.86004,13266,1051465478.79004,13266,1051469404.07006,3928.21002),(63,6,1051464131.29007,12961,1051464133.57006,12961,1051470031.43004,5900.13997),(123,21,1051464497.48005,13215,1051464510.18004,13215,1051470102.58005,5605.10000),(269,14,1051458641.98005,13350,1051458663.23004,13350,1051470129.31004,11487.32999),(270,44,1051466163.46005,13455,1051466165.04005,13455,1051470231.39005,4067.93000),(129,15,1051465310.12004,13025,1051465312.28004,13025,1051470427.41007,5117.29003),(71,34,1051467348.23005,13487,1051467370.41004,13487,1051471284.40004,3936.16999),(200,72,1051467105.52005,12992,1051467107.83004,12992,1051471364.60005,4259.08000),(359,28,1051466962.42004,13089,1051466965.74005,13089,1051471726.52004,4764.10000),(291,73,1051467938.65004,13513,1051467942.80004,13513,1051472050.04005,4111.39001),(104,57,1051467594.78005,13673,1051467597.28005,13673,1051472440.37006,4845.59001),(153,64,1051468108.18004,13371,1051468111.51005,13371,1051472549.10004,4440.92000),(300,74,1051467111.39005,12632,1051467114.83005,12632,1051472735.93008,5624.54003),(327,41,1051469087.06005,14052,1051469089.74004,14052,1051472824.32004,3737.25999),(58,86,1051461745.95007,13613,1051461747.80031,13613,1051466121.36004,4375.40997),(30,16,1051463143.63007,12386,1051463144.97007,12386,1051466855.84007,3712.21000),(235,33,1051462716.21007,12289,1051462742.33007,12289,1051467274.49004,4558.27997),(280,82,1051461761.34008,12706,1051461763.28008,12706,1051467956.72004,6195.37996),(152,64,1051464071.65025,12794,1051464075.25005,12794,1051468108.18004,4036.52979),(147,48,1051464245.95005,12107,1051464246.88003,12107,1051468338.53004,4092.57999),(151,2,1051463974.05005,12857,1051463976.35006,12857,1051469655.68005,5681.63000),(217,76,1051465827.66005,12125,1051465843.34004,12125,1051470022.62004,4194.95999),(207,68,1051464150.34005,14060,1051464152.93006,14060,1051470069.49007,5919.15002),(378,95,1051462975.32005,12450,1051462978.31008,12450,1051470080.52007,7105.20002),(206,63,1051463701.48006,13034,1051463704.02007,13034,1051470125.15007,6423.67001),(368,30,1051447963.78008,13755,1051447965.74007,13755,1051470166.16006,22202.37998),(146,87,1051466400.66006,12837,1051466401.77005,12837,1051470451.19010,4050.53004),(248,13,1051466484.55004,12031,1051466486.37005,12031,1051471042.61007,4558.06003),(139,58,1051467356.00004,13018,1051467358.03009,13018,1051471589.85004,4233.85000),(332,66,1051465812.09005,14248,1051465822.92005,14248,1051471751.03004,5938.93999),(222,12,1051466944.81005,12651,1051466946.67005,12651,1051471774.26004,4829.44999),(18,40,1051466544.04007,12901,1051466546.28006,12901,1051471830.55004,5286.50997),(194,22,1051468317.95005,13163,1051468319.61005,13163,1051472302.56004,3984.60999),(338,70,1051467300.06004,13026,1051467302.78005,13026,1051472389.05004,5088.99000),(67,23,1051468459.83004,12725,1051468470.14004,12725,1051474053.52007,5593.69003),(306,55,1051469999.00000,13006,1051470011.99007,13006,1051474909.32161,4910.32161),(173,19,1051469282.85004,12268,1051469285.94007,12268,1051475117.97060,5835.12056),(340,61,1051462066.09005,14205,1051462067.90005,14205,1051466303.64004,4237.54999),(375,91,1051462881.79004,12462,1051462963.40007,12462,1051466799.36007,3917.57003),(120,43,1051464183.22005,13814,1051464185.15004,13814,1051468605.15005,4421.93000),(326,41,1051465363.02005,13567,1051465365.18006,13567,1051469087.06005,3724.04000),(34,56,1051465440.07005,2211,1051465441.18005,2211,1051470041.09005,4601.02000),(314,49,1051460199.19008,13417,1051460215.14005,13417,1051470088.33004,9889.13996),(306,55,1051383600.00000,13006,1051381932.78800,13006,1051387520.36798,3920.36798),(304,55,1051387520.36798,13813,1051387522.59799,13813,1051390934.48798,3414.12000),(303,55,1051390934.48798,13992,1051390939.81798,13992,1051394911.92798,3977.44000),(306,55,1051394911.92798,13006,1051394919.23803,13006,1051398938.44798,4026.52000),(304,55,1051398938.44798,13813,1051398942.89798,13813,1051402384.32007,3445.87209),(303,55,1051402384.32007,13992,1051402392.77007,13992,1051406687.25004,4302.92997),(306,55,1051406687.25004,13006,1051406692.42004,13006,1051411011.54004,4324.29000),(304,55,1051411011.54004,13813,1051411013.77005,13813,1051414679.01005,3667.47001),(303,55,1051414679.01005,13992,1051414683.56004,13992,1051419441.96004,4762.94999),(306,55,1051419441.96004,13006,1051419446.31005,13006,1051423953.61004,4511.65000),(304,55,1051423953.61004,13813,1051423958.00006,13813,1051427941.85018,3988.24014),(303,55,1051427941.85018,13992,1051427949.34007,13992,1051432900.16009,4958.30991),(306,55,1051432900.16009,13006,1051432906.45004,13006,1051438169.17009,5269.01000),(304,55,1051438169.17009,13813,1051438171.68006,13813,1051442039.91004,3870.73995),(303,55,1051442039.91004,13992,1051442339.76005,13992,1051447497.96004,5458.05000),(306,55,1051447497.96004,13006,1051447716.91008,13006,1051452457.51007,4959.55003),(304,55,1051452457.51007,13813,1051452459.42005,13813,1051456659.12005,4201.60998),(303,55,1051456659.12005,13992,1051456662.67005,13992,1051461517.18006,4858.06001),(306,55,1051461517.18006,13006,1051461525.25006,13006,1051466021.72005,4504.53999),(304,55,1051466021.72005,13813,1051466023.72004,13813,1051469999.00000,3977.27995),(289,81,1051466427.25004,12409,1051466428.91004,12409,1051470171.59007,3744.34003),(60,86,1051466121.36004,13466,1051466123.52005,13466,1051470234.66006,4113.30002),(377,93,1051462512.76004,12738,1051462515.54005,12738,1051470464.74004,7951.98000),(319,16,1051466855.84007,12746,1051466858.68005,12746,1051470523.00005,3667.15998),(369,90,1051462323.77009,14149,1051462346.91009,14149,1051470696.87007,8373.09998),(193,47,1051465984.52004,13314,1051465986.79005,13314,1051470806.04006,4821.52002),(321,42,1051467240.44005,12988,1051467241.82005,12988,1051470826.92007,3586.48002),(137,50,1051466366.77004,12425,1051466389.68005,12425,1051471298.75004,4931.98000),(79,27,1051467124.43005,13897,1051467129.46005,13897,1051471864.04005,4739.61000),(162,54,1051468128.89004,13022,1051468130.03004,13022,1051472280.25008,4151.36004),(236,33,1051467274.49004,13734,1051467442.54005,13734,1051472574.90004,5300.41000),(279,82,1051467956.72004,13484,1051467958.04004,13484,1051473261.14010,5304.42006),(14,31,1051469529.37005,12137,1051469531.04007,12137,1051473316.20006,3786.83001),(82,27,1051462134.90006,12219,1051462141.02006,12219,1051467124.43005,4989.52999),(294,73,1051463524.93007,13762,1051463527.04005,13762,1051467938.65004,4413.71997),(164,54,1051463798.83007,13415,1051463800.45004,13415,1051468128.89004,4330.05997),(195,22,1051464143.53004,13506,1051464175.62005,13506,1051468317.95005,4174.42001),(13,31,1051465717.09005,13912,1051465718.06019,13912,1051469529.37005,3812.28000),(41,26,1051464823.19004,12558,1051464836.87004,12558,1051470038.82007,5215.63003),(229,9,1051456638.37005,14135,1051458778.79008,14135,1051470198.62007,13560.25002),(297,77,1051445945.83009,13876,1051445949.21007,13876,1051470217.71007,24271.87998),(382,92,1051464799.82006,12417,1051465026.46005,12417,1051470354.23013,5554.41007),(263,18,1051467399.48004,14019,1051467402.11006,14019,1051471659.37004,4259.89000),(165,80,1051467486.15005,13536,1051467487.74004,13536,1051472029.75004,4543.59999),(110,32,1051468541.62005,2269,1051468543.08004,2269,1051473613.07006,5071.45001),(212,24,1051469933.21007,13395,1051469939.03006,13395,1051475887.51005,5954.29998),(361,28,1051401452.58004,14130,1051401458.46007,14130,1051405399.80005,3947.22001),(359,28,1051405399.80005,13089,1051405429.71006,13089,1051409897.50005,4497.70000),(360,28,1051409897.50005,13654,1051409899.31006,13654,1051414756.21004,4858.70999),(358,28,1051414756.21004,14168,1051414759.57004,14168,1051420984.24004,6228.03000),(361,28,1051420984.24004,14130,1051420986.64004,14130,1051425352.27006,4368.03002),(359,28,1051425352.27006,13089,1051425354.22005,13089,1051430468.67005,5116.39999),(360,28,1051430468.67005,1659,1051430470.84004,1659,1051435794.21003,5325.53998),(358,28,1051435794.21003,14168,1051435799.08005,14168,1051442294.55005,6500.34002),(361,28,1051442294.55005,14130,1051442297.44004,14130,1051447046.86006,4752.31001),(359,28,1051447046.86006,13089,1051447049.49005,13089,1051452304.97005,5258.10999),(360,28,1051452304.97005,1659,1051452308.85005,1659,1051456967.99005,4663.02000),(358,28,1051456967.99005,14168,1051456980.00000,14168,1051462574.78005,5606.79000),(361,28,1051462574.78005,14130,1051462576.94007,14130,1051466962.42004,4387.63999),(257,88,1051383600.00000,13747,1051381901.18802,13747,1051388528.22803,4928.22803),(259,88,1051388528.22803,13160,1051388538.75797,13160,1051393530.36799,5002.13996),(258,88,1051393530.36799,13063,1051393549.73797,13063,1051398958.60798,5428.23999),(256,88,1051398958.60798,13246,1051399010.95797,13246,1051405327.03004,6368.42206),(257,88,1051405327.03004,13747,1051405329.04004,13747,1051410009.05005,4682.02001),(259,88,1051410009.05005,13160,1051410010.67011,13160,1051415764.58005,5755.53000),(258,88,1051415764.58005,13063,1051415767.67007,13063,1051421775.84004,6011.25999),(256,88,1051421775.84004,13246,1051422154.05004,13246,1051430836.68005,9060.84001),(257,88,1051430836.68005,13747,1051432576.09004,13747,1051438565.86005,7729.18000),(259,88,1051438565.86005,13160,1051438572.14006,13160,1051445472.94007,6907.08002),(258,88,1051445472.94007,13063,1051446550.68005,13063,1051453333.00871,7860.06864),(256,88,1051453333.00871,13246,1051454482.21005,13246,1051461303.15006,7970.14135),(166,80,1051463605.24005,14225,1051463606.83004,14225,1051467486.15005,3880.91000),(254,71,1051462106.76005,13785,1051462108.96005,13785,1051468869.74005,6762.98000),(320,24,1051462438.42006,12446,1051462442.20007,12446,1051469933.21007,7494.79001),(233,20,1051459128.10005,12324,1051459588.31005,12324,1051470147.47007,11019.37002),(343,1,1051463314.18007,12076,1051463316.92005,12076,1051470255.81241,6941.63234),(362,29,1051410370.27007,13968,1051410371.85004,13968,1051470360.47006,59990.19999),(317,84,1051466143.97004,13651,1051466145.95015,13651,1051470381.99005,4238.02001),(257,88,1051461303.15006,13747,1051462096.40004,13747,1051470745.58006,9442.43000),(156,67,1051467184.82009,13594,1051467188.24005,13594,1051472172.57112,4987.75103),(117,43,1051468605.15005,13737,1051468607.17005,13737,1051472790.81007,4185.66002),(184,75,1051383600.00000,12767,1051381930.33802,12767,1051388852.60800,5252.60800),(182,75,1051388852.60800,12821,1051388919.97798,12821,1051394728.63798,5876.02998),(184,75,1051394728.63798,12767,1051395249.43799,12767,1051401097.35005,6368.71207),(185,75,1051401097.35005,13303,1051401112.69005,13303,1051404928.48007,3831.13002),(184,75,1051404928.48007,12767,1051405043.43007,12767,1051410680.41024,5751.93017),(185,75,1051410680.41024,13303,1051410682.46006,13303,1051414712.80005,4032.38981),(184,75,1051414712.80005,12767,1051417584.46005,12767,1051424155.47005,9442.67000),(185,75,1051424155.47005,13303,1051427253.53004,13303,1051436145.46006,11989.99001),(184,75,1051436145.46006,12767,1051460753.25007,12767,1051466528.68004,30383.21998),(185,75,1051466528.68004,13303,1051466555.31007,13303,1051470280.21005,3751.53001),(97,38,1051467082.96004,12369,1051467100.21005,12369,1051473396.50006,6313.54002),(95,46,1051469170.75004,13846,1051469171.66005,13846,1051474223.63005,5052.88001),(372,91,1051466799.36007,13517,1051466819.49007,13517,1051470443.29004,3643.92997),(342,61,1051466303.64004,13057,1051466305.03004,13057,1051470645.43007,4341.79003),(239,69,1051467243.12004,13116,1051467461.89005,13116,1051473683.66006,6440.54002),(51,78,1051466434.34006,12960,1051466437.95004,12960,1051470910.28007,4475.94001),(388,96,1051468024.67005,12124,1051468027.40004,12124,1051471779.82005,3755.15000),(12,53,1051466091.00005,12807,1051466099.73004,12807,1051471168.96005,5077.96000),(348,17,1051466863.68004,12813,1051466955.00004,12813,1051471669.55004,4805.87000),(286,5,1051452096.91004,12072,1051452098.35004,12072,1051472481.48005,20384.57001),(253,71,1051468869.74005,13834,1051468872.15005,13834,1051473910.68007,5040.94002),(88,52,1051469404.07006,14017,1051469407.61004,14017,1051474103.54011,4699.47005),(148,48,1051468338.53004,13084,1051468407.22005,13084,1051474517.90005,6179.37001),(151,2,1051469655.68005,12857,1051469657.97005,12857,1051477620.05005,7964.37000);

--
-- Table structure for table `penalty`
--

CREATE TABLE `penalty` (
  `team_id` int(4) NOT NULL DEFAULT '0',
  `time` int(4) NOT NULL DEFAULT '0',
  KEY `penalty__team_id__idx` (`team_id`)
) ENGINE=MyISAM DEFAULT CHARSET=latin1;

--
-- Dumping data for table `penalty`
--

INSERT INTO `penalty` VALUES (69,300),(13,300),(22,300),(24,300);

--
-- Table structure for table `raw_timestamp`
--

CREATE TABLE `raw_timestamp` (
  `rfid` int(8) NOT NULL DEFAULT '0',
  `timestamp` decimal(16,5) NOT NULL DEFAULT '0.00000',
  KEY `raw_timestamp__rfid__idx` (`rfid`)
) ENGINE=MyISAM DEFAULT CHARSET=latin1;

--
-- Dumping data for table `raw_timestamp`
--


--
-- Table structure for table `rider`
--

CREATE TABLE `rider` (
  `person_id` int(4) NOT NULL DEFAULT '0',
  `team_id` int(4) DEFAULT NULL,
  `last_name` varchar(24) NOT NULL DEFAULT '',
  `first_name` varchar(24) NOT NULL DEFAULT '',
  `middle_name` varchar(24) DEFAULT NULL,
  `city` varchar(36) DEFAULT NULL,
  `state` char(2) DEFAULT NULL,
  `country` varchar(24) DEFAULT NULL,
  `gender` char(1) DEFAULT NULL,
  `notes` text,
  PRIMARY KEY (`person_id`),
  KEY `rider__team_id__idx` (`team_id`)
) ENGINE=MyISAM DEFAULT CHARSET=latin1;

--
-- Dumping data for table `rider`
--

INSERT INTO `rider` VALUES (343,1,'Chynoweth','Mathew','','Auburn','CA','USA','M',''),(151,2,'Darragh','Andy','S','San Diego','CA','USA','M',''),(353,3,'Irons','Jamie','l','Morro Bay','CA','USA','M',''),(160,4,'Juarez','David Tinker','','Downey','CA','USA','M',''),(286,5,'Laichtman','David','A','Pacific Palisades','CA','USA','M',''),(63,6,'McFee','Matt','G','Pacific Palisades','CA','USA','M',''),(25,7,'Paino','Jon','','Temecula','CA','USA','M',''),(330,8,'Snyder','Nelson','','Portland','OR','USA','M',''),(229,9,'Brand','Marissa','','San Diego','CA','United States','F',''),(219,10,'Schmitt','Barry','A','Chaska','MN','USA','M',''),(220,10,'Bernard','Douglas','P','Heber','UT','USA','M',''),(174,11,'Smith','Jason','J','Las Vegas','NV','USA','M',''),(175,11,'Pace','Adam','K','N. Las Vegas','NV','USA','M',''),(176,11,'Boyle','Monte','R','Truckee','CA','USA','M',''),(177,11,'Landt','Steve','','','','USA','M',''),(221,12,'Raymond','Terri','L','Norco','CA','USA','F',''),(223,12,'Patterson','Angela','k','San Diego','CA','USA','F',''),(222,12,'Vidaca','kara','L','Norco','CA','USA','F',''),(224,12,'Gourley','Merry','E','Ventura','CA','USA','F',''),(247,13,'Lee','Joseph','J','Santee','CA','USA','M',''),(248,13,'Salou','Tangi','J','San Diego','CA','USA','M',''),(249,13,'Dalrymple','Will','','Carlsbad','CA','USA','M',''),(250,13,'Vidales','Armando','V','Alpine','CA','USA','M',''),(251,13,'Vidales','Karen','M','Alpine','CA','USA','F',''),(265,14,'Capone','Anthony','A','Murrieta','CA','USA','M',''),(266,14,'Wallace','Scott','L','Murrieta','CA','USA','M',''),(267,14,'Valleroy','William','J','E. Scondido','CA','USA','M','Melody\'s cell #760-212-9705'),(268,14,'Concannon','Timothy','M','Escondido','CA','USA','M',''),(269,14,'Concannon','Amy','C','Escondido','CA','USA','F',''),(126,15,'Williams','Jay','T','San Pedro','CA','USA','M',''),(127,15,'Sturz','Brian','J','rancho palos verdes','CA','USA','M',''),(128,15,'Ridder','Catherine','A','Altadena','CA','USA','F',''),(130,15,'Mc Dowell','Duane','','west hills','CA','USA','M',''),(129,15,'Wallace','Steve','J','San Pedro','CA','USA','M',''),(30,16,'Curtin','Paul','D','Los Angeles','CA','USA','M',''),(31,16,'Wielgasz','Bryan','J','Canyon Country','CA','USA','M',''),(32,16,'Byrnes','Joe \"White Thunder\"','','Los Angeles','CA','USA','M',''),(33,16,'Sanborn','Tracy','A','Fountain Valley','CA','USA','F',''),(319,16,'Matthews','Chris','D','Santa Monica','CA','USA','M',''),(348,17,'Swinton','Paul','G','Del Mar','CA','USA','M',''),(350,17,'Meyer','Andrew','J','Cardiff','CA','USA','M',''),(351,17,'Perrin','Woodie','','San Diego','CA','USA','M',''),(349,17,'Johnson','Michael','','Thousand Oaks','CA','USA','M',''),(352,17,'Curran','Eileen','','Newbury Park','CA','USA','F',''),(260,18,'Rands','Jane','A','Garden Grove','CA','USA','F',''),(261,18,'Jones','Stephen','','Aliso Viejo','CA','USA','M',''),(262,18,'Caldwell','William','E','Sana Ana','CA','USA','M','Lori\'s cell number 714-349-1699'),(263,18,'Lane','Tim','','Irvine','CA','USA','M',''),(264,18,'Quintanilla','Albert','','Costa Mesa','CA','USA','M',''),(169,19,'Flood','Greg','','Aliso Viejo','CA','USA','M',''),(171,19,'Davis','Sherri','','Tustin','CA','USA','F',''),(172,19,'McHale','Ryan','T','Tustin','CA','USA','M',''),(170,19,'McDonald','Tom','','Oceanside','CA','USA','M',''),(173,19,'Wong','Barry','','Tustin','CA','USA','M',''),(230,20,'Todd','Jennifer','A','Balboa Island','CA','USA','F',''),(232,20,'Hayes','Jeffrey','S','Aliso Viejo','CA','USA','M',''),(231,20,'Venzlaff','Dirk','','Irvine','CA','USA','M',''),(233,20,'Meehan','Patrick','','Fallbrook','CA','USA','M',''),(234,20,'Darby','Jason','','Aliso Viejo','CA','USA','M',''),(121,21,'Celapino','Dawn','M','San Diego','CA','USA','M','See Daniel Greenstat\'s notes.'),(122,21,'Costantino','Mark','','El Cajon','CA','USA','M',''),(123,21,'Weathesford','Todd','K','San Diego','CA','USA','M',''),(124,21,'Holloway','Maggie','R','San Diego','CA','USA','F','This is John\'s work number and his extension is 133'),(125,21,'Holloway','John','E','San Diego','CA','USA','M','Day extension is 133'),(196,22,'Otero','Joshua','M','Cave Creek','AZ','USA','M',''),(195,22,'Hobbs','Jason','J','Chandler','AZ','USA','M',''),(197,22,'Hutto','Alacia','D','Tucson','AZ','USA','F',''),(194,22,'Sooter','Randy','C','Tucson','AZ','USA','M',''),(198,22,'Moore','Tracy','','Phoenix','AZ','USA','F',''),(65,23,'Purnel','Ray','E','Cathedral City','CA','USA','M',''),(66,23,'Von Iderstein','Mark','I','La Quinta','CA','USA','M',''),(67,23,'Komar','Rick','','Idyllwild','CA','USA','M',''),(68,23,'Harris','Dawne','','Idyllwild','CA','USA','F',''),(211,24,'Walker','Kent','','Corona','CA','USA','M',''),(212,24,'Jones','Burnett','B','Corona','CA','USA','M',''),(213,24,'Miller','Robin','M','Long Beach','CA','USA','M',''),(214,24,'Snyder','John','','Corona','CA','USA','M',''),(320,24,'Diaz','Anna','','Long Beach','CA','USA','F',''),(54,25,'Miller','Colleen','A','Encinitas','CA','USA','F','2nd contact person - Karen Bowen 760-455-6330'),(56,25,'Spickard','Jennifer','','Fallbrook','CA','USA','F',''),(55,25,'Goertzen','Del','L','Temecula','CA','USA','M',''),(57,25,'Hamashige','Scott','T','La Jolla','CA','USA','M',''),(38,26,'Nunez','Rick','A','San Diego','CA','USA','M','office ext. 103'),(39,26,'Zawasky','Chris','','Cardiff','CA','USA','M',''),(40,26,'Collins','Dennis','','Cardiff','CA','USA','M',''),(41,26,'Woodward','Bret','T','Cardiff','CA','USA','M',''),(78,27,'Fitzgerald','Jim','','San Clemente','CA','USA','M',''),(79,27,'Meredith','Morgan','M','San Clemente','CA','USA','M',''),(80,27,'Kaiel','Matt','I','San Juan Capistrano','CA','USA','M',''),(81,27,'Boehmke','Steve','','Orange','CA','USA','M',''),(82,27,'Ohan','Tina','','San Clemente','CA','USA','F',''),(358,28,'Ross','Keith','J','San Diego','CA','USA','M',''),(359,28,'Hardy','Robert','J','San Diego','CA','USA','M',''),(360,28,'Lepur','Hugo','P','Santee','CA','USA','M',''),(361,28,'Porter','William','M','Oceanside','CA','USA','M',''),(362,29,'Birtch','DeJay','','Tucson','AZ','USA','M',''),(368,30,'Breyer','Daniel','E','Solana Beach','CA','USA','M',''),(13,31,'Gioeli','Ken','S','IDYLLWILD','CA','USA','M',''),(15,31,'Parker','Theo','','Idyllwild','CA','USA','M',''),(16,31,'Busher','Steven','','Idyhem','CA','USA','M',''),(14,31,'McCaghren','Robert','S','Idyllzona','CA','USA','M',''),(108,32,'Alexander','Marc','F','San Diego','CA','USA','M',''),(109,32,'Fox','Brady','','San Diego','CA','USA','M',''),(110,32,'Fogg','Brett','D','San Diego','CA','USA','M',''),(111,32,'Mace','Matthew','J','San Diego','CA','USA','M',''),(235,33,'Millsap','Kyle','J','l.a.','CA','USA','M',''),(236,33,'Weiss','Jon','J','Los Angeles','CA','USA','M',''),(69,34,'Wrolstad','David','K','Temecula','CA','USA','M',''),(70,34,'Correa','Sergio','','Encinitas','CA','USA','M',''),(325,34,'Schaible','Steve','G','Anaheim','CA','USA','M',''),(71,34,'Drozd','Jon','N','Lake Arrowhead','CA','USA','M',''),(282,35,'Landberg','Jason','P','Las Vegas','NV','USA','M',''),(283,35,'Henrikson','Rodney','W','Las Vegas','NV','USA','M',''),(284,35,'Henrikson','Robert','E','Golden','CO','USA','M',''),(285,35,'Henrikson','Dennis','G','Golden','CO','USA','M',''),(243,36,'Tonel','Wesley','A','Corona','CA','USA','M',''),(244,36,'Busciglio','Robert','B','Santa Ana','CA','USA','M',''),(246,36,'Fisher','Eric','S','Irvine','CA','USA','M',''),(245,36,'Breaux','Sean','','Orange','CA','USA','M',''),(26,37,'Foiles','Doug','L','San Diego','CA','USA','M',''),(28,37,'Eicher','Noel','P','San Diego','CA','USA','M',''),(29,37,'Ludwig','Jeff','P','San Diego','CA','USA','M',''),(27,37,'Howard','Geoffrey','C','San Diego','CA','USA','M',''),(98,38,'DeShields','Brandon','A','Oceanside','CA','USA','M',''),(99,38,'Derr','Todd','','Carlsbad','CA','USA','M',''),(96,38,'Hocutt','Richard','K','Solana Beach','CA','USA','M',''),(97,38,'Irvin','Jeffrey','J','Huntington Beach','CA','USA','M',''),(178,39,'Martorano','Bill','J','Steamboat','CO','USA','M',''),(179,39,'Peterson','Rob','','Steamboat Springs','CO','USA','M',''),(180,39,'Guidi','Paolo','','Steamboat','CO','USA','M',''),(181,39,'Lightner','Ryan','','Steamboat','CO','USA','M',''),(17,40,'Nelson','John','C','Murrieta','CA','USA','M',''),(18,40,'Gomez','Phil','','Murrieta','CA','USA','M',''),(19,40,'Garbutt','Joe','A','Murrieta','CA','USA','M',''),(20,40,'Olsen','Aaron','','Murrieta','CA','USA','M',''),(327,41,'Neubauer','Scott','','Studio City','CA','USA','M',''),(326,41,'Pfeifer','Ben','','San Diego','CA','USA','M',''),(328,41,'DeMaio','Robert','M','San Diego','CA','USA','M',''),(329,41,'Boldt','Grant','E','San Diego','CA','USA','M',''),(322,42,'Baldwin','Aaron','D','Temecula','CA','USA','M',''),(321,42,'Wilson','Bruce','M','Temecula','CA','USA','M','Changed from 5-P Open w/five guys to two 4-P men\'s sport teams.'),(323,42,'Rendahl','Jay','C','San Marcos','CA','USA','M',''),(324,42,'Drozd','Nathaniel','J','Lake Arrowhead','CA','USA','M',''),(117,43,'Haberkorn','Jonathan','D','Cheyenne','WY','USA','M',''),(118,43,'Moody','Collin','M','Cheyenne','WY','USA','M',''),(119,43,'Gilliland','Doug','E','Greeley','CO','USA','M',''),(120,43,'Bergstrom','Lucas','M','Greeley','CO','USA','M',''),(270,44,'Johnson','Joshua','','Albuquerque','NM','USA','M',''),(272,44,'Johnson','Aaron','J','Albuquerque','NM','USA','M',''),(271,44,'Cote\'','Marley','P','Albuquerque','NM','USA','M',''),(273,44,'Berbu','Andreas','','Albuquerque','NM','USA','M',''),(186,45,'Wettstein','Max','E','San Diego','CA','USA','M',''),(187,45,'Hayes','Bill','','San Diego','CA','USA','M',''),(189,45,'Simkins','Blake','','Lake Forest','CA','USA','M',''),(188,45,'Wiley','Kelvin','','San Diego','CA','USA','M',''),(92,46,'Mortensen','Scott','G','San Marcos','CA','USA','M',''),(93,46,'Krieg','Chris','V','Temecula','CA','USA','M',''),(94,46,'Rochman','David','M','Huntington Beach','CA','USA','M',''),(95,46,'Davis','Ron','E','Murrieta','CA','USA','M',''),(190,47,'Ramirez','Jesus','','Heber','CA','USA','M',''),(192,47,'Santacruz','Francisco','','Calexico','CA','USA','M',''),(191,47,'Duenas','Feliciano','','Heber','CA','USA','M',''),(193,47,'Hermandez','Ramon','A','Heber','CA','USA','M',''),(150,48,'rider','unregistered','','','','USA','M',''),(147,48,'Schellenberg','Matt','K','San Diego','CA','USA','M',''),(148,48,'Garcia','Nathan','M','San Diego','CA','United States','M',''),(149,48,'Hefner','Daniel','R','San Diego','CA','USA','M',''),(311,49,'Rooks','Thomas','J','San Diego','CA','USA','M',''),(312,49,'Rooks','James','L','Thousand Oaks','CA','USA','M',''),(313,49,'Delgadillo','Alejandro','G','San Diego','CA','USA','M',''),(314,49,'Drake','Alex','J','San Diego','CA','USA','M',''),(135,50,'Clark','Bryan','O','San Diego','CA','USA','M',''),(136,50,'Oceguera','Enrique','','Chula Vista','CA','USA','M',''),(138,50,'Magers','Steve','W','San Diego','CA','USA','M',''),(137,50,'Allen','Matthew','P','San Diego','CA','USA','M',''),(74,51,'Teafatiller','David','P','Santee','CA','USA','M',''),(75,51,'Plummer','Dan','W','Santee','CA','USA','M',''),(76,51,'Ter-Vrugt','Alex','','San Marcos','CA','USA','M',''),(77,51,'Hext','Brian','R','San Diego','CA','USA','M',''),(88,52,'Webb','Erik','','MURRIETA','CA','USA','M',''),(89,52,'Bedke','Mitch','','Murrieta','CA','USA','M',''),(90,52,'Thompson','Mike','','Murrieta','CA','USA','M',''),(91,52,'Masiel','Pete','','Alpine','CA','USA','M',''),(9,53,'Oliveira','Chris','M','Santee','CA','USA','M',''),(11,53,'Todd','Miles','D','san diego','CA','USA','M',''),(10,53,'Paul','Michael','F','San Diego','CA','USA','M',''),(12,53,'Server','James','A','San Diego','CA','USA','M',''),(161,54,'Mabry','Jeff','C','Las Vegas','NV','USA','M',''),(162,54,'Baumgarte','Joe','','north las vegas','NV','USA','M',''),(163,54,'Trumpfheller','Mike','','North Las Vegas','NV','USA','M',''),(164,54,'Meegan','John','','Las Vegas','NV','USA','M',''),(306,55,'Decker','Justin','','Marina Del Rey','CA','USA','M',''),(303,55,'Wolfe','Donald','A','Playa Del Rey','CA','USA','M',''),(304,55,'Miller','Swiggett','','Venice','CA','USA','M',''),(305,55,'rider','unregistered','','','','USA','M',''),(34,56,'Daugherty','Brian','D','San Diego','CA','USA','M',''),(35,56,'Daugherty','Mike','S','Orlando','FL','USA','M',''),(36,56,'Treon','Mark','M','Baltimore','MD','USA','M',''),(37,56,'Malmquist','Peter','','Baltimore','MD','USA','M',''),(104,57,'Parrish','Scott','C','Carlsbad','CA','USA','M',''),(105,57,'Villanueva','Marc','P','San Diego','CA','USA','M',''),(106,57,'Bowles','Jeff','','San Diego','CA','USA','M',''),(107,57,'Little','Shane','M','Carlsbad','CA','USA','M',''),(139,58,'Luton','Dustin','E','Pasadena','CA','USA','M',''),(141,58,'Scheetz','Mark','L','Upland','CA','USA','M',''),(142,58,'Basica','Mike','','Upland','CA','USA','M',''),(140,58,'Scheetz','Dean','L','Upland','CA','USA','M',''),(21,59,'Duty','Denis','D','Tustin','CA','USA','M',''),(22,59,'Coley','Anthony','E','Irvine','CA','USA','M',''),(23,59,'Farner','Steven','R','Vista','CA','USA','M',''),(24,59,'Ollendorff','Max','J','Santa Ana','CA','USA','M',''),(354,60,'Rivera','Aly','G','Los Angeles','CA','USA','M',''),(355,60,'Miller','Scott','F','Lomita','CA','USA','M',''),(356,60,'Miller','Michael','','','','USA','M',''),(357,60,'Grisales','Alex','','','','USA','M',''),(339,61,'Bontrager','Laura','','Santa Cruz','CA','USA','F',''),(340,61,'Meyer','Kathleen','P','Campbell','CA','USA','F',''),(341,61,'Brown','Julie','A','San Mateo','CA','USA','F',''),(342,61,'Mitchell','Julie Rae','','Santa Cruz','CA','USA','F',''),(344,62,'Engel','Barbara','','Morro Bay','CA','USA','F',''),(345,62,'Punzi','Renee','L','Morro Bay','CA','USA','F',''),(346,62,'Phipps','Holly','A','San Luis Obispo','CA','USA','F',''),(347,62,'Brinkerhoff','Joy','M','San Luis Obispo','CA','USA','F',''),(203,63,'Schlueter','Jason','A','San Dimas','CA','USA','M',''),(204,63,'Schlueter','Mark','A','San Dimas','CA','USA','M',''),(206,63,'Christopher','Justin','A','Chino Hills','CA','USA','M',''),(205,63,'Riccio','Chris','','Glendora','CA','USA','M',''),(152,64,'Nye','Troy','','West Valley City','UT','USA','M',''),(153,64,'Leikam','Dave','','SLC','UT','USA','M',''),(154,64,'Marler','Cory','','Kaysville','UT','USA','M',''),(155,64,'Jones','Vince','','Tooele','UT','USA','M',''),(225,65,'Brickley','Kevin','','Escondido','CA','USA','M',''),(226,65,'Brisson','Chris','C','Murreieta','CA','USA','M',''),(227,65,'Hill','Ronald','E','Encinitas','CA','USA','M',''),(228,65,'Linder','Rodney','G','Ramona','CA','USA','M',''),(331,66,'Padula','Joseph','A','South Pasadena','CA','USA','M',''),(332,66,'Botta','Ettore','F','La Canada','CA','USA','M',''),(334,66,'Hoffman','Tom','L','La Canada','CA','USA','M',''),(333,66,'McHenry','Thomas','','Pasadena','CA','USA','M',''),(156,67,'Rector','David','A','Temecula','CA','USA','M',''),(157,67,'Alivio','Gil','V','Menifee','CA','USA','M','King\'s cell number 909-768-5860'),(158,67,'Warn','Mark','R','Temecula','CA','USA','M',''),(159,67,'Gutierrez','Rosendo','','Grand Terrace','CA','USA','M',''),(207,68,'Gabriel','Jim','F','Fontana','CA','USA','M',''),(209,68,'Kirby','Dean','','San Diego','CA','USA','M',''),(208,68,'Posch','Ted','','Fullerton','CA','USA','M',''),(210,68,'Morley','Mark','','San Diego','CA','USA','M',''),(239,69,'Badaruddin','Kareem','S','La Canada','CA','USA','M',''),(240,69,'Badaruddin','Shandor','S','Missoula','MT','USA','M',''),(241,69,'Campbell','David','G','Pasadena','CA','USA','M',''),(335,70,'Wright','John','R','Encinitas','CA','USA','M',''),(338,70,'de la Cruz','Samuel','','Vista','CA','USA','M',''),(336,70,'Eovacious','Paul','D','Temecula','CA','USA','M',''),(337,70,'Lund','Thadeus','M','Escondido','CA','USA','M',''),(252,71,'Songer','Clint','D','La Habra','CA','USA','M',''),(253,71,'Blakely','John','P','Whitier','CA','USA','M',''),(254,71,'Gonzales','John','A','Pico Rivera','CA','USA','M',''),(255,71,'Wildermuth','Jerry','G','Whittier','CA','USA','M',''),(199,72,'Sheppard','Mike','G','Whittier','CA','USA','M',''),(200,72,'Bursey','Allen','S','Dana Point','CA','USA','M',''),(201,72,'Martinez','Al','','Redondo Beach','CA','USA','M',''),(202,72,'Cambio','Gary','A','Glendora','CA','USA','M',''),(291,73,'Mackey','Terry','R','Ojai','CA','USA','M',''),(292,73,'Strossman','Mike','','Ventura','CA','USA','M',''),(293,73,'Mosher','Bob','J','Ojai','CA','USA','M',''),(294,73,'Duganne','James','K','Ventura','CA','USA','M',''),(299,74,'Sieveke','Don','','Anaheim','CA','USA','M',''),(300,74,'Dettmar','Steve','','Chino Hills','CA','USA','M',''),(301,74,'Dix','Gary','R','Laguna Niguel','CA','USA','M',''),(302,74,'Mason','David','J','Las Vegas','CA','USA','M',''),(182,75,'Burton','Bill','','San Deigo','CA','USA','M','day ext. 253.  This is the partial trade-out team San Diego Snakes (for negotiated rate in San Diego Bicycling Guide)'),(184,75,'Oertle','Ken','','San Diego','CA','USA','M',''),(371,75,'rider','unregistered','','','','USA','M',''),(183,75,'Oertle','Candy','A','San Diego','CA','USA','F',''),(215,76,'Sugai','Chris','','Cangoa Park','CA','USA','M',''),(216,76,'Sugano','Alan','D','Rancho Palos Verdes','CA','USA','M',''),(217,76,'Tommasino','Tim','G','Northridge','CA','USA','M',''),(218,76,'Frei','Gary','','Los Angeles','CA','USA','M',''),(295,77,'Hollensbe','Lance','E','Chula Vista','CA','USA','M',''),(298,77,'Heide','Jeff','','Long Beach','CA','USA','M',''),(296,77,'Preciado','Santi','','La Mesa','CA','USA','M',''),(297,77,'Moulton','John','','La Mesa','CA','USA','M',''),(48,78,'Lund','Scott','M','Solana Beach','CA','USA','M',''),(50,78,'Lund','Eric','A','Westminster','CA','USA','M',''),(49,78,'Mangen','Jim','o','San Marcos','CA','USA','M',''),(51,78,'Vonseggern','Steve','L','Laguna Niguel','CA','USA','M',''),(307,79,'Miller','Jon','R','Redondo Beach','CA','USA','M',''),(309,79,'Radmilovich','Todor','M','redondo beach','CA','USA','M',''),(308,79,'Shaner','Andrew','','Malibu','CA','USA','M',''),(310,79,'Smith','Vernon','','hermosa beach','CA','USA','M',''),(165,80,'Azcona','Marc','C','Fountain Valley','CA','USA','M',''),(166,80,'Tower','Don','','ParkCity','UT','USA','M',''),(167,80,'Steele','Joey','R','Englewood','CO','USA','M',''),(168,80,'Del Vecchio','Mark','G','Park City','UT','USA','M',''),(287,81,'Worley','Russell','J','san diego','CA','USA','M',''),(288,81,'Moylan','Jerry','P','san diego','CA','USA','M',''),(289,81,'Cain','Dan','W','Borrego Springs','CA','USA','M',''),(290,81,'Duvel','Bill','','Encinitas','CA','USA','M',''),(278,82,'Johnson','Terry','D','Rancho Santa Margarita','CA','USA','M',''),(279,82,'Hoekstra','Fred','A','Rancho Santa Margarita','CA','USA','M',''),(280,82,'Brown','Craig','J','Rancho Santa Margarita','CA','USA','M',''),(281,82,'Barbarino','Russell','J','Rancho Santa Marg','CA','USA','M',''),(131,83,'Wright','Bill','E','Poway','CA','USA','M',''),(132,83,'Markowski','Dale','T','San Diego','CA','USA','M',''),(133,83,'Rosson','Bob','J','San Diego','CA','USA','M',''),(134,83,'Clark','Dan','','San Diego','CA','USA','M',''),(315,84,'Bontrager','Keith','D','Santa Cruz','CA','USA','M',''),(316,84,'Latorraca','Richard','B','Soquel','CA','USA','M','Work extension is 23'),(317,84,'Darr','Tony','','Imperial','CA','USA','M',''),(318,84,'Parkhurst','Jim','','San Clemente','CA','USA','M',''),(103,85,'rider','unregistered','','','','USA','M',''),(100,85,'Nyberg','Eric','A','Oakland','CA','USA','M',''),(101,85,'Wasco','Daniel','R','Radnor','PA','USA','M',''),(102,85,'Chapman','Randall','','Oakland','CA','USA','M',''),(61,86,'Raymond','Dale','A','Norco','CA','USA','M',''),(58,86,'Eisley','Ben','','Claremone','AB','USA','M',''),(59,86,'Lyttle','Steve','','Murrieta','CA','USA','M',''),(60,86,'Colford','Steve','','Escondido','CA','USA','M','Trudy\'s cell #760-717-8612'),(143,87,'Downing','Trevor','M','Crestline','CA','USA','M','909-316-3547 - Mom and Dad\'s cell number'),(144,87,'Hulett','Alex','J','Big Bear Lake','CA','USA','M',''),(145,87,'Sandoval','Stephen','T','Rancho Santa Fe','CA','USA','M',''),(146,87,'Carlson','William','G','Blue Jay','CA','USA','M',''),(256,88,'Newby','Chad','B','Escondido','CA','USA','M',''),(257,88,'Grott','Marco','A','San Marcos','CA','USA','M',''),(259,88,'Gilmore','Michael','J','Escondido','CA','USA','M',''),(258,88,'Quiroz','Zeke','F','Escondido','CA','USA','M',''),(363,89,'Nichols','Timothy','C','San Diego','CA','USA','M',''),(366,89,'Oldenburg','Steve','J','San Diego','CA','USA','M',''),(364,89,'Jones','Steve','A','Carlabad','CA','USA','M','Alternate phone for Lynn 760-918-0415'),(365,89,'Tynan','John','A','San Diego','CA','USA','M','Work extension is 3671'),(367,89,'Nhuyen','Oanh','','San Diego','CA','USA','F',''),(369,90,'O\'Brien','Michael','J','San Diego','CA','USA','M',''),(370,90,'Fuller','Ted','L','San Diego','CA','USA','M',''),(372,91,'Troute','Foye','M','Lake Front','CA','USA','M',''),(373,91,'Eames','Matt','A','Irvine','CA','USA','M',''),(374,91,'Janata','Beth','K','Lake Forest','CA','USA','F',''),(376,91,'Zemel','Brent','','Irvine','CA','USA','M',''),(375,91,'Betonte','Gregg','R','','','USA','M',''),(379,92,'Spina','Joseph','N','Placentia','CA','USA','M',''),(380,92,'Vorell','Jason','F','Anaheim Hills','CA','USA','M','Lisa will be at the race.'),(381,92,'Blair','Brian','M','Anaheim','CA','USA','M',''),(382,92,'Dickinson','Cameron','M','Encinitas','CA','USA','M',''),(377,93,'Puris','Timari','','Northridge','CA','USA','F',''),(384,94,'Silva III','Iggy','J','San Diego','CA','USA','M',''),(383,94,'Landman','Jacob','L','Lakeside','CA','USA','M',''),(385,94,'Lee','Keven','','San Diego','CA','USA','M',''),(386,94,'Hayman','Aaron','J','El Cajon','CA','USA','M',''),(378,95,'O\'Sullivan','Dan','G','San Diego','CA','USA','M',''),(387,96,'Tande','Michael','S','San Diego','CA','USA','M',''),(388,96,'Loza','Miguel','I','San Diego','CA','USA','M',''),(389,96,'Vickers','Bill','N','Chino Hills','CA','USA','M',''),(390,96,'Sherwood','Richard','W','Ramona','CA','USA','M',''),(185,75,'Ball','Richard','','','','USA','M',''),(64,23,'Gregory','Ron','F','','','USA','M',''),(53,25,'Flores','Anthony','J',' San Diego','CA','USA','M',''),(242,69,'Rath','Ray','','Hollywood','CA','USA','M','');

--
-- Table structure for table `rider_rfid`
--

CREATE TABLE `rider_rfid` (
  `person_id` int(4) NOT NULL DEFAULT '0',
  `rfid` int(8) NOT NULL DEFAULT '0',
  KEY `rider_rfid__person_id__idx` (`person_id`),
  KEY `rider_rfid__rfid__idx` (`rfid`)
) ENGINE=MyISAM DEFAULT CHARSET=latin1;

--
-- Dumping data for table `rider_rfid`
--

INSERT INTO `rider_rfid` VALUES (343,12076),(151,12857),(353,2241),(160,14007),(286,12072),(63,12961),(25,12964),(330,1902),(229,14135),(219,1668),(220,12617),(174,13572),(175,13036),(176,13844),(177,2153),(221,14171),(223,12438),(222,12651),(224,12859),(247,13328),(248,12031),(249,14201),(250,12967),(251,14188),(265,13435),(266,13450),(267,14169),(268,13317),(269,13350),(126,12941),(127,13222),(128,12612),(130,14143),(129,13025),(30,12386),(31,13127),(32,12153),(33,12194),(319,12746),(348,12813),(350,14157),(351,13822),(349,11977),(352,12109),(260,13409),(261,12778),(262,12387),(263,14019),(264,14148),(169,13523),(171,13578),(172,12867),(170,12851),(173,12268),(230,11999),(232,13636),(231,13249),(233,12324),(234,12046),(121,13694),(122,12399),(123,13215),(124,13044),(125,12131),(196,13922),(195,13506),(197,12626),(194,13163),(198,13546),(64,11984),(65,12966),(66,12372),(67,12725),(68,12784),(211,12751),(212,13395),(213,13407),(214,14223),(320,12446),(54,13387),(56,13426),(55,13786),(53,13892),(57,14003),(38,12185),(39,12593),(40,12973),(41,12558),(78,12998),(79,13897),(80,12156),(81,2232),(82,12219),(358,14168),(359,13089),(360,13654),(361,14130),(362,13968),(368,13755),(13,13912),(15,12169),(16,13937),(14,12137),(108,13245),(109,12955),(110,12490),(111,12457),(235,13734),(236,12289),(69,14050),(70,11951),(325,13049),(71,13487),(282,12761),(283,12294),(284,13274),(285,13458),(243,12290),(244,12899),(246,13117),(245,12647),(26,13213),(28,12501),(29,13798),(27,13081),(98,13550),(99,12918),(96,13485),(97,12369),(178,12654),(179,13043),(180,13465),(181,12134),(17,14137),(18,12901),(19,13704),(20,12915),(327,14052),(326,13567),(328,11976),(329,13013),(322,13443),(321,12988),(323,12426),(324,13393),(117,13737),(118,13320),(119,13408),(120,13814),(270,13455),(272,14140),(271,12265),(273,13566),(186,12649),(187,13660),(189,12648),(188,12015),(92,12512),(93,12582),(94,14163),(95,13846),(190,13318),(192,12997),(191,14004),(193,13314),(150,13186),(147,12107),(148,13084),(149,13173),(311,13358),(312,11965),(313,13417),(314,12176),(135,14219),(136,13580),(138,12152),(137,12425),(74,12802),(75,12045),(76,12866),(77,11969),(88,14017),(89,13028),(90,13650),(91,13266),(9,12121),(11,13263),(10,12055),(12,12807),(161,14235),(162,13022),(163,13718),(164,13415),(306,13006),(303,13992),(304,13813),(305,13308),(34,13428),(35,14126),(36,12700),(37,12777),(104,13673),(105,14198),(106,13118),(107,14033),(139,13018),(141,13411),(142,14247),(140,12570),(21,13228),(22,13221),(23,12633),(24,13172),(354,12786),(355,12596),(356,12054),(357,12886),(339,12542),(340,14205),(341,14048),(342,13057),(344,12743),(345,13576),(346,13082),(347,12673),(203,12159),(204,14141),(206,13034),(205,13003),(152,12794),(153,13371),(154,12395),(155,13066),(225,12847),(226,13758),(227,13885),(228,13555),(331,13333),(332,14248),(334,14245),(333,13661),(156,13594),(157,12937),(158,13478),(159,12029),(207,14060),(209,13947),(208,14232),(210,12662),(239,13116),(242,12145),(240,12019),(241,13170),(335,13481),(338,13026),(336,13856),(337,13836),(252,13659),(253,13834),(254,13785),(255,14136),(199,13107),(200,12992),(201,12809),(202,13756),(291,13513),(292,12559),(293,13480),(294,13762),(299,14218),(300,12632),(301,12378),(302,13838),(182,12821),(184,12767),(183,13577),(215,13111),(216,13621),(217,12125),(218,12518),(295,12257),(298,14127),(296,12400),(297,13876),(48,12488),(50,12261),(49,12980),(51,12960),(307,13529),(309,12328),(308,14189),(310,13969),(165,13536),(166,14225),(167,13141),(168,12201),(287,14192),(288,12896),(289,12409),(290,14038),(278,13156),(279,13484),(280,12706),(281,12380),(131,13031),(132,13522),(133,12249),(134,13027),(315,13779),(316,12908),(317,13651),(318,13212),(103,11995),(100,12182),(101,13396),(102,12756),(61,13882),(58,13613),(59,13579),(60,13466),(143,12296),(144,12202),(145,12188),(146,12837),(256,13246),(257,13747),(259,13160),(258,13063),(363,12127),(366,13253),(364,12877),(365,12334),(367,13238),(369,12339),(370,14149),(372,13517),(373,13874),(374,14065),(376,12550),(375,12462),(379,12489),(380,12615),(381,13322),(382,12417),(377,12738),(384,13863),(383,12516),(385,13614),(386,14023),(378,12450),(387,13818),(388,12124),(389,13180),(390,13357),(185,13303);

--
-- Table structure for table `standings`
--

CREATE TABLE `standings` (
  `team_id` int(4) NOT NULL DEFAULT '0',
  `class` char(2) NOT NULL DEFAULT '',
  `laps` int(4) NOT NULL DEFAULT '0',
  `last_lap_finish_ts` double(11,5) NOT NULL DEFAULT '0.00000',
  KEY `standings__llap_finish_ts__idx` (`last_lap_finish_ts`)
) ENGINE=MyISAM DEFAULT CHARSET=latin1;

--
-- Dumping data for table `standings`
--

INSERT INTO `standings` VALUES (8,'M1',6,999999.99999),(45,'MS',17,999999.99999),(59,'MS',12,999999.99999),(89,'C5',15,999999.99999),(92,'MS',18,999999.99999),(15,'C5',17,999999.99999),(85,'MM',17,999999.99999),(74,'MV',16,999999.99999),(23,'C5',18,999999.99999),(65,'MV',11,999999.99999),(6,'M1',13,999999.99999),(83,'MM',12,999999.99999),(21,'C5',16,999999.99999),(35,'MS',16,999999.99999),(30,'M1',8,999999.99999),(22,'C5',18,999999.99999),(70,'MV',17,999999.99999),(43,'MS',21,999999.99999),(3,'M1',12,999999.99999),(20,'C5',15,999999.99999),(81,'MV',21,999999.99999),(87,'MJ',20,999999.99999),(78,'MV',18,999999.99999),(17,'C5',15,999999.99999),(52,'MS',17,999999.99999),(90,'C2',18,999999.99999),(27,'C5',18,999999.99999),(73,'MV',19,999999.99999),(48,'MS',18,999999.99999),(11,'ME',20,999999.99999),(60,'MS',17,999999.99999),(72,'MV',17,999999.99999),(58,'MS',17,999999.99999),(67,'MV',14,999999.99999),(54,'MS',20,999999.99999),(19,'C5',14,999999.99999),(76,'MV',19,999999.99999),(51,'MS',17,999999.99999),(64,'MV',20,999999.99999),(82,'MV',15,999999.99999),(31,'ME',23,999999.99999),(32,'MS',17,999999.99999),(46,'MS',20,999999.99999),(4,'M1',19,999999.99999),(39,'MS',20,999999.99999),(66,'MV',14,999999.99999),(84,'MM',20,999999.99999),(18,'C5',16,999999.99999),(26,'MS',17,999999.99999),(94,'MJ',13,999999.99999),(36,'MS',11,999999.99999),(93,'W1',10,999999.99999),(34,'MS',20,999999.99999),(40,'MS',15,999999.99999),(5,'M1',11,999999.99999),(41,'ME',23,999999.99999),(49,'MS',13,999999.99999),(10,'C2',16,999999.99999),(79,'MV',17,999999.99999),(91,'C5',12,999999.99999),(12,'WE',18,999999.99999),(96,'MS',17,999999.99999),(38,'MS',12,999999.99999),(55,'MS',21,999999.99999),(2,'M1',15,999999.99999),(62,'WS',17,999999.99999),(56,'MS',21,999999.99999),(63,'SR',10,999999.99999),(61,'WS',17,999999.99999),(57,'MS',17,999999.99999),(69,'MV',12,999999.99999),(7,'M1',17,999999.99999),(86,'MM',21,999999.99999),(16,'C5',20,999999.99999),(95,'M1',9,999999.99999),(14,'C5',14,999999.99999),(9,'W1',12,999999.99999),(77,'MV',12,999999.99999),(44,'MS',20,999999.99999),(42,'MS',21,999999.99999),(33,'C2',10,999999.99999),(24,'C5',15,999999.99999),(1,'M1',16,999999.99999),(25,'C5',12,999999.99999),(53,'MS',20,999999.99999),(71,'MV',16,999999.99999),(68,'MV',20,999999.99999),(37,'MS',15,999999.99999),(29,'M1',7,999999.99999),(88,'MC',13,999999.99999),(13,'C5',19,999999.99999),(28,'MS',18,999999.99999),(80,'MV',20,999999.99999),(75,'C5',10,999999.99999),(47,'MS',15,999999.99999),(50,'ME',18,999999.99999);

--
-- Table structure for table `team`
--

CREATE TABLE `team` (
  `id` int(4) NOT NULL AUTO_INCREMENT,
  `bib_number` int(4) DEFAULT NULL,
  `class` char(2) NOT NULL DEFAULT '',
  `name` varchar(40) NOT NULL DEFAULT '',
  `captain_id` int(4) DEFAULT NULL,
  `sponsor` text,
  `notes` text,
  PRIMARY KEY (`id`),
  UNIQUE KEY `team_name_key` (`name`),
  UNIQUE KEY `team_bib_number_key` (`bib_number`),
  KEY `team__id__idx` (`id`)
) ENGINE=MyISAM AUTO_INCREMENT=97 DEFAULT CHARSET=latin1;

--
-- Dumping data for table `team`
--

INSERT INTO `team` VALUES (1,1,'M1','Chynoweth, Mathew',343,NULL,NULL),(2,2,'M1','Darragh, Andy S.',151,NULL,NULL),(3,3,'M1','Irons, Jamie l.',353,NULL,NULL),(4,4,'M1','Juarez, David Tinker',160,NULL,NULL),(5,5,'M1','Laichtman, David A.',286,NULL,NULL),(6,6,'M1','McFee, Matt G.',63,NULL,NULL),(7,7,'M1','Paino, Jon',25,NULL,NULL),(9,9,'W1','Brand, Marissa',229,NULL,NULL),(10,10,'C2','Riding for our Lunch Money',219,NULL,NULL),(11,11,'ME','It Hurts When I Sit !!!',174,NULL,NULL),(12,12,'WE','Hot Wheels',221,NULL,NULL),(13,13,'C5','5 Rolled Tacos',247,NULL,NULL),(14,14,'C5','Blood, Sweat & Gears',265,NULL,NULL),(15,15,'C5','Mudd Falcons',126,NULL,NULL),(16,16,'C5','NiteRider-CanAm Kablam!',30,NULL,NULL),(17,17,'C5','No Right to be Here',348,NULL,NULL),(18,18,'C5','O.M.A.H. (Oh My A_ _ Hurts)',260,NULL,NULL),(19,19,'C5','Rat Racers',169,NULL,NULL),(20,20,'C5','Rollin\' Toads',230,NULL,NULL),(21,21,'C5','SDBMA Renegades',121,NULL,NULL),(22,22,'C5','Slow Pokes',194,NULL,NULL),(23,23,'C5','Testosterone Bonding Club',64,NULL,NULL),(24,24,'C5','Uphill Endos',211,NULL,NULL),(25,25,'C5','www.y-events.com',53,NULL,NULL),(26,26,'MS','V-Ride',38,NULL,NULL),(27,27,'C5','Don Knotts Overdrive II',78,NULL,NULL),(28,28,'MS','The Four Horsemen',358,NULL,NULL),(29,29,'M1','Birtch, DeJay',362,NULL,NULL),(30,30,'M1','Breyer, Daniel E.',368,NULL,NULL),(31,31,'ME','BALLISTIC WONDER & 3 CHAINRINGS',13,NULL,NULL),(32,32,'MS','Big Nasty',108,NULL,NULL),(33,33,'C2','Bolsak racing',235,NULL,NULL),(34,34,'MS','CenterFocus Fitness',69,NULL,NULL),(35,35,'MS','Crash and Burn',282,NULL,NULL),(36,36,'MS','DA HUI TRAIL RIDERS',243,NULL,NULL),(37,37,'MS','Dead Last',26,NULL,NULL),(38,38,'MS','D.F.L.',96,NULL,NULL),(39,39,'MS','Dry Mouth Guys',178,NULL,NULL),(40,40,'MS','Dude where\'s my bike',17,NULL,NULL),(41,41,'ME','Fitness Zone',326,NULL,NULL),(42,42,'MS','Guidant',321,NULL,NULL),(43,43,'MS','Hosedraggers',117,NULL,NULL),(44,44,'MS','Irie Riders',270,NULL,NULL),(45,45,'MS','Just Glad to be Here.',186,NULL,NULL),(46,46,'MS','LUSARDI CONSTRUCTION COMPANY',92,NULL,NULL),(47,47,'MS','Nortrem-Baja-Mexico',190,NULL,NULL),(48,48,'MS','NSP Shrub Monkeys',147,NULL,NULL),(49,49,'MS','Pogue Mahone',311,NULL,NULL),(50,50,'ME','Princess\' Ride',135,NULL,NULL),(51,51,'MS','Schprockets',74,NULL,NULL),(52,52,'MS','SCHWEER REALITY / LIFE WITHIN',88,NULL,NULL),(53,53,'MS','S.C.U.M.B.A.G.s',9,NULL,NULL),(54,54,'MS','Sin City Singlespeeders',161,NULL,NULL),(55,55,'MS','Skid Mark',303,NULL,NULL),(56,56,'MS','Sneaky Weasel',34,NULL,NULL),(57,57,'MS','StinkingWeasels.com',104,NULL,NULL),(58,58,'MS','The Four Skins',139,NULL,NULL),(59,59,'MS','The Path Bike Shop',21,NULL,NULL),(60,60,'MS','TOTAL  MTB',354,NULL,NULL),(61,61,'WS','The Chatty Kathys',339,NULL,NULL),(62,62,'WS','Voler Dirt Divas',344,NULL,NULL),(63,63,'SR','Sola Velocita',203,NULL,NULL),(64,64,'MV','Aerodynamically Challenged',152,NULL,NULL),(66,66,'MV','California Grand Crus',331,NULL,NULL),(67,67,'MV','Harold\'s Team',156,NULL,NULL),(68,68,'MV','In Domino confido',207,NULL,NULL),(69,69,'MV','Interrobang',239,NULL,NULL),(70,70,'MV','Jesters Plus',335,NULL,NULL),(71,71,'MV','Kukai Racing',252,NULL,NULL),(72,72,'MV','L.A.County Fire Four For 24',199,NULL,NULL),(73,73,'MV','Numbnuts',291,NULL,NULL),(74,74,'MV','Old But Talented',299,NULL,NULL),(75,75,'C5','San Diego Snakes',182,NULL,NULL),(76,76,'MV','Scrumblers',215,NULL,NULL),(77,77,'MV','Sudden Dismount',295,NULL,NULL),(78,78,'MV','Team Sock',48,NULL,NULL),(79,79,'MV','Thursday Nightriders',307,NULL,NULL),(80,80,'MV','Two Pump Chumps',165,NULL,NULL),(81,81,'MV','Who Are Those Guys!',287,NULL,NULL),(82,82,'MV','Yard Sale  (R. F. T. C.)',278,NULL,NULL),(83,83,'MM','Arrogant Bushwackers',131,NULL,NULL),(84,84,'MM','Bontrager Masters',315,NULL,NULL),(85,85,'MM','Not Too Old To Get Up Get On Get Off',100,NULL,NULL),(86,86,'MM','Ted\'s Vintage Masters',58,NULL,NULL),(87,87,'MJ','Dork Boys New and Improved',143,NULL,NULL),(88,88,'MC','A Dirty Dozen - By weight not volume',256,NULL,NULL),(89,89,'C5','D\'OH!',363,NULL,NULL),(90,90,'C2','2 High on Redbull',369,NULL,NULL),(92,92,'MS','Willis Funk',379,NULL,NULL),(93,93,'W1','Pruis,Timari',377,NULL,NULL),(94,94,'MJ','SDBC - Team San Diego',383,NULL,NULL),(95,95,'M1','O\'Sullivan, Dan',378,NULL,NULL),(96,96,'MS','One Awesome God',387,NULL,NULL),(91,91,'C5','SARS (Shimano Amateur Race Squad)',372,'','');


