/*!40000 ALTER TABLE `raw_timestamp` ENABLE KEYS */;
UNLOCK TABLES;

--
-- Table structure for table `rider`
--

DROP TABLE IF EXISTS `rider`;
/*!40101 SET @saved_cs_client     = @@character_set_client */;
/*!40101 SET character_set_client = utf8 */;
CREATE TABLE `rider` (
  `person_id` int(4) NOT NULL DEFAULT '0',
  `team_id` int(4) DEFAULT NULL,
  `last_name` varchar(24) NOT NULL DEFAULT '',
  `first_name` varchar(24) NOT NULL DEFAULT '',
  `middle_name` varchar(24) DEFAULT NULL,
  `city` varchar(36) DEFAULT NULL,
  `state` char(2) DEFAULT NULL,
  `country` varchar(24) DEFAULT NULL,
  `gender` char(1) DEFAULT NULL,
  `notes` text,
  PRIMARY KEY (`person_id`),
  KEY `rider__team_id__idx` (`team_id`)
) ENGINE=MyISAM DEFAULT CHARSET=latin1;
/*!40101 SET character_set_client = @saved_cs_client */;

--
-- Dumping data for table `rider`
--

LOCK TABLES `rider` WRITE;
/*!40000 ALTER TABLE `rider` DISABLE KEYS */;
INSERT INTO `rider` VALUES (144,2,'Weir','mark weir','d','Novato','CA','USA','M',''),(146,2,'Vanlandingham','Shonny','','Durango','CO','USA','F',''),(145,2,'Fant','Glenn','','Santa Rosa','CA','USA','M',''),(147,2,'Streb','Marla','A','Los Osos','CA','USA','F',''),(1579,3,'Kisiel','Ken','C','Los Alamos','NM','USA','M',''),(1581,3,'Hoppe','Adam','B','Albuquerque','NM','USA','M',''),(1582,3,'Gibson','Shannon','L','El Paso','TX','USA','F',''),(775,4,'Gillespie','Kyle','M','Provo','UT','USA','M',''),(776,4,'Tanner','Todd','','Herriman','UT','USA','M',''),(777,4,'Sherwin','Kathy','G','Heber City','UT','USA','F',''),(778,4,'Freeman','Judy','L','Durango','CO','USA','F',''),(1234,5,'Henry','Jay','','Avon','CO','USA','M',''),(1236,5,'Emmett','Kelli','','Colorado Springs','CO','USA','F',''),(1235,5,'Mortenson','Jimi','','Eagle','CO','USA','M',''),(1237,5,'Pryde','Susy','','Auckland','','New Zealand','F',''),(1671,6,'Szabo','Heather','M','Lafayette','CO','USA','F',''),(1672,6,'Tupa','Shannon','','Nederland','CO','USA','F',''),(1673,6,'Franklin','Lyn','D','Denver','CO','USA','F',''),(1674,6,'Schnell','Ross','M','Lafayette','CO','USA','M',''),(361,7,'Baker','Jonathan','A','Holladay','UT','USA','M','Alternate phone for Cherie 801-680-6494'),(1390,8,'Barry','Shawn','M','Butte','MT','USA','M',''),(513,9,'Basinger','Peter','E','Anchorage','AK','USA','M',''),(417,10,'Billingsley','Brad','S','Denver','CO','USA','M',''),(374,11,'Bolen','Timothy','C','Phoenix','AZ','USA','M',''),(76,12,'Borges','Marty','D','Pagosa Springs','CO','USA','M',''),(774,13,'Brinton','Craig','','San Francisco','CA','USA','M',''),(1822,14,'Brown','Jon','','Gunnisson','CO','USA','M',''),(1540,15,'Bushaw','Keith','R','GOLDEN','CO','USA','M',''),(915,16,'Chambers','Cameron','D','Great Bend','KS','USA','M',''),(909,17,'D\'Andrea','Pete','M','Basalt','CO','USA','M',''),(445,18,'Dean','James','P','Fairplay','CO','USA','M',''),(238,20,'Dill','Ronald','G','Littleton','CO','USA','M',''),(964,21,'Dolpp','Alexander','','Auburn Hills','MI','USA','M',''),(130,22,'Duke','Benjamin','','Steamboat Springs','CO','USA','M',''),(941,23,'Eskins','Chad','E','Lakewood','CO','USA','M',''),(1114,24,'Fisher','Jared','C','Las Vegas','NV','USA','M',''),(1425,25,'Fox','James','L','Salt Lake City','UT','USA','M',''),(1454,26,'Gillest','Kevin','M','Arvada','CO','USA','M',''),(323,27,'Golembiewski','Marty','M','Vail','CO','USA','M',''),(1389,28,'Grant','Mike','R','Bozeman','MT','USA','M',''),(1282,29,'Hall','Gregory','J','Glenwood Springs','CO','USA','M',''),(992,30,'Harris','David','W','Durango','CO','USA','M',''),(1806,32,'Johnson','Anthony','W','Salt Lake City','UT','USA','M',''),(202,34,'Juarez','David','t','Downey','CA','USA','M',''),(981,35,'Kindig','Jonathan','V','Lexington','KY','USA','M',''),(65,36,'Lane','Geoffrey','A','PARK CITY','UT','USA','M',''),(1154,37,'Marmsater','Fred','P','Longmont','CO','USA','M',''),(1423,38,'Martin','Glenn','G','Ketchum','ID','USA','M',''),(1123,39,'McDonald','Jack','','Evergreen','CO','USA','M',''),(1794,40,'Morgan','Brett','W','Dillon','CO','USA','M',''),(1,41,'Myers','Doug','','Ross','CA','USA','M',''),(986,42,'Nelson','Peter','I','Ft Collins','CO','USA','M',''),(1592,43,'Ohran','Matt','','Salt Lake City','UT','USA','M',''),(801,44,'Oleson','Chad','R','Crested Butte','CO','USA','M',''),(1426,45,'Passant','Ethan','A','Crested Butte','CO','USA','M',''),(1542,46,'Peduto','Tony','M','Colorado Springs','CO','USA','M',''),(1391,47,'Phillips','Martin','K','Alexandria','VA','USA','M',''),(1572,48,'Pickett-Heaps','David','A','Frisco','CO','USA','M',''),(435,49,'Pritchard','Michael','D','Aspen','CO','USA','M',''),(1287,50,'Reichley','Thaddeus','B','Aspen','CO','USA','M',''),(987,51,'Ross','Nat','A','Vail','CO','USA','M',''),(1243,52,'Rozen','jeremy','','San Anselmo','CA','USA','M',''),(1424,54,'Tatos','Ted','P','Salt Lake City','UT','USA','M',''),(1573,55,'Testa','Paul','C','Brighton','UT','USA','M',''),(1303,57,'Vlaming','Greg','','Durango','CO','USA','M',''),(1432,58,'Wilkinson','Fred','','Moab','UT','USA','M',''),(1035,59,'Wilson','Dawes','','Vail','CO','USA','M',''),(950,61,'Zerowin','Eric','J','Denver','CO','USA','M',''),(1823,63,'Driver','Marc','','Hailey','ID','USA','M',''),(1824,64,'Palmer','Adam','L','Vail','CO','USA','M',''),(1843,65,'Bergman','Bryan','','Boulder','CO','USA','M',''),(1701,66,'Begy','Cristina','M','Denver','CO','USA','F',''),(1288,67,'Gould','Georgia','H','Ketchum','ID','USA','F',''),(1702,68,'Lulu','Kymberli','','Santa Rosa','CA','USA','F',''),(573,69,'Mattingly','Kelley','M','Basalt','CO','USA','F',''),(1748,71,'Stevenson','Tricia','L','carrboro','NC','USA','F',''),(1467,72,'White','Kerry','F','Vail','CO','USA','F',''),(1371,73,'Woodbury','Jenna','','Moab','UT','USA','F',''),(401,74,'Smtih','Aaron','v','Aspen','CO','USA','M',''),(402,74,'Garaffa','david','w','snowmass','CO','USA','M',''),(1757,75,'Bruesewitz','Sampson','','Littleton','CO','USA','M',''),(1758,75,'Tingley','Dave','W','Panama City','FL','USA','M',''),(1601,76,'Jones','Eric','A','Salt Lake City','UT','USA','M',''),(1602,76,'Gillespie','Bart','R','SLC','UT','USA','M',''),(1800,77,'Eastley','Tim','E','Breckenridge','CO','USA','M',''),(1801,77,'Mitchell','Thomas','W','Breckenridge','CO','USA','M',''),(979,78,'Hall','Michael','B','Hayden','CO','USA','M',''),(980,78,'Murrell','Scott','R','Steamboat','CO','USA','M',''),(632,80,'Schuette','Greg','','Johnson City','TN','USA','M',''),(633,80,'Schuette II','Greg','','Johnson City','TN','USA','M',''),(1293,81,'Blay','Becca','','Boulder','CO','USA','F',''),(1294,81,'Barnholt','Kerry','','Boulder','CO','USA','F',''),(898,82,'Nasky','Thomas','G','Boulder','CO','USA','M',''),(899,82,'Lemon','John','','Golden','CO','USA','M',''),(243,83,'Ballheim','Randy','L','FORT MORGAN','CO','USA','M',''),(244,83,'Pogorelz','Robert','','FT MORGAN','CO','USA','M',''),(30,84,'Beneke','Jurgen','','Kingston','NY','USA','M',''),(31,84,'Beneke','Stacey','','Kingston','NY','USA','F',''),(630,85,'Murr','Jerry','','Lakewood','CO','USA','M','Alternate # for Jerry 303-271-1393'),(631,85,'Lesage','David','G','Bailey','CO','USA','M',''),(415,86,'Peschka','Justin','B','Chandler','AZ','USA','M',''),(416,86,'Kuhlman','Erik','D','Tempe','AZ','USA','M',''),(1690,87,'Cleveland','Oliver','N','Monument','CO','USA','M',''),(1691,87,'Milano','Dan','J','Ft. Collins','CO','USA','M',''),(44,88,'Stack','Tim','','Salt Lake City','UT','USA','M',''),(45,88,'Dawson','Bob','','Salt Lake City','UT','USA','M',''),(595,89,'Harris','Daniel','P','Salt Lake City','UT','USA','M',''),(1131,89,'Sessions','Garrett','M','rocklin','CA','USA','M',''),(869,90,'Holton','Brandon','','Flagstaff','AZ','USA','M',''),(870,90,'Sundberg','Brian','C','Boulder','CO','USA','M',''),(528,91,'Cassan','Todd','R','New York City','NY','USA','M',''),(529,91,'Gilbreath','Mark','F','Ketchum','ID','USA','M',''),(1112,92,'Caskey','Susan','M','Boulder','CO','USA','F',''),(1113,92,'Brandt','Keri','J','boulder','CO','USA','F',''),(1206,93,'Dunn','Eric','E','denver','CO','USA','M',''),(1207,93,'Frank','Steve','','Boulder','CO','USA','M',''),(1820,94,'Weibel','Ryan','D','South Lake Tahoe','CA','USA','M',''),(1821,94,'Gonzalez','Gavin','M','Asheville','NC','USA','M',''),(1548,95,'Pfister','Emma','C','Salt Lake City','UT','USA','F',''),(1549,95,'Easton','Erin','K','Monument','CO','USA','F',''),(675,96,'Robertson','Bruce','W','Littleton','CO','USA','M',''),(676,96,'Head','Jacob','O','Longmont','CO','USA','M',''),(1791,97,'Smith','Ana','T','Salt Lake City','UT','USA','F',''),(1790,97,'Challenger','Wendell','','Kingston','ON','Canada','M','Work extension 77537'),(1641,98,'Wassmer','Chad','','Park City','UT','USA','M','Received 9/30'),(1640,98,'Serwin','Chris','','Heber','UT','USA','M','Received on 9/30 were late and they didn\'t send check for those?'),(1684,99,'Blaser','Rick','H','Salida','CO','USA','M',''),(1685,99,'Martin','Nick','P','Boulder','CO','USA','M',''),(1792,100,'Magelky','Kelly','M','Golden','CO','USA','M',''),(1793,100,'Madsen','Sean','','Denver','CO','USA','M',''),(1726,101,'Saito','yuki','','denver','CO','USA','M',''),(905,102,'Ferguson','Andrew','G','Durango','CO','USA','M',''),(906,102,'Seibert','John','C','Hesperus','CO','USA','M',''),(908,102,'Rasmussen','Robin','R','Durango','CO','USA','M',''),(907,102,'Colby','Anthony','L','Durango','CO','USA','M',''),(988,103,'Eilers','Derek','-','Boulder','CO','USA','M',''),(989,103,'Plappert','Tad','','Boulder','CO','USA','M',''),(991,103,'Geist','Ted','D','Littleton','CO','USA','M',''),(990,103,'Lockey','Rob','','Littleton','CO','USA','M',''),(1338,104,'Smith','Marty','','Lexington','KY','USA','M',''),(1339,104,'Ferguson','Lance','S','Lexington','KY','USA','M',''),(1340,104,'Crank','Bill','','Lexington','KY','USA','M',''),(1341,104,'Evans','Gerald','','Lexington','KY','USA','M',''),(1442,105,'Krombein','Brian','M','Highlands Ranch','CO','USA','M',''),(1443,105,'Shafter','David','H','Littleton','CO','USA','M',''),(1444,105,'Harris','Clay','M','Lakewood','CO','USA','M',''),(1445,105,'Defreitas','Ewam','','Denver','CO','USA','M',''),(1787,106,'Tittensor','Zeppelin','','Salt Lake City','UT','USA','M',''),(1786,106,'Sutton','Matt','T','Corvallis','OR','USA','M',''),(1788,106,'Hulick','Kevin','B','Corvallis','OR','USA','M',''),(1789,106,'Murphy','Owen','F','Boulder','CO','USA','M',''),(1550,107,'Currier','John','M','Glenwood Springs','CO','USA','M',''),(1551,107,'Wagenman','Ben','','New Castle','CO','USA','M',''),(1552,107,'Legg','Andrew','','Rifle','CO','USA','M',''),(1553,107,'Wetzel','Greg','','Glenwood Springs','CO','USA','M',''),(831,108,'Owen','Tom','R','Gallatin Gateway','MT','USA','M',''),(832,108,'Coolidge','Shane','','Big Sky','MT','USA','M',''),(833,108,'Wiedenhoft','Blake','A','Boreman','MT','USA','M',''),(834,108,'Hassman','Alex','A','Big Sky','MT','USA','M',''),(377,109,'Valdez','Frederico','','Frisco','CO','USA','M',''),(375,109,'Hanley','Chad','W','Breckenridge','CO','USA','M',''),(378,109,'Wickenhauser','Bryan','S','Gunnison','CO','USA','M',''),(376,109,'Taylor','Mark','','Breckenridge','CO','USA','M',''),(294,110,'Cashin','Ed','D','Amagansett','NY','USA','M',''),(295,110,'Cashin','Kyle','A','New York','NY','USA','M',''),(296,110,'Brauer','Dave','E','East Hampton','NY','USA','M',''),(297,110,'McCarthy','Dan','','New York','NY','USA','M',''),(1104,111,'LaPointe','Jason','','Snowmass','CO','USA','M',''),(1105,111,'Mischke','Joel','','Aspen','CO','USA','M',''),(1107,111,'Newsom','Wade','','Basalt','CO','USA','M',''),(1106,111,'Wheadon','Joe','','Aspen','CO','USA','M',''),(815,112,'Dumont','Loren','','Avon','CO','USA','M',''),(816,112,'Stamp','Brad','','Avon','CO','USA','M',''),(818,112,'Bandoni','Scott','','Avon','CO','USA','M',''),(817,112,'Dudar','Chris','','Avon','CO','USA','M',''),(709,113,'Potter','Dennis','','Springville','UT','USA','M',''),(710,113,'Czop','Joseph','F','Salt Lake City','UT','USA','M','Alternate phone # for Susan 801-550-9428'),(711,113,'Saffell','Bob','','Salt Lake City','UT','USA','M',''),(712,113,'Carter','Derek','R','Kennewick','WA','USA','M',''),(1642,114,'Albers','Christopher','S','Vail','CO','USA','M',''),(1643,114,'Lavigne','Eric','R','Vail','CO','USA','M',''),(1645,114,'Stevens','Clay','J','Avon','CO','USA','M',''),(1644,114,'Plummer','Adam','J','Vail','CO','USA','M',''),(287,115,'Bolton','Tim','','Tucson','AZ','USA','M',''),(288,115,'Casey','Chris','','Placitas','NM','USA','M',''),(285,115,'Moriarty','Marty','','Albuquerque','NM','USA','M',''),(286,115,'Phillips','Taylor','','Carbondale','CO','USA','M',''),(1005,116,'Irvine','Tom','','Boulder','CO','USA','M',''),(1007,116,'Creed','Michael','','Colorado Springs','CO','USA','M',''),(1354,117,'Eiland','David','L','Steamboat Springs','CO','USA','M',''),(1355,117,'Hancock','Vince','','Salt Lake City','UT','USA','M',''),(1356,117,'Garner','Clay','H','Steamboat Springs','CO','USA','M',''),(1357,117,'Kueber','John','M','Steamboat Springs','CO','USA','M',''),(1778,118,'Loperfido','Mike','','Boulder','CO','USA','M',''),(1781,118,'Sumner','Jason','','Boulder','','USA','M',''),(1779,118,'hoffman','Andrew','','Boulder','','USA','M',''),(1780,118,'Roach','Chad','','Boulder','','USA','M',''),(194,119,'Chance','Kyle','T','San Diego','CA','USA','M',''),(196,119,'McCrudden','Matt','T','Las Vegas','NV','USA','M',''),(197,119,'Cody','Ryan','','las vegas','NV','USA','M',''),(195,119,'Chance','Todd','A','fayettville','NC','USA','M',''),(454,120,'Gilbert','Damon','M','Colorado Springs','CO','USA','M',''),(456,120,'Baltes','Jeff','J','Colorado Springs','CO','USA','M',''),(457,120,'Bergeron','Jurgen','','Colorado Springs','CO','USA','M',''),(455,120,'Garcia','Rob','','Colrado Springs','CO','USA','M',''),(1627,121,'Atkinson','Ryan','M','Marshall','WI','USA','M',''),(1628,121,'Winebarger','Ralph','','Farmington','NM','USA','M',''),(1629,121,'Winebarger','Brent','','Farmington','NM','USA','M',''),(1630,121,'Pilger','Tyler','','Golden','CO','USA','M',''),(1318,122,'Bahel','Mike','','Wainscott','NY','USA','M',''),(1319,122,'Varley','Will','','Wainscott','NY','USA','M',''),(1320,122,'Ruggiero','Matthew','','East Hampton','NY','USA','M',''),(1321,122,'Witham','Sean','W','Newark','DE','USA','M',''),(1120,123,'Noyes','Richard','C','Lakewood','CO','USA','M',''),(1121,123,'Peters','Christopher','R','Park City','UT','USA','M',''),(1122,123,'Gasiewski','Julian','W','Park City','UT','USA','M',''),(1119,123,'Brooks','John','','Park City','UT','USA','M',''),(1419,124,'Klonizos','George','J','Bountiful','UT','USA','M',''),(1420,124,'Kamerath','Nathan','C','Salt Lake City','UT','USA','M',''),(1421,124,'VanLoon','Kevin','','Salt Lake City','UT','USA','M',''),(1422,124,'Fitzpatrick','Kelley','J','Salt Lake City','UT','USA','M',''),(1397,125,'Echelmeier','Chris','W','Boulder','CO','USA','M',''),(1398,125,'Lynch','Josh','','Rollinsville','CO','USA','M',''),(1399,125,'Warner','Dan','','Lafayette','CO','USA','M',''),(1400,125,'Pent','Gregory','J','Boulder','CO','USA','M',''),(324,126,'Sippy','Gaige','A','Durango','CO','USA','M',''),(325,126,'Sakadinsky','Eric','','Durango','CO','USA','M',''),(326,126,'Daubert','Scott','','Golden','CO','USA','M',''),(327,126,'Berry','Grant','','Durango','CO','USA','M',''),(379,127,'Iles','Stephen','','Boulder','CO','USA','M',''),(380,127,'Lipton','Stephen','T','boulder','CO','USA','M',''),(381,127,'Lathrop','kris','l','boulder','CO','USA','M',''),(382,127,'Batty','James','t','Boulder','CO','USA','M',''),(852,128,'Hermes','Amy','J','edwards','CO','USA','F',''),(854,128,'Wysong','India','','hailey','ID','USA','F',''),(853,128,'Lyall','Wendy','','camas','WA','USA','F',''),(855,128,'Morrow','Julie','','edwards','CO','USA','F',''),(792,129,'Famiglietti','Lisa','','Steamboat Springs','CO','USA','F',''),(793,129,'Cannon','Kristen','','Steamboat Springs','CO','USA','F',''),(794,129,'Galgon-Herr','Tina','M','Boulder','CO','USA','F',''),(795,129,'Boniface','Kelly','K','Steamboat Springs','CO','USA','F',''),(1278,130,'Elson','Bethany','','Park City','UT','USA','F',''),(1279,130,'Hanlon','Pam','','Park City','UT','USA','F','Received 9/30 (need to pay late fee)'),(1280,130,'Seely','Paula','','Park City','UT','USA','F','Received 9/30, needs to pay late fee.'),(1281,130,'Toly','Roxanne','','Park City','UT','USA','F',''),(861,131,'Carlson','Mary','H','Spokane','WA','USA','F',''),(864,131,'McGovern','Maura','','DENVER','CO','USA','F',''),(862,131,'Donovan','Bridget','','Cincinnati','OH','USA','F',''),(863,131,'Hansen','Cindi','','Tooele','UT','USA','F',''),(1266,132,'McKee','Amanda','K','Boulder','CO','USA','F',''),(1269,132,'Lyons','Kate','','Lafayette','CO','USA','F',''),(1267,132,'Kennedy','Sarah','','Boulder','CO','USA','F',''),(1268,132,'Hanson','Nicole','','Golden','CO','USA','F',''),(1142,133,'Kotter','Kaylene','','Park City','UT','USA','F',''),(1144,133,'Timpson','Misti','L','Salt Lake City','UT','USA','F',''),(1143,133,'Johnson','Christie','A','Park City','UT','USA','F',''),(1145,133,'Carlan','Jean','M','Park City','UT','USA','F',''),(823,134,'Stevenson','LaDawn','','Breckenridge','CO','USA','F',''),(825,134,'Hosmer','Trina','R','Boulder','CO','USA','F',''),(824,134,'Stewart','Summer','A','Boulder','CO','USA','F',''),(826,134,'Long','Melanie','S','Boulder','CO','USA','F',''),(1455,135,'Lee','Jeanine','','Longmont','CO','USA','F',''),(1456,135,'Thomae','Koel','A','Boulder','CO','USA','F',''),(1457,135,'Bywaters','Catherine','S','Boulder','CO','USA','F',''),(1458,135,'Krieger','Karla','J','Littleton','CO','USA','F',''),(333,136,'Hager','Ross','','Salt Lake City','UT','USA','M',''),(335,136,'Callis','Kristina','','Salt Lake City','UT','USA','F',''),(337,136,'Vandervalk','Billy','','Salt Lake City','UT','USA','M',''),(336,136,'Ask','Mike','','Sandy','UT','USA','M',''),(334,136,'McIntosh','Jim','K','Draper','UT','USA','M',''),(181,137,'Palomo','Steven','D','Arvada','CO','USA','M',''),(182,137,'Wiselogel','Art','','Lakewood','CO','USA','M',''),(184,137,'Castle','Megan','R','Denver','CO','USA','F',''),(183,137,'Jenkins','Jack','J','Lakewood','CO','USA','M',''),(185,137,'Price','Brad','','Salida','CO','USA','M',''),(842,138,'Pochapin','Robert','I','Moab','UT','USA','M',''),(839,138,'Hebberd','Matt','','Moab','UT','USA','M',''),(840,138,'Peterson','Kirstin','M','Moab','UT','USA','F',''),(843,138,'Lugers','Brian','K','Moab','UT','USA','M',''),(841,138,'Holme','Mike','F','Moab','UT','USA','M',''),(280,139,'Estock','Peter','J','Aspen','CO','USA','M',''),(281,139,'Wastvedt','Michael','G','Aspen','CO','USA','M',''),(284,139,'Hardman','Julie','A','Aspen','CO','USA','F',''),(282,139,'Allen','Padraig','E','Aspen','CO','USA','M',''),(283,139,'Small','Robert','L','Aspen','CO','USA','M',''),(1692,140,'Mullen','Brad','','Salt Lake City','UT','USA','M','Need to pay late fee'),(1694,140,'Larsen','Kevin','','SLC','UT','USA','M','owes late fee'),(1695,140,'Cracroft','Jonathan','','SLC','UT','USA','M','owes late fee'),(1696,140,'Larsen','Jeff','','SLC','UT','USA','M','owe late fee'),(1693,140,'Guthrie','Ellen','','SLC','UT','USA','F','owes late fee'),(1543,141,'Van Liere','Mark','','Edwards','CO','USA','M',''),(1544,141,'Sluder','Shane','','Edwards','CO','USA','M',''),(1545,141,'Sluder','Michelle','','Edwards','CO','USA','F',''),(1546,141,'Davis','Tim','','Littleton','CO','USA','M',''),(1547,141,'Faunce','Chris','','Vail','CO','USA','M',''),(796,142,'Balazs','Ricardo','C','Boulder','CO','USA','M',''),(799,142,'Allen','Bruce','','Boulder','CO','USA','M',''),(798,142,'Marcoccia','Gary','','Sandy','UT','USA','M',''),(800,142,'Nash','Dave','','Breckenridge','CO','USA','M',''),(797,142,'Downs','Kristen','','Boulder','CO','USA','F',''),(383,143,'Pearson','Jeff','','Evergreen','CO','USA','M',''),(386,143,'Kernohan','Nicole','','Evans','CO','USA','F',''),(384,143,'Colarusso','Lee','','Fort Collins','CO','USA','F',''),(387,143,'Keyworth','Terri','','Fort Collins','CO','USA','F',''),(385,143,'Reynolds','Edie','','Greeley','CO','USA','F',''),(900,144,'Oetzmann','Mark','','Washington','UT','USA','M',''),(901,144,'Hofman','Jason','','Boise','ID','USA','M',''),(904,144,'Paxton','Shane','','Springdale','UT','USA','M',''),(902,144,'Hancock','Aponi','','Virgin','UT','USA','F',''),(903,144,'Johnson','Ryan','J','Saint Geoge','UT','USA','M',''),(1313,145,'Johnson','Ethan','','Steamboat Springs','CO','USA','M',''),(1314,145,'Johnson','Larry','','Steamboat Springs','CO','USA','M',''),(1316,145,'Schlapkohl','Scott','C','Steamboat Springs','CO','USA','M',''),(1317,145,'Ptach','Cindy','','Steamboat Springs','CO','USA','F','Cindy\'s work ext. 26\015\012Alternate phone number for Tom - 970-879-6450'),(1315,145,'Daub','Walt','','Steamboat Springs','CO','USA','M',''),(806,146,'Davis','Scott','G','Mancos','CO','USA','M',''),(807,146,'Davis','Lillian','S','Mancos','CO','USA','F',''),(808,146,'Hall','Kevins','S','Durango','CO','USA','M',''),(809,146,'Nichols','James','H','Durango','CA','USA','M',''),(810,146,'Knight','James','','Durango','CO','USA','M',''),(966,147,'Mandell','Vicky','','Boulder','CO','USA','F',''),(965,147,'Martin','Jim','','boulder','CO','USA','M',''),(967,147,'Lien','John','K','Boulder','CO','USA','M',''),(969,147,'Shenk','Catherine','E','Boulder','CO','USA','F',''),(968,147,'Long','Eric','','Boulder','CO','USA','M',''),(590,148,'Mckennon','Gordon','','denver','CO','USA','M',''),(591,148,'Fritz','Peter','','Aurora','CO','USA','M',''),(592,148,'Anderson','James','e','Denver','CO','USA','M',''),(594,148,'Simpson','Ariel','','louisville','CO','USA','F',''),(593,148,'Cikara','Marko','','Golden','CO','USA','M',''),(1384,149,'Monroe','Barry','J','Edwards','CO','USA','M',''),(1385,149,'Molloy','Sean','','Avon','CO','USA','M',''),(1386,149,'Zeliadt','Ray','R','Aurora','CO','USA','M',''),(1387,149,'Anderson','Mark','L','Aurora','CO','USA','M',''),(1388,149,'Lujan','Debra','','Edwards','CO','USA','F',''),(608,150,'Farnham','Dan','','Montauk','NY','USA','M',''),(609,150,'Tikkanen','Keith','A','Montauk','NY','USA','M',''),(610,150,'Purcell','Caroline','','East Hampton','NY','USA','F',''),(611,150,'Pfund','Steven','K','East Hampton','NY','USA','M',''),(612,150,'Walsh','Andrew','','East Hampton','NY','USA','M',''),(884,151,'Gray','Bill','','Westminster','CO','USA','M',''),(886,151,'Kleinman','Todd','','Boulder','CO','USA','M',''),(885,151,'Garrett','Bill','','Boulder','CO','USA','M',''),(888,151,'Shik','Lisa','','Boulder','CO','USA','F',''),(887,151,'Bloch','Andy','','Erie','CO','USA','M',''),(59,152,'Rankin','Todd','D','Seattle','WA','USA','M',''),(60,152,'Rankin','Barb','M','Seattle','WA','USA','F',''),(63,152,'Spraker','Kirsten','','Cedar Crest','NM','USA','F',''),(62,152,'rider','unregistered','','','','USA','M',''),(61,152,'Spraker','Corban','','Cedar Crest','NM','USA','M',''),(1703,153,'Tanguay','Paul','A','Fort Collins','CO','USA','M',''),(1704,153,'Rockwell','Ali','','Boulder','CO','USA','F',''),(1705,153,'Duncan','lil\' G','','Boulder','CO','USA','M',''),(1706,153,'Schwartz','JoJo','','Superior','CO','USA','F',''),(1707,153,'Jones','Mark','D','Boulder','CO','USA','M',''),(875,154,'Yoder','Jeff','l','Alma','CO','USA','M',''),(878,154,'Alcalay','Sharon','','Breckenridge','CO','USA','F',''),(879,154,'Alcalay','Dave','','Breckenridge','CO','USA','M',''),(877,154,'Buhl','Anthony','','Breckenridge','CO','USA','M',''),(876,154,'Bailey','Tom','','Breckenridge','CO','USA','M',''),(152,155,'Boethling','Fred','C','Boulder','CO','USA','M',''),(155,155,'rider','unregistered','','','','USA','M',''),(153,155,'Boethling','Rick','C','Boulder','CO','USA','M',''),(154,155,'Shallbetter','Sean','P','Fort Collins','CO','USA','M',''),(547,156,'Reedy','Patrick','J','Boulder','CO','USA','M',''),(548,156,'Prehn','Thomas','A','Boulder','CO','USA','M',''),(549,156,'Bowen','Laura','L','Boulder','CO','USA','F',''),(550,156,'Alvarez','David','L','Boulder','CO','USA','M',''),(551,156,'Meyer','Wesley','','Mill Valley','CA','USA','M',''),(699,157,'Neville','William','T','Santa Fe','NM','United States','M',''),(701,157,'Roberts','Mike','','Santa Fe','NM','USA','M',''),(703,157,'Haab','JB','','Santa Fe','NM','USA','M',''),(702,157,'Fretz','Virginia','','Santa Fe','NM','USA','F',''),(700,157,'Fox','Johnny','','Santa Fe','NM','USA','M',''),(1095,158,'Tower','Janice','T','Anchorage','AK','USA','F',''),(1097,158,'Stull','Amber','','Anchorage','AK','USA','F',''),(1098,158,'Stull','Jamey','','Anchorage','AK','USA','M',''),(1099,158,'Musgrave','Sandra','','Austin','TX','USA','F',''),(1096,158,'Tower','Steve','','Anchorage','AK','USA','M',''),(1025,159,'McGovern','P.J.','','Grand Junction','CO','USA','M',''),(1026,159,'Lindsay','Scott','D','Grand Junction','CO','USA','M',''),(1027,159,'Euler','George','D','Grand Junction','CO','USA','M',''),(1028,159,'Ivie','Eric','A','Grand Junction','CO','USA','M',''),(1029,159,'Livingston','Kimberly','','Grand Junction','CO','USA','F',''),(224,160,'Wickes','Nicholas','','San Francisco','CA','USA','M',''),(227,160,'rider','unregistered','','','','USA','M',''),(226,160,'Misner','Jason','D','San Francisco','CA','USA','M',''),(228,160,'Farley','Lia','A','Oakland','CA','USA','F',''),(225,160,'Simms','Jason','R','San Francisco','CA','USA','M',''),(1603,161,'Turley','Tod','M','Agoura','CA','USA','M',''),(1605,161,'Sullivan','Peter','','Newbury Park','CA','USA','M',''),(1606,161,'Turley','Diana','','Provo','UT','USA','F',''),(1607,161,'Robinson','Gregory','S','Westlake Village','CA','USA','M',''),(1604,161,'Turley','Brian','M','Agoura','CA','USA','M',''),(39,162,'Tierney','Maurice','','Pittsburgh','PA','USA','M',''),(40,162,'Adams','Thanita','T','Pittsburgh','PA','USA','F',''),(42,162,'Smith','Sarah','W','Salt Lake City','UT','USA','F',''),(41,162,'Smith','Dan','S','Salt Lake City','UT','USA','M',''),(43,162,'Aletto','Mark','H','Salt Lake City','UT','USA','M',''),(1362,163,'Self','Chad','','Salt Lake City','UT','USA','M',''),(1363,163,'Christiansen','Haydon','C','Sandy','UT','USA','M',''),(1364,163,'Christiansen','Audrey','S','Salt Lake City','UT','USA','F',''),(1365,163,'Howell','Susan','M','Sandy','UT','USA','F',''),(1366,163,'Donnelly','Dave','W','Sandy','UT','USA','M',''),(121,164,'Cushman','Mike','B','Denver','CO','USA','M',''),(122,164,'MacPherson','Cori','','Denver','CO','USA','F',''),(123,164,'Polak','Kim','A','Denver','CO','USA','F',''),(124,164,'Thibault','Lance','W','Colorado Springs','CO','USA','M',''),(129,164,'Cattron','Chris','','Boulder','CO','USA','M',''),(1499,165,'Coury','Cliff','','Salt Lake City','UT','USA','M',''),(1500,165,'Davis','Jake','','Salt Lake City','UT','USA','M',''),(1501,165,'Molchan','Tony','','Portland','OR','USA','M',''),(1502,165,'Wilson','Gretchan','','Salt Lake City','UT','USA','F',''),(1498,165,'Shepherd','Dylan','V','Salt Lake City','UT','USA','M',''),(246,166,'Jarvis','Kevin','','Albuquerque','NM','USA','M',''),(249,166,'Lewis','Carrie','','Albuquerque','NM','USA','F',''),(247,166,'Marshall','Robert','M','Albuquerque','NM','USA','M',''),(248,166,'Gonzales','Steven','','Albuquerque','NM','USA','M',''),(245,166,'Criswell','Gabriel','','Albuquerque','NM','USA','M',''),(682,167,'Lawlor','Thomas','F','Tucson','AZ','USA','M',''),(683,167,'Amico','Dennis','M','Tacoma','WA','USA','M',''),(684,167,'Irving','Paulette','','Stateline','NV','USA','F',''),(685,167,'Keagle','John','','Seattle','WA','USA','M',''),(686,167,'Smith','Todd','E','Clovis','NM','USA','M',''),(70,168,'Matthews','Dan','','Madison','NJ','USA','M',''),(72,168,'Connelly','Sean','','Ridgewood','NJ','USA','M',''),(71,168,'Lombardi','Mark','R','Woodland Park','CO','USA','M',''),(74,168,'Haase','Robert','L','Fairfax','VA','USA','M',''),(73,168,'Lombardi','Dawn','M','Cornelius','NC','USA','F',''),(613,169,'Manardi','Kristi','S','Littleton','CO','USA','F',''),(615,169,'Knowles','Erik','A','Bellvue','CO','USA','M',''),(616,169,'Butler','Hal','E','Highlands Ranch','CO','USA','M',''),(617,169,'Deutsch','Curry','M','Golden','CO','USA','M',''),(614,169,'Minardi','Paul','A','Littleton','CO','USA','M',''),(1554,170,'Kramer','Rolf','','Littleton','CO','USA','M',''),(1557,170,'Yale','Jay','','Littleton','CO','USA','M',''),(1555,170,'Kramer','Kathy','A','Littleton','CO','USA','F',''),(1558,170,'Brackpool','Carl','','Ken Caryl Valley','CO','USA','M',''),(1556,170,'Goldberg','Don','','Holladay','UT','USA','M',''),(534,171,'Lindenmeyer','Todd','','Boulder','CO','USA','M',''),(536,171,'Young','Eric','','Denver','CO','USA','M',''),(535,171,'Lindenmeyer','Thomas','','Boulder','CO','USA','M',''),(538,171,'Mercier','Talitha','','Lakewood','CO','USA','F',''),(537,171,'Larson','Nels','','Boulder','CO','USA','M',''),(1171,172,'Baker','Adam','B','Edwards','CO','USA','M',''),(1172,172,'Moyer','Todd','A','vail','CO','USA','M',''),(1175,172,'Alfond','John','L','Vail','CO','USA','M',''),(1174,172,'Leidy','Jeff','S','Vail','CO','USA','M',''),(1173,172,'Pirozzi','Michele','','vail','CO','USA','F',''),(1618,173,'Madigan','Mike','','Longmont','CO','USA','M',''),(1620,173,'Garrison','Ali','','Denver','CO','USA','F',''),(1622,173,'Posdon','Doug','','Denver','CO','USA','M',''),(1619,173,'Hedgcock','Bohdy','','Denver','CO','USA','M',''),(1621,173,'Thomas','Jeff','','Denver','CO','USA','M',''),(787,174,'Bertele','Theodore','P','Longmont','CO','USA','M',''),(790,174,'Candelaria','Linus','C','DENVER','CO','USA','M',''),(791,174,'Albers','Jeff','','Boulder','CO','USA','M',''),(788,174,'Dibble','Burt','','Boulder','CO','USA','M',''),(789,174,'Bertele','Kim','','Longmont','CO','USA','F',''),(671,175,'Menante','Katie','V','Reno','NV','USA','F',''),(670,175,'Anderson','Matt','','Reno','NV','USA','M',''),(673,175,'Walker-tuff guy','Jason','G','Reno','NV','USA','M',''),(672,175,'Louvat','Katie','R','Reno','NV','USA','F',''),(674,175,'Humphries','John','M','Ophir','CO','USA','M',''),(139,176,'Stipe','David','','Fort Collins','CO','USA','M',''),(140,176,'Hodson','Scott','B','Fort Collins','CO','USA','M',''),(142,176,'Savage','Kelley','L','Fort Collins','CO','USA','F',''),(141,176,'Oakes','Greg (the man)','M','Fort Collins','CO','USA','M',''),(143,176,'Reffler','Cynthia(the women)','J','Fort Collins','CO','USA','F',''),(1476,177,'Boese','Elizabeth','S','Fort Collins','CO','USA','F',''),(1477,177,'Bielawski','Peter','L','Fort Collins','CO','USA','M',''),(1478,177,'Knodel','James','A','Fort Collins','CO','USA','M',''),(1479,177,'Morrey','Jeremy','M','Littleton','CO','USA','M',''),(1480,177,'Knodel','Vanessa','M','Fort Collins','CO','USA','F',''),(91,178,'Taylor','Matthew','D','Denver','CO','USA','M',''),(92,178,'Kennish','Tonya','','Littleton','CO','USA','F',''),(93,178,'Kennish','Will','','Littleton','CO','USA','M',''),(94,178,'Howie','Jonathan','','Denver','CO','USA','M',''),(95,178,'Fritsch','Jovan','R','Lakewood','CO','USA','M',''),(1392,179,'Hicks','Lisa','E','Vail','CO','USA','F',''),(1393,179,'Sisca','Shawnna','E','Avon','CO','USA','M',''),(1394,179,'Chapman','Tyler','A','Avon','CO','USA','M',''),(1395,179,'Place','Jeff','J','Edwards','CO','USA','M',''),(1396,179,'Stroh','Weatherly','M','Edwards','CO','USA','F',''),(1184,180,'Ohlsson','Lance','','Breckenridge','CO','USA','M',''),(1185,180,'Arumi','Alex','','Austin','TX','USA','M',''),(1186,180,'Ohlsson','Andrew','','Brookfield','WI','USA','M',''),(1187,180,'Burrell','Diane','R','Durango','CO','USA','F',''),(1188,180,'Burrell','Bill','E','Durango','CO','USA','M',''),(1437,181,'Malberg','Ingrid','M','Durango','CO','USA','F',''),(1438,181,'Junttonen','Randy','J','Durngo','CO','USA','M',''),(1439,181,'Keen','Devere','','Durango','CO','USA','F',''),(1440,181,'Sveda','Viktor','J','Durango','CO','USA','M',''),(1441,181,'Bohachevsky','Cyril','A','Durango','CO','USA','M',''),(955,182,'Haar','David','A','Centennial','CO','USA','M',''),(956,182,'Hansen','Kevin','B','ft collins','CO','USA','M',''),(957,182,'Truitt','Ben','R','Lafayette','CO','USA','M',''),(958,182,'Grant','Richard','H','LITTLETON','CO','USA','M',''),(959,182,'Simpich','Polly','S','Winter Park','CO','USA','F',''),(523,183,'Marshall','Dave','J','Fort Collins','CO','USA','M',''),(525,183,'Erickson','Ian','','Fort Collins','CO','USA','M',''),(524,183,'Robillard','Amy','L','Boulder','CO','USA','F',''),(526,183,'Batch','Ryan','','Boulder','CO','USA','M',''),(116,184,'Adam','Jim','R','Colorado Springs','CO','USA','M',''),(120,184,'Wells','Marlen','D','Colorado Springs','CO','USA','M',''),(117,184,'Maxwell','Rae','A','Colorado Springs','CO','USA','F',''),(118,184,'Workman','Trevor','P','Colorado Springs','CO','USA','M',''),(119,184,'Otto','Doug','W','Colorado Springs','CO','USA','M',''),(1044,185,'Warner','Judd','J','Denver','CO','USA','M',''),(1046,185,'Fitzpatrick','David','N','Denver','CO','USA','M',''),(1047,185,'Barrett','Paul','','Denver','CO','USA','M',''),(1048,185,'Finnerty','Jerry','','Denver','CO','USA','M',''),(21,186,'Mascotte','Mark','F','San Francisco','CA','USA','M',''),(24,186,'Abramowicz','Andrew','P','Los Angeles','CA','USA','M',''),(23,186,'Mascotte','Marcey','','Los Angeles','CA','USA','F',''),(25,186,'Engle','Darin','H','Atlanta','GA','USA','M',''),(22,186,'Vlah','Kathryn','','Seattle','WA','USA','F','Received 9/30 w/ late fee'),(1089,187,'Adamson','Mary','','Moab','UT','USA','F',''),(1086,187,'Barton','Erik','M','Moab','UT','USA','M',''),(1088,187,'Okuly','Don','O','LV','NV','USA','M',''),(1085,187,'Cantley','Dan','','LAS VEGAS','NV','USA','M',''),(1087,187,'Puryines','Ron','','LV','','USA','M',''),(1124,188,'Mcconnell','Grant','F','vail','CO','USA','M',''),(1125,188,'Barry','John','F','Avon','CO','USA','M',''),(1126,188,'Zrubek','Dave','','Vail','CO','USA','M',''),(1128,188,'Greer','Brandon','C','Vail','CO','USA','M',''),(1127,188,'Latosuo','Eva','M','Vail','CO','USA','F',''),(347,189,'Pyron','Brain','K','Lakewood','CO','USA','M',''),(350,189,'Lux','Frank','E','Littleton','CO','USA','M',''),(351,189,'Klein','Tom','B','Denver','CO','USA','M',''),(349,189,'Wiggins','Mark','A','Denver','CO','USA','M',''),(1712,190,'Graham','Chris','','Park City','UT','USA','M',''),(1713,190,'Schiavo','Mark','S','Broomfield','NJ','USA','M',''),(1714,190,'Lenahan','Shawn','','Park City','UT','USA','F',''),(1715,190,'Kircher','Eric','','Sandy','UT','USA','M',''),(1716,190,'Blews','Jayson','T','Salt Lake City','UT','USA','M',''),(717,191,'Longson','Greg','F','Park City','UT','USA','M',''),(718,191,'Wehrli','Brett','R','So. Weber','UT','USA','M',''),(719,191,'Downing','Galen','L','Woodland Hils','UT','USA','M',''),(720,191,'Hodnett','Timothy','G','Provo','UT','USA','M',''),(721,191,'Newton','Stacy','L','Heber City','UT','USA','F',''),(258,192,'McCormack','Michael','S','Breckenridge','CO','USA','M',''),(260,192,'Powers','Matt','R','Breckenridge','CO','USA','M',''),(262,192,'Auth','Jeff','','Dillon','CO','USA','M',''),(261,192,'Clark','Eben','','Breckenridge','CO','USA','M',''),(259,192,'Coulter','Jean','N','Breckenridge','CO','USA','F',''),(1635,193,'Bailey','Jim','O','Columbus','OH','USA','M',''),(1636,193,'Lawhorn','Mark','','Columbus','OH','USA','M','Received 9/30, check contains late fee'),(1637,193,'Nelson','Keri','','Gunnison','CO','USA','F','Received 9/30 check contains late fee.'),(1638,193,'Davis','Jeffrey','','Gunnison','CO','USA','M','Received 9/30, contains late fee.'),(1639,193,'Bailey','Matt','','Columbus','OH','USA','M','received on 9/30 w/a check for 270, which I\'m guessing includes payment for matt bailey and jim bailey, plus $20 for late waivers.'),(1090,194,'Gove','Dave','','LAS VEGAS','NV','USA','M',''),(1091,194,'Hadler','Jacques','C','Moab','UT','USA','M',''),(1092,194,'Frampton','Jeff','R','Las Vegas','NV','USA','M',''),(1093,194,'Landblom','Marc','J','Dickinson','ND','USA','M',''),(1094,194,'Maurer','Nicole','','Lebanon','PA','USA','F',''),(87,195,'Weiser','Kevin','L','Pasosa Springs','CO','USA','M',''),(88,195,'Martin','Jennifer','M','Paqosa Springs','CO','USA','F',''),(89,195,'McAward','Perry','','Highlands Ranch','CO','USA','M',''),(90,195,'Weiser','Ernest','M','LIttleton','CO','USA','M',''),(86,195,'Cole','Shawn','','Highlands Ranch','CO','USA','M',''),(213,196,'Hayes','Michael','C','Avon','CO','USA','M',''),(211,196,'Reinarz','Paul','','Edwards','CO','US','M',''),(215,196,'green','Curtis','H','Avon','CO','USA','M',''),(212,196,'Hoff','Hazel','W','Littleton','CO','USA','F',''),(214,196,'Gaume','Joshua','','Avon','CO','USA','M',''),(1197,197,'Fojtek','John','','Bountiful','UT','USA','M',''),(1199,197,'Calton','Alison','','Ogden','UT','USA','F',''),(1198,197,'Calton','Thomas','','Ogden','UT','USA','M',''),(1200,197,'Vaughn','Ethan','L','Ogden','UT','USA','M',''),(1201,197,'Booth','Paul','','Ogden','UT','USA','M',''),(1304,198,'Donavan','Billy','S','Salida','CO','USA','M',''),(1305,198,'Fox','tom','','edgewater','CO','USA','M',''),(1306,198,'Bevington','Hank','','Salida','CO','USA','M',''),(1308,198,'Miller','Sharon','K','Cody','WY','USA','F',''),(1307,198,'Vallevona','Bob','','Salida','CO','USA','M',''),(494,199,'McNutt','Tim','A','Golden','CO','USA','M',''),(495,199,'Sellden','Todd','C','Littleton','CO','USA','M',''),(496,199,'Selitrennikoff','Debby','S','Golden','CO','USA','F',''),(497,199,'Ponder','Herman','','St. George','UT','USA','M',''),(498,199,'Ponder','Mark','','Golden','CO','USA','M',''),(1587,200,'Delaplane','Ross','E','Englewood','CO','USA','M',''),(1588,200,'Moffett','Brian','','Castlerock','CO','USA','M',''),(1590,200,'Sawyer','Ryan','M','Denver','CO','USA','M',''),(1589,200,'Wieczorek','Jennifer','J','Denver','CO','USA','F',''),(1591,200,'Rost','Scott','N','Denver','CO','USA','M',''),(338,201,'Ellis','James','C','San Antonio','TX','USA','M',''),(339,201,'Reetz','Christiane','','san antonio','TX','USA','F',''),(341,201,'Rullo','Jonas','','Kailua-Kona','HI','USA','M',''),(342,201,'Garcia','Everett','','La Vernia','TX','USA','M',''),(340,201,'Anest','Kyle','','san antonio','TX','USA','M',''),(1654,202,'Sales','Lester','','San Antonio','TX','USA','M',''),(1651,202,'Dreiss','Jimmy','','Comfort','TX','USA','M',''),(1653,202,'Gribbon','Chandra','','Alexandria','VA','USA','F',''),(1650,202,'Seymour','Tim','','Alexandria','VA','USA','M',''),(1352,203,'Moulton','Bret','R','Provo','UT','USA','M',''),(1353,203,'Pond','Scott','','Spanish Fork','UT','USA','M',''),(1350,203,'Poole','Steve','','Provo','UT','USA','M',''),(1613,203,'Hanson','Delena','','Provo','UT','USA','F',''),(1351,203,'Zidichovski','Jeff','','Sandy','UT','USA','M',''),(1208,204,'Miglinas','Kara','E','Durango','CO','USA','F',''),(1209,204,'Dunn','Jesse','A','Durango','CO','USA','M',''),(1210,204,'Miglinas','Jeremy','J','Durango','CO','USA','M',''),(1211,204,'Gagner','Bryan','M','Belingham','WA','USA','M',''),(1212,204,'Wilson','Aaron','J','Billings','MT','USA','M',''),(1490,205,'Nowicki','Scott','A','Tempe','AZ','USA','M',''),(1491,205,'Atkins','Maria','E','Chandler','AZ','USA','F',''),(1492,205,'Atkins','Keith','J','Chandelr','AZ','USA','M',''),(1493,205,'Capages','Chris','M','Phoenix','AZ','USA','M',''),(1489,205,'Miller','Ryan','A','Tempe','AZ','USA','M',''),(12,206,'Kopp','Linda','M','North Logan','UT','USA','F',''),(15,206,'Anderson','Scott','A','Logan','UT','USA','M',''),(16,206,'Curtis','Don','R','North Logan','UT','USA','M',''),(13,206,'Johnson','Steve','A','Logan','UT','USA','M',''),(14,206,'Gibson','Jason','S','Logan','UT','USA','M',''),(1257,207,'Wiedemer','Cathy','S','Steamboat Springs','CO','USA','F',''),(1261,207,'Van Rensselaer','Kate','M','Steamboat Springs','CO','USA','F',''),(1258,207,'Dupre','Renee','','Steamboat Springs','CO','USA','F',''),(1259,207,'Wiedemer','Glenn','A','Steamboat Springs','CO','USA','M',''),(1260,207,'Pierce','Gillian','','Steamboat Springs','CO','USA','F',''),(951,208,'Tisue','Kevin','','Salt Lake City','UT','USA','M',''),(953,208,'Rosann','Gregg','','Salt Lake City','UT','USA','M',''),(954,208,'Biton','Jose','','Park City','UT','USA','M',''),(952,208,'Stevens','Paul','','Salt Lake City','UT','USA','M',''),(1612,208,'Johns','Tamara','','Salt Lake City','UT','USA','F',''),(1811,209,'Jones','Kenny','D','Provo','UT','USA','M',''),(1813,209,'Keyes','Brad','','draper','UT','USA','M',''),(1812,209,'Partridge','Maren','','Provo','','USA','F',''),(1814,209,'Smith','Jeremy','C','provo','UT','USA','M',''),(1815,209,'Farnsworth','Craig','','Provo','UT','USA','M',''),(518,210,'Derer','Frank','','Erfurt','','Germany','M',''),(519,210,'Eck','Angela','','Tambach','','USA','F',''),(520,210,'Froemchen','Dirk','','','','USA','M',''),(521,210,'Friedrich','Marlis','','Jena','','Germany','F',''),(271,211,'Fasel','Sandra','A','Chandler','AZ','USA','F',''),(272,211,'Fasel','Jacob','W','Chandler','AZ','USA','M',''),(273,211,'Rishaw','Brian','E','Tempe','AZ','USA','M',''),(275,211,'Todd','Eric','J','Yuma','AZ','USA','M',''),(274,211,'Fenton','Jeff','E','Phoenix','AZ','USA','M',''),(392,212,'Heil','Nick','','Santa Fe','NM','USA','M',''),(393,212,'Vandenoever','Casey','','Boulder','CO','USA','M',''),(394,212,'Darter','Michael','','topanga','CA','USA','M',''),(395,212,'Peruzzi','Marc','P','Boulder','CO','USA','M',''),(396,212,'Volpe','Heidi','S','Topanga','CA','USA','F',''),(889,213,'Kracht','Michael','','Park City','UT','USA','M',''),(893,213,'Passage','Michelle','','Park City','UT','USA','F',''),(892,213,'Passage','Chris','','Park City','UT','USA','M',''),(890,213,'VanNess','Keith','T','Park City','UT','USA','M',''),(891,213,'Briones','Edward','','Steamboat Springs','CO','USA','M',''),(910,214,'Sandlin','Janis','K','Vail','CO','USA','F',''),(914,214,'Penrod','Brad','','Silverthorne','CO','USA','M',''),(912,214,'Miller','Neale','','Blue River','CO','USA','F',''),(913,214,'Mason','Eddie','','Copper Mt.','CO','USA','M',''),(911,214,'Jahnigen','Beth','K','Copper Mt.','CO','USA','F',''),(619,215,'Windle','Andy','','Oakley','UT','USA','M',''),(620,215,'Nelson','Kevin','W','Sandy','UT','USA','M','Alternate phone # for Janet 801-750-6068'),(621,215,'Sherwood','Barbara','E','Salt Lake City','UT','USA','F',''),(622,215,'Litwin','Sheldon','','Salt Lake City','UT','USA','M',''),(623,215,'Moody','Eric','H','Oakley','UT','USA','M',''),(1681,216,'Willason','Stewart','','Park City','UT','USA','M',''),(1683,216,'Beeley','Monique','','Park City','UT','USA','F',''),(1679,216,'Boyd','Steve','','Park City','UT','USA','M',''),(1680,216,'Kirsch','Britte','','Park City','UT','USA','F',''),(1682,216,'Miller-Boyd','Janet','','Park City','UT','USA','F',''),(1225,217,'Shewmake','Jeff','T','Durango','CO','USA','M',''),(1226,217,'Cimino','Tony','','Denver','CO','USA','M',''),(1227,217,'Shewmake','Scott','D','Durango','CO','USA','M',''),(1229,217,'Casper','Tom','','Durango','CO','USA','M',''),(1228,217,'Shewmake','Betsy','L','Durango','CO','USA','F',''),(1559,218,'Sooter','Randy','C','Tucson','AZ','USA','M',''),(1560,218,'Nelson','Luke','E','Chandler','AZ','USA','M',''),(1562,218,'Moore','Tracy','R','Chandler','AZ','USA','F',''),(1561,218,'Hobbs','Jason','J','chandler','AZ','USA','M',''),(1563,218,'VanderLey','Bradley','J','Phoenix','AZ','USA','M',''),(1030,219,'Smith','Bryan','C','Snowmass Village','CO','USA','M',''),(1031,219,'Stout','Mitch','','Snowmass Village','CO','USA','M',''),(1032,219,'Rondeau','Samuel','D','Snowmass Village','CO','USA','M',''),(1034,219,'Marrron','Louise','A','Fort Morgan','CO','USA','F',''),(1033,219,'Shuman','Sean','E','Basalt','CO','USA','M',''),(856,220,'Estenson','Michael','G','Moab','UT','USA','M',''),(857,220,'Tellnow','Nicolas','','Moab','UT','USA','M',''),(858,220,'Mahoney','Michele','','Medford','MA','USA','F',''),(859,220,'Brunelle','Lucas','J','Boston','MA','USA','M',''),(860,220,'Booth','Patrick','','Lafayette','CO','USA','M',''),(1413,221,'Chalecki','Catherine','','Boulder','CO','USA','F',''),(1415,221,'VIger','Erica','','Boulder','CO','USA','F',''),(1414,221,'Woodson','Milo','','Boulder','CO','USA','M',''),(1416,221,'Mackey','Blake','','Boulder','CO','USA','M',''),(1417,221,'Dunn','Jeremy','','Boulder','CO','USA','M',''),(928,222,'Dressen','Steve','B','Steamboat Springs','CO','USA','M',''),(931,222,'Landers','Kelly','C','Steamboat Springs','CO','USA','F',''),(929,222,'Walker','Michael','R','Steamboat Springs','CO','USA','M','owes $10 late fee'),(930,222,'Johns','Chris','N','Steamboat Springs','CO','USA','M','owes $10 late fee'),(932,222,'Ross-Bryant','Mark-O','','Steamboat Springs','CO','USA','M','owes $10 late fee'),(1137,223,'Fraser','Phil','J','Ft. Collins','CO','USA','M',''),(1138,223,'Denyes','Joni','L','Fort Collins','CO','USA','F',''),(1139,223,'Rex','Andy','R','Ft. Collins','CO','USA','M',''),(1140,223,'Truyillo','John','H','Bellvue','CO','USA','M',''),(1141,223,'LaPrade','William','C','Leadville','CO','USA','M',''),(504,224,'Henderson','Michael','B','Avon','CO','USA','M',''),(505,224,'Miller','Heidi','S','Frisco','CO','USA','F',''),(506,224,'Cole','Daren','','Eagle','CO','USA','M',''),(507,224,'Walters','Jon','D','Dillon','CO','USA','M',''),(508,224,'Anstedt','Tammie','L','South Lake Tahoe','CA','USA','F',''),(1238,225,'Ohlson','Tim','M','Boulder','CO','USA','M',''),(1239,225,'Hestbeck','Adam','','Nederland','CO','USA','M',''),(1242,225,'Graham','Julia','','Nederland','CO','USA','F',''),(1240,225,'Hill','Lukas','','Boulder','CO','USA','M',''),(1241,225,'D\'Antonio','Casey','','Boulder','CO','USA','F',''),(440,226,'Basalay','Ben','J','Fort Collins','CO','USA','M',''),(441,226,'Basalay','Andrea','','Fort Collins','CO','USA','F',''),(443,226,'Sanders','Terry','J','Fort Collins','CO','USA','M',''),(444,226,'Mackey','Dan','','Ft. Collins','CO','USA','M',''),(442,226,'Arabasz','Matt','C','Fort Collins','CO','USA','M',''),(499,227,'Sharpe','Nathalie','','Boulder','CO','USA','F',''),(501,227,'Crandall','Amy','','Boulder','','USA','F',''),(503,227,'Roberts','Jennifer','','Boulder','CO','USA','F',''),(502,227,'Trace','Brigitte','M','Denver','CO','USA','F',''),(500,227,'Weeks','Linda','M','Littleton','CO','USA','F',''),(100,228,'Wares','John','P','Davis','CA','USA','M',''),(101,228,'Gilchrist','Michael','A','Albuquerque','NM','USA','M',''),(102,228,'Haskins','Bret','','Albuquerque','NM','USA','M',''),(1418,228,'rider','unregistered','','','','USA','M',''),(103,228,'Nuttall','Bonnie','o','Albuquerque','NM','USA','F',''),(356,229,'Schwantes','Michael','J','Carbondale','CO','USA','M',''),(357,229,'Degross','Nicholas','J','carbondale','CO','USA','M',''),(358,229,'Crabtree','Myrna','F','Carbondale','CO','USA','F',''),(359,229,'Kohout','Jason','J','Basalt','CO','USA','M',''),(360,229,'Denicke','Amy','E','Woody Creek','CO','USA','F',''),(314,230,'Kirby','Jack','','Las Cruces','NM','USA','M',''),(317,230,'Smith','Teri','','Sherwood','OR','USA','F',''),(316,230,'Omo','Steve','','Lake Oswego','OR','USA','M',''),(318,230,'Dotson','Rick','','Edgewood','NM','USA','M',''),(315,230,'Jordan','David','','Albuquerque','NM','USA','M',''),(1721,231,'Boffeli','Shannon','L','Salt Lake City','UT','USA','M',''),(1722,231,'Hanks','Jennifer','K','Salt Lake City','UT','USA','F',''),(1723,231,'Sindt','Chris','X','Cottonwood','AZ','USA','M',''),(1724,231,'Hester','Brian','Z','Salt Lake City','UT','USA','M',''),(1725,231,'Stoffel','Daniel','Q','Colordao Springs','CO','USA','M',''),(1427,232,'Forester','Paul','W','Idaho City','ID','USA','M','No captain e-mail address'),(1428,232,'Sheldon','Kevin','T','Breckenridge','CO','USA','M',''),(1429,232,'Falls','Pat','','Breckenridge','CO','USA','M',''),(1430,232,'Schiffman','Paul','','Boise','ID','USA','M',''),(974,233,'Kiburz','Barton','E','Superior','CO','USA','M',''),(975,233,'Miller','Kris','','Lakewood','CO','USA','F',''),(976,233,'vonGraffenberge','Derek','','Littleton','CO','USA','M',''),(977,233,'vonGraffenberge','Jill','','Littleton','CO','USA','F',''),(978,233,'Wehinger','Mike','','Larenceville','NJ','USA','M',''),(1523,234,'Eland','Michael','P','Fort Collins','CO','USA','M',''),(1524,234,'Binckes','Bob','A','Fort Collins','CO','USA','M',''),(1526,234,'Elovitz','Jody','','Parker','CO','USA','M',''),(1525,234,'LaRochelle','Brad','','Breckenridge','CO','USA','M',''),(1527,234,'Kraushaar','Sabina','','Durango','CO','USA','F',''),(77,235,'Kirsch','Mike','T','Las Cruces','NM','USA','M',''),(78,235,'Million','Dave','T','Mesilla','NM','USA','M',''),(79,235,'Stout','Barry','A','Mesilla','NM','USA','M',''),(80,235,'Simpson','Philip','B','Alamogondo','NM','USA','M',''),(131,236,'Potter','Nathan','K','Astoria','OR','USA','M',''),(132,236,'Nikkila','Sean','C','Lake Oswego','OR','USA','M',''),(133,236,'Bewley','Michael','S','Beaverton','OR','USA','M',''),(134,236,'Jones','Stephen','C','Camas','WA','USA','M',''),(1322,237,'Mangino','Michael','P','Littleton','CO','USA','M',''),(1323,237,'Diercks','Andrew','S','Coloma','WI','USA','M',''),(1324,237,'Koehler','Scott','M','Houston','TX','USA','M',''),(1325,237,'Schricker','Todd','G','Appleton','WI','USA','M',''),(1608,238,'Anderson','Mark','J','Chicago','IL','USA','M',''),(1609,238,'Radway','Ryan','K','Steamboat Springs','CO','USA','M',''),(1610,238,'Vigil','Jeromy','A','Ft. Collins','CO','USA','M',''),(1611,238,'Kriewall','Matt','J','Fort Collins','CO','USA','M',''),(1330,239,'Zurakowski','Jeff','L','Nederland','CO','USA','M',''),(1331,239,'Wallin','Mattias','','Boulder','CO','USA','M',''),(1332,239,'Wiegand','Josh','','Boulder','CO','USA','M',''),(1333,239,'Writz','Robert','H','Louisville','CO','USA','M',''),(190,240,'Tidd','Eric','','Westminster','CO','USA','M',''),(191,240,'Coomes','Jay','B','Denver','CO','USA','M',''),(193,240,'Shannon','Michael','P','Englewood','CO','USA','M',''),(192,240,'Sogan','Steve','R','Golden','CO','USA','M',''),(1299,241,'Gortan','Tiziano','','Aspen','CO','USA','M',''),(1300,241,'White','Christopher','','Carbondale','CO','USA','M',''),(1301,241,'Bolton','Lance','C','Aspen','CO','USA','M',''),(1302,241,'Wade','Theodore','','Aspen','CO','USA','M',''),(1446,242,'Vincent','Richard','B','Laramie','WY','USA','M','Alternate number for Kim 307-760-7018'),(1447,242,'Jenkins','Daniel','P','Colorado Springs','CO','USA','M',''),(1448,242,'deMos','Daniel','J','Tempe','AZ','USA','M',''),(1449,242,'Garcia','Joseph','D','Phoenix','AZ','USA','M',''),(250,243,'Slaughter','Brian','K','Durango','CO','USA','M',''),(252,243,'Zink','Terrry','T','Durango','CO','USA','M',''),(251,243,'Godson','Craig','T','Durango','CO','USA','M',''),(253,243,'Godson','JAy','T','monument','CO','USA','M',''),(569,244,'Morrissey','Mike','','Eagle','CO','USA','M',''),(571,244,'Clark','Ian','','Vail','CO','USA','M',''),(570,244,'Morrissey','Pat','','Durango','CO','USA','M',''),(572,244,'Hilgartner','Rife','','Vail','CO','USA','M',''),(1513,245,'Friedl','Philip','R','Hermosa Beach','CA','USA','M',''),(1511,245,'Bryner','David','W','Redondo Beach','CA','USA','M',''),(1514,245,'Arbogast','Thomas','J','Mansfield','MA','USA','M',''),(1512,245,'McAree','Dominique','E','Manhattan Beach','CA','USA','M','Alternate # for Mary Beth - 310-546-1956'),(1167,246,'Landin','Brett','','Boulder','CO','USA','M',''),(1168,246,'Tevendale','David','T','Superior','CO','USA','M',''),(1169,246,'Gardiner','David','R','Boulder','CO','USA','M',''),(1170,246,'Stark','Dan','','Alpine','AZ','USA','M',''),(161,247,'Neison','scott','','jackson','WY','USA','M',''),(164,247,'Chapman','Sean','F','Jackson','WY','USA','M',''),(162,247,'Wieloh','Rick','A','Jackson','WY','USA','M',''),(163,247,'Higgins','Shawn','V','Jackson','WY','USA','M',''),(1463,248,'Nurss','Richard','E','Casper','WY','USA','M',''),(1464,248,'Murphy','Jay','D','Fort Collins','CO','USA','M',''),(1466,248,'Mark','Chad','J','Fort Collins','CO','USA','M',''),(1465,248,'Rockwood','Bryce','W','Ft. Collins','CO','USA','M',''),(68,249,'Goss','Benjamin','M','Boulder','CO','USA','M',''),(67,249,'Leishear','Chris','K','Richmond','VA','USA','M',''),(69,249,'Chang','Matt','Y','Denver','CO','USA','M',''),(66,249,'Wall','Steve','B','Reston','VA','USA','M',''),(255,250,'English','Jay','M','Albuquerque','NM','USA','M',''),(254,250,'Lachman','simcha','','Albuquerque','NM','USA','M',''),(256,250,'Glaser','Sam','J','Albuquerque','NM','USA','M',''),(257,250,'St. Germain','Dan','','Albuquerque','NM','USA','M',''),(1667,251,'Radicevich','Bob','C','Denver','CO','USA','M',''),(1668,251,'Sidwell','Jason','','broomfield','CO','USA','M',''),(1669,251,'Bretz','J','','Littleton','CO','USA','M',''),(1670,251,'Stephen','Jeremy','','Steamboat Springs','CO','USA','M',''),(1460,252,'Albrecht','Greg','J','Glenwood Springs','CO','USA','M',''),(1461,252,'Lindenberg','David','J','New Castle','CO','USA','M','Alternate phone # for Tiffany - 970-618-6959'),(1462,252,'Marr','Scott','','Glenwood Springs','CO','USA','M',''),(1459,252,'Kruse','Tim','D','Glenwood Springs','CO','USA','M',''),(462,253,'Torres','Jeremy','','Denver','CO','USA','M',''),(463,253,'Dominguez','James','','Lakewood','CO','USA','M',''),(464,253,'Espinoza','Rafael','G','Denver','CO','USA','M',''),(465,253,'Iannacito','Anthony','D','Westminster','CO','USA','M',''),(556,254,'Stricker','Sloane','','Golden','CO','USA','M',''),(558,254,'Cuttitta','Chris(night rider)','','Arvada','CO','USA','M',''),(557,254,'Butters','Dirk','','Golden','CO','USA','M',''),(559,254,'DiPallo','Jerry','J','Boulder','CO','USA','M',''),(1334,255,'Morehouse','Mark','A','Loveland','CO','USA','M',''),(1335,255,'Illman','Drew','J','Boulder','CO','USA','M',''),(1336,255,'Hirst','David','G','Lakewood','CO','USA','M','Alternate # For Rhoni - 303-716-7883'),(1337,255,'Miller','Sean','','Ft. Collins','CO','USA','M',''),(695,256,'Olson','Clayton','','Las Vegas','NV','USA','M',''),(696,256,'Landberg','Jason','','las vegas','NV','USA','M',''),(698,256,'Henrikson','Rodney','','las vegas','NV','USA','M',''),(697,256,'Henrikson','Robert','','golden','CO','USA','M',''),(1193,257,'Horn','Eric','J','Aspen','CO','USA','M',''),(1195,257,'Budinger','Bill','','Aspen','CO','USA','M',''),(1196,257,'Roper','Daniel','N','Glenwood Springs','CO','USA','M',''),(1194,257,'LIndvall','Bertil','E','Aspen','CO','USA','M',''),(1708,258,'Steele','John','T','Moraga','CA','USA','M',''),(1709,258,'Steele','Eric','J','Stateline','NV','USA','M',''),(1710,258,'Finch','Nick','J','Yucca Valley','CA','USA','M',''),(1711,258,'Schroeder','Jerome','S','Denver','CO','USA','M',''),(431,259,'Werkmeister','Jim','A','Albuquerque','NM','USA','M',''),(432,259,'Gregory','Shawn','P','Dolores','CO','USA','M',''),(433,259,'Schultz III','Ralph','H','Albuquerque','NM','USA','M',''),(434,259,'Gorsuch','Terry','D','Cortez','CO','USA','M','Alternate number for Monica 970-565-4462'),(1013,260,'Cockrell','Brad','','Aspen','CO','USA','M',''),(1015,260,'Young','Christopher','R','Aspen','CO','USA','M',''),(1014,260,'Ensom','Mark','R','aspen','','USA','M',''),(1016,260,'Goulding','Richard','B','Carbondale','CO','USA','M',''),(819,261,'Pfaffmann','Ken','','Littleton','CO','USA','M',''),(821,261,'Dunn','Eric','W','Lakewood','CO','USA','M',''),(820,261,'Klusman','Rich','','Littleton','CO','USA','M',''),(822,261,'Scott','Jonthon','E','Lakewood','CO','USA','M',''),(310,262,'Mulroy','Bill','','Mesa','AZ','USA','M',''),(313,262,'Vasquez','Jared','','Gilbert','AZ','USA','M',''),(312,262,'Van Lake','Paul','','Scottsdale','AZ','USA','M',''),(311,262,'Summers','Eric','','Tempe','AZ','USA','M',''),(933,263,'Sleeper','Mark','','Erie','CO','USA','M',''),(934,263,'Tuttle','Ben','','Boulder','CO','USA','M',''),(935,263,'Sleeper','Charles','','Erie','CO','USA','M',''),(936,263,'Bailey','O\'Connor','','Boulder','CO','USA','M',''),(1289,264,'McMullin','Peter','','Draper','UT','USA','M',''),(1290,264,'Ogden','D. Aaron','','Midvale','UT','USA','M',''),(1291,264,'VonLunen','John','T','Sandy','UT','USA','M',''),(1292,264,'Tucker','John','B','Park City','UT','USA','M',''),(126,265,'Foster','Thomas','L','Littleton','MA','USA','M',''),(127,265,'Hurkett','Thomas','J','Tucson','AZ','USA','M',''),(125,265,'Honea','Gary','A','Tucson','AZ','USA','M',''),(128,265,'Weinberger','Joseph','A','Anchorage','AK','USA','M',''),(746,266,'Berrett','Scott','K','Salt Lake City','UT','USA','M',''),(747,266,'Jones','Josh','J','Provo','UT','USA','M',''),(748,266,'Haws','Andrew','D','Provo','UT','USA','M',''),(749,266,'Kaplan','Dave','S','Lakewood','CO','USA','M',''),(578,267,'Garsombke','Franz','D','Golden','CO','USA','M',''),(581,267,'Hathway','David','W','Golden','CO','USA','M',''),(580,267,'Elphingstone','Dave','','boulder','CO','USA','M',''),(579,267,'Adzema','David','','Golden','CO','USA','M',''),(865,268,'Macdonald','Alan','T','Alpine','UT','USA','M',''),(866,268,'James','Todd','','Gold Canyon','AZ','USA','M',''),(867,268,'Asay','Chance','','Mesa','AZ','USA','M',''),(868,268,'Bailey','Jay','','Mesa','AZ','USA','M','was already in computer, just didn\'t accept waiver...does he still owe late fee? postmarked 30 Sept.'),(267,269,'Martin','Scott','','Salt Lake City','UT','USA','M',''),(268,269,'Oestreich','Paul','C','Salt Lake City','UT','USA','M',''),(270,269,'James','Nathan','S','Thornton','CO','USA','M',''),(269,269,'Koltz','David','L','Salt Lake City','UT','USA','M',''),(516,270,'Wells','Tom','G','Littleton','CO','USA','M',''),(515,270,'Phillips','Robert','L','Denver','CO','USA','M',''),(514,270,'Imwold','Todd','J','Salt Lake City','UT','USA','M',''),(517,270,'Wismer','Doug \"Papa\"','','Salt Lake City','UT','USA','M',''),(942,271,'Hudson','Douglas','A','Denver','CO','USA','M',''),(943,271,'LaMielle','Rob','','Arvada','CO','USA','M',''),(944,271,'Vanderburgh','Steve','','Golden','CO','USA','M',''),(945,271,'Cobb','Sean','','Denver','CO','USA','M',''),(574,272,'Link','Mike','J','Frisco','CO','USA','M',''),(577,272,'Swanson','Andy','R','Golden','CO','USA','M',''),(575,272,'Case','Corey','W','Frisco','CO','USA','M',''),(576,272,'Link','Matt','E','Frisco','CO','USA','M',''),(1017,273,'Fletcher','Rocky','A','Albuquerque','NM','USA','M',''),(1020,273,'Myers','Shawn','','Albuquerque','NM','USA','M',''),(1018,273,'Derkacs','Daniel','','Albuquerque','NM','USA','M',''),(1019,273,'Byrd','Casey','','Albuquerque','NM','USA','M',''),(924,274,'Gray','Scott','A','Jonestown','PA','USA','M',''),(927,274,'Burtis','Monte','','Raleigh','NC','USA','M',''),(926,274,'Burtis','Steve','C','the Beav','CO','USA','M',''),(925,274,'Gray','Chris','D','Jonestown','PA','USA','M',''),(366,275,'Boyes','Gordon','M','Boulder','CO','USA','M',''),(367,275,'Van Rooyen','Grant','I','Denver','CO','USA','M',''),(369,275,'Reardon','David','S','Boulder','CO','USA','M',''),(368,275,'Kenny','Chris','J','Denver','CO','USA','M',''),(1021,276,'Brumbaugh','Steven','R','Brigham City','UT','USA','M',''),(1023,276,'Greenwood','Eric','S','Pleasant View','UT','USA','M',''),(1024,276,'Gage','Jack','R','Elwood','UT','USA','M',''),(1022,276,'Greenwood','Trevor','S','Pleasant View','UT','USA','M',''),(742,277,'Kriska','Jan','','Mount Airy','NC','USA','M',''),(743,277,'Babnic','Filip','','Ferndale','MI','USA','M',''),(744,277,'Tzakovic','Martin','','Ferndale','MI','USA','M',''),(745,277,'Vajda','Peter','','Ferndale','MI','USA','M',''),(1732,278,'Clark','Chris','','Boulder','CO','USA','M',''),(1734,278,'Kuhn','Matt','','Boulder','CO','USA','M',''),(1733,278,'Lawson','Ted','','Duxbury','MA','USA','M',''),(1735,278,'Boyd','Chris','','Breckenridge','CO','USA','M',''),(1405,279,'Garaffa','Billy','','Snowmass Village','CO','USA','M',''),(1406,279,'Blanke','David','W','Barrington','IL','USA','M',''),(1407,279,'Ragan','William','B','Aspen','CO','USA','M',''),(1408,279,'Carr','Shawn','F','Aspen','CO','USA','M',''),(466,280,'Belkin','John','D','Denver','CO','USA','M',''),(469,280,'Forke','Kent','J','Denver','CO','USA','M',''),(467,280,'Roesch','George','F','Denver','CO','USA','M',''),(1858,280,'Spodek','Andrew','I','Telluride','CO','USA','M',''),(468,280,'rider','unregistered','','','','USA','M',''),(290,281,'Norcross','William','P','Carrboro','NC','USA','M',''),(293,281,'Shaffer','John','','Mt Pleasant','SC','USA','M',''),(291,281,'Stephens','James','B','Carrboro','NC','USA','M',''),(292,281,'Plaster','Brian','','Carrboro','NC','USA','M',''),(1163,282,'Zenner','Glenn','P','New Berlin','WI','USA','M',''),(1165,282,'Van Hook','Michael','J','Salt Lake City','UT','USA','M',''),(1166,282,'Perkins','Bryce','D','Salt Lake City','UT','USA','M',''),(1164,282,'Seitz','Herb','','Chicago','IL','USA','M',''),(1202,283,'Lehmkuhle','Mark','J','Salt Lake City','UT','USA','M',''),(1203,283,'Cavalieri','Renzo','','Salt Lake City','UT','USA','M',''),(1205,283,'Strohmeier','Mark','','Salt Lake City','UT','USA','M',''),(1204,283,'Broussard','Steve','','Salt Lake City','UT','USA','M',''),(1450,284,'Johnson','Joshua','','Albuquerque','NM','USA','M',''),(1451,284,'Cote','Marley','','Albuquerque','NM','USA','M',''),(1452,284,'Johnson','Aaron','','Albuquerque','NM','USA','M',''),(1453,284,'Johnson','Zachary','','Albuquerque','NM','USA','M',''),(486,285,'Noerdlinger','Henry','C','englewood','CO','USA','M',''),(487,285,'Graham','Lance','P','Aurora','CO','United States','M',''),(488,285,'Lanzilotta','William','N','Athens','GA','USA','M',''),(489,285,'Reasor','Jim','','Denver','CO','USA','M',''),(328,286,'Jones','Randy','M','St. George','UT','USA','M',''),(329,286,'Fielding','Kevin','R','Santa Clara','UT','USA','M',''),(330,286,'Weston','Mark','B','Santa Clara','UT','USA','M',''),(331,286,'Bunting','Curt','M','Santa Clara','UT','USA','M','Cell number for Kelly - 435-632-1422'),(1109,287,'Finnie','Daniel','J','Moab','UT','USA','M',''),(1108,287,'Olson','Jeffrey','C','Moab','UT','USA','M',''),(1111,287,'Hutchens','Joshua','N','Berkeley','CA','USA','M',''),(1110,287,'Wilson','Kris','K','Moab','UT','USA','M',''),(1468,288,'Ishimatsu','Kit','','Salt Lake City','UT','USA','M',''),(1469,288,'Meyer','Thomas','J','Draper','UT','USA','M',''),(1470,288,'White','Laird','A','Kaysville','UT','USA','M',''),(1471,288,'Uribe','Alberto','F','Park City','UT','USA','M',''),(1583,289,'Fralick','Peter','J','Vail','CO','USA','M',''),(1584,289,'Gregory','Courtney','D','Avon','CO','USA','M',''),(1585,289,'Werner','Brooks','F','Avon','CO','USA','M',''),(1586,289,'McFarling','Ryan','J','Minturn','CO','USA','M',''),(112,290,'Baker','David','J','Palo Alto','CA','USA','M',''),(113,290,'Peppler','Christofer','R','Sacramento','CA','USA','M',''),(115,290,'Ercole','Damian','L','Brooklyn','NY','USA','M',''),(114,290,'Troup','Matt','J','Pittsburgh','PA','USA','M',''),(229,291,'Thompson','Jeffrey','W','Leadville','CO','USA','M',''),(230,291,'Roberts','Kyle','C','Avon','CO','USA','M',''),(231,291,'Jackson','Bill','','Colorado Springs','CO','USA','M',''),(232,291,'Bloomquist','Brian','','Cage','CO','USA','M',''),(1740,292,'Buehler','Sean','P','Susanville','CA','USA','M',''),(1741,292,'Hilker','Carl','F','S. San Francisco','CA','USA','M',''),(1742,292,'Jordan','Ben','','S. San Francisco','CA','USA','M',''),(1743,292,'Becker','Chris','','Incline Village','NV','USA','M',''),(1744,293,'Tillinghast','Jason','B','Woodbury','MN','USA','M',''),(1745,293,'Anderson','Rick','L','Castle Rock','CO','USA','M',''),(1746,293,'Acheson','Sam','R','Parker','CO','USA','M',''),(1747,293,'Koch','Chris','H','Farmington Hills','MI','USA','M',''),(1593,294,'Lao','Chester','','Salt Lake City','UT','USA','M',''),(1594,294,'Goodfellow','Carl','','Bountiful','UT','USA','M',''),(1596,294,'Wolke','Mikael','J','Salt Lake City','UT','USA','M',''),(1595,294,'Esplin','Mark','','Bountiful','UT','USA','M',''),(993,295,'Townsend','Seth','A','Erie','CO','USA','M',''),(995,295,'Denis','Paul','','Thousand Oaks','CA','USA','M',''),(996,295,'Mers','Douglas','','Ward','CO','USA','M',''),(994,295,'Bandel','Shawn','D','Boulder','CO','USA','M',''),(634,296,'Broyles','Matthew','','Marietta','GA','USA','M',''),(635,296,'Homansky','David','','Marietta','GA','USA','M','Entered 9/24/03'),(636,296,'Sage','Yale','','Dallas','TX','USA','M',''),(637,296,'Williams','Reed','','Dallas','TX','USA','M',''),(722,297,'Muir','Mike','T','Springville','UT','USA','M',''),(723,297,'Batley','Derrick','K','Orem','UT','USA','M',''),(724,297,'Jarvie','Jeffrey','T','Orem','UT','USA','M',''),(725,297,'Newby','Brad','','St. George','UT','USA','M',''),(1230,298,'Grover','Bob','S','Breckenridge','CO','USA','M',''),(1231,298,'Monson','Bart','E','Breckenridge','CO','USA','M',''),(1232,298,'Grover','John','M','Fairplay','CO','USA','M',''),(1233,298,'Venz','Matt','P','Breckenridge','CO','USA','M',''),(1532,299,'Oss','Brandon','A','kittredge','CO','USA','M',''),(1534,299,'Hruska','Mark','','carlsbad','CA','USA','M',''),(1533,299,'Dawson','Josh','','denver','CO','USA','M',''),(1535,299,'Wafer','Dave','','grand junction','CO','USA','M',''),(27,300,'Fischer','Alex','J','Milliken','CO','USA','M',''),(26,300,'Madden','Chris','C','Longmont','CO','USA','M',''),(28,300,'Gerber','Craig','T','Longmont','CO','USA','M',''),(29,300,'Griess','Jeremy','J','Littleton','CO','USA','M',''),(1749,301,'Pitkin','Bo','T','Park City','UT','USA','M',''),(1751,301,'Holley','Chris','A','Spanish Fork','UT','USA','M',''),(1750,301,'Kaslow','Daniel','H','Wilson','WY','USA','M',''),(1752,301,'Woodbury','Josh','T','Jackson','WY','USA','M',''),(407,302,'Donnelly','Matt','','Aspen','CO','USA','M',''),(410,302,'Donovan','Craig','','Aspen','CO','USA','M',''),(409,302,'Hinderberger','kirk','','Aspen','CO','USA','M',''),(408,302,'Mitchell','Kelley','','Aspen','CO','USA','M',''),(582,303,'Stenehjem','David','D','Salt Lake City/ Park City','UT','USA','M',''),(584,303,'feddema','Brian','J','park city','UT','USA','M',''),(585,303,'Stenehjem','Eddie','A','Rochester','MN','USA','M',''),(583,303,'Evans','Guy','','Salt Lake City','UT','USA','M',''),(1472,304,'McHale','Scott','','Telluride','CO','USA','M',''),(1474,304,'Ellis','Frank','','Englewood','CO','USA','M',''),(1473,304,'Hardeman','Mark','S','Telluride','CO','USA','M',''),(1475,304,'Klimek','Robert','D','Telluride','CO','USA','M',''),(895,305,'Hillis','Lance','R','Dillon','CO','USA','M',''),(897,305,'Pearson','Howard','B','Evergreen','CO','USA','M',''),(894,305,'Mannsfeld','Boris','A','Denver','CO','USA','M',''),(896,305,'Stashick','Paul','J','Keystone','CO','USA','M',''),(734,306,'Oepping','Jeremy','T','Wilton','IA','USA','M',''),(737,306,'Riley','William','R','Muscatine','IA','USA','M',''),(735,306,'Mann','Joe','','Muscatine','IA','USA','M',''),(736,306,'Timmsen','Joe','L','Muscatine','IA','USA','M',''),(880,307,'Hoffman','Thomas','L','Dillon','CO','USA','M',''),(882,307,'Monaco','Dan','','Breckenridge','CO','USA','M',''),(883,307,'Morris','Alex','J','Audmore','PA','USA','M',''),(881,307,'Humphreys','Trey','','Fairplay','CO','USA','M',''),(306,308,'Kendall','Richard','W','Salt Lake City','UT','USA','M',''),(307,308,'Kendall','John','H','Preston','CT','USA','M','Work extensiong 4230'),(308,308,'Kendall','Brian','','Lebanon','CT','USA','M',''),(309,308,'Sowinski','Aaron','','SLC','UT','USA','M',''),(1659,309,'Wilkinson','Matthew','','Tucson','AZ','USA','M',''),(1660,309,'Gordon','Jeff','','Tucson','AZ','USA','M',''),(1661,309,'Gardner','Andrew','','Salt Lake City','UT','USA','M',''),(1662,309,'Dittlinger','Shane','','Tucson','AZ','USA','M',''),(970,310,'Olson','Peter','','Santa Fe','NM','USA','M',''),(972,310,'Poitras','Chris','','Durango','CO','USA','M',''),(971,310,'Olson','Joel','','Santa Fe','NM','USA','M',''),(973,310,'Compton','Ted','A','Durango','CO','USA','M',''),(1326,311,'Weiland','Christopher','','Denver','CO','USA','M',''),(1327,311,'Wright','David','M','Boulder','CO','USA','M',''),(1328,311,'Clark','Charles','B','Boulder','CO','USA','M',''),(1329,311,'Bradtmueller','Johnny','T','Wheat Ridge','CO','USA','M',''),(539,312,'Kraus','Justin','J','Truckee','CA','USA','M',''),(540,312,'Baca','Scott','','Morrison','CO','USA','M',''),(542,312,'Swadburg','Craig','','Golden','CO','USA','M',''),(541,312,'Krumholz','Richard','','Golden','CO','USA','M',''),(319,313,'Lund','Jeramy','C','Park City','UT','USA','M',''),(320,313,'Kirk','Shane','','Salt Lake City','UT','USA','M',''),(321,313,'Cowdell','Bryan','R','Littleton','CO','USA','M',''),(322,313,'Reardon','David','M','Sandy','UT','USA','M',''),(1675,314,'Lagueux','Ben','','Menlo Park','CA','USA','M',''),(1676,314,'Fischer','Brent','R','Ogden','UT','USA','M',''),(1678,314,'Milstead','Maurice','D','Hill AFB','UT','USA','M',''),(1782,315,'Poole','Andy','W','Vail','CO','USA','M',''),(1784,315,'Duchesneau','David','','Vail','CO','USA','M',''),(1783,315,'Fish','Dereck','J','avon','CO','USA','M',''),(1785,315,'Wachter','Drew','','Vail','CO','USA','M',''),(1159,316,'Stocker','Mark','A','Park City','UT','USA','M',''),(1161,316,'Hebert','Paul','G','park city','UT','USA','M',''),(1160,316,'Sidlow','Mark','','Park City','UT','USA','M',''),(1162,316,'Traver','Robert','','park city','UT','USA','M',''),(397,317,'Hill','Jason','T','Tempe','AZ','USA','M',''),(400,317,'Ramirez','Edgar','S','Phoenix','AZ','USA','M',''),(398,317,'Clark','Kevin','A','Anthem','AZ','USA','M',''),(399,317,'Gray','Stewart','L','Phoenix','AZ','USA','M',''),(388,318,'Freestone','Cole','J','Las Vegas','NV','USA','M',''),(1677,314,'Kenney','Ryder','','','','','M',''),(390,318,'Day','John','A','Henderson','NV','USA','M',''),(391,318,'Tucker','Zac','A','Las Vegas','NV','USA','M',''),(389,318,'Smith','Jason','J','Las Vegas','NV','USA','M',''),(423,319,'Walton','Brent','F','Salt Lake City','UT','USA','M',''),(425,319,'Britt','Duncan','','Salt Lake City','UT','USA','M',''),(426,319,'Novakovich','Matthew','P','Anchorage','AK','USA','M',''),(424,319,'Squires','Calvin','','Salt Lake City','UT','USA','M',''),(1001,320,'Petersen','Brad','','Beaverton','OR','USA','M',''),(1003,320,'Fettkether','Timothy','R','Portland','OR','USA','M',''),(1004,320,'Stockham','Dave','','Salt Lake City','UT','USA','M',''),(1002,320,'Petersen','Greg','','Salt Lake City','UT','USA','M',''),(552,321,'Manley','Brad','','Denver','CO','USA','M',''),(553,321,'Colton','Glenn','','Littleton','CO','USA','M',''),(554,321,'Schlechten','Alan','A','Denver','CO','USA','M',''),(555,321,'Mulloy','Mike','','Denver','CO','USA','M',''),(1503,322,'Ramirez','Andy','R','Reno','NV','USA','M',''),(1504,322,'Spencer','Luke','P','Reno','NV','USA','M',''),(1505,322,'Kiefer','Mike','','Ft. Collins','CA','USA','M',''),(1506,322,'Harrsion','Bernie','A','Reno','NV','USA','M',''),(783,323,'Jahn','Brian','E','Boulder','CO','USA','M',''),(784,323,'Sullivan','Dan','','Boulder','CO','USA','M',''),(786,323,'Houston','Andy','C','Boulder','CO','USA','M',''),(785,323,'Frates','William','','Boulder','CO','USA','M',''),(478,324,'Butler','Jeff','','Park City','UT','USA','M',''),(480,324,'Lassiter','Kelly','','Sandy','UT','USA','M',''),(479,324,'Moote','Paul','','Park City','UT','USA','M',''),(481,324,'Davis','Doug','','Salt Lake City','UT','USA','M',''),(35,325,'Wright','Geoff','','colorado springs','CO','USA','M',''),(38,325,'rider','unregistered','','','','USA','M',''),(36,325,'Tune','Cameron','','Denver','CO','USA','M',''),(37,325,'Shepherd','Greg','','Denver','CO','USA','M',''),(642,326,'Rettmann','Jon','','Park City','UT','USA','M',''),(645,326,'Jacobson','Tim','','West Linn','OR','USA','M',''),(644,326,'Long','Jason','','San Francisco','CA','USA','M',''),(643,326,'Shilling','Kevin','','Salt Lake City','UT','USA','M',''),(730,327,'Crittenden','John','B','Boulder','CO','USA','M',''),(731,327,'Ando','Rick','A','Oakland','CA','USA','M',''),(732,327,'Brown','Ed','','Cupertino','CA','USA','M',''),(733,327,'Randall','Elton','M','Boulder','','USA','M',''),(654,328,'Geurts','William','','Sedona','AZ','USA','M',''),(656,328,'Crick','Chad','','Sedona','AZ','USA','M',''),(657,328,'Philo','Reuben','','Sedona','AZ','USA','M',''),(655,328,'Wickson','Ian','C','Sedona','AZ','USA','M',''),(216,329,'Turkaly','Eddie','M','Rollinsville','CO','USA','M',''),(217,329,'Oliver','Stu','G','Golden','CO','USA','M',''),(218,329,'Goldstein','Dave','','Laguna Beach','CA','USA','M',''),(219,329,'Eckstein','Keith','A','Costa Mesa','CA','USA','M',''),(600,330,'Olden','Jason','R','boulder','CO','USA','M',''),(602,330,'Lyon','Eric','','Niwot','CO','USA','M',''),(603,330,'Kahila','Mark','','Coal Creek','CO','USA','M',''),(601,330,'Godsil','Scott','','nederland','CO','USA','M',''),(362,331,'Whitcomb','Milo','W','Englewood','CO','USA','M',''),(363,331,'Lieske','Sean','C','Littleton','CO','USA','M',''),(364,331,'Angelo','Marc','F','Fort Collins','CO','USA','M',''),(365,331,'Sadeh','Tidhar','','Fort Collins','CO','USA','M',''),(1507,332,'Maybon','Jeff','A','Basalt','CO','USA','M',''),(1508,332,'Munn','John','','Durango','CO','USA','M',''),(1509,332,'Collins','Bill','','Durango','CO','USA','M',''),(1510,332,'Wienk','Eric','','Durango','CO','USA','M',''),(1485,333,'Tower','Donald','J','Park City','UT','USA','M',''),(1487,333,'Ploof','Mark','','park city','UT','USA','M',''),(1486,333,'Scherer','Jamie','','Park City','UT','USA','M',''),(1488,333,'Armstrong','Glenn','','Oakley','UT','USA','M',''),(1807,334,'Feder','Alan','D','Aspen','CO','USA','M',''),(1808,334,'Cuthbertson','Mike','A','Carbondale','CO','USA','M',''),(1809,334,'Williams','Steven','R','Aspen','CO','USA','M',''),(1810,334,'After','Brion','D','Aspen','CO','USA','M',''),(560,335,'Hedman','Chris','A','Boulder','CO','USA','M',''),(561,335,'Salisbury','Shaun','','Boulder','CO','USA','M',''),(562,335,'Coffey','Jerome','T','Longmont','CO','USA','M',''),(563,335,'Keffeler','Mike','','Longmont','CO','USA','M',''),(17,336,'Grover','Thomas','W','Kenmore','WA','USA','M',''),(18,336,'Sears','Scott','S','Kenmore','WA','USA','M',''),(20,336,'Fairbanks','Dave','J','San Jose','CA','USA','M','Alternate phone number for Christy 408-655-5518'),(19,336,'Merriman','Aaron','D','Lakewood','CO','USA','M',''),(411,337,'Gonzales','George','','Santa Fe','NM','USA','M',''),(412,337,'Dean','Greg','','Westminster','CO','USA','M',''),(414,337,'Gnojek','Tim','','Kremmling','CO','USA','M',''),(413,337,'Syron','Mike','','Santa Fe','NM','USA','M',''),(1623,338,'Winn','Tim','C','Parker','CO','USA','M',''),(1624,338,'Anderson','Eric','','louisville','CO','USA','M',''),(1625,338,'Abercrombie','Dee','','Grand Junction','CO','USA','M',''),(1626,338,'Hale','Mike','','breckenridge','CO','USA','M',''),(203,339,'Buchanan','Douglas','L','Arvada','CO','USA','M',''),(205,339,'Nevergall','Troy','','Arvada','CO','USA','M',''),(204,339,'Beazley','Aaron','J','Arvada','CO','USA','M',''),(206,339,'Buchanan','Duncan','J','San Clemente','CA','USA','M',''),(1528,340,'Braudis','Andrew','S','Basalt','CO','USA','M',''),(1529,340,'Malloy','Todd','F','Glenwood Springs','CO','USA','M',''),(1530,340,'Peterson','Travis','','Carbondale','CO','USA','M',''),(1531,340,'Brandis','Michael','P','Snowmass','CO','USA','M',''),(1358,341,'Potempa','Frank','L','Boulder','CO','USA','M',''),(1359,341,'Carlson','Kurt','','Platteville','CO','USA','M',''),(1360,341,'Headley','Brian','M','Denver','CO','USA','M',''),(1361,341,'Beardsley','Brian','L','Pine','CO','USA','M',''),(1348,342,'Stewart, Jr.','Daniel','C','Steamboat Springs','CO','USA','M',''),(1349,342,'Stroock','Ben','B','Steamboat Springs','CO','USA','M','Alternate phone for Adrienne 970-846-3590'),(1346,342,'Sachen','Zachary','S','Vancouver','WA','USA','M',''),(1347,342,'Baker','Eric','L','Steamboat Springs','CO','USA','M',''),(1759,343,'Grace','Bryan','','Boulder','CO','USA','M',''),(1762,343,'Ackerman','Todd','','Boulder','CO','USA','M',''),(1761,343,'Paquette','Corey','','Cleveland','OH','USA','M',''),(1760,343,'Utter','Bob','','Boulder','CO','USA','M',''),(1040,344,'Schneider','Bart','T','Lakewood','CO','USA','M',''),(1041,344,'Rosset','Ron','R','Littleton','CO','USA','M',''),(1042,344,'Anobile','Brian','S','Denver','CO','USA','M',''),(1043,344,'Shaw','Drew','M','Denver','CO','USA','M',''),(871,345,'de la Parra','David','J','Vail','CO','USA','M',''),(874,345,'Hollas','Matt','','Denver','CO','USA','M',''),(873,345,'Sheata','Wally','','Grand Junction','CO','USA','M',''),(872,345,'Bancker','Brandon','J','Avon','CO','USA','M',''),(1728,346,'Held','Andrew','','Frisco','CO','USA','M',''),(1730,346,'Rapp','Rich','','Copper Mountain','CO','USA','M',''),(1729,346,'Dickinson','James','','Copper Mountain','CO','USA','M',''),(1731,346,'Lindenblatt','James','','Frisco','CO','USA','M',''),(1065,347,'Twombly','Forrest','J','Telluride','CO','USA','M',''),(1066,347,'Olivier','Dwight','R','Telluride','CO','USA','M',''),(1067,347,'Arnold','Aaron','N','Telluride','CO','USA','M',''),(1068,347,'McGlamery','Chad','A','Telluride','CO','USA','M','Other emergency contact - Alex McGlamery 520-529-3386'),(458,348,'Bush','Jeff','C','Telluride','CO','USA','M',''),(459,348,'Cleaver','John','R','Lakewood','CO','USA','M',''),(460,348,'O\'malley','Mike','','grand junction','CO','USA','M',''),(461,348,'Rector','Todd','T','Telluride','CO','USA','M',''),(302,349,'Stutzman','Shane','','Cascade','CO','USA','M',''),(303,349,'Allison','Clay','D','Colorado Springs','CO','USA','M',''),(305,349,'Leatherman','Bryan','','Colorado Springs','CO','USA','M',''),(304,349,'Kross','Patrick','','Colorado Springs','CO','USA','M',''),(755,350,'Hoffman','Matt','J','Victor','ID','USA','M',''),(756,350,'Arentz','David','W','Jackson','WY','USA','M',''),(757,350,'Adams','Nick','A','Jackson','WY','USA','M',''),(754,350,'Daly','Chris','C','Jackson','WY','USA','M',''),(177,351,'Carlson','Joseph','E','Cedaredge','CO','USA','M',''),(178,351,'Albertson','Tim','A','San Francisco','CA','USA','M',''),(179,351,'Kelly','Brian','P','San Francisco','CA','USA','M',''),(180,351,'Dufault','Dave','A','Jackson','WY','USA','M',''),(1494,352,'O\'Neil','Arthur','F','Scottsdale','AZ','USA','M',''),(1495,352,'Dabdoub','David','R','Nogales','AZ','USA','M',''),(1496,352,'Nussbaumer','Eric','A','Redondo Beach','CA','USA','M',''),(221,353,'Williams','Malcolm','M','Boulder','CO','USA','M',''),(220,353,'Hutchens','J.P.','P','Denver','CO','USA','M',''),(223,353,'Villavicencio','Alan','','Boulder','CO','USA','M',''),(222,353,'Busch','Eric','W','Boulder','CO','USA','M',''),(419,354,'Mellady','Timothy','D','Albuquerque','NM','USA','M',''),(420,354,'Gerhart','Daniel','R','Prescott','AZ','USA','M',''),(421,354,'Mellady','Dan','J','Tucson','AZ','USA','M',''),(422,354,'Mellady','Patrick','S','Albuquerque','NM','USA','M',''),(1189,355,'Younkman','Robin','B','Denver','CO','USA','M',''),(1191,355,'Samsel','James','K','Denver','CO','USA','M',''),(1190,355,'Simmonds','Raymond','','Boulder','CO','USA','M',''),(1192,355,'Homie','Pedro','','lakewood','CO','USA','M',''),(1717,356,'Berg','Kevin','','Keystone','CO','USA','M',''),(1720,356,'Storm','Shawn','','Silverthorne','CO','USA','M',''),(1719,356,'Sutton','Matt','','Keystone','CO','USA','M',''),(1718,356,'Sward','Brian','E','Keystone','CO','USA','M',''),(1009,357,'Carullo','James','m','Eagle','CO','USA','M',''),(1010,357,'Kusterer','Justin','N','Boulder','CO','USA','M',''),(1011,357,'Merrill','Andrew','P','Silverthorne','CO','USA','M',''),(1012,357,'Swanson','Jim','R','eagle','CO','USA','M',''),(403,358,'Kerins','Michael','J','Boulder','CO','USA','M',''),(404,358,'Brown','Nate','r','Dasalt','CO','USA','M',''),(406,358,'Seligman','Zach','M','boulder','CO','USA','M',''),(405,358,'Paerels','Kristean','X','boulder','CO','USA','M',''),(1309,359,'Holden','Jay','','Fort Collins','CO','USA','M',''),(1310,359,'Potter','Randy','','Loveland','CO','USA','M',''),(1311,359,'McCarty','Bryan','R','Ft. Collins','CO','USA','M','Alternate # For Jeri 970-214-0719'),(1312,359,'Lawlor','Kevin','','Broomfield','CO','USA','M',''),(1409,360,'Brumley','John','S','Denver','CO','USA','M',''),(1410,360,'Horton','Mark','K','Denver','CO','USA','M',''),(1411,360,'Hodgell','Kevin','','Fort Collins','CO','USA','M',''),(1412,360,'Baker','Jeff','','Littleton','CO','USA','M',''),(1647,361,'Horton','Edward','E','Boulder','CO','USA','M',''),(1646,361,'Krueger','Chris','S','Louisville','CO','USA','M',''),(1649,361,'Boyan','Rich','','Louisville','CO','USA','M',''),(1648,361,'Flores','Alex','J','Louisville','CO','USA','M',''),(1376,362,'Hanssen','Dale','J','Salt Lake','UT','USA','M',''),(1378,362,'Macdonald','Andre','J','Salt Lake City','UT','USA','M',''),(1377,362,'Hanssen','Vernon','R','Salt Lake City','UT','USA','M',''),(1379,362,'Kimble','Mark','S','Salt Lake City','UT','USA','M',''),(1218,363,'Sundahl','Clark','B','Colorado Spings','CO','USA','M',''),(1219,363,'Lavender','Adam','P','Carbondale','CO','USA','M',''),(1217,363,'Evans','David','','Snowmass Village','CO','USA','M',''),(1220,363,'Andersen','Jaime','C','Vail','CO','USA','M',''),(1100,364,'Feely','Doug','S','Dillon','CO','USA','M',''),(1101,364,'Markel','Roger','W','Breckenridge','CO','USA','M',''),(1103,364,'Lover','Mike','J','Dillon','CO','USA','M',''),(1102,364,'Tesi','Nick','','Frisco','CO','USA','M',''),(543,365,'Peek','Bob','','Park City','UT','USA','M',''),(544,365,'O\'Neal','Shannon','P','Park City','UT','USA','M',''),(546,365,'Meyer','James','','Park City','UT','USA','M',''),(545,365,'Burbank','Erik','','Park City','UT','USA','M',''),(450,366,'O\'Donnell','Kevin','M','Littleton','CO','USA','M',''),(451,366,'Sperber','Dustin','','Golden','CO','USA','M',''),(453,366,'Paro','John','C','Morrison','CO','USA','M',''),(452,366,'Ziemba','Jake','','Bailey','CO','USA','M',''),(916,367,'Beshore','Karl','','Superior','CO','USA','M',''),(919,367,'Pyatt','Chad','J','Longmont','CO','USA','M',''),(917,367,'Curry','Jeremy','P','Longmont','CO','USA','M',''),(918,367,'Lindberg','Troy','','Longmont','CO','USA','M',''),(1380,368,'Khalsa','Sahaj','S','Espanola','NM','USA','M',''),(1381,368,'Khalsa','Dham','S','Santa Cruz','NM','USA','M',''),(1383,368,'Khalsa','DP','S','Santa Cruz','NM','USA','M',''),(1382,368,'Khalsa','Siri','S','Espanola','NM','USA','M',''),(1614,369,'Clevenger','Matthew','D','Salt Lake City','UT','USA','M',''),(1615,369,'Council','Christopher','B','Holladay','UT','USA','M',''),(1616,369,'Steenblik','Daniel','K','Salt Lake City','UT','USA','M',''),(1617,369,'Apodoca','Andrew','H','San Carlos','CA','USA','M',''),(1574,370,'Chambers','Kevin','N','Littleton','CO','USA','M',''),(1576,370,'Bass','Boyd','','Steamboat Springs','CO','USA','M',''),(1577,370,'Brady','Todd','','Louisville','CO','USA','M',''),(1575,370,'Kelly','John','','Evanston','WY','USA','M',''),(165,371,'Champlin','Jerry','G','Boulder','CO','USA','M',''),(168,371,'Sell','John','L','Boulder','CO','USA','M',''),(166,371,'Kaplan','Rob','','Boulder','CO','USA','M',''),(167,371,'Schmidtmann','Peter','O','Nederland','CO','USA','M',''),(173,372,'Tillema','John','E','Fort Collins','CO','USA','M',''),(174,372,'Norman','Chris','J','Ft. Collins','CO','USA','M',''),(176,372,'Christofanelli','Paul','C','Ft. Collins','CO','USA','M',''),(175,372,'Brandt','Oliver','','Fort Collins','CO','USA','M',''),(343,373,'Romania','John','F','Denver','CO','USA','M',''),(346,373,'Kelley','Josh','G','Denver','CO','USA','M',''),(345,373,'Dillman','Dan','','Denver','','USA','M',''),(344,373,'Burns','Eric','R','Lakewood','CO','USA','M',''),(596,374,'Bruessel','Brent','C','Kasson','MN','USA','M',''),(597,374,'Bakken','Rad','C','Kasson','MN','USA','M',''),(598,374,'Winkels','Dan','J','Rochester','MN','USA','M',''),(599,374,'Fisher','James','F','Pinole','CA','USA','M',''),(1802,375,'Moody','Collin','M','Cheyenne','WY','USA','M',''),(1803,375,'Haberkorn','Jonathan','D','Cheyenne','WY','USA','M',''),(1804,375,'Kinley','Andy','','Fort Collins','CO','USA','M',''),(1805,375,'Kassenbrock','Brad','','Fort Collins','CO','USA','M',''),(1686,376,'Magleby','Hans','j','Provo','UT','USA','M',''),(1688,376,'Finlayson','Mark','','Provo','UT','USA','M',''),(1687,376,'Foutz','Jay','e','Farmington','NM','USA','M',''),(1689,376,'Chamberlain','John','','Provo','UT','USA','M',''),(920,377,'Saueracker','Paul','W','Evergreen','CO','USA','M',''),(921,377,'Ellen','Steve','','Englewood','CO','USA','M',''),(923,377,'Webb','Aaron','','Boulder','CO','USA','M',''),(922,377,'Carlson','Josh','','Spokan','WA','USA','M',''),(1433,378,'Trainor','Rebecca','H','Silverthorne','CO','USA','F',''),(1434,378,'Kopp','Susha','L','Dillon','CO','USA','F',''),(1435,378,'Drimmer','Jennifer','','Dillon','CO','USA','F',''),(1436,378,'Costa','Chris','N','Fairplay','CO','USA','F',''),(1049,379,'Hammon','Brandi','','Eden','UT','USA','F',''),(1050,379,'Preston','Mary Jean','','Eden','UT','USA','F',''),(1051,379,'Mortensen','Debbie','A','Eden','UT','USA','F',''),(1052,379,'Pezzulo','Tiffany','A','Salt Lake City','UT','USA','F',''),(1115,380,'Houghton','Angela','D','Moab','UT','USA','F',''),(1117,380,'Reynolds','Wendy','','Moab','UT','USA','F',''),(1116,380,'Weis','Sue','','Moab','UT','USA','F',''),(1118,380,'Courtney','Jess','S','Boulder','CO','USA','F',''),(1057,381,'Alexander','Valerie','E','Aspen','CO','USA','F',''),(1058,381,'Yaw','Lindsay','G','Boulder','CO','USA','F',''),(1059,381,'Bassing','Sheila','J','Basalt','CO','USA','F',''),(1060,381,'Monahan','Katie','','Aspen','CO','USA','F',''),(353,382,'Reed','Valerie','A','Denver','CO','USA','F','Michael\'s cell number 720-480-5915'),(354,382,'Fischer','Kas','A','Golden','CO','USA','F',''),(355,382,'Montgomery','Susan','C','Reno','NV','USA','F',''),(352,382,'Caruthers','Johnna','A','Denver','CO','USA','F',''),(1767,383,'Underwood','Bonnie','W','Aspen','CO','USA','F',''),(1768,383,'Smyth','Jennifer','C','Aspen','CO','USA','F',''),(1769,383,'Bonetti','Mary Sue','','Aspen','CO','USA','F',''),(1770,383,'Schueth','Gail','E','Aspen','CO','USA','F',''),(1568,384,'Seaman','Mindi','D','Boulder','CO','USA','F',''),(1569,384,'Denali','Laura','L','Nutrioso','AZ','USA','F',''),(1571,384,'Lease','Hilary','M','Albuquerque','NM','USA','F',''),(1570,384,'Martus','Katey','H','Boulder','CO','USA','F',''),(1244,385,'Brown','Shawna','','Telluride','CO','USA','F',''),(1245,385,'James','Ana','','Telluride','','USA','F',''),(1247,385,'Colt','Summer','','Telluride','CO','USA','F',''),(1246,385,'Bollinger','Jona','','Telluride','CO','USA','F',''),(530,386,'Herald','Jo','A','Lanesville','IN','USA','F',''),(531,386,'Brandt','Jennifer','','Sacramento','CA','USA','F',''),(532,386,'Shoemaker','Jennifer','','Midvale','UT','USA','F',''),(533,386,'Stefano','Leesa','','Florence','KY','USA','F',''),(1372,387,'Ferrer','Cynthia','','Boulder','CO','USA','F',''),(1373,387,'Phillips','Darcy','M','Westminster','CO','USA','F',''),(1374,387,'Hazen','Jennifer','M','Boulder','CO','USA','F',''),(1375,387,'Clellan','Laura','L','Denver','CO','USA','F',''),(827,388,'Sieja','Janine','M','Santa Fe','NM','USA','F',''),(828,388,'Arnold','Katie','','Santa Fe','NM','USA','F','Work Extension 119'),(829,388,'Pearson','Stephanie','A','Santa Fe','NM','USA','F',''),(830,388,'Ferlic','Kate','M','Albuquerque','NM','USA','F',''),(1155,389,'Eddy','Trisha','N','Park City','UT','USA','F',''),(1158,389,'Shinsky','Brook','','Park City','UT','USA','F',''),(1157,389,'Thompson','Kary','','Park City','UT','USA','F',''),(1156,389,'?','Jill','','Park City','UT','USA','F',''),(687,390,'Franklin','Julie','','Steamboat Springs','CO','USA','F',''),(690,390,'McIntire','Erin','J','Steamboat Springs','CO','USA','F',''),(689,390,'Bristle','Liz','','Steamboat Springs','CO','USA','F',''),(688,390,'Malia','Cristen','R','Steamboat Springs','CO','USA','F',''),(1262,391,'Ursick','Karen','A','Salt Lake City','UT','USA','F',''),(1263,391,'Saffell','Lyna','W','Salt Lake City','UT','USA','F',''),(1265,391,'Wismer','Kathy','','Salt Lake City','UT','USA','F',''),(1264,391,'Sowinski','Robbin','','Salt Lake City','UT','USA','F',''),(1342,392,'Kinslow','Chrissy','N','Moab','UT','USA','F',''),(1343,392,'Evers','Jenifer','G','Moab','UT','USA','F',''),(1344,392,'Donohue','Stacey','M','Moab','UT','USA','F',''),(1345,392,'Moon','Christina','R','Moab','UT','USA','F',''),(1795,393,'Albright','Jennifer','R','Albuquerque','NM','USA','F',''),(1797,393,'Marquis','Janus','A','Corrales','NM','USA','F',''),(1796,393,'Wishard','Lisa','A','Albuquerque','NM','USA','F',''),(1798,393,'Chavez','Sandra','L','Albuquerque','NM','USA','F',''),(207,394,'Drummond','Mike','J','Denver','CO','USA','M',''),(208,394,'Cromar','Bobby','A','Boulder','CO','USA','M',''),(210,394,'Pendleton','Stuart','H','Santa Fe','NM','USA','M',''),(209,394,'Ramsey','Ian','G','Denver','CO','USA','M',''),(1753,395,'Gibson','Jared','S','Provo','UT','USA','M',''),(1756,395,'Petersen','Wyatt','','Provo','UT','USA','M',''),(1754,395,'Gibson','Chucky','','Provo','UT','United States','M',''),(1755,395,'Gibson','Greggy','','Provo','UT','United States','M',''),(738,396,'Gostlin','Michael','J','Moab','UT','USA','M',''),(740,396,'Maher','Colin','P','Moab','UT','USA','M',''),(741,396,'Barnum','Tom','I','Moab','UT','USA','M',''),(739,396,'Bibeau','Lou','P','Breckenridge','CO','USA','M',''),(470,397,'Weeks','Wyatt','A','Littleton','CO','USA','M',''),(471,397,'Sharpe','Dave','','Boulder','CO','USA','M',''),(472,397,'Roberts','Fraser','S','Boulder','CO','USA','M',''),(473,397,'Parrish','Michael','L','Lafayette','CO','USA','M',''),(436,398,'Holland','Chris','S','Sandy','UT','USA','M',''),(438,398,'Bartlett','Mark','R','Orem','UT','USA','M',''),(439,398,'Talbott','Shawn','M','Draper','UT','USA','M',''),(437,398,'Weidner','Bill','J','Orem','UT','USA','M',''),(446,399,'DeVore','Nancy','','Arlington','VA','USA','F',''),(449,399,'Hanby','Karen','L','Falls Church','VA','USA','F',''),(447,399,'Paul','Caroleene (Bean)','','Silver Spring','MD','USA','F',''),(448,399,'Swartz','Melanie','','Reston','VA','USA','F',''),(1564,400,'Harris','Scott','','Carbondale','CO','USA','M','owes late fee-received entry on 9/27'),(1566,400,'Johnson','Randy','','Carbondale','CO','USA','M','owes late fee, didn\'t receive entry until 9/27'),(1567,400,'Mozingo','Jeffrey','','Rifle','CO','USA','M','owes late fee, didn\'t receive until 9/27'),(1565,400,'Gardner','Andrew','','Carbondale','CO','USA','F','owes late fee, didn\'t receive entry until 9/27'),(1367,401,'Hantman','Jeffrey','E','Berkeley','CA','USA','M',''),(1369,401,'Inglis','Mike','S','aurora','CO','USA','M',''),(1370,401,'Travis','Thomas','A','napa','CA','USA','M',''),(1368,401,'Inglis','Curtis','A','napa','CA','USA','M',''),(848,402,'Watkins','Gary','D','Greenwood Village','CO','USA','M',''),(850,402,'Cardona','Kley','','San Jose','CA','USA','M',''),(849,402,'Tiede','Tom','','Denver','CO','USA','M',''),(851,402,'Rodgers','Richard','C','Telluride','CO','USA','M',''),(937,403,'Feather','Dick','R','Denver','CO','USA','M',''),(938,403,'Brown','David','A','Boulder','','USA','M',''),(939,403,'Sieders','Steve','T','Denver','','USA','M',''),(940,403,'Ray','Aaron','J','Denver','','USA','M',''),(1283,404,'Weber','Chris','H','Littleton','CO','USA','M',''),(1284,404,'Roufa','Lee','A','Telluride','CO','USA','M',''),(1285,404,'Van Atta','Charles','A','Golden','CO','USA','M',''),(1286,404,'Gresly','Glen','P','Littleton','CO','USA','M',''),(1655,405,'Bartell','Brian','','Forest Hill','MD','USA','M',''),(1657,405,'Kessler','John','','Jarrettsville','MD','USA','M',''),(1658,405,'McGrady','Mickey','','Jarrettsville','MD','USA','M',''),(1656,405,'Morris','Timothy','J','Berlin','MD','USA','M',''),(509,406,'Wurzenberger','John','C','Denver','CO','USA','M',''),(510,406,'Rothman','Mark','J','Mesa','AZ','USA','M',''),(511,406,'Wisneski','Michael','D','Denver','CO','USA','M',''),(512,406,'Day','Mike','P','Avon','CO','USA','M',''),(1253,407,'Casey','Ian','','Avon','CO','USA','M',''),(1254,407,'Pence','Eric','W','Leadville','CO','USA','M',''),(1255,407,'Albert','John','','Wolcott','CO','USA','M',''),(1256,407,'Barkey','Brad','J','Eagle','CO','USA','M',''),(104,408,'Walz','Bryan','G','Evergreen','CO','USA','M',''),(107,408,'Davies','Scott','M','Lakewood','CO','USA','M',''),(106,408,'Pennington','John','D','Golden','CO','USA','M',''),(105,408,'Goe','Randy','S','Golden','CO','USA','M',''),(1481,409,'Ben-Horin','Michael','K','Tempe','AZ','USA','M',''),(1482,409,'Longini','Jaques','L','Phoenix','AZ','USA','M',''),(1483,409,'Wilson','Tim','G','Phoenix','AZ','USA','M',''),(1484,409,'Kennedy','Doug','','Tempe','AZ','USA','M',''),(604,410,'Heinz','Karl','J','Layton','UT','USA','M',''),(606,410,'Sawford','Kil','','Salt Lake City','UT','USA','M',''),(607,410,'Hammonds','Bryan','D','Roy','UT','USA','M',''),(605,410,'Gillette','Alan','L','Salt Lake City','UT','USA','M',''),(1213,411,'Dailey','Ronald','J','South Jordan','UT','USA','M',''),(1214,411,'Lenz','Devin','S','Ft. Lupton','CO','USA','M',''),(1215,411,'Dailey','Randy','J','Denver','CO','USA','M',''),(1216,411,'Halboth','Mark','','Ft. Lupton','CO','USA','M',''),(713,412,'Payne','Keith','K','Provo','UT','USA','M',''),(714,412,'Young','John','G','American Fork','UT','USA','M',''),(715,412,'Johnson','Clark','B','Park City','UT','USA','M',''),(716,412,'Salter','Jay','T','Riverton','UT','USA','M',''),(51,413,'Paauw','Ken','W','North Bend','WA','USA','M',''),(52,413,'Gaudio','Michael','A','North Bend','WA','USA','M',''),(53,413,'McVein','Joe','D','North Bend','WA','USA','M',''),(54,413,'Smith','Steve','H','Tacoma','WA','USA','M',''),(1845,414,'Hager','Rich','P','Steamboat Springs','CO','USA','M',''),(1846,414,'Hendrickson','Kevin','P','Steamboat Springs','CO','USA','M',''),(1847,414,'Zanni','Len','','Carbondale','CO','USA','M',''),(1848,414,'Schultz','Edward','C','Lakewood','CO','USA','M',''),(586,417,'Linsley','Peter','J','Louisville','CO','USA','M',''),(587,417,'Ebeling','Steve','','Superior','CO','USA','M',''),(589,417,'Pence','Russ','','Denver','CO','USA','M',''),(588,417,'Lofstedt','Todd','','Louisville','CO','USA','M',''),(148,418,'Greer','Richard','W','Fort Collins','CO','USA','M',''),(149,418,'Cutter','Douglas','J','Fort Collins','CO','USA','M',''),(150,418,'Butler','Joseph','R','Fort Collins','CO','USA','M',''),(151,418,'Johnson','Leith','L','Fort Collins','CO','USA','M',''),(370,419,'Dainton','Jack','','Park City','UT','USA','M',''),(371,419,'Westermann, MD','Rob','','Salt Lake City','UT','USA','M',''),(373,419,'Addicott','Steve','','Park City','UT','USA','M',''),(372,419,'Malloy','Jake','','Park City','UT','USA','M',''),(135,420,'Keiser','Joe','E','Breckenridge','CO','USA','M',''),(136,420,'Stanley','Charlie','O','Breckenridge','CO','USA','M',''),(137,420,'Moran','Michael','J','Breckenridge','CO','USA','M',''),(138,420,'Gnojek','Danny','','Silverthorne','CO','USA','M',''),(811,421,'Ringoen','Daniel','B','Redmond','WA','USA','M',''),(812,421,'Iseli','Victor','','Everett','WA','USA','M',''),(814,421,'Dalton','Tom','','Superior','CO','USA','M',''),(813,421,'Cole','Jerold','L','Superior','CO','USA','M',''),(276,422,'Nye','Troy','','Salt Lake City','UT','USA','M',''),(277,422,'Leikam','Dave','','SLC','UT','USA','M',''),(278,422,'Marler','Cory','','Kaysville','UT','USA','M',''),(279,422,'Stine','Thomas','C','Fort Collins','CO','USA','M',''),(997,423,'Azcona','Marc','C','Fountain Valley','CA','USA','M',''),(1000,423,'Gamble','Brad','L','Dallas','TX','USA','M',''),(999,423,'Borer','Drake','S','Austin','TX','USA','M',''),(998,423,'Steele','Joey','R','Englewood','CO','USA','M',''),(1274,424,'Fitch','Vernon','W','Ogden','UT','USA','M',''),(1275,424,'Jenson','David','E','Riverdale','UT','USA','M',''),(1276,424,'Brewster','John','W','Altatena','CA','USA','M',''),(1277,424,'Lesko','Bill','F','Salt Lake City','UT','USA','M',''),(55,425,'Reeve','Mike','J','Kirkland','WA','USA','M',''),(57,425,'Conde','Andy','','Bend','OR','USA','M',''),(56,425,'Rosellini','Greg','','Bellevue','WA','USA','M',''),(58,425,'Baillie','Dave','W','Woodinville','WA','USA','M',''),(83,426,'Dodeward','Robert','W','Issaquah','WA','USA','M',''),(84,426,'Clemens','Dan','','Deer Harbor','WA','USA','M',''),(85,426,'Adams','Greg','','Seattle','WA','USA','M',''),(82,426,'Hull','Steve','','Seattle','WA','USA','M',''),(704,427,'Enders','Mark','L','pleasant view','UT','USA','M',''),(706,427,'Porter','Gary','L','Roy','UT','USA','M',''),(707,427,'Ambrey','Tim','J','ogden','UT','USA','M',''),(705,427,'Nelson','Jim','E','Layton','UT','USA','M',''),(1631,429,'Schneider','Brad','','Colorado Springs','CO','USA','M',''),(1633,429,'Gouge','Mark','L','Superior','CO','USA','M',''),(1632,429,'Becker','Steve','','Prescott','AZ','USA','M',''),(1634,429,'Kennell','Doug','E','Colorado Springs','CO','USA','M',''),(1150,430,'Black','Annie','','Dillon','CO','USA','F',''),(1152,430,'Stashick','Terri','L','Keystone','CO','USA','F',''),(1153,430,'Thompson','Jody','L','Breckenridge','CO','USA','F',''),(1151,430,'Scheifley','Mary','F','Dillon','CO','USA','F',''),(157,431,'Kendall','Karen','M','Salt Lake City','UT','USA','F',''),(158,431,'Wassermann','April','A','Waterville','OH','USA','F',''),(159,431,'DeLavern','Jody','L','Commerce','MI','USA','F',''),(160,431,'Petrick','Rose','M','Richmond Hts','OH','USA','F',''),(169,432,'Allan','Barbara','','Fort Collins','CO','USA','F',''),(170,432,'Pfeiffer','Andrea','','Ft. Collins','CO','USA','F',''),(171,432,'Marcikonis','Sarah','J','Longmont','CO','USA','F',''),(172,432,'Rotman','Cathy','','Fort Collins','CO','USA','F',''),(1180,433,'Patterson','Shari','L','McKinney','TX','USA','F',''),(1181,433,'Thomas','Mary','','Allen','TX','USA','F',''),(1182,433,'Grasshoff','Lea','','San Antonio','TX','USA','F',''),(1183,433,'Weisinger','Cindy','','Austin','TX','USA','F',''),(1519,434,'Derosier','Jaclynn','K','Snowmass Village','CO','USA','F',''),(1520,434,'Scheer','Suzanne','','Basalt','CO','USA','F',''),(1521,434,'Morse','Cindy','','Snowmass Village','CO','USA','F','Alternate number for Toby 970-618-7062'),(1522,434,'Grange','Katie','','Snowmass Village','CO','USA','F',''),(239,435,'Frankenburg','Carolyn','M','Park City','UT','USA','F',''),(240,435,'Swenson','Tanya','M','Park City','UT','USA','F',''),(242,435,'Ware-Peek','Lynn','','Park City','UT','USA','F',''),(241,435,'Helton','Joyce','','Park City','UT','USA','F',''),(1270,436,'Elliott','Dick','','Highlands Ranch','CO','USA','M',''),(1271,436,'Henkelman','Leon','','Lakewood','CO','USA','M',''),(1272,436,'Holten','Nils','','Aurora','CO','USA','M',''),(1273,436,'Roetman','Ray','','Highlands Ranch','CO','USA','M',''),(844,437,'Grossman','Larry','','Eagle','CO','USA','M',''),(846,437,'Desposato','Tom','','Eagle','CO','USA','M',''),(847,437,'Spriggs','Mike','','Vail','CO','USA','M',''),(845,437,'Handschin','Stefan','R','Vail','CO','USA','M','does he owe late fee? he did not accept waiver on line so he sent it in, but he didn\'t send in 10 buckers'),(1053,438,'Gotthelf','Paul','M','Vail','CO','USA','M','Work ext. is 5'),(1054,438,'Mullikin','Jerry','W','Vail','CO','USA','M',''),(1055,438,'Plath','Gary','','Vail','CO','USA','M',''),(1056,438,'Barker','Robert','','Vail','CO','USA','M',''),(1736,439,'Bontrager','Keith','','Santa Cruz','CA','USA','M',''),(1737,439,'Latorraca','Richard','','Soquel','CA','USA','M',''),(1738,439,'Yule','Scott','','Breckenridge','CO','USA','M',''),(1739,439,'George','John','B','Breckenridge','CO','USA','M',''),(780,440,'Newmyer','Billy','','Durango','CO','USA','M',''),(781,440,'DeWitt','Larry','','Colorado Springs','CO','USA','M',''),(779,440,'McGrew','Kelly','','Monument','CO','USA','M',''),(782,440,'Asleson','Russell','J','Colorado Springs','CO','USA','M',''),(108,441,'Austin','Daniel','C','Louisville','CO','USA','M',''),(109,441,'Peters','Dan','J','Superior','CO','USA','M',''),(111,441,'Finch','Trevor','','Yucca Vally','CA','USA','M',''),(110,441,'Butler','Jim','W','Monument','CO','USA','M',''),(835,442,'Dark','Bill','','Park City','UT','USA','M',''),(836,442,'Hibdon','Dwight','T','Park City','UT','USA','M',''),(837,442,'Cowell','Jeffrey','S','Vail','CO','USA','M','Work extension 7115'),(838,442,'Seltenrich','Mark','','Park City','UT','USA','M',''),(427,443,'Lideen','Scott','T','Phoenix','AZ','USA','M','Work extension 20'),(428,443,'Schaefer','John','J','Prescott','AZ','USA','M',''),(429,443,'Hansen','Scott','','Phoenix','AZ','USA','M',''),(430,443,'Brakmo','Alex','L','Tucson','AZ','USA','M',''),(1295,444,'Bontrager','Laura','A','Santa Cruz','CA','USA','F',''),(1297,444,'Chapman','Anne','','Breckenridge','CO','USA','F',''),(1298,444,'Clark','Barb','M','Park City','UT','USA','F',''),(1296,444,'Light','Jain','O','Aptos','CA','USA','F',''),(691,445,'Henderson','Tyler','','Carbondale','CO','USA','M',''),(692,445,'Smith','Cody','','Carbondale','CO','USA','M',''),(693,445,'Hoke','Mitchell','','Evergreen','CO','USA','M',''),(694,445,'Fairbanks','Tate','','Glenwood Springs','CO','USA','M',''),(1515,446,'Dudley','Jesse','C','Durango','CO','USA','M',''),(1516,446,'Sproul','Michael','R','Durango','CO','USA','M',''),(1517,446,'Burnett','Ian','P','Durango','CO','USA','M',''),(1518,446,'Wanstrath','Dustin','M','Durango','CO','USA','M',''),(982,447,'Taylor','Dru','D','Summit','CO','USA','M',''),(983,447,'Wathen','Hawk','E','Silverthorne','CO','USA','M',''),(984,447,'Morgan','Michael','J','Dillon','CO','USA','M','Alternate number for Judy 970-485-1303'),(985,447,'Chapman','Ian','F','Breckenridge','CO','USA','M',''),(1765,448,'Certeza','Nick','J','Eagle','CO','USA','M',''),(1763,448,'Bingham','Brad','I','Edwards','CO','USA','M',''),(1764,448,'Shelden','Taylor','C','Breckenridge','CO','USA','M',''),(1766,448,'Smith','Joshua','N','Vail','CO','USA','M',''),(1036,449,'Sotkin','Adam','J','Boulder','CO','USA','M',''),(1037,449,'Andrus','Scott','C','Boulder','CO','USA','M',''),(1038,449,'Schlag','Nick','','Boulder','CO','USA','M',''),(1039,449,'Lemmon','Tyler','J','Longmont','CO','USA','M','Cell phone for Joe or Pat 303-514-5271'),(1816,450,'Alders','Bryan','M','Tahoe City','CA','USA','M',''),(1817,450,'Smith','Wayne','','Olympic Valley','CA','USA','M',''),(1818,450,'Honse','Wyatt','','Tahoe City','CA','USA','M',''),(1819,450,'Griffo','Chris','','Homewood','CA','USA','M',''),(750,451,'Summerhill','Daniel','','Englewood','CA','USA','M',''),(751,451,'Narramore','Cameron','','Red Oake','TX','USA','M','received 9/30 w/late fee\015\012alternate emergency contact # 214-334-7796'),(752,451,'McKnight','Austin','','Highlands Ranch','CO','USA','M','received 9/30 w/late fee'),(753,451,'Savidge','Walker','','Frisco','CO','USA','M','Received 9/30 w/late fee'),(1077,452,'Chrisman','Scot','J','Niwot','CO','USA','M','Ed\'s cell 303-668-3982'),(1078,452,'Gager','Ben','W','Boulder','CO','USA','M',''),(1079,452,'Abshire','Cody','D','Boulder','CO','USA','M',''),(1080,452,'Fauver','Brian','','Boulder','CO','USA','M',''),(1663,453,'Ritchey','J.D.','D','Silverthorne','CO','USA','M',''),(1664,453,'Bouley','Timothy','W','Silverthorne','CO','USA','M',''),(1665,453,'Manheimer','Josh','D','Silverthorn','CO','USA','M',''),(1666,453,'Mannheimer','Joshua','D','Silverthorne','CO','USA','M',''),(763,454,'Wible','Brett','W','Boulder','CO','USA','M',''),(764,454,'Lewey','Patrick','J','Boulder','CO','USA','M',''),(765,454,'Harris','Colin','A','Nimot','CO','USA','M',''),(762,454,'Kuntson','Eric','A','Louisville','CO','USA','M',''),(1081,455,'Yarbrough','Sean','P','Boulder','CO','USA','M','Alternate emergency contact - Retta Yarbrough 720-273-9172'),(1082,455,'Philips','Sam','','Boulder','CO','USA','M',''),(1083,455,'Leclaire','Roger','D','Boulder','CO','USA','M',''),(1084,455,'Schusler','Joey','D','Boulder','CO','USA','M',''),(1697,456,'Vamvakas','Pat','','Littleton','CO','USA','M',''),(1698,456,'Hendrickson','Kit','L','Golden','CO','USA','M',''),(1699,456,'Uhnavy','Ryan','M','Evergreen','CO','USA','M',''),(1700,456,'Bushaw','Eric','R','Golden','CO','USA','M',''),(770,457,'Rice','Kevin','J','Boulder','CO','USA','M',''),(771,457,'Shafroth','Ethan','M','Boulder','CO','USA','M',''),(772,457,'Berry','Calvin','','Boulder','CO','USA','M',''),(773,457,'Foote','Sean','A','Boulder','CO','USA','M',''),(1073,458,'Carlson','Samuel','P','Boulder','CO','USA','M',''),(1074,458,'Cares','Colin','C','Boulder','CO','USA','M','Cell for Eleanoror Chris - 303-589-6973'),(1075,458,'Nelsen','Art','','Boulder','CO','USA','M',''),(1076,458,'Martens','Brian','C','Boulder','CO','USA','M','Alternate phone # for David 720-203-4884'),(474,459,'Taylor','Lea','M','Dillon','CO','USA','F',''),(475,459,'Chapman','Kate','P','Breckenridge','CO','USA','F',''),(476,459,'Gessner','Jozephine','','Dillon','CO','USA','F',''),(477,459,'Oberriter','Marie','A','Dillon','CO','USA','F',''),(767,460,'Bohlen','Greg','W','Boulder','CO','USA','M',''),(769,460,'Sinclair','Matthew','K','Boulder','CO','USA','M',''),(766,460,'Larson','Ryan','J','Boulder','CO','USA','M',''),(768,460,'Lewis','Scott','K','Boulder','CO','USA','M',''),(1133,461,'Maytum','Shaina','P','Boulder','CO','USA','F',''),(1135,461,'Jaffee','Cat','M','Boulder','CO','USA','F',''),(1136,461,'Lichter','Kiera','B','Boulder','CO','USA','F','Additional emergency contact - Michael Lichter 303-517-1726'),(1134,461,'Abbott','Mara','K','Boulder','CO','USA','F',''),(758,462,'Martin','Kayla','A','Boulder','CO','USA','F',''),(759,462,'Priem','Shannon','L','Boulder','CO','USA','F',''),(760,462,'Dollar','Brett','A','Boulder','CO','USA','F',''),(761,462,'Forsman','Chloe','L','Boulder','CO','USA','F',''),(1536,463,'Foster','Robert','C','Breckenridge','CO','USA','M',''),(1538,463,'Nordeen','Jeff','','Breckenridge','CO','USA','M',''),(1539,463,'Thiers','Ryan','','Breckenridge','CO','USA','M',''),(1537,463,'Lifgren','Jeff','','Blue River','CO','USA','M',''),(1597,464,'Wright','Bryon','','Salt Lake City','UT','USA','M',''),(1598,464,'Buston','Chris','R','Salt Lake City','UT','USA','M',''),(1600,464,'Ronan','Michael','D','Park City','UT','USA','M',''),(1599,464,'Vierra','Les','','Eden','UT','USA','M','Paid late fee'),(726,465,'Grohusky','Brad','','Frisco','CO','USA','M',''),(727,465,'Pluim','Carl','','Denver','CO','USA','M',''),(728,465,'Amrich','Jason','C','Boulder','CO','USA','M',''),(729,465,'Berglund','Keith','A','Aspen','CO','USA','M',''),(1221,466,'Glimp','Scott','W','Las Vegas','NV','USA','M',''),(1222,466,'Skeary','Paul','','Las Vegas','NV','USA','M',''),(1223,466,'Thrower','Mark','E','North Las Vegas','NV','USA','M',''),(1224,466,'Brown','Robin','D','Las Vegas','NV','USA','M',''),(1771,467,'Ray','Chris','','Parker','CO','USA','M',''),(1773,467,'Porter','Loran','','Denver','CO','USA','M',''),(1772,467,'Pavletic','Rob','','Colorado Springs','CO','USA','M',''),(1774,467,'Magoffin','Ed','','Colorado Springs','CO','USA','M',''),(1061,468,'Smith','Guy','L','St. George','UT','USA','M',''),(1062,468,'Smith','Dave','V','St. George','UT','USA','M',''),(1064,468,'Graham','Jeff','N','Springville','UT','USA','M',''),(1063,468,'Smith','Scott','P','St. George','UT','USA','M',''),(1401,469,'Furrey','Paul','H','Breckenridge','CO','USA','M',''),(1403,469,'Orr','Scott','c','Dillon','CO','USA','M',''),(1402,469,'Eslich','Eric','','Frisco','CO','USA','M',''),(1404,469,'Holobeck','Mike','','Littelton','CO','USA','M',''),(1176,470,'Washko','Mario','A','denver','CO','USA','M',''),(1177,470,'Farmer','David','R','denver','CO','USA','M',''),(1178,470,'Anvari','John','A','Denver','CO','USA','M',''),(1179,470,'Warnell','Robin','','Aurora','CO','USA','M',''),(960,471,'Gould','Jon','C','Boise','ID','USA','M',''),(962,471,'Peckham','John','E','Sunyvale','CA','USA','M',''),(963,471,'Krummenacher','Dave','B','Magna','UT','USA','M',''),(961,471,'Henderson','Dan','A','Boise','ID','USA','M',''),(482,472,'Williams','Jim','L','Brighton','UT','USA','M',''),(483,472,'Lunt','Chris','J','Millersburg','PA','USA','M',''),(484,472,'Hepler','William','J','Gratz','PA','USA','M',''),(485,472,'DeSoto','Michael','J','Prescott','AZ','USA','M',''),(490,473,'Hastriter','Dean','','Boise','ID','USA','M',''),(491,473,'Saxton','Alan','','Boise','ID','USA','M',''),(492,473,'Newbill','Brian','','Boise','ID','USA','M',''),(493,473,'McChrystal','Rich','','Boise','ID','USA','M',''),(946,474,'Webb','William','T','Ogden','UT','USA','M',''),(948,474,'Boman','Rich','N','Ogden','UT','USA','M',''),(949,474,'Tovar','Benito','v','Ogden','UT','USA','M',''),(947,474,'Sustaita','Jeronimo','','Ogden','UT','USA','M',''),(1838,474,'Carver','Diane','','Ogden','UT','USA','F',''),(1825,475,'Herr','Christopher','R','Boulder','CO','USA','M',''),(1826,475,'Farmar','David','J','Denver','CO','USA','M',''),(1827,475,'Torres','David','M','Denver','CO','USA','M',''),(1828,475,'Pilotti','Joe','M','Boulder','CO','USA','M',''),(1829,475,'Hoff','Robin','','Boulder','CO','USA','F',''),(1069,476,'Irvine, Jr.','Thomas','F','Boulder','CO','USA','M','Alternate phone #303-579-0485\015\012Alternate emergency contact phone #303-579-2853'),(1070,476,'Irvine','William','S','Boulder','CO','USA','M','Alternate number for Tom or Elizabeth - 303-579-0485'),(1071,476,'Heiderer','Tito','A','Boulder','CO','USA','M',''),(1072,476,'Patterson','Dylan','','Boulder','CO','USA','M','Alternate emergency contact - David Patterson\015\012303-494-9319 or 720-937-5761'),(1833,477,'Benecke III','George','W','Silverthorne','CO','USA','M',''),(1830,477,'Lindhorst','John','C','Silverthorne','CO','USA','M',''),(1832,477,'Jacobs','Matt','L','Dillon','CO','USA','M',''),(1831,477,'Matejka','Lucas','J','Dillon','CO','USA','M',''),(1834,478,'Meyer-Pflug','Paul','','Bloomingdale','NJ','USA','M',''),(1844,480,'James','Ann','','Silverthorne','CO','USA','F',''),(567,481,'Miller','Dean','A','Conifer','CO','USA','M',''),(568,481,'Doody','Mike','T','Westminster','CO','USA','M',''),(566,481,'Daub','Scott','','Littleton','CO','USA','M',''),(565,481,'Henderson','Derek','D','Golden','CO','USA','M',''),(1849,482,'Tande','Michael','S','San Diego','CA','USA','M',''),(1850,482,'Toth','William','','Studio City','CA','USA','M',''),(1853,483,'Dorst','Kenneth','I','Edwards','CO','USA','M',''),(1856,484,'Engler','Matt','','Copper Mountain','CO','USA','M',''),(1855,484,'Yapkowitz','Scott','','Breckenridge','CO','USA','M',''),(1854,484,'Schock','Arden','','Denver','CO','USA','M',''),(1857,484,'Cheek','Darron','','Blue River','CO','USA','M','970-435-2234'),(1859,485,'Schieffer','Shane','J','Boulder','CO','USA','M',''),(1860,485,'Bryant','Anthony','D','Denver','CO','USA','M',''),(1861,485,'Becker','Erik','L','Lyons','CO','USA','M',''),(1862,485,'Wood','Nick','','Boulder','CO','USA','M',''),(1864,486,'Kelly','Bruce','D','Vail','CO','USA','M',''),(1865,486,'Murray','Ronan','M','Avon','CO','USA','M',''),(1866,486,'Cummins','John','','Avon','CO','USA','M',''),(1867,486,'MacFarlane','Bill','','Avon','CO','USA','M',''),(1863,487,'Otto','Simone','D','Boise','ID','USA','F',''),(1868,488,'McDonald','Aiden','','Co, Louth','','USA','M',''),(527,183,'rider','unregistered','','','','USA','M',''),(1580,3,'Quick','Rhonda','B','','','USA','F',''),(1431,232,'Forester','Carol','','','','USA','F',''),(522,210,'Clark','Paul','','','','USA','M',''),(1497,352,'Buelna','Ramses','','','','USA','M',''),(1837,478,'Roise','Jon','M','','','USA','M',''),(1836,478,'Giblin','Jay','M','','','USA','M',''),(1835,478,'Slota','Jared','V','','','USA','M',''),(1652,202,'Eckert','Chris','','','','','M',''),(1006,489,'Hawkes','Andrew','K','Boulder','CO','USA','M',''),(1008,489,'Pate','Danny','','Colorado Springs','CO','USA','M','');
/*!40000 ALTER TABLE `rider` ENABLE KEYS */;
UNLOCK TABLES;

--
-- Table structure for table `rider_rfid`
--

DROP TABLE IF EXISTS `rider_rfid`;
/*!40101 SET @saved_cs_client     = @@character_set_client */;
/*!40101 SET character_set_client = utf8 */;
CREATE TABLE `rider_rfid` (
  `person_id` int(4) NOT NULL DEFAULT '0',
  `rfid` int(8) NOT NULL DEFAULT '0',
  KEY `rider_rfid__person_id__idx` (`person_id`),
  KEY `rider_rfid__rfid__idx` (`rfid`)
) ENGINE=MyISAM DEFAULT CHARSET=latin1;
/*!40101 SET character_set_client = @saved_cs_client */;

--
-- Dumping data for table `rider_rfid`
--

LOCK TABLES `rider_rfid` WRITE;
/*!40000 ALTER TABLE `rider_rfid` DISABLE KEYS */;
INSERT INTO `rider_rfid` VALUES (144,12022),(146,2298),(145,2040),(147,2013),(1579,14189),(1580,14102),(1581,1653),(1582,1921),(775,1642),(776,13961),(777,1833),(778,14103),(1234,2139),(1236,13553),(1235,12583),(1237,13213),(1671,13290),(1672,14075),(1673,1670),(1674,2188),(361,1742),(1390,1663),(513,11967),(417,12550),(374,12235),(76,1732),(774,13322),(1822,13923),(1540,12612),(915,12842),(909,12830),(445,2300),(238,1725),(964,1696),(130,13314),(941,13637),(1114,13456),(1425,12582),(1454,2059),(323,12674),(1389,12756),(1282,12899),(992,2274),(1806,13395),(202,13367),(981,14133),(65,13667),(1154,12786),(1423,2269),(1123,2098),(1794,2069),(1,14172),(986,12173),(1592,1984),(801,13345),(1426,13025),(1542,1849),(1391,2140),(1572,13793),(435,1884),(1287,13803),(987,13501),(1243,13396),(1424,12571),(1573,13504),(1303,2186),(1432,14058),(1035,12296),(950,13276),(1823,12380),(1824,14097),(1843,8600),(1701,12744),(1288,11962),(1702,13107),(573,12915),(1748,12329),(1467,2155),(1371,1780),(401,14148),(402,13022),(1757,13299),(1758,13515),(1601,1723),(1602,13231),(1800,12326),(1801,14099),(979,11976),(980,13878),(632,13943),(633,13927),(1293,14057),(1294,11971),(898,2100),(899,1860),(243,12169),(244,12687),(30,13858),(31,1836),(630,14087),(631,13842),(415,1782),(416,13111),(1690,12453),(1691,2291),(44,13890),(45,12194),(595,12207),(1131,1985),(869,1979),(870,12088),(528,13517),(529,13075),(1112,12462),(1113,12261),(1206,1686),(1207,13554),(1820,14157),(1821,13701),(1548,1617),(1549,2174),(675,12156),(676,2047),(1791,1622),(1790,2152),(1641,12076),(1640,2045),(1684,12618),(1685,1949),(1792,13798),(1793,12457),(1726,2079),(905,13851),(906,14065),(908,12248),(907,1610),(988,13458),(989,1903),(991,12127),(990,13876),(1338,12544),(1339,13629),(1340,13892),(1341,2198),(1442,13163),(1443,13846),(1444,12048),(1445,12333),(1787,12579),(1786,12560),(1788,13992),(1789,1840),(1550,13912),(1551,12426),(1552,13333),(1553,14086),(831,13465),(832,12054),(833,2158),(834,13258),(377,14166),(375,1701),(378,14170),(376,12501),(294,12879),(295,2062),(296,1664),(297,13653),(1104,8737),(1105,2203),(1107,11961),(1106,52050),(815,2096),(816,13389),(818,13529),(817,13318),(709,12113),(710,1831),(711,2048),(712,13621),(1642,14223),(1643,12888),(1645,1978),(1644,12382),(287,1754),(288,12159),(285,12992),(286,14088),(1005,2125),(1007,12372),(1354,12706),(1355,13942),(1356,13771),(1357,1911),(1778,13118),(1781,2119),(1779,1947),(1780,13874),(194,12185),(196,13619),(197,2073),(195,12476),(454,13371),(456,12413),(457,8739),(455,12988),(1627,1611),(1628,12055),(1629,1975),(1630,8738),(1318,12527),(1319,12369),(1320,12764),(1321,1989),(1120,2080),(1121,12411),(1122,13357),(1119,14047),(1419,12220),(1420,13470),(1421,13271),(1422,12592),(1397,13374),(1398,1803),(1399,14051),(1400,13990),(324,14123),(325,13545),(326,13681),(327,12145),(379,12918),(380,14164),(381,2023),(382,2185),(852,1603),(854,12191),(853,13288),(855,2050),(792,1835),(793,12617),(794,13284),(795,12997),(1278,13182),(1279,12202),(1280,13557),(1281,2225),(861,1657),(864,13813),(862,13485),(863,13426),(1266,2277),(1269,14009),(1267,13686),(1268,1969),(1142,12074),(1144,13825),(1143,13444),(1145,12167),(823,13477),(825,13698),(824,13028),(826,1649),(1455,13186),(1456,14125),(1457,1986),(1458,13749),(333,13004),(335,13144),(337,1753),(336,2249),(334,13417),(181,13034),(182,14154),(184,12327),(183,2206),(185,12632),(842,2184),(839,13160),(840,2009),(843,12715),(841,2008),(280,13898),(281,12626),(284,12107),(282,13576),(283,12933),(1692,13594),(1694,14038),(1695,13241),(1696,14141),(1693,14192),(1543,12100),(1544,13546),(1545,12192),(1546,13443),(1547,12400),(796,1922),(799,12653),(798,13393),(800,12182),(797,12593),(383,2086),(386,13651),(384,11979),(387,14182),(385,12373),(900,14104),(901,13655),(904,2167),(902,13251),(903,13012),(1313,13066),(1314,13818),(1316,13252),(1317,12142),(1315,12450),(806,14090),(807,12044),(808,8736),(809,2265),(810,12886),(966,13145),(965,14017),(967,12425),(969,14127),(968,13999),(590,14092),(591,1944),(592,2120),(594,14190),(593,1811),(1384,12967),(1385,13266),(1386,13649),(1387,13505),(1388,2042),(608,13687),(609,12776),(610,13156),(611,14089),(612,13615),(884,2173),(886,13353),(885,2060),(888,1682),(887,12316),(59,13278),(60,13856),(63,13359),(62,2299),(61,13627),(1703,12813),(1704,1766),(1705,12020),(1706,12597),(1707,13507),(875,1932),(878,14124),(879,12654),(877,12941),(876,2092),(152,12034),(153,13303),(154,1974),(547,14188),(548,14042),(549,13882),(550,13773),(551,1802),(699,1658),(701,1977),(703,13742),(702,14250),(700,12529),(1095,13263),(1097,13785),(1098,12867),(1099,1668),(1096,13350),(1025,11969),(1026,13968),(1027,14201),(1028,13969),(1029,13261),(224,12802),(227,12152),(226,12964),(228,13212),(225,12446),(1603,13036),(1605,12029),(1606,13734),(1607,1848),(1604,1659),(39,1834),(40,1804),(42,1925),(41,1625),(43,12249),(1362,12409),(1363,2279),(1364,1746),(1365,1967),(1366,2282),(121,2138),(122,1692),(123,1980),(124,1870),(129,1939),(1499,1883),(1500,2006),(1501,1729),(1502,1872),(1498,1635),(246,1951),(249,13441),(247,11964),(248,1998),(245,2278),(682,13119),(683,1914),(684,1894),(685,1936),(686,1935),(70,2194),(72,1651),(71,1777),(74,12872),(73,2178),(613,12097),(615,1741),(616,12307),(617,12693),(614,12742),(1554,2275),(1557,1702),(1555,2151),(1558,1970),(1556,2165),(534,1755),(536,1862),(535,2204),(538,12683),(537,12451),(1171,12523),(1172,13490),(1175,2077),(1174,13230),(1173,13693),(1618,1793),(1620,1807),(1622,1875),(1619,1874),(1621,2063),(787,1879),(790,1924),(791,13207),(788,1830),(789,12769),(671,12438),(670,12753),(673,2065),(672,14033),(674,1958),(139,2018),(140,1823),(142,1655),(141,1928),(143,12340),(1476,13015),(1477,2210),(1478,13628),(1479,12773),(1480,1737),(91,14168),(92,13614),(93,1654),(94,14186),(95,2055),(1392,2237),(1393,12203),(1394,12477),(1395,11986),(1396,12902),(1184,12043),(1185,14215),(1186,11992),(1187,2135),(1188,13132),(1437,12721),(1438,13502),(1439,14176),(1440,2106),(1441,13562),(955,12374),(956,12362),(957,13715),(958,12299),(959,12690),(523,12317),(525,12873),(524,12682),(526,13273),(527,13376),(116,1839),(120,1602),(117,1890),(118,12221),(119,12574),(1044,2102),(1046,1607),(1047,2270),(1048,12735),(21,13249),(24,13086),(23,1909),(25,12840),(22,13791),(1089,12388),(1086,12659),(1088,13323),(1085,13778),(1087,2228),(1124,2000),(1125,14119),(1126,14120),(1128,12551),(1127,12671),(347,1631),(350,1615),(351,1942),(349,12024),(1712,2133),(1713,1719),(1714,1760),(1715,1637),(1716,2285),(717,1794),(718,2066),(719,1783),(720,2049),(721,2037),(258,1813),(260,2160),(262,2112),(261,1882),(259,2038),(1635,1818),(1636,2223),(1637,1789),(1638,1953),(1639,1819),(1090,2169),(1091,13328),(1092,12966),(1093,12973),(1094,12761),(87,13822),(88,13660),(89,12648),(90,12877),(86,13555),(213,13654),(211,14235),(215,13755),(212,12386),(214,2261),(1197,13043),(1199,1700),(1198,1774),(1200,1796),(1201,13675),(1304,13689),(1305,12458),(1306,12018),(1308,13013),(1307,1991),(494,13673),(495,1619),(496,12383),(497,13850),(498,12826),(1587,12664),(1588,13845),(1590,1963),(1589,2085),(1591,1724),(338,1995),(339,1736),(341,12488),(342,14219),(340,13810),(1654,13907),(1651,13658),(1653,12939),(1650,1652),(1652,13739),(1352,12991),(1353,14199),(1350,13492),(1613,1933),(1351,13287),(1208,14239),(1209,1708),(1210,14163),(1211,12109),(1212,1648),(1490,12730),(1491,1799),(1492,14213),(1493,12520),(1489,12101),(12,12016),(15,13255),(16,12833),(13,12436),(14,1814),(1257,13852),(1261,12234),(1258,12517),(1259,13084),(1260,2019),(951,2091),(953,1946),(954,12643),(952,1784),(1612,8794),(1811,1734),(1813,13496),(1812,13302),(1814,14165),(1815,13833),(518,12277),(522,13668),(519,2236),(520,12251),(521,13135),(271,14195),(272,13447),(273,13600),(275,2002),(274,2134),(392,13944),(393,2036),(394,12548),(395,2041),(396,13225),(889,2273),(893,13102),(892,13312),(890,2294),(891,1690),(910,1896),(914,12124),(912,13063),(913,12528),(911,13922),(619,14248),(620,12417),(621,14171),(622,12289),(623,2232),(1681,12153),(1683,12334),(1679,12265),(1680,1786),(1682,12851),(1225,8792),(1226,13718),(1227,12700),(1229,13116),(1228,13747),(1559,14030),(1560,8735),(1562,13233),(1561,2132),(1563,13229),(1030,13643),(1031,1707),(1032,12825),(1034,1941),(1033,14055),(856,12252),(857,13757),(858,12258),(859,1822),(860,12576),(1413,12641),(1415,12161),(1414,12096),(1416,12139),(1417,8734),(928,12513),(931,12455),(929,13058),(930,13950),(932,1798),(1137,13772),(1138,13270),(1139,13078),(1140,14179),(1141,12947),(504,12962),(505,13929),(506,13835),(507,13670),(508,13391),(1238,1906),(1239,1656),(1242,13905),(1240,2208),(1241,8780),(440,1899),(441,13108),(443,1808),(444,1881),(442,1845),(499,13949),(501,12533),(503,1676),(502,12484),(500,13646),(100,12459),(101,12269),(102,2082),(103,12337),(356,13262),(357,2095),(358,2289),(359,13635),(360,13596),(314,12660),(317,13934),(316,12322),(318,12861),(315,13909),(1721,12563),(1722,13227),(1723,12141),(1724,1895),(1725,14234),(1427,1788),(1428,2067),(1429,1956),(1430,2191),(1431,1864),(974,2190),(975,14174),(976,12050),(977,13558),(978,13356),(1523,13050),(1524,13887),(1526,14073),(1525,1639),(1527,1871),(77,2175),(78,1997),(79,2052),(80,1805),(131,2209),(132,1816),(133,1916),(134,2021),(1322,2200),(1323,1747),(1324,2032),(1325,12470),(1608,2212),(1609,1614),(1610,12079),(1611,14006),(1330,13685),(1331,2222),(1332,13699),(1333,2168),(190,2051),(191,1779),(193,1918),(192,1715),(1299,1769),(1300,1919),(1301,14153),(1302,13248),(1446,2103),(1447,13827),(1448,14216),(1449,1787),(250,12511),(252,13782),(251,2296),(253,2108),(569,12949),(571,2219),(570,12313),(572,1665),(1513,1624),(1511,2109),(1514,2143),(1512,2238),(1167,2187),(1168,2183),(1169,2171),(1170,1981),(161,1994),(164,2263),(162,2156),(163,1913),(1463,13920),(1464,11983),(1466,12968),(1465,13603),(68,13355),(67,13759),(69,12481),(66,12818),(255,2145),(254,12239),(256,2197),(257,1679),(1667,8781),(1668,1966),(1669,1965),(1670,12098),(1460,1900),(1461,12716),(1462,12084),(1459,12162),(462,12195),(463,12770),(464,12010),(465,11993),(556,13218),(558,12035),(557,12184),(559,1711),(1334,2241),(1335,14060),(1336,13481),(1337,13026),(695,14181),(696,14143),(698,1683),(697,13484),(1193,8639),(1195,8692),(1196,8690),(1194,8699),(1708,8687),(1709,8686),(1710,8685),(1711,8684),(431,8640),(432,8700),(433,8695),(434,8691),(1013,8688),(1015,8682),(1014,8683),(1016,8681),(819,8641),(821,8694),(820,8637),(822,8693),(310,8689),(313,8678),(312,8679),(311,8680),(933,8642),(934,8638),(935,8698),(936,8697),(1289,8696),(1290,8677),(1291,8676),(1292,8675),(126,8649),(127,8648),(125,8650),(128,8647),(746,8646),(747,8645),(748,8644),(749,8643),(578,8630),(581,8620),(580,8624),(579,8626),(865,8616),(866,8615),(867,8612),(868,8611),(267,8610),(268,8609),(270,8653),(269,8654),(516,8631),(515,8651),(514,8652),(517,8627),(942,8625),(943,8622),(944,8619),(945,8617),(574,8613),(577,8606),(575,8608),(576,8607),(1017,8658),(1020,8655),(1018,8657),(1019,8656),(924,8632),(927,8623),(926,8628),(925,8629),(366,8621),(367,8618),(369,8605),(368,8614),(1021,8604),(1023,8602),(1024,8601),(1022,8603),(742,8636),(743,8659),(744,8633),(745,8634),(1732,8635),(1734,8673),(1733,8674),(1735,8672),(1405,8671),(1406,8670),(1407,8669),(1408,8668),(466,8667),(469,8664),(467,8666),(1858,14212),(468,8665),(290,8663),(293,8660),(291,8662),(292,8661),(1163,13373),(1165,13843),(1166,2035),(1164,1960),(1202,12884),(1203,13268),(1205,13187),(1204,13307),(1450,1761),(1451,13413),(1452,12732),(1453,1790),(486,12531),(487,12823),(488,13062),(489,1915),(328,13469),(329,1750),(330,12978),(331,12689),(1109,12547),(1108,12072),(1111,12301),(1110,1738),(1468,13468),(1469,2217),(1470,1797),(1471,12454),(1583,14147),(1584,12456),(1585,12410),(1586,1684),(112,14207),(113,14011),(115,12987),(114,8799),(229,13008),(230,13061),(231,12023),(232,12898),(1740,2243),(1741,14146),(1742,14032),(1743,12186),(1744,8732),(1745,12799),(1746,12575),(1747,14074),(1593,12709),(1594,13000),(1596,13171),(1595,13666),(993,11959),(995,12187),(996,13574),(994,2245),(634,14040),(635,12781),(636,13217),(637,12606),(722,12197),(723,14244),(724,13403),(725,2227),(1230,1759),(1231,2214),(1232,14155),(1233,1647),(1532,13265),(1534,12499),(1533,1902),(1535,12940),(27,12655),(26,11996),(28,1957),(29,1770),(1749,13082),(1751,12961),(1750,12794),(1752,13228),(407,13885),(410,13411),(409,14149),(408,13756),(582,13513),(584,13450),(585,13320),(583,13937),(1472,12778),(1474,12188),(1473,13245),(1475,14036),(895,11995),(897,12777),(894,13301),(896,13737),(734,12125),(737,13838),(735,13522),(736,13814),(880,13606),(882,13512),(883,12694),(881,12588),(306,13677),(307,12936),(308,8733),(309,12883),(1659,2097),(1660,12025),(1661,13860),(1662,13956),(970,13526),(972,13721),(971,13372),(973,13988),(1326,2260),(1327,12734),(1328,12405),(1329,12577),(539,12567),(540,12310),(542,1905),(541,13042),(319,14211),(320,13836),(321,12328),(322,13536),(1675,13049),(1676,12901),(1677,12469),(1678,13238),(1782,12728),(1784,14019),(1783,13141),(1785,12596),(1159,14225),(1161,12866),(1160,14158),(1162,13173),(397,12743),(400,13215),(398,13704),(399,12821),(388,12908),(390,12559),(391,14136),(389,8783),(423,14140),(425,1912),(426,13662),(424,12516),(1001,13011),(1003,13976),(1004,11975),(1002,1771),(552,1992),(553,12629),(554,13446),(555,1704),(1503,12919),(1504,12308),(1505,12534),(1506,1756),(783,13982),(784,1632),(786,12260),(785,13354),(478,12271),(480,12297),(479,13491),(481,14151),(35,12974),(38,14218),(36,13406),(37,13743),(642,13694),(645,12809),(644,12859),(643,13947),(730,12395),(731,13914),(732,13506),(733,12339),(654,14247),(656,13779),(657,12662),(655,12137),(216,12378),(217,13180),(218,12955),(219,13274),(600,13834),(602,12784),(603,12131),(601,12387),(362,13222),(363,12767),(364,13480),(365,13170),(1507,13408),(1508,14245),(1509,13466),(1510,12542),(1485,14052),(1487,12512),(1486,13575),(1488,13786),(1807,12738),(1808,12015),(1809,12399),(1810,12290),(560,13897),(561,12134),(562,13580),(563,13044),(17,13246),(18,13253),(20,2193),(19,12869),(411,13382),(412,13732),(414,12033),(413,12379),(1623,13789),(1624,2113),(1625,1852),(1626,13422),(203,12121),(205,13550),(204,12937),(206,12725),(1528,12754),(1529,12717),(1530,2218),(1531,12797),(1358,14240),(1359,2216),(1360,12989),(1361,13244),(1348,12190),(1349,13358),(1346,13461),(1347,13428),(1759,13387),(1762,13047),(1761,12538),(1760,12686),(1040,12878),(1041,1917),(1042,2164),(1043,12570),(871,14050),(874,1886),(873,12960),(872,13579),(1728,1962),(1730,13787),(1729,1699),(1731,52047),(1065,12242),(1066,13682),(1067,2053),(1068,13280),(458,12463),(459,12951),(460,1885),(461,12864),(302,13595),(303,2084),(305,12829),(304,1685),(755,13476),(756,2090),(757,12492),(754,13593),(178,13808),(179,13587),(180,12554),(1494,13908),(1495,12553),(1496,1618),(1497,12335),(221,12990),(220,13295),(223,12263),(222,12206),(419,2004),(420,1880),(421,13926),(422,13392),(1189,2179),(1191,8784),(1190,12110),(1192,13585),(1717,12147),(1720,12733),(1719,12385),(1718,12282),(1009,12223),(1010,8728),(1011,13753),(1012,13565),(403,12030),(404,1973),(406,12268),(405,1863),(1309,11954),(1310,11999),(1311,12649),(1312,12847),(1409,12257),(1410,13758),(1411,12045),(1412,13415),(1647,14137),(1646,13317),(1649,12673),(1648,12489),(1376,13407),(1378,12120),(1377,12201),(1379,13221),(1218,13566),(1219,1854),(1217,13127),(1220,13164),(1100,1749),(1101,12441),(1103,12002),(1102,13500),(543,1757),(544,12701),(546,12897),(545,1843),(450,1955),(451,12180),(453,2205),(452,2233),(916,12739),(919,2247),(917,13847),(918,8782),(1380,13702),(1381,1791),(1383,12702),(1382,13539),(1614,1735),(1615,12984),(1616,12549),(1617,13183),(1574,13571),(1576,8727),(1577,13821),(1575,1720),(165,12284),(168,2253),(166,12726),(167,12907),(173,12598),(174,13112),(176,2226),(175,2213),(343,1934),(346,13707),(345,12525),(344,13239),(596,14243),(597,14053),(598,14159),(599,12885),(1802,1948),(1803,13978),(1804,1672),(1805,2280),(1686,1763),(1688,2007),(1687,13088),(1689,1996),(920,12765),(921,1904),(923,13805),(922,13811),(1433,12545),(1434,14034),(1435,12924),(1436,8795),(1049,12573),(1050,1739),(1051,2240),(1052,2089),(1115,13390),(1117,8793),(1116,13788),(1118,14068),(1057,13962),(1058,13153),(1059,12003),(1060,2196),(353,1824),(354,1838),(355,2251),(352,13712),(1767,1721),(1768,12356),(1769,12363),(1770,2257),(1568,13166),(1569,1641),(1571,12330),(1570,13640),(1244,12238),(1245,12049),(1247,1710),(1246,14222),(530,13381),(531,13344),(532,13886),(533,1726),(1372,12565),(1373,2272),(1374,13292),(1375,1825),(827,13723),(828,12760),(829,13206),(830,12519),(1155,13304),(1158,2064),(1157,12004),(1156,13208),(687,13175),(690,14000),(689,12652),(688,12930),(1262,13556),(1263,2118),(1265,2244),(1264,1727),(1342,2180),(1343,1837),(1344,1640),(1345,2072),(1795,2094),(1797,2070),(1796,1930),(1798,1740),(207,1821),(208,2111),(210,1636),(209,2264),(1753,1627),(1756,2288),(1754,2201),(1755,1954),(738,8726),(740,1703),(741,1612),(739,2271),(470,1717),(471,2093),(472,13650),(473,11977),(436,1731),(438,12019),(439,12046),(437,13567),(446,2211),(449,12633),(447,12031),(448,12324),(1564,12837),(1566,13863),(1567,2153),(1565,13089),(1367,13172),(1369,12857),(1370,12746),(1368,13018),(848,13057),(850,14135),(849,12751),(851,12956),(937,2014),(938,13031),(939,1744),(940,12047),(1283,11997),(1284,13570),(1285,12636),(1286,12909),(1655,12344),(1657,13143),(1658,1800),(1656,1832),(509,1812),(510,2283),(511,12692),(512,13690),(1253,2028),(1254,1952),(1255,1897),(1256,1604),(104,1878),(107,1877),(106,1990),(105,1907),(1481,13784),(1482,1644),(1483,1961),(1484,13234),(604,12437),(606,2141),(607,1876),(605,13474),(1213,2121),(1214,2128),(1215,1706),(1216,2087),(713,2267),(714,1971),(715,2044),(716,2292),(51,1940),(52,1927),(53,2027),(54,2104),(1845,13970),(1846,2081),(1847,1768),(1848,13588),(586,2131),(587,2110),(589,12749),(588,2101),(148,1764),(149,12986),(150,13030),(151,14144),(370,13839),(371,13531),(373,1673),(372,13039),(135,12634),(136,1828),(137,2162),(138,13745),(811,11990),(812,1772),(814,12144),(813,2061),(276,1714),(277,1861),(278,1643),(279,1999),(997,1674),(1000,14014),(999,12705),(998,12532),(1274,12027),(1275,12614),(1276,12130),(1277,2130),(55,13609),(57,13346),(56,1629),(58,13794),(83,1792),(84,13451),(85,13196),(82,13331),(704,12259),(706,1626),(707,12434),(705,1660),(1631,2224),(1633,12445),(1632,13165),(1634,12226),(1150,14016),(1152,12510),(1153,1858),(1151,12423),(157,13752),(158,1850),(159,2030),(160,12108),(169,2229),(170,2207),(171,2071),(172,14035),(1180,13421),(1181,12227),(1182,1638),(1183,14003),(1519,12294),(1520,13696),(1521,2170),(1522,1888),(239,12306),(240,2276),(242,13680),(241,2058),(1270,1827),(1271,13109),(1272,13010),(1273,14139),(844,13957),(846,12946),(847,14180),(845,12232),(1053,1923),(1054,13106),(1055,12236),(1056,13083),(1736,14238),(1737,12931),(1738,13611),(1739,12942),(780,13837),(781,13973),(779,12635),(782,13005),(108,2161),(109,12905),(111,1892),(110,12415),(835,13683),(836,12103),(837,1926),(838,2248),(427,1781),(428,1901),(429,2295),(430,12975),(1295,1666),(1297,12377),(1298,13533),(1296,13568),(691,13070),(692,2259),(693,1713),(694,12710),(1515,13633),(1516,13385),(1517,1867),(1518,12493),(982,12780),(983,13193),(984,2116),(985,12724),(1765,13763),(1763,13363),(1764,12995),(1766,1745),(1036,12752),(1037,13438),(1038,13184),(1039,12304),(1816,12424),(1817,12502),(1818,1866),(1819,12288),(750,13202),(751,13247),(752,13462),(753,12279),(1077,13420),(1078,13586),(1079,13131),(1080,12163),(1663,13641),(1666,1680),(763,13242),(764,1722),(765,12224),(762,13530),(1081,12954),(1082,12910),(1083,13174),(1084,2025),(1697,13161),(1698,14043),(1699,1634),(1700,12408),(770,2115),(771,14046),(772,1691),(773,13140),(1073,8730),(1074,12943),(1075,13591),(1076,12640),(474,12976),(475,8725),(476,8724),(477,8723),(767,8721),(769,8719),(766,8722),(768,8720),(1133,8718),(1135,8716),(1136,8715),(1134,8717),(758,8714),(759,8713),(760,8712),(761,8711),(1536,8710),(1538,8708),(1539,8707),(1537,8709),(1597,8706),(1598,8705),(1600,8703),(1599,8704),(726,8702),(727,8701),(728,8757),(729,8756),(1221,8754),(1222,8755),(1223,8753),(1224,8752),(1771,8750),(1773,8748),(1772,8751),(1774,8749),(1061,8746),(1062,8747),(1064,8744),(1063,8745),(1401,8743),(1403,8742),(1402,8741),(1404,8740),(1176,13750),(1177,12586),(1178,13679),(1179,13748),(960,1795),(962,13032),(963,12889),(961,2068),(482,12852),(483,1751),(484,13272),(485,13442),(490,13933),(491,13416),(492,13790),(493,12585),(946,1851),(948,11982),(949,14227),(947,1752),(1838,12026),(1825,14230),(1826,13762),(1827,2148),(1828,12518),(1829,13659),(1069,14048),(1070,13081),(1071,12176),(1072,13613),(1833,1968),(1830,13523),(1832,14117),(1831,14118),(1834,1662),(1835,1988),(1836,1681),(1837,2154),(1083,8504),(474,1856),(1827,8502),(792,8501),(1844,13006),(567,2010),(568,14112),(566,2234),(565,1688),(1849,2262),(1850,13386),(1853,1945),(1856,2122),(1855,14105),(1854,14106),(1857,1623),(1859,11978),(1860,13800),(1861,12619),(1862,13735),(1864,14121),(1865,13478),(1866,2242),(1867,2020),(1863,1868),(1868,13117),(1792,13397),(1793,12444),(1393,8521),(1773,8500),(221,1931),(907,8520),(985,8519),(1006,14198),(1008,14101),(1008,8523),(1006,8522),(966,8518),(295,13996),(1795,14062),(1709,8517),(177,12218),(39,8515),(752,12336),(714,14084),(1719,13740),(1759,12762),(858,8514),(386,8513),(1155,8511),(473,8510),(588,8509),(424,8508),(730,8505),(1703,8506),(683,8507),(1170,12757),(1562,2230),(966,13368),(1498,8758),(1757,8759),(962,8760),(1664,12064),(1665,14096),(1453,8761);
/*!40000 ALTER TABLE `rider_rfid` ENABLE KEYS */;
UNLOCK TABLES;

--
-- Table structure for table `standings`
--

DROP TABLE IF EXISTS `standings`;
/*!40101 SET @saved_cs_client     = @@character_set_client */;
/*!40101 SET character_set_client = utf8 */;
CREATE TABLE `standings` (
  `team_id` int(4) NOT NULL DEFAULT '0',
  `class` char(2) NOT NULL DEFAULT '',
  `laps` int(4) NOT NULL DEFAULT '0',
  `last_lap_finish_ts` double(11,5) NOT NULL DEFAULT '0.00000',
  KEY `standings__llap_finish_ts__idx` (`last_lap_finish_ts`)
) ENGINE=MyISAM DEFAULT CHARSET=latin1;
/*!40101 SET character_set_client = @saved_cs_client */;

--
-- Dumping data for table `standings`
--

LOCK TABLES `standings` WRITE;
/*!40000 ALTER TABLE `standings` DISABLE KEYS */;
INSERT INTO `standings` VALUES (114,'ME',18,999999.99999),(115,'ME',16,999999.99999),(116,'C2',10,999999.99999),(117,'ME',17,999999.99999),(118,'ME',16,999999.99999),(120,'ME',19,999999.99999),(122,'ME',15,999999.99999),(123,'ME',18,999999.99999),(211,'C5',12,999999.99999),(212,'C5',16,999999.99999),(213,'C5',17,999999.99999),(214,'C5',14,999999.99999),(215,'C5',16,999999.99999),(216,'C5',14,999999.99999),(217,'C5',12,999999.99999),(218,'C5',15,999999.99999),(124,'ME',15,999999.99999),(125,'ME',16,999999.99999),(127,'ME',19,999999.99999),(128,'WE',16,999999.99999),(129,'WE',14,999999.99999),(130,'WE',16,999999.99999),(131,'WE',14,999999.99999),(132,'WE',15,999999.99999),(121,'ME',10,999999.99999),(353,'MS',12,999999.99999),(57,'M1',3,999999.99999),(478,'MS',11,999999.99999),(68,'W1',7,999999.99999),(19,'M1',3,999999.99999),(29,'M1',3,999999.99999),(467,'MC',11,999999.99999),(219,'C5',18,999999.99999),(133,'WE',15,999999.99999),(134,'WE',14,999999.99999),(135,'WE',14,999999.99999),(136,'C5',14,999999.99999),(137,'C5',15,999999.99999),(79,'M1',2,999999.99999),(138,'C5',18,999999.99999),(139,'C5',13,999999.99999),(140,'C5',14,999999.99999),(141,'C5',15,999999.99999),(143,'C5',14,999999.99999),(483,'M1',8,999999.99999),(32,'M1',8,999999.99999),(270,'MS',15,999999.99999),(144,'C5',15,999999.99999),(145,'C5',14,999999.99999),(146,'C5',14,999999.99999),(64,'M1',6,999999.99999),(93,'C2',7,999999.99999),(220,'C5',14,999999.99999),(221,'C5',14,999999.99999),(222,'C5',17,999999.99999),(223,'C5',14,999999.99999),(224,'C5',12,999999.99999),(147,'C5',12,999999.99999),(148,'C5',10,999999.99999),(149,'C5',14,999999.99999),(150,'C5',15,999999.99999),(151,'C5',16,999999.99999),(152,'C5',12,999999.99999),(153,'C5',16,999999.99999),(154,'C5',15,999999.99999),(156,'C5',13,999999.99999),(25,'M1',9,999999.99999),(63,'M1',4,999999.99999),(250,'MS',14,999999.99999),(157,'C5',15,999999.99999),(158,'C5',15,999999.99999),(159,'C5',15,999999.99999),(160,'C5',12,999999.99999),(161,'C5',15,999999.99999),(162,'C5',14,999999.99999),(163,'C5',14,999999.99999),(164,'C5',11,999999.99999),(165,'C5',13,999999.99999),(166,'C5',13,999999.99999),(225,'C5',13,999999.99999),(226,'C5',12,999999.99999),(167,'C5',12,999999.99999),(168,'C5',12,999999.99999),(169,'C5',14,999999.99999),(2,'CP',19,999999.99999),(3,'CP',18,999999.99999),(4,'CP',19,999999.99999),(5,'CP',20,999999.99999),(6,'CP',18,999999.99999),(11,'M1',3,999999.99999),(8,'M1',13,999999.99999),(9,'M1',13,999999.99999),(279,'MS',15,999999.99999),(280,'C5',9,999999.99999),(281,'MS',13,999999.99999),(10,'M1',9,999999.99999),(12,'M1',10,999999.99999),(13,'M1',8,999999.99999),(14,'M1',15,999999.99999),(15,'M1',6,999999.99999),(33,'M1',7,999999.99999),(170,'C5',15,999999.99999),(171,'C5',12,999999.99999),(172,'C5',15,999999.99999),(173,'C5',14,999999.99999),(174,'C5',13,999999.99999),(16,'M1',16,999999.99999),(17,'M1',6,999999.99999),(18,'M1',9,999999.99999),(20,'M1',7,999999.99999),(227,'C5',12,999999.99999),(228,'C5',13,999999.99999),(229,'C5',13,999999.99999),(230,'C5',15,999999.99999),(231,'C5',18,999999.99999),(232,'C5',16,999999.99999),(233,'C5',15,999999.99999),(234,'C5',15,999999.99999),(235,'MV',17,999999.99999),(30,'M1',12,999999.99999),(21,'M1',9,999999.99999),(22,'M1',15,999999.99999),(23,'M1',12,999999.99999),(24,'M1',11,999999.99999),(26,'M1',7,999999.99999),(28,'M1',13,999999.99999),(34,'M1',16,999999.99999),(175,'C5',17,999999.99999),(176,'C5',12,999999.99999),(177,'C5',13,999999.99999),(178,'C5',14,999999.99999),(31,'M1',7,999999.99999),(35,'M1',14,999999.99999),(36,'M1',11,999999.99999),(37,'M1',11,999999.99999),(38,'M1',12,999999.99999),(39,'M1',7,999999.99999),(251,'MS',15,999999.99999),(252,'MS',17,999999.99999),(253,'MS',15,999999.99999),(254,'MS',15,999999.99999),(255,'MS',11,999999.99999),(256,'MS',14,999999.99999),(257,'MS',16,999999.99999),(258,'MS',15,999999.99999),(61,'M1',4,999999.99999),(259,'MS',16,999999.99999),(119,'ME',8,999999.99999),(53,'M1',3,999999.99999),(42,'M1',6,999999.99999),(463,'MC',8,999999.99999),(179,'C5',13,999999.99999),(180,'C5',16,999999.99999),(181,'C5',14,999999.99999),(182,'C5',16,999999.99999),(7,'M1',8,999999.99999),(40,'M1',13,999999.99999),(41,'M1',8,999999.99999),(43,'M1',11,999999.99999),(44,'M1',15,999999.99999),(45,'M1',10,999999.99999),(155,'MS',9,999999.99999),(49,'M1',5,999999.99999),(299,'MS',8,999999.99999),(60,'M1',3,999999.99999),(126,'ME',12,999999.99999),(46,'M1',7,999999.99999),(47,'M1',6,999999.99999),(271,'MS',16,999999.99999),(272,'MS',16,999999.99999),(273,'MS',17,999999.99999),(274,'MS',14,999999.99999),(275,'MS',9,999999.99999),(276,'MS',16,999999.99999),(277,'MS',16,999999.99999),(278,'MS',17,999999.99999),(351,'MS',11,999999.99999),(48,'M1',9,999999.99999),(50,'M1',13,999999.99999),(51,'M1',15,999999.99999),(52,'M1',9,999999.99999),(54,'M1',9,999999.99999),(55,'M1',11,999999.99999),(77,'C2',5,999999.99999),(183,'C5',14,999999.99999),(184,'C5',9,999999.99999),(185,'MS',12,999999.99999),(186,'C5',11,999999.99999),(187,'C5',13,999999.99999),(188,'C5',15,999999.99999),(189,'MS',12,999999.99999),(190,'C5',15,999999.99999),(142,'C5',11,999999.99999),(58,'M1',13,999999.99999),(59,'M1',15,999999.99999),(65,'M1',12,999999.99999),(66,'W1',6,999999.99999),(67,'W1',12,999999.99999),(69,'W1',12,999999.99999),(71,'W1',13,999999.99999),(72,'W1',12,999999.99999),(73,'W1',12,999999.99999),(74,'C2',15,999999.99999),(236,'MS',9,999999.99999),(237,'MS',15,999999.99999),(238,'MS',12,999999.99999),(239,'MS',16,999999.99999),(240,'MS',15,999999.99999),(241,'MS',18,999999.99999),(242,'MS',15,999999.99999),(243,'MS',16,999999.99999),(75,'C2',14,999999.99999),(76,'C2',18,999999.99999),(78,'C2',10,999999.99999),(80,'C2',7,999999.99999),(81,'C2',15,999999.99999),(82,'C2',11,999999.99999),(83,'C2',12,999999.99999),(84,'C2',12,999999.99999),(85,'C2',12,999999.99999),(466,'MC',8,999999.99999),(482,'C2',9,999999.99999),(191,'C5',15,999999.99999),(192,'C5',16,999999.99999),(193,'C5',13,999999.99999),(194,'C5',16,999999.99999),(86,'C2',16,999999.99999),(87,'C2',10,999999.99999),(88,'C2',16,999999.99999),(89,'C2',13,999999.99999),(90,'C2',13,999999.99999),(91,'C2',10,999999.99999),(92,'C2',10,999999.99999),(260,'MS',15,999999.99999),(261,'MS',12,999999.99999),(262,'MS',12,999999.99999),(263,'MS',9,999999.99999),(264,'MS',16,999999.99999),(265,'MS',14,999999.99999),(266,'MS',14,999999.99999),(267,'MS',15,999999.99999),(268,'MS',11,999999.99999),(269,'MS',14,999999.99999),(94,'C2',17,999999.99999),(95,'C2',9,999999.99999),(96,'C2',9,999999.99999),(98,'C2',17,999999.99999),(99,'C2',17,999999.99999),(100,'C2',16,999999.99999),(101,'M1',10,999999.99999),(195,'C5',15,999999.99999),(196,'C5',12,999999.99999),(197,'C5',14,999999.99999),(198,'C5',15,999999.99999),(199,'C5',11,999999.99999),(200,'C5',16,999999.99999),(201,'C5',15,999999.99999),(102,'ME',19,999999.99999),(103,'ME',18,999999.99999),(104,'ME',16,999999.99999),(105,'ME',17,999999.99999),(107,'ME',18,999999.99999),(108,'ME',18,999999.99999),(244,'MS',15,999999.99999),(245,'MS',14,999999.99999),(246,'ME',16,999999.99999),(247,'MS',17,999999.99999),(248,'MS',14,999999.99999),(249,'MS',13,999999.99999),(109,'ME',18,999999.99999),(110,'ME',17,999999.99999),(111,'ME',20,999999.99999),(112,'ME',16,999999.99999),(113,'ME',17,999999.99999),(202,'C5',11,999999.99999),(203,'C5',14,999999.99999),(204,'C5',15,999999.99999),(205,'C5',16,999999.99999),(206,'C5',14,999999.99999),(207,'C5',14,999999.99999),(208,'C5',14,999999.99999),(209,'C5',17,999999.99999),(210,'C5',13,999999.99999),(282,'MS',14,999999.99999),(283,'MS',14,999999.99999),(284,'MS',15,999999.99999),(285,'MS',16,999999.99999),(286,'MS',10,999999.99999),(287,'MS',16,999999.99999),(288,'MS',12,999999.99999),(289,'MS',17,999999.99999),(290,'MS',14,999999.99999),(291,'MS',14,999999.99999),(292,'MS',18,999999.99999),(293,'MS',12,999999.99999),(294,'MS',15,999999.99999),(295,'MS',15,999999.99999),(296,'MS',9,999999.99999),(297,'MS',17,999999.99999),(298,'MS',15,999999.99999),(300,'MS',14,999999.99999),(301,'MS',17,999999.99999),(302,'MS',16,999999.99999),(303,'MS',15,999999.99999),(304,'MS',14,999999.99999),(305,'MV',16,999999.99999),(306,'MS',9,999999.99999),(307,'MS',13,999999.99999),(308,'MS',14,999999.99999),(309,'MS',13,999999.99999),(310,'MS',16,999999.99999),(311,'MS',12,999999.99999),(312,'MS',13,999999.99999),(313,'MS',14,999999.99999),(314,'MS',14,999999.99999),(315,'MS',17,999999.99999),(316,'MS',14,999999.99999),(317,'MS',12,999999.99999),(318,'MS',15,999999.99999),(319,'MS',16,999999.99999),(320,'MS',18,999999.99999),(321,'MS',13,999999.99999),(322,'MS',12,999999.99999),(323,'MS',16,999999.99999),(324,'MS',16,999999.99999),(325,'MS',14,999999.99999),(326,'MS',15,999999.99999),(327,'MS',14,999999.99999),(328,'MS',16,999999.99999),(329,'MS',12,999999.99999),(330,'MS',14,999999.99999),(331,'MS',16,999999.99999),(332,'MS',16,999999.99999),(333,'MS',16,999999.99999),(334,'MS',14,999999.99999),(335,'MS',12,999999.99999),(336,'MS',14,999999.99999),(337,'MS',14,999999.99999),(338,'MS',12,999999.99999),(339,'MS',11,999999.99999),(340,'MS',17,999999.99999),(341,'MS',15,999999.99999),(342,'MS',16,999999.99999),(343,'MS',14,999999.99999),(344,'MS',16,999999.99999),(345,'MS',14,999999.99999),(346,'MS',14,999999.99999),(347,'MS',16,999999.99999),(348,'MS',17,999999.99999),(349,'MS',15,999999.99999),(350,'MS',15,999999.99999),(352,'MS',14,999999.99999),(354,'MS',15,999999.99999),(355,'MS',14,999999.99999),(356,'MS',17,999999.99999),(357,'MS',13,999999.99999),(358,'MS',16,999999.99999),(359,'MS',11,999999.99999),(360,'MS',14,999999.99999),(361,'MS',14,999999.99999),(362,'MS',15,999999.99999),(363,'MS',17,999999.99999),(364,'MS',15,999999.99999),(365,'MV',15,999999.99999),(366,'MS',15,999999.99999),(367,'MS',14,999999.99999),(368,'MS',13,999999.99999),(369,'MS',7,999999.99999),(370,'MS',15,999999.99999),(371,'MS',13,999999.99999),(372,'MS',14,999999.99999),(373,'MS',12,999999.99999),(374,'MS',13,999999.99999),(375,'MS',16,999999.99999),(376,'MS',10,999999.99999),(377,'MS',14,999999.99999),(378,'WS',13,999999.99999),(379,'WS',13,999999.99999),(380,'WS',13,999999.99999),(381,'WS',15,999999.99999),(382,'WS',11,999999.99999),(383,'WS',12,999999.99999),(384,'WS',12,999999.99999),(385,'WS',14,999999.99999),(386,'WS',12,999999.99999),(387,'WS',13,999999.99999),(388,'WS',13,999999.99999),(389,'WS',12,999999.99999),(390,'WS',14,999999.99999),(391,'WS',11,999999.99999),(392,'WS',14,999999.99999),(393,'WS',10,999999.99999),(394,'SR',16,999999.99999),(395,'SR',18,999999.99999),(396,'SR',16,999999.99999),(397,'SR',14,999999.99999),(398,'SR',16,999999.99999),(399,'SR',12,999999.99999),(400,'SR',17,999999.99999),(401,'ME',17,999999.99999),(402,'MV',12,999999.99999),(403,'MV',12,999999.99999),(404,'MV',17,999999.99999),(405,'MV',12,999999.99999),(406,'MV',14,999999.99999),(407,'MV',14,999999.99999),(408,'MV',14,999999.99999),(409,'MV',16,999999.99999),(410,'MV',15,999999.99999),(411,'MV',13,999999.99999),(412,'MV',16,999999.99999),(413,'MV',6,999999.99999),(414,'ME',18,999999.99999),(417,'MV',14,999999.99999),(418,'MV',14,999999.99999),(419,'MV',17,999999.99999),(420,'MV',14,999999.99999),(421,'MV',12,999999.99999),(422,'MV',14,999999.99999),(423,'MV',14,999999.99999),(424,'MV',14,999999.99999),(425,'MV',12,999999.99999),(426,'MV',10,999999.99999),(427,'MV',18,999999.99999),(429,'MV',16,999999.99999),(430,'WV',16,999999.99999),(431,'WV',10,999999.99999),(432,'WV',13,999999.99999),(433,'WV',11,999999.99999),(434,'WV',13,999999.99999),(435,'WV',15,999999.99999),(436,'MM',12,999999.99999),(437,'MM',16,999999.99999),(438,'MM',17,999999.99999),(439,'MM',17,999999.99999),(440,'MM',18,999999.99999),(441,'MM',13,999999.99999),(442,'MM',16,999999.99999),(443,'MM',17,999999.99999),(444,'WM',10,999999.99999),(445,'MJ',14,999999.99999),(446,'MJ',18,999999.99999),(447,'MJ',15,999999.99999),(448,'MJ',17,999999.99999),(449,'MJ',10,999999.99999),(450,'MJ',17,999999.99999),(451,'MJ',15,999999.99999),(452,'MJ',8,999999.99999),(453,'MJ',14,999999.99999),(454,'MJ',12,999999.99999),(455,'MJ',14,999999.99999),(456,'MJ',14,999999.99999),(457,'MJ',15,999999.99999),(458,'MJ',17,999999.99999),(459,'WJ',11,999999.99999),(460,'MJ',15,999999.99999),(461,'WJ',13,999999.99999),(462,'WJ',13,999999.99999),(464,'MC',12,999999.99999),(465,'MC',17,999999.99999),(468,'MC',16,999999.99999),(469,'MC',15,999999.99999),(470,'MC',12,999999.99999),(471,'MC',15,999999.99999),(472,'MC',15,999999.99999),(473,'MC',15,999999.99999),(474,'C5',13,999999.99999),(475,'C5',13,999999.99999),(476,'MJ',7,999999.99999),(477,'MS',14,999999.99999),(480,'W1',8,999999.99999),(481,'ME',18,999999.99999),(484,'ME',16,999999.99999),(485,'MS',14,999999.99999),(486,'MV',18,999999.99999),(488,'M1',12,999999.99999),(489,'C2',16,999999.99999),(27,'M1',10,999999.99999),(97,'C2',13,999999.99999),(487,'W1',8,999999.99999),(106,'ME',18,999999.99999);
/*!40000 ALTER TABLE `standings` ENABLE KEYS */;
UNLOCK TABLES;

--
-- Table structure for table `team`
--

DROP TABLE IF EXISTS `team`;
/*!40101 SET @saved_cs_client     = @@character_set_client */;
/*!40101 SET character_set_client = utf8 */;
CREATE TABLE `team` (
  `id` int(4) NOT NULL AUTO_INCREMENT,
  `bib_number` int(4) DEFAULT NULL,
  `class` char(2) NOT NULL DEFAULT '',
  `name` varchar(40) NOT NULL DEFAULT '',
  `captain_id` int(4) DEFAULT NULL,
  `sponsor` text,
  `notes` text,
  PRIMARY KEY (`id`),
  UNIQUE KEY `team_name_key` (`name`),
  UNIQUE KEY `team_bib_number_key` (`bib_number`),
  KEY `team__id__idx` (`id`)
) ENGINE=MyISAM AUTO_INCREMENT=490 DEFAULT CHARSET=latin1;
/*!40101 SET character_set_client = @saved_cs_client */;

--
-- Dumping data for table `team`
--

LOCK TABLES `team` WRITE;
/*!40000 ALTER TABLE `team` DISABLE KEYS */;
INSERT INTO `team` VALUES (2,2,'CP','LUNACHIX /  WTB',144,NULL,NULL),(3,3,'CP','Rio Grande All Stars',1579,NULL,NULL),(4,4,'CP','SoBe/Cannondale',775,NULL,NULL),(5,5,'CP','Specialized',1234,NULL,NULL),(6,6,'CP','Tokyo Joe\'s',1671,NULL,NULL),(8,8,'M1','Barry, Shawn M.',1390,NULL,NULL),(9,9,'M1','Basinger, Peter E.',513,NULL,NULL),(10,10,'M1','Billingsley, Brad',417,NULL,NULL),(12,12,'M1','Borges, Marty D.',76,NULL,NULL),(13,13,'M1','Brinton, Craig',774,NULL,NULL),(14,14,'M1','Brown, Jon',1822,NULL,NULL),(15,15,'M1','Bushaw, Keith R.',1540,NULL,NULL),(16,16,'M1','Chambers, Cameron D.',915,NULL,NULL),(17,17,'M1','D\'Andrea, Pete M.',909,NULL,NULL),(18,18,'M1','Dean, James P.',445,NULL,NULL),(20,20,'M1','Dill, Ronald G.',238,NULL,NULL),(21,21,'M1','Dolpp, Alexander',964,NULL,NULL),(22,22,'M1','Duke, Benjamin P.',130,NULL,NULL),(23,23,'M1','Eskins, Chad E.',941,NULL,NULL),(24,24,'M1','Fisher, Jared',1114,NULL,NULL),(27,27,'M1','Golembiewski, Marty M.',323,NULL,NULL),(28,28,'M1','Grant, Mike R.',1389,NULL,NULL),(34,34,'M1','Juarez, David t.',202,NULL,NULL),(35,35,'M1','Kindig, Jonathan V.',981,NULL,NULL),(36,36,'M1','Lane, Geoffrey A.',65,NULL,NULL),(37,37,'M1','Marmsater, Fred',1154,NULL,NULL),(38,38,'M1','Martin, Glenn G.',1423,NULL,NULL),(39,39,'M1','McDonald, Jack',1123,NULL,NULL),(40,40,'M1','Morgan, Brett',1794,NULL,NULL),(41,41,'M1','Myers, Doug',1,NULL,NULL),(43,43,'M1','Ohran, Matt',1592,NULL,NULL),(44,44,'M1','Oleson, Chad R.',801,NULL,NULL),(45,45,'M1','Passant, Ethan A.',1426,NULL,NULL),(46,46,'M1','Peduto, Tony M.',1542,NULL,NULL),(47,47,'M1','Phillips, Martin K.',1391,NULL,NULL),(48,48,'M1','Pickett-Heaps, David A.',1572,NULL,NULL),(50,50,'M1','Reichley, Thaddeus B.',1287,NULL,NULL),(51,51,'M1','Ross, Nat A.',987,NULL,NULL),(52,52,'M1','Rozen, jeremy',1243,NULL,NULL),(54,54,'M1','Tatos, Ted P.',1424,NULL,NULL),(55,55,'M1','Testa, Paul C.',1573,NULL,NULL),(58,58,'M1','Wilkinson, Fred',1432,NULL,NULL),(59,59,'M1','Wilson, Dawes',1035,NULL,NULL),(65,65,'M1','Bergman, Bryan',1843,NULL,NULL),(66,66,'W1','Begy, Cristina M.',1701,NULL,NULL),(67,67,'W1','Gould, Georgia H.',1288,NULL,NULL),(69,69,'W1','Mattingly, Kelley M.',573,NULL,NULL),(71,71,'W1','Stevenson, Tricia L.',1748,NULL,NULL),(72,72,'W1','White, Kerry',1467,NULL,NULL),(73,73,'W1','Woodbury, Jenna',1371,NULL,NULL),(74,74,'C2','1/2 Rat Pack',401,NULL,NULL),(75,75,'C2','Again with 2, Again IT WILL NOT RAIN',1757,NULL,NULL),(76,76,'C2','Biogen',1601,NULL,NULL),(78,78,'C2','BUTT-R UP!',979,NULL,NULL),(80,80,'C2','Cyclelogically Bent',632,NULL,NULL),(81,81,'C2','DEAN BIKES/SoBe Cannondale',1293,NULL,NULL),(82,82,'C2','Four Nuts on a Bike',898,NULL,NULL),(83,83,'C2','JACK-O-PIGLET Racing',243,NULL,NULL),(84,84,'C2','junkyard dogs',30,NULL,NULL),(85,85,'C2','Just 2 Shmoes',630,NULL,NULL),(86,86,'C2','Landis Cyclery',415,NULL,NULL),(87,87,'C2','los burros borrachos',1690,NULL,NULL),(88,88,'C2','Numb and Nummer',44,NULL,NULL),(89,89,'C2','Pinnacle Dental',595,NULL,NULL),(90,90,'C2','Podium Free',869,NULL,NULL),(91,91,'C2','Rocinante / Two for Tallulah',528,NULL,NULL),(92,92,'C2','Seri Superstars',1112,NULL,NULL),(94,94,'C2','Short Bus',1820,NULL,NULL),(95,95,'C2','Sisterlicious/Team Sugar',1548,NULL,NULL),(96,96,'C2','Sleep Apnea Relapse',675,NULL,NULL),(97,97,'C2','Squeaky Rhino Riot',1790,NULL,NULL),(98,98,'C2','The Fast and the Flatulent',1640,NULL,NULL),(99,99,'C2','Trek factory/alumni team',1684,NULL,NULL),(100,100,'C2','WRC/Specialized',1792,NULL,NULL),(101,101,'M1','Satio, Yuki',1726,NULL,NULL),(102,102,'ME','505 Durango Dogstingers',905,NULL,NULL),(103,103,'ME','Adventure Cycling',988,NULL,NULL),(104,104,'ME','CES Cycling',1338,NULL,NULL),(105,105,'ME','David and the Goliaths',1442,NULL,NULL),(106,106,'ME','Detoxamin',1786,NULL,NULL),(107,107,'ME','Elephant Riders',1550,NULL,NULL),(108,108,'ME','G.A.S.',831,NULL,NULL),(109,109,'ME','Great Adventure',375,NULL,NULL),(110,110,'ME','HOPS',294,NULL,NULL),(111,111,'ME','Joe\'s Wingmen',1104,NULL,NULL),(112,112,'ME','Kobe\'s jury',815,NULL,NULL),(113,113,'ME','Mad Dog #1/NiteRider',709,NULL,NULL),(114,114,'ME','Marmot  Power',1642,NULL,NULL),(115,115,'ME','Our Ass Handed to Us',285,NULL,NULL),(117,117,'ME','Sore Saddle Cyclery',1354,NULL,NULL),(118,118,'ME','Squirrel Pelt',1778,NULL,NULL),(120,120,'ME','Still Crusty...',454,NULL,NULL),(122,122,'ME','Team Hops',1318,NULL,NULL),(123,123,'ME','The 4 Horsemen',1119,NULL,NULL),(124,124,'ME','The BC Boys',1419,NULL,NULL),(125,125,'ME','The Pine Boxes',1397,NULL,NULL),(127,127,'ME','UberLube',379,NULL,NULL),(128,128,'WE','High Maintenance',852,NULL,NULL),(129,129,'WE','Honey Stinger Queen Bees',792,NULL,NULL),(130,130,'WE','Jan\'s',1278,NULL,NULL),(131,131,'WE','mtbchick.com - expert',861,NULL,NULL),(132,132,'WE','Rockin\' RE/MAX Riders',1266,NULL,NULL),(133,133,'WE','Sugar A/Clif Bar/White Pine Touring',1142,NULL,NULL),(134,134,'WE','Tokyo Joes/Vail Summit Ortho',823,NULL,NULL),(135,135,'WE','Vagisaurus Wrex-The Revenge',1455,NULL,NULL),(136,136,'C5','24 Happy Hours Team',333,NULL,NULL),(137,137,'C5','3 Legged Coyotes & the Goddess',181,NULL,NULL),(138,138,'C5','Rim Cutters',839,NULL,NULL),(139,139,'C5','4 Guts and a Girl',280,NULL,NULL),(140,140,'C5','4 Jerks & a Squirt',1692,NULL,NULL),(141,141,'C5','4 Poles & A Bean Hole',1543,NULL,NULL),(143,143,'C5','And miles to go before I sleep',383,NULL,NULL),(144,144,'C5','Aponi & 4 Buckaroos',900,NULL,NULL),(145,145,'C5','Asleep In The Saddle',1313,NULL,NULL),(146,146,'C5','Aspire',806,NULL,NULL),(147,147,'C5','axles of evil',965,NULL,NULL),(148,148,'C5','barley, malt and bunny hops',590,NULL,NULL),(149,149,'C5','Beer Eye for the bike Guys (and gal)',1384,NULL,NULL),(150,150,'C5','Bike Me',608,NULL,NULL),(151,151,'C5','Boulder TNR',884,NULL,NULL),(152,152,'C5','Bramayama',59,NULL,NULL),(153,153,'C5','Breakfast Club',1703,NULL,NULL),(154,154,'C5','Breckenridge Ski Resort',875,NULL,NULL),(156,156,'C5','Cat Food',547,NULL,NULL),(157,157,'C5','Chuchos de la Noche',699,NULL,NULL),(158,158,'C5','Clammy Chamois',1095,NULL,NULL),(159,159,'C5','Crank One Off',1025,NULL,NULL),(160,160,'C5','Dazed and Confused',224,NULL,NULL),(161,161,'C5','Dead Cow Locals',1603,NULL,NULL),(162,162,'C5','Dirt Rag',39,NULL,NULL),(163,163,'C5','Dude! Where\'s My Bike',1362,NULL,NULL),(164,164,'C5','Easy Gears and Cold Beers',121,NULL,NULL),(165,165,'C5','Fat and Happy The Sequel',1498,NULL,NULL),(166,166,'C5','Fat Tired Riders',245,NULL,NULL),(167,167,'C5','Fattire Fishermen',682,NULL,NULL),(168,168,'C5','Fine Whine',70,NULL,NULL),(169,169,'C5','Four Cogs and a Brunette',613,NULL,NULL),(170,170,'C5','Four Dudes and a Diva',1554,NULL,NULL),(171,171,'C5','Four Sausages and a Doughnut',534,NULL,NULL),(172,172,'C5','Franks and Bean',1171,NULL,NULL),(173,173,'C5','Front Range Milts',1618,NULL,NULL),(174,174,'C5','FUBAR',787,NULL,NULL),(175,175,'C5','Glow Ride',670,NULL,NULL),(176,176,'C5','Go Slo/EDAW',139,NULL,NULL),(177,177,'C5','Greasy Sprockets',1476,NULL,NULL),(178,178,'C5','Holy Rollers',91,NULL,NULL),(179,179,'C5','Hop, Skip, Jump and Go Naked',1392,NULL,NULL),(180,180,'C5','I hope they didn\'t miss the trail..',1184,NULL,NULL),(181,181,'C5','Integrated P.T. Flyers',1437,NULL,NULL),(182,182,'C5','Ironclad- Blazing Saddles',955,NULL,NULL),(183,183,'C5','JARID_NOT_FROM_SUBWAY',523,NULL,NULL),(184,184,'C5','Jimbo\'s Bike (Iron Clad)',116,NULL,NULL),(185,185,'MS','Kathy\'s Lap Dance',1044,NULL,NULL),(186,186,'C5','KC and the Tall Shine Band',21,NULL,NULL),(187,187,'C5','LAS VEGAS CYCLERY/ESCAPE ADVENTURES',1085,NULL,NULL),(188,188,'C5','leave it to the beav',1124,NULL,NULL),(190,190,'C5','Lung Buttah',1712,NULL,NULL),(191,191,'C5','Mad Dog #3',717,NULL,NULL),(192,192,'C5','Maverick Sports / Clammy Chamois',258,NULL,NULL),(193,193,'C5','Mean in Moab',1635,NULL,NULL),(194,194,'C5','MOAB CYCLERY/ESCAPE ADVENTURES',1090,NULL,NULL),(195,195,'C5','Nocturnal Mission',86,NULL,NULL),(196,196,'C5','Numb & Number',211,NULL,NULL),(197,197,'C5','One Fine Chic Will Do',1197,NULL,NULL),(198,198,'C5','Optic Nerve Lovers',1304,NULL,NULL),(199,199,'C5','OSOLAZY',494,NULL,NULL),(200,200,'C5','PBR StreetGang',1587,NULL,NULL),(201,201,'C5','PedalMasher.com',338,NULL,NULL),(202,202,'C5','PedalMasher.com Too',1650,NULL,NULL),(203,203,'C5','Pharmanex',1350,NULL,NULL),(204,204,'C5','Pink Sippy Cups',1208,NULL,NULL),(205,205,'C5','Pricks and Drunks',1489,NULL,NULL),(206,206,'C5','Probably Last',12,NULL,NULL),(207,207,'C5','The Stingers',1257,NULL,NULL),(208,208,'C5','Queso',951,NULL,NULL),(209,209,'C5','Racer\'s Cycle Service',1811,NULL,NULL),(210,210,'C5','Radscheune Erfurt (Bike Barn)',518,NULL,NULL),(211,211,'C5','R.A.T.',271,NULL,NULL),(212,212,'C5','Reposado',392,NULL,NULL),(213,213,'C5','Revolution Mtn Sports',889,NULL,NULL),(214,214,'C5','Riders on the Storm',910,NULL,NULL),(215,215,'C5','Screaming Scrotums 5',619,NULL,NULL),(216,216,'C5','See and Be Seen',1679,NULL,NULL),(217,217,'C5','Shew\'s Crew',1225,NULL,NULL),(218,218,'C5','Slow Pokes 2',1559,NULL,NULL),(219,219,'C5','SMVCO',1030,NULL,NULL),(220,220,'C5','Spacely Sprockets',856,NULL,NULL),(221,221,'C5','Special Forces',1413,NULL,NULL),(222,222,'C5','Steamboat Springs Slick Shifters',928,NULL,NULL),(223,223,'C5','Surfside',1137,NULL,NULL),(224,224,'C5','Synergy',504,NULL,NULL),(225,225,'C5','Ten Ten/ Chopper Cooperative',1238,NULL,NULL),(226,226,'C5','The Bottom Brackets',440,NULL,NULL),(227,227,'C5','The Derailed Princesses',499,NULL,NULL),(228,228,'C5','The Laming Flips',100,NULL,NULL),(229,229,'C5','The Mullets',356,NULL,NULL),(230,230,'C5','The Sofa King\'s',314,NULL,NULL),(231,231,'C5','Those Wankers From Iowa',1721,NULL,NULL),(232,232,'C5','Voler & Velowear.com',1427,NULL,NULL),(233,233,'C5','Vulture Fodder',974,NULL,NULL),(234,234,'C5','Waterside West',1523,NULL,NULL),(236,236,'MS','150% Macho',131,NULL,NULL),(237,237,'MS','1 Potato, 2 Potato, 3 Potato, Spud!',1322,NULL,NULL),(238,238,'MS','3 Idiots and a Fast Guy',1608,NULL,NULL),(239,239,'MS','3 X W + Z',1330,NULL,NULL),(240,240,'MS','720Sports.com',190,NULL,NULL),(241,241,'MS','aspen times',1299,NULL,NULL),(242,242,'MS','AzCoWy We Ramble',1446,NULL,NULL),(243,243,'MS','Baked and Ready',250,NULL,NULL),(244,244,'MS','Basil Cells',569,NULL,NULL),(245,245,'MS','Beach Cities Rolling Blackout',1511,NULL,NULL),(247,247,'MS','Bike Geeks',161,NULL,NULL),(248,248,'MS','Blood, Sweat and Urine',1463,NULL,NULL),(249,249,'MS','bramabanana',66,NULL,NULL),(250,250,'MS','Bulbulim',254,NULL,NULL),(251,251,'MS','Chainsmokers',1667,NULL,NULL),(252,252,'MS','Chamois Butter Boys!',1459,NULL,NULL),(253,253,'MS','Chivo Loco',462,NULL,NULL),(254,254,'MS','Colonel Angus',556,NULL,NULL),(255,255,'MS','Corn Dog Nuggets',1334,NULL,NULL),(256,256,'MS','Crash and Burn',695,NULL,NULL),(257,257,'MS','Cut and Jump club',1193,NULL,NULL),(258,258,'MS','Cyclopaths',1708,NULL,NULL),(259,259,'MS','Desert Derelicts',431,NULL,NULL),(260,260,'MS','diesel mechanics',1013,NULL,NULL),(261,261,'MS','Digger and The Endos',819,NULL,NULL),(262,262,'MS','Dirt Therapy',310,NULL,NULL),(263,263,'MS','DYHP Racing',933,NULL,NULL),(264,264,'MS','Eddie Van Halen Rules',1289,NULL,NULL),(265,265,'MS','El Chupacabra',125,NULL,NULL),(266,266,'MS','Enanos Locos',746,NULL,NULL),(267,267,'MS','Eurovan Trash',578,NULL,NULL),(268,268,'MS','Fatt Chance',865,NULL,NULL),(269,269,'MS','Four Cranks No Wench',267,NULL,NULL),(270,270,'MS','Four Dead Sexy Fat Bastards',514,NULL,NULL),(271,271,'MS','Frank the Tank Experience',942,NULL,NULL),(272,272,'MS','Frisco Boys',574,NULL,NULL),(273,273,'MS','FueledbyPowerBarPoweredbyFlatulence',1017,NULL,NULL),(274,274,'MS','Graysnburtis',924,NULL,NULL),(275,275,'MS','Green 2 Go',366,NULL,NULL),(276,276,'MS','Griswold family vacation to Moab',1021,NULL,NULL),(277,277,'MS','Halusky',742,NULL,NULL),(278,278,'MS','Harriet Jane\'s Revenge',1732,NULL,NULL),(279,279,'MS','Hickory House',1405,NULL,NULL),(280,280,'C5','High Lonesome',466,NULL,NULL),(281,281,'MS','High Street Hillbillies',290,NULL,NULL),(282,282,'MS','Inconceivable',1163,NULL,NULL),(283,283,'MS','Inflamed :',1202,NULL,NULL),(284,284,'MS','IRIE RIDERS',1450,NULL,NULL),(285,285,'MS','i want my two dollars',486,NULL,NULL),(286,286,'MS','Kick Back Fat Cracks/Dixie Desert',328,NULL,NULL),(287,287,'MS','knee length travel',1108,NULL,NULL),(288,288,'MS','Know Fear',1468,NULL,NULL),(289,289,'MS','Kobe Dogs',1583,NULL,NULL),(290,290,'MS','Last Year\'s Winning Team',112,NULL,NULL),(291,291,'MS','Leadville Daze',229,NULL,NULL),(292,292,'MS','Least  Expected',1740,NULL,NULL),(293,293,'MS','Looking To Improve',1744,NULL,NULL),(294,294,'MS','Lords of the (small) Ring',1593,NULL,NULL),(295,295,'MS','Los Ellos Nuevos',993,NULL,NULL),(296,296,'MS','Lube This!',634,NULL,NULL),(297,297,'MS','Mad Dog #4',722,NULL,NULL),(298,298,'MS','Marlboro',1230,NULL,NULL),(300,300,'MS','Metal Cowboys',26,NULL,NULL),(301,301,'MS','Mad Dog #6',1749,NULL,NULL),(302,302,'MS','Mitchell & Company',407,NULL,NULL),(303,303,'MS','MLT Providers',582,NULL,NULL),(304,304,'MS','Monkey Butts',1472,NULL,NULL),(305,305,'MV','Monkey Spankers',894,NULL,NULL),(306,306,'MS','M.O.T.o.R. Mayhem',734,NULL,NULL),(307,307,'MS','Nachos with side of Guacamole',880,NULL,NULL),(308,308,'MS','Nor\'easter',306,NULL,NULL),(309,309,'MS','No Sleep Till Monday',1659,NULL,NULL),(310,310,'MS','Olson Plumbing and Heating',970,NULL,NULL),(311,311,'MS','One lap, One Advil, One Beer',1326,NULL,NULL),(312,312,'MS','One Lap Wonders',539,NULL,NULL),(313,313,'MS','Pedaling Squares',319,NULL,NULL),(314,314,'MS','Pedalmasher.com California Streamin\'',1675,NULL,NULL),(315,315,'MS','Pedal Power/Marmot  -Sport',1782,NULL,NULL),(316,316,'MS','PM Taco Stalkers',1159,NULL,NULL),(317,317,'MS','PPPSSSHHH',397,NULL,NULL),(318,318,'MS','pud pullers',388,NULL,NULL),(319,319,'MS','Quadramaniacs',423,NULL,NULL),(320,320,'MS','Random Lunacy',1001,NULL,NULL),(321,321,'MS','Ride\'her Down',552,NULL,NULL),(322,322,'MS','Rollin Funk',1503,NULL,NULL),(323,323,'MS','RUA',783,NULL,NULL),(324,324,'MS','Rusticate',478,NULL,NULL),(325,325,'MS','Scalded Monkeys',35,NULL,NULL),(326,326,'MS','Screaming Alveoli',642,NULL,NULL),(327,327,'MS','Screamin\' Taint',730,NULL,NULL),(328,328,'MS','Sedona My Face',654,NULL,NULL),(329,329,'MS','SideTracks',216,NULL,NULL),(330,330,'MS','Sid Factor Seven',600,NULL,NULL),(331,331,'MS','Sierra Trading Post',362,NULL,NULL),(332,332,'MS','Sleestack Virus',1507,NULL,NULL),(333,333,'MS','Slickrock Cafe',1485,NULL,NULL),(334,334,'MS','Slogo',1807,NULL,NULL),(335,335,'MS','Smells Like Lobster',560,NULL,NULL),(336,336,'MS','Soggy Chamois',17,NULL,NULL),(337,337,'MS','So That\'s Chafing?',411,NULL,NULL),(338,338,'MS','Speedos and Tourniquets',1623,NULL,NULL),(339,339,'MS','Start Slow & Taper Off',203,NULL,NULL),(340,340,'MS','Swinging Links',1528,NULL,NULL),(341,341,'MS','T\'aint to blame for 24 hours of Pain',1358,NULL,NULL),(342,342,'MS','Team Go',1346,NULL,NULL),(343,343,'MS','Team Hansel',1759,NULL,NULL),(344,344,'MS','Team Novara',1040,NULL,NULL),(345,345,'MS','Teem Slim',871,NULL,NULL),(346,346,'MS','TeleThugs.com',1728,NULL,NULL),(347,347,'MS','Telluride Las Bicicletas De Luz',1065,NULL,NULL),(348,348,'MS','TellurideStyle',458,NULL,NULL),(349,349,'MS','Tenemos Mas Huevos',302,NULL,NULL),(350,350,'MS','The Big Hole Riders',754,NULL,NULL),(352,352,'MS','The Crack Monkeys',1494,NULL,NULL),(354,354,'MS','The Fly\'n Naked Apes',419,NULL,NULL),(355,355,'MS','The Jackers',1189,NULL,NULL),(356,356,'MS','The Keystone Evolution',1717,NULL,NULL),(357,357,'MS','The Lemmiwinks Experience',1009,NULL,NULL),(358,358,'MS','The Lone Riders',403,NULL,NULL),(359,359,'MS','The Potholes',1309,NULL,NULL),(360,360,'MS','The X Men',1409,NULL,NULL),(361,361,'MS','Three Desperates and a Hopeful',1646,NULL,NULL),(362,362,'MS','Threshing Sledge',1376,NULL,NULL),(363,363,'MS','Ti Cycles A.K.A. Sausage Kings of ZG',1217,NULL,NULL),(364,364,'MS','T-Rex Warriors',1100,NULL,NULL),(366,366,'MS','VO2 MINIMUM',450,NULL,NULL),(367,367,'MS','Weak, Fragile, Inept and Scared',916,NULL,NULL),(368,368,'MS','We ALL finish the race this time',1380,NULL,NULL),(369,369,'MS','Wednesday Night Action',1614,NULL,NULL),(370,370,'MS','Whatcha Talkin\' \'Bout Willis?!',1574,NULL,NULL),(371,371,'MS','Wheels Into The Sun',165,NULL,NULL),(372,372,'MS','Wheels Over Heels',173,NULL,NULL),(373,373,'MS','Whiskey Dicks',343,NULL,NULL),(374,374,'MS','Whistler Wizards',596,NULL,NULL),(375,375,'MS','Who Am I?',1802,NULL,NULL),(376,376,'MS','WhyTry',1686,NULL,NULL),(377,377,'MS','Woodchuck Riders',920,NULL,NULL),(378,378,'WS','Arapaho Warriors Women\'s Team',1433,NULL,NULL),(379,379,'WS','Battered Wives Club',1049,NULL,NULL),(380,380,'WS','Desert Divas',1115,NULL,NULL),(381,381,'WS','Divas of the Hub',1057,NULL,NULL),(382,382,'WS','Dust Bunnies',352,NULL,NULL),(383,383,'WS','Eye Candy of Pomeroy Sports',1767,NULL,NULL),(384,384,'WS','Headtubes and Boobs',1568,NULL,NULL),(385,385,'WS','Laporte\'s Telluride Cowgirls',1244,NULL,NULL),(386,386,'WS','mtbchick.com sport',530,NULL,NULL),(387,387,'WS','Perpetual Motion',1372,NULL,NULL),(388,388,'WS','Shifty Ladies',827,NULL,NULL),(389,389,'WS','Sugar B/White Pine Touring/Clif Bar',1155,NULL,NULL),(390,390,'WS','Teamboat',687,NULL,NULL),(391,391,'WS','The view\'s still better from behind.',1262,NULL,NULL),(392,392,'WS','V2V/Victory 2 Vagina',1342,NULL,NULL),(393,393,'WS','Was that YOUR Ass?!',1795,NULL,NULL),(394,394,'SR','Anvari Single Speeders',207,NULL,NULL),(395,395,'SR','Connect2.com/Beehive the Cat',1753,NULL,NULL),(396,396,'SR','Dum',738,NULL,NULL),(397,397,'SR','Jeet Yet? / Chipotle',470,NULL,NULL),(398,398,'SR','No Shift Sherlock',436,NULL,NULL),(399,399,'SR','Onedergirls',446,NULL,NULL),(400,400,'SR','One For The Road',1564,NULL,NULL),(401,401,'ME','Retrotec/Clif Bar',1367,NULL,NULL),(402,402,'MV','Beaver Liquors',848,NULL,NULL),(403,403,'MV','Bocrambit Eleete',937,NULL,NULL),(404,404,'MV','Born in the Stoned Age',1283,NULL,NULL),(405,405,'MV','East Coast Mud Loving Ass Draggers',1655,NULL,NULL),(406,406,'MV','Fat Tired Classics',509,NULL,NULL),(407,407,'MV','Four  Slow  Pokes',1253,NULL,NULL),(408,408,'MV','Golden Sports Re-Cyclery',104,NULL,NULL),(409,409,'MV','I Forgot',1481,NULL,NULL),(410,410,'MV','Lapdogs V',604,NULL,NULL),(411,411,'MV','Lumberjacks',1213,NULL,NULL),(412,412,'MV','Mad Dog #2',713,NULL,NULL),(414,414,'ME','Honey Stinger - Sting or Bee Stung',1845,NULL,NULL),(417,417,'MV','rubber side down',586,NULL,NULL),(418,418,'MV','Screamin\' Perineums',148,NULL,NULL),(419,419,'MV','The Blazing Saddle Sores',370,NULL,NULL),(420,420,'MV','The Breckenridge Sally\'s',135,NULL,NULL),(421,421,'MV','Travelling Tilburys',811,NULL,NULL),(422,422,'MV','Two Fat, Tyred & Cranky',276,NULL,NULL),(423,423,'MV','Two Pump Chumps-JV',997,NULL,NULL),(424,424,'MV','Uno Testicali Grande',1274,NULL,NULL),(425,425,'MV','Willie Bonk',55,NULL,NULL),(426,426,'MV','Willie Hurl',82,NULL,NULL),(427,427,'MV','Uno Testicali Tres Grande',704,NULL,NULL),(429,429,'MV','Zonie and the Rockheads',1631,NULL,NULL),(430,430,'WV','Mt. Sports Outlet Divas',1150,NULL,NULL),(431,431,'WV','Persephone at Dawn',157,NULL,NULL),(432,432,'WV','Team BOB (Babes on Bikes)',169,NULL,NULL),(433,433,'WV','The Magnificent Mofos of Madness',1180,NULL,NULL),(434,434,'WV','The Village Idiots',1519,NULL,NULL),(435,435,'WV','Vintage Whine',239,NULL,NULL),(436,436,'MM','4given',1270,NULL,NULL),(437,437,'MM','4 Old Men, 8 Numb Nuts',844,NULL,NULL),(438,438,'MM','Audios V.B.S.',1053,NULL,NULL),(439,439,'MM','Bontrager Wheelworks Masters',1736,NULL,NULL),(440,440,'MM','Colorado Alliance',779,NULL,NULL),(441,441,'MM','Crank\'in Old Men',108,NULL,NULL),(442,442,'MM','Old Dogs (Mad Dog #5)',835,NULL,NULL),(443,443,'MM','Too Young to Golf',427,NULL,NULL),(444,444,'WM','Dangerous Old Women',1295,NULL,NULL),(445,445,'MJ','Crumbs on ones',691,NULL,NULL),(446,446,'MJ','Durango Cyclery',1515,NULL,NULL),(447,447,'MJ','Fat Chickens',982,NULL,NULL),(448,448,'MJ','Junior Vail',1763,NULL,NULL),(449,449,'MJ','Last Place',1036,NULL,NULL),(450,450,'MJ','Outa Control',1816,NULL,NULL),(451,451,'MJ','RMCEF',750,NULL,NULL),(452,452,'MJ','SMBA Bridge/Breaks Unwanted',1077,NULL,NULL),(453,453,'MJ','The Inexhaustables',1663,NULL,NULL),(454,454,'MJ','Y-Riders Goof Troop',762,NULL,NULL),(455,455,'MJ','SMBA Bridge/Crank Yankers',1081,NULL,NULL),(456,456,'MJ','Why Are We Doing This!!!!',1697,NULL,NULL),(457,457,'MJ','Y-Riders Hydration Kings',770,NULL,NULL),(458,458,'MJ','SMBA Bridge/The Fantastic Four',1073,NULL,NULL),(459,459,'WJ','Barbie',474,NULL,NULL),(460,460,'MJ','Y-Riders LiL\' Pilsta-Starters',766,NULL,NULL),(461,461,'WJ','mtbchick.com-The Happy Hocky Family',1133,NULL,NULL),(462,462,'WJ','Y-Riders Dirty Blondes',758,NULL,NULL),(464,464,'MC','Big Big Love',1597,NULL,NULL),(465,465,'MC','Chicken Riders',726,NULL,NULL),(468,468,'MC','Grande Y Veloz',1061,NULL,NULL),(469,469,'MC','Half a Ton of Fun',1401,NULL,NULL),(470,470,'MC','no team name team',1176,NULL,NULL),(471,471,'MC','PHAT BASTARDS',960,NULL,NULL),(472,472,'MC','SNOTT ROCKETTS',482,NULL,NULL),(473,473,'MC','The Four Horsemen',490,NULL,NULL),(474,474,'C5','The Stagecoach',946,NULL,NULL),(475,475,'C5','The Cow Patty Ski Team',1825,NULL,NULL),(476,476,'MJ','SMBA Bridge/The Things',1069,NULL,NULL),(477,477,'MS','all season sports',1830,NULL,NULL),(480,480,'W1','James, Ann',1844,NULL,NULL),(481,481,'ME','The Noodle Incident',565,NULL,NULL),(484,484,'ME','Blow Up',1854,NULL,NULL),(485,485,'MS','Sleepless in the Saddle',1859,NULL,NULL),(486,486,'MV','Pedal Power',1864,NULL,NULL),(487,487,'W1','Otto, Simone D.',1863,NULL,NULL),(488,488,'M1','McDonald, Aiden',1868,NULL,NULL),(246,246,'ME','Big Ring Brews',1167,'',''),(489,489,'C2','Prime Alliance',1006,'',''),(116,116,'C2','Rollin\' Thunder (DSQ)',1005,NULL,NULL),(235,235,'MV','Weapons of ass destruction',77,'',''),(365,365,'MV','two buck chuck',543,'',''),(189,189,'MS','Lost Souls',347,'','');
/*!40000 ALTER TABLE `team` ENABLE KEYS */;
UNLOCK TABLES;
/*!40103 SET TIME_ZONE=@OLD_TIME_ZONE */;

/*!40101 SET SQL_MODE=@OLD_SQL_MODE */;
/*!40014 SET FOREIGN_KEY_CHECKS=@OLD_FOREIGN_KEY_CHECKS */;
/*!40014 SET UNIQUE_CHECKS=@OLD_UNIQUE_CHECKS */;
/*!40101 SET CHARACTER_SET_CLIENT=@OLD_CHARACTER_SET_CLIENT */;
/*!40101 SET CHARACTER_SET_RESULTS=@OLD_CHARACTER_SET_RESULTS */;
/*!40101 SET COLLATION_CONNECTION=@OLD_COLLATION_CONNECTION */;
/*!40111 SET SQL_NOTES=@OLD_SQL_NOTES */;

-- Dump completed on 2018-12-07 22:45:26
