--
-- Host: localhost    Database: grannyge_conyers2006
-- ------------------------------------------------------


--
-- Current Database: `grannyge_conyers2006`
--

CREATE DATABASE /*!32312 IF NOT EXISTS*/ `grannyge_conyers2006` /*!40100 DEFAULT CHARACTER SET latin1 */;

USE `grannyge_conyers2006`;

--
-- Table structure for table `rider`
--

CREATE TABLE `rider` (
  `uid` int(4) NOT NULL AUTO_INCREMENT,
  `team_name` varchar(36) NOT NULL DEFAULT '',
  `rank` varchar(10) NOT NULL DEFAULT '',
  `firstname` varchar(22) NOT NULL DEFAULT '',
  `lastname` varchar(15) NOT NULL DEFAULT '',
  `middleinit` char(1) DEFAULT NULL,
  `class` varchar(28) NOT NULL DEFAULT '',
  `ssn` varchar(11) DEFAULT NULL,
  `gender` char(1) NOT NULL DEFAULT '',
  `dob` date NOT NULL DEFAULT '0000-00-00',
  `addr1` varchar(64) NOT NULL DEFAULT '',
  `city` varchar(26) NOT NULL DEFAULT '',
  `state` varchar(26) DEFAULT NULL,
  `country` varchar(26) NOT NULL DEFAULT '',
  `zip` varchar(12) NOT NULL DEFAULT '',
  `email` varchar(96) DEFAULT NULL,
  `dayphone` varchar(20) DEFAULT NULL,
  `evephone` varchar(20) DEFAULT NULL,
  `a_waiver` tinyint(1) NOT NULL DEFAULT '0',
  `emergency_contact` varchar(40) DEFAULT NULL,
  `emergency_phone` varchar(20) DEFAULT NULL,
  `admin_notes` varchar(255) DEFAULT NULL,
  `t_shirt_size` varchar(20) DEFAULT NULL,
  `sponsors` varchar(255) DEFAULT NULL,
  `anecdote` mediumtext,
  PRIMARY KEY (`uid`),
  UNIQUE KEY `rider_pkey` (`uid`)
) ENGINE=MyISAM AUTO_INCREMENT=98 DEFAULT CHARSET=latin1;

--
-- Dumping data for table `rider`
--

INSERT INTO `rider` VALUES (38,'Wanderlust','regular','John','Dreyfors','M','Sport','','M','1963-04-17','4711 Rollingwood Dr','Durham','NC','USA','27713','mdreyfors@yahoo.com','919.957.1500','',1,'Michelle Conger','404.177.6271','','large','The Forest Foundation,\r\nCarolina Biodiesel,\r\nCenter for Ecozoic Studies','waiting patiently for chaos and revolution'),(92,'Tomaszewski, Rebecca','captain','Rebecca','Tomaszewski','','Sport','000-00-0000','F','1978-04-17','1637 Lombardy Circle','Charlotte','NC','USA','28203','Bhere78@aol.com','7044087020','',1,'Susan Bodtke','7044088896','other emergency contact phone = 7043327219','medium','',''),(18,'Johanson, Jerry J.','captain','Jerry','Johanson','J','Sport','559-61-5505','M','1964-11-25','640 Glen Iris Dr. #502','Atlanta','GA','USA','30308','jerryj@biltmorecomm.com','404-643-4373','',1,'Dara Vincent','770-365-5924','','large','',''),(37,'Wanderlust','regular','Elizabeth','Gillespie','A','Sport','','F','1960-11-19','P.O.B 1931','Bryson City','NC','USA','28713','eag1@dnet.net','828-736-0225','828-488-0565',1,'Karen brack','404-886-4153','','large','',''),(36,'Wanderlust','regular','Morgan','Crawford','H','Sport','592-09-4639','M','1978-03-07','113 galax ln','durham','NC','USA','27703','captainmorgan10@hotmail.com','9194630601','9194630601',1,'Mary Buhl','9197309633','','x-large','Triangle Biofuels','Ayatolla of Canola'),(35,'Wanderlust','captain','Mark','Bandy','','Sport','','M','1958-09-05','108Eastern Ave.','Annapolis','MD','USA','21403','markb@eastofmauiboardshop.com','410-573-9463','410-263-8753',1,'Sarah Lewallen','410-263-8753','','x-large','EAST OF MAUI SURF SHOP\r\nBIKE DOCTOR',''),(39,'Wanderlust','regular','Robert','Fields','R','Sport','','M','1983-01-13','95 Highlands Way','Oxford','GA','USA','30054','parrothead013@aol.com','678-614-4342','770-786-9595',1,'Netie Littleton','770-922-4834','','large','',''),(40,'Monte InSano','captain','Tim','Barnack','B','Sport','','M','1962-09-28','115 Butch Cash Road','Hazel Green','AL','USA','35750','t.barnack@mchsi.com','256-759-6511','',1,'Dallas Barnack','256-828-0669','','large','',''),(41,'Monte InSano','regular','Jason','Worley','A','Sport','','M','1973-02-01','126 Waterford Trail','Scottsboro','AL','USA','35769','jworley@scottsboro.org','256-599-9614','256-599-9614',1,'Tracy Worley','256-574-2964','','large','','Jason Worley\r\nAge - 33\r\nI was born to wear the yellow jersey, darnit!!!'),(42,'Monte InSano','regular','Jason','Hodges','B','Sport','','M','1967-02-15','263 Waverly Hill Road','Grant','AL','USA','35747','jbh@msic.dia.mil','256-313-7172','256-728-3500',1,'Cindy Hodges','Eve# or 256-541-1715','','medium','','39 year old trail rider who has 3 great children, a wonderful wife, awesome riding buddies, and happens to be a cancer survivor of over 15 years.'),(43,'Monte InSano','regular','Richard','Swanstrom','C','Sport','','M','1964-05-24','139 Periwinkle','Madison','AL','USA','35758','Richard.Swanstrom@msl.army.mil','256-348-2777','',1,'Mary Anne Zollar','256-585-0905','','large','','Just an old guy trying to have some fun and stay in shape... And occasionally whip up on some of the younger riders.'),(44,'Hot Biscuit','captain','Paul','Bodet','','Sport','','M','1968-08-11','72564 military rd','Covington','LA','USA','70435','yeahbra@hotmail.com','985-249-9060','985-892-1816',1,'Allison Moll','504-957-7254','','large','','Paul Bodet, 37 yrs old, Insurance Adjuster, Triathlete, Brownie & Cookie Enthusiast, 12 toes the hard way 7 left - 5 right.'),(45,'Hot Biscuit','regular','Dion','McKinley','D','Sport','','M','1970-10-14','211 Churchill Downs Rd.','Bush','LA','USA','70431','dionruns@aol.com','504-237-3560','504-237-3560',1,'Dennis McKinley','478-737-9058','','large','',''),(46,'Hot Biscuit','regular','Bryan','Smith','K','Sport','','M','1962-06-26','107 Plater Court','Thibodaxu','LA','USA','70301','bryansmith@mobiletel.com','985-446-6620','',1,'Merle Smith','985-446-6620','','medium','',''),(47,'Hot Biscuit','regular','Dennis','McKinley','W','Sport','','M','1969-10-17','181 Rivoli Landing','Macon','GA','USA','31210','911buck@cox.net','478-737-9058','',1,'Mary-Evelyn McKinley','478-737-9059','','large','',''),(48,'ROSANNE, RUSTY AND THE JACKLEGS','captain','Bill','Salaun','','Sport','','M','1960-09-12','PO Box 8558','MANDEVILLE','LA','USA','70470','billsal@gmail.com','5043195598','',1,'HL Salaun','5044555320','','x-large','Jackleg, Inc.','1 ride ever'),(49,'ROSANNE, RUSTY AND THE JACKLEGS','regular','Stephen','Sperier','W','Sport','','M','1965-02-15','1848 North Causeway Blvd','Mandeville','LA','USA','70471','spokesman@webdsi.com','985-727-7211','985-867-9962',1,'Lori Sperier','985-867-9962, 985-26','','large','The Spokesman Professional Bicycle Works, Viva Design, Crawfishman Race Productions','Husband to Lori and Dad to Ella and Emma, the sweetest girls in the world.'),(50,'ROSANNE, RUSTY AND THE JACKLEGS','regular','Rusty','Bernard','','Sport','','M','1958-07-13','1707 Claiborne St.','Mandeville','LA','USA','70448','rhsrgb@charter.net','985-626-7633','985-626-7633',1,'Rosanne H. Simons','985-626-7633 or 911?','','x-large','Any Dead Presidents found lurking in my wallet (which have been few I\'m sad to say).','Rosanne makes me do these things...'),(51,'ROSANNE, RUSTY AND THE JACKLEGS','regular','Rosanne','Simons','','Sport','','F','1958-01-25','1707 Claiborne Street','Mandeville','LA','USA','70448-5903','Rosanne_H_Simons@dom.com','504-593-7872','985-626-7633',1,'Rusty Bernard','985-869-3160','','x-large','',''),(52,'ROSANNE, RUSTY AND THE JACKLEGS','regular','Dennis','Mutell','B','Sport','125-48-9738','M','1956-08-01','528 Heavens Drive','Mandeville','LA','USA','70471','mutell@bellsouth.net','985-845-9157','985-845-9157',1,'Karen Mutell','985-845-9157','','x-large','Dennis Mutell','I know Bill Salaun'),(53,'Marenchin, Ernesto A.','captain','Ernesto','Marenchin','A','Pro','111-22-3333','M','1972-03-05','3119 englewood drive','stow','OH','USA','44224','emarenchin@neo.rr.com','3302894801','3302894801',1,'e marenchin sr','7249812732','','medium','',''),(54,'Atlanta Cycling','captain','Scott','Crosby','','Sport','','M','1971-09-27','2858 Brandl Cove','Marietta','GA','USA','30067','scottcrsby@yahoo.com','7703304057','',1,'James Crosby','7708230745','','x-large','',''),(55,'Atlanta Cycling','regular','Jason','Freeman','T','Sport','','M','1975-01-17','510 Windgrove Road','Marietta','GA','USA','30067','jtfreeman@mactec.com','770-690-0651','',1,'Frankie Freeman','256-352-6573','','large','Atlanta Cycling',''),(56,'Atlanta Cycling','regular','Laurie','Gundrum','S','Sport','','F','1978-06-28','510 Windgrove Rd','Marietta','GA','USA','30067','lgundrum264@aol.com','404-395-0513','770-690-0651',1,'Kathryn Dangerfield','301-984-1392','','small','Atlanta Cycling',''),(57,'Atlanta Cycling','regular','Brandon','Vaughan','C','Sport','243-61-1376','M','1977-06-17','2349 elmwood circle','smyrna','GA','USA','30082','climbandbike@aol.com','770 315 6710','',1,'grace hughes','404 713 0608','','large','',''),(58,'Atlanta Cycling','regular','Matthew','Keogler','','Sport','','M','1972-06-10','2359 Freydale Road','Marietta','GA','USA','30067','keogler@yahoo.com','678-362-8828','',1,'Linda Sale','404-664-2852','','medium','Atlanta Cycling',''),(59,'Hershbine, Jody W.','captain','Jody','Hershbine','W','Sport','283-78-5231','M','1968-08-12','1017 Drexel Parkway','Birmingham','AL','USA','35209','jhershbine@charter.net','205-601-8796','205-601-8796',1,'Casey Hershbine','205-601-0109','','large','',''),(60,'O\'Dea, Edward M.','captain','Edward','O\'Dea','M','Pro','507-98-7156','M','1975-09-17','1294 Noguchi Mews','Atlanta','GA','United States','30318','ed@eddieodea.com','404-432-5841','404-432-5841',1,'Namrita Kumar','404-394-9714','','medium','Kona Bicycles, Cartecay Bike Shop, Wingnut Gear, BURN Energy Drinks, American Classic, Light & Motion, Tifosi Optics, GNC of Lakeland, FL, Maxxis, Georgia Sports Chiropractic, Collette Adams Massage Therapist, Andrew Kornylak Photography, Chainwheel Drive','Ultra - Endurance Mountain Bike Racer and Connoisseur of Adult Beverages\r\n\r\n\"It doesn\'t get any easier, you only get faster.\" - Greg Lemond'),(61,'Mexicanisimo','captain','Francisco','Ramirez','S','Sport','672-26-7551','M','1969-02-14','2233  Rosemoore walk','Marietta','GA','USA','30062','fsr1@meadwestvaco.com','4048974456','7705651238',1,'Alejandra De la Garza','7705651238','','large','',''),(62,'Mexicanisimo','regular','Maurcio','Ortega','','Sport','123-45-6789','M','1961-02-20','136 Corpus Christi','Queretaro','','Mexico','76136','mortega@jamonyqueso.com.mx','011 52 442 2233332','011 52 442 2458050',1,'Alejandra De la Garza','7705651238','','medium','Ham & Cheese',''),(63,'BikeMonsters','captain','Gary','Harris','A','Sport','','M','1969-07-17','2949 Appling Drive','Atlanta','GA','USA','30341','gary@grannygear.com','770.402.3632','770.220.1777',1,'Barbara Whitfield','404.791.4318','','large','',''),(64,'BikeMonsters','regular','Philip','Giese','','Sport','','M','1962-07-02','756 Longwood Dr','Atlanta','GA','USA','30305','philip@giesefamily.com','4043553901','',1,'Julie Giese','4043553901','','medium','',''),(65,'BikeMonsters','regular','Terry','Kitts','','Sport','','M','1965-12-08','po box 846','Breckinridge','CO','USA','80424','trktts@earthlink.net','970.389.1621','',1,'Dawn Landau','404.326.0282','','large','',''),(66,'BikeMonsters','regular','Manuel','Chakarji','A','Sport','','M','1975-03-31','5004 Sanctuary Drive','Augusta','GA','USA','30909','manuelchakarji@hotmail.com','7067268445','',0,'Evelyn Norat','706.421.5022','','medium','',''),(67,'BikeMonsters','regular','Kris','Carpenter','','Sport','','M','1974-04-15','8201 Jefferson Circle North','Atlanta','GA','USA','30341','krisisnothome@hotmail.com','770.312.8357','',1,'Lori Balistrari','404.229.7723','','medium','',''),(68,'Senk, Jono','captain','Jono','Senk','','Expert','257-37-8372','M','1964-04-29','9295 Hountress Trace','Atlanta','GA','USA','30350','nbjdesigns@hotmail.com','6786372816','',1,'Pat Senk','7709924885','','x-large','',''),(69,'Paz de Burro','captain','Brent','Baris','E','Sport','','M','1970-09-22','3405 W. Barcelona St.','Tampa','FL','USA','33629','brent@barislaw.com','(813) 870-2329','(813) 363-5676',1,'Carrie Beth Baris','(727) 432-4402','','x-large','Carrie.','Professional sandbagger racing in his first race ever.  In fact, this is the first time Brent has ever ridden a bike!  I eat raw red meat, it makes me fast.'),(70,'Paz de Burro','regular','Gabriel','Orvis','','Sport','','M','1970-07-28','442 Bowen St','Longmont','CO','USA','80501','gorvis@marketforceinfo.com','303-882-4429','',1,'Jennifer Orvis','702-335-1685','','large','',''),(71,'Paz de Burro','regular','Donald','Heil','P','Sport','','M','1969-05-14','818 S. Davis Boulevard','Tampa','FL','USA','33606','dphtmc@yahoo.com','8139150805','8132444106',1,'Denise Glasgow','8133614326','','large','\"Rarely is the question asked: Is our children learning?\"','Out of work Speech Writer and Linguist for Fed Chairman Ben Bernanke. Previously known as the BIG WORD GUY for President George Bush\'s Supercool Liberator Speech Guy team and Vicente Fox\'s crossdressing lipstick applicator.\r\n\r\nIf you think that you are the man, you are sorely mistaken because I AM THE MAN. There is no one that can talk as much as I do while riding in this race. I make up for Lung Boy\'s silence. You can hear me all over the venue cheering on my fellow racers.'),(72,'Paz de Burro','regular','Matthew','Biasini','J','Sport','488-82-5758','M','1969-11-17','4314 South Grady Ave','Tampa','FL','USA','33611','Matt_Biasini@coxtarget.com','727-399-3199','813-902-0262',1,'Kathleen Biasini','813-294-6296','','x-large','Weight Gainer 2000 Protein Supplement','I\'m just here for the frizbee. Did 24 hours of Winter Park once. No frizbee...Bad. A friend threw one on the roof once... Made him get it down...Not my friend any more. I WANT THEM ALL! GIVE ME ALL FRIZBEES!'),(90,'Gagnon, Chris P.','captain','Chris','Gagnon','','Pro','000-00-0000','M','1978-02-27','16 Twin Island Drive','Biddeford','ME','USA','04005','','339-221-0519','',1,'Lorainee Gagnon','207-283-3061','','medium','',''),(91,'Myrick, Charles','captain','Charles','Myrick','l','Sport','312-82-8257','M','1973-07-03','p.o.Box 672005','Marietta','GA','USA','30006','cmyrickjr@mindspring.com','678-524-9864','',1,'Chuck Myrick','478-335-8321','','large','',''),(73,'Duggan, Erin A.','captain','Erin','Duggan','A','Pro','142-50-9803','F','1970-11-19','63 Cider Brook Road','Avon','CT','USA','06001','crazybigfatchick@aol.com','860-678-7813','860-805-0993',1,'Joe Dugan','806-839-4041','','large','Velo Bella Kona,  Kenda, Cane Creek, Elete water','mom!'),(74,'The Groovy Girls','captain','Kerry','Meyers','','Expert','','F','1973-05-10','1769 Dyson dr NE','Atlanta','GA','USA','30307','Kerrys_inbox@yahoo.com','404-471-6186','404-378-9150',1,'Brian Scales','404-543-1497','','large','',''),(75,'The Groovy Girls','regular','Annie','Stevenson','','Sport','','F','1964-11-16','2949 Appling Dr.','Atlanta','GA','USA','30341','anniestevenson@yahoo.com','404-986-1926','404-986-1926',1,'Gary Harris','770-402-3632','','medium','',''),(76,'The Groovy Girls','regular','Lori','Balistreri','','Sport','','F','1973-03-31','1936 Hallman St. NE','Atlanta','GA','USA','30317','lbalistreri@mindspring.com','404-229-7723','404-373-8426',1,'Julie Giese','404-275-1090','','medium','',''),(77,'The Groovy Girls','regular','Allison','Davis','','Sport','','F','1965-03-27','12204 Lexington Farm Dr.','Alpharetta','GA','USA','30004','allisonddavis@hotmail.com','404-543-8421','404-543-8421',1,'Julie Giese','404-275-1090','','large','',''),(78,'The Groovy Girls','regular','Rhonda','Vincent','','Sport','','F','1972-04-03','3821 Bogan Mill Road','Buford','GA','USA','30519','rhonda@creativedigitalgroup.com','404-374-7398','404-374-7398',1,'Julie Giese','404-275-1090','','medium','',''),(79,'Mosley, Heather A.','captain','Heather','Mosley','A','Pro','129-72-2026','F','1979-03-16','7 Sanford St','Schenectady','NY','USA','12304','hikebikerunoutside@yahoo.com','518-429-0228','',1,'Pam Mason','518-370-2801','','small','Specialized Bikes, Vetta, Speedplay, Fox, hayes, Tifosi, Speedplay, Gravity Dropper, Ecaps/Hammer, Pactimo, hells Divas, Schwable','9th 2004 24 hour solo worlds, numerous other 24 hour races top 1,2,3.'),(80,'Monkey Brains','captain','Kurt','Briesacher','S','Sport','','M','1968-07-12','1106 Byrnwyck Road','Atlanta','GA','USA','30319','briesach@hotmail.com','404-557-7235','',1,'Elizabeth Shaw','404-831-0256','','x-large','',''),(81,'Monkey Brains','regular','Frank','Wagner','A','Sport','','M','1966-02-10','1556 Springfield Ct.','Atlanta','GA','USA','30338','frank.wagner@pdl.com','404-993-2464','',1,'Betsy Wagner','770-396-2449','','x-large','',''),(82,'Monkey Brains','regular','Jeff','Thomas','','Sport','','M','1975-11-09','3625 Coldwater Court','Cumming','GA','USA','30041','Tjthomas613@aol.com','','6785138973',1,'Terri','6785138973','','medium','',''),(83,'Monkey Brains','regular','Jeff','Mahoney','L','Sport','','M','1970-01-24','1664 Berkford Ct.. NE','atlanta','GA','USA','30319','jkgmahoney@juno.com','','770-234-9452',1,'Katie Mahoney','404-593-5333','','medium','',''),(84,'Tomlinson, Sandra S.','captain','Sandra','Tomlinson','S','Sport','266-71-6165','F','1969-07-12','6803 Golfview Street','Jacksonville','FL','USA','32210','sandrababy69@netzero.com','(904)294-3310','',1,'Scott Gross','(904)294-2460','','medium','Lightspeed, Light and Motion, Serfas, Sportlegs, Elete\r\nOpen Road Bicycles, West Inn Cantina, Grotto, Gator\r\nKenda, Koolstop',''),(85,'ZerieUSA','captain','Carlos','Zuluaga','M','Sport','','M','1964-10-08','10900 wittenridge dr.','Alpharetta','GA','USA','30022','camazo@hotmail.com','404 5090648','404 5090648',1,'Anna Correa','404 509 5294','','large','',''),(86,'ZerieUSA','regular','Andres','Rojas','F','Sport','','M','1972-06-01','625 rosedow','Alpharetta','GA','USA','30022','arojas2@comcast.net','6784628427','6784628427',1,'Natalia','6785226946','','large','',''),(87,'ZerieUSA','regular','Juan','Gomez','C','Sport','','M','1969-04-09','2625 Factor Walk Blvd','Suwanne','GA','USA','30024','juango00@hotmail.com','7708133723','',1,'Sandra Achury','4048625887','','large','',''),(88,'ZerieUSA','regular','Jorge','Giraldo','A','Sport','670-12-6271','M','1974-08-01','2240 Whitestone Place','Alpharetta','GA','USA','30005','jangojob@hotmail.com','770 3094614','',1,'Maria Correa','404 786 4743','','x-large','',''),(89,'ZerieUSA','regular','Alejandro','Urraza','','Sport','','M','1967-03-02','1310 Rosewood Dr','Alpharetta','GA','USA','30005','u_alejan@bellsouth.net','678 936 1314','678 513 2933',1,'Olga Lucia','678 513 2933','','large','','');

--
-- Table structure for table `rider_rfid`
--

CREATE TABLE `rider_rfid` (
  `rfid` int(4) NOT NULL DEFAULT '0',
  `uid` int(4) NOT NULL DEFAULT '0',
  UNIQUE KEY `rider_rfid_pkey` (`rfid`)
) ENGINE=MyISAM DEFAULT CHARSET=latin1;

--
-- Dumping data for table `rider_rfid`
--

INSERT INTO `rider_rfid` VALUES (1618,53),(9006,18),(2039,59),(12260,60),(2145,68),(13637,73),(13568,79),(2218,84),(14016,61),(13689,62),(12369,74),(8624,75),(12411,76),(2276,77),(8646,78),(13969,35),(13026,36),(1717,37),(8452,38),(13743,39),(14086,48),(1869,49),(10014,50),(9041,51),(8404,52),(13803,54),(13292,55),(12545,56),(8449,57),(2297,58),(2036,63),(12455,64),(12756,65),(12191,66),(13690,67),(13415,85),(12851,86),(12417,87),(9044,88),(12048,40),(13887,89),(13391,41),(12317,42),(13643,43),(2261,44),(14102,45),(13914,46),(1625,69),(8660,47),(13588,71),(13382,72),(13156,80),(8764,81),(13869,82),(1738,83),(2106,91),(13295,70),(10089,92);

--
-- Table structure for table `team`
--

CREATE TABLE `team` (
  `name` varchar(36) NOT NULL DEFAULT '',
  `city` varchar(26) DEFAULT NULL,
  `state` varchar(26) DEFAULT NULL,
  `country` varchar(26) NOT NULL DEFAULT '',
  `class` char(2) NOT NULL DEFAULT '',
  `ala` tinyint(1) NOT NULL DEFAULT '0',
  `sponsors` varchar(255) DEFAULT NULL,
  `anecdote` mediumtext,
  `fee_paid` decimal(9,2) DEFAULT NULL,
  `online_reg` tinyint(1) NOT NULL DEFAULT '0',
  `payment_type` char(2) DEFAULT NULL,
  `username` varchar(8) DEFAULT NULL,
  `password` varchar(8) DEFAULT NULL,
  `admin_notes` varchar(255) DEFAULT NULL,
  `song_title` varchar(50) DEFAULT NULL,
  `song_artist` varchar(50) DEFAULT NULL,
  `number_of_riders` int(3) DEFAULT NULL,
  UNIQUE KEY `team_pkey` (`name`)
) ENGINE=MyISAM DEFAULT CHARSET=latin1;

--
-- Dumping data for table `team`
--

INSERT INTO `team` VALUES ('Johanson, Jerry J.','Atlanta','GA','USA','M1',0,'','',340.00,0,'CC','jerryj','Mentor87','','','',1),('Duggan, Erin A.','Avon','CT','USA','W1',0,'Velo Bella - Kona, Kenda,Cane Creek, Elete water, Crank Bros.,Selle San Marco, Fox, Zeal Optics, Patagonia,Giro,Sidi,Team Estrogen, Easton, Lupine, Cytomax, Berlin Bike shop','',337.00,0,'CC','crazybig','fourkids','','','',1),('Wanderlust','Bryson City','NC','USA','5P',0,'Stay tuned; Details to come...','Details to come',710.00,0,'CC','wander06','girls06','','','',5),('Monte InSano','Huntsville','AL','USA','MS',0,'','',570.00,0,'CC','barnack','smithfls','','','',4),('Hot Biscuit','New Orleans','LA','USA','MS',0,'','All 4 riders orignally from New Orleans. 2 are brothers with one brother currently living in Atlanta.\r\nOne rider is currently displaced from New Orleans due to Katrina.',570.00,0,'CC','pbodet','password','','','',4),('ROSANNE, RUSTY AND THE JACKLEGS','MANDEVILLE','LA','USA','5P',0,'SPOKEMAN PROFESSIONAL BIKEWORKS','Roseanne and Rusty are great riders.  The Jacklegs speak for themselves!',710.00,0,'CC','rratj1','rratj2','','','',5),('Marenchin, Ernesto A.','kent','OH','USA','M1',0,'Asylum Cycles, Speedgoat.com, Tifosi Optics, Hammer Gel/E-Caps, Schwalbe Tires, Light & Motion, Crank Brothers, Wobblenaught.com','when i ride\r\nwith you tonight\r\nwe can move\r\nat the speed of light\r\nforever young\r\nforever blind\r\ninto the stars\r\nwe rock tonight\r\n\r\nsmashing pumpkins - speed kills',340.00,0,'CC','sologoat','esz^tre1','','','',1),('Atlanta Cycling','Atlanta','GA','USA','5P',0,'Atlanta Cycling\r\nMaxxis Tires','Local Joes',710.00,0,'CC','ScottC','Ducatti','','','',5),('Hershbine, Jody W.','Birmingham','AL','USA','M1',0,'','',337.00,0,'CC','jody24hr','jwh8668','','','',1),('O\'Dea, Edward M.','Atlanta','GA','USA','M1',0,'Kona Bicycles, Cartecay Bike Shop, Wingnut Gear, BURN Energy Drinks, American Classic, Light & Motion, Tifosi Optics, GNC of Lakeland, FL, Maxxis, Georgia Sports Chiropractic, Collette Adams Massage Therapist, Andrew Kornylak Photography, Chainwheel Drive','Ultra - Endurance Mountain Bike Racer and Connoisseur of Adult Beverages',337.00,0,'CC','eddieode','joel45','','','',1),('Mexicanisimo','Queretaro','','Mexico','DP',0,'','As a team we participated and finished the 2005 transalps challenge, will participate this year on the transrockies challenge. Been riding for a long time on the mountains of the Sierra Madre Oriental in Mexico mainly in la Sierra Gorda of Queretaro',490.00,0,'CC','framau','200506','','','',2),('BikeMonsters','Atlanta','GA','USA','5M',0,'','Ride it Like you Stole it',714.00,0,'CC','0-v8MR98','x1xAstOi','','','',5),('Senk, Jono','Atlanta','GA','USA','M1',0,'','',337.00,0,'CC','hsjono29','echsdiva','','','',1),('Paz de Burro','Tampa','FL','USA','MS',0,'Brent E. Baris, PA - A law firm dedicated to real estate matters. (Oh, and also, the wives, Ava, Trey, the girlfriend and in Lung Boy\'s case, his Mommy).','We can not believe that we are so old we are now in a class called Veterans. We suggest a new name such as \"Racers who have raced in Laird\'s series since college and are now more experienced.\"\r\n\r\nDo we get served dinner at 4 p.m. now?\r\n\r\nLung Boy is our new fourth Person after Habbee Baby could not make it. The following is an email exchange between Brent and the other teamates to assure that Lung Boy understands the gravity of the situation. Matt\'s comments are in parenthesis.\r\n\r\nI will acquiesce to Lung Boy racing, but he needs to understand the magnitude of the endeavor. We have been doing this for who knows how long. ( 12 Years )\r\nWe have only had (not needed) a ringer three times. To be picked to be our fourth is an honor that should not be taken lightly. Furthermore, being the new kid, we should educate Lung on the following: ( Don\'t Read Any Further )\r\n1.      A rainbow Frisbee is given to the team member that pulls the fastest lap. Although it is recognition amongst the teammates, it is really just a token gesture. The point is to have fun and finish the lap for the team. I do not even think about the stupid Frisbee. ( even though he gets it every year and somehow manages to train without anybody knowing )\r\n2.       You do not want to start the race. You have to run and sometimes ride a longer distance in the middle of a pack that bottlenecks at every turn. Basically it is throwing away a lap that could get you the Frisbee. ( so why do you hate the first lap? )\r\nBUT considering that the Frisbee is just a meaningless incidental, it is fun to have thousands of people cheering you on. ( whine whine whine )\r\n3.      Be careful if you are handing the baton off to Matt. Sometimes during the night, he gets very antsy to ride and may scratch your lap so that he does not have to wait any longer. ( 4 hours is a long time )\r\n4.      Do not show Don any dead animals that may be in the vicinity, he likes to wear them. ( Don looks fetching in road kill headgear )\r\n5.      Do not eat fair food. ( works fine for me )\r\n6.      Be careful if I am handing the baton off to you. My lap times are typically inconsistent. I will either be at the staging area in decent time or I am ridiculously late because I am carrying my bike. ( or he may sneak through the staging area to get an extra lap or two )\r\n7.      Be careful leaving your bike at the camp site, parts may disappear off of it and miraculously appear on other teammates bikes. Be especially careful not to take Don\'s bike without at least giving him the common courtesy of asking him. The same also applies to Matt\'s bike after the race is over. ( you are so sensitive )\r\n8.      Make sure your tent is upwind of Don\'s. For some reason, Don finds that the race is a good time to experiment with mixing new supplements and cheese wiz. ( yuck )\r\n9.      The underlying premise is that we start as a team and finish as a team. That means that we do not try to screw our fellow teammates. For example, if you tell the next person not to worry about being at the staging area because you will come to the campsite to wake them after a (one, 1, uno) lap - do so. Do not let the next person wake on their own accord 6 hours later after you have completed 3 laps. ( you started it )\r\n10.     Whenever there is a camera around, ham it up.\r\n\r\nAs expected, the Lung Boy is merely a place holder for the real fourth team wheel.  Feel not sorry for the Lung. This scenario was predicted well in advance (Cuteness can confirm).  I am reminded of dating.  Expectations (a 24 hour bike race is the greatest thing since sliced bread) are built up, then whamo!  Someone better is found and you are as a flat tire.  Now all I need is to be the team\'s fifth wheel, read-headed step child, etc...',571.00,0,'CC','0-2WBlTU','x1xZUkEK','','Brand New Bicycle','Janice Joplin',4),('The Groovy Girls','Atlanta','GA','USA','5W',0,'','',714.00,0,'CC','Groovy','girls5','','','',5),('Mosley, Heather A.','Schenectady','NY','USA','W1',0,'Specialized Bicycles, Niterider, Fox, Schwable, Hayes, Ecaps/Hammer, Pactimo, Tifosi, Gravity Dropper, Vetta, Hells Divas, Speedplay, Defeet, Buck Maille, Tequila Doug','',337.00,0,'CC','hmosley','runner','','','',1),('Monkey Brains','Atlanta','GA','USA','MS',0,'','A random assortment of health care professionals dedicated to the mental/emotional harrassment of each other and the physical destruction of themselves.',571.00,0,'CC','briesach','buthed95','','','',4),('Tomlinson, Sandra S.','Jacksonville','FL','USA','W1',0,'Lightspeed,Open Road Bicycles, Sportlegs, Kenda, Serfas\r\nLight and Motion, Elete, West Inn Cantina, Grotto, Gator\r\nKoolstop','',337.00,0,'CC','sandra1','trixie','','','',1),('ZerieUSA','Alpharetta','GA','USA','5M',0,'ZerieUSA','This is a colombian(south America) Mountain bike team!\r\nSome people say we are dumb, others say we are crazy... we think it is a good combination of both. ZerieUSA\'s Mountain Bike team has signed up for this year\'s 24 Hours race in Conyers, GA. Our team of five has been training for a while to get ready for this race, which promise to be a test for our very low pain treshold. If anything, we expect to have a lot of fun!\r\n\r\nThis will be the first long endurance race for the team on the 2006 season.',714.00,0,'CC','Colombia','medallo','','','',5),('Gagnon, Chris P.','Biddeford','ME','USA','M1',0,'Dean Magura, DT Swiss, Rudy Project, Titec, Crank Bros.','',330.00,0,'CK','new0519','x1xL34oI','','','',1),('Myrick, Charles','Maretta','WV','USA','M1',0,'','',330.00,0,'CC','new0519','x1xwkEuj','','','',1),('Tomaszewski, Rebecca','Charlotte','NC','USA','W1',0,'Lucky Cycles \r\nCharlotte, NC','',330.00,0,'CK','new0520','x1xUwyUW','','','',1);

--
-- Table structure for table `team_number`
--

CREATE TABLE `team_number` (
  `bib_number` int(4) NOT NULL DEFAULT '0',
  `name` varchar(36) NOT NULL DEFAULT '',
  PRIMARY KEY (`bib_number`,`name`)
) ENGINE=MyISAM DEFAULT CHARSET=latin1;

--
-- Dumping data for table `team_number`
--

INSERT INTO `team_number` VALUES (1,'Marenchin, Ernesto A.'),(2,'Johanson, Jerry J.'),(3,'Hershbine, Jody W.'),(4,'O\'Dea, Edward M.'),(5,'Senk, Jono'),(6,'Duggan, Erin A.'),(7,'Mosley, Heather A.'),(8,'Tomlinson, Sandra S.'),(9,'Mexicanisimo'),(10,'The Groovy Girls'),(11,'Wanderlust'),(12,'ROSANNE, RUSTY AND THE JACKLEGS'),(13,'Atlanta Cycling'),(14,'BikeMonsters'),(15,'ZerieUSA'),(16,'Monte InSano'),(17,'Hot Biscuit'),(18,'Monkey Brains'),(19,'Paz de Burro'),(20,'Gagnon, Chris P.'),(21,'Myrick, Charles'),(22,'Tomaszewski, Rebecca');


