--
-- Host: localhost    Database: grannyge_bigbear2007
-- ------------------------------------------------------


--
-- Current Database: `grannyge_bigbear2007`
--

CREATE DATABASE /*!32312 IF NOT EXISTS*/ `grannyge_bigbear2007` /*!40100 DEFAULT CHARACTER SET latin1 */;

USE `grannyge_bigbear2007`;

--
-- Table structure for table `rider`
--

CREATE TABLE `rider` (
  `uid` int(4) NOT NULL AUTO_INCREMENT,
  `team_name` varchar(36) NOT NULL DEFAULT '',
  `rank` varchar(10) NOT NULL DEFAULT '',
  `firstname` varchar(22) NOT NULL DEFAULT '',
  `lastname` varchar(15) NOT NULL DEFAULT '',
  `middleinit` char(1) DEFAULT NULL,
  `class` varchar(28) NOT NULL DEFAULT '',
  `ssn` varchar(11) DEFAULT NULL,
  `gender` char(1) NOT NULL DEFAULT '',
  `dob` date NOT NULL DEFAULT '0000-00-00',
  `addr1` varchar(64) NOT NULL DEFAULT '',
  `city` varchar(26) NOT NULL DEFAULT '',
  `state` varchar(26) DEFAULT NULL,
  `country` varchar(26) NOT NULL DEFAULT '',
  `zip` varchar(12) NOT NULL DEFAULT '',
  `email` varchar(96) DEFAULT NULL,
  `dayphone` varchar(20) DEFAULT NULL,
  `evephone` varchar(20) DEFAULT NULL,
  `a_waiver` tinyint(1) NOT NULL DEFAULT '0',
  `emergency_contact` varchar(40) DEFAULT NULL,
  `emergency_phone` varchar(20) DEFAULT NULL,
  `admin_notes` varchar(255) DEFAULT NULL,
  `t_shirt_size` varchar(20) DEFAULT NULL,
  `sponsors` varchar(255) DEFAULT NULL,
  `anecdote` mediumtext,
  PRIMARY KEY (`uid`),
  UNIQUE KEY `rider_pkey` (`uid`)
) ENGINE=MyISAM AUTO_INCREMENT=543 DEFAULT CHARSET=latin1;

--
-- Dumping data for table `rider`
--

INSERT INTO `rider` VALUES (1,'Minnesota','captain','Glenn','Zerbe','H','Sport','144-52-6391','M','1965-06-29','5220 Larada Lane','Edina','MN','USA','55436','gzerbe@mac.com','9522397721','',1,'Judith Zerbe','9524841231','','x-large','','41 Year Old Clydesdale'),(2,'Minnesota','regular','John','Koch','','Sport','','M','1965-02-02','6542 Juneau Lane','Maple Grove','MN','USA','55311','jmkoch@restorationtech.com','7632864085','',1,'Judith Zerbe','9529369382','','large','',''),(3,'Minnesota','regular','unregistered','rider','','Sport','','M','2006-01-01','','','','USA','','','','',0,'','','','large','',''),(4,'Minnesota','regular','unregistered','rider','','Sport','','M','2006-01-01','','','','USA','','','','',0,'','','','large','',''),(5,'The D-Bags','captain','Samuel','Bachar','','Sport','','M','1971-05-30','2018 South Twilight Lane','Richmond','VA','USA','23235','siksak@gmail.com','804-545-0571','804-373-1732',1,'Jill Hanck','804-373-1732','','large','',''),(6,'The D-Bags','regular','Andy','Thompson','','Sport','','M','1977-11-10','3000 Ferncliff Rd.','Richmond','VA','USA','23225','dulex@hotmail.com','804-355-0182','',1,'Jessica Morton','804-355-0182','','large','',''),(7,'The D-Bags','regular','Jason','Miller','R','Sport','','M','1978-09-17','2311 N. Dearing St.','Alexandria','VA','United States','22302','generals_00@hotmail.com','703.851.9747','703.851.9747',1,'Katherine Miller','703.346.4109','','x-large','',''),(8,'The D-Bags','regular','Justin','Myers','G','Sport','','M','1977-04-04','2208 Jefferson Ave','Richmond','VA','USA','23223','myersjg@yahoo.com','6232296720','6232296720',1,'Mitch Myers','9706741719','','large','',''),(9,'Dragonsauce','captain','Jacob','Brown','R','Sport','226-47-8672','M','1983-04-03','1391 Ryland Dr.','Forest','VA','USA','24551','jabrown7@vt.edu','(434) 660 3173','',1,'Pauline Brown','(434) 660 3173','','medium','Source Endurance','29ers are cool'),(10,'Dragonsauce','regular','Scott','Dwyer','T','Sport','','M','1983-02-23','3729 Bellevue Rd.','Forest','VA','USA','24551','scdwyer@vt.edu','540-558-8686','',1,'William Dwyer','434-525-0575','','medium','Source Edurance',''),(11,'Dragonsauce','regular','Lucas','Brown','M','Sport','','M','1985-11-04','1391 Ryland Dr.','Forest','VA','USA','24551','masonvt@vt.edu','(434) 661 8303','',1,'Pauline Brown','(434) 661 7303','','large','Source Endurance','Nerd'),(12,'Dragonsauce','regular','Clinton','Barnes','M','Sport','','M','1982-11-05','39 Warrenton Blvd','Warrenton','VA','USA','20186','cbarnes1@vt.edu','540-818-9992','',1,'Sarah Maybach','540-878-3427','','large','Source Endurance \r\n\r\nShocker Bike Shocks','Raised by rats'),(13,'Off The Porch','captain','Bob','Fifield','P','Sport','','M','1949-01-16','2608 Whitt Road','Kingsville','MD','USA','21087','mracdc@comcast.net','410-879-5121','410-879-5121',1,'Cathy','410-879-5121','','large','',''),(14,'Off The Porch','regular','Bill','Wysong','','Sport','','M','1948-08-15','823 Sherwood Drive','Aurora','OH','USA','44202','litestreems@windstream.net','330-562-5969','330-562-5969',1,'Noreen','330-562-5969','','large','',''),(15,'Off The Porch','regular','Glenn','Burgess','','Sport','','M','1948-02-17','821 Hawthorne Ave.','Williamsport','PA','USA','17701','terricalvert@comcast.net','570-320-7383','570-320-7383',1,'Terri','570-320-7383','','x-large','',''),(16,'Off The Porch','regular','Bill','Andrus','','Sport','','M','1951-02-03','1849 Marshall Ave','Williamsport','PA','USA','17701','cbandrus@verizon.net','570-494-1876','570-494-1876',1,'Carol','570-494-1876','','large','',''),(432,'Baltimore Bush Doctors 2','captain','Eric','Wills','','Sport','','M','1971-10-12','2131 Stillwater Ct','Sykesville','MD','USA','21784','eswills1@yahoo.com','410-804-9357','',1,'Robert Wills','443-623-5567','','large','Who are we kidding, Eric should be supporting the rest of us!  However, though no one can confirm this, both the CIA and Depends are backing him.','AKA: Subterfuge.  This rider is like the bionic man - an Xmen like no other.  With titanium in his knee, possible his shoulder, and a circuit board brain more complex then Window\'s Vista, underneath it all he\'s light, though looks are deceiving, and his brain is processing faster than 2.16Ghz.  Subterfuge will come upon you, speaking tongues and whirling words so confusing you won\'t notice that he\'s made you second guess yourself and you\'re turned around going the wrong way.'),(21,'Ridin\' Commando','captain','Michael','Sanford','E','Sport','218-84-1210','M','1975-06-02','13319 Dovedale Way Apt.J','Germantown','MD','USA','20874','miks123@hotmail.com','','301-528-4674',1,'Lindsay Sanford','240-899-1503','','large','',''),(22,'Ridin\' Commando','regular','Patrick','Moloney','G','Sport','','M','1980-12-18','130 E 3rd St','Frederick','MD','USA','21701','patrick.moloney@gmail.com','301-788-2268','',1,'James Moloney','301-624-5696','','medium','',''),(23,'Ridin\' Commando','regular','Andrew','Eckert','W','Sport','364-94-3729','M','1980-01-04','418 Monastery Ave.','Philadelphia','PA','USA','19128','aecker11@gmail.com','215-426-0694','443-691-7709',1,'Victoria Keck','240-888-1106','','medium','',''),(24,'Ridin\' Commando','regular','Mike','Cullen','','Sport','','M','1961-05-29','9627 Hamburg Rd','Frederick','MD','USA','21702','cullen@ncifcrf.gov','301-846-1621','301-668-0383',1,'Allison Cullen','301-668-0383','','large','HAI KARATE AFTER SHAVE. Because we\'re never too tired to fight off the ladies!',''),(25,'Flannel','captain','Todd','Link','M','Sport','','M','1973-01-28','960 Altman Street','Irwin','PA','USA','15642','tlink@uss.com','412-433-7176','',1,'Ginger Link','412-610-5837','','large','',''),(26,'Flannel','regular','Kurt','Heil','M','Sport','','M','1968-07-09','305 Barberry Court','Mars','PA','United States','16046','janekurt@zoominternet.net','412-776-1657','412-776-1657',1,'Jane Hughes, MD','412-600-4998','','x-large','',''),(27,'Flannel','regular','Ken','Heil','R','Sport','','M','1973-07-16','140 Lake Road','Phoenixville','PA','USA','19460','sarahkenheil@yahoo.com','(610) 594-2460','(610) 935-5701',1,'Sarah Heil','(484) 653-8644','','large','',''),(28,'Flannel','regular','Nathan','Collamer','','Sport','','M','1972-03-10','600 Kingston Rd','Baltimore','MD','USA','21212','ncollamer@gmail.com','410 470 2638','',1,'Laura Collamer','410 828 0633','','x-large','','BMXer turned economist.  late nights building dirt jumps now are overnighters writing memos. \r\n\r\nPrefer riding night laps with dim lights, or none at all if there is snow on the ground.\r\n\r\nFirst Mt Bike race was Coburn PA around 1992.  I rode it on a Cannondale 24/26.  Launching into the river at the end is the best finish.'),(29,'Troegs Sunshine Pills','captain','Donna','Weiser','M','Expert','205-52-8661','F','1967-01-13','1798 Ridge Road','Gardners','PA','USA','17324','dweiser@elheim.com','717-233-8711x112','717-571-7111',1,'Brett Weiser','717-215-0673','','small','Troegs Brewing Company',''),(30,'Troegs Sunshine Pills','regular','Jill','Wiest','','Expert','','F','1959-10-17','842 Lubolds School road','Lykens','PA','USA','17048','rebjsw@epix.net','717-720-1479','717-365-3167',1,'Ricky Brown','717-365-3167 (at rac','','large','',''),(31,'Troegs Sunshine Pills','regular','Christina','Bohensky','D','Sport','','F','1981-06-29','103 B Forge Rd','Boiling Springs','PA','USA','17007','bohensky44@gmail.com','7177013510','',1,'Sheena Perry','717-552-1275','','medium','',''),(32,'Troegs Sunshine Pills','regular','Katie','Raezer','','Sport','','F','1968-09-17','1706 Poplars Road','York','PA','USA','17408','katie.raezer@gmail.com','717-418-9850','',1,'Michael Wolfe','717-418-9090','','medium','',''),(33,'Sports-N-Spokes','captain','Mike','Wolfe','','Sport','','M','1972-06-21','Rt. 1 Box 365B','Flemington','WV','USA','26347','mikebwolfe@cebridge.net','(304)677-1124','(304)739-4820',1,'Cindy Wolfe','(304)739-4820','','large','',''),(34,'Sports-N-Spokes','regular','Thad','Kelley','','Sport','','M','1975-02-15','306 North Walnut St.','Philippi','WV','USA','26416','sportsnspokes@verizon.net','(304)457-6090','(304)457-6010',1,'Sarah Kelley','(304)457-6010','','large','',''),(35,'Sports-N-Spokes','regular','Jason','Baker','','Sport','','M','1970-10-06','Rt. 2 Box 50C','Philippi','WV','USA','26416','jbaker457@yahoo.com','(304)457-2003','(304)457-2003',1,'Tonya Baker','(304)457-2003','','large','',''),(36,'Sports-N-Spokes','regular','Mike','Miller','','Sport','','M','1966-10-01','Rt. 4 Box 164B','Philippi','WV','USA','26416','peaceablemike@yahoo.com','(304)457-1295','(304)457-3091',1,'Cheryl Miller','(304)457-3091','','large','',''),(42,'Sonoran Pirates','regular','Lacey','Anderson','H','Sport','','F','1978-05-19','8004 Brightfield Rd','Ellicott City','MD','USA','21043','lacey.anderson@gmail.com','443-841-5625','443-841-5625',1,'Joshua Anderson','240-565-7490','','medium','',''),(43,'Sonoran Pirates','regular','Raymond','Smith','','Sport','','M','1972-07-26','9030 E Orchid Vine Drive','Tucson','AZ','USA','85747','raymond.smith0@cox.net','520-228-9430','520-481-3566',1,'Diana Smith','520-990-4313','','large','',''),(41,'Sonoran Pirates','captain','Joshua','Anderson','E','Sport','','M','1976-01-08','8004 Brightfield Rd','Ellicott City','MD','USA','21043','joshua.e.anderson@gmail.com','240-565-7490','240-565-7490',1,'Lacey Anderson','443-841-5625','','xx-large','N/A',''),(44,'Sonoran Pirates','regular','Diana','Smith','','Sport','','F','1971-08-04','9030 E Orchid Vine Drive','Tucson','AZ','USA','85747','raymond.smith0@cox.net','520-228-9430','520-481-3566',1,'Raymond Smith','520-990-4313','','large','',''),(45,'Sonoran Pirates','regular','Jason','Hogue','','Sport','','M','1975-02-23','3160 Jennella Dr','Commerce Twp','MI','USA','48390','JAHoagie@aol.com','248-438-6319','248-438-6319',1,'Sarah Hoagie','248-842-0474','','x-large','',''),(46,'Sonoran Pirates','regular','Sarah','Hogue','','Sport','','F','1981-03-28','3160 Jennella Dr','Commerce Twp','MI','USA','48390','peloha24@aol.com','248-438-6319','248-438-6319',1,'Jason Hogue','702-806-7313','','medium','',''),(47,'Sonoran Pirates','regular','Alexis','Ward','','Sport','','F','1992-07-29','Orchard Vine Dr','Tucson','AZ','USA','85747','ditzyblond2992@yahoo.com','520-822-7846','',1,'Diana Smith','520-990-4313','','large','',''),(48,'Puke & Rally','captain','Russel','Nix','','Sport','','M','1968-10-31','966 Ashton Place','Morgantown','WV','USA','26508','russ.nix@comcast.net','304-368-2508','304-284-8135',1,'Kelly Nix','304-319-3592','','x-large','',''),(49,'Puke & Rally','regular','Joe','Sheets','','Sport','','M','1974-11-24','149 Theresa Drive','Morgantown','WV','USA','26501','jsheetswv@yahoo.com','304-292-1983','304-292-1983',1,'Nancy Sheets','304-292-1983','','x-large','',''),(50,'Puke & Rally','regular','Jonathan','Sheets','','Sport','','M','1984-03-18','Rt. 1 Box 116','Newburg','WV','USA','26410','','304-864-3638','304-864-3638',1,'Doris Sheets','304-698-5363','','large','',''),(51,'Puke & Rally','regular','Travis','Olson','','Sport','','M','1973-04-10','PO Box 9195','Monongah','WV','USA','26555','travandrach@cs.com','304-290-7194','',1,'Rachel Olson','304-290-7196','','x-large','',''),(52,'Terminal Exsanguination','captain','Norm','Kreiselmeier','','Sport','','M','1966-04-21','226 Mountain Terrace','Myersville','MD','USA','21773','nekdvm@aol.com','216 533 8512','',1,'Konrad Kreiselmeier','216 267 5127','','x-large','SnakeBiteRacing-Cleveland, OH','recreational and competitive road, mountain, triathlon and cyclocross since 1998'),(53,'Terminal Exsanguination','regular','Chad','Foster','','Sport','','M','1976-06-10','1879B Glick Pl','Frederick','MD','USA','21702','chad.foster1@us.army.mil','240-215-7479','',1,'Laura Foster','301-694-4649','','large','Team Army - USAC',''),(54,'Terminal Exsanguination','regular','Keith','Eshman','','Sport','','M','1973-03-17','6431 Coffman Farms Rd','Keedysville','MD','USA','21756','udlose302@comcast.net','301-432-8584','',1,'Heather Esham','301-432-8584','','x-large','',''),(55,'Terminal Exsanguination','regular','Jimmy','Fiallos','','Sport','','M','1980-11-04','1304 Danberry Dr','Frederick','MD','USA','21703','jimmy.fiallos@amedd.army.mil','240-601-1183','',1,'Elvia Melgar','301-668-6210','','medium','',''),(56,'WNYMBRO','captain','Scott','Jeziorski','R','Sport','','M','1966-08-29','50 Fairway Drive','Orchard Park','NY','USA','14127','scottjez829@adelphia.net','716-662-2321','716-435-8664',1,'Joyce Cuddihy','716-863-5258','','large','',''),(57,'WNYMBRO','regular','Eric','Senn','W','Expert','','M','1966-03-31','95 Lewan Drive','Depew','NY','USA','14043','esenn@adelphia.net','716-683-4083','716-683-4083',1,'Lorraine A. Senn','716-683-4083','','medium','','Riddler'),(58,'WNYMBRO','regular','Bryan','Bonn','','Sport','','M','1964-10-22','101 Westfield Road','Amherst','NY','USA','14226','bbonn@adelphia.net','716-361-1519','716-631-1347',1,'Michelle Bonn','716-631-1347','','medium','','Metro Man, Papa, Bonn-Cake'),(59,'WNYMBRO','regular','Jim','Young','','Expert','','M','1968-10-14','209 Southland Ave.','Lakewood','NY','USA','14750','jyoung@madbbs.com','716-485-3981','716-763-1108',1,'Sharon Young','716-763-1108','','large','','#1 Top Jimmy'),(60,'Mika, Robert J.','captain','Robert','Mika','J','Expert','212-13-6897','M','1972-02-01','10155 Griffith Lane','White Plains','MD','USA','20695','mtnbiking4fun@hotmail.com','301-399-4380','301-399-4380',1,'Kimberly Mika','301-266-4380','','xx-large','Bike Doctor Waldorf/team n-tieractive, Southern Maryland Cycling Club','2ND ANNUAL FUNDRAISER\r\n\r\nHello, all !!!  Just like last year, I will be doing a 24 hour mountain bike race this  June 9th and 10th, in Big Bear West Virginia.  Unlike last year, which I entered the race as a duo team, this year I will be doing it “solo”. Once again I thought it would be a very cool idea to do something for Children’s Hospital.  Last year my goal was to raise $1000, I am happy to say, we met that goal and exceeded it, by raising close to $1800 in donations for the hospital.  This year my goal is to raise $3000!!  I started off last years donations by donating $100.  I am starting off the donations this year, by giving $300. This year’s donations will have a little twist. If you know me, you should know that I love bicycling.  So after working with  Children’s Hospital, I came up with an idea, that I thought would bring a smile to the children and they would see the donations first hand. This year your donations for the hospital, will not only go toward the research but, in coordination with the, Bike Doctor of Waldorf, and Trek Bikes, the donations will be used to purchase brand new, tricycles, bicycles, and helmets.  I am hoping that this will put a smile on the children’s faces.  Children’s Hospital thinks that this is a great idea.  Since I am going to race solo for 24 hours, I am encouraging people to give a “per lap” donation.  My goal is to do 12 laps, so you do the math.  I am doing this race, in memory of my brother, Joey, who passed away from S.I.D.S. (Sudden Infant Death Syndrome).  You can make your checks payable to : \"Dr.Bear\'s Toy Closet\", or \"CNMC\", or you can give cash, remember this is completely tax deductible. Any money won as a result of the race will be donated to Children’s Hospital, in addition to my original donation.  I encourage you to be generous, and put a smile on some very sick kids.\r\nSo come see our tent at the race!!\r\n\r\nThank You\r\nRobert'),(61,'SecretSix Racing Team','captain','R. Scott','McKernon','','Sport','','M','1965-05-13','19606 Twinflower Cir','Germantown','MD','USA','20876','hophead1@comcast.net','301-252-0298','301-515-1183',1,'Carol Mckernon','301-530-8361','','large','',''),(62,'SecretSix Racing Team','regular','Liz','Notter','','Sport','','F','1966-12-16','324 Thaxton Street','Gaithersburg','MD','USA','20878','enotter@starpower.net','301.254-5436','301-254-5436',1,'Jamie Notter','2406037693','','medium','The Bike Lane, Burke VA',''),(63,'SecretSix Racing Team','regular','Todd','Bauer','S','Sport','','M','1966-04-15','19160 Warrior Brook Drive','Germantown','MD','USA','20874','tsbauer@comcast.net','301-556-4935','301-252-8186',1,'Barbara Bauer','301-916-6674','','large','Germantown Cycles','I like hot-tubbing, pina coladas and moonlit walks on the beach.'),(64,'SecretSix Racing Team','regular','James','Corbett','C','Sport','','M','1966-03-09','627 Linslade St','Gaithersburg','MD','USA','20878','ifbikemd@yahoo.com','240-498-4541','240-498-4541',1,'Joanne Corbett','301-806-0446','','large','','A hard ride is good to find!'),(65,'SecretSix Racing Team','regular','Angela','Rand','K','Sport','','F','1977-01-18','464 W. South Street','Frederick','MD','USA','21701','angela.rand@rand-associates.com','1-301-695-4364','1-301-695-4364',1,'Charles Rand','301-221-5984','','medium','Germantown Cycles',''),(66,'Huevos del Toro','captain','Bryan','Racine','M','Sport','','M','1980-03-08','21075 Briar Patch Lane, Apartment 306','Lexington Park','MD','USA','20653','bracine@gmail.com','(301) 904-9758','(301) 737-7981',1,'Melissa Dixon','(410) 610-0566','','large','Team intieractive/Bike Doctor-Waldorf\r\nwww.bikedoctorwaldorf.com\r\nwww.smcclub.net','Fortified with 7 vitamins and minerals, Racine is back yet again for a third performance at the Big Bear course.\r\n\r\nPowerful, fast, and agile are words commonly used to describe sports cars, motorcycles, and even airplanes.\r\n\r\nSlow, whiny, and no-talent hack are words often used to describe Racine and his riding style.  Debateably faster than a parked locomotive and able to open beercans in a single pull, Racine\'s abilities will be put to the ultimate test on the rigid singlespeed Karate Monkey 29er he\'ll be rockin\' through the day and night on the rocky West Virginia course.  Having given up gear-equipped bikes for majority of the past 5 seasons, but not suspension forks, it took a feat of strength and will nearly as powerful as Mr. T and Chuck Norris combined for Racine to knowingly remove the suspension fork from his Karate Monkey and re-install the stock rigid fork.\r\n\r\nLook for a command performance held up by a solid foundation of at least having thought about doing some training prior to the race and fueled by the blatant disregard for his own personal well-being in pursuit of team greatness out on the trail in West Virginia.'),(67,'Huevos del Toro','regular','Kevin','Murray','M','Expert','','M','1977-06-22','3785 Graemont Dr','Earlysville','VA','USA','22936','kevin29er@gmail.com','2402980629','',1,'Christine Murray','2402980707','','large','',''),(68,'Huevos del Toro','regular','Dave','Kelnberger','','Sport','','M','1959-07-19','22145 Cartwright Rd','Leonardtown','MD','USA','20650','david.kelnberger1@navy.mil','','301-475-1879',1,'margaret kelnberger','301-475-1879','','x-large','team n-teractive/Bike Doctor-Waldorf','the \"old man\''),(69,'Huevos del Toro','regular','Dan','Cikovic','','Sport','','M','1978-07-25','22900 Town Creek Drive','Lexington Park','MD','USA','20653','costguy@gmail.com','(301) 904-5653','',1,'Kristi Cikovic','(301) 904-5653','','large','Team Elephantitis','I traded in the MotoBecane for a real bike, a 29er rigid SS.'),(70,'Seersucker','captain','Brian','DelVecchio','W','Sport','','M','1969-11-29','402 Old Babcock Trail','Gibsonia','PA','USA','15044','bwd@spkpowerlaw.com','412-559-0470','724-444-4720',1,'Wendy DelVecchio','724-444-4720','','large','',''),(71,'Seersucker','regular','Chris','Venus','','Sport','','M','1971-09-09','209 Bernice Street','Pittsburgh','PA','USA','15237','roxvenus@verizon.net','','412-780-7012',1,'Niki Venus','412-260-1459','','x-large','',''),(72,'Seersucker','regular','Aaron','Shelmire','','Sport','','M','1980-12-12','4401 Center Avenue','Pittsburgh','PA','USA','15213','aaron.shelmire@gmail.com','412-334-6502','412-334-6502',1,'Kim Rice','412-334-6502','','large','',''),(73,'Seersucker','regular','Charles','Gurchak','','Sport','','M','1969-04-01','420 Goldsmith Road','Pittsburgh','PA','USA','15237','judy@przyborski.com','412-523-8570','412-486-3252',1,'Judy Gurchak','412-486-3252','','x-large','',''),(74,'Two Wheelers Against Traffic','captain','Mark','Gallagher','A','Sport','573-70-4023','M','1958-06-28','3850 Rodman #232','Washington','DC','USA','20016','mark.gallagher1@usdoj.gov','202-514-5405','805-234-2237',1,'Lynn Gallagher','202-364-8968','','medium','',''),(75,'Two Wheelers Against Traffic','regular','Paul','Bonta','','Sport','','M','1967-10-27','1120 5th St','Washington','DC','USA','20001','pbonta1@verizon.net','202-679-8646','202-679-8646',1,'Camille Bonta','202-320-3658','','large','',''),(76,'Two Wheelers Against Traffic','regular','Sean','Martin','E','Sport','','M','1969-02-19','2001 12th Street NW, #204','Washington','DC','USA','20009','seanmartin69@hotmail.com','202 305 2492','541 510 7041',1,'Rachel Martin','541 520 7301','','x-large','',''),(77,'Two Wheelers Against Traffic','regular','ilana','Knopf','M','Sport','','F','1972-06-10','1532 8th Street','Washington','DC','USA','20001-3206','ilana_knopf@hotmail.com','202 326 6030','',1,'Norman Knopf','202 257 9150','','medium','',''),(78,'Two Wheelers Against Traffic','regular','Matt','Carson','','Sport','','M','1959-01-22','164 Hawk Ave','Akron','OH','USA','44312','','330-375-2337','',1,'Lisa Carson','330-733-1534','','large','',''),(79,'Peoples Meat Racing','captain','William','Davis','D','Sport','212-96-1171','M','1979-10-07','542 Roops Mill Rd','Westminster','MD','USA','21158','davis@maraudertech.com','301-928-4486','',1,'Stephanie Davis','301-857-5395','','large','',''),(80,'Peoples Meat Racing','regular','Matt','Silverman','','Sport','','M','1981-07-10','4740 Bradley Blvd #216','Chevy Chase','MD','United States','20815','silvermatt@gmail.com','','973-879-0488',1,'Jill Silverman','973-879-0487','','large','',''),(81,'Peoples Meat Racing','regular','Matthew','Motyka','J','Sport','','M','1981-12-11','10602 High Beam Ct','Columbia','MD','USA','21044','matt.motyka@gmail.com','','301-529-2377',1,'Amy Beheler','301-717-4649','','large','',''),(82,'Peoples Meat Racing','regular','Douglas','Newkirk','R','Sport','','M','1979-08-10','15 Lawton St.  Apt. 5','Brooklyn','NY','USA','11221','dnewkirk1@mac.com','202-329-8896','202-329-8896',1,'Boni or David Newkirk','301-865-5291','','medium','','Go Big or Go Home!!'),(83,'Just 4 Brothers','captain','Joe','Small','','Sport','','M','1965-12-22','108 Jomat Drive','McMurray','PA','USA','15317','smalltalk4@verizon.net','724 969-0558','724 969-0558',1,'Kathee Small','724 969-0558','','x-large','','Grateful Rider'),(84,'Just 4 Brothers','regular','Jim','Small','','Expert','','M','1964-08-30','48 Trueman Avenue','Haddonfield','NJ','USA','08033','lizsmall@comcast.net','856 795-8382','',1,'Liz Small','856 795-8382','','large','','The Kona Killer'),(85,'Just 4 Brothers','regular','Pat','Small','','Sport','','M','1966-11-20','197 Kensington Lane','Littlestown','PA','USA','17340','smallfam89@comcast.net','717 359-5482','',1,'Sue Small','717 359-5482','','medium','','Full Suspension Softee'),(86,'Just 4 Brothers','regular','Aaron','Small','','Expert','','M','1971-08-07','298 Belmont Road','Gettysburg','PA','USA','17324','smalltalk4@verizon.net','717 476-5044','',1,'Pattie Small','717 476-5044','','large','','The Boy Wonder'),(87,'snowblind cats','captain','Michael','Fitzgerald','W','Sport','','M','1969-12-26','1100 bishop lane','charlottesville','VA','USA','22902','cosmo@cstone.net','434 960 5078','',1,'relana fitzgerald','434 953 5079','','large','Nicoderm CQ,Castello di Brolio, Tenuta San Guido','Classic underachiever with more bikes than skills. Owns several Iron Lungs which he keeps by his bedside/sleeping bag. Once sponsored by Marlboro until Nicoderm offered him a deal he couldn\'t refuse. He will be survived by his loving wife , two Jack Russells, one Boston Terrier, two Manx Cats, and two Budgies.'),(88,'snowblind cats','regular','Kenneth','Lawless','W','Sport','230-86-9872','M','1955-03-15','1217 St George Ave','Charlottesville','VA','USA','22901','notxena@aol.com','4349609112','',1,'Kenneth Lawless','4342937382','','x-large','',''),(89,'snowblind cats','regular','Rusty','Speidel','','Sport','290-46-1851','M','1960-08-13','1410 Carriage Lane','Charlottesville','VA','USA','22901','rustyspeidel@gmail.com','434-284-3403','434-284-3403',1,'Sophie Speidel','434-295-4214','','large','rowdy.com',''),(90,'snowblind cats','regular','Rob','Jiranek','','Sport','224-66-9520','M','1962-12-04','175 Waring Road','Memphis','TN','USA','38117','rjiranek@comercialappeal.com','901-529-6525','901-517-8173',1,'Pam Jiranek','901-237-6970','','medium','','Laird said to go for \"the experiences in life.\"'),(91,'Patapsco Porn Stars','captain','Victor','Vargas','','Sport','','M','1964-10-24','5871 Washington Blvd','Elkridge','MD','USA','21075','victor@avaloncyles.com','410-276-2029','',1,'William Vargas','505-296-3557','','large','Avalon Cycles',''),(92,'Patapsco Porn Stars','regular','Donald','Rucker','','Sport','','M','1973-01-26','5871 Washingtons Blvd','Elkridge','MD','USA','21075','donald@avaloncycles.com','410-276-2029','',1,'Phil Burlson','410-276-2029','','x-large','',''),(93,'Patapsco Porn Stars','regular','Mark','Stahl','','Sport','','M','1971-07-15','6505 Hazelwood Ct','Baltimore','MD','USA','21237','markrstahl@hotmail.com','410-866-4975','',1,'Dolly Stahl','410-866-4975','','large','',''),(94,'Patapsco Porn Stars','regular','Vaughn','Micciche','','Sport','','M','1982-12-16','5871 Washington Blvd','Elkridge','MD','USA','21231','vaughn.micciche@gmail.com','7179681666','',1,'Jennifer Webb','717-993-6105','','x-large','',''),(95,'Patapsco Porn Stars','regular','Lacoa','Corder','','Sport','','F','1978-07-05','2601 Cranberry Square, Morgantown','Morgantown','WV','USA','26508','Lacoa.Corder@hatchmott.com','304-669-9069','',1,'Karen Boone','304-669-9069','','small','',''),(96,'Frederick\'s Finest','captain','Marshall','Rood','D','Sport','','M','1978-01-28','35 East All Saints Street # 9','Frederick','MD','USA','21701','drood@rodgers.com','','301 471 1338',1,'Jody Rood','301 473 5482','','x-large','',''),(97,'Frederick\'s Finest','regular','Robert','Burgess','S','Sport','','M','1968-05-15','11621 Gladhill Brothers Road','Monrovia','MD','USA','21770','scott.burgess@abnamro.com','3018652846','',1,'Tracy Miller','3018652846','','large','',''),(98,'Frederick\'s Finest','regular','Ben','Sellers','D','Sport','','M','1970-03-13','6303 Davis Rd','Mount Airy','MD','USA','21771','bensellers1970@yahoo.com','(301)514-3783','',1,'Anne Quinlan','(301)514-3784','','large','',''),(99,'Frederick\'s Finest','regular','Brek','Prior','','Sport','','M','1967-11-23','140 West church Street','Frederick','MD','USA','21701','Bkprior@yahoo.com','202-502-1227','301-668-6104',1,'Kim Prior','301-668-6104','','large','',''),(100,'RUKID\'N','captain','Chris','Kolakowski','W','Sport','','M','1969-07-15','106 Flower Ave','Mount Airy','MD','USA','21771','kookofduke@yahoo.com','443 745-3189','',1,'Jennifer  Kolakowski','443 745-2944','','x-large','My Wife, my kids, and my dog.','KOOK  thats all.....let\'s ride'),(101,'RUKID\'N','regular','Edward','Zupnik','A','Sport','','M','1966-11-15','11913 Evening Ct.','Clarksville','MD','USA','21029','edwardzupnik@hotmail.com','410-531-9899','',1,'libbyzupnik','410-531-9899','','large','','Weekend Warrior'),(102,'RUKID\'N','regular','walt','mcguire III','f','Sport','','M','1970-11-23','107 greenbrier rd.','baltimore','MD','USA','21286','walt@prosourceconstruction.com','4433925135','4433925135',1,'amy redondo','4436043162','','large','','hey everybody! im a 36 year old dh freerider that also enjoys the xc side of life. this is my third year doing this and i love it! i am crazy about the natural world and camping is a big part of that. im a carpenter from baltimore that enjoys building freeride trails and cool bike related stuff. i love night riding with my friends and boxer named flood. my only two wheeled distaste is for road riding! asphalt sucks! dirt rules!!! BEHIND BARS FOR LIFE! enjoy!'),(103,'RUKID\'N','regular','Eric','Roberts','A','Sport','','M','1971-09-08','712 Walker Ave','Baltimore','MD','USA','21212','roberte2@wyeth.com','410-935-5996','',1,'Caroline Roberts','410-377-7565','','x-large','','35 year old male seeking long rides in the woods without any stress or worries about everyday s**t!!!!'),(104,'Enter The Draggin','captain','Matthew','Hoppe','C','Sport','046-80-5298','M','1973-12-07','208 september way','York','PA','USA','17403','mhoppe7@yahoo.com','717 332 0986','717 332 0986',1,'Lisha Hoppe','717 332 4727','','large','',''),(105,'Enter The Draggin','regular','Cameron','Chesnik','B','Sport','','M','1976-02-28','25 Methwold Ct','Owings Mills','MD','USA','21117','cameronchesnik@comcast.net','410-830-1502','',1,'Ron/Connie Chesnik','301-845-6878','','large','Yes please!',''),(106,'Enter The Draggin','regular','James','Lobley Jr.','D','Sport','','M','1979-07-13','13044 Hawkins Cir','Hagerstown','MD','USA','21742','j.lobley@hotmail.com','301-733-2939','301-992-9406',1,'Tina Lobley','757-880-0303','','x-large','Hagerstown Kitchens Inc.','\"Bulls on Parade\"'),(107,'Enter The Draggin','regular','Toby','Carson','L','Sport','215-19-0195','M','1978-02-17','1621 Hanover Street','Baltimore','MD','USA','21230','tcarson@tricerat.com','443-278-3210','',1,'Pam Carson','410-692-9190','','large','triCerat Software, HUSTLER, Yacht Rock, the Royal Order of Moose',''),(108,'The Team MOM','captain','Mick','Ferraro','','Sport','','M','1973-11-02','125 Washington St. L205','S. Norwalk','CT','USA','06854','mferraro@enr-corp.com','203-849-7246','914-589-9217',1,'Mia Soucy','315-212-5591','','medium','Wife.','long known as the prettiest and most obnoxious - has clearly taken over over as the fastest and most responsible brother'),(109,'The Team MOM','regular','david','Ferraro','','Sport','','M','1970-10-10','304 Hilltop RD','Linthicum','MD','USA','21090','dferraro@aqua.org','410 463 1301','',1,'Issy','410 419 7030','','medium','Avalon Cycles, T. Mila & Singer Moon','Less Gears, More Beers'),(110,'The Team MOM','regular','Jim','Bole','','Sport','','M','1962-08-01','601 Murdock Rd','Baltimore','MD','USA','21212','jimbole1@yahoo.com','4434659352','',1,'Brenda Messina','4434659351','','large','www.bredabeads.com','I am Slow and Steady. It\'s not just a children\'s fable. It is a way of life. On my bike. On the run. Behind the grill. Drinking beer. At work. You get the idea...'),(111,'The Team MOM','regular','Cheryl','Ferraro','','Sport','','F','1979-11-03','3433 Gateshead Manor Way #103','Silver Spring','MD','USA','20904','cheryl8898@hotmail.com','804-475-5505','',1,'Mum','410-751-6490','','small','',''),(112,'Appler-Tart','captain','James','Thielemann','S','Sport','','M','1968-12-06','3929 St. Johns Lane','Ellicott City','MD','USA','21042','chesapeakecont@aol.com','410-686-4430','410-461-4179',1,'Katell Thielemann','410-935-2165','','large','',''),(113,'Appler-Tart','regular','Steven','Clark','P','Sport','','M','1983-07-08','9486 Virginia Center Blvd #104','Vienna','VA','USA','22181','steven.p.clark@gmail.com','703-895-6951','',1,'James Clark','540-675-3978','','medium','',''),(114,'Appler-Tart','regular','James','Clark','S','Sport','','M','1970-12-20','14262 Legend Glen Court','Gainesville','VA','USA','20155','james.s.clark@comcast.net','703-324-8823','540-270-1695',1,'Ellie Clark','540-675-3978','','x-large','',''),(115,'Appler-Tart','regular','Mark','Gramann','R','Sport','','M','1978-04-20','25206 Dunvegan Sq','South Riding','VA','USA','20152','mark.gramann@yahoo.com','703-324-8836','814-404-1490',1,'Bob Gramann','540-898-0611','','medium','',''),(116,'Precourt, Harry C.','captain','Harry','Precourt','C','Expert','015-68-6731','M','1987-02-14','63 Harness Lane','Sudbury','MA','USA','01776','hprecourt@gmail.com','978-479-4204','',1,'Mike','978-815-1143','','medium','North Atlantic Velo/Classbook.com',''),(117,'Taurine Junkies','captain','Brian','Carey','C','Sport','','M','1971-08-04','2820 Mountain Laurel Drive','Furlong','PA','USA','18925','bcmcarey@hotmail.com','609-252-3883','215-348-1790',1,'Denise Carey','703-346-8362','','large','Still waiting for a word from our sponsors...','I solve problems.'),(118,'Taurine Junkies','regular','Tom','Vaughn','S','Expert','','M','1968-07-06','1659 Nordic Hill Circle','Silver Spring','MD','United States','20906','tomvaughn@hotmail.com','301-731-4233 x4421','301-962-6077',1,'Betsy Sharon','301-535-4476','','medium','City Bikes, Metro Gutter & Home Services, Whole Foods Market - P Street, SportLegs, Temperance Hall, WTB, Serfas',''),(119,'Taurine Junkies','regular','Chris','Redlack','J','Sport','','M','1969-11-01','10003 raynor rd.','silver spring','MD','USA','20901','stumpycat@yahoo.com','3012287794','3015938525',1,'elizabeth hunter','3015422440','','large','Hormel','H.I.: Sometimes it\'s a hard world for small things.'),(120,'Taurine Junkies','regular','Dan','Williams','','Sport','','M','1971-08-18','6507 Parish Glebe Lane','Alexandria','VA','USA','22315','dwill86133@aol.com','202-775-7575','703-339-7350',1,'Jan Williams','607-625-4704','','large','Sughrue; Porsche; Jeep and Lisa',''),(121,'Gracie\'s Grandsons','captain','Brian','Collins','E','Sport','','M','1972-03-17','HC 89 Box 23B','Durbin','WV','USA','26264','flycollins@hotmail.com','304-456-4353','304-456-4353',1,'Stacy Collins','304-456-4353','','medium','',''),(122,'Gracie\'s Grandsons','regular','George','Collins','F','Sport','','M','1968-09-16','1801 Devon Dr','Springfield','OH','USA','45503','abgcollins@hotmail.com','937-342-0965','937-342-0965',1,'April Collins','304-366-3340','','x-large','',''),(123,'Gracie\'s Grandsons','regular','Troy','Garland','P','Sport','','M','1971-09-26','5711 Square Court','Frederick','MD','USA','21703','Troy.Garland@opm.gov','301 831 8492','301 471 2117',1,'Bob & Dorothy Garland','301 471 4599','','large','',''),(124,'Gracie\'s Grandsons','regular','Curtis','Hedrick','','Sport','','M','1970-04-03','HC 89 Box 23B','Durbin','WV','USA','26264','curtishedrick@msn.com','540-798-6614','540-798-6614',1,'Cory Hedrick','540-798-6614','','large','',''),(125,'The Team DAD','captain','Tony','Lake','','Sport','','M','1959-08-05','7 Lostbrook Rd','w. Simsbury','CT','USA','06092','tlake@sbcglobal.net','860-651-7761','',1,'Donna Lake','860-997-7891','','x-large','dlake',''),(126,'The Team DAD','regular','Chad','Kasell','T','Sport','','M','1972-05-25','3850 Old Creek Rd','Blacksburg','VA','USA','24060','bigbear@ctk.phoenix-int.com','540.961.1049','540.392.3771',1,'Erin Kasell','540.392.5651','','large','Wife, MomDeux, GFYH-Ent, Hammer Gel, THAN Built, RideDAMMIT!,  My Legs, Beers/Brats, Cottonelle Wet Wipes....','Sure I\'ll do back-to-back night laps with Mickey...I like the punishment.'),(127,'The Team DAD','regular','Jeff','Kramer','W','Sport','522-35-7226','M','1979-04-15','406 Alleghany st.','blacksburg','VA','USA','24060','jeff.kramer@ferguson.com','540-953-1258','202-412-0957',1,'allison kramer','703-861-2234','','large','The great Ali-ababwa, jenny, and stella blue-eye','2nd big bear.  Looking forward to the agony once again.'),(128,'The Team DAD','regular','Jason','Braidich','S','Sport','','M','1974-05-13','378 Bloomfield Avenue','West Hartford','CT','USA','06117','jmtl1@sbcglobal.net','860-490-9003','860-490-9003',1,'T.J. Braidich','860-490-2468','','large','mtlg','bud.....weis.....er'),(129,'Singletrack Squad','captain','Scott','Devol','W','Sport','','M','1955-11-21','1002 Park Ave. SW','Canton','OH','USA','44706','salsaman42@yahoo.com','3304557267','3304557267',1,'Kathy Devol','3304557267','','medium','',''),(130,'Singletrack Squad','regular','Charles','Rush','R','Sport','','M','1956-08-13','3606 Washington Ave. Apt. 6','Finleyville','PA','USA','15332','Hugebee@Comcast.Net','412-848-8431','412-848-8431',1,'Violet','724-564-7801','','medium','',''),(131,'Singletrack Squad','regular','James','Aufderheide','T','Sport','292-62-9548','M','1958-09-18','2506 9th St. S.W','Canton','OH','USA','44710','mtymouse@aol.com','330-806 6408  (cell)','',1,'Robin Aufderheide','330-453-2746','','large','',''),(132,'Singletrack Squad','regular','Jim','Millard','','Sport','294-56-4497','M','1955-01-21','741 Marbury Circle','Hartville','OH','USA','44632','waterloo_jim@sbcglobal.net','330-805-0423','330-805-0423',1,'Linda','330-328-4351','','large','',''),(133,'WLC Leftovers','captain','Glenn','Dansey','E','Sport','','M','1967-03-20','1442 Alabama Avenue','Pittsburgh','PA','USA','15216','gdansey@verizon.net','412-480-2702','',1,'Lynn Dansey','412-835-3961','','medium','',''),(134,'WLC Leftovers','regular','Donnie','Konias','L','Sport','','M','1982-10-11','2833 Shawhan Ave.','Pittsburgh','PA','USA','15226','konias01@verizon.net','412-563-1134','412-378-6282',1,'Don Konias Sr.','412-521-4274','','large','',''),(135,'WLC Leftovers','regular','Nikki','Konias','R','Sport','','F','1983-12-30','2833 Shawhan Ave.','Pittsburgh','PA','USA','15226','nikrose01@verizon.net','412-563-1134','412-378-3704',1,'Don Konias Sr.','412-521-4274','','medium','',''),(136,'WLC Leftovers','regular','John','Thomas','R','Sport','166-58-0818','M','1968-12-20','108 graeser avenue','pittsburgh','PA','USA','15241','john.thomas@echodevelopers.com','412-849-8660','',1,'Marlene Thomas','412-443-1135','','x-large','West Liberty Cycles',''),(137,'WLC Leftovers','regular','Bob','Wargo','','Sport','','M','1969-11-02','111 Revenue Street','West Homestead','PA','USA','15120','rawpitt@hotmail.com','4124172833','',1,'Robert & Anna Marie Wargo','4124625962','','x-large','',''),(138,'Mudweiser','captain','Frank','Pohl','','Sport','','M','1966-06-28','1603 Kenwood Lane','Charlottesville','VA','USA','22901','fvpohl@gmail.com','434-295-6528','434-295-6528',1,'Mimi','434-295-6528','','large','',''),(139,'Mudweiser','regular','Ryan','MacDonald','','Sport','','M','1975-01-18','405 Westmoreland Ct.','Charlottesville','VA','USA','22901','deathbyarchitecture@gmail.com','434-960-1141','',1,'Bridget Donaldson','434-960-1224','','large','','Did someone say....hot tub?'),(140,'Mudweiser','regular','Frank','Messina','J','Sport','','M','1984-08-16','3966 Red Hill School Rd','North Garden','VA','USA','22959','messina.frank@gmail.com','434-882-3120','',1,'Frank Messina','434-882-3118','','x-large','',''),(141,'Mudweiser','regular','Mimi','Pohl','','Sport','','F','1975-05-10','1603 Kenwood Lane','Charlottesville','VA','USA','22901','meemdweam@yahoo.com','434-295-6528','',1,'Frank','434-566-2110','','small','',''),(142,'Mudweiser','regular','Vin','deVenoge','A','Sport','','M','1962-07-10','16744 Macnaughton Ct','Purcellville','VA','USA','20132','vin_dev716@yahoo.com','703-885-1773','540-751-0414',1,'Fran deVenoge','703-868-1883','','large','',''),(172,'Watch This','regular','Paul','Hoppe','D','Sport','','M','1980-08-29','203 Ringneck Court','Havre de Grace','MD','USA','21078','paul.d.hoppe@us.army.mil','443-243-9236','',1,'Christy Hoppe','443-243-9430','','large','',''),(173,'Baltimore Bush Doctors','captain','Rick','Webb','','Sport','','M','1976-11-07','111 Sanford Ave','Baltimore','MD','USA','21228','rwebb2@hotmail.com','4436107002','4107478271',1,'Jessica Webb','4436107703','','large','Visa/MasterCard, Outback Steakhouse, Denny\'s','This guy loves to suffer.  Last year\'s pre-race bender was the only way to ensure the proper level of pain.  This year however, Cap\'n Rick has turned over a new leaf - he switched his strict diet of steak and Miller Lite to steak and Coors Light.  Not only that, he bought a pair of black shorts with minimal logos!  Now that\'s dedication!\r\n\r\nRick sez:  \" I shouldn\'t have eaten that Pit Beef Sandwich. . . \"'),(171,'Watch This','regular','Adam','Neiman','','Sport','','M','1987-04-27','8130 Gnatstown Rd','Hanover','PA','USA','17331','dredevil@yahoo.com','717-630-8539','',1,'Sherry Neiman','717-630-8539','','medium','Adoring fans everyware',''),(170,'Watch This','regular','Brett','Leedy','M','Sport','','M','1980-12-11','5014 Woods Line Dr','Aberdeen','MD','USA','21001','bleedy@gdrs.com','443-243-4293','',1,'Emily Leedy','443-243-9304','','large','The color Green',''),(168,'Watch This','captain','Jeff','Asper','A','Sport','','M','1973-07-19','351 Green Ridge Rd','New Oxford','PA','USA','17350','dredevil@yahoo.com','717-624-2318','',1,'Kim Asper','717-571-4491','','medium','I would like to thank my helmet.',''),(169,'Watch This','regular','Sabrina','Asper','P','Sport','','F','1979-09-22','The Spangler Rd','New Oxford','PA','USA','17350','dredevil@yahoo.com','','717-624-8368',1,'Melody Asper','717-624-8368','','medium','','Britney Spears stunt double extraordinaire!'),(147,'Anatomical Designs','captain','Cliff','Valentin','','Sport','','M','1970-02-25','8309 Little Harbor Dr','Cincinnati','OH','USA','45244','hcvalentin@aol.com','513 253 9767','513 253 9767',1,'Harriet (wife)','513 253 9767','','x-large','',''),(148,'Anatomical Designs','regular','Shandon','Hime','','Expert','','M','1970-12-01','40 Charles St','Uniontown','PA','USA','15401','anatomde@atlanticbb.net','724 322 2451','724 322 2451',1,'Lynn','724 437 3088','','x-large','',''),(149,'Anatomical Designs','regular','George','Herriott','','Sport','','M','1969-01-01','Drag Strip Rd','Belpre','OH','USA','41111','george_herriott@yahoo.com','304 482 5792','304 482 5792',1,'Cindy Prather','740 423 2097','','x-large','',''),(150,'Anatomical Designs','regular','Bo','Hamlett','','Expert','','M','1968-01-01','1 Number one St','Uniontown','PA','USA','11111','docdaddyyoyo@aol.com','800 555 1212','800 555 1212',1,'wife','800 555 1212','','x-large','Speedgoat',''),(151,'Velo Bellas & Mammoth Fellas','captain','Alexandria','Fabbro','','Pro','560-39-2152','F','1964-01-23','P.O. Box 3535','Mammoth Lakes','CA','USA','93546-3535','alexfabbro@yahoo.com','7609345267','',1,'Chris Fabbro','6264416900','','medium','Velo Bella - Kona',''),(152,'Velo Bellas & Mammoth Fellas','regular','Sean','Zurek','A','Expert','235-33-4909','M','1979-11-27','212 Palisades Drive','Morgantown','WV','USA','26508','seanzurek@gmail.com','304-685-6222','304-685-6222',1,'Yadranca Jikich','304-288-3035','','x-large','',''),(153,'Velo Bellas & Mammoth Fellas','regular','Tom','Mazaitis','','Expert','224-37-2761','M','1978-04-22','PO Box 8942','Mammoth Lakes','CA','USA','93546','mmcaskibum@hotmail.com','760 924 7243','703 341 9382',1,'Anne Mazaitis','703 533 1943','','large','',''),(154,'Velo Bellas & Mammoth Fellas','regular','Shelly','Whisenhant','','Pro','123-45-6789','F','1966-09-30','606 Shore Acres Road','Arnold','MD','USA','21012','shellynwizz@comcast.net','410-757-5017','',1,'Robert Whisenhant','443-694-2353','','small','',''),(155,'No Small Wonder','captain','Ken','Bach','J','Sport','165-44-6158','M','1967-10-27','719 Hall Lane','Smithton','PA','USA','15479','kenbach@verizon.net','7248727671','7248720486',1,'Joni Bach','4125768482','','x-large','',''),(156,'No Small Wonder','regular','Scott','Zemke','M','Sport','059-70-4956','M','1969-06-09','9290 Fisher Rd','Rockwell','NC','USA','28138','zemkes@lha4.navy.mil','757-677-6228','704-785-4478',1,'Cleo Zemke','704-785-4478','','x-large','',''),(157,'No Small Wonder','regular','Melvin','Cornell','B','Sport','211-64-9902','M','1968-11-01','1071 Lilac St','Indiana','PA','USA','15701','mcornell@iup.edu','724-357-9357','',1,'Joanna Cornell','724-422-8791','','xx-large','',''),(158,'No Small Wonder','regular','Pat','Phillips','','Sport','','M','1952-12-12','1710 North Nelson St','Arlington','VA','USA','22207','philfam@verizon.net','301-370-7837','703-276-0877',1,'Hilary Phillips','703-244-6817','','large','',''),(159,'Scrambled Legs','captain','Paul','Beliveau','W','Sport','','M','1976-10-24','264 Pommel Lane','Charles Town','WV','USA','25414','mcmtbr@frontiernet.net','304-728-0193','240-409-0524',1,'Katherine Beliveau','304-728-0193','','large','',''),(160,'Scrambled Legs','regular','Philip','David','J','Sport','','M','1963-06-04','1220 Ed-Glenn Dr.','Woodbine','MD','USA','21797','phild@arl.army.mil','301-394-5603','410-549-3288',1,'Andrea David','410-733-7501','','large','',''),(161,'Scrambled Legs','regular','Alfred','Doucette','S','Sport','','M','1975-08-16','1621 Brenda Drive','Greencastle','PA','USA','17225','pheonixbrn1@earthlink.net','2406743257','7175930959',1,'Jeanette Doucette','7175930959','','large','','Weekend warrior who loves to break things on my bike.'),(162,'Scrambled Legs','regular','Justin','Taylor','','Expert','','M','1987-04-06','8329 Jordan Valley Way','Frederick','MD','USA','21702','justin.taylor@colorado.edu','240-446-4362','',1,'Mimi Taylor','301-639-2906','','x-large','Kelly Benefit Strategies/Lateral Stress Velo',''),(163,'Red Rocket','captain','Kenneth','Cornell','A','Sport','','M','1960-07-15','10439 Petersboro Road','Woodstock','MD','USA','21163','kcornell@gilbaneco.com','301-418-8308','410-461-4538',1,'Karin Cornell','443-992-2344','','x-large','',''),(164,'Red Rocket','regular','Lucas','Klock','O','Sport','','M','1978-07-02','1441 Sultan Drive','Frederick','MD','USA','21702','lklock@gilbaneco.com','301-624-1902','814-931-6251',1,'Elizabeth Schaut','814-594-5196','','x-large','',''),(165,'Red Rocket','regular','Derek','Meyer','N','Sport','','M','1978-02-09','3131 Keswick Rd.','Baltimore','MD','USA','21211','dmeyer@gilbaneco.com','302-593-0920','',1,'Amy Meyer','443-690-9076','','large','',''),(166,'Red Rocket','regular','Eric','Fritz','R','Sport','187-64-9541','M','1981-12-30','1601 South Hayes Street, Apt A','Arlington','VA','USA','22202','efritz@gilbaneco.com','202-497-4044','202-497-4044',1,'Steve Fritz','570-538-2828','','large','',''),(167,'Red Rocket','regular','Stefano','Terricola','','Sport','','M','1976-09-09','8310 Water Lily Way','Laurel','MD','USA','20724','stefanoterricola@Hotmail.com','301-776-0355','',1,'Charlotte Kerr','410-849-2242','','x-large','',''),(174,'Baltimore Bush Doctors','regular','Kent','Schrack','','Sport','','M','1969-11-20','18 Dunmore Rd','Catonsville','MD','USA','21228','kschrack@aol.com','4107472339','',1,'Cara Schrack','4436219979','','large','Primal Wear, Segway, Yosemite Sam Mudflap.','Proud owner of three black 4 Wheel Drive vehicles, Kent \"The Animal\" Schrack is pretty amped up to race this year.  Raw eggs, tomato juice and Saline I.V.s keep him fired up and ready to kick some ass.  Kent says  \"Walking\'s for losers!\"'),(175,'Baltimore Bush Doctors','regular','TJ','Bonner','','Sport','','M','1976-02-09','433 Academy Rd','Catonsville','MD','USA','21228','teejasaur@yahoo.com','4102749228','4102749228',1,'Pat Bonner','4109609590','','medium','Academy Heights Yard Sale, eBay.','When he\'s not playing Honky Tonk music, raising hell or hauling firewood with the Segway, \"Slim\" finds time to ride his bike.  Some folks don\'t take kind to his independent style, hillbilly ways, and strong command of the english language.    \r\n\r\nTJ says \"To hell with \'em - I fell down!\"'),(176,'Baltimore Bush Doctors','regular','Chad','Miller','','Sport','','M','1973-12-22','104 N Beaumont Ave','Catonsville','MD','USA','21228','cmmiller22@hotmail.com','4107442992','4107442992',1,'Bruce or Maggie','7243259538','','medium','Goodwill.  Blogs.','\"The Chad\" is like a riddle wrapped in an enigma wrapped in a bike jersey.  His glasses will hypnotize you, his outfit will confuse you, his bike will creep up on you and the speed at which he rides is sure to offend you.  Some say he once killed a man with a guitar string.  Don\'t ask him what he\'s thinking - you\'re not ready for the answer.\r\n\r\nChad says:  \"I\'m working on an algorithim that quantifies how you cannot hang.  It\'s really quite complex.\"'),(177,'Tackleberry\'s Saucer Hats','captain','Ed','Kach','','Sport','','M','1968-08-07','603 Clifton Road','Bethel Park','PA','USA','15102','ek125@verizon.net','412 833-6173','412 523-1259',1,'Micki Kach (wife)','412 833-6173','','large','',''),(178,'Tackleberry\'s Saucer Hats','regular','Michael','Dunn','','Sport','','M','1981-08-31','2991 Greenwald Road','Bethel Park','PA','USA','15102','Dunn455@msn.com','412 292-2315','',1,'Paul Dunn','412 343-9870','','x-large','',''),(179,'Tackleberry\'s Saucer Hats','regular','Mike','Mincin','','Sport','','M','1974-02-10','560 Thomas Street Ext','Bridgeville','PA','USA','15017','ek125@verizon.net','412 953-3148','',1,'Rachel Mincin','412 257-0392','','large','',''),(180,'Tackleberry\'s Saucer Hats','regular','Giles','Wright','','Sport','','M','1975-08-20','1030 King Edward Drvie','McDonald','PA','USA','15057','gwright@verizon.net','412 448-3140','',1,'Jessica Wright','412 600-9220','','large','',''),(181,'Whoo Ha','captain','Adam','Thompson','C','Sport','','M','1971-01-29','781 Oakcrest','Massillon','OH','USA','44646','acthomp781@sssnet.com','3308331620','3308331620',1,'Cindy Thompson','3308331620','','large','',''),(182,'Whoo Ha','regular','Douglas','Bernard','J','Sport','274-88-7610','M','1975-01-19','710 ruth ave. sw','north canton','OH','USA','44720','1gear29@motofabulous.com','330-705-2466','',1,'Michelle Bernard','330-244-1852/330-705','','large','',''),(183,'Whoo Ha','regular','Ryan','Church','M','Sport','271-70-7747','M','1974-12-05','2901 Vermont St NW','North Canton','OH','USA','44720','chiroryan66@yahoo.com','330 701-1461','',1,'Judy Church','301 501-0429','','x-large','','Thanks to our fearless leader Matthew who could not be here today (don\'t worry, he is still alive) but is a big reason why we are here and why I have a current passion for mountain biking.'),(184,'Whoo Ha','regular','Fran','Lane','B','Sport','','M','1971-06-06','2403 Van Dyke Ave','Raleigh','NC','USA','27607','buildingbliss@msn.com','919.427.2293','919.427.2293',1,'Rayne Lane','919.623.4167','','large','','huck \'em if ya got \'em'),(185,'WVU Cycling','captain','Brian','Talbott','C','Sport','','M','1977-08-11','733 Louise Ave','Morgantown','WV','USA','26505','talbottbrian@hotmail.com','304 376 3795','',1,'Siera Talbott','304 376 0067','','x-large','Talbott Glass Company, West Virginia University School of Medicine Class of 2009, Tenacious D',''),(186,'WVU Cycling','regular','Steven','Nutt','A','Sport','','M','1985-04-04','417 Beaver Ave','Morgantown','WV','USA','26505','snutt@mix.wvu.edu','(304) 610-1278','',1,'Charlie','(304) 545-1598','','medium','Mahmud AHMADI-NEJAD\r\nand\r\nThe Power of Rock',''),(187,'WVU Cycling','regular','Leah','Bryson','','Sport','235-33-2178','F','1981-12-05','523 Posten Ave','Morgantown','WV','USA','26501','blisssister@hotmail.com','(304) 692-0524','(304) 692-0524',1,'Lesley Thwaits','(304) 692-0524','','small','Autumn Bryson (she pays the bills so I get to ride)','It\'s not a good ride unless I end it muddy and/or bloody!'),(188,'WVU Cycling','regular','Andy','Wiedrich','C','Expert','','M','1986-01-10','3335 fawnway dr','murrysville','PA','USA','15668','awiedric@mix.wvu.edu','412.607.2849','',1,'linda Wiedrich','724.733.4480','','small','Pittsburgh Pro Bicycles, Cannondale, WVU cycling.','I normally compete in the duo pro category, but last year didn\'t treat my body so well. so this year I\'m trying something new, 5 man open!  i think is should be a lot more enjoyable then duo.  really looking forward to doing the race!!!'),(189,'WVU Cycling','regular','Barrett','Airaghi','A','Sport','329-68-4440','M','1979-10-04','10348 Commonwealth Blvd.','Fairfax','VA','USA','22032','barrett.airaghi@fcps.edu','','7034349477',1,'Rob Airaghi','7032631738','','medium','','High School Teacher with muscles like PayDough\r\n\r\nOnly VT grad in a group of WVU Riders'),(190,'Madz Bikers','captain','Michael','Zymowski','T','Sport','123-45-6789','M','1965-06-10','2425 Custis Road','Arlington','VA','USA','22201','zymowski@gene.com','(703-622-8619','703-622-8619',1,'Jacqui Zymowski','703-346-7852','','large','The Bicycle Place',''),(191,'Madz Bikers','regular','Ted','Staib','','Sport','','M','1965-12-30','10193 Castlewood Lane','Oakton','VA','USA','22124','staiby@verizon.net','703-307-3199','703-307-3199',1,'Lisa Staib','703-309-0611','','large','',''),(192,'Madz Bikers','regular','Larry','McDonald','','Sport','','M','1969-02-17','9701 Potomac Drive','Fort Washington','MD','USA','20744','mcdonald@brtrc.com','703-205-1531','703-346-6216',1,'Mike Richard','202-744-8256','','large','',''),(193,'Madz Bikers','regular','Shane','Kinkennon','','Sport','','M','1968-10-27','539 West 1st Ave','Denver','CO','USA','80223','shane@kinkennoncommunications.com','703-855-9576','',1,'Bonnie Kinkennon','318-458-4247','','medium','The Bicycle Place, Silver Spring, MD','1st place, Sport Vet class, 2003 Mid-Atlantic Mountain Bike Series \r\n\r\n2nd place, Expert class, 2006 Gay Games, Chicago, IL'),(194,'C.O.G.\'s (Curmudgeonly Old Guys)','captain','Doug','Bothner','','Sport','','M','1969-01-16','206 Homewood Terrace','Baltimore','MD','usa','21218','dbothner@zigersnead.com','443-691-2847','',1,'Jacky Jennings','443-756-4367','','large','Vasaline, HuffyBikes, HazelnutDecafInstantCofee','Like to ride, been ridin a lot, got some scuffs in my time, like goin uphill, like goin downtown'),(195,'C.O.G.\'s (Curmudgeonly Old Guys)','regular','Robert','Creasy','D','Sport','','M','1967-09-01','PO Box 2677','Mammoth Lakes','CA','USA','93546','robert@rdcarch.com','760-934-1888','760-937-2600',1,'Jennifer Holmes','760-924-7229','','xx-large','Preparation H, Miss Sylvia, LooneyBean-0, CHC, Ames Department Stores, Home Plans Unlimited, and Tinkerbell','BoBo is a former world champion row boating medalist relying on decades of training and heavy caffine intake to assist the couch potato status of his ass which is currently well molded to the Ames Groupo. Recent training has been focused solely on a sleep a deprivation routine personally designed by CHC. Bring on the NIGHT!!!'),(196,'C.O.G.\'s (Curmudgeonly Old Guys)','regular','Marky','Treon','M','Sport','','M','1970-08-08','206 Homewood Terrace','Baltimore','MD','USA','21218','marktreon@mac.com','410-419-2953','',1,'Stacie Stender','443-691-2847','','xx-large','Labat-Door-a, Apple, Stacie Stender Inc., Layabout SA LLP, Local 136 (coffee growers), Brai Rods SA, Association of SA Pool Cleaners, Nissan, Illy, Whale  Watchers Anonymous, The Two French Maids, Stacie Stender Inc, Stacie Stender LLC, and AA (Stacie Ste','A dedicated layabout, Marky Mark has spent the last 3 years kicking back in South Africa, living off the hard earned good graces of his live in lady and full time sponsor. He negotiates at least one bike purchase per year, and spends a good deal of time riding them in remote and spectacular places (or at least he sends pictures - there\'s really no evidence that he actually rides - the crutches? Skiing accident.)'),(197,'C.O.G.\'s (Curmudgeonly Old Guys)','regular','Jeffers','Jennings','E','Sport','','M','1967-01-30','206 Homewood Terrace','Baltimore','MD','USA','21218','jjennings@parkschool.net','630-379-7739','',1,'Murry Jennings','631-751-7031','','large','Coca-cola, Otterbines, Matt Bracken, Kerry Climbing,\r\nPark School Bee Club, Association of Intelligent Designers of America, Darwin is for Sissies, Inc.','Still trying to catalogue all of my accomplishments, organize them into the appropriate Kingdoms, define their specific prediliction for natural selection, in order to better comprehend my own personal evolutionary timeline. Perhaps I should just suck it up and admit to my affinity for Intelligent Design.'),(198,'C.O.G.\'s (Curmudgeonly Old Guys)','regular','David','Bothner','','Sport','','M','1964-04-04','3515 Sturbridge Ct','Ann Arbor','MI','USA','48105','david.bothner@noir-medical.com','734-395-5793','',1,'Amy Bothner','734-663-6979','','large','Zim and Gir, LaserShields, Macaroni1, Cinammon Girl, TaffyB, Dunkin Donuts, Raindogs','David\'s been running up that hill for decades, desperate to stay on this side of it for as long as possible. Formerly of the \'no blood, no fun\' school, he\'s now trying to emulate the slowtrain coming.'),(199,'Chicken Cheater Faces','captain','Jeffrey','Starkey','K','Sport','','M','1969-03-16','300 East, 17th Ave, Apt 412','Denver','CO','USA','80203','jkstarkey91@yahoo.com','3042760631','3045529250',1,'Nick Starkey','3045529250','','xx-large','','This Keenan Ivory Wayans look alike could be good for 3 to 4 laps if the team can keep him out of Keglers.'),(200,'Chicken Cheater Faces','regular','J. Scott','Burford','','Sport','','M','1969-07-01','2985 Dearborn Ln','York','PA','USA','17402','burfordjs@yahoo.com','7177806307','7177574574',1,'Joan D\'Elia','7175425115','','large','','Freddy will be riding a tandem to carry his balls.'),(201,'Chicken Cheater Faces','regular','Robert','Hager','','Sport','','M','1969-08-21','14359 Shadowbrook Lane','Purcellville','VA','USA','20132','jkstarkey91@yahoo.com','5402123139','5406680404',1,'Jami McClellan','3015146625','','x-large','','Shaggy is the ace in the hole assuming we can get him the right amount of Scooby Snacks.'),(202,'Chicken Cheater Faces','regular','Tim','Skees','','Sport','','M','1968-03-30','701 Beach Road','Hampton','VA','USA','23669','timothy.skees@langley.af.mil','7572255163','7573296360',1,'Toni Schmidt','7576609410','','xx-large','','In his fourth 24 hour race in WV, Tim, aka Peter Brady, is looking to complete his third lap.'),(203,'Snipe Hunters','captain','Justin','Bailey','','Sport','','M','1972-12-12','5 Woodberry Point','Charleston','WV','USA','25304','jbailey72@hotmail.com','3043459275','',1,'Ashley Bailey','3043459275','','large','',''),(204,'Snipe Hunters','regular','Rob','Eggleston','','Sport','','M','1971-09-11','5618 Virginia Ave','Charleston','WV','USA','25304','dezra@suddenlink.net','3049258086','',1,'Dezra Eggleston','3049258086','','large','',''),(205,'Snipe Hunters','regular','John','Willis','','Sport','','M','1959-12-30','157 Whispering Woods Road','Charleston','WV','USA','25304','einkler@aol.com','3049250695','',1,'Elizabeth Willis','3043955638','','large','',''),(206,'Snipe Hunters','regular','Kevin','Fletcher','','Sport','','M','1971-03-06','#25 Cherokee Trail','Elkview','WV','USA','25071','kevin.fletcher@thomaswv.org','3045438114','',1,'Sarah Fletcher','3045432028','','large','',''),(207,'Snipe Hunters','regular','Sarah','Fletcher','','Expert','','F','1972-01-01','#25 Cherokee Trail','Elkview','WV','USA','25071','','3045438114','',1,'Kevin Fletcher','3045438114','','medium','',''),(208,'DCMTB/City Bikes','captain','Michael','Klasmeier','','Expert','','M','1974-09-17','1610 Woodview Ct','Crofton','MD','USA','21114','Michael.klasmeier@gmail.com','410-721-5609','',1,'Susan Klasmeier','410-721-5609','','medium','',''),(209,'DCMTB/City Bikes','regular','Joe','Foley','','Sport','','M','1975-07-23','311 Dale Drive','Silver Spring','MD','USA','20910','jfoley@park-road.net','(301) 273-3399','',1,'Heather Rogers','215-805-3599','','medium','',''),(210,'DCMTB/City Bikes','regular','Matt','Donohue','','Expert','','M','1976-05-27','623 Otis Place NW','Washington','DC','USA','20010','mattydonahue@hotmail.com','202 722 0002','',1,'Katie Donahue','202 722 0002','','medium','',''),(211,'DCMTB/City Bikes','regular','Michael','Pearce','','Expert','','M','1982-06-04','3435 R St. NW','Washington','DC','USA','20007','annakandmikep@aol.com','202 351 8615','202 351 8615',1,'Anna Kusmierz','240 476 1379','','medium','',''),(212,'Mach Riders','captain','Michael','Harmon','J','Sport','','M','1977-05-15','805  Anne Arundel Ave','La Plata','MD','USA','20646','boilermike@hotmail.com','301-404-1170','',1,'Nicole Harmon','301-437-1451','','large','','I enjoy pain.'),(213,'Mach Riders','regular','Chris','Reasonover','','Sport','','M','1979-06-10','5800 Canonbury Ct. #105','Spotsylvania','VA','USA','22553','christopher.reasonov@navy.mil','540-220-7910','',1,'Vickey Reasonover','540-655-7055','','x-large','',''),(214,'Mach Riders','regular','Kate','Dennis','','Sport','','F','1980-08-16','704 Payton Dr.','Fredericksburg','VA','USA','22405','kathleen.dennis@navy.mil','540-368-0746','',1,'Mat Laney','540-729-0136','','small','',''),(215,'Mach Riders','regular','David','Shuttleworth','','Sport','','M','1977-02-10','9380 Caucus Dr.','King George','VA','USA','22485','david.shuttleworth@navy.mil','540-809-4656','',1,'Terri Shuttleworth','828-963-9339','','medium','',''),(216,'Endo\'s N Taco\'s','captain','Joe','Lillibridge','P','Sport','','M','1972-09-27','2704 Mohawk Ct.','Finksburg','MD','USA','21048','livewire24@verizon.net','410-977-3359','410-751-9984',1,'Christine Lillibridge','410-751-9984','','medium','',''),(217,'Endo\'s N Taco\'s','regular','Chuck','Dunbar','','Sport','','M','1974-04-21','16891 Long Rd.','Dameron','MD','USA','20628','cdunbar@bcps.org','443-690-7965','443-690-7965',1,'Bridget Dunbar','443-690-7966','','large','',''),(218,'Endo\'s N Taco\'s','regular','Nate','Hartman','','Sport','','M','1977-05-08','42 Northwood Dr','Lutherville','MD','USA','21093','hartman.electric@verizon.net','410-370-7055','410-252-4357',1,'Ron Hartman','410-239-7687','','large','',''),(219,'Endo\'s N Taco\'s','regular','Rusty','Mirasol','','Sport','','M','1973-09-13','20 Burberry lane','Mount Wolf','PA','USA','17347','rusty@askinco.com','410-215-4091','717-266-9513',1,'Cindy Mirasol','717-266-9513','','large','',''),(220,'Bike Me','captain','Jeff','Schnitzer','','Sport','','M','1963-02-02','1021 Overbrook Rd.','Baltimore','MD','USA','21239','jeffmundi@msn.com','410-456-2999','410-377-9477',1,'Mundi Schnitzer','410-299-7641','','x-large','',''),(221,'Bike Me','regular','Ty','Albert','','Sport','','M','1950-07-01','PO Box 7365','Tempe','AZ','USA','85281','jeffmundi@msn.com','602-615-8987','',1,'Jeff Schnitzer','410-456-2999','','x-large','',''),(222,'Bike Me','regular','Judy','Acosta','','Sport','','F','1960-04-13','175 Woods Drive','Annapollis','MD','USA','21403','judyacosta@comcast.net','410-212-5511','410-990-0665',1,'Agnes Holmes','443-994-6252','','small','',''),(223,'Bike Me','regular','Mike','Jankiewicz','','Sport','','M','1966-03-23','1255 Crummell Ave','Annapollis','MD','USA','21403','mjjanks@comcast.net','410-952-8391','',1,'Nita Settina','443-994-0955','','large','',''),(224,'Bike Me','regular','Gregg','Somerhalder','','Sport','','M','1962-08-09','3612 Centerview Rd','Gibsonia','PA','USA','15044','greggsom@yahoo.com','412-638-2812','',1,'Deb Somerhalder','412-897-0315','','x-large','',''),(229,'MixaRiders','captain','Stephen','Burtis','C','Sport','','M','1976-09-12','2631 Southwoods Dr.','Roanoke','VA','USA','24018','sburtis@yahoo.com','5405986730','',1,'Mary Burtis','5407613627','','large','',''),(230,'MixaRiders','regular','Rick','Woods','','Sport','','M','1961-02-28','131 Gloucester Ct.','Troutville','VA','USA','24175','rwoodshvac@aol.com','5402069087','',1,'Tammy Woods','5402069087','','large','',''),(231,'MixaRiders','regular','Garry','Michael','','Sport','','M','1960-05-17','4004 Greenlawn Ave','Roanoke','VA','USA','24012','pedalmasher82@cox.net','5409773664','',1,'Patsy Michael','5409773664','','large','',''),(232,'MixaRiders','regular','Kirk','Lancaster','','Sport','','M','1973-03-07','1949 Coopers Cove','Hardy','VA','USA','24101','RWoodsHVAC@aol.com','5405217317','',1,'Angie Lancaster','5405217317','','large','',''),(233,'MixaRiders','regular','Bryan','Woods','','Sport','','M','1985-04-06','PO Box 456','Troutville','VA','USA','24175','KawTiPin@yahoo.com','5403974714','',1,'Gary Woods','5403974714','','large','',''),(234,'Sids Bikes 1','captain','Henrique','Versieux','M','Sport','','M','1977-04-11','4 Washington Sq. Village Apt 7D','New York','NY','USA','10012','h.versieux@gmail.com','917 4760156','',1,'Steve Rosenthal','917 7336058','','medium','',''),(235,'Sids Bikes 1','regular','Scott','Slingerland','','Sport','','M','1975-09-07','208 N New St.','Nazareth','PA','USA','18064','Scott_slingerland@hotmail.com','845-430-6552','',1,'Pete Slingerland','845 331-6579','','small','',''),(236,'Sids Bikes 1','regular','Marco','Mora','','Sport','','M','1974-11-23','235 east 34th street','New York','NY','USA','10016','slicerose@aol.com','646 469-6453','',1,'stephen Rosenthal','917 733-6058','','medium','',''),(237,'Sids Bikes 1','regular','Dan','Durller','','Sport','','M','1981-06-20','57 thames street apt3e','Brooklyn','NY','USA','11237','dan.durller@storyworldwide.com','518 791-0431','',1,'Sara Hahn','716 969-2325','','medium','',''),(238,'The Bike Lane','captain','Ryan','Bannon','G','Sport','','M','1972-02-13','12108 Wedgeway Place','Fairfax','VA','USA','22033','rbannon_home@yahoo.com','703-629-4165','',1,'Ratha Pen','703-629-5437','','large','',''),(239,'The Bike Lane','regular','Steve','DonTigny','','Expert','','M','1966-02-10','2608 Hillsman St.','Falls Church','VA','USA','22043','steve_dontigny@yahoo.com','703-277-2006','703-395-9017',1,'Terry Sweitzer-DonTigny','703-608-1430','','large','The Bike Lane','Think Ricky!'),(240,'The Bike Lane','regular','Kyle','Murphy','A','Expert','','M','1983-04-14','4427 9th St NW','Washington','DC','USA','20011','kmurphy557@aol.com','(202) 383-9005 x.318','(202) 882-2811',1,'Deborah Franco','(703) 250-6080','','large','The Bike Lane\r\n\r\nOrganic Athlete\r\n\r\nRadical Roots Farm','Believe it or not ma, some people think I\'m gonna make it in this rap game!, know what I\'m sayin\''),(241,'The Bike Lane','regular','Todd','Peterson','A','Expert','139-80-1491','M','1971-07-03','142 South 11th Ave','Manville','NJ','USA','08835','Todd@Petersonbikegear.com','201-317-4251','908-541-9586',1,'Jill Peterson','908-541-9586 973-945','','large','',''),(242,'Team NCVC','captain','Jason','Person','S','Sport','446-88-9215','M','1972-04-21','3559 Marha Custis Drive','Alexandria','VA','USA','22392','jsperson@gmail.com','7038673475','7038673475',1,'Jen Sands','7038674828','','large','','Certified GEEK! but strong rider.  Really the female on our squad.  :-)'),(243,'Team NCVC','regular','Chris','Andrews','A','Expert','','M','1975-05-30','3045 West 39th Avenue','Denver','CO','USA','80211','andrewsintel@hotmail.com','703-244-4254','703-244-4254',1,'Rick Andrews','828-524-5040','','large','','Traitor that went WEST and is coming back just for this race.  oh and my friends.'),(244,'Team NCVC','regular','Tim','Abbott','','Sport','','M','1967-06-23','3317 Martha Custis Dr','Alexandria','VA','USA','22302','timothy.abbott@us.army.mil','703 477 8023','703 477 8023',1,'Leslie Carr','703 855 2625','','x-large','','TUFF GUY...  with a Capital T.U.F.F.  I just got married, what can I say I like to wear dresses.'),(245,'Team NCVC','regular','Terri','Spanogle','','Sport','','F','1965-05-09','4675 Lawton Way, #201','Alexandria','VA','USA','22311','tspanogle@gmail.com','(703) 298-0351','',1,'Tracy McAllister','(540) 809-2688','','small','','She may be a girl - but she\'s faster than Chris.'),(246,'Team NCVC','regular','Robert','Colby','W','Sport','','M','1973-01-21','5307 Atlee Pl','Springfield','VA','USA','22151','rob@fishdomain.com','703-658-2512','240-893-1222',1,'Maggie Dabe-Colby','703-658-2512','','x-large','',''),(247,'NCVC 35+','captain','Rob','Campbell','','Sport','','M','1971-01-02','4112 Wexford Court','Kensington','MD','USA','20895','robcam@gmail.com','301.949.7970','',1,'Lara Campbell','301.949.7970','','large','',''),(248,'NCVC 35+','regular','Gordon','Davies','G','Expert','','M','1967-02-07','208 Park Ave #417','Gaithersburg','MD','USA','20877','bmpvox@excite.com','','917-415-7336',1,'Mary Lou Davies','631-261-5949','','large','',''),(249,'NCVC 35+','regular','Erik','Leaver','D','Sport','','M','1971-09-08','10106 Greeley Ave','Silver Spring','MD','USA','20902','erik@ips-dc.org','240-535-8725','',1,'Allison Leaver','301-593-0376','','medium','',''),(250,'NCVC 35+','regular','David','Jones','','Sport','','M','1940-01-01','1912 Dundee Rd','Rockville','MD','USA','20850','p16mjones@comcast.net','301-943-6996','',1,'Mrs Jones','301-294-0549','','large','',''),(251,'Deming, Bruce S.','captain','Bruce','Deming','S','Sport','044-50-8110','M','1956-12-19','3001 North Second Street','Arlington','VA','USA','22201','bruce@brucedeming.com','(703) 447-0267','(703) 447-0267',1,'Clay Deming','(703) 201-9120','','large','',''),(252,'South Side Suicides','captain','Wil','Loy','','Sport','','M','1970-05-19','1023 W. 45th St.','Richmond','VA','USA','23225','william.loy@gmail.com','410-446-6045','410-446-6045',1,'Amanda Loy','703-587-7055','','large','',''),(253,'South Side Suicides','regular','Luke','McCall','D','Sport','226-35-5018','M','1974-09-28','1016 W 45th St','Richmond','VA','USA','23225','luke_mccall@hotmail.com','(804) 357-9660','(804) 426-1930',1,'Jennifer McCall','(804) 426-1280','','medium','','Nickname:  6 Mile'),(254,'South Side Suicides','regular','Chris','VandenBroek','S','Sport','223-35-1971','M','1976-07-16','19 N Stafford Ave 4','Richmond','VA','USA','23220','csvandenbroek@houriganconstruction.com','(804) 400-1055','(804) 400-1055',1,'Ken VandenBroek','(804) 745-2451','','large','',''),(255,'South Side Suicides','regular','Phil','Crawley','N','Sport','','M','1977-01-20','4109 Hillcrest Rd','Richmond','VA','USA','23225','phil_crawley1@yahoo.com','8046515364','',1,'Denise Crawley','8043013031','','large','',''),(256,'HIGH MOUNTAIN SPORTS','captain','Steven','Green','G','Sport','','M','1967-01-03','440 Gravelly Run Rd','McHenry','MD','USA','21541','steve@highmountainsports.com','301-387-4199','301-387-4122',1,'Margaret Carr','301-245-4004','','x-large','',''),(257,'HIGH MOUNTAIN SPORTS','regular','Audrey','Kennedy','J','Sport','283-84-2614','F','1970-03-25','285 Thornberry Road','Oakland','MD','USA','21550','audikennedy@yahoo.com','301-616-2919','301-387-2919',1,'Michael Kennedy','301-616-6106','','small','High Mountain Sports\r\nRailey Realty\r\nFit with Jen\r\nLohr Distributors\r\nYellowstone Log Homes','Considered a late bloomer by some people, Audrey has overcome her un-fun husband to become the 2006 WVMBA Womens 35+ Series State Champ. If you ever call her, she always answer her phone with the following greeting - \"Hello - West Virginia State Champ.\" Her biggest weakness is probably her inability to make a simple plate of nachos for her children.'),(258,'HIGH MOUNTAIN SPORTS','regular','Brian','Glotfelty','','Sport','','M','1959-07-08','PO Box 85','McHenry','MD','USA','21541','brian@highmountainsports.com','301.387.4199','301.501.2113',1,'Katie Glotfelty','301.501.5645','','large','',''),(259,'HIGH MOUNTAIN SPORTS','regular','John','Simson','J','Sport','103-52-2490','M','1963-12-19','354 Spring Glade Road','Oakland','MD','USA','21550','jsimson@pennswoods.net','3015010676','3013872670',1,'Judy Simson','3015012670','','x-large','',''),(260,'HIGH MOUNTAIN SPORTS','regular','Russell','Bounds','','Sport','220-96-2906','M','1967-10-17','1425 Upperman Road','Oakland','MD','USA','21550','RBOUNDS@RAILEY.COM','3013872000','3015011000',1,'BOB DAD BOUNDS','301-616-1124','','x-large','HIPPY CHICK TEACHER, MAC DADDY MOJO MUSHERS, QUADZILLA JOHN, RACER GIRL, STEVE \"SUCKER PUNCH\" GREEN, GRANDPAPPY B.G., A FEW KOOKS, A FEW FREAKS ... THANK GOD ALL OF YOU ARE IN MY LIFE! ;-)','DROPPED ON HEAD'),(261,'Chunder Pig','captain','Mark','Anderson','','Sport','','M','1969-08-01','P.O. Box 142','Washington D.C. and Thomas','WV','USA','26292','mark.anderson@dowjones.com','202.862.9254','202.462.7718',1,'Clare Anderson','202.306.8747','','large','- Following that unfortunate incident outside the Hagerstown Denny\'s, all sponsors have pulled out.','Mark\'s interests range from [REDACTED] TO [REDACTED]. Born in [REDACTED], he has [REDACTED] and [REDACTED].'),(262,'Chunder Pig','regular','Kellyann','Green','M','Sport','','F','1969-01-25','440 Gravelly Run Road','Mc Henry','MD','USA','21541','coeliang@hotmail.com','301-501-4122','301-387-4122',1,'Tom Carr','301-245-4004','','large','High Mountain Sports',''),(263,'Chunder Pig','regular','David','Butler','C','Sport','','M','1975-05-14','411 broadway ave apt #2','Morgantown','WV','USA','26505','dbutler@hsc.wvu.edu','724-809-4219','',1,'Heather Butler','724-255-3889','','large','WVU Cycling',''),(264,'Chunder Pig','regular','Mike','Ornyas','L','Sport','226-19-8281','M','1974-07-04','PO Box. 848 (588 Glades Way)','McHenry','MD','USA','21541','therealpimpjesus@yahoo.com','301-245-4024','',1,'Lydia Ornyas','703-878-3491','','x-large','',''),(265,'Chunder Pig','regular','Ron','Molinas','','Sport','','M','1950-03-17','2729A Sutton Rd','Vienna','VA','USA','22181','apostino@hotmail.com','','703 319 0654',1,'Laura Breeden','703 655 5442','','x-large','',''),(266,'Big Bear Masters','captain','Mark','Schooley','','Sport','','M','1958-08-06','Rt 3 Box 204','Big Bear Lake','WV','USA','26525','bentfattire@aol.com','304-379-4382','304-288-8430',1,'Julie Schooley','304-288-3439','','medium','',''),(267,'Big Bear Masters','regular','Matt','Ross','','Sport','','M','1956-08-01','181 Dr Powder Rd','Champion','PA','USA','15022','','724-366-5757','724-455-7188',1,'Cathy Wolf','724-366-5757','','large','',''),(268,'Big Bear Masters','regular','Bob','Vernon','A','Expert','','M','1959-03-12','211 Raven Rocks Dr','Morgantown','WV','USA','26508','Vernonmail@att.net','304-594-3484','',1,'Alice Vernon','304-692-1673','','large','',''),(269,'Big Bear Masters','regular','Matt','Marcus','','Expert','','M','1959-06-26','P.O.Box  91','Davis','WV','USA','26260','marcuscycle@yahoo.com','304-642-2702','',1,'Roger Lilly','304-259-5286','','large','',''),(270,'Ubiquitous bikers','captain','Todd','Diehl','A','Sport','','M','1970-12-23','166 1/2 5th Street','Dunbar','WV','USA','25064','tdiehl@chkenergy.com','(304)353-5230','(304)550-7702',1,'Glen diehl','(540)559-9787','','large','Eight Trackin\' Turkeys...Pure Country Funk\r\nSchlitz, the Original Bull that gives you wings\r\nGuillermos Moustache Magic',''),(271,'Ubiquitous bikers','regular','Cliff','Hatchett','H','Sport','','M','1975-03-02','435 Warrior Drive','Christiansburg','VA','USA','24073','chatchett@rohmhaas.com','5402305572','',1,'Christine Hatchett','5402305569','','large','',''),(272,'Ubiquitous bikers','regular','Scott','Cardwell','','Sport','','M','1983-01-20','121 16th. Street NW','Pulaski','VA','USA','24301','sscardwell@hotmail.com','304-920-0501','304-920-0501',1,'Dara Fleming','540-250-2245','','x-large','',''),(273,'Ubiquitous bikers','regular','Steven','Thorne','M','Sport','','M','1963-02-12','213 Highlands Rd.','Hurricane','WV','USA','25526','smthorne@suddenlink.net','3043690110','',1,'Cybele Boehm','3043953065','','x-large','Nike\r\nTrek\r\nSubaru\r\nPepsico','Winner of three consecutive Tour de Logan.'),(274,'Ubiquitous bikers','regular','Josh','Hepler','P','Sport','313-02-9276','M','1980-05-15','650 Kamran Street','Christiansburg','VA','USA','24073','joshhepler@hotmail.com','540-381-0157','',1,'Tricia Hepler','814-323-5392','','medium','',''),(275,'Datanaut','captain','Keith','Lehman','','Sport','','M','1974-02-22','47 Sycamore St.','Ellsworth','PA','USA','15331','lehmankeith@hotmail.com','724-986-5551','',1,'Peggy Lehman','724-986-5553','','large','Datanaut',''),(276,'Datanaut','regular','Kevin','Dolinar','','Expert','','M','1973-11-09','1040 Old National Pike','Centerville','PA','USA','15333','lehmankeith@hotmail.com','412-952-1249','',1,'Peggy Lehman','724-986-5553','','large','Datanaut, Trizilla',''),(277,'Datanaut','regular','Dave','Buchanan','C','Sport','194-46-1698','M','1970-11-30','38 cave st','fairchance','PA','USA','15436','claydavy@yahoo.com','724 564 5874','',1,'kris buchanan','724 564 5874','','large','','I LIKE THE MOON IT IS UP IN THE SKY'),(278,'Datanaut','regular','Katina','Walker','L','Expert','','F','1967-03-18','648 Callen Ave.','Morgantown','WV','USA','26501','Katina.sayers@mail.wvu.edu','(304) 293-7882','(304) 296-0889',1,'Jeffrey Walker','(304) 319-1867','','medium','',''),(279,'Datanaut','regular','Jeffrey','Walker','E','Expert','','M','1963-02-21','648 Callen Ave.','Morgantown','WV','USA','26501','Seneca9763@aol.com','(304) 296-0889','',1,'Katina Walker','(304) 319-1867','','large','',''),(280,'Endura Factory Team','captain','Timothy','Mould','J','Expert','','M','1975-07-26','5273 E. 117th Street','Garfield Hts','OH','USA','44125','timjm26@yahoo.com','216-334-4176','',1,'Crissy','216-262-6940','','medium','',''),(281,'Endura Factory Team','regular','Jacob','Grantham','','Expert','','M','1976-04-01','4221 E. Ray Road #2078','Phoenix','AZ','USA','85044','jakegrant1@hotmail.com','440-532-0411','',1,'Debe Grantham','816-591-7970','','large','',''),(282,'Endura Factory Team','regular','Fernando','Torres','J','Sport','','M','1967-12-17','801 Brunswick St.','Brunswick','MD','USA','21716','redfern67@msn.com','301-834-5659','301-788-0222',1,'Loretta Torres','301-788-0426','','large','',''),(283,'Endura Factory Team','regular','Timothy','Carson','W','Expert','','M','1975-09-09','6078 Langer Dr.','Brookpark','OH','USA','44142','tcarson111@hotmail.com','440-724-8324','',1,'John Carson','216-548-2132','','medium','Endura/Mongoose/Ray\'s indoor MTB park',''),(284,'Wish we were a Four-Man Team','captain','Andy','Anderson','','Sport','209-44-5852','M','1969-08-18','195 Zinnia Ct','Sykesville','MD','USA','21784','andy@columbiagymnastics.com','4108044495','',1,'Kristin Anderson','4107954450','','x-large','',''),(285,'Wish we were a Four-Man Team','regular','John','Keller','','Expert','219-86-1894','M','1962-08-31','4887 Wharff Lane','Ellicott City','MD','USA','21043','johnkeller@comcast.net','(410) 788-2458','',1,'Alayna','(410) 788-2458','','large','Avalon Cycles',''),(419,'Double J\'s Disciples','captain','Chris','Logan','','Expert','','M','1957-07-28','33 W Diane Dr','Keene','NH','USA','03431','logansrun66@verizon.net','603-892-1921','603-357-1377',1,'Jill Logan','603-357-1377','','large','',''),(286,'Masher\'s Men','captain','Steve','Barbe','P','Sport','','M','1967-03-15','651 Killarney Drive','Morgantown','WV','USA','26505','Spbarbe@aol.com','304-848-0491','',1,'Laurie','304-288-6876','','x-large','Barbe Physical Therapy',''),(287,'Masher\'s Men','regular','Donnie','DeBolt','L','Sport','','M','1968-11-11','414 Meade Drive','Leesburg','VA','USA','20175','donald_debolt@verizon.net','443-534-4211','443-534-4211',1,'Vanessa DeBolt','703-771-7393','','large','','Don is coming out of retirement to support his old team, Masher\'s Men.  Don formerly raced sport class in the WVAMBA series and ironically his only win of his illustrious career was at Big Bear.  Don\'s previous one-time success at Big Bear will bring him confidence this year as team Masher\'s Men expects to contend for the podium in Vet Expert.'),(288,'Masher\'s Men','regular','J.B.','Forinash','','Sport','','M','1971-09-23','610 W Va Ave','Nutter Fort','WV','USA','26301','masher71@yahoo.com','3046691971','',1,'Jody Forinash','3046691976','','large','',''),(289,'Masher\'s Men','regular','Jeffry','Smith','A','Sport','','M','1965-10-11','129 Bastille CT','Williamsburg','VA','USA','23185','jeffrysmith@yahoo.com','253-906-7627','253-906-7627',1,'Robin Smith','253-459-9956','','x-large','Axley Sunglasses',''),(290,'Helmet Head','captain','Alex','Viorst','N','Sport','578-04-9150','M','1967-03-03','4500 47th Street, NW','Washington','DC','USA','20016','viorst@comcast.net','202-361-6713','',1,'Marla Viorst','202-413-2218','','x-large','My wife and 3 kids','I look great in lycra'),(291,'Helmet Head','regular','David','Leopold','D','Sport','','M','1970-05-24','3931 Legation Street, NW','Washington','DC','USA','20015','Alex.Viorst@mmafin.com','202 494 9000','',1,'Ashley Mattoon','202 232 7878','','large','',''),(292,'Helmet Head','regular','Dominic','Turano','','Sport','194-68-8805','M','1976-09-11','63 Adams St. NW','Washington','DC','USA','20001','domspam2@mac.com','202-427-7075','202-427-7075',1,'Tania Turano','301-706-5996','','large','','Where should I begin? My father was a relentlessly self-improving boulangerie owner from Belgium with low-grade narcolepsy and a penchant for buggery. My mother was a fifteen-year-old French prostitute named Chloe with webbed feet. My father would womanize, he would drink, he would make outrageous claims, like he invented the question mark. Sometimes he would accuse chestnuts of being lazy. A sort of general malaise that only the genius possess and the insane lament. My childhood was typical; summers in Rangoon, luge lessons. In the spring we\'d make meat helmets. If I was insolent, I was placed in a burlap bag and beaten with reeds. Pretty standard, really. At the age of twelve I received my first scribe. At the age of fifteen, a Zoroastrian named Vilma ritualistically shaved my testicles. There really is nothing like a shawn scrotum.  And I ride bikes.'),(293,'Helmet Head','regular','Greg','Voyentzie','P','Sport','','M','1969-04-03','63 Summer Street','Framingham','MA','USA','01701','gvoyentzie@mmafin.com','617-488-3203','508-380-5637',1,'Sharon Voyentzie','508-930-4673','','large','',''),(294,'Whistle Stop Bike Shop','captain','Hans','Schmidl','H','Sport','','M','1971-04-08','14913 York Rd, PO Box 388','Sparks','MD','USA','21152','','443-797-2395','410-472-9372',1,'Nicole Schmidl','410-916-0982','','large','',''),(295,'Whistle Stop Bike Shop','regular','Jason','Ring','R','Sport','','M','1978-08-03','267 East Medwick Garth','Baltimore','MD','USA','21228','','443-904-6944','410-646-4676',1,'Kate Ring','443-904-6948','','x-large','',''),(296,'Whistle Stop Bike Shop','regular','Peter','OBryan','','Sport','','M','1978-09-23','8179 Edge Rock Way #d304','Laurel','MD','USA','20724','quattro_23@msn.com','301-801-4537','',1,'Gadalia OBryan','301-801-9815','','large','',''),(297,'Whistle Stop Bike Shop','regular','Lachlan','Flint','','Sport','','M','1970-09-17','9412 Elm Court','Manassas Park','VA','USA','20111','lockyflint@hotmail.com','703-361-2721','703-801-6734',1,'Kirtsin Covelli','703-209-2522','','large','',''),(298,'Three Buds and a Bud Lite','captain','Larry','Perkins','F','Sport','235-15-0073','M','1963-03-20','121 Pine Drive','Poca','WV','USA','25159','lperkins34@hotmail.com','304-389-3934','304-755-1227',1,'Dale Parkins','304-755-5497','','x-large','','I\'m FAT!!!!!'),(299,'Three Buds and a Bud Lite','regular','Dave','Burns','','Sport','234-29-4658','M','1973-08-16','534 Stout St.','Bridgeport','WV','USA','26330','zdavez@bluebottle.com','304-669-5875','304-669-5875',1,'Robert Burns','304-584-4281','','large','I am my own Sponsor. But if you would like to sponsor me I\'ll be more than glad to take your money and put it towards some bike stuff! Or anything else I want to do with it. But either way I am sure I will put it to good use!','I ride!!! But then again I\'m still just a bud light.'),(300,'Three Buds and a Bud Lite','regular','Kerry','Smith','A','Sport','235-08-7543','M','1972-05-29','228 Eleanor Circle','Eleanor','WV','USA','25070','kerry.smith@bayercropscience.com','304-586-2691','304-586-2691',1,'Tina Smith','304-586-2691','','x-large','Sponser me and I\'ll even duct tape your sign on my back.   Many people will see it as they pass me too.','I ride because I\'m fat.   I just want to finish and still be able to go to work the next day.'),(301,'Three Buds and a Bud Lite','regular','Phillip','Poff','W','Sport','236-31-3571','M','1979-11-20','730 Ledford Rd.','Kenna','WV','USA','25248','philippoff@adelphia.net','304-543-3821','304-543-3821',1,'Brandi Poff','304-532-9552','','x-large','Appalachian Signals & Products Inc.','Im Fatter. haha'),(302,'Load Warriors 2','captain','Don','Loomis','','Sport','','M','1971-03-02','103 Shelby Court','Winchester','VA','USA','22602','dloomy@aol.com','540-545-4878','540-662-8527',1,'Celeste Krawchuk','540-327-2434','','large','',''),(303,'Load Warriors 2','regular','Craig','Guarnieri','','Sport','','M','1964-10-16','16205 Jonella Farm Dr.','Purcellville','VA','USA','20132','utoh746289@aol.com','703-431-0340','',1,'Diane Guarnieri','703-431-0345','','large','Diane, Michelle, Sangelos (also known as Scratch-a-loes, Click-a-loes, Hair-a-loes...etc.) and Rentie!\r\n\r\nHey Michelle, a Hawk!!!!  Tweet tweet!!!','1980\'s Heavy Metal reject...attempts to earn a lving by piloting (poorly, of course!) a 160,000 pound mass of metal as it screams across the sky... He\'s fueled by oatmeal, beans and rice...It\'s a bird!!  Its a plane! It\'s Captain Dumb-ass!'),(304,'Load Warriors 2','regular','Russ','Adams','','Sport','','M','1962-11-22','8504 Oakford Drive','Springfield','VA','USA','22152','russadams@verizon.net','703-866-3041','',1,'Debbie Adams','703-866-3041','','x-large','',''),(305,'Load Warriors 2','regular','Chris','Lewis','','Sport','415-15-9369','M','1964-01-01','7511 Somersby Drive','Summerfield','NC','USA','27358','clewis54@triad.rr.com','336-339-1845','336-643-0976',1,'Michelle Lewis','336-339-3080','','x-large','','Ex-pilot fighter/pro log jumper.  Father of 4 and no more!!!'),(306,'You deal with it!!','captain','Brian','Sell','','Sport','','M','1972-03-21','567 Oakwood Dr','Bedford','PA','USA','15522','bsell@bedfordford.com','814-285-6395','814-623-0805',1,'Sherri Sell','814-285-6396','','large','A&D Suzuki, Seltzer Honda, Stuckey Ford','I like to smell dog farts!!!'),(307,'You deal with it!!','regular','Jason','Ressler','L','Sport','','M','1974-12-17','545 East Watson St','Bedford','PA','USA','15522','jressler@teeteragency.com','814-944-5900','',1,'April Ressler','814-944-5900','','x-large','','Original founding father of Bungholios\''),(308,'You deal with it!!','regular','Todd','Roadman','','Sport','','M','1958-08-24','121 Diehlfield Road','Bedford','PA','USA','15522','troadman@rwrinsurance.com','814-624-2300','',1,'Susan','814-623-2802','','large','P. A. F. , Adult Book Store of Duncansville','Moldy. Guest shot on Datelines\' \"To Catch a Predator\"'),(309,'You deal with it!!','regular','Greg','Pyle','W','Sport','198-52-2928','M','1962-09-30','840 South Juliana','Bedford','PA','USA','15522','gwpoms@atlanticbb.net','8146231438','',1,'Nancy Pyle','814-623-9950','','x-large','Swank','Current President/CEO of PAF,  Emeritis'),(310,'You deal with it!!','regular','Mary Jo','Casalena','','Sport','158-46-6543','F','1963-07-02','342 Station Rd','Bedford','PA','USA','15522','jcasalena@hotmail.com','814-624-2495','',1,'Joe Casalena','814-243-9935','','small','',''),(311,'West Liberty Cycles','captain','Wayne','Richards','','Sport','','M','1961-10-14','2691 West  Liberty Ave.','Pittsburgh','PA','USA','15216','waynebikes@msn.com','412 343 4230','412 343 5297',1,'Mary Schardt','412 576 5515','','medium','west liberty cycles',''),(312,'West Liberty Cycles','regular','Jonathan','Kersting','','Sport','187-48-7088','M','1972-08-07','7410 Schoyer Ave','Pittsburgh','PA','USA','15218','jkersting@yahoo.com','412-918-4295','',1,'Kristen Sabol','412-241-4386','','large','Quart of Blood Technique\r\nGroundskeeper Willie',''),(313,'West Liberty Cycles','regular','Geoff','Tolley','','Sport','','M','1963-06-14','832 Rosbury Place','Pgh','PA','USA','15243','tolleyinpgh@comcast.net','412-400-2116','',1,'Jane Tolley','412-805-9877','','large','',''),(314,'West Liberty Cycles','regular','Mary','Schardt','','Sport','187-44-3631','F','1966-02-10','2691 West Liberty Ave','Pittsburgh','PA','USA','15216','marybikes@comcast.net','4125765515','',1,'Wayne Richards','4126517494','','small','West Liberty Cycles &\r\nLloyd Braun','It was just a matter of time!'),(315,'West Liberty Cycles','regular','Mick','Mekkelsen','B','Sport','','M','1969-09-11','East Barlind DR.','Pittsburgh','PA','USA','15227','mickmekkelsen@verizon.net','412-882-8627','',0,'Lisa','412-298-0604','','large','wayner, basement breweries, slim jims, burritos, my drywall contractor (if he shows up), Miller',''),(316,'Teehan, Tim E.','captain','Tim','Teehan','E','Sport','556-45-5857','M','1971-12-10','6004 Mersey Oaks Way #B','Alexandria','VA','USA','22315','tteehan@campaignline.com','202.468.4112','202.468.4112',1,'Rocco Arizzi','571-334-6171','','x-large','Families of Spinal Muscular Atrophy (FSMA)',''),(317,'The SSO Rejects','captain','Kevin','Clark','D','Sport','','M','1973-03-30','12770 Ripple Creek CT 2303','Woodbridge','VA','USA','22192','kclark@halfdimension.com','703-473-5804','',1,'Howard Clark','(810) 964-1198','','medium','The Bicycle Escape, thebikesite.org',''),(318,'The SSO Rejects','regular','David','Kegley','M','Sport','','M','1968-08-12','18903 Tree Branch Terrace','Germantown','MD','USA','20874','dkegley@gmail.com','703 906-4001','301 515-1675',1,'Lisa Kegley','301 642-0374 or 301','','large','Germantown Cycles',''),(319,'The SSO Rejects','regular','Stephen','Wahl','T','Sport','','M','1975-09-25','7974 Parkland Place','Frederick','MD','United States','21701','stphnwhl@hotmail.com','240-899-4387','240-899-4387',1,'Thomas Wahl','301-371-4383','','large','Antietam Velo Club/ Washington County, MD',''),(320,'The SSO Rejects','regular','Mike','Kegley','','Sport','','M','1976-02-10','6532 Rimrock Rd','New Market','MD','USA','21774','kegley@gmail.com','301-688-3567','443-618-9043',1,'Hayley Kegley','443-618-9042','','medium','The Bicycle Escape - thebikesite.org',''),(321,'Tecate Rides Again','captain','Darren','Biggs','T','Sport','','M','1975-05-06','729 N. George Mason Dr.','Arlington','VA','USA','22203','ou98dtbiggs@gmail.com','','571-242-7276',1,'Marue Biggs','540-972-5374','','large','City Bikes, Metro Gutter, Whole Foods, Sportlegs, WTB','Ride a good Lap, drink some fluids, eat some grub, talk about the race with the crew, REPEAT.\r\nWhy can\'t regular life be like this?'),(322,'Tecate Rides Again','regular','Jay','Pelletier','','Sport','047-76-9964','M','1974-10-22','1420 Bayshire Lane','Herndon','VA','USA','20194','jsails1974@yahoo.com','571-243-9989','',1,'Erin','240-899-3371','','medium','',''),(323,'Tecate Rides Again','regular','Sid','Rappe','L','Sport','244-47-5098','M','1970-06-04','6321 Tone Ct','Bethesda','MD','USA','20817','deansidr@yahoo.com','301-538-1954','',1,'Susan McFadden','803-789-5916','','x-large','',''),(324,'Tecate Rides Again','regular','Steven','Riley','S','Sport','212-68-8195','M','1968-08-12','43183 Riders Square','Ashburn','VA','USA','20148','steven.riley@gmail.com','7032169544','7032169544',1,'Kerry Armstrong','7034039279','','x-large','',''),(325,'Uninspired','captain','Jonathan','Steckler','','Sport','','M','1968-07-06','11 Almuth Drive','New City','NY','USA','10956','jon647@aol.com','917-324-8383','',1,'Karin Alvarez','917-972-3465','','large','My wife, Yarmila and My five kids Julia, Gabby, Andrea, Danny, Katie','I spend most of my time trying to figure out how to continue to ride with a wife and five kids.\r\n\r\nAlthough  my team may not be well known on the 24 hour circuit, I think we have a strong chance of shocking everyone by finishing the race this year.'),(326,'Uninspired','regular','Brian','Paxson','E','Sport','018-52-1565','M','1971-08-27','1404 Constitution Ave NE','Washington','DC','USA','20002','bpaxs@yahoo.com','202 547-1506','',1,'Leslie Nayman','202 547-1506','','medium','',''),(327,'Uninspired','regular','David','Steckler','','Sport','','M','1970-10-14','224 9th Street NE','Washington','DC','USA','20002','djsteckler@yahoo.com','202.365.0241','',1,'Grace Steckler','202.365.4803','','medium','','On leave from the drunk tank.'),(328,'Uninspired','regular','Andy','Grundberg','','Sport','221-32-3974','M','1947-06-25','1102 E. Capitol St. NE','Washington','DC','USA','20002','agrundberg@verizon.net','202 548 0449','202 548 0449',1,'Merry Foresta','202 255 9644','','medium','','turning 60 ... help!'),(329,'Uninspired','regular','Keith','Zielenski','A','Sport','','M','1969-09-18','79 Woods Avenue','Rockville Centre','NY','USA','11570','keith.zielenski@gmail.com','202-276-7737','516-330-5959',1,'Teresa Zielenski','516-330-4939','','x-large','',''),(330,'Swinging Richards','captain','Scott','Jones','D','Sport','','M','1979-05-20','212 Hawthorne Ave','Pikesville','MD','USA','21208','Scottdjones@comcast.net','4102999394','4102999394',1,'Hilary Jones','3017859172','','large','','Scott is an ex-Green beret who served in Vietnam for 4 years. Still haunted by memories of Vietnam, scott was about to visit his friend, ex-team mate, Delmare Berry but hears that he died of cancer. Scooty Ne Pa is upset and starts to roam around. While roaming around he enters a town called Hope where he gets into trouble with a small-town sheriff called Will Teasle. Scotty asks Teasle if there is a place to eat and Teasle answers that there is a Highway restaurant 50 km on from Hope. Scotty does not understand why he is not allowed to eat in Hope and Teasle reveals his opinion that he dislikes guys like Scotty, before dropping him off at the border of the town. Scotty Ne Pa knows that the sheriff is mistreating him and walks back into town. He then gets arrested for vagrancy and for concealling a weapon. In the police department they are about to interogate Scotty Ne Pa but he refuses to say anything. They mistreat him and when the deputies are about to shave him all hell breaks loose. Scotty Ne pa fights his way out through several police men. He escapes from the Police Station and steals an motorbike to ride off to the woods.... there he will need all his old skills to fight his pursuers which number 200 men including a National Guardsman Batallion.'),(331,'Swinging Richards','regular','Ryan','Brannan','J','Sport','','M','1978-08-18','5529 Miles Court','Springfield','VA','USA','22151','rjbrannan@gmail.com','703-582-7641','',1,'Robert Brannan','757-220-1724','','x-large','','Your chocolate hit my peanut butter, or your peanut butter hit my chocolate?  Guess its up to us to decide this age old question.\r\n\r\nA couple of years ago the team first reared its head as Bearly Legal, last year it was Team Mucky-Muck.  After a changing of the guard and our shorts, we are back as the Swinging Richards.  All natural peanut buttery goodness safe for man, woman, child, and polar bears alike.  Although our buddy Matty Danger couldn\'t attend this year, in his honor we are dropping the formal wear and keeping the ride completely casual - 1970\'s Swinging Casual.  Yeah, we make this look good.... Mmmmmm Tasty!  See you at the races.\r\n\r\n- Wonderboy'),(332,'Swinging Richards','regular','Michael','Santacroce','W','Sport','','M','1975-08-24','210 Rebecca Ann','Millersville','MD','USA','21108','santacroce33@aol.com','4432235190','',1,'Kathleen Ferris','4433369925','','large','','I am a Ninja... and a Jedi.  Also known as a Nedi!'),(333,'Swinging Richards','regular','Johnny','Glodek','','Sport','','M','1979-02-08','5529 Miles Ct','Springfield','VA','USA','22151','j_glodek@hotmail.com','202-236-8464','',1,'John & Barbara Glodek','302-537-1153','','large','NCVC/INOVA Health Systems','Year 2...new batch of tranqs...new equipment...keeping it casual...same fun lovin\' criminals...down a team mate (doing it for \'danger\')...added a new soul to the crew...ghost ride yo whip!'),(334,'Where the Fukarie Indian Tribe','captain','Elizabeth','Doby','M','Sport','','F','1985-06-20','8000 Boteler Lane, 422B','College Park','MD','USA','20742','lizdoby@gmail.com','434-665-4411','',1,'Allyson Doby','434-426-8714','','medium','',''),(335,'Where the Fukarie Indian Tribe','regular','Chris','Broullire','','Sport','','M','1982-04-26','11510 Deborah Dr.','Potomac','MD','USA','20854','christofercase@gmail.com','202-236-8317','',1,'Anne Broullire','202-285-8149','','medium','','i LOVE cheese'),(336,'Where the Fukarie Indian Tribe','regular','Greg','Curran','C','Sport','','M','1981-04-24','5425 connecticut ave NW #215','WASHINGTON DC','DC','USA','20015','highkraeusen@hotmail.com','240 447 5555','',1,'liz','434 665 4411','','large','',''),(337,'Where the Fukarie Indian Tribe','regular','James','Exon','P','Sport','573-79-5186','M','1983-02-10','40 Baileys Ct.','Silver Spring','MD','USA','20906','orson6983@msn.com','240-205-6158','',1,'Lori Furgason','240-893-5561','','large','',''),(338,'Where the Fukarie Indian Tribe','regular','Brian','Poore','','Sport','','M','1977-10-08','7812 tilbury st apt 14','bethesda','MD','USA','20814','rednow01@hotmail.com','','301.775.5575',1,'Christine Neidel','301.775.5575','','large','\"The Bike Dudes\"','If ya aint first u\'r last....'),(353,'More Beer','captain','Greg','Spath','','Sport','','M','1970-04-01','110 Cool Creek Manor Drive','Wrightsville','PA','USA','17368','gspath@freefall.homeip.net','717-252-1577','',1,'Georgia Fleming','814-404-1916','','x-large','The number 0x09F911029D74E35BD84156C5635688C0','White and Nerdy'),(339,'Patapsco\'s Finest','captain','Mick','Lynn','','Sport','','M','1964-02-28','996 Elm Road','Halethorpe','MD','USA','21227','mlynn228@yahoo.com','410-350-4046','410-350-4046',1,'Galen McKenzie','301-268-7979','','large','','That\'s going to leave a mark.'),(340,'Patapsco\'s Finest','regular','Stacey','Seidel','','Sport','','F','1978-01-17','6879 Brightfield Place','Ellicott City','MD','USA','21075','sseid001@umaryland.edu','240-401-8436','240-401-8436',1,'Stuart Seidel','301-299-3265','','small','','I love this climb!'),(341,'Patapsco\'s Finest','regular','Rich','Sterchele','','Sport','','M','1967-08-01','996 Elm Road','Halethorpe','MD','USA','21227','rsterchele@micros.com','443-414-2727','443-414-2727',1,'Mick Lynn','410-350-4046','','x-large','Body by Jake','I\'m good enough, I\'m fast enough, and doggone it, people like me.'),(342,'Patapsco\'s Finest','regular','Keith','Wimmer','','Sport','','M','1970-05-24','5814 Wyndham Circle','Columbia','MD','USA','21044','jwimmer@myeremco.com','703.928.7131','703.928.7131',1,'Kristen Hughes','410.908.6140','','x-large','','Hi, I\'m Crash Diesel.  What\'s your name?'),(343,'Patapsco\'s Finest','regular','Dustin','Taylor','','Sport','','M','1986-04-10','1460S 240E','Orem','UT','USA','84058','dlt.epic@gmail.com','801-226-2929','801-735-1738',1,'Tammy Longson','801-226-8697','','large','',''),(344,'Dayton MTB Racing','captain','David','McDaniel','L','Sport','','M','1962-08-11','2830 Denham Court','Centerville','OH','USA','45458','dlmcdaniel@woh.rr.com','937-431-1644','937-886-9117',1,'Patty McDaniel','937-886-9117','','large','',''),(345,'Dayton MTB Racing','regular','Jeff','Paul','','Sport','','M','1963-10-17','62 Leet Street','Washington','PA','USA','15301','jeff.paul@verticalsol.com','412-779-2002','724-229-7578',1,'Nora Paul','724-986-9959','','large','Moopie\'s Brew Haus',''),(346,'Dayton MTB Racing','regular','Donald \"Love-handles\"','Hetzler','','Sport','','M','1967-07-25','3073 Oxford Terrace','Burlington','KY','USA','41005','dhetzler@insightbb.com','859-512-9255','',1,'Maria Hetzler','937-369-4048','','large','The Norwegian Death Metal Knitting Club, Dr. Pepper, and WOXY.com.','This is my 5th time for this race, and there\'s a 100% chance that I\'m going to break the best lap time.  Money in the bank!'),(347,'Dayton MTB Racing','regular','Frank','Clarke','x','Sport','','M','1958-06-02','11912 Barrel Cooper Court','Reston','VA','USA','20191','maseratifrank@aol.com','703-476-1295','703-595-1600',1,'Suzanne Clarke','703-595-1599','','large','',''),(348,'Pittsburgh Pro Bicycles','captain','Amanda','Love','L','Expert','','F','1982-02-08','PO Box 29','Ohiopyle','PA','USA','15470','amandaleighlove@hotmail.com','724-208-0045','',1,'Dolores Love','724-208-1217','','small','',''),(349,'Pittsburgh Pro Bicycles','regular','Chrisian','Brenner','J','Sport','','M','1987-01-13','4689 Tomer Drive','Murrysville','PA','USA','15668','Cbrenner38035@hotmail.com','1 412 335 8826','',1,'James Brenner','1724 733 8549','','medium','Pittsburgh Pro Bikes','I like to ride my Bike!'),(350,'Pittsburgh Pro Bicycles','regular','Chris','Phillips','F','Expert','','M','1985-04-29','255 Spring Street','Morgantown','WV','USA','26505','cphillips106@hotmail.com','304-685-2411','',1,'Brad Phillips','304-685-3313','','large','Blackwater Bikes, Cannondale, Pittsburgh Pro, Little Baby Jesus.','I just wanna go fast!'),(351,'Pittsburgh Pro Bicycles','regular','Roger','Loughney','W','Sport','','M','1979-06-18','724 nebo rd ext','champion','PA','USA','15622','rogerloughney@hotmail.com','4124967017','',1,'candy loughney','4127316079','','large','who needs \'em','if you ain\'t first you\'re last'),(352,'Pittsburgh Pro Bicycles','regular','David','Leksell','C','Sport','','M','1986-12-19','2001 Lindenwood Court','Murrysville','PA','USA','15668','cbrenner38035@hotmail.com','724.681.3355','',1,'Nancy Kacin','724.387.2888','','medium','',''),(354,'More Beer','regular','Steve','Foltz','','Sport','','M','1965-08-05','2840 Little Georgetown Rd','Hedgesville','WV','USA','25427','moderntrans@myactv.net','304-274-2457','',1,'Rebecca Foltz','304-274-2457','','x-large','Hub City Sports','\"This is grain, which any fool can eat, but for which the Lord intended a more divine means of consumption... Beer!\"\r\n\r\n-Robin Hood, Prince of Thieves, Friar Tuck'),(355,'More Beer','regular','Matt','Orlando','','Sport','','M','1969-07-09','315 Harvest Drive','York','PA','USA','17404','biko@comcast.net','717-852-0942','717-779-3781',1,'Jennifer Ilgenfritz','717-495-0029','','x-large','',''),(356,'More Beer','regular','Jason','Diurba','','Expert','','M','1973-08-10','443 South Walnut St','Sharpsville','PA','USA','16150','jasondiurba@yahoo.com','724-962-1569','724-456-0334',1,'Joyce Diurba','724-962-4163','','large','',''),(357,'More Cowbell with More ladies','captain','Sanna','Adams','A','Sport','226-31-7573','F','1981-10-31','510 South Fairfax Street','Alexandria','VA','USA','22314','saadams04@yahoo.com','703 623 7541','',1,'Susanne Adams','703 836 8247','','small','','I\'m bringing a lot to the table this year. Good looks, tight pants, and 29 inches baby! I have a new love and it\'s all about 29 inches. It\'s smooth and will take on anything I can throw at it. I look forward to getting together after work and spending quality time with my true love. My love will do anything I want; when ever; where ever. Keeps a smile on my face day in and day out. And you can\'t go wrong with 29 inches either.\r\n\r\nWAIT! WHOA! I\'m talking about my 29 inch bike! What were YOU thinking! Dirty boys!'),(358,'More Cowbell with More ladies','regular','Dan','Abate','','Sport','','M','1971-11-13','4813 Knoll Glen Dr.','Ellicott City','MD','USA','21043','abatehome@comcast.net','410-461-5915','',1,'Margaret Abate','301-529-9407','','x-large','My Wife and Daughter. \r\nThe Bike Doctor of Linthincum.\r\nScudamore Enterprises.','My goal this year.... Fun! Lot\'s of it! Kickin\' back and pimpin\' out the ladies to do all the work. I\'ll be riding as hard as I can to prove what I am capable of. Then I might get on the bike and go out for a lap or two.'),(359,'More Cowbell with More ladies','regular','Kevin','Payne','M','Sport','','M','1969-11-07','1615 kenyon st nw #2','washington','DC','USA','20010','kevin_m_payne@yahoo.co.uk','2024871602','',1,'gene payne','7034974921','','large','A variety of quality lube, rubber parts, bungee cord and duck tape manufacturers.','A.K.A. Ridin\' Dirty.  Yeah baby. Sexy Time.  29 represent.  With 29 inches between my legs I can ride all day and night!\r\n\r\nNow, about my bike ... It is CAFFEINE laced addiction!  A RAW flavoured HARD TAiL with C\'Dale\'s deliciously BULBOUS down tube.  Of course the strength to weight ratio of the Lefty\'s single OVERSIZED shaft gives me an unfair advantage over the competition.'),(360,'More Cowbell with More ladies','regular','Kristen','Hughes','','Sport','041-72-0532','F','1975-10-10','6310 Bayberry Court #1006','Elkridge','MD','USA','21075','hugheskristen@hotmail.com','410-908-6140','410-908-6140',1,'Keith Wimmer','703-928-7131','','small','','I\'ve been training with my Sensei and this grasshopper is ready for anything. I\'ve been working all the logs I could. I\'m not ready for 29 inches like some of the other teammates, but that\'s something I could be working towards. For now, the smaller the logs the better. If you have any tips, let me know. Either way, I look forward to doing my thing and maybe turning a head or two. \r\n\r\nCome up and see me sometime.'),(361,'More Cowbell with More ladies','regular','Alison','Buckel','','Sport','','F','1977-05-15','2017 Harbour Gates Drive   #211','Annapolis','MD','USA','21401','buckelar@yahoo.com','303-819-0788','',1,'Denise Buckel','724-322-0114','','medium','Badonkadonk Jeans, My 1982 Trek, and my peeps from the Creek.','Alli Cat here on the prowl. Originally hailing from the Deepest Creek in the land, I felt I had to spread my wings and fly a little. Now I am here with my claws sharpened and ready to pounce. Watch out boys, you can\'t handle this kitty cat. Meow! As you can see from my pic, I\'m a dirty kitty who got a little... wet.'),(362,'Rigid All Night','captain','Jon','Midgley','','Sport','','M','1977-06-05','5510 Kinvarra Ln','Dublin','OH','USA','43016','jon_midgley@yahoo.com','614-595-4833','614-595-4833',1,'Lois Midgley','704-209-3281','','medium','',''),(363,'Rigid All Night','regular','Dave','Butler','','Sport','','M','1965-08-02','218 Mount Parnassus','Granville','OH','USA','43023','david@artofthemidwest.com','740-587-2841','740-587-2841',1,'Amy Butler','740-587-2841','','large','',''),(364,'Rigid All Night','regular','David','Carter','','Sport','','M','1969-09-04','3331 Humboldt Street','Denver','CO','USA','80205','dscarter22@msn.com','614-679-2965','614-679-2965',1,'Mary Teresa Ludwig','614-679-2915','','large','',''),(365,'Rigid All Night','regular','Brian','Corbett','','Sport','','M','1966-08-02','1010  s. sr50','Granville','OH','USA','43016','corbettb66@yahoo.com','614-595-4833','614-595-4833',1,'j','614-595-4833','','medium','',''),(366,'Live Dirty Girls','captain','Joanna','Massetti','L','Sport','','F','1975-07-03','1125 Candor Road','Bulger','PA','USA','15019','jrischitelli@yahoo.com','412-298-3000','724-796-5625',1,'Chris Massetti','412-303-6121','','small','Maya Papaya & Little Eddie Vedder','Cable Girl by day...Live Dirty Girl by night.   Call me at 1-900-Jo Jo Go Go for the ride of your life!'),(367,'Live Dirty Girls','regular','Lindy','Cyr','M','Sport','189-56-1695','F','1975-05-03','PO Box 643','Davis','WV','USA','26260','lindy_rn@yahoo.com','304 642 8652','304 642 8652',1,'Jason Cyr','304 550 3464','','small','Golden Girls, The A Team, Michael Knight','Nurse is my name....naughty is my game....'),(368,'Live Dirty Girls','regular','Heidi','Shilling','','Sport','','F','1969-10-24','634 Maplewood Ave','Whitehall','OH','USA','43213','bikergirlohio@yahoo.com','614-237-3431','',1,'J.T. Shilling','614-312-5009','','small','Mr. Jerome Shilling (My Sugar Daddy!)','Teacher by day...thrills and spills by night!'),(369,'Live Dirty Girls','regular','Sonja','Day','','Sport','','F','1974-06-19','2144 pier point place','virginia beach','VA','USA','23455','sonjaday@aol.com','7035938276','7572330116',1,'Brack','7577174973','','small','sex, drugs and rock-n-roll, pre-bong salad\'s','Master says faster. Trainer by day, Dominatrix by night.'),(370,'SSO Factory Team/The Bicycle Escape','captain','Joe','Whitehair','','Expert','','M','1970-01-06','200 East 8th Street','Frederick','MD','USA','21701','joewhitehair@yahoo.com','301-944-1874','301-631-1987',1,'Julie Whitehair','301-631-1987','','large','',''),(371,'SSO Factory Team/The Bicycle Escape','regular','Becky','Bafford','E','Sport','','F','1968-03-23','54B East South Street','Frederick','MD','USA','21701','rbafford@howardcc.edu','301-787-4860','301-787-4860',1,'Robert and Alice Bafford','410-833-0496','','medium','Single Speed Outlaw/The Bicycle Escape',''),(372,'SSO Factory Team/The Bicycle Escape','regular','Ricky','deLeyos','R','Sport','','M','1971-10-07','5804 Bucknell Terrace','Berwyn Heights','MD','USA','20740','ricky@deleyos.com','202 320 7425','',1,'Jo Maralit','202 431 5656','','medium','',''),(373,'SSO Factory Team/The Bicycle Escape','regular','Jay','Williams','J','Sport','','M','1966-03-19','701 Dorchester Road','Baltimore','MD','USA','21229','bone3246@yahoo.com','443-992-6182','',1,'Robert Williams','410-276-7316','','large','',''),(374,'SSO Factory Team/The Bicycle Escape','regular','Erin','Gay','W','Sport','','M','1969-04-22','8445 Gold Sunset Way','Columbia','MD','USA','21045','eringay@eringay.com','301-787-1235','',1,'Bill & Sheri Gay','703-403-6369','','medium','My Wallet',''),(375,'Laps of Memory','captain','Marc','Setien','','Sport','','M','1961-05-26','20883 Yellowbloom Ct','Ashburn','VA','USA','20147','msetien@att.com','571-436-8988','',1,'Cindy Setien','703-856-2706','','x-large','',''),(376,'Laps of Memory','regular','Robert','Simonds','','Sport','','M','1958-06-07','411 Southwind Ln','Hillsborough','NC','USA','27278','bobrini@earthlink.net','919-630-7121','',1,'Maureen McBride-Simonds','919-732-9561','','x-large','',''),(377,'Laps of Memory','regular','Ron','Shackelford','','Sport','','M','1963-04-25','11305 Geddys Ct','Reston','VA','USA','20191','warren_shackelford@freddiemac.com','703-725-0823','',1,'Santa Clause','703-725-0823','','large','',''),(378,'Laps of Memory','regular','William','Brancato','','Sport','','M','1980-08-09','20401 Tholen St','Ashburn','VA','USA','20147','williambrancato@yahoo.com','703-231-6189','',1,'Kelly','703-231-6189','','x-large','Polar',''),(379,'Schwarz, Steve','captain','Steve','Schwarz','','Expert','195-64-7577','M','1975-01-04','5601 Whitney Mill Way','Rockville','MD','USA','20852','schwarzsteven@hotmail.com','202-344-4295','301-881-6186',1,'Al Schwarz','215-343-2856','','small','Titus Cycles; Lupine Lights; Crank Brothers; Schwalbe Tires; Smith Optics; Kuhl Clothing; Hammer Nutrition; First Endurance',''),(380,'Team MRTC','captain','Chase','Millard','','Sport','','M','1982-05-25','142 E Hillview Drive','Morgantown','WV','USA','26508','cmillard@mix.wvu.edu','678-982-6008','',1,'Ralph Millard','678-585-9277','','medium','',''),(381,'Team MRTC','regular','Rich','Martin','','Sport','','M','1946-12-13','12 Lincoln Ave','Westover','WV','USA','26501','martinr@davisandelkins.edu','304-292-6893','',1,'Jane Martin','304-685-0049','','medium','','Big Bear rules! Thanks to Mark and Julie Schooley for their vision and forest management skills. It just keeps gettin\' better at BB.\r\n  Also kudos to Chip, Colin, Jeremy, and Steven at Wamsley\'s Cycles. \r\n  Bought my Specialized Street Stomper from Chip at Wamsley\'s Cycles 27 years ago...still riding it. \r\n       \"You should ride your bike more!\"'),(382,'Team MRTC','regular','unregistered','rider','','Sport','','M','1940-01-01','','','','USA','','','','',0,'','','','large','',''),(383,'Team MRTC','regular','Nathan','Kile','','Sport','','M','1975-05-08','407 Ontario St','Point Marion','PA','USA','15474','Nathan.Kile@mail.wvu.edu','304-282-4083','',1,'Lindsey Eck','706-399-9752','','large','','32 year old Nathan Kile has over 30 years of riding experience. Starting his career on the three-wheel circuit in his parent\'s driveway, he has since progressed to riding on only two wheels both on and off-road. He plans to ride the race while hyped-up on coffee and hammer gel. He\'s excited and curious about this race because it lacks a swimming warm-up and running cool down.'),(384,'Team MRTC','regular','Nathan','Harlan','','Sport','','M','1981-08-07','1453 4th St','New Brighton','PA','USA','15066','NVHarlan@geneva.edu','724-847-0377','724-601-9874',1,'Rebekah Harlan','724-601-9874','','medium','',''),(385,'Team MRTC','regular','Forrest','Schwartz','','Sport','','M','1977-04-08','148 Dorham Lane','Morgantown','WV','USA','26508','forrest.schwartz@mail.wvu.edu','304-293-8503','304-685-7028',1,'Peggy Pings','304-879-5622','','medium','',''),(386,'Mylan Labs','captain','Jeffrey','Nagy','','Sport','','M','1967-02-15','6021 Woodlands Bluff Road','Morgantown','WV','USA','26508','jnagy@mylanlabs.com','304-598-0078','',1,'Elizabeth Nagy','304-282-7509','','large','',''),(387,'Mylan Labs','regular','Courtney','Nugent','','Sport','','M','1964-08-11','125 Monutain Ridge Rd','Morgantown','WV','USA','26508','can200@comcast.net','304-292-9799','304-680-5373',1,'Joy Nugent','304-292-9799','','x-large','',''),(388,'Mylan Labs','regular','Todd','Harper','','Sport','','M','1980-07-16','1339 Arner Rd','Chester','WV','USA','26034','harper900@yahoo.com','304-479-3234','304-387-1519',1,'Debbie Harper','304-387-1519','','medium','',''),(389,'Mylan Labs','regular','Dan','Prudhomme','','Sport','','M','1973-01-04','882 Parma Way','Los Altos','CA','USA','94024','','650-575-7438','650-575-7438',1,'Laurie Vanderveen','615-337-5240','','large','',''),(390,'Komodo Racing','captain','Leroy','Hunter jr','','Expert','','M','1961-11-23','554 Dug Hill Rd','Morgantown','WV','USA','26508','mtbikerwv@yahoo.com','304-296-1500','304-296-1500',1,'Debbie Hunter','304-296-1500','','large','','I am the local legend known as \"Red Bull\".  My speeds are so fast I need aero bars.  Does anybody have tape, because my legs are ripped!  You too will be shredded if you try to hang on my wheel.  I\'ll trample you fast, with no remorse.  I\'ve trimmed my fur to cut through the air.  Watch out or you\'ll die by my stare.  Be afraid, be verrrry afraid of the \"Red Bull\"!'),(391,'Komodo Racing','regular','Nathan','Annon','','Expert','','M','1982-06-08','rt3 box 251c','Grafton','WV','USA','26354','topfuel98@comcast.net','304680-5227','304-680-5227',1,'elissa stewart','304-265-5753','','large','Bombardiere Aerospace for paying me to wrench around.','I\'m known by my teammates as \"Too Fast\".  I talk a fast game, but I back it up by riding \"Too Fast\".  If there are highlights in my hair, look out because I\'ll be a highlight at Big Bear.  My legs are shaved, my car is pimped so dont try to suck on my wheel. You\'ll get dropped and realize that I am \"TOOOOOO FAST\"!'),(392,'Komodo Racing','regular','Scott','Benson','','Sport','','M','1972-04-11','1138 Steeplechase Drive','Morgantown','WV','USA','26508','smbenson@verizon.net','304-594-3492','304-216-6214',1,'kelly benson','304-594-3492','','medium','','I\'ll let you pick the pain! Do you want to die slowly or quick and painless?  I can administer both when I\'m laying down some wicked fast laps.  I really only need a single speed, but I\'ll bring my stethoscope to make sure your dead.  I can\'t save you now, its race day!  I am the Doctor and you are doomed!'),(393,'Komodo Racing','regular','Mike','Hines','','Expert','','M','1971-05-01','843 ridgeway ave.','Morgantown','WV','USA','26505','mtnbykermike@aol.com','304-291-0574','304-291-0574',1,'amber hines','304-692-4741','','large','','I am the keeper of the original komodos. Anything else is just a cheap imitation. I keep them hidden until the time is right to unleash their fury. Please beware when my komodos are on a feeding frenzy, legs get broke, chain rings get cracked and crank arms get destroyed.\r\nBy day I work in a lab where they study physical performance. By night and weekends I create a physical performance at a level not too many dare to touch. 24 hour racing wasn\'t enough this year. So I have added half marathons and triathlons to my schedule.\r\nI would like to thank ACE for helping me with my explosive sprinting and fast turns and the Tree Ninja for teaching me the secret stealth attack and patience.'),(394,'Dude, Where\'s my Prize?','captain','Morgan','Miller','J','Pro','236-37-5514','M','1990-09-18','59 Sycamore Circle','Bridgeport','WV','USA','26330','mjmiller189@hotmail.com','304-842-8408','304-629-3556',1,'Twila Miller','304-629-0630','','small','Cannondale, Blackwater Bikes.','LD Daddy of Cincinnati'),(395,'Dude, Where\'s my Prize?','regular','Duncan','Oliver','R','Pro','302-82-0734','M','1985-07-07','59 College Avenue','Buckhannon','WV','USA','26201','oliver_dr@wvwc.edu','740-525-5843','740-525-5843',1,'David Oliver','740-376-0202','','large','Fat Tire Cycle, WVWC','Racing for Cecil'),(396,'Respect Da Nuts','captain','George','Pelikan','','Sport','','M','1964-08-20','6550 River Run','Columbia','MD','USA','21044','mountainbike@comcast.net','443.996.5981','443.996.5981',1,'Maria Pelikan','410.227.4721','','large','',''),(397,'Respect Da Nuts','regular','Michael','Malone','','Sport','','M','1959-11-29','6546 Prestwick drive','Highland','MD','USA','20777','mpmalone1129@aol.com','3018540642','',1,'beth malone','3013259949','','large','',''),(398,'Respect Da Nuts','regular','Darek','Thomas','','Sport','','M','1970-12-22','13808 Trillium Ln','Plainfield','IL','USA','60544','','815-609-9644','',1,'Elaine Thomas','815-263-8669','','large','',''),(399,'Respect Da Nuts','regular','unregistered','rider','','Sport','','M','2007-01-01','','','','USA','','','','',0,'','','','large','',''),(400,'IC3 Five Alive!','captain','Miriam','Ritchie','','Sport','','F','1984-07-30','104 Atlantic Avenue','York Springs','PA','USA','17372','miriam@ritchietribe.net','7175999313','',1,'Donna Ritchie','7175999311','','small','',''),(401,'IC3 Five Alive!','regular','Stan','Ritchie','','Sport','','M','1958-10-05','423 Walnut Street','Harrisburg','PA','USA','17101','stan@ritchietribe.net','7174183232','',1,'Donna Ritchie','717.599.9311','','large','',''),(402,'IC3 Five Alive!','regular','Ryan','Patches','','Sport','','M','1940-01-01','','','','USA','','','','',0,'','','','large','',''),(403,'IC3 Five Alive!','regular','Mark','Mullert','','Sport','','M','1980-06-02','571 Mountain Road','Boiling Springs','PA','USA','17007','MullertM@diakon.org','(717) 773-0319','',1,'Michael Mullert','619.300.4612 or 619.','','medium','',''),(404,'IC3 Five Alive!','regular','Mike','Mykowski','','Sport','','M','1940-01-01','','','','USA','','','','',0,'','','','large','',''),(405,'Dorks on Wheels','captain','Michael \"Ekim\"','Lesondak','','Sport','','M','1975-04-12','2956 Southwestern Ave','Manchester','MD','USA','21102','mike@lesondak.com','410-594-0037','410-206-9787',1,'Andrea Lesondak','410-428-9147','','large','Yeah right!','This is the Ekim\'s fourth year as Captain of the Dork\'s.  This year his performance is expected to as adequate as ever.  He has been very strict about his training routine of Pizza and Beer.  Ekim is also riding a new rig this year.  A full rigid single speed.  When asked why change to a bike with only one gear he replied \"I find them much easier to push up the hills\".  However he did state that the Fisher Sugar will make an appearance on the race course at some point.  \r\n\r\nLook for Ekim to be as annoying as ever on the trail and as he does each year, he asks his fellow riders that will inevitably pass him to give him a little pinch on the bottom as a courtesy.'),(406,'Dorks on Wheels','regular','John \"Sugar Butt\"','Baird','','Sport','','M','1965-08-18','8 Chancery Court','Reisterstown','MD','USA','21136','mike@lesondak.com','410.526.5109','443.604.5897',1,'Jamie Baird','410.526.5109','','x-large','Prozac,\r\nScooby Doo Band Aids,\r\nMack Truck Concrete mixers,\r\nMy family Jamie, Aubrey and Dylan','As a child I was traumatized by a bear and a giant soup spoon, don’t ask. Now I just take the pain. I just finished my first book, How to drop your inner child down a well. I hope you like it. If not, I’ll stuff you in a cement mixer. I should handle nothing sharper than a twinkie, maybe chainsaw with supervision. But when it comes to cycling I suck. If it has 2 wheels and pedals I really suck. I would like to thank Jamis Bikes for making my wonderful Dakar that I can’t ride over anything bigger than a popcorn kernel without falling over. Maybe I too have fallen victim of seeing Mike Lesondak in his buttless leather chaps riding his bike!!!!'),(407,'Dorks on Wheels','regular','Paul \"6%\"','Gretes','','Sport','','M','1981-01-15','9356 Spring Water Path','Jessup','MD','USA','20794','paul.gretes@gmail.com','410-404-4600','',1,'Brianne Gretes','410-404-2008','','x-large','Fisher-Price (Thanks for the bike)','….wait this is a race?!  These guys must really be desperate for team\r\nmembers; this is only my second year riding. If you hear expletives\r\nfrom way behind you, that will be me.  The question you should be\r\nasking yourself is, \"Why haven\'t I lapped that dork yet?.\"  All I ask\r\nis that if you see me on the side of the trail; kick me to check for\r\nvitals.  At times like these I like to think back to some good old\r\nadvice I got from my father.  He told me, \"If you can\'t learn to do\r\nsomething well, learn to enjoy doing it poorly.\" Yes sir, dad…yes sir.'),(408,'Dorks on Wheels','regular','Charles \"Vintage Boy\"','Montour','','Sport','','M','1973-10-26','5821 Westchester Hills Ct.','Eldersburg','MD','USA','21784','charles@montour.net','410-552-3880','',1,'Amy Montour','410-552-3880','','large','',''),(409,'Dorks on Wheels','regular','Jim \"Bike Toss\"','Gill','','Sport','','M','1973-02-01','405 Horsechestnut Court','Mount Airy','MD','USA','21771','jim@jgill.us','410-960-6763','',1,'Maureen Gill','301-829-3220','','large','JMG Enterprises & Marketing (check out our web site www.marketamerica.com/jmg)',''),(410,'Fargin IceHolz','captain','Chris','Engle','','Sport','','M','1973-05-29','8307 Hilltop Circle Drive','Pittsburgh','PA','USA','15126','cengle@fedex.com','4129790509','4129790509',1,'Jessica Engle','7246952244','','xx-large','','I love the smell of napalm in the morning... Ya know, that gasoline smell... It smells like... VICTORY.\"'),(411,'Fargin IceHolz','regular','Brian','Rockey','','Sport','','M','1974-10-01','7 Rockledge Rd','Wheeling','WV','USA','26003','jjrockey@comcast.net','3042808700','3042808700',1,'Julie Rockey','3042808700','','large','','I shot a man in Reno just to watch him die'),(412,'Fargin IceHolz','regular','Chance','Taylor','','Sport','','M','1969-07-01','1313 Mockingbird lane','Windsor Heights','WV','USA','26075','ttrain13@comcast.com','3046390679','3046390679',0,'Tony Neff','3046397025','','xx-large','','I believe in God, and the only thing that scares me is Keyser Soze. \r\n\r\nThe greatest trick the Devil ever pulled was convincing the world he didn\'t exist.'),(413,'Fargin IceHolz','regular','Brian','Aiken','','Sport','','M','1968-07-06','220 Cameron Drive','Cranberry Township','PA','USA','16066','brian.aiken@fedex.com','7248165876','7248165876',1,'Tony Neff','7248165876','','large','','What goes up must come down. If you ain\'t wreckin you ain\'t ridin'),(414,'Princeton Tec','captain','Justin','Kline','','Sport','','M','1982-04-04','1520 Russett Dr','Warminster','PA','USA','18974','jkline@princetontec.com','609-227-4105','',1,'Virginia Kline','215-720-8557','','small','',''),(415,'Princeton Tec','regular','Beth','Puliti','','Sport','','F','1983-02-27','5160 Leathermans Walk','Pipersville','PA','USA','18947','beth.puliti@gmail.com','','215-766-8787',1,'Lori King','215-766-8787','','small','',''),(416,'Princeton Tec','regular','Ryan','Ditta','','Sport','','M','1979-09-17','3 Holly Park Drive','Tabernacle','NJ','USA','08088','rditta@princetontec.com','609-227-4107','',1,'Mia Tatum','609.801.1155','','large','',''),(417,'Princeton Tec','regular','Bill','Keys','','Sport','','M','1968-05-05','209 N 4th St #C1','Philadelphia','PA','USA','19106','billkeys@comcast.net','(215)923-1183','',1,'Margot Keys','(215)498-0502','','medium','',''),(418,'The Team MOM','regular','Browne','Yates','','Sport','','M','1981-07-25','3433 Gateshead Manor Way #103','Silver Spring','MD','USA','20904','browne.yates@gmail.com','804.307.5794','',1,'Danny Yates','252.636.5276','','medium','','Sweep the leg.'),(420,'Double J\'s Disciples','regular','Doug','Long','','Expert','','M','1953-07-28','10481 LIV 229','Chillicothe','MO','USA','64601','','660-646-0322','660-646-0322',1,'Jerilyn Long','606-646-0322','','large','',''),(421,'Double J\'s Disciples','regular','Steve','Arsenault','','Expert','','M','1957-02-23','11 Old Homestead Hwy','Keene','NH','USA','03431','','603-352-9688','603-352-9688',1,'Vicki Arsenault','603-352-9688','','large','',''),(422,'Double J\'s Disciples','regular','Lyle','Riedy','','Expert','','M','1960-08-18','5324 NW Lincoln','Topeka','KS','USA','66618','','785-221-3812','785-286-4103',1,'Kathy Riedy','785-286-4103','','large','',''),(423,'Posse of  Mustached Bandits','captain','Gary','Bryant','J','Sport','212-17-5294','M','1981-03-06','147 N. curley st.','Baltimore','MD','USA','21224','gbryan2@gmail.com','443-223-4149','',1,'Peggy Bryant','410-923-2505','','medium','','I got shot dammit!'),(424,'Posse of  Mustached Bandits','regular','James','Starmer','P','Sport','216-15-5126','M','1981-03-29','438 Grindall St.','Baltimore','MD','USA','21230','sjames@starmer.com','4434215935','',1,'Rachel Starmer','4435622145','','large','http://www.ridelugged.com',''),(425,'Posse of  Mustached Bandits','regular','James','Johnson','C','Sport','','M','1981-07-15','209 whitehill st','Lemont','PA','USA','16851','jamesjohnsonart@yahoo.com','814 231 0116','',1,'Melissa Johnson','814 231 0116','','medium','bolivarian revolution, AM radio 1500 (all jesus, all the time), murray\'s lead pipes: makers of fine plumbing grade bicycle tubing \"our bikes are the sh*t\"','Posse o\' recruited me based on my performance at past 24 hour racing events, alley cats, and rallys.  I consistently have been present on last place teams, thus historically securing Posse\'s self same standing in this \'storical race.  All the other teams dont stand a chance of losing!  Suckers!'),(426,'Posse of  Mustached Bandits','regular','Ryan','McKeon','P','Sport','','M','1981-10-21','1823 Glen Ridge Rd','Baltimore','MD','USA','21234','amaenner@do-lawfirm.com','(443) 386-7531','',1,'Amanda Maenner','410-302-7337','','x-large','',''),(427,'Towers of Troegs','captain','Brett','Weiser','E','Sport','','M','1974-05-15','1798 Ridge Road','Gardners','PA','USA','17324','rabbitlugboot@mindspring.com','717-215-0673','',1,'Donna Weiser','717-571-7111','','x-large','','On a fool\'s mission . . .'),(428,'Towers of Troegs','regular','Sam','Bashore','','Sport','','M','1973-04-16','255 Creekwood Drive','Camp Hill','PA','USA','17011','sbashore@elheim.com','717-979-3765','',1,'Larry Bashore','717-766-3705','','x-large','',''),(429,'Towers of Troegs','regular','Donald','Pagano','L','Expert','','M','1961-10-30','383 Limestone Road','Carlisle','PA','USA','17015','donaldp714@aol.com','717-243-0660','',1,'Cindy Ann Pagano','717-243-0660','','large','',''),(430,'Towers of Troegs','regular','Mike','Kirsch','T','Sport','','M','1968-09-21','204 Sherbrooke dr.','Newport News','VA','USA','23602','mike.t.kirsch@nasa.gov','757 864-4135','757 846-5504',1,'Merril Kirsch','757 814-4185','','x-large','',''),(431,'Towers of Troegs','regular','Taylor','Lyne','D','Sport','230-02-8834','M','1965-09-17','10507 Krenmor Ln','Chester','VA','USA','23831','DrTLyne@aol.com','804-748-2244','804-748-6222',1,'K C Lyne','804-748-6222','','x-large','EasyStreet. Lyne Animal Hospitals. WestChester Pet Resort. Big Dog Bikes.','The Flying Fat man. Momentum is key to big guys riding bicycles.'),(433,'Baltimore Bush Doctors 2','regular','Brian','Miller','P','Sport','','M','1974-06-07','209 E Biddle St','Baltimore','MD','USA','21202','mctavishworldwide@hotmail.com','443-904-5026','',1,'Ann M Hazels','410-375-6565','','large','Mendocino County GROWERS Association\r\nand his mom (no joke)','What to say about a man so hairy the wind drag alone should make him immobile.  Not to mention the stone-age cycle he lugs around like a wubby blanket, tattered, aged, and worn to the breaking point.  Don\'t piss him off, his 100% hot-headed Irish tempter will unleash  just a few furious seconds of overwhelming power on the trail.  As an artist, he\'s a little too in touch with his feminine side and he\'ll beguile his way past you with finese.'),(434,'Baltimore Bush Doctors 2','regular','Christopher','Barnes','','Sport','','M','1968-04-18','313 E 30th St','Baltimore','MD','USA','21218','cbarnes2@loyola.edu','410-336-2172','410-889-8430',1,'Tara Barnes','410-889-8430','','x-large','California Truckers Association','Gargant-a-man is 8\'2\" and 450lbs.  He\'s the Goliath no David will overcome. He\'s prepared to demolish the field if his Six Pack doesn\'t get the best of him.  If he has to, he\'ll hitchhike his way to the finish line and believe me, there\'ll be a finger out but it won\'t be his thumb. All you\'ll have is a little note that says, \"See you later, suckas!\"'),(435,'Baltimore Bush Doctors 2','regular','Paul','Brown','','Sport','','M','1978-11-21','8109 Santa Fe Dr','Severn','MD','USA','21144','paulbrown1@gmail.com','410-551-5412','',1,'Maria Brown','443-994-2395','','large','Waiting to hear back from Ian Fleming.','The International Man of Mystery.  Little is known about \"Pauly\".  But his psuedo-last name seems to fit with our team colors.  What we do know is that his bike moves will make you horny... baby!'),(436,'McClurg, John W.','captain','John','McClurg','W','Expert','291-78-0918','M','1977-10-23','1032 Campbell Road','Harrison City','PA','USA','15636','jwm33_33@yahoo.com','410-707-2904','724-744-7773',1,'Carrie McClurg','410-707-9072','','large','Pittsburgh Pro Bikes','29-year-old trail-hardened Pennsylvania resident -- Racing for about 5 years. Goals for 2007 include podium in WV State Campionships (Pro/Expert Class, top three at 24 Hrs. of Big Bear (Solo) and Subaru 24 Hr. Champion Challenge at Seven Springs, PA (Solo)'),(537,'The Team MOM','regular','Ron','Masotta','','Sport','','M','1976-06-14','1313 W. 40th St','Baltimore','MD','USA','21211','ron.masotta@gmail.com','443-257-6699','410-235-0021',1,'Lynde Pratt','443-768-7282','','large','',''),(437,'DCMTB / Citybikes','captain','Kent','Baake','H','Expert','226-31-8107','M','1971-05-22','6404 Fairland St','Alexandria','VA','USA','22312','kbaake@metrogutter.com','703-906-7388','703-750-9263',1,'Paula Baake','571-436-6158','','large','Metro Gutter and Home Services, Continuum Energy Solutions','2nd place overall at 2007 24 Hrs Conyers'),(438,'DCMTB / Citybikes','regular','Jonathan','Wheaton','H','Expert','','M','1966-05-22','7401 Village Rd. Apt. 21','Sykesville','MD','USA','21784','chopotter@gmail.com','4103454272','',1,'Nancy Wheaton','830-377-1243','','medium','',''),(439,'DCMTB / Citybikes','regular','Christopher','Clarke','F','Expert','','M','1964-10-12','2769 Woodley Pl NW','Washington','DC','USA','20008','cclarke@umwafunds.org','2025212224','',1,'Aimee Verdisco','2023298179','','medium','',''),(440,'DCMTB / Citybikes','regular','Joel','Gwadz','J','Expert','577-94-8328','M','1967-08-23','2025 park road nw','washington','DC','USA','20010','gwadzilla8@yahoo.com','202-330-8419','202-462-5580',1,'Lisa Woods','202-462-5580','','xx-large','City Bikes\r\nMetro Gutter\r\nWhole Foods','A Clydesdale without a Clydesdale Team...\r\n\r\nforced to ride with friends instead of other beasts from my tribe'),(441,'Clemens, Carol L.','captain','Carol','Clemens','L','Expert','184-62-9351','F','1981-12-17','385 44th st','pittsburgh','PA','USA','15201','carolclemens@hotmail.com','717 9643825','717 9643825',1,'thomas clemens','717 9643825','','medium','Dirtrag, Hoss, Lupine, Thick.',''),(442,'Rock Gardeners','captain','Chris','Ostermueller','','Sport','','M','1974-09-16','123 College Park Drive','Monroeville','PA','USA','15146','chris631@gmail.com','412-215-4147','412-215-4147',1,'Loriann Ostermueller','412-216-6621','','medium','Lori, Neosporin','band-aid tester/model, small lungs'),(443,'Rock Gardeners','regular','Ron','Scherff','','Sport','','M','1971-07-09','105 Rose Ave','Harrison City','PA','USA','15636','Scherffr@gmail.com','724-875-0360','724-875-0360',1,'Kelly Sherff','412-298-8750','','medium','',''),(444,'Rock Gardeners','regular','Kelly','Scherff','','Sport','','F','1975-03-17','105 Rose Ave.','Harrison City','PA','USA','15636','scherffk@gmail.com','412-298-8750','412-298-8750',1,'Ron Scherff','724-875-0360','','medium','',''),(445,'Rock Gardeners','regular','Rob','Shetler','','Sport','','M','1975-10-14','1501 Alabama Ave','Pittsburgh','PA','USA','15216','Robertoxx2@comcast.net','412-400-9063','412-400-9063',1,'Becky Hershberger','412-720-3486','','medium','',''),(446,'Four Dudes and a Billygoat','captain','Matt','Pierce','','Sport','','M','1977-03-24','216 Vilsack Road','Glenshaw','PA','USA','15116','piercem6@hotmail.com','412-780-8279','412-487-7417',1,'Lisa Pierce','412-780-8278','','x-large','Of course Pro Bikes and Todd - wouldn\'t getrdun with out \'em.\r\n\r\nAs always my wife and kids for putting up with my $hit, habits and friends.','Passionate Wannabe'),(447,'Four Dudes and a Billygoat','regular','Todd','Schoeni','R','Sport','','M','1977-04-27','318 Kaercher St.','Pittsburgh','PA','USA','15217','ssschoenitr@aol.com','412-478-6345','412-478-6345',1,'Doctor','911-911-9111','','x-large','Pittsburgh Pro Bicycles, Cannondale, Rob Voorhees ( my personal hero, right snookums?) Cannondale Rep., Deb lewis, who graciously provided the goat for this race.  We just need the horns Deb, i swear.....','I was an only child who suffered much emotional damge that involved a pony and a set of walkie-talkies.  I was never right after that, and I DON\'T WANT TO TALK ABOUT IT!!!!  A true Clydesdale from birth, I was 182lbs. at age 6 and wore husky jeans and suspenders. Funny image huh?  \r\nNow, my therapist tells me that if I keep riding as much as I have been, I can come off of one of my medications I take for \"anger management.\"  Whatever, I still hate midgets and people under 170lbs.'),(448,'Four Dudes and a Billygoat','regular','Dave','Buchanan','','Sport','','M','1977-09-04','3929 1/2 Woolslayer Way','Pittsburgh','PA','USA','15224','dbuchanan25@hotmail.com','412-400-7995','',1,'Shannon Orr','814-440-2170','','x-large','','New Jersey or bust!!'),(449,'Four Dudes and a Billygoat','regular','Nathan','Six','B','Sport','','M','1976-07-03','3929 1/2 Woolslayer Way','Pittsburgh','PA','USA','15224','nathansix@hotmail.com','412-498-8368','',1,'Marvin Six','304-387-3519','','x-large','',''),(450,'Four Dudes and a Billygoat','regular','Jason','D\'Antonio','M','Sport','','M','1974-06-06','6109 5th Ave #1','Pittsburgh','PA','USA','15232','dantoniojm2@upmc.edu','412-443-0923','',1,'Katherine D\'Antonio','412-760-8382','','medium','The fine University of Pittsburgh, wallstreet, and Todd Schoeni (when he gives me good discounts on all the bike stuff me gets me to buy)','Hey, I\'m under 170lbs! Todd, you better up the dosage on your meds cause I am not gaining any weight anytime soon.'),(451,'Tiger Pawl','captain','Matt','Sherald','B','Sport','','M','1974-11-08','PO Box 334','Thomas','WV','USA','26292','z1mtnkng@hotmail.com','3044633372','',1,'Sarah Hunt','3044633372','','large','I\'d like to thank my mom and dad... and Butters - without you I am nothing.  www.getpimby.com','The wind is the whisper of our mother the earth\r\nThe wind is the hand of our father the sky\r\nThe wind watches over our struggles and pleasures\r\nThe wind is the goddess who first learned to fly\r\n\r\nThe wind is the bearer of bad and good tidings\r\nThe weaver of darkness, the bringer of dawn\r\nThe wind gives the rain, then builds us a rainbow\r\nThe wind is the singer who sang the first song\r\n\r\nThe wind is a twister of anger and warning\r\nThe wind brings the fragrance of freshly mown hay\r\nThe wind is a racer, a wild stallion running\r\nThe sweet taste of love on a slow summer’s day\r\n\r\nThe wind knows the songs of the cities and canyons\r\nThe thunder of mountains, the roar of the sea\r\nThe wind is the taker and giver of mornings\r\nThe wind is the symbol of all that is free\r\n\r\nSo welcome the wind and the wisdom she offers\r\nFollow her summons when she calls again\r\nIn your heart and your spirit let the breezes \r\nsurround you\r\nLift up your voice then and sing with the wind'),(452,'Tiger Pawl','regular','Mr. Jeff','Melnick','A','Sport','','M','1958-11-12','RR #2 Box 176','Parsons','WV','USA','26287','rstull@floc.org','3044782527','',1,'Ruth Melnick','3044782527','','large','Melco Construction, LLC','Likes:  Together Dating Service; conversing in Yiddish...\r\n\r\nDislikes:  Hans; Brickstreet Insurance; Abraded johnson'),(453,'Tiger Pawl','regular','Rob','Stull','T','Sport','','M','1976-08-08','PO Box 95','Thomas','WV','USA','26292','robstull@hotmail.com','304-463-4381','304-678-7075',1,'Shannon McCann','804-516-7175','','large','Sullivan Tyne of the Villa\r\nBrad Moore Institute of Prosthetic Knees','My real name is Hans.  I was born in Germany--to a German mother and American father (he was in the Air Force).  I currently work in the assmebly plant for Mercedes Benz, bolting in clutch rails.  This is my second trip to the states.  I hope to find my father during this trip.  His initials are M.R.--if you know him, please send him my way.'),(454,'Tiger Pawl','regular','Sarah','Hunt','B','Sport','','F','1976-10-17','PO Box 334','Thomas','WV','USA','26292','sarahhunt@frontiernet.net','3044633372','',1,'Matthew Sherald','3044633372','','medium','Cruising in Memory of Crookers;\r\nAnne \"I\'m-too-Preggers\" Farmer;\r\nAdmiral S. Deacon, (Ret.)','The most important thing about with regard to Team Tiger Paw(l) is that I have the ability to menstruate, something that my other teammates are loathe to do... not that I blame them...  I also was the brain behind the name Team Tiger Paw which is now Team Tiger Pawl (not that I\'m bitter about the addition of one little letter that all but ruins the aesthetic of the former name) and the team color, lavender. I practice law part-time under the supervision of Macky McMarcus, Esq., specializing in breach-of-contract and dispute resolution.'),(455,'Tiger Pawl','regular','Dr. Johnny','Logar','X','Sport','','M','1940-01-01','PO Box Something','Davis','WV','USA','26260','logarj@davishealthsystem.org','3042595286','3042595286',1,'Jodie Logar','3044634283','','large','Dr. Nosho Gaujot;\r\nFriends & Patients of the Emergency Department;\r\nThe Curtis Heischman School of International Paddling; PETA','You know what really annoys me?  When people have meetings just to have meetings.  You know, if you\'re going to have a meeting, you have to have something to meet about.   What I like to say is \"Give me an adgenda!\" In the Emergency Department, we don\'t have time for superfluous meetings; there is no time for \"what is YOUR t-shirt size?\" and \"do we have any food for the race?\" and \"are we registered yet?\"  \r\n\r\nAnd by the way, there is NO basis to the name Dr. FeelGood.'),(456,'Athens Wrecking Crew - The Hub','captain','William','Lanzilotta','N','Expert','','M','1968-09-18','300 Malabar Way','Athens','GA','USA','30605','wlanzilo@bmb.uga.edu','706-542-1324','706-206-9032',1,'Sydney Lanzilotta','706-206-9032','','medium','YETI Cycles - http://www.yeticycles.com/\r\nColumbia Capital, Terrapin brewing Company,','William Lanzilotta (a.k.a Wild Bill)  Place of origin - Bill is actually a native of the state of Maine so technically he is a maniac.  After has first semester as a college freshman, Bill was politely asked to leave the University of Maine for no less than five years.  Therefore in 1988 he promptly packed up his windsurfing, skiing, and cycling gear and drove to the quite little town of Durango Colorado.  After considerable begging he was permitted to re-enroll in college at Fort Lewis College providing he ski for the college team.  As part of his summer training Bill raced mountain bikes for Ed Zink at \\\"The Outdoorsmen\\\" (Now Durango Mountain Bike Specialists).  In 1991 Bill\\\'s path happened to cross with that of John Parker who had recently moved his bike manufacturing company to Durango.  An opportunity to race Pro unfortunately ended with a large downhill wreck and maternity suit from a fellow female teamate who shall remain nameless.  These events not only had a profound impact on the sexual preference of the female teamate, but forced Bill into a life of science for the next 20 or so years.  For Bill\\\'s first midlife crisis he would like to lead an expert team to victory in the Granny Gear National Points series.  We\\\'ll see if he can stay on his bike (and off other things) for the entire season.'),(457,'Athens Wrecking Crew - The Hub','regular','Jeremy','Edge','L','Sport','','M','1980-02-21','1245 S. Miledge Ave','Athens','GA','USA','30605','jeremy@hubbikes.com','706-355-3989','706-355-3989',1,'Brian Malloy','706-355-3989','','large','Hub Bikes/Terrapin/Jittery Joes/Athens Correctional Facility','Jeremey Edge (a.k.a. Hate and Anger) - Place of origin - Georgia Local. Recently released from the service of the state after holding up local liquor stores to pay the bar tab for his heavy metal band, Jeremy has concluded that he can only stay out of trouble on his bike. In fact last time he got off his bike and sat down on his friend \"Crusty\'s\" porch he was run over by a runaway SUV that had a faulty parking brake (okay this part is true). Fortunately, he was knocked unconcious during the accident which saved the life of the college student neighbor who owned the vehicle and prevented Jeremy from returning to the service of the state. As part of his parole agreement he was aquired by The Hub in exchange for serving as a mechanic for the Jittery Joes Pro Cycling Team and riding in at least three Granny Gear 24-hour events. Jeremy comes cheap as he usually eats whatever he kills at the 24 hour venues. Ya\'ll come over and try his roasted squirell when you get a chance. However, it is advised to bring him a peace offering such as an adult beverage, unless of course you happen to be a hot female rider of any age.'),(458,'Athens Wrecking Crew - The Hub','regular','Jeff','Shirey','H','Expert','','M','1974-01-01','294 W. Washington St.','Athens','GA','USA','30605','jshirey@esd.uga.edu','706-714-1807','706-714-1807',1,'Erin Winter','706-714-1807','','large','Mean Bean / Sunshine Cycles',''),(459,'Athens Wrecking Crew - The Hub','regular','Matt','Slafkosky','','Expert','','M','1983-01-01','294 W. Washington St.','Athens','GA','USA','30605','mslafkosky@esd.uga.edu','706-548-6088','706-548-6088',1,'Jim Malbut','706-548-6088','','large','',''),(460,'P.E.S.T.','captain','Dave','Debski','','Sport','','M','1960-03-11','5 Caynor Court','Newark','DE','USA','19711','davejunkmail123@yahoo.com','302-388-8694','302-388-8694',1,'Pat Debski','302-593-7708','Emergency Contact number also 302-388-8694','xx-large','',''),(461,'P.E.S.T.','regular','Gary','Whiteside','','Sport','','M','1964-06-06','212 Thomas Lane','Newark','DE','USA','19711','gwhiteside@printpack.com','302-323-4076','302-323-4076',1,'Johhny Dlye','302-528-1610','','large','','it goes to 11.'),(462,'P.E.S.T.','regular','Dan','Bloom','','Sport','','M','1965-12-14','307 Odessa Way','Newark','DE','USA','19711','dbloom@printpack.com','302-528-4960','302-455-1585',1,'Melissa Bloom','302-455-1585','','large','',''),(463,'P.E.S.T.','regular','Chris','Freeman','','Sport','','M','1970-07-18','138 Elwood Rd','Bedford','PA','USA','15522','chris@cfreeman.com','814-285-1078','814-285-1078',1,'Ellen Freeman','814-623-1528','','large','Mystery Meat, Mocha Loca, Chi,\r\n MoreOn aply directly to your Dumb a**','Proud to be an A**hole from El Paso!!!'),(464,'Beckman, Lisa L.','captain','Lisa','Beckman','L','Pro','215-13-9331','F','1975-10-15','3949 Oakland Sang Run Rd','Oakland','MD','USA','21550','jabeckman@adelphia.net','301-387-7481','301-387-7481',1,'Jason Beckman','301-501-1525','','medium','',''),(465,'RubbinzRacin','captain','Pete','Pollak','','Sport','250-83-0335','M','1979-01-03','11 Franklin Ct.','Savannah','GA','USA','31411','pete.pollak@gmail.com','(912) 656-1781','(912) 656-1781',1,'Christopher Pollak','(843) 321-2471','','x-large','Wonderbread\r\nPowerade\r\nFig Newtons','2-time cancer survivor. Finisher 2005 Ironman Florida Triathlon. Raced for the road cycling team at the Univ. of GA.'),(466,'RubbinzRacin','regular','Christopher','Pollak','','Sport','249-83-9846','M','1984-03-31','705 Washington St.','Beaufort','SC','USA','29902','taz@racincenter.com','(843) 321-2471','(843) 321-2471',1,'Pete Pollak','(912) 656-1781','','x-large','Georgia-Pacific','Finisher 2005 Ironman Florida Triathlon. Rowed crew for the U.S. Junior National Team while in high school. Rowed for the Brown University Crew Team and in the 2004 U.S. Olympic Trials. Will be commisioned as a 2nd Lt in the Marine Corps on 30 June 2007.'),(536,'Spin Bike Shop/Dieringer Bikes','regular','unregistered','rider','','Sport','','M','2007-01-01','','','','USA','','','','',0,'','','','large','',''),(467,'Marenchin, Ernesto A.','captain','Ernesto','Marenchin','A','Pro','111-22-3333','M','1972-03-05','3119 englewood drive','stow','OH','USA','44224','emarenchin@neo.rr.com','330.289.4801','',1,'jen mahon','216.973.4008','','medium','Asylum Cycles, Speedgoat.com, Hammer Nutrition, Tifosi Optics, Princeton Tec, Wobblenaught.com, Ergon, Northwave, Maxxis Tires',''),(468,'crankenstein','captain','David','Hewes','A','Sport','214-84-9628','M','1968-11-30','2 mainmast ct','baltimore','MD','USA','21220','dave@redelephantdesign.net','410-3350-666','',1,'patsy pfarr','410-686-5567','','x-large','My wife-who has been wonderful and very supportive of my two wheeled habit.','I am 39 years old. I have been a designer/illustrator for 17 years. My wife Beth and I have 3 children-Gabby,Cassy and Alex.'),(469,'crankenstein','regular','Michael','Savarino','','Sport','','M','1965-03-24','99 Hillside Road','Catonsville','MD','USA','21228','mlesav@bcpl.net','410-868-8840','410-719-9367',1,'Lisa Saverino','410-868-8937/410-719','','large','Always accepting.','If you like to ride your bike in the Avalon area of Patapsco Valley State Park, we may have crossed paths at some point. I\'ve been riding in that area since 1983.  I\'m a 42 year old Auto Mechanic. My wife is Lisa, and I have a 5yr old son, Evan.  Evan enjoys the ride through Avalon on his tag along.'),(470,'crankenstein','regular','Jason','Aielo','','Sport','','M','1980-01-01','sffsffs','Cockeysville','MD','USA','21030','dave@redelephantdesign.net','410-112-3456','',1,'?','410-112-3456','','x-large','',''),(471,'crankenstein','regular','Paul','Hunt','','Sport','','M','1965-08-19','210 Shady Nook Ct','Catonsville','MD','USA','21228','huntpaul@comcast.net','443-799-0026','410-744-9354',1,'Anne Hunt','443-799-0025','','large','',''),(472,'Ayres III, Artie L.','captain','Artie','Ayres III','L','Sport','144-74-9363','M','1982-05-28','135 Western Ave.','Morristown','NJ','USA','07960','AAYRES82@aol.com','973-538-7666','',1,'Art Ayres','973-538-7666','','large','',''),(473,'Hanna iii, Kenneth J.','captain','Kenneth','Hanna iii','J','Sport','152-46-4599','M','1968-09-04','74 MAIN STREET','FLANDERS','NJ','USA','07836','kjh204@optonline.net','973-738-4844','',1,'SARAH HANNA','973-224-1689','','medium','',''),(474,'WE\'VE got STEVE','captain','Ruth','Cunningham','A','Sport','207-48-5150','F','1968-12-11','181 Tarentum Culmerville Road','Pittsburgh','PA','USA','15084','ruthslp@yahoo.com','7242657965','7242657965',1,'Justin Pokrivka','7248825366','','small','Dirty Harry\'s/Gu Sports',''),(475,'WE\'VE got STEVE','regular','Eric','Kriberney','','Expert','203-64-4779','M','1979-07-22','108 W. Metzger Ave','Butler','PA','USA','16002','ruthslp@yahoo.com','7248221809','7248221809',1,'Terry Kriberney','7248825366','','large','Ellicottville Bikes(NY)\r\nGu Sports',''),(509,'Western Maryland Wheelmen/Thomas','captain','Fritz','Kessler','','Sport','','M','1966-03-29','32 Bealls Lane','Frostburg','MD','USA','21532','fkessler@frostburg.edu','301.687.4266','310.687.0198',1,'Loretta Kessler','301.687.0198','','large','',''),(510,'Western Maryland Wheelmen/Thomas','regular','Bruce','Williams','','Sport','','M','1958-03-01','175 Williams Lane','Myersdale','PA','USA','15552','brucycle43@yahoo.com','814.662.2737','814.634.8829',1,'Debbre Williams','814.634.8829','','medium','',''),(481,'The Team DAD','regular','Lori','Simmons','A','Expert','','F','1974-10-08','697 Maybrook Road','Newport','VA','USA','24128','losimmon@vt.edu','540/641-0913','540/626-7204',1,'Stacey Simmons','540/641-0913','','medium','',''),(482,'The Team DAD','regular','Stacey','Simmons','W','Expert','','M','1966-06-19','697 Maybrook road','Newport','','USA','24128','losimmon@vt.edu','540/953-2077','540/626-7204',1,'lori simmons','540-641-0913','','large','',''),(483,'Guts and Glory','captain','Chris','Jones','','Sport','','M','1972-06-13','1130 Morningstar Lane','Fairmont','WV','USA','26554','jonze42@hotmail.com','304-612-1008','304-363-6084',1,'Wayne Jones','304-592-2475','','large','',''),(484,'Guts and Glory','regular','Hans','Kefauver','','Sport','','M','1972-06-01','17810 Greentree Lane','Hagertown','MD','USA','21740','','301-733-3644','',1,'Laura Kefauver','443-604-4926','','large','',''),(485,'Guts and Glory','regular','Josh','McQueen','','Sport','','M','1982-09-06','','','','USA','','','','',0,'','','','large','',''),(486,'Guts and Glory','regular','Chris','Broering','','Sport','','M','1973-09-25','','','','USA','','','','',0,'','','','large','',''),(487,'Lichtenwalner, Rob P.','captain','Rob','Lichtenwalner','P','Pro','198-56-4822','M','1976-08-19','345 s whitfield st','nazareth','PA','USA','18064','xxxrplxxx@fastmail.fm','6107306304','',1,'sarah','6107301713','','medium','bear naked/ cannondale, lupine lights',''),(488,'Forsyth, Holly','captain','Holly','Forsyth','','Sport','211-64-3862','F','1973-08-08','260 5th st. Ext.','Verona','PA','USA','15147','hollyforsyth43@hotmail.com','412-897-8551','',1,'Scott Forsyth','412-580-9131','','medium','Pittsburgh Pro Bicycles',''),(489,'Staton, Stewart S.','captain','Stewart','Staton','S','Expert','225-27-0650','M','1977-04-12','20888 Ivymount Terrace','Ashburn','VA','USA','20147','statonss@hotmail.com','7038676723','',1,'Rita Staton','703-405-2570','','medium','Plum Grove Cyclery',''),(490,'Dirt Church','captain','Darryl','Levering','F','Sport','','M','1965-07-07','3131 Halesworth Road','Columbus','OH','USA','43221','darryl@integrateinc.com','614-421-0004','614-459-2036',1,'Patti Okuno','614-571-4934','','large','',''),(491,'Dirt Church','regular','Rich','Dawson','D','Sport','','M','1966-02-16','792 South Fifth Street','Columbus','OH','USA','43215','dirtchurchrich@hotmail.com','614-496-5894','614-444-5611',1,'Janet Dawson','614-444-5611','','medium','',''),(492,'Dirt Church','regular','Jake','Scott','J','Sport','','M','1976-01-10','1296 Tranquil drive','Worthington','','USA','43085','jake@roll-online.com','330-697-9598','330-697-9598',1,'Courtney Scott','330-858-0026','','large','',''),(493,'Dirt Church','regular','Keith','Keegan','J','Sport','','M','1965-01-20','342 East Elm Street','Granville','','USA','43023','Keith_Keegan@abercrombie.com','740-405-1323','740-405-1323',1,'Monique Keegan','740-405-1316','','large','',''),(494,'Rides with Scissors','captain','Scott','McGill','G','Sport','','M','1967-03-14','1204 Baldwin Mill Road','Jarrettsville','MD','USA','21084','smcgill@ecotoneinc.com','4106927500','4104596312',1,'Moira McGill','410-937-7415','','large','',''),(495,'Rides with Scissors','regular','Brian','Bartell','','Sport','','M','1968-08-14','2106 Putnam','Forest Hill','MD','USA','21050','rbartjmk@yahoo.com','','443 243-2114',1,'Jamie Kunkel','410 937-2585','','large','',''),(496,'Rides with Scissors','regular','Cory','Smith','','Sport','','M','1977-04-20','3190 Freestone Ct.','Abingdon','MD','USA','21009','csmith@wellbridge.com','410-294-8338','',1,'Barbara Smith','410-652-2266','','x-large','',''),(497,'Rides with Scissors','regular','Sean','McDonough','F','Sport','','M','1977-01-11','4040 Webster Road','Havre de Grace','MD','USA','21078','smcdonough@dmw.com','410-459-9522','410-939-0240',1,'Alison McDonough','410-939-0240','','x-large','',''),(498,'Shawna and the Short-Bus Riders','captain','Robert','Leslie','','Sport','','M','1965-11-06','321 Sunset Drive','Hurricane','WV','USA','25526','bobleslie777@msn.com','(304) 757-0021','(304) 741-2042',1,'Amy Leslie','(304) 541-2476','','x-large','',''),(499,'Shawna and the Short-Bus Riders','regular','Scott','Tyree','','Sport','','M','1962-10-30','3564 Teays Valley Road','Hurricane','WV','USA','25526','scott@tyreeembree.com','(304) 757-0021','(304) 419-0571',1,'Leslie Tyree','(304) 687-0156','','x-large','',''),(500,'Shawna and the Short-Bus Riders','regular','Todd','Dawson','','Sport','','M','1940-01-01','204 Cedar Circle','Scott Depot','WV','USA','25560','bob@tyreeembree.com','(304) 755-7855','(304) 755-7855',1,'Theresa Dawson','(304) 755-7855','','large','',''),(501,'Shawna and the Short-Bus Riders','regular','Jeff','Strickland','','Sport','','M','1966-12-26','196 Spruce Lane','Poca','WV','USA','25159','jeffst11@comcast.net','(304)552-1534','(304)552-1534',1,'Janet Wolcott','(304)633-0918','','large','',''),(502,'Shawna and the Short-Bus Riders','regular','Shawna','Tyree','','Sport','','F','1988-06-02','74 Willowood Circle','Hurricane','WV','USA','25526','scott@tyreeembree.com','(304)419-0571','(304)419-0571',1,'Scott Tyree','(304) 419-0571','','medium','',''),(503,'Patapsco Porn Stars 2','captain','John','Ruffer','','Sport','','M','1965-03-29','1c-2 Center Road','Towson','MD','USA','21286','JOHNRUFFER@hotmail.com','443.831.0789','',1,'Phil Burlson','410-276-2029','','large','',''),(504,'Patapsco Porn Stars 2','regular','unregistered','rider','','Sport','','M','1940-01-01','','','','USA','','','','',0,'','','','large','',''),(505,'Patapsco Porn Stars 2','regular','Travis','Gold','','Sport','','M','1990-06-16','1403 Gatehead Rd','Towson','MD','USA','21286','travistheone@comcast.net','410-935-8949','',1,'Sally Gold','410-790-2326','','medium','',''),(506,'Patapsco Porn Stars 2','regular','Eric','Russi','','Sport','','M','1984-01-05','5871 Washington blvd','Elkridge','MD','USA','21075','bluoval92@yahoo.com','240-413-2111','',1,'Mrs Russi','301-910-0806','','medium','',''),(507,'Patapsco Porn Stars 2','regular','Jeff','Olson','','Sport','','M','1972-10-29','5871 Washington St','Baltimore','MD','USA','21075','jmolsonnv@hotmail.com','301-641-1840','',1,'Mrs. Olson','301-641-1840','','x-large','',''),(508,'Patapsco Porn Stars 2','regular','Laura','Hanlon','','Sport','','F','1983-01-31','5871 Washington Blvd','Elkridge','MD','USA','21075','lauraghanlon@yahoo.com','410-276-2029','',1,'Peter Hanlon','410-310-0168','','large','',''),(511,'Western Maryland Wheelmen/Thomas','regular','Eric','Delaney','','Sport','','M','1967-09-16','80 Washington Street','Frostburg','MD','USA','21532','edelaney@mybankfirstunited.com','301-689-5408','301-689-5408',1,'Jennifer Delaney','301-689-5408','','large','',''),(512,'Western Maryland Wheelmen/Thomas','regular','Rich','Raesly','','Expert','','M','1957-07-18','2041 Frostburg Road','Frostburg','MD','USA','21532','rraesly@frostburg.edu','301.689.2116','301.689.2116',1,'Elaine Raesly','301.689.2116','','medium','',''),(533,'Spin Bike Shop/Dieringer Bikes','captain','Robert','Kranz','','Expert','','M','1979-02-20','2500 Stratford','Cleveland Hgts','OH','USA','44118','','','',1,'Steve Kranz','412-417-2561','','large','',''),(513,'Sommers, Scott D.','captain','Scott','Sommers','D','Sport','287-46-7005','M','1961-08-04','1910 Welsh Hills Road','Granville','OH','USA','43023','scott@wholebrained.com','740-321-1381','740-321-1383',1,'Laura Sommers','614-570-1790','','x-large','',''),(514,'Schultz, Mike','captain','Mike','Schultz','','Expert','199-66-2259','M','1973-08-27','468 Saddle Rd','Somerset','PA','USA','15501','schultz@pa.net','814-352-9931','',1,'Mary Schultz','412-323-2035','','medium','',''),(515,'Dirty Harrys Bicycles','captain','Evan','Perrone','C','Expert','','M','1984-11-07','1606 N Middlecrest Dr','Glenshaw','PA','USA','15116','fixierider84@yahoo.com','412-888-4854','',1,'Charles Perrone','412-486-3570','','medium','',''),(516,'Dirty Harrys Bicycles','regular','Scott','Root','','Expert','','M','1954-12-04','114 Rawlins Run Rd','Pittsburgh','PA','USA','15238','kindparts@yahoo.com','412-267-0667','',1,'Elaine','412-267-0667','','medium','',''),(517,'Dirty Harrys Bicycles','regular','Rob','Spreng','','Expert','','M','1980-01-26','184 Dutchtown Rd','Butler','PA','USA','16002','sprengz@zoominternet.net','724-822-5776','',1,'Kristy Spreng','724-822-5776','','medium','',''),(518,'Dirty Harrys Bicycles','regular','Justin','Pokrivka','','Expert','','M','1970-11-06','181 Tarentum-Culnerville','Tarentum','PA','USA','15084','racerrat666@yahoo.com','724-265-7965','724-265-7965',1,'Ruth Cunningham','724-822-9778','','large','',''),(519,'Where is the motor for this thing?','captain','Jeremy','Sibert','','Sport','','M','1971-10-07','','','','USA','','','','',0,'','','','large','',''),(520,'Where is the motor for this thing?','regular','Matthew','Barczak','','Sport','','M','1974-10-19','606 S Lakewood Ave','Baltimore','MD','USA','21224','matthew.barczak@verizon.net','410-736-6794','410-5580543',1,'Emily Barczak','410-558-0543','','large','',''),(521,'Where is the motor for this thing?','regular','Tom','McDonald','','Sport','','M','1983-06-17','11913 Champion Lake Ct','Herndon','VA','USA','20170','tmcdonald@henselphelps.com','203-774-8782','',1,'Mary McDonald','703-774-8781','','xx-large','',''),(522,'Where is the motor for this thing?','regular','Joe','McDonald','','Sport','','M','1958-09-23','11913 Champion Lake Ct','Herndon','VA','USA','20170','jmcdonald@henselphelps.com','703-787-8148','',1,'Mary McDonald','703-787-8148','','x-large','',''),(523,'Where is the motor for this thing?','regular','E Dirk','Glass','','Sport','','M','1976-08-10','602 Scott Street','Baltimore','MD','USA','21230','dirkglass@hotmail.com','410-961-3546','410-522-9140',1,'George Glass','717-766-8024','','x-large','',''),(524,'Sids Bikes - 2','captain','Stephen','Rosenthal','S','Sport','','M','1966-04-24','4. Wash. Sq. Vill.  Apt 12t','New York','NY','USA','10012','slicerose@aol.com','917 733-6058','',1,'Barbara Rosenthal','718 783-9126','','large','',''),(525,'Sids Bikes - 2','regular','Shaun','Wadleigh','','Sport','','M','1982-08-10','46 Mohican Terrace','Hudson Falls','NY','USA','12839','bikealotsw@hotmail.com','518-321-4935','',1,'barbara wadleigh','518-321-4935','','medium','',''),(526,'Sids Bikes - 2','regular','Tom','Anderson','','Sport','','M','1958-11-28','775 Magnolia Rd','Hellertown','PA','USA','18055','nosredna@aol.com','610-838-8517','',1,'Bill Anderson','610-966-7712','','large','',''),(527,'Sids Bikes - 2','regular','Nicholas','Hall','','Sport','','M','1978-09-09','464 prospect pl. #4f','Brooklyn','NY','USA','11238','nicholasehall@yahoo.com','917 428-5583','',1,'Margo Wallasch','516 909-4408','','small','',''),(528,'Sids Bikes - 2','regular','Don','Kelly','','Sport','','M','1963-04-09','1823 1/2 Lehigh Street','Easton','PA','USA','18042','donxfive@yahoo.com','610-250-7817','',1,'Helen Kelly','732-446-7261','','large','',''),(534,'Spin Bike Shop/Dieringer Bikes','regular','Chip','Meek','','Expert','','M','1940-01-01','','','','USA','','','','',1,'','','','large','',''),(535,'Spin Bike Shop/Dieringer Bikes','regular','Zak','Deringer','','Expert','','M','1940-01-01','','','','USA','','','','',1,'','','','large','',''),(530,'Gagnon, Chris P.','captain','Chris','Gagnon','P','Pro','004-74-0715','M','1978-02-27','23A Harris Rd','Newton','MA','USA','02459','chris@mtbmind.com','339.221.0159','',1,'Michelle','617-584-1266','','medium','Cannondale, Panaracer, Magura, Titec, Rudy Project, Crank Brothers, Hammer Nutrition, DT Swiss, Patagonia',''),(531,'Rajcani, Peter','captain','Peter','Rajcani','','Sport','247-87-8649','M','1963-02-01','3320 Neptune Drive','Raleigh','NC','USA','27604','prajcn@yahoo.com','919-472-1577','919-862-8039',1,'Margareta Conroy','910-728-1189','','x-large','',''),(532,'Nieh, Ho','captain','Ho','Nieh','','Sport','129-60-9627','M','1971-11-10','5913 Greenlawn Drive','Bethesda','MD','United States','20814','hoandkerry@comcast.net','301-706-8873','301-706-8873',1,'Kerry Nieh','301-706-8863','','medium','',''),(538,'Frame of Mind Timberwerks','captain','Philip','Spinks','','Sport','','M','1969-03-11','3 Cowing St','Jamestown','NY','USA','14701','phiran@yahoo.com','716-499-6806','',1,'Larry or Kathleen Spinks','716-499-0161','','large','',''),(539,'Frame of Mind Timberwerks','regular','Dave','Waller','','Sport','','M','1963-11-13','2630 Wall Street','Ashville','NY','USA','14710','dbwaller@windstream.net','716-640-3839','',1,'LIsa Waller','716-782-2675','','large','',''),(540,'Frame of Mind Timberwerks','regular','Brian','Armbrecht','','Sport','','M','1940-01-01','','','','USA','','','','',0,'','','','large','',''),(541,'Frame of Mind Timberwerks','regular','Jen','Parker','','Sport','','F','1978-05-08','','','','USA','','','','',0,'','','','large','',''),(542,'Appler-Tart','regular','Clark','Thielemann','','Sport','','M','1940-01-01','3741 Running Springs Rd','Ellieott City','MD','USA','21042','clarkth@aol.com','410-627-1293','',1,'Steven Clark','','Emergency Contact is also a racer','large','','');

--
-- Table structure for table `rider_rfid`
--

CREATE TABLE `rider_rfid` (
  `rfid` int(4) NOT NULL DEFAULT '0',
  `uid` int(4) NOT NULL DEFAULT '0',
  UNIQUE KEY `rider_rfid_pkey` (`rfid`)
) ENGINE=MyISAM DEFAULT CHARSET=latin1;

--
-- Dumping data for table `rider_rfid`
--

INSERT INTO `rider_rfid` VALUES (1745,379),(14135,467),(12583,487),(9048,530),(1758,60),(12915,116),(10022,251),(8424,316),(12585,436),(12066,472),(12614,473),(1824,489),(8899,513),(8916,514),(8926,531),(12833,532),(12434,441),(8922,464),(1997,488),(10085,151),(8711,152),(1631,153),(8590,154),(2018,284),(14065,285),(8940,394),(1986,395),(13943,465),(1849,466),(8635,474),(9093,475),(10055,159),(12626,160),(13470,161),(8614,162),(8699,208),(12786,209),(13357,210),(12048,211),(12550,238),(8645,239),(13203,240),(14011,241),(8525,280),(13249,281),(8713,282),(8615,283),(12101,390),(2156,391),(12701,392),(1674,393),(8914,456),(13252,457),(2063,458),(1782,459),(12120,515),(13803,516),(13080,517),(12752,518),(8997,29),(14117,30),(12815,31),(12379,32),(12322,61),(13144,62),(14123,63),(11962,64),(12001,65),(2160,74),(12455,75),(1866,76),(9035,77),(8968,78),(1836,133),(12799,134),(1704,135),(9043,136),(1951,137),(8692,168),(10004,169),(12223,170),(1963,171),(13869,172),(12739,185),(10014,186),(12015,187),(13852,188),(8920,189),(10071,203),(12489,204),(1905,205),(9099,206),(1979,207),(14097,220),(13251,221),(13885,222),(14122,223),(8672,224),(2125,242),(1931,243),(13512,244),(13485,245),(13196,246),(13658,256),(8643,257),(12050,258),(12722,259),(13594,260),(8769,261),(13856,262),(1680,263),(1620,264),(12939,265),(13010,275),(10059,276),(8402,277),(9015,278),(1777,279),(8951,306),(12643,307),(8508,308),(13505,309),(2004,310),(8966,311),(13443,312),(1763,313),(9081,314),(14171,315),(10084,334),(13606,335),(12425,336),(14016,337),(8693,338),(1607,339),(2211,340),(12559,341),(13649,342),(13171,343),(12640,348),(9084,349),(12190,350),(14140,351),(1619,352),(8938,357),(12016,358),(8781,359),(8999,360),(8600,361),(14053,370),(12265,371),(13299,372),(12513,373),(13660,374),(14086,400),(13160,401),(14124,402),(14179,403),(8634,404),(12567,451),(2265,452),(8431,453),(2279,454),(8557,455),(8708,163),(8657,164),(12252,165),(13603,166),(12634,167),(1686,229),(9098,230),(12239,231),(1643,232),(14034,233),(13184,270),(12933,271),(12532,272),(13042,273),(8719,274),(12760,405),(8977,406),(1717,407),(12019,408),(12010,409),(12873,427),(9014,428),(12577,429),(2197,430),(9018,431),(9097,446),(12641,447),(10087,448),(1640,449),(9033,450),(8745,524),(13834,525),(1659,526),(8893,527),(8756,528),(12726,1),(8768,2),(8572,3),(1625,4),(12527,5),(13480,6),(14115,7),(1952,8),(12542,9),(1973,10),(12597,11),(8627,12),(12570,432),(12840,433),(13433,434),(9007,435),(12310,21),(13595,22),(8522,23),(14076,24),(13422,25),(8606,26),(13933,27),(13438,28),(2022,33),(14102,34),(13026,35),(12966,36),(12372,48),(2283,49),(8998,50),(13969,51),(13907,70),(12306,71),(2095,72),(12029,73),(1924,79),(10058,80),(9087,81),(13739,82),(8559,96),(1618,97),(14152,98),(8993,99),(1894,100),(2072,101),(13718,102),(12141,103),(2061,104),(1808,105),(9058,106),(8655,107),(1870,121),(13317,122),(8609,123),(2264,124),(8762,181),(9049,182),(13752,183),(2163,184),(11999,190),(9092,191),(2139,192),(14230,193),(12257,216),(14148,217),(8639,218),(12653,219),(8739,234),(12649,235),(13554,236),(12520,237),(8650,252),(13376,253),(8410,254),(13782,255),(8969,290),(12064,291),(2146,292),(1727,293),(2099,294),(1971,295),(8662,296),(9017,297),(12897,317),(12757,318),(2186,319),(2118,320),(10015,321),(13810,322),(12879,323),(12635,324),(12869,344),(8651,345),(8782,346),(12033,347),(13763,386),(13839,387),(12022,388),(8803,389),(12968,468),(8506,469),(10013,470),(8911,471),(12574,483),(1656,484),(8647,485),(10069,486),(1884,494),(12777,495),(8903,496),(2051,497),(12457,366),(12362,367),(12055,368),(13570,369),(13050,66),(8632,67),(13927,68),(13034,69),(12682,173),(1734,174),(8432,175),(8589,176),(1753,362),(13778,363),(12730,364),(2120,365),(14146,423),(1907,424),(8592,425),(12134,426),(8722,490),(13800,491),(1775,492),(2171,493),(12103,56),(13111,57),(1840,58),(13368,59),(12481,83),(12261,84),(9008,85),(14035,86),(12163,87),(14006,88),(1800,89),(10011,90),(13558,117),(12516,118),(1750,119),(14163,120),(2013,147),(13086,148),(13467,149),(8793,150),(2162,199),(2134,200),(1755,201),(13545,202),(8503,247),(13633,248),(12864,249),(8400,250),(2112,286),(2294,287),(1690,288),(9057,289),(12877,302),(1858,303),(12110,304),(2021,305),(9044,396),(12604,397),(10020,398),(2203,399),(13779,437),(13653,438),(2008,439),(13615,440),(8405,460),(12027,461),(9024,462),(13145,463),(8452,509),(8649,510),(12889,511),(13588,512),(1989,129),(13084,130),(8956,131),(12523,132),(13814,266),(1787,267),(13292,268),(13990,269),(8932,419),(1940,420),(10092,421),(13344,422),(13743,13),(12409,14),(2111,15),(12180,16),(8671,155),(13358,156),(13846,157),(2180,158),(8702,298),(13353,299),(14136,300),(8764,301),(12088,353),(8427,354),(14087,355),(2183,356),(1898,41),(8901,42),(12544,43),(9042,44),(13579,45),(9025,46),(8953,47),(12502,52),(12761,53),(1785,54),(1904,55),(2078,91),(1709,92),(10078,93),(12356,94),(13270,95),(12648,108),(8707,109),(9012,110),(12660,111),(1823,418),(1665,112),(12693,113),(9071,114),(13208,115),(10034,125),(8995,126),(13929,127),(12973,128),(14182,481),(13102,482),(8909,138),(13712,139),(1688,140),(1790,141),(2167,142),(13567,177),(12687,178),(8706,179),(13170,180),(12307,194),(2236,195),(13988,196),(2164,197),(8936,198),(14245,212),(8959,213),(14153,214),(13444,215),(12519,325),(2206,326),(8801,327),(13912,328),(13426,329),(12488,330),(2135,331),(2116,332),(1991,333),(13478,375),(1791,376),(10077,377),(14147,378),(1828,380),(12026,381),(2240,382),(13922,383),(8582,384),(8917,385),(12510,410),(13295,411),(8684,412),(14195,413),(14073,414),(8974,415),(1788,416),(14050,417),(9060,442),(14061,443),(12689,444),(12317,445),(10009,498),(13892,499),(13668,500),(12832,501),(2271,502),(12967,503),(8929,504),(8403,505),(12861,506),(2224,507),(2060,508),(13735,519),(12872,520),(8548,521),(10094,522),(8568,523),(13574,533),(12294,534),(13382,535),(12417,537),(8642,538),(1834,542),(1773,539),(12724,540),(10018,541);

--
-- Table structure for table `team`
--

CREATE TABLE `team` (
  `name` varchar(36) NOT NULL DEFAULT '',
  `city` varchar(26) DEFAULT NULL,
  `state` varchar(26) DEFAULT NULL,
  `country` varchar(26) NOT NULL DEFAULT '',
  `class` char(2) NOT NULL DEFAULT '',
  `ala` tinyint(1) NOT NULL DEFAULT '0',
  `sponsors` varchar(255) DEFAULT NULL,
  `anecdote` mediumtext,
  `fee_paid` decimal(9,2) DEFAULT NULL,
  `online_reg` tinyint(1) NOT NULL DEFAULT '0',
  `payment_type` char(2) DEFAULT NULL,
  `username` varchar(8) DEFAULT NULL,
  `password` varchar(8) DEFAULT NULL,
  `admin_notes` varchar(255) DEFAULT NULL,
  `song_title` varchar(50) DEFAULT NULL,
  `song_artist` varchar(50) DEFAULT NULL,
  `number_of_riders` int(3) DEFAULT NULL,
  UNIQUE KEY `team_pkey` (`name`)
) ENGINE=MyISAM DEFAULT CHARSET=latin1;

--
-- Dumping data for table `team`
--

INSERT INTO `team` VALUES ('Minnesota','Minneapolis','MN','USA','MS',0,'','We will be working to raise money for special olympics',510.00,0,'CC','gzerbe','102424','','','',4),('The D-Bags','Richmond','VA','USA','MS',0,'','',520.00,0,'CK','new0214','x1xt3UAa','','Rock With You','Michael Jacson',4),('Dragonsauce','Blacksburg','VA','USA','MS',0,'Tech Triumph\r\n\r\nSource Endurance \r\n\r\nDragonsauce Bikes Ltd.\r\n\r\nTeam Lift','\"Time for the king to let out his racehorse...\" - uhhh??\r\n\r\n\r\n\r\nHokies!',551.00,0,'CC','jabrown7','patience','','','',4),('Off The Porch','Kingsville','MD','USA','MG',0,'','',551.00,0,'CC','Fifield','Thankful','','','',4),('Baltimore Bush Doctors 2','Baltimore Vicinity','MD','USA','MS',0,'Purdue Pharma, makers of Oxy Cotton, for easing our worried little heads; and, if indeed they are not, Shimano ought to sponser us for all the freakin\' money we have given them lately!','Don\'t let the number \"2\" fool you!  Like a good #2, we stink... but not as bad as you might imagine.  As we finally resemble something like a real team, you could never tell from the way we act, train, drink, yell profanities, and bitch-n-moan about nearly everything under the sun.  Were looking to leave quite a few riders slippin\' and sliddin\' in our smelly wake.',600.00,0,'CK','EricW','Sykesvil','','','',4),('Ridin\' Commando','Germantown','MD','USA','MS',0,'HAI KARATE AFTER SHAVE. Because we\'re never too tired to fight off the ladies.','Ridin\' Commando isn\'t just a bunch of guys that like the feel of a swift breeze through the barn door, if you know what I mean. We\'re riding for all those poor souls who have suffered the indignity of a weggie at the hands of a bully. Ridin\' Commando means we\'ll never again be hung by our whitie tighties during fifth period P.E. class.',551.00,0,'CC','sanford','commando','','','',4),('Flannel','Irwin','PA','USA','MS',0,'','',551.00,0,'CC','fluckers','podium','','','',4),('Troegs Sunshine Pills','Harrisburg','PA','USA','WE',0,'Troegs Brewing Company','We put the sunshine in the pils!',551.00,0,'CC','dweiser','michaux','','','',4),('Sports-N-Spokes','Philippi','WV','USA','MS',0,'','',551.00,0,'CC','mwolfe','mw2468','','','',4),('Sonoran Pirates','Ellicott City','MD','USA','JF',0,'','The Sonoran Pirates mountain bike team (est. ’04) consists of a couple dozen amateur mountain bikers and professional drinkers from AZ, MI, CA, CO, & MD. We gather for races, typically in AZ, whenever \"the man\" doesn\'t keep us down. Across the ranks we try and hold true to our fundamental belief that... \"the only thing that matters is that you ride... not how fast you ride... nor the gear upon which you ride\".  Go to... http://sonoranpirates.blogspot.com for additional information.',821.00,0,'CC','laithef','fender','','','',7),('Puke & Rally','Morgantown','WV','USA','MS',0,'Ideal Innovations Inc. (I3)','After last year\'s puking incident when an x-team member did not necessarily rally afterwards, our team determined that \"Puke & Rally\" should be our battle cry for this year.',540.00,0,'CK','rnix','10311968','','','',4),('Terminal Exsanguination','Frederick','MD','USA','JF',0,'','',469.00,0,'CC','yersinia','pestis','','','',4),('WNYMBRO','Orchard Park','NY','USA','MV',0,'','Western New York Mountain Bike Racers Organization',551.00,0,'CC','0-zpKFAk','x1x1XYKE','','Bicycle Race','Queen',4),('Mika, Robert J.','White Plains','MD','USA','M1',0,'S.M.C.C.,Bike Doctor Waldorf,Team N-tieractive','',332.00,0,'CC','rksmika','michelle','','','',1),('SecretSix Racing Team','Gaithersburg','MD','USA','5P',0,'The Bike Lane\r\nGermantown Cycles','Guinness for strength!',689.00,0,'CC','hophead','onegear','','','',5),('Huevos del Toro','Lexington Park','MD','USA','SR',0,'','Hailing from the mountain bike mecca of the flat that is Southern Maryland, The Huevos del Toro are back for their 3rd Big Bear in 2007 riding the Rigid Singlespeed class after a strong 1st place finish in sport in 2006.  This year, 100% of the Huevos del Toro will be rockin\' the 29er stance, since Dan \"D-Unit\" Cikovic opted to finally go big with a 29er singlespeed after being the lone 26er holdout on the team in \'06.',551.00,0,'CC','huevos','29power','','','',4),('Seersucker','Pittsburgh','PA','USA','MS',0,'','a/k/a College Shirt Guys',551.00,0,'CC','Deluxe','sucker','','','',4),('Two Wheelers Against Traffic','Washington','DC','USA','5P',0,'','',689.00,0,'CC','twat2007','2007twat','','','',5),('Peoples Meat Racing','Columbia','MD','USA','MS',0,'','Someone else should fill this in, I\'ve done it the past 6 years.',551.00,0,'CC','peopmeat','surfing','','','',4),('Just 4 Brothers','Gettysburg','PA','USA','MV',0,'','',468.00,0,'CC','just4bro','brother','','','',4),('snowblind cats','charlottesville','VA','USA','MV',0,'','',571.00,0,'CC','Relana','relana','','','',4),('Patapsco Porn Stars','Elkridge','MD','USA','JF',0,'Avalon Cycles\r\nGermantown Cycles','',549.50,0,'CC','vvargas','fleet','','','',5),('Frederick\'s Finest','Frederick','MD','USA','MS',0,'','',571.00,0,'CC','dusty01','frisbee','','','',4),('crankenstein','baltimore','MD','USA','MS',0,'','',612.00,0,'CC','gonzoe','eoznog','','Hell','Squirell Nut Zippers',4),('RUKID\'N','Mount Airy','MD','USA','MS',1,'Anyone??????','We ride therefore we are.............RUKID\'N  \r\nBEER/LAP/BEERS/LAP/MORE BEER/LAP/SHOTS AND DONE',0.00,0,'CC','RUKIDN','beerme','','','',4),('Enter The Draggin','Baltimore','MD','USA','MS',1,'','',0.00,0,'CC','draggin','teametd','','','',4),('The Team MOM','Westminster','MD','USA','JF',0,'Maw, Paw, Uncle Wally','more first aid please',620.00,0,'CC','MIKFER','miasoucy','','','',6),('Appler-Tart','Ellicott City','MD','USA','JF',0,'','',490.00,0,'CC','corajim','captiva','','','',5),('Precourt, Harry C.','Sudbury','MA','USA','M1',0,'North Atlantic Velo/Classbook.com','',337.00,0,'CC','kaparzo','overland','','She Thinks My Tractor\'s Sexy','Kenny Chesney',1),('Taurine Junkies','Pennsylginialand','VA','USA','MV',0,'Womens and chiddrens','no comment',571.00,0,'CC','Poison','monkey','','','',4),('Gracie\'s Grandsons','Durbin','WV','USA','MS',0,'','Anyone can ride when they feel good.\r\nAnyone can ride when the weather is nice.',571.00,0,'CC','maryss','gracie','','','',4),('The Team DAD','Westminster','MD','USA','JF',0,'dlake enterprises, Wally, Hol, & Big John','less gears, more beers\r\nmore first aid, pleases',750.00,0,'CC','bigdaddy','getsum','','Slam','Pendulum',6),('Singletrack Squad','Canton','OH','USA','MM',0,'','',571.00,0,'CC','salsaman','BigBear','','','',4),('WLC Leftovers','Pittsburgh','PA','USA','5P',0,'West Liberty Cycles\r\nWayne & Mary \"U da Man\" and your little dog too','The \"A Team\" is sooooo played. Team B is where it\'s at.',714.00,0,'CC','wlcteamb','killta','','','',5),('Mudweiser','Charlottesville','VA','USA','JF',0,'','Assembled by a chaotic unnatural process using reckless abandon and the desire for pain...',714.00,1,'CC','FPohl','1603Kenw','','Dr. Feelgood','Motley Crue',5),('Watch This','New Oxford','PA','USA','5P',0,'','',714.00,0,'CC','dredevil','dman12','','Yo Ho (A Pirates Life for Me)','Disney Chorus',5),('Anatomical Designs','Uniontown','PA','USA','MV',0,'Anatomical Designs','',0.00,0,'CC','anatomic','designs','','','',4),('Velo Bellas & Mammoth Fellas','Mammoth Lakes','CA','USA','CP',0,'Mammoth Brewing Company\r\nWizz & Mark','',877.00,1,'CC','mammoth','roscoe','','','',4),('No Small Wonder','Smithton','PA','USA','CD',0,'','',571.00,0,'CC','BIGBEAR','222222','','','',4),('Scrambled Legs','Charles Town','WV','USA','ME',0,'','',571.00,0,'CC','beliveau','102476','','','',4),('Red Rocket','Ellicot City','MD','USA','5M',1,'','',0.00,0,'CC','gilbane','maro01','','','',5),('Baltimore Bush Doctors','Catonsville','MD','USA','SR',0,'SEGWAY','BIKE IT - OR NOT!!!\r\nThese guys are fired up for their first-ever Segway race!  Kent got \'em started and they\'re hooked.  Since there\'s no Segway Category, they\'re in this singlespeed class hoping to better their 3rd place Men\'s Sport finish from 2006.  As of this writing, a top 3 looks likely (out of 2)!',560.00,0,'CK','RickWebb','BaltBush','','','',4),('Tackleberry\'s Saucer Hats','Bethel Park','PA','USA','JF',0,'','',490.00,0,'CC','edkach','sam125','','','',4),('Whoo Ha','Akron','OH','USA','MS',0,'','The woods are lovely, dark and deep\r\nbut I have promises to keep,\r\nand miles to go before I sleep',571.00,0,'CC','acthomp','semperfi','','','',4),('WVU Cycling','Morgantown','WV','USA','5P',0,'Wamsley\'s Cycles, Big Bear Lake, Clif Bar, Specialized, Park Tool, Hayes Brakes, C&C Doors, DirtRag, Entek Corp, Williamson Shriver Architects, Thomson','The West Virginia University Cycling Team is back for a third year of pain.  This year, via some very savy racer signing and superior tactical maneuvers, WVU Cycling plans to storm the top podium place in the 5 Dirty Mountain Biker Open Class.  Except our Lady rider, she isn\'t dirty, she\'s dainty, and coming up fast....on your left.',714.00,0,'CC','mountain','beerbong','','Renegades of Funk','Rage Against the Machine',5),('Madz Bikers','Arlington','VA','USA','MS',0,'The Bicycle Place','',571.00,0,'CC','zymowski','ride24','','','',4),('Sommers, Scott D.','Granville','OH','USA','M1',0,'','',347.00,0,'CC','Sommers','050191','','','',1),('C.O.G.\'s (Curmudgeonly Old Guys)','Cape Curmudgeon','','South Africa','JF',0,'Miss Sylvia\r\nNoir Prosthetics\r\nSouth African Airlines Mechanics Union\r\nMojo Incorporated\r\nEverclear\r\nNat Shermann Tobacconists NY\r\nThe Village of Mammoth Lakes Department of Public Health\r\nThe Green Tortoise\r\nNOM A|D\r\nMT ART','If there was one, I wouldn\'t tell you',612.00,0,'CC','cogalog','bitches','','','',5),('Chicken Cheater Faces','Denver','CO','USA','MV',0,'BKD, LLP','It was a late night my friend, and the gods were peering upon us...It was a grudge match of beer pang when \"out of the blue\" came the demons from below in the form of a cheating beer pang player. Anaconda, the prosecuting attorney failed to convict, so the panel of pang experts were forced to acquit.',560.00,0,'CK','Chicken','JStarkey','','Burgess is a pu$$y','Julio Iglesias',4),('Snipe Hunters','Charleston','WV','USA','5P',0,'','',700.00,0,'CK','JustinB','12121972','','','',5),('DCMTB/City Bikes','Washington','DC','USA','ME',0,'City Bikes - http://www.citybikes.com\r\nMetro Gutter - http://www.metrogutter.com\r\nWhole Foods Market P Street - http://www.wholefoods.com\r\nTemperance Hall - http://www.temperancehalldc.com\r\nSport Legs, Serfas, WTB','http://www.dcmtb.com',530.00,1,'CC','dcmtb1','citybike','','','',4),('Mach Riders','La Plata','MD','USA','JF',0,'','',490.00,0,'CC','boilers','coldduck','','','',4),('Endo\'s N Taco\'s','Baltimore','MD','USA','MS',0,'','',571.00,0,'CC','drayden','laird23','','','',4),('Bike Me','Baltimore','MD','USA','5P',0,'','',678.00,0,'CC','HotSauce','JtYm69SX','','','',5),('MixaRiders','Roanoke','VA','USA','5M',0,'','',714.00,0,'CC','sburtis1','ride24','','','',5),('Sids Bikes 1','New York','NY','USA','MS',0,'','',571.00,0,'CC','henvers','lasanha','','','',4),('The Bike Lane','Burke','VA','USA','ME',0,'The Bike Lane','',571.00,0,'CC','fshizzle','mnizzle','','Put Me in the Pocket','Tabi Bonney',4),('Team NCVC','Alexandria','VA','USA','5P',0,'Innova Health System, Spokes Etc Bicycles, Cannondale','Sneak a Ipod on the course to maintain stability and cadence.  Think 10 lbs lighter so a single speed will not pass us.  Make the LARGEST bonfire we can to cook marshmallows at distances beyond 15 feet.  Do NOT stick light sticks under our seats so they break the post and force us to run the lap.  Don\'t let the Rocky Mtn. traitor boy beat us even though he is on our squad.  Keep the married guy focused and away from his new wife.',678.00,0,'CC','jsperson','#EDC4rfv','','Rockstar','Annex',5),('NCVC 35+','Washington','DC','USA','MV',0,'National Capital Velo Club, Inova Health System, Cannondale, Maxxis','rider #4 david jones',543.00,0,'CC','ncvc35','35gder','','','',4),('Deming, Bruce S.','Arlington','VA','USA','M1',0,'','Every day\'s a holiday when you\'re Eiger Brown!',319.50,0,'CC','bdeming','Eiger1','','Ole Slew Foot','James McMurtry',1),('South Side Suicides','Richmond','VA','USA','MS',0,'','',571.00,0,'CC','forest1','forest2','','','',4),('HIGH MOUNTAIN SPORTS','DEEP CREEK LAKE','MD','USA','5P',0,'High Mountain Sports, Railey Realty, Jen Sober\'s Extreme Conditioning, Sweitzer-Simson Associates, The P. Kennedy Fire Chief\'s Foundation for a Better Tomorrow, Brenda\'s Pizzeria with the new better than ever breadsticks (offsets extreme conditioning clas','Have Fun, Ride Fast.  Watch out for Russell.  He\'s fit and fast.\r\n\r\nTEAM AFFILLIATES: CHUNDER PIGS - THEY KEEP US LAUGHING',714.00,0,'CC','HIGHMT','RUSSELL','','HELLS BELLS','AC DC',5),('Chunder Pig','Garrett/Tucker/Preston','','USA','5P',0,'Chunder Pig Society; Dames of the Fairfax Stone; Citizens for Stopping Rhododendron Abuse; Canaan-Deep Creek Lawn Darts Enthusiasts; Broken Chain Bike Shop; The Blues Archive','Team Chunder Pig proudly upholds the motto Wheelin\'-n-Squealin\' as it carves single track near and far. Whether on the bike or sprawled out in a rhody hell just off the trail, we\'re riding or getting chundered with smiles on our faces even as we lose races. Hailing from Maryland, DC, Virginia and West Virginia, we know the ins and outs of emergency rooms all across the East. Remember this when you see in that mudhole you just rode by: Pigs Don\'t Sweat. Special thanks to the James Dickey Society for making this all possible.',714.00,0,'CC','chunder','654321','','','',5),('Big Bear Masters','Big Bear Lake','WV','USA','MM',0,'Big Bear Lake Camplands','',0.00,0,'CK','mark07','bft2007','','','',4),('Ubiquitous bikers','dunbar','WV','USA','5M',0,'','An odd lot',714.00,0,'CC','stinkyt','fuckit','','','',5),('Datanaut','','PA','USA','5P',0,'','',765.00,0,'CC','datanaut','brucie','','','',5),('Endura Factory Team','Berea','OH','USA','ME',0,'Endura Clothing, Ray\'s Indoor MTB, Mongoose Cycles, Paceline Products','',612.00,0,'CC','Endura','mongoose','','','',4),('Wish we were a Four-Man Team','Sykesville','MD','USA','DP',0,'','',510.00,0,'CC','bauerlab','bigbear','','','',2),('Masher\'s Men','Morgantown','WV','USA','MV',0,'Barbe Physical Therapy, Debolt Enterprises, The Forinash Foundation, The Smith Institute','',612.00,0,'CC','Masher','Mashers','','','',4),('Helmet Head','Washington','DC','USA','MS',0,'','We are old but bold; the bad boys of Big Bear',612.00,0,'CC','helmet','pedals','','TBD','Ace Ventura',4),('Whistle Stop Bike Shop','Sparks','MD','USA','MS',0,'Whistle Stop Bike Shop','',560.00,0,'CK','Whistle','POBox388','','','',4),('Three Buds and a Bud Lite','Poca','WV','USA','CD',0,'','We have gathered together as a TEAM.  We have ridden many miles upon our Bikes!!! We have overcame setbacks and distractions.  We are ready for our JOURNEY!!!  We have dedicated our spare time to the pursuit of finding that ultimate rock garden that will lead us to our EDEN!!!  All of this dedication and yet we are still FAT....except for ONE!!!  He shall bring us to our destination as VICTORS and we shall shout to the Gods above and we will drink and drink and drink some more ....and then , we will be marry!!!  Now that it is written... so shall it be!!!!',612.00,0,'CC','bigbear','perkins','','Beer is good for you','David Allen Coe',4),('Load Warriors 2','Winchester','VA','USA','MV',0,'','',612.00,0,'CC','4riders','letsgo','','','',4),('You deal with it!!','Bedford','PA','USA','5P',0,'Adult World, Craven Moorehead\'s Quick Lube, Roman Rodabush Party Shoppe','When the wind is passed, you must deal with it!!',765.00,0,'CC','0-A2Jsin','x1xLDHm9','','','',5),('West Liberty Cycles','Pittsburgh','PA','USA','5P',0,'west liberty cycles','',726.50,0,'CC','wayne1','maggie','','','',5),('Teehan, Tim E.','Alexandria','VA','USA','M1',0,'Families of Spinal Muscular Atrophy (FSMA)','',347.00,0,'CC','cripple','tet5857','','','',1),('The SSO Rejects','Woodbridge','VA','USA','MS',0,'Antietam Velo Club, The Bicycle Escape, Germantown Cycles, thebikesite.org, AVC/Team Hagerstown-Washington Co','We aren\'t cool enough for the real SSO team.',612.00,0,'CC','reject','r3ject','','','',4),('Tecate Rides Again','','VA','USA','MS',0,'City bikes, girlfriends, wife, and others','Team Tecate was Born in an ancient brewing process of pain, sweat, and broken bike parts.  Team Tecate has reunited after riding in the 24 hours of Allamuchy last year.',612.00,0,'CC','tecate','coldbeer','','','',4),('Uninspired','','WV','USA','JF',0,'','',663.00,0,'CC','jon647','1gabby','','Out of Gas','Modest Mouse',5),('Swinging Richards','Baltimore','MD','USA','JF',0,'Crazy Richards Peanut Butter','After nearly 30 years Crazy Richard\'s may \"still be crazy after all these years. \" We make our Peanut Butter the old fashioned way with no salt, sugar, hydrogenated oils or trans fats added. We\'re Totally Nuts, and that\'s just what our Peanut Butter contains, only nuts. Oil separation occurs naturally, just stir it up!',530.00,0,'CC','Richard','swinging','','','',4),('Where the Fukarie Indian Tribe','Rockville','MD','USA','5P',0,'','',726.50,0,'CC','Fukarie','fukarie','','Fat Bottomed Girls','Queen',5),('Patapsco\'s Finest','Elkridge','MD','USA','5P',0,'','Just here for the stress brought on by physical and mental exhaustion; except for one team member that remains undeterred by the pain and suffering.  We\'re not sure she\'s human...',765.00,0,'CC','mick01','tiff01','','','',5),('Dayton MTB Racing','Dayton','OH','USA','MS',0,'','',612.00,0,'CC','dayton','mtbrace','','Push It','Static X',4),('Pittsburgh Pro Bicycles','Pittsburgh','PA','USA','5P',0,'Pittsburgh Pro Bicycles','',765.00,0,'CC','pittspro','Pittspro','','','',5),('More Beer','York','PA','USA','CD',0,'Troegs Brewing','',612.00,0,'CC','gspath','fr33fall','','The Drinking Song','Bob and Tom',4),('More Cowbell with More ladies','Alexandria','VA','USA','5P',0,'Calgon, Playdoh, Chicken of the Sea','It\'s that time again folks, time for more blood, sweat, and gears in the backwoods of West Virgin-i-a. And this race just wouldn\'t be a race without MORE COWBELL! After dominating the course, the massage tables, and the back of the pack last year, we had to come back and dominate the style points. What better way to do that than to bring MORE LADIES! That\'s right fellas, we are going to continue the domination of the back of the pack with the ladies. We hope to use the ladies to our advantage and make all the men on the other teams wreck with their tight padded pants showing off their money makers while our two guys sit back like pimps collecting the prizes at the end. Will that happen? Most likely not, but one can dream. \r\nWe are looking to have a great time tearing up the trail and the ladies are looking forward to riding the roots (know what I\'m saying??? Neither do I).',726.50,0,'CC','morecow','cowbell','','','',5),('Rigid All Night','Columbus','OH','USA','SR',0,'Jovan Musk, Remington, Just for Men, Aqua Velva, Conair, Mitchum','Single, rigid, keeping it up allllll night. \r\n Bringing sexy back in \'07.',612.00,0,'CC','midgley','rigid1','','','',4),('Live Dirty Girls','Pittsburgh','PA','USA','WS',0,'Orlando Bloom, Johnny Depp, Brad Pitt & John Holmes','Oh my aching va jay jay.',612.00,0,'CC','jmassett','jackson5','','Cold Beverage','G love & Special Sauce',4),('SSO Factory Team/The Bicycle Escape','Frederick','MD','USA','5P',0,'The Bicycle Escape - Frederick, MD\r\nHarlot\r\nClipper City Beer\r\nSerfas Optics\r\nKenda Tires\r\nDeuter\r\nChrome Bags\r\nCarbBOOM Energy','From the dawn of civilization, they have existed in order to undermine it. \r\n\r\n\"Our only enemy is the status quo. Our only friend is chaos.\"\r\n\r\nThey have no government ties and unlimited resources. \r\n\r\n\"If something goes wrong, we are the cause.\"\r\n\r\nEvery corner of the earth is under their surveillance. \r\n\r\n\"If you do it, we see it. Always. We believe the powerful should be made less powerful. We have heard the voice of society, begging us to destabilize it. Becky. Erin. Ricky. Jay. Joe. We are the Single Speed Outlaw Factory Team\"',765.00,0,'CC','ssoft1','1x1team','','','',5),('Laps of Memory','3(VA)+1(NC)','','USA','JF',0,'','',530.00,0,'CC','msetien','lucybug','','','',4),('Schwarz, Steve','Rockville','MD','USA','M1',0,'Titus Cycles; Lupine Lights; Crank Brothers; Schwalbe Tires; Smith Optics; Kuhl Clothing; Hammer Nutrition; First Endurance','I likedy cha cha all night long.',347.00,0,'CC','sschwarz','pizza2ea','','','',1),('Team MRTC','Morgantown','WV','USA','JF',0,'Mon River Trails Conservancy, Lakeside Physical Therapy & WCLG','Thanks to Mark and Julie Schooley for a great venue and being oustanding forest stewards. Big Bear rules!\r\n\r\n Also  many thanks to Chip, Colin, Jeremy and Steven at Wamsley\'s Cycles...couldn\'t spin w/o \'em. Yo...more doughnuts man!',796.00,0,'CK','MonRiver','CMillard','','','',6),('Mylan Labs','Morgantown','WV','USA','MS',0,'','',600.00,0,'CK','JeffreyN','02151967','','','',4),('Komodo Racing','Morgantown','WV','USA','ME',0,'','We are 3 old Komodos and a newborn to pick up the slack.  We probably should be running a different class, but we prefer to get beat by Experts and not sandbaggers.  We are here to have fun, and thats all that matters.  Air the tires, clip in and lets pound the ground!  FEAR THE KOMODOS!',612.00,0,'CC','Komodo','komodo','','Lonely is the Night','Billy Squier',4),('Dude, Where\'s my Prize?','Bridgeport','WV','USA','DP',0,'Cannondale, Blackwater Bikes, AMF, Fat Tire Cycle, WV Wesleyan College, The 88 Restaurant and Lounge, Carmonas, Kenda Tires and Tubes','Racing for J. Cecil Jarvis',510.00,0,'CC','jcecil','jarvis','','Earache My Eye','Cheech & Chong',2),('Sids Bikes - 2','New York','NY','USA','5M',0,'','',571.00,0,'CC','Sliced','lizzie','','','',5),('Respect Da Nuts','Columbia','MD','USA','MV',0,'','Just three guys that like to suffer.',612.00,0,'CC','pemlushk','gp1620gp','','','',4),('IC3 Five Alive!','South Central','PA','USA','5P',0,'International Christian Cycling Club\r\nHammer Nutrition\r\nSchwalbe, Voler, Cateye, Zeal, Koobi, 3NF Consulting, ROL Wheels, VCRC, Ultimate','Live, Ride, Die... Live',1403.00,1,'CC','IC3Five','prov2717','','','',5),('Dorks on Wheels','From all around','MD','USA','5M',0,'Herb\'s Thunder chunky cycling chaps, Montour\'s very own dehydrated water, Duct tape and quick links','We are back once again with a whole new format. Watch out for us this year since we plan to upgrade everyone\'s bike to \"Auto Shift 2007 V2.1\" before the race.  Be prepared to be as un-surprised as you have been in the past.',765.00,0,'CC','lesondak','poophead','','','',5),('Fargin IceHolz','Pittsburgh','PA','USA','JF',0,'','',530.00,0,'CC','cengle33','rrock33','','','',4),('Princeton Tec','Bordentown','NJ','USA','JF',0,'Princeton Tec - the best bike lights, headlamps, & scuba diving torches!','',530.00,0,'CC','Princeto','JKline','','','',4),('Guts and Glory','Fairmont','WV','USA','MS',0,'','',600.00,0,'CC','ChrisJ','GutsGlor','','','',4),('Double J\'s Disciples','Keene','NH','USA','MM',0,'Norms Ski and Bike Shop, Keene, NH','',600.00,0,'CK','ChrisLog','NORMSKI','','','',4),('Posse of  Mustached Bandits','Baltimore','MD','USA','SR',0,'Just for men.  Viagra.  Miller High Life','Just don\'t touch the mustache or you might get hurt.  Otherwise we\'re pretty cool guys who like croquet, duck pin bowling and anything lugged.',612.00,0,'CC','bandits','mustache','','Sex Bomb','Tom Jones',4),('Towers of Troegs','Harrisburg','PA','USA','5M',0,'Troegs Brewing, Harrisburg, PA  \r\nwww.troegs.com','Once there were two Clyde teams . . . who both blew up.  A meeting of the minds was held and forces were joined . . . to create, from the ashes, the Towers of Troegs!',701.00,0,'CC','hopback','sunshine','','','',5),('McClurg, John W.','Harrison City','PA','USA','M1',0,'Pittsburgh Pro Bikes','I am 29 years old and have been racing for about 5 years. I\'m looking to get more into the Solo 24 hour scene.',347.00,0,'CC','0-o8tWFw','x1xhlZYS','','','',1),('DCMTB / Citybikes','Alexandria','VA','USA','MV',0,'Citybikes, Metro Gutter and Home Services, Whole Foods','We are back to the Bear to tear ridges up and have a fast furious race.  Citybikes rocks!',612.00,0,'CC','kbaake','citybike','','','',4),('Clemens, Carol L.','pittsburgh','PA','USA','W1',0,'Dirtrag, Hoss, Lupine Lighting,Thick.','',0.00,0,'CC','ccrider','barbara','','','',1),('Rock Gardeners','Pittsburgh','PA','USA','JF',0,'none','This one time, at band camp...',530.00,0,'CC','chris136','freefal1','','','',4),('Tiger Pawl','Thomas','WV','USA','5P',0,'Granny Gear Productions \r\nGeorge W. Bush\r\nRoger \"He\'s Got Legs\" Lilly\r\nJesus\r\nThe Easter Bunny','Well, first we asked Jason Cyr to ride with us cuz someone said you need a ringer.  Then Jason got real wishy washy and we had to have our lawyer step in to fire him.  Next Mr. Jeff got pregnant and Dr. Logar volunteered to race so that we could have the proper expertise if the baby should decide to come during the event.  Robbie wanted a faster bike and bought Dr. Steve\'s super machine that was on consignment cuz Rob\'s fiance, Shannon, said it was OK.  Roger also said that he\'d marry them - which is really cool cuz I think the last wedding he performed was in a cave.  Sparky had a meltdown about the entry fee and decided that she had better rejoin the world of food service.  Flippin cakes and slinging hash - nobody rides for free.  I\'ve recently been reborn in the glory of the heavenly single track.  It\'s wrong to ride for the flesh, you have to ride for the spirit.  Amen',573.50,0,'CC','matthew','dobbin','','Run On','Moby',5),('Four Dudes and a Billygoat','Pittsburgh','PA','USA','5M',0,'PITTSBURGH PRO BICYCLES!!  Cannondale,','Bicycle Lovers.  Got Milk?',765.00,0,'CC','Billies','goats5','','','',5),('Athens Wrecking Crew - The Hub','Athens','GA','USA','ME',0,'Columbia Capital - http://www.colcap.com/\r\nSunTx Capital - http://www.suntx.com/\r\nThe Hub Bikes - http://hubbikes.com/index.cfm\r\nMean Bean & Terrapin Brewing Company','Sure as heck beats working - Ride to live, live to ride',444.00,1,'CC','wildbill','2hang10!','','Animals','Nickelback',4),('P.E.S.T.','Newark','DE','USA','MV',0,'','P.E.S.T - Printpack Extreme Sports Team.  From Delaware (small state below Philly) - more chickens than people and a peak elevation of 75 feet above sea level.  But we could kick RI\'s butt in a war.  Browning sucks.',600.00,0,'CC','bigbear','pest07','','Riding The Storm Out','REO Speedwagon',4),('Beckman, Lisa L.','Oakland','MD','USA','W1',0,'JCL Services','',340.00,0,'CK','LisaBeck','oakland','','','',1),('RubbinzRacin','Beaufort','SC','USA','DP',0,'Mello Yello\r\nShitzngiggles Tavern','Two brothers. Pete Pollak age 28, and Christopher Pollak age 23. Both are Ironman Triathlon finishers. Christopher rowed crew for Brown University and in the 2004 U.S. Olympic Trials. Pete raced on the road cycling team at the University of Georgia.',510.00,0,'CC','ppollak','7855687','','','',2),('Marenchin, Ernesto A.','Kent','OH','USA','M1',0,'Asylum Cycles, Speedgoat.com, Hammer Nutrition, Tifosi Optics, Princeton Tec, Wobblenaught.com, Ergon, Northwave, Maxxis Tires','',342.00,1,'CC','sologoat','esz^tre1','','','',1),('Ayres III, Artie L.','Morristown','NJ','USA','M1',0,'Me, Myself, and I','',347.00,0,'CC','artie82','6669911','','','',1),('Hanna iii, Kenneth J.','FLANDERS','NJ','USA','M1',0,'','',347.00,0,'CC','kjh204','flanders','','','',1),('WE\'VE got STEVE','Pittsburgh','PA','USA','DP',0,'Ellicottville Bikes(NY)\r\nDirty Harry\'s(PA) \r\nGu Sports','',510.00,0,'CC','ruthslp','treefrog','','','',2),('Dirt Church','Columbus','OH','USA','SR',0,'','Single Speed Sinners\r\nwww.dirtchurch.com',592.00,1,'CC','Darryl','richis2g','','The Hook','Stephen Malkmus',4),('Where is the motor for this thing?','Baltimore','MD','USA','JF',0,'','',650.00,0,'CK','Jeremy','BigBear7','','','',5),('Lichtenwalner, Rob P.','nazareth','PA','USA','M1',0,'bear naked/ cannondale,  lupine lights','',342.00,1,'CC','xxrplxx','adaptpro','','','',1),('Forsyth, Holly','Verona','PA','USA','W1',0,'Pittsburgh Pro Bicycles','',347.00,0,'CC','hforsyth','lowgears','','','',1),('Staton, Stewart S.','Ashburn','VA','USA','M1',0,'Plum Grove Cyclery','',347.00,0,'CC','statonss','scotscot','','','',1),('Rides with Scissors','Jarrettsville','MD','USA','MS',0,'','just here for the girls and the beer.  Looks like we\'re almost out of beer!',612.00,0,'CC','walker','morris','','','',4),('Shawna and the Short-Bus Riders','Hurricane','WV','USA','JF',0,'','',663.00,0,'CC','Robert','Leslie','','','',5),('Patapsco Porn Stars 2','Elkridge','MD','USA','JF',0,'Avalon Cycles\r\nGermantown Cycles','',680.00,0,'CC','vvargas','fleet','','','',6),('Western Maryland Wheelmen/Thomas','Frostburg','MD','USA','MV',0,'Thomas Automotive Dealers, Dr. Bruce Williams DDS., Cycles and Things, and Kenny Signs','',612.00,0,'CC','fkessler','St8lling','','','',4),('Schultz, Mike','Verona','PA','USA','M1',0,'Dirty Harry\'s Bicycles','',340.00,0,'CC','Schultz','Verona','','','',1),('Dirty Harrys Bicycles','Verona','PA','USA','ME',0,'Dirty Harrys Bicycles','',600.00,0,'CC','Perrone','Verona','','','',4),('Gagnon, Chris P.','Newton','MA','USA','M1',0,'Mtbmind.com, Cannondale, Rudy Project, Magura, Hammer Nutrition, Titec, Panaracer, Cambria Bike, Patagonia, DT Swiss, Crank Brothers','Twelve.Nineteen',342.00,1,'CC','mtbmind','lem0nd','','','',1),('Rajcani, Peter','Raleigh','NC','USA','M1',0,'Triangle Cyclopaths, Homegrown Pizza, Crank Brothers','I am an experienced endurance racer, this is my 15th solo race',260.00,0,'CC','prajcani','trek6500','','','',1),('Nieh, Ho','Bethesda','MD','USA','M1',0,'','',347.00,0,'CC','thegood','password','','','',1),('Spin Bike Shop/Dieringer Bikes','Lakewood','OH','USA','ME',0,'','',600.00,0,'CK','new0608','x1xM5mmX','','','',4),('Frame of Mind Timberwerks','Jamestown','NY','USA','JF',0,'Frame of Mind Timberwerks','',520.00,0,'CK','new0608','x1xp5GnS','','','',4);

--
-- Table structure for table `team_number`
--

CREATE TABLE `team_number` (
  `bib_number` int(4) NOT NULL DEFAULT '0',
  `name` varchar(36) NOT NULL DEFAULT '',
  PRIMARY KEY (`bib_number`,`name`)
) ENGINE=MyISAM DEFAULT CHARSET=latin1;

--
-- Dumping data for table `team_number`
--

INSERT INTO `team_number` VALUES (1,'Schwarz, Steve'),(2,'Marenchin, Ernesto A.'),(3,'Lichtenwalner, Rob P.'),(4,'Gagnon, Chris P.'),(5,'Mika, Robert J.'),(6,'Precourt, Harry C.'),(7,'Deming, Bruce S.'),(8,'Teehan, Tim E.'),(9,'McClurg, John W.'),(10,'Ayres III, Artie L.'),(11,'Hanna iii, Kenneth J.'),(12,'Staton, Stewart S.'),(13,'Sommers, Scott D.'),(14,'Schultz, Mike'),(15,'Rajcani, Peter'),(16,'Nieh, Ho'),(17,'Clemens, Carol L.'),(18,'Beckman, Lisa L.'),(19,'Forsyth, Holly'),(20,'Velo Bellas & Mammoth Fellas'),(21,'Wish we were a Four-Man Team'),(22,'Dude, Where\'s my Prize?'),(23,'RubbinzRacin'),(24,'WE\'VE got STEVE'),(25,'Scrambled Legs'),(26,'DCMTB/City Bikes'),(27,'The Bike Lane'),(28,'Endura Factory Team'),(29,'Komodo Racing'),(30,'Athens Wrecking Crew - The Hub'),(31,'Dirty Harrys Bicycles'),(32,'Troegs Sunshine Pills'),(33,'SecretSix Racing Team'),(34,'Two Wheelers Against Traffic'),(35,'WLC Leftovers'),(36,'Watch This'),(37,'WVU Cycling'),(38,'Snipe Hunters'),(39,'Bike Me'),(40,'Team NCVC'),(41,'HIGH MOUNTAIN SPORTS'),(42,'Chunder Pig'),(43,'Datanaut'),(44,'You deal with it!!'),(45,'West Liberty Cycles'),(46,'Where the Fukarie Indian Tribe'),(47,'Patapsco\'s Finest'),(48,'Pittsburgh Pro Bicycles'),(49,'More Cowbell with More ladies'),(50,'SSO Factory Team/The Bicycle Escape'),(51,'IC3 Five Alive!'),(52,'Tiger Pawl'),(53,'Red Rocket'),(54,'MixaRiders'),(55,'Ubiquitous bikers'),(56,'Dorks on Wheels'),(57,'Towers of Troegs'),(58,'Four Dudes and a Billygoat'),(59,'Sids Bikes - 2'),(60,'Minnesota'),(61,'The D-Bags'),(62,'Dragonsauce'),(63,'Baltimore Bush Doctors 2'),(64,'Ridin\' Commando'),(65,'Flannel'),(66,'Sports-N-Spokes'),(67,'Puke & Rally'),(68,'Seersucker'),(69,'Peoples Meat Racing'),(70,'Frederick\'s Finest'),(71,'RUKID\'N'),(72,'Enter The Draggin'),(73,'Gracie\'s Grandsons'),(74,'Whoo Ha'),(75,'Madz Bikers'),(76,'Endo\'s N Taco\'s'),(77,'Sids Bikes 1'),(78,'South Side Suicides'),(79,'Helmet Head'),(80,'Whistle Stop Bike Shop'),(81,'The SSO Rejects'),(82,'Tecate Rides Again'),(83,'Dayton MTB Racing'),(84,'Mylan Labs'),(85,'crankenstein'),(86,'Guts and Glory'),(87,'Rides with Scissors'),(88,'Live Dirty Girls'),(89,'Huevos del Toro'),(90,'Baltimore Bush Doctors'),(91,'Rigid All Night'),(92,'Posse of  Mustached Bandits'),(93,'Dirt Church'),(94,'WNYMBRO'),(95,'Just 4 Brothers'),(96,'snowblind cats'),(97,'Taurine Junkies'),(98,'Anatomical Designs'),(99,'Chicken Cheater Faces'),(100,'NCVC 35+'),(101,'Masher\'s Men'),(102,'Load Warriors 2'),(103,'Respect Da Nuts'),(104,'DCMTB / Citybikes'),(105,'P.E.S.T.'),(106,'Western Maryland Wheelmen/Thomas'),(107,'Singletrack Squad'),(108,'Big Bear Masters'),(109,'Double J\'s Disciples'),(110,'Off The Porch'),(111,'No Small Wonder'),(112,'Three Buds and a Bud Lite'),(113,'More Beer'),(114,'Sonoran Pirates'),(115,'Terminal Exsanguination'),(116,'Patapsco Porn Stars'),(117,'The Team MOM'),(118,'Appler-Tart'),(119,'The Team DAD'),(120,'Mudweiser'),(121,'Tackleberry\'s Saucer Hats'),(122,'C.O.G.\'s (Curmudgeonly Old Guys)'),(123,'Mach Riders'),(124,'Uninspired'),(125,'Swinging Richards'),(126,'Laps of Memory'),(127,'Team MRTC'),(128,'Fargin IceHolz'),(129,'Princeton Tec'),(130,'Rock Gardeners'),(131,'Shawna and the Short-Bus Riders'),(132,'Patapsco Porn Stars 2'),(133,'Where is the motor for this thing?'),(134,'Spin Bike Shop/Dieringer Bikes'),(135,'Frame of Mind Timberwerks');


