(4819,1,'JBJ UV13 Submariner UV Sterilizer','JBJ UV13 Submariner UV Sterilizer\r\n\r\nTHE INNOVATIVE SOLUTION TO DISEASE PREVENTION\r\n\r\nThe newly redesigned SUBMARINER™ is equipped with an array of\r\nInnovative features that make this BEST-selling UV sterilizer even more\r\nuser-friendly while producing the same powerful disease-eliminating\r\nperformance.\r\nNEW FEATURES\r\n\r\n• Higher Wattage 13 Watt Version\r\n• Integrated UV Lamp Ballast\r\n• Single Power Cord Design\r\n• Quartz Sleeve Compression Fitting\r\n• Removal Sponge Tray\r\n• Venturi Inlet\r\n\r\nThe SUBMARINER is the proactive solution for eradicating harmful micro-organisms and unattractive green free-floating algae in fresh & saltwater aquariums. This revolutionary UV sterilizer / clarifier is completely SUBMERSIBLE, which can be placed either vertically in the main body of the aquarium or positioned horizontally in a sump for a clutter free set-up.\r\n\r\nThe SUBMARINER utilizes a UV-C compact fluorescent lamp that is encapsulated in our unique Quartz Sleeve that is air tight and allows for a 99% transmission rate to efficiently neutralize disease causing pathogens. All models include an integrated pump, removable quartz sleeve, a slide out mechanical prefilter sponge tray, powerful suction cup bracket, venturi inlet, and UV-C lamp pre-installed.\r\n\r\nA PERFECT MATCH\r\n\r\nWe\'ve taken the guess work out of sizing flow rates of pumps to lamp wattages. All models include an integrated submersible pump that is specifically sized for your aquarium which includes a swivel spout nozzle, integrated UV ballast, and lamp indicator. Did we mention, you won\'t need any tubes or connection fittings. It\'s ready to install right out of the box!\r\n\r\nSPECIFICATIONS\r\n\r\nModel #: UV-13\r\nDescription: 13 Watt Submariner','',15),(4820,1,'JBJ Submariner UV C Replacement 3 pack Sponges','JBJ Submariner UV C Replacement 3 pack Sponges\r\n\r\nSponges will fit the new 5 and 9 watt submariners.','',19),(4821,1,'JBJ Submariner UV 5L Replacement 5 Watt Lamp','JBJ Submariner UV 5L Replacement 5 Watt Lamp\r\n\r\nReplacement lamp for the 5 watt Submariner','',12),(4822,1,'JBJ Submariner UV 9L Replacement 9 Watt Lamp','JBJ Submariner UV 9L Replacement 9 Watt Lamp\r\n\r\nReplacement lamp for the 9 watt Submariner','',22),(4823,1,'JBJ UV 10 Submariner Replacement Quartz Sleeve','JBJ UV 10 Submariner Replacement Quartz Sleeve\r\n\r\nReplacement Quartz Sleeve for the 5w and 9w Submariner','',19),(4824,1,'JBJ Submariner Replacement Motor','JBJ Submariner Replacement Motor\r\n\r\nReplacement motor for the 5w and 9w Submariner.','',20),(4825,1,'JBJ EFU-25 Reaction 4 Stage Canister','JBJ EFU-25 Reaction 4 Stage Canister\r\n\r\nReaction 4-Stage Canisters are the latest innovation in high capacity filtration systems. This revolutonary canister filter incorporates high media storing capacity with easy to remove basket trays, self-priming lever, quick dissconnect shut-off valve for convenient media replacement, and an integrated UV sterilizer with On/Off switch that polishes water to crystal clarity while keeping pathogens at bay.\r\n\r\nCOMPREHENSIVE FILTRATION\r\n\r\nReaction 4-Stage Canister filters utilize mechanical, chemical, biological filtration, and UV sterilization for a balanced aquarium. Water enters the canister via the intake strainer and is guided through a large sponge to trap particulate matter. The water then reaches 500g of activated carbon to remove harmful dissolved organic componds. Water is directed over the ceramic rings that offer a tremendous amount of surface area internally and externally to grow beneficial aerobic bacteria that break down harmful ammonia and nitrite to nitrate. All filtered water then passes through our powerful UV-C lamp for pathogen and green water elimination.\r\nADVANCED FEATURES\r\n\r\nReaction-4 Stage Canister Filters are equipped with the most advanced features to provide high\r\nperformance and make routine maintenance quick & easy.\r\n\r\n* Integrated Self-Priming Lever\r\n* Quick-Discconnect Shut-Off Valve\r\n* On/Off Switch for UV-C Germicidal Lamp\r\n* High Capacity Media Storage\r\n\r\nINTEGRATED SELF-PRIMING LEVER\r\n\r\nOur inno vative self-priming lever eliminates the need for man ual siphoning. Simply, pump the lever up and down vigorously until the w ater enters the inlet and the remaining air bubbles leave the outlet.\r\n\r\nQUICK-DISCONNECT SHUT-OFF VALVE\r\n\r\nDefinitely the most useful feature to keep floors dry when carrying out routine monthly maintenance. The QUICK-DISCONNECT SHUT-OFF VALVE is an integrated tool that instantly creates a watertight seal that stops water from entering or exiting the filter. Simply lift up the SHUT-OFF VALVE handle to\r\nthe vertical position to stop water flow. Grab the handle and detach and take the canister filter for convenient media replacement.\r\n\r\nON/OFF SWITCH FOR UV-C GERMICIDAL LAMP\r\n\r\nThis revolutionary concept integrates a special UV-C lamp to destroy green water and polish water to crystal clarity. The accessible ON/OFF switch allows for complete user control.\r\n\r\nHIGH CAPACITY MEDIA STORAGE\r\n\r\nThe new trend in canister filters is to increase the filter storing capacity for larger amounts of chemical and biological medias. This allows for higher water quality due to more media contact through the initial pass. All filter baskets have convenient handles for removing and loading up alltypes of media that can be easily customized.\r\n\r\nEFU-25\r\n\r\nGPH:198\r\nTank Rating:100g\r\nFilter Height:15.24\"\r\nDiameter:11.41\" x 11.41\"\r\nMedia Capacity:4 liters\r\nInlet Hose:5/8\"\r\nOutlet Hose:5/8\"\r\nWatts: 23\r\nUV Wattage:5W\r\n\r\nEFU-35\r\nGPH:250\r\nTank Rating:150g\r\nFilter Height:17.52\"\r\nDiameter:11.41\" x 11.41\"\r\nMedia Capacity:6 liters\r\nInlet Hose:5/8\"\r\nOutlet Hose:5/8\"\r\nWatts: 27\r\nUV Wattage:5W\r\n\r\nEFU-45\r\nGPH:290\r\nTank Rating:175g\r\nFilter Height:19.8\"\r\nDiameter:11.41\" x 11.41\"\r\nMedia Capacity:8 liters\r\nInlet Hose:5/8\"\r\nOutlet Hose:5/8\"\r\nWatts: 32\r\nUV Wattage:5W','',25),(4826,1,'JBJ EFU-35 Reaction 4 Stage Canister','JBJ EFU-35 Reaction 4 Stage Canister\r\n\r\nReaction 4-Stage Canisters are the latest innovation in high capacity filtration systems. This revolutonary canister filter incorporates high media storing capacity with easy to remove basket trays, self-priming lever, quick dissconnect shut-off valve for convenient media replacement, and an integrated UV sterilizer with On/Off switch that polishes water to crystal clarity while keeping pathogens at bay.\r\n\r\nCOMPREHENSIVE FILTRATION\r\n\r\nReaction 4-Stage Canister filters utilize mechanical, chemical, biological filtration, and UV sterilization for a balanced aquarium. Water enters the canister via the intake strainer and is guided through a large sponge to trap particulate matter. The water then reaches 500g of activated carbon to remove harmful dissolved organic compounds. Water is directed over the ceramic rings that offer a tremendous amount of surface area internally and externally to grow beneficial aerobic bacteria that break down harmful ammonia and nitrite to nitrate. All filtered water then passes through our powerful UV-C lamp for pathogen and green water elimination.\r\nADVANCED FEATURES\r\n\r\nReaction-4 Stage Canister Filters are equipped with the most advanced features to provide high\r\nperformance and make routine maintenance quick & easy.\r\n\r\n* Integrated Self-Priming Lever\r\n* Quick-Discconnect Shut-Off Valve\r\n* On/Off Switch for UV-C Germicidal Lamp\r\n* High Capacity Media Storage\r\n\r\nINTEGRATED SELF-PRIMING LEVER\r\n\r\nOur inno vative self-priming lever eliminates the need for man ual siphoning. Simply, pump the lever up and down vigorously until the w ater enters the inlet and the remaining air bubbles leave the outlet.\r\n\r\nQUICK-DISCONNECT SHUT-OFF VALVE\r\n\r\nDefinitely the most useful feature to keep floors dry when carrying out routine monthly maintenance. The QUICK-DISCONNECT SHUT-OFF VALVE is an integrated tool that instantly creates a watertight seal that stops water from entering or exiting the filter. Simply lift up the SHUT-OFF VALVE handle to\r\nthe vertical position to stop water flow. Grab the handle and detach and take the canister filter for convenient media replacement.\r\n\r\nON/OFF SWITCH FOR UV-C GERMICIDAL LAMP\r\n\r\nThis revolutionary concept integrates a special UV-C lamp to destroy green water and polish water to crystal clarity. The accessible ON/OFF switch allows for complete user control.\r\n\r\nHIGH CAPACITY MEDIA STORAGE\r\n\r\nThe new trend in canister filters is to increase the filter storing capacity for larger amounts of chemical and biological medias. This allows for higher water quality due to more media contact through the initial pass. All filter baskets have convenient handles for removing and loading up alltypes of media that can be easily customized.\r\n\r\nEFU-25\r\n\r\nGPH:198\r\nTank Rating:100g\r\nFilter Height:15.24\"\r\nDiameter:11.41\" x 11.41\"\r\nMedia Capacity:4 liters\r\nInlet Hose:5/8\"\r\nOutlet Hose:5/8\"\r\nWatts: 23\r\nUV Wattage:5W\r\n\r\nEFU-35\r\nGPH:250\r\nTank Rating:150g\r\nFilter Height:17.52\"\r\nDiameter:11.41\" x 11.41\"\r\nMedia Capacity:6 liters\r\nInlet Hose:5/8\"\r\nOutlet Hose:5/8\"\r\nWatts: 27\r\nUV Wattage:5W\r\n\r\nEFU-45\r\nGPH:290\r\nTank Rating:175g\r\nFilter Height:19.8\"\r\nDiameter:11.41\" x 11.41\"\r\nMedia Capacity:8 liters\r\nInlet Hose:5/8\"\r\nOutlet Hose:5/8\"\r\nWatts: 32\r\nUV Wattage:5W','',20),(4827,1,'JBJ EFU-45 Reaction 4 Stage Canister','JBJ EFU-45 Reaction 4 Stage Canister\r\n\r\nReaction 4-Stage Canisters are the latest innovation in high capacity filtration systems. This revolutonary canister filter incorporates high media storing capacity with easy to remove basket trays, self-priming lever, quick dissconnect shut-off valve for convenient media replacement, and an integrated UV sterilizer with On/Off switch that polishes water to crystal clarity while keeping pathogens at bay.\r\n\r\nCOMPREHENSIVE FILTRATION\r\n\r\nReaction 4-Stage Canister filters utilize mechanical, chemical, biological filtration, and UV sterilization for a balanced aquarium. Water enters the canister via the intake strainer and is guided through a large sponge to trap particulate matter. The water then reaches 500g of activated carbon to remove harmful dissolved organic compounds. Water is directed over the ceramic rings that offer a tremendous amount of surface area internally and externally to grow beneficial aerobic bacteria that break down harmful ammonia and nitrite to nitrate. All filtered water then passes through our powerful UV-C lamp for pathogen and green water elimination.\r\nADVANCED FEATURES\r\n\r\nReaction-4 Stage Canister Filters are equipped with the most advanced features to provide high\r\nperformance and make routine maintenance quick & easy.\r\n\r\n* Integrated Self-Priming Lever\r\n* Quick-Discconnect Shut-Off Valve\r\n* On/Off Switch for UV-C Germicidal Lamp\r\n* High Capacity Media Storage\r\n\r\nINTEGRATED SELF-PRIMING LEVER\r\n\r\nOur inno vative self-priming lever eliminates the need for man ual siphoning. Simply, pump the lever up and down vigorously until the w ater enters the inlet and the remaining air bubbles leave the outlet.\r\n\r\nQUICK-DISCONNECT SHUT-OFF VALVE\r\n\r\nDefinitely the most useful feature to keep floors dry when carrying out routine monthly maintenance. The QUICK-DISCONNECT SHUT-OFF VALVE is an integrated tool that instantly creates a watertight seal that stops water from entering or exiting the filter. Simply lift up the SHUT-OFF VALVE handle to\r\nthe vertical position to stop water flow. Grab the handle and detach and take the canister filter for convenient media replacement.\r\n\r\nON/OFF SWITCH FOR UV-C GERMICIDAL LAMP\r\n\r\nThis revolutionary concept integrates a special UV-C lamp to destroy green water and polish water to crystal clarity. The accessible ON/OFF switch allows for complete user control.\r\n\r\nHIGH CAPACITY MEDIA STORAGE\r\n\r\nThe new trend in canister filters is to increase the filter storing capacity for larger amounts of chemical and biological medias. This allows for higher water quality due to more media contact through the initial pass. All filter baskets have convenient handles for removing and loading up alltypes of media that can be easily customized.\r\n\r\nEFU-25\r\n\r\nGPH:198\r\nTank Rating:100g\r\nFilter Height:15.24\"\r\nDiameter:11.41\" x 11.41\"\r\nMedia Capacity:4 liters\r\nInlet Hose:5/8\"\r\nOutlet Hose:5/8\"\r\nWatts: 23\r\nUV Wattage:5W\r\n\r\nEFU-35\r\nGPH:250\r\nTank Rating:150g\r\nFilter Height:17.52\"\r\nDiameter:11.41\" x 11.41\"\r\nMedia Capacity:6 liters\r\nInlet Hose:5/8\"\r\nOutlet Hose:5/8\"\r\nWatts: 27\r\nUV Wattage:5W\r\n\r\nEFU-45\r\nGPH:290\r\nTank Rating:175g\r\nFilter Height:19.8\"\r\nDiameter:11.41\" x 11.41\"\r\nMedia Capacity:8 liters\r\nInlet Hose:5/8\"\r\nOutlet Hose:5/8\"\r\nWatts: 32\r\nUV Wattage:5W','',19),(4828,1,'JBJ  Coarse Sponge 2 Pack','JBJ  Coarse Sponge 2 Pack\r\n\r\nReplacement Coarse Sponges for the JBJ Reaction Canister','',23),(4829,1,'JBJ Reaction Canister Fine Sponge 3 Pack','JBJ Reaction Canister Fine Sponge 3 Pack','',21),(4830,1,'JBJ Reaction Canister Activated Carbon Bag','JBJ Reaction Canister Activated Carbon Bag','',18),(4831,1,'JBJ Reaction Canister Ceramic Ring Bag','JBJ Reaction Canister Ceramic Ring Bag','',23),(4832,1,'JBJ Reaction Canister 5w UVC Lamp','JBJ Reaction Canister 5w UVC Lamp','',25),(4833,1,'JBJ EFU-25 Impeller','JBJ EFU-25 Impeller\r\n\r\nReplacement impeller for the EFU25','',18),(4834,1,'JBJ EFU-35 Impeller','JBJ EFU-35 Impeller\r\n\r\nReplacement Impeller for the EFU-35','',21),(4835,1,'JBJ EFU-45 Impeller','JBJ EFU-45 Impeller\r\n\r\nReplacement Impeller for the EFU-45','',19),(4836,1,'Won Brothers AV 80 Pond Air Pump','Won Brothers AV 80 Pond Air Pump\r\n\r\n    * Energy Saving\r\n    * High air volume\r\n    * Solid aluminum body\r\n    * Powerful, Reliable\r\n    * Indoor or outdoor use\r\n    * Heavy rubber diaphragm\r\n    * High pressure\r\n    * Steady air flow\r\n    * Easy maintenance\r\n    * Compact and light weight design\r\n    * 20 feet power cable (3 prong)\r\n    * No Lubrication required\r\n    * Quiet operation\r\n\r\nApplication:\r\n\r\n    * Koi ponds\r\n    * Fish culture systems\r\n    * In-store display fish tanks\r\n    * Laboratory\r\n    * Household\r\n    * Bubble bath\r\n    * Aerobic waste water treatment\r\n    * Liquid agitation\r\n    * Air driven protein skimmer\r\n\r\nPower: 35 watt\r\nVolts / Hz: 115 volt / 60 HZ, \r\nAir Volume: 80 litter/ min (2.82 CFM)\r\nMax. Pressure: 0.046 Mpa (6.57 PSI)\r\nAir outlet: Ø18 m/m \r\nNormal Operating Pressure: 20 Kpa (2.9 PSI)\r\nNoise level: 41 dBA\r\nAir pump Size: 235 mm x 180 x 181','',22),(4837,1,'Won Brothers SEN P-2600 Submersible Pond Pump','Won Brothers SEN P-2600 Submersible Pond Pump\r\n\r\n    *  Vortex Impeller\r\n    * Multi-use\r\n    * Powerful, Quiet, Reliable\r\n    * Thermally protected\r\n    * Special ceramic shaft\r\n    * Silent operation\r\n    * Practical Handle\r\n    * Maintenance free\r\n    * High Performance\r\n    * Ideal for Pond & Freshwater.\r\n    * Trouble Free\r\n    * Cord Length 20 feet\r\n\r\nApplication\r\n    * Outdoor Falls (2600 gallon)\r\n    * Pond\r\n    * Hydroponics\r\n    * Fountains\r\n    * Aquarium\r\n    * Water movement\r\n\r\nVolts: 115 V / 60 \r\nPower (watts): 225 watt\r\nMax. Head: 14 feet\r\nMax. Flow (GPH): 2600 GPH\r\nCord Length: 20 Feet\r\nSize (LxHxW): 10 1/2\"x 6 1/2\" x 5 3/4\"\r\nInlet: 1.5\"\r\nOutlet: 1\"\r\nWeight: 7lbs.','',28),(4838,1,'Won Brothers SEN P-8000 Submersible Pond Pump','Won Brothers SEN P-8000 Submersible Pond Pump\r\n\r\n    * Vortex Impeller\r\n    * Multi-use\r\n    * Powerful, Quiet, Reliable\r\n    * Thermally protected\r\n    * Special ceramic shaft\r\n    * Silent operation\r\n    * Practical Handle\r\n    * Maintenance free\r\n    * High Performance\r\n    * Ideal for Pond & Freshwater.\r\n    * Trouble Free\r\n    * Cord Length 20 feetApplication\r\n\r\nApplication:\r\n    * Outdoor Falls (8000 gallon)\r\n    * Pond\r\n    * Hydroponics\r\n    * Fountains\r\n    * Aquarium\r\n    * Water movement\r\n\r\nMax. Flow (GPH): 8000 GPH\r\nPower (watt): 640 watt\r\nMax. Head (feet): 30 feet\r\nVolt: 	115V/60Hz\r\nCord Length: 20 feet\r\nSize (LxHxW): 15 3/4\"x 9 3/4\"x 8 3/4\"\r\nInlet: 2\"\r\nOutlet: 1.5\"\r\nWeight: 27lbs.','',19),(4839,1,'Won Brothers P-8000 Pump Vortex Impeller','Won Brothers P-8000 Pump Vortex Impeller','',21),(4840,1,'Won Brothers P-2600 Pump Vortex Impeller','Won Brothers P-2600 Pump Vortex Impeller','',22),(4842,1,'Sicce Syncra Pond Pump','Sicce Syncra Pond Pump\r\n\r\nSyncra Pond Pumps are grounded high performance pumps which ensure high energy savings, quiet operation, ergonomic design, resistance to harsh conditions, and reliability. Innovative technology makes these pumps ideal for ponds, indoor and outdoor fountains, and all submersible and inline applications which require high performance and total silence. Programmable controls for automatic speed regulation.\r\n\r\nSyncra Pond Pumps include a fountain and intake filter. The fountain includes: waterbell, waterlily, single daisy, and double daisy fountain heads\r\n\r\nFeatures:\r\n• synchronous motor and advanced rotor\r\n• grounded Pond Pump\r\n• increased electrical efficiency\r\n• higher head pressure per watt\r\n• higher flow per watt\r\n• quiet operation below 30db.\r\n• much smoother rotation\r\n• less heat transfer\r\n• fewer vibrations\r\n• 3 year warranty\r\n\r\nAll Syncra Pond Pumps come with ceramic shaft, 1/2\" threaded intake & discharge, flow regulator, and a 20ft. cord.\r\n\r\n8 models from185gph to 1321gph\r\n\r\nPump Dimension: 90mm x 48mm x 72mm','',0),(4843,1,'Sicce Syncra DW Pond Pump','Sicce Syncra DW Pond Pump\r\n\r\nThis new range of grounded Syncra DW Pumps ensures high energy savings, quiet operation, ergonomic design, powerful performance, resistance to harsh conditions, and reliability. Filtration is guaranteed up to 2mm debris size while maintaining maximum performance. Their innovative construction, synchronous motors, ceramic shafts and unique rotors allow for increased electrical efficiency when low speeds are required. Programmable controls for automatic speed regulation.\r\n\r\nWith their innovative technology, Syncra DW Pumps are versatile with a range of uses. They are ideal for waterfalls, ponds, pond surface skimmers, water gardening, and drainage applications.\r\n\r\nFeatures:\r\n• Higher Head Pressure per watt\r\n• Higher Flow Per Watt\r\n• Maximum energy conservation and lower electric bills\r\n• Quiet Operation below 30db.\r\n• Much Smoother Rotation\r\n• Less heat transfer\r\n• Fewer vibrations\r\n• 3/4\" threaded inlet and outlet\r\n• 20ft. cord\r\n\r\n5 models available:\r\nSyncra 2.0 DW Pump: 568gph\r\nSyncra 3.0 DW Pump: 714gph\r\nSyncra 3.5 DW Pump: 660gph\r\nSyncra 4.0 DW Pump: 952gph\r\nSyncra 5.0 DW Pump: 1321gph','',0),(4844,1,'Sicce Reset Pond Filter','Sicce Reset Pond Filter\r\n\r\nThe new SICCE Green Reset 25 Pond Filter introduces a new era in pond keeping. This new external pressurized UVC Bio-filter is available in two models - 25L & 40L - with great filtration capacity for small and large ponds. First, the water is forced through the sponges (mechanical filtration) and then through the bioballs (biological filtration) in combination with an effective 10W UVC sterilizer lamp to guarantee crystal clear pond water.\r\n\r\nThe innovative design of the Green Reset makes maintenance operations simple and quick. 3 simple steps make cleaning a breeze:\r\n1) Lift the handle on the top of the cover.\r\n2) Turn the lateral grip handles in the cleaning position and, then, the flow selector handle.\r\n3) Push the big handle down to squeeze the internal sponges (patented mechanism).\r\n\r\nIt can be placed next to the pond, above the pond water level, or buried in the ground according to the need of the user. To obtain the best performance of the filter, SICCE recommends to use it in combination with Master DW pumps or Syncra DW pumps.\r\nTechnical Data for Green Reset 25\r\nPond Size : Recommended Pump Size\r\n1000 gallons : Master DW 4000 / Syncra DW 4.0\r\n2200 gallons : Master DW 4000 / Syncra DW 4.0\r\n3200 gallons : Master DW 5500 / Syncra DW 5.0\r\n4200 gallons : Master DW 5500 / Syncra DW 5.0\r\n4800 gallons : Master DW 5500 / Syncra DW 5.0\r\n\r\nFeatures:\r\n• 10 watt UVC lamp\r\n• 3 year warranty\r\n• CE & UL listed\r\n• Flow selector handle\r\n• NEW easy-cleaning handle\r\n• Outlet for emptying\r\n• Multiple sponges\r\n• Compact design','',0),(4845,1,'Sicce Green Reset Pond Filter','Sicce Green Reset Pond Filter\r\n\r\nThe new SICCE Green Reset 40 Pond Filter introduces a new era in pond keeping. This new external pressurized UVC Bio-filter is available in two models - 25L & 40L - with great filtration capacity for small and large ponds. First, the water is forced through the sponges (mechanical filtration) and then through the bioballs (biological filtration) in combination with an effective 20W UVC sterilizer lamp to guarantee crystal clear pond water.\r\n\r\nThe innovative design of the Green Reset makes maintenance operations simple and quick. 3 simple steps make cleaning a breeze:\r\n1) Lift the handle on the top of the cover.\r\n2) Turn the lateral grip handles in the cleaning position and, then, the flow selector handle.\r\n3) Push the big handle down to squeeze the internal sponges (patented mechanism).\r\n\r\nIt can be placed next to the pond, above the pond water level, or buried in the ground according to the need of the user. To obtain the best performance of the filter, SICCE recommends to use it in combination with Master DW pumps or Syncra DW pumps.\r\n\r\nTechnical Data for Green Reset 40\r\nPond Size : Recommended Pump Size\r\n3200 gallons : Master DW 5500 / Syncra DW 5.0\r\n4200 gallons : Master DW 5500 / Syncra DW 5.0\r\n4800 gallons : Master DW 5500 / Syncra DW 5.0\r\n\r\nFeatures:\r\n• 20 watt UVC lamp\r\n• 3 year warranty\r\n• CE & UL listed\r\n• Flow selector handle\r\n• NEW easy-cleaning handle\r\n• Outlet for emptying\r\n• Multiple sponges\r\n• Compact design','',0),(4846,1,'Sicce Ninpheo 50 Pressurized Filter','Sicce Ninpheo 50 Pressurized Filter\r\n\r\nThe reliable and sturdy NINPHEO 50 Pond Filter tops the SICCE pond filter line for durability and efficiency and stands up to the rigorous demands of outdoor water gardening. This new pressurized 36W UV Bio-Filter is available in the 50L canister with a great filtration capacity for small as well as very large ponds. NINPHEO offers mechanical filtration (3 sponges of different densities together with an efficient UV sterilizer for crystal clear pond water.) NINPHEO is an easy maintenance filter with a sturdy body which can be placed next to the pond, buried in ground, or installed above the pond water level for the convenience of each particular user\'s application. The filter is perfectly combined with SICCE high performance Master DW pumps for filters, waterfalls, and ponds.\r\n\r\nRecommended for ponds up to 6500 gallons, recommended for use with Master DW 8000e Pump.\r\n\r\nFeatures:\r\n• CE listed\r\n• 2 year warranty\r\n• 36 watt UVC Lamp\r\n• Compact design\r\n• Multiple sponges\r\n• Outlet for emptying','',0),(4847,1,'Hanna HI 764 Nitrite Ultra Low Range Meter','Hanna HI 764 Nitrite Ultra Low Range Meter\r\n\r\nEasier to use and more accurate than chemical test kits\r\n\r\nAdaptation of EPA Diazotization method Accuracy ±4% of reading ±10 ppb 1 ppb resolution (200 points) Large, easy to read digits Auto shut-off.\r\n\r\nDedicated to a single parameter\r\n\r\nDesigned to work with HANNA’s powder reagents Uses 10 mL glass cuvettes.\r\n\r\nSmall Size, Big Convenience\r\n\r\neasily fits into the palm of your hand or pocket Use for quick and accurate on the spot analysis Single button operation: Zero and Measure Operated by a single AAA battery.\r\n\r\nACCURATE AND AFFORDABLE CHLORINE MEASUREMENT\r\n\r\nNitrites are an intermediate form of nitrogen, produced when ammonia is converted into nitrate during the Nitrogen Cycle. As organic matter decays, it produces ammonia. Highly toxic ammonia is converted into nitrite by bacteria, and the nitrite is converted into nitrate by another bacteria. Nitrite is dangerous to aquatic life if it builds up, causing tissue damage that can lead to illness and death. The HANNA HI 764 Checker®HC bridges the gap between simple chemical test kits and professional instrumentation. Chemical test kits are not very accurate and only give 5 to 10 points resolution while professional instrumentation can cost hundreds of dollars and can be time consuming to calibrate and maintain. The HANNA HI 764 Checker®HC is accurate and affordable. This Checker®HC features an accuracy of ±4% of reading and uses an adaptation of EPA Diazotization method. The contoured style of this Checker®HC fits in your palm and pocket perfectly and the large LCD is easy to read. The auto shut-off feature assures the battery life will not be drained if you forget to turn it off. The HI 764 Checker®HC is extremely simple to use. First, zero the instrument with your water sample. Next, add the reagent. Last, Place the vial into the HI 764 Checker®HC, press the button and read the results. It’s that easy. \r\n\r\nRange  	   	 0 to 200 ppb\r\nResolution 	  	 1 ppb\r\nAccuracy 	  	 ±4% of reading ±10 ppb @ 25ºC\r\nLight Source 	 LED @ 525 nm\r\nLight Detector 	 Silicon photocell\r\nEnvironment 	 0 to 50°C (32 to 122°F); RH max 95% non-condensing\r\nBattery Type 	 (1) 1.5V AAA\r\nAuto-off 	  	After 3 minutes of non-use\r\nDimensions 	 81.5 x 61 x 37.5 mm (3.2 x 2.4 x 1.5”)\r\nWeight 	  	64 g (2.25 oz.)\r\nMethod 	  	Adaptation of EPA Diazotization method 354.1.','',50),(4848,1,'Hanna HI 736 Phosphorus Ultra Low Range','Hanna HI 736 Phosphorus Ultra Low Range\r\n\r\nEasier to use and more accurate than chemical test kits\r\n\r\nAdaptation of Standard Method Ascorbic Acid Accuracy ±5% of reading ±10 ppb 1 ppb resolution (200 points) Large, easy to read digits Auto shut-off.\r\n\r\nDedicated to a single parameter\r\n\r\nDesigned to work with HANNA’s powder reagents Uses 10 mL glass cuvettes.\r\n\r\nSmall Size, Big Convenience\r\nWeighing a mere 64 g (2.25 oz.), the Checker®HC easily fits into the palm of your hand or pocket Use for quick and accurate on the spot analysis Single button operation: Zero and Measure Operated by a single AAA battery.\r\n\r\nACCURATE AND AFFORDABLE CHLORINE MEASUREMENT\r\n\r\nPhosphorous (as phosphate) can be introduced to aquaria through feed, decaying plant and animal waste, and even tap water, so it can quickly become so abundant that it becomes a nuisance. Phosphate is a driving factor in excess algae growth, so it is important to keep levels as close to zero as possible. The HANNA HI 736 Checker®HC bridges the gap between simple chemical test kits and professional instrumentation. Chemical test kits are not very accurate and only give 5 to 10 points resolution while professional instrumentation can cost hundreds of dollars and can be time consuming to calibrate and maintain. The HANNA HI 736 Checker®HC is accurate and affordable. This Checker®HC features an accuracy of ±5% of reading and uses an adaptation of Standard Method Ascorbic Acid. The contoured style of this Checker®HC fits in your palm and pocket perfectly and the large LCD is easy to read. The auto shut-off feature assures the battery life will not be drained if you forget to turn it off. The HI 736 Checker®HC is extremely simple to use. First, zero the instrument with your water sample. Next, add the reagent. Last, Place the vial into the HI 736 Checker®HC, press the button and read the results. It’s that easy. \r\n\r\nRange  	   	0 to 200 ppb\r\nResolution 	  	1 ppb\r\nAccuracy 	  	±5% of reading ±10 ppb @ 25ºC\r\nLight Source 	LED @ 525 nm\r\nLight Detector 	Silicon photocell\r\nEnvironment 	0 to 50°C (32 to 122°F); RH max 95% non-condensing\r\nBattery Type 	(1) 1.5V AAA\r\nAuto-off 	  	After 3 minutes of non-use\r\nDimensions 	81.5 x 61 x 37.5 mm (3.2 x 2.4 x 1.5”)\r\nWeight 	  	64 g (2.25 oz.)\r\nMethod 	  	Adaptation of Standard Method Ascorbic Acid.','',101),(4850,1,'Sunlight Supply Sun System Budget Gro II 1000w Ballast','Sunlight Supply Sun System Budget Gro II 1000w Ballast\r\n\r\n* All new exposed ballast design concept is compact and cool! Separating the ballast from the other components offers superior cooling capabilities while extending the longevity of the capacitor and ignitor.\r\n* Our exclusive Power Pointer™ easily switches from 120 to 240 volt power! Simply unplug the detachable 120 volt power cord (included), turn the Power Pointer™ arrow down for 240 volt power and plug in a 240v power cord. (240 volt power cord sold separately, Part# 903082).\r\n* Lamp cord receptacle – accepts all Sun System® lamp cords. (lamp cords sold separately).\r\n* Stainless steel handles allow easy hanging and soft rubber feet provide quiet running if placed on a hard surface.\r\n* Excellent ballast quality will provide years of trouble-free operation.\r\n\r\n2 Year Warranty','',8),(4851,1,'Sunlight Supply Sun System Budget Gro II 1000w Switchable Ballas','Sunlight Supply Sun System Budget Gro II 1000w Switchable MH/HPS 120v/240v Ballast\r\n\r\n* All new exposed ballast design concept is compact and cool! Separating the ballast from the other components offers superior cooling capabilities while extending the longevity of the capacitor and ignitor.\r\n* Our exclusive Power Pointer™ easily switches from 120 to 240 volt power! Simply unplug the detachable 120 volt power cord (included), turn the Power Pointer™ arrow down for 240 volt power and plug in a 240v power cord. (240 volt power cord sold separately, Part# 903082).\r\n* Lamp cord receptacle – accepts all Sun System® lamp cords. (lamp cords sold separately).\r\n* Stainless steel handles allow easy hanging and soft rubber feet provide quiet running if placed on a hard surface.\r\n* Excellent ballast quality will provide years of trouble-free operation.\r\n\r\n2 Year Warranty','',8),(4852,1,'Sunlight Supply Sun System Budget Gro II 600w HPS Ballast','Sunlight Supply Sun System Budget Gro II 600w HPS 120/240v Ballast\r\n\r\n* All new exposed ballast design concept is compact and cool! Separating the ballast from the other components offers superior cooling capabilities while extending the longevity of the capacitor and ignitor.\r\n* Our exclusive Power Pointer™ easily switches from 120 to 240 volt power! Simply unplug the detachable 120 volt power cord (included), turn the Power Pointer™ arrow down for 240 volt power and plug in a 240v power cord. (240 volt power cord sold separately, Part# 903082).\r\n* Lamp cord receptacle – accepts all Sun System® lamp cords. (lamp cords sold separately).\r\n* Stainless steel handles allow easy hanging and soft rubber feet provide quiet running if placed on a hard surface.\r\n* Excellent ballast quality will provide years of trouble-free operation.\r\n\r\n2 Year Warranty','',5),(4853,1,'Galaxy 400W Electronic Ballast','Galaxy 400W Electronic Ballast\r\n\r\n• Features the exclusive Smart Volt™. Operates on both 120 & 240 volt power. Simply unplug one cord and plug in the other. 6 foot 120 volt power cord included. Purchase 240 volt cord separately (Code No. 903082).\r\n• Will run all mogul based and double ended metal halide lamps.\r\n• Drives lamp to peak performance.\r\n• Saves energy! Uses 5-12% less energy than magnetic H.I.D. (depending on lamp specification).\r\n• Extremely efficient — 99.9% power factor.\r\n• Soft starting — increases lamp life & reduces lumen depreciation.\r\n• Anodized, extruded aluminum housing.\r\n• Silent operation.\r\n• Constant wattage output — no lamp flickering.\r\n• Short circuit protection.\r\n• Rubber feet reduce noise and vibration.\r\n• These come wired with our standard female lamp cord receptacle that accept our proprietary, patented male lamp cord, making these units compatible with all Sunlight Supply® reflectors. 8.5 lbs\r\n\r\n5 Year Warranty (3 Full, 2 Pro Rated)','',13),(4854,1,'Galaxy 400/600/1000 Select-A-Watt Electronic Ballast','Sun System® Galaxy 400/600/1000 Select-A-Watt Electronic Ballast\r\n\r\n902518: This state-of-the-art ballast is manufactured to provide today’s serious grower with maximum flexibility & performance. The Galaxy™ Select-a-Watt™ is different than any other “dimmable” electronic ballast on the market. The Galaxy™ brand name carries a strong reputation of reliability and performance. There are three ways to use the Select-a-Watt™ feature:\r\n\r\n•  It will properly drive a 400, 600 or 1000 watt lamp to ANSI specifications. For example: Set the switch to 400 watts, insert a 400 watt lamp into your socket and the ballast will operate the 400 watt lamp. The ballast will similarly operate 600 or 1000 watt lamps.\r\n\r\n•  The second option for this ballast is dimming a 1000 watt lamp. Adjust the switch to 400 or 600 watts and the ballast will dim the 1000 watt lamp by 40 or 60%.\r\n\r\n• The Turbo Charge feature will increase the output of a 1000 watt lamp (only) by approximately 10%. You will achieve peak performance, but this may decrease your lamp life.\r\n\r\nLamps are only dimmable on wattages lower than the specified lamp wattage. A 1000 watt lamp can be dimmed down to 600 watt or 400 watt. A 600 watt lamp can be dimmed down to 400 watt, but cannot be over-driven to 1000 watts.\r\n\r\nTurbo Charge is designed for 1000 watt lamps only. Do not use with 400 watt or 600 watt lamps. This can be hazardous.\r\n\r\n902483: This Galaxy ballast will operate a 250 or 400 watt lamp. The Turbo Charged feature can only be used with a 400 watt lamp.\r\n\r\n902475: This model will operate a 150, 175 or 250 watt lamp. The Turbo Charged feature can only be used with a 250 watt lamp.','',17),(4855,1,'Lumatek 400w Electronic Ballast','Lumatek 400w Electronic Ballast\r\n\r\nMore lumens generated per watt of electricity consumed - Lumatek™ ballasts have increased efficiency over magnetic ballasts. They lose fewer watts from the power supply to the lamp. This is a power factor of 95%+. The high frequency output results in low power loss\r\nFast start-up - they reach full brightness quickly\r\nCompletely silent\r\nSmall compact design\r\nProduce less heat\r\nCut-off circuitry - cut off when a short is detected. For ultimate safety\r\nFully interchangeable - Lumatek™ ballasts can light both HPS and MH bulbs (excluding the 750W which is HPS only)\r\n\r\nUNIQUE FEATURE!\r\nAll Lumatek™ ballasts come wired with our standard female lamp cord receptacle that accepts our proprietary, patented male lame cord, making these units compatible with all Sun System® reflectors. Purchase lamp cord with socket assembly separately.\r\n\r\n5 Year Warranty','',28),(4856,1,'Lumatek 600w Dimmable Electronic Ballast','Lumatek 600w Dimmable 120/240v Electronic Ballast\r\n\r\nMore lumens generated per watt of electricity consumed - Lumatek™ ballasts have increased efficiency over magnetic ballasts. They lose fewer watts from the power supply to the lamp. This is a power factor of 95%+. The high frequency output results in low power loss\r\nFast start-up - they reach full brightness quickly\r\nCompletely silent\r\nSmall compact design\r\nProduce less heat\r\nCut-off circuitry - cut off when a short is detected. For ultimate safety\r\nFully interchangeable - Lumatek™ ballasts can light both HPS and MH bulbs (excluding the 750W which is HPS only)\r\n\r\nUNIQUE FEATURE!\r\nAll Lumatek™ ballasts come wired with our standard female lamp cord receptacle that accepts our proprietary, patented male lame cord, making these units compatible with all Sun System® reflectors. Purchase lamp cord with socket assembly separately.\r\n\r\n5 Year Warranty','',25),(4857,1,'Lumatek 1000w Dimmable 120/240v Electronic Ballast','Lumatek 1000w Dimmable 120/240v Electronic Ballast\r\n\r\nMore lumens generated per watt of electricity consumed - Lumatek™ ballasts have increased efficiency over magnetic ballasts. They lose fewer watts from the power supply to the lamp. This is a power factor of 95%+. The high frequency output results in low power loss\r\nFast start-up - they reach full brightness quickly\r\nCompletely silent\r\nSmall compact design\r\nProduce less heat\r\nCut-off circuitry - cut off when a short is detected. For ultimate safety\r\nFully interchangeable - Lumatek™ ballasts can light both HPS and MH bulbs (excluding the 750W which is HPS only)\r\n\r\nUNIQUE FEATURE!\r\nAll Lumatek™ ballasts come wired with our standard female lamp cord receptacle that accepts our proprietary, patented male lame cord, making these units compatible with all Sun System® reflectors. Purchase lamp cord with socket assembly separately.\r\n\r\n5 Year Warranty','',32),(4858,1,'Sunlight Supply Sun System HPS 150','Sunlight Supply Sun System HPS 150\r\n\r\nThis compact easy to use light fixture will work great for any gardener. The high intensity bulb provides the output and color spectrum required for successful indoor gardening. Grow herbs, flowers or fresh vegetables all year, not just in summer. Dimensions: 15” x 4½” x 7¼”. 2 Year Warranty.\r\n\r\nFeatures:\r\n* 150 watt high pressure sodium bulb (mogul base) included – delivers an amazing 16,000 lumens! The color spectrum is ideal for indoor growing.\r\n* Highly reflective aluminum insert.\r\n* Vented housing helps dissipate heat.\r\n* Durable white powder coated finish.\r\n* Backlit on/off switch.\r\n* 7’ grounded 120 volt power cord.\r\n* Excellent quality ballast will provide years of trouble-free use.\r\n * This light fixture was designed in our state-of-the-art research and development facility located in Vancouver,   WA USA.\r\n\r\nDimensions: 18 1/4\"X 9\" X6 1/2\"\r\nWeight: 9.15 lbs','',12),(4860,1,'Sunlight Supply Sun System 2 400w MH System','Sunlight Supply Sun System 2 400w MH System\r\n\r\n    * Steel powder coated housing.\r\n    * Highly reflective German aluminum interior.\r\n    * 8 foot grounded power cord.\r\n    * Backlit on / off switch.\r\n    * Chrome wire mounting hangers.\r\n    * Mogul base socket.\r\n    * Air-cooled with optional fittings.\r\n    * Accepts optional glass.\r\n    * Purchase your choice of lamps separately\r\n    * Dimensions: 22 1/2” Long x 12 3/4” Wide x 7 1/2” Tall\r\n    * 5 Year Warranty','',12),(4861,1,'Sunlight Supply Sun System 2 250w HPS System','Sunlight Supply Sun System 2 250w HPS System\r\n\r\n    * Steel powder coated housing.\r\n    * Highly reflective German aluminum interior.\r\n    * 8 foot grounded power cord.\r\n    * Backlit on / off switch.\r\n    * Chrome wire mounting hangers.\r\n    * Mogul base socket.\r\n    * Air-cooled with optional fittings.\r\n    * Accepts optional glass.\r\n    * Purchase your choice of lamps separately\r\n    * Dimensions: 22 1/2” Long x 12 3/4” Wide x 7 1/2” Tall\r\n    * 5 Year Warranty','',13),(4862,1,'Sunlight Supply Sun System 2 400w HPS System','Sunlight Supply Sun System 2 400w HPS System\r\n\r\n    * Steel powder coated housing.\r\n    * Highly reflective German aluminum interior.\r\n    * 8 foot grounded power cord.\r\n    * Backlit on / off switch.\r\n    * Chrome wire mounting hangers.\r\n    * Mogul base socket.\r\n    * Air-cooled with optional fittings.\r\n    * Accepts optional glass.\r\n    * Purchase your choice of lamps separately\r\n    * Dimensions: 22 1/2” Long x 12 3/4” Wide x 7 1/2” Tall\r\n    * 5 Year Warranty','',11),(4863,1,'Sunlight Supply Sun System 4 MH 175W System','Sunlight Supply Sun System 4 MH 175W System\r\n\r\nThis small light fixture is perfect for small garden areas, seedling starts or for growers on a budget!\r\n\r\n\r\n\r\n•Energy efficient - but delivers the high output that H.I.D. lights provide. MH 175 - 13,500 lumens / HPS 150 = 16,000 lumens (note: as a reference point - a 100 watt incandescent lamp emits 1,260 lumens).\r\n•Steel powder coated housing.\r\n•8 foot grounded power cord.\r\n•Chrome wire mounting hangers.\r\n•95% reflective German aluminum interior.\r\n•Accepts optional glass.\r\n•Please note: this fixture uses only medium base lamps.\r\n•120 Volt.\r\n•5-Year Warranty.\r\n•Please purchase your choice of lamps separately.\r\n•Dimensions: 15\" long x 9 1/2\" wide x 5 3/4\" tall.','',17),(4865,1,'Sunlight Supply HPS 150w replacement lamp','Sunlight Supply HPS 150w replacement lamp\r\n\r\nReplacement lamp for the Sun System HPS 150 (901510)','',15),(4866,1,'Sunlight Supply Ultra Sun HPS 150w replacement lamp','Sunlight Supply Ultra Sun HPS 150w replacement lamp\r\n\r\nReplacement lamp for the Sun System HPS 150 (901510)','',13),(4867,1,'Sunlight Supply Sun System 2 Replacement Glass','Sunlight Supply Sun System 2 Replacement Glass\r\n\r\nReplacement Glass for the Sunlight Supply Sun System 2 Fixtures','',14),(4868,1,'Sunlight Supply Sun System 4 Replacement Glass','Sunlight Supply Sun System 4 Replacement Glass\r\n\r\nReplacement Glass for the Sunlight Supply Sun System 2 Fixtures','',13),(4869,1,'Sunlight Supply Universal Air Cooled 4\" Fitting','Sunlight Supply Universal Air Cooled 4\" Fitting\r\n\r\nReplacement Fitting for the Sunlight Supply Sun System System','',11);

--
-- Table structure for table `products_groups`
--

CREATE TABLE `products_groups` (
  `customers_group_id` smallint(5) unsigned NOT NULL DEFAULT '0',
  `customers_group_price` decimal(15,4) NOT NULL DEFAULT '0.0000',
  `products_id` int(11) NOT NULL DEFAULT '0',
  PRIMARY KEY (`customers_group_id`,`products_id`)
) ENGINE=MyISAM DEFAULT CHARSET=latin1;

--
-- Dumping data for table `products_groups`
--

INSERT INTO `products_groups` VALUES (1,124.0000,1150),(1,35.0000,3352),(1,19.0000,796),(1,19.0000,137),(1,19.0000,582),(1,11.7500,3608),(1,0.0000,1046),(1,0.0000,1047),(1,0.0000,1048),(1,0.0000,1049),(1,0.0000,1050),(1,0.0000,1051);

--
-- Table structure for table `products_notifications`
--

CREATE TABLE `products_notifications` (
  `products_id` int(11) NOT NULL DEFAULT '0',
  `customers_id` int(11) NOT NULL DEFAULT '0',
  `date_added` datetime NOT NULL DEFAULT '0000-00-00 00:00:00',
  PRIMARY KEY (`products_id`,`customers_id`)
) ENGINE=MyISAM DEFAULT CHARSET=latin1;

--
-- Dumping data for table `products_notifications`
--

INSERT INTO `products_notifications` VALUES (0,1228,'2007-07-18 14:02:26'),(0,1230,'2007-08-06 11:39:33'),(0,1232,'2008-05-05 12:44:10'),(0,1233,'2008-06-10 21:11:36'),(0,1236,'2008-07-16 18:11:50'),(0,1240,'2008-09-03 00:38:45'),(0,1242,'2008-09-13 11:42:36'),(0,1243,'2008-09-22 18:50:09'),(0,1248,'2008-10-03 20:51:37'),(0,1251,'2008-10-18 18:14:38'),(0,1252,'2008-10-27 18:25:38'),(0,1254,'2008-11-01 17:46:05'),(0,1255,'2008-11-06 14:57:01'),(0,1257,'2008-11-17 09:29:31'),(0,1265,'2008-12-18 16:14:28'),(0,1269,'2009-01-20 20:22:24'),(0,1270,'2009-01-29 19:53:14'),(0,1274,'2009-02-08 14:47:05'),(0,1275,'2009-02-10 17:52:09'),(0,1279,'2009-02-17 14:08:26'),(0,1282,'2009-02-23 21:19:06'),(0,1290,'2009-03-16 00:55:00'),(0,1299,'2009-04-04 15:17:54'),(0,1301,'2009-04-13 15:30:45'),(0,1300,'2009-04-15 15:50:49'),(0,1304,'2009-04-25 21:59:01'),(0,1305,'2009-04-30 09:05:00'),(0,1306,'2009-05-04 20:21:55'),(0,1313,'2009-06-11 00:21:17'),(0,1315,'2009-07-08 11:18:14'),(0,1321,'2009-07-15 11:43:09'),(0,1325,'2009-07-16 15:24:49'),(0,1331,'2009-07-20 14:34:41'),(0,1333,'2009-07-21 08:51:18'),(0,1340,'2009-07-22 18:36:33'),(0,1343,'2009-07-23 09:58:04'),(0,1351,'2009-07-25 14:34:36'),(0,1353,'2009-07-27 12:45:04'),(0,1356,'2009-07-27 18:11:30'),(0,1364,'2009-07-29 09:09:55'),(0,1365,'2009-07-29 11:30:49'),(0,1367,'2009-07-29 12:43:52'),(0,1377,'2009-08-01 14:52:54'),(0,1264,'2009-08-02 11:45:46'),(0,1385,'2009-08-03 17:56:11'),(0,1397,'2009-08-07 18:50:06'),(0,1394,'2009-08-07 20:39:32'),(0,1406,'2009-08-10 08:50:02'),(0,1407,'2009-08-10 20:08:16'),(0,1408,'2009-08-10 21:03:27'),(0,1413,'2009-08-12 21:20:44'),(0,1420,'2009-08-15 13:20:06'),(0,1426,'2009-08-16 19:40:31'),(0,1430,'2009-08-18 14:25:00'),(0,1401,'2009-08-18 22:54:49'),(0,1431,'2009-08-19 11:01:07'),(0,1436,'2009-08-19 21:49:09'),(0,1440,'2009-08-20 22:00:02'),(0,1435,'2009-08-21 10:30:51'),(0,1444,'2009-08-21 19:04:41'),(0,1445,'2009-08-22 00:33:28'),(0,1450,'2009-08-24 12:16:18'),(0,1451,'2009-08-24 16:32:32'),(0,1453,'2009-08-25 10:39:46'),(0,1455,'2009-08-26 10:46:32'),(0,1465,'2009-08-28 17:32:12'),(0,1476,'2009-09-02 20:08:45'),(0,1490,'2009-09-09 00:59:31'),(0,1493,'2009-09-10 13:29:42'),(0,1495,'2009-09-10 16:33:00'),(0,1496,'2009-09-10 20:30:05'),(0,1498,'2009-09-11 16:53:31'),(0,1499,'2009-09-12 18:06:42'),(0,1501,'2009-09-13 20:43:44'),(0,1502,'2009-09-13 21:25:21'),(0,1509,'2009-09-15 15:36:16'),(0,1510,'2009-09-16 04:19:33'),(0,1511,'2009-09-16 14:41:54'),(0,1514,'2009-09-16 21:02:49'),(0,1516,'2009-09-17 17:15:33'),(0,1517,'2009-09-17 21:42:17'),(0,1518,'2009-09-18 00:19:40'),(0,1522,'2009-09-19 13:31:59'),(0,1524,'2009-09-20 08:53:51'),(0,1526,'2009-09-22 15:02:15'),(0,1527,'2009-09-23 08:50:17'),(0,1530,'2009-09-26 22:19:38'),(0,1532,'2009-09-30 10:21:58'),(0,1536,'2009-10-03 17:21:16'),(0,1537,'2009-10-04 21:17:22'),(0,1539,'2009-10-07 19:17:21'),(0,1540,'2009-10-09 00:32:10'),(0,1549,'2009-10-12 09:25:42'),(0,1554,'2009-10-12 23:34:39'),(0,1561,'2009-10-14 23:43:35'),(0,1566,'2009-10-16 14:26:13'),(0,1569,'2009-10-18 21:17:16'),(0,1577,'2009-10-19 12:12:00'),(0,1598,'2009-10-25 11:06:47'),(0,1613,'2009-10-28 13:39:49'),(0,1615,'2009-10-29 14:53:51'),(0,1618,'2009-10-30 15:47:16'),(0,1632,'2009-11-04 08:55:29'),(0,1633,'2009-11-04 10:13:28'),(0,1635,'2009-11-04 14:01:53'),(0,1645,'2009-11-12 00:07:49'),(0,1637,'2009-11-12 01:15:01'),(0,1655,'2009-11-16 13:28:51'),(0,1660,'2009-11-17 14:43:51'),(0,1661,'2009-11-17 18:00:07'),(0,1665,'2009-11-18 19:34:28'),(0,1639,'2009-11-19 08:11:45'),(0,1680,'2009-11-22 23:57:08'),(0,1686,'2009-11-23 18:31:35'),(0,1678,'2009-11-24 16:51:26'),(0,1692,'2009-11-25 08:23:36'),(0,1677,'2009-11-26 12:01:10'),(0,1697,'2009-11-27 21:26:20'),(0,1701,'2009-11-29 00:22:12'),(0,1707,'2009-11-30 15:12:54'),(0,1716,'2009-11-30 22:09:31'),(0,1723,'2009-12-01 14:57:20'),(0,1730,'2009-12-03 13:31:00'),(0,1731,'2009-12-03 18:46:21'),(0,1743,'2009-12-12 17:06:07'),(0,1756,'2009-12-20 15:20:04'),(0,1768,'2009-12-29 21:05:59'),(0,1770,'2009-12-30 14:44:15'),(0,1773,'2010-01-02 16:43:25'),(0,1777,'2010-01-02 19:58:10'),(0,1789,'2010-01-06 20:29:07'),(0,1792,'2010-01-08 02:46:46'),(0,1803,'2010-01-22 16:06:21'),(0,1806,'2010-01-26 02:08:32'),(0,1807,'2010-01-26 11:40:16'),(0,1810,'2010-01-27 18:06:42'),(0,1813,'2010-02-01 19:44:20'),(0,1379,'2010-02-06 00:15:13'),(0,1819,'2010-02-10 16:36:06'),(0,1825,'2010-02-15 10:32:50'),(0,1828,'2010-02-17 14:36:03'),(0,1834,'2010-02-25 20:37:06'),(0,1836,'2010-02-28 12:06:07'),(0,1842,'2010-03-06 17:57:30'),(0,1855,'2010-03-15 17:53:52'),(0,1856,'2010-03-16 22:05:51'),(0,1863,'2010-03-22 08:27:40'),(0,1787,'2010-03-26 12:50:47'),(0,1867,'2010-03-27 12:25:39'),(0,1873,'2010-04-06 00:39:57'),(0,1893,'2010-04-28 16:53:00'),(0,1896,'2010-04-29 13:04:03'),(0,1913,'2010-05-13 00:53:51'),(0,1916,'2010-05-16 22:34:53'),(0,1940,'2010-07-17 15:06:46'),(0,1949,'2010-08-14 02:52:50'),(0,1953,'2010-08-22 17:01:11'),(0,1952,'2010-08-23 09:10:16'),(0,1955,'2010-08-26 19:37:04'),(0,1956,'2010-09-02 14:21:20'),(0,1969,'2010-10-09 10:49:12'),(0,1971,'2010-10-11 14:01:06'),(0,1972,'2010-10-14 12:59:17'),(0,1983,'2010-10-27 20:33:01'),(0,1542,'2010-10-28 11:29:36'),(0,1993,'2010-11-15 21:10:51'),(0,1995,'2010-11-19 16:52:16'),(0,1996,'2010-11-23 15:45:00'),(0,2004,'2010-12-16 18:36:32'),(0,2008,'2011-01-01 15:39:05'),(0,2012,'2011-01-09 16:11:48'),(0,2020,'2011-01-25 21:33:47'),(0,2021,'2011-01-27 10:41:51'),(0,2029,'2011-02-09 13:09:25');

--
-- Table structure for table `products_options`
--

CREATE TABLE `products_options` (
  `products_options_id` int(11) NOT NULL DEFAULT '0',
  `language_id` int(11) NOT NULL DEFAULT '1',
  `products_options_name` varchar(32) NOT NULL DEFAULT '',
  PRIMARY KEY (`products_options_id`,`language_id`)
) ENGINE=MyISAM DEFAULT CHARSET=latin1;

--
-- Dumping data for table `products_options`
--

INSERT INTO `products_options` VALUES (1,1,'Wattage'),(2,1,'Feed Adapter'),(3,1,'RO Membrane'),(4,1,'System Additions'),(5,1,'Carbon Filter'),(6,1,'TDS Meter'),(7,1,'Faucet'),(8,1,'Size');

--
-- Table structure for table `products_options_values`
--

CREATE TABLE `products_options_values` (
  `products_options_values_id` int(11) NOT NULL DEFAULT '0',
  `language_id` int(11) NOT NULL DEFAULT '1',
  `products_options_values_name` varchar(64) NOT NULL DEFAULT '',
  PRIMARY KEY (`products_options_values_id`,`language_id`)
) ENGINE=MyISAM DEFAULT CHARSET=latin1;

--
-- Dumping data for table `products_options_values`
--

INSERT INTO `products_options_values` VALUES (1,1,'25 Watts'),(2,1,'40 Watts'),(3,1,'80 Watts'),(4,1,'120 Watts'),(5,1,'160 Watts'),(6,1,'In-Line Sink'),(7,1,'Faucet'),(8,1,'Hose Bib'),(9,1,'Quick Connect T 3/8\"x3/8\"x1/4\"'),(10,1,'Self Piercing'),(11,1,'50 GPD'),(12,1,'100 GPD'),(13,1,'200 GPD'),(14,1,'Auto Shut Off System Kit'),(15,1,'High Pressure ASO Kit'),(16,1,'Flush Kit'),(17,1,'None Required'),(18,1,'Chloramines Removal Upgrade'),(19,1,'1 Carbon Block'),(20,1,'2 Carbon Blocks'),(21,1,'Chloramine Blaster'),(22,1,'Handheld Meter'),(23,1,'In-Line Dual Meter'),(24,1,'None Required'),(25,1,'300 GPD'),(26,1,'Standard'),(27,1,'Clean Tap Monitor'),(28,1,'0.5mm'),(29,1,'1.0mm'),(30,1,'1.5mm');

--
-- Table structure for table `products_options_values_to_products_options`
--

CREATE TABLE `products_options_values_to_products_options` (
  `products_options_values_to_products_options_id` int(11) NOT NULL AUTO_INCREMENT,
  `products_options_id` int(11) NOT NULL DEFAULT '0',
  `products_options_values_id` int(11) NOT NULL DEFAULT '0',
  PRIMARY KEY (`products_options_values_to_products_options_id`)
) ENGINE=MyISAM AUTO_INCREMENT=45 DEFAULT CHARSET=latin1;

--
-- Dumping data for table `products_options_values_to_products_options`
--

INSERT INTO `products_options_values_to_products_options` VALUES (15,1,1),(16,1,2),(17,1,3),(18,1,4),(19,1,5),(20,2,6),(21,2,7),(22,2,8),(23,2,9),(24,2,10),(25,3,11),(26,3,12),(27,3,13),(28,4,14),(29,4,15),(30,4,16),(31,4,17),(32,4,18),(33,5,19),(34,5,20),(35,5,21),(36,6,22),(37,6,23),(38,6,24),(39,3,25),(40,7,26),(41,7,27),(42,8,28),(43,8,29),(44,8,30);

--
-- Table structure for table `products_to_categories`
--

CREATE TABLE `products_to_categories` (
  `products_id` int(11) NOT NULL DEFAULT '0',
  `categories_id` int(11) NOT NULL DEFAULT '0',
  PRIMARY KEY (`products_id`,`categories_id`)
) ENGINE=MyISAM DEFAULT CHARSET=latin1;

--
-- Dumping data for table `products_to_categories`
--

INSERT INTO `products_to_categories` VALUES (64,172),(65,172),(66,172),(74,36),(75,36),(78,36),(79,36),(80,36),(81,38),(82,38),(83,38),(84,38),(85,38),(86,38),(87,38),(88,38),(89,38),(90,38),(91,38),(117,172),(120,80),(122,80),(123,80),(124,80),(137,176),(140,38),(141,38),(175,225),(176,225),(177,225),(178,225),(179,225),(180,225),(181,225),(182,225),(183,225),(184,225),(185,225),(186,225),(187,225),(188,225),(189,55),(190,225),(191,55),(192,55),(193,55),(198,55),(199,55),(204,56),(292,70),(293,70),(294,70),(295,70),(296,70),(319,75),(340,75),(347,78),(348,78),(349,78),(350,78),(351,78),(352,78),(353,78),(358,79),(362,74),(366,74),(368,81),(369,81),(413,38),(414,38),(415,75),(420,38),(423,36),(469,88),(475,621),(476,621),(477,621),(478,130),(479,130),(480,130),(481,130),(482,130),(483,130),(484,130),(485,130),(486,130),(487,130),(488,130),(489,130),(490,130),(491,130),(492,130),(493,130),(495,97),(496,97),(497,97),(498,97),(500,98),(501,98),(502,98),(503,98),(504,98),(505,98),(506,129),(516,129),(517,129),(519,38),(520,100),(522,101),(523,101),(524,101),(564,100),(565,100),(566,100),(567,100),(581,100),(582,176),(670,267),(671,267),(672,267),(673,267),(674,267),(675,267),(676,267),(677,141),(678,141),(679,141),(680,141),(691,143),(692,143),(693,143),(694,144),(695,144),(696,145),(698,145),(700,55),(750,165),(751,165),(791,173),(795,174),(796,176),(827,178),(828,178),(829,178),(830,178),(831,178),(832,178),(833,178),(834,178),(835,178),(836,178),(837,178),(838,178),(839,178),(840,178),(841,178),(842,178),(843,178),(844,178),(845,178),(846,178),(856,178),(857,179),(858,179),(859,179),(860,179),(861,179),(862,179),(863,179),(864,179),(865,179),(866,179),(867,179),(868,179),(881,165),(882,165),(883,165),(901,143),(917,36),(948,165),(969,194),(970,194),(971,194),(972,194),(973,194),(974,194),(975,194),(976,194),(977,194),(990,196),(991,196),(992,196),(993,196),(994,196),(995,196),(996,196),(997,196),(998,196),(999,200),(1000,200),(1001,200),(1002,198),(1003,198),(1004,198),(1005,198),(1006,198),(1007,201),(1008,201),(1009,201),(1010,199),(1011,199),(1012,199),(1016,203),(1032,203),(1033,203),(1034,203),(1035,203),(1036,203),(1037,203),(1038,203),(1039,203),(1042,88),(1045,129),(1046,205),(1047,205),(1048,205),(1049,205),(1050,205),(1051,205),(1086,79),(1126,220),(1127,220),(1128,220),(1129,220),(1147,223),(1148,223),(1149,223),(1150,223),(1151,223),(1156,224),(1185,267),(1186,267),(1187,267),(1191,36),(1211,38),(1214,79),(1215,79),(1216,79),(1217,79),(1218,79),(1242,38),(1296,225),(1297,225),(1298,55),(1299,55),(1300,225),(1302,55),(1320,56),(1321,56),(1325,172),(1326,172),(1338,255),(1339,255),(1372,173),(1373,173),(1374,173),(1375,173),(1376,173),(1384,264),(1385,264),(1386,264),(1387,264),(1388,264),(1389,264),(1390,265),(1391,265),(1392,265),(1393,265),(1395,268),(1396,268),(1397,268),(1398,268),(1399,268),(1400,268),(1401,268),(1402,268),(1403,268),(1404,268),(1405,269),(1406,269),(1407,269),(1408,269),(1409,270),(1410,270),(1411,269),(1412,269),(1447,276),(1448,276),(1512,203),(1513,203),(1514,291),(1515,291),(1516,291),(1517,291),(1518,291),(1519,291),(1520,291),(1521,291),(1522,291),(1526,97),(1527,97),(1528,97),(1553,88),(1554,129),(1557,129),(1596,165),(1614,36),(1615,36),(1616,56),(1617,56),(1618,56),(1619,88),(1621,129),(1622,129),(1660,309),(1661,309),(1662,309),(1663,309),(1667,310),(1668,310),(1669,310),(1670,310),(1671,310),(1672,310),(1673,310),(1674,310),(1677,309),(1678,309),(1682,165),(1696,327),(1697,327),(1698,327),(1699,327),(1706,330),(1707,330),(1708,330),(1709,330),(1710,330),(1711,330),(1712,330),(1713,330),(1714,330),(1715,330),(1716,330),(1717,330),(1722,330),(1723,330),(1724,330),(1727,330),(1728,330),(1729,330),(1731,330),(1732,331),(1733,331),(1734,331),(1735,331),(1736,331),(1737,331),(1738,331),(1739,331),(1740,331),(1741,331),(1742,331),(1743,331),(1744,331),(1745,331),(1746,484),(1749,335),(1750,335),(1751,335),(1752,335),(1753,335),(1754,335),(1755,335),(1756,335),(1757,335),(1758,335),(1759,335),(1760,335),(1761,335),(1762,335),(1763,335),(1764,335),(1765,335),(1766,334),(1767,334),(1768,334),(1769,334),(1770,334),(1771,334),(1772,334),(1778,334),(1781,336),(1782,336),(1783,336),(1784,336),(1786,336),(1787,336),(1788,336),(1789,337),(1790,337),(1791,337),(1792,338),(1794,338),(1795,338),(1797,338),(1798,339),(1799,339),(1800,339),(1801,339),(1802,339),(1803,339),(1806,340),(1808,341),(1809,341),(1810,341),(1811,341),(1812,341),(1813,341),(1814,344),(1815,344),(1816,344),(1817,344),(1818,344),(1819,343),(1820,344),(1821,344),(1822,344),(1823,344),(1824,344),(1825,344),(1826,345),(1827,345),(1828,345),(1829,345),(1830,345),(1831,345),(1832,345),(1833,345),(1834,343),(1835,343),(1836,343),(1837,343),(1838,343),(1839,346),(1840,346),(1841,346),(1842,346),(1843,346),(1844,346),(1845,344),(1846,344),(1847,344),(1848,348),(1849,348),(1850,348),(1851,348),(1852,348),(1853,348),(1854,348),(1855,348),(1856,348),(1857,348),(1858,348),(1859,348),(1860,348),(1861,348),(1862,348),(1863,347),(1864,347),(1865,347),(1866,347),(1867,347),(1868,347),(1869,349),(1870,349),(1871,349),(1872,349),(1873,349),(1874,349),(1875,350),(1876,350),(1877,350),(1878,350),(1879,350),(1880,350),(1881,350),(1882,350),(1883,350),(1884,350),(1886,351),(1887,351),(1888,351),(1889,351),(1890,351),(1891,351),(1892,351),(1893,351),(1894,351),(1895,351),(1896,351),(1897,351),(1898,352),(1899,352),(1900,352),(1901,352),(1902,352),(1903,352),(1904,352),(1905,352),(1906,352),(1907,352),(1908,352),(1909,352),(1910,353),(1911,353),(1912,353),(1913,353),(1914,353),(1915,353),(1916,353),(1917,353),(1918,353),(1919,353),(1920,353),(1921,353),(1922,353),(1923,353),(1924,353),(1925,353),(1926,353),(1928,353),(1929,353),(1930,353),(1931,353),(1932,353),(1933,353),(1934,353),(1935,353),(1936,353),(1937,353),(1938,353),(1939,353),(1940,353),(1941,353),(1942,353),(1943,354),(1944,354),(1945,354),(1946,354),(1948,354),(1951,354),(1952,354),(1953,354),(1954,354),(1955,354),(1956,354),(1957,334),(1958,334),(1959,334),(1960,334),(1961,334),(1962,334),(1963,334),(1964,334),(1965,334),(1966,334),(1967,334),(1968,334),(1969,334),(1970,334),(1971,334),(1972,334),(1973,358),(1974,358),(1977,358),(1978,358),(1979,358),(1980,358),(1982,358),(1983,358),(1991,358),(1992,358),(1996,358),(1997,358),(1998,358),(1999,358),(2000,358),(2001,358),(2002,358),(2003,358),(2004,358),(2005,358),(2006,358),(2007,350),(2008,359),(2009,359),(2010,359),(2011,359),(2012,359),(2013,359),(2014,359),(2015,359),(2016,359),(2017,359),(2018,359),(2019,359),(2020,359),(2021,359),(2022,360),(2023,360),(2024,360),(2025,360),(2026,360),(2027,360),(2028,360),(2029,360),(2030,360),(2031,360),(2032,360),(2033,360),(2034,360),(2035,360),(2036,360),(2037,361),(2038,361),(2039,362),(2040,362),(2041,362),(2042,362),(2043,362),(2044,363),(2045,363),(2046,363),(2047,363),(2048,363),(2049,364),(2050,364),(2051,364),(2052,364),(2053,364),(2054,364),(2055,364),(2056,267),(2057,268),(2058,268),(2059,268),(2060,268),(2061,268),(2062,268),(2069,365),(2070,365),(2071,365),(2072,365),(2073,365),(2074,365),(2075,365),(2076,365),(2103,340),(2104,340),(2105,340),(2106,340),(2110,359),(2111,359),(2114,370),(2115,370),(2116,370),(2117,370),(2118,370),(2194,478),(2195,478),(2196,478),(2197,478),(2198,478),(2199,477),(2200,477),(2202,477),(2203,477),(2204,477),(2205,477),(2207,477),(2208,477),(2209,477),(2210,480),(2211,480),(2212,480),(2213,480),(2214,480),(2215,479),(2216,479),(2217,479),(2218,479),(2219,479),(2220,479),(2221,479),(2222,479),(2223,479),(2224,479),(2225,479),(2226,479),(2227,479),(2228,481),(2229,481),(2230,481),(2231,481),(2232,481),(2233,378),(2234,378),(2235,378),(2238,378),(2239,378),(2240,378),(2243,379),(2244,379),(2245,379),(2246,379),(2247,379),(2248,379),(2249,379),(2252,379),(2253,379),(2254,484),(2255,484),(2256,484),(2257,484),(2258,484),(2260,484),(2261,484),(2262,484),(2263,380),(2264,380),(2265,380),(2266,380),(2267,380),(2268,380),(2269,380),(2270,380),(2271,380),(2272,380),(2273,380),(2274,380),(2275,380),(2276,380),(2277,380),(2278,380),(2279,380),(2280,380),(2281,380),(2282,380),(2283,380),(2284,380),(2285,380),(2286,380),(2287,380),(2288,380),(2289,380),(2290,380),(2291,380),(2292,380),(2293,380),(2294,380),(2295,380),(2296,380),(2297,380),(2300,129),(2301,129),(2302,129),(2303,129),(2304,381),(2305,381),(2306,381),(2307,381),(2308,129),(2309,129),(2310,381),(2311,381),(2312,129),(2317,129),(2319,88),(2320,129),(2321,129),(2322,88),(2323,88),(2326,88),(2327,129),(2332,129),(2336,129),(2338,129),(2340,129),(2341,129),(2342,88),(2343,129),(2344,88),(2352,88),(2353,129),(2354,88),(2355,88),(2356,88),(2357,129),(2358,129),(2359,129),(2360,129),(2361,392),(2362,392),(2363,392),(2364,392),(2365,392),(2367,392),(2368,392),(2369,392),(2370,392),(2380,392),(2382,392),(2384,392),(2392,255),(2395,382),(2396,382),(2397,382),(2398,382),(2399,382),(2400,382),(2401,382),(2407,623),(2408,623),(2409,623),(2410,623),(2411,623),(2412,623),(2413,623),(2414,622),(2415,622),(2416,622),(2417,622),(2418,129),(2419,129),(2420,129),(2421,129),(2422,129),(2423,129),(2425,129),(2426,129),(2427,129),(2428,624),(2429,625),(2430,386),(2432,386),(2433,386),(2434,386),(2435,386),(2436,386),(2437,386),(2438,386),(2439,386),(2440,386),(2441,386),(2442,386),(2443,386),(2444,386),(2445,386),(2446,386),(2447,387),(2448,387),(2449,387),(2450,387),(2451,387),(2452,387),(2453,387),(2454,387),(2455,387),(2456,387),(2457,387),(2458,370),(2459,370),(2460,370),(2461,370),(2462,370),(2463,370),(2464,370),(2465,370),(2466,370),(2467,370),(2468,370),(2469,370),(2470,388),(2471,388),(2472,388),(2473,388),(2476,388),(2477,388),(2479,559),(2480,388),(2481,388),(2485,388),(2486,388),(2487,388),(2488,388),(2490,388),(2491,388),(2492,388),(2493,388),(2494,388),(2495,388),(2496,388),(2497,388),(2498,388),(2499,389),(2500,389),(2501,389),(2502,389),(2503,389),(2504,389),(2505,389),(2506,389),(2507,389),(2508,389),(2511,389),(2512,389),(2514,389),(2515,389),(2516,389),(2517,389),(2518,389),(2519,389),(2520,389),(2521,389),(2522,389),(2523,389),(2525,389),(2526,389),(2527,389),(2528,389),(2529,389),(2530,389),(2531,389),(2532,389),(2533,389),(2535,389),(2536,389),(2539,389),(2540,389),(2541,389),(2542,389),(2543,390),(2544,390),(2545,390),(2546,390),(2547,390),(2548,390),(2549,390),(2550,390),(2551,390),(2552,390),(2553,390),(2554,390),(2555,390),(2556,390),(2557,390),(2558,390),(2559,390),(2560,390),(2561,390),(2562,390),(2563,390),(2564,390),(2565,390),(2566,390),(2567,390),(2568,390),(2569,390),(2570,390),(2571,390),(2572,390),(2573,390),(2574,390),(2575,390),(2576,390),(2577,390),(2578,390),(2579,390),(2580,390),(2581,390),(2582,390),(2583,390),(2584,391),(2585,391),(2586,391),(2587,391),(2588,391),(2589,391),(2590,391),(2591,391),(2592,391),(2593,391),(2595,391),(2596,391),(2597,391),(2598,391),(2599,391),(2600,391),(2601,391),(2602,391),(2603,391),(2604,391),(2605,391),(2606,391),(2607,391),(2609,391),(2614,391),(2615,391),(2616,391),(2617,391),(2618,391),(2619,391),(2620,391),(2621,391),(2622,391),(2623,391),(2624,391),(2625,391),(2626,391),(2627,129),(2628,129),(2629,129),(2636,391),(2637,391),(2638,391),(2639,391),(2641,391),(2642,391),(2643,391),(2644,391),(2676,502),(2677,502),(2679,392),(2680,392),(2681,392),(2683,392),(2685,381),(2686,381),(2687,381),(2688,381),(2691,129),(2692,129),(2696,380),(2697,129),(2698,88),(2701,392),(2702,392),(2703,392),(2704,392),(2705,392),(2706,392),(2707,392),(2708,589),(2709,589),(2710,589),(2711,589),(2712,589),(2713,589),(2714,589),(2716,589),(2717,589),(2718,589),(2719,589),(2720,589),(2721,589),(2722,589),(2724,589),(2725,589),(2726,331),(2727,331),(2729,331),(2730,589),(2731,589),(2732,589),(2733,589),(2734,589),(2736,589),(2737,589),(2738,393),(2739,393),(2740,393),(2741,393),(2742,393),(2743,393),(2744,393),(2745,393),(2746,393),(2747,393),(2748,393),(2749,393),(2750,393),(2751,393),(2752,393),(2753,517),(2757,517),(2758,517),(2759,517),(2761,517),(2765,255),(2766,255),(2767,255),(2768,255),(2769,381),(2774,622),(2775,622),(2779,354),(2780,354),(2781,354),(2782,393),(2783,393),(2784,393),(2785,129),(2786,393),(2787,129),(2790,129),(2791,393),(2792,129),(2793,393),(2794,393),(2795,393),(2796,393),(2797,393),(2798,393),(2799,393),(2800,129),(2801,393),(2802,129),(2803,393),(2804,129),(2805,393),(2806,393),(2807,393),(2808,393),(2809,393),(2810,393),(2811,393),(2812,129),(2813,129),(2815,330),(2816,330),(2817,330),(2818,330),(2819,330),(2820,330),(2821,386),(2822,386),(2823,386),(2824,386),(2825,386),(2826,386),(2827,386),(2828,386),(2829,386),(2830,335),(2831,335),(2832,335),(2833,335),(2834,335),(2835,335),(2836,335),(2837,335),(2838,340),(2839,348),(2840,348),(2843,348),(2844,395),(2845,394),(2846,394),(2847,394),(2848,394),(2849,394),(2850,394),(2851,394),(2852,394),(2853,394),(2854,394),(2855,394),(2856,394),(2857,394),(2858,394),(2859,394),(2860,394),(2861,394),(2862,394),(2863,394),(2864,394),(2865,394),(2866,394),(2867,394),(2868,394),(2869,394),(2870,394),(2871,394),(2872,394),(2873,394),(2874,394),(2875,394),(2876,394),(2877,358),(2878,358),(2882,358),(2883,358),(2884,358),(2885,396),(2886,352),(2887,352),(2888,352),(2889,352),(2890,352),(2891,352),(2892,352),(2893,352),(2894,397),(2895,397),(2896,397),(2897,397),(2898,397),(2899,397),(2900,397),(2901,397),(2902,397),(2903,399),(2904,399),(2905,399),(2906,399),(2907,399),(2908,399),(2909,399),(2910,399),(2911,399),(2912,399),(2913,399),(2914,399),(2915,399),(2916,400),(2917,400),(2918,400),(2919,400),(2920,400),(2921,401),(2922,401),(2923,401),(2924,401),(2925,402),(2926,402),(2927,403),(2928,403),(2929,403),(2930,403),(2931,403),(2932,403),(2934,130),(2935,130),(2936,130),(2937,130),(2938,558),(2939,558),(2940,558),(2941,558),(2942,558),(2943,558),(2944,558),(2945,558),(2947,558),(2948,558),(2949,558),(2952,558),(2953,558),(2954,558),(2955,558),(2962,558),(2964,589),(2965,559),(2966,559),(2967,405),(2968,405),(2969,405),(2970,405),(2971,405),(2972,405),(2973,405),(2974,405),(2975,405),(2976,405),(2977,405),(2978,405),(2979,405),(2980,405),(2981,405),(2982,405),(2983,405),(2984,405),(2985,405),(2986,405),(2987,405),(2988,405),(2989,405),(2990,405),(2991,557),(2992,557),(2993,557),(2994,557),(2995,557),(2996,557),(2997,557),(2998,557),(2999,557),(3000,557),(3009,559),(3010,559),(3011,405),(3012,405),(3013,405),(3014,405),(3015,405),(3016,405),(3017,405),(3018,405),(3019,405),(3020,405),(3021,405),(3022,405),(3023,405),(3024,405),(3025,405),(3026,405),(3027,405),(3028,405),(3029,405),(3030,405),(3031,405),(3032,405),(3033,405),(3034,405),(3035,405),(3036,405),(3037,397),(3038,405),(3039,405),(3040,405),(3041,397),(3042,405),(3043,405),(3044,397),(3045,405),(3046,405),(3047,405),(3048,397),(3049,405),(3050,405),(3051,397),(3052,405),(3053,405),(3054,405),(3055,397),(3056,397),(3057,309),(3058,309),(3059,309),(3060,309),(3061,309),(3062,309),(3063,309),(3064,309),(3065,309),(3066,309),(3067,309),(3068,309),(3069,309),(3070,309),(3071,309),(3073,309),(3074,309),(3075,309),(3076,309),(3077,309),(3078,309),(3079,309),(3080,309),(3081,309),(3082,309),(3083,309),(3084,309),(3085,309),(3086,309),(3087,309),(3088,309),(3089,309),(3090,309),(3091,309),(3092,309),(3093,407),(3094,407),(3095,407),(3096,407),(3097,407),(3098,407),(3099,407),(3100,407),(3101,407),(3102,407),(3103,407),(3104,407),(3105,407),(3106,407),(3107,407),(3108,407),(3109,407),(3110,407),(3111,407),(3112,407),(3113,407),(3114,407),(3115,407),(3116,407),(3117,407),(3118,407),(3119,407),(3120,407),(3121,407),(3122,407),(3123,407),(3124,407),(3125,407),(3126,407),(3127,407),(3128,407),(3129,407),(3130,407),(3131,407),(3132,407),(3133,407),(3134,407),(3135,407),(3136,407),(3137,407),(3138,407),(3139,407),(3140,407),(3141,407),(3142,407),(3143,407),(3144,407),(3145,407),(3146,407),(3147,407),(3148,407),(3149,407),(3150,407),(3151,407),(3152,407),(3153,407),(3154,407),(3155,407),(3156,407),(3157,407),(3158,407),(3159,407),(3160,407),(3161,407),(3162,407),(3163,407),(3164,407),(3165,407),(3166,407),(3167,407),(3168,407),(3169,407),(3170,407),(3171,407),(3172,407),(3173,407),(3174,407),(3175,407),(3176,407),(3177,310),(3178,310),(3179,310),(3180,310),(3181,310),(3182,310),(3183,310),(3184,310),(3185,310),(3186,310),(3187,310),(3188,310),(3189,310),(3190,310),(3192,410),(3193,410),(3194,410),(3195,410),(3196,410),(3197,410),(3198,410),(3199,410),(3200,410),(3201,410),(3202,410),(3203,410),(3204,410),(3205,410),(3206,410),(3207,412),(3208,412),(3209,412),(3210,412),(3211,412),(3212,412),(3213,412),(3214,412),(3215,412),(3216,412),(3217,412),(3218,412),(3219,412),(3220,412),(3221,412),(3222,412),(3223,412),(3224,414),(3225,414),(3226,414),(3227,414),(3228,414),(3229,414),(3230,414),(3231,414),(3232,414),(3233,414),(3234,414),(3235,414),(3236,414),(3237,414),(3238,414),(3239,414),(3240,414),(3241,414),(3242,414),(3243,414),(3244,414),(3245,414),(3246,414),(3255,553),(3256,420),(3257,420),(3258,420),(3259,420),(3260,420),(3261,420),(3262,420),(3263,420),(3264,420),(3265,420),(3266,420),(3267,420),(3268,420),(3269,420),(3270,420),(3271,420),(3272,420),(3273,420),(3274,420),(3275,420),(3276,420),(3277,420),(3278,420),(3279,420),(3280,420),(3281,420),(3282,420),(3283,420),(3284,420),(3285,420),(3286,420),(3287,421),(3288,421),(3289,421),(3290,421),(3291,421),(3292,421),(3293,421),(3294,421),(3295,421),(3296,421),(3297,421),(3298,421),(3299,421),(3300,421),(3301,421),(3302,421),(3303,421),(3304,421),(3305,421),(3306,422),(3307,422),(3308,422),(3309,422),(3310,422),(3311,422),(3312,422),(3313,422),(3314,422),(3315,422),(3316,422),(3317,425),(3318,425),(3319,425),(3320,425),(3321,425),(3322,425),(3323,425),(3324,425),(3325,425),(3326,425),(3327,425),(3328,425),(3329,425),(3330,425),(3331,425),(3332,425),(3333,425),(3334,425),(3335,425),(3336,425),(3337,425),(3338,425),(3339,425),(3340,427),(3341,427),(3342,427),(3343,427),(3344,427),(3345,427),(3346,427),(3347,427),(3348,427),(3349,427),(3350,427),(3351,427),(3352,428),(3353,430),(3354,428),(3355,430),(3356,428),(3357,430),(3358,428),(3359,428),(3360,430),(3361,430),(3362,430),(3363,430),(3364,430),(3365,430),(3366,428),(3367,428),(3368,428),(3369,430),(3370,430),(3371,428),(3372,430),(3373,428),(3374,430),(3375,428),(3376,428),(3377,430),(3378,430),(3379,428),(3380,428),(3381,428),(3382,432),(3383,432),(3384,432),(3385,432),(3386,432),(3387,432),(3388,432),(3389,432),(3390,432),(3391,432),(3392,434),(3393,434),(3394,434),(3395,434),(3396,434),(3397,434),(3398,434),(3399,434),(3400,434),(3401,434),(3402,434),(3403,428),(3404,434),(3405,428),(3406,436),(3407,436),(3408,436),(3409,436),(3410,436),(3411,436),(3412,436),(3413,436),(3414,436),(3415,436),(3416,436),(3417,436),(3418,436),(3419,436),(3420,436),(3421,438),(3422,438),(3423,438),(3424,438),(3425,438),(3427,439),(3428,439),(3429,439),(3430,439),(3431,439),(3432,439),(3433,439),(3434,439),(3435,439),(3436,439),(3437,439),(3438,439),(3439,439),(3440,439),(3441,439),(3442,439),(3443,439),(3444,439),(3445,439),(3446,439),(3447,439),(3448,439),(3449,439),(3450,439),(3451,439),(3452,439),(3453,439),(3454,439),(3455,439),(3456,439),(3457,439),(3458,439),(3459,439),(3460,439),(3461,56),(3462,441),(3463,441),(3464,441),(3465,441),(3466,441),(3467,441),(3468,441),(3469,441),(3470,441),(3471,441),(3472,441),(3473,441),(3474,441),(3475,441),(3476,441),(3477,441),(3478,441),(3479,441),(3480,441),(3481,441),(3482,441),(3483,442),(3484,442),(3485,442),(3486,443),(3487,443),(3488,443),(3489,443),(3490,443),(3491,445),(3492,445),(3493,445),(3494,446),(3495,446),(3496,446),(3497,446),(3498,446),(3501,447),(3502,449),(3503,449),(3504,449),(3505,450),(3506,450),(3507,450),(3508,450),(3509,450),(3510,450),(3511,450),(3512,450),(3513,450),(3514,450),(3515,450),(3516,450),(3517,450),(3518,450),(3519,450),(3520,450),(3521,450),(3522,450),(3523,450),(3524,450),(3525,450),(3526,450),(3527,450),(3528,450),(3529,450),(3530,450),(3531,450),(3532,450),(3533,452),(3534,452),(3535,452),(3536,452),(3537,452),(3538,452),(3539,452),(3540,452),(3541,452),(3542,452),(3543,452),(3544,452),(3545,452),(3548,456),(3549,456),(3550,456),(3551,457),(3552,457),(3553,457),(3554,457),(3555,457),(3556,457),(3557,457),(3558,458),(3559,458),(3560,458),(3561,458),(3562,458),(3563,458),(3564,460),(3565,460),(3566,460),(3567,460),(3568,460),(3569,460),(3570,460),(3571,460),(3572,460),(3573,460),(3574,460),(3575,460),(3576,462),(3577,462),(3578,462),(3579,176),(3580,176),(3581,176),(3582,463),(3583,463),(3584,463),(3585,463),(3586,463),(3587,463),(3588,463),(3589,463),(3590,465),(3591,465),(3592,465),(3593,466),(3594,466),(3595,466),(3596,466),(3597,466),(3598,466),(3599,466),(3600,466),(3601,466),(3602,466),(3603,466),(3604,466),(3605,466),(3606,466),(3607,466),(3608,466),(3609,466),(3610,466),(3611,466),(3612,466),(3613,466),(3615,466),(3616,466),(3626,269),(3627,269),(3628,269),(3629,269),(3630,269),(3631,269),(3632,269),(3634,267),(3635,267),(3636,267),(3637,267),(3638,468),(3639,468),(3640,468),(3648,471),(3649,471),(3650,471),(3651,471),(3652,471),(3653,471),(3654,471),(3655,471),(3656,471),(3657,471),(3658,471),(3659,471),(3660,473),(3661,471),(3662,471),(3663,471),(3664,471),(3665,471),(3666,471),(3667,471),(3668,473),(3669,472),(3670,472),(3671,472),(3672,387),(3673,478),(3674,478),(3675,478),(3676,478),(3677,478),(3678,480),(3679,479),(3680,479),(3681,479),(3682,479),(3683,482),(3684,483),(3685,483),(3686,483),(3687,483),(3688,483),(3689,483),(3690,485),(3691,485),(3692,485),(3693,482),(3694,482),(3695,482),(3696,482),(3697,482),(3698,380),(3699,380),(3700,380),(3701,380),(3702,380),(3704,491),(3705,491),(3706,491),(3717,493),(3722,493),(3723,493),(3724,493),(3732,495),(3733,495),(3734,495),(3735,495),(3736,495),(3737,495),(3738,495),(3739,495),(3740,495),(3741,495),(3742,495),(3743,495),(3744,495),(3745,495),(3746,495),(3754,498),(3755,498),(3756,498),(3758,498),(3759,498),(3760,500),(3761,500),(3762,500),(3763,500),(3764,500),(3765,501),(3766,501),(3767,501),(3768,501),(3769,501),(3770,501),(3771,502),(3772,502),(3773,502),(3774,502),(3775,502),(3776,502),(3777,502),(3778,502),(3779,502),(3780,502),(3781,502),(3782,502),(3783,101),(3785,101),(3786,101),(3787,330),(3788,330),(3789,330),(3790,503),(3791,503),(3792,503),(3793,503),(3794,504),(3795,504),(3796,506),(3797,439),(3798,439),(3799,439),(3800,439),(3801,439),(3802,439),(3803,439),(3804,439),(3805,439),(3806,439),(3807,439),(3808,439),(3809,267),(3810,267),(3811,267),(3812,267),(3813,267),(3814,506),(3815,506),(3816,522),(3817,522),(3820,394),(3821,394),(3822,508),(3823,508),(3824,508),(3825,508),(3826,508),(3827,508),(3828,508),(3829,508),(3830,508),(3831,508),(3832,508),(3833,508),(3834,508),(3835,508),(3836,508),(3837,508),(3838,508),(3839,508),(3840,508),(3841,508),(3842,508),(3843,508),(3844,508),(3845,508),(3846,508),(3847,508),(3848,508),(3849,508),(3850,508),(3851,508),(3852,508),(3853,508),(3854,508),(3855,508),(3856,508),(3857,508),(3858,508),(3859,508),(3860,508),(3861,508),(3862,508),(3863,508),(3864,508),(3865,508),(3866,508),(3867,510),(3868,510),(3869,510),(3870,510),(3871,511),(3872,511),(3873,511),(3874,511),(3875,511),(3876,511),(3877,511),(3878,511),(3879,513),(3880,513),(3881,513),(3882,513),(3883,513),(3884,514),(3885,514),(3886,514),(3887,514),(3888,515),(3889,516),(3890,518),(3891,519),(3892,519),(3893,519),(3894,519),(3895,519),(3896,519),(3897,519),(3898,519),(3899,519),(3900,519),(3901,519),(3902,521),(3903,521),(3904,521),(3905,521),(3906,521),(3907,521),(3908,521),(3909,521),(3910,521),(3911,521),(3912,521),(3913,521),(3914,521),(3915,521),(3916,521),(3917,521),(3918,521),(3919,521),(3920,521),(3921,521),(3922,521),(3923,521),(3924,521),(3925,521),(3926,521),(3927,523),(3928,524),(3930,528),(3931,528),(3932,528),(3933,528),(3934,529),(3935,529),(3936,524),(3937,531),(3938,531),(3939,531),(3940,531),(3941,531),(3942,531),(3943,531),(3944,531),(3945,531),(3946,531),(3947,531),(3948,531),(3949,531),(3950,531),(3951,531),(3952,532),(3953,532),(3954,532),(3955,532),(3956,532),(3957,532),(3958,532),(3959,532),(3960,532),(3961,532),(3962,533),(3963,533),(3964,533),(3965,533),(3966,533),(3967,533),(3968,533),(3969,533),(3970,533),(3971,533),(3972,533),(3973,533),(3974,533),(3975,533),(3976,533),(3977,533),(3978,534),(3979,534),(3980,534),(3981,534),(3982,535),(3983,535),(3984,535),(3985,535),(3986,537),(3987,537),(3988,537),(3989,537),(3990,537),(3991,537),(3992,537),(3992,544),(3993,537),(3994,537),(3995,537),(3996,537),(3997,537),(3998,537),(3999,537),(4000,538),(4001,538),(4002,538),(4003,538),(4003,544),(4004,538),(4005,538),(4006,538),(4007,538),(4008,538),(4009,538),(4010,539),(4011,539),(4012,539),(4013,539),(4014,539),(4015,539),(4016,539),(4017,539),(4018,539),(4019,539),(4020,539),(4021,539),(4022,539),(4023,539),(4024,539),(4025,539),(4026,539),(4027,539),(4028,539),(4029,539),(4030,539),(4031,539),(4032,539),(4033,539),(4034,539),(4035,539),(4036,539),(4037,539),(4038,540),(4039,540),(4040,540),(4041,540),(4042,540),(4042,544),(4043,540),(4044,540),(4045,540),(4046,540),(4047,540),(4048,542),(4049,542),(4050,542),(4051,544),(4052,544),(4053,544),(4054,542),(4055,544),(4056,544),(4057,544),(4058,544),(4059,544),(4060,544),(4061,545),(4062,545),(4063,545),(4064,545),(4065,544),(4066,544),(4067,544),(4068,544),(4069,547),(4070,547),(4071,547),(4072,547),(4073,548),(4074,548),(4075,548),(4076,548),(4077,548),(4078,548),(4079,548),(4080,548),(4081,549),(4082,549),(4083,549),(4084,549),(4085,549),(4086,549),(4087,549),(4088,550),(4089,550),(4090,550),(4091,551),(4092,551),(4093,551),(4094,551),(4095,537),(4096,537),(4097,537),(4098,537),(4099,537),(4100,537),(4101,537),(4102,537),(4103,537),(4104,537),(4105,538),(4106,538),(4107,538),(4108,538),(4109,538),(4110,538),(4111,538),(4112,538),(4113,538),(4114,538),(4115,539),(4116,539),(4117,540),(4118,552),(4119,553),(4120,553),(4121,553),(4122,553),(4123,553),(4124,553),(4125,554),(4126,554),(4127,554),(4128,554),(4129,554),(4130,554),(4131,555),(4132,555),(4133,555),(4134,555),(4135,556),(4136,556),(4137,556),(4138,556),(4139,558),(4140,558),(4141,558),(4142,558),(4143,558),(4147,559),(4148,559),(4149,559),(4150,559),(4151,565),(4152,565),(4153,565),(4154,565),(4155,565),(4156,559),(4157,560),(4164,560),(4165,560),(4172,560),(4174,561),(4178,561),(4180,561),(4183,561),(4185,267),(4185,562),(4186,267),(4186,562),(4187,267),(4187,562),(4188,267),(4188,562),(4189,267),(4189,562),(4190,267),(4190,562),(4191,267),(4191,562),(4192,267),(4192,562),(4193,267),(4193,562),(4194,396),(4195,396),(4196,396),(4197,561),(4202,559),(4205,559),(4210,559),(4211,565),(4212,565),(4213,568),(4214,568),(4215,568),(4216,568),(4217,568),(4218,568),(4219,568),(4220,568),(4221,568),(4222,568),(4223,567),(4224,567),(4225,567),(4226,567),(4227,567),(4228,567),(4229,567),(4230,567),(4231,567),(4232,567),(4233,567),(4234,567),(4235,567),(4236,388),(4237,389),(4238,558),(4239,558),(4240,558),(4241,558),(4242,558),(4243,558),(4248,559),(4250,570),(4250,578),(4251,570),(4251,578),(4252,570),(4252,578),(4253,571),(4253,579),(4254,571),(4254,579),(4255,571),(4255,579),(4256,571),(4256,579),(4257,572),(4257,580),(4258,572),(4258,580),(4259,572),(4259,580),(4260,574),(4260,583),(4261,574),(4261,583),(4262,574),(4262,583),(4263,574),(4263,583),(4264,574),(4264,583),(4265,574),(4265,583),(4266,574),(4266,583),(4267,574),(4267,583),(4268,574),(4268,583),(4269,574),(4269,583),(4270,574),(4270,583),(4271,575),(4271,584),(4272,575),(4272,584),(4273,575),(4273,584),(4274,575),(4274,584),(4275,575),(4275,584),(4276,575),(4276,584),(4277,575),(4277,584),(4278,575),(4278,584),(4279,575),(4279,584),(4280,575),(4280,584),(4281,575),(4281,584),(4282,575),(4282,584),(4283,575),(4283,584),(4284,576),(4284,585),(4285,576),(4285,585),(4286,576),(4286,585),(4287,576),(4287,585),(4288,576),(4288,585),(4289,576),(4289,585),(4290,576),(4290,585),(4291,576),(4291,585),(4292,576),(4292,585),(4293,576),(4293,585),(4294,560),(4298,559),(4304,559),(4306,559),(4310,559),(4316,559),(4319,559),(4321,559),(4323,559),(4326,559),(4333,559),(4337,559),(4338,331),(4339,393),(4340,393),(4341,393),(4342,393),(4343,393),(4344,591),(4345,591),(4346,591),(4347,591),(4348,591),(4349,591),(4350,591),(4351,591),(4352,591),(4353,591),(4354,591),(4355,591),(4356,591),(4357,591),(4358,591),(4359,591),(4360,591),(4361,591),(4362,591),(4363,591),(4364,591),(4365,591),(4366,591),(4367,591),(4368,591),(4369,591),(4370,591),(4371,591),(4372,591),(4373,591),(4374,592),(4375,592),(4376,592),(4377,592),(4378,592),(4379,327),(4380,327),(4381,331),(4382,331),(4383,331),(4384,331),(4385,331),(4386,331),(4387,331),(4388,331),(4389,331),(4390,331),(4391,331),(4392,331),(4393,331),(4394,331),(4395,331),(4396,331),(4397,331),(4398,331),(4399,331),(4400,331),(4401,331),(4402,331),(4403,331),(4404,331),(4405,331),(4406,331),(4407,331),(4408,331),(4409,331),(4410,331),(4411,331),(4412,331),(4413,331),(4414,589),(4415,589),(4416,331),(4417,331),(4418,331),(4419,331),(4420,331),(4424,331),(4425,331),(4426,331),(4427,331),(4428,331),(4429,331),(4430,331),(4431,331),(4432,337),(4433,337),(4434,337),(4435,337),(4436,337),(4437,337),(4438,337),(4439,337),(4440,337),(4441,498),(4442,389),(4443,336),(4444,335),(4445,335),(4446,335),(4447,335),(4448,340),(4449,340),(4450,340),(4451,593),(4452,593),(4453,593),(4454,593),(4455,593),(4456,340),(4457,340),(4458,340),(4459,340),(4460,349),(4461,349),(4462,349),(4463,349),(4464,349),(4465,349),(4466,349),(4467,349),(4468,349),(4469,349),(4470,349),(4471,349),(4472,600),(4473,600),(4474,600),(4475,600),(4476,600),(4477,600),(4478,600),(4479,600),(4480,600),(4481,600),(4482,600),(4483,600),(4484,600),(4485,600),(4486,600),(4487,600),(4488,600),(4489,600),(4490,600),(4491,600),(4492,600),(4493,600),(4494,600),(4495,600),(4496,600),(4497,600),(4498,600),(4499,600),(4500,600),(4501,600),(4502,600),(4503,600),(4504,600),(4505,600),(4506,600),(4507,600),(4508,599),(4509,599),(4510,599),(4511,599),(4512,599),(4513,599),(4514,599),(4515,599),(4516,599),(4517,599),(4518,599),(4519,599),(4520,599),(4521,599),(4522,599),(4523,599),(4524,598),(4525,598),(4526,598),(4527,598),(4528,598),(4529,598),(4530,598),(4531,598),(4532,598),(4533,598),(4534,598),(4535,598),(4536,598),(4537,598),(4538,598),(4539,596),(4540,596),(4541,596),(4542,596),(4543,596),(4544,596),(4545,596),(4546,596),(4547,596),(4548,596),(4549,596),(4550,596),(4551,596),(4552,596),(4553,596),(4554,596),(4555,595),(4556,595),(4557,595),(4558,595),(4559,595),(4560,595),(4561,595),(4562,595),(4563,595),(4564,595),(4565,595),(4566,595),(4567,595),(4568,595),(4569,595),(4570,595),(4571,595),(4572,595),(4573,595),(4574,595),(4575,595),(4576,601),(4577,601),(4578,601),(4579,601),(4580,601),(4581,601),(4582,601),(4583,601),(4584,601),(4585,601),(4586,601),(4587,601),(4588,601),(4589,601),(4590,601),(4591,601),(4592,601),(4593,602),(4594,602),(4595,602),(4596,602),(4597,602),(4598,602),(4599,602),(4600,602),(4601,602),(4602,602),(4603,602),(4604,602),(4605,602),(4606,602),(4607,602),(4608,602),(4609,602),(4610,603),(4611,603),(4612,603),(4613,603),(4614,603),(4615,603),(4616,511),(4617,511),(4618,511),(4619,604),(4620,508),(4621,508),(4622,508),(4623,508),(4624,508),(4625,508),(4626,508),(4627,508),(4628,508),(4629,508),(4630,508),(4631,508),(4632,508),(4633,508),(4634,508),(4635,508),(4636,508),(4637,508),(4638,508),(4639,605),(4640,605),(4641,606),(4642,606),(4643,606),(4644,606),(4645,606),(4646,607),(4647,608),(4648,608),(4649,608),(4650,608),(4651,609),(4652,609),(4653,609),(4654,609),(4655,609),(4656,609),(4657,610),(4658,610),(4659,610),(4660,610),(4661,610),(4662,610),(4664,610),(4665,610),(4666,611),(4667,611),(4668,611),(4669,612),(4670,612),(4671,612),(4672,614),(4673,614),(4674,614),(4675,614),(4676,614),(4677,610),(4678,267),(4679,267),(4680,267),(4681,267),(4682,267),(4683,267),(4684,616),(4685,616),(4686,616),(4687,616),(4688,609),(4689,616),(4690,616),(4691,616),(4692,616),(4693,616),(4694,616),(4695,616),(4696,616),(4697,616),(4698,616),(4699,616),(4700,616),(4701,616),(4702,616),(4703,616),(4704,616),(4705,617),(4706,617),(4707,617),(4708,616),(4709,616),(4710,616),(4711,616),(4712,616),(4713,616),(4714,616),(4715,611),(4716,609),(4717,617),(4718,618),(4719,618),(4720,618),(4721,618),(4722,618),(4723,618),(4724,618),(4725,618),(4726,618),(4727,618),(4728,618),(4729,608),(4730,608),(4731,608),(4732,608),(4733,608),(4734,608),(4735,608),(4736,608),(4737,608),(4738,608),(4739,608),(4740,608),(4741,608),(4742,608),(4743,608),(4744,608),(4745,608),(4746,608),(4747,608),(4748,608),(4749,608),(4750,608),(4751,608),(4752,608),(4753,439),(4754,223),(4755,223),(4756,223),(4757,619),(4758,619),(4759,619),(4760,619),(4761,619),(4762,619),(4763,620),(4764,620),(4765,620),(4766,620),(4767,620),(4768,620),(4769,620),(4770,620),(4771,620),(4772,620),(4773,620),(4774,620),(4775,80),(4776,80),(4777,80),(4778,80),(4779,80),(4780,80),(4781,80),(4782,80),(4783,80),(4784,80),(4785,80),(4786,80),(4787,80),(4788,80),(4789,80),(4790,80),(4791,80),(4792,80),(4793,621),(4794,621),(4795,621),(4796,621),(4797,621),(4798,621),(4799,626),(4800,627),(4801,627),(4802,627),(4803,627),(4804,627),(4805,627),(4806,627),(4807,97),(4808,97),(4809,97),(4810,97),(4811,97),(4812,97),(4813,97),(4814,100),(4815,100),(4816,129),(4817,628),(4818,628),(4819,628),(4820,628),(4821,628),(4822,628),(4823,628),(4824,628),(4825,630),(4826,630),(4827,630),(4828,630),(4829,630),(4830,630),(4831,630),(4832,630),(4833,630),(4834,630),(4835,630),(4836,631),(4837,631),(4838,631),(4839,631),(4840,631),(4841,632),(4842,633),(4843,633),(4844,634),(4845,634),(4846,634),(4847,309),(4848,309),(4849,392),(4850,392),(4851,392),(4852,392),(4853,255),(4854,255),(4855,517),(4856,517),(4857,517),(4858,635),(4860,635),(4861,635),(4862,635),(4863,635),(4865,635),(4866,635),(4867,635),(4868,635),(4869,635);

--
-- Table structure for table `qbi_disccart`
--

CREATE TABLE `qbi_disccart` (
  `qbi_disccart_id` int(10) unsigned NOT NULL AUTO_INCREMENT,
  `qbi_disccart_mod` varchar(48) NOT NULL DEFAULT '',
  `language_id` int(10) unsigned NOT NULL DEFAULT '0',
  `qbi_disccart_text` varchar(48) NOT NULL DEFAULT '',
  `updated` timestamp NOT NULL DEFAULT CURRENT_TIMESTAMP ON UPDATE CURRENT_TIMESTAMP,
  `added` timestamp NOT NULL DEFAULT '0000-00-00 00:00:00',
  PRIMARY KEY (`qbi_disccart_id`),
  KEY `language_id` (`language_id`),
  KEY `qbi_disccart_mod` (`qbi_disccart_mod`),
  KEY `qbi_disccart_text` (`qbi_disccart_text`)
) ENGINE=MyISAM DEFAULT CHARSET=latin1;

--
-- Dumping data for table `qbi_disccart`
--


--
-- Table structure for table `qbi_disccart_discqb`
--

CREATE TABLE `qbi_disccart_discqb` (
  `qbi_disccart_discqb_id` int(10) unsigned NOT NULL AUTO_INCREMENT,
  `qbi_disccart_mod` varchar(48) NOT NULL DEFAULT '',
  `qbi_discqb_refnum` int(10) unsigned NOT NULL DEFAULT '0',
  `updated` timestamp NOT NULL DEFAULT CURRENT_TIMESTAMP ON UPDATE CURRENT_TIMESTAMP,
  `added` timestamp NOT NULL DEFAULT '0000-00-00 00:00:00',
  PRIMARY KEY (`qbi_disccart_discqb_id`),
  KEY `qbi_disccart_mod` (`qbi_disccart_mod`),
  KEY `qbi_discqb_refnum` (`qbi_discqb_refnum`)
) ENGINE=MyISAM DEFAULT CHARSET=latin1;

--
-- Dumping data for table `qbi_disccart_discqb`
--


--
-- Table structure for table `qbi_discqb`
--

CREATE TABLE `qbi_discqb` (
  `qbi_discqb_id` int(10) unsigned NOT NULL AUTO_INCREMENT,
  `qbi_discqb_refnum` int(10) unsigned NOT NULL DEFAULT '0',
  `qbi_discqb_name` varchar(40) NOT NULL DEFAULT '',
  `qbi_discqb_hidden` tinyint(3) unsigned NOT NULL DEFAULT '0',
  `qbi_discqb_desc` varchar(128) NOT NULL DEFAULT '',
  `qbi_discqb_accnt` varchar(40) NOT NULL DEFAULT '',
  `qbi_discqb_price` tinyint(3) unsigned NOT NULL DEFAULT '0',
  `qbi_discqb_invitemtype` varchar(16) NOT NULL DEFAULT '',
  `qbi_discqb_taxable` tinyint(3) unsigned NOT NULL DEFAULT '0',
  `updated` timestamp NOT NULL DEFAULT CURRENT_TIMESTAMP ON UPDATE CURRENT_TIMESTAMP,
  `added` timestamp NOT NULL DEFAULT '0000-00-00 00:00:00',
  PRIMARY KEY (`qbi_discqb_id`),
  KEY `qbi_discqb_refnum` (`qbi_discqb_refnum`),
  KEY `qbi_discqb_name` (`qbi_discqb_name`),
  KEY `qbi_discqb_hidden` (`qbi_discqb_hidden`),
  KEY `qbi_discqb_desc` (`qbi_discqb_desc`),
  KEY `qbi_discqb_invitemtype` (`qbi_discqb_invitemtype`)
) ENGINE=MyISAM DEFAULT CHARSET=latin1;

--
-- Dumping data for table `qbi_discqb`
--


--
-- Table structure for table `qbi_groups`
--

CREATE TABLE `qbi_groups` (
  `qbi_groups_id` int(10) unsigned NOT NULL AUTO_INCREMENT,
  `qbi_groups_refnum` int(10) unsigned NOT NULL DEFAULT '0',
  `qbi_groups_name` varchar(40) NOT NULL DEFAULT '',
  `qbi_groups_desc` varchar(128) NOT NULL DEFAULT '',
  `qbi_groups_toprint` tinyint(2) unsigned NOT NULL DEFAULT '0',
  `updated` timestamp NOT NULL DEFAULT CURRENT_TIMESTAMP ON UPDATE CURRENT_TIMESTAMP,
  `added` timestamp NOT NULL DEFAULT '0000-00-00 00:00:00',
  PRIMARY KEY (`qbi_groups_id`),
  KEY `qbi_groups_refnum` (`qbi_groups_refnum`)
) ENGINE=MyISAM DEFAULT CHARSET=latin1;

--
-- Dumping data for table `qbi_groups`
--


--
-- Table structure for table `qbi_groups_items`
--

CREATE TABLE `qbi_groups_items` (
  `qbi_groups_items_id` int(10) unsigned NOT NULL AUTO_INCREMENT,
  `qbi_groups_refnum` int(10) unsigned NOT NULL DEFAULT '0',
  `qbi_itemsqb_refnum` int(10) unsigned NOT NULL DEFAULT '0',
  `qbi_groups_items_quan` float unsigned NOT NULL DEFAULT '0',
  `updated` timestamp NOT NULL DEFAULT CURRENT_TIMESTAMP ON UPDATE CURRENT_TIMESTAMP,
  `added` timestamp NOT NULL DEFAULT '0000-00-00 00:00:00',
  PRIMARY KEY (`qbi_groups_items_id`),
  KEY `qbi_groups_refnum` (`qbi_groups_refnum`),
  KEY `qbi_itemsqb_refnum` (`qbi_itemsqb_refnum`)
) ENGINE=MyISAM DEFAULT CHARSET=latin1;

--
-- Dumping data for table `qbi_groups_items`
--


--
-- Table structure for table `qbi_itemsqb`
--

CREATE TABLE `qbi_itemsqb` (
  `qbi_itemsqb_id` int(10) unsigned NOT NULL AUTO_INCREMENT,
  `qbi_itemsqb_refnum` bigint(10) unsigned NOT NULL DEFAULT '0',
  `qbi_itemsqb_name` varchar(40) NOT NULL DEFAULT '',
  `qbi_itemsqb_desc` varchar(128) NOT NULL DEFAULT '',
  `qbi_itemsqb_accnt` varchar(40) NOT NULL DEFAULT '',
  `qbi_itemsqb_price` decimal(8,2) unsigned NOT NULL DEFAULT '0.00',
  `qbi_itemsqb_invitemtype` varchar(16) NOT NULL DEFAULT '',
  `qbi_itemsqb_hidden` tinyint(3) unsigned NOT NULL DEFAULT '0',
  `qbi_itemsqb_taxable` tinyint(3) unsigned NOT NULL DEFAULT '0',
  `updated` timestamp NOT NULL DEFAULT CURRENT_TIMESTAMP ON UPDATE CURRENT_TIMESTAMP,
  `added` timestamp NOT NULL DEFAULT '0000-00-00 00:00:00',
  PRIMARY KEY (`qbi_itemsqb_id`),
  KEY `qbi_itemsqb_refnum` (`qbi_itemsqb_refnum`),
  KEY `qbi_itemsqb_name` (`qbi_itemsqb_name`),
  KEY `qbi_itemsqb_desc` (`qbi_itemsqb_desc`),
  KEY `qbi_itemsqb_invitemtype` (`qbi_itemsqb_invitemtype`)
) ENGINE=MyISAM DEFAULT CHARSET=latin1;

--
-- Dumping data for table `qbi_itemsqb`
--


--
-- Table structure for table `qbi_paycart`
--

CREATE TABLE `qbi_paycart` (
  `qbi_paycart_id` int(10) unsigned NOT NULL AUTO_INCREMENT,
  `qbi_paycart_mod` varchar(48) NOT NULL DEFAULT '',
  `language_id` int(10) unsigned NOT NULL DEFAULT '0',
  `qbi_paycart_text` varchar(48) NOT NULL DEFAULT '',
  `updated` timestamp NOT NULL DEFAULT CURRENT_TIMESTAMP ON UPDATE CURRENT_TIMESTAMP,
  `added` timestamp NOT NULL DEFAULT '0000-00-00 00:00:00',
  PRIMARY KEY (`qbi_paycart_id`),
  KEY `language_id` (`language_id`),
  KEY `qbi_paycart_mod` (`qbi_paycart_mod`),
  KEY `qbi_paycart_text` (`qbi_paycart_text`)
) ENGINE=MyISAM AUTO_INCREMENT=12 DEFAULT CHARSET=latin1;

--
-- Dumping data for table `qbi_paycart`
--

INSERT INTO `qbi_paycart` VALUES (1,'authorizenet',1,'Credit Card (Authorize.net)','2007-03-15 20:43:51','2007-03-15 20:43:51'),(2,'cc',1,'Credit Card','2007-03-15 20:43:51','2007-03-15 20:43:51'),(3,'cod',1,'Cash on Delivery','2007-03-15 20:43:51','2007-03-15 20:43:51'),(4,'ipayment',1,'iPayment','2007-03-15 20:43:51','2007-03-15 20:43:51'),(5,'moneyorder',1,'Check/Money Order','2007-03-15 20:43:51','2007-03-15 20:43:51'),(6,'nochex',1,'NOCHEX','2007-03-15 20:43:51','2007-03-15 20:43:51'),(7,'paypal',1,'PayPal','2007-03-15 20:43:51','2007-03-15 20:43:51'),(8,'pm2checkout',1,'2CheckOut','2007-03-15 20:43:51','2007-03-15 20:43:51'),(9,'psigate',1,'PSiGate','2007-03-15 20:43:51','2007-03-15 20:43:51'),(10,'secpay',1,'SECPay','2007-03-15 20:43:51','2007-03-15 20:43:51'),(11,'paypal_ipn',1,'PayPal (Credit Card/Debit)','2007-03-15 20:43:51','2007-03-15 20:43:51');

--
-- Table structure for table `qbi_paycart_payqb`
--

CREATE TABLE `qbi_paycart_payqb` (
  `qbi_paycart_payqb_id` int(10) unsigned NOT NULL AUTO_INCREMENT,
  `qbi_paycart_mod` varchar(48) NOT NULL DEFAULT '',
  `qbi_payqb_refnum` int(10) unsigned NOT NULL DEFAULT '0',
  `updated` timestamp NOT NULL DEFAULT CURRENT_TIMESTAMP ON UPDATE CURRENT_TIMESTAMP,
  `added` timestamp NOT NULL DEFAULT '0000-00-00 00:00:00',
  PRIMARY KEY (`qbi_paycart_payqb_id`),
  KEY `qbi_payqb_refnum` (`qbi_payqb_refnum`),
  KEY `qbi_paycart_mod` (`qbi_paycart_mod`)
) ENGINE=MyISAM DEFAULT CHARSET=latin1;

--
-- Dumping data for table `qbi_paycart_payqb`
--


--
-- Table structure for table `qbi_payqb`
--

CREATE TABLE `qbi_payqb` (
  `qbi_payqb_id` int(10) unsigned NOT NULL AUTO_INCREMENT,
  `qbi_payqb_refnum` int(10) unsigned NOT NULL DEFAULT '0',
  `qbi_payqb_name` varchar(48) NOT NULL DEFAULT '',
  `qbi_payqb_hidden` tinyint(2) unsigned NOT NULL DEFAULT '0',
  `qbi_payqb_type` tinyint(2) unsigned NOT NULL DEFAULT '0',
  `updated` timestamp NOT NULL DEFAULT CURRENT_TIMESTAMP ON UPDATE CURRENT_TIMESTAMP,
  `added` timestamp NOT NULL DEFAULT '0000-00-00 00:00:00',
  PRIMARY KEY (`qbi_payqb_id`),
  KEY `qbi_payqb_refnum` (`qbi_payqb_refnum`),
  KEY `qbi_payqb_name` (`qbi_payqb_name`),
  KEY `qbi_payqb_hidden` (`qbi_payqb_hidden`),
  KEY `qbi_payqb_type` (`qbi_payqb_type`)
) ENGINE=MyISAM AUTO_INCREMENT=8 DEFAULT CHARSET=latin1;

--
-- Dumping data for table `qbi_payqb`
--


--
-- Table structure for table `qbi_products_itemsqb`
--

CREATE TABLE `qbi_products_itemsqb` (
  `qbi_products_itemsqb_id` int(10) unsigned NOT NULL AUTO_INCREMENT,
  `products_id` int(10) unsigned NOT NULL DEFAULT '0',
  `products_options_values_id` int(10) unsigned NOT NULL DEFAULT '0',
  `qbi_groupsitems_refnum` int(10) unsigned NOT NULL DEFAULT '0',
  `updated` timestamp NOT NULL DEFAULT CURRENT_TIMESTAMP ON UPDATE CURRENT_TIMESTAMP,
  `added` timestamp NOT NULL DEFAULT '0000-00-00 00:00:00',
  PRIMARY KEY (`qbi_products_itemsqb_id`),
  KEY `products_id` (`products_id`),
  KEY `qbi_groupsitems_refnum` (`qbi_groupsitems_refnum`),
  KEY `products_options_values_id` (`products_options_values_id`)
) ENGINE=MyISAM DEFAULT CHARSET=latin1;

--
-- Dumping data for table `qbi_products_itemsqb`
--


--
-- Table structure for table `qbi_shipcart`
--

CREATE TABLE `qbi_shipcart` (
  `qbi_shipcart_id` int(10) unsigned NOT NULL AUTO_INCREMENT,
  `language_id` int(10) unsigned NOT NULL DEFAULT '0',
  `qbi_shipcart_car_code` varchar(48) NOT NULL DEFAULT '',
  `qbi_shipcart_car_text` varchar(48) NOT NULL DEFAULT '',
  `qbi_shipcart_serv_text` varchar(48) NOT NULL DEFAULT '',
  `updated` timestamp NOT NULL DEFAULT CURRENT_TIMESTAMP ON UPDATE CURRENT_TIMESTAMP,
  `added` timestamp NOT NULL DEFAULT '0000-00-00 00:00:00',
  PRIMARY KEY (`qbi_shipcart_id`),
  KEY `language_id` (`language_id`),
  KEY `qbi_shipcart_car_code` (`qbi_shipcart_car_code`),
  KEY `qbi_shipcart_car_text` (`qbi_shipcart_car_text`),
  KEY `qbi_shipcart_serv_text` (`qbi_shipcart_serv_text`)
) ENGINE=MyISAM DEFAULT CHARSET=latin1;

--
-- Dumping data for table `qbi_shipcart`
--


--
-- Table structure for table `qbi_shipcart_shipqb`
--

CREATE TABLE `qbi_shipcart_shipqb` (
  `qbi_shipcart_shipqb_refnum` int(10) unsigned NOT NULL AUTO_INCREMENT,
  `qbi_shipcart_car_code` varchar(48) NOT NULL DEFAULT '',
  `qbi_shipcart_serv_text` varchar(48) NOT NULL DEFAULT '',
  `qbi_shipqb_refnum` int(10) unsigned NOT NULL DEFAULT '0',
  `updated` timestamp NOT NULL DEFAULT CURRENT_TIMESTAMP ON UPDATE CURRENT_TIMESTAMP,
  `added` timestamp NOT NULL DEFAULT '0000-00-00 00:00:00',
  PRIMARY KEY (`qbi_shipcart_shipqb_refnum`),
  KEY `qbi_shipqb_refnum` (`qbi_shipqb_refnum`),
  KEY `qbi_shipcart_car_code` (`qbi_shipcart_car_code`),
  KEY `qbi_shipcart_serv_text` (`qbi_shipcart_serv_text`)
) ENGINE=MyISAM DEFAULT CHARSET=latin1;

--
-- Dumping data for table `qbi_shipcart_shipqb`
--


--
-- Table structure for table `qbi_shipqb`
--

CREATE TABLE `qbi_shipqb` (
  `qbi_shipqb_id` int(10) unsigned NOT NULL AUTO_INCREMENT,
  `qbi_shipqb_refnum` int(10) unsigned NOT NULL DEFAULT '0',
  `qbi_shipqb_name` varchar(16) NOT NULL DEFAULT '',
  `qbi_shipqb_hidden` tinyint(2) unsigned NOT NULL DEFAULT '0',
  `updated` timestamp NOT NULL DEFAULT CURRENT_TIMESTAMP ON UPDATE CURRENT_TIMESTAMP,
  `added` timestamp NOT NULL DEFAULT '0000-00-00 00:00:00',
  PRIMARY KEY (`qbi_shipqb_id`),
  KEY `qbi_shipqb_refnum` (`qbi_shipqb_refnum`),
  KEY `qbi_shipqb_name` (`qbi_shipqb_name`),
  KEY `qbi_shipqb_hidden` (`qbi_shipqb_hidden`)
) ENGINE=MyISAM DEFAULT CHARSET=latin1;

--
-- Dumping data for table `qbi_shipqb`
--


--
-- Table structure for table `reviews`
--

CREATE TABLE `reviews` (
  `reviews_id` int(11) NOT NULL AUTO_INCREMENT,
  `products_id` int(11) NOT NULL DEFAULT '0',
  `customers_id` int(11) DEFAULT NULL,
  `customers_name` varchar(64) NOT NULL DEFAULT '',
  `reviews_rating` int(1) DEFAULT NULL,
  `date_added` datetime DEFAULT NULL,
  `last_modified` datetime DEFAULT NULL,
  `reviews_read` int(5) NOT NULL DEFAULT '0',
  PRIMARY KEY (`reviews_id`),
  KEY `idx_reviews_products_id` (`products_id`),
  KEY `idx_reviews_customers_id` (`customers_id`)
) ENGINE=MyISAM AUTO_INCREMENT=2 DEFAULT CHARSET=latin1;

--
-- Dumping data for table `reviews`
--


--
-- Table structure for table `reviews_description`
--

CREATE TABLE `reviews_description` (
  `reviews_id` int(11) NOT NULL DEFAULT '0',
  `languages_id` int(11) NOT NULL DEFAULT '0',
  `reviews_text` text NOT NULL,
  PRIMARY KEY (`reviews_id`,`languages_id`)
) ENGINE=MyISAM DEFAULT CHARSET=latin1;

--
-- Dumping data for table `reviews_description`
--

INSERT INTO `reviews_description` VALUES (1,1,'this has to be one of the funniest movies released for 1999!');

--
-- Table structure for table `sessions`
--

CREATE TABLE `sessions` (
  `sesskey` varchar(32) NOT NULL DEFAULT '',
  `expiry` int(11) unsigned NOT NULL DEFAULT '0',
  `value` text NOT NULL,
  PRIMARY KEY (`sesskey`)
) ENGINE=MyISAM DEFAULT CHARSET=latin1;

--
-- Dumping data for table `sessions`
--

INSERT INTO `sessions` VALUES ('81c89113e4e1e71322d6744f7ff59eec',1297429244,'cart|O:12:\"shoppingcart\":5:{s:8:\"contents\";a:0:{}s:5:\"total\";i:0;s:6:\"weight\";i:0;s:6:\"cartID\";N;s:12:\"content_type\";b:0;}language|s:7:\"english\";languages_id|s:1:\"1\";currency|s:3:\"USD\";navigation|O:17:\"navigationhistory\":2:{s:4:\"path\";a:1:{i:0;a:4:{s:4:\"page\";s:16:\"product_info.php\";s:4:\"mode\";s:6:\"NONSSL\";s:3:\"get\";a:3:{s:5:\"cPath\";s:7:\"415_337\";s:11:\"products_id\";s:4:\"4439\";s:6:\"osCsid\";s:32:\"81c89113e4e1e71322d6744f7ff59eec\";}s:4:\"post\";a:0:{}}}s:8:\"snapshot\";a:0:{}}'),('9eb33b4cc61d45d73b0b10bf3572dd6c',1297418022,'cart|O:12:\"shoppingcart\":4:{s:8:\"contents\";a:0:{}s:5:\"total\";i:0;s:6:\"weight\";i:0;s:12:\"content_type\";b:0;}language|s:7:\"english\";languages_id|s:1:\"1\";currency|s:3:\"USD\";navigation|O:17:\"navigationhistory\":2:{s:4:\"path\";a:1:{i:0;a:4:{s:4:\"page\";s:9:\"index.php\";s:4:\"mode\";s:6:\"NONSSL\";s:3:\"get\";a:0:{}s:4:\"post\";a:0:{}}}s:8:\"snapshot\";a:0:{}}'),('f3acd6d9a7af810f67501f20888495b1',1297418035,'cart|O:12:\"shoppingcart\":4:{s:8:\"contents\";a:0:{}s:5:\"total\";i:0;s:6:\"weight\";i:0;s:12:\"content_type\";b:0;}language|s:7:\"english\";languages_id|s:1:\"1\";currency|s:3:\"USD\";navigation|O:17:\"navigationhistory\":2:{s:4:\"path\";a:1:{i:0;a:4:{s:4:\"page\";s:9:\"index.php\";s:4:\"mode\";s:6:\"NONSSL\";s:3:\"get\";a:0:{}s:4:\"post\";a:0:{}}}s:8:\"snapshot\";a:0:{}}'),('9ea1c4cccc78f9cc5fde8dfb2f9eed5b',1297418037,'cart|O:12:\"shoppingcart\":4:{s:8:\"contents\";a:0:{}s:5:\"total\";i:0;s:6:\"weight\";i:0;s:12:\"content_type\";b:0;}language|s:7:\"english\";languages_id|s:1:\"1\";currency|s:3:\"USD\";navigation|O:17:\"navigationhistory\":2:{s:4:\"path\";a:1:{i:0;a:4:{s:4:\"page\";s:9:\"index.php\";s:4:\"mode\";s:6:\"NONSSL\";s:3:\"get\";a:0:{}s:4:\"post\";a:0:{}}}s:8:\"snapshot\";a:0:{}}'),('ed3b0125d441759d0d3d5124440a9300',1297420245,'cart|O:12:\"shoppingcart\":4:{s:8:\"contents\";a:0:{}s:5:\"total\";i:0;s:6:\"weight\";i:0;s:12:\"content_type\";b:0;}language|s:7:\"english\";languages_id|s:1:\"1\";currency|s:3:\"USD\";navigation|O:17:\"navigationhistory\":2:{s:4:\"path\";a:1:{i:0;a:4:{s:4:\"page\";s:16:\"product_info.php\";s:4:\"mode\";s:6:\"NONSSL\";s:3:\"get\";a:3:{s:5:\"cPath\";s:11:\"406_411_458\";s:11:\"products_id\";s:4:\"3562\";s:6:\"osCsid\";s:32:\"ed3b0125d441759d0d3d5124440a9300\";}s:4:\"post\";a:0:{}}}s:8:\"snapshot\";a:0:{}}'),('63ead4450191d732c9a542f0ca744a4d',1297422974,'cart|O:12:\"shoppingcart\":4:{s:8:\"contents\";a:0:{}s:5:\"total\";i:0;s:6:\"weight\";i:0;s:12:\"content_type\";b:0;}language|s:7:\"english\";languages_id|s:1:\"1\";currency|s:3:\"USD\";navigation|O:17:\"navigationhistory\":2:{s:4:\"path\";a:1:{i:0;a:4:{s:4:\"page\";s:16:\"product_info.php\";s:4:\"mode\";s:6:\"NONSSL\";s:3:\"get\";a:3:{s:5:\"cPath\";s:11:\"406_409_508\";s:11:\"products_id\";s:4:\"3836\";s:6:\"osCsid\";s:32:\"63ead4450191d732c9a542f0ca744a4d\";}s:4:\"post\";a:0:{}}}s:8:\"snapshot\";a:0:{}}'),('5186a1aa3e8c98125a91983cb6177558',1297430618,'cart|O:12:\"shoppingcart\":5:{s:8:\"contents\";a:0:{}s:5:\"total\";i:0;s:6:\"weight\";i:0;s:6:\"cartID\";N;s:12:\"content_type\";b:0;}language|s:7:\"english\";languages_id|s:1:\"1\";currency|s:3:\"USD\";navigation|O:17:\"navigationhistory\":2:{s:4:\"path\";a:1:{i:0;a:4:{s:4:\"page\";s:9:\"index.php\";s:4:\"mode\";s:6:\"NONSSL\";s:3:\"get\";a:2:{s:5:\"cPath\";s:7:\"332_334\";s:6:\"osCsid\";s:32:\"5186a1aa3e8c98125a91983cb6177558\";}s:4:\"post\";a:0:{}}}s:8:\"snapshot\";a:0:{}}'),('8d863c98e1f8a6241d29247459f58496',1297418648,'cart|O:12:\"shoppingcart\":4:{s:8:\"contents\";a:0:{}s:5:\"total\";i:0;s:6:\"weight\";i:0;s:12:\"content_type\";b:0;}language|s:7:\"english\";languages_id|s:1:\"1\";currency|s:3:\"USD\";navigation|O:17:\"navigationhistory\":2:{s:4:\"path\";a:1:{i:0;a:4:{s:4:\"page\";s:9:\"index.php\";s:4:\"mode\";s:6:\"NONSSL\";s:3:\"get\";a:0:{}s:4:\"post\";a:0:{}}}s:8:\"snapshot\";a:0:{}}'),('864897934047c3a13dd4130eef24f8d3',1297418819,'cart|O:12:\"shoppingcart\":5:{s:8:\"contents\";a:0:{}s:5:\"total\";i:0;s:6:\"weight\";i:0;s:6:\"cartID\";N;s:12:\"content_type\";b:0;}language|s:7:\"english\";languages_id|s:1:\"1\";currency|s:3:\"USD\";navigation|O:17:\"navigationhistory\":2:{s:4:\"path\";a:4:{i:0;a:4:{s:4:\"page\";s:9:\"index.php\";s:4:\"mode\";s:6:\"NONSSL\";s:3:\"get\";a:0:{}s:4:\"post\";a:0:{}}i:1;a:4:{s:4:\"page\";s:9:\"index.php\";s:4:\"mode\";s:6:\"NONSSL\";s:3:\"get\";a:2:{s:5:\"cPath\";s:3:\"415\";s:6:\"osCsid\";s:32:\"864897934047c3a13dd4130eef24f8d3\";}s:4:\"post\";a:0:{}}i:2;a:4:{s:4:\"page\";s:12:\"shipping.php\";s:4:\"mode\";s:6:\"NONSSL\";s:3:\"get\";a:1:{s:6:\"osCsid\";s:32:\"864897934047c3a13dd4130eef24f8d3\";}s:4:\"post\";a:0:{}}i:3;a:4:{s:4:\"page\";s:14:\"contact_us.php\";s:4:\"mode\";s:6:\"NONSSL\";s:3:\"get\";a:1:{s:6:\"osCsid\";s:32:\"864897934047c3a13dd4130eef24f8d3\";}s:4:\"post\";a:0:{}}}s:8:\"snapshot\";a:0:{}}'),('68129baf8fe1f72d63d10025d3843e30',1297429583,'cart|O:12:\"shoppingcart\":5:{s:8:\"contents\";a:0:{}s:5:\"total\";i:0;s:6:\"weight\";i:0;s:6:\"cartID\";N;s:12:\"content_type\";b:0;}language|s:7:\"english\";languages_id|s:1:\"1\";currency|s:3:\"USD\";navigation|O:17:\"navigationhistory\":2:{s:4:\"path\";a:1:{i:0;a:4:{s:4:\"page\";s:16:\"product_info.php\";s:4:\"mode\";s:6:\"NONSSL\";s:3:\"get\";a:1:{s:11:\"products_id\";s:4:\"1964\";}s:4:\"post\";a:0:{}}}s:8:\"snapshot\";a:0:{}}'),('a9d4644dcfe0d35f3c4feeb5b4900f21',1297429033,'cart|O:12:\"shoppingcart\":4:{s:8:\"contents\";a:0:{}s:5:\"total\";i:0;s:6:\"weight\";i:0;s:12:\"content_type\";b:0;}language|s:7:\"english\";languages_id|s:1:\"1\";currency|s:3:\"USD\";navigation|O:17:\"navigationhistory\":2:{s:4:\"path\";a:1:{i:0;a:4:{s:4:\"page\";s:16:\"product_info.php\";s:4:\"mode\";s:6:\"NONSSL\";s:3:\"get\";a:3:{s:16:\"manufacturers_id\";s:3:\"116\";s:11:\"products_id\";s:4:\"4319\";s:6:\"osCsid\";s:32:\"a9d4644dcfe0d35f3c4feeb5b4900f21\";}s:4:\"post\";a:0:{}}}s:8:\"snapshot\";a:0:{}}'),('6c0a7bdefdae8c9b564cb927174b6cbf',1297417383,'cart|O:12:\"shoppingcart\":4:{s:8:\"contents\";a:0:{}s:5:\"total\";i:0;s:6:\"weight\";i:0;s:12:\"content_type\";b:0;}language|s:7:\"english\";languages_id|s:1:\"1\";currency|s:3:\"USD\";navigation|O:17:\"navigationhistory\":2:{s:4:\"path\";a:1:{i:0;a:4:{s:4:\"page\";s:16:\"product_info.php\";s:4:\"mode\";s:6:\"NONSSL\";s:3:\"get\";a:3:{s:5:\"cPath\";s:11:\"406_408_608\";s:11:\"products_id\";s:4:\"4739\";s:6:\"osCsid\";s:32:\"6c0a7bdefdae8c9b564cb927174b6cbf\";}s:4:\"post\";a:0:{}}}s:8:\"snapshot\";a:0:{}}'),('5524116a9f87c071237b417f31dbdc23',1297424758,'cart|O:12:\"shoppingcart\":4:{s:8:\"contents\";a:0:{}s:5:\"total\";i:0;s:6:\"weight\";i:0;s:12:\"content_type\";b:0;}language|s:7:\"english\";languages_id|s:1:\"1\";currency|s:3:\"USD\";navigation|O:17:\"navigationhistory\":2:{s:4:\"path\";a:1:{i:0;a:4:{s:4:\"page\";s:16:\"product_info.php\";s:4:\"mode\";s:6:\"NONSSL\";s:3:\"get\";a:3:{s:5:\"cPath\";s:10:\"406_29_466\";s:11:\"products_id\";s:4:\"3608\";s:6:\"osCsid\";s:32:\"5524116a9f87c071237b417f31dbdc23\";}s:4:\"post\";a:0:{}}}s:8:\"snapshot\";a:0:{}}'),('460af1ddd6a786a48d6e1711bf00fb68',1297420315,'cart|O:12:\"shoppingcart\":4:{s:8:\"contents\";a:0:{}s:5:\"total\";i:0;s:6:\"weight\";i:0;s:12:\"content_type\";b:0;}language|s:7:\"english\";languages_id|s:1:\"1\";currency|s:3:\"USD\";navigation|O:17:\"navigationhistory\":2:{s:4:\"path\";a:1:{i:0;a:4:{s:4:\"page\";s:16:\"product_info.php\";s:4:\"mode\";s:6:\"NONSSL\";s:3:\"get\";a:3:{s:5:\"cPath\";s:11:\"406_411_412\";s:11:\"products_id\";s:4:\"3219\";s:6:\"osCsid\";s:32:\"460af1ddd6a786a48d6e1711bf00fb68\";}s:4:\"post\";a:0:{}}}s:8:\"snapshot\";a:0:{}}'),('6c8bd1edc3db50134e74b97c721fa547',1297421775,'cart|O:12:\"shoppingcart\":4:{s:8:\"contents\";a:0:{}s:5:\"total\";i:0;s:6:\"weight\";i:0;s:12:\"content_type\";b:0;}language|s:7:\"english\";languages_id|s:1:\"1\";currency|s:3:\"USD\";navigation|O:17:\"navigationhistory\":2:{s:4:\"path\";a:1:{i:0;a:4:{s:4:\"page\";s:9:\"index.php\";s:4:\"mode\";s:6:\"NONSSL\";s:3:\"get\";a:2:{s:5:\"cPath\";s:11:\"406_408_632\";s:6:\"osCsid\";s:32:\"6c8bd1edc3db50134e74b97c721fa547\";}s:4:\"post\";a:0:{}}}s:8:\"snapshot\";a:0:{}}'),('6171531938af51de856eee3bfcce6f55',1297429959,'cart|O:12:\"shoppingcart\":4:{s:8:\"contents\";a:0:{}s:5:\"total\";i:0;s:6:\"weight\";i:0;s:12:\"content_type\";b:0;}language|s:7:\"english\";languages_id|s:1:\"1\";currency|s:3:\"USD\";navigation|O:17:\"navigationhistory\":2:{s:4:\"path\";a:1:{i:0;a:4:{s:4:\"page\";s:18:\"create_account.php\";s:4:\"mode\";s:3:\"SSL\";s:3:\"get\";a:0:{}s:4:\"post\";a:0:{}}}s:8:\"snapshot\";a:0:{}}'),('bebc1d600661be4aa013b01691c89deb',1297421300,'cart|O:12:\"shoppingcart\":5:{s:8:\"contents\";a:0:{}s:5:\"total\";i:0;s:6:\"weight\";i:0;s:6:\"cartID\";N;s:12:\"content_type\";b:0;}language|s:7:\"english\";languages_id|s:1:\"1\";currency|s:3:\"USD\";navigation|O:17:\"navigationhistory\":2:{s:4:\"path\";a:2:{i:0;a:4:{s:4:\"page\";s:16:\"product_info.php\";s:4:\"mode\";s:6:\"NONSSL\";s:3:\"get\";a:3:{s:16:\"manufacturers_id\";s:2:\"98\";s:11:\"products_id\";s:4:\"1977\";s:6:\"osCsid\";s:32:\"bebc1d600661be4aa013b01691c89deb\";}s:4:\"post\";a:0:{}}i:1;a:4:{s:4:\"page\";s:16:\"product_info.php\";s:4:\"mode\";s:6:\"NONSSL\";s:3:\"get\";a:3:{s:5:\"cPath\";s:11:\"415_404_558\";s:11:\"products_id\";s:4:\"2953\";s:6:\"osCsid\";s:32:\"bebc1d600661be4aa013b01691c89deb\";}s:4:\"post\";a:0:{}}}s:8:\"snapshot\";a:0:{}}'),('4bec4fe687082891cde091c736bd05e9',1297433391,'cart|O:12:\"shoppingcart\":4:{s:8:\"contents\";a:0:{}s:5:\"total\";i:0;s:6:\"weight\";i:0;s:12:\"content_type\";b:0;}language|s:7:\"english\";languages_id|s:1:\"1\";currency|s:3:\"USD\";navigation|O:17:\"navigationhistory\":2:{s:4:\"path\";a:0:{}s:8:\"snapshot\";a:0:{}}'),('7c6e2feae6f5a769e87f62098ae29dc2',1297433008,'cart|O:12:\"shoppingcart\":5:{s:8:\"contents\";a:0:{}s:5:\"total\";i:0;s:6:\"weight\";i:0;s:6:\"cartID\";N;s:12:\"content_type\";b:0;}language|s:7:\"english\";languages_id|s:1:\"1\";currency|s:3:\"USD\";navigation|O:17:\"navigationhistory\":2:{s:4:\"path\";a:1:{i:0;a:4:{s:4:\"page\";s:16:\"product_info.php\";s:4:\"mode\";s:6:\"NONSSL\";s:3:\"get\";a:1:{s:11:\"products_id\";s:4:\"3056\";}s:4:\"post\";a:0:{}}}s:8:\"snapshot\";a:0:{}}'),('4f54655d5d8d45729010119382355a5c',1297421510,'cart|O:12:\"shoppingcart\":4:{s:8:\"contents\";a:0:{}s:5:\"total\";i:0;s:6:\"weight\";i:0;s:12:\"content_type\";b:0;}language|s:7:\"english\";languages_id|s:1:\"1\";currency|s:3:\"USD\";navigation|O:17:\"navigationhistory\":2:{s:4:\"path\";a:0:{}s:8:\"snapshot\";a:0:{}}'),('2062f6d444c623a72743373ad81b9712',1297421721,'cart|O:12:\"shoppingcart\":4:{s:8:\"contents\";a:0:{}s:5:\"total\";i:0;s:6:\"weight\";i:0;s:12:\"content_type\";b:0;}language|s:7:\"english\";languages_id|s:1:\"1\";currency|s:3:\"USD\";navigation|O:17:\"navigationhistory\":2:{s:4:\"path\";a:1:{i:0;a:4:{s:4:\"page\";s:16:\"product_info.php\";s:4:\"mode\";s:6:\"NONSSL\";s:3:\"get\";a:3:{s:5:\"cPath\";s:9:\"406_43_80\";s:11:\"products_id\";s:4:\"4777\";s:6:\"osCsid\";s:32:\"2062f6d444c623a72743373ad81b9712\";}s:4:\"post\";a:0:{}}}s:8:\"snapshot\";a:0:{}}'),('8e22bd9769755b28487f764549ec2825',1297421862,'cart|O:12:\"shoppingcart\":4:{s:8:\"contents\";a:0:{}s:5:\"total\";i:0;s:6:\"weight\";i:0;s:12:\"content_type\";b:0;}language|s:7:\"english\";languages_id|s:1:\"1\";currency|s:3:\"USD\";navigation|O:17:\"navigationhistory\":2:{s:4:\"path\";a:1:{i:0;a:4:{s:4:\"page\";s:16:\"product_info.php\";s:4:\"mode\";s:6:\"NONSSL\";s:3:\"get\";a:2:{s:5:\"cPath\";s:11:\"251_307_309\";s:11:\"products_id\";s:4:\"3060\";}s:4:\"post\";a:0:{}}}s:8:\"snapshot\";a:0:{}}'),('55116d0b5131bdbcb3201d8c37b94bf8',1297421863,'cart|O:12:\"shoppingcart\":4:{s:8:\"contents\";a:0:{}s:5:\"total\";i:0;s:6:\"weight\";i:0;s:12:\"content_type\";b:0;}language|s:7:\"english\";languages_id|s:1:\"1\";currency|s:3:\"USD\";navigation|O:17:\"navigationhistory\":2:{s:4:\"path\";a:0:{}s:8:\"snapshot\";a:0:{}}'),('e07b17031443a8a9a49de1348ee39a57',1297429104,'cart|O:12:\"shoppingcart\":4:{s:8:\"contents\";a:0:{}s:5:\"total\";i:0;s:6:\"weight\";i:0;s:12:\"content_type\";b:0;}language|s:7:\"english\";languages_id|s:1:\"1\";currency|s:3:\"USD\";navigation|O:17:\"navigationhistory\":2:{s:4:\"path\";a:1:{i:0;a:4:{s:4:\"page\";s:16:\"product_info.php\";s:4:\"mode\";s:6:\"NONSSL\";s:3:\"get\";a:3:{s:5:\"cPath\";s:11:\"415_590_393\";s:11:\"products_id\";s:4:\"2740\";s:6:\"osCsid\";s:32:\"e07b17031443a8a9a49de1348ee39a57\";}s:4:\"post\";a:0:{}}}s:8:\"snapshot\";a:0:{}}'),('427678b1a8c51251b583d32d2625f981',1297422003,'cart|O:12:\"shoppingcart\":4:{s:8:\"contents\";a:0:{}s:5:\"total\";i:0;s:6:\"weight\";i:0;s:12:\"content_type\";b:0;}language|s:7:\"english\";languages_id|s:1:\"1\";currency|s:3:\"USD\";navigation|O:17:\"navigationhistory\":2:{s:4:\"path\";a:1:{i:0;a:4:{s:4:\"page\";s:16:\"product_info.php\";s:4:\"mode\";s:6:\"NONSSL\";s:3:\"get\";a:3:{s:16:\"manufacturers_id\";s:3:\"153\";s:11:\"products_id\";s:4:\"4033\";s:6:\"osCsid\";s:32:\"427678b1a8c51251b583d32d2625f981\";}s:4:\"post\";a:0:{}}}s:8:\"snapshot\";a:0:{}}'),('80b6b7a5d57fd5e7d8c103ae011988c9',1297422056,'cart|O:12:\"shoppingcart\":4:{s:8:\"contents\";a:0:{}s:5:\"total\";i:0;s:6:\"weight\";i:0;s:12:\"content_type\";b:0;}language|s:7:\"english\";languages_id|s:1:\"1\";currency|s:3:\"USD\";navigation|O:17:\"navigationhistory\":2:{s:4:\"path\";a:1:{i:0;a:4:{s:4:\"page\";s:9:\"index.php\";s:4:\"mode\";s:6:\"NONSSL\";s:3:\"get\";a:1:{s:5:\"cPath\";s:7:\"415_582\";}s:4:\"post\";a:0:{}}}s:8:\"snapshot\";a:0:{}}'),('43218ef61efb59a280307610eb28346a',1297417926,'cart|O:12:\"shoppingcart\":4:{s:8:\"contents\";a:0:{}s:5:\"total\";i:0;s:6:\"weight\";i:0;s:12:\"content_type\";b:0;}language|s:7:\"english\";languages_id|s:1:\"1\";currency|s:3:\"USD\";navigation|O:17:\"navigationhistory\":2:{s:4:\"path\";a:1:{i:0;a:4:{s:4:\"page\";s:16:\"product_info.php\";s:4:\"mode\";s:6:\"NONSSL\";s:3:\"get\";a:3:{s:16:\"manufacturers_id\";s:2:\"68\";s:11:\"products_id\";s:4:\"3697\";s:6:\"osCsid\";s:32:\"43218ef61efb59a280307610eb28346a\";}s:4:\"post\";a:0:{}}}s:8:\"snapshot\";a:0:{}}'),('d6821cedd29113762d183af24c29491e',1297428790,'cart|O:12:\"shoppingcart\":4:{s:8:\"contents\";a:0:{}s:5:\"total\";i:0;s:6:\"weight\";i:0;s:12:\"content_type\";b:0;}language|s:7:\"english\";languages_id|s:1:\"1\";currency|s:3:\"USD\";navigation|O:17:\"navigationhistory\":2:{s:4:\"path\";a:1:{i:0;a:4:{s:4:\"page\";s:14:\"conditions.php\";s:4:\"mode\";s:6:\"NONSSL\";s:3:\"get\";a:0:{}s:4:\"post\";a:0:{}}}s:8:\"snapshot\";a:0:{}}'),('a1ad73d42869957ffdbf644eff24e89a',1297427185,'cart|O:12:\"shoppingcart\":5:{s:8:\"contents\";a:0:{}s:5:\"total\";i:0;s:6:\"weight\";i:0;s:6:\"cartID\";N;s:12:\"content_type\";b:0;}language|s:7:\"english\";languages_id|s:1:\"1\";currency|s:3:\"USD\";navigation|O:17:\"navigationhistory\":2:{s:4:\"path\";a:1:{i:0;a:4:{s:4:\"page\";s:16:\"product_info.php\";s:4:\"mode\";s:6:\"NONSSL\";s:3:\"get\";a:3:{s:16:\"manufacturers_id\";s:3:\"121\";s:11:\"products_id\";s:4:\"3303\";s:6:\"osCsid\";s:32:\"a1ad73d42869957ffdbf644eff24e89a\";}s:4:\"post\";a:0:{}}}s:8:\"snapshot\";a:0:{}}'),('576336abf471de841168b400c999c13f',1297429674,'cart|O:12:\"shoppingcart\":4:{s:8:\"contents\";a:0:{}s:5:\"total\";i:0;s:6:\"weight\";i:0;s:12:\"content_type\";b:0;}language|s:7:\"english\";languages_id|s:1:\"1\";currency|s:3:\"USD\";navigation|O:17:\"navigationhistory\":2:{s:4:\"path\";a:1:{i:0;a:4:{s:4:\"page\";s:16:\"product_info.php\";s:4:\"mode\";s:6:\"NONSSL\";s:3:\"get\";a:3:{s:16:\"manufacturers_id\";s:3:\"115\";s:11:\"products_id\";s:4:\"2245\";s:6:\"osCsid\";s:32:\"576336abf471de841168b400c999c13f\";}s:4:\"post\";a:0:{}}}s:8:\"snapshot\";a:0:{}}'),('b2890c1b23428e0c9036c9b2bfc84505',1297430556,'cart|O:12:\"shoppingcart\":4:{s:8:\"contents\";a:0:{}s:5:\"total\";i:0;s:6:\"weight\";i:0;s:12:\"content_type\";b:0;}language|s:7:\"english\";languages_id|s:1:\"1\";currency|s:3:\"USD\";navigation|O:17:\"navigationhistory\":2:{s:4:\"path\";a:1:{i:0;a:4:{s:4:\"page\";s:16:\"product_info.php\";s:4:\"mode\";s:6:\"NONSSL\";s:3:\"get\";a:1:{s:11:\"products_id\";s:4:\"2761\";}s:4:\"post\";a:0:{}}}s:8:\"snapshot\";a:0:{}}'),('ab47e31001e033bab4e7825e358bade8',1297424669,'cart|O:12:\"shoppingcart\":5:{s:8:\"contents\";a:0:{}s:5:\"total\";i:0;s:6:\"weight\";i:0;s:6:\"cartID\";N;s:12:\"content_type\";b:0;}language|s:7:\"english\";languages_id|s:1:\"1\";currency|s:3:\"USD\";navigation|O:17:\"navigationhistory\":2:{s:4:\"path\";a:1:{i:0;a:4:{s:4:\"page\";s:16:\"product_info.php\";s:4:\"mode\";s:6:\"NONSSL\";s:3:\"get\";a:3:{s:5:\"cPath\";s:7:\"415_591\";s:11:\"products_id\";s:4:\"4358\";s:6:\"osCsid\";s:32:\"ab47e31001e033bab4e7825e358bade8\";}s:4:\"post\";a:0:{}}}s:8:\"snapshot\";a:0:{}}'),('873be08774c4a64d8800b00565405ee7',1297421502,'cart|O:12:\"shoppingcart\":4:{s:8:\"contents\";a:0:{}s:5:\"total\";i:0;s:6:\"weight\";i:0;s:12:\"content_type\";b:0;}language|s:7:\"english\";languages_id|s:1:\"1\";currency|s:3:\"USD\";navigation|O:17:\"navigationhistory\":2:{s:4:\"path\";a:1:{i:0;a:4:{s:4:\"page\";s:9:\"index.php\";s:4:\"mode\";s:6:\"NONSSL\";s:3:\"get\";a:1:{s:5:\"cPath\";s:10:\"406_44_474\";}s:4:\"post\";a:0:{}}}s:8:\"snapshot\";a:0:{}}'),('dd238bf94366b93ee612ecde9b5e992a',1297428260,'cart|O:12:\"shoppingcart\":4:{s:8:\"contents\";a:0:{}s:5:\"total\";i:0;s:6:\"weight\";i:0;s:12:\"content_type\";b:0;}language|s:7:\"english\";languages_id|s:1:\"1\";currency|s:3:\"USD\";navigation|O:17:\"navigationhistory\":2:{s:4:\"path\";a:1:{i:0;a:4:{s:4:\"page\";s:9:\"index.php\";s:4:\"mode\";s:6:\"NONSSL\";s:3:\"get\";a:2:{s:5:\"cPath\";s:11:\"415_404_557\";s:6:\"osCsid\";s:32:\"dd238bf94366b93ee612ecde9b5e992a\";}s:4:\"post\";a:0:{}}}s:8:\"snapshot\";a:0:{}}'),('4701d7b318075f9c0f12d7b7a1e9c454',1297428331,'cart|O:12:\"shoppingcart\":4:{s:8:\"contents\";a:0:{}s:5:\"total\";i:0;s:6:\"weight\";i:0;s:12:\"content_type\";b:0;}language|s:7:\"english\";languages_id|s:1:\"1\";currency|s:3:\"USD\";navigation|O:17:\"navigationhistory\":2:{s:4:\"path\";a:1:{i:0;a:4:{s:4:\"page\";s:9:\"index.php\";s:4:\"mode\";s:6:\"NONSSL\";s:3:\"get\";a:2:{s:5:\"cPath\";s:7:\"406_619\";s:6:\"osCsid\";s:32:\"4701d7b318075f9c0f12d7b7a1e9c454\";}s:4:\"post\";a:0:{}}}s:8:\"snapshot\";a:0:{}}'),('70661d1d83008cfd089491794f2bda54',1297431816,'cart|O:12:\"shoppingcart\":5:{s:8:\"contents\";a:0:{}s:5:\"total\";i:0;s:6:\"weight\";i:0;s:6:\"cartID\";N;s:12:\"content_type\";b:0;}language|s:7:\"english\";languages_id|s:1:\"1\";currency|s:3:\"USD\";navigation|O:17:\"navigationhistory\":2:{s:4:\"path\";a:1:{i:0;a:4:{s:4:\"page\";s:16:\"product_info.php\";s:4:\"mode\";s:6:\"NONSSL\";s:3:\"get\";a:1:{s:11:\"products_id\";s:4:\"1908\";}s:4:\"post\";a:0:{}}}s:8:\"snapshot\";a:0:{}}'),('c6bd94a903d976cc9fab6908e53ffb80',1297427628,'cart|O:12:\"shoppingcart\":4:{s:8:\"contents\";a:0:{}s:5:\"total\";i:0;s:6:\"weight\";i:0;s:12:\"content_type\";b:0;}language|s:7:\"english\";languages_id|s:1:\"1\";currency|s:3:\"USD\";navigation|O:17:\"navigationhistory\":2:{s:4:\"path\";a:1:{i:0;a:4:{s:4:\"page\";s:16:\"product_info.php\";s:4:\"mode\";s:6:\"NONSSL\";s:3:\"get\";a:3:{s:16:\"manufacturers_id\";s:3:\"192\";s:11:\"products_id\";s:4:\"4786\";s:6:\"osCsid\";s:32:\"c6bd94a903d976cc9fab6908e53ffb80\";}s:4:\"post\";a:0:{}}}s:8:\"snapshot\";a:0:{}}'),('178507d25b23ec0ba3cd4cbe3fa08919',1297429075,'cart|O:12:\"shoppingcart\":5:{s:8:\"contents\";a:0:{}s:5:\"total\";i:0;s:6:\"weight\";i:0;s:6:\"cartID\";N;s:12:\"content_type\";b:0;}language|s:7:\"english\";languages_id|s:1:\"1\";currency|s:3:\"USD\";navigation|O:17:\"navigationhistory\":2:{s:4:\"path\";a:1:{i:0;a:4:{s:4:\"page\";s:16:\"product_info.php\";s:4:\"mode\";s:6:\"NONSSL\";s:3:\"get\";a:3:{s:16:\"manufacturers_id\";s:3:\"116\";s:11:\"products_id\";s:4:\"2726\";s:6:\"osCsid\";s:32:\"178507d25b23ec0ba3cd4cbe3fa08919\";}s:4:\"post\";a:0:{}}}s:8:\"snapshot\";a:0:{}}'),('7f37df61054d8c3efc9ecc6e9c402336',1297429591,'cart|O:12:\"shoppingcart\":5:{s:8:\"contents\";a:0:{}s:5:\"total\";i:0;s:6:\"weight\";i:0;s:6:\"cartID\";N;s:12:\"content_type\";b:0;}language|s:7:\"english\";languages_id|s:1:\"1\";currency|s:3:\"USD\";navigation|O:17:\"navigationhistory\":2:{s:4:\"path\";a:1:{i:0;a:4:{s:4:\"page\";s:9:\"index.php\";s:4:\"mode\";s:6:\"NONSSL\";s:3:\"get\";a:2:{s:5:\"cPath\";s:7:\"417_618\";s:6:\"osCsid\";s:32:\"7f37df61054d8c3efc9ecc6e9c402336\";}s:4:\"post\";a:0:{}}}s:8:\"snapshot\";a:0:{}}'),('3a5656274de2bc41cec8cdacf9e49753',1297420147,'cart|O:12:\"shoppingcart\":4:{s:8:\"contents\";a:0:{}s:5:\"total\";i:0;s:6:\"weight\";i:0;s:12:\"content_type\";b:0;}language|s:7:\"english\";languages_id|s:1:\"1\";currency|s:3:\"USD\";navigation|O:17:\"navigationhistory\":2:{s:4:\"path\";a:1:{i:0;a:4:{s:4:\"page\";s:16:\"product_info.php\";s:4:\"mode\";s:6:\"NONSSL\";s:3:\"get\";a:3:{s:5:\"cPath\";s:11:\"416_433_439\";s:11:\"products_id\";s:4:\"3442\";s:6:\"osCsid\";s:32:\"3a5656274de2bc41cec8cdacf9e49753\";}s:4:\"post\";a:0:{}}}s:8:\"snapshot\";a:0:{}}'),('81cc291c3fb595cf9a847ab99b6d324f',1297430844,'cart|O:12:\"shoppingcart\":5:{s:8:\"contents\";a:0:{}s:5:\"total\";i:0;s:6:\"weight\";i:0;s:6:\"cartID\";N;s:12:\"content_type\";b:0;}language|s:7:\"english\";languages_id|s:1:\"1\";currency|s:3:\"USD\";navigation|O:17:\"navigationhistory\":2:{s:4:\"path\";a:1:{i:0;a:4:{s:4:\"page\";s:16:\"product_info.php\";s:4:\"mode\";s:6:\"NONSSL\";s:3:\"get\";a:3:{s:16:\"manufacturers_id\";s:3:\"124\";s:11:\"products_id\";s:4:\"3586\";s:6:\"osCsid\";s:32:\"81cc291c3fb595cf9a847ab99b6d324f\";}s:4:\"post\";a:0:{}}}s:8:\"snapshot\";a:0:{}}'),('07a6545fd96d292f8d9fa59daf42d1e4',1297430787,'cart|O:12:\"shoppingcart\":4:{s:8:\"contents\";a:0:{}s:5:\"total\";i:0;s:6:\"weight\";i:0;s:12:\"content_type\";b:0;}language|s:7:\"english\";languages_id|s:1:\"1\";currency|s:3:\"USD\";navigation|O:17:\"navigationhistory\":2:{s:4:\"path\";a:1:{i:0;a:4:{s:4:\"page\";s:9:\"index.php\";s:4:\"mode\";s:6:\"NONSSL\";s:3:\"get\";a:0:{}s:4:\"post\";a:0:{}}}s:8:\"snapshot\";a:0:{}}'),('25b8523aa219c776b745baed9506c336',1297432355,'cart|O:12:\"shoppingcart\":5:{s:8:\"contents\";a:0:{}s:5:\"total\";i:0;s:6:\"weight\";i:0;s:6:\"cartID\";N;s:12:\"content_type\";b:0;}language|s:7:\"english\";languages_id|s:1:\"1\";currency|s:3:\"USD\";navigation|O:17:\"navigationhistory\":2:{s:4:\"path\";a:0:{}s:8:\"snapshot\";a:0:{}}'),('abc1cd2f3051fefb782fbbdc5ab5f19e',1297432247,'cart|O:12:\"shoppingcart\":4:{s:8:\"contents\";a:0:{}s:5:\"total\";i:0;s:6:\"weight\";i:0;s:12:\"content_type\";b:0;}language|s:7:\"english\";languages_id|s:1:\"1\";currency|s:3:\"USD\";navigation|O:17:\"navigationhistory\":2:{s:4:\"path\";a:1:{i:0;a:4:{s:4:\"page\";s:9:\"index.php\";s:4:\"mode\";s:6:\"NONSSL\";s:3:\"get\";a:1:{s:5:\"cPath\";s:7:\"406_411\";}s:4:\"post\";a:0:{}}}s:8:\"snapshot\";a:0:{}}'),('723479d04c7887f28b05e441e4e632f2',1297432418,'cart|O:12:\"shoppingcart\":4:{s:8:\"contents\";a:0:{}s:5:\"total\";i:0;s:6:\"weight\";i:0;s:12:\"content_type\";b:0;}language|s:7:\"english\";languages_id|s:1:\"1\";currency|s:3:\"USD\";navigation|O:17:\"navigationhistory\":2:{s:4:\"path\";a:1:{i:0;a:4:{s:4:\"page\";s:9:\"index.php\";s:4:\"mode\";s:6:\"NONSSL\";s:3:\"get\";a:1:{s:5:\"cPath\";s:7:\"406_605\";}s:4:\"post\";a:0:{}}}s:8:\"snapshot\";a:0:{}}'),('2da3bc1902ddf5fb9c4c6be85ae8617d',1297428008,'cart|O:12:\"shoppingcart\":4:{s:8:\"contents\";a:0:{}s:5:\"total\";i:0;s:6:\"weight\";i:0;s:12:\"content_type\";b:0;}language|s:7:\"english\";languages_id|s:1:\"1\";currency|s:3:\"USD\";navigation|O:17:\"navigationhistory\":2:{s:4:\"path\";a:0:{}s:8:\"snapshot\";a:0:{}}'),('97546733c2c34ab6c82205bba2e682f3',1297419159,'cart|O:12:\"shoppingcart\":4:{s:8:\"contents\";a:0:{}s:5:\"total\";i:0;s:6:\"weight\";i:0;s:12:\"content_type\";b:0;}language|s:7:\"english\";languages_id|s:1:\"1\";currency|s:3:\"USD\";navigation|O:17:\"navigationhistory\":2:{s:4:\"path\";a:1:{i:0;a:4:{s:4:\"page\";s:16:\"product_info.php\";s:4:\"mode\";s:6:\"NONSSL\";s:3:\"get\";a:2:{s:5:\"cPath\";s:7:\"415_500\";s:11:\"products_id\";s:4:\"3762\";}s:4:\"post\";a:0:{}}}s:8:\"snapshot\";a:0:{}}'),('0d675e01dee7e06be26bd30cc69e7dfc',1297429387,'cart|O:12:\"shoppingcart\":4:{s:8:\"contents\";a:0:{}s:5:\"total\";i:0;s:6:\"weight\";i:0;s:12:\"content_type\";b:0;}language|s:7:\"english\";languages_id|s:1:\"1\";currency|s:3:\"USD\";navigation|O:17:\"navigationhistory\":2:{s:4:\"path\";a:0:{}s:8:\"snapshot\";a:0:{}}'),('578ac3bfcda938ecbc34e20a6f2a8d8a',1297421229,'cart|O:12:\"shoppingcart\":5:{s:8:\"contents\";a:0:{}s:5:\"total\";i:0;s:6:\"weight\";i:0;s:6:\"cartID\";N;s:12:\"content_type\";b:0;}language|s:7:\"english\";languages_id|s:1:\"1\";currency|s:3:\"USD\";navigation|O:17:\"navigationhistory\":2:{s:4:\"path\";a:1:{i:0;a:4:{s:4:\"page\";s:16:\"product_info.php\";s:4:\"mode\";s:6:\"NONSSL\";s:3:\"get\";a:3:{s:16:\"manufacturers_id\";s:3:\"124\";s:11:\"products_id\";s:4:\"3583\";s:6:\"osCsid\";s:32:\"578ac3bfcda938ecbc34e20a6f2a8d8a\";}s:4:\"post\";a:0:{}}}s:8:\"snapshot\";a:0:{}}'),('9128affd60aefa64df062bc2287beb9a',1297421200,'cart|O:12:\"shoppingcart\":4:{s:8:\"contents\";a:0:{}s:5:\"total\";i:0;s:6:\"weight\";i:0;s:12:\"content_type\";b:0;}language|s:7:\"english\";languages_id|s:1:\"1\";currency|s:3:\"USD\";navigation|O:17:\"navigationhistory\":2:{s:4:\"path\";a:1:{i:0;a:4:{s:4:\"page\";s:9:\"index.php\";s:4:\"mode\";s:6:\"NONSSL\";s:3:\"get\";a:1:{s:5:\"cPath\";s:3:\"415\";}s:4:\"post\";a:0:{}}}s:8:\"snapshot\";a:0:{}}'),('33f693ac34f48a1c49614bac972999f3',1297431960,'cart|O:12:\"shoppingcart\":4:{s:8:\"contents\";a:0:{}s:5:\"total\";i:0;s:6:\"weight\";i:0;s:12:\"content_type\";b:0;}language|s:7:\"english\";languages_id|s:1:\"1\";currency|s:3:\"USD\";navigation|O:17:\"navigationhistory\":2:{s:4:\"path\";a:1:{i:0;a:4:{s:4:\"page\";s:16:\"product_info.php\";s:4:\"mode\";s:6:\"NONSSL\";s:3:\"get\";a:1:{s:11:\"products_id\";s:4:\"1906\";}s:4:\"post\";a:0:{}}}s:8:\"snapshot\";a:0:{}}'),('32edf0801758dbf09d949fb2bd8d5a17',1297428928,'cart|O:12:\"shoppingcart\":4:{s:8:\"contents\";a:0:{}s:5:\"total\";i:0;s:6:\"weight\";i:0;s:12:\"content_type\";b:0;}language|s:7:\"english\";languages_id|s:1:\"1\";currency|s:3:\"USD\";navigation|O:17:\"navigationhistory\":2:{s:4:\"path\";a:0:{}s:8:\"snapshot\";a:0:{}}'),('30e78c43c97a7de02453e849d913dea9',1297428963,'cart|O:12:\"shoppingcart\":4:{s:8:\"contents\";a:0:{}s:5:\"total\";i:0;s:6:\"weight\";i:0;s:12:\"content_type\";b:0;}language|s:7:\"english\";languages_id|s:1:\"1\";currency|s:3:\"USD\";navigation|O:17:\"navigationhistory\":2:{s:4:\"path\";a:0:{}s:8:\"snapshot\";a:0:{}}'),('b4da5ce4b9974e8898b502fbe6f5dc81',1297425659,'cart|O:12:\"shoppingcart\":4:{s:8:\"contents\";a:0:{}s:5:\"total\";i:0;s:6:\"weight\";i:0;s:12:\"content_type\";b:0;}language|s:7:\"english\";languages_id|s:1:\"1\";currency|s:3:\"USD\";navigation|O:17:\"navigationhistory\":2:{s:4:\"path\";a:0:{}s:8:\"snapshot\";a:0:{}}'),('13b28caaa9997686d3d4dd8626bc69b6',1297424758,'cart|O:12:\"shoppingcart\":4:{s:8:\"contents\";a:0:{}s:5:\"total\";i:0;s:6:\"weight\";i:0;s:12:\"content_type\";b:0;}language|s:7:\"english\";languages_id|s:1:\"1\";currency|s:3:\"USD\";navigation|O:17:\"navigationhistory\":2:{s:4:\"path\";a:1:{i:0;a:4:{s:4:\"page\";s:9:\"index.php\";s:4:\"mode\";s:6:\"NONSSL\";s:3:\"get\";a:0:{}s:4:\"post\";a:0:{}}}s:8:\"snapshot\";a:0:{}}'),('7af5bd8c09963f773f00b2b02c6ccbe7',1297426846,'cart|O:12:\"shoppingcart\":4:{s:8:\"contents\";a:0:{}s:5:\"total\";i:0;s:6:\"weight\";i:0;s:12:\"content_type\";b:0;}language|s:7:\"english\";languages_id|s:1:\"1\";currency|s:3:\"USD\";navigation|O:17:\"navigationhistory\":2:{s:4:\"path\";a:1:{i:0;a:4:{s:4:\"page\";s:16:\"product_info.php\";s:4:\"mode\";s:6:\"NONSSL\";s:3:\"get\";a:1:{s:11:\"products_id\";s:4:\"2012\";}s:4:\"post\";a:0:{}}}s:8:\"snapshot\";a:0:{}}'),('022810c0976f65f40a9f312403374f4f',1297424924,'cart|O:12:\"shoppingcart\":4:{s:8:\"contents\";a:0:{}s:5:\"total\";i:0;s:6:\"weight\";i:0;s:12:\"content_type\";b:0;}language|s:7:\"english\";languages_id|s:1:\"1\";currency|s:3:\"USD\";navigation|O:17:\"navigationhistory\":2:{s:4:\"path\";a:1:{i:0;a:4:{s:4:\"page\";s:9:\"index.php\";s:4:\"mode\";s:6:\"NONSSL\";s:3:\"get\";a:1:{s:5:\"cPath\";s:11:\"416_507_566\";}s:4:\"post\";a:0:{}}}s:8:\"snapshot\";a:0:{}}'),('0cf817be04caadf578324ba26d5d2959',1297429454,'cart|O:12:\"shoppingcart\":5:{s:8:\"contents\";a:0:{}s:5:\"total\";i:0;s:6:\"weight\";i:0;s:6:\"cartID\";N;s:12:\"content_type\";b:0;}language|s:7:\"english\";languages_id|s:1:\"1\";currency|s:3:\"USD\";navigation|O:17:\"navigationhistory\":2:{s:4:\"path\";a:0:{}s:8:\"snapshot\";a:0:{}}'),('626eda96fddbd9ec03c2c59a365c0cf3',1297428190,'cart|O:12:\"shoppingcart\":4:{s:8:\"contents\";a:0:{}s:5:\"total\";i:0;s:6:\"weight\";i:0;s:12:\"content_type\";b:0;}language|s:7:\"english\";languages_id|s:1:\"1\";currency|s:3:\"USD\";navigation|O:17:\"navigationhistory\":2:{s:4:\"path\";a:1:{i:0;a:4:{s:4:\"page\";s:16:\"product_info.php\";s:4:\"mode\";s:6:\"NONSSL\";s:3:\"get\";a:3:{s:16:\"manufacturers_id\";s:3:\"142\";s:11:\"products_id\";s:4:\"3837\";s:6:\"osCsid\";s:32:\"626eda96fddbd9ec03c2c59a365c0cf3\";}s:4:\"post\";a:0:{}}}s:8:\"snapshot\";a:0:{}}'),('cadc13357c989cd8bf647d10f9e8649c',1297425307,'cart|O:12:\"shoppingcart\":4:{s:8:\"contents\";a:0:{}s:5:\"total\";i:0;s:6:\"weight\";i:0;s:12:\"content_type\";b:0;}language|s:7:\"english\";languages_id|s:1:\"1\";currency|s:3:\"USD\";navigation|O:17:\"navigationhistory\":2:{s:4:\"path\";a:0:{}s:8:\"snapshot\";a:0:{}}'),('5d330f11ef6e4be0a18dcd9258ea481d',1297425378,'cart|O:12:\"shoppingcart\":4:{s:8:\"contents\";a:0:{}s:5:\"total\";i:0;s:6:\"weight\";i:0;s:12:\"content_type\";b:0;}language|s:7:\"english\";languages_id|s:1:\"1\";currency|s:3:\"USD\";navigation|O:17:\"navigationhistory\":2:{s:4:\"path\";a:0:{}s:8:\"snapshot\";a:0:{}}'),('cda70f7b8b27507f66455944d2cfd3cc',1297419753,'cart|O:12:\"shoppingcart\":4:{s:8:\"contents\";a:0:{}s:5:\"total\";i:0;s:6:\"weight\";i:0;s:12:\"content_type\";b:0;}language|s:7:\"english\";languages_id|s:1:\"1\";currency|s:3:\"USD\";navigation|O:17:\"navigationhistory\":2:{s:4:\"path\";a:0:{}s:8:\"snapshot\";a:0:{}}'),('d40362fec30c66522c458c6ab5872b8c',1297420066,'cart|O:12:\"shoppingcart\":4:{s:8:\"contents\";a:0:{}s:5:\"total\";i:0;s:6:\"weight\";i:0;s:12:\"content_type\";b:0;}language|s:7:\"english\";languages_id|s:1:\"1\";currency|s:3:\"USD\";navigation|O:17:\"navigationhistory\":2:{s:4:\"path\";a:1:{i:0;a:4:{s:4:\"page\";s:16:\"product_info.php\";s:4:\"mode\";s:6:\"NONSSL\";s:3:\"get\";a:3:{s:16:\"manufacturers_id\";s:3:\"116\";s:11:\"products_id\";s:4:\"4794\";s:6:\"osCsid\";s:32:\"d40362fec30c66522c458c6ab5872b8c\";}s:4:\"post\";a:0:{}}}s:8:\"snapshot\";a:0:{}}'),('26096408862c6bb4881d546627543f4d',1297429525,'cart|O:12:\"shoppingcart\":4:{s:8:\"contents\";a:0:{}s:5:\"total\";i:0;s:6:\"weight\";i:0;s:12:\"content_type\";b:0;}language|s:7:\"english\";languages_id|s:1:\"1\";currency|s:3:\"USD\";navigation|O:17:\"navigationhistory\":2:{s:4:\"path\";a:1:{i:0;a:4:{s:4:\"page\";s:9:\"index.php\";s:4:\"mode\";s:6:\"NONSSL\";s:3:\"get\";a:4:{s:16:\"manufacturers_id\";s:3:\"123\";s:4:\"sort\";s:19:\"products_sort_order\";s:9:\"filter_id\";s:3:\"452\";s:6:\"osCsid\";s:32:\"26096408862c6bb4881d546627543f4d\";}s:4:\"post\";a:0:{}}}s:8:\"snapshot\";a:0:{}}'),('30e0ad785824be3a24102ff16b23b0e6',1297428400,'cart|O:12:\"shoppingcart\":4:{s:8:\"contents\";a:0:{}s:5:\"total\";i:0;s:6:\"weight\";i:0;s:12:\"content_type\";b:0;}language|s:7:\"english\";languages_id|s:1:\"1\";currency|s:3:\"USD\";navigation|O:17:\"navigationhistory\":2:{s:4:\"path\";a:0:{}s:8:\"snapshot\";a:0:{}}'),('61db215441c3673df297317c1f5df1e0',1297429857,'cart|O:12:\"shoppingcart\":5:{s:8:\"contents\";a:0:{}s:5:\"total\";i:0;s:6:\"weight\";i:0;s:6:\"cartID\";N;s:12:\"content_type\";b:0;}language|s:7:\"english\";languages_id|s:1:\"1\";currency|s:3:\"USD\";navigation|O:17:\"navigationhistory\":2:{s:4:\"path\";a:1:{i:0;a:4:{s:4:\"page\";s:9:\"index.php\";s:4:\"mode\";s:6:\"NONSSL\";s:3:\"get\";a:2:{s:5:\"cPath\";s:7:\"406_605\";s:6:\"osCsid\";s:32:\"61db215441c3673df297317c1f5df1e0\";}s:4:\"post\";a:0:{}}}s:8:\"snapshot\";a:0:{}}'),('d7274b3d2fc675461772b828ba3400d4',1297433597,'cart|O:12:\"shoppingcart\":5:{s:8:\"contents\";a:0:{}s:5:\"total\";i:0;s:6:\"weight\";i:0;s:6:\"cartID\";N;s:12:\"content_type\";b:0;}language|s:7:\"english\";languages_id|s:1:\"1\";currency|s:3:\"USD\";navigation|O:17:\"navigationhistory\":2:{s:4:\"path\";a:2:{i:0;a:4:{s:4:\"page\";s:9:\"index.php\";s:4:\"mode\";s:6:\"NONSSL\";s:3:\"get\";a:1:{s:5:\"cPath\";s:11:\"415_590_393\";}s:4:\"post\";a:0:{}}i:1;a:4:{s:4:\"page\";s:16:\"product_info.php\";s:4:\"mode\";s:6:\"NONSSL\";s:3:\"get\";a:1:{s:11:\"products_id\";s:4:\"2899\";}s:4:\"post\";a:0:{}}}s:8:\"snapshot\";a:0:{}}'),('77fe087096dd17f14cc00beedc4edc08',1297417632,'cart|O:12:\"shoppingcart\":4:{s:8:\"contents\";a:0:{}s:5:\"total\";i:0;s:6:\"weight\";i:0;s:12:\"content_type\";b:0;}language|s:7:\"english\";languages_id|s:1:\"1\";currency|s:3:\"USD\";navigation|O:17:\"navigationhistory\":2:{s:4:\"path\";a:1:{i:0;a:4:{s:4:\"page\";s:16:\"product_info.php\";s:4:\"mode\";s:6:\"NONSSL\";s:3:\"get\";a:3:{s:5:\"cPath\";s:11:\"415_332_353\";s:11:\"products_id\";s:4:\"1916\";s:6:\"osCsid\";s:32:\"77fe087096dd17f14cc00beedc4edc08\";}s:4:\"post\";a:0:{}}}s:8:\"snapshot\";a:0:{}}'),('872d77d9183155d11d8ca009aaa3588b',1297432669,'cart|O:12:\"shoppingcart\":4:{s:8:\"contents\";a:0:{}s:5:\"total\";i:0;s:6:\"weight\";i:0;s:12:\"content_type\";b:0;}language|s:7:\"english\";languages_id|s:1:\"1\";currency|s:3:\"USD\";navigation|O:17:\"navigationhistory\":2:{s:4:\"path\";a:1:{i:0;a:4:{s:4:\"page\";s:16:\"product_info.php\";s:4:\"mode\";s:6:\"NONSSL\";s:3:\"get\";a:3:{s:16:\"manufacturers_id\";s:3:\"100\";s:11:\"products_id\";s:4:\"2022\";s:6:\"osCsid\";s:32:\"872d77d9183155d11d8ca009aaa3588b\";}s:4:\"post\";a:0:{}}}s:8:\"snapshot\";a:0:{}}'),('0f6b132f44797e159983bb7b2d77ddde',1297423959,'cart|O:12:\"shoppingcart\":4:{s:8:\"contents\";a:0:{}s:5:\"total\";i:0;s:6:\"weight\";i:0;s:12:\"content_type\";b:0;}language|s:7:\"english\";languages_id|s:1:\"1\";currency|s:3:\"USD\";navigation|O:17:\"navigationhistory\":2:{s:4:\"path\";a:1:{i:0;a:4:{s:4:\"page\";s:9:\"index.php\";s:4:\"mode\";s:6:\"NONSSL\";s:3:\"get\";a:1:{s:5:\"cPath\";s:15:\"406_419_527_529\";}s:4:\"post\";a:0:{}}}s:8:\"snapshot\";a:0:{}}'),('a4a651bae9e8991d01e4aa04e177cebc',1297424674,'cart|O:12:\"shoppingcart\":5:{s:8:\"contents\";a:0:{}s:5:\"total\";i:0;s:6:\"weight\";i:0;s:6:\"cartID\";N;s:12:\"content_type\";b:0;}language|s:7:\"english\";languages_id|s:1:\"1\";currency|s:3:\"USD\";navigation|O:17:\"navigationhistory\":2:{s:4:\"path\";a:1:{i:0;a:4:{s:4:\"page\";s:16:\"product_info.php\";s:4:\"mode\";s:6:\"NONSSL\";s:3:\"get\";a:3:{s:5:\"cPath\";s:7:\"415_591\";s:11:\"products_id\";s:4:\"4359\";s:6:\"osCsid\";s:32:\"a4a651bae9e8991d01e4aa04e177cebc\";}s:4:\"post\";a:0:{}}}s:8:\"snapshot\";a:0:{}}'),('08a97fc2a5e425c96977fe8718466ad8',1297424654,'cart|O:12:\"shoppingcart\":4:{s:8:\"contents\";a:0:{}s:5:\"total\";i:0;s:6:\"weight\";i:0;s:12:\"content_type\";b:0;}language|s:7:\"english\";languages_id|s:1:\"1\";currency|s:3:\"USD\";navigation|O:17:\"navigationhistory\":2:{s:4:\"path\";a:1:{i:0;a:4:{s:4:\"page\";s:16:\"product_info.php\";s:4:\"mode\";s:6:\"NONSSL\";s:3:\"get\";a:2:{s:5:\"cPath\";s:7:\"415_331\";s:11:\"products_id\";s:4:\"2727\";}s:4:\"post\";a:0:{}}}s:8:\"snapshot\";a:0:{}}'),('155a230aae06840d3902e82a138480f3',1297431007,'cart|O:12:\"shoppingcart\":5:{s:8:\"contents\";a:0:{}s:5:\"total\";i:0;s:6:\"weight\";i:0;s:6:\"cartID\";N;s:12:\"content_type\";b:0;}language|s:7:\"english\";languages_id|s:1:\"1\";currency|s:3:\"USD\";navigation|O:17:\"navigationhistory\":2:{s:4:\"path\";a:1:{i:0;a:4:{s:4:\"page\";s:16:\"product_info.php\";s:4:\"mode\";s:6:\"NONSSL\";s:3:\"get\";a:1:{s:11:\"products_id\";s:4:\"3048\";}s:4:\"post\";a:0:{}}}s:8:\"snapshot\";a:0:{}}'),('e5e46ccbfa7afe85d32aa31cf5c037d1',1297429990,'cart|O:12:\"shoppingcart\":5:{s:8:\"contents\";a:0:{}s:5:\"total\";i:0;s:6:\"weight\";i:0;s:6:\"cartID\";N;s:12:\"content_type\";b:0;}language|s:7:\"english\";languages_id|s:1:\"1\";currency|s:3:\"USD\";navigation|O:17:\"navigationhistory\":2:{s:4:\"path\";a:1:{i:0;a:4:{s:4:\"page\";s:16:\"product_info.php\";s:4:\"mode\";s:6:\"NONSSL\";s:3:\"get\";a:3:{s:16:\"manufacturers_id\";s:3:\"121\";s:11:\"products_id\";s:4:\"3224\";s:6:\"osCsid\";s:32:\"e5e46ccbfa7afe85d32aa31cf5c037d1\";}s:4:\"post\";a:0:{}}}s:8:\"snapshot\";a:0:{}}'),('35e3a69c9de7a4c121fa6c60d5623d48',1297429600,'cart|O:12:\"shoppingcart\":4:{s:8:\"contents\";a:0:{}s:5:\"total\";i:0;s:6:\"weight\";i:0;s:12:\"content_type\";b:0;}language|s:7:\"english\";languages_id|s:1:\"1\";currency|s:3:\"USD\";navigation|O:17:\"navigationhistory\":2:{s:4:\"path\";a:1:{i:0;a:4:{s:4:\"page\";s:16:\"product_info.php\";s:4:\"mode\";s:6:\"NONSSL\";s:3:\"get\";a:3:{s:16:\"manufacturers_id\";s:2:\"93\";s:11:\"products_id\";s:4:\"1881\";s:6:\"osCsid\";s:32:\"35e3a69c9de7a4c121fa6c60d5623d48\";}s:4:\"post\";a:0:{}}}s:8:\"snapshot\";a:0:{}}');

--
-- Table structure for table `specials`
--

CREATE TABLE `specials` (
  `specials_id` int(11) NOT NULL AUTO_INCREMENT,
  `products_id` int(11) NOT NULL DEFAULT '0',
  `specials_new_products_price` decimal(15,4) NOT NULL DEFAULT '0.0000',
  `specials_date_added` datetime DEFAULT NULL,
  `specials_last_modified` datetime DEFAULT NULL,
  `expires_date` datetime DEFAULT NULL,
  `date_status_change` datetime DEFAULT NULL,
  `status` int(1) NOT NULL DEFAULT '1',
  `customers_group_id` smallint(5) unsigned NOT NULL DEFAULT '0',
  PRIMARY KEY (`specials_id`),
  KEY `idx_specials_products_id` (`products_id`)
) ENGINE=MyISAM AUTO_INCREMENT=30 DEFAULT CHARSET=latin1;

--
-- Dumping data for table `specials`
--

INSERT INTO `specials` VALUES (3,582,20.4900,'2008-08-20 10:05:49',NULL,'0000-00-00 00:00:00',NULL,1,0),(4,137,20.4900,'2008-08-20 10:06:17',NULL,'0000-00-00 00:00:00',NULL,1,0),(5,796,20.4900,'2008-08-20 10:06:35',NULL,'0000-00-00 00:00:00',NULL,1,0),(17,3874,12.7900,'2009-09-11 15:52:47',NULL,'2009-10-10 00:00:00','2009-10-10 00:00:19',0,0),(15,3875,23.1900,'2009-09-11 15:51:52',NULL,'2009-10-10 00:00:00','2009-10-10 00:00:19',0,0),(14,3872,47.9900,'2009-09-11 15:51:21','2009-09-30 10:24:22','2009-10-10 00:00:00','2009-10-10 00:00:19',0,0),(16,3876,47.9900,'2009-09-11 15:52:27',NULL,'2009-10-10 00:00:00','2009-10-10 00:00:19',0,0),(12,3871,12.7900,'2009-09-11 15:50:27',NULL,'2009-10-10 00:00:00','2009-10-10 00:00:19',0,0),(13,3873,94.3900,'2009-09-11 15:50:53','2009-09-30 10:24:33','2009-10-10 00:00:00','2009-10-10 00:00:19',0,0),(18,3877,15.5900,'2009-09-11 15:53:15',NULL,'2009-10-10 00:00:00','2009-10-10 00:00:19',0,0),(19,3878,27.1900,'2009-09-11 15:53:40',NULL,'2009-10-10 00:00:00','2009-10-10 00:00:19',0,0),(20,4617,40.7900,'2009-09-14 10:47:30',NULL,'2009-10-10 00:00:00','2009-10-10 00:00:19',0,0),(21,4618,67.9900,'2009-09-14 10:47:50',NULL,'2009-10-10 00:00:00','2009-10-10 00:00:19',0,0),(22,4616,21.5900,'2009-09-14 10:48:07',NULL,'2009-10-10 00:00:00','2009-10-10 00:00:19',0,0),(23,2447,525.0000,'2010-01-20 11:54:21',NULL,'0000-00-00 00:00:00',NULL,1,0),(24,2455,114.9500,'2010-01-20 11:56:18',NULL,'0000-00-00 00:00:00',NULL,1,0),(25,2450,159.9500,'2010-01-20 11:59:07',NULL,'0000-00-00 00:00:00',NULL,1,0),(26,2451,224.9500,'2010-01-20 12:01:56',NULL,'0000-00-00 00:00:00',NULL,1,0),(27,2452,159.9000,'2010-01-20 12:06:25',NULL,'0000-00-00 00:00:00',NULL,1,0),(28,2449,103.9500,'2010-01-20 12:08:53',NULL,'0000-00-00 00:00:00',NULL,1,0),(29,3672,469.9500,'2010-01-20 12:12:42',NULL,'0000-00-00 00:00:00',NULL,1,0);

--
-- Table structure for table `specials_retail_prices`
--

CREATE TABLE `specials_retail_prices` (
  `products_id` int(11) NOT NULL DEFAULT '0',
  `specials_new_products_price` decimal(15,4) NOT NULL DEFAULT '0.0000',
  `status` tinyint(4) DEFAULT NULL,
  `customers_group_id` smallint(6) DEFAULT NULL,
  PRIMARY KEY (`products_id`)
) ENGINE=MyISAM DEFAULT CHARSET=latin1;

--
-- Dumping data for table `specials_retail_prices`
--

INSERT INTO `specials_retail_prices` VALUES (582,20.4900,1,0),(137,20.4900,1,0),(796,20.4900,1,0),(3874,12.7900,0,0),(3875,23.1900,0,0),(3872,47.9900,0,0),(3876,47.9900,0,0),(3871,12.7900,0,0),(3873,94.3900,0,0),(3877,15.5900,0,0),(3878,27.1900,0,0),(4617,40.7900,0,0),(4618,67.9900,0,0),(4616,21.5900,0,0),(2447,525.0000,1,0),(2455,114.9500,1,0),(2450,159.9500,1,0),(2451,224.9500,1,0),(2452,159.9000,1,0),(2449,103.9500,1,0),(3672,469.9500,1,0);

--
-- Table structure for table `tax_class`
--

CREATE TABLE `tax_class` (
  `tax_class_id` int(11) NOT NULL AUTO_INCREMENT,
  `tax_class_title` varchar(32) NOT NULL DEFAULT '',
  `tax_class_description` varchar(255) NOT NULL DEFAULT '',
  `last_modified` datetime DEFAULT NULL,
  `date_added` datetime NOT NULL DEFAULT '0000-00-00 00:00:00',
  PRIMARY KEY (`tax_class_id`)
) ENGINE=MyISAM AUTO_INCREMENT=2 DEFAULT CHARSET=latin1;

--
-- Dumping data for table `tax_class`
--

INSERT INTO `tax_class` VALUES (1,'Taxable Goods','The following types of products are included non-food, services, etc','2003-07-19 00:52:14','2003-07-19 00:52:14');

--
-- Table structure for table `tax_rates`
--

CREATE TABLE `tax_rates` (
  `tax_rates_id` int(11) NOT NULL AUTO_INCREMENT,
  `tax_zone_id` int(11) NOT NULL DEFAULT '0',
  `tax_class_id` int(11) NOT NULL DEFAULT '0',
  `tax_priority` int(5) DEFAULT '1',
  `tax_rate` decimal(7,4) NOT NULL DEFAULT '0.0000',
  `tax_description` varchar(255) NOT NULL DEFAULT '',
  `last_modified` datetime DEFAULT NULL,
  `date_added` datetime NOT NULL DEFAULT '0000-00-00 00:00:00',
  PRIMARY KEY (`tax_rates_id`)
) ENGINE=MyISAM AUTO_INCREMENT=2 DEFAULT CHARSET=latin1;

--
-- Dumping data for table `tax_rates`
--

INSERT INTO `tax_rates` VALUES (1,1,1,1,7.0000,'SC TAX 7.0%','2010-04-15 11:38:24','2003-07-19 00:52:14');

--
-- Table structure for table `whos_online`
--

CREATE TABLE `whos_online` (
  `customer_id` int(11) DEFAULT NULL,
  `full_name` varchar(64) NOT NULL DEFAULT '',
  `session_id` varchar(128) NOT NULL DEFAULT '',
  `ip_address` varchar(15) NOT NULL DEFAULT '',
  `time_entry` varchar(14) NOT NULL DEFAULT '',
  `time_last_click` varchar(14) NOT NULL DEFAULT '',
  `last_page_url` text NOT NULL
) ENGINE=MyISAM DEFAULT CHARSET=latin1;

--
-- Dumping data for table `whos_online`
--

INSERT INTO `whos_online` VALUES (0,'Guest','4bec4fe687082891cde091c736bd05e9','66.249.71.228','1297431951','1297431951','/catalog/popup_image.php?pID=480&osCsid=4bec4fe687082891cde091c736bd05e9'),(0,'Guest','7c6e2feae6f5a769e87f62098ae29dc2','64.124.140.230','1297431468','1297431568','/catalog/product_info.php?products_id=3056'),(0,'Guest','d7274b3d2fc675461772b828ba3400d4','64.124.140.231','1297431363','1297432157','/catalog/product_info.php?products_id=2899');

--
-- Table structure for table `zones`
--

CREATE TABLE `zones` (
  `zone_id` int(11) NOT NULL AUTO_INCREMENT,
  `zone_country_id` int(11) NOT NULL DEFAULT '0',
  `zone_code` varchar(32) NOT NULL DEFAULT '',
  `zone_name` varchar(32) NOT NULL DEFAULT '',
  PRIMARY KEY (`zone_id`),
  KEY `idx_zones_to_geo_zones_country_id` (`zone_country_id`)
) ENGINE=MyISAM AUTO_INCREMENT=182 DEFAULT CHARSET=latin1;

--
-- Dumping data for table `zones`
--

INSERT INTO `zones` VALUES (1,223,'AL','Alabama'),(2,223,'AK','Alaska'),(4,223,'AZ','Arizona'),(5,223,'AR','Arkansas'),(12,223,'CA','California'),(13,223,'CO','Colorado'),(14,223,'CT','Connecticut'),(15,223,'DE','Delaware'),(16,223,'DC','District of Columbia'),(18,223,'FL','Florida'),(19,223,'GA','Georgia'),(21,223,'HI','Hawaii'),(22,223,'ID','Idaho'),(23,223,'IL','Illinois'),(24,223,'IN','Indiana'),(25,223,'IA','Iowa'),(26,223,'KS','Kansas'),(27,223,'KY','Kentucky'),(28,223,'LA','Louisiana'),(29,223,'ME','Maine'),(31,223,'MD','Maryland'),(32,223,'MA','Massachusetts'),(33,223,'MI','Michigan'),(34,223,'MN','Minnesota'),(35,223,'MS','Mississippi'),(36,223,'MO','Missouri'),(37,223,'MT','Montana'),(38,223,'NE','Nebraska'),(39,223,'NV','Nevada'),(40,223,'NH','New Hampshire'),(41,223,'NJ','New Jersey'),(42,223,'NM','New Mexico'),(43,223,'NY','New York'),(44,223,'NC','North Carolina'),(45,223,'ND','North Dakota'),(47,223,'OH','Ohio'),(48,223,'OK','Oklahoma'),(49,223,'OR','Oregon'),(51,223,'PA','Pennsylvania'),(53,223,'RI','Rhode Island'),(54,223,'SC','South Carolina'),(55,223,'SD','South Dakota'),(56,223,'TN','Tennessee'),(57,223,'TX','Texas'),(58,223,'UT','Utah'),(59,223,'VT','Vermont'),(61,223,'VA','Virginia'),(62,223,'WA','Washington'),(63,223,'WV','West Virginia'),(64,223,'WI','Wisconsin'),(65,223,'WY','Wyoming');

--
-- Table structure for table `zones_to_geo_zones`
--

CREATE TABLE `zones_to_geo_zones` (
  `association_id` int(11) NOT NULL AUTO_INCREMENT,
  `zone_country_id` int(11) NOT NULL DEFAULT '0',
  `zone_id` int(11) DEFAULT NULL,
  `geo_zone_id` int(11) DEFAULT NULL,
  `last_modified` datetime DEFAULT NULL,
  `date_added` datetime NOT NULL DEFAULT '0000-00-00 00:00:00',
  PRIMARY KEY (`association_id`)
) ENGINE=MyISAM AUTO_INCREMENT=1052 DEFAULT CHARSET=latin1;

--
-- Dumping data for table `zones_to_geo_zones`
--

INSERT INTO `zones_to_geo_zones` VALUES (1,223,54,1,'2005-10-16 18:58:37','2003-07-19 00:52:14'),(1003,223,1,10,NULL,'2005-08-01 12:03:11'),(1004,223,5,10,NULL,'2005-08-01 12:03:45'),(1005,223,4,10,NULL,'2005-08-01 12:03:32'),(1006,223,12,10,NULL,'2005-08-01 12:03:53'),(1007,223,13,10,NULL,'2005-08-01 12:04:00'),(1008,223,14,10,NULL,'2005-08-01 12:04:09'),(1009,223,15,10,NULL,'2005-08-01 12:04:18'),(1010,223,16,10,NULL,'2005-08-01 12:04:30'),(1011,223,18,10,NULL,'2005-08-01 12:04:46'),(1012,223,19,10,NULL,'2005-08-01 12:04:55'),(1013,223,22,10,NULL,'2005-08-01 12:05:03'),(1014,223,23,10,NULL,'2005-08-01 12:05:10'),(1015,223,24,10,NULL,'2005-08-01 12:05:17'),(1016,223,25,10,NULL,'2005-08-01 12:05:23'),(1017,223,26,10,NULL,'2005-08-01 12:05:33'),(1018,223,27,10,NULL,'2005-08-01 12:05:40'),(1019,223,28,10,NULL,'2005-08-01 12:05:49'),(1020,223,29,10,NULL,'2005-08-01 12:05:56'),(1021,223,31,10,NULL,'2005-08-01 12:06:05'),(1022,223,32,10,NULL,'2005-08-01 12:06:17'),(1023,223,33,10,NULL,'2005-08-01 12:06:35'),(1024,223,34,10,NULL,'2005-08-01 12:06:43'),(1025,223,35,10,NULL,'2005-08-01 12:06:58'),(1026,223,36,10,NULL,'2005-08-01 12:07:08'),(1027,223,37,10,NULL,'2005-08-01 12:07:18'),(1028,223,38,10,NULL,'2005-08-01 12:07:30'),(1029,223,39,10,NULL,'2005-08-01 12:07:42'),(1030,223,40,10,NULL,'2005-08-01 12:07:48'),(1031,223,41,10,NULL,'2005-08-01 12:07:58'),(1032,223,42,10,NULL,'2005-08-01 12:08:09'),(1033,223,43,10,NULL,'2005-08-01 12:08:17'),(1034,223,44,10,NULL,'2005-08-01 12:08:26'),(1035,223,45,10,NULL,'2005-08-01 12:08:35'),(1036,223,47,10,NULL,'2005-08-01 12:08:55'),(1037,223,48,10,NULL,'2005-08-01 12:09:03'),(1038,223,49,10,NULL,'2005-08-01 12:09:11'),(1039,223,51,10,NULL,'2005-08-01 12:09:22'),(1040,223,53,10,NULL,'2005-08-01 12:09:32'),(1041,223,54,10,NULL,'2005-08-01 12:09:42'),(1042,223,55,10,NULL,'2005-08-01 12:09:52'),(1043,223,56,10,NULL,'2005-08-01 12:10:03'),(1044,223,57,10,NULL,'2005-08-01 12:10:10'),(1045,223,58,10,NULL,'2005-08-01 12:10:18'),(1046,223,59,10,NULL,'2005-08-01 12:10:29'),(1047,223,61,10,NULL,'2005-08-01 12:10:37'),(1048,223,62,10,NULL,'2005-08-01 12:10:47'),(1049,223,63,10,NULL,'2005-08-01 12:10:55'),(1050,223,64,10,NULL,'2005-08-01 12:11:08'),(1051,223,65,10,NULL,'2005-08-01 12:11:19');


