-- Table structure for table `customers_basket`
--

CREATE TABLE `customers_basket` (
  `customers_basket_id` int(11) NOT NULL AUTO_INCREMENT,
  `customers_id` int(11) NOT NULL DEFAULT '0',
  `products_id` tinytext NOT NULL,
  `customers_basket_quantity` int(2) NOT NULL DEFAULT '0',
  `final_price` decimal(15,4) NOT NULL DEFAULT '0.0000',
  `customers_basket_date_added` varchar(8) DEFAULT NULL,
  PRIMARY KEY (`customers_basket_id`),
  KEY `idx_customers_basket_customers_id` (`customers_id`)
) ENGINE=MyISAM AUTO_INCREMENT=6579 DEFAULT CHARSET=latin1;

--
-- Dumping data for table `customers_basket`
--

INSERT INTO `customers_basket` VALUES (5128,1227,'1596',1,0.0000,'20070717'),(5350,1338,'2214',1,0.0000,'20090722'),(5148,1236,'582',3,0.0000,'20080729'),(5147,1236,'993',3,0.0000,'20080729'),(5141,1234,'2447',1,0.0000,'20080707'),(5134,1231,'204',1,0.0000,'20071208'),(5150,1238,'2447',1,0.0000,'20080901'),(5151,1239,'484',2,0.0000,'20080902'),(5152,1239,'2936',2,0.0000,'20080902'),(5171,1250,'2936',3,0.0000,'20081013'),(5169,1246,'2447',1,0.0000,'20081004'),(5167,1247,'2447',1,0.0000,'20081002'),(5164,1244,'2447',1,0.0000,'20080924'),(5161,1241,'2447',1,0.0000,'20080909'),(5160,1241,'2970',6,0.0000,'20080909'),(5186,1260,'3796',1,0.0000,'20081124'),(5184,1254,'3088',1,0.0000,'20081121'),(5187,1261,'2447',1,0.0000,'20081126'),(5751,1555,'2258',1,0.0000,'20091013'),(5511,1427,'3673',1,0.0000,'20090817'),(5190,1262,'2447',1,0.0000,'20081214'),(5191,1263,'2936',2,0.0000,'20081216'),(5445,1392,'2971',1,0.0000,'20090805'),(5427,1382,'2473',1,0.0000,'20090802'),(5426,1381,'3503',4,0.0000,'20090802'),(5433,1386,'3761',2,0.0000,'20090803'),(5431,1384,'2769',1,0.0000,'20090803'),(5203,1267,'3060',1,0.0000,'20090101'),(5209,1273,'3059',10,0.0000,'20090206'),(5218,1278,'751',2,0.0000,'20090216'),(5251,1287,'3060',1,0.0000,'20090313'),(5219,1278,'881',2,0.0000,'20090216'),(5229,1280,'1782',1,0.0000,'20090221'),(5228,1280,'1765',6,0.0000,'20090221'),(5226,1280,'2837',1,0.0000,'20090221'),(5227,1280,'2833',1,0.0000,'20090221'),(5230,1280,'1764',1,0.0000,'20090221'),(5242,1283,'3683',1,0.0000,'20090228'),(5235,1277,'1765',5,0.0000,'20090222'),(5234,1277,'2837',1,0.0000,'20090222'),(5241,1283,'2447',1,0.0000,'20090228'),(5243,1283,'2211',1,0.0000,'20090228'),(5347,1335,'3764',1,0.0000,'20090721'),(6291,1882,'2396',2,0.0000,'20100415'),(5253,1252,'3503',3,0.0000,'20090314'),(5263,1294,'2936',1,0.0000,'20090327'),(5269,1298,'1696',1,0.0000,'20090331'),(5261,1292,'3881',1,0.0000,'20090324'),(5264,1295,'2317',1,0.0000,'20090327'),(5265,1295,'2309',1,0.0000,'20090327'),(5266,1296,'751',2,0.0000,'20090328'),(5304,1310,'3867',1,0.0000,'20090522'),(5344,1332,'3669',1,0.0000,'20090720'),(5342,1330,'3764',1,0.0000,'20090720'),(5341,1329,'3744',1,0.0000,'20090720'),(5340,1329,'3705',1,0.0000,'20090720'),(5339,1329,'2214',1,0.0000,'20090720'),(6446,1977,'3187',1,0.0000,'20101021'),(5546,1443,'3000',2,0.0000,'20090821'),(5336,1326,'3187',1,0.0000,'20090716'),(5335,1326,'1663',1,0.0000,'20090716'),(5327,1320,'2769',1,0.0000,'20090715'),(5446,1393,'3501',1,0.0000,'20090806'),(5755,1558,'524',1,0.0000,'20091014'),(5305,1311,'2452',1,0.0000,'20090523'),(5322,1314,'1129',1,0.0000,'20090629'),(5348,1336,'3673',1,0.0000,'20090721'),(5349,1337,'2916',1,0.0000,'20090721'),(5403,1372,'1757',1,0.0000,'20090731'),(5354,1338,'1946',1,0.0000,'20090722'),(5429,1383,'2830',1,0.0000,'20090803'),(5369,1349,'4100',1,0.0000,'20090725'),(5582,1458,'2210',1,0.0000,'20090826'),(5363,1344,'3758',1,0.0000,'20090723'),(5370,1350,'2769',1,0.0000,'20090725'),(5790,1580,'2714',1,0.0000,'20091019'),(5374,1354,'1845',1,0.0000,'20090727'),(5375,1355,'993',1,0.0000,'20090727'),(5377,1357,'3669',1,0.0000,'20090727'),(5378,1358,'991',1,0.0000,'20090727'),(5581,1457,'4180',1,0.0000,'20090826'),(5380,1360,'994',1,0.0000,'20090728'),(5710,1517,'4196',1,0.0000,'20091001'),(5384,1363,'2971',2,0.0000,'20090729'),(5385,1339,'2826',1,0.0000,'20090729'),(5402,1372,'1749',1,0.0000,'20090731'),(5401,1372,'3764',1,0.0000,'20090731'),(5400,1371,'2899',1,0.0000,'20090730'),(5399,1370,'3684',2,0.0000,'20090730'),(5398,1369,'3049',15,0.0000,'20090729'),(5397,1368,'3184',1,0.0000,'20090729'),(5395,1366,'3584',1,0.0000,'20090729'),(5409,1376,'2970',4,0.0000,'20090731'),(6182,1820,'4147',3,0.0000,'20100211'),(5410,1376,'2980',20,0.0000,'20090731'),(5411,1376,'2979',20,0.0000,'20090731'),(5412,1376,'2974',20,0.0000,'20090731'),(5413,1376,'2975',15,0.0000,'20090731'),(5414,1376,'2965',1,0.0000,'20090731'),(5415,1376,'2744',1,0.0000,'20090731'),(5417,1378,'3184',1,0.0000,'20090801'),(5418,1378,'3186',1,0.0000,'20090801'),(5419,1378,'3190',1,0.0000,'20090801'),(5420,1378,'3187',1,0.0000,'20090801'),(6444,1976,'3085',1,0.0000,'20101020'),(6195,1827,'2448',1,0.0000,'20100216'),(5425,1380,'3759',1,0.0000,'20090802'),(5443,1390,'993',1,0.0000,'20090804'),(5596,1469,'4413',1,0.0000,'20090901'),(5437,1388,'3011',20,0.0000,'20090804'),(5438,1388,'3060',1,0.0000,'20090804'),(5454,1399,'3440',1,0.0000,'20090807'),(5721,1543,'3673',1,0.0000,'20091010'),(5450,1396,'3026',70,0.0000,'20090807'),(5539,1438,'3565',1,0.0000,'20090820'),(5457,1402,'1963',1,0.0000,'20090809'),(5458,1402,'1969',1,0.0000,'20090809'),(5459,1402,'3060',1,0.0000,'20090809'),(5460,1402,'4178',1,0.0000,'20090809'),(5462,1404,'4254{5}19{2}10{3}12{4}24',1,0.0000,'20090809'),(5463,1405,'2043',1,0.0000,'20090810'),(5578,1454,'992',1,0.0000,'20090825'),(5550,1447,'4391',1,0.0000,'20090822'),(5491,1412,'3590',1,0.0000,'20090814'),(5490,1416,'3791',1,0.0000,'20090814'),(5569,1449,'524',1,0.0000,'20090824'),(5492,1417,'3673',1,0.0000,'20090814'),(5602,1473,'3746',1,0.0000,'20090902'),(5798,1585,'2550',2,0.0000,'20091022'),(5507,1424,'1732',1,0.0000,'20090816'),(5509,1425,'2779',1,0.0000,'20090816'),(5512,1417,'3674',1,0.0000,'20090817'),(5513,1428,'3060',1,0.0000,'20090817'),(5521,1429,'4178',1,0.0000,'20090817'),(5537,1437,'3771',1,0.0000,'20090820'),(5536,1437,'3673',1,0.0000,'20090820'),(5585,1460,'3824',1,0.0000,'20090826'),(5532,1434,'2826',1,0.0000,'20090819'),(5530,1432,'2775',2,0.0000,'20090819'),(5538,1437,'3780',1,0.0000,'20090820'),(5540,1439,'3881',2,0.0000,'20090820'),(5542,1441,'1965',1,0.0000,'20090821'),(5543,1441,'1960',1,0.0000,'20090821'),(5544,1441,'1970',1,0.0000,'20090821'),(5586,1461,'3670',1,0.0000,'20090827'),(5587,1462,'3483',1,0.0000,'20090827'),(5588,1463,'519',8,0.0000,'20090827'),(5591,1466,'991',4,0.0000,'20090829'),(5592,1467,'4149',1,0.0000,'20090829'),(5593,1395,'3791',1,0.0000,'20090830'),(5594,1468,'1799',1,0.0000,'20090901'),(5595,1457,'4183',2,0.0000,'20090901'),(5788,1579,'1946',1,0.0000,'20091019'),(5618,1481,'3018',32,0.0000,'20090907'),(5612,1479,'2479',2,0.0000,'20090906'),(5601,1472,'2639',1,0.0000,'20090901'),(5603,1474,'4151',1,0.0000,'20090902'),(5604,1474,'1815',1,0.0000,'20090902'),(5605,1475,'1946',1,0.0000,'20090902'),(5616,1479,'1678',1,0.0000,'20090906'),(5615,1479,'3183',1,0.0000,'20090906'),(5614,1479,'3187',1,0.0000,'20090906'),(5613,1479,'3060',1,0.0000,'20090906'),(5617,1480,'2966',2,0.0000,'20090906'),(5619,1482,'1819',1,0.0000,'20090907'),(5629,1486,'3024',40,0.0000,'20090908'),(5662,1507,'1965',1,0.0000,'20090914'),(5639,1494,'3931',1,0.0000,'20090910'),(5637,1492,'3673',1,0.0000,'20090910'),(5753,1556,'2817',1,0.0000,'20091013'),(5632,1489,'3673',1,0.0000,'20090909'),(5630,1487,'3563',1,0.0000,'20090908'),(5660,1507,'1961',1,0.0000,'20090914'),(5656,1503,'2821',1,0.0000,'20090913'),(5789,1580,'2964',1,0.0000,'20091019'),(5647,1497,'2714',1,0.0000,'20090911'),(5663,1507,'2795',1,0.0000,'20090914'),(5664,1508,'991',2,0.0000,'20090915'),(5675,1515,'2257',1,0.0000,'20090917'),(5667,1496,'3674',1,0.0000,'20090915'),(5673,1513,'2211',1,0.0000,'20090916'),(5672,1512,'994',1,0.0000,'20090916'),(5676,1515,'2267',1,0.0000,'20090917'),(5685,1520,'2936',1,0.0000,'20090918'),(5684,1519,'3573',1,0.0000,'20090918'),(5683,1519,'2972',1,0.0000,'20090918'),(5686,1520,'484',1,0.0000,'20090918'),(5702,1529,'3050',4,0.0000,'20090924'),(5719,1541,'2479',2,0.0000,'20091008'),(5740,1547,'2479',1,0.0000,'20091011'),(6448,1977,'3184',1,0.0000,'20101021'),(5700,1528,'3484',1,0.0000,'20090924'),(5713,1535,'2195',1,0.0000,'20091003'),(5709,1533,'992',1,0.0000,'20090930'),(5722,1544,'3683',1,0.0000,'20091010'),(5739,1546,'1708',1,0.0000,'20091011'),(5750,1225,'2936',1,0.0000,'20091013'),(5745,1551,'4156',3,0.0000,'20091012'),(5746,1552,'994',1,0.0000,'20091012'),(5747,1553,'1789',1,0.0000,'20091012'),(5749,1318,'4647',1,0.0000,'20091013'),(5756,1553,'2815',1,0.0000,'20091014'),(5757,1559,'2821',2,0.0000,'20091014'),(5758,1560,'4194',1,0.0000,'20091014'),(5761,1528,'482',2,0.0000,'20091015'),(5763,1564,'3674',1,0.0000,'20091015'),(5764,1565,'4178',5,0.0000,'20091016'),(5765,1318,'524',2,0.0000,'20091016'),(5767,1567,'4183',1,0.0000,'20091016'),(5768,1568,'3785',1,0.0000,'20091016'),(5775,1573,'3183',2,0.0000,'20091017'),(5770,1570,'2970',12,0.0000,'20091017'),(5772,1572,'2485',1,0.0000,'20091017'),(5774,1573,'1663',2,0.0000,'20091017'),(5776,1573,'3184',2,0.0000,'20091017'),(5777,1573,'1673',2,0.0000,'20091017'),(5778,1573,'3187',2,0.0000,'20091017'),(5779,1574,'2396',4,0.0000,'20091018'),(5780,1574,'2395',4,0.0000,'20091018'),(5799,1586,'2718',1,0.0000,'20091022'),(5783,1576,'4178',1,0.0000,'20091018'),(5791,1432,'2965',1,0.0000,'20091019'),(5797,1584,'3243',1,0.0000,'20091022'),(5800,1318,'3060',1,0.0000,'20091022'),(5801,1587,'3060',1,0.0000,'20091022'),(5803,1589,'991',1,0.0000,'20091022'),(5804,1590,'4580',2,0.0000,'20091022'),(5805,1591,'2708',1,0.0000,'20091022'),(5806,1591,'2709',1,0.0000,'20091022'),(5807,1592,'2235',1,0.0000,'20091022'),(5808,1592,'2249',1,0.0000,'20091022'),(5809,1593,'4153',1,0.0000,'20091023'),(5810,1594,'4132',1,0.0000,'20091023'),(5814,1597,'4471',1,0.0000,'20091024'),(5816,1599,'3683',3,0.0000,'20091025'),(5817,1600,'2261',1,0.0000,'20091026'),(5818,1601,'1933',1,0.0000,'20091026'),(5819,1602,'1752',1,0.0000,'20091026'),(5820,1602,'1764',1,0.0000,'20091026'),(5821,1603,'1764',1,0.0000,'20091026'),(5822,1603,'1756',1,0.0000,'20091026'),(5823,1604,'2479',1,0.0000,'20091026'),(5824,1605,'991',1,0.0000,'20091026'),(5825,1606,'4180',1,0.0000,'20091026'),(6442,1974,'3060',1,0.0000,'20101018'),(5827,1608,'2479',1,0.0000,'20091027'),(5828,1609,'3636',5,0.0000,'20091027'),(5829,1609,'2060',10,0.0000,'20091027'),(5830,1610,'2815',1,0.0000,'20091027'),(5834,1614,'2780',1,0.0000,'20091029'),(5910,1656,'2258',1,0.0000,'20091116'),(5838,1617,'4410',1,0.0000,'20091030'),(5842,1620,'3795',1,0.0000,'20091030'),(5841,1619,'3695',1,0.0000,'20091030'),(5843,1621,'3671',1,0.0000,'20091101'),(5846,1623,'2972',100,0.0000,'20091102'),(5848,1625,'2354',6,0.0000,'20091103'),(5849,1625,'2357',6,0.0000,'20091103'),(5850,1626,'295',1,0.0000,'20091103'),(5851,1627,'2392',1,0.0000,'20091103'),(5852,1627,'2323',1,0.0000,'20091103'),(5853,1628,'2479',1,0.0000,'20091103'),(5854,1629,'4178',1,0.0000,'20091103'),(5856,1631,'524',3,0.0000,'20091103'),(5911,1657,'1944',1,0.0000,'20091117'),(5862,1636,'1797',1,0.0000,'20091104'),(5864,1638,'1768',1,0.0000,'20091106'),(5931,1667,'1749',1,0.0000,'20091119'),(5878,1640,'1740',1,0.0000,'20091110'),(5930,1667,'3594',1,0.0000,'20091119'),(5889,1643,'2974',1,0.0000,'20091111'),(5929,1669,'1764',1,0.0000,'20091119'),(5928,1669,'1752',1,0.0000,'20091119'),(5881,1641,'2435',1,0.0000,'20091110'),(5890,1644,'3674',1,0.0000,'20091112'),(5927,1669,'1760',1,0.0000,'20091119'),(5926,1668,'3015',100,0.0000,'20091119'),(5936,1667,'4418',1,0.0000,'20091120'),(5883,1642,'2975',1,0.0000,'20091111'),(5884,1642,'2966',1,0.0000,'20091111'),(5901,1650,'87',1,0.0000,'20091114'),(5906,1654,'4550',1,0.0000,'20091115'),(5935,1670,'296',1,0.0000,'20091120'),(5908,1654,'3558',1,0.0000,'20091115'),(5913,1659,'4555',1,0.0000,'20091117'),(6011,1722,'3573',1,0.0000,'20091201'),(5917,1662,'4152',1,0.0000,'20091117'),(5919,1664,'1709',3,0.0000,'20091118'),(5932,1667,'1757',1,0.0000,'20091119'),(5923,1666,'4550',1,0.0000,'20091118'),(5933,1667,'1761',1,0.0000,'20091119'),(5934,1667,'2103',1,0.0000,'20091119'),(5958,1683,'2987',5,0.0000,'20091123'),(5944,1674,'3881',4,0.0000,'20091122'),(5940,1654,'4474',1,0.0000,'20091121'),(5941,1671,'4476',2,0.0000,'20091121'),(5942,1671,'4545',1,0.0000,'20091121'),(5945,1675,'3881',4,0.0000,'20091122'),(5946,1676,'997',1,0.0000,'20091122'),(6293,1884,'2434',1,0.0000,'20100416'),(5984,1698,'3745',1,0.0000,'20091128'),(5972,1667,'1002',2,0.0000,'20091124'),(5952,1679,'4174',1,0.0000,'20091122'),(5966,1688,'2816',1,0.0000,'20091123'),(5956,1682,'3015',20,0.0000,'20091123'),(5961,1684,'3574',1,0.0000,'20091123'),(5957,1665,'2548',1,0.0000,'20091123'),(5960,1683,'2059',2,0.0000,'20091123'),(5964,1687,'83',2,0.0000,'20091123'),(5965,1687,'85',2,0.0000,'20091123'),(5967,1462,'295',1,0.0000,'20091124'),(5968,1689,'295',1,0.0000,'20091124'),(6372,1929,'1786',1,0.0000,'20100530'),(5977,1695,'4183',3,0.0000,'20091125'),(5976,1694,'2800',1,0.0000,'20091125'),(6012,1613,'2966',1,0.0000,'20091201'),(5986,1700,'3737',2,0.0000,'20091128'),(6013,1613,'3034',30,0.0000,'20091201'),(5990,1704,'4556',1,0.0000,'20091129'),(6017,1724,'1945',1,0.0000,'20091201'),(5992,1706,'3842',1,0.0000,'20091129'),(6008,1719,'2971',15,0.0000,'20091130'),(6018,1724,'2757',1,0.0000,'20091201'),(5996,1710,'1739',2,0.0000,'20091130'),(5997,1710,'1738',2,0.0000,'20091130'),(5998,1710,'2548',2,0.0000,'20091130'),(6019,1725,'2548',5,0.0000,'20091201'),(6002,1714,'2235',2,0.0000,'20091130'),(6237,1854,'2607',1,0.0000,'20100314'),(6021,1726,'2498',1,0.0000,'20091202'),(6006,1717,'4133',3,0.0000,'20091130'),(6022,1727,'3186',1,0.0000,'20091202'),(6024,1729,'4556',1,0.0000,'20091203'),(6029,1733,'1734',1,0.0000,'20091204'),(6030,1733,'1735',1,0.0000,'20091204'),(6032,1735,'4534',1,0.0000,'20091206'),(6033,1736,'4526',1,0.0000,'20091207'),(6034,1737,'524',1,0.0000,'20091210'),(6035,1738,'997',1,0.0000,'20091210'),(6036,1739,'997',1,0.0000,'20091210'),(6037,1740,'1956',2,0.0000,'20091211'),(6038,1741,'2213',1,0.0000,'20091212'),(6046,1749,'3439',1,0.0000,'20091216'),(6043,1746,'2716',3,0.0000,'20091214'),(6044,1747,'524',2,0.0000,'20091214'),(6047,1750,'3060',1,0.0000,'20091216'),(6053,1753,'4420',1,0.0000,'20091217'),(6052,1752,'2966',3,0.0000,'20091217'),(6051,1751,'3024',20,0.0000,'20091217'),(6054,1754,'4535',1,0.0000,'20091219'),(6055,1755,'3743',1,0.0000,'20091219'),(6057,1757,'4174',1,0.0000,'20091220'),(6058,1758,'3761',1,0.0000,'20091220'),(6059,1759,'2916',1,0.0000,'20091222'),(6060,1759,'4194',1,0.0000,'20091222'),(6061,1759,'2040',1,0.0000,'20091222'),(6062,1760,'2716',1,0.0000,'20091222'),(6063,1761,'2708',4,0.0000,'20091224'),(6064,1762,'2972',20,0.0000,'20091225'),(6066,1764,'4707',1,0.0000,'20091226'),(6067,1765,'4550',1,0.0000,'20091226'),(6068,1766,'4196',1,0.0000,'20091227'),(6073,1769,'87',4,0.0000,'20091230'),(6072,1769,'519',8,0.0000,'20091230'),(6075,1771,'3562',1,0.0000,'20091230'),(6076,1772,'4148',1,0.0000,'20091231'),(6078,1774,'2434',1,0.0000,'20100102'),(6080,1776,'2782',1,0.0000,'20100102'),(6082,1778,'2713',1,0.0000,'20100103'),(6083,1778,'4153',4,0.0000,'20100103'),(6084,1778,'2709',1,0.0000,'20100103'),(6085,1779,'2780',1,0.0000,'20100103'),(6086,1779,'1943',1,0.0000,'20100103'),(6109,1794,'4489',1,0.0000,'20100109'),(6108,1793,'4527',1,0.0000,'20100108'),(6106,1791,'4118',1,0.0000,'20100108'),(6105,1790,'4291',1,0.0000,'20100107'),(6103,1788,'4407',1,0.0000,'20100106'),(6101,1786,'2965',1,0.0000,'20100106'),(6100,1785,'2798',1,0.0000,'20100105'),(6094,1781,'2432',1,0.0000,'20100104'),(6095,1782,'4178',1,0.0000,'20100104'),(6096,1783,'2974',1,0.0000,'20100105'),(6097,1783,'3027',30,0.0000,'20100105'),(6098,1783,'2548',3,0.0000,'20100105'),(6165,1812,'2447',1,0.0000,'20100201'),(6150,1804,'524',1,0.0000,'20100123'),(6368,1927,'1952',1,0.0000,'20100528'),(6145,1800,'4707',1,0.0000,'20100121'),(6184,1822,'679',1,0.0000,'20100212'),(6143,1799,'3880',6,0.0000,'20100120'),(6140,1797,'2643',1,0.0000,'20100119'),(6139,1796,'3010',1,0.0000,'20100116'),(6138,1795,'4126',6,0.0000,'20100113'),(6168,1811,'4550',1,0.0000,'20100204'),(6371,1929,'3060',1,0.0000,'20100530'),(6159,1691,'3403',1,0.0000,'20100126'),(6158,1808,'2744',18,0.0000,'20100126'),(6164,1811,'4119',1,0.0000,'20100131'),(6169,1814,'3652',1,0.0000,'20100205'),(6373,1930,'2432',1,0.0000,'20100603'),(6183,1821,'3485',1,0.0000,'20100212'),(6179,1817,'2823',1,0.0000,'20100208'),(6187,1824,'2885',2,0.0000,'20100213'),(6209,1833,'4236',1,0.0000,'20100224'),(6374,1930,'2433',1,0.0000,'20100603'),(6207,1831,'4639',85,0.0000,'20100223'),(6205,1830,'1943',1,0.0000,'20100222'),(6204,1829,'3779',2,0.0000,'20100222'),(6211,1835,'522',1,0.0000,'20100227'),(6294,1885,'2447',1,0.0000,'20100417'),(6219,1841,'3050',16,0.0000,'20100305'),(6217,1839,'2966',1,0.0000,'20100302'),(6218,1840,'2966',2,0.0000,'20100302'),(6223,1844,'1186',1,0.0000,'20100307'),(6445,1977,'3060',1,0.0000,'20101021'),(6263,1870,'1760',1,0.0000,'20100330'),(6225,1846,'2966',2,0.0000,'20100308'),(6226,1847,'2547',1,0.0000,'20100308'),(6262,1870,'1752',1,0.0000,'20100330'),(6228,1849,'1954',1,0.0000,'20100310'),(6229,1849,'1945',1,0.0000,'20100310'),(6236,1853,'4147',1,0.0000,'20100313'),(6234,1851,'1800',1,0.0000,'20100311'),(6244,1859,'4549',1,0.0000,'20100320'),(6243,1858,'3669',1,0.0000,'20100317'),(6261,1870,'1764',1,0.0000,'20100330'),(6376,1932,'484',6,0.0000,'20100611'),(6246,1502,'3028',36,0.0000,'20100320'),(6247,1858,'3670',1,0.0000,'20100320'),(6249,1861,'4550',1,0.0000,'20100321'),(6253,1864,'524',1,0.0000,'20100322'),(6264,1871,'2971',10,0.0000,'20100331'),(6274,1876,'3068',1,0.0000,'20100408'),(6375,1931,'4848',1,0.0000,'20100608'),(6270,1874,'2990',4,0.0000,'20100406'),(6330,1898,'3669',1,0.0000,'20100501'),(6275,1877,'4298',1,0.0000,'20100409'),(6276,1878,'2464',1,0.0000,'20100409'),(6277,1878,'2885',1,0.0000,'20100409'),(6278,1879,'3060',1,0.0000,'20100411'),(6279,1879,'3178',1,0.0000,'20100411'),(6280,1879,'3180',1,0.0000,'20100411'),(6282,1880,'3795',1,0.0000,'20100411'),(6283,1880,'3533',4,0.0000,'20100412'),(6284,1881,'3723',1,0.0000,'20100414'),(6319,1892,'2205',1,0.0000,'20100422'),(6318,1892,'2447',1,0.0000,'20100421'),(6333,1900,'484',2,0.0000,'20100502'),(6317,1891,'524',1,0.0000,'20100420'),(6377,1932,'2936',1,0.0000,'20100611'),(6322,1894,'3483',1,0.0000,'20100428'),(6447,1977,'3183',1,0.0000,'20101021'),(6324,1890,'2407',1,0.0000,'20100429'),(6332,1900,'2936',1,0.0000,'20100502'),(6328,1897,'4236',1,0.0000,'20100429'),(6339,1903,'2506',1,0.0000,'20100503'),(6338,1902,'2717',1,0.0000,'20100503'),(6336,1901,'2904',3,0.0000,'20100502'),(6337,1901,'2910',2,0.0000,'20100502'),(6340,1903,'2488',1,0.0000,'20100503'),(6341,1904,'2780',1,0.0000,'20100503'),(6342,1904,'3765',1,0.0000,'20100503'),(6347,1906,'4133',3,0.0000,'20100505'),(6348,1907,'4132',1,0.0000,'20100506'),(6349,1908,'4183',1,0.0000,'20100507'),(6350,1909,'2359',5,0.0000,'20100508'),(6351,1910,'2744',1,0.0000,'20100509'),(6352,1911,'4147',1,0.0000,'20100509'),(6353,1912,'3010',2,0.0000,'20100512'),(6355,1914,'4707',1,0.0000,'20100515'),(6357,1917,'3010',506,0.0000,'20100518'),(6358,1918,'3674',2,0.0000,'20100519'),(6359,1919,'4148',1,0.0000,'20100519'),(6360,1919,'4147',1,0.0000,'20100519'),(6362,1921,'2885',1,0.0000,'20100521'),(6364,1923,'2970',10,0.0000,'20100521'),(6365,1924,'4240',2,0.0000,'20100522'),(6366,1925,'3068',1,0.0000,'20100522'),(6367,1926,'4183',1,0.0000,'20100525'),(6378,1933,'4567',1,0.0000,'20100612'),(6379,1934,'4403',2,0.0000,'20100614'),(6380,1935,'3585',1,0.0000,'20100629'),(6381,1936,'3492',1,0.0000,'20100630'),(6382,1937,'3795',1,0.0000,'20100701'),(6403,1950,'2966',4,0.0000,'20100816'),(6389,1943,'3695',2,0.0000,'20100726'),(6424,1961,'4156',1,0.0000,'20100924'),(6391,1945,'3089',1,0.0000,'20100730'),(6421,1958,'2736',1,0.0000,'20100913'),(6420,1957,'3529',1,0.0000,'20100909'),(6400,1947,'3085',1,0.0000,'20100809'),(6423,1961,'2966',1,0.0000,'20100924'),(6417,1946,'2248',1,0.0000,'20100829'),(6412,1954,'3798',1,0.0000,'20100824'),(6425,1961,'2980',1,0.0000,'20100924'),(6426,1962,'2966',1,0.0000,'20100926'),(6427,1963,'3548',1,0.0000,'20100927'),(6428,1952,'2248',1,0.0000,'20100927'),(6429,1964,'2736',2,0.0000,'20100930'),(6430,1965,'3431',1,0.0000,'20101005'),(6431,1966,'3013',10,0.0000,'20101006'),(6433,1968,'3076',1,0.0000,'20101008'),(6451,1978,'3185',1,0.0000,'20101024'),(6450,1978,'3183',1,0.0000,'20101024'),(6449,1977,'3186',1,0.0000,'20101021'),(6452,1978,'3184',1,0.0000,'20101024'),(6453,1979,'3573',1,0.0000,'20101025'),(6454,1980,'3059',1,0.0000,'20101025'),(6455,1981,'3060',1,0.0000,'20101026'),(6458,1984,'1677',1,0.0000,'20101027'),(6468,1988,'3076',1,0.0000,'20101109'),(6467,1987,'3060',1,0.0000,'20101109'),(6469,1988,'3186',1,0.0000,'20101109'),(6470,1988,'1672',1,0.0000,'20101109'),(6471,1988,'3184',1,0.0000,'20101109'),(6472,1988,'3188',1,0.0000,'20101109'),(6481,1992,'3060',1,0.0000,'20101115'),(6514,1997,'3586',1,0.0000,'20101128'),(6513,1997,'3584',1,0.0000,'20101128'),(6478,1991,'1662',1,0.0000,'20101112'),(6537,2010,'2966',2,0.0000,'20110109'),(6523,2003,'3057',3,0.0000,'20101216'),(6522,2002,'1663',1,0.0000,'20101210'),(6519,1999,'4662',1,0.0000,'20101205'),(6511,1995,'3184',1,0.0000,'20101119'),(6510,1995,'3183',1,0.0000,'20101119'),(6509,1995,'3185',1,0.0000,'20101119'),(6497,1995,'3060',3,0.0000,'20101119'),(6492,1994,'4854',1,0.0000,'20101116'),(6530,2007,'1663',1,0.0000,'20101231'),(6528,2005,'2447',1,0.0000,'20101221'),(6538,2011,'1663',1,0.0000,'20110109'),(6535,2009,'2966',8,0.0000,'20110107'),(6540,2013,'992',2,0.0000,'20110110'),(6541,2014,'3060',1,0.0000,'20110113'),(6542,2015,'3074',1,0.0000,'20110113'),(6543,2016,'4848',1,0.0000,'20110113'),(6544,2017,'3060',1,0.0000,'20110116'),(6545,2018,'3060',1,0.0000,'20110119'),(6546,2019,'3084',1,0.0000,'20110124'),(6547,2019,'3881',1,0.0000,'20110124'),(6570,2026,'3060',1,0.0000,'20110207'),(6569,2025,'3075',1,0.0000,'20110206'),(6567,1900,'2935',1,0.0000,'20110131'),(6566,1900,'483',1,0.0000,'20110131'),(6565,2023,'3758',1,0.0000,'20110130'),(6571,2026,'3187',1,0.0000,'20110207'),(6572,2026,'3185',1,0.0000,'20110207'),(6573,2026,'3184',1,0.0000,'20110207'),(6574,2026,'3186',1,0.0000,'20110207'),(6575,2027,'2966',10,0.0000,'20110207'),(6576,2028,'3060',1,0.0000,'20110209');

--
-- Table structure for table `customers_basket_attributes`
--

CREATE TABLE `customers_basket_attributes` (
  `customers_basket_attributes_id` int(11) NOT NULL AUTO_INCREMENT,
  `customers_id` int(11) NOT NULL DEFAULT '0',
  `products_id` tinytext NOT NULL,
  `products_options_id` int(11) NOT NULL DEFAULT '0',
  `products_options_value_id` int(11) NOT NULL DEFAULT '0',
  PRIMARY KEY (`customers_basket_attributes_id`),
  KEY `idx_customers_basket_att_customers_id` (`customers_id`)
) ENGINE=MyISAM AUTO_INCREMENT=7 DEFAULT CHARSET=latin1;

--
-- Dumping data for table `customers_basket_attributes`
--

INSERT INTO `customers_basket_attributes` VALUES (3,1404,'4254{5}19{2}10{3}12{4}24',5,19),(4,1404,'4254{5}19{2}10{3}12{4}24',2,10),(5,1404,'4254{5}19{2}10{3}12{4}24',3,12),(6,1404,'4254{5}19{2}10{3}12{4}24',4,24);

--
-- Table structure for table `customers_groups`
--

CREATE TABLE `customers_groups` (
  `customers_group_id` smallint(5) unsigned NOT NULL DEFAULT '0',
  `customers_group_name` varchar(32) NOT NULL DEFAULT '',
  `customers_group_show_tax` enum('1','0') NOT NULL DEFAULT '1',
  `customers_group_tax_exempt` enum('0','1') NOT NULL DEFAULT '0',
  `group_payment_allowed` varchar(255) NOT NULL DEFAULT '',
  `group_shipment_allowed` varchar(255) NOT NULL DEFAULT '',
  PRIMARY KEY (`customers_group_id`)
) ENGINE=MyISAM DEFAULT CHARSET=latin1;

--
-- Dumping data for table `customers_groups`
--

INSERT INTO `customers_groups` VALUES (0,'Retail','1','0','',''),(1,'Wholesale','1','1','','');

--
-- Table structure for table `customers_info`
--

CREATE TABLE `customers_info` (
  `customers_info_id` int(11) NOT NULL DEFAULT '0',
  `customers_info_date_of_last_logon` datetime DEFAULT NULL,
  `customers_info_number_of_logons` int(5) DEFAULT NULL,
  `customers_info_date_account_created` datetime DEFAULT NULL,
  `customers_info_date_account_last_modified` datetime DEFAULT NULL,
  `global_product_notifications` int(1) DEFAULT '0',
  PRIMARY KEY (`customers_info_id`)
) ENGINE=MyISAM DEFAULT CHARSET=latin1;

--
-- Dumping data for table `customers_info`
--

INSERT INTO `customers_info` VALUES (1225,'2009-10-21 05:32:46',9,'2007-06-21 04:38:15','2008-08-24 23:43:50',0),(1338,NULL,0,'2009-07-22 13:05:18','2009-08-03 08:55:21',0),(1227,NULL,0,'2007-07-17 02:30:50',NULL,0),(1228,NULL,0,'2007-07-18 14:01:49','2008-08-25 22:11:10',0),(1229,NULL,0,'2007-08-05 15:30:21','2008-10-01 20:39:34',0),(1230,NULL,0,'2007-08-06 11:36:21',NULL,0),(1231,NULL,0,'2007-12-08 15:56:52','2008-08-15 17:21:21',0),(1232,NULL,0,'2008-05-05 12:31:24',NULL,0),(1233,NULL,0,'2008-06-10 21:08:10',NULL,0),(1234,NULL,0,'2008-07-07 17:30:10',NULL,0),(1235,'2008-07-22 11:58:10',8,'2008-07-07 18:05:22','2008-08-15 17:20:54',0),(1236,'2008-08-08 12:47:43',5,'2008-07-16 18:07:06',NULL,0),(1237,'2008-08-15 16:59:33',1,'2008-08-15 16:57:48','2008-08-15 17:20:38',0),(1238,NULL,0,'2008-09-01 11:05:58','2008-09-02 07:21:23',0),(1239,NULL,0,'2008-09-02 21:14:51','2008-09-03 07:34:33',0),(1240,'2008-09-12 15:27:47',4,'2008-09-03 00:27:25','2008-09-03 07:34:20',0),(1241,'2008-09-11 12:20:21',1,'2008-09-09 14:46:56',NULL,0),(1242,'2008-09-16 15:15:53',1,'2008-09-13 11:37:59','2008-09-21 22:13:02',0),(1243,NULL,0,'2008-09-22 18:47:40',NULL,0),(1244,NULL,0,'2008-09-24 15:12:59','2008-09-28 20:27:56',0),(1245,'2008-10-22 09:53:40',3,'2008-10-01 13:36:38','2008-10-01 20:31:36',0),(1246,'2008-10-04 00:33:54',4,'2008-10-01 23:57:46','2008-10-04 00:34:29',0),(1247,NULL,0,'2008-10-02 17:32:19','2008-10-06 10:07:59',0),(1248,'2008-10-16 12:39:32',5,'2008-10-03 20:46:28','2008-10-06 10:07:49',0),(1249,'2008-10-20 12:23:45',7,'2008-10-13 12:38:34',NULL,0),(1250,NULL,0,'2008-10-13 19:11:39',NULL,0),(1251,'2008-10-22 12:01:50',4,'2008-10-18 18:12:23','2008-10-21 08:43:27',0),(1252,'2009-03-14 13:12:12',9,'2008-10-27 18:22:37',NULL,0),(1253,NULL,0,'2008-10-31 18:54:04',NULL,0),(1254,'2008-11-21 15:54:23',1,'2008-11-01 17:28:14',NULL,0),(1255,NULL,0,'2008-11-06 14:39:52','2008-11-06 15:59:54',0),(1256,NULL,0,'2008-11-06 16:03:04',NULL,0),(1257,NULL,0,'2008-11-17 09:27:21','2008-11-18 14:31:41',0),(1258,'2008-11-22 14:08:54',2,'2008-11-17 14:19:07','2008-11-18 14:31:30',0),(1259,NULL,0,'2008-11-21 17:39:02','2008-12-03 08:42:46',0),(1260,NULL,0,'2008-11-24 20:11:01','2008-12-03 08:42:29',0),(1261,NULL,0,'2008-11-26 18:48:34','2008-12-03 08:42:18',0),(1262,NULL,0,'2008-12-14 02:04:33',NULL,0),(1263,NULL,0,'2008-12-16 18:38:15',NULL,0),(1264,'2010-04-15 00:56:23',3,'2008-12-16 19:03:13',NULL,0),(1265,'2009-11-02 11:32:01',9,'2008-12-18 11:01:30',NULL,0),(1266,'2008-12-27 09:19:26',1,'2008-12-26 11:26:04',NULL,0),(1267,NULL,0,'2009-01-01 13:57:38',NULL,0),(1268,NULL,0,'2009-01-07 11:14:21','2009-07-22 10:27:56',0),(1269,NULL,0,'2009-01-20 20:09:29','2009-07-22 10:27:48',0),(1270,NULL,0,'2009-01-29 19:49:59','2009-07-22 10:27:39',0),(1271,NULL,0,'2009-02-04 14:26:15','2009-07-22 10:27:29',0),(1272,NULL,0,'2009-02-04 22:46:17','2009-07-22 10:27:19',0),(1273,NULL,0,'2009-02-06 10:02:48','2009-07-22 10:27:09',0),(1274,NULL,0,'2009-02-08 14:43:53','2009-07-22 10:27:00',0),(1275,'2009-02-12 20:40:47',2,'2009-02-10 03:46:22','2009-07-22 10:26:54',0),(1276,'2009-02-10 21:00:10',1,'2009-02-10 20:47:46','2009-07-22 10:26:45',0),(1277,'2009-02-22 04:48:33',2,'2009-02-13 23:21:20','2009-02-22 03:45:51',0),(1278,NULL,0,'2009-02-16 17:54:15',NULL,0),(1279,'2009-02-17 14:05:12',1,'2009-02-17 02:17:45','2009-02-17 14:16:01',0),(1280,NULL,0,'2009-02-21 12:28:29',NULL,0),(1281,'2009-03-24 07:36:07',11,'2009-02-22 14:45:08','2009-07-22 10:26:12',0),(1282,NULL,0,'2009-02-23 21:17:38','2009-07-22 10:26:05',0),(1283,'2009-03-19 19:25:29',5,'2009-02-27 20:07:08',NULL,0),(1284,'2009-03-17 22:05:46',3,'2009-03-02 19:10:52','2009-07-22 10:25:48',0),(1285,NULL,0,'2009-03-04 01:00:34','2009-07-22 10:25:41',0),(1286,NULL,0,'2009-03-11 01:57:13','2009-07-22 10:25:35',0),(1287,NULL,0,'2009-03-13 00:35:01','2009-07-22 10:25:02',0),(1288,NULL,0,'2009-03-14 10:49:56','2009-07-22 10:24:54',0),(1303,NULL,0,'2009-04-22 02:29:31',NULL,0),(1290,'2010-02-05 12:24:51',12,'2009-03-16 00:50:16','2009-07-22 10:24:44',0),(1291,'2009-04-01 09:56:11',6,'2009-03-20 14:27:09','2009-07-22 10:24:34',0),(1292,NULL,0,'2009-03-24 22:18:49',NULL,0),(1293,'2009-03-30 12:41:06',1,'2009-03-27 16:26:01','2009-07-22 10:24:19',0),(1294,NULL,0,'2009-03-27 23:50:06','2009-07-22 10:24:13',0),(1295,NULL,0,'2009-03-27 23:59:50','2009-07-22 10:24:03',0),(1296,'2009-03-28 16:08:43',1,'2009-03-28 15:27:51','2009-07-22 10:23:54',0),(1297,'2009-04-07 13:22:44',6,'2009-03-28 18:49:10',NULL,0),(1298,NULL,0,'2009-03-31 08:51:42','2009-07-22 10:23:40',0),(1299,NULL,0,'2009-04-04 15:16:04','2009-07-22 10:23:33',0),(1300,'2009-04-15 15:43:38',1,'2009-04-09 13:51:27','2009-07-22 10:23:23',0),(1301,'2009-04-14 15:33:00',4,'2009-04-10 10:56:50','2009-07-22 10:23:14',0),(1302,NULL,0,'2009-04-15 17:03:38','2009-07-22 10:23:04',0),(1304,'2009-05-06 09:35:47',2,'2009-04-25 21:57:42','2009-07-22 10:22:47',0),(1305,'2009-05-11 14:33:18',5,'2009-04-30 09:01:07','2009-07-22 10:22:41',0),(1306,'2009-05-13 13:05:17',5,'2009-05-04 20:14:05','2009-07-22 10:22:33',0),(1307,NULL,0,'2009-05-06 03:11:28','2009-07-22 10:22:24',0),(1308,NULL,0,'2009-05-07 19:26:36','2009-07-22 10:22:15',0),(1309,'2009-06-19 23:30:13',4,'2009-05-19 21:34:00','2009-07-22 10:22:05',0),(1310,NULL,0,'2009-05-22 13:13:01','2009-07-22 10:21:57',0),(1311,NULL,0,'2009-05-23 02:35:41',NULL,0),(1312,'2009-06-05 13:11:19',10,'2009-05-30 13:43:48','2009-07-22 10:21:42',0),(1313,'2009-07-13 12:20:47',4,'2009-06-11 00:13:06','2009-07-22 10:21:36',0),(1314,'2009-07-01 08:33:06',3,'2009-06-29 22:44:17','2009-07-22 10:21:27',0),(1315,'2009-07-16 16:15:36',14,'2009-07-08 11:14:43','2009-07-22 10:21:21',0),(1316,NULL,0,'2009-07-10 21:32:24',NULL,0),(1317,NULL,0,'2009-07-12 00:24:05','2009-07-22 10:21:04',0),(1318,'2009-10-22 13:57:07',6,'2009-07-13 12:49:01',NULL,0),(1327,NULL,0,'2009-07-17 21:17:32','2009-07-22 10:19:58',0),(1320,'2009-07-17 03:58:51',1,'2009-07-15 01:59:15','2009-07-22 10:20:53',0),(1321,'2009-07-15 16:25:05',1,'2009-07-15 11:40:57','2009-07-22 10:20:45',0),(1322,NULL,0,'2009-07-15 13:24:23','2009-07-22 10:20:35',0),(1323,NULL,0,'2009-07-16 10:33:35','2009-07-22 10:20:27',0),(1324,'2009-09-14 19:14:48',30,'2009-07-16 14:12:49',NULL,0),(1325,NULL,0,'2009-07-16 15:18:47',NULL,0),(1326,NULL,0,'2009-07-16 23:09:16','2009-07-22 10:20:08',0),(1328,NULL,0,'2009-07-19 14:28:59','2009-07-22 10:19:49',0),(1329,NULL,0,'2009-07-20 00:02:04','2009-07-22 10:19:41',0),(1330,NULL,0,'2009-07-20 10:36:26','2009-07-22 10:19:35',0),(1331,'2009-08-13 12:05:29',2,'2009-07-20 13:53:50','2009-07-22 10:19:26',0),(1332,NULL,0,'2009-07-20 20:27:13','2009-07-22 10:19:17',0),(1333,NULL,0,'2009-07-21 08:50:18','2009-07-22 10:19:09',0),(1334,NULL,0,'2009-07-21 11:16:02','2009-07-22 10:19:02',0),(1335,NULL,0,'2009-07-21 17:35:13','2009-07-22 10:18:50',0),(1336,NULL,0,'2009-07-21 18:29:50','2009-07-22 10:18:43',0),(1337,NULL,0,'2009-07-21 19:31:05','2009-07-22 10:18:35',0),(1339,'2009-07-29 04:13:38',2,'2009-07-22 14:41:29','2009-08-03 08:55:09',0),(1340,'2009-07-28 15:03:13',7,'2009-07-22 18:28:25','2009-08-03 08:55:01',0),(1383,NULL,0,'2009-08-03 10:19:49','2009-08-15 15:16:07',0),(1342,'2009-07-27 17:41:31',6,'2009-07-23 02:47:08',NULL,0),(1343,NULL,0,'2009-07-23 09:56:14','2009-08-03 08:54:40',0),(1344,NULL,0,'2009-07-23 15:18:51','2009-08-03 08:54:32',0),(1345,NULL,0,'2009-07-24 14:36:50','2009-08-03 08:54:23',0),(1346,NULL,0,'2009-07-24 15:33:27','2009-08-03 08:54:05',0),(1347,NULL,0,'2009-07-24 16:44:40','2009-08-03 08:54:14',0),(1348,'2009-07-25 09:58:37',2,'2009-07-24 17:38:37',NULL,0),(1349,NULL,0,'2009-07-25 12:20:23','2009-08-03 08:53:25',0),(1350,NULL,0,'2009-07-25 13:52:57','2009-08-03 08:53:17',0),(1351,NULL,0,'2009-07-25 14:22:05','2009-08-03 08:53:09',0),(1384,'2009-08-09 09:52:58',2,'2009-08-03 17:10:58','2009-08-15 15:15:50',0),(1353,'2009-07-27 13:44:05',1,'2009-07-27 12:41:54',NULL,0),(1354,'2009-07-27 19:04:04',1,'2009-07-27 13:34:03','2009-08-03 08:52:44',0),(1355,NULL,0,'2009-07-27 17:43:43','2009-08-03 08:52:37',0),(1356,'2009-07-29 16:41:48',1,'2009-07-27 18:05:57','2009-08-03 08:52:26',0),(1357,NULL,0,'2009-07-27 20:37:27','2009-08-03 08:52:12',0),(1358,NULL,0,'2009-07-27 21:33:54','2009-08-03 08:52:04',0),(1359,NULL,0,'2009-07-28 02:41:54','2009-08-03 08:51:56',0),(1360,NULL,0,'2009-07-28 09:48:39',NULL,0),(1361,NULL,0,'2009-07-28 13:44:39','2009-08-03 08:51:42',0),(1362,NULL,0,'2009-07-28 19:42:38','2009-08-03 08:51:32',0),(1363,NULL,0,'2009-07-29 00:43:49','2009-08-03 08:51:22',0),(1364,'2009-08-20 08:56:46',4,'2009-07-29 08:59:45','2009-08-03 08:51:15',0),(1365,'2009-09-24 13:18:37',2,'2009-07-29 11:23:16','2009-08-03 08:51:04',0),(1366,NULL,0,'2009-07-29 12:05:20','2009-08-03 08:50:56',0),(1367,NULL,0,'2009-07-29 12:41:00','2009-08-03 08:50:47',0),(1368,NULL,0,'2009-07-29 14:39:26','2009-08-03 08:50:39',0),(1369,NULL,0,'2009-07-29 21:45:21','2009-08-03 08:50:27',0),(1370,NULL,0,'2009-07-30 15:03:43','2009-08-03 08:50:19',0),(1371,NULL,0,'2009-07-30 18:33:38',NULL,0),(1372,'2009-07-31 10:39:50',1,'2009-07-31 07:38:26','2009-08-03 08:50:01',0),(1373,NULL,0,'2009-07-31 14:07:49','2009-08-03 08:49:51',0),(1374,NULL,0,'2009-07-31 15:19:40',NULL,0),(1375,NULL,0,'2009-07-31 16:33:59','2009-08-03 08:49:37',0),(1376,NULL,0,'2009-07-31 19:33:47',NULL,0),(1377,'2009-08-01 14:50:31',1,'2009-08-01 12:03:09','2009-08-03 08:49:21',0),(1378,NULL,0,'2009-08-01 16:27:29','2009-08-03 08:49:12',0),(1379,'2010-02-09 15:32:50',4,'2009-08-01 22:10:41','2009-08-03 08:49:04',0),(1380,NULL,0,'2009-08-02 16:55:49','2009-08-03 08:48:56',0),(1381,NULL,0,'2009-08-02 22:49:32','2009-08-03 08:48:49',0),(1382,NULL,0,'2009-08-02 22:52:05','2009-08-03 08:48:41',0),(1385,NULL,0,'2009-08-03 17:54:37','2009-08-15 15:15:37',0),(1386,NULL,0,'2009-08-03 18:02:13','2009-08-15 15:15:26',0),(1421,NULL,0,'2009-08-16 11:23:17','2009-08-21 10:56:31',0),(1388,'2009-08-04 20:50:21',1,'2009-08-04 03:32:38',NULL,0),(1390,NULL,0,'2009-08-04 23:33:55','2009-08-15 15:15:04',0),(1391,'2009-08-10 04:33:56',4,'2009-08-05 17:12:40','2009-08-15 15:14:53',0),(1392,'2009-08-06 18:12:50',1,'2009-08-05 20:31:30','2009-08-15 15:14:45',0),(1393,NULL,0,'2009-08-06 12:29:44',NULL,0),(1394,'2009-08-07 20:33:54',1,'2009-08-06 16:46:55','2009-08-15 15:14:32',0),(1395,'2009-08-30 14:07:49',3,'2009-08-07 09:13:25','2009-08-15 15:14:20',0),(1396,NULL,0,'2009-08-07 13:40:32',NULL,0),(1397,NULL,0,'2009-08-07 18:44:35','2009-08-15 15:14:07',0),(1398,NULL,0,'2009-08-07 21:03:07','2009-08-15 15:13:58',0),(1399,NULL,0,'2009-08-07 21:30:44','2009-08-15 15:13:47',0),(1400,NULL,0,'2009-08-08 19:48:04','2009-08-15 15:13:39',0),(1401,'2009-09-24 17:29:55',3,'2009-08-09 00:03:05','2009-08-15 15:13:32',0),(1402,NULL,0,'2009-08-09 10:45:49','2009-08-15 15:13:25',0),(1403,NULL,0,'2009-08-09 18:52:35','2009-08-15 15:13:17',0),(1404,NULL,0,'2009-08-09 19:18:52','2009-08-15 15:13:09',0),(1405,NULL,0,'2009-08-10 03:05:00','2009-08-15 15:12:55',0),(1406,NULL,0,'2009-08-10 08:44:11','2009-08-15 15:12:44',0),(1407,NULL,0,'2009-08-10 20:05:29','2009-08-15 15:12:34',0),(1408,NULL,0,'2009-08-10 20:53:41',NULL,0),(1409,NULL,0,'2009-08-11 11:28:33','2009-08-15 15:12:19',0),(1410,'2009-09-01 21:04:39',2,'2009-08-11 19:45:54','2009-08-15 15:12:09',0),(1411,NULL,0,'2009-08-12 14:42:17','2009-08-15 15:11:59',0),(1412,'2009-08-14 00:48:49',1,'2009-08-12 16:45:58','2009-08-15 15:11:50',0),(1413,'2009-08-26 08:29:03',10,'2009-08-12 21:11:01','2009-08-15 15:11:42',0),(1414,'2009-08-18 15:51:00',6,'2009-08-13 11:06:27','2009-08-15 15:11:29',0),(1415,'2009-08-25 12:36:54',9,'2009-08-13 22:53:36','2009-08-15 15:11:09',0),(1416,NULL,0,'2009-08-14 00:13:15','2009-08-15 15:10:58',0),(1417,'2009-08-17 20:34:30',1,'2009-08-14 02:23:38','2009-08-15 15:10:47',0),(1418,'2009-08-15 03:12:44',1,'2009-08-14 03:16:20',NULL,0),(1422,NULL,0,'2009-08-16 12:44:55','2009-08-21 10:56:24',0),(1420,'2009-08-18 08:17:58',1,'2009-08-15 13:06:57','2009-08-15 15:10:06',0),(1423,NULL,0,'2009-08-16 13:52:45','2009-08-21 10:56:17',0),(1424,NULL,0,'2009-08-16 16:42:37','2009-08-21 10:56:08',0),(1425,NULL,0,'2009-08-16 19:24:24','2009-08-21 10:56:01',0),(1426,NULL,0,'2009-08-16 19:37:29','2009-08-21 10:55:51',0),(1427,NULL,0,'2009-08-17 15:54:36','2009-08-21 10:55:43',0),(1428,NULL,0,'2009-08-17 21:22:44','2009-08-21 10:55:35',0),(1429,NULL,0,'2009-08-17 21:56:11',NULL,0),(1430,NULL,0,'2009-08-18 14:21:55','2009-08-21 10:55:13',0),(1431,'2009-10-13 17:26:42',5,'2009-08-18 19:51:41','2009-08-19 11:03:18',0),(1432,'2010-01-02 13:09:04',5,'2009-08-19 12:57:31','2009-08-21 10:54:57',0),(1433,NULL,0,'2009-08-19 13:26:03','2009-08-21 10:54:42',0),(1434,'2009-08-19 16:48:13',2,'2009-08-19 15:53:28','2009-08-21 10:54:32',0),(1435,'2009-08-25 00:58:57',13,'2009-08-19 20:37:05','2009-08-21 10:54:24',0),(1436,NULL,0,'2009-08-19 21:44:28','2009-08-21 10:54:15',0),(1437,NULL,0,'2009-08-20 00:02:41','2009-08-21 10:54:07',0),(1438,NULL,0,'2009-08-20 10:38:18','2009-08-21 10:54:00',0),(1439,NULL,0,'2009-08-20 15:40:04','2009-08-21 10:53:50',0),(1440,'2009-08-21 04:25:10',1,'2009-08-20 21:58:11','2009-08-21 10:53:41',0),(1441,NULL,0,'2009-08-21 05:32:21','2009-08-21 10:53:22',0),(1442,'2009-08-26 11:29:08',4,'2009-08-21 16:08:42','2009-08-28 11:13:31',0),(1443,NULL,0,'2009-08-21 18:14:42','2009-08-28 11:13:20',0),(1444,'2009-08-23 20:08:57',1,'2009-08-21 18:58:55','2009-08-28 11:13:13',0),(1445,'2009-09-16 10:14:19',7,'2009-08-22 00:23:04','2009-08-28 21:42:32',0),(1446,NULL,0,'2009-08-22 00:31:34','2009-08-28 11:12:59',0),(1447,NULL,0,'2009-08-22 05:10:30','2009-08-28 11:12:49',0),(1448,NULL,0,'2009-08-22 07:43:21','2009-08-28 11:12:40',0),(1449,NULL,0,'2009-08-24 11:59:48','2009-08-28 11:12:31',0),(1450,NULL,0,'2009-08-24 12:14:16','2009-08-28 11:12:21',0),(1451,NULL,0,'2009-08-24 16:27:38','2009-08-28 11:12:13',0),(1452,'2009-08-28 15:19:26',2,'2009-08-24 18:34:14','2009-08-28 11:12:05',0),(1453,'2009-08-25 10:43:19',2,'2009-08-25 09:41:04','2009-08-25 10:41:05',0),(1454,NULL,0,'2009-08-25 11:23:13','2009-08-28 11:11:51',0),(1455,'2009-08-27 10:58:17',3,'2009-08-25 16:00:20','2009-08-28 11:11:42',0),(1456,NULL,0,'2009-08-25 23:29:12','2009-08-28 11:11:36',0),(1457,'2009-09-01 13:02:15',1,'2009-08-26 00:57:59','2009-08-28 11:11:30',0),(1458,NULL,0,'2009-08-26 07:43:08','2009-08-28 11:11:23',0),(1459,NULL,0,'2009-08-26 23:06:12','2009-08-28 11:11:16',0),(1460,NULL,0,'2009-08-26 23:44:53','2009-08-28 11:11:08',0),(1461,NULL,0,'2009-08-27 03:39:57','2009-08-28 11:10:59',0),(1462,'2009-11-24 11:45:47',1,'2009-08-27 15:33:17','2009-08-28 11:10:51',0),(1463,NULL,0,'2009-08-27 16:45:18','2009-08-28 11:10:43',0),(1464,'2009-09-03 15:27:15',3,'2009-08-28 17:19:00','2009-10-19 12:38:25',0),(1465,NULL,0,'2009-08-28 17:30:23','2009-10-19 12:38:19',0),(1466,NULL,0,'2009-08-29 12:06:12','2009-10-19 12:38:12',0),(1467,NULL,0,'2009-08-29 19:09:27','2009-10-19 12:38:05',0),(1468,NULL,0,'2009-09-01 11:50:15','2009-10-19 12:37:56',0),(1469,NULL,0,'2009-09-01 15:33:52',NULL,0),(1578,NULL,0,'2009-10-19 16:55:02','2009-10-21 17:25:22',0),(1579,NULL,0,'2009-10-19 21:02:48','2009-10-21 17:25:15',0),(1472,'2009-09-01 20:50:23',1,'2009-09-01 20:24:11','2009-10-19 12:37:05',0),(1473,NULL,0,'2009-09-02 15:35:06','2009-10-19 12:36:58',0),(1474,NULL,0,'2009-09-02 18:20:02','2009-10-19 12:36:50',0),(1475,NULL,0,'2009-09-02 19:26:06','2009-10-19 12:36:42',0),(1476,NULL,0,'2009-09-02 20:02:32','2009-10-19 12:36:34',0),(1477,'2010-02-19 15:33:36',6,'2009-09-04 10:12:30','2009-09-04 12:12:17',0),(1478,'2009-09-12 01:31:46',2,'2009-09-05 23:38:11','2009-10-19 12:36:20',0),(1479,'2009-09-07 00:33:48',1,'2009-09-06 07:00:50','2009-10-19 12:36:12',0),(1480,NULL,0,'2009-09-06 23:19:52','2009-10-19 12:36:05',0),(1481,NULL,0,'2009-09-07 12:55:59','2009-10-19 12:35:58',0),(1482,NULL,0,'2009-09-07 16:03:17','2009-10-19 12:35:51',0),(1486,NULL,0,'2009-09-08 21:35:05','2009-10-19 12:35:31',0),(1484,NULL,0,'2009-09-08 16:20:11','2009-10-19 12:35:44',0),(1485,'2009-09-22 19:01:04',1,'2009-09-08 17:38:19','2009-10-19 12:35:38',0),(1487,NULL,0,'2009-09-08 21:43:58','2009-10-19 12:35:24',0),(1488,'2009-09-08 23:59:14',1,'2009-09-08 22:23:05','2009-10-19 12:35:16',0),(1489,NULL,0,'2009-09-09 00:24:28','2009-10-19 12:35:09',0),(1490,'2009-09-10 20:46:01',2,'2009-09-09 00:56:46','2009-10-19 12:35:01',0),(1491,NULL,0,'2009-09-09 22:02:59','2009-10-19 12:34:54',0),(1492,NULL,0,'2009-09-10 00:44:36','2009-10-19 12:34:45',0),(1493,'2009-09-14 09:44:31',2,'2009-09-10 13:25:06','2009-10-19 12:34:38',0),(1494,NULL,0,'2009-09-10 14:12:11','2009-10-19 12:34:30',0),(1495,'2009-09-13 18:09:42',1,'2009-09-10 16:30:13','2009-10-19 12:34:12',0),(1496,'2009-09-17 19:30:07',3,'2009-09-10 20:28:05','2009-10-19 12:34:03',0),(1497,NULL,0,'2009-09-11 15:26:44','2009-10-19 12:33:56',0),(1498,'2009-09-16 14:37:27',3,'2009-09-11 16:34:07','2009-10-19 12:33:45',0),(1499,'2009-09-19 15:01:15',1,'2009-09-12 18:02:45','2009-10-19 12:33:37',0),(1500,NULL,0,'2009-09-13 13:29:14','2009-10-19 12:33:30',0),(1501,'2009-09-28 22:54:43',1,'2009-09-13 20:39:31',NULL,0),(1502,'2010-04-07 01:35:26',42,'2009-09-13 21:19:43','2009-10-19 12:33:07',0),(1503,NULL,0,'2009-09-13 21:24:47','2009-10-19 12:33:15',0),(1580,NULL,0,'2009-10-19 21:14:16','2009-10-21 17:25:07',0),(1505,NULL,0,'2009-09-14 16:50:10','2009-10-19 12:32:44',0),(1506,'2009-09-16 02:12:55',1,'2009-09-14 21:17:51',NULL,0),(1507,NULL,0,'2009-09-14 21:22:40','2009-10-19 12:32:30',0),(1508,NULL,0,'2009-09-15 14:06:55','2009-10-19 12:32:22',0),(1509,NULL,0,'2009-09-15 15:29:54',NULL,0),(1510,'2009-09-16 04:27:27',1,'2009-09-16 04:12:58','2009-10-19 12:32:07',0),(1511,'2010-03-16 14:44:09',2,'2009-09-16 14:34:11','2009-10-19 12:32:00',0),(1512,NULL,0,'2009-09-16 14:47:33','2009-10-19 12:31:53',0),(1513,NULL,0,'2009-09-16 17:57:40','2009-10-19 12:31:45',0),(1514,'2009-09-18 10:39:38',1,'2009-09-16 20:59:41','2009-10-19 12:31:36',0),(1515,'2009-09-20 02:45:10',1,'2009-09-17 02:28:40','2009-10-19 12:31:27',0),(1516,'2009-11-02 11:42:13',1,'2009-09-17 16:51:16',NULL,0),(1517,'2009-10-01 21:23:03',2,'2009-09-17 21:16:34','2009-10-19 12:31:13',0),(1518,NULL,0,'2009-09-18 00:16:43','2009-10-19 12:31:07',0),(1519,NULL,0,'2009-09-18 15:35:14','2009-10-19 12:31:00',0),(1520,NULL,0,'2009-09-18 18:53:55','2009-10-19 12:30:53',0),(1521,NULL,0,'2009-09-19 12:07:08','2009-10-19 12:30:46',0),(1522,NULL,0,'2009-09-19 13:20:12',NULL,0),(1523,NULL,0,'2009-09-19 14:35:23','2009-10-19 12:30:29',0),(1524,NULL,0,'2009-09-20 08:51:29','2009-10-19 12:30:21',0),(1525,NULL,0,'2009-09-22 10:29:53','2009-10-19 12:30:13',0),(1526,NULL,0,'2009-09-22 14:53:05','2009-10-19 12:29:49',0),(1527,'2009-09-29 09:44:43',7,'2009-09-23 08:47:05','2009-10-19 12:29:43',0),(1528,'2009-10-15 21:21:03',1,'2009-09-24 00:04:29','2009-10-19 12:29:36',0),(1529,'2009-10-11 21:23:46',1,'2009-09-24 17:30:20',NULL,0),(1530,'2009-10-18 21:17:49',4,'2009-09-26 22:17:00','2009-10-19 12:29:24',0),(1531,NULL,0,'2009-09-28 12:14:09','2009-10-19 12:29:17',0),(1532,'2010-11-01 10:18:38',3,'2009-09-30 10:06:31',NULL,0),(1533,NULL,0,'2009-09-30 11:03:21','2009-10-19 12:29:03',0),(1534,'2009-10-06 10:16:00',2,'2009-10-02 17:13:26','2009-10-19 12:28:55',0),(1535,NULL,0,'2009-10-03 02:56:34','2009-10-19 12:28:48',0),(1536,'2009-10-15 16:09:51',4,'2009-10-03 17:17:44','2009-10-19 12:28:41',0),(1537,'2009-10-10 21:24:35',1,'2009-10-04 21:13:45','2009-10-19 12:28:34',0),(1538,NULL,0,'2009-10-06 17:18:40','2009-10-19 12:28:27',0),(1539,'2009-10-20 08:20:26',2,'2009-10-07 19:09:55',NULL,0),(1540,'2009-10-15 02:22:35',4,'2009-10-08 02:51:16','2009-10-19 12:28:14',0),(1541,NULL,0,'2009-10-08 13:29:33','2009-10-19 12:28:08',0),(1542,'2010-10-28 11:24:57',2,'2009-10-08 14:20:48','2010-10-28 11:25:29',0),(1543,'2009-10-14 00:47:32',1,'2009-10-10 12:58:18','2009-10-19 12:27:54',0),(1544,NULL,0,'2009-10-10 19:00:32','2009-10-19 12:27:47',0),(1545,'2009-10-12 01:43:42',1,'2009-10-11 05:47:12','2009-10-19 12:27:39',0),(1546,NULL,0,'2009-10-11 16:30:45','2009-10-19 12:27:32',0),(1547,NULL,0,'2009-10-11 18:10:52','2009-10-19 12:27:26',0),(1548,NULL,0,'2009-10-11 20:38:53','2009-10-19 12:27:19',0),(1549,NULL,0,'2009-10-12 09:24:04','2009-10-19 12:27:12',0),(1550,NULL,0,'2009-10-12 09:52:55','2009-10-19 12:27:05',0),(1551,NULL,0,'2009-10-12 13:30:33','2009-10-19 12:26:58',0),(1552,NULL,0,'2009-10-12 19:30:54','2009-10-19 12:26:50',0),(1553,'2009-10-14 04:17:07',1,'2009-10-12 20:45:55','2009-10-19 12:26:43',0),(1554,NULL,0,'2009-10-12 23:30:51','2009-10-19 12:26:34',0),(1555,NULL,0,'2009-10-13 12:57:14','2009-10-19 12:26:28',0),(1556,NULL,0,'2009-10-13 18:49:10','2009-10-19 12:26:19',0),(1581,NULL,0,'2009-10-20 17:18:37','2009-10-21 17:24:58',0),(1558,'2009-10-17 19:05:23',1,'2009-10-14 02:34:17','2009-10-19 12:25:54',0),(1559,NULL,0,'2009-10-14 09:08:06','2009-10-19 12:25:44',0),(1560,NULL,0,'2009-10-14 22:08:30','2009-10-19 12:25:36',0),(1561,NULL,0,'2009-10-14 23:39:13','2009-10-19 12:25:29',0),(1562,NULL,0,'2009-10-15 13:53:04','2009-10-19 12:25:21',0),(1563,NULL,0,'2009-10-15 21:29:17','2009-10-19 12:25:15',0),(1564,NULL,0,'2009-10-15 23:22:13','2009-10-19 12:25:07',0),(1565,NULL,0,'2009-10-16 00:11:52','2009-10-19 12:24:59',0),(1566,NULL,0,'2009-10-16 14:25:13','2009-10-19 12:24:53',0),(1567,NULL,0,'2009-10-16 15:19:22','2009-10-19 12:24:47',0),(1568,NULL,0,'2009-10-16 16:11:07','2009-10-19 12:24:39',0),(1569,'2009-10-18 21:15:37',2,'2009-10-16 20:01:37','2009-10-19 12:24:31',0),(1570,NULL,0,'2009-10-17 16:15:59','2009-10-19 12:24:24',0),(1571,NULL,0,'2009-10-17 17:18:21','2009-10-19 12:24:16',0),(1572,NULL,0,'2009-10-17 17:20:27','2009-10-19 12:24:09',0),(1573,NULL,0,'2009-10-17 18:44:18',NULL,0),(1574,NULL,0,'2009-10-18 11:38:58','2009-10-19 12:23:54',0),(1575,'2009-12-21 18:48:26',7,'2009-10-18 14:48:50','2009-10-19 12:23:47',0),(1576,NULL,0,'2009-10-18 17:54:54','2009-10-19 12:23:40',0),(1577,'2009-12-02 12:50:55',1,'2009-10-19 12:07:55',NULL,0),(1584,NULL,0,'2009-10-22 11:52:38',NULL,0),(1583,NULL,0,'2009-10-21 16:37:50','2009-10-21 17:24:39',0),(1585,NULL,0,'2009-10-22 12:09:49',NULL,0),(1586,NULL,0,'2009-10-22 13:24:28',NULL,0),(1587,'2009-10-23 12:09:33',3,'2009-10-22 14:05:21',NULL,0),(1588,NULL,0,'2009-10-22 14:43:54',NULL,0),(1589,NULL,0,'2009-10-22 15:50:39',NULL,0),(1590,NULL,0,'2009-10-22 19:53:48',NULL,0),(1591,NULL,0,'2009-10-22 21:38:01',NULL,0),(1592,NULL,0,'2009-10-22 22:12:14',NULL,0),(1593,NULL,0,'2009-10-23 00:22:06',NULL,0),(1594,NULL,0,'2009-10-23 09:27:40',NULL,0),(1595,NULL,0,'2009-10-23 12:43:39',NULL,0),(1596,NULL,0,'2009-10-24 00:34:01',NULL,0),(1597,NULL,0,'2009-10-24 22:47:40',NULL,0),(1598,NULL,0,'2009-10-25 11:01:53',NULL,0),(1599,NULL,0,'2009-10-25 12:30:46',NULL,0),(1600,NULL,0,'2009-10-26 10:44:49',NULL,0),(1601,NULL,0,'2009-10-26 12:07:44',NULL,0),(1602,NULL,0,'2009-10-26 12:48:10',NULL,0),(1603,NULL,0,'2009-10-26 13:33:52',NULL,0),(1604,NULL,0,'2009-10-26 16:12:40',NULL,0),(1605,NULL,0,'2009-10-26 16:27:50',NULL,0),(1606,NULL,0,'2009-10-26 18:04:40',NULL,0),(1607,NULL,0,'2009-10-27 00:12:02',NULL,0),(1608,NULL,0,'2009-10-27 05:36:29',NULL,0),(1609,NULL,0,'2009-10-27 12:24:43',NULL,0),(1610,NULL,0,'2009-10-27 12:55:57',NULL,0),(1611,NULL,0,'2009-10-27 14:14:02',NULL,0),(1612,NULL,0,'2009-10-28 03:01:28',NULL,0),(1613,'2009-12-01 12:21:56',4,'2009-10-28 13:38:09',NULL,0),(1614,NULL,0,'2009-10-29 14:22:15',NULL,0),(1615,NULL,0,'2009-10-29 14:52:37','2009-11-05 11:13:28',0),(1616,'2009-11-12 09:40:56',1,'2009-10-29 15:12:40',NULL,0),(1617,NULL,0,'2009-10-30 15:26:05',NULL,0),(1618,NULL,0,'2009-10-30 15:35:05',NULL,0),(1619,NULL,0,'2009-10-30 16:44:15',NULL,0),(1620,NULL,0,'2009-10-30 19:37:07',NULL,0),(1621,NULL,0,'2009-11-01 06:32:22',NULL,0),(1622,NULL,0,'2009-11-01 09:08:52',NULL,0),(1623,'2009-11-04 15:20:07',1,'2009-11-02 16:24:41',NULL,0),(1624,'2009-11-02 20:22:38',1,'2009-11-02 19:39:45',NULL,0),(1625,NULL,0,'2009-11-03 01:54:21',NULL,0),(1626,NULL,0,'2009-11-03 07:44:11',NULL,0),(1627,NULL,0,'2009-11-03 15:22:12',NULL,0),(1628,NULL,0,'2009-11-03 16:10:58',NULL,0),(1629,NULL,0,'2009-11-03 18:35:15',NULL,0),(1630,NULL,0,'2009-11-03 19:25:21',NULL,0),(1631,NULL,0,'2009-11-03 22:28:21',NULL,0),(1632,NULL,0,'2009-11-04 08:52:24',NULL,0),(1633,'2009-11-19 08:43:06',3,'2009-11-04 10:10:54',NULL,0),(1634,'2009-11-04 10:47:11',1,'2009-11-04 10:36:33',NULL,0),(1635,NULL,0,'2009-11-04 13:59:47',NULL,0),(1636,NULL,0,'2009-11-04 16:10:57',NULL,0),(1637,'2009-11-16 14:33:10',4,'2009-11-04 21:32:45',NULL,0),(1638,NULL,0,'2009-11-06 09:35:14',NULL,0),(1639,'2009-11-25 13:05:11',13,'2009-11-06 14:46:14',NULL,0),(1640,'2010-02-18 00:25:42',4,'2009-11-10 02:43:03',NULL,0),(1641,NULL,0,'2009-11-10 16:46:08',NULL,0),(1642,'2009-11-11 14:37:47',1,'2009-11-11 11:11:01',NULL,0),(1643,NULL,0,'2009-11-11 19:27:25',NULL,0),(1644,NULL,0,'2009-11-12 00:04:35',NULL,0),(1645,NULL,0,'2009-11-12 00:05:33',NULL,0),(1646,'2009-11-30 00:49:38',1,'2009-11-12 02:31:48',NULL,0),(1647,'2009-11-23 18:40:42',4,'2009-11-12 17:03:14',NULL,0),(1648,NULL,0,'2009-11-13 19:17:58',NULL,0),(1649,NULL,0,'2009-11-14 14:32:26',NULL,0),(1650,NULL,0,'2009-11-14 21:52:57',NULL,0),(1655,NULL,0,'2009-11-16 13:19:35',NULL,0),(1652,'2010-01-11 14:39:34',2,'2009-11-15 16:27:19',NULL,0),(1656,'2009-11-22 23:14:11',1,'2009-11-16 18:55:31',NULL,0),(1654,'2009-11-21 16:43:59',2,'2009-11-15 19:23:38',NULL,0),(1657,NULL,0,'2009-11-17 07:55:57',NULL,0),(1658,NULL,0,'2009-11-17 07:59:15',NULL,0),(1659,NULL,0,'2009-11-17 13:19:38',NULL,0),(1660,NULL,0,'2009-11-17 14:37:42',NULL,0),(1661,NULL,0,'2009-11-17 17:54:54',NULL,0),(1662,NULL,0,'2009-11-17 18:19:34',NULL,0),(1722,NULL,0,'2009-12-01 11:44:50',NULL,0),(1664,NULL,0,'2009-11-18 18:21:22',NULL,0),(1665,'2009-11-23 11:48:37',1,'2009-11-18 19:30:47',NULL,0),(1666,'2009-11-19 21:36:32',2,'2009-11-18 23:01:13',NULL,0),(1667,'2009-12-13 13:37:10',7,'2009-11-19 10:40:01',NULL,0),(1668,NULL,0,'2009-11-19 15:13:38',NULL,0),(1669,NULL,0,'2009-11-19 15:32:19',NULL,0),(1670,'2009-12-04 16:22:20',2,'2009-11-20 06:31:10',NULL,0),(1671,'2009-11-21 18:35:01',1,'2009-11-21 07:39:16',NULL,0),(1683,NULL,0,'2009-11-23 13:07:26',NULL,0),(1673,NULL,0,'2009-11-21 20:00:42',NULL,0),(1674,'2009-11-22 04:57:45',1,'2009-11-22 04:23:38',NULL,0),(1675,NULL,0,'2009-11-22 05:03:45',NULL,0),(1676,NULL,0,'2009-11-22 07:46:48',NULL,0),(1677,'2009-12-03 21:28:46',8,'2009-11-22 18:24:55','2009-11-26 03:31:23',0),(1678,'2010-09-14 13:20:20',22,'2009-11-22 20:20:09',NULL,0),(1679,NULL,0,'2009-11-22 23:04:24',NULL,0),(1680,NULL,0,'2009-11-22 23:53:27',NULL,0),(1684,NULL,0,'2009-11-23 13:38:35',NULL,0),(1682,NULL,0,'2009-11-23 08:47:11',NULL,0),(1685,NULL,0,'2009-11-23 16:47:21',NULL,0),(1686,NULL,0,'2009-11-23 18:25:54',NULL,0),(1687,NULL,0,'2009-11-23 19:45:33',NULL,0),(1688,NULL,0,'2009-11-23 23:18:48',NULL,0),(1689,NULL,0,'2009-11-24 12:36:55',NULL,0),(1690,NULL,0,'2009-11-24 13:52:27',NULL,0),(1691,'2010-01-26 20:12:30',1,'2009-11-24 16:46:27',NULL,0),(1692,'2010-01-17 20:32:36',2,'2009-11-25 08:19:55',NULL,0),(1693,'2009-11-25 09:41:42',4,'2009-11-25 09:30:13',NULL,0),(1694,NULL,0,'2009-11-25 12:02:33',NULL,0),(1695,NULL,0,'2009-11-25 14:16:20',NULL,0),(1696,NULL,0,'2009-11-25 18:00:46',NULL,0),(1697,'2009-12-03 13:38:39',7,'2009-11-27 21:18:01','2009-12-09 10:14:21',0),(1698,NULL,0,'2009-11-28 00:25:54',NULL,0),(1699,'2009-12-01 00:21:29',2,'2009-11-28 17:08:49',NULL,0),(1700,NULL,0,'2009-11-28 18:19:28',NULL,0),(1701,NULL,0,'2009-11-29 00:12:06',NULL,0),(1723,NULL,0,'2009-12-01 14:48:51',NULL,0),(1724,NULL,0,'2009-12-01 17:25:11',NULL,0),(1704,NULL,0,'2009-11-29 09:29:34',NULL,0),(1725,NULL,0,'2009-12-01 20:18:18',NULL,0),(1706,NULL,0,'2009-11-29 14:25:42',NULL,0),(1707,'2009-12-05 15:47:41',4,'2009-11-29 22:48:21','2009-12-10 11:36:06',0),(1726,NULL,0,'2009-12-02 16:20:12',NULL,0),(1727,NULL,0,'2009-12-02 18:28:38',NULL,0),(1710,NULL,0,'2009-11-30 04:38:28',NULL,0),(1728,'2009-12-02 21:44:03',1,'2009-12-02 19:57:44',NULL,0),(1712,'2009-12-01 10:23:48',2,'2009-11-30 05:08:03',NULL,0),(1729,NULL,0,'2009-12-03 00:17:13',NULL,0),(1714,NULL,0,'2009-11-30 11:20:39',NULL,0),(1715,'2010-03-12 14:57:27',3,'2009-11-30 11:24:55',NULL,0),(1716,'2009-11-30 22:04:19',2,'2009-11-30 14:49:30',NULL,0),(1717,'2009-11-30 15:32:25',1,'2009-11-30 15:24:20',NULL,0),(1718,'2010-12-14 22:11:19',13,'2009-11-30 19:19:01','2010-12-14 22:12:58',0),(1719,'2009-12-01 00:47:02',1,'2009-11-30 21:08:40',NULL,0),(1730,NULL,0,'2009-12-03 13:29:52',NULL,0),(1731,'2010-01-04 18:03:03',1,'2009-12-03 18:41:53',NULL,0),(1732,'2009-12-04 15:43:53',1,'2009-12-04 10:28:59',NULL,0),(1733,NULL,0,'2009-12-04 19:26:21',NULL,0),(1734,NULL,0,'2009-12-06 14:17:42',NULL,0),(1735,NULL,0,'2009-12-06 18:55:16',NULL,0),(1736,NULL,0,'2009-12-07 12:17:07',NULL,0),(1737,NULL,0,'2009-12-10 10:16:04',NULL,0),(1738,NULL,0,'2009-12-10 13:35:44',NULL,0),(1739,NULL,0,'2009-12-10 13:37:24',NULL,0),(1740,NULL,0,'2009-12-11 01:44:02',NULL,0),(1741,NULL,0,'2009-12-12 04:24:51',NULL,0),(1748,'2009-12-20 16:14:46',2,'2009-12-16 17:12:31',NULL,0),(1743,NULL,0,'2009-12-12 17:03:33',NULL,0),(1744,'2009-12-15 00:35:42',1,'2009-12-13 23:40:21',NULL,0),(1749,NULL,0,'2009-12-16 21:01:37',NULL,0),(1746,NULL,0,'2009-12-14 11:30:44',NULL,0),(1747,NULL,0,'2009-12-14 12:55:03',NULL,0),(1750,NULL,0,'2009-12-16 23:57:24',NULL,0),(1751,NULL,0,'2009-12-17 03:19:52',NULL,0),(1752,NULL,0,'2009-12-17 05:47:07',NULL,0),(1753,NULL,0,'2009-12-17 15:50:01',NULL,0),(1754,NULL,0,'2009-12-19 01:29:55',NULL,0),(1755,NULL,0,'2009-12-19 01:47:40',NULL,0),(1756,'2009-12-23 10:37:39',2,'2009-12-20 15:18:23',NULL,0),(1757,NULL,0,'2009-12-20 18:38:13',NULL,0),(1758,NULL,0,'2009-12-20 20:18:10',NULL,0),(1759,NULL,0,'2009-12-22 16:35:35',NULL,0),(1760,NULL,0,'2009-12-22 16:54:39',NULL,0),(1761,NULL,0,'2009-12-24 14:52:14',NULL,0),(1762,NULL,0,'2009-12-25 03:35:41',NULL,0),(1763,'2010-01-04 19:49:13',1,'2009-12-25 11:54:50',NULL,0),(1764,'2009-12-26 04:28:25',1,'2009-12-26 03:00:07',NULL,0),(1765,NULL,0,'2009-12-26 23:15:35',NULL,0),(1766,NULL,0,'2009-12-27 12:07:38',NULL,0),(1767,'2010-01-22 22:50:17',3,'2009-12-29 06:13:35',NULL,0),(1768,NULL,0,'2009-12-29 21:03:54',NULL,0),(1769,NULL,0,'2009-12-30 00:22:37',NULL,0),(1770,NULL,0,'2009-12-30 14:42:28','2010-05-27 16:18:32',0),(1771,NULL,0,'2009-12-30 15:37:28','2010-05-27 16:18:14',0),(1772,NULL,0,'2009-12-31 21:36:58','2010-05-27 16:18:08',0),(1773,NULL,0,'2010-01-02 16:37:26',NULL,0),(1774,NULL,0,'2010-01-02 16:52:25',NULL,0),(1775,NULL,0,'2010-01-02 17:09:45',NULL,0),(1776,NULL,0,'2010-01-02 17:23:32',NULL,0),(1777,NULL,0,'2010-01-02 19:54:37',NULL,0),(1778,'2010-01-03 10:20:54',1,'2010-01-03 00:51:28',NULL,0),(1779,NULL,0,'2010-01-03 07:44:16',NULL,0),(1780,'2010-01-05 08:49:44',2,'2010-01-04 00:06:41',NULL,0),(1781,NULL,0,'2010-01-04 15:18:54',NULL,0),(1782,NULL,0,'2010-01-04 16:14:02',NULL,0),(1783,NULL,0,'2010-01-05 01:25:35',NULL,0),(1784,'2010-01-07 13:39:59',1,'2010-01-05 15:41:59',NULL,0),(1785,NULL,0,'2010-01-05 21:19:08',NULL,0),(1786,NULL,0,'2010-01-06 00:06:19',NULL,0),(1787,'2010-08-09 13:18:58',5,'2010-01-06 11:52:03','2010-03-26 14:31:25',0),(1788,NULL,0,'2010-01-06 15:32:52',NULL,0),(1789,'2010-01-10 17:25:52',1,'2010-01-06 20:26:27',NULL,0),(1790,NULL,0,'2010-01-07 22:44:55',NULL,0),(1791,NULL,0,'2010-01-08 02:13:36',NULL,0),(1792,NULL,0,'2010-01-08 02:45:03',NULL,0),(1793,NULL,0,'2010-01-08 17:43:55',NULL,0),(1794,NULL,0,'2010-01-09 18:50:16','2010-05-27 16:17:59',0),(1795,NULL,0,'2010-01-13 12:27:38','2010-05-27 16:17:53',0),(1796,NULL,0,'2010-01-16 19:48:40','2010-05-27 16:17:48',0),(1797,'2010-01-19 12:31:03',1,'2010-01-19 12:29:32','2010-05-27 16:17:41',0),(1798,NULL,0,'2010-01-19 19:46:02','2010-05-27 16:17:36',0),(1799,'2010-01-20 06:07:30',1,'2010-01-20 03:00:41','2010-05-27 16:17:30',0),(1800,NULL,0,'2010-01-21 01:03:18','2010-05-27 16:17:24',0),(1927,NULL,0,'2010-05-28 04:53:44',NULL,0),(1802,NULL,0,'2010-01-22 14:13:12','2010-05-27 16:17:13',0),(1803,NULL,0,'2010-01-22 16:04:13','2010-05-27 16:17:06',0),(1804,NULL,0,'2010-01-23 16:42:29','2010-05-27 16:17:00',0),(1805,NULL,0,'2010-01-25 15:46:13','2010-05-27 16:16:41',0),(1806,NULL,0,'2010-01-26 02:06:40','2010-05-27 16:16:13',0),(1807,'2010-03-17 10:15:58',2,'2010-01-26 11:37:31','2010-05-27 16:16:05',0),(1808,NULL,0,'2010-01-26 19:08:46','2010-05-27 16:15:56',0),(1928,NULL,0,'2010-05-28 14:17:54',NULL,0),(1810,'2010-01-28 12:16:12',4,'2010-01-27 16:22:21','2010-05-27 16:15:44',0),(1811,'2010-02-04 22:32:31',1,'2010-01-31 13:31:51','2010-05-27 16:15:24',0),(1812,'2010-02-02 14:20:55',2,'2010-02-01 19:24:01','2010-05-27 16:15:13',0),(1813,'2010-02-06 13:23:10',1,'2010-02-01 19:35:25','2010-05-27 16:15:08',0),(1814,NULL,0,'2010-02-05 09:51:41','2010-05-27 16:15:02',0),(1815,'2010-02-17 12:10:36',1,'2010-02-05 11:45:04','2010-05-27 16:14:55',0),(1929,NULL,0,'2010-05-30 05:40:26',NULL,0),(1817,NULL,0,'2010-02-08 07:06:15','2010-05-27 16:14:26',0),(1818,NULL,0,'2010-02-09 11:14:30','2010-05-27 16:14:19',0),(1819,'2010-02-19 13:33:12',1,'2010-02-10 16:20:51','2010-05-27 16:14:11',0),(1820,NULL,0,'2010-02-11 17:52:39','2010-05-27 16:14:05',0),(1821,NULL,0,'2010-02-12 11:41:38','2010-05-27 16:13:59',0),(1822,NULL,0,'2010-02-12 21:22:55','2010-05-27 16:13:54',0),(1823,NULL,0,'2010-02-12 23:51:32','2010-05-27 16:13:48',0),(1824,NULL,0,'2010-02-13 15:08:05','2010-05-27 16:13:42',0),(1825,'2010-02-16 18:57:21',2,'2010-02-14 18:39:04','2010-05-27 16:13:36',0),(1826,NULL,0,'2010-02-15 00:56:00','2010-05-27 16:13:30',0),(1827,NULL,0,'2010-02-16 23:31:37','2010-05-27 16:13:23',0),(1828,'2010-02-23 18:02:42',2,'2010-02-17 14:31:47','2010-05-27 16:13:17',0),(1829,NULL,0,'2010-02-22 18:56:51','2010-05-27 16:13:11',0),(1830,NULL,0,'2010-02-22 19:10:06','2010-05-27 16:13:04',0),(1831,NULL,0,'2010-02-23 09:33:58','2010-05-27 16:12:56',0),(1930,NULL,0,'2010-06-03 00:21:26',NULL,0),(1833,NULL,0,'2010-02-24 01:33:17',NULL,0),(1834,NULL,0,'2010-02-25 20:33:40','2010-05-27 16:12:28',0),(1835,NULL,0,'2010-02-27 21:51:35','2010-05-27 16:12:22',0),(1836,NULL,0,'2010-02-28 12:01:12','2010-05-27 16:12:16',0),(1837,'2010-03-01 07:42:57',1,'2010-02-28 16:18:25','2010-05-27 16:12:11',0),(1838,'2010-03-12 08:36:48',10,'2010-02-28 16:32:43','2010-05-27 16:12:05',0),(1839,NULL,0,'2010-03-02 11:27:36','2010-05-27 16:11:59',0),(1840,NULL,0,'2010-03-02 21:47:54',NULL,0),(1841,NULL,0,'2010-03-05 12:56:18',NULL,0),(1842,'2010-03-09 15:14:05',4,'2010-03-06 17:54:56',NULL,0),(1843,NULL,0,'2010-03-07 15:13:59',NULL,0),(1844,NULL,0,'2010-03-07 18:12:04',NULL,0),(1845,NULL,0,'2010-03-08 10:12:34',NULL,0),(1846,NULL,0,'2010-03-08 13:39:39',NULL,0),(1847,NULL,0,'2010-03-08 21:00:52',NULL,0),(1848,NULL,0,'2010-03-09 10:55:53',NULL,0),(1849,NULL,0,'2010-03-10 16:51:51',NULL,0),(1850,NULL,0,'2010-03-11 03:30:34',NULL,0),(1851,NULL,0,'2010-03-11 16:57:08',NULL,0),(1853,NULL,0,'2010-03-13 16:45:16',NULL,0),(1854,NULL,0,'2010-03-14 22:03:40',NULL,0),(1855,'2010-07-30 16:41:42',1,'2010-03-15 17:43:40',NULL,0),(1856,NULL,0,'2010-03-16 22:04:15',NULL,0),(1857,NULL,0,'2010-03-17 01:46:47','2010-05-27 16:11:49',0),(1858,'2010-03-20 22:41:08',1,'2010-03-17 16:14:44','2010-05-27 16:11:43',0),(1859,NULL,0,'2010-03-20 17:39:37','2010-05-27 16:11:38',0),(1860,NULL,0,'2010-03-21 13:23:04','2010-05-27 16:11:32',0),(1861,'2010-04-05 14:00:04',1,'2010-03-21 15:10:38','2010-05-27 16:11:25',0),(1862,'2010-03-23 10:59:25',5,'2010-03-21 15:49:21','2010-05-27 16:11:18',0),(1863,'2010-04-30 18:08:43',2,'2010-03-22 08:23:47','2010-05-27 16:11:12',0),(1864,NULL,0,'2010-03-22 14:44:09','2010-05-27 16:11:06',0),(1865,NULL,0,'2010-03-23 23:32:30','2010-05-27 16:11:00',0),(1866,'2010-04-13 10:33:19',1,'2010-03-25 21:55:59','2010-05-27 16:10:54',0),(1867,NULL,0,'2010-03-27 12:10:03','2010-05-27 16:10:48',0),(1868,'2010-03-27 16:23:27',1,'2010-03-27 15:38:23','2010-05-27 16:10:42',0),(1869,'2010-04-02 18:30:07',1,'2010-03-29 20:25:38','2010-05-27 16:10:36',0),(1870,NULL,0,'2010-03-30 23:32:31','2010-05-27 16:10:29',0),(1871,'2010-03-31 17:38:48',1,'2010-03-31 15:35:48','2010-05-27 16:10:21',0),(1872,'2010-04-06 00:59:21',4,'2010-04-01 15:20:09','2010-05-27 16:09:53',0),(1873,'2010-04-08 10:59:45',6,'2010-04-05 16:34:03','2010-05-27 16:10:01',0),(1874,NULL,0,'2010-04-06 20:23:18','2010-05-27 16:10:07',0),(1931,NULL,0,'2010-06-08 22:57:39',NULL,0),(1876,NULL,0,'2010-04-08 11:38:07',NULL,0),(1877,NULL,0,'2010-04-09 16:59:26','2010-05-27 16:09:34',0),(1878,'2010-04-29 22:04:22',2,'2010-04-09 21:40:04',NULL,0),(1879,NULL,0,'2010-04-11 04:24:35',NULL,0),(1880,'2010-04-14 22:06:24',3,'2010-04-11 21:53:00',NULL,0),(1881,NULL,0,'2010-04-14 20:23:20','2010-05-27 16:09:14',0),(1882,NULL,0,'2010-04-15 01:03:57','2010-05-27 16:09:05',0),(1883,NULL,0,'2010-04-16 14:30:52','2010-05-27 16:08:59',0),(1884,NULL,0,'2010-04-16 22:36:32','2010-05-27 16:08:52',0),(1885,NULL,0,'2010-04-17 01:22:22','2010-05-27 16:08:45',0),(1932,'2010-07-04 17:48:14',1,'2010-06-11 16:19:57',NULL,0),(1887,'2010-04-23 17:15:46',1,'2010-04-19 15:13:20','2010-05-27 16:08:31',0),(1888,NULL,0,'2010-04-19 17:16:56','2010-05-27 16:08:25',0),(1889,NULL,0,'2010-04-19 20:10:11','2010-05-27 16:08:18',0),(1890,'2010-05-03 10:51:01',4,'2010-04-20 13:05:01','2010-05-27 16:08:12',0),(1891,NULL,0,'2010-04-20 23:15:05','2010-05-27 16:08:06',0),(1892,'2010-04-22 16:50:19',2,'2010-04-21 16:21:17',NULL,0),(1893,NULL,0,'2010-04-28 16:50:07','2010-05-27 16:07:54',0),(1894,NULL,0,'2010-04-28 17:20:21','2010-05-27 16:07:48',0),(1895,NULL,0,'2010-04-28 22:30:23',NULL,0),(1896,NULL,0,'2010-04-29 13:02:28',NULL,0),(1897,NULL,0,'2010-04-29 14:33:15','2010-05-27 16:07:19',0),(1898,NULL,0,'2010-05-01 15:45:44','2010-05-27 16:07:26',0),(1899,NULL,0,'2010-05-02 10:39:22',NULL,0),(1900,'2011-01-31 03:43:27',1,'2010-05-02 22:05:32',NULL,0),(1901,NULL,0,'2010-05-02 23:05:04',NULL,0),(1902,NULL,0,'2010-05-03 15:53:31',NULL,0),(1903,NULL,0,'2010-05-03 23:10:23',NULL,0),(1904,NULL,0,'2010-05-03 23:31:20',NULL,0),(1905,NULL,0,'2010-05-04 18:38:03',NULL,0),(1906,NULL,0,'2010-05-05 15:11:15',NULL,0),(1907,NULL,0,'2010-05-06 16:51:00',NULL,0),(1908,NULL,0,'2010-05-07 02:13:19',NULL,0),(1909,NULL,0,'2010-05-08 05:30:14',NULL,0),(1910,NULL,0,'2010-05-09 15:45:17',NULL,0),(1911,NULL,0,'2010-05-09 23:57:13',NULL,0),(1912,NULL,0,'2010-05-12 16:25:15',NULL,0),(1913,'2010-05-18 01:41:07',1,'2010-05-13 00:52:34',NULL,0),(1914,NULL,0,'2010-05-15 04:33:52',NULL,0),(1915,'2010-05-20 19:39:48',1,'2010-05-15 12:56:16',NULL,0),(1916,NULL,0,'2010-05-16 22:32:30',NULL,0),(1917,NULL,0,'2010-05-18 18:32:19',NULL,0),(1918,NULL,0,'2010-05-19 11:39:38',NULL,0),(1919,'2010-05-19 23:29:09',2,'2010-05-19 16:42:34',NULL,0),(1920,'2010-05-21 12:30:54',2,'2010-05-20 11:42:11',NULL,0),(1921,NULL,0,'2010-05-21 14:50:11',NULL,0),(1922,NULL,0,'2010-05-21 20:41:00',NULL,0),(1923,NULL,0,'2010-05-21 21:23:01',NULL,0),(1924,NULL,0,'2010-05-22 18:40:51',NULL,0),(1925,NULL,0,'2010-05-22 22:48:11',NULL,0),(1926,NULL,0,'2010-05-25 17:03:47',NULL,0),(1933,NULL,0,'2010-06-12 20:45:01',NULL,0),(1934,NULL,0,'2010-06-14 18:28:51',NULL,0),(1935,NULL,0,'2010-06-29 01:26:03',NULL,0),(1936,NULL,0,'2010-06-30 10:30:09',NULL,0),(1937,NULL,0,'2010-07-01 11:07:06',NULL,0),(1938,NULL,0,'2010-07-08 12:51:11',NULL,0),(1939,NULL,0,'2010-07-10 15:53:28',NULL,0),(1940,NULL,0,'2010-07-17 14:55:09',NULL,0),(1941,NULL,0,'2010-07-21 15:38:00',NULL,0),(1942,'2010-08-02 10:55:25',2,'2010-07-23 08:09:44',NULL,0),(1943,NULL,0,'2010-07-26 01:49:18',NULL,0),(1944,'2010-08-06 19:32:04',3,'2010-07-27 19:08:42',NULL,0),(1945,NULL,0,'2010-07-30 16:05:44',NULL,0),(1946,'2010-08-29 22:40:20',4,'2010-08-08 18:48:29',NULL,0),(1947,NULL,0,'2010-08-09 11:38:04',NULL,0),(1948,'2010-08-12 09:00:11',1,'2010-08-09 12:21:30',NULL,0),(1949,NULL,0,'2010-08-14 02:47:15',NULL,0),(1950,NULL,0,'2010-08-16 14:39:14',NULL,0),(1951,'2010-08-23 20:51:34',3,'2010-08-16 20:58:55',NULL,0),(1952,'2010-09-27 21:17:05',3,'2010-08-18 23:19:31',NULL,0),(1953,NULL,0,'2010-08-22 16:53:08','2010-08-22 16:53:50',0),(1954,NULL,0,'2010-08-24 04:22:15',NULL,0),(1955,'2010-10-28 11:04:25',2,'2010-08-26 19:32:29',NULL,0),(1956,'2010-09-08 11:24:48',3,'2010-09-02 14:06:28',NULL,0),(1957,NULL,0,'2010-09-09 00:58:27',NULL,0),(1958,NULL,0,'2010-09-13 21:27:06',NULL,0),(1959,NULL,0,'2010-09-17 13:53:53',NULL,0),(1960,NULL,0,'2010-09-22 19:41:16',NULL,0),(1961,'2010-09-24 13:35:12',1,'2010-09-24 12:58:08',NULL,0),(1962,NULL,0,'2010-09-26 13:48:02',NULL,0),(1963,NULL,0,'2010-09-27 03:49:44',NULL,0),(1964,NULL,0,'2010-09-30 14:05:52',NULL,0),(1965,'2010-10-05 17:17:21',1,'2010-10-05 15:17:45',NULL,0),(1966,NULL,0,'2010-10-06 11:51:25',NULL,0),(1967,'2010-12-04 20:59:18',10,'2010-10-07 19:25:54',NULL,0),(1968,NULL,0,'2010-10-08 05:44:08',NULL,0),(1969,'2010-10-30 09:52:36',13,'2010-10-09 10:45:58',NULL,0),(1970,NULL,0,'2010-10-11 13:45:44',NULL,0),(1971,NULL,0,'2010-10-11 13:56:56',NULL,0),(1972,'2010-10-22 14:04:10',2,'2010-10-14 12:56:35',NULL,0),(1973,NULL,0,'2010-10-15 13:31:06',NULL,0),(1974,NULL,0,'2010-10-18 09:22:10',NULL,0),(1976,NULL,0,'2010-10-20 06:14:33',NULL,0),(1977,NULL,0,'2010-10-21 15:06:36',NULL,0),(1978,NULL,0,'2010-10-24 10:19:50',NULL,0),(1979,NULL,0,'2010-10-25 15:35:40',NULL,0),(1980,NULL,0,'2010-10-25 22:43:15',NULL,0),(1981,NULL,0,'2010-10-26 15:20:30',NULL,0),(1982,NULL,0,'2010-10-27 20:19:56',NULL,0),(1983,NULL,0,'2010-10-27 20:30:13',NULL,0),(1984,NULL,0,'2010-10-27 20:36:25',NULL,0),(1985,NULL,0,'2010-10-30 00:47:41',NULL,0),(1986,'2010-11-11 08:46:27',3,'2010-11-03 20:40:11',NULL,0),(1987,NULL,0,'2010-11-09 01:11:59',NULL,0),(1988,NULL,0,'2010-11-09 06:20:47',NULL,0),(1989,'2010-11-19 02:46:42',1,'2010-11-10 18:14:32',NULL,0),(1990,NULL,0,'2010-11-12 15:54:02',NULL,0),(1991,NULL,0,'2010-11-12 20:08:50',NULL,0),(1992,NULL,0,'2010-11-15 01:08:21',NULL,0),(1993,'2010-12-06 16:19:49',1,'2010-11-15 20:58:11',NULL,0),(1994,NULL,0,'2010-11-16 19:44:46',NULL,0),(1995,'2010-12-13 17:08:18',1,'2010-11-19 16:48:03',NULL,0),(1996,'2010-11-30 12:19:05',1,'2010-11-23 15:41:05',NULL,0),(1997,NULL,0,'2010-11-28 19:11:11',NULL,0),(1998,NULL,0,'2010-12-04 15:51:18',NULL,0),(1999,NULL,0,'2010-12-05 20:34:41',NULL,0),(2000,NULL,0,'2010-12-05 21:52:44',NULL,0),(2001,NULL,0,'2010-12-07 19:28:12',NULL,0),(2002,'2010-12-10 03:55:05',1,'2010-12-10 03:53:22',NULL,0),(2003,NULL,0,'2010-12-16 11:23:31',NULL,0),(2004,NULL,0,'2010-12-16 18:34:35',NULL,0),(2005,'2010-12-21 17:26:10',1,'2010-12-21 16:45:08',NULL,0),(2006,NULL,0,'2010-12-23 10:43:14',NULL,0),(2007,NULL,0,'2010-12-31 14:36:28',NULL,0),(2008,NULL,0,'2011-01-01 15:23:21',NULL,0),(2009,NULL,0,'2011-01-07 19:12:54',NULL,0),(2010,'2011-01-28 11:11:47',2,'2011-01-09 11:34:45',NULL,0),(2011,NULL,0,'2011-01-09 15:18:57',NULL,0),(2012,'2011-01-16 08:16:43',1,'2011-01-09 16:08:50',NULL,0),(2013,NULL,0,'2011-01-10 16:09:56',NULL,0),(2014,NULL,0,'2011-01-13 11:43:55',NULL,0),(2015,NULL,0,'2011-01-13 13:58:13',NULL,0),(2016,NULL,0,'2011-01-13 15:53:28',NULL,0),(2017,NULL,0,'2011-01-16 19:51:10',NULL,0),(2018,NULL,0,'2011-01-19 08:59:35',NULL,0),(2019,NULL,0,'2011-01-24 14:49:40',NULL,0),(2020,'2011-02-09 20:04:28',1,'2011-01-25 20:57:33',NULL,0),(2021,NULL,0,'2011-01-27 10:40:39',NULL,0),(2022,NULL,0,'2011-01-28 13:10:30',NULL,0),(2023,NULL,0,'2011-01-30 18:33:13',NULL,0),(2024,'2011-02-03 09:05:19',1,'2011-02-03 08:48:29',NULL,0),(2025,NULL,0,'2011-02-06 18:52:14',NULL,0),(2026,'2011-02-07 09:37:15',1,'2011-02-07 09:31:57',NULL,0),(2027,NULL,0,'2011-02-07 19:56:22',NULL,0),(2028,'2011-02-09 11:05:48',1,'2011-02-09 10:39:47',NULL,0),(2029,NULL,0,'2011-02-09 13:06:59',NULL,0);

--
-- Table structure for table `featured`
--

CREATE TABLE `featured` (
  `featured_id` int(11) NOT NULL AUTO_INCREMENT,
  `products_id` int(11) NOT NULL DEFAULT '0',
  `featured_date_added` datetime DEFAULT NULL,
  `featured_last_modified` datetime DEFAULT NULL,
  `expires_date` datetime DEFAULT NULL,
  `date_status_change` datetime DEFAULT NULL,
  `status` int(1) DEFAULT '1',
  PRIMARY KEY (`featured_id`)
) ENGINE=MyISAM AUTO_INCREMENT=79 DEFAULT CHARSET=latin1;

--
-- Dumping data for table `featured`
--

INSERT INTO `featured` VALUES (12,317,'2005-09-24 11:55:05',NULL,NULL,'2006-02-21 17:25:47',0),(3,29,'2005-08-07 18:46:40',NULL,'0000-00-00 00:00:00','2005-10-04 11:52:58',0),(9,200,'2005-08-31 08:30:25',NULL,NULL,'2007-02-24 20:01:44',0),(5,42,'2005-08-07 18:46:47',NULL,NULL,'2007-01-06 22:02:30',0),(10,299,'2005-09-18 20:22:36',NULL,NULL,'2006-04-02 21:47:17',0),(11,303,'2005-09-18 20:23:17',NULL,NULL,'2006-06-01 21:52:55',0),(76,2455,'2008-08-12 18:58:14',NULL,'0000-00-00 00:00:00',NULL,1),(37,777,'2006-03-13 21:17:03',NULL,'0000-00-00 00:00:00','2007-02-24 20:01:25',0),(17,53,'2005-10-19 18:56:08',NULL,'0000-00-00 00:00:00','2005-12-12 19:49:59',0),(43,321,'2006-06-01 21:53:44',NULL,'0000-00-00 00:00:00','2006-12-14 21:25:28',0),(22,418,'2005-11-28 20:39:43','2006-12-14 21:25:10','2007-01-01 00:00:00','2005-12-12 19:48:53',0),(23,422,'2005-11-30 14:27:00',NULL,'0000-00-00 00:00:00','2007-05-25 07:48:15',0),(24,430,'2005-12-03 15:36:41',NULL,'0000-00-00 00:00:00','2006-05-17 08:25:57',0),(25,282,'2005-12-12 19:48:02',NULL,'0000-00-00 00:00:00','2006-04-21 18:31:52',0),(26,417,'2005-12-12 19:49:01',NULL,NULL,'2007-01-30 22:03:31',0),(28,598,'2006-01-28 09:43:52',NULL,'0000-00-00 00:00:00','2006-03-04 16:43:12',0),(29,412,'2006-01-31 21:26:18',NULL,'0000-00-00 00:00:00',NULL,1),(30,641,'2006-02-04 11:27:16',NULL,'0000-00-00 00:00:00','2006-11-12 21:45:53',0),(31,646,'2006-02-04 11:27:42',NULL,'0000-00-00 00:00:00','2006-11-12 21:47:04',0),(32,41,'2006-02-10 23:10:39',NULL,NULL,NULL,1),(73,2936,'2008-08-12 18:55:50',NULL,'0000-00-00 00:00:00',NULL,1),(34,454,'2006-02-21 17:25:40',NULL,'0000-00-00 00:00:00','2007-01-30 22:03:20',0),(35,752,'2006-03-04 16:43:28',NULL,'0000-00-00 00:00:00',NULL,1),(44,937,'2006-06-10 13:54:05',NULL,'0000-00-00 00:00:00','2006-09-05 14:06:45',0),(39,96,'2006-04-02 21:50:45',NULL,'0000-00-00 00:00:00',NULL,1),(41,899,'2006-04-30 21:20:54',NULL,'0000-00-00 00:00:00','2007-05-25 07:48:28',0),(72,3208,'2008-08-12 18:55:35',NULL,'0000-00-00 00:00:00',NULL,1),(71,2012,'2008-08-12 18:55:21',NULL,'0000-00-00 00:00:00',NULL,1),(48,1073,'2006-08-11 17:13:05',NULL,NULL,NULL,1),(49,1088,'2006-08-25 13:21:00',NULL,'0000-00-00 00:00:00',NULL,1),(50,1116,'2006-09-05 14:08:22',NULL,'0000-00-00 00:00:00','2006-12-14 21:25:46',0),(51,1110,'2006-09-05 14:08:47',NULL,'0000-00-00 00:00:00',NULL,1),(52,1132,'2006-09-29 11:01:17',NULL,'0000-00-00 00:00:00','2006-11-12 21:46:25',0),(53,1199,'2006-11-12 21:48:20',NULL,'0000-00-00 00:00:00',NULL,1),(54,759,'2006-11-12 21:51:16',NULL,'0000-00-00 00:00:00','2006-12-14 21:25:25',0),(55,1134,'2006-12-14 21:28:33',NULL,'0000-00-00 00:00:00',NULL,1),(56,1259,'2006-12-19 16:47:21',NULL,'0000-00-00 00:00:00',NULL,1),(57,1139,'2007-01-06 22:02:50',NULL,'0000-00-00 00:00:00','2007-01-30 22:03:50',0),(58,1354,'2007-02-11 22:17:51',NULL,'0000-00-00 00:00:00',NULL,1),(59,1441,'2007-02-24 19:58:37',NULL,'0000-00-00 00:00:00',NULL,1),(60,205,'2007-03-01 21:18:14',NULL,'0000-00-00 00:00:00','2007-05-25 07:48:52',0),(61,1524,'2007-03-13 10:10:45',NULL,'0000-00-00 00:00:00',NULL,1),(62,1530,'2007-03-13 21:41:55',NULL,'0000-00-00 00:00:00',NULL,1),(74,2180,'2008-08-12 18:56:35',NULL,'0000-00-00 00:00:00',NULL,1),(64,1013,'2007-04-18 15:38:48','2007-04-18 15:40:03','0000-00-00 00:00:00','2007-04-18 15:40:15',0),(65,751,'2007-04-18 15:39:22',NULL,NULL,NULL,1),(75,2447,'2008-08-12 18:57:12','2008-08-12 18:57:43','0000-00-00 00:00:00',NULL,1),(67,1608,'2007-05-10 22:36:52',NULL,'0000-00-00 00:00:00','2007-05-24 21:27:22',0),(70,1655,'2007-05-25 07:50:49',NULL,'0000-00-00 00:00:00',NULL,1),(69,1629,'2007-05-25 07:47:11',NULL,'0000-00-00 00:00:00',NULL,1),(77,3881,'2009-02-11 16:06:23',NULL,'0000-00-00 00:00:00',NULL,1),(78,2885,'2009-07-21 06:43:24',NULL,'0000-00-00 00:00:00',NULL,1);

--
-- Table structure for table `geo_zones`
--

CREATE TABLE `geo_zones` (
  `geo_zone_id` int(11) NOT NULL AUTO_INCREMENT,
  `geo_zone_name` varchar(32) NOT NULL DEFAULT '',
  `geo_zone_description` varchar(255) NOT NULL DEFAULT '',
  `last_modified` datetime DEFAULT NULL,
  `date_added` datetime NOT NULL DEFAULT '0000-00-00 00:00:00',
  PRIMARY KEY (`geo_zone_id`)
) ENGINE=MyISAM AUTO_INCREMENT=11 DEFAULT CHARSET=latin1;

--
-- Dumping data for table `geo_zones`
--

INSERT INTO `geo_zones` VALUES (1,'South Carolina','South Carolina local sales tax zone','2005-08-06 18:18:22','2003-07-19 00:52:14'),(10,'United States (lower 48)','U.S. lower 48',NULL,'2005-08-01 12:02:54');

--
-- Table structure for table `languages`
--

CREATE TABLE `languages` (
  `languages_id` int(11) NOT NULL AUTO_INCREMENT,
  `name` varchar(32) NOT NULL DEFAULT '',
  `code` char(2) NOT NULL DEFAULT '',
  `image` varchar(64) DEFAULT NULL,
  `directory` varchar(32) DEFAULT NULL,
  `sort_order` int(3) DEFAULT NULL,
  PRIMARY KEY (`languages_id`),
  KEY `IDX_LANGUAGES_NAME` (`name`)
) ENGINE=MyISAM AUTO_INCREMENT=4 DEFAULT CHARSET=latin1;

--
-- Dumping data for table `languages`
--

INSERT INTO `languages` VALUES (1,'English','en','icon.gif','english',1);

--
-- Table structure for table `manufacturers`
--

CREATE TABLE `manufacturers` (
  `manufacturers_id` int(11) NOT NULL AUTO_INCREMENT,
  `manufacturers_name` varchar(32) NOT NULL DEFAULT '',
  `manufacturers_image` varchar(64) DEFAULT NULL,
  `date_added` datetime DEFAULT NULL,
  `last_modified` datetime DEFAULT NULL,
  PRIMARY KEY (`manufacturers_id`),
  KEY `IDX_MANUFACTURERS_NAME` (`manufacturers_name`)
) ENGINE=MyISAM AUTO_INCREMENT=196 DEFAULT CHARSET=latin1;

--
-- Dumping data for table `manufacturers`
--

INSERT INTO `manufacturers` VALUES (92,'Botanicare','704075_Sm.jpg','2007-06-21 16:59:55',NULL),(89,'General Hydroponics','718025_Sm.jpg','2007-06-11 23:21:24',NULL),(90,'Fox Farm','720125_Sm.jpg','2007-06-12 00:37:19',NULL),(91,'PAC International','600W-Smart-Ballast_Sm.jpg','2007-06-12 14:08:55',NULL),(6,'Aerogarden','706901_Sm.jpg','2007-05-31 03:56:52','2007-06-05 21:34:06'),(93,'Earth Juice','718455_Sm.jpg','2007-06-25 15:04:30',NULL),(94,'Higrocorp','719880_Sm.jpg','2007-06-25 16:13:59',NULL),(95,'B\'CuzZ','','2007-06-25 17:38:01','2007-06-26 18:04:02'),(96,'Hydrodynamics','732700_Sm.jpg','2007-06-25 20:36:56',NULL),(88,'American Agritech','707135_Sm.jpg','2007-06-07 11:06:30',NULL),(97,'EYE Hortilux','lamp_cat.jpg','2007-06-26 10:23:03',NULL),(98,'Dutch Master','719442_Sm.jpg','2007-06-26 14:35:57',NULL),(99,'Grotek','732761_Sm.jpg','2007-06-26 18:04:32',NULL),(100,'Technaflora','720605_Sm.jpg','2007-06-26 18:30:51',NULL),(101,'Hygrozyme','Hygrozyme_Cat_Sm.jpg','2007-06-26 21:04:51','2007-06-26 21:09:40'),(102,'Superthrive','','2007-06-26 21:13:38','2007-06-26 21:45:49'),(103,'Maxicrop','718610_Sm.jpg','2007-06-26 21:19:51',NULL),(104,'Dr Node\'s','DrNodes_cat.jpg','2007-06-26 21:25:41',NULL),(26,'Won Brothers',NULL,'2005-10-14 20:57:31',NULL),(42,'Dolphin','3star_air_Sm.jpg','2006-02-07 09:22:15',NULL),(68,'EcoPlus','EcoCommercialPumps.jpg','2006-10-24 14:59:41','2007-06-25 09:47:15'),(105,'Ancient Organics','720290_Sm.jpg','2007-06-27 11:45:17','2007-06-27 11:45:26'),(107,'Nutrilife','719450_Sm.jpg','2007-06-27 20:43:54',NULL),(108,'American Hydroponics','732410_Sm.jpg','2007-06-27 20:59:53',NULL),(109,'CAP Controllers','702200_Sm.jpg','2007-06-27 21:37:24','2007-06-27 21:39:19'),(110,'Plug N Grow','703560_Sm.jpg','2007-06-28 16:20:38',NULL),(111,'Can-Fan','736780_Sm.jpg','2007-06-28 18:39:12',NULL),(112,'Vortex','736700_Sm.jpg','2007-06-28 19:07:02',NULL),(113,'Fantech','736290_Sm.jpg','2007-06-28 19:15:34',NULL),(114,'Soler & Palau','736350_Sm.jpg','2007-07-02 10:52:08',NULL),(115,'Dayton','Dayton_Blowers_Sm.jpg','2007-07-02 11:42:20',NULL),(116,'Sunlight Supply','LumenMax_Sm.jpg','2007-07-02 21:38:33',NULL),(117,'ThermaFlo Technologies','736915_Sm.jpg','2007-07-02 21:48:44',NULL),(118,'Sentinel','CHHC-1_Sm.jpg','2008-06-10 21:03:54',NULL),(119,'Humboldt Nutrients','humboldt_nutrients_catagory.jpg','2008-08-01 11:45:43',NULL),(120,'Hanna Instruments','MeterPH_EC.jpg','2008-08-12 00:11:26',NULL),(121,'Sera','seraviform.jpg','2008-08-12 00:21:03',NULL),(122,'Prodibio','BioKitFresh.jpg','2008-08-14 09:58:32',NULL),(123,'Pentair Aquatics','Pump5000_Sm.jpg','2008-08-14 14:37:33',NULL),(124,'Sedra','sedra_Sm.jpg','2008-08-20 10:54:59',NULL),(125,'Easy Grow','easygrow_logo_Cat.jpg','2008-08-20 11:04:24','2008-08-20 11:04:44'),(126,'Mag Drive','Pumps_Cat.jpg','2008-08-20 13:02:09',NULL),(127,'Little Giant','1_Submersible_Pump_Cat.jpg','2008-08-20 14:27:23','2008-08-20 14:27:48'),(128,'Crystal Clear','Reverse_Osmosis_Cat.jpg','2008-08-21 11:59:11',NULL),(129,'Hydro Logic','HydroLogic_Cat.jpg','2008-08-21 12:33:45',NULL),(130,'Sentinel','Logo_Cat.jpg','2008-08-21 17:31:41',NULL),(131,'Air King','AIRKING_Logo_Cat.jpg','2008-08-25 16:28:31',NULL),(132,'Timemist','Dispenser_Cat.jpg','2008-08-26 09:41:26',NULL),(133,'Ona','Dispensers_Cat.jpg','2008-08-26 09:46:12',NULL),(134,'Organic Air','OA_Hepa_Filters_Cat.jpg','2008-08-26 10:14:00',NULL),(135,'Odor-Sok','Logo_Cat.jpg','2008-08-26 10:15:18',NULL),(136,'Odor Killer','OdorKiller_Cat.jpg','2008-08-26 11:04:10',NULL),(137,'Ozium','Air-Sanitizer_Cat.jpg','2008-08-26 12:19:37',NULL),(138,'Milwaukee','pH51_Cat.jpg','2008-08-27 14:07:11',NULL),(139,'Oakton','Oakton_Sm.jpg','2008-08-27 15:02:49',NULL),(140,'Bluelab','Truncheon_Sm.jpg','2008-08-27 16:03:26',NULL),(141,'Rapitest','RapitestSoilpHMeter_Sm.jpg','2008-08-27 16:25:38',NULL),(142,'Brightwell Aquatics','blackwater_Sm.jpg','2008-09-29 16:50:58',NULL),(143,'Current','Current_Img_Cat.jpg','2008-10-13 15:43:08',NULL),(144,'Korallen Zucht','KZ_Image_Sm.jpg','2008-10-28 16:18:20',NULL),(145,'Sunshine Systems','Grow_UFO_Cat.jpg','2008-10-29 14:14:52',NULL),(146,'Theoreme Innovation','Innovation2_Sm.jpg','2008-10-29 15:16:28',NULL),(147,'Super LED','LightBlaze_400_Sm.jpg','2008-10-29 15:44:01',NULL),(148,'Lumatek','902520_lumatek_Cat.jpg','2008-12-18 16:15:07',NULL),(149,'Lumenarc','','2009-03-30 18:17:35',NULL),(150,'W. Lim Corporation','wlim_logo.jpg','2009-06-11 13:44:51',NULL),(151,'Eheim','','2009-06-16 12:56:17',NULL),(152,'AquaticLife','','2009-06-22 14:49:37',NULL),(153,'Emperor Aquatics','','2009-06-30 12:30:35',NULL),(154,'Ebo Jager','','2009-07-07 13:33:25',NULL),(155,'JBJ','','2009-07-07 13:40:27',NULL),(156,'Pargro','','2009-07-17 10:55:41',NULL),(157,'Grodan','','2009-07-17 11:56:20',NULL),(158,'Coco Dan','','2009-07-20 11:51:50',NULL),(159,'General Hydroponics','','2009-07-20 12:03:52',NULL),(160,'COCOTEK','','2009-07-20 12:04:04',NULL),(161,'Botanicare','','2009-07-20 12:22:43',NULL),(162,'Aurora Innovations','','2009-07-20 13:55:30',NULL),(163,'Alita','','2009-07-21 10:24:35',NULL),(164,'Atami','','2009-07-21 11:26:51',NULL),(165,'Pure Earth','','2009-07-21 14:48:49',NULL),(166,'Aqua UV','','2009-07-23 12:35:13',NULL),(167,'AquaFX','','2009-07-27 12:45:47',NULL),(168,'Seeds of Change','','2009-07-29 11:09:18',NULL),(169,'Vee Gee','','2009-07-29 12:27:44',NULL),(170,'JBJ','','2009-07-29 12:28:44',NULL),(171,'Milwaukee','','2009-07-29 12:31:16',NULL),(172,'Sybon','','2009-07-29 12:32:31',NULL),(173,'Vertex','','2009-07-29 13:22:01',NULL),(174,'EZ Clone','','2009-07-30 10:34:45',NULL),(175,'Easy 2 Grow','','2009-07-30 10:49:22',NULL),(176,'Roots Organics','','2009-08-06 10:35:10',NULL),(177,'Ario','','2009-08-14 10:31:34',NULL),(178,'CWP','','2009-08-20 09:12:17',NULL),(179,'Grasslin','','2009-08-20 09:36:15',NULL),(180,'Fulham Workhorse','','2009-08-21 09:53:07',NULL),(181,'Apogee','','2009-08-24 13:05:03',NULL),(182,'Lifegard','','2009-08-25 14:34:26',NULL),(183,'biOrb','','2009-08-28 15:27:38',NULL),(184,'Ecotech','','2009-09-09 14:44:47',NULL),(185,'New Life Spectrum','','2009-09-11 10:03:50',NULL),(186,'Red Sea','','2009-09-30 09:24:33',NULL),(187,'Seachill (Teco)','','2009-10-02 14:26:13',NULL),(188,'Aqueon','','2009-10-12 15:12:15',NULL),(189,'Tom','','2009-10-13 14:16:52',NULL),(190,'Aquarium Plants','','2009-11-18 12:15:55',NULL),(191,'Tradewind Chillers','','2009-11-18 14:56:15',NULL),(192,'Pacific Coast','','2009-11-18 15:26:51',NULL),(193,'Reeflo','','2009-12-02 10:11:19',NULL),(194,'Reed Mariculture/Reef Nutrition','','2010-04-13 15:58:04',NULL),(195,'Sicce','','2010-04-21 11:39:17',NULL);

--
-- Table structure for table `manufacturers_info`
--

CREATE TABLE `manufacturers_info` (
  `manufacturers_id` int(11) NOT NULL DEFAULT '0',
  `languages_id` int(11) NOT NULL DEFAULT '0',
  `manufacturers_url` varchar(255) NOT NULL DEFAULT '',
  `url_clicked` int(5) NOT NULL DEFAULT '0',
  `date_last_click` datetime DEFAULT NULL,
  PRIMARY KEY (`manufacturers_id`,`languages_id`)
) ENGINE=MyISAM DEFAULT CHARSET=latin1;

--
-- Dumping data for table `manufacturers_info`
--

INSERT INTO `manufacturers_info` VALUES (105,1,'',0,NULL),(104,1,'',0,NULL),(99,1,'',0,NULL),(100,1,'',0,NULL),(101,1,'',0,NULL),(102,1,'',0,NULL),(103,1,'',0,NULL),(98,1,'',0,NULL),(97,1,'',0,NULL),(89,1,'',0,NULL),(90,1,'',0,NULL),(91,1,'',0,NULL),(92,1,'',0,NULL),(93,1,'',0,NULL),(94,1,'',0,NULL),(95,1,'',0,NULL),(96,1,'',0,NULL),(6,1,'',0,NULL),(6,2,'http://www.canon.de',0,NULL),(6,3,'http://www.canon.es',0,NULL),(118,1,'',0,NULL),(117,1,'',0,NULL),(107,1,'',0,NULL),(108,1,'',0,NULL),(109,1,'',0,NULL),(110,1,'',0,NULL),(111,1,'',0,NULL),(112,1,'',0,NULL),(113,1,'',0,NULL),(114,1,'',0,NULL),(115,1,'',0,NULL),(116,1,'',0,NULL),(88,1,'',0,NULL),(119,1,'',0,NULL),(120,1,'',0,NULL),(121,1,'',0,NULL),(122,1,'',0,NULL),(123,1,'www.pentairaquatics.com',0,NULL),(124,1,'',0,NULL),(125,1,'',0,NULL),(126,1,'',0,NULL),(127,1,'',0,NULL),(128,1,'',0,NULL),(129,1,'',0,NULL),(130,1,'',0,NULL),(131,1,'',0,NULL),(132,1,'',0,NULL),(133,1,'',0,NULL),(134,1,'',0,NULL),(135,1,'',0,NULL),(136,1,'',0,NULL),(137,1,'',0,NULL),(138,1,'',0,NULL),(139,1,'',0,NULL),(140,1,'',0,NULL),(141,1,'',0,NULL),(142,1,'www.brightwellaquatics.com',0,NULL),(143,1,'www.current-usa.com',0,NULL),(144,1,'',0,NULL),(145,1,'www.sunshine-systems.com',0,NULL),(146,1,'',0,NULL),(147,1,'',0,NULL),(148,1,'',0,NULL),(149,1,'',0,NULL),(150,1,'http://www.wlimproducts.com/index.php',0,NULL),(151,1,'',0,NULL),(152,1,'',0,NULL),(153,1,'',0,NULL),(154,1,'',0,NULL),(155,1,'',0,NULL),(156,1,'',0,NULL),(157,1,'',0,NULL),(158,1,'',0,NULL),(159,1,'',0,NULL),(160,1,'',0,NULL),(161,1,'',0,NULL),(162,1,'',0,NULL),(163,1,'',0,NULL),(164,1,'',0,NULL),(165,1,'',0,NULL),(166,1,'',0,NULL),(167,1,'',0,NULL),(168,1,'',0,NULL),(169,1,'',0,NULL),(170,1,'',0,NULL),(171,1,'',0,NULL),(172,1,'',0,NULL),(173,1,'',0,NULL),(174,1,'',0,NULL),(175,1,'',0,NULL),(176,1,'',0,NULL),(177,1,'',0,NULL),(178,1,'',0,NULL),(179,1,'',0,NULL),(180,1,'',0,NULL),(181,1,'',0,NULL),(182,1,'',0,NULL),(183,1,'',0,NULL),(184,1,'',0,NULL),(185,1,'',0,NULL),(186,1,'',0,NULL),(187,1,'',0,NULL),(188,1,'',0,NULL),(189,1,'',0,NULL),(190,1,'',0,NULL),(191,1,'',0,NULL),(192,1,'',0,NULL),(193,1,'',0,NULL),(194,1,'',0,NULL),(195,1,'',0,NULL);

--
-- Table structure for table `newsletters`
--

CREATE TABLE `newsletters` (
  `newsletters_id` int(11) NOT NULL AUTO_INCREMENT,
  `title` varchar(255) NOT NULL DEFAULT '',
  `content` text NOT NULL,
  `module` varchar(255) NOT NULL DEFAULT '',
  `date_added` datetime NOT NULL DEFAULT '0000-00-00 00:00:00',
  `date_sent` datetime DEFAULT NULL,
  `status` int(1) DEFAULT NULL,
  `locked` int(1) DEFAULT '0',
  PRIMARY KEY (`newsletters_id`)
) ENGINE=MyISAM AUTO_INCREMENT=25 DEFAULT CHARSET=latin1;

--
-- Dumping data for table `newsletters`
--


--
-- Table structure for table `orders`
--

CREATE TABLE `orders` (
  `orders_id` int(11) NOT NULL AUTO_INCREMENT,
  `customers_id` int(11) NOT NULL DEFAULT '0',
  `customers_name` varchar(64) NOT NULL DEFAULT '',
  `customers_company` varchar(32) DEFAULT NULL,
  `customers_street_address` varchar(64) NOT NULL DEFAULT '',
  `customers_suburb` varchar(32) DEFAULT NULL,
  `customers_city` varchar(32) NOT NULL DEFAULT '',
  `customers_postcode` varchar(10) NOT NULL DEFAULT '',
  `customers_state` varchar(32) DEFAULT NULL,
  `customers_country` varchar(32) NOT NULL DEFAULT '',
  `customers_telephone` varchar(32) NOT NULL DEFAULT '',
  `customers_email_address` varchar(96) NOT NULL DEFAULT '',
  `customers_address_format_id` int(5) NOT NULL DEFAULT '0',
  `delivery_name` varchar(64) NOT NULL DEFAULT '',
  `delivery_company` varchar(32) DEFAULT NULL,
  `delivery_street_address` varchar(64) NOT NULL DEFAULT '',
  `delivery_suburb` varchar(32) DEFAULT NULL,
  `delivery_city` varchar(32) NOT NULL DEFAULT '',
  `delivery_postcode` varchar(10) NOT NULL DEFAULT '',
  `delivery_state` varchar(32) DEFAULT NULL,
  `delivery_country` varchar(32) NOT NULL DEFAULT '',
  `delivery_address_format_id` int(5) NOT NULL DEFAULT '0',
  `billing_name` varchar(64) NOT NULL DEFAULT '',
  `billing_company` varchar(32) DEFAULT NULL,
  `billing_street_address` varchar(64) NOT NULL DEFAULT '',
  `billing_suburb` varchar(32) DEFAULT NULL,
  `billing_city` varchar(32) NOT NULL DEFAULT '',
  `billing_postcode` varchar(10) NOT NULL DEFAULT '',
  `billing_state` varchar(32) DEFAULT NULL,
  `billing_country` varchar(32) NOT NULL DEFAULT '',
  `billing_address_format_id` int(5) NOT NULL DEFAULT '0',
  `payment_method` varchar(255) NOT NULL DEFAULT '',
  `cc_type` varchar(20) DEFAULT NULL,
  `cc_owner` varchar(64) DEFAULT NULL,
  `cc_number` varchar(32) DEFAULT NULL,
  `cc_expires` varchar(4) DEFAULT NULL,
  `last_modified` datetime DEFAULT NULL,
  `date_purchased` datetime DEFAULT NULL,
  `orders_status` int(5) NOT NULL DEFAULT '0',
  `orders_date_finished` datetime DEFAULT NULL,
  `currency` char(3) DEFAULT NULL,
  `currency_value` decimal(14,6) DEFAULT NULL,
  `qbi_imported` tinyint(2) unsigned NOT NULL DEFAULT '0',
  PRIMARY KEY (`orders_id`),
  KEY `qbi_imported` (`qbi_imported`),
  KEY `idx_orders_customers_id` (`customers_id`)
) ENGINE=MyISAM AUTO_INCREMENT=1889 DEFAULT CHARSET=latin1;

--
-- Dumping data for table `orders`
--

INSERT INTO `orders` VALUES (1494,1257,'Todd Torrey','','3635 Plains Rd','','Mason','48854','Michigan','United States','5172028242','tmnd@netpenny.net',2,'Todd Torrey','','3635 Plains Rd','','Mason','48854','Michigan','United States',2,'Todd Torrey','','3635 Plains Rd','','Mason','48854','Michigan','United States',2,'Authorize.net AIM','Master Card','Todd Torrey','5240XXXXXXXX4744','0510','2008-11-19 20:02:54','2008-11-17 09:29:12',3,NULL,'USD',1.000000,0),(1491,1253,'Barry Himmelstein','','7149 Norfolk Road','','Berkeley','94705','California','United States','510-981-8248','bhimmelstein@comcast.net',2,'Barry Himmelstein','','7149 Norfolk Road','','Berkeley','94705','California','United States',2,'Barry Himmelstein','','7149 Norfolk Road','','Berkeley','94705','California','United States',2,'Authorize.net AIM','Visa','Barry Himmelstein','4388XXXXXXXX6314','0910',NULL,'2008-10-31 18:55:07',1,NULL,'USD',1.000000,0),(1468,1230,'Chris Guthrie','','1008 Bradford Park rd','','Mt Juliet','37122','Tennessee','United States','615-507-4210','scatteredandcovered@yahoo.com',2,'Chris Guthrie','','1008 Bradford Park rd','','Mt Juliet','37122','Tennessee','United States',2,'Chris Guthrie','','1008 Bradford Park rd','','Mt Juliet','37122','Tennessee','United States',2,'Credit Card Via Merchantplus.com','','','','',NULL,'2007-08-06 11:39:20',1,NULL,'USD',1.000000,0),(1469,1231,'Dave Armbrust','','2239 15th St, Unit A','','Sarasota','34237','Florida','United States','941-954-2373 x301','dave@iasonline.com',2,'Dave Armbrust','','2239 15th St, Unit A','','Sarasota','34237','Florida','United States',2,'Dave Armbrust','','2239 15th St, Unit A','','Sarasota','34237','Florida','United States',2,'PayPal (Credit Card/Debit)','','','','','2009-08-12 10:02:43','2007-12-08 16:00:10',3,NULL,'USD',1.000000,0),(1471,1232,'Johnathon Edmondson','','208 Horseshoe Dr','','Goldsboro','27534','North Carolina','United States','9197788816','dfaviation@esn.net',2,'Johnathon Edmondson','','208 Horseshoe Dr','','Goldsboro','27534','North Carolina','United States',2,'Johnathon Edmondson','','208 Horseshoe Dr','','Goldsboro','27534','North Carolina','United States',2,'Authorize.net AIM','Master Card','Johnathon Edmondson','5291492330793130','0109','2008-06-01 13:11:24','2008-05-05 12:44:07',3,NULL,'USD',1.000000,0),(1472,1232,'Johnathon Edmondson','','208 Horseshoe Dr','','Goldsboro','27534','North Carolina','United States','9197788816','dfaviation@esn.net',2,'Johnathon Edmondson','','208 Horseshoe Dr','','Goldsboro','27534','North Carolina','United States',2,'Johnathon Edmondson','','208 Horseshoe Dr','','Goldsboro','27534','North Carolina','United States',2,'Authorize.net AIM','Master Card','Johnathon Edmondson','5291492330793130','0109','2008-06-01 13:11:38','2008-05-05 12:51:11',3,NULL,'USD',1.000000,0),(1473,1233,'Tim Weaver','','76 Meadow Ln, La Lama','','Questa','87556','New Mexico','United States','575-779-4181','tweaver@ekit.com',2,'Tim Weaver','','76 Meadow Ln, La Lama','','Questa','87556','New Mexico','United States',2,'Tim Weaver','','76 Meadow Ln, La Lama','','Questa','87556','New Mexico','United States',2,'Authorize.net AIM','Visa','Tim Weaver','4200640002624776','0111','2008-07-26 12:56:11','2008-06-10 21:11:31',3,NULL,'USD',1.000000,0),(1479,1236,'Nathaniel Oakley','','1813 3rd Ave SE','','Altoona','50009','Iowa','United States','515-270-5835','nate@oakleyfinance.com',2,'Nathaniel Oakley','','1813 3rd Ave SE','','Altoona','50009','Iowa','United States',2,'Nathaniel Oakley','','1813 3rd Ave SE','','Altoona','50009','Iowa','United States',2,'PayPal (Credit Card/Debit)','','','','','2008-08-13 17:18:26','2008-08-08 12:49:34',3,NULL,'USD',1.000000,0),(1475,1236,'Nathaniel Oakley','','1813 3rd Ave SE','','Altoona','50009','Iowa','United States','515-270-5835','nate@oakleyfinance.com',2,'Nathaniel Oakley','','1813 3rd Ave SE','','Altoona','50009','Iowa','United States',2,'Nathaniel Oakley','','1813 3rd Ave SE','','Altoona','50009','Iowa','United States',2,'Authorize.net AIM','Visa','Nathaniel Oakley','4323744062403832','0211','2008-07-26 12:55:36','2008-07-16 18:11:45',3,NULL,'USD',1.000000,0),(1476,1236,'Nathaniel Oakley','','1813 3rd Ave SE','','Altoona','50009','Iowa','United States','515-270-5835','nate@oakleyfinance.com',2,'Nathaniel Oakley','','1813 3rd Ave SE','','Altoona','50009','Iowa','United States',2,'Nathaniel Oakley','','1813 3rd Ave SE','','Altoona','50009','Iowa','United States',2,'Authorize.net AIM','Visa','Nathaniel Oakley','4323744062403832','0211','2008-09-02 18:23:33','2008-07-18 13:22:43',3,NULL,'USD',1.000000,0),(1477,1236,'Nathaniel Oakley','','1813 3rd Ave SE','','Altoona','50009','Iowa','United States','515-270-5835','nate@oakleyfinance.com',2,'Nathaniel Oakley','','1813 3rd Ave SE','','Altoona','50009','Iowa','United States',2,'Nathaniel Oakley','','1813 3rd Ave SE','','Altoona','50009','Iowa','United States',2,'Authorize.net AIM','Visa','Nathaniel Oakley','4323744062403832','0211','2008-10-08 12:26:17','2008-07-26 09:58:32',3,NULL,'USD',1.000000,0),(1480,1236,'Nathaniel Oakley','','1813 3rd Ave SE','','Altoona','50009','Iowa','United States','515-270-5835','nate@oakleyfinance.com',2,'Nathaniel Oakley','','1813 3rd Ave SE','','Altoona','50009','Iowa','United States',2,'Nathaniel Oakley','','1813 3rd Ave SE','','Altoona','50009','Iowa','United States',2,'PayPal (Credit Card/Debit)','','','','',NULL,'2008-08-08 12:51:24',1,NULL,'USD',1.000000,0),(1481,1240,'Tara Plewa','','643-A Kentucky St.','','Columbia','29201','South Carolina','United States','803-361-8965','fortress1000@gmail.com',2,'Tara Plewa','','643-A Kentucky St.','','Columbia','29201','South Carolina','United States',2,'Tara Plewa','','643-A Kentucky St.','','Columbia','29201','South Carolina','United States',2,'Authorize.net AIM','Master Card','Tara Plewa','5401XXXXXXXX6050','0908','2008-10-08 12:26:07','2008-09-03 00:38:18',3,NULL,'USD',1.000000,0),(1482,1242,'stephen vaughn','','606 cammerano ct sw','','orting','98360','Washington','United States','2063309118','redrasta09@gmail.com',2,'stephen vaughn','','606 cammerano ct sw','','orting','98360','Washington','United States',2,'stephen vaughn','','606 cammerano ct sw','','orting','98360','Washington','United States',2,'Authorize.net AIM','Master Card','stephen vaughn','5444XXXXXXXX1284','1109','2008-10-01 19:40:34','2008-09-13 11:42:28',3,NULL,'USD',1.000000,0),(1483,1243,'Jeff Schultz','','PO Box 515','','Springfield','97477','Oregon','United States','541-232-2550','pickledchicken@comcast.net',2,'Jeff Shultz','','208 North 17th St','','Springfield','97477','Oregon','United States',2,'Jeff Schultz','','PO Box 515','','Springfield','97477','Oregon','United States',2,'Authorize.net AIM','Visa','Jeff Schultz','4758XXXXXXXX1752','0209','2008-10-22 17:37:20','2008-09-22 18:49:54',3,NULL,'USD',1.000000,0),(1484,1245,'Matt Carlson','','7910 Ramsgate Cir','','Hanover Park','60133','Illinois','United States','630-276-6454','carlsonam@comcast.net',2,'Matt Carlson','','7910 Ramsgate Cir','','Hanover Park','60133','Illinois','United States',2,'Matt Carlson','','7910 Ramsgate Cir','','Hanover Park','60133','Illinois','United States',2,'Authorize.net AIM','American Express','Matt Carlson','3772XXXXXXXX1003','0711','2008-10-21 14:44:03','2008-10-01 13:38:02',3,NULL,'USD',1.000000,0),(1485,1248,'scott maples','','2209 se 186th av','','portland','97233','Oregon','United States','503-267-8692','scott@superiorfence.com',2,'scott maples','','2209 se 186th av','','portland','97233','Oregon','United States',2,'scott maples','','2209 se 186th av','','portland','97233','Oregon','United States',2,'Authorize.net AIM','Master Card','scott c maples','5416XXXXXXXX9849','1208','2008-10-23 09:22:03','2008-10-03 20:51:33',3,NULL,'USD',1.000000,0),(1490,1252,'Robert Hambor','','2238 18th Street','','Lake Charles','70601','Louisiana','United States','337-478-54656','death2all@suddenlink.net',2,'Robert Hambor','','2238 18th Street','','Lake Charles','70601','Louisiana','United States',2,'Robert Hambor','','2238 18th Street','','Lake Charles','70601','Louisiana','United States',2,'Authorize.net AIM','Discover','Robert Hambor','6011XXXXXXXX2533','0513','2009-09-28 16:52:31','2008-10-27 18:25:30',3,NULL,'USD',1.000000,0),(1487,1249,'Richard Jones','','2704 Triple Oak Dr.','','Morrisville','27560','North Carolina','United States','9194600394','aquarium80@earthlink.net',2,'Richard Jones','','2704 Triple Oak Dr.','','Morrisville','27560','North Carolina','United States',2,'Richard Jones','','2704 Triple Oak Dr.','','Morrisville','27560','North Carolina','United States',2,'Authorize.net AIM','Visa','Richard Jones','4313XXXXXXXX9514','0809','2008-10-21 08:33:24','2008-10-13 12:47:44',3,NULL,'USD',1.000000,0),(1488,1250,'daniel bramblet','','279 parker reef rd.','','eastsound','98245','Washington','United States','360-376-5343','herm2@rockisland.com',2,'daniel bramblet','','279 parker reef rd.','','eastsound','98245','Washington','United States',2,'daniel bramblet','','279 parker reef rd.','','eastsound','98245','Washington','United States',2,'PayPal (Credit Card/Debit)','','','','','2008-11-03 17:06:00','2008-10-13 19:12:26',3,NULL,'USD',1.000000,0),(1489,1251,'steve porter','','1568 Bellaire pl.','','Pttsburgh','15226','Pennsylvania','United States','4128601928','porter.steven@yahoo.com',2,'steve porter','','1568 Bellaire pl.','','Pttsburgh','15226','Pennsylvania','United States',2,'steve porter','','1568 Bellaire pl.','','Pttsburgh','15226','Pennsylvania','United States',2,'Authorize.net AIM','Visa','steve porter','4479XXXXXXXX3801','0811','2008-10-23 16:26:32','2008-10-18 18:14:18',3,NULL,'USD',1.000000,0),(1493,1255,'Robert Kleinen','','7816 Shaddowood Dr','','Knoxville','37939','Tennessee','United States','865-9380160','k4aag@frontiernet.com',2,'Robert Kleinen','','7816 Shaddowood Dr','','Knoxville','37939','Tennessee','United States',2,'Robert Kleinen','','7816 Shaddowood Dr','','Knoxville','37939','Tennessee','United States',2,'Authorize.net AIM','Visa','Robert Kleinen','4011XXXXXXXX4968','0109','2008-11-10 16:31:14','2008-11-06 14:56:59',3,NULL,'USD',1.000000,0),(1495,1258,'James Tierney','','1856 Wand ST.,','','Elk River','55330','Minnesota','United States','763-441-6741','jamesonofthunder@msn.com',2,'James Tierney','','13479 Business Center Dr NW.','','Elk River','55330','Minnesota','United States',2,'James Tierney','','1856 Wand ST.,','','Elk River','55330','Minnesota','United States',2,'PayPal (Credit Card/Debit)','','','','','2009-09-04 16:13:46','2008-11-17 18:19:24',3,NULL,'USD',1.000000,0),(1496,1265,'Anthony Nista','','1514 Lakeview Ave','','Madison','44057','Ohio','United States','440-417-0598','nistas@gmail.com',2,'Anthony Nista','','1514 Lakeview Ave','','Madison','44057','Ohio','United States',2,'Anthony Nista','','1514 Lakeview Ave','','Madison','44057','Ohio','United States',2,'PayPal (Credit Card/Debit)','','','','','2009-09-28 16:52:21','2008-12-18 16:13:02',3,NULL,'USD',1.000000,0),(1497,1268,'Ari Gross Gross & Co. LLC','','307 Seventh Avenue','','New York','10001','New York','United States','2125795579','ari@grossinsurance.com',2,'Ari Gross Gross & Co. LLC','','307 Seventh Avenue','','New York','10001','New York','United States',2,'Ari Gross','','38 Woodward Ave','','Clifton','07012','New Jersey','United States',2,'PayPal (Credit Card/Debit)','','','','',NULL,'2009-01-07 11:22:31',4,NULL,'USD',1.000000,0),(1498,1269,'troy speckman','','2761dalewood lane','','denver','28037','North Carolina','United States','704-675-5788','bloobirdies@yahoo.com',2,'troy speckman','','2761dalewood lane','','denver','28037','North Carolina','United States',2,'troy speckman','','2761dalewood lane','','denver','28037','North Carolina','United States',2,'Authorize.net AIM','Master Card','troy speckman','5490XXXXXXXX8028','0609',NULL,'2009-01-20 20:22:20',1,NULL,'USD',1.000000,0),(1501,1272,'Laurence Schaeffer','','55 Tiffany drive','','Oak Bluffs','02557','Massachusetts','United States','508-693-6933','goofyman71@aol.com',2,'Laurence Schaeffer','','55 Tiffany drive','','Oak Bluffs','02557','Massachusetts','United States',2,'Laurence Schaeffer','','55 Tiffany drive','','Oak Bluffs','02557','Massachusetts','United States',2,'Authorize.net AIM','Visa','Laurence Schaeffer','4147XXXXXXXX5231','0909',NULL,'2009-02-04 22:49:12',1,NULL,'USD',1.000000,0),(1500,1270,'Brian Charbonneau','','4416 E. Firestone Dr.','','Chandler','85249','Arizona','United States','805-428-8065','web@briancharbonneau.com',2,'Brian Charbonneau','','4416 E. Firestone Dr.','','Chandler','85249','Arizona','United States',2,'Brian Charbonneau','','4416 E. Firestone Dr.','','Chandler','85249','Arizona','United States',2,'Authorize.net AIM','Master Card','Brian Charbonneau','5424XXXXXXXX2581','0110','2009-02-04 10:33:40','2009-01-29 19:53:02',1,NULL,'USD',1.000000,0),(1502,1274,'Thanh Mai','','1713 Mandalay Dr','','Tarpon Springs','34689','Florida','United States','727-502-7362','thanhtmai@hotmail.com',2,'Thanh Mai','','1713 Mandalay Dr','','Tarpon Springs','34689','Florida','United States',2,'Thanh Mai','','1713 Mandalay Dr','','Tarpon Springs','34689','Florida','United States',2,'Authorize.net AIM','Visa','Thanh Mai','4264XXXXXXXX0074','0710','2009-09-28 16:52:40','2009-02-08 14:46:51',3,NULL,'USD',1.000000,0),(1506,1279,'alan watts','','7110 Hillandale Rd. Apt 12','','Davenport','52806','Iowa','United States','515-708-1004','arcwatts@gmail.com',2,'alan watts','','7110 Hillandale Rd. Apt 12','','Davenport','52806','Iowa','United States',2,'alan watts','','7110 Hillandale Rd. Apt 12','','Davenport','52806','Iowa','United States',2,'Authorize.net AIM','Visa','chelsea m watts','4323XXXXXXXX1332','1110','2009-08-12 10:04:47','2009-02-17 02:55:18',3,NULL,'USD',1.000000,0),(1504,1275,'David Widrig','','402 east J st.','','Tehachapi','93561','California','United States','6618234247','dwidrig@bak.rr.com',2,'David Widrig','','402 east J st.','','Tehachapi','93561','California','United States',2,'David Widrig','','402 east J st.','','Tehachapi','93561','California','United States',2,'Authorize.net AIM','Master Card','David Widrig','5491XXXXXXXX9592','0410','2009-08-12 10:03:56','2009-02-10 17:51:54',3,NULL,'USD',1.000000,0),(1505,1276,'Jerry Hansley','','P.O.Box 3076','','Blaine','98231-3076','Washington','United States','(360) 927-1649','jerryhansley@yahoo.com',2,'Jerry Hansley','','US CUSTOMS / AGRICULTURE * 100 Peace Portal Drive','','Blaine','98230','Washington','United States',2,'Jerry Hansley','','P.O.Box 3076','','Blaine','98231-3076','Washington','United States',2,'PayPal (Credit Card/Debit)','','','','','2009-04-13 23:26:32','2009-02-10 21:14:28',3,NULL,'USD',1.000000,0),(1507,1279,'alan watts','','7110 Hillandale Rd. Apt 12','','Davenport','52806','Iowa','United States','515-708-1004','arcwatts@gmail.com',2,'alan watts','','7110 Hillandale Rd. Apt 12','','Davenport','52806','Iowa','United States',2,'alan watts','','7110 Hillandale Rd. Apt 12','','Davenport','52806','Iowa','United States',2,'Authorize.net AIM','Visa','Chelsea Watts','4323XXXXXXXX1332','1110','2009-08-12 10:05:32','2009-02-17 14:08:23',3,NULL,'USD',1.000000,0),(1508,1282,'Alan Horn','','4673 Northridge Drive','','Gardendale','35071','Alabama','United States','205-966-6882','alanhorn@msn.com',2,'Alan Horn','','4673 Northridge Drive','','Gardendale','35071','Alabama','United States',2,'Alan Horn','','4673 Northridge Drive','','Gardendale','35071','Alabama','United States',2,'Credit/Debit Card (via PayPal)','','','','','2009-09-28 16:52:12','2009-02-23 21:18:03',3,NULL,'USD',1.000000,0),(1513,1286,'anthony dimitri','','19867 northridge rd','','Chatsworth','91311','California','United States','818 519 5604','antonioee2003@yahoo.com',2,'anthony dimitri','','19867 northridge rd','','Chatsworth','91311','California','United States',2,'anthony dimitri','','19867 northridge rd','','Chatsworth','91311','California','United States',2,'Authorize.net AIM','American Express','anthony dimitri','3794XXXXXXXX2006','0610',NULL,'2009-03-11 01:58:52',1,NULL,'USD',1.000000,0),(1510,1283,'chris lame','','2832 des moines st','','des moines','50317','Iowa','United States','5153711317','chrislame@mchsi.com',2,'chris lame','','2832 des moines st','','des moines','50317','Iowa','United States',2,'chris lame','','2832 des moines st','','des moines','50317','Iowa','United States',2,'Credit/Debit Card (via PayPal)','','','','','2009-03-17 16:43:39','2009-02-28 17:49:39',3,NULL,'USD',1.000000,0),(1511,1284,'Mariana Gomes','','Rene Camargo de Azambuja 465','','Apucarana','86800090','Parana','Brazil','554334221019','marimm8418@hotmail.com',1,'Mariana Gomes','','Rene Camargo de Azambuja 465','','Apucarana','86800090','Parana','Brazil',1,'Mariana Gomes','','Rene Camargo de Azambuja 465','','Apucarana','86800090','Parana','Brazil',1,'Credit/Debit Card or eCheck (via PayPal)','','','','','2009-03-18 00:36:27','2009-03-02 19:46:58',1,NULL,'USD',1.000000,0),(1512,1285,'Nancy Tally','','10338 Pflumm Road apt 1018','','Lenexa','66215','Kansas','United States','9132270089','ntally@sbcglobal.net',2,'Nancy Tally','','10338 Pflumm Road apt 1018','','Lenexa','66215','Kansas','United States',2,'Nancy Tally','','10338 Pflumm Road apt 1018','','Lenexa','66215','Kansas','United States',2,'Authorize.net AIM','Visa','Nancy Tally','4185XXXXXXXX1967','1009','2009-09-28 16:51:59','2009-03-04 01:03:12',3,NULL,'USD',1.000000,0),(1514,1288,'Jennifer Hamelink','','2927 Old House Cirlce','','Matthews','28105','North Carolina','United States','(704)962-6351','jtother81@yahoo.com',2,'Jennifer Hamelink','','2927 Old House Cirlce','','Matthews','28105','North Carolina','United States',2,'Jennifer Hamelink','','2927 Old House Cirlce','','Matthews','28105','North Carolina','United States',2,'Authorize.net AIM','Visa','Jennifer Hamelink','4118XXXXXXXX7112','0611','2009-08-12 10:06:43','2009-03-14 10:57:48',3,NULL,'USD',1.000000,0),(1515,1290,'Vitaly Dzhitenov','','229 Hillside Ave','','Needham','02494','Massachusetts','United States','781 6262903','hronop@verizon.net',2,'Vitaly Dzhitenov','','229 Hillside Ave','','Needham','02494','Massachusetts','United States',2,'Vitaly Dzhitenov','','229 Hillside Ave','','Needham','02494','Massachusetts','United States',2,'Authorize.net AIM','Master Card','Vitaly Dzhitenov','5413XXXXXXXX8587','0509','2009-08-12 10:07:17','2009-03-16 00:54:54',3,NULL,'USD',1.000000,0),(1516,1281,'Melanie Fitt','','376 Helendale Rd','','Rochester','14609','New York','United States','585-413-0852','mfitt@ymail.com',2,'Melanie Fitt','','376 Helendale Rd','','Rochester','14609','New York','United States',2,'Melanie Fitt','','376 Helendale Rd','','Rochester','14609','New York','United States',2,'Credit/Debit Card or eCheck (via PayPal)','','','','','2009-08-12 10:08:10','2009-03-17 20:25:58',3,NULL,'USD',1.000000,0),(1517,1291,'Alain Perreault','','11722 Rue Rene Levesque','','Pointe aux Trembles','H1B2B7','Quebec','Canada','5143032858','info@netexception.ca',1,'Alain Perreault','','11722 Rue Rene Levesque','','Pointe aux Trembles','H1B2B7','Quebec','Canada',1,'Alain Perreault','','11722 Rue Rene Levesque','','Pointe aux Trembles','H1B2B7','Quebec','Canada',1,'Credit/Debit Card or eCheck (via PayPal)','','','','','2009-09-28 16:51:46','2009-03-21 09:22:38',3,NULL,'USD',1.000000,0),(1521,1293,'james swanstrom','','7120 tollgate road','','vienna','n0j1z0','ontario','Canada','15198608777','spinny35@hotmail.com',1,'james swanstrom','','7120 tollgate road','','vienna','n0j1z0','ontario','Canada',1,'james swanstrom','','7120 tollgate road','','vienna','n0j1z0','ontario','Canada',1,'Authorize.net AIM','Master Card','james swanstrom','5457XXXXXXXX0687','0611','2009-08-12 10:09:01','2009-03-30 12:44:10',3,NULL,'USD',1.000000,0),(1520,1297,'sebastian gonzalez','','3811 nw 84th ave','','coral springs','33065','Florida','United States','7543682230','thinkars@hotmail.com',2,'sebastian gonzalez','','3811 nw 84th ave','','coral springs','33065','Florida','United States',2,'sebastian gonzalez','','3811 nw 84th ave','','coral springs','33065','Florida','United States',2,'Credit/Debit Card or eCheck (via PayPal)','','','','','2009-09-28 16:51:36','2009-03-28 19:17:48',3,NULL,'USD',1.000000,0),(1522,1299,'Richard Baxter','','311 Florence St','','Tomball','77375','Texas','United States','713-301-0245','lionheart@lionheartsails.com',2,'Richard Baxter','','311 Florence St','','Tomball','77375','Texas','United States',2,'Richard Baxter','','311 Florence St','','Tomball','77375','Texas','United States',2,'Credit/Debit Card or eCheck (via PayPal)','','','','','2009-09-28 16:51:26','2009-04-04 15:16:49',3,NULL,'USD',1.000000,0),(1523,1301,'Arthur Zuniga','','9222 Deborah Sue','','Helotes','78023','Texas','United States','2107244158','arthurz@forl.com',2,'Arthur Zuniga','','9222 Deborah Sue','','Helotes','78023','Texas','United States',2,'Arthur Zuniga','','9222 Deborah Sue','','Helotes','78023','Texas','United States',2,'Authorize.net AIM','American Express','Arthur Zuniga','3728XXXXXXXX4003','0709','2009-09-28 16:51:15','2009-04-13 15:30:43',3,NULL,'USD',1.000000,0),(1524,1300,'nina nelson','','1151 ne 12th st','','ocala','34471','Florida','United States','3528752987','weissd65@yahoo.com',2,'nina nelson','','1151 ne 12th st','','ocala','34471','Florida','United States',2,'daniel weiss','','7482 ne jacksonville rd','','ocala','34479','Florida','United States',2,'Authorize.net AIM','Visa','daniel weiss','4470XXXXXXXX9009','1111','2009-09-04 16:14:47','2009-04-15 15:50:30',3,NULL,'USD',1.000000,0),(1525,1302,'Ben Tarlecky','','65 Woodbine Ave','','Paoli','19301','Pennsylvania','United States','6107645996','BenTarlecky@verizon.net',2,'Ben Tarlecky','','65 Woodbine Ave','','Paoli','19301','Pennsylvania','United States',2,'Ben Tarlecky','','65 Woodbine Ave','','Paoli','19301','Pennsylvania','United States',2,'Authorize.net AIM','Master Card','Ben Tarlecky','5528XXXXXXXX5016','0411','2009-08-12 10:10:25','2009-04-15 17:04:34',3,NULL,'USD',1.000000,0),(1540,1325,'Rob Hollenman','','27C Fountain Mannor Dr','','Greensboro','27405','North Carolina','United States','530-286-2238','docktor4200@gmail.com',2,'Rob Hollenman','','130 Senic Dr','','Trinity Ctr','96091','California','United States',2,'Rob Hollenman','','27C Fountain Mannor Dr','','Greensboro','27405','North Carolina','United States',2,'Authorize.net AIM','Visa','Rob Hollenman','4744XXXXXXXX8923','0313','2009-08-12 10:12:35','2009-07-16 15:24:45',3,NULL,'USD',1.000000,0),(1532,1312,'Bo Vallin','','162 West 56th Street','','New York','10019','New York','United States','646-925-5047','bo__ski@hotmail.com',2,'Bo Vallin','','162 West 56th Street','','New York','10019','New York','United States',2,'Bo Vallin','','162 West 56th Street','','New York','10019','New York','United States',2,'Authorize.net AIM','American Express','Bo Vallin','3725XXXXXXXX1002','0712',NULL,'2009-05-30 14:01:44',1,NULL,'USD',1.000000,0),(1541,1331,'Chad Castler','','1679 W.Thorntree Dr.','','Oro Valley','85737','Arizona','United States','831-801-4890','courtside75@hotmail.com',2,'Chad Castler','','1679 W.Thorntree Dr.','','Oro Valley','85737','Arizona','United States',2,'Chad Castler','','1679 W.Thorntree Dr.','','Oro Valley','85737','Arizona','United States',2,'Authorize.net AIM','American Express','Chad Castler','3717XXXXXXXX2005','0811','2009-08-12 10:13:10','2009-07-20 14:34:31',4,NULL,'USD',1.000000,0),(1539,1324,'Joe Carmon','','633 Fayette Road','','York','29745','South Carolina','United States','8036849711','joecarmon@hotmail.com',2,'Joe Carmon','','633 Fayette Road','','York','29745','South Carolina','United States',2,'Joe Carmon','','633 Fayette Road','','York','29745','South Carolina','United States',2,'Credit/Debit Card or eCheck (via PayPal)','','','','','2009-08-12 10:12:06','2009-07-16 14:16:48',3,NULL,'USD',1.000000,0),(1531,1308,'Lawrence Williams','','10210 N Bougainvilla Dr','','Casa Grande','85222','Arizona','United States','520-836-6560','joe@joewilliams.net',2,'Lawrence Williams','','10210 N Bougainvilla Dr','','Casa Grande','85222','Arizona','United States',2,'Lawrence Williams','','10210 N Bougainvilla Dr','','Casa Grande','85222','Arizona','United States',2,'Authorize.net AIM','Master Card','Lawrence J Williams II','5444XXXXXXXX1212','1211','2009-08-12 10:01:50','2009-05-07 19:35:15',3,NULL,'USD',1.000000,0),(1535,1315,'Paul Salabsky','','1036 Seneca St','','Fountain Hill','18015','Pennsylvania','United States','6105970840','paul.salabsky@rcn.com',2,'Paul Salabsky','','1036 Seneca St','','Fountain Hill','18015','Pennsylvania','United States',2,'Paul Salabsky','','1036 Seneca St','','Fountain Hill','18015','Pennsylvania','United States',2,'Authorize.net AIM','Visa','Paul Salabsky','4845XXXXXXXX0244','0311','2009-08-12 10:11:07','2009-07-08 11:17:21',3,NULL,'USD',1.000000,0),(1536,1317,'Lawrence Schapker','','320 Hillsdale Dr.','','Pittsburg','94565','California','United States','925 473 1432','larry_schapker@yahoo.com',2,'Lawrence Schapker','','320 Hillsdale Dr.','','Pittsburg','94565','California','United States',2,'Lawrence Schapker','','320 Hillsdale Dr.','','Pittsburg','94565','California','United States',2,'Authorize.net AIM','Master Card','Lawrence E Schapker II','5291XXXXXXXX9479','0412','2009-08-12 10:11:35','2009-07-12 00:33:36',3,NULL,'USD',1.000000,0),(1564,1377,'Heyward bouknight','','6154 Marth\'s Glen Road','','Columbia','29209','South Carolina','United States','8039174865','heyward.bouknight@gmail.com',2,'Heyward bouknight','','6154 Marth\'s Glen Road','','Columbia','29209','South Carolina','United States',2,'Heyward bouknight','','6154 Marth\'s Glen Road','','Columbia','29209','South Carolina','United States',2,'Authorize.net AIM','Master Card','Heyward bouknight','5424XXXXXXXX5125','0311',NULL,'2009-08-01 14:52:13',1,NULL,'USD',1.000000,0),(1545,1340,'Robert Reynolds','','5529 Lake View Dr','','Fort Worth','76179','Texas','United States','817-470-4014','robertr765@gmail.com',2,'Robert Reynolds','','5529 Lake View Dr','','Fort Worth','76179','Texas','United States',2,'Robert Reynolds','','5529 Lake View Dr','','Fort Worth','76179','Texas','United States',2,'Credit/Debit Card or eCheck (via PayPal)','','','','','2009-07-28 18:02:19','2009-07-22 18:30:40',3,NULL,'USD',1.000000,0),(1543,1334,'Zac White','','304 S Loomis Ave','','Fort Collins','80521','Colorado','United States','7204226799','zwhite@newbelgium.com',2,'Zac White','','304 S Loomis Ave','','Fort Collins','80521','Colorado','United States',2,'Zac White','','304 S Loomis Ave','','Fort Collins','80521','Colorado','United States',2,'Authorize.net AIM','Visa','Zac White','4323XXXXXXXX7045','0312','2009-08-12 10:13:43','2009-07-21 11:18:28',3,NULL,'USD',1.000000,0),(1546,1342,'Nick Janowiak','','807 church street','','Evanston','60201','Illinois','United States','8477339683','chadrogers80@gmail.com',2,'Nick Janowiak','','807 church street','','Evanston','60201','Illinois','United States',2,'Nick Janowiak','','807 church street','','Evanston','60201','Illinois','United States',2,'Authorize.net AIM','Visa','Nick Janowiak','4147XXXXXXXX7866','1011','2009-08-12 11:00:34','2009-07-23 02:50:53',3,NULL,'USD',1.000000,0),(1547,1343,'Mk Easley','','303 12th st #12','','knoxville','37916','Tennessee','United States','8658658658','dwa@dog.co',2,'Mk Easley','','303 12th st #12','','knoxville','37916','Tennessee','United States',2,'Mk Easley','','303 12th st #12','','knoxville','37916','Tennessee','United States',2,'Authorize.net AIM','Visa','Mk Easley','4793XXXXXXXX7642','0411','2009-08-12 10:58:58','2009-07-23 09:57:57',3,NULL,'USD',1.000000,0),(1548,1345,'john pope','','2577 hinda rd','','lake park','33403','Florida','United States','561-779-6232','fellhaad101@comcast.net',2,'john pope','','2577 hinda rd','','lake park','33403','Florida','United States',2,'john pope','','2577 hinda rd','','lake park','33403','Florida','United States',2,'Credit/Debit Card or eCheck (via PayPal)','','','','','2009-08-12 10:58:26','2009-07-24 14:41:11',3,NULL,'USD',1.000000,0),(1549,1347,'Ling Rothrock','','1035 Greenfield Circle','','State College','16801','Pennsylvania','United States','814-769-6516','lxr28@psu.edu',2,'Ling Rothrock','','1035 Greenfield Circle','','State College','16801','Pennsylvania','United States',2,'Ling Rothrock','','1035 Greenfield Circle','','State College','16801','Pennsylvania','United States',2,'Authorize.net AIM','Master Card','Ling Rothrock','5466XXXXXXXX0201','0210','2009-09-25 15:50:44','2009-07-24 16:51:49',2,NULL,'USD',1.000000,0),(1550,1351,'micah edwards','','7766 alston way','','lucerne','95458','California','United States','7072604042','edwardsmicah@ymail.com',2,'micah edwards','','6190 soda bay rd','','kelseyville','95451','California','United States',2,'micah edwards','','7766 alston way','','lucerne','95458','California','United States',2,'Authorize.net AIM','Master Card','micah edwards','5262XXXXXXXX3256','0510','2009-08-12 10:57:58','2009-07-25 14:34:02',3,NULL,'USD',1.000000,0),(1556,1364,'barton jack','','p.o.box 366/226baca grant way','','crestone','81131','Colorado','United States','7192565365','jbluthier@earthlink.net',2,'jack barton','','226 baca grant way','','crestone','81131','Colorado','United States',2,'jack barton','','p.o.box 366','','crestone','81131','Colorado','United States',2,'Authorize.net AIM','Visa','jack barton','4888XXXXXXXX6352','0210','2009-08-12 10:55:53','2009-07-29 09:09:08',3,NULL,'USD',1.000000,0),(1552,1353,'Eugene Rice','','1121 Arrowhead Rd','','St. Stephen','29479','South Carolina','United States','843-567-1299','arrowheadmotel1@tds.net',2,'Eugene Rice','','1121 Arrowhead Rd','','St. Stephen','29479','South Carolina','United States',2,'Eugene Rice','','1121 Arrowhead Rd','','St. Stephen','29479','South Carolina','United States',2,'Authorize.net AIM','Visa','Eugene Rice','4313XXXXXXXX7482','0111','2009-08-12 10:57:27','2009-07-27 12:45:01',3,NULL,'USD',1.000000,0),(1553,1356,'Devin Barker','','68 West 1500 South','','Bountiful','84010','Utah','United States','8017216029','mebo_devin@hotmail.com',2,'Devin Barker','','68 West 1500 South','','Bountiful','84010','Utah','United States',2,'Devin Barker','','68 West 1500 South','','Bountiful','84010','Utah','United States',2,'Authorize.net AIM','Discover','Devin Barker','6011XXXXXXXX8163','0414','2009-08-12 10:56:59','2009-07-27 18:11:24',3,NULL,'USD',1.000000,0),(1565,1264,'Lane Burkhart','','2 Loch Lomond lane','','Pueblo','81001','Colorado','United States','719-545-8810','lane_burkhart@hotmail.com',2,'Lane Burkhart','','2 Loch Lomond lane','','Pueblo','81001','Colorado','United States',2,'Lane Burkhart','','2 Loch Lomond lane','','Pueblo','81001','Colorado','United States',2,'Authorize.net AIM','Master Card','Lane Burkhart','5329XXXXXXXX0047','0110',NULL,'2009-08-02 11:45:39',1,NULL,'USD',1.000000,0),(1555,1361,'Dennis Rose','','14775 Lakefront Drive','','Jamestown','95327','California','United States','209 484 5319','Ubccarpenter@Gmail.com',2,'Dennis Rose','','14775 Lakefront Drive','','Jamestown','95327','California','United States',2,'Dennis Rose','','14775 Lakefront Drive','','Jamestown','95327','California','United States',2,'Credit/Debit Card or eCheck (via PayPal)','','','','','2009-08-12 10:56:32','2009-07-28 13:47:30',3,NULL,'USD',1.000000,0),(1558,1365,'Richard Wonder','','135 Corson Ave.','','Staten Island','10301-2933','New York','United States','718-440-5832','richardwonder@yahoo.com',2,'Richard Wonder','','135 Corson Ave.','','Staten Island','10301-2933','New York','United States',2,'Richard Wonder','','135 Corson Ave.','','Staten Island','10301-2933','New York','United States',2,'Credit/Debit Card or eCheck (via PayPal)','','','','','2009-08-12 10:17:46','2009-07-29 11:28:53',3,NULL,'USD',1.000000,0),(1566,1385,'pasquale gemma','','40 east 88 street','','new york','10128','New York','United States','2122894471','breadorblood@aol.com',2,'pasquale gemma','','40 east 88 street','','new york','10128','New York','United States',2,'pasquale gemma','','40 east 88 street','','new york','10128','New York','United States',2,'Authorize.net AIM','American Express','pasquale gemma','3717XXXXXXXX1011','0312','2009-09-25 16:14:20','2009-08-03 17:55:50',3,NULL,'USD',1.000000,0),(1560,1367,'Robert Mitchiner','','1700 26th Ave','','San Francisco','94122','California','United States','415-387-9333','sf_ram@yahoo.com',2,'Robert Mitchiner','','1700 26th Ave','','San Francisco','94122','California','United States',2,'Robert Mitchiner','','1700 26th Ave','','San Francisco','94122','California','United States',2,'Authorize.net AIM','Visa','Robert Mitchiner','4802XXXXXXXX1791','0212','2009-08-12 10:17:16','2009-07-29 12:43:46',3,NULL,'USD',1.000000,0),(1567,1390,'Michael Holloway','','16043 Chinquapin Ln','','Gravette','72736','Arkansas','United States','479-936-0679','mphollo@gmail.com',2,'Michael Holloway','','16043 Chinquapin Ln','','Gravette','72736','Arkansas','United States',2,'Michael Holloway','','16043 Chinquapin Ln','','Gravette','72736','Arkansas','United States',2,'Credit/Debit Card or eCheck (via PayPal)','','','','',NULL,'2009-08-04 23:34:42',4,NULL,'USD',1.000000,0),(1562,1373,'Brian Harland','','5757 Witmore Lake Road STE 700','','Brighton','48116','Michigan','United States','8103556989','bjh7474@yahoo.com',2,'Brian Harland','','5757 Witmore Lake Road STE 700','','Brighton','48116','Michigan','United States',2,'Brian Harland','','5757 Witmore Lake Road STE 700','','Brighton','48116','Michigan','United States',2,'Authorize.net AIM','Visa','Brian Harland','4802XXXXXXXX5166','0512','2009-08-24 11:58:08','2009-07-31 14:09:23',3,NULL,'USD',1.000000,0),(1563,1374,'Mark Kallas','','7329 Fremont Ave S','','Richfield','55423','Minnesota','United States','6128024501','mkal55@comcast.net',2,'Mark Kallas','','7329 Fremont Ave S','','Richfield','55423','Minnesota','United States',2,'Mark Kallas','','7329 Fremont Ave S','','Richfield','55423','Minnesota','United States',2,'Credit/Debit Card or eCheck (via PayPal)','','','','','2009-07-31 15:21:31','2009-07-31 15:20:46',1,NULL,'USD',1.000000,0),(1568,1391,'David Kakela','','918 sw whittier terr','','port st. lucie','34953','Florida','United States','772-224-1362','davidkakela@msn.com',2,'David Kakela','','918 sw whittier terr','','port st. lucie','34953','Florida','United States',2,'David Kakela','','918 sw whittier terr','','port st. lucie','34953','Florida','United States',2,'Credit/Debit Card or eCheck (via PayPal)','','','','','2009-08-11 09:00:22','2009-08-05 17:13:09',3,NULL,'USD',1.000000,0),(1569,1395,'steve kulp','','2331 delaware','','ann arbor','48103','Michigan','United States','7346631440','stevek8887@peoplepc.com',2,'steve kulp','','2331 delaware','','ann arbor','48103','Michigan','United States',2,'steve kulp','','2331 delaware','','ann arbor','48103','Michigan','United States',2,'Credit/Debit Card or eCheck (via PayPal)','','','','','2009-08-10 16:35:04','2009-08-07 09:14:01',3,NULL,'USD',1.000000,0),(1570,1397,'James Schmidt','','6143 Fidler Ave','','Lakewood','90712','California','United States','5626854548','schmidt_james@verizon.net',2,'James Schmidt','','6143 Fidler Ave','','Lakewood','90712','California','United States',2,'James Schmidt','','6143 Fidler Ave','','Lakewood','90712','California','United States',2,'Authorize.net AIM','Master Card','James Schmidt','5287XXXXXXXX6029','0711','2009-08-13 08:35:06','2009-08-07 18:49:56',3,NULL,'USD',1.000000,0),(1571,1394,'michelle sheffield','','223 West 12th','','Hays','67601','Kansas','United States','620-428-1466','mlsheffield@scatcat.fhsu.edu',2,'michelle sheffield','','223 West 12th','','Hays','67601','Kansas','United States',2,'Michelle Sheffield','','606 S. Main','','Hugoton','67951','Kansas','United States',2,'Authorize.net AIM','Visa','Michelle Sheffield','4017XXXXXXXX2306','0211','2009-08-11 08:58:59','2009-08-07 20:39:26',3,NULL,'USD',1.000000,0),(1572,1400,'Abraham Menashe','','306 East 5th Steet, #27','','New York','10003','New York','United States','212-254-2754','abemenashe@gmail.com',2,'Abraham Menashe','','306 East 5th Steet, #27','','New York','10003','New York','United States',2,'Abraham Menashe','','306 East 5th Steet, #27','','New York','10003','New York','United States',2,'Authorize.net AIM','Visa','Abraham Menashe','4264XXXXXXXX3774','0911','2009-08-11 08:55:12','2009-08-08 19:51:08',3,NULL,'USD',1.000000,0),(1573,1403,'Josh Fishman','','2219 Hillhurst','','Los Angeles','90027','California','United States','3108978412','deafandblind@gmail.com',2,'Josh Fishman','','2219 Hillhurst','','Los Angeles','90027','California','United States',2,'Josh Fishman','','2219 Hillhurst','','Los Angeles','90027','California','United States',2,'Authorize.net AIM','Visa','Josh Fishman','4868XXXXXXXX3020','0911','2009-08-24 11:58:45','2009-08-09 18:57:02',3,NULL,'USD',1.000000,0),(1574,1406,'William Strauss','','29122 28 mile road','','Lenox Township','48048','Michigan','United States','586-630-3206','billstrauss34@yahoo.com',2,'Jeffrey Rende','','23044 Avon St.','','St. Clair Shores','48082','Michigan','United States',2,'William Strauss','','29122 28 mile road','','Lenox Township','48048','Michigan','United States',2,'Authorize.net AIM','Master Card','William Strauss','5424XXXXXXXX7582','0110','2009-08-11 08:58:09','2009-08-10 08:49:54',3,NULL,'USD',1.000000,0),(1575,1407,'andrew hackbarth','','505 Rundell St','','iowa City','52240','Iowa','United States','3196213260','hackbarth.andrew@gmail.com',2,'andrew hackbarth','','505 Rundell St','','iowa City','52240','Iowa','United States',2,'andrew hackbarth','','505 Rundell St','','iowa City','52240','Iowa','United States',2,'Authorize.net AIM','Discover','andrew hackbarth','6011XXXXXXXX1970','0713','2009-08-24 11:59:23','2009-08-10 20:08:10',3,NULL,'USD',1.000000,0),(1579,1413,'Rocco Fama','','176 Church Street, Apt 2','','Keene','03431','New Hampshire','United States','347-393-7091','snootchel@hotmail.com',2,'Rocco Fama','','176 Church Street, Apt 2','','Keene','03431','New Hampshire','United States',2,'Rocco Fama','','176 Church Street, Apt 2','','Keene','03431','New Hampshire','United States',2,'Credit/Debit Card or eCheck (via PayPal)','','','','','2009-08-24 12:00:42','2009-08-12 21:16:10',3,NULL,'USD',1.000000,0),(1577,1408,'Lisa Redwine','','2731 Birchwood Way SW','','Marietta','30060','Georgia','United States','404 944 1033','lisarredwine@gmail.com',2,'Lisa Redwine','','2731 Birchwood Way SW','','Marietta','30060','Georgia','United States',2,'Lisa Redwine','','35 Guest House Ct. Apt F-35','','Rome','30161','Georgia','United States',2,'Authorize.net AIM','Visa','Lisa R Redwine','4481XXXXXXXX0478','1011','2009-08-24 11:59:54','2009-08-10 21:03:04',3,NULL,'USD',1.000000,0),(1578,1364,'barton jack','','p.o.box 366/226baca grant way','','crestone','81131','Colorado','United States','7192565365','jbluthier@earthlink.net',2,'jack barton','','226 baca grant way','','crestone','81131','Colorado','United States',2,'jack barton','','p.o.box 366','','crestone','81131','Colorado','United States',2,'Authorize.net AIM','Visa','jack j  barton','4888XXXXXXXX6352','0210','2009-09-14 11:07:29','2009-08-11 03:16:13',2,NULL,'USD',1.000000,0),(1580,1331,'Chad Castler','','1679 W.Thorntree Dr.','','Oro Valley','85737','Arizona','United States','831-801-4890','courtside75@hotmail.com',2,'Chad Castler','','1679 W.Thorntree Dr.','','Oro Valley','85737','Arizona','United States',2,'Chad Castler','','1679 W.Thorntree Dr.','','Oro Valley','85737','Arizona','United States',2,'Authorize.net AIM','American Express','Chad Castler','3717XXXXXXXX2005','0811','2009-08-24 12:01:18','2009-08-13 12:31:34',3,NULL,'USD',1.000000,0),(1581,1415,'Brandy Burgess','','917 New York Avenue','','Ogdensburg','13669','New York','United States','3158690742','xbrandyb7142x@yahoo.com',2,'Brandy Burgess','','917 New York Avenue','','Ogdensburg','13669','New York','United States',2,'Brandy Burgess','','917 New York Avenue','','Ogdensburg','13669','New York','United States',2,'Authorize.net AIM','Master Card','Brandy Burgess','5449XXXXXXXX1903','0211','2009-08-27 15:35:40','2009-08-13 23:03:45',3,NULL,'USD',1.000000,0),(1582,1418,'Paul Giannini','','3055 Brunnet Ln','','Sacramento','95833','California','United States','9165011166','g707@yahoo.com',2,'Paul Giannini','','3055 Brunnet Ln','','Sacramento','95833','California','United States',2,'Paul Giannini','','3055 Brunnet Ln','','Sacramento','95833','California','United States',2,'Credit/Debit Card or eCheck (via PayPal)','','','','','2009-08-24 12:02:26','2009-08-14 03:17:16',3,NULL,'USD',1.000000,0),(1589,1401,'Thomas Barr','','1813 Potrero Way','','Sacramento','95822','California','United States','916-402-4880','tcbiii@yahoo.com',2,'Thomas Barr','','1813 Potrero Way','','Sacramento','95822','California','United States',2,'Thomas Barr','','1813 Potrero Way','','Sacramento','95822','California','United States',2,'Credit/Debit Card or eCheck (via PayPal)','','','','','2009-09-14 11:08:08','2009-08-18 22:54:03',3,NULL,'USD',1.000000,0),(1584,1420,'erik gleason','','275 lamartine st','','jamaica plain','02130','Massachusetts','United States','5082876740','erik.gleason@gmail.com',2,'erik gleason','','275 lamartine st','','jamaica plain','02130','Massachusetts','United States',2,'erik gleason','','275 lamartine st','','jamaica plain','02130','Massachusetts','United States',2,'Authorize.net AIM','Master Card','erik gleason','5449XXXXXXXX0010','1111','2009-08-24 12:04:29','2009-08-15 13:20:02',1,NULL,'USD',1.000000,0),(1585,1421,'Bob Abt','','7101 Wellsbee Place','','Holly Springs','27540','North Carolina','United States','9195570640','bobabt@nc.rr.com',2,'Bob Abt','','7101 Wellsbee Place','','Holly Springs','27540','North Carolina','United States',2,'Bob Abt','','7101 Wellsbee Place','','Holly Springs','27540','North Carolina','United States',2,'Credit/Debit Card or eCheck (via PayPal)','','','','','2009-08-24 12:02:50','2009-08-16 11:25:11',3,NULL,'USD',1.000000,0),(1586,1423,'George Hagle','','4029 Meadow Lake Ln','','Houston','77027','Texas','United States','713-443-5892','ghagle@leedo.com',2,'George Hagle','','4029 Meadow Lake Ln','','Houston','77027','Texas','United States',2,'George Hagle','','4029 Meadow Lake Ln','','Houston','77027','Texas','United States',2,'Authorize.net AIM','Visa','George Hagle','4147XXXXXXXX4978','0711','2009-08-24 12:03:15','2009-08-16 13:54:17',3,NULL,'USD',1.000000,0),(1587,1426,'Evan Rees','','300 Villaway','','Sebring','33876','Florida','United States','8636339646','teachrees@excite.com',2,'Evan Rees','','300 Villaway','','Sebring','33876','Florida','United States',2,'Evan Rees','','300 Villaway','','Sebring','33876','Florida','United States',2,'Authorize.net AIM','Master Card','Evan R. Rees','5543XXXXXXXX8837','0311',NULL,'2009-08-16 19:40:23',1,NULL,'USD',1.000000,0),(1590,1431,'Amy Anderson','','350 S. Meade St.','','Denver','80219','Colorado','United States','(720) 935-8791','blindustries.blake@gmail.com',2,'Amy Anderson','','350 S. Meade St.','','Denver','80219','Colorado','United States',2,'Amy Anderson','','350 S. Meade St.','','Denver','80219','Colorado','United States',2,'Authorize.net AIM','Visa','Amy Anderson','4147XXXXXXXX3933','0811','2009-08-27 15:36:33','2009-08-19 11:01:04',3,NULL,'USD',1.000000,0),(1591,1433,'Philip Ferrari','','160 N Prairie Ave','','Bloomingdale','60108','Illinois','United States','847-707-1053','ferrarimobile@gmail.com',2,'Philip Ferrari','','160 N Prairie Ave','','Bloomingdale','60108','Illinois','United States',2,'Philip Ferrari','','160 N Prairie Ave','','Bloomingdale','60108','Illinois','United States',2,'Authorize.net AIM','Master Card','Philip Ferrari','5459XXXXXXXX3028','1109','2009-08-27 15:37:16','2009-08-19 13:28:22',3,NULL,'USD',1.000000,0),(1592,1436,'Kaaina DeCoite','','985 old tory trail','','aiken','29801','South Carolina','United States','8082806892','kaainamom@gmail.com',2,'Kaaina DeCoite','','985 old tory trail','','aiken','29801','South Carolina','United States',2,'Kaaina DeCoite','','985 old tory trail','','aiken','29801','South Carolina','United States',2,'Authorize.net AIM','Visa','Kaaina DeCoite','4356XXXXXXXX3810','0412','2009-08-27 15:37:45','2009-08-19 21:48:51',3,NULL,'USD',1.000000,0),(1647,1532,'William Knack','','18682 Road L','','Cloverdale','45827','Ohio','United States','419-532-2316','questingwode@aol.com',2,'William Knack','','18682 Road L','','Cloverdale','45827','Ohio','United States',2,'William Knack','','18682 Road L','','Cloverdale','45827','Ohio','United States',2,'Authorize.net AIM','Master Card','William Knack','5491XXXXXXXX9938','1210','2009-10-08 09:54:30','2009-09-30 10:21:55',3,NULL,'USD',1.000000,0),(1593,1440,'gary adams','','4421 39th st','','lubbock','79414','Texas','United States','0000000000','iamgaryradams2@yahoo.com',2,'gary adams','','4421 39th st','','lubbock','79414','Texas','United States',2,'gary adams','','4421 39th st','','lubbock','79414','Texas','United States',2,'Credit/Debit Card or eCheck (via PayPal)','','','','','2009-08-27 15:38:16','2009-08-20 21:59:04',3,NULL,'USD',1.000000,0),(1594,1435,'kevin kelley','','2114 ridgefield dr','','belvidere','61008','Illinois','United States','815 975 2205','fourstringraid@aol.com',2,'Nicholas chorostecki','','329 thornridge ct','','poplar grove','61065','Illinois','United States',2,'kevin kelley','','2114 ridgefield dr','','belvidere','61008','Illinois','United States',2,'Authorize.net AIM','Visa','kevin kelley','4430XXXXXXXX3289','0311',NULL,'2009-08-21 10:30:37',1,NULL,'USD',1.000000,0),(1595,1442,'Jeffrey Curtiss','','2221 W Battlefield # 10','','Springfield','65807','Missouri','United States','417-886-5882','Superiorexteriors1@sbcglobal.net',2,'Jeffrey Curtiss','','2221 W Battlefield # 10','','Springfield','65807','Missouri','United States',2,'Jeffrey Curtiss','','2221 W Battlefield # 10','','Springfield','65807','Missouri','United States',2,'Credit/Debit Card or eCheck (via PayPal)','','','','','2009-08-21 16:11:50','2009-08-21 16:10:50',1,NULL,'USD',1.000000,0),(1596,1444,'judy beaman','','11407 n 96th e ave','','owasso','74055','Oklahoma','United States','9183717306','jkbe58@cox.net',2,'judy beaman','','11407 n 96th e ave','','owasso','74055','Oklahoma','United States',2,'judy beaman','','11407 n 96th e ave','','owasso','74055','Oklahoma','United States',2,'Authorize.net AIM','Master Card','judy k beaman','5291XXXXXXXX1451','0909','2009-09-28 16:50:34','2009-08-21 19:04:07',3,NULL,'USD',1.000000,0),(1597,1413,'Rocco Fama','','176 Church Street, Apt 2','','Keene','03431','New Hampshire','United States','347-393-7091','snootchel@hotmail.com',2,'Rocco Fama','','176 Church Street, Apt 2','','Keene','03431','New Hampshire','United States',2,'Rocco Fama','','176 Church Street, Apt 2','','Keene','03431','New Hampshire','United States',2,'Credit/Debit Card or eCheck (via PayPal)','','','','','2009-09-14 11:09:34','2009-08-21 23:12:52',3,NULL,'USD',1.000000,0),(1603,1453,'Arthur Vugelman','','1233 North Fuller Ave Apt. #7','','Los Angeles','90046','California','United States','323-285-8354','ptvugg@yahoo.com',2,'Arthur Vugelman','','1233 North Fuller Ave Apt. #7','','Los Angeles','90046','California','United States',2,'Arthur Vugelman','','1233 North Fuller Ave Apt. #7','','Los Angeles','90046','California','United States',2,'Authorize.net AIM','Visa','Arthur Vugelman','4217XXXXXXXX3473','0812','2009-09-28 16:50:16','2009-08-25 10:39:43',3,NULL,'USD',1.000000,0),(1599,1448,'Rachael Ardite','','723 Horseshoe Lane','','Williamstown','08094','New Jersey','United States','856-629-2249','rardite@yahoo.com',2,'Rachael Ardite','','723 Horseshoe Lane','','Williamstown','08094','New Jersey','United States',2,'Rachael Ardite','','723 Horseshoe Lane','','Williamstown','08094','New Jersey','United States',2,'Authorize.net AIM','American Express','Rachael Ardite','3790XXXXXXXX2337','1213',NULL,'2009-08-22 07:54:10',1,NULL,'USD',1.000000,0),(1600,1450,'Tammie Stroud','','114 Blueberry Drive','','Madison','35757','Alabama','United States','2568373557','Tammiewins@robsonline.com',2,'Tammie Stroud','','114 Blueberry Drive','','Madison','35757','Alabama','United States',2,'Tammie Stroud','','114 Blueberry Drive','','Madison','35757','Alabama','United States',2,'Authorize.net AIM','Visa','Tammie Stroud','4271XXXXXXXX2501','1110',NULL,'2009-08-24 12:16:11',1,NULL,'USD',1.000000,0),(1601,1451,'christopher buckhout','','289 Stephen Hands Path','','East Hampton','11937','New York','United States','5169018616','illectric@excite.com',2,'Christopher buckhout','','278 three mile harbor/HC','','east hampton','11937','New York','United States',2,'christopher buckhout','','289 Stephen Hands Path','','East Hampton','11937','New York','United States',2,'Authorize.net AIM','Discover','christopher buckhout','6011XXXXXXXX6063','0812',NULL,'2009-08-24 16:32:25',1,NULL,'USD',1.000000,0),(1602,1452,'janishia mullins','','7500 tiara way B7','','citrus heights','95610','California','United States','916 717 5786','nene4ever@myway.com',2,'janishia mullins','','7500 tiara way B7','','citrus heights','95610','California','United States',2,'janishia mullins','','7500 tiara way B7','','citrus heights','95610','California','United States',2,'Credit/Debit Card or eCheck (via PayPal)','','','','','2009-09-14 11:09:58','2009-08-24 18:48:55',3,NULL,'USD',1.000000,0),(1604,1455,'Russell Brown','','166 Water Street','','Woods Hole','02543','Massachusetts','United States','508-495-2017','Russell.Brown@noaa.gov',2,'NOAA Fisheries ATTN: Geoff Shook','','166 Water Street','','Woods Hole','02543','Massachusetts','United States',2,'Russell Brown','','166 Water Street','','Woods Hole','02543','Massachusetts','United States',2,'Authorize.net AIM','Master Card','Russell W. Brown','5568XXXXXXXX2390','0511','2009-08-31 16:29:19','2009-08-26 10:46:03',3,NULL,'USD',1.000000,0),(1605,1459,'John Heiberger','','3438 Grand Meadows Crossing','','Neenah','54956','Wisconsin','United States','920-427-2255','jjach@new.rr.com',2,'John Heiberger','','3438 Grand Meadows Crossing','','Neenah','54956','Wisconsin','United States',2,'John Heiberger','','3438 Grand Meadows Crossing','','Neenah','54956','Wisconsin','United States',2,'Credit/Debit Card or eCheck (via PayPal)','','','','','2009-09-23 10:42:01','2009-08-26 23:25:32',1,NULL,'USD',1.000000,0),(1606,1464,'Hung Tran','','1337 Campbell Ave.','','Wheaton','60189','Illinois','United States','630-297-1176','tran11578@hotmail.com',2,'Hung Tran','','1337 Campbell Ave.','','Wheaton','60189','Illinois','United States',2,'Hung Tran','','1337 Campbell Ave.','','Wheaton','60189','Illinois','United States',2,'Authorize.net AIM','Visa','Hung Tran','4388XXXXXXXX1963','1210','2009-09-14 11:10:48','2009-08-28 17:23:21',3,NULL,'USD',1.000000,0),(1607,1465,'Lenny Thompson','','7341 E Placita Antigua','','Tucson','85710','Arizona','United States','5208853260','thompson_lenny@yahoo.com',2,'Lenny Thompson','','7341 E Placita Antigua','','Tucson','85710','Arizona','United States',2,'Lenny Thompson','','7341 E Placita Antigua','','Tucson','85710','Arizona','United States',2,'Credit/Debit Card or eCheck (via PayPal)','','','','','2009-09-08 07:51:09','2009-08-28 17:30:55',3,NULL,'USD',1.000000,0),(1608,1324,'Joe Carmon','','633 Fayette Road','','York','29745','South Carolina','United States','8036849711','joecarmon@hotmail.com',2,'Joe Carmon','','633 Fayette Road','','York','29745','South Carolina','United States',2,'Joe Carmon','','633 Fayette Road','','York','29745','South Carolina','United States',2,'Credit/Debit Card or eCheck (via PayPal)','','','','','2009-09-14 11:11:10','2009-09-01 15:33:21',3,NULL,'USD',1.000000,0),(1609,1410,'Ray Seidel','','7518 Dusk St','','Littleton','80125','Colorado','United States','7208840476','write_ray@yahoo.com',2,'Ray Seidel','','7518 Dusk St','','Littleton','80125','Colorado','United States',2,'Ray Seidel','','7518 Dusk St','','Littleton','80125','Colorado','United States',2,'Credit/Debit Card or eCheck (via PayPal)','','','','','2009-09-09 15:41:01','2009-09-01 21:05:43',3,NULL,'USD',1.000000,0),(1612,1477,'Tim Gadaire','','W142 N9078 Foountain Blvd','','Menomonee Falls','53051-2350','Wisconsin','United States','262-251-9500 x25','tim@engineered-plastics.com',2,'Tim Gadaire','','W142 N9078 Foountain Blvd','','Menomonee Falls','53051-2350','Wisconsin','United States',2,'Tim Gadaire','','W142 N9078 Foountain Blvd','','Menomonee Falls','53051-2350','Wisconsin','United States',2,'Authorize.net AIM','Visa','Dave Feldbruegge','4807XXXXXXXX7229','0311','2009-09-28 15:23:28','2009-09-04 10:18:38',3,NULL,'USD',1.000000,0),(1611,1476,'Justin Heller','','12025 Solon Dr. 111','','Orlando','32826','Florida','United States','407-608-8419','Crucioslayer88@hotmail.com',2,'Justin Heller','','12025 Solon Dr. 111','','Orlando','32826','Florida','United States',2,'Justin Heller','','PSC 9 Box 573','','APO','09123','New York','United States',2,'Authorize.net AIM','Master Card','Justin Heller','5438XXXXXXXX1692','0610',NULL,'2009-09-02 20:08:38',1,NULL,'USD',1.000000,0),(1613,1478,'David Russo','','262 Lindero Avenue','','Long Beach','90803','California','United States','562-438-5050','starsigndavid@yahoo.com',2,'David Russo','','262 Lindero Avenue','','Long Beach','90803','California','United States',2,'David Russo','','262 Lindero Avenue','','Long Beach','90803','California','United States',2,'Credit/Debit Card or eCheck (via PayPal)','','','','','2009-09-22 08:58:26','2009-09-05 23:50:59',3,NULL,'USD',1.000000,0),(1633,1511,'Andy Dunstan','','7922 Santa Ana Rd','','Ventura','93001-9723','California','United States','805-648-6808','adunstan@sighouse.com',2,'Andy Dunstan','','7922 Santa Ana Rd','','Ventura','93001-9723','California','United States',2,'Andy Dunstan','','7922 Santa Ana Rd','','Ventura','93001-9723','California','United States',2,'Credit/Debit Card or eCheck (via PayPal)','','','','','2009-09-22 09:03:59','2009-09-16 14:39:25',3,NULL,'USD',1.000000,0),(1622,1498,'Kristian Armstrong','','722 Oak Lane','','Thibodaux','70301','Louisiana','United States','985-227-9171','kristian867@gmail.com',2,'Kristian Armstrong','','722 Oak Lane','','Thibodaux','70301','Louisiana','United States',2,'Belinda Armstrong','','722 Oak Lane','','Thibodaux','70301','Louisiana','United States',2,'Authorize.net AIM','Visa','Belinda M Armstrong','4063XXXXXXXX6355','1210','2009-09-22 08:59:46','2009-09-11 16:53:26',3,NULL,'USD',1.000000,0),(1616,1485,'Gene Luster','','1622 W. University Suite B # 119','','Denton','76201','Texas','United States','940-595-2133','gene@braintrustconsulting.com',2,'Gene Luster','','1622 W. University Suite B # 119','','Denton','76201','Texas','United States',2,'Gene Luster','','1622 W. University Suite B # 119','','Denton','76201','Texas','United States',2,'Authorize.net AIM','American Express','Gene Luster','3715XXXXXXXX2009','1212','2009-09-22 08:55:09','2009-09-08 17:39:00',3,NULL,'USD',1.000000,0),(1617,1488,'Robbie Oberholzer','','759 Madison Ave.','','Charlottesville','22903','Virginia','United States','571-278-6857','randbphotography@live.com',2,'Robbie Oberholzer','','759 Madison Ave.','','Charlottesville','22903','Virginia','United States',2,'Robbie Oberholzer','','759 Madison Ave.','','Charlottesville','22903','Virginia','United States',2,'Authorize.net AIM','Visa','Robbie Oberholzer','4744XXXXXXXX6437','0911','2009-09-14 10:52:10','2009-09-09 00:01:57',3,NULL,'USD',1.000000,0),(1618,1490,'Frederick Sheffield','','1323 Warren Avenue','','Belvidere','61008','Illinois','United States','815-540-7554','fastfred98@yahoo.com',2,'Frederick Sheffield','','1323 Warren Avenue','','Belvidere','61008','Illinois','United States',2,'Frederick Sheffield','','1323 Warren Avenue','','Belvidere','61008','Illinois','United States',2,'Authorize.net AIM','Visa','Frederick Sheffield','4185XXXXXXXX1351','0611','2009-09-16 10:07:22','2009-09-09 00:59:23',3,NULL,'USD',1.000000,0),(1619,1493,'arlene knapp','','6620 Saratoga Ave','','Downers Grove','60516','Illinois','United States','630-971-0719','arleneknapp@yahoo.com',2,'arlene knapp','','6620 Saratoga Ave','','Downers Grove','60516','Illinois','United States',2,'arlene knapp','','6620 Saratoga Ave','','Downers Grove','60516','Illinois','United States',2,'Authorize.net AIM','Master Card','arlene knapp','5140XXXXXXXX6817','0712','2009-09-22 08:56:30','2009-09-10 13:29:33',3,NULL,'USD',1.000000,0),(1620,1495,'clayton carmichael','','346 Nord Ave Apt 305','','chico','95926','California','United States','8707232626','slistick@gmail.com',2,'clayton carmichael','','346 Nord Ave Apt 305','','chico','95926','California','United States',2,'clayton carmichael','','346 Nord Ave Apt 305','','chico','95926','California','United States',2,'Authorize.net AIM','Master Card','clayton carmichael','5490XXXXXXXX2989','0810','2009-09-22 08:57:54','2009-09-10 16:32:54',3,NULL,'USD',1.000000,0),(1621,1496,'John Buczkowski','','143 Arrowood Drive','','Milford','18337','Pennsylvania','United States','570-903-4358','jrbski@ptd.net',2,'John Buczkowski','','143 Arrowood Drive','','Milford','18337','Pennsylvania','United States',2,'John Buczkowski','','143 Arrowood Drive','','Milford','18337','Pennsylvania','United States',2,'Authorize.net AIM','Master Card','John Buczkowski','5424XXXXXXXX1502','0310','2009-09-30 11:18:02','2009-09-10 20:29:50',3,NULL,'USD',1.000000,0),(1623,1445,'diana garcia','','12 nature boy','','tijeras','87059','New Mexico','United States','505-259-7563','www.paulineg-31@yahoo.com',2,'diana garcia','','12 nature boy','','tijeras','87059','New Mexico','United States',2,'diana garcia','','12 nature boy','','tijeras','87059','New Mexico','United States',2,'Authorize.net AIM','Visa','diana garcia','4631XXXXXXXX0215','0412','2009-09-22 09:00:27','2009-09-12 10:54:05',3,NULL,'USD',1.000000,0),(1624,1499,'Anthony Veach','','9936 Ballistic','','El Paso','79924','Texas','United States','915-755-6359','lourdE_vampyre@hotmail.com',2,'Anthony Veach','','9936 Ballistic','','El Paso','79924','Texas','United States',2,'Anthony Veach','','9936 Ballistic','','El Paso','79924','Texas','United States',2,'Credit/Debit Card or eCheck (via PayPal)','','','','','2009-09-22 09:00:59','2009-09-12 18:03:36',3,NULL,'USD',1.000000,0),(1625,1500,'Anthony Fore','','65 Sedona St.','','Sedona','86351','Arizona','United States','9282842938','anthonyfore2012@yahoo.com',2,'Anthony Fore','','65 Sedona St.','','Sedona','86351','Arizona','United States',2,'Anthony Fore','','65 Sedona St.','','Sedona','86351','Arizona','United States',2,'Authorize.net AIM','Visa','Anthony Fore','4635XXXXXXXX1983','0713','2009-10-02 15:08:34','2009-09-13 13:30:16',3,NULL,'USD',1.000000,0),(1626,1501,'Andre Putter','','16048 Dakota Dr','','Odessa','33556','Florida','United States','8134121123','putteremail@gmail.com',2,'Andre Putter','','16048 Dakota Dr','','Odessa','33556','Florida','United States',2,'Andre Putter','','16048 Dakota Dr','','Odessa','33556','Florida','United States',2,'Authorize.net AIM','Master Card','Andre Putter','5287XXXXXXXX5016','1211','2009-09-30 12:47:48','2009-09-13 20:43:38',3,NULL,'USD',1.000000,0),(1627,1502,'Bob Hohimer','','1208 S. 10th St.','','Pekin','61554','Illinois','United States','3092296060','bhohimer@htsdd.net',2,'Bob Hohimer','','1208 S. 10th St.','','Pekin','61554','Illinois','United States',2,'Bob Hohimer','','1208 S. 10th St.','','Pekin','61554','Illinois','United States',2,'Authorize.net AIM','Visa','Bob Hohimer','4264XXXXXXXX0187','1116','2009-09-22 09:01:28','2009-09-13 21:25:11',3,NULL,'USD',1.000000,0),(1628,1505,'Julian Villegas','','8621 E. Pomegranate St.','','Tucson','85730','Arizona','United States','520-296-7957','julv@cox.net',2,'Julian Villegas','','8621 E. Pomegranate St.','','Tucson','85730','Arizona','United States',2,'Julian Villegas','','8621 E. Pomegranate St.','','Tucson','85730','Arizona','United States',2,'Credit/Debit Card or eCheck (via PayPal)','','','','','2009-09-22 09:02:01','2009-09-14 16:52:03',3,NULL,'USD',1.000000,0),(1629,1506,'John Menefee','','177 Sheridan Rd','','North Little Rock','72116','Arkansas','United States','501-247-6502','jmenefee6@comcast.net',2,'John Menefee','','177 Sheridan Rd','','North Little Rock','72116','Arkansas','United States',2,'John Menefee','','177 Sheridan Rd','','North Little Rock','72116','Arkansas','United States',2,'Credit/Debit Card or eCheck (via PayPal)','','','','','2009-09-22 09:02:31','2009-09-14 21:18:47',3,NULL,'USD',1.000000,0),(1630,1506,'John Menefee','','177 Sheridan Rd','','North Little Rock','72116','Arkansas','United States','501-247-6502','jmenefee6@comcast.net',2,'John Menefee','','177 Sheridan Rd','','North Little Rock','72116','Arkansas','United States',2,'John Menefee','','177 Sheridan Rd','','North Little Rock','72116','Arkansas','United States',2,'Credit/Debit Card or eCheck (via PayPal)','','','','','2009-09-22 09:02:59','2009-09-14 21:24:05',3,NULL,'USD',1.000000,0),(1631,1509,'Travis Gregar','','742 Lund St. N','','Hudson','54016','Wisconsin','United States','612-414-8073','tqgregar@mmm.com',2,'Travis Gregar','','742 Lund St. N','','Hudson','54016','Wisconsin','United States',2,'Travis Gregar','','742 Lund St. N','','Hudson','54016','Wisconsin','United States',2,'Credit/Debit Card or eCheck (via PayPal)','','','','','2009-09-21 14:41:52','2009-09-15 15:32:26',3,NULL,'USD',1.000000,0),(1632,1510,'Travis Harper','','10353 270th AVe','','Isle','56342','Minnesota','United States','320-630-8545','HotPepper35@Gmail.com',2,'T. Harper','','607 6th ST NE','','Little Falls','56345','Minnesota','United States',2,'Travis Harper','','10353 270th AVe','','Isle','56342','Minnesota','United States',2,'Authorize.net AIM','Visa','Travis Harper','4736XXXXXXXX4424','0311','2009-10-08 09:55:37','2009-09-16 04:18:42',3,NULL,'USD',1.000000,0),(1634,1514,'David Riney','','10348 Quirk','','Belleville','48111','Michigan','United States','248 228 0154','dr9102@aol.com',2,'David Riney','','10348 Quirk','','Belleville','48111','Michigan','United States',2,'David Riney','','10348 Quirk','','Belleville','48111','Michigan','United States',2,'Authorize.net AIM','Master Card','David Riney','5443XXXXXXXX8459','0812','2009-09-25 16:01:43','2009-09-16 21:02:38',3,NULL,'USD',1.000000,0),(1635,1516,'Chris Galea','','8540 Perrin Ave','','Westland','48185','Michigan','United States','313-808-2995','migreencross@gmail.com',2,'Chris Galea','','8540 Perrin Ave','','Westland','48185','Michigan','United States',2,'Chris Galea','','8540 Perrin Ave','','Westland','48185','Michigan','United States',2,'Authorize.net AIM','Visa','Chris Galea','4623XXXXXXXX1855','0512','2009-09-22 09:05:55','2009-09-17 17:15:31',3,NULL,'USD',1.000000,0),(1636,1517,'shannon ivey','','131 sweet alyssum dr','','ladson','29456','South Carolina','United States','8439914464','scomo9111@msn.com',2,'adam demmon','','PO BOX 51591','','summerville','29485','South Carolina','United States',2,'shannon ivey','','131 sweet alyssum dr','','ladson','29456','South Carolina','United States',2,'Authorize.net AIM','Visa','shannon ivey','4355XXXXXXXX4681','0812','2009-09-25 16:04:09','2009-09-17 21:42:12',3,NULL,'USD',1.000000,0),(1637,1518,'Timothy Taylor','','2568B Saddleback Dr','','Winterville','28590','North Carolina','United States','252-902-6724','timtaylor243@hotmail.com',2,'Timothy Taylor','','2568B Saddleback Dr','','Winterville','28590','North Carolina','United States',2,'Timothy Taylor','','2568B Saddleback Dr','','Winterville','28590','North Carolina','United States',2,'Authorize.net AIM','Visa','Timothy Watston Taylor','4152XXXXXXXX5224','1009','2009-09-25 16:03:28','2009-09-18 00:19:30',3,NULL,'USD',1.000000,0),(1638,1521,'LEO HUNG','','14900 SW 107 AVE','','MIAMI','33176','Florida','United States','786-399-1473','biclinecoinc@bellsouth.net',2,'LEO HUNG','','14900 SW 107 AVE','','MIAMI','33176','Florida','United States',2,'LEO HUNG','','14900 SW 107 AVE','','MIAMI','33176','Florida','United States',2,'Credit/Debit Card or eCheck (via PayPal)','','','','','2009-10-02 15:09:38','2009-09-19 12:09:31',3,NULL,'USD',1.000000,0),(1639,1522,'Rick Schuefler','','5001 Woodview Drive','','Vermilion','44089','Ohio','United States','4409630024','rschuefler@yahoo.com',2,'Rick Schuefler','','5001 Woodview Drive','','Vermilion','44089','Ohio','United States',2,'Rick Schuefler','','5001 Woodview Drive','','Vermilion','44089','Ohio','United States',2,'Credit/Debit Card or eCheck (via PayPal)','','','','','2009-09-25 16:18:14','2009-09-19 13:31:21',2,NULL,'USD',1.000000,0),(1640,1523,'Dan Astley','','321 Madison St.','','Missoula','59802','Montana','United States','406 6982789','badmajama@gmail.com',2,'Dan Astley','','321 Madison St.','','Missoula','59802','Montana','United States',2,'Dan Astley','','321 Madison St.','','Missoula','59802','Montana','United States',2,'Credit/Debit Card or eCheck (via PayPal)','','','','','2009-09-25 16:12:14','2009-09-19 14:37:07',3,NULL,'USD',1.000000,0),(1739,1723,'john Koltai','','748 park ln s','','Franklin Sq','11010','New York','United States','7184967447','jkbuy@knowledgy.org',2,'john Koltai','','748 park ln s','','Franklin Sq','11010','New York','United States',2,'john Koltai','','748 park ln s','','Franklin Sq','11010','New York','United States',2,'Authorize.net AIM','Master Card','john Koltai','5329XXXXXXXX1619','0611','2009-12-22 14:58:59','2009-12-01 14:57:16',3,NULL,'USD',1.000000,0),(1656,1543,'jay Lazerwitz','','6126 12th Avenue NE','','Seattle','98115','Washington','United States','206-524-8680','jay@artandarch.net',2,'jay Lazerwitz','','6126 12th Avenue NE','','Seattle','98115','Washington','United States',2,'jay Lazerwitz','','6126 12th Avenue NE','','Seattle','98115','Washington','United States',2,'Credit/Debit Card or eCheck (via PayPal)','','','','',NULL,'2009-10-10 13:03:12',4,NULL,'USD',1.000000,0),(1643,1527,'Jeffrey Kerman','','2200 Ocean Ave Apt.#5C','','Brooklyn','11229','New York','United States','3472030879','nj12nets@aol.com',2,'Jeffrey Kerman','','2200 Ocean Ave Apt.#5C','','Brooklyn','11229','New York','United States',2,'Jeffrey Kerman','','2200 Ocean Ave Apt.#5C','','Brooklyn','11229','New York','United States',2,'Credit/Debit Card or eCheck (via PayPal)','','','','','2009-10-02 15:10:05','2009-09-23 08:49:11',3,NULL,'USD',1.000000,0),(1644,1401,'Thomas Barr','','1813 Potrero Way','','Sacramento','95822','California','United States','916-402-4880','tcbiii@yahoo.com',2,'Thomas Barr','','1813 Potrero Way','','Sacramento','95822','California','United States',2,'Thomas Barr','','1813 Potrero Way','','Sacramento','95822','California','United States',2,'Authorize.net AIM','American Express','Thomas Barr','3717XXXXXXXX1008','0911','2009-10-05 09:33:25','2009-09-24 17:30:55',3,NULL,'USD',1.000000,0),(1645,1530,'Corinne Shea','','1107 Mesa Dr','','Eagle','81631','Colorado','United States','9704719652','dshea88@yahoo.com',2,'Daniel Shea','','412 Founders Ave','','Eagle','81631','Colorado','United States',2,'Corinne Shea','','1107 Mesa Dr','','Eagle','81631','Colorado','United States',2,'Authorize.net AIM','Visa','Corinne Shea','4653XXXXXXXX5234','0510','2009-11-03 09:40:12','2009-09-26 22:19:27',3,NULL,'USD',1.000000,0),(1646,1531,'Paul Lindert','','6187 Meadow Lane','','Hazelhurst','54531','Wisconsin','United States','715-356-7945','max.lindert@gmail.com',2,'Paul Lindert','','6187 Meadow Lane','','Hazelhurst','54531','Wisconsin','United States',2,'Paul Lindert','','6187 Meadow Lane','','Hazelhurst','54531','Wisconsin','United States',2,'Credit/Debit Card or eCheck (via PayPal)','','','','','2009-10-08 09:54:55','2009-09-28 12:14:40',3,NULL,'USD',1.000000,0),(1648,1534,'Gregory Mitchell','','3589 Stephies Ct','','Alexandria','22309','Virginia','United States','703-626-7838','quietpianist32@verizon.net',2,'Malcolm Montgomery','','3589 Stephies Ct','','Alexandria','22309','Virginia','United States',2,'Gregory Mitchell','','3589 Stephies Ct','','Alexandria','22309','Virginia','United States',2,'Credit/Debit Card or eCheck (via PayPal)','','','','','2009-10-14 15:46:41','2009-10-02 17:28:00',3,NULL,'USD',1.000000,0),(1649,1536,'Erika Noriega','','4329 1/2 33rd St','','San Diego','92104','California','United States','8589450106','erikanoriega460@hotmail.com',2,'Erika Noriega','','4329 1/2 33rd St','','San Diego','92104','California','United States',2,'Erika Noriega','','3142 Midway Dr B101','','San Diego','92104','California','United States',2,'Authorize.net AIM','Visa','Erika Noriega','4873XXXXXXXX0800','0812','2009-11-03 09:01:58','2009-10-03 17:21:09',3,NULL,'USD',1.000000,0),(1650,1537,'Jordyn owen','','351 Mindoro St.','','Morro Bay','93442','California','United States','559-909-4339','jordyn_owen@yahoo.com',2,'Jordyn owen','','351 Mindoro St.','','Morro Bay','93442','California','United States',2,'Jordyn owen','','351 Mindoro St.','','Morro Bay','93442','California','United States',2,'Credit/Debit Card or eCheck (via PayPal)','','','','','2009-10-14 15:47:21','2009-10-04 21:15:15',3,NULL,'USD',1.000000,0),(1676,1588,'Troy Hudson','','5118 Ludlow st.','','Phila.','19139','Pennsylvania','United States','267-243-8945','thbigh@yahoo.com',2,'Troy Hudson','','42 n. Millbourne ave.','','Upper Darby','19082','Pennsylvania','United States',2,'Troy Hudson','','5118 Ludlow st.','','Phila.','19139','Pennsylvania','United States',2,'Credit/Debit Card or eCheck (via PayPal)','','','','','2009-11-03 09:08:47','2009-10-22 14:49:31',3,NULL,'USD',1.000000,0),(1652,1539,'Henry Simpson','','724 Coyner Springs Rd','','Roanoke','24012','Virginia','United States','540-977-4714','nursery@elegantroses.com',2,'Henry Simpson','','724 Coyner Springs Rd','','Roanoke','24012','Virginia','United States',2,'Henry Simpson','','724 Coyner Springs Rd','','Roanoke','24012','Virginia','United States',2,'Authorize.net AIM','Master Card','Henry Simpson','5188XXXXXXXX0679','0212','2009-10-22 08:38:26','2009-10-07 19:16:48',3,NULL,'USD',1.000000,0),(1668,1566,'Michael Lehr','','1025 Silvercrest Dr','','Webster','14580','New York','United States','5857506773','mikeelehr@gmail.com',2,'Michael Lehr','','1025 Silvercrest Dr','','Webster','14580','New York','United States',2,'Michael Lehr','','1025 Silvercrest Dr','','Webster','14580','New York','United States',2,'Authorize.net AIM','Master Card','Michael Lehr','5179XXXXXXXX4802','0712','2009-10-20 15:04:31','2009-10-16 14:26:06',3,NULL,'USD',1.000000,0),(1654,1542,'Danielle Scholz','','66 East 79th st, #7','','New York','10075','New York','United States','212-812-3119','bhh@kingstreet.com',2,'Danielle Scholz','','66 East 79th st, #7','','New York','10075','New York','United States',2,'Danielle Scholz','','66 East 79th st, #7','','New York','10075','New York','United States',2,'Authorize.net AIM','American Express','Danielle Scholz','3728XXXXXXXX1097','0513','2009-10-08 16:05:58','2009-10-08 14:22:19',1,NULL,'USD',1.000000,0),(1655,1540,'jamie schultz','','245 22 AVE NW','','CALGARY','T2M1N2','AB','Canada','403 826 4039','JAMIESCHULTZ@HOTMAIL.COM',1,'jamie schultz','','245 22 AVE NW','','CALGARY','T2M1N2','AB','Canada',1,'jamie schultz','','245 22 AVE NW','','CALGARY','T2M1N2','AB','Canada',1,'Credit/Debit Card or eCheck (via PayPal)','','','','','2009-10-20 08:13:44','2009-10-09 00:29:02',3,NULL,'USD',1.000000,0),(1657,1502,'Bob Hohimer','','1208 S. 10th St.','','Pekin','61554','Illinois','United States','3092296060','bhohimer@htsdd.net',2,'Bob Hohimer','','PO Box 1508','','Pekin','61555-1508','Illinois','United States',2,'Bob Hohimer','','1208 S. 10th St.','','Pekin','61554','Illinois','United States',2,'Authorize.net AIM','Visa','Bob Hohimer','4264XXXXXXXX0187','1116','2009-10-20 08:10:55','2009-10-11 03:10:59',3,NULL,'USD',1.000000,0),(1658,1548,'Andrew Johnson','','12346 Drake St NW','','Coon Rapids','55448','Minnesota','United States','7632744365','andywins@live.com',2,'Andrew Johnson','','12346 Drake St NW','','Coon Rapids','55448','Minnesota','United States',2,'Andrew Johnson','','1819 127th Ave NE','','Blaine','55449','Minnesota','United States',2,'Authorize.net AIM','Visa','Andrew Johnson','4323XXXXXXXX0000','1110','2009-10-20 08:13:20','2009-10-11 20:42:11',3,NULL,'USD',1.000000,0),(1659,1545,'alex katz','','105-37 65th ave','','forest hills','11375','New York','United States','526 765 6777','floydfanx6@yahoo.com',2,'alex katz','','105-37 65th ave APT 5A','','forest hills','11375','New York','United States',2,'alex katz','','105-37 65th ave','','forest hills','11375','New York','United States',2,'Authorize.net AIM','Master Card','alex katz','5362XXXXXXXX7069','0910','2009-11-03 09:02:45','2009-10-12 01:46:51',3,NULL,'USD',1.000000,0),(1660,1549,'Charmaine Saith','','5500 Alhambra Drive','','Orlando','32808','Florida','United States','4072902371','charmaine@devoeng.com',2,'Charmaine Saith','','5500 Alhambra Drive','','Orlando','32808','Florida','United States',2,'Charmaine Saith','','5500 Alhambra Drive','','Orlando','32808','Florida','United States',2,'Credit/Debit Card or eCheck (via PayPal)','','','','','2009-10-14 15:48:28','2009-10-12 09:24:39',3,NULL,'USD',1.000000,0),(1673,1581,'thomas ornelas','','13590 m-26','','mohawk','49950','Michigan','United States','9062894904','tornelas@pasty.com',2,'thomas ornelas','','13590 m-26','','mohawk','49950','Michigan','United States',2,'thomas ornelas','','13590 m-26','','mohawk','49950','Michigan','United States',2,'Credit/Debit Card or eCheck (via PayPal)','','','','','2009-11-03 09:07:42','2009-10-20 17:20:36',3,NULL,'USD',1.000000,0),(1662,1554,'Trenton Harris','','955 North 85th Street','','Scottsdale','85257','Arizona','United States','480-941-0107','4trenton@gmail.com',2,'Trenton Harris','','955 North 85th Street','','Scottsdale','85257','Arizona','United States',2,'Trenton Harris','','955 North 85th Street','','Scottsdale','85257','Arizona','United States',2,'Authorize.net AIM','Visa','Trenton Harris','4300XXXXXXXX8282','0910','2009-10-16 08:12:24','2009-10-12 23:34:19',3,NULL,'USD',1.000000,0),(1665,1431,'Amy Anderson','','350 S. Meade St.','','Denver','80219','Colorado','United States','(720) 935-8791','blindustries.blake@gmail.com',2,'Amy Anderson','','350 S. Meade St.','','Denver','80219','Colorado','United States',2,'Amy Anderson','','350 S. Meade St.','','Denver','80219','Colorado','United States',2,'Authorize.net AIM','Visa','Amy Anderson','4868XXXXXXXX8614','0812','2009-10-20 08:12:57','2009-10-13 17:29:42',3,NULL,'USD',1.000000,0),(1666,1561,'chris Van Den Brock','','1036 Laplante rd','','Tillsonburg','N4G 4G9','Ontario','Canada','519-842-4985','chrisvdb75@rogers.com',1,'chris Van Den Brock','','1036 Laplante rd','','Tillsonburg','N4G 4G9','Ontario','Canada',1,'chris Van Den Brock','','1036 Laplante rd','','Tillsonburg','N4G 4G9','Ontario','Canada',1,'Authorize.net AIM','Visa','chris Van Den Brock','4520XXXXXXXX4301','0210','2009-11-03 09:03:15','2009-10-14 23:43:07',3,NULL,'USD',1.000000,0),(1667,1563,'George Starkey','','1308 Elizabeth Ave.','','Escalon','95320','California','United States','2098383414','georgestarkey@hotmail.com',2,'George Starkey','','1308 Elizabeth Ave.','','Escalon','95320','California','United States',2,'George Starkey','','1308 Elizabeth Ave.','','Escalon','95320','California','United States',2,'Credit/Debit Card or eCheck (via PayPal)','','','','','2009-10-22 09:20:22','2009-10-15 21:30:58',3,NULL,'USD',1.000000,0),(1669,1571,'Phillip Dillon','','1719 W Cameron St','','Tulsa','74127','Oklahoma','United States','918 814 6804','phillipdillon@gmail.com',2,'Phillip Dillon','','1719 W Cameron St','','Tulsa','74127','Oklahoma','United States',2,'Phillip Dillon','','1719 W Cameron St','','Tulsa','74127','Oklahoma','United States',2,'Credit/Debit Card or eCheck (via PayPal)','','','','','2009-11-03 09:04:05','2009-10-17 17:18:54',3,NULL,'USD',1.000000,0),(1670,1575,'mark wong','','3786 s norton ave','','los angele','90018','California','United States','2136182759','bigdogla@hotmail.com',2,'mark wong','','3786 s norton ave','','los angele','90018','California','United States',2,'mark wong','','3786 s norton ave','','los angele','90018','California','United States',2,'Authorize.net AIM','Visa','mark wong','4115XXXXXXXX1062','0310','2009-12-22 08:01:53','2009-10-18 15:02:31',3,NULL,'USD',1.000000,0),(1671,1569,'Anton Timokhin','','4121 7th ave, apt. H','','Brooklyn','11232','New York','United States','3476519781','antimoh@gmail.com',2,'Anton Timokhin','','4121 7th ave, apt. H','','Brooklyn','11232','New York','United States',2,'Anton Timokhin','','46 Bay 11th street','','Brooklyn','11228','New York','United States',2,'Authorize.net AIM','Visa','Anton Timokhin','4117XXXXXXXX6733','0912','2009-11-03 09:07:13','2009-10-18 21:17:07',3,NULL,'USD',1.000000,0),(1675,1583,'Thomas Raia','','88 PIne Street','','New York','10305','New York','United States','917-704-2117','raia.t@otcgh.com',2,'Thomas Raia c/o OTCGH','','88 Pine Street, 15th Flr','','New York','10005','New York','United States',2,'Thomas Raia','','227 Buel Avenue, 1A','','Staten Island','10305','New York','United States',2,'Credit/Debit Card or eCheck (via PayPal)','','','','','2009-11-03 09:08:05','2009-10-21 16:41:38',3,NULL,'USD',1.000000,0),(1751,1744,'Thomas Mattson','','15219 Stradford Lane','','Orland Park','60462','Illinois','United States','708 254-6419','cam1270@yahoo.com',2,'Thomas Mattson','','15219 Stradford Lane','','Orland Park','60462','Illinois','United States',2,'Thomas Mattson','','15219 Stradford Lane','','Orland Park','60462','Illinois','United States',2,'Credit/Debit Card or eCheck (via PayPal)','','','','','2009-12-22 07:52:37','2009-12-13 23:42:26',3,NULL,'USD',1.000000,0),(1726,1699,'Travis Wilde','','1403 Stannage Ave','','Berkeley','94702','California','United States','510-917-3172','wildemedia@yahoo.com',2,'Travis Wilde','','1403 Stannage Ave','','Berkeley','94702','California','United States',2,'Suzanne T Wilde','','1403 stannage Ave','','Berkeley','94702','California','United States',2,'Authorize.net AIM','Visa','Suzanne T Wilde','4868XXXXXXXX6500','0112','2009-12-08 16:00:16','2009-11-28 19:19:15',3,NULL,'USD',1.000000,0),(1679,1598,'chris vanbavel','','19 fieldstone lane','','ocean','07712','New Jersey','United States','9084895087','vze3bs88@verizon.net',2,'chris vanbavel','','19 fieldstone lane','','ocean','07712','New Jersey','United States',2,'chris vanbavel','','19 fieldstone lane','','ocean','07712','New Jersey','United States',2,'Credit/Debit Card or eCheck (via PayPal)','','','','','2009-11-03 09:09:10','2009-10-25 11:03:45',3,NULL,'USD',1.000000,0),(1681,1611,'Michael Falcone','','228 Old Tavern Rd','','Orange','06477','Connecticut','United States','2036766772','riddleofdesire@yahoo.com',2,'Michael Falcone','','228 Old Tavern Rd','','Orange','06477','Connecticut','United States',2,'Michael Falcone','','228 Old Tavern Rd','','Orange','06477','Connecticut','United States',2,'Authorize.net AIM','Master Card','Michael F Falcone','5401XXXXXXXX7771','1012','2009-11-03 09:09:35','2009-10-27 14:17:53',3,NULL,'USD',1.000000,0),(1682,1612,'kurt lewis','','23018 78th ave ct e','','graham','98338','Washington','United States','2535798234','Trigvlee@yahoo.com',2,'kurt lewis','','23018 78th ave ct e','','graham','98338','Washington','United States',2,'kurt lewis','','23018 78th ave ct e','','graham','98338','Washington','United States',2,'Authorize.net AIM','Visa','kurt lewis','4465XXXXXXXX6629','0811','2009-10-28 08:18:50','2009-10-28 03:09:26',1,NULL,'USD',1.000000,0),(1683,1613,'Aaron Smith','','300 Private Road 5294','','Yantis','75497','Texas','United States','2142289748','guitarabuser@gmail.com',2,'Aaron Smith','','300 Private Road 5294','','Yantis','75497','Texas','United States',2,'Aaron Smith','','300 Private Road 5294','','Yantis','75497','Texas','United States',2,'Authorize.net AIM','American Express','Aaron Smith','3717XXXXXXXX3002','0213','2009-11-03 09:09:56','2009-10-28 13:39:44',3,NULL,'USD',1.000000,0),(1684,1615,'Travis Maslow','','44 Binney Street. Mayer 630','','Boston','02115','Massachusetts','United States','617-632-5806','travis_maslow@dfci.harvard.edu',2,'Travis Maslow','','44 Binney Street. Mayer 630','','Boston','02115','Massachusetts','United States',2,'A. Thomas Look','','44 Binney Street','','Boston','02115','Massachusetts','United States',2,'Authorize.net AIM','Master Card','A. Thomas Look','5405XXXXXXXX6185','1111','2009-11-05 14:58:32','2009-10-29 14:53:45',3,NULL,'USD',1.000000,0),(1685,1618,'noah burr','','1730 dutcher creek rd','','grants pass','97527','Oregon','United States','503 804 9141','wendyabaker@yahoo.com',2,'noah burr','','1730 dutcher creek rd','','grants pass','97527','Oregon','United States',2,'noah burr','','1730 dutcher creek rd','','grants pass','97527','Oregon','United States',2,'Authorize.net AIM','Master Card','noah burr','5466XXXXXXXX9373','1011','2009-11-05 14:58:58','2009-10-30 15:47:10',3,NULL,'USD',1.000000,0),(1686,1622,'Angela C Coldwell','','4282 Kingston Gate Cove','','Atlanta','30341','Georgia','United States','404-660-2972','angelacoldwell2003@hotmail.com',2,'Angela C Coldwell','','4282 Kingston Gate Cove','','Atlanta','30341','Georgia','United States',2,'Angela C Coldwell','','4282 Kingston Gate Cove','','Atlanta','30341','Georgia','United States',2,'Authorize.net AIM','Master Card','Angela C Coldwell','5424XXXXXXXX7454','0311','2009-11-02 10:07:00','2009-11-01 09:10:10',2,NULL,'USD',1.000000,0),(1687,1516,'Chris Galea','','8540 Perrin Ave','','Westland','48185','Michigan','United States','313-808-2995','migreencross@gmail.com',2,'Chris Galea','','8540 Perrin Ave','','Westland','48185','Michigan','United States',2,'Chris Galea','','8540 Perrin Ave','','Westland','48185','Michigan','United States',2,'Authorize.net AIM','Visa','Chris Galea','4147XXXXXXXX6946','0512','2009-11-20 16:10:23','2009-11-02 11:44:15',3,NULL,'USD',1.000000,0),(1688,1624,'leonard goh','','40 Audrey Road','','Westbury','11590','New York','United States','917-612-4950','leonardgoh@gmail.com',2,'leonard goh','','40 Audrey Road','','Westbury','11590','New York','United States',2,'leonard goh','','40 Audrey Road','','Westbury','11590','New York','United States',2,'Authorize.net AIM','Master Card','khai-kee goh','5466XXXXXXXX6936','1209','2009-12-11 11:09:35','2009-11-02 20:26:11',3,NULL,'USD',1.000000,0),(1689,1630,'Belle Ribicoff','','81 Bloomfield Avenue','','Hartford','06105','Connecticut','United States','(860)233-5030','Ribicoff@aol.com',2,'Belle Ribicoff','','81 Bloomfield Avenue','','Hartford','06105','Connecticut','United States',2,'Belle Ribicoff','','81 Bloomfield Avenue','','Hartford','06105','Connecticut','United States',2,'Credit/Debit Card or eCheck (via PayPal)','','','','','2009-11-20 16:10:47','2009-11-03 19:26:13',3,NULL,'USD',1.000000,0),(1690,1632,'loren aldrich','','1628 louisiana ave','','saint louis park','55426','Minnesota','United States','6128191698','nlpowder@yahoo.com',2,'loren aldrich','','1628 louisiana ave','','saint louis park','55426','Minnesota','United States',2,'loren aldrich','','1628 louisiana ave','','saint louis park','55426','Minnesota','United States',2,'Authorize.net AIM','Discover','loren aldrich','6011XXXXXXXX0722','0513','2009-11-20 16:11:08','2009-11-04 08:55:03',3,NULL,'USD',1.000000,0),(1691,1633,'James Mullins','','212 Broomsage Rd','','Fairmont','26554','West Virginia','United States','3046576336','j2mullins@netzero.net',2,'James Mullins','','212 Broomsage Rd','','Fairmont','26554','West Virginia','United States',2,'James Mullins','','212 Broomsage Rd','','Fairmont','26554','West Virginia','United States',2,'Authorize.net AIM','Master Card','James Mullins','5178XXXXXXXX0760','0910','2009-11-05 13:05:14','2009-11-04 10:13:10',2,NULL,'USD',1.000000,0),(1692,1634,'Vinh Nguyen','','6903 Kingwood Dr','','Falls Church','22042','Virginia','United States','571-297-4652','nguyenvanv@yahoo.com',2,'Vinh Nguyen','','6903 Kingwood Dr','','Falls Church','22042','Virginia','United States',2,'Vinh Nguyen','','6903 Kingwood Dr','','Falls Church','22042','Virginia','United States',2,'Credit/Debit Card or eCheck (via PayPal)','','','','','2009-11-09 09:29:50','2009-11-04 10:37:21',3,NULL,'USD',1.000000,0),(1693,1635,'Jim Friedman','','931 Harding Ave','','Venice','90291','California','United States','310-528-1358','jimf@ucla.edu',2,'Jim Friedman','','931 Harding Ave','','Venice','90291','California','United States',2,'Jim Friedman','','931 Harding Ave','','Venice','90291','California','United States',2,'Authorize.net AIM','Visa','Jim Friedman','4300XXXXXXXX0409','0111','2009-11-06 17:02:59','2009-11-04 14:01:50',3,NULL,'USD',1.000000,0),(1724,1677,'DONNELL COLE','','318 BROADWAY','','NEWPORT','02840','Rhode Island','United States','401-527-3276','MASTERFULD@aol.COM',2,'DONNELL COLE','','318 BROADWAY','','NEWPORT','02840','Rhode Island','United States',2,'DONNELL COLE','','318 BROADWAY','','NEWPORT','02840','Rhode Island','United States',2,'Credit/Debit Card or eCheck (via PayPal)','','','','','2009-12-22 15:00:34','2009-11-26 11:53:39',3,NULL,'USD',1.000000,0),(1699,1647,'Brandon Gegg','','4309 Nagle St.','','Bryan','77801','Texas','United States','5738800040','bgegg@yahoo.com',2,'Brandon Gegg','','4309 Nagle St.','','Bryan','77801','Texas','United States',2,'Brandon Gegg','','4309 Nagle St.','','Bryan','77801','Texas','United States',2,'Credit/Debit Card or eCheck (via PayPal)','','','','','2009-11-20 08:55:12','2009-11-12 17:04:26',2,NULL,'USD',1.000000,0),(1700,1648,'Allan Tokoro','','2135 Eluwene st','','Honolulu','96819','Hawaii','United States','808-221-0477','atokoro@hawaii.rr.com',2,'Allan Tokoro','','2135 Eluwene st','','Honolulu','96819','Hawaii','United States',2,'Allan Tokoro','','pob 871','','Kaneohe','96744','Hawaii','United States',2,'Credit/Debit Card or eCheck (via PayPal)','','','','','2010-01-15 11:19:25','2009-11-13 19:29:55',1,NULL,'USD',1.000000,0),(1696,1645,'kenneth fluke','','8437 forest hills dr apt 306','','coral springs','33065','Florida','United States','954-531-8634','kennyfl306@aol.com',2,'kenneth fluke','','8437 forest hills dr apt 306','','coral springs','33065','Florida','United States',2,'kenneth fluke','','8437 forest hills dr apt 306','','coral springs','33065','Florida','United States',2,'Authorize.net AIM','Visa','kenneth fluke','4828XXXXXXXX6015','0413','2009-11-16 14:57:41','2009-11-12 00:07:43',3,NULL,'USD',1.000000,0),(1697,1637,'James Adams','','1719 West Hillsdale St.','','Lansing','48915','Michigan','United States','8438301621','adamsjr1@hotmail.com',2,'James Adams','','1719 West Hillsdale St.','','Lansing','48915','Michigan','United States',2,'Amber Andaloro','','1719 W Hillsdale St','','Lansing','48915','Michigan','United States',2,'Authorize.net AIM','Visa','Amber N Andaloro','4862XXXXXXXX2801','0412','2009-11-20 16:09:07','2009-11-12 01:14:57',3,NULL,'USD',1.000000,0),(1698,1646,'Dale Silbernagel','','1815 NW Lamont St Apt B','','Pullman','99163','Washington','United States','5035104782','TourboBlue@gmail.com',2,'Dale Silbernagel','','1815 NW Lamont St Apt B','','Pullman','99163','Washington','United States',2,'Dale Silbernagel','','1815 NW Lamont St Apt B','','Pullman','99163','Washington','United States',2,'Credit/Debit Card or eCheck (via PayPal)','','','','','2009-12-22 12:45:49','2009-11-12 02:33:42',5,NULL,'USD',1.000000,0),(1701,1649,'Heidi Pawelski','','1208 Canterbury Dr','','South Bend','46628','Indiana','United States','5742461419','heipaw@comcast.net',2,'Heidi Pawelski','','1208 Canterbury Dr','','South Bend','46628','Indiana','United States',2,'Heidi Pawelski','','1208 Canterbury Dr','','South Bend','46628','Indiana','United States',2,'Authorize.net AIM','Visa','Heidi Pawelski','4800XXXXXXXX1107','1010','2009-11-20 08:54:49','2009-11-14 14:34:14',2,NULL,'USD',1.000000,0),(1702,1652,'Nathan Cline','','PO Box 461','','Attalla','35954','Alabama','United States','256-328-0688','nathan.cline@gmail.com',2,'Nathan Cline','','34 Southern Ave','','Gadsden','35904','Alabama','United States',2,'Nathan Cline','','PO Box 461','','Attalla','35954','Alabama','United States',2,'Authorize.net AIM','Visa','Nathan Cline','4238XXXXXXXX8741','0211','2009-11-16 10:13:18','2009-11-15 16:37:56',2,NULL,'USD',1.000000,0),(1743,1730,'William Sutherlin','','14100 Riverdowns N terrace','','Midlothian','23113','Virginia','United States','8047947378','wdsutherlin@yahoo.com',2,'William Sutherlin','','14100 Riverdowns N terrace','','Midlothian','23113','Virginia','United States',2,'William Sutherlin','','14100 Riverdowns N terrace','','Midlothian','23113','Virginia','United States',2,'Authorize.net AIM','Visa','William Sutherlin','4608XXXXXXXX5880','1210','2010-03-16 14:48:05','2009-12-03 13:30:56',3,NULL,'USD',1.000000,0),(1704,1655,'Wendy Ryan','','1028 Rock Creek Rd','','Clinton','59825','Montana','United States','406-825-3169','wryan@blackfoot.net',2,'Wendy Ryan','','1028 Rock Creek Rd','','Clinton','59825','Montana','United States',2,'Wendy Ryan','','1028 Rock Creek Rd','','Clinton','59825','Montana','United States',2,'Authorize.net AIM','Visa','Fred J. Ryan Jr','4828XXXXXXXX2013','0313','2009-11-20 16:07:33','2009-11-16 13:28:31',3,NULL,'USD',1.000000,0),(1705,1660,'Jerrad Barclay','','2231 W. eugene','','hood river','97031','Oregon','United States','541-436-2616','Odyssey0412@yahoo.com',2,'Jerrad Barclay','','2231 W. eugene','','hood river','97031','Oregon','United States',2,'Jerrad Barclay','','2231 W. eugene','','hood river','97031','Oregon','United States',2,'Credit/Debit Card or eCheck (via PayPal)','','','','','2009-11-19 09:14:32','2009-11-17 14:39:32',2,NULL,'USD',1.000000,0),(1706,1661,'Caylan Larson','','409 S 5th St','','Grand Forks','58201','North Dakota','United States','608-554-4595','i@caylan.net',2,'Caylan Larson','','409 S 5th St','','Grand Forks','58201','North Dakota','United States',2,'Caylan Larson','','409 S 5th St','','Grand Forks','58201','North Dakota','United States',2,'Authorize.net AIM','Visa','Caylan Larson','4465XXXXXXXX4262','0611','2009-11-20 08:53:16','2009-11-17 18:00:02',2,NULL,'USD',1.000000,0),(1707,1665,'David Olivares','','5111 Rocky Mountain Dr.','','Indianapolis','46237','Indiana','United States','317-603-3517','deolivares@gmail.com',2,'David Olivares','','5111 Rocky Mountain Dr.','','Indianapolis','46237','Indiana','United States',2,'David Olivares','','5111 Rocky Mountain Dr.','','Indianapolis','46237','Indiana','United States',2,'Authorize.net AIM','Master Card','David Olivares','5108XXXXXXXX0158','1211','2009-11-20 10:45:13','2009-11-18 19:34:24',2,NULL,'USD',1.000000,0),(1717,1690,'Shawn Greenfield','','po 9397','','avon','81620','Colorado','United States','9703314708','sgreenfield82@yahoo.com',2,'Shawn Greenfield','','39211 hwy 6 unit 204 c','','avon','81620','Colorado','United States',2,'Shawn Greenfield','','po 9397','','avon','81620','Colorado','United States',2,'Authorize.net AIM','Visa','Shawn Greenfield','4788XXXXXXXX1644','0610','2010-01-18 17:48:16','2009-11-24 14:07:46',5,NULL,'USD',1.000000,0),(1709,1639,'MAURICE REIDY','','5 NEWTOWNE CT #24','','CAMBRIDGE','02139','Massachusetts','United States','617-876-2018','nitrogig@yahoo.com',2,'MAURICE REIDY','','5 NEWTOWNE CT #24','','CAMBRIDGE','02139','Massachusetts','United States',2,'MAURICE REIDY','','5 NEWTOWNE CT #24','','CAMBRIDGE','02139','Massachusetts','United States',2,'Authorize.net AIM','Visa','MAURICE REIDY','4676XXXXXXXX9675','0712','2009-11-30 13:04:28','2009-11-19 08:11:41',2,NULL,'USD',1.000000,0),(1716,1686,'Donald Simms','','20080 Saddle Blanket Ln.','','Peyton','80831','Colorado','United States','303-648-9232','donaldsimms@gmail.com',2,'Donald Simms','','20080 Saddle Blanket Ln.','','Peyton','80831','Colorado','United States',2,'Donald Simms','','20080 Saddle Blanket Ln.','','Peyton','80831','Colorado','United States',2,'Authorize.net AIM','Visa','Donald Simms','4414XXXXXXXX0971','0212','2009-11-24 08:14:56','2009-11-23 18:28:47',2,NULL,'USD',1.000000,0),(1712,1673,'barb garrott','','1541 Highway 99','','Troy','83871','Idaho','United States','2088352969','fixit@orphanespresso.com',2,'barb garrott','','1541 Highway 99','','Troy','83871','Idaho','United States',2,'barb garrott','','1541 Highway 99','','Troy','83871','Idaho','United States',2,'Authorize.net AIM','Master Card','barb garrott','5424XXXXXXXX0473','1010','2009-11-23 08:25:03','2009-11-21 20:02:58',2,NULL,'USD',1.000000,0),(1714,1680,'Joseph Wolodkiewicz','','724 21st St. Apt 7','','Hermosa Beach','90254','California','United States','3103566286','joe.wolodkiewicz@gmail.com',2,'Joseph Wolodkiewicz','','724 21st St. Apt 7','','Hermosa Beach','90254','California','United States',2,'Joseph Wolodkiewicz','','724 21st St. Apt 7','','Hermosa Beach','90254','California','United States',2,'Authorize.net AIM','Visa','Joseph Wolodkiewicz','4264XXXXXXXX2067','0110','2009-11-23 08:30:31','2009-11-22 23:57:01',2,NULL,'USD',1.000000,0),(1715,1683,'Noah Machtinger','','901 Cambridge Ave.','','Menlo Park','94025','California','United States','4155590051','bamboozler4@hotmail.com',2,'Noah Machtinger','','901 Cambridge Ave.','','Menlo Park','94025','California','United States',2,'Noah Machtinger','','901 Cambridge Ave.','','Menlo Park','94025','California','United States',2,'Credit/Debit Card or eCheck (via PayPal)','','','','',NULL,'2009-11-23 13:08:32',4,NULL,'USD',1.000000,0),(1718,1678,'ryan white','','400 melody ln','','enigma','31749','Georgia','United States','229-5334593','ryan_k@mchsi.com',2,'ryan white','','400 melody ln','','enigma','31749','Georgia','United States',2,'ryan white','','400 melody ln','','enigma','31749','Georgia','United States',2,'Authorize.net AIM','Visa','Ryan White','4736XXXXXXXX7863','0111','2009-11-25 10:17:45','2009-11-24 16:51:15',2,NULL,'USD',1.000000,0),(1745,1731,'Shauna Chlarson','','638 E Dunn','','Pocatello','83209','Idaho','United States','208-282-4469','chlashau@isu.edu',2,'Shauna Chlarson','','638 E Dunn','','Pocatello','83209','Idaho','United States',2,'Shauna Chlarson','','638 E Dunn','','Pocatello','83209','Idaho','United States',2,'Authorize.net AIM','Master Card','Shauna Chlarson','5405XXXXXXXX6847','0410','2010-01-06 11:48:36','2009-12-03 18:46:09',3,NULL,'USD',1.000000,0),(1742,1728,'Andrew Silver','','154 Seville Chase Drive','','Winter Springs','32708','Florida','United States','407-719-5535','asilver@cfl.rr.com',2,'Andrew Silver','','154 Seville Chase Drive','','Winter Springs','32708','Florida','United States',2,'Andrew Silver','','154 Seville Chase Drive','','Winter Springs','32708','Florida','United States',2,'Credit/Debit Card or eCheck (via PayPal)','','','','','2009-12-22 14:59:15','2009-12-02 21:44:22',3,NULL,'USD',1.000000,0),(1720,1692,'Carol Peastrel','','13706 Kensal Green Dr','','Charlotte','28278','North Carolina','United States','704-641-0427','creativecurl@gmail.com',2,'Carol Peastrel','','13706 Kensal Green Dr','','Charlotte','28278','North Carolina','United States',2,'Carol Peastrel','','13706 Kensal Green Dr','','Charlotte','28278','North Carolina','United States',2,'Authorize.net AIM','Visa','Carol Peastrel','4828XXXXXXXX1016','1113','2010-01-26 17:05:20','2009-11-25 08:21:25',5,NULL,'USD',1.000000,0),(1721,1693,'Driedger COMPANY','','165 New Boston Street PKC PHARMA','','Woburn','01801','Massachusetts','United States','781-935-3900','pe@pkc1.com',2,'Driedger COMPANY','','165 New Boston Street PKC PHARMA','','Woburn','01801','Massachusetts','United States',2,'Paul E Driedger','','165 New Boston Street','','Woburn','01801','Massachusetts','United States',2,'Authorize.net AIM','Visa','Paul E Driedger','4246XXXXXXXX7683','0311','2009-12-16 12:50:19','2009-11-25 09:45:02',3,NULL,'USD',1.000000,0),(1727,1701,'Betsy Case','','333 Fuller Ave','','Falls Creek','15840','Pennsylvania','United States','814-591-9143','bjcase15840@comcast.net',2,'Betsy Case','','TESI, 906 Beaver Drive','','Du Bois','15801','Pennsylvania','United States',2,'Betsy Case','','333 Fuller Ave','','Falls Creek','15840','Pennsylvania','United States',2,'Credit/Debit Card or eCheck (via PayPal)','','','','','2009-12-30 15:24:14','2009-11-29 00:16:00',5,NULL,'USD',1.000000,0),(1744,1511,'Andy Dunstan','','7922 Santa Ana Rd','','Ventura','93001-9723','California','United States','805-648-6808','adunstan@sighouse.com',2,'Andy Dunstan','','7922 Santa Ana Rd','','Ventura','93001-9723','California','United States',2,'Andy Dunstan','','7922 Santa Ana Rd','','Ventura','93001-9723','California','United States',2,'Credit/Debit Card or eCheck (via PayPal)','','','','','2010-03-16 14:41:13','2009-12-03 16:39:46',3,NULL,'USD',1.000000,0),(1754,1756,'Peter Wagner','','375 Umstead Dr #A','','Chapel Hill','27516','North Carolina','United States','919-929-2724','suburbanpete@gmail.com',2,'Peter Wagner','','375 Umstead Dr #A','','Chapel Hill','27516','North Carolina','United States',2,'Peter Wagner','','375 Umstead Dr #A','','Chapel Hill','27516','North Carolina','United States',2,'Authorize.net AIM','Discover','Peter Wagner','6011XXXXXXXX9627','0313','2009-12-30 08:55:51','2009-12-20 15:20:00',3,NULL,'USD',1.000000,0),(1748,1734,'Joanna Zalewska','','19335 SW 66th St.','','PEMBROKE PINES','33332','Florida','United States','954-676-4154','joannazalewska05@gmail.com',2,'Joanna Zalewska','','19335 SW 66th St.','','PEMBROKE PINES','33332','Florida','United States',2,'Joanna Zalewska','','19335 SW 66th St.','','PEMBROKE PINES','33332','Florida','United States',2,'Credit/Debit Card or eCheck (via PayPal)','','','','','2009-12-22 14:58:33','2009-12-06 14:18:41',3,NULL,'USD',1.000000,0),(1732,1712,'Edwaed Popovich','','7921 Glenwood','','Highland','46322','Indiana','United States','2196808795','e_popovich@yahoo.com',2,'Edward Popovich','','7921 Glenwood','','Highland','46322','Indiana','United States',2,'Edward Popovich','','7921 Glenwood','','Highland','46322','Indiana','United States',2,'Authorize.net AIM','Master Card','Edward Popovich','5490XXXXXXXX7594','0212','2010-05-04 08:08:50','2009-11-30 05:13:36',5,NULL,'USD',1.000000,0),(1740,1577,'Richard Cook','','199 Old Field Rd','','East Setauket','11733','New York','United States','6316897724','rcook33769@yahoo.com',2,'Richard Cook','','199 Old Field Rd','','East Setauket','11733','New York','United States',2,'Richard Cook','','199 Old Field Rd','','East Setauket','11733','New York','United States',2,'Authorize.net AIM','Master Card','Richard Cook','5466XXXXXXXX9333','0411','2010-05-04 08:09:00','2009-12-02 12:52:22',3,NULL,'USD',1.000000,0),(1734,1715,'Yoni Schwartz','','9890 Atherton','','Highlands Ranch','80130','Colorado','United States','303.997.2869','nokdim@gmail.com',2,'Yoni Schwartz','','9890 Atherton','','Highlands Ranch','80130','Colorado','United States',2,'Yoni Schwartz','','9890 Atherton','','Highlands Ranch','80130','Colorado','United States',2,'Credit/Debit Card or eCheck (via PayPal)','','','','',NULL,'2009-11-30 11:29:22',4,NULL,'USD',1.000000,0),(1750,1743,'Joe Neuman','','4530 Lexington Ridge Dr','','Medina','44256','Ohio','United States','330-635-9225','jwn23@zoominternet.net',2,'Joe Neuman','','4530 Lexington Ridge Dr','','Medina','44256','Ohio','United States',2,'Joe Neuman','','4530 Lexington Ridge Dr','','Medina','44256','Ohio','United States',2,'Authorize.net AIM','Visa','Joe Neuman','4152XXXXXXXX8561','0910','2009-12-22 15:00:03','2009-12-12 17:06:00',3,NULL,'USD',1.000000,0),(1736,1718,'Chris Meyer','','855 Peachtree St #2405','','Atlanta','30308','Georgia','United States','4045574358','zerokilo@gmail.com',2,'Chris Meyer','','855 Peachtree St #2405','','Atlanta','30308','Georgia','United States',2,'Chris Meyer','','855 Peachtree St #2405','','Atlanta','30308','Georgia','United States',2,'Credit/Debit Card or eCheck (via PayPal)','','','','','2010-03-15 16:10:57','2009-11-30 19:19:55',3,NULL,'USD',1.000000,0),(1737,1716,'Carsten Fleck','','274 Morgan Avenue, 2nd floor','','Brooklyn','11211','New York','United States','9178478852','carsten@carstenfleck.com',2,'Carsten Fleck','','274 Morgan Avenue, 2nd floor','','Brooklyn','11211','New York','United States',2,'Carsten Fleck','','274 Morgan Avenue, 2nd floor','','Brooklyn','11211','New York','United States',2,'Authorize.net AIM','Visa','Carsten Fleck','4266XXXXXXXX0126','0611','2009-12-03 15:50:21','2009-11-30 22:09:17',3,NULL,'USD',1.000000,0),(1746,1732,'C A Harrington','','480 Roswell Hills Pl','','Roswell','30075','Georgia','United States','678-428-9336','cabotharrington@hotmail.com',2,'C A Harrington','','480 Roswell Hills Pl','','Roswell','30075','Georgia','United States',2,'C A Harrington','','480 Roswell Hills Pl','','Roswell','30075','Georgia','United States',2,'Authorize.net AIM','American Express','C A Harrington','3772XXXXXXXX1011','1112','2009-12-16 08:47:09','2009-12-04 10:31:15',3,NULL,'USD',1.000000,0),(1753,1748,'Dylan Devitte','','405A south West St','','Mahomet','61853','Illinois','United States','2176216102','dylanm1987@yahoo.com',2,'Dylan Devitte','','405A south West St','','Mahomet','61853','Illinois','United States',2,'Dylan Devitte','','405A south West St','','Mahomet','61853','Illinois','United States',2,'Authorize.net AIM','Master Card','Dylan Devitte','5329XXXXXXXX6788','1110','2010-01-15 11:23:30','2009-12-16 17:20:33',3,NULL,'USD',1.000000,0),(1755,1763,'KAYE FEARNEYHOUGH','','2305 W DOUBLEGATE DR','','ALBANY','31721','Georgia','United States','229-888-2815','tfearney@bellsouth.net',2,'KAYE FEARNEYHOUGH','','2305 W DOUBLEGATE DR','','ALBANY','31721','Georgia','United States',2,'KAYE FEARNEYHOUGH','','2305 W DOUBLEGATE DR','','ALBANY','31721','Georgia','United States',2,'Authorize.net AIM','American Express','KAYE FEARNEYHOUGH','3728XXXXXXXX1010','0710','2010-01-15 11:23:09','2009-12-25 11:56:49',3,NULL,'USD',1.000000,0),(1756,1767,'Bill Beerd','','3813 Harvest Ln','','Glenview','60026','Illinois','United States','8477309270','bill@mysticzero.com',2,'Bill Beerd','','3813 Harvest Ln','','Glenview','60026','Illinois','United States',2,'Bill Beerd','','3813 Harvest Ln','','Glenview','60026','Illinois','United States',2,'Authorize.net AIM','Visa','Bill Beerd','4266XXXXXXXX8464','0712','2010-03-16 14:47:52','2009-12-29 06:40:06',3,NULL,'USD',1.000000,0),(1757,1768,'Scott Jeffers','','23409 94th PL W','','Edmonds','98020','Washington','United States','2064120755','scj1031@hotmail.com',2,'Scott Jeffers','','23409 94th PL W','','Edmonds','98020','Washington','United States',2,'Scott Jeffers','','23409 94th PL W','','Edmonds','98020','Washington','United States',2,'Authorize.net AIM','Master Card','Scott Jeffers','5444XXXXXXXX2717','0112','2010-01-15 11:22:45','2009-12-29 21:05:54',3,NULL,'USD',1.000000,0),(1758,1770,'Chris Macaluso','','431 17th Street','','West Babylon','11704','New York','United States','516-318-7035','Cmacal6364@optonline.net',2,'Chris Macaluso','','431 17th Street','','West Babylon','11704','New York','United States',2,'Chris Macaluso','','431 17th Street','','West Babylon','11704','New York','United States',2,'Credit/Debit Card or eCheck (via PayPal)','','','','','2010-01-06 08:24:11','2009-12-30 14:42:57',3,NULL,'USD',1.000000,0),(1759,1773,'Luke Wojcik','','3175 Atlantis Dr.','','Green Bay','54313','Wisconsin','United States','920-619-6921','wojcik.twinelm@gmail.com',2,'Luke Wojcik','','3175 Atlantis Dr.','','Green Bay','54313','Wisconsin','United States',2,'Theresa Wojcik','','163 N Broadway','','Green Bay','54303','Wisconsin','United States',2,'Authorize.net AIM','Visa','Theresa Wojcik','4798XXXXXXXX1405','0910','2010-03-16 14:47:35','2010-01-02 16:43:20',3,NULL,'USD',1.000000,0),(1760,1775,'Robert Harris','','18 Bernhardt Rd','','Lebanon','62254-1930','Illinois','United States','618 624 5938','31z50@charter.net',2,'Robert Harris','','18 Bernhardt Rd','','Lebanon','62254-1930','Illinois','United States',2,'Robert Harris','','18 Bernhardt Rd','','Lebanon','62254-1930','Illinois','United States',2,'Credit/Debit Card or eCheck (via PayPal)','','','','','2010-01-15 11:22:07','2010-01-02 17:11:15',3,NULL,'USD',1.000000,0),(1761,1777,'nick carroll','','710 ferry st','','eau claire','54703','Wisconsin','United States','715-834-2629','nick@superiorscreenprinting.com',2,'nick carroll','','710 ferry st','','eau claire','54703','Wisconsin','United States',2,'nick carroll','','710 ferry st','','eau claire','54703','Wisconsin','United States',2,'Authorize.net AIM','Master Card','nick carroll','5240XXXXXXXX3867','1112','2010-03-16 14:47:14','2010-01-02 19:58:03',3,NULL,'USD',1.000000,0),(1762,1780,'Balin Carter','','1017 Oakland Ave.','','Ann Arbor','48109','Michigan','United States','586-876-5642','balin@umich.edu',2,'Balin Carter','','1017 Oakland Ave.','','Ann Arbor','48109','Michigan','United States',2,'Balin Carter','','1017 Oakland Ave.','','Ann Arbor','48109','Michigan','United States',2,'Authorize.net AIM','Visa','Balin Carter','4862XXXXXXXX3582','0211','2010-01-07 16:33:56','2010-01-05 08:52:35',3,NULL,'USD',1.000000,0),(1763,1784,'greta zakrzewska','','17 s center street','','bensenville','60106','Illinois','United States','8472747951','gretapl@aol.com',2,'greta zakrzewska','','17 s center street','','bensenville','60106','Illinois','United States',2,'greta zakrzewska','','17 s center street','','bensenville','60106','Illinois','United States',2,'Credit/Debit Card or eCheck (via PayPal)','','','','','2010-03-15 16:20:37','2010-01-05 15:44:20',5,NULL,'USD',1.000000,0),(1764,1787,'Steven Dozard','','544 E. Idlewood','','Morton','61550','Illinois','United States','3093604883','stevendozard@yahoo.com',2,'Steven Dozard','','544 E. Idlewood','','Morton','61550','Illinois','United States',2,'Steven Dozard','','544 E. Idlewood','','Morton','61550','Illinois','United States',2,'Credit/Debit Card or eCheck (via PayPal)','','','','','2010-01-11 07:55:18','2010-01-06 11:53:51',3,NULL,'USD',1.000000,0),(1765,1789,'david gelder','','1968 Goodspeed Dr','','helena','59601','Montana','United States','406.461.2191','dg@davidgelder.com',2,'david gelder','','1968 Goodspeed Dr','','helena','59601','Montana','United States',2,'david gelder','','9810 V plaza 3a','','omaha','68127','Nebraska','United States',2,'Authorize.net AIM','Visa','david gelder','4761XXXXXXXX2384','0910','2010-01-15 11:18:11','2010-01-06 20:28:59',3,NULL,'USD',1.000000,0),(1766,1792,'David Baxter','','4437 Beach Lane','','Fargo','58104','North Dakota','United States','701-866-2601','charles_d_baxter@hotmail.com',2,'David Baxter','','4437 Beach Lane','','Fargo','58104','North Dakota','United States',2,'David Baxter','','4437 Beach Lane','','Fargo','58104','North Dakota','United States',2,'Authorize.net AIM','Master Card','David Baxter','5166XXXXXXXX5007','0912','2010-03-16 14:46:52','2010-01-08 02:46:35',3,NULL,'USD',1.000000,0),(1770,1803,'TAYLOR DRIES','','1211 hain rd','','edgerton','53534','Wisconsin','United States','6087120266','tdries@zimbrick.com',2,'taylor dries','','2400 rimrock rd','','madison','53713','Wisconsin','United States',2,'TAYLOR DRIES','','1211 hain rd','','edgerton','53534','Wisconsin','United States',2,'Authorize.net AIM','Visa','TAYLOR DRIES','4072XXXXXXXX8157','0711','2010-02-09 09:17:05','2010-01-22 16:06:05',3,NULL,'USD',1.000000,0),(1768,1502,'Bob Hohimer','','1208 S. 10th St.','','Pekin','61554','Illinois','United States','3092296060','bhohimer@htsdd.net',2,'Bob Hohimer','','1208 S. 10th St.','','Pekin','61554','Illinois','United States',2,'Bob Hohimer','','1208 S. 10th St.','','Pekin','61554','Illinois','United States',2,'Authorize.net AIM','Visa','Bob Hohimer','4264XXXXXXXX0187','1116','2010-02-02 10:15:22','2010-01-12 01:27:52',2,NULL,'USD',1.000000,0),(1769,1798,'norman clermont','','29 simpson rd','','pelham','03076-2208','New Hampshire','United States','6036353085','nrmc2@juno.com',2,'norman clermont','','29 simpson rd','','pelham','03076-2208','New Hampshire','United States',2,'norman clermont','','29 simpson rd','','pelham','03076-2208','New Hampshire','United States',2,'Authorize.net AIM','Discover','norman clermont','6011XXXXXXXX1215','0914','2010-01-27 09:33:25','2010-01-19 19:48:34',3,NULL,'USD',1.000000,0),(1788,1502,'Bob Hohimer','','1208 S. 10th St.','','Pekin','61554','Illinois','United States','3092296060','bhohimer@htsdd.net',2,'Bob Hohimer','','1208 S. 10th St.','','Pekin','61554','Illinois','United States',2,'Bob Hohimer','','1208 S. 10th St.','','Pekin','61554','Illinois','United States',2,'Authorize.net AIM','Visa','Bob Hohimer','4264XXXXXXXX0187','1116','2010-03-16 14:42:56','2010-02-22 00:50:02',3,NULL,'USD',1.000000,0),(1772,1805,'Jeremy Scherbert','','810 W Riverview Dr','','Glendale','53209','Wisconsin','United States','414-213-4303','baratak24@sbcglobal.net',2,'Jeremy Scherbert','','810 W Riverview Dr','','Glendale','53209','Wisconsin','United States',2,'Jeremy Scherbert','','810 W Riverview Dr','','Glendale','53209','Wisconsin','United States',2,'Authorize.net AIM','Master Card','Jeremy Scherbert','5178XXXXXXXX9839','1011','2010-01-25 16:18:55','2010-01-25 15:56:10',5,NULL,'USD',1.000000,0),(1773,1806,'Chris Dhillon','','6347 longcroft dr','','oakland','94611','California','United States','510 4821224','cwdhillon02@yahoo.com',2,'Chris Dhillon','','6347 longcroft dr','','oakland','94611','California','United States',2,'Chris Dhillon','','6347 longcroft dr','','oakland','94611','California','United States',2,'Credit/Debit Card or eCheck (via PayPal)','','','','','2010-03-16 14:46:35','2010-01-26 02:07:15',3,NULL,'USD',1.000000,0),(1774,1807,'Audrey Greer','','13733 Wicker Ave','','Cedar Lake','46303','Indiana','United States','219-374-7197','audreygreer@hennandsons.com',2,'Audrey Greer','','13733 Wicker Ave','','Cedar Lake','46303','Indiana','United States',2,'Audrey Greer','','13733 Wicker Ave','','Cedar Lake','46303','Indiana','United States',2,'Authorize.net AIM','Visa','Audrey Greer','4246XXXXXXXX2332','0610','2010-05-04 08:09:09','2010-01-26 11:39:45',3,NULL,'USD',1.000000,0),(1775,1810,'Pierson Fox','','11 Sheridan Street Apt 1','','Jamaica Plain','02130','Massachusetts','United States','6106394817','Pierson.Fox@gmail.com',2,'Pierson Fox','','11 Sheridan Street Apt 1','','Jamaica Plain','02130','Massachusetts','United States',2,'Pierson Fox','','11 Sheridan Street Apt 1','','Jamaica Plain','02130','Massachusetts','United States',2,'Credit/Debit Card or eCheck (via PayPal)','','','','','2010-02-23 17:17:01','2010-01-27 18:03:33',5,NULL,'USD',1.000000,0),(1787,1477,'Tim Gadaire','','W142 N9078 Fountain Blvd','','Menomonee Falls','53051-2350','Wisconsin','United States','262-251-9500 x25','tim@engineered-plastics.com',2,'Tim Gadaire','','W142 N9078 Fountain Blvd','','Menomonee Falls','53051-2350','Wisconsin','United States',2,'Tim Gadaire','','W142 N9078 Fountain Blvd','','Menomonee Falls','53051-2350','Wisconsin','United States',2,'Authorize.net AIM','Visa','Dave Feldbruegge','4807XXXXXXXX7229','0311','2010-03-16 14:43:57','2010-02-19 15:34:40',3,NULL,'USD',1.000000,0),(1777,1813,'Michael Benns','','3913 oakwood Lane','','Knoville','37921','Tennessee','United States','865 679 8338','mjbenns@yahoo.com',2,'Michael Benns','','3913 oakwood Lane','','Knoville','37921','Tennessee','United States',2,'Michael Benns','','3613 Western Ave.','','Knoville','37921','Tennessee','United States',2,'Authorize.net AIM','Visa','Michael Benns','4050XXXXXXXX1710','0612','2010-03-16 14:45:55','2010-02-01 19:44:04',3,NULL,'USD',1.000000,0),(1778,1290,'Vitaly Dzhitenov','','229 Hillside Ave','','Needham','02494','Massachusetts','United States','781 6262903','hronop@verizon.net',2,'Vitaly Dzhitenov','','229 Hillside Ave','','Needham','02494','Massachusetts','United States',2,'Vitaly Dzhitenov','','229 Hillside Ave','','Needham','02494','Massachusetts','United States',2,'Authorize.net AIM','Master Card','Vitaly Dzhitenov','5413XXXXXXXX7684','0211','2010-03-15 10:18:53','2010-02-02 13:09:12',3,NULL,'USD',1.000000,0),(1779,1815,'Rick Smith','','1121 Beachview St Apt 6111','','Dallas','75218','Texas','United States','8324197762','rick@rickwsmith.com',2,'Rick Smith','','1121 Beachview St Apt 6111','','Dallas','75218','Texas','United States',2,'Rick Smith','','1121 Beachview St Apt 6111','','Dallas','75218','Texas','United States',2,'Authorize.net AIM','American Express','Rickey W Smith Jr','3772XXXXXXXX1001','0413','2010-03-16 14:45:38','2010-02-05 11:47:08',3,NULL,'USD',1.000000,0),(1780,1379,'Taylor Cuthrell','','4113 iver Johnson dr','','Raleigh','27606','North Carolina','United States','9199064722','Tcuthre@gmail.com',2,'Taylor Cuthrell','','4113 iver Johnson dr','','Raleigh','27606','North Carolina','United States',2,'Taylor Cuthrell','','4113 iver Johnson dr','','Raleigh','27606','North Carolina','United States',2,'Authorize.net AIM','Master Card','Taylor Cuthrell','5178XXXXXXXX0774','0711','2010-03-16 14:45:16','2010-02-06 00:14:57',3,NULL,'USD',1.000000,0),(1781,1502,'Bob Hohimer','','1208 S. 10th St.','','Pekin','61554','Illinois','United States','3092296060','bhohimer@htsdd.net',2,'Bob Hohimer','','1208 S. 10th St.','','Pekin','61554','Illinois','United States',2,'Bob Hohimer','','1208 S. 10th St.','','Pekin','61554','Illinois','United States',2,'Authorize.net AIM','Visa','Bob Hohimer','4264XXXXXXXX0187','1116','2010-03-16 14:43:19','2010-02-07 02:26:24',3,NULL,'USD',1.000000,0),(1782,1819,'Brian Higginbotham','','3621 Ave R','','Rosenberg','77471','Texas','United States','832-452-5700','tobagator@gmail.com',2,'Brian Higginbotham','','3621 Ave R','','Rosenberg','77471','Texas','United States',2,'Brian Higginbotham','','3621 Ave R','','Rosenberg','77471','Texas','United States',2,'Authorize.net AIM','American Express','Brian Higginbotham','3772XXXXXXXX2006','1111','2010-02-23 11:38:36','2010-02-10 16:36:03',5,NULL,'USD',1.000000,0),(1793,1838,'William Browning','','9230 S 48th Ct','','Oak Lawn','60453','Illinois','United States','7089496355','wbrowning01@sbcglobal.net',2,'William Browning','','9230 S 48th Ct','','Oak Lawn','60453','Illinois','United States',2,'DEBORAH BROWNING','','9230 S 48th Ct','','Oak Lawn','60453','Illinois','United States',2,'Authorize.net AIM','Discover','DEBORAH BROWNING','6011XXXXXXXX5530','1112','2010-03-16 14:42:21','2010-03-02 23:26:35',3,NULL,'USD',1.000000,0),(1784,1823,'Michael Gauger','','4138 E White Water Dr','','Tucson','85706','Arizona','United States','5206642464','mrgauger@juno.com',2,'Michael Gauger','','4138 E White Water Dr','','Tucson','85706','Arizona','United States',2,'Michael Gauger','','4138 E White Water Dr','','Tucson','85706','Arizona','United States',2,'Credit/Debit Card or eCheck (via PayPal)','','','','','2010-02-25 08:20:28','2010-02-12 23:53:04',3,NULL,'USD',1.000000,0),(1785,1825,'Sean Byrd','','140 Linda Ave','','China Grove','28023','North Carolina','United States','980-622-3277','byrdman2112@yahoo.com',2,'Sean Byrd','','140 Linda Ave','','China Grove','28023','North Carolina','United States',2,'Sean Byrd','','140 Linda Ave','','China Grove','28023','North Carolina','United States',2,'Authorize.net AIM','Visa','Sean Byrd','4312XXXXXXXX1356','0312','2010-03-16 14:43:42','2010-02-15 10:32:44',3,NULL,'USD',1.000000,0),(1786,1828,'Nicholas Baldwin','','8944 Tibbitts Rd.','','New Hartford','13413','New York','United States','315-335-9747','agentid36@yahoo.com',2,'Nicholas Baldwin','','1109 Floyd Ave','','Rome','13440','New York','United States',2,'Nicholas Baldwin','','8944 Tibbitts Rd.','','New Hartford','13413','New York','United States',2,'Authorize.net AIM','Visa','Nicholas Baldwin','4326XXXXXXXX9324','1113','2010-03-16 14:44:43','2010-02-17 14:35:55',3,NULL,'USD',1.000000,0),(1794,1842,'Craig Dean','','9790 Wolfe Rd','','Windham','44288','Ohio','United States','440-554-0014','cwdean1@embarqmail.com',2,'Craig Dean','','9790 Wolfe Rd','','Windham','44288','Ohio','United States',2,'Craig Dean','','9790 Wolfe Rd','','Windham','44288','Ohio','United States',2,'Authorize.net AIM','American Express','Craig Dean','3727XXXXXXXX1009','1210','2010-03-16 09:13:20','2010-03-06 17:57:06',2,NULL,'USD',1.000000,0),(1790,1834,'Ryan Hebert','','9101 Jonell Ct','','Elk Grove','95624','California','United States','916-247-4558','ryanphebert@gmail.com',2,'Ryan Hebert','','9101 Jonell Ct','','Elk Grove','95624','California','United States',2,'Ryan Hebert','','9101 Jonell Ct','','Elk Grove','95624','California','United States',2,'Credit/Debit Card or eCheck (via PayPal)','','','','','2010-03-16 14:42:38','2010-02-25 20:35:03',3,NULL,'USD',1.000000,0),(1791,1836,'patrick ester','','18 shirley st.','','shortsville','14548','New York','United States','5857339356','wbmoyer3@gmail.com',2,'patrick ester','','18 shirley st.','','shortsville','14548','New York','United States',2,'patrick ester','','18 shirley st.','','shortsville','14548','New York','United States',2,'Authorize.net AIM','Visa','patrick w. ester','4306XXXXXXXX5369','0113','2010-03-16 14:41:55','2010-02-28 12:05:51',3,NULL,'USD',1.000000,0),(1792,1837,'Robert wilkie','','2522 tamarind dr','','edgewater','32141','Florida','United States','407 463 4998','rob@newconceptphoto.com',2,'Robert wilkie','','2522 tamarind dr','','edgewater','32141','Florida','United States',2,'Robert wilkie','','2522 tamarind dr','','edgewater','32141','Florida','United States',2,'Authorize.net AIM','Master Card','Robert wilkie','5108XXXXXXXX3476','0814','2010-03-04 07:51:16','2010-02-28 16:20:56',3,NULL,'USD',1.000000,0),(1796,1715,'Yoni Schwartz','','9890 Atherton','','Highlands Ranch','80130','Colorado','United States','303.997.2869','nokdim@gmail.com',2,'Yoni Schwartz','','9890 Atherton','','Highlands Ranch','80130','Colorado','United States',2,'Yoni Schwartz','','9890 Atherton','','Highlands Ranch','80130','Colorado','United States',2,'Credit/Debit Card or eCheck (via PayPal)','','','','','2010-03-15 08:32:15','2010-03-11 15:03:53',2,NULL,'USD',1.000000,0),(1799,1856,'eric reynolds','','63 brookfield dr','','newark','19702','Delaware','United States','3022508071','edubs23@comcast.net',2,'eric reynolds','','63 brookfield dr','','newark','19702','Delaware','United States',2,'eric reynolds','','63 brookfield dr','','newark','19702','Delaware','United States',2,'Authorize.net AIM','Visa','eric reynolds','4793XXXXXXXX4406','1010','2010-03-19 17:01:34','2010-03-16 22:05:38',3,NULL,'USD',1.000000,0),(1798,1855,'Billy Wilson','','308 Whispering Winds Drive','','Lexington','29072','South Carolina','United States','803-808-1987','Thebaby29072@yahoo.com',2,'Billy Wilson','','106 Forest Lane','','Lexington','29073','South Carolina','United States',2,'Billy Wilson','','308 Whispering Winds Drive','','Lexington','29072','South Carolina','United States',2,'Authorize.net AIM','Discover','Billy J Wilson','6011XXXXXXXX7335','0412','2010-05-04 08:09:43','2010-03-15 17:53:33',3,NULL,'USD',1.000000,0),(1800,1860,'Free Dorfman','','10550 Hess Blvd','','Morongo Valley','92256','California','United States','760-363-7367','chi_stuff@yahoo.com',2,'Free Dorfman','','10550 Hess Blvd','','Morongo Valley','92256','California','United States',2,'Free Dorfman','','608 Cobblestone Cir','','Glenview','60025','Illinois','United States',2,'Authorize.net AIM','Visa','Free Dorfman','4246XXXXXXXX9679','1211','2010-04-08 16:26:38','2010-03-21 13:35:25',5,NULL,'USD',1.000000,0),(1807,1866,'sarah Vink','','541 Craig, road','','Carlisle','17013','Pennsylvania','United States','7039437861','sarahseafoam@gmail.com',2,'sarah Vink','','541 Craig, road','','Carlisle','17013','Pennsylvania','United States',2,'sarah vink','','6811 bluecurl circle','','springfield','22152','Virginia','United States',2,'Credit/Debit Card or eCheck (via PayPal)','','','','','2010-05-04 08:09:36','2010-03-25 21:58:08',2,NULL,'USD',1.000000,0),(1805,1862,'Emily Martorano','','1726 green st','','Philadelphia','19130','Pennsylvania','United States','6096946154','Eam492@gmail.com',2,'Emily Martorano','','1726 green st','','Philadelphia','19130','Pennsylvania','United States',2,'Emily Martorano','','1726 green st','','Philadelphia','19130','Pennsylvania','United States',2,'Credit/Debit Card or eCheck (via PayPal)','','','','','2010-03-23 13:52:35','2010-03-21 15:49:56',5,NULL,'USD',1.000000,0),(1806,1863,'Daniel Moore','','5090 state route 11','','ellenburg','12935','New York','United States','5185344010','motodanr1@vzw.blackberry.net',2,'Daniel Moore','','5090 state route 11','','ellenburg','12935','New York','United States',2,'Daniel Moore','','5090 state route 11','','ellenburg','12935','New York','United States',2,'Authorize.net AIM','Master Card','Daniel Moore','5449XXXXXXXX3411','1110','2010-03-23 13:52:50','2010-03-22 08:27:20',3,NULL,'USD',1.000000,0),(1808,1787,'Steven Dozard','','544 E. Idlewood','','Morton','61550','Illinois','United States','3093604883','stevendozard@yahoo.com',2,'Steven Dozard','','544 E. Idlewood','','Morton','61550','Illinois','United States',2,'Steven Dozard','','544 E. Idlewood','','Morton','61550','Illinois','United States',2,'Credit/Debit Card or eCheck (via PayPal)','','','','','2010-03-31 08:09:21','2010-03-26 12:48:52',3,NULL,'USD',1.000000,0),(1809,1867,'PETER E. MATLOCK','','11 ROLLING HILL ROAD','','HAMPTON BAYS','11946','New York','United States','6317861423','peteyelliott@gmail.com',2,'PETER E. MATLOCK','','11 ROLLING HILL ROAD','','HAMPTON BAYS','11946','New York','United States',2,'PETER E MATLOCK','','102 OLD COUNTRY ROAD','','EAST QUOGUE','11942','New York','United States',2,'Authorize.net AIM','Master Card','PETER E MATLOCK','5465XXXXXXXX7011','0411','2010-03-31 08:06:27','2010-03-27 12:25:34',2,NULL,'USD',1.000000,0),(1810,1868,'Valerie Morkevicius','','5501 S. Everett Ave #1W','','Chicago','60637','Illinois','United States','312-218-1389','vomorkevicius@gmail.com',2,'Valerie Morkevicius','','5501 S. Everett Ave #1W','','Chicago','60637','Illinois','United States',2,'Valerie Morkevicius','','5501 S. Everett Ave #1W','','Chicago','60637','Illinois','United States',2,'Authorize.net AIM','Master Card','Valerie Morkevicius','5466XXXXXXXX1143','0910','2010-04-06 15:07:52','2010-03-27 16:24:06',5,NULL,'USD',1.000000,0),(1811,1869,'Ignacio Garita','','264 Morris Ave','','Providence','02906','Rhode Island','United States','7862995127','ignacio.garita@gmail.com',2,'Ignacio Garita','','7979 NW 21 st St. #SJO 32755','','Doral','33122','Florida','United States',2,'Ignacio Garita','','264 Morris Ave','','Providence','02906','Rhode Island','United States',2,'Authorize.net AIM','Master Card','Ignacio Garita','5491XXXXXXXX6983','0813','2010-03-30 08:49:03','2010-03-29 20:31:28',2,NULL,'USD',1.000000,0),(1819,1678,'ryan white','','400 melody ln','','enigma','31749','Georgia','United States','229-5334593','ryan_k@mchsi.com',2,'Mitchell\'s Auto White','','710 Duggan St.','','Tifton','31794','Georgia','United States',2,'ryan white','','400 melody ln','','enigma','31749','Georgia','United States',2,'Credit/Debit Card or eCheck (via PayPal)','','','','','2010-04-19 13:21:10','2010-04-16 14:59:36',2,NULL,'USD',1.000000,0),(1813,1872,'Jeff Lowman','','8039 E Chaps Ct.','','Prescott Valley','86314','Arizona','United States','9287750114','tepin123@gmail.com',2,'Jeff Lowman','','8039 E Chaps Ct.','','Prescott Valley','86314','Arizona','United States',2,'Jeff Lowman','','8039 E Chaps Ct.','','Prescott Valley','86314','Arizona','United States',2,'Credit/Debit Card or eCheck (via PayPal)','','','','','2010-04-05 09:52:00','2010-04-01 15:21:52',2,NULL,'USD',1.000000,0),(1814,1873,'thomas may','','30 jersey','','san francisco','94114','California','United States','415 830-6065','thomas.may@gmail.com',2,'Alison May','','22 jersey','','san francisco','94114','California','United States',2,'Alison May','','22 jersey','','san francisco','94114','California','United States',2,'Authorize.net AIM','Visa','Alison L.May','4388XXXXXXXX0739','0712','2010-04-08 12:05:59','2010-04-06 00:39:43',2,NULL,'USD',1.000000,0),(1825,1893,'larry VANVLEET','','3615 CENTRAL AVE','','LAKE STATION','46405','Indiana','United States','2197416110','DISCTRANS@VERIZON.NET',2,'larry VANVLEET','','3615 CENTRAL AVE','','LAKE STATION','46405','Indiana','United States',2,'larry VANVLEET','','3615 CENTRAL AVE','','LAKE STATION','46405','Indiana','United States',2,'Authorize.net AIM','Visa','larry VANVLEET','4060XXXXXXXX6038','1112','2010-04-28 17:16:20','2010-04-28 16:52:06',5,NULL,'USD',1.000000,0),(1818,1883,'Harry C. Philbrook','','4007 south Richfield','','Aurora','80013','Colorado','United States','8037884445','harrywtcio@aol.com',2,'Harry C. Philbrook','','4007 south Richfield','','Aurora','80013','Colorado','United States',2,'Harry C. Philbrook','','4007 south Richfield','','Aurora','80013','Colorado','United States',2,'Authorize.net AIM','Master Card','Harry C. Philbrook','5466XXXXXXXX7506','1010','2010-04-19 09:36:21','2010-04-16 14:32:02',2,NULL,'USD',1.000000,0),(1816,1264,'Lane Burkhart','','2 Loch Lomond lane','','Pueblo','81001','Colorado','United States','719-545-8810','lane_burkhart@hotmail.com',2,'Lane Burkhart','','2 Loch Lomond lane','','Pueblo','81001','Colorado','United States',2,'Lane Burkhart','','2 Loch Lomond lane','','Pueblo','81001','Colorado','United States',2,'Authorize.net AIM','Master Card','Lane Burkhart','5329XXXXXXXX9765','0112','2010-04-21 09:08:19','2010-04-15 01:04:48',2,NULL,'USD',1.000000,0),(1826,1896,'Amit Veeramachaneni','','288 Birch Drive','','Roslyn','11576','New York','United States','718-839-3910','amitv85@gmail.com',2,'Amit Veeramachaneni','','288 Birch Drive','','Roslyn','11576','New York','United States',2,'Amit Veeramachaneni','','288 Birch Drive','','Roslyn','11576','New York','United States',2,'Authorize.net AIM','American Express','A Veeramachaneni','3717XXXXXXXX3007','0411','2010-05-04 10:31:42','2010-04-29 13:03:54',2,NULL,'USD',1.000000,0),(1824,1890,'George Stanley','','10201','','North Hills','91343','California','United States','818 895-8542','IgneousRock@socal.rr.com',2,'George Stanley','','10201','','North Hills','91343','California','United States',2,'George Stanley','','10201 Gaviota Ave','','North Hills','91343','California','United States',2,'Authorize.net AIM','Visa','George Stanley','4266XXXXXXXX4283','0113','2010-05-04 08:08:32','2010-04-20 13:16:32',2,NULL,'USD',1.000000,0),(1822,1887,'Dov Lisker','','13622 72 ave','','flushing','11367','New York','United States','7188200748','noone14203@aol.com',2,'Dov Lisker','','13622 72 ave','','flushing','11367','New York','United States',2,'Dov Lisker','','13622 72 ave','','flushing','11367','New York','United States',2,'Authorize.net AIM','American Express','Dov Lisker','3713XXXXXXXX2000','1110','2010-05-03 10:14:52','2010-04-19 15:14:50',3,NULL,'USD',1.000000,0),(1823,1889,'Robert Liscio','','34 miller rd','','northford','06472','Connecticut','United States','203-980-0872','rlis84@yahoo.com',2,'Robert Liscio','','34 miller rd','','northford','06472','Connecticut','United States',2,'Robert Liscio','','34 miller rd','','northford','06472','Connecticut','United States',2,'Authorize.net AIM','Visa','Gregory Silvestro','4185XXXXXXXX4379','1011','2010-04-21 10:24:50','2010-04-19 20:14:03',2,NULL,'USD',1.000000,0),(1827,1863,'Daniel Moore','','5090 state route 11','','ellenburg','12935','New York','United States','5185344010','motodanr1@vzw.blackberry.net',2,'Daniel Moore','','5090 state route 11','','ellenburg','12935','New York','United States',2,'Daniel Moore','','5090 state route 11','','ellenburg','12935','New York','United States',2,'Authorize.net AIM','Master Card','Daniel Moore','5449XXXXXXXX3411','1110','2010-05-04 10:31:24','2010-04-30 18:38:08',2,NULL,'USD',1.000000,0),(1828,1899,'michael guffey','','3090 field rd','','clio','48420','Michigan','United States','810-287-4057','gufftasy@yahoo.com',2,'michael guffey','','3090 field rd','','clio','48420','Michigan','United States',2,'michael guffey','','3090 field rd','','clio','48420','Michigan','United States',2,'Authorize.net AIM','Visa','michael guffey','4147XXXXXXXX5050','0612','2010-05-04 10:31:59','2010-05-02 10:58:13',2,NULL,'USD',1.000000,0),(1854,1957,'curt tiefenbrun','','9228 nw 2nd st','','coral springs','33071','Florida','United States','954-234-0943','ctiefen@bellsouth.net',2,'curt tiefenbrun','','9228 nw 2nd st','','coral springs','33071','Florida','United States',2,'curt tiefenbrun','','9228 nw 2nd st','','coral springs','33071','Florida','United States',2,'Credit/Debit Card or eCheck (via PayPal)','','','','','2010-09-23 15:07:10','2010-09-09 01:04:14',5,NULL,'USD',1.000000,0),(1830,1913,'David Nowatzke','','2725 N 140th Ave','','Omaha','68164','Nebraska','United States','402-505-0119','yogi8019@yahoo.com',2,'David Nowatzke','','2725 N 140th Ave','','Omaha','68164','Nebraska','United States',2,'David Nowatzke','','2725 N 140th Ave','','Omaha','68164','Nebraska','United States',2,'Authorize.net AIM','Visa','David Nowatzke','4640XXXXXXXX9698','1211','2010-06-28 11:31:50','2010-05-13 00:53:47',2,NULL,'USD',1.000000,0),(1831,1916,'Michael Valente','','26 Royal Street Apt. 5','','Allston','02134','Massachusetts','United States','6173045702','masterkaos@gmail.com',2,'Michael Valente','','26 Royal Street Apt. 5','','Allston','02134','Massachusetts','United States',2,'Michael Valente','','26 Royal Street Apt. 5','','Allston','02134','Massachusetts','United States',2,'Authorize.net AIM','Master Card','Michael Valente','5515XXXXXXXX3336','0813','2010-05-17 16:40:10','2010-05-16 22:34:49',2,NULL,'USD',1.000000,0),(1832,1920,'CHRIS PARRISH','','358 MOORE RD','','DOTHAN','36301','Alabama','United States','3347013918','clparrish16@comcast.net',2,'CHRIS PARRISH','','358 MOORE RD','','DOTHAN','36301','Alabama','United States',2,'CHRIS PARRISH','','358 MOORE RD','','DOTHAN','36301','Alabama','United States',2,'Credit/Debit Card or eCheck (via PayPal)','','','','','2010-05-21 09:40:46','2010-05-20 11:45:35',2,NULL,'USD',1.000000,0),(1833,1928,'George Ireland','','41 River Mead Blvd','','East Hartford','06118','Connecticut','United States','860-798-1911','griffemt@aol.com',2,'George Ireland','','41 River Mead Blvd','','East Hartford','06118','Connecticut','United States',2,'George Ireland','','41 River Mead Blvd','','East Hartford','06118','Connecticut','United States',2,'Authorize.net AIM','Visa','George Ireland','4264XXXXXXXX0352','0113','2010-06-03 11:10:50','2010-05-28 14:18:45',2,NULL,'USD',1.000000,0),(1835,1938,'David Mellard','','3409 Regalwoods Drive','','Doraville','30340','Georgia','United States','770-488-0727','DMellard@cdc.gov',2,'David Mellard','','3409 Regalwoods Drive','','Doraville','30340','Georgia','United States',2,'David Mellard','','3409 Regalwoods Drive','','Doraville','30340','Georgia','United States',2,'Authorize.net AIM','Master Card','David Mellard','5291XXXXXXXX3697','0511','2010-07-19 09:21:53','2010-07-08 12:53:04',2,NULL,'USD',1.000000,0),(1836,1940,'Luis Sequeira','','10 Appomattox Court','','Madison','53705','Wisconsin','United States','(608)833-3440','lsequeir@facstaff.wisc.edu',2,'Luis Sequeira','','10 Appomattox Court','','Madison','53705','Wisconsin','United States',2,'Luis Sequeira','','10 Appomattox Court','','Madison','53705','Wisconsin','United States',2,'Authorize.net AIM','Visa','Luis Sequeira','4341XXXXXXXX2556','1011','2010-07-19 09:19:57','2010-07-17 15:06:31',2,NULL,'USD',1.000000,0),(1837,1941,'Li Pipman','','186 Rochdale Road','','Poughkeepsie','12603','New York','United States','8452422564','li@artfromwithin.biz',2,'Li Pipman','','186 Rochdale Road','','Poughkeepsie','12603','New York','United States',2,'Li Pipman','','186 Rochdale Road','','Poughkeepsie','12603','New York','United States',2,'Authorize.net AIM','Visa','Li Pipman Denaut','4147XXXXXXXX8308','0512','2010-07-23 08:29:23','2010-07-21 15:42:49',2,NULL,'USD',1.000000,0),(1838,1942,'Henry Domer','','359 Gibson Hill Rd','','Chester','10918','New York','United States','845-572-3400','henrydomer@mailstack.com',2,'Henry Domer','','359 Gibson Hill Rd','','Chester','10918','New York','United States',2,'Henry Domer','','359 Gibson Hill Rd','','Chester','10918','New York','United States',2,'Authorize.net AIM','Visa','Henry Domer','4715XXXXXXXX2492','0811','2010-07-23 14:23:43','2010-07-23 08:13:29',2,NULL,'USD',1.000000,0),(1839,1855,'Billy Wilson','','308 Whispering Winds Drive','','Lexington','29072','South Carolina','United States','803-808-1987','Thebaby29072@yahoo.com',2,'Billy Wilson','','308 Whispering Winds Drive','','Lexington','29072','South Carolina','United States',2,'Billy Wilson','','308 Whispering Winds Drive','','Lexington','29072','South Carolina','United States',2,'Authorize.net AIM','Discover','Billy Wilson','6011XXXXXXXX7335','0412','2010-08-10 14:49:11','2010-07-30 16:48:50',3,NULL,'USD',1.000000,0),(1843,1948,'Lauren Wallen','','2919 Chestnut Ln Apt 1','','Johnson City','37601','Tennessee','United States','423-341-0019','laurtard@gmail.com',2,'Lauren Wallen','','2919 Chestnut Ln Apt 1','','Johnson City','37601','Tennessee','United States',2,'Lauren Wallen','','2919 Chestnut Ln Apt 1','','Johnson City','37601','Tennessee','United States',2,'Authorize.net AIM','Master Card','Lauren Wallen','5178XXXXXXXX8853','0913','2010-08-16 15:12:17','2010-08-09 12:23:36',3,NULL,'USD',1.000000,0),(1841,1944,'Travis morgan','','1407 san pascual #d','','santa barbara','93101','California','United States','805-259-8086','afflack@gmail.com',2,'travis morgan','','1187 coast village rd. #1-545','','santa barbara','93108','California','United States',2,'Travis morgan','','1407 san pascual #d','','santa barbara','93101','California','United States',2,'Credit/Debit Card or eCheck (via PayPal)','','','','','2010-08-17 09:39:19','2010-07-31 20:51:58',1,NULL,'USD',1.000000,0),(1842,1946,'JOHN GONSALVES','','14230 elmira circle','','Magalia','95954','California','United States','530-873-8714','Trinnsierra@sbcglobal.net',2,'JOHN GONSALVES','','14230 elmira circle','','Magalia','95954','California','United States',2,'JOHN GONSALVES','','14230 elmira circle','','Magalia','95954','California','United States',2,'Credit/Debit Card or eCheck (via PayPal)','','','','','2010-08-16 10:11:31','2010-08-08 18:50:03',2,NULL,'USD',1.000000,0),(1844,1949,'Gregory Franco','','11701 nw 21st street','','Pembroke','33161','Florida','United States','786 247-0169','Playwater31@yahoo.com',2,'Gregory Franco','','11701 nw 21st street','','pembroke pines','33026','Florida','United States',2,'Gregory Franco','','14705 ne 2nd ave','','miami','33161','Florida','United States',2,'Credit/Debit Card or eCheck (via PayPal)','','','','','2010-08-16 09:53:23','2010-08-14 02:50:19',2,NULL,'USD',1.000000,0),(1845,1951,'ronald mikulski','','1011 vertin blvd.','','shorewood','60404','Illinois','United States','815-585-1785','rkmikulski@msn.com',2,'ronald mikulski','','1011 vertin blvd.','','shorewood','60404','Illinois','United States',2,'ronald mikulski','','1011 vertin blvd.','','shorewood','60404','Illinois','United States',2,'Credit/Debit Card or eCheck (via PayPal)','','','','','2010-08-27 10:42:35','2010-08-16 21:00:30',1,NULL,'USD',1.000000,0),(1855,1960,'Tina Macaluso','','147 Stone House Road','','Fly Creek','13337','New York','United States','607-547-6026','gtmack@stny.rr.com',2,'Tina Macaluso','','147 Stone House Road','','Fly Creek','13337','New York','United States',2,'Tina Macaluso','','147 Stone House Road','','Fly Creek','13337','New York','United States',2,'Authorize.net AIM','American Express','Tina Macaluso','3728XXXXXXXX3007','0314','2010-10-14 11:39:22','2010-09-22 19:42:44',5,NULL,'USD',1.000000,0),(1847,1953,'Melvin Hicks','','9514 Washington','','Romulus','48174','Michigan','United States','734-216-7374','mdhicks524@hotmail.com',2,'Melvin Hicks','','9514 Washington','','Romulus','48174','Michigan','United States',2,'Melvin Hicks','','9468 Terry','','Romulus','48174','Michigan','United States',2,'Authorize.net AIM','Visa','Melvin Hicks','4266XXXXXXXX1324','0211','2010-08-24 12:06:07','2010-08-22 17:00:58',2,NULL,'USD',1.000000,0),(1848,1952,'Aleksandra Bakaric','','2 Mine Bluff Ct','','Durham','27713','North Carolina','United States','9194015222','stancentar@yahoo.com',2,'Aleksandra Bakaric','','2 Mine Bluff Ct','','Durham','27713','North Carolina','United States',2,'Aleksandra Bakaric','','2 Mine Bluff Ct','','Durham','27713','North Carolina','United States',2,'Authorize.net AIM','Visa','Aleksandra Bakaric','4046XXXXXXXX9546','0913','2010-08-27 16:13:42','2010-08-23 09:10:06',3,NULL,'USD',1.000000,0),(1856,1967,'Daniel moore','','5090 state route 11','','Ellenburg depot','12935','New York','United States','5185344010','motodanr1@ymail.com',2,'Daniel moore','','5090 state route 11','','Ellenburg depot','12935','New York','United States',2,'Daniel moore','','5090 state route 11','','Ellenburg depot','12935','New York','United States',2,'Authorize.net AIM','Master Card','Daniel moore','5449XXXXXXXX3411','1110','2010-10-13 10:42:11','2010-10-07 19:28:42',2,NULL,'USD',1.000000,0),(1850,1678,'ryan white','','400 melody ln','','enigma','31749','Georgia','United States','229-5334593','ryan_k@mchsi.com',2,'Mitchell\'s Auto White','','710 Duggan St.','','Tifton','31794','Georgia','United States',2,'ryan white','','400 melody ln','','enigma','31749','Georgia','United States',2,'Authorize.net AIM','Visa','ryan white','4736XXXXXXXX7863','0111','2010-09-14 16:39:55','2010-08-23 21:27:23',5,NULL,'USD',1.000000,0),(1851,1955,'Christian Florin','','4679 Sesame St. Ne','','Salem','97305','Oregon','United States','503 602-1054','cmk.horizons@gmail.com',2,'Christian Florin','','4679 Sesame St. Ne','','Salem','97305','Oregon','United States',2,'Christian Florin','','4679 Sesame St. Ne','','Salem','97305','Oregon','United States',2,'Authorize.net AIM','Visa','Christian Florin','4366XXXXXXXX9647','0713','2010-08-30 17:01:21','2010-08-26 19:36:53',2,NULL,'USD',1.000000,0),(1852,1956,'Cathy Gaudreau','','One Bethel Valley Road','','Oak Ridge','37830-6445','Tennessee','United States','865-574-6232','gaudreaucl@ornl.gov',2,'Arpad Vass','','1 Bethel Valley Rd, 4500S, Rm. E148','','Oak Ridge','37830','Tennessee','United States',2,'Cathy Gaudreau','','One Bethel Valley Road','','Oak Ridge','37830-6445','Tennessee','United States',2,'Authorize.net AIM','Visa','Cathy Gaudreau','4715XXXXXXXX1692','0411','2010-09-23 15:07:28','2010-09-02 14:20:02',3,NULL,'USD',1.000000,0),(1853,1956,'Cathy Gaudreau','','One Bethel Valley Road','','Oak Ridge','37830-6445','Tennessee','United States','865-574-6232','gaudreaucl@ornl.gov',2,'Cathy Gaudreau','','One Bethel Valley Road','','Oak Ridge','37830-6445','Tennessee','United States',2,'Cathy Gaudreau','','One Bethel Valley Road','','Oak Ridge','37830-6445','Tennessee','United States',2,'Authorize.net AIM','Visa','Cathy Gaudreau','4715XXXXXXXX1692','0411','2010-09-23 15:07:18','2010-09-08 09:52:35',3,NULL,'USD',1.000000,0),(1857,1969,'Ramiro Grave de Peralta','','15604 SW 9 Terrace','','Miami','33194','Florida','United States','305-269-0552','rgrapef@yahoo.com',2,'Ramiro Grave de Peralta','','15604 SW 9 Terrace','','Miami','33194','Florida','United States',2,'Ramiro Grave de Peralta','','15604 SW 9 Terrace','','Miami','33194','Florida','United States',2,'Credit/Debit Card or eCheck (via PayPal)','','','','','2010-10-11 16:04:25','2010-10-09 10:46:59',2,NULL,'USD',1.000000,0),(1858,1970,'richard johnson','','n11 w23776 kings dr.','','waukesha','53188','Wisconsin','United States','262 424 1907','cjautorepair@yahoo.com',2,'richard johnson','','n11 w23776 kings dr.','','waukesha','53188','Wisconsin','United States',2,'richard johnson','','n11 w23776 kings dr.','','waukesha','53188','Wisconsin','United States',2,'Authorize.net AIM','Master Card','richard johnson','5539XXXXXXXX5656','0211','2010-10-14 14:19:38','2010-10-11 13:47:28',2,NULL,'USD',1.000000,0),(1859,1971,'myongsook cho','','3451 long beach road','','oceanside','11572','New York','United States','516.678.8987','mikeyart2001@yahoo.com',2,'myongsook cho','','3451 long beach road','','oceanside','11572','New York','United States',2,'myongsook cho','','3451 long beach road','','oceanside','11572','New York','United States',2,'Authorize.net AIM','Visa','myongsook cho','4802XXXXXXXX6544','0913','2010-10-11 16:04:01','2010-10-11 14:00:58',2,NULL,'USD',1.000000,0),(1860,1972,'Thomas Bearden','','301 E 16th St','','Scotland Neck','27874','North Carolina','United States','2528265412','tbearden676@hotmail.com',2,'Thomas Bearden','','301 E 16th St','','Scotland Neck','27874','North Carolina','United States',2,'Thomas Bearden','','301 E 16th St','','Scotland Neck','27874','North Carolina','United States',2,'Authorize.net AIM','Visa','Thomas Bearden','4036XXXXXXXX8157','0512','2010-10-14 15:32:21','2010-10-14 12:58:55',2,NULL,'USD',1.000000,0),(1861,1973,'chee seng Yap','','8883 Town and Country Circle','','Knoxville','37923','Tennessee','United States','8656928163','sengdragon2@yahoo.com',2,'chee seng Yap','','8883 Town and Country Circle','','Knoxville','37923','Tennessee','United States',2,'chee seng Yap','','8883 Town and Country Circle','','Knoxville','37923','Tennessee','United States',2,'Credit/Debit Card or eCheck (via PayPal)','','','','','2010-10-27 13:05:23','2010-10-15 13:33:29',2,NULL,'USD',1.000000,0),(1862,1982,'Patricia Browder','','514 Windmill Lane','','St. Stephen','29479','South Carolina','United States','843-567-3923','t2perfect@homesc.com',2,'Patricia Browder','','514 Windmill Lane','','St. Stephen','29479','South Carolina','United States',2,'Patricia Browder','','514 Windmill Lane','','St. Stephen','29479','South Carolina','United States',2,'Credit/Debit Card or eCheck (via PayPal)','','','','','2010-11-10 11:35:08','2010-10-27 20:22:15',2,NULL,'USD',1.000000,0),(1863,1983,'Cathrine Daniels','','P.O. BOX 1786','','QUARTZSITE','85346','Arizona','United States','928-927-3714','rvpitstop@aol.com',2,'CATHRINE DANIELS','','425 N. CENTRAL','','QUARTZSITE','85346','Arizona','United States',2,'Cathrine Daniels','','P.O. BOX 1786','','QUARTZSITE','85346','Arizona','United States',2,'Authorize.net AIM','Visa','Cathrine Daniels','4320XXXXXXXX0985','1111','2010-11-16 16:34:53','2010-10-27 20:32:56',2,NULL,'USD',1.000000,0),(1864,1955,'Christian Florin','','4679 Sesame St. Ne','','Salem','97305','Oregon','United States','503 602-1054','cmk.horizons@gmail.com',2,'Christian Florin','','4679 Sesame St. Ne','','Salem','97305','Oregon','United States',2,'Christian Florin','','4679 Sesame St. Ne','','Salem','97305','Oregon','United States',2,'Authorize.net AIM','Visa','Christian Florin','4366XXXXXXXX9647','0713','2010-11-11 08:24:12','2010-10-28 11:06:11',2,NULL,'USD',1.000000,0),(1865,1542,'Danielle Scholz','','66 East 79th st, #7','','New York','10075','New York','United States','212-812-3119','bhh@kingstreet.com',2,'Daniel Scholz','','125 Foster Crossing','','South Hampton','11968','New York','United States',2,'Danielle Scholz','','PO Box 1014','','New York','10021','New York','United States',2,'Authorize.net AIM','American Express','Danielle Scholz','3728XXXXXXXX1097','0513','2010-12-13 16:02:01','2010-10-28 11:29:33',2,NULL,'USD',1.000000,0),(1866,1985,'William Cox','','35 Rocks Rd #5','','Seabrook','03874','New Hampshire','United States','6034986055','billy_cox@comcast.net',2,'William Cox','','35 Rocks Rd #5','','Seabrook','03874','New Hampshire','United States',2,'William Cox','','35 Rocks Rd #5','','Seabrook','03874','New Hampshire','United States',2,'Authorize.net AIM','Master Card','William E Cox','5424XXXXXXXX0160','0112','2010-11-09 14:12:36','2010-10-30 00:54:27',2,NULL,'USD',1.000000,0),(1867,1532,'William Knack','','18682 Road L','','Cloverdale','45827','Ohio','United States','419-532-2316','questingwode@aol.com',2,'William Knack','','18682 Road L','','Cloverdale','45827','Ohio','United States',2,'William Knack','','18682 Road L','','Cloverdale','45827','Ohio','United States',2,'Authorize.net AIM','Visa','William Knack','4868XXXXXXXX4678','0513','2010-11-01 12:53:50','2010-11-01 10:22:06',2,NULL,'USD',1.000000,0),(1868,1986,'Bruce Riley','','4928 South Campbell Ave.','','Chicago','60632','Illinois','United States','7737371109','0eru0@sbcglobal.net',2,'Bruce Riley','','4928 South Campbell Ave.','','Chicago','60632','Illinois','United States',2,'Bruce Riley','','4928 South Campbell Ave.','','Chicago','60632','Illinois','United States',2,'Authorize.net AIM','Visa','Bruce Riley','4366XXXXXXXX7293','0113','2010-12-13 14:32:58','2010-11-03 20:42:28',3,NULL,'USD',1.000000,0),(1869,1989,'Lauren Winstanley','','9223 Phinney Ave N','','Seattle','98103','Washington','United States','2063271922','lauren.winstanley@gmail.com',2,'Lauren Winstanley','','9223 Phinney Ave N','','Seattle','98103','Washington','United States',2,'Lauren Winstanley','','9223 Phinney Ave N','','Seattle','98103','Washington','United States',2,'Authorize.net AIM','Visa','Lauren Winstanley','4018XXXXXXXX8419','0311','2010-11-11 08:29:52','2010-11-10 18:15:47',2,NULL,'USD',1.000000,0),(1870,1990,'greg hamlin','','19523 Vintage','','northridge','91324','California','United States','818-200-5258','tiny.hamlin@yahoo.com',2,'greg hamlin','','19523 Vintage','','northridge','91324','California','United States',2,'greg hamlin','','19523 Vintage','','northridge','91324','California','United States',2,'Authorize.net AIM','Master Card','greg hamlin','5523XXXXXXXX4807','1011','2010-11-16 16:34:32','2010-11-12 15:57:25',2,NULL,'USD',1.000000,0),(1871,1993,'Humberto Cortes','','12209 SW 14 LN Apt 1101','','Miami','33184','Florida','United States','3053008687','hjcort@tutopia.com',2,'Humberto Cortes','','12209 SW 14 LN Apt 1101','','Miami','33184','Florida','United States',2,'Humberto Cortes','','12209 SW 14 LN Apt 1101','','Miami','33184','Florida','United States',2,'Authorize.net AIM','Visa','Humberto Cortes','4559XXXXXXXX8168','0717','2010-11-16 09:12:51','2010-11-15 21:10:23',2,NULL,'USD',1.000000,0),(1872,1995,'Pravin Pattekari','','911 Hergot Ave','','Ruston','71272','Louisiana','United States','409-201-5791','ppp006@latech.edu',2,'Yuri Lvov','','911 Hergot Ave, IfM','','Ruston','71272','Louisiana','United States',2,'Pravin Pattekari','','911 Hergot Ave','','Ruston','71272','Louisiana','United States',2,'Authorize.net AIM','Visa','Yuri Lvov','4715XXXXXXXX0677','0912','2010-12-13 16:02:58','2010-11-19 16:52:06',2,NULL,'USD',1.000000,0),(1873,1996,'Daniel Jolley','','393 s. 800 w.','','Woods Cross','84087','Utah','United States','801-299-6629','daniel.jolley@hollycorp.com',2,'Daniel Jolley','','393 s. 800 w.','','Woods Cross','84087','Utah','United States',2,'Daniel Jolley','','393 s. 800 w.','','Woods Cross','84087','Utah','United States',2,'Authorize.net AIM','Visa','Daniel Jolley','4485XXXXXXXX2170','0813','2010-11-29 15:03:02','2010-11-23 15:44:48',2,NULL,'USD',1.000000,0),(1874,1967,'Daniel moore','','5090 state route 11','','Ellenburg depot','12935','New York','United States','5185344010','motodanr1@ymail.com',2,'Daniel moore','','5090 state route 11','','Ellenburg depot','12935','New York','United States',2,'Daniel moore','','5090 state route 11','','Ellenburg depot','12935','New York','United States',2,'Authorize.net AIM','Master Card','Daniel moore','5449XXXXXXXX3411','1113','2010-12-03 11:37:09','2010-11-24 20:38:10',2,NULL,'USD',1.000000,0),(1875,1996,'Daniel Jolley','','393 s. 800 w.','','Woods Cross','84087','Utah','United States','801-299-6629','daniel.jolley@hollycorp.com',2,'Daniel Jolley','','393 s. 800 w.','','Woods Cross','84087','Utah','United States',2,'Daniel Jolley','','393 s. 800 w.','','Woods Cross','84087','Utah','United States',2,'Authorize.net AIM','Visa','Daniel Jolley','4485XXXXXXXX2170','0813','2010-12-03 10:05:09','2010-11-30 12:20:33',2,NULL,'USD',1.000000,0),(1876,1998,'Karen Herbster','','108 Hobart Avenue','','Port Chester','10573','New York','United States','914 907-8847','krh44@aol.com',2,'Karen Herbster','','108 Hobart Avenue','','Port Chester','10573','New York','United States',2,'Karen Herbster','','108 Hobart Avenue','','Port Chester','10573','New York','United States',2,'Authorize.net AIM','Master Card','Karen Herbster','5466XXXXXXXX5026','0312','2010-12-13 16:03:25','2010-12-04 15:54:17',2,NULL,'USD',1.000000,0),(1877,2000,'Kelly Blavatt','','2603 Chestnut Woods Court','','Reisterstown','21136','Maryland','United States','410 6281271','kellyblavatt@me.com',2,'Kelly Blavatt','','2603 Chestnut Woods Court','','Reisterstown','21136','Maryland','United States',2,'Kelly Blavatt','','2603 Chestnut Woods Court','','Reisterstown','21136','Maryland','United States',2,'Authorize.net AIM','American Express','Kelly Blavatt','3723XXXXXXXX1029','0311','2010-12-06 08:58:40','2010-12-05 21:55:22',2,NULL,'USD',1.000000,0),(1878,2001,'Brian violini','','735 alta street p o box 807 or 735 alta street','','GONZALES','93926','California','United States','831 2142636','bviolini@me.com',2,'Brian violini','','735 alta street p o box 807 or 735 alta street','','GONZALES','93926','California','United States',2,'brian Violini','','po box 807','','gONZALES','93926','California','United States',2,'Authorize.net AIM','Visa','brian Violini','4798XXXXXXXX2691','1212','2010-12-13 16:02:29','2010-12-07 19:32:55',2,NULL,'USD',1.000000,0),(1879,2004,'mike stock','','506 s lincoln ave','','ofallon','62269','Illinois','United States','618 624-8680','mike.stock@att.net',2,'mike stock','','506 s lincoln ave','','ofallon','62269','Illinois','United States',2,'mike stock','','506 s lincoln ave','','ofallon','62269','Illinois','United States',2,'Authorize.net AIM','Master Card','mike stock','5308XXXXXXXX8893','0912','2010-12-21 08:31:11','2010-12-16 18:36:25',2,NULL,'USD',1.000000,0),(1880,2006,'Mark Lagoner','','6954 Tuckahoe Road','','Williamson','14589','New York','United States','8037884445','mlagoner@rochester.rr.com',2,'Mark Lagoner','','6954 Tuckahoe Road','','Williamson','14589','New York','United States',2,'Mark Lagoner','','6954 Tuckahoe Road','','Williamson','14589','New York','United States',2,'Authorize.net AIM','Visa','Mark Lagoner','4312XXXXXXXX2248','0113','2010-12-23 10:46:15','2010-12-23 10:45:47',2,NULL,'USD',1.000000,0),(1881,2007,'Roman Blinkiewicz','','Ptasia 10/6','','Zielona Góra','65-525','Lubuskie','Poland','604508426','rblink@o2.pl',1,'Roman Blinkiewicz','','Ptasia 10/6','','Zielona Góra','65-525','Lubuskie','Poland',1,'Roman Blinkiewicz','','Ptasia 10/6','','Zielona Góra','65-525','Lubuskie','Poland',1,'Credit/Debit Card or eCheck (via PayPal)','','','','',NULL,'2010-12-31 14:38:09',4,NULL,'USD',1.000000,0),(1882,2008,'Jorge Alonso','','15448 SW 71st ST','','Miami','33193','Florida','United States','786-419-9065','spykee2010@hotmail.com',2,'Jorge Alonso','','15448 SW 71st ST','','Miami','33193','Florida','United States',2,'Jorge Alonso','','15448 SW 71st ST','','Miami','33193','Florida','United States',2,'Authorize.net AIM','Master Card','Jorge Alonso','5176XXXXXXXX6880','0213','2011-01-03 10:37:11','2011-01-01 15:38:51',2,NULL,'USD',1.000000,0),(1883,2010,'MICHELLE ST JEAN','','152 MAIN STRET','','JAY','04239','Maine','United States','207-897-3102','SMARTWORKS@MYFAIRPOINT.NET',2,'MICHELLE ST JEAN','','152 MAIN STREET','','JAY','04239','Maine','United States',2,'MICHELLE ST JEAN','','21 SCHOOLHOUSE HILL ROAD','','LIVERMORE','04253','Maine','United States',2,'Authorize.net AIM','Master Card','MICHELLE ST JEAN','5424XXXXXXXX3764','1014','2011-01-28 12:04:44','2011-01-09 11:49:47',2,NULL,'USD',1.000000,0),(1884,2012,'stephen maples','','720 riverside','','adrian','49221','Michigan','United States','517 265 7610','sevedus@hotmail.com',2,'stephen maples','','720 riverside','','adrian','49221','Michigan','United States',2,'stephen maples','','720 riverside','','adrian','49221','Michigan','United States',2,'Authorize.net AIM','Visa','christ church adrian','4798XXXXXXXX6927','1113','2011-01-13 16:21:21','2011-01-09 16:11:30',2,NULL,'USD',1.000000,0),(1885,2020,'Gary Fitch','','1616 weyerhorst creek road','','Oshkosh','54902','Wisconsin','United States','920-420-8908','fitchfamily54902@yahoo.com',2,'Paula Fitch (School Stationers)','','1641 south Main st.','','Oshkosh','54902','Wisconsin','United States',2,'Gary Fitch','','1616 weyerhorst creek road','','Oshkosh','54902','Wisconsin','United States',2,'Authorize.net AIM','Master Card','Gary Fitch','5513XXXXXXXX9916','0811','2011-01-27 08:25:54','2011-01-25 21:33:21',2,NULL,'USD',1.000000,0),(1886,2021,'Alisan Hames','','27519 South Rondelet','','Spring','77386','Texas','United States','2813503319','alisansnyder@yahoo.com',2,'Alisan Hames','','27519 South Rondelet','','Spring','77386','Texas','United States',2,'Alisan Hames','','27519 South Rondelet','','Spring','77386','Texas','United States',2,'Authorize.net AIM','Master Card','Alisan Hames','5491XXXXXXXX4721','0912','2011-01-28 16:27:24','2011-01-27 10:41:40',2,NULL,'USD',1.000000,0),(1887,2022,'Luis Raul Ramirez','','2931-182 Central Ave','','El Paso','79905','Texas','United States','915 235 3477','raul.ramirez@dmicorp.ws',2,'Luis Raul Ramirez','','2931-182 Central Ave','','El Paso','79905','Texas','United States',2,'Luis Raul Ramirez','','2931-182 Central Ave','','El Paso','79905','Texas','United States',2,'Credit/Debit Card or eCheck (via PayPal)','','','','','2011-01-28 14:54:18','2011-01-28 13:33:19',2,NULL,'USD',1.000000,0),(1888,2029,'Bill Griffiths','','4833 South Ashton Court','','Springfield','65810','Missouri','United States','417 894 4224','bill_griffiths@sbcglobal.net',2,'Bill Griffiths','','4833 South Ashton Court','','Springfield','65810','Missouri','United States',2,'Bill Griffiths','','4833 South Ashton Court','','Springfield','65810','Missouri','United States',2,'Credit/Debit Card or eCheck (via PayPal)','','','','','2011-02-09 15:30:17','2011-02-09 13:07:55',2,NULL,'USD',1.000000,0);

--
-- Table structure for table `orders_products`
--

CREATE TABLE `orders_products` (
  `orders_products_id` int(11) NOT NULL AUTO_INCREMENT,
  `orders_id` int(11) NOT NULL DEFAULT '0',
  `products_id` int(11) NOT NULL DEFAULT '0',
  `products_model` varchar(12) DEFAULT NULL,
  `products_name` varchar(64) NOT NULL DEFAULT '',
  `products_price` decimal(15,4) NOT NULL DEFAULT '0.0000',
  `final_price` decimal(15,4) NOT NULL DEFAULT '0.0000',
  `products_tax` decimal(7,4) NOT NULL DEFAULT '0.0000',
  `products_quantity` int(2) NOT NULL DEFAULT '0',
  PRIMARY KEY (`orders_products_id`),
  KEY `idx_orders_products_orders_id` (`orders_id`),
  KEY `idx_orders_products_products_id` (`products_id`)
) ENGINE=MyISAM AUTO_INCREMENT=4097 DEFAULT CHARSET=latin1;

--
-- Dumping data for table `orders_products`
--

INSERT INTO `orders_products` VALUES (3367,1493,483,'531025','Midday 36\" 39 Watt',17.5000,17.5000,0.0000,2),(3368,1493,2935,'531087','Gieseman Aquaflora T5 Lamp - 36\"',19.5000,19.5000,0.0000,2),(3337,1471,1714,'706635','PowerGrower Eco',62.9500,62.9500,0.0000,1),(3336,1471,1185,'728450','EcoPlus Air 1',46.9500,46.9500,0.0000,1),(3365,1491,3811,'R440452','Pentair Aquatics Wet or Dry Air Pump 200',18.9500,18.9500,0.0000,1),(3333,1468,2062,'728430','EcoPlus 4\' Airstone',1.2900,1.2900,0.0000,1),(3334,1469,204,'LLC-S-115-1','Liquid Level Control Single Tank',86.0000,86.0000,0.0000,1),(3338,1472,1411,'11920','Manifold 12 Outlet',20.0000,20.0000,0.0000,1),(3339,1473,2447,'CHHC-1','Sentinel Controller CHHC-1',469.0000,469.0000,0.0000,1),(3341,1475,993,'R440103','Quiet One 3000',39.9900,39.9900,0.0000,1),(3342,1475,582,'PE-3/4FB-1','3/4\" Penductor Female',22.0000,22.0000,0.0000,1),(3343,1476,2447,'CHHC-1','Sentinel Controller CHHC-1',469.0000,469.0000,0.0000,2),(3344,1477,2447,'CHHC-1','Sentinel Controller CHHC-1',469.0000,469.0000,0.0000,1),(3347,1479,582,'PE-3/4FB-1','3/4\" Penductor Female',22.0000,22.0000,0.0000,3),(3348,1479,993,'R440103','Quiet One 3000',39.9900,39.9900,0.0000,3),(3349,1481,2447,'702530','Sentinel Controller CHHC-1',469.0000,469.0000,6.0000,1),(3350,1481,3024,'724425','5.5\" x 5.5\" x 6\" Black Square Plastic Pots',0.4200,0.4200,6.0000,100),(3351,1481,2732,'726241','NGW 7\" Propagation Dome',5.9500,5.9500,6.0000,4),(3352,1481,2728,'726223','Shallow Propagation Tray',1.9500,1.9500,6.0000,4),(3353,1481,2726,'726165','Propagation Tray- No Holes',1.0900,1.0900,6.0000,4),(3354,1482,2447,'702530','Sentinel Controller CHHC-1',469.0000,469.0000,0.0000,1),(3355,1483,2447,'702530','Sentinel Controller CHHC-1',469.0000,469.0000,0.0000,1),(3356,1484,3584,'SD-PU-02500','Sedra KSP-2500 Pump',52.7500,52.7500,0.0000,1),(3357,1485,2447,'702530','Sentinel Controller CHHC-1',469.0000,469.0000,0.0000,1),(3363,1490,3503,'R280842','Activated Carbon - 1/2 Gallon (28oz)',8.7400,8.7400,0.0000,1),(3360,1487,1951,'901,791','Hortilux-BLUE MT250D/HTL',81.7400,81.7400,0.0000,1),(3361,1488,2936,'531090','Gieseman Aquaflora T5 Lamp - 48\"',20.5000,20.5000,0.0000,3),(3362,1489,2447,'702530','Sentinel Controller CHHC-1',549.0000,549.0000,0.0000,1),(3364,1490,3794,'R440450','Pre-Assembled Inline System Pack',314.9900,314.9900,0.0000,1),(3369,1494,2056,'14808','AV-50 Repair Kit',15.0000,15.0000,0.0000,1),(3370,1495,1943,'901,545','Hortilux 400W HPS',69.0000,69.0000,0.0000,1),(3371,1495,2447,'702530','Sentinel Controller CHHC-1',549.0000,549.0000,0.0000,1),(3372,1496,2754,'902525','Lumatek 400W Ballast - 120V',138.7300,138.7300,0.0000,2),(3374,1497,3812,'R440453','Pentair Aquatics Wet or Dry Air Pump 200 w/LED',22.5000,22.5000,0.0000,1),(3375,1498,3791,'700155','EcoPlus Carbonaire Filter - 6\"',116.9500,116.9500,0.0000,1),(3378,1501,3063,'981401N','Hanna HI 981401N pH Indicator',105.9500,105.9500,0.0000,1),(3377,1500,2421,'960325','18\" Jumper Chord for Sun Blaze Strip Light',2.9900,2.9900,0.0000,3),(3379,1502,3585,'SD-PU-03500','Sedra KSP-3500 Pump',64.7500,64.7500,0.0000,1),(3388,1506,3695,'736885','EcoPlus 6\" Axial Fan',37.7000,37.7000,0.0000,1),(3387,1506,2020,'718890','Pro-Silicate 1 liter',9.9500,9.9500,0.0000,1),(3382,1504,3881,'GlowPanel45','Glow Panel 45',139.9900,139.9900,0.0000,1),(3383,1504,3880,'GlowPanel','Glow Panel',54.9500,54.9500,0.0000,1),(3386,1505,2457,'702540','Sentinel HPH-8 High Power Hid Controller, 8000W',179.0000,179.0000,0.0000,1),(3389,1506,2466,'719980','Bushmaster- 4 oz.',19.9500,19.9500,0.0000,1),(3390,1506,3772,'716605','Waterproof TDS Tester (Model T75)',57.8500,57.8500,0.0000,1),(3391,1507,3890,'722325','TDS Meter Calibration Solution',9.9400,9.9400,0.0000,1),(3392,1508,3069,'HI98323','Hanna DiST 7',76.9900,76.9900,0.0000,1),(3406,1515,2768,'902488','Galaxy DUAL 150W Ballast - 120/240V',176.2500,176.2500,0.0000,1),(3405,1514,3694,'736880','EcoPlus 4.25\" Axial Fan',19.5000,19.5000,0.0000,2),(3404,1513,750,'L3','Lumenarc III',119.0000,119.0000,0.0000,2),(3396,1510,2447,'702530','Sentinel Controller CHHC-1',549.0000,549.0000,0.0000,1),(3397,1510,3683,'736505','EcoPlus 16\" Wall Mount Fan',28.5400,28.5400,0.0000,1),(3398,1510,2211,'736705','6\" Vortex Inline Fan',165.9900,165.9900,0.0000,1),(3399,1511,1048,'OCEAN300','Peltech Ocean 300',899.9900,899.9900,0.0000,1),(3400,1512,2708,'726695','Super Sprouter Seedling Heat Mat',24.9500,24.9500,0.0000,1),(3401,1512,2709,'726702','Super Sprouter Seedling Heat Mat Thermostat',34.9500,34.9500,0.0000,1),(3402,1512,2717,'714130','Root Riot 50 Cube Tray',22.9500,22.9500,0.0000,1),(3403,1512,2730,'726215','NGW 2\" Propagation Dome',2.2900,2.2900,0.0000,1),(3407,1515,2625,'903100','15\' Lamp Cord - 16 Gauge',15.9500,15.9500,0.0000,2),(3408,1516,751,'L3MINI','Lumenarc A3 Mini',114.0000,114.0000,0.0000,2),(3409,1517,3226,'2190','Sera Med Professional Tremazol - 25mL',9.9900,9.9900,0.0000,1),(3410,1517,3241,'2590','Sera Bactopur Direct - 24 tabl.',10.9900,10.9900,0.0000,1),(3419,1521,2447,'702530','Sentinel Controller CHHC-1',549.0000,549.0000,0.0000,1),(3420,1522,991,'R440102','Quiet One 1200',19.9900,19.9900,0.0000,1),(3421,1523,3460,'340035','Pentair Aquatics EQK1500 820 gpm Pump',4233.2900,4233.2900,0.0000,1),(3418,1520,3765,'730015','Sunfilm Metallized Film 1 mil - 48\" x 25 ft',10.4000,10.4000,0.0000,1),(3417,1520,3060,'98103','Hanna HI 98103 Checker Economical pH Tester',31.5000,31.5000,0.0000,1),(3422,1524,1945,'901,570','Hortilux 600W HPS',83.7500,83.7500,0.0000,2),(3423,1524,469,'904300','Super Sun 2 Reflector',110.9900,110.9900,0.0000,1),(3424,1525,3010,'714064','CocoTek Bale - 5 Kg',8.1500,8.1500,0.0000,2),(3425,1525,3035,'724160','Square Plastic Pots - 6\"x6\"x7\" Black',0.9400,0.9400,0.0000,20),(3426,1525,3638,'728525','Ario 2 Aerator',28.6000,28.6000,0.0000,1),(3453,1539,2965,'714110','Hydroton Clay Growing Pebbles',6.7500,6.7500,6.0000,1),(3433,1532,3650,'728810','Hydro Logic Stealth Sediment Filter',11.2500,11.2500,0.0000,4),(3434,1532,3649,'728805','Hydro Logic Stealth Carbon Filter',12.3500,12.3500,0.0000,3),(3464,1547,2214,'736720','12\" Vortex Inline Fan',289.9900,289.9900,0.0000,1),(3452,1539,2970,'724529','6\" Mesh Pot/Bucket Lid',3.4900,3.4900,6.0000,5),(3432,1531,3797,'R440467','Pentair Aquatics Dirty Water Pump - 978GPH',87.8800,87.8800,0.0000,1),(3463,1547,1946,'901585','Hortilux 1000W HPS',78.0000,78.0000,0.0000,1),(3462,1546,2012,'718820','Monster Bloom 130g',10.9500,10.9500,0.0000,1),(3461,1546,4155,'714810','Botanicare Cocogro - 1.5 cuft',16.0000,16.0000,0.0000,1),(3457,1543,2779,'902855','Hortilux Super Blue 1000W Dual Arc Bulb',151.2500,151.2500,0.0000,1),(3459,1545,2911,'721040','Sunleaves Mexican Bat Guano - 20lb',55.0000,55.0000,0.0000,1),(3460,1546,3053,'707610','2 Pot Easy 2 Grow Kit with Reservoir',62.5000,62.5000,0.0000,1),(3455,1541,2825,'710135','Light Rail 3.5 Complete 10RPM kit',176.9000,176.9000,0.0000,1),(3454,1540,2885,'732580','Bloombastic - 1250 mL',145.5000,145.5000,0.0000,1),(3497,1564,3754,'708550','EZ Sprayer',93.6000,93.6000,6.0000,1),(3447,1535,3796,'R440430','All-In-One Pond Filter System™',167.9800,167.9800,0.0000,1),(3448,1536,85,'T8ENDCAP','IceCap T8 Endcap',7.5000,7.5000,0.0000,3),(3468,1548,2237,'736645','EcoPlus 800 cfm Blower',174.9500,174.9500,0.0000,1),(3467,1548,2253,'736262','800 CFM Exhaust',32.9500,32.9500,0.0000,1),(3469,1549,3060,'98103','Hanna HI 98103 Checker Economical pH Tester',31.5000,31.5000,0.0000,1),(3470,1550,2867,'723052','Humboldt Nutrients Natural Bloom - Quart',20.9500,20.9500,0.0000,1),(3479,1556,2234,'736625','EcoPlus 265 cfm Blower',102.9500,102.9500,0.0000,1),(3472,1552,517,'903060','Mogul Socket Assembly with 25\' Lamp Cord',53.7500,53.7500,6.0000,2),(3473,1553,1715,'706705','Rain Forest 66 Modular System',231.9500,231.9500,0.0000,1),(3498,1565,3536,'R172004','Magnum Replacement Cartridge (24/Ctn.)',6.7800,6.7800,0.0000,3),(3478,1555,2195,'736605','6\" Inline EcoPlus Fan',146.9900,146.9900,0.0000,1),(3480,1556,3674,'736435','EcoPlus Classic 6\" Inline Fan',94.1900,94.1900,0.0000,1),(3481,1556,1789,'732915','FloraKleen Quart',8.2500,8.2500,0.0000,1),(3482,1556,1678,'PRIMO','Hanna Primo',28.0000,28.0000,0.0000,1),(3483,1556,3060,'98103','Hanna HI 98103 Checker Economical pH Tester',31.5000,31.5000,0.0000,1),(3484,1556,2264,'904170','Ducting 6\" x 25\'',22.7500,22.7500,0.0000,1),(3485,1556,2879,'719241','Gold Grow A + B Set - 34oz.',4.0000,4.0000,0.0000,1),(3486,1556,2000,'719430','Zone 34 oz',19.9500,19.9500,0.0000,1),(3488,1558,3683,'736505','EcoPlus 16\" Wall Mount Fan',28.5400,28.5400,0.0000,2),(3499,1565,991,'R440102','Quiet One 1200',19.9900,19.9900,0.0000,2),(3490,1560,3715,'700925','Organic Air Charcoal Fiber Filter 4\"',56.5000,56.5000,0.0000,6),(3493,1562,3644,'728745','Crystal Clear Sediment Filter',10.1500,10.1500,0.0000,2),(3494,1562,3645,'728750','Crystal Clear Carbon Filter',13.2500,13.2500,0.0000,2),(3495,1563,3184,'HI7007L','Hanna Instruments ph7 Buffer 500mL',12.9500,12.9500,0.0000,1),(3496,1563,3183,'HI7004L','Hanna Instruments ph4 Buffer 500mL',12.9500,12.9500,0.0000,1),(3500,1566,2842,'704080','HYDROGUARD GALLON',22.5000,22.5000,0.0000,1),(3501,1567,993,'R440103','Quiet One 3000',39.9900,39.9900,0.0000,1),(3502,1568,994,'R440104','Quiet One 4000',55.9900,55.9900,0.0000,1),(3503,1569,3053,'707610','Easy 2 Grow 2 Pot Kit with Reservoir',69.0000,69.0000,0.0000,1),(3504,1570,3683,'736505','EcoPlus 16\" Wall Mount Fan',28.5400,28.5400,0.0000,1),(3505,1571,2885,'732580','Atami Bloombastic - 1250 mL',155.0000,155.0000,0.0000,1),(3506,1571,3747,'700275','Ozium Air Sanitizer 3000 - Original',6.2500,6.2500,0.0000,2),(3507,1572,3501,'R440400','Automatic Fish Feeder',46.5500,46.5500,0.0000,1),(3508,1573,4259,'AF-10','AquaFX 5 Stage Standard Drinking Water System',160.0000,160.0000,0.0000,1),(3509,1574,2779,'902855','Hortilux Super Blue 1000W Dual Arc Bulb',151.2500,151.2500,0.0000,1),(3510,1575,3716,'700930','Organic Air Charcoal Fiber Filter 6\"',83.5000,83.5000,0.0000,1),(3512,1577,2305,'900507','Sun System 2 400W MH',149.0000,149.0000,0.0000,1),(3513,1578,1996,'719350','Dutch Master Max Grow 34oz',17.9500,17.9500,0.0000,1),(3514,1578,1998,'719370','Dutch Master Max Flower 34 oz',25.9500,25.9500,0.0000,1),(3515,1578,2002,'719440','Dutch Master Silica 1 Quart',22.9500,22.9500,0.0000,1),(3516,1578,2006,'719445','Dutch Master APS 1.32 Gallon',17.9500,17.9500,0.0000,1),(3517,1578,2744,'726600','Dutch Master Replicator',6.9500,6.9500,0.0000,1),(3518,1578,3183,'HI7004L','Hanna Instruments ph4 Buffer 500mL',12.9500,12.9500,0.0000,1),(3519,1578,3184,'HI7007L','Hanna Instruments ph7 Buffer 500mL',12.9500,12.9500,0.0000,1),(3520,1578,3186,'HI70300','Hanna Instruments Electrode Storage Solution 500mL',12.9500,12.9500,0.0000,1),(3521,1578,3188,'HI7032L','Hanna Instruments 1382 ppm (mg/L) - 500mL Bottle',12.9500,12.9500,0.0000,1),(3522,1578,3027,'724300','Neoprene insert - 2\"',0.3800,0.3800,0.0000,6),(3523,1578,1708,'706985','WaterFarm Module',37.5000,37.5000,0.0000,1),(3529,1579,1750,'718125','General Hydroponics Flora Micro 1 Gallon',28.9500,28.9500,0.0000,1),(3528,1579,1758,'718045','General Hydroponics Flora Gro 1 Gallon',24.0000,24.0000,0.0000,1),(3527,1579,1762,'718015','General Hydroponics Flora Bloom 1 Gallon',24.0000,24.0000,0.0000,1),(3530,1580,2825,'710135','Light Rail 3.5 Complete 10RPM kit',176.9000,176.9000,0.0000,1),(3531,1581,3792,'700160','EcoPlus Carbonaire Filter - 8\"',168.9500,168.9500,0.0000,1),(3532,1582,3053,'707610','Easy 2 Grow 2 Pot Kit with Reservoir',69.0000,69.0000,0.0000,1),(3540,1589,994,'R440104','Quiet One 4000',55.9900,55.9900,0.0000,1),(3534,1584,4197,'714300','Fox Farm Original Planting Mix 1 cu ft',13.9500,13.9500,0.0000,2),(3535,1584,3881,'GlowPanel45','Glow Panel 45',138.0000,138.0000,0.0000,1),(3536,1585,2518,'704585','1300 Orthene TR Micro Total Release Insecticide 6 oz',24.9500,24.9500,0.0000,1),(3537,1586,3687,'736725','Air King 12\" - 3 Speed Wall Mount Oscillating Fan',44.2000,44.2000,0.0000,1),(3538,1587,2779,'902855','Hortilux Super Blue 1000W Dual Arc Bulb',151.2500,151.2500,0.0000,1),(3660,1647,2936,'531090','Gieseman Aquaflora T5 Lamp - 48\"',20.5000,20.5000,0.0000,6),(3541,1589,993,'R440103','Quiet One 3000',39.9900,39.9900,0.0000,1),(3542,1589,4375,'JBJ-CS','JBJ Refractometer',59.8500,59.8500,0.0000,1),(3543,1590,3783,'734100','EcoPlus™ 24 Hour Programmable Plug-in Timer 120 Volt',11.7500,11.7500,0.0000,10),(3544,1590,2202,'736790','Can-Fan 6\"',162.0000,162.0000,0.0000,5),(3545,1590,2264,'904170','Ducting 6\" x 25\'',18.9500,18.9500,0.0000,4),(3546,1590,2757,'902540','Lumatek 600W Ballast - 240V',178.0900,178.0900,0.0000,8),(3547,1590,4407,'707080','Botanicare White 2\'x4\' Grow Tray',57.0000,57.0000,0.0000,16),(3548,1591,2537,'704490','Nutrilife SM-90 1 Liter',15.9500,15.9500,0.0000,1),(3549,1592,1969,'718560','Fox Farm Tiger Bloom 1 Quart',19.9500,19.9500,6.0000,1),(3550,1592,1768,'732759','Fox Farm Beastie Bloomz 1 Lb',28.9500,28.9500,6.0000,1),(3551,1593,3674,'736435','EcoPlus Classic 6\" Inline Fan',98.0000,98.0000,0.0000,2),(3552,1594,3880,'GlowPanel','Glow Panel',54.0000,54.0000,0.0000,1),(3553,1595,90,'T5Reflect46','IceCap 46\" T5 Reflector',21.5000,21.5000,0.0000,6),(3554,1596,671,'13170','Dolphin Five Star',24.9500,24.9500,0.0000,1),(3555,1597,3546,'R270778','Little Time or Temp Digital clock/thermometer',14.4100,14.4100,0.0000,1),(3556,1597,2430,'710120','Sunlift Reflector Suspension System- Pair',18.0000,18.0000,0.0000,2),(3557,1597,2942,'713020','Grodan Stonewool A-Ok Starter Plugs - 1x1\" Plugs - 1 Case',290.0000,290.0000,0.0000,1),(3558,1597,3673,'736430','EcoPlus Classic 4\" Inline Fan',74.5000,74.5000,0.0000,2),(3559,1597,3686,'736735','Air King 6\" 2 Speed Circulating Clip-on Fan',17.6000,17.6000,0.0000,8),(3560,1597,2966,'714120','Hydroton Clay Growing Pebbles - 50 liter',34.9500,34.9500,0.0000,1),(3572,1603,4381,'707330','35 Gallon Heavy Duty Gray Reservoir',60.0000,60.0000,0.0000,1),(3562,1599,3060,'98103','Hanna HI 98103 Checker Economical pH Tester',31.5000,31.5000,0.0000,1),(3563,1599,3183,'HI7004L','Hanna Instruments ph4 Buffer 500mL',12.9500,12.9500,0.0000,1),(3564,1599,3184,'HI7007L','Hanna Instruments ph7 Buffer 500mL',12.9500,12.9500,0.0000,1),(3565,1600,2652,'707566','AeroGarden Deluxe Upgrade Kit - Black',109.9500,109.9500,0.0000,1),(3566,1601,1967,'718540','Fox Farm Grow Big Hydroponic 1 Quart',19.9500,19.9500,0.0000,1),(3567,1601,2975,'724505','3\" Net Pots 1 Case',29.9500,29.9500,0.0000,1),(3568,1602,3768,'730030','Sunfilm Metallized Film 2 Mil 48\" x 25 ft',17.9500,17.9500,0.0000,1),(3569,1602,3036,'724525','Perfect Pot',4.1000,4.1000,0.0000,2),(3570,1602,3694,'736880','EcoPlus 4.50\" Axial Fan',21.0000,21.0000,0.0000,1),(3571,1602,3686,'736735','Air King 6\" 2 Speed Circulating Clip-on Fan',17.6000,17.6000,0.0000,1),(3573,1604,2194,'736600','EcoPlus Supreme 4\" Inline Fan',109.5000,109.5000,0.0000,2),(3574,1605,3472,'R177300C','Lifegard 80W UV Sterilizer (115V/60Hz)',358.3500,358.3500,0.0000,1),(3575,1606,4178,'714305','Fox Farm Ocean Forest Potting Soil Mix 1.5 cu ft',13.9500,13.9500,0.0000,1),(3576,1607,993,'R440103','Quiet One 3000',39.9900,39.9900,0.0000,1),(3577,1608,2970,'724529','6\" Mesh Pot/Bucket Lid',3.2500,3.2500,6.0000,10),(3578,1609,993,'R440103','Quiet One 3000',39.9900,39.9900,0.0000,1),(3582,1612,2934,'531085','Gieseman Aquaflora T5 Lamp - 24\"',18.2500,18.2500,0.0000,2),(3581,1611,2405,'960105','Tek-Light T5- 4\' 6 Lamp',328.0500,328.0500,0.0000,1),(3583,1612,2422,'904307','Sun Blaze T5 Strip Light Reflector 2\'',10.0000,10.0000,0.0000,2),(3584,1612,2785,'010499','Advance/Univiersal 2x24/39W Fluorescent Electronic Ballast',37.8000,37.8000,0.0000,2),(3585,1612,2643,'220175','T5 Sockets - Non-Shunted',1.2500,1.2500,0.0000,4),(3586,1613,4338,'713710','Oasis Wedge Growing Medium with Tray',62.0000,62.0000,0.0000,1),(3623,1633,2775,'960320','Sun Blaze® T5 HO Strip Light - 4ft',26.8000,26.8000,0.0000,12),(3607,1622,4190,'AL-60','Alita AL-60 Air Pump',209.0000,209.0000,0.0000,1),(3589,1616,1799,'718815','General Hydroponics Flora Nova Bloom 1 Gallon',63.5000,63.5000,0.0000,1),(3590,1616,1802,'718805','General Hydroponics Flora Nova Grow 1 Gallon',62.9500,62.9500,0.0000,1),(3591,1616,2775,'960320','Sun Blaze® T5 HO Strip Light - 4ft',26.8000,26.8000,0.0000,4),(3592,1616,3711,'700820','Odor-Sok 10\"x24\" Air Filter',89.0000,89.0000,0.0000,1),(3593,1616,2774,'960315','Sun Blaze T5 Strip Lights - 2ft',22.7500,22.7500,0.0000,2),(3594,1616,4404,'707050','Botanicare White 2\'x2\' Grow Tray',44.0000,44.0000,0.0000,1),(3595,1616,4407,'707080','Botanicare White 2\'x4\' Grow Tray',57.0000,57.0000,0.0000,2),(3596,1617,993,'R440103','Quiet One 3000',39.9900,39.9900,0.0000,1),(3597,1618,2550,'728320','Eco 1056 GPH Submersible Pump',49.9500,49.9500,0.0000,1),(3598,1618,2428,'904290','Bright Wing Fluorescent Grow Lamp Fixture',29.9500,29.9500,0.0000,1),(3599,1619,2916,'720310','Plant Success Great White Mycorrhizae 4oz',35.9500,35.9500,0.0000,1),(3600,1620,1953,'901796','Eye Hortilux 1000W BLUE MT1000D/HOR/HTL',162.0000,162.0000,0.0000,1),(3601,1621,4417,'707650','Black 2\'x4\' Grow Tray',49.0000,49.0000,0.0000,1),(3602,1621,4421,'707444','Grotek 2\'x4\' Black High Tide Tray',50.0000,50.0000,0.0000,1),(3603,1621,1746,'706115','Aqua Shuttle Kit',31.0000,31.0000,0.0000,1),(3604,1621,2547,'728305','Eco 264 GPH Submersible Pump',16.9500,16.9500,0.0000,2),(3605,1621,672,'13500','Dolphin P-1 Air Pump',6.9500,6.9500,0.0000,2),(3606,1621,4126,'HE-EB-075','Ebo Jager 75W Aquarium Heater',23.9500,23.9500,0.0000,1),(3608,1623,2799,'726705','Rootech Cloning Gel- 2 oz.',12.2500,12.2500,0.0000,1),(3609,1624,1762,'718015','General Hydroponics Flora Bloom 1 Gallon',24.0000,24.0000,0.0000,1),(3610,1624,1750,'718125','General Hydroponics Flora Micro 1 Gallon',28.9500,28.9500,0.0000,1),(3611,1624,3031,'714040','CocoTek 6\" Basket Liner  1 Case',7.5000,7.5000,0.0000,2),(3612,1625,1412,'13002','Manifold 18 Outlet',27.9000,27.9000,0.0000,2),(3613,1626,3585,'SD-PU-03500','Sedra KSP-3500 Pump',64.7500,64.7500,0.0000,1),(3614,1627,2548,'728310','Eco 396 GPH Submersible Pump',19.9500,19.9500,0.0000,1),(3615,1628,2194,'736600','EcoPlus Supreme 4\" Inline Fan',109.5000,109.5000,0.0000,1),(3616,1629,4194,'732500','Atami Bloombastic 325 mL',68.0000,68.0000,0.0000,1),(3617,1630,2013,'718825','Grotek Monster Bloom 500g',32.0000,32.0000,0.0000,1),(3618,1631,3215,'4610','Sera Iron Test',11.4900,11.4900,0.0000,1),(3619,1631,3220,'4930','Sera Phosphate Test',13.9900,13.9900,0.0000,1),(3620,1632,2988,'724610','3.75\" Net Pot Lids - 10 Pack',5.5000,5.5000,0.0000,1),(3621,1632,3035,'724160','Square Plastic Pots - 6\"x6\"x7\" Black',1.2000,1.2000,0.0000,20),(3622,1632,4404,'707050','Botanicare White 2\'x2\' Grow Tray',44.0000,44.0000,0.0000,1),(3624,1634,3036,'724525','Perfect Pot',4.1000,4.1000,0.0000,24),(3625,1635,3785,'734057','30 Amp Timer Box',236.2500,236.2500,0.0000,1),(3626,1635,4639,'247ship-1','$1.00 Shipping Charge',1.0000,1.0000,0.0000,50),(3627,1636,4197,'714300','Fox Farm Original Planting Mix 1 cu ft',13.9500,13.9500,6.0000,4),(3628,1636,4174,'714304','Fox Farm Ocean Forest Potting Soil Mix - 1 Case',31.0000,31.0000,6.0000,1),(3629,1636,4202,'714310','Light Warrior Growing Medium 1 cu ft',15.7500,15.7500,6.0000,4),(3630,1637,3734,'700305','Ona Liquid - Fresh Linen - 1 Quart',14.0000,14.0000,0.0000,1),(3631,1638,4306,'714745','Sunshine Mix Aggregate Mix 4',39.5000,39.5000,0.0000,2),(3813,1739,1762,'718015','General Hydroponics Flora Bloom 1 Gallon',24.0000,24.0000,0.0000,1),(3653,1640,3035,'724160','Square Plastic Pots - 6\"x6\"x7\" Black',1.2000,1.2000,0.0000,10),(3652,1639,3187,'HI7061L','Hanna Instruments General Cleaning Solution 500mL',13.9500,13.9500,0.0000,1),(3651,1639,3186,'HI70300','Hanna Instruments Electrode Storage Solution 500mL',12.9500,12.9500,0.0000,1),(3650,1639,3188,'HI7032L','Hanna Instruments 1382 ppm (mg/L) - 500mL Bottle',12.9500,12.9500,0.0000,2),(3673,1656,3673,'736430','EcoPlus Classic 4\" Inline Fan',74.5000,74.5000,0.0000,1),(3656,1643,4178,'714305','Fox Farm Ocean Forest Potting Soil Mix 1.5 cu ft',13.9500,13.9500,0.0000,1),(3657,1644,2934,'531085','Gieseman Aquaflora T5 Lamp - 24\"',18.2500,18.2500,0.0000,3),(3658,1645,3674,'736435','EcoPlus Classic 6\" Inline Fan',98.0000,98.0000,0.0000,1),(3659,1646,2601,'903005','Replacement High Pressure Sodium Capacitor 430',22.9500,22.9500,0.0000,1),(3661,1647,484,'531030','Midday 48\" 54 Watt',18.5000,18.5000,0.0000,6),(3662,1647,488,'531010','Actinic+ 48\" 54 Watt',21.5000,21.5000,0.0000,2),(3663,1647,480,'531045','Aqua Blue+ 48\" 54 watt',21.5000,21.5000,0.0000,2),(3664,1648,3694,'736880','EcoPlus 4.50\" Axial Fan',21.0000,21.0000,0.0000,2),(3665,1648,3737,'700325','Ona Block - Fresh Linen 6 oz.',7.5000,7.5000,0.0000,1),(3666,1649,1955,'901722','Eye Hortilux 1000W M1000B/U/BT37/HTL',60.7500,60.7500,0.0000,1),(3667,1650,3790,'700150','EcoPlus 4\" Carbonaire Filter',86.5000,86.5000,0.0000,1),(3706,1676,2547,'728305','Eco 264 GPH Submersible Pump',16.9500,16.9500,0.0000,3),(3669,1652,2713,'726615','Fast-Gro 22\"x44\" Propagation Heat Mat',57.0000,57.0000,0.0000,2),(3695,1668,4453,'MQ-200','Apogee MQ-200 PAR Meter',376.9000,376.9000,0.0000,1),(3671,1654,2837,'732214','General Hydroponics Flora Blend 6 Gallon',101.5000,101.5000,0.0000,2),(3672,1655,4405,'707065','Botanicare White 3\'x3\' Grow Tray',83.0000,83.0000,0.0000,1),(3674,1657,2980,'724370','3\" Net Cups 1 Case',18.9500,18.9500,0.0000,1),(3675,1657,3188,'HI7032L','Hanna Instruments 1382 ppm (mg/L) - 500mL Bottle',12.9500,12.9500,0.0000,1),(3676,1658,3779,'716049','Bluelab Commercial Truncheon',106.6500,106.6500,0.0000,1),(3677,1659,2780,'901541','Eye Hortilux 250W HPS',56.7000,56.7000,0.0000,1),(3678,1660,2470,'714065','Cocotek Bricks- Natural Coconut',2.5900,2.5900,0.0000,10),(3702,1673,2508,'704300','Orange Guard Ornamental Insecticide 1 Gallon',34.9500,34.9500,0.0000,1),(3680,1662,3585,'SD-PU-03500','Sedra KSP-3500 Pump',64.7500,64.7500,0.0000,1),(3696,1669,3695,'736885','EcoPlus 6\" Axial Fan',43.2500,43.2500,0.0000,1),(3693,1666,2447,'702530','Sentinel CHHC1 Total Environmental Controller',590.0000,590.0000,0.0000,2),(3694,1667,524,'734105','Eco Plus Digital Plug-In Timer',15.9500,15.9500,0.0000,2),(3692,1665,2757,'902540','Lumatek 600W Ballast 240V',202.4500,202.4500,0.0000,2),(3697,1670,997,'R440108','Quiet One 9000',146.9500,146.9500,0.0000,1),(3698,1670,4691,'T1095','Tom Large Fish Net',2.5000,2.5000,0.0000,1),(3699,1671,3715,'700925','Organic Air 4\" Charcoal Fiber Filter',58.6000,58.6000,0.0000,1),(3704,1675,2267,'904185','Ducting 12\" x 25\'',35.9500,35.9500,0.0000,1),(3794,1726,2195,'736605','EcoPlus Supreme 6\" Inline Fan',139.5000,139.5000,0.0000,2),(3710,1679,1714,'706635','PowerGrower Eco',63.0000,63.0000,0.0000,1),(3713,1681,2258,'736617','The Speedster',18.9500,18.9500,0.0000,2),(3714,1682,3791,'700155','EcoPlus 6\" Carbonaire Filter',128.2500,128.2500,0.0000,1),(3715,1683,1945,'901570','Eye Hortilux 600W HPS',83.7000,83.7000,0.0000,1),(3716,1684,4032,'EA-20618','Emperor Aquatics Quart Sleeve Gasket and O Ring 10 Pack',34.3200,34.3200,0.0000,2),(3717,1685,3780,'716570','CWP Control Wizard E.C. Dipstick',57.5000,57.5000,0.0000,1),(3718,1685,3700,'736960','SR Insulated Ducting 8\" x 25\'',62.9500,62.9500,0.0000,1),(3719,1686,2652,'707566','AeroGarden Deluxe Upgrade Kit - Black',109.9500,109.9500,0.0000,1),(3720,1687,3785,'734057','30 Amp Timer Box',236.2500,236.2500,0.0000,1),(3721,1688,4063,'EA-01715','Emperor Aquatics Hydromax Standard Pond Filter',366.3000,366.3000,0.0000,1),(3722,1689,2518,'704585','1300 Orthene TR Micro Total Release Insecticide 6 oz',24.9500,24.9500,0.0000,1),(3723,1690,3705,'700395','ONA Breeze Dispenser Fam',58.2500,58.2500,0.0000,1),(3724,1690,3744,'700345','Ona Gel - Fresh Linen - Gallon (for breeze)',35.0000,35.0000,0.0000,1),(3725,1691,3777,'716050','Blue Lab Original Truncheon Meter',106.6500,106.6500,0.0000,1),(3726,1692,993,'R440103','Quiet One 3000',39.9900,39.9900,0.0000,1),(3727,1693,3433,'R440156','Lifegard Quiet One 6000 Pond',93.8500,93.8500,0.0000,1),(3792,1724,3674,'736435','EcoPlus Classic 6\" Inline Fan',98.0000,98.0000,0.0000,1),(3736,1699,3693,'736875','EcoPlus 3.25\" Axial Fan',21.0000,21.0000,0.0000,1),(3731,1696,84,'T5STANDOFF','IceCap T5 Standoff',4.5000,4.5000,0.0000,6),(3732,1696,87,'T5ENDCAP','IceCap T5 Endcap',7.5000,7.5000,0.0000,6),(3733,1697,3695,'736885','EcoPlus 6\" Axial Fan',43.2500,43.2500,0.0000,1),(3734,1697,2260,'736167','EL500 Cooling Thermostat',51.5000,51.5000,0.0000,1),(3735,1698,2652,'707566','AeroGarden Deluxe Upgrade Kit - Black',109.9500,109.9500,0.0000,1),(3740,1700,4104,'EA-21400','Aqua Ultraviolet 400 Watt MP HO UV Lamp for All Aqua UV Viper Un',277.2000,277.2000,0.0000,1),(3739,1700,3597,'728062','Mag Drive 950 GPH Pump',95.0000,95.0000,0.0000,1),(3741,1701,3058,'HI 981408','Hanna HI 981408 pH Gro\\\'Chek',77.9900,77.9900,0.0000,1),(3742,1701,3763,'708029','Green Eye LED Flashlight',10.5000,10.5000,0.0000,1),(3743,1702,2779,'902855','Eye Hortilux Super Blue 1000W Dual Arc Bulb',175.5000,175.5000,0.0000,5),(3791,1724,3791,'700155','EcoPlus 6\" Carbonaire Filter',128.2500,128.2500,0.0000,1),(3824,1748,2518,'704585','1300 Orthene TR Micro Total Release Insecticide 6 oz',24.9500,24.9500,0.0000,1),(3833,1756,3761,'708027','Green Eye LED Headlight',12.2500,12.2500,0.0000,3),(3748,1704,2639,'903258','240 Volt - 25\' Extension Cord - 14 Gauge',29.9500,29.9500,0.0000,1),(3749,1705,3880,'GlowPanel','Glow Panel',54.0000,54.0000,0.0000,1),(3750,1706,2712,'726610','Fast-Gro 11\"x24\" Propagation Heat Mat',25.0000,25.0000,0.0000,1),(3751,1706,2709,'726702','Super Sprouter Seedling Heat Mat Thermostat',30.5000,30.5000,0.0000,1),(3752,1707,2964,'714135','Rapid Rooter - 50pk Replacement Plugs',11.9500,11.9500,0.0000,1),(3753,1707,3764,'740630','International Measure Mug',7.5000,7.5000,0.0000,1),(3754,1707,2479,'714125','Higromite 21.45 Liters',21.0000,21.0000,0.0000,1),(3821,1746,3574,'R211044','Lifegard Pond Leaf Eater',27.8500,27.8500,0.0000,1),(3770,1712,3674,'736435','EcoPlus Classic 6\" Inline Fan',98.0000,98.0000,0.0000,1),(3779,1718,4407,'707080','Botanicare White 2\'x4\' Grow Tray',57.0000,57.0000,0.0000,1),(3778,1717,1709,'706335','Water Farm Farm Kit - 10 Pack',96.5000,96.5000,0.0000,5),(3777,1716,524,'734105','Eco Plus Digital Plug-In Timer',15.9500,15.9500,0.0000,2),(3761,1709,670,'3STAR','Dolphin Three Star',15.9800,15.9800,0.0000,1),(3762,1709,3028,'724305','Botanicare 3\" Neoprene Insert',0.8000,0.8000,0.0000,7),(3763,1709,3012,'724429','3\" Heavy Duty Net Pot',0.8500,0.8500,0.0000,15),(3764,1709,1960,'718505','Fox Farm Grow Big 1 Gallon',44.6000,44.6000,0.0000,1),(3765,1709,1409,'11960-1','Silicon Air Line 4mm',0.0800,0.0800,0.0000,24),(3766,1709,1970,'718565','Fox Farm Tiger Bloom 1 Gallon',45.9500,45.9500,0.0000,1),(3819,1744,2775,'960320','Sun Blaze® T5 HO Strip Light - 4ft',26.8000,26.8000,0.0000,4),(3773,1714,2264,'904170','Ducting 6\" x 25\'',18.9500,18.9500,0.0000,1),(3774,1714,3674,'736435','EcoPlus Classic 6\" Inline Fan',98.0000,98.0000,0.0000,1),(3775,1715,2987,'724605','3\" Net Pot Lids 10 Pack',4.5000,4.5000,0.0000,5),(3776,1715,2059,'728415','EcoPlus Small Round Air Stone',1.5000,1.5000,0.0000,2),(3818,1743,997,'R440108','Lifegard Quiet One 9000',146.9500,146.9500,0.0000,1),(3817,1742,3697,'736895','EcoPlus 10\" Axial Fan',64.9500,64.9500,0.0000,1),(3782,1720,2652,'707566','AeroGarden Deluxe Upgrade Kit - Black',109.9500,109.9500,0.0000,1),(3783,1720,1688,'706903','Aerogarden Cherry Tomato Seed Kit',19.9500,19.9500,0.0000,1),(3784,1721,524,'734105','Eco Plus Digital Plug-In Timer',15.9500,15.9500,0.0000,8),(3795,1727,2652,'707566','AeroGarden Deluxe Upgrade Kit - Black',109.9500,109.9500,0.0000,1),(3829,1753,997,'R440108','Lifegard Quiet One 9000',146.9500,146.9500,0.0000,1),(3830,1754,3705,'700395','ONA Breeze Dispenser Fam',58.2500,58.2500,0.0000,1),(3831,1755,2428,'904290','Bright Wing Fluorescent Grow Lamp Fixture',29.9500,29.9500,0.0000,2),(3832,1756,3763,'708029','Green Eye LED Flashlight',10.5000,10.5000,0.0000,4),(3805,1732,2652,'707566','AeroGarden Deluxe Upgrade Kit - Black',109.9500,109.9500,0.0000,1),(3814,1740,65,'XM15K250XDE','XM 15000K 250W MH XDE',68.0000,68.0000,0.0000,2),(3807,1734,2195,'736605','EcoPlus Supreme 6\" Inline Fan',139.5000,139.5000,0.0000,1),(3827,1751,86,'T12ENDCAP','Icecap T12 Endcap',7.5000,7.5000,0.0000,2),(3826,1750,1956,'901840','Eye Hortilux 400W MH Conversion',69.2500,69.2500,0.0000,1),(3810,1736,1807,'D-HID-175W','150/175 Dual Ballast',98.0000,98.0000,0.0000,1),(3811,1737,3936,'EH3582-090','Eheim Twin Battery Powered Automatic Fish Feeder',59.5000,59.5000,0.0000,1),(3820,1745,3807,'340352','Lifegard Waterfall Pump - APF-160',648.1000,648.1000,0.0000,1),(3834,1757,2258,'736617','The Speedster',18.9500,18.9500,0.0000,4),(3835,1758,670,'3STAR','Dolphin Three Star',15.9800,15.9800,0.0000,2),(3836,1759,3009,'714550','Crop Circles Premium Coir Fiber - 1 Case',28.0000,28.0000,0.0000,4),(3837,1760,2713,'726615','Fast-Gro 22\"x44\" Propagation Heat Mat',57.0000,57.0000,0.0000,1),(3838,1761,1762,'718015','General Hydroponics Flora Bloom 1 Gallon',24.0000,24.0000,0.0000,1),(3839,1762,4554,'10-100-95000','biOrb/biUbe Thermometer',7.9500,7.9500,0.0000,1),(3840,1762,4550,'10-100-94214','biOrb/biUbe Algae Magnet Cleaner',2.3500,2.3500,0.0000,1),(3841,1762,4542,'10-100-94124','biOrb/biUbe Airstone - 2 pack',5.9500,5.9500,0.0000,1),(3842,1762,4545,'10-100-94132','biOrb/biUbe Cleaner Pump',8.5000,8.5000,0.0000,1),(3843,1762,4553,'10-100-94307','biOrb/biUbe Timer',34.9500,34.9500,0.0000,1),(3844,1762,4473,'10-100-94188','biOrb Decorative Feng Shui Pebbles Chinese Green',12.9500,12.9500,0.0000,1),(3845,1762,4475,'10-100-94189','biOrb Decorative Feng Shui Pebbles - Pure White',12.9500,12.9500,0.0000,1),(3846,1763,4707,'T1259','Tom Perch Light Compact Fluorescent Fixture 13W',21.9500,21.9500,0.0000,1),(3848,1764,994,'R440104','Lifegard Quiet One 4000',57.9900,57.9900,0.0000,2),(3849,1765,2548,'728310','Eco 396 GPH Submersible Pump',19.9500,19.9500,0.0000,1),(3850,1766,2823,'710105','Auxilliary Trolley (Slave trolley)',18.6000,18.6000,0.0000,8),(3862,1770,3683,'736505','EcoPlus 16\" Wall Mount Fan',29.9500,29.9500,0.0000,1),(3852,1768,3028,'724305','Botanicare 3\" Neoprene Insert',0.8000,0.8000,0.0000,24),(3853,1768,2293,'736195','Y Connector 8\"x 6\"x6\"',16.0000,16.0000,0.0000,1),(3854,1768,2980,'724370','3\" Net Cups 1 Case',18.9500,18.9500,0.0000,1),(3855,1768,3674,'736435','EcoPlus Classic 6\" Inline Fan',98.0000,98.0000,0.0000,1),(3856,1768,3060,'98103','Hanna HI 98103 Checker Economical pH Tester',31.5000,31.5000,0.0000,1),(3857,1768,3183,'HI7004L','Hanna Instruments ph4 Buffer 500mL',12.9500,12.9500,0.0000,1),(3858,1768,3184,'HI7007L','Hanna Instruments ph7 Buffer 500mL',12.9500,12.9500,0.0000,1),(3859,1768,1673,'HI 70300M','Hanna Instruments Electrode Storage Solution 230 mL',12.4000,12.4000,0.0000,1),(3860,1768,1827,'732292','Botanicare Sweet Berry 1 Gallon',48.0000,48.0000,0.0000,1),(3861,1769,4131,'JBJ-TRT-300','JBJ 300W Titanium Heater with TRUE-TEMP Digital Controller',109.9500,109.9500,0.0000,1),(3863,1770,3777,'716050','Blue Lab Original Truncheon Meter',106.6500,106.6500,0.0000,1),(3896,1787,2643,'220175','T5 Sockets - Non-Shunted',1.2500,1.2500,0.0000,6),(3865,1772,295,'MD-70RLT','Iwaki MD-70rlt',288.0000,288.0000,0.0000,1),(3866,1773,2450,'702520','Sentinel EVC 1 Environmental Controller',159.9500,159.9500,0.0000,1),(3867,1774,4133,'JBJ-TRT-800','JBJ 800W Titanium Heater with TRUE-TEMP Digital Controller',129.9500,129.9500,0.0000,2),(3868,1774,691,'DART','Reeflo Dart',299.0000,299.0000,0.0000,2),(3869,1774,3474,'R177304A','Lifegard 160W UV Sterilizer (115V/60Hz)',701.5000,701.5000,0.0000,1),(3870,1774,3504,'R280840','Activated Carbon - 55lb Bag',188.8400,188.8400,0.0000,1),(3871,1774,3489,'R176134','M-Series Commercial Cartridge Filter M-4',266.0000,266.0000,0.0000,2),(3872,1775,2869,'723056','Humboldt Nutrients Natural Bloom 2.5 Gallon',162.0000,162.0000,0.0000,1),(3873,1775,4344,'720800','Seeds of Change Genovese Sweet Basil - Pack of 6',13.9500,13.9500,0.0000,1),(3895,1787,2785,'010499','Advance/Univiersal 2x24/39W Fluorescent Electronic Ballast',43.5000,43.5000,0.0000,1),(3875,1777,2447,'702530','Sentinel CHHC1 Total Environmental Controller',525.0000,525.0000,0.0000,1),(3876,1778,2768,'902488','Galaxy DUAL 150W Ballast 120/240V',195.7500,195.7500,0.0000,1),(3877,1779,3855,'FNK2L','Florin-K Potassium Source Fertilizer for Planted FW Aquaria - 2',26.9900,26.9900,0.0000,1),(3878,1780,2780,'901541','Eye Hortilux 250W HPS',56.7000,56.7000,0.0000,2),(3879,1780,2753,'902520','Lumatek 250  Ballast 120V',133.6000,133.6000,0.0000,1),(3880,1780,2326,'904315','Sun Tube Reflector 6\"',106.6000,106.6000,0.0000,1),(3881,1781,3721,'700955','Organic Air 6\" Charcoal Fiber Scrubber',62.5000,62.5000,0.0000,1),(3882,1781,1826,'732291','Botanicare Sweet Berry 1 Quart',22.9500,22.9500,0.0000,1),(3883,1781,2452,'702505','Sentinel MDT-1 Digital Light and Recycling Timer',159.9000,159.9000,0.0000,1),(3884,1781,3881,'GlowPanel45','Glow Panel 45',138.0000,138.0000,0.0000,1),(3885,1782,3024,'724425','5.5\" x 5.5\" x 6\" Black Square Plastic Pots',0.5000,0.5000,0.0000,9),(3905,1793,3795,'R440455','Pre-Assembled Compact System Pack',314.9900,314.9900,0.0000,1),(3890,1784,4731,'AQE09430','Aqueon Tropical Flakes 2.29 oz.',2.2900,2.2900,0.0000,1),(3889,1784,4550,'10-100-94214','biOrb/biUbe Algae Magnet Cleaner',2.3500,2.3500,0.0000,2),(3891,1785,1944,'901565','Eye Hortilux 430W HPS',66.8500,66.8500,0.0000,1),(3892,1786,3844,'FNG500','Florin-Gro Nitrogen Fertilizer - 500 ml',7.7500,7.7500,0.0000,1),(3893,1786,3854,'FNK500','Florin-K Potassium Source Fertilizer for Planted FW Aquaria - 50',7.7500,7.7500,0.0000,1),(3894,1786,2916,'720310','Plant Success Great White Mycorrhizae 4oz',35.9500,35.9500,0.0000,1),(3897,1787,490,'531053','Pure Actinic 24\" 24 Watt',22.5000,22.5000,0.0000,6),(3898,1788,1860,'732110','Botanicare Cal-Mag Plus 1 Quart',18.9500,18.9500,0.0000,1),(3899,1788,4456,'732537','General Hydroponics Liquid Koolbloom 1 Quart',19.9500,19.9500,0.0000,1),(3906,1794,1660,'HI 93713','Hanna 93713 Phosphate Low Range',177.5000,177.5000,0.0000,1),(3902,1790,2698,'904465','Econowing Reflector with Socket and Lamp Cord',33.2500,33.2500,0.0000,2),(3903,1791,3652,'728897','Hydro Logic Stealth 100 & 200 Booster Pump',157.0000,157.0000,0.0000,1),(3904,1792,3588,'KSP-9000','Sedra KSP-9000 Pump',99.7500,99.7500,0.0000,1),(3907,1794,1674,'HI 93713-01','Phosphate Low Range Reagent',23.5000,23.5000,0.0000,1),(3933,1805,2658,'707580','AeroGarden Garden Starter Tray',29.9500,29.9500,0.0000,1),(3913,1796,1954,'901721','Eye Hortilux 400W MH M400/HOR/HTL',51.3000,51.3000,0.0000,1),(3914,1796,1945,'901570','Eye Hortilux 600W HPS',83.7000,83.7000,0.0000,1),(3922,1800,1955,'901722','Eye Hortilux 1000W M1000B/U/BT37/HTL',60.7500,60.7500,0.0000,1),(3921,1799,87,'T5ENDCAP','IceCap T5 Endcap',7.5000,7.5000,0.0000,4),(3918,1798,2255,'736655','EcoPlus 6\" Inline Duct Booster',41.8500,41.8500,6.0000,2),(3919,1798,3037,'800965','Hydroponic Tomatoes',14.9500,14.9500,6.0000,1),(3920,1798,2452,'702505','Sentinel MDT-1 Digital Light and Recycling Timer',159.9000,159.9000,6.0000,1),(3936,1807,4654,'T1193','Tom Aqua Pal 1 Gallon',17.9500,17.9500,0.0000,2),(3934,1806,3010,'714064','CocoTek Organic Bale - 5 Kg',8.1500,8.1500,0.0000,4),(3940,1808,994,'R440104','Lifegard Quiet One 4000',57.9900,57.9900,0.0000,1),(3939,1808,1012,'R270577','1\" Slip Bulkhead',6.7900,6.7900,0.0000,3),(3941,1809,2708,'726695','Super Sprouter Seedling Heat Mat',23.0000,23.0000,0.0000,1),(3942,1810,2659,'707585','AeroGarden 70 Garden Starter Replacement Plugs',19.9500,19.9500,0.0000,1),(3943,1811,3083,'HI9811-5','Hanna HI9811-5 Meter',186.9900,186.9900,0.0000,1),(3946,1813,2971,'724530','8\" Mesh Pot/Bucket Lid',3.2500,3.2500,0.0000,10),(3947,1814,2452,'702505','Sentinel MDT-1 Digital Light and Recycling Timer',159.9000,159.9000,0.0000,1),(3948,1814,2451,'702525','Sentinel EVC 2 Environmental Controller',224.9500,224.9500,0.0000,1),(3949,1814,1945,'901570','Eye Hortilux 600W HPS',83.7000,83.7000,0.0000,3),(3959,1818,2392,'902485','Galaxy 600W Ballast 120/240 V',187.5000,187.5000,0.0000,8),(3952,1816,1762,'718015','General Hydroponics Flora Bloom 1 Gallon',24.0000,24.0000,0.0000,1),(3953,1816,2977,'724515','5\" Net Pots 1 Case',23.0000,23.0000,0.0000,1),(3954,1816,4155,'714810','Botanicare Cocogro - 1.5 cuft',16.0000,16.0000,0.0000,1),(3955,1816,991,'R440102','Lifegard Quiet One 1200',21.0000,21.0000,0.0000,2),(3956,1816,3060,'98103','Hanna HI 98103 Checker Economical pH Tester',31.5000,31.5000,0.0000,1),(3957,1816,3764,'740630','International Measure Mug',7.5000,7.5000,0.0000,1),(3960,1819,4415,'707010','Botanicare 2\'x4\' Humidome',98.0000,98.0000,0.0000,1),(3973,1825,3060,'98103','Hanna HI 98103 Checker Economical pH Tester',31.5000,31.5000,0.0000,1),(3972,1824,2423,'904309','Sun Blaze Strip Light Reflector 4\'',14.8500,14.8500,0.0000,4),(3966,1822,4526,'10-100-94170','biOrb/biUbe Orb Stand - Beech',69.9500,69.9500,0.0000,1),(3967,1823,4194,'732500','Atami Bloombastic 325 mL',68.0000,68.0000,0.0000,1),(3968,1823,1860,'732110','Botanicare Cal-Mag Plus 1 Quart',18.9500,18.9500,0.0000,1),(3969,1823,1853,'732275','Botanicare Liquid Karma 1 Quart',25.9500,25.9500,0.0000,1),(3970,1823,1823,'718380','Botanicare Pure Blend Pro Soil 1 Gallon',38.0000,38.0000,0.0000,1),(3971,1823,1815,'718480','Pure Blend Pro Grow 1 Gallon',37.0000,37.0000,0.0000,1),(3974,1825,670,'3STAR','Dolphin Three Star',15.9800,15.9800,0.0000,1),(3975,1826,3669,'728695','EcoPlus 1/10 HP Chiller',311.0000,311.0000,0.0000,1),(3976,1826,2549,'728315','Eco 633 GPH Submersible Pump',34.9500,34.9500,0.0000,1),(3977,1826,2544,'728492','Eco 100 GPH Submersible Pump',12.9500,12.9500,0.0000,1),(3978,1827,3010,'714064','CocoTek Organic Bale - 5 Kg',8.1500,8.1500,0.0000,3),(3979,1828,3699,'736955','SR Insulated Ducting 6\" x 25\'',49.9500,49.9500,0.0000,1),(4023,1854,3529,'R440357','Aquamesh Progressive Filter Media 19.5\"x24\", Grey, Stage #4',14.5000,14.5000,0.0000,1),(3981,1830,3671,'728702','EcoPlus 1/2 HP Chiller',776.0000,776.0000,0.0000,1),(3982,1831,3880,'GlowPanel','Glow Panel',54.0000,54.0000,0.0000,1),(3983,1832,3796,'R440430','All-In-One Pond Filter System™',167.9800,167.9800,0.0000,1),(3984,1833,4639,'247ship-1','$1.00 Shipping Charge',1.0000,1.0000,0.0000,44),(3985,1833,3795,'R440455','Pre-Assembled Compact System Pack',314.9900,314.9900,0.0000,1),(3988,1835,3075,'98304','Hanna DiST 4',51.9500,51.9500,0.0000,1),(3989,1836,3083,'HI9811-5','Hanna HI9811-5 Meter',186.9900,186.9900,0.0000,1),(3990,1837,3796,'R440430','All-In-One Pond Filter System™',167.9800,167.9800,0.0000,1),(3991,1838,3060,'98103','Hanna HI 98103 Checker Economical pH Tester',31.5000,31.5000,0.0000,1),(3992,1839,4306,'714745','Sunshine Mix Aggregate Mix 4',40.5000,40.5000,7.0000,1),(3993,1839,1802,'718805','General Hydroponics Flora Nova Grow 1 Gallon',62.9500,62.9500,7.0000,1),(3994,1839,3018,'724565','7\" x 7\" Medium White Square Plastic Pots',2.1000,2.1000,7.0000,16),(3995,1839,2047,'732823','SUPERthrive 1 Quart',56.0000,56.0000,7.0000,1),(3998,1842,3085,'HI991405','Hanna HI991405',140.9500,140.9500,0.0000,1),(3997,1841,3081,'HI991300','Hanna HI991300',419.9900,419.9900,0.0000,1),(3999,1842,3187,'HI7061L','Hanna Instruments General Cleaning Solution 500mL',13.9500,13.9500,0.0000,1),(4000,1843,1952,'901792','Eye Hortilux BLUE 400W MT400D/HOR/HTL',87.7500,87.7500,0.0000,1),(4002,1844,3192,'3340','Sera Flore Daydrops',5.9900,5.9900,0.0000,8),(4003,1845,670,'3STAR','Dolphin Three Star',15.9800,15.9800,0.0000,1),(4026,1857,4526,'10-100-94170','biOrb/biUbe Orb Stand - Beech',69.9500,69.9500,0.0000,1),(4025,1856,3010,'714064','CocoTek Organic Bale - 5 Kg',8.1500,8.1500,0.0000,2),(4024,1855,2650,'707575','AeroGarden Deluxe Flat Replacement Bulbs - 3/Box',19.9500,19.9500,0.0000,1),(4009,1847,2233,'736620','EcoPlus 180 CFM Blower',78.2500,78.2500,0.0000,1),(4010,1848,2235,'736630','EcoPlus 465 CFM Blower',93.0000,93.0000,0.0000,1),(4017,1850,4153,'720440','Botanicare Cocogro Compressed Coir Fiber Bale 5kg',11.5000,11.5000,0.0000,3),(4027,1857,4489,'10-100-94220','biOrb Small Grass Ring',11.9500,11.9500,0.0000,1),(4028,1857,4548,'10-100-94125','biOrb/biUbe Ceramic Media (1 lb. bag)',9.9500,9.9500,0.0000,1),(4018,1850,4428,'707190','Black 4\'x6\' Grow Tray',127.0000,127.0000,0.0000,1),(4019,1851,3089,'HI9935','Hanna HI9935',465.9500,465.9500,0.0000,1),(4020,1851,3187,'HI7061L','Hanna Instruments General Cleaning Solution 500mL',13.9500,13.9500,0.0000,1),(4021,1852,3882,'GrowUFO','Grow UFO',595.0000,595.0000,0.0000,1),(4022,1853,3882,'GrowUFO','Grow UFO',595.0000,595.0000,0.0000,1),(4029,1858,1663,'HI 98121','Hanna HI 98121 pH/ORP Pocket Combo',96.0000,96.0000,0.0000,1),(4030,1859,3060,'98103','Hanna HI 98103 Checker Economical pH Tester',31.5000,31.5000,0.0000,1),(4031,1860,3183,'HI7004L','Hanna Instruments ph4 Buffer 500mL',12.9500,12.9500,0.0000,1),(4032,1860,3060,'98103','Hanna HI 98103 Checker Economical pH Tester',31.5000,31.5000,0.0000,1),(4033,1861,3060,'98103','Hanna HI 98103 Checker Economical pH Tester',31.5000,31.5000,0.0000,1),(4034,1862,3069,'HI98323','Hanna DiST 7',76.9900,76.9900,7.0000,1),(4035,1863,3069,'HI98323','Hanna DiST 7',76.9900,76.9900,0.0000,1),(4036,1864,3090,'BL981411','Hanna BL981411',119.9900,119.9900,0.0000,1),(4037,1865,2837,'732214','General Hydroponics Flora Blend 6 Gallon',101.5000,101.5000,0.0000,4),(4038,1866,2260,'736167','EL500 Cooling Thermostat',51.5000,51.5000,0.0000,1),(4039,1867,480,'531045','Aqua Blue+ 48\" 54 watt',21.5000,21.5000,0.0000,2),(4040,1867,484,'531030','Midday 48\" 54 Watt',18.5000,18.5000,0.0000,6),(4041,1867,2936,'531090','Gieseman Aquaflora T5 Lamp - 48\"',20.5000,20.5000,0.0000,6),(4042,1867,488,'531010','Actinic+ 48\" 54 Watt',21.5000,21.5000,0.0000,2),(4043,1868,3060,'98103','Hanna HI 98103 Checker Economical pH Tester',31.5000,31.5000,0.0000,1),(4044,1869,3060,'98103','Hanna HI 98103 Checker Economical pH Tester',31.5000,31.5000,0.0000,1),(4045,1869,3183,'HI7004L','Hanna Instruments ph4 Buffer 500mL',12.9500,12.9500,0.0000,1),(4046,1869,3184,'HI7007L','Hanna Instruments ph7 Buffer 500mL',12.9500,12.9500,0.0000,1),(4047,1869,3186,'HI70300L','Hanna Instruments Electrode Storage Solution 500mL',14.4000,14.4000,0.0000,1),(4048,1870,1663,'HI 98121','Hanna HI 98121 pH/ORP Pocket Combo',96.0000,96.0000,0.0000,1),(4049,1871,3246,'2740','Sera Fishtamin 100 mL',19.9900,19.9900,0.0000,2),(4050,1871,3117,'0290','Sera San 1000 mL',16.9900,16.9900,0.0000,1),(4051,1871,3131,'0203','Sera Vipagran 1000 mL',15.9900,15.9900,0.0000,1),(4052,1871,3141,'0307','Sera Discus Granules 1000 mL',24.9900,24.9900,0.0000,1),(4053,1871,3237,'2550','Sera Bactopur - 50 mL',3.9900,3.9900,0.0000,1),(4054,1871,3235,'2320','Sera Ectopur - 130g',3.9900,3.9900,0.0000,1),(4055,1871,3232,'2230','Sera Mycopur - 50mL',3.9900,3.9900,0.0000,1),(4056,1871,3228,'2170','Sera Omnipur 50mL',4.9900,4.9900,0.0000,1),(4057,1871,3409,'8400','Sera Super Carbon 250g',6.4900,6.4900,0.0000,2),(4058,1871,3412,'8415','Sera Phosvec Granulat 500g',11.9900,11.9900,0.0000,1),(4059,1872,3184,'HI7007L','Hanna Instruments ph7 Buffer 500mL',12.9500,12.9500,0.0000,1),(4060,1872,3183,'HI7004L','Hanna Instruments ph4 Buffer 500mL',12.9500,12.9500,0.0000,1),(4061,1872,3185,'HI7010L','Hanna Instruments ph10 Buffer 500mL',12.9500,12.9500,0.0000,1),(4062,1872,3060,'98103','Hanna HI 98103 Checker Economical pH Tester',34.0000,34.0000,0.0000,3),(4063,1873,3057,'HI 98127','Hanna HI 98127 pH Pocket Tester',104.9900,104.9900,0.0000,1),(4064,1874,2830,'732176','General Hydroponics Flora Nectar 1 Quart',18.9500,18.9500,0.0000,1),(4065,1874,3010,'714064','CocoTek Organic Bale - 5 Kg',8.1500,8.1500,0.0000,2),(4066,1875,3057,'HI 98127','Hanna HI 98127 pH Pocket Tester',104.9900,104.9900,0.0000,5),(4067,1876,3180,'HI70007P','Hanna Instruments HI70007 pH 7.01 Solution 25x20 mL sachets',29.9900,29.9900,0.0000,1),(4068,1876,3178,'HI70006P','Hanna Instruments HI70004 pH 4.01 Solution 25x20 mL sachets',29.9900,29.9900,0.0000,1),(4069,1876,1663,'HI 98121','Hanna HI 98121 pH/ORP Pocket Combo',96.0000,96.0000,0.0000,1),(4070,1877,4526,'10-100-94170','biOrb/biUbe Orb Stand - Beech',69.9500,69.9500,0.0000,1),(4071,1878,1663,'HI 98121','Hanna HI 98121 pH/ORP Pocket Combo',96.0000,96.0000,0.0000,2),(4072,1879,1663,'HI 98121','Hanna HI 98121 pH/ORP Pocket Combo',96.0000,96.0000,0.0000,4),(4073,1879,3184,'HI7007L','Hanna Instruments ph7 Buffer 500mL',12.9500,12.9500,0.0000,1),(4074,1879,1672,'HI 7061M','Cleaning Solution, General Purpose',11.3000,11.3000,0.0000,1),(4075,1879,1673,'HI 70300M','Hanna Instruments Electrode Storage Solution 230 mL',12.4000,12.4000,0.0000,1),(4076,1880,3060,'98103','Hanna HI 98103 Checker Economical pH Tester',34.0000,34.0000,0.0000,1),(4077,1881,1663,'HI 98121','Hanna HI 98121 pH/ORP Pocket Combo',96.0000,96.0000,0.0000,1),(4078,1882,84,'T5STANDOFF','IceCap T5 Standoff',4.5000,4.5000,0.0000,4),(4079,1882,87,'T5ENDCAP','IceCap T5 Endcap',7.5000,7.5000,0.0000,4),(4080,1882,90,'T5Reflect46','IceCap 46\" T5 Reflector',21.5000,21.5000,0.0000,4),(4081,1882,1242,'IC6606HARN','IceCap 660 6\' replacement harness',27.0000,27.0000,0.0000,1),(4082,1883,2966,'714120','Hydroton Clay Growing Pebbles - 50 liter',24.9500,24.9500,0.0000,2),(4083,1884,3774,'716104','Oakton Waterproof EcoTestr pH 1',57.9500,57.9500,0.0000,1),(4084,1885,1663,'HI 98121','Hanna HI 98121 pH/ORP Pocket Combo',96.0000,96.0000,0.0000,1),(4085,1885,1673,'HI 70300M','Hanna Instruments Electrode Storage Solution 230 mL',12.4000,12.4000,0.0000,1),(4086,1885,3187,'HI7061L','Hanna Instruments General Cleaning Solution 500mL',13.9500,13.9500,0.0000,2),(4087,1885,3183,'HI7004L','Hanna Instruments ph4 Buffer 500mL',12.9500,12.9500,0.0000,1),(4088,1885,3184,'HI7007L','Hanna Instruments ph7 Buffer 500mL',12.9500,12.9500,0.0000,1),(4089,1886,1673,'HI 70300M','Hanna Instruments Electrode Storage Solution 230 mL',12.4000,12.4000,0.0000,1),(4090,1886,3185,'HI7010L','Hanna Instruments ph10 Buffer 500mL',12.9500,12.9500,0.0000,1),(4091,1886,3184,'HI7007L','Hanna Instruments ph7 Buffer 500mL',12.9500,12.9500,0.0000,1),(4092,1886,3060,'98103','Hanna HI 98103 Checker Economical pH Tester',34.0000,34.0000,0.0000,1),(4094,1887,3083,'HI9811-5','Hanna HI9811-5 Meter',186.9900,186.9900,0.0000,1),(4095,1888,1678,'PRIMO','Hanna Primo',28.0000,28.0000,0.0000,1),(4096,1888,3060,'98103','Hanna HI 98103 Checker Economical pH Tester',34.0000,34.0000,0.0000,1);

--
