--
-- Host: localhost    Database: embassyi_embassyint
-- ------------------------------------------------------


--
-- Current Database: `embassyi_embassyint`
--

CREATE DATABASE /*!32312 IF NOT EXISTS*/ `embassyi_embassyint` /*!40100 DEFAULT CHARACTER SET latin1 */;

USE `embassyi_embassyint`;

--
-- Table structure for table `category`
--

CREATE TABLE `category` (
  `id` tinyint(3) unsigned NOT NULL AUTO_INCREMENT,
  `category_type` smallint(2) NOT NULL DEFAULT '0',
  `code` varchar(10) NOT NULL DEFAULT '',
  `name` varchar(50) NOT NULL DEFAULT '',
  `finishing` varchar(50) DEFAULT NULL,
  `country_of_origin` varchar(50) DEFAULT NULL,
  `factory` varchar(50) DEFAULT NULL,
  `remark` varchar(200) DEFAULT NULL,
  `product_img` varchar(100) DEFAULT NULL,
  `isactive` enum('Y','N') DEFAULT 'N',
  `enter_date` datetime DEFAULT '0000-00-00 00:00:00',
  `modify_date` datetime NOT NULL DEFAULT '0000-00-00 00:00:00',
  PRIMARY KEY (`id`)
) ENGINE=MyISAM AUTO_INCREMENT=124 DEFAULT CHARSET=latin1;

--
-- Dumping data for table `category`
--

INSERT INTO `category` VALUES (1,1,'MB550E','Malibu - Cherry','Espresso','Thailand','Fancywood',NULL,NULL,'N','0000-00-00 00:00:00','0000-00-00 00:00:00'),(2,1,'MB550N','Malibu - Natural','Natural','Thailand','Fancywood',NULL,'Malibu_natural','N','0000-00-00 00:00:00','0000-00-00 00:00:00'),(3,1,'SA300N','Sandlestone - Natural','Natural','Thailand',NULL,NULL,NULL,'N','0000-00-00 00:00:00','0000-00-00 00:00:00'),(4,1,'CE100E','Matisse','Espresso','Thailand','Index Interfurn',NULL,NULL,'N','0000-00-00 00:00:00','0000-00-00 00:00:00'),(5,1,'RL100E','Raleigh','Espresso','Thailand','Kimbuy',NULL,'Raleigh','N','0000-00-00 00:00:00','0000-00-00 00:00:00'),(6,1,'AM100E','American','Espresso','Vietnam','Chien',NULL,NULL,'N','0000-00-00 00:00:00','0000-00-00 00:00:00'),(7,1,'AH100P','Attic Heirloom - Panel Bed','Brown','Vietnam','Chien',NULL,NULL,'N','0000-00-00 00:00:00','0000-00-00 00:00:00'),(8,1,'AH150B','Attic Heirloom - Sleigh Bed','Brown','Vietnam','Chien',NULL,NULL,'N','0000-00-00 00:00:00','0000-00-00 00:00:00'),(9,1,'CM100E','Camelot - Sleigh','Espresso','China','Yida',NULL,NULL,'N','0000-00-00 00:00:00','2008-11-14 08:24:17'),(10,1,'CR10E','Conrad','Espresso','China','Creation',NULL,NULL,'N','0000-00-00 00:00:00','0000-00-00 00:00:00'),(11,1,'GR100E','Grandview','Espresso','Vietnam','Great Veca',NULL,NULL,'Y','2006-05-31 21:00:00','0000-00-00 00:00:00'),(12,1,'HN100E','Hanover','Espresso','Vietnam','Hong Yi',NULL,NULL,'N','0000-00-00 00:00:00','0000-00-00 00:00:00'),(13,1,'LB100E','Liberty','Espresso','Vietnam','Chien',NULL,NULL,'N','0000-00-00 00:00:00','0000-00-00 00:00:00'),(14,1,'MD100E','Madison  Panel Bed','Espresso','Vietnam','Chien',NULL,NULL,'N','0000-00-00 00:00:00','0000-00-00 00:00:00'),(15,1,'MD150E','Madison - Poster Bed','Espresso','Vietnam','Chien',NULL,NULL,'N','0000-00-00 00:00:00','0000-00-00 00:00:00'),(16,1,'SC100E','Scarborough','Espresso','China','Liandong',NULL,NULL,'N','0000-00-00 00:00:00','0000-00-00 00:00:00'),(17,1,'SP100E','Sophia','Espresso','Vietnam','Hong Yi',NULL,NULL,'N','0000-00-00 00:00:00','0000-00-00 00:00:00'),(18,1,'TT100B','Trenton 1','Brown','China','Master Home',NULL,NULL,'N','0000-00-00 00:00:00','0000-00-00 00:00:00'),(19,1,'TT100E','Trenton 2','Espresso','China','Fancywood',NULL,NULL,'N','0000-00-00 00:00:00','0000-00-00 00:00:00'),(20,1,'SA300N','Sandlewood','Natural','Thailand','Index Interfurn',NULL,NULL,'N','0000-00-00 00:00:00','0000-00-00 00:00:00'),(21,1,'JD100E','Jordan','Espresso','Indonesia','Integra',NULL,NULL,'N','0000-00-00 00:00:00','2008-11-14 08:30:34'),(22,1,'LY100','Olympia','Cherry','China','Long Range Furniture',NULL,NULL,'N','2005-07-20 23:15:00','0000-00-00 00:00:00'),(23,1,'CA2000','Camelot - High Post',NULL,NULL,NULL,NULL,NULL,'N','2005-10-12 10:35:00','2008-11-14 08:24:17'),(24,1,'HM100','Harmony',NULL,NULL,NULL,NULL,NULL,'N','2005-10-12 10:35:00','0000-00-00 00:00:00'),(25,1,'ML100','Milano',NULL,NULL,NULL,NULL,NULL,'N','2005-10-12 10:35:00','0000-00-00 00:00:00'),(26,1,'VL100','Metalindo',NULL,NULL,NULL,NULL,NULL,'N','2005-11-30 10:38:00','0000-00-00 00:00:00'),(27,1,'VL100','Villa',NULL,NULL,NULL,NULL,NULL,'N','2005-11-30 10:38:00','0000-00-00 00:00:00'),(28,1,'WE370','Westwood',NULL,NULL,NULL,NULL,NULL,'N','2005-12-16 11:00:00','0000-00-00 00:00:00'),(29,1,'LE750','Lexington',NULL,NULL,NULL,NULL,NULL,'N','2005-12-16 11:00:00','0000-00-00 00:00:00'),(30,1,'ST100','Lena',NULL,NULL,NULL,NULL,NULL,'N','2005-12-16 11:00:00','0000-00-00 00:00:00'),(32,1,'VT160','Victoria',NULL,NULL,NULL,NULL,NULL,'N','2006-05-09 00:00:00','0000-00-00 00:00:00'),(46,1,'BP200','Brook - White',NULL,NULL,NULL,NULL,NULL,'Y','2007-05-07 19:52:08','0000-00-00 00:00:00'),(34,1,'CA300','Camelot - Low Post',NULL,NULL,NULL,NULL,NULL,'Y','2006-05-14 10:30:00','0000-00-00 00:00:00'),(45,1,'FL777','Flyer',NULL,NULL,NULL,NULL,NULL,'Y','2007-01-16 10:28:09','0000-00-00 00:00:00'),(35,1,'BY100','Bryant',NULL,NULL,NULL,NULL,NULL,'Y','2006-06-12 21:00:00','0000-00-00 00:00:00'),(36,1,'LE800','Lexington',NULL,NULL,NULL,NULL,NULL,'N','2006-06-12 21:00:00','2008-11-14 08:31:05'),(38,1,'BP100','Brook - Panel',NULL,NULL,NULL,NULL,NULL,'N','2006-06-17 00:00:00','2008-11-14 08:20:28'),(39,1,'BP500','Brook - Canopy Bed',NULL,NULL,NULL,NULL,NULL,'N','2006-06-17 00:00:00','2008-11-14 08:20:28'),(40,1,'EM100','Emerson',NULL,NULL,NULL,NULL,NULL,'N','2006-06-17 00:00:00','2008-11-14 08:28:43'),(41,1,'SF100','Stratford',NULL,NULL,NULL,NULL,NULL,'N','2006-06-17 00:00:00','2008-11-14 08:31:48'),(42,1,'CO100','Havana',NULL,NULL,NULL,NULL,NULL,'N','2006-06-27 21:00:00','2009-01-19 11:58:43'),(43,1,'','Jill Kid',NULL,NULL,NULL,NULL,NULL,'N','2006-07-07 21:00:00','0000-00-00 00:00:00'),(44,1,'JL100','Juliet',NULL,NULL,NULL,NULL,NULL,'N','2006-07-15 21:00:00','0000-00-00 00:00:00'),(47,1,'BP300','Brook - Black',NULL,NULL,NULL,NULL,NULL,'Y','2007-05-07 19:52:26','0000-00-00 00:00:00'),(48,1,'TN100','Titan',NULL,NULL,NULL,NULL,NULL,'Y','2007-07-27 11:18:39','0000-00-00 00:00:00'),(49,1,'GE100','Genevieve',NULL,NULL,NULL,NULL,NULL,'N','2007-07-27 11:19:42','0000-00-00 00:00:00'),(50,1,'SL100','Slayton',NULL,NULL,NULL,NULL,NULL,'N','2007-07-27 11:39:52','2008-11-14 08:31:37'),(51,1,'TN100','Manor',NULL,NULL,NULL,NULL,NULL,'N','2007-07-31 21:23:15','0000-00-00 00:00:00'),(52,1,'EB100','Ebony',NULL,NULL,NULL,NULL,NULL,'N','2007-09-01 00:00:00','0000-00-00 00:00:00'),(53,1,'KE200','Kelly',NULL,NULL,NULL,NULL,NULL,'N','2008-02-17 04:18:02','0000-00-00 00:00:00'),(54,1,'TU555','Tuscany',NULL,NULL,NULL,NULL,NULL,'N','2008-02-17 04:18:40','2010-07-03 10:48:04'),(55,1,'HM100','Hamilton',NULL,NULL,NULL,NULL,NULL,'Y','2008-02-17 04:19:19','0000-00-00 00:00:00'),(56,1,'WH300','Whitmore',NULL,NULL,NULL,NULL,NULL,'N','2008-02-17 04:19:51','0000-00-00 00:00:00'),(57,1,'TA345','Tahoe',NULL,NULL,NULL,NULL,NULL,'N','2008-04-03 23:14:09','2009-09-03 05:28:24'),(58,1,'TA600','Tahoe - Light',NULL,NULL,NULL,NULL,NULL,'N','2008-04-03 23:17:24','0000-00-00 00:00:00'),(59,1,'FR645','Florence',NULL,NULL,NULL,NULL,NULL,'N','2008-04-03 23:25:14','2008-11-14 08:29:38'),(60,1,'GA830','Gayle',NULL,NULL,NULL,NULL,NULL,'N','2008-04-03 23:25:59','2008-11-14 08:30:03'),(61,1,'MT100','Metalindo',NULL,NULL,NULL,NULL,NULL,'Y','2008-04-03 23:26:50','0000-00-00 00:00:00'),(62,1,'RE100','Renegade',NULL,NULL,NULL,NULL,NULL,'N','2008-04-09 11:33:48','2009-09-03 05:33:36'),(63,1,'RE100','Renegade',NULL,NULL,NULL,NULL,NULL,'N','2008-04-09 11:33:59','2009-09-03 05:33:36'),(64,1,'MT100','Metalindo',NULL,NULL,NULL,NULL,NULL,'Y','2008-04-09 11:35:53','0000-00-00 00:00:00'),(65,1,'GE555','Genevieve',NULL,NULL,NULL,NULL,NULL,'N','2009-01-19 10:35:09','2009-01-19 10:35:09'),(66,1,'MW100','Matthew',NULL,NULL,NULL,NULL,NULL,'N','2009-01-19 10:48:04','2010-07-03 10:48:04'),(67,1,'TV442T','TV Lift Cabinet Tobacco',NULL,NULL,NULL,NULL,NULL,'N','2009-01-19 11:23:32','2010-07-01 11:30:56'),(68,1,'TV442GV','TV Lift Cabinet Grandview',NULL,NULL,NULL,NULL,NULL,'N','2009-01-19 11:29:58','2010-07-01 11:30:56'),(69,1,'BP450','Brook Chestnut',NULL,NULL,NULL,NULL,NULL,'Y','2009-01-28 11:12:34','0000-00-00 00:00:00'),(70,1,'WI225','Winton',NULL,NULL,NULL,NULL,NULL,'Y','2009-01-28 11:23:27','2009-01-28 11:23:27'),(71,1,'WI225','Winton PU headboard with storage',NULL,NULL,NULL,NULL,NULL,'Y','2009-01-28 11:32:33','2009-01-28 11:32:33'),(72,1,'HM100','Hamilton with Storage Rails',NULL,NULL,NULL,NULL,NULL,'Y','2009-01-30 09:47:32','2009-01-30 09:47:32'),(73,1,'FL800','Flyer White',NULL,NULL,NULL,'This collection for direct containers only.',NULL,'Y','2009-01-30 09:57:09','2009-01-30 09:57:09'),(74,1,'HA330','Havana',NULL,NULL,NULL,'This collection for direct containers only.',NULL,'Y','2009-01-30 10:07:23','2009-01-30 10:07:23'),(75,1,'WI225','Winton with Upholstered Bed',NULL,NULL,NULL,NULL,NULL,'Y','2009-01-30 10:23:44','2009-01-30 10:23:44'),(76,1,'RE100','Renegade Espresso',NULL,NULL,NULL,NULL,NULL,'Y','2009-01-31 11:16:55','2009-01-31 11:16:55'),(77,1,'MY200','Metalindo Youth Espresso',NULL,NULL,NULL,'This collection for direct containers only',NULL,'Y','2009-02-11 10:48:07','2009-09-03 05:36:02'),(78,1,'MY900','Metalindo Youth White',NULL,NULL,NULL,NULL,NULL,'N','2009-02-11 10:48:42','2009-09-03 05:33:36'),(79,1,'TV442HM','TV Lift Cabinet Hamilton',NULL,NULL,NULL,NULL,NULL,'N','2009-03-04 11:04:40','2010-07-01 11:30:56'),(80,1,'TV552T','TV Lift Cabinet Tuscany',NULL,NULL,NULL,NULL,NULL,'N','2009-03-04 11:04:50','2010-07-01 11:30:56'),(81,1,'RE100','Renegade Espresso with Upholstered Insert',NULL,NULL,NULL,NULL,NULL,'Y','2009-03-04 11:30:30','2009-03-04 11:33:14'),(82,1,'WI900','Winton with PU Headboard',NULL,NULL,NULL,NULL,NULL,'N','2009-03-06 22:31:52','2009-09-03 05:33:36'),(83,1,'LV850','Olivia Canopy Bed',NULL,NULL,NULL,NULL,NULL,'Y','2009-03-06 22:37:32','2009-03-06 22:37:32'),(84,1,'LV850','Olivia Sleigh Bed',NULL,NULL,NULL,NULL,NULL,'Y','2009-03-06 22:42:35','2009-03-06 22:42:35'),(85,1,'EM200','Emily',NULL,NULL,NULL,NULL,NULL,'Y','2009-04-08 09:18:16','2009-04-08 09:18:16'),(86,1,'RE545','Rene',NULL,NULL,NULL,NULL,NULL,'Y','2009-04-10 09:28:34','2009-04-10 09:28:34'),(87,1,'TF100','Tiffany',NULL,NULL,NULL,NULL,NULL,'N','2009-04-10 09:57:18','2009-04-10 09:57:18'),(88,1,'KE100','Kennedy',NULL,NULL,NULL,NULL,NULL,'Y','2009-05-31 10:08:54','2009-05-31 10:08:54'),(89,1,'AV100','Avalon',NULL,NULL,NULL,'This collection for direct containers only',NULL,'N','2009-08-28 04:46:54','2009-08-28 04:46:54'),(90,1,'MD100','Madison',NULL,NULL,NULL,'This collection for direct containers only',NULL,'Y','2009-08-28 05:06:13','2009-08-28 05:06:13'),(91,1,'RV100','Raven',NULL,NULL,NULL,NULL,NULL,'Y','2009-08-28 05:15:46','2009-08-28 05:15:46'),(92,1,'RE888','Renegade Dark Walnut',NULL,NULL,NULL,NULL,NULL,'Y','2009-08-30 09:32:23','2009-08-30 09:32:23'),(93,1,'TR300','Trudy',NULL,NULL,NULL,NULL,NULL,'Y','2009-08-30 09:35:53','2009-08-30 09:35:53'),(94,1,'CR300','Carter',NULL,NULL,NULL,NULL,NULL,'Y','2009-09-02 05:42:29','2009-09-02 05:42:29'),(95,1,'MA333','Manor',NULL,NULL,NULL,NULL,NULL,'N','2009-09-12 08:32:36','0000-00-00 00:00:00'),(96,1,'RV100','Raven with PU headboard',NULL,NULL,NULL,NULL,NULL,'Y','2009-11-28 08:35:30','2009-11-28 08:35:30'),(97,1,'ST250','Studio',NULL,NULL,NULL,NULL,NULL,'Y','2010-06-06 12:08:18','0000-00-00 00:00:00'),(98,1,'FM375','Fleming',NULL,NULL,NULL,NULL,NULL,'Y','2010-07-01 11:40:44','2010-07-01 11:40:44'),(99,1,'AX555','Alexandra',NULL,NULL,NULL,NULL,NULL,'Y','2010-07-01 11:50:10','2010-07-01 11:50:10'),(100,1,'TY100','Taylor',NULL,NULL,NULL,NULL,NULL,'Y','2010-07-01 11:55:11','2010-07-01 11:55:11'),(101,1,'DM100','Del Mar',NULL,NULL,NULL,NULL,NULL,'Y','2010-07-01 11:58:31','2010-07-01 11:58:31'),(102,1,'LZ850','Olivia Low Post',NULL,NULL,NULL,NULL,NULL,'Y','2010-07-11 10:32:47','2010-07-11 10:32:47'),(103,1,'JL900','Jenny Lind',NULL,NULL,NULL,NULL,NULL,'Y','2010-07-11 10:43:22','2010-07-11 10:43:22'),(104,1,'KN333','Kennedy Estate',NULL,NULL,NULL,NULL,NULL,'Y','2010-07-11 10:46:45','2010-07-11 10:46:45'),(105,1,'SP333','Spartan',NULL,NULL,NULL,NULL,NULL,'Y','2010-07-11 10:53:36','2010-07-11 10:53:36'),(106,1,'CN100','Canton',NULL,NULL,NULL,NULL,NULL,'Y','2010-07-11 10:55:18','2010-07-11 10:55:18'),(107,1,'ZA100','Zara',NULL,NULL,NULL,NULL,NULL,'Y','2010-07-11 10:58:51','2010-07-11 10:58:51'),(108,1,'SM100','Sonoma',NULL,NULL,NULL,NULL,NULL,'Y','2010-07-17 11:13:57','2010-07-17 11:13:57'),(109,1,'IM100','Impression',NULL,NULL,NULL,NULL,NULL,'Y','2010-07-17 11:19:36','2010-07-17 11:19:36'),(110,1,'RV500','Raven Entertainment',NULL,NULL,NULL,NULL,NULL,'Y','2010-07-17 11:22:13','2010-07-17 11:22:13'),(111,2,'LA101','LA101',NULL,NULL,NULL,NULL,NULL,'Y','2010-07-17 00:00:00','2010-07-17 00:00:00'),(112,2,'LA102','LA102',NULL,NULL,NULL,NULL,NULL,'Y','2010-07-19 11:26:09','2010-07-19 11:26:09'),(113,2,'LA103','LA103',NULL,NULL,NULL,NULL,NULL,'Y','2010-07-19 11:32:54','2010-07-19 11:32:54'),(114,2,'LA104','LA104',NULL,NULL,NULL,NULL,NULL,'Y','2010-07-19 11:41:53','2010-07-19 11:41:53'),(115,2,'LA201','LA201',NULL,NULL,NULL,NULL,NULL,'Y','2010-07-19 11:42:07','2010-07-19 11:42:07'),(116,2,'LA202','LA202',NULL,NULL,NULL,NULL,NULL,'Y','2010-07-19 11:42:24','2010-07-19 11:42:24'),(117,2,'LA301','LA301',NULL,NULL,NULL,NULL,NULL,'Y','2010-07-19 11:42:33','2010-07-19 11:42:33'),(118,2,'LA302','LA302',NULL,NULL,NULL,NULL,NULL,'Y','2010-07-19 11:42:43','2010-07-19 11:42:43'),(119,2,'LA401','LA401',NULL,NULL,NULL,NULL,NULL,'Y','2010-07-19 11:42:50','2010-07-19 11:42:50'),(120,2,'LA402','LA402',NULL,NULL,NULL,NULL,NULL,'Y','2010-07-19 11:43:00','2010-07-19 11:43:00'),(121,2,'LA404','LA404',NULL,NULL,NULL,NULL,NULL,'Y','2010-07-19 11:43:08','2010-07-19 11:43:08'),(122,2,'LA501','LA501',NULL,NULL,NULL,NULL,NULL,'Y','2010-07-19 11:43:22','2010-07-19 11:43:22'),(123,2,'LA701','LA701',NULL,NULL,NULL,NULL,NULL,'Y','2010-07-19 12:12:03','2010-07-19 12:12:03');

--
-- Table structure for table `category_type`
--

CREATE TABLE `category_type` (
  `id` smallint(2) NOT NULL AUTO_INCREMENT,
  `name` varchar(50) NOT NULL DEFAULT '',
  `isactive` enum('Y','N') NOT NULL DEFAULT 'N',
  PRIMARY KEY (`id`)
) ENGINE=MyISAM AUTO_INCREMENT=4 DEFAULT CHARSET=latin1;

--
-- Dumping data for table `category_type`
--

INSERT INTO `category_type` VALUES (1,'Bed','Y'),(2,'Bed','Y'),(3,'Lamp','Y');

--
-- Table structure for table `parts`
--

CREATE TABLE `parts` (
  `id` tinyint(3) unsigned NOT NULL AUTO_INCREMENT,
  `product_id` tinyint(3) unsigned DEFAULT '0',
  `name` varchar(200) NOT NULL DEFAULT '',
  `description` varchar(200) DEFAULT NULL,
  `isactive` enum('Y','N') DEFAULT 'N',
  `enter_date` datetime DEFAULT '0000-00-00 00:00:00',
  PRIMARY KEY (`id`)
) ENGINE=MyISAM DEFAULT CHARSET=latin1 COMMENT='This table is to maintain a list of parts of each \r\nproduct';

--
-- Dumping data for table `parts`
--


--
-- Table structure for table `product`
--

CREATE TABLE `product` (
  `id` int(7) unsigned NOT NULL AUTO_INCREMENT,
  `code` varchar(10) NOT NULL DEFAULT '',
  `category_id` tinyint(3) unsigned NOT NULL DEFAULT '0',
  `name` varchar(50) NOT NULL DEFAULT '',
  `dimension` varchar(50) DEFAULT NULL,
  `bimage` varchar(200) DEFAULT NULL,
  `simage` varchar(200) DEFAULT NULL,
  `isactive` enum('Y','N') DEFAULT 'N',
  `enter_date` datetime DEFAULT '0000-00-00 00:00:00',
  `modify_date` datetime NOT NULL DEFAULT '0000-00-00 00:00:00',
  `remark` varchar(255) DEFAULT NULL,
  PRIMARY KEY (`id`)
) ENGINE=MyISAM AUTO_INCREMENT=693 DEFAULT CHARSET=latin1;

--
-- Dumping data for table `product`
--

INSERT INTO `product` VALUES (1,'NT550NS',2,'Night Stand','26\"W x 18\"D x 27\"H',NULL,NULL,'Y','0000-00-00 00:00:00','0000-00-00 00:00:00',NULL),(2,'NT5505DR',2,'Chest','38\"W x 20\"D x 52\"H',NULL,NULL,'Y','0000-00-00 00:00:00','0000-00-00 00:00:00',NULL),(3,'NT550D',2,'Dresser','66\"W x 18\"D x 35\"H',NULL,NULL,'Y','0000-00-00 00:00:00','0000-00-00 00:00:00',NULL),(4,'NT550M',2,'Mirror','43\"W x 2\"D x 45\"H',NULL,NULL,'Y','0000-00-00 00:00:00','0000-00-00 00:00:00',NULL),(5,'NT550KB',2,'King Bed','80\"W x 90\"D x 52\"H',NULL,NULL,'Y','0000-00-00 00:00:00','0000-00-00 00:00:00',NULL),(6,'NT550QB',2,'Queen Bed','64\"W x 90\"D x 52\"H',NULL,NULL,'Y','0000-00-00 00:00:00','0000-00-00 00:00:00',NULL),(7,'ST550NS',1,'Night Stand','26\"W x 18\"D x 27\"H',NULL,NULL,'N','0000-00-00 00:00:00','0000-00-00 00:00:00',NULL),(8,'ST5505DR',1,'Chest','38\"W x 20\"D x 52\"H',NULL,NULL,'N','0000-00-00 00:00:00','0000-00-00 00:00:00',NULL),(9,'ST550D',1,'Dresser','66\"W x 18\"D x 35\"H',NULL,NULL,'N','0000-00-00 00:00:00','0000-00-00 00:00:00',NULL),(10,'ST550M',1,'Mirror','43\"W x 2\"D x 45\"H',NULL,NULL,'N','0000-00-00 00:00:00','0000-00-00 00:00:00',NULL),(11,'ST550KB',1,'King Bed','80\"W x 90\"D x 52\"H',NULL,NULL,'N','0000-00-00 00:00:00','2009-08-31 09:35:33',NULL),(12,'ST550QB',1,'Queen Bed','64\"W x 90\"D x 52\"H',NULL,NULL,'N','0000-00-00 00:00:00','0000-00-00 00:00:00',NULL),(13,'SA300KBN',3,'King Bed','',NULL,NULL,'N','0000-00-00 00:00:00','0000-00-00 00:00:00',NULL),(14,'SA300BN',3,'Queen Bed','',NULL,NULL,'N','0000-00-00 00:00:00','0000-00-00 00:00:00',NULL),(15,'SA30DRN',3,'Double Dresser','',NULL,NULL,'N','0000-00-00 00:00:00','0000-00-00 00:00:00',NULL),(16,'SA300MRN',3,'Mirror','',NULL,NULL,'N','0000-00-00 00:00:00','0000-00-00 00:00:00',NULL),(17,'SA300NSN',3,'Night Stand','',NULL,NULL,'N','0000-00-00 00:00:00','0000-00-00 00:00:00',NULL),(18,'SA300CHN',3,'Chest','',NULL,NULL,'N','0000-00-00 00:00:00','0000-00-00 00:00:00',NULL),(19,'CE100KB',4,'King Curve Bed','82\" x 85\" x 58\"',NULL,NULL,'Y','0000-00-00 00:00:00','0000-00-00 00:00:00',NULL),(20,'CE100QB',4,'Queen Curved Bed','66\" x 85\" x 58\"',NULL,NULL,'Y','0000-00-00 00:00:00','0000-00-00 00:00:00',NULL),(21,'CE100D',4,'Double Dresser & Glass \r\nTop','46\" x 19\" x 33\"',NULL,NULL,'Y','0000-00-00 00:00:00','0000-00-00 00:00:00',NULL),(22,'CE100M',4,'Mirror','35\" x 42\" x 2\"',NULL,NULL,'Y','0000-00-00 00:00:00','0000-00-00 00:00:00',NULL),(23,'CE100NS3',4,'Night Stand & Glass \r\nTop','26\" x 18\" x 28\"',NULL,NULL,'Y','0000-00-00 00:00:00','0000-00-00 00:00:00',NULL),(24,'CE1006C',4,'6 Drawer Chest','35\" x 19\" x 56\"',NULL,NULL,'Y','0000-00-00 00:00:00','0000-00-00 00:00:00',NULL),(25,'RL100NSE',5,'Night Stand','24\"W x 18\"D x 26\"H',NULL,'/images/gallery/Raleigh/night_stand.jpg','Y','0000-00-00 00:00:00','0000-00-00 00:00:00',NULL),(26,'RL100DRE',5,'Dresser','64\"W x 18\"D x 35\"H',NULL,'/images/gallery/Raleigh/mirror.jpg','Y','0000-00-00 00:00:00','0000-00-00 00:00:00',NULL),(27,'RL100CHE',5,'Chest','38\"W x 18\"D x 52\"H',NULL,'/images/gallery/Raleigh/dresser.jpg','Y','0000-00-00 00:00:00','0000-00-00 00:00:00',NULL),(28,'RL100ARE',5,'Armoire','42\"W x 21\"D x 72\"H',NULL,'/images/gallery/Raleigh/armoire.jpg','Y','0000-00-00 00:00:00','0000-00-00 00:00:00',NULL),(29,'RL100MRE',5,'Mirror','37\"W x 2\"D x 41\"H',NULL,'/images/gallery/Raleigh/mirror.jpg','Y','0000-00-00 00:00:00','0000-00-00 00:00:00',NULL),(30,'RL100KBE',5,'King Bed','81\"W x 88\"D x 50\"H',NULL,'/images/unavailable.jpg','Y','0000-00-00 00:00:00','0000-00-00 00:00:00',NULL),(31,'RL100QBE',5,'Queen Bed','63\"W x 88\"D x 50\"H',NULL,'/images/gallery/Raleigh/bed.jpg','Y','0000-00-00 00:00:00','0000-00-00 00:00:00',NULL),(32,'AM100BDE',6,'Bed','',NULL,NULL,'N','0000-00-00 00:00:00','0000-00-00 00:00:00',NULL),(33,'AM100DRE',6,'Dresser','',NULL,NULL,'N','0000-00-00 00:00:00','0000-00-00 00:00:00',NULL),(34,'AM100NSE',6,'Night Stand','',NULL,NULL,'N','0000-00-00 00:00:00','0000-00-00 00:00:00',NULL),(35,'AM100MQ',6,'Square Mirror','',NULL,NULL,'N','0000-00-00 00:00:00','0000-00-00 00:00:00',NULL),(36,'AM100MS',6,'Poster Mirror','',NULL,NULL,'N','0000-00-00 00:00:00','0000-00-00 00:00:00',NULL),(37,'AH100QBB',7,'Queen Panel Bed','',NULL,NULL,'N','0000-00-00 00:00:00','0000-00-00 00:00:00',NULL),(38,'AH100DRB',7,'Dresser','',NULL,NULL,'N','0000-00-00 00:00:00','0000-00-00 00:00:00',NULL),(39,'AH100NSB',7,'Night Stand','',NULL,NULL,'N','0000-00-00 00:00:00','0000-00-00 00:00:00',NULL),(40,'AH100MRB',7,'Panel Mirror','',NULL,NULL,'N','0000-00-00 00:00:00','0000-00-00 00:00:00',NULL),(41,'AH100CHB',7,'Chest','',NULL,NULL,'N','0000-00-00 00:00:00','0000-00-00 00:00:00',NULL),(42,'AM150QBB',8,'Queen Sleigh Bed','',NULL,NULL,'N','0000-00-00 00:00:00','0000-00-00 00:00:00',NULL),(43,'AM100DRB',8,'Dresser','',NULL,NULL,'N','0000-00-00 00:00:00','0000-00-00 00:00:00',NULL),(44,'AM100NSB',8,'Night Stand','',NULL,NULL,'N','0000-00-00 00:00:00','0000-00-00 00:00:00',NULL),(45,'AM100MRB',8,'Sleigh Mirror','',NULL,NULL,'N','0000-00-00 00:00:00','0000-00-00 00:00:00',NULL),(46,'AM100CHB',8,'Chest','',NULL,NULL,'N','0000-00-00 00:00:00','0000-00-00 00:00:00',NULL),(47,'CA200QBE',9,'Queen Bed','72\"W x 64\"D x 48\"H',NULL,NULL,'N','2006-06-12 21:00:00','2008-11-14 08:24:53',NULL),(48,'CA200DR',9,'Dresser','64\"W x 17\"D x 37\"H',NULL,NULL,'N','2006-06-12 21:00:00','2008-11-14 08:24:53',NULL),(49,'CA200NS',9,'Night Stand','30\"W x 17\"D x 30\"H',NULL,NULL,'N','2006-06-12 21:00:00','2008-11-14 08:24:53',NULL),(50,'CA200MR',9,'Mirror','53\"W x 3\"D x 50\"H',NULL,NULL,'N','2006-06-12 21:00:00','2008-11-14 08:24:53',NULL),(51,'CA200CH',9,'Chest','40\" W x 17\"D x 54\"H',NULL,NULL,'N','2006-06-12 21:00:00','2008-11-14 08:24:53',NULL),(52,'CA100A',9,'Armoire','48\" W x 19\"D x 85\"H',NULL,NULL,'N','2006-06-12 21:00:00','2008-11-14 08:24:53',NULL),(53,'CR100QBE',10,'Queen Bed','',NULL,NULL,'N','0000-00-00 00:00:00','0000-00-00 00:00:00',NULL),(54,'CR100DRE',10,'Dresser','',NULL,NULL,'N','0000-00-00 00:00:00','0000-00-00 00:00:00',NULL),(55,'CR100NSE',10,'Night Stand','',NULL,NULL,'N','0000-00-00 00:00:00','0000-00-00 00:00:00',NULL),(56,'CR100MRE',10,'Mirror','',NULL,NULL,'N','0000-00-00 00:00:00','0000-00-00 00:00:00',NULL),(57,'GV850QB',11,'Grandview Qeen Bed','64\"W x 91\"D x 54\"H',NULL,'/images/gallery/Grandview/bed.jpg','Y','0000-00-00 00:00:00','2009-08-31 09:36:39',NULL),(58,'GV850DR',11,'Grandview Dresser','66\"W x 19\"D x 42\"H',NULL,'/images/gallery/Grandview/mirror.jpg','Y','0000-00-00 00:00:00','2009-08-31 09:36:39',NULL),(59,'GV850NS',11,'Grandview Night Stand','30\"W x 18\"D x 28\"H',NULL,'/images/gallery/Grandview/night_stand.jpg','Y','0000-00-00 00:00:00','2009-08-31 09:36:39',NULL),(60,'GV850MR',11,'Grandview Mirror','40\"W x 1\"D x 40\"H',NULL,'/images/gallery/Grandview/mirror.jpg','Y','0000-00-00 00:00:00','2009-08-31 09:36:39',NULL),(61,'GV850CH',11,'Grandview Chest','40\"W x 19\"D 54\"H',NULL,'/images/gallery/Grandview/chest.jpg','Y','0000-00-00 00:00:00','2009-08-31 09:36:39',NULL),(62,'HN100QBE',12,'Queen Bed','',NULL,NULL,'N','0000-00-00 00:00:00','0000-00-00 00:00:00',NULL),(63,'HN100DRE',12,'Dresser','',NULL,NULL,'N','0000-00-00 00:00:00','0000-00-00 00:00:00',NULL),(64,'HN100NSE',12,'Night Stand','',NULL,NULL,'N','0000-00-00 00:00:00','0000-00-00 00:00:00',NULL),(65,'HN100MRE',12,'Mirror','',NULL,NULL,'N','0000-00-00 00:00:00','0000-00-00 00:00:00',NULL),(66,'HN100CHE',12,'Chest','',NULL,NULL,'N','0000-00-00 00:00:00','0000-00-00 00:00:00',NULL),(67,'LB100QBC',13,'Queen Bed','68\" x 85\" x 52\"',NULL,'/images/gallery/Liberty/bed.jpg','Y','0000-00-00 00:00:00','0000-00-00 00:00:00',NULL),(68,'LB100DRC',13,'Dresser','64\" x 18\" x 38\"',NULL,'/images/gallery/Liberty/mirror.jpg','Y','0000-00-00 00:00:00','0000-00-00 00:00:00',NULL),(69,'LB100NSC',13,'Night Stand','25\" x 17\" x 29\"',NULL,'/images/gallery/Liberty/night_stand.jpg','Y','0000-00-00 00:00:00','0000-00-00 00:00:00',NULL),(70,'LB100MRC',13,'Mirror','40\" x 2\" x 36\"',NULL,'/images/gallery/Liberty/mirror.jpg','Y','0000-00-00 00:00:00','0000-00-00 00:00:00',NULL),(71,'LB100CHC',13,'Chest','38\" x 18\" x 52\"',NULL,'/images/gallery/Liberty/dresser.jpg','Y','0000-00-00 00:00:00','0000-00-00 00:00:00',NULL),(72,'MD100QBE',14,'Queen Bed','',NULL,NULL,'N','0000-00-00 00:00:00','0000-00-00 00:00:00',NULL),(73,'MD100DRE',14,'Dresser','',NULL,NULL,'N','0000-00-00 00:00:00','0000-00-00 00:00:00',NULL),(74,'MD100NSE',14,'Night Stand','',NULL,NULL,'N','0000-00-00 00:00:00','0000-00-00 00:00:00',NULL),(75,'MD100MRE',14,'Mirror','',NULL,NULL,'N','0000-00-00 00:00:00','0000-00-00 00:00:00',NULL),(76,'MD100CHE',14,'Chest','',NULL,NULL,'N','0000-00-00 00:00:00','0000-00-00 00:00:00',NULL),(77,'MD150QBE',15,'Queen Bed','',NULL,NULL,'N','0000-00-00 00:00:00','0000-00-00 00:00:00',NULL),(78,'MD150DRE',15,'Dresser','',NULL,NULL,'N','0000-00-00 00:00:00','0000-00-00 00:00:00',NULL),(79,'MD150NSE',15,'Night Stand','',NULL,NULL,'N','0000-00-00 00:00:00','0000-00-00 00:00:00',NULL),(80,'MD150MRE',15,'Mirror','',NULL,NULL,'N','0000-00-00 00:00:00','0000-00-00 00:00:00',NULL),(81,'MD150CHE',15,'Chest','',NULL,NULL,'N','0000-00-00 00:00:00','0000-00-00 00:00:00',NULL),(82,'SB100QBC',16,'Queen Bed','63.5\" x 75.75\" x 43.75\"',NULL,'/images/gallery/Scarborough/bed.jpg','Y','0000-00-00 00:00:00','0000-00-00 00:00:00',NULL),(83,'SB100DRC',16,'Dresser','18\" x 64\" x 35\"',NULL,'/images/gallery/Scarborough/mirror.jpg','Y','0000-00-00 00:00:00','0000-00-00 00:00:00',NULL),(84,'SB100NSC',16,'Night Stand','16\" x 24\" x 27\"',NULL,'/images/gallery/Scarborough/night_stand.jpg','Y','0000-00-00 00:00:00','0000-00-00 00:00:00',NULL),(85,'SB100MRC',16,'Mirror','36\" x 40\" x 1.63\"',NULL,'/images/gallery/Scarborough/mirror.jpg','Y','0000-00-00 00:00:00','0000-00-00 00:00:00',NULL),(86,'SB100CHC',16,'Chest','18\" x 36\" x 51\"',NULL,'/images/gallery/Scarborough/dresser.jpg','Y','0000-00-00 00:00:00','0000-00-00 00:00:00',NULL),(87,'SP100QBE',17,'Queen Bed','63\" x 92\" x 44\"',NULL,'/images/gallery/Sophia/bed.jpg','Y','0000-00-00 00:00:00','0000-00-00 00:00:00',NULL),(88,'SP100DRE',17,'Dresser','61\" x 18\" x 34\"',NULL,'/images/gallery/Sophia/mirror.jpg','Y','0000-00-00 00:00:00','0000-00-00 00:00:00',NULL),(89,'SP100NSE',17,'Night Stand','22\" x 16\" x 24\"',NULL,'/images/gallery/Sophia/night_stand.jpg','Y','2005-10-15 08:06:04','0000-00-00 00:00:00',NULL),(90,'SP100MRE',17,'Mirror','38\" x 1\" x 38\"',NULL,'/images/gallery/Sophia/mirror.jpg','Y','2005-10-15 08:06:04','0000-00-00 00:00:00',NULL),(91,'SP100CHE',17,'Chest','33\" x 18\" x 48\"',NULL,'/images/gallery/Sophia/dresser.jpg','Y','0000-00-00 00:00:00','0000-00-00 00:00:00',NULL),(92,'TT100QBB',18,'Queen Bed','',NULL,NULL,'N','0000-00-00 00:00:00','0000-00-00 00:00:00',NULL),(93,'TT100DRB',18,'Dresser','',NULL,NULL,'N','0000-00-00 00:00:00','0000-00-00 00:00:00',NULL),(94,'TT100NSB',18,'Night Stand','',NULL,NULL,'N','0000-00-00 00:00:00','0000-00-00 00:00:00',NULL),(95,'TT100MRB',18,'Mirror','',NULL,NULL,'N','0000-00-00 00:00:00','0000-00-00 00:00:00',NULL),(96,'TT100CHE',18,'Chest','',NULL,NULL,'N','0000-00-00 00:00:00','0000-00-00 00:00:00',NULL),(97,'TT100QBE',19,'Queen Bed','',NULL,NULL,'N','0000-00-00 00:00:00','0000-00-00 00:00:00',NULL),(98,'TT100MRE',19,'Dresser','',NULL,NULL,'N','0000-00-00 00:00:00','0000-00-00 00:00:00',NULL),(99,'TT100NSE',19,'Night Stand','',NULL,NULL,'N','0000-00-00 00:00:00','0000-00-00 00:00:00',NULL),(100,'TT100MRE',19,'Mirror','',NULL,NULL,'N','0000-00-00 00:00:00','0000-00-00 00:00:00',NULL),(101,'TT100CHE',19,'Espresso Chest','',NULL,NULL,'N','0000-00-00 00:00:00','0000-00-00 00:00:00',NULL),(102,'GR200NSE',11,'Grandview Night Stand with Glasstop','30\"W x 18\"D x 28\"H',NULL,'/images/gallery/Grandview/night_stand_glass.jpg','N','0000-00-00 00:00:00','2009-08-31 09:36:39',NULL),(103,'SA300KBN',20,'King Bed','82\" x 85\" x 58\"',NULL,NULL,'Y','0000-00-00 00:00:00','0000-00-00 00:00:00',NULL),(104,'SA300QBN',20,'Queen Bed','66\" x 85\" x 58\"',NULL,'/images/gallery/Sandlewood/bed.jpg','Y','0000-00-00 00:00:00','0000-00-00 00:00:00',NULL),(105,'SA200DRN',20,'Double Dresser','46\" x 19\" x 33\"',NULL,'/images/gallery/Sandlewood/dresser.jpg','Y','0000-00-00 00:00:00','0000-00-00 00:00:00',NULL),(106,'SA300MRN',20,'Mirror','35\" x 42\" x 2\"',NULL,'/images/gallery/Sandlewood/dresser.jpg','Y','0000-00-00 00:00:00','0000-00-00 00:00:00',NULL),(107,'SA300NSN',20,'Night Stand','26\" x 18\" x 28\"',NULL,'/images/gallery/Sandlewood/night_stand.jpg','Y','0000-00-00 00:00:00','0000-00-00 00:00:00',NULL),(108,'SA300CHN',20,'Chest','35\" x 19\" x 56\"',NULL,'/images/gallery/Sandlewood/chest.jpg','Y','0000-00-00 00:00:00','0000-00-00 00:00:00',NULL),(109,'GV850AR',11,'Grandview Amoire','46\"W x 23\"D x 74\"H',NULL,'/images/unavailable.jpg','N','2005-07-17 16:14:00','2009-08-31 09:36:39',NULL),(110,'JD100NS',21,'Night Stand','26\"W x 18\"D x 26\"H',NULL,'/images/unavailable.jpg','N','2005-07-17 16:19:00','2008-11-14 08:30:28',NULL),(111,'JD100C',21,'Chest','40\"W x 18\"D x 58\"H',NULL,'/images/unavailable.jpg','N','2005-07-17 16:20:00','2008-11-14 08:30:28',NULL),(112,'JD100DR',21,'Dresser','69\"W x 20\"D x 35\"H',NULL,'/images/unavailable.jpg','N','2005-07-17 16:20:00','2008-11-14 08:30:28',NULL),(113,'JD100M',21,'Mirror','42\"W x 2\"D x 47\"H',NULL,'/images/unavailable.jpg','N','2005-07-17 16:20:00','2008-11-14 08:30:28',NULL),(114,'JD100KB',21,'King Bed','80\"W x 90\"D x 50\"H',NULL,'/images/unavailable.jpg','N','2005-07-17 16:20:00','2008-11-14 08:30:28',NULL),(115,'JD100QB',21,'Queen Bed','62\"W x 90\"D x 50\"H',NULL,'/images/unavailable.jpg','N','2005-07-17 16:20:00','2008-11-14 08:30:28',NULL),(116,'LY100DRC',22,'Dresser','74\"W x 20\"D x 39\"H',NULL,NULL,'N','2005-07-20 23:15:00','0000-00-00 00:00:00',NULL),(117,'LY100MRC',22,'Mirror','46\"W x 4\" D x 51\"H',NULL,NULL,'N','2005-07-20 23:15:00','0000-00-00 00:00:00',NULL),(118,'LY100CHC',22,'Chest','45\"W x 20\"D x 57\"H',NULL,NULL,'N','2005-07-20 23:15:00','0000-00-00 00:00:00',NULL),(119,'LY100NSC',22,'Night Stand','36\"W x 21\"D x 34\"H',NULL,NULL,'N','2005-07-20 23:15:00','0000-00-00 00:00:00',NULL),(120,'LY100AMC',22,'Armoire','50\"W x 22\"D x 84\"H',NULL,NULL,'N','2005-07-20 23:15:00','0000-00-00 00:00:00',NULL),(121,'LY100QC',22,'Queen Poster Bed','70\"W x 92\"D x 83\"H',NULL,NULL,'N','2005-07-20 23:15:00','0000-00-00 00:00:00',NULL),(122,'LY100KC',22,'King Poster Bed','85\"W x 92\"D x 83\"H',NULL,NULL,'N','2005-07-20 23:15:00','0000-00-00 00:00:00',NULL),(123,'CA100QBE',23,'Queen Post Bed','61.5\"W x 81.5\"D x 89\"H',NULL,NULL,'N','2005-10-12 10:35:00','2008-11-14 08:24:53',NULL),(124,'CA200DR',23,'Dresser','64\"W x 17\"D x 37\"H',NULL,NULL,'N','2005-10-12 10:35:00','2008-11-14 08:24:53',NULL),(125,'CA200NS',23,'Night Stand','30\"W x 17\"D x 30\"H',NULL,NULL,'N','2005-10-12 10:35:00','2008-11-14 08:24:53',NULL),(126,'CA200MR',23,'Mirror','53\"W x 3.5\"D x 50.5\"H',NULL,NULL,'N','2005-10-12 10:35:00','2008-11-14 08:24:53',NULL),(127,'CA200CH',23,'Chest','40\"W x 17\"D x 54\"H',NULL,NULL,'N','2005-10-12 10:35:00','2008-11-14 08:24:53',NULL),(128,'CA100A',23,'Armoire','48\"W x 19.5\"D x 85\"H',NULL,NULL,'N','2005-10-12 10:35:00','2008-11-14 08:24:53',NULL),(129,'HM100QBE',24,'Queen Bed','61.5\" x 81.5\" x 89\"',NULL,NULL,'Y','2005-10-12 10:35:00','0000-00-00 00:00:00',NULL),(130,'HM100DRE',24,'Dresser','20\" x 68\" x 40\"',NULL,NULL,'Y','2005-10-12 10:35:00','0000-00-00 00:00:00',NULL),(131,'HM100NSE',24,'Night Stand','19\" x 30\" x 30\"',NULL,NULL,'Y','2005-10-12 10:35:00','0000-00-00 00:00:00',NULL),(132,'HM100MRE',24,'Mirror','46\" x 1.5\" x 56\"',NULL,NULL,'Y','2005-10-12 10:35:00','0000-00-00 00:00:00',NULL),(133,'HM100CHE',24,'Chest','20\" x 40\" x 60\"',NULL,NULL,'Y','2005-10-12 10:35:00','0000-00-00 00:00:00',NULL),(134,'ML100QBE',25,'Queen Bed','64\" x 82\" x 52\"',NULL,NULL,'Y','2005-10-12 10:35:00','0000-00-00 00:00:00',NULL),(135,'ML100DRE',25,'Dresser','20\" x 66\" x 36\"',NULL,NULL,'Y','2005-10-12 10:35:00','0000-00-00 00:00:00',NULL),(136,'ML100NSE',25,'Night Stand','18\" x 24\" x 24\"',NULL,NULL,'Y','2005-10-12 10:35:00','0000-00-00 00:00:00',NULL),(137,'ML100MRE',25,'Mirror','34\" x 1.8\" x 34\"',NULL,NULL,'Y','2005-10-12 10:35:00','0000-00-00 00:00:00',NULL),(138,'ML100CHE',25,'Chest','19\" x 24\" x 57\"',NULL,NULL,'Y','2005-10-12 10:35:00','0000-00-00 00:00:00',NULL),(139,'ML100TSE',25,'Telephone Stand','17\" x 21\" x 27\"',NULL,NULL,'Y','2005-10-12 10:35:00','0000-00-00 00:00:00',NULL),(140,'VL100KBP',27,'King Bed','70.5\" x 87.2\" x 69.2\"',NULL,NULL,'Y','2005-11-30 10:40:00','0000-00-00 00:00:00',NULL),(141,'VL100QBP',27,'Queen Bed','86.2\" x 87.2\" x 69.2\"',NULL,NULL,'Y','2005-11-30 10:40:00','0000-00-00 00:00:00',NULL),(142,'VL100DRP',27,'Dresser','68\" x 19.5\" x 37\"',NULL,NULL,'Y','2005-11-30 10:40:00','0000-00-00 00:00:00',NULL),(143,'VL100NSP',27,'Night Stand','29.7\" x 17.5\" x 29.5\"',NULL,NULL,'Y','2005-11-30 10:40:00','0000-00-00 00:00:00',NULL),(144,'VL100MRP',27,'Mirror','57.5\" x 3.3\" x 48\"',NULL,NULL,'Y','2005-11-30 10:40:00','0000-00-00 00:00:00',NULL),(145,'VL100CHP',27,'Chest','39.8\" x 19.5\" x 58.9\"',NULL,NULL,'Y','2005-11-30 10:40:00','0000-00-00 00:00:00',NULL),(146,'WE370QB',28,'Queen Bed','64\" x 91\" x 54\"',NULL,NULL,'Y','2005-12-16 11:00:00','0000-00-00 00:00:00',NULL),(147,'WE370DR',28,'Dresser','65.7\" x 18.5\" x 42\"H',NULL,NULL,'Y','2005-12-16 11:00:00','0000-00-00 00:00:00',NULL),(148,'WE370NS',28,'Night Stand','29.7\" x 18\" x 28\"H',NULL,NULL,'Y','2005-12-16 11:00:00','0000-00-00 00:00:00',NULL),(149,'WE370MR',28,'Mirror','40\" x 1.2\" x 40\"H',NULL,NULL,'Y','2005-12-16 11:00:00','0000-00-00 00:00:00',NULL),(150,'WE370CH',28,'Chest','40\" x 18.5\" x 54\"H',NULL,NULL,'Y','2005-12-16 11:00:00','0000-00-00 00:00:00',NULL),(151,'WE370AR',28,'Armoire','46\" x 23\" x 74\"H',NULL,NULL,'Y','2005-12-16 11:00:00','0000-00-00 00:00:00',NULL),(152,'LE750QBK',29,'Lexington Queen Bed','65.5\" x 89\" x 84\"H',NULL,NULL,'Y','2005-12-16 11:00:00','0000-00-00 00:00:00',NULL),(153,'LE750DRK',29,'Lexington Dresser','67.7\" x 19.7\" x 38\"H',NULL,NULL,'Y','2005-12-16 11:00:00','0000-00-00 00:00:00',NULL),(154,'LE750NSK',29,'Lexington Night Stand','28\" x 18\" x 28\"H',NULL,NULL,'Y','2005-12-16 11:00:00','0000-00-00 00:00:00',NULL),(155,'LE750MRK',29,'Lexington Mirror','47.2\" x 2.5\" x 48\"H',NULL,NULL,'Y','2005-12-16 11:00:00','0000-00-00 00:00:00',NULL),(156,'LE750CHK',29,'Lexington Chest','37.7\" x 18.7\" x 53\"H',NULL,NULL,'Y','2005-12-16 11:00:00','0000-00-00 00:00:00',NULL),(157,'ST100QBB',30,'Queen Bed','64\"W x 98\"D x 52\"H',NULL,NULL,'Y','2005-12-16 11:00:00','0000-00-00 00:00:00',NULL),(158,'LY100WUC',22,'Wall Unit','98\"W x 23\"D x 80\"H',NULL,NULL,'N','2006-04-10 20:00:00','0000-00-00 00:00:00',NULL),(159,'LY100QSC',22,'Queen Sleigh Bed','68\"W x 92\"D x 65\"H',NULL,NULL,'N','2006-04-10 20:00:00','0000-00-00 00:00:00',NULL),(160,'LY100KSC',22,'King Sleigh Bed','85\"W x 94\"D x 65\"H',NULL,NULL,'N','2006-04-10 00:00:00','0000-00-00 00:00:00',NULL),(161,'VT160AR',32,'Victoria Armoire','51\"W x 23\"D x 91\"H',NULL,NULL,'Y','2006-05-09 00:00:00','0000-00-00 00:00:00',NULL),(162,'VT160CH',32,'Victoria Chest','42\"W x 19\"D x 56\"H',NULL,NULL,'Y','2006-05-09 00:00:00','0000-00-00 00:00:00',NULL),(163,'VT160DR',32,'Victoria Dresser','73\"W x 20\"D x 39\"H',NULL,NULL,'Y','2006-05-09 00:00:00','0000-00-00 00:00:00',NULL),(164,'VT160MR',32,'Victoria Mirror','53\"W x 2\"D x 45\"H',NULL,NULL,'Y','0000-00-00 00:00:00','0000-00-00 00:00:00',NULL),(165,'VT160NS',32,'Victoria Night Stand','30\"W x 19\"D x 29\"H',NULL,NULL,'Y','2006-05-09 00:00:00','0000-00-00 00:00:00',NULL),(166,'VT160QP',32,'Victoria Queen Poster Bed','92\"W x 70\"D x 65\"H',NULL,NULL,'N','0000-00-00 00:00:00','0000-00-00 00:00:00',NULL),(167,'VT260QS',32,'Vicotoria Queen Sleigh Bed','71\"W x 99\"D x 65\"H',NULL,NULL,'Y','2006-05-09 00:00:00','0000-00-00 00:00:00',NULL),(168,'VT160CH',32,'Victoria Chest','87\"W x 99\"D x 67\"H',NULL,NULL,'N','2006-05-14 00:00:00','0000-00-00 00:00:00',NULL),(169,'CA300KLE',34,'Camelot King Low Post','89\"W x 66\"D x 66\"H',NULL,NULL,'Y','0000-00-00 00:00:00','2009-09-01 07:39:50',NULL),(170,'CA300QLE',34,'Camelot Queen Low Post','82\"W x 66\"D x 66\"H',NULL,NULL,'Y','0000-00-00 00:00:00','2009-09-01 07:39:50',NULL),(171,'CA200DR',34,'Camelot Dresser','64\"W x 17\"D x 37\"H',NULL,NULL,'Y','0000-00-00 00:00:00','2009-09-01 07:39:50',NULL),(172,'CA200NS',34,'Camelot Night Stand','30\"W x 17\"D x 30\"H',NULL,NULL,'Y','0000-00-00 00:00:00','2009-09-01 07:39:50',NULL),(173,'CA200MR',34,'Camelot Mirror','53\"W x 3\"D x 50\"H',NULL,NULL,'Y','0000-00-00 00:00:00','2009-09-01 07:39:50',NULL),(174,'CA200CH',34,'Camelot Chest','40\" W x 17\"D x 54\"H',NULL,NULL,'Y','0000-00-00 00:00:00','2009-09-01 07:39:50',NULL),(175,'CA200A',34,'Camelot Armoire','48\" W x 19\"D x 85\"H',NULL,NULL,'Y','0000-00-00 00:00:00','2009-09-01 07:39:50',NULL),(176,'BY100CH',35,'Bryant Chest','38\"W x 18\"D x 51.5\"H',NULL,NULL,'Y','2006-06-12 21:00:00','0000-00-00 00:00:00',NULL),(177,'BY100NS',35,'Bryant Night Stand','26\"W x 16\"D x 24\"H',NULL,NULL,'Y','2006-06-12 21:00:00','0000-00-00 00:00:00',NULL),(178,'BY100MR',35,'Bryant Mirror','45.5\"W x 2\"D x 48H',NULL,NULL,'Y','2006-06-12 21:00:00','0000-00-00 00:00:00',NULL),(179,'BY100DR',35,'Bryant Dresser','62\"W x 18\"D x 35\"H',NULL,NULL,'Y','2006-06-12 21:00:00','0000-00-00 00:00:00',NULL),(180,'BY100KB',35,'Bryant King Bed','81.5\" W x 90\"D x 62\"H',NULL,NULL,'Y','2006-06-12 21:00:00','0000-00-00 00:00:00',NULL),(181,'BY100QB',35,'Bryant Queen Bed','66\" W x 90\"D x 62\"H',NULL,NULL,'Y','2006-06-12 21:00:00','0000-00-00 00:00:00',NULL),(182,'LE800QBK',36,'Lexington Queen Bed - Low Poster','65\"W x 89\"D x 65\"H',NULL,NULL,'N','2006-06-12 21:00:00','2008-11-14 08:31:13',NULL),(183,'LE800KBK',36,'Lexington King Bed - Low Poster','81\"W x 89\"D x 65\"H',NULL,NULL,'N','2006-06-12 21:00:00','2008-11-14 08:31:13',NULL),(184,'LE750DRK',36,'Lexington Dresser','68\"W x 20\"D x 38\"H',NULL,NULL,'N','2006-06-12 21:00:00','2008-11-14 08:31:13',NULL),(185,'LE750NSK',36,'Lexington Night Stand','28\"W x 18\"D x 28\"H',NULL,NULL,'N','2006-06-12 21:00:00','2008-11-14 08:31:13',NULL),(186,'LE750MRK',36,'Lexington Mirror','47\"W x 3\"D x 48\"H',NULL,NULL,'N','2006-06-12 21:00:00','2008-11-14 08:31:13',NULL),(187,'LE750CHK',36,'Lexington Chest','38\"W x 19\"D x 53\"H',NULL,NULL,'N','2006-06-12 21:00:00','2008-11-14 08:31:13',NULL),(188,'LE750KBK',29,'Lexington King Bed','82\"W x 89\"D x 84\"H',NULL,NULL,'Y','2006-06-12 21:00:00','0000-00-00 00:00:00',NULL),(189,'BP100ARP',38,'Brook Armoire','41\"W x 18.5\"D x 66.5\"H',NULL,NULL,'N','2006-06-17 00:00:00','2008-11-14 08:22:40',NULL),(190,'BP100CHP',38,'Brook Chest','38\"W x 18\"D x 53\"H',NULL,NULL,'N','2006-06-17 00:00:00','2008-11-14 08:22:40',NULL),(191,'BP100DRP',38,'Brook Dresser','64\"W x 18\"D x 36.5\"H',NULL,NULL,'N','2006-06-17 00:00:00','2008-11-14 08:22:40',NULL),(192,'BP100MRP',38,'Brook Mirror','46\"W x 2.5\"D x 42\"H',NULL,NULL,'N','2006-06-17 00:00:00','2008-11-14 08:22:40',NULL),(193,'BP100NSP',38,'Brook Night Stand','29\"W x 18\"D x 30\"H',NULL,NULL,'N','2006-06-17 00:00:00','2008-11-14 08:22:40',NULL),(194,'BP100QBP',38,'Brook Queen Bed','68\"W x 89\"D x 60.5\"H',NULL,NULL,'N','2006-06-17 00:00:00','2008-11-14 08:22:40',NULL),(195,'BP100KBP',38,'Brook King Bed','84\"W x 89\"D x 60.5\"H',NULL,NULL,'N','2006-06-17 00:00:00','2008-11-14 08:22:40',NULL),(196,'BP100ARP',39,'Brook Armoire','41\"W x 18.5\"D x 66.5\"H',NULL,NULL,'N','2006-06-17 00:00:00','2008-11-14 08:22:40',NULL),(197,'BP100CHP',39,'Brook Chest','38\"W x 18\"D x 53\"H',NULL,NULL,'N','2006-06-17 00:00:00','2008-11-14 08:22:40',NULL),(198,'BP100DRP',39,'Brook Dresser','64\"W x 18\"D x 36.5\"H',NULL,NULL,'N','2006-06-17 00:00:00','2008-11-14 08:22:40',NULL),(199,'BP100MRP',39,'Brook Mirror','46\"W x 2.5\"D x 42\"H',NULL,NULL,'N','2006-06-17 00:00:00','2008-11-14 08:22:40',NULL),(200,'BP100NSP',39,'Brook Night Stand','29\"W x 18\"D x 30\"H',NULL,NULL,'N','2006-06-17 00:00:00','2008-11-14 08:22:40',NULL),(201,'BP500QBP',39,'Brook Queen Canopy Bed','65\"W x 89\"D x 84\"H',NULL,NULL,'N','2006-06-17 00:00:00','2008-11-14 08:22:40',NULL),(202,'BP500KBP',39,'Brook King Canopy Bed','81\"W x 89\"D x 84\"H',NULL,NULL,'N','2006-06-17 00:00:00','2008-11-14 08:22:40',NULL),(203,'EM400AR',40,'Emerson Armoire','45.5\"W x 23\"D x 74\"H',NULL,NULL,'N','2006-06-17 00:00:00','2008-11-14 08:28:57',NULL),(204,'EM400CH',40,'Emerson Chest','40\"W x 18.5\"D x 54\"H',NULL,NULL,'N','2006-06-17 00:00:00','2008-11-14 08:28:57',NULL),(205,'EM400DR',40,'Emerson Dresser','65.5\"W x 18.5\"D x 42\"H',NULL,NULL,'N','2006-06-17 00:00:00','2008-11-14 08:28:57',NULL),(206,'EM400MR',40,'Emerson Mirror','40\"W x 1.5\"D x 40\"H',NULL,NULL,'N','2006-06-17 00:00:00','2008-11-14 08:28:57',NULL),(207,'EM400NS',40,'Emerson Night Stand','29.5\"W x 18\"D x 28\"H',NULL,NULL,'N','2006-06-17 00:00:00','2008-11-14 08:28:57',NULL),(208,'EM400QB',40,'Emerson Queen Bed','64\"W x 90\"D x 54\"H',NULL,NULL,'N','2006-06-17 00:00:00','2008-11-14 08:28:57',NULL),(209,'EM400KB',40,'Emerson King Bed','79.5\"W x 90\"D x 54\"H',NULL,NULL,'N','2006-06-17 00:00:00','2008-11-14 08:28:57',NULL),(210,'EM400FB',40,'Emerson Queen Bed Full','64\"W x 90\"D x 54\"H',NULL,NULL,'N','2006-06-17 00:00:00','2008-11-14 08:28:57',NULL),(211,'SF100AR',41,'Stratford Armoire','44\"W x 23\"D x 76\"H',NULL,NULL,'N','2006-06-17 00:00:00','2008-11-14 08:31:53',NULL),(212,'SF100CH',41,'Stratford Chest','37\"W x 18\"D x 51\"H',NULL,NULL,'N','2006-06-17 00:00:00','2008-11-14 08:31:53',NULL),(213,'SF100DR',41,'Stratford Dresser','66\"W x 18\"D x 37\"H',NULL,NULL,'N','2006-06-17 00:00:00','2008-11-14 08:31:53',NULL),(214,'SF100MR',41,'Stratford Mirror','42\"W x 8\"D x 45\"H',NULL,NULL,'N','2006-06-17 00:00:00','2008-11-14 08:31:53',NULL),(215,'SF100NS',41,'Stratford Night Stand','29\"W x 16\"D x 25\"H',NULL,NULL,'N','2006-06-17 00:00:00','2008-11-14 08:31:53',NULL),(216,'SF100QB',41,'Stratford Queen Bed','82\"W x 66\"D x 60\"H',NULL,NULL,'N','2006-06-17 00:00:00','2008-11-14 08:31:53',NULL),(217,'SF100KB',41,'Stratford King Bed','82\"W x 83\"D x 60\"H',NULL,NULL,'N','2006-06-17 00:00:00','2008-11-14 08:31:53',NULL),(218,'HA330BL',42,'Chair','24\"W x 27\"D x 43\"H',NULL,NULL,'Y','2006-06-27 21:00:00','0000-00-00 00:00:00',NULL),(219,'',42,'Ottoman','19\"W x 14\"D x 13\"H',NULL,NULL,'Y','2006-06-27 21:00:00','0000-00-00 00:00:00',NULL),(220,'JL502TBP',43,'Jill Twin Bed','39\"W x 1.7\"D x 41\"H',NULL,NULL,'Y','2006-07-07 21:00:00','0000-00-00 00:00:00',NULL),(221,'',43,'Jill Dresser','47.6\"W x 15.7\"D x 30\"H',NULL,NULL,'Y','2006-07-07 21:00:00','0000-00-00 00:00:00',NULL),(222,'',43,'Jill Mirror','25\"W x 1.6\"D x 37\"H',NULL,NULL,'Y','2006-07-07 21:00:00','0000-00-00 00:00:00',NULL),(223,'',43,'Jill Night Stand','17\"W x 13.5\"D x 20\"H',NULL,NULL,'Y','2006-07-07 21:00:00','0000-00-00 00:00:00',NULL),(224,'JL502CHP',43,'Jill Chest','30\"W x 15.7\"D x 39\"H',NULL,NULL,'Y','2006-07-07 21:00:00','0000-00-00 00:00:00',NULL),(225,'JL100QB',44,'Juliet Queen Bed','85\"D x 75\"W x 50\"H',NULL,NULL,'Y','2006-07-15 21:00:00','0000-00-00 00:00:00',NULL),(226,'JL100BN',44,'Juliet Bench','16\"D x 46\"W x 18\"H',NULL,NULL,'Y','2006-07-15 21:00:00','0000-00-00 00:00:00',NULL),(227,'JL100NS',44,'Juliet Night Stand','16\"D x 20\"W x 35\"H',NULL,NULL,'Y','2006-07-15 21:00:00','0000-00-00 00:00:00',NULL),(228,'JL100MR',44,'Juliet Mirror','20\"D x 25\"W x 64\"H',NULL,NULL,'Y','2006-07-15 21:00:00','0000-00-00 00:00:00',NULL),(229,'JL100VN',44,'Juliet Vanity','17\"D x 36\"W x 60\"H',NULL,NULL,'Y','2006-07-15 21:00:00','0000-00-00 00:00:00',NULL),(230,'JL100ST',44,'Juliet Stool','16\"D x 21\"W x 29\"H',NULL,NULL,'Y','2006-07-15 21:00:00','0000-00-00 00:00:00',NULL),(231,'VT260KS',32,'Victoria King Sleigh Bed','87\"W x 99\"D x 67\"H',NULL,NULL,'Y','2006-10-31 00:00:00','0000-00-00 00:00:00',NULL),(232,'FL700DR',45,'Flyer Dresser','65.35\" W x 18.7\' D x 38\" H',NULL,NULL,'Y','2007-01-16 11:09:37','2009-02-01 11:52:33',NULL),(233,'FL700MR',45,'Flyer Mirror','43.11\" W x 3.35 D x 39.5\" H',NULL,NULL,'Y','2007-01-16 11:10:19','2009-02-01 11:52:16',NULL),(234,'FL700CH',45,'Flyer Chest','37\" W x 18.7\" D x 53.74\" H',NULL,NULL,'Y','2007-01-16 11:10:56','2009-02-01 11:53:12',NULL),(235,'FL700NS',45,'Flyer Night Stand','25.2\" W  x 16.73\" D x 29.72\" H',NULL,NULL,'Y','2007-01-16 11:11:40','2009-02-01 11:53:51',NULL),(236,'FL700QB',45,'Flyer Queen Bed','63.39\" W x 92.44\" D x 54\" H',NULL,NULL,'Y','2007-01-16 11:12:25','2009-02-01 11:54:22',NULL),(237,'FL700KB',45,'Flyer King Bed','79.76\" W x 92.44\" D x 54\" H',NULL,NULL,'Y','2007-01-16 11:12:55','2009-02-01 11:54:46',NULL),(238,'GV850KB',11,'Grandview King Bed','79.5\"W x 91\"D x 54\"H',NULL,NULL,'Y','2007-01-20 00:08:32','2009-08-31 09:36:39',NULL),(239,'BP700ARW',46,'Brook - White Armoire','41\"W x 18.5\"D x 66.5\"H',NULL,NULL,'Y','2007-06-14 21:49:15','0000-00-00 00:00:00',NULL),(240,'BP700CHW',46,'Brook - White Chest','38\"W x 18\"D x 53\"H',NULL,NULL,'Y','2007-06-14 21:50:33','0000-00-00 00:00:00',NULL),(241,'BP700DRW',46,'Brook - White Dresser','64\"W x 18\"D x 36.5\"H',NULL,NULL,'Y','2007-06-14 21:50:51','0000-00-00 00:00:00',NULL),(242,'BP700MRW',46,'Brook - White Mirror','46\"W x 2.5\"D x 42\"H',NULL,NULL,'Y','2007-06-14 21:51:12','0000-00-00 00:00:00',NULL),(243,'BP700NSW',46,'Brook - White Night Stand','29\"W x 18\"D x 30\"H',NULL,NULL,'Y','2007-06-14 21:52:09','0000-00-00 00:00:00',NULL),(244,'BP700QBW',46,'Brook - White Queen Bed','68\"W x 89\"D x 60.5\"H',NULL,NULL,'Y','2007-06-14 21:53:16','0000-00-00 00:00:00',NULL),(245,'BP700KBW',46,'Brook - White King Bed','84\"W x 89\"D x 60.5\"H',NULL,NULL,'Y','2007-06-14 21:53:56','0000-00-00 00:00:00',NULL),(246,'BP700FBW',46,'Brook - White Full Bed','62\" W x 82\" D x 60.5\" H',NULL,NULL,'Y','2007-06-14 21:55:53','0000-00-00 00:00:00',NULL),(247,'BP700TBW',46,'Brook - White Twin Bed','45\" W x 82\" D x 52\" H',NULL,NULL,'Y','2007-06-14 21:56:50','0000-00-00 00:00:00',NULL),(248,'BP800ARB',47,'Brook - Black Armoire','41\" W x 18.5\" D x 66.5\" H',NULL,NULL,'Y','2007-06-14 21:59:30','0000-00-00 00:00:00',NULL),(249,'BP800CHB',47,'Brook - Black Chest','38\" W x 18\" D x 53\" H',NULL,NULL,'Y','2007-06-14 22:00:29','0000-00-00 00:00:00',NULL),(250,'BP800DRB',47,'Brook - Black Dresser','64\" W x 18\" D x 36.5\" H',NULL,NULL,'Y','2007-06-14 22:01:05','0000-00-00 00:00:00',NULL),(251,'BP800MRB',47,'Brook - Black Mirror','46\" W x 2.5\" D x 42\" H',NULL,NULL,'Y','2007-06-14 22:01:38','0000-00-00 00:00:00',NULL),(252,'BP800NSB',47,'Brook - Black Night Stand','29\" W x 18\" D x 30\" H',NULL,NULL,'Y','2007-06-14 22:02:23','0000-00-00 00:00:00',NULL),(253,'BP800QBB',47,'Brook - Black Queen Bed','68\" W x 89\" D x 60.5\" H',NULL,NULL,'Y','2007-06-14 22:04:32','0000-00-00 00:00:00',NULL),(254,'BP800KBB',47,'Brook - Black King Bed','84\" W x 89\" D x 60.5\" H',NULL,NULL,'Y','2007-06-14 22:05:14','0000-00-00 00:00:00',NULL),(255,'BP800FBB',47,'Brook - Black Full Bed','62\" W x 82\" D x 60.5\" H',NULL,NULL,'Y','2007-06-14 22:05:54','0000-00-00 00:00:00',NULL),(256,'GE100DR',49,'Genevieve Dresser','76\" x 21\" x 40\"',NULL,NULL,'N','2007-07-27 11:27:35','0000-00-00 00:00:00',NULL),(257,'GE100MR',49,'Genevieve Mirror','50 1/2\" x 4\" x 53\"',NULL,NULL,'N','2007-07-27 11:28:38','0000-00-00 00:00:00',NULL),(258,'GE100CH',49,'Genevieve Chest','44\" x 20 1/4\" x 60\"',NULL,NULL,'N','2007-07-27 11:29:25','0000-00-00 00:00:00',NULL),(259,'GE100NS',49,'Genevieve Night Stand','34\" x 19 3/8\" x 31\"',NULL,NULL,'N','2007-07-27 11:30:30','0000-00-00 00:00:00',NULL),(260,'GE100AR',49,'Genevieve Armoire','54 1/2\" x 25 1/2\" x 84\"',NULL,NULL,'N','2007-07-27 11:31:13','0000-00-00 00:00:00',NULL),(261,'GE100QB',49,'Genevieve Queen Bed','74 3/4\" x 100 1/4\" x 65 1/4\"',NULL,NULL,'N','2007-07-27 11:32:19','0000-00-00 00:00:00',NULL),(262,'GE100KB',49,'Genevieve King Bed','90 3/4\" x 100 1/4\" x 65 1/4\"',NULL,NULL,'N','2007-07-27 11:32:59','0000-00-00 00:00:00',NULL),(263,'TN100DR',48,'Titan Dresser','64\"W x 18\"D x 38\"H',NULL,NULL,'Y','2007-07-27 11:34:38','0000-00-00 00:00:00',NULL),(264,'TN100MR',48,'Titan Mirror','57\"W x 3.5\" D x 49.5\"H',NULL,NULL,'Y','2007-07-27 11:35:27','2009-09-09 09:54:47',NULL),(265,'TN100CH',48,'Titan Chest','38\"W x 18\"D x 54 3/8\"H',NULL,NULL,'Y','2007-07-27 11:36:06','0000-00-00 00:00:00',NULL),(266,'TN100NS',48,'Titan Night Stand','28\"W x 17\"D x28\"H',NULL,NULL,'Y','2007-07-27 11:36:47','0000-00-00 00:00:00',NULL),(267,'TN100AR',48,'Titan Armoire','42\"W x 22\"D x 72\"H',NULL,NULL,'Y','2007-07-27 11:37:25','0000-00-00 00:00:00',NULL),(268,'TN100QB',48,'Titan Queen Bed','74 3/8\"W x 100\"D x 91\"H',NULL,NULL,'N','2007-07-27 11:38:08','2009-09-09 09:54:47',NULL),(269,'TN100KB',48,'Titan King Bed','91 3/8\"W x 100\"D x 91\"H',NULL,NULL,'N','2007-07-27 11:38:34','2009-09-09 09:54:47',NULL),(270,'SL100DR',50,'Slayton Dresser','68\"W x 18\"D x 42\"H',NULL,NULL,'N','2007-07-27 11:41:25','2008-11-14 08:31:29',NULL),(271,'SL100MR',50,'Slayton Mirror','51 7/8\"W x 3\"D x 43 1/4\"H',NULL,NULL,'N','2007-07-27 11:42:08','2008-11-14 08:31:29',NULL),(272,'SL100MJ',50,'Slayton Jewelry Box','48 3/8\"W x 9\"D x 4 3/4\"H',NULL,NULL,'N','2007-07-27 11:43:03','2008-11-14 08:31:29',NULL),(273,'SL100CH',50,'Slayton Chest','44\"W x 18\"D x 60\"H',NULL,NULL,'N','2007-07-27 11:43:51','2008-11-14 08:31:29',NULL),(274,'SL100NS',50,'Slayton Night Stand','32\"W x 18\"D x 34\"H',NULL,NULL,'N','2007-07-27 11:44:22','2008-11-14 08:31:29',NULL),(275,'SL100AR',50,'Slayton Armoire','50\"W x 23 3/4\"D x 78\"H',NULL,NULL,'N','2007-07-27 11:44:55','2008-11-14 08:31:29',NULL),(276,'SL100QB',50,'Slayton Queen Bed','92 1/4\"W x 67\"D x 73 7/8\"H',NULL,NULL,'N','2007-07-27 11:45:53','2008-11-14 08:31:29',NULL),(277,'SL100KB',50,'Slayton King Bed','92 1/4\"W x 83 3/8\"D x 73 7/8\"H',NULL,NULL,'N','2007-07-27 11:46:24','2008-11-14 08:31:29',NULL),(278,'MA100DR',51,'Manor Dresser','72\"W x 20 3/8\"D x 42\"H',NULL,NULL,'Y','2007-07-31 21:25:23','0000-00-00 00:00:00',NULL),(279,'MA100MR',51,'Manor Mirror','50 5/8\"W x 4 5/8\"D x 48 1/2\"H',NULL,NULL,'Y','2007-07-31 21:29:11','0000-00-00 00:00:00',NULL),(280,'MA100CH',51,'Manor Chest','44\"W x 20\"D x 54\"H',NULL,NULL,'Y','2007-07-31 21:30:47','0000-00-00 00:00:00',NULL),(281,'MA100NS',51,'Manor Night Stand','32\"W x 18\"D x 30\"H',NULL,NULL,'Y','2007-07-31 21:31:30','0000-00-00 00:00:00',NULL),(282,'MA100AR',51,'Manor Armoire','54\"W x 24 1/2\"D x 83 1/2\"H',NULL,NULL,'Y','2007-07-31 21:33:00','0000-00-00 00:00:00',NULL),(283,'MA100QB',51,'Manor Queen Bed','97 1/2\"W x 70 3/4\"D x 93 1/4\"H',NULL,NULL,'Y','2007-07-31 21:34:06','0000-00-00 00:00:00',NULL),(284,'MA100KB',51,'Manor King Bed','97 1/2\"W x 86 3/4\"D x 93 1/4\"H',NULL,NULL,'Y','2007-07-31 21:37:02','0000-00-00 00:00:00',NULL),(285,'MA100CKB',51,'Manor California King Bed','101 1/2\"W x 86 3/4\"D x 93 3/4\"H',NULL,NULL,'Y','2007-07-31 21:37:54','0000-00-00 00:00:00',NULL),(286,'EB100NS',52,'Ebony Night Stand','26\" W x 18\" D x 27\" H',NULL,NULL,'Y','2007-09-01 00:00:00','0000-00-00 00:00:00',NULL),(287,'EB1005DR',52,'Ebony Chest','38\" W x 20\" D x 52\" H',NULL,NULL,'Y','2007-09-01 00:00:00','0000-00-00 00:00:00',NULL),(288,'EB100D',52,'Ebony Dresser','66\" W x 18\" D x 35\" H',NULL,NULL,'Y','2007-09-01 00:00:00','0000-00-00 00:00:00',NULL),(289,'EB100M',52,'Ebony Mirror','43\" W x 2\" D x 45\" H',NULL,NULL,'Y','2007-09-01 00:00:00','0000-00-00 00:00:00',NULL),(290,'EB100KB',52,'Ebony King Bed','80\" W x 90\" D x 52\" H',NULL,NULL,'Y','2007-09-01 00:00:00','0000-00-00 00:00:00',NULL),(291,'EB100QB',52,'Ebony Queen Bed','64\" W x 90\" D x 52\" H',NULL,NULL,'Y','2007-09-01 00:00:00','0000-00-00 00:00:00',NULL),(292,'GV850FB',11,'Grandview Full Bed','64\"W x 85\"D x 54\"H',NULL,NULL,'Y','2008-02-17 04:13:25','2009-08-31 09:36:39',NULL),(293,'WH300DR',56,'Dresser','64\"W x 18 \"D x 39\"H',NULL,NULL,'Y','2008-02-17 04:21:48','0000-00-00 00:00:00',NULL),(294,'WH300MR',56,'Mirror','43\"W x 3\"D x 44 1/8\"H',NULL,NULL,'Y','2008-02-17 04:22:31','0000-00-00 00:00:00',NULL),(295,'WH300NS',56,'Nightstand','27\"W x 17\"D x 29\"H',NULL,NULL,'Y','2008-02-17 04:23:11','0000-00-00 00:00:00',NULL),(296,'WH300CH',56,'Chest','40\"W x 17\"D x 57\"H',NULL,NULL,'Y','2008-02-17 04:23:53','0000-00-00 00:00:00',NULL),(297,'WH300QB',56,'Queen Bed','86\"W x 66\"D x 60\"H',NULL,NULL,'Y','2008-02-17 04:24:52','0000-00-00 00:00:00',NULL),(298,'WH300KB',56,'King Bed','86\"W x 81 6/8\"D x 60\"H',NULL,NULL,'Y','2008-02-17 04:25:44','0000-00-00 00:00:00',NULL),(299,'HM100DR',55,'Hamilton Dresser','65\" W x 19\" D x 42\" H',NULL,NULL,'Y','2008-02-17 04:27:26','2009-09-01 02:39:36',NULL),(300,'HM100MR',55,'Hamilton Mirror','38\" W x 3\" D x 42\" H',NULL,NULL,'Y','2008-02-17 04:30:35','2009-09-01 02:39:36',NULL),(301,'HM100NS',55,'Hamilton Nightstand','30\" W x 19\" D x 30\" H',NULL,NULL,'Y','2008-02-17 04:30:35','2009-09-01 02:39:36',NULL),(302,'HM100CH',55,'Hamilton Chest','40\" W x 19\" D x 56\" H',NULL,NULL,'Y','2008-02-17 04:30:35','2009-09-01 02:39:36',NULL),(303,'HM100QB',55,'Hamilton Queen Bed','67.5\" W x 86\" D x 57.5\" H',NULL,NULL,'Y','2008-02-17 04:30:35','2009-09-01 02:39:36',NULL),(304,'HM100KB',55,'Hamilton King Bed','84.5\" W x 86\" D x 57.5\" H',NULL,NULL,'Y','2008-02-17 04:31:35','2009-09-01 02:39:36',NULL),(305,'KE200DR',53,'Dresser','63.5\" W x 17.5 D x 34.5 H',NULL,NULL,'Y','2008-02-17 04:36:19','0000-00-00 00:00:00',NULL),(306,'KE200MR',53,'Mirror','39.5\" W x 1\" D x 39.5\" H',NULL,NULL,'Y','2008-02-17 04:36:20','0000-00-00 00:00:00',NULL),(307,'KE200CH',53,'Chest','37.5\" W x 17.5\" D x 52\" H',NULL,NULL,'Y','2008-02-17 04:36:20','0000-00-00 00:00:00',NULL),(308,'KE200NS',53,'Nightstand','23.5\" W x 17.5\" D x 26\" H',NULL,NULL,'Y','2008-02-17 04:36:20','0000-00-00 00:00:00',NULL),(309,'KE200QB',53,'Queen Bed','66\" W x 85\" D x 50.5\" H',NULL,NULL,'Y','2008-02-17 04:36:22','0000-00-00 00:00:00',NULL),(310,'TU555DR',54,'Tuscany Dresser','74\"W x 20\"D x 40\"H',NULL,NULL,'Y','2008-02-17 04:40:49','2009-09-01 02:40:23',NULL),(311,'TU555MR',54,'Tuscany Mirror','50\"W x 3\"D x 53\"H',NULL,NULL,'Y','2008-02-17 04:40:49','2009-09-01 02:40:23',NULL),(312,'TU555CH',54,'Tuscany Chest','46\"W x 21\"D x 54\"H',NULL,NULL,'Y','2008-02-17 04:40:49','2009-09-01 02:40:23',NULL),(313,'TU555NS',54,'Tuscany Nightstand','31\"W x 20\"D x 40\"H',NULL,NULL,'Y','2008-02-17 04:40:49','2009-09-01 02:40:23',NULL),(314,'TU555A',54,'Tuscany Armoire','56\"W x 27\"D x 85\"H',NULL,NULL,'Y','2008-02-17 04:40:49','2009-09-01 02:40:23',NULL),(315,'TU555QB',54,'Tuscany Queen Bed','67.5\"W x 90\"D x 81\"H',NULL,NULL,'Y','2008-02-17 04:40:49','2009-09-01 02:40:23',NULL),(316,'TU555KB',54,'Tuscany King Bed','83\"W x 90\"D x 81\"H',NULL,NULL,'Y','2008-02-17 04:40:53','2009-09-01 02:40:23',NULL),(317,'TA345DR',57,'Tahoe Dresser','58\" W x 18\" D x 44\" H',NULL,NULL,'Y','2008-04-05 12:16:36','0000-00-00 00:00:00',NULL),(318,'TA345MR',57,'Tahoe Mirror','41\" W x 2\" D x 37\" H',NULL,NULL,'Y','2008-04-05 12:17:48','0000-00-00 00:00:00',NULL),(319,'TA345CH',57,'Tahoe Chest','40\" W x 18\" D x 53\" H',NULL,NULL,'Y','2008-04-05 12:20:53','0000-00-00 00:00:00',NULL),(320,'TA345NS',57,'Tahoe Nightstand','28\" W x 16\" D x 29\" H',NULL,NULL,'Y','2008-04-05 12:20:54','0000-00-00 00:00:00',NULL),(321,'TA345QB',57,'Tahoe Queen Bed','64.5\" W x 88\" D x 59\" H',NULL,NULL,'Y','2008-04-05 12:20:54','0000-00-00 00:00:00',NULL),(322,'TA345KB',57,'Tahoe King Bed','80.5\" W x 88\" D x 59\" H',NULL,NULL,'Y','2008-04-05 12:20:54','0000-00-00 00:00:00',NULL),(323,'TA600DR',58,'Tahoe Dresser Oak Color','58\" W x 18\" D x 44\" H',NULL,NULL,'Y','2008-04-05 12:23:51','0000-00-00 00:00:00',NULL),(324,'TA600MR',58,'Tahoe Mirror Oak Color','41\" W x 2\" D x 37\" H',NULL,NULL,'Y','2008-04-05 12:23:51','0000-00-00 00:00:00',NULL),(325,'TA600CH',58,'Tahoe Chest Oak Color','40\" W x 18\" D x 53\" H',NULL,NULL,'Y','2008-04-05 12:23:51','0000-00-00 00:00:00',NULL),(326,'TA600NS',58,'Tahoe Nightstand Oak Color','28\" W x 16\" D x 29\" H',NULL,NULL,'Y','2008-04-05 12:23:51','0000-00-00 00:00:00',NULL),(327,'TA600QB',58,'Tahoe Queen Bed Oak Color','64.5\" W x 88\" D x 59\" H',NULL,NULL,'Y','2008-04-05 12:23:51','0000-00-00 00:00:00',NULL),(328,'TA600KB',58,'Tahoe King Bed Oak Color','80.5\" W x 88\" D x 59\" H',NULL,NULL,'Y','2008-04-05 12:23:51','0000-00-00 00:00:00',NULL),(329,'FR645DR',59,'Florence Dresser','67.99\" W x 19.09\" D x 42.56\" H',NULL,NULL,'N','2008-04-05 12:33:30','2008-11-14 08:29:25',NULL),(330,'FR645MR',59,'Florence Mirror','44.96\" W x 3.78\" D x 50.28\" H',NULL,NULL,'N','2008-04-05 12:33:31','2008-11-14 08:29:25',NULL),(331,'FR645CH',59,'Florence Chest','42.32\" W x 19.09\" D x 55.04\" H',NULL,NULL,'N','2008-04-05 12:33:31','2008-11-14 08:29:25',NULL),(332,'FR645NS',59,'Florence Nightstand','30.35\" W x 17.13\" D x 32.05\" H',NULL,NULL,'N','2008-04-05 12:33:31','2008-11-14 08:29:25',NULL),(333,'FR645TV',59,'Florence TV Stand','50.16\" W x 18.11\" D x 44.92\" H',NULL,NULL,'N','2008-04-05 12:33:31','2008-11-14 08:29:25',NULL),(334,'FR645QB',59,'Florence Queen Bed','67.17\" W x 90.79\" D x 72.24\" H',NULL,NULL,'N','2008-04-05 12:33:31','2008-11-14 08:29:25',NULL),(335,'FR645KH',59,'Florence King Bed','83.15\" W x 90.79\" D x 72.24\" H',NULL,NULL,'N','2008-04-05 12:33:31','2008-11-14 08:29:25',NULL),(336,'FR645CKH',59,'Florence Cal-King Bed','80.75\" W x 94.75\" D x 72.25\" H',NULL,NULL,'N','2008-04-05 12:33:31','2008-11-14 08:29:25',NULL),(337,'GA830DR',60,'Gayle Dresser','57.95\" W x 17.44\" D x 44.13\" H',NULL,NULL,'N','2008-04-05 12:41:38','2008-11-14 08:30:12',NULL),(338,'GA830MR',60,'Gayle Mirror','48.03\" W x 1.18\" D x 41.97\" H',NULL,NULL,'N','2008-04-05 12:41:38','2008-11-14 08:30:12',NULL),(339,'GA830CH',60,'Gayle Chest','37.99\" W x 17.44\" D x 53.9\" H',NULL,NULL,'N','2008-04-05 12:41:38','2008-11-14 08:30:12',NULL),(340,'GA830NS',60,'Gayle Nightstand','28.03\" W x 15.87\" D x 27.76\" H',NULL,NULL,'N','2008-04-05 12:41:38','2008-11-14 08:30:12',NULL),(341,'GA830TV',60,'Gayle TV Stand','49.92\" W x 17.95\" D x 45\" H',NULL,NULL,'N','2008-04-05 12:41:38','2008-11-14 08:30:12',NULL),(342,'GA830QB',60,'Gayle Queen Bed','66.06\" W x 96.14\" D x 50.91\" H',NULL,NULL,'N','2008-04-05 12:41:38','2008-11-14 08:30:12',NULL),(343,'GA830KH',60,'Gayle King Bed','81.81\" W x 96.14\" D x 50.91\" H',NULL,NULL,'N','2008-04-05 12:41:38','2008-11-14 08:30:12',NULL),(344,'GA830CKB',60,'Gayle Cal-King Bed','77.80\" W x 100.08\" D x 50.91\" H',NULL,NULL,'N','2008-04-05 12:41:38','2008-11-14 08:30:12',NULL),(345,'MT100DR',61,'Metalindo Dresser','63.75\" W x 17.5\" D x 34.12\"H',NULL,NULL,'Y','2008-04-05 12:54:26','0000-00-00 00:00:00',NULL),(346,'MT100MR',61,'Metalindo Mirror','32.5\" W x .75\" D x 37.25\"H',NULL,NULL,'Y','2008-04-05 12:54:27','0000-00-00 00:00:00',NULL),(347,'MT100CH',61,'Metalindo Chest','37\" W x 17.5\" D x 52.5\" H',NULL,NULL,'Y','2008-04-05 12:54:27','0000-00-00 00:00:00',NULL),(348,'MT100NS',61,'Metalindo Nightstand','23.63\" W x 17.5\" D x 26.5\"H',NULL,NULL,'Y','2008-04-05 12:54:27','0000-00-00 00:00:00',NULL),(349,'MT300QH',61,'Metelindo Queen PU Bed','63.875\" W x 2.25\" D x 51\" H',NULL,NULL,'Y','2008-04-05 12:54:27','2009-09-03 05:51:55','direct containers only.'),(350,'MT100DR',64,'Metalindo Dresser','63.75\" W x 17.5\" D x 34.12\"H',NULL,NULL,'Y','2008-04-09 11:37:40','0000-00-00 00:00:00',NULL),(351,'MT150MR',64,'Metalindo Mirror with Lattice','36.38\" W x 1.75\" D x 47.12\"H',NULL,NULL,'Y','2008-04-09 11:43:28','0000-00-00 00:00:00',NULL),(352,'MT100CH',64,'Metalindo Chest','37\" W x 17.5\" D x 52.5\" H',NULL,NULL,'Y','2008-04-09 11:43:28','0000-00-00 00:00:00',NULL),(357,'RE444DR',63,'Renegade Dresser','58\" x 17\" D x 36.34\" H',NULL,NULL,'Y','2008-04-09 11:49:10','2009-02-01 12:08:09',NULL),(354,'MT100NS',64,'Metalindo Night Stand','23.63\" W x 17.5\" D x 26.5\"H',NULL,NULL,'Y','2008-04-09 11:43:28','0000-00-00 00:00:00',NULL),(355,'MT100QB',64,'Metalindo Queen Bed','65.75\" W x 84.75\" D x 51.12\"H',NULL,NULL,'Y','2008-04-09 11:43:28','0000-00-00 00:00:00',NULL),(356,'MT100KB',64,'Metalindo King Bed','81.5\" W x 84.75\" D x 51.12\"H',NULL,NULL,'Y','2008-04-09 11:43:29','0000-00-00 00:00:00',NULL),(358,'RE444MR',63,'Renegade Mirror','34.37\" W x 0.79 D x 38.39\" H',NULL,NULL,'Y','2008-04-09 11:49:11','2009-02-01 12:08:47',NULL),(359,'RE444TVS',63,'Renegade TV Stand','35.88\" W x 17\" D x 39.75\" H',NULL,NULL,'Y','2008-04-09 11:49:11','2009-02-01 12:09:21',NULL),(360,'RE444NS',63,'Renegade Night Stand','23.62\" W x 15.75\" D x 26.22 H',NULL,NULL,'Y','2008-04-09 11:49:11','2009-02-01 12:09:51',NULL),(361,'RE444QB',63,'Renegade Queen Bed','63\" W x 85.5\" D x 54\" H',NULL,NULL,'Y','2008-04-09 11:49:11','2009-02-01 12:10:21',NULL),(362,'RE444DR',62,'Renegade Dresser','58\" x 17\" D x 36.34\" H',NULL,NULL,'Y','2008-04-09 11:54:31','2009-02-01 11:58:16',NULL),(363,'RE444MR',62,'Renegade Mirror','34.37\" W x 0.79 D x 38.39\" H',NULL,NULL,'Y','2008-04-09 11:54:32','2009-02-01 11:58:53',NULL),(364,'RE444CH',62,'Renegade Chest','35.83\" W x 17\" D x 52.20\" H',NULL,NULL,'Y','2008-04-09 11:54:32','2009-02-01 11:59:20',NULL),(365,'RE444NS',62,'Renegade Night Stand','23.62\" W x 15.75\" D x 26.22 H',NULL,NULL,'Y','2008-04-09 11:54:32','2009-02-01 11:59:45',NULL),(366,'RE450QB',62,'Renegade Queen PVC Headboard','63\" W x 85.5\" D x 54\" H',NULL,NULL,'Y','2008-04-09 11:54:32','2009-02-01 12:00:16',NULL),(367,'GE555AB',65,'Genevieve Armoire Base','52\" W x 24.33\" D x 30.20\" H',NULL,NULL,'N','2009-01-19 10:44:22','2009-01-19 10:44:22',NULL),(368,'GE555AT',65,'Genevieve Armoire Top','54.25\" W x 25.5\" D x 53.62\" H',NULL,NULL,'N','2009-01-19 10:44:22','2009-01-19 10:44:22',NULL),(369,'GE555CH',65,'Genevieve Chest','44\" W x 20.25\" D x 60\" H',NULL,NULL,'Y','2009-01-19 10:44:22','2009-01-19 10:44:22',NULL),(370,'GE555DR',65,'Genevieve Dresser','76.42\" W x 21.18\" D x 40.63\" H',NULL,NULL,'Y','2009-01-19 10:44:22','2009-01-19 10:44:22',NULL),(371,'GE555MR',65,'Genevieve Mirror','50.67\" W x 4\" D x 53.11\" H',NULL,NULL,'Y','2009-01-19 10:44:22','2009-01-19 10:44:22',NULL),(372,'GE555NS',65,'Genevieve Night Stand','34.45\" W x 19.57\"  D x 31\" H',NULL,NULL,'Y','2009-01-19 10:44:22','2009-01-19 10:44:22',NULL),(373,'GE555QB',65,'Genevieve Queen Bed','73.74\" W x 100.4\" D x 65.4\" H',NULL,NULL,'Y','2009-01-19 10:44:22','2009-01-19 10:44:22',NULL),(374,'GE555KB',65,'Genevieve King Bed','89.69\" W x 100.4\" D x 65.4\" H',NULL,NULL,'Y','2009-01-19 10:46:26','2009-01-19 10:46:26',NULL),(375,'MW100DR',66,'Matthew Dresser','64\" W x 18\" D x 38\" H',NULL,NULL,'Y','2009-01-19 10:52:04','2009-01-19 10:52:04',NULL),(376,'MW100MR',66,'Matthew Mirror','44\" W x 1.25\" D x 40\" H',NULL,NULL,'Y','2009-01-19 10:52:05','2009-01-19 10:52:05',NULL),(377,'MW100CH',66,'Matthew Chest','38\" W x 18\" D x 52\" H',NULL,NULL,'Y','2009-01-19 10:52:05','2009-01-19 10:52:05',NULL),(378,'MW100NS',66,'Matthew Night Stand','30\" W x 18\" D x 30\" H',NULL,NULL,'Y','2009-01-19 10:52:05','2009-01-19 10:52:05',NULL),(379,'MW100QB',66,'Matthew Queen Bed','65.75\" W x 86\" D x 60\" H',NULL,NULL,'Y','2009-01-19 10:52:08','2009-01-19 10:52:08',NULL),(380,'TV442T',67,'TV Lift Cabinet Tobacco','49\" W x 23\" D x 42\" H',NULL,NULL,'Y','2009-01-19 11:28:54','2009-01-19 11:28:54',NULL),(381,'TV442GV',68,'TV Lift Cabinet Grandview','49\" W x 23\" D x 42\" H',NULL,NULL,'Y','2009-01-19 11:30:14','2009-01-19 11:30:14',NULL),(382,'BP450DRC',69,'Brook Chestnut Dresser','63\" W x 17\" D x 36\" H',NULL,NULL,'Y','2009-01-28 11:16:04','2009-01-28 11:16:04',NULL),(383,'BP450MRC',69,'Brook Chestnut Mirror','45\" W x 2.5\" D x 41.5\" H',NULL,NULL,'Y','2009-01-28 11:19:33','2009-01-28 11:19:33',NULL),(384,'BP450CHC',69,'Brook Chestnut Chest','37\" W x 17\" D x 52.5\" H',NULL,NULL,'Y','2009-01-28 11:20:27','2009-01-28 11:20:27',NULL),(385,'BP450NSC',69,'Brook Chestnut Night Stand','28\" W x 17\" D x 29.5\" H',NULL,NULL,'Y','2009-01-28 11:20:37','2009-01-28 11:20:37',NULL),(386,'BP450QBC',69,'Brook Chestnut Queen Bed','67\" W x 86\" D x 60.5\" H',NULL,NULL,'Y','2009-01-28 11:20:45','2009-01-28 11:20:45',NULL),(387,'BP450KBC',69,'Brook Chestnut King Bed','84\" W x 86\" D x 60.5\" H',NULL,NULL,'Y','2009-01-28 11:20:54','2009-01-28 11:20:54',NULL),(388,'WI225CH',70,'Winton Chest','35.55\" W x 16.3\" D x 53.15\" H',NULL,NULL,'Y','2009-01-28 11:31:38','2009-01-28 11:31:38',NULL),(389,'WI225DR',70,'Winton Dresser','63\" W x 16.3\" D x 35.43\" H',NULL,NULL,'Y','2009-01-28 11:31:38','2009-01-28 11:31:38',NULL),(390,'WI225MR',70,'Winton Mirror','40.2\" W x 1.38\" D x 40.31\" H',NULL,NULL,'Y','2009-01-28 11:31:38','2009-01-28 11:31:38',NULL),(391,'WI225NS',70,'Winton Night Stand','25.98\" W x 16.30\" D x 25.98\" H',NULL,NULL,'Y','2009-01-28 11:31:38','2009-01-28 11:31:38',NULL),(392,'WI225QB',70,'Winton Queen Bed','63\" W x 84.57\" D x 57.48\" H',NULL,NULL,'Y','2009-01-28 11:31:38','2009-01-28 11:31:38',NULL),(393,'WI225KB',70,'Winton King Bed','78.74\" W x 84.57\" D x 57.48\" H',NULL,NULL,'Y','2009-01-28 11:31:38','2009-01-28 11:31:38',NULL),(394,'WI225CH',71,'Winton Chest','35.55\" W x 16.3\" D x 53.15\" H',NULL,NULL,'Y','2009-01-28 11:36:02','2009-01-28 11:36:02',NULL),(395,'WI225DR',71,'Winton Dresser','63\" W x 16.3\" D x 35.43\" H',NULL,NULL,'Y','2009-01-28 11:36:02','2009-01-28 11:36:02',NULL),(396,'WI225MR',71,'Winton Mirror','40.2\" W x 1.38\" D x 40.31\" H',NULL,NULL,'Y','2009-01-28 11:36:02','2009-01-28 11:36:02',NULL),(397,'WI225NS',71,'Winton Night Stand','25.98\" W x 16.30\" D x 25.98\" H',NULL,NULL,'Y','2009-01-28 11:36:02','2009-01-28 11:36:02',NULL),(398,'WI225QSB',71,'Winton Queen Storage Bed','63\" W x 84.57\" D x 57.48\" H',NULL,NULL,'Y','2009-01-28 11:36:02','2009-01-28 11:36:02',NULL),(399,'WI225KSB',71,'Winton King Storage Bed','78.74\" W x 84.57\" D x 57.48\" H',NULL,NULL,'Y','2009-01-28 11:36:02','2009-01-28 11:36:02',NULL),(400,'HM100DR',72,'Hamilton Dresser','65\" W x 18.75\" D x 42\" H',NULL,NULL,'Y','2009-01-30 09:52:06','2009-01-30 09:52:06',NULL),(401,'HM100MR',72,'Hamilton Mirror','38\" W x 3.25\" D x 42\" H',NULL,NULL,'Y','2009-01-30 09:52:06','2009-01-30 09:52:06',NULL),(402,'HM100CH',72,'Hamilton Chest','40\" W x 18.75\" D x 56\" H',NULL,NULL,'Y','2009-01-30 09:52:06','2009-01-30 09:52:06',NULL),(403,'HM100NS',72,'Hamilton Night Stand','30\" W x 18.5\" D x 30\" H',NULL,NULL,'Y','2009-01-30 09:53:09','2009-01-30 09:53:09',NULL),(404,'HM100QSB',72,'Hamilton Queen Bed Storage Rails','67.5\" W x 89\" D x 57.5\" H',NULL,NULL,'Y','2009-01-30 09:54:55','2009-01-30 09:54:55',NULL),(405,'HM100KSB',72,'Hamilton King Bed Storage Rails','82\" W x 89\" D x 57.5\" H',NULL,NULL,'Y','2009-01-30 09:54:55','2009-01-30 09:54:55',NULL),(406,'FL800DR',73,'Flyer White Dresser','65.35\" W x 18.7\' D x 38\" H',NULL,NULL,'Y','2009-01-30 10:02:47','2009-01-30 10:02:47',NULL),(407,'FL800MR',73,'Flyer White Mirror','43.11\" W x 3.35 D x 39.5\" H',NULL,NULL,'Y','2009-01-30 10:02:48','2009-01-30 10:02:48',NULL),(408,'FL800CH',73,'Flyer White Chest','37\" W x 18.7\" D x 53.74\" H',NULL,NULL,'Y','2009-01-30 10:02:48','2009-01-30 10:02:48',NULL),(409,'FL800NS',73,'Flyer White Night Stand','25.2\" W  x 16.73\" D x 29.72\" H',NULL,NULL,'Y','2009-01-30 10:02:48','2009-01-30 10:02:48',NULL),(410,'FL800QB',73,'Flyer White Queen Bed','63.39\" W x 92.44\" D x 54\" H',NULL,NULL,'Y','2009-01-30 10:02:48','2009-01-30 10:02:48',NULL),(411,'FL800KB',73,'Flyer White King Bed','79.76\" W x 92.44\" D x 54\" H',NULL,NULL,'Y','2009-01-30 10:02:48','2009-01-30 10:02:48',NULL),(412,'HA330BL',74,'Havana Cigar Chair','26\"W x 24\"D x 43\"H',NULL,NULL,'Y','2009-01-30 10:09:36','2009-01-30 10:09:36',NULL),(413,'HA330BL',74,'Havana Round Ottoman',' 18\"W x 15\"D x 15\"H',NULL,NULL,'Y','2009-01-30 10:09:36','2009-01-30 10:09:36',NULL),(414,'WI225CH',75,'Winton Chest','35.55\" W x 16.3\" D x 53.15\" H',NULL,NULL,'Y','2009-01-31 11:11:44','2009-01-31 11:11:44',NULL),(415,'WI225DR',75,'Winton Dresser','63\" W x 16.3\" D x 35.43\" H',NULL,NULL,'Y','2009-01-31 11:11:44','2009-01-31 11:11:44',NULL),(416,'WI225MR',75,'Winton Mirror','40.2\" W x 1.38\" D x 40.31\" H',NULL,NULL,'Y','2009-01-31 11:11:44','2009-01-31 11:11:44',NULL),(417,'WI444QB',75,'Winton Queen Upholstered Bed','63.375\" W x 90.25\" D x 52.375\" H',NULL,NULL,'Y','2009-01-31 11:14:08','2009-09-03 05:36:53','direct containers only.'),(418,'WI444KB',75,'Winton King Upholstered Bed','79.25\" W x 90.25\" D x 52.375\" H',NULL,NULL,'Y','2009-01-31 11:14:43','2009-09-03 05:36:53','direct containers only.'),(419,'RE100CH',76,'Renegade Chest','35.83\" W x 17\" D x 52.20\" H',NULL,NULL,'Y','2009-01-31 11:21:45','2009-01-31 11:21:45',NULL),(420,'RE100DR',76,'Renegade Dresser','58\" x 17\" D x 36.34\" H',NULL,NULL,'Y','2009-01-31 11:21:45','2009-01-31 11:21:45',NULL),(421,'RE100MR',76,'Renegade Mirror','34.37\" W x 0.79 D x 38.39\" H',NULL,NULL,'Y','2009-01-31 11:21:45','2009-01-31 11:21:45',NULL),(422,'RE100NS',76,'Renegade Night Stand','23.62\" W x 15.75\" D x 26.22 H',NULL,NULL,'Y','2009-01-31 11:21:45','2009-01-31 11:21:45',NULL),(423,'RE100QB',76,'Renegade Queen Bed','63\" W x 85.5\" D x 54\" H',NULL,NULL,'Y','2009-01-31 11:21:45','2009-01-31 11:21:45',NULL),(424,'MY200DR',77,'Metalindo Youth Espresso Dresser','53\" W x 17.5\" D x 34\" H',NULL,NULL,'Y','2009-02-11 10:53:27','2009-02-11 10:53:27',NULL),(425,'MY200MR',77,'Metalindo Youth Espresso Mirror','30.3\" W x 1.85\" D x 46.77\" H',NULL,NULL,'Y','2009-02-11 10:53:27','2009-02-11 10:53:27',NULL),(426,'MY200CH',77,'Metalindo Youth Espresso Chest','33\" W x 17.5\" D x 46.6\" H',NULL,NULL,'Y','2009-02-11 10:53:27','2009-02-11 10:53:27',NULL),(427,'MY200NS',77,'Metalindo Youth Espresso Night Stand','23.62\" W x 17.5\" D x 24.25\" H',NULL,NULL,'Y','2009-02-11 10:53:27','2009-02-11 10:53:27',NULL),(428,'MY200DK',77,'Metalindo Youth Espresso Desk','47.24\" W x 17.5\" D x 29.61\" H',NULL,NULL,'Y','2009-02-11 10:53:27','2009-02-11 10:53:27',NULL),(429,'MY200BB',77,'Metalindo Youth Espresso Bunk Bed','60.6\" W x 88.24\" D x 72.64\" H',NULL,NULL,'Y','2009-02-11 10:53:28','2009-02-11 10:53:28',NULL),(430,'MY900DR',78,'Metalindo Youth White Dresser','53\" W x 17.5\" D x 34\" H',NULL,NULL,'Y','2009-02-11 10:57:50','2009-02-11 10:57:50',NULL),(431,'MY900MR',78,'Metalindo Youth White Mirror','30.3\" W x 1.85\" D x 46.77\" H',NULL,NULL,'Y','2009-02-11 10:57:50','2009-02-11 10:57:50',NULL),(432,'MY900CH',78,'Metalindo Youth White Chest','33\" W x 17.5\" D x 46.6\" H',NULL,NULL,'Y','2009-02-11 10:57:50','2009-02-11 10:57:50',NULL),(433,'MY900NS',78,'Metalindo Youth White Night Stand','23.62\" W x 17.5\" D x 24.25\" H',NULL,NULL,'Y','2009-02-11 10:57:50','2009-02-11 10:57:50',NULL),(434,'MY900DK',78,'Metalindo Youth White Desk','47.24\" W x 17.5\" D x 29.61\" H',NULL,NULL,'Y','2009-02-11 10:57:50','2009-02-11 10:57:50',NULL),(435,'MY900BB',78,'Metalindo Youth White Bunk Bed','60.6\" W x 88.24\" D x 72.64\" H',NULL,NULL,'Y','2009-02-11 10:57:50','2009-02-11 10:57:50',NULL),(436,'WI225NS',75,'Winton Night Stand','25.98\" W x 16.30\" D x 25.98\" H',NULL,NULL,'Y','2009-02-23 08:23:52','2009-02-23 08:23:52',NULL),(437,'TV442HM',79,'TV Lift Cabinet Hamilton','49\" W x 23\" D x 42\" H',NULL,NULL,'Y','2009-03-04 11:16:28','2009-03-04 11:16:28',NULL),(438,'TV552C',80,'TV Lift Cabinet Tuscany','57\" W x 27.24\" D x 43.7\" H',NULL,NULL,'Y','2009-03-04 11:16:36','2009-03-04 11:16:36',NULL),(439,'RE100CH',81,'Renegade Chest','35.83\" W x 17\" D x 52.20\" H',NULL,NULL,'Y','2009-03-04 11:31:57','2009-03-04 11:31:57',NULL),(440,'RE100DR',81,'Renegade Dresser','58\" x 17\" D x 36.34\" H',NULL,NULL,'Y','2009-03-04 11:31:57','2009-03-04 11:31:57',NULL),(441,'RE100MR',81,'Renegade Mirror','34.37\" W x 0.79 D x 38.39\" H',NULL,NULL,'Y','2009-03-04 11:31:57','2009-03-04 11:31:57',NULL),(442,'RE100NS',81,'Renegade Night Stand','23.62\" W x 15.75\" D x 26.22 H',NULL,NULL,'Y','2009-03-04 11:31:57','2009-03-04 11:31:57',NULL),(443,'RE150QB',81,'Renegade Queen PVC Head Board','63\" W x 85.5\" D x 54\" H',NULL,NULL,'Y','2009-03-04 11:31:57','2009-03-04 11:31:57',NULL),(444,'WI900CH',82,'Winton Chest','35.625\" W x 16.25\" D x 53.375\" H',NULL,NULL,'Y','2009-03-06 22:35:33','2009-03-06 22:35:33',NULL),(445,'WI900DR',82,'Winton Dresser','63\" W x 16.25\" D x 35.5\" H',NULL,NULL,'Y','2009-03-06 22:35:33','2009-03-06 22:35:33',NULL),(446,'WI900MR',82,'Winton Mirror','40.25\" W x 1.38\" D x 40.25\" H',NULL,NULL,'Y','2009-03-06 22:35:33','2009-03-06 22:35:33',NULL),(447,'WI900NS',82,'Winton Night Stand','26\" W x 16.25\" D x 26\" H',NULL,NULL,'Y','2009-03-06 22:35:33','2009-03-06 22:35:33',NULL),(448,'WI900QB',82,'Winton Queen PU Headboard','63\" W x 84.25\" D x 57.5\" H',NULL,NULL,'Y','2009-03-06 22:35:33','2009-03-06 22:35:33',NULL),(449,'LZ850DR',83,'Olivia Dresser','72\" W x 20\" D x 42\" H',NULL,NULL,'Y','2009-03-06 22:40:28','2010-07-17 11:56:44',NULL),(450,'LZ850MR',83,'Olivia Mirror','50\" W x 5\" D x 48\" H',NULL,NULL,'Y','2009-03-06 22:40:29','2010-07-17 11:56:44',NULL),(451,'LZ850CH',83,'Olivia Chest','44\" W x 20\" D x 54\" H',NULL,NULL,'Y','2009-03-06 22:40:29','2010-07-17 11:56:44',NULL),(452,'LZ850NS',83,'Olivia Night Stand','32\" W x 18\" D x 30\" H',NULL,NULL,'Y','2009-03-06 22:40:29','2010-07-17 11:56:44',NULL),(453,'LZ850QB',83,'Olivia Queen Canopy Bed','69\" W x 99\" D x 92\" H',NULL,NULL,'Y','2009-03-06 22:40:29','2010-07-17 11:56:44',NULL),(454,'LZ850KB',83,'Olivia King Canopy bed','85\" W x 99\" D x 92\" H',NULL,NULL,'Y','2009-03-06 22:40:29','2010-07-17 11:56:44',NULL),(455,'LZ850DR',84,'Olivia Dresser','72\" W x 20\" D x 42\" H',NULL,NULL,'Y','2009-03-06 22:46:27','2010-07-17 11:55:06',NULL),(456,'LZ850MR',84,'Olivia Mirror','50\" W x 5\" D x 48\" H',NULL,NULL,'Y','2009-03-06 22:46:27','2010-07-17 11:55:06',NULL),(457,'LZ850CH',84,'Olivia Chest','44\" W x 20\" D x 54\" H',NULL,NULL,'Y','2009-03-06 22:46:27','2010-07-17 11:55:06',NULL),(458,'LZ850NS',84,'Olivia Night Stand','32\" W x 18\" D x 30\" H',NULL,NULL,'Y','2009-03-06 22:46:27','2010-07-17 11:55:06',NULL),(459,'LZ900QB',84,'Olivia Queen Sleigh Bed','69\" W x 102\" D x 68\" H',NULL,NULL,'Y','2009-03-06 22:46:27','2010-07-17 11:55:06',NULL),(460,'LZ900KB',84,'Olivia King Sleigh bed','84\" W x 102\" D x 68\" H',NULL,NULL,'Y','2009-03-06 22:46:27','2010-07-17 11:55:06',NULL),(461,'EM200CH',85,'Emily Chest','31.5\" W x 17\" D x 48.625\" H',NULL,NULL,'Y','2009-04-08 09:24:52','2009-04-08 09:24:52',NULL),(462,'EM200DR',85,'Emily Dresser','58.5\" W x 17\" D x 40.75\" H',NULL,NULL,'Y','2009-04-08 09:24:53','2009-04-08 09:24:53',NULL),(463,'EM200MR',85,'Emily Mirror','39.25\" W x 1.375\" D x 35\" H',NULL,NULL,'Y','2009-04-08 09:24:53','2009-04-08 09:24:53',NULL),(464,'EM200NS',85,'Emily Night Stand','25.625\" W x 17\" D x 25.625\" H',NULL,NULL,'Y','2009-04-08 09:24:53','2009-04-08 09:24:53',NULL),(465,'EM200QB',85,'Emily Queen PU Headboard','64.125\" W x 88.125\" D x 52\" H',NULL,NULL,'Y','2009-04-08 09:24:53','2009-04-08 09:24:53',NULL),(466,'EM200KB',85,'Emily King PU Headboard','80.125\" W x 88.125\" D x 52\" H',NULL,NULL,'Y','2009-04-08 09:24:53','2009-04-08 09:24:53',NULL),(467,'RE545CH',86,'Rene Chest','35.5\" W x 16\" D x 53.1\" H',NULL,NULL,'N','2009-04-10 09:29:59','2009-09-03 06:04:31',NULL),(468,'RE545DR',86,'Rene Dresser','64.5\" W x 16\" D x 36.3\" H',NULL,NULL,'N','2009-04-10 09:29:59','2009-09-03 06:04:31',NULL),(469,'RE545MR',86,'Rene Mirror','40.5\" W x 1.7\" D x 40.5\" H',NULL,NULL,'N','2009-04-10 09:29:59','2009-09-03 06:04:31',NULL),(470,'RE545NS',86,'Rene Night Stand','23.6\" W x 16\" D x 28.8\" H',NULL,NULL,'N','2009-04-10 09:29:59','2009-09-03 06:04:31',NULL),(471,'RE545QB',86,'Rene Queen Upholstered Bed','63\" W x 96.25\" D x 48.25\" H',NULL,NULL,'Y','2009-04-10 09:29:59','2009-09-03 06:03:37',NULL),(472,'RE545KB',86,'Rene King Upholstered Bed','78.75\" W x 96.25\" D x 48.25\" H',NULL,NULL,'Y','2009-04-10 09:29:59','2009-09-03 06:03:37',NULL),(473,'TF100CH',87,'Tiffany Chest','35.43\" W x 16.5\" D x 47.24\" H',NULL,NULL,'Y','2009-04-10 09:57:36','2009-04-10 09:57:36',NULL),(474,'TF100SP',87,'Tiffany Dresser','59\" W x 16.5\" D x 38.78\" H',NULL,NULL,'Y','2009-04-10 09:57:36','2009-04-10 09:57:36',NULL),(475,'TF100SP',87,'Tiffany Mirror','35\" W x 0.79\" D x 39.57\" H',NULL,NULL,'Y','2009-04-10 09:57:36','2009-04-10 09:57:36',NULL),(476,'TF100SP',87,'Tiffany Night Stand','21.5\" W x 14.17\" D x 22.32\" H',NULL,NULL,'Y','2009-04-10 09:57:36','2009-04-10 09:57:36',NULL),(477,'TF100QB',87,'Tiffany Queen Bed','64.17\" W x 83.78\" D x 50.2\" H',NULL,NULL,'Y','2009-04-10 09:57:36','2009-04-10 09:57:36',NULL),(478,'TF100KB',87,'Tiffany King Bed','80.71\" W x 83.78\" D x 50.2\" H',NULL,NULL,'Y','2009-04-10 09:57:36','2009-04-10 09:57:36',NULL),(479,'KE100CH',88,'Kennedy Chest','40.7\" W x 19.1\" D x 55.7\" H',NULL,NULL,'Y','2009-05-31 10:11:42','2009-05-31 10:11:42',NULL),(480,'KE100DR',88,'Kennedy Dresser','64.6\" W x 19.1\" D x 45.7\" H',NULL,NULL,'Y','2009-05-31 10:11:42','2009-05-31 10:11:42',NULL),(481,'KE100MR',88,'Kennedy Mirror','40\" W x 2.2\" D x 36.5\" H',NULL,NULL,'Y','2009-05-31 10:11:42','2009-05-31 10:11:42',NULL),(482,'KE100NS',88,'Kennedy Night Stand','29.9\" W x 19.1\" D x 30\" H',NULL,NULL,'Y','2009-05-31 10:11:42','2009-05-31 10:11:42',NULL),(483,'KE100QB',88,'Kennedy Queen Bed','65\" W x 90\" D x 62.8\" H',NULL,NULL,'Y','2009-05-31 10:11:42','2009-05-31 10:11:42',NULL),(484,'KE100KB',88,'Kennedy King Bed','81\" W x 90\" D x 62.8\" H',NULL,NULL,'Y','2009-05-31 10:11:42','2009-05-31 10:11:42',NULL),(485,'AV100DR',89,'Avalon Dresser','60\"W x 18\"D x 36\"H',NULL,NULL,'Y','2009-08-28 04:57:45','2009-08-28 04:57:45',NULL),(486,'AV100MR',89,'Avalon Mirror','35\"W x 1 D x 40\"H',NULL,NULL,'Y','2009-08-28 04:57:45','2009-08-28 04:57:45',NULL),(487,'AV100CH',89,'Avalon Chest','37\"W x 18\"D x 52\"H',NULL,NULL,'Y','2009-08-28 04:57:45','2009-08-28 04:57:45',NULL),(488,'AV100NS',89,'Avalon Night Stand','26\"W x 16\"D x 27\"H',NULL,NULL,'Y','2009-08-28 04:57:45','2009-08-28 04:57:45',NULL),(489,'AV100QB',89,'Avalon Queen Bed','63\"w x 89\"D x 47\"H',NULL,NULL,'Y','2009-08-28 04:57:45','2009-08-28 04:57:45',NULL),(490,'AV100FB',89,'Avalon Full Bed','57\"w x 84\"D x 47\"H',NULL,NULL,'Y','2009-08-28 04:57:45','2009-08-28 04:57:45',NULL),(491,'AV100TB',89,'Avalon Twin Bed','41\"w x 84\"D x 47\"H',NULL,NULL,'Y','2009-08-28 04:57:45','2009-08-28 04:57:45',NULL),(492,'AV100KB',89,'Avalon King Bed','76\"w x 89\"D x 47\"H',NULL,NULL,'Y','2009-08-28 04:57:45','2009-08-28 04:57:45',NULL),(493,'MD100DR',90,'Madison Dresser','60\"W x 18\"D x 35\"H',NULL,NULL,'Y','2009-08-28 05:08:20','2009-08-28 05:08:20',NULL),(494,'MD100MR',90,'Madison Mirror','41\"W x 1\"D x 36\"H',NULL,NULL,'Y','2009-08-28 05:08:20','2009-08-28 05:08:20',NULL),(495,'MD100CH',90,'Madison Chest','38\"W x 18\"D x 54\"H',NULL,NULL,'Y','2009-08-28 05:08:20','2009-08-28 05:08:20',NULL),(518,'GE555A',65,'Genevieve Armoire','53\"W x 26\"D x 84\"H',NULL,NULL,'Y','2009-08-31 08:44:55','2009-08-31 08:44:55',NULL),(499,'MD100NS',90,'Madison Night Stand','26\"W x 16\"D x 28\"H',NULL,NULL,'Y','2009-08-28 05:08:20','2009-08-28 05:08:20',NULL),(500,'MD100QB',90,'Madison Queen Bed','63\"W x 83\"D x 50\"H',NULL,NULL,'Y','2009-08-28 05:08:20','2009-08-28 05:08:20',NULL),(501,'RV100DR',91,'Raven Dresser','62\"W x 18\"D x 36\"H',NULL,NULL,'Y','2009-08-28 05:23:59','2009-08-28 05:23:59',NULL),(502,'RV100MR',91,'Raven Mirror','37\"W x 1\"D x 38.5\"H',NULL,NULL,'Y','2009-08-28 05:24:00','2009-08-28 05:24:00',NULL),(503,'RV100CH',91,'Raven Chest','36\"W x 18\"D x 50\"H',NULL,NULL,'Y','2009-08-28 05:24:00','2009-08-28 05:24:00',NULL),(504,'RV100NS',91,'Raven Night Stand','24\"W x 16\"D x 24\"H',NULL,NULL,'Y','2009-08-28 05:24:00','2009-08-28 05:24:00',NULL),(505,'RV100QB',91,'Raven Queen Bed','73\"W x 92\"D x 48\"H',NULL,NULL,'Y','2009-08-28 05:24:00','2009-08-28 05:24:00',NULL),(506,'RV100KB',91,'Raven King Bed','90\"W x 92\"D x 48\"H',NULL,NULL,'Y','2009-08-28 05:24:00','2009-08-28 05:24:00',NULL),(507,'RE888DR',92,'Renegade Dresser','58\"W x 17\"D x 36\"H',NULL,NULL,'Y','2009-08-30 09:32:24','2009-08-30 09:32:24',NULL),(508,'RE888MR',92,'Renegade Mirror','34\"W x 1\"D x 39\"H',NULL,NULL,'Y','2009-08-30 09:32:24','2009-08-30 09:32:24',NULL),(509,'RE888NS',92,'Renegade Night Stand','24\"W x 16\"D x 26\"H',NULL,NULL,'Y','2009-08-30 09:32:24','2009-08-30 09:32:24',NULL),(510,'RE888TV',92,'Renegade TV Stand','36\"W x 17\"D x 40\"H',NULL,NULL,'Y','2009-08-30 09:32:24','2009-08-30 09:32:24',NULL),(511,'RE888QH',92,'Renegade Queen Headboard With PU','65\"W x 3\"D x 51\"H',NULL,NULL,'Y','2009-08-30 09:32:24','2009-08-30 09:32:24',NULL),(512,'TR300DR',93,'Trudy Dresser','66\"W x 18\"D x 38\"H',NULL,NULL,'Y','2009-08-30 09:35:54','2009-08-30 09:35:54',NULL),(513,'TR300MR',93,'Trudy Mirror','50\"W x 2\"D x 45\"H',NULL,NULL,'Y','2009-08-30 09:35:54','2009-08-30 09:35:54',NULL),(514,'TR300CH',93,'Trudy Chest','39\"W x 18\"D x 56\"H',NULL,NULL,'Y','2009-08-30 09:35:54','2009-08-30 09:35:54',NULL),(515,'TR300NS',93,'Trudy Night Stand','30\"W x 17\"D x 30\"H',NULL,NULL,'Y','2009-08-30 09:35:54','2009-08-30 09:35:54',NULL),(516,'TR300QB',93,'Trudy Queen Bed','69\"W x 87\"D x 57\"H',NULL,NULL,'Y','2009-08-30 09:35:54','2009-08-30 09:35:54',NULL),(517,'TR300KB',93,'Trudy King Bed','86\"W x 87\"D x 57\"H',NULL,NULL,'Y','2009-08-30 09:35:54','2009-08-30 09:35:54',NULL),(519,'KE150CH',88,'Kennedy Door Chest','60.2\"W x 19.5\"D x 51\"H',NULL,NULL,'Y','2009-08-31 08:51:56','2009-09-01 02:41:14','direct containers only'),(520,'HM100TV',55,'Hamilton TV Stand','50\"W x 18\"D x 45\"H',NULL,NULL,'Y','2009-08-31 09:07:46','2009-09-01 02:39:36',NULL),(521,'HM100TV',72,'Hamilton TV Stand','50\"W x 18\"D x 45\"H',NULL,NULL,'Y','2009-08-31 09:07:46','2009-08-31 09:07:46',NULL),(522,'HM100LC',55,'Hamilton Lingerie Chest','25\"W x 17\"D x 58\"H',NULL,NULL,'Y','2009-08-31 09:07:46','2009-09-01 02:39:36',NULL),(523,'HM100LC',72,'Hamilton Lingerie Chest','25\"W x 17\"D x 58\"H',NULL,NULL,'Y','2009-08-31 09:07:46','2009-08-31 09:07:46',NULL),(524,'HM100BN',55,'Hamilton Bench','49\"W x 17\"D x 18\"H',NULL,NULL,'Y','2009-08-31 09:07:46','2009-09-01 02:39:36',NULL),(525,'HM100BN',72,'Hamilton Bench','49\"W x 17\"D x 18\"H',NULL,NULL,'Y','2009-08-31 09:07:46','2009-08-31 09:07:46',NULL),(526,'GV850BN',11,'Grandview Bench','48\"W x 19\"D x 20\"H',NULL,NULL,'Y','2009-08-31 09:44:04','2009-08-31 09:44:04',NULL),(527,'GV850LC',11,'Grandview Lingerie Chest','24\"W x 18\"D x 57\"H',NULL,NULL,'Y','2009-08-31 09:44:05','2009-08-31 09:44:05',NULL),(528,'GV850TV',11,'Grandview TV Stand','50\"W x 18\"D x 45\"H',NULL,NULL,'Y','2009-08-31 09:44:05','2009-08-31 09:44:05',NULL),(529,'GV850TB',11,'Grandview Twin Bed','43\"W x 85\"D x 54\"H',NULL,NULL,'Y','2009-08-31 09:44:05','2009-08-31 09:44:05',NULL),(530,'FL700LC',45,'Flyer Lingerie Chest','27\"W x 17\"D x 54\"H',NULL,NULL,'Y','2009-08-31 09:50:09','2009-08-31 09:50:09',NULL),(531,'FL700TV',45,'Flyer TV Stand','48\"W x 17\"D x 40\"H',NULL,NULL,'Y','2009-08-31 09:52:09','2009-08-31 09:52:09','direct containers only.'),(532,'FL700FB',45,'Flyer Full Bed','60\"W x 86.5\"D x 54\"H',NULL,NULL,'Y','2009-08-31 09:52:10','2009-08-31 09:52:10',NULL),(533,'FL700TB',45,'Flyer Twin Bed','44.5\"W x 86.5\"D x 54\"H',NULL,NULL,'Y','2009-08-31 09:53:49','2009-08-31 09:53:49','direct containers only.'),(534,'EM200TB',85,'Emily Twin Bed','44\"W x 85.5\"D x 52\"H',NULL,NULL,'Y','2009-08-31 09:57:28','2009-08-31 09:57:28','direct containers only.'),(535,'EM200FB',85,'Emily Full Bed','58.5\"W x 85.5\"D x 52\"H',NULL,NULL,'Y','2009-08-31 09:57:28','2009-08-31 09:57:28','direct containers only.'),(536,'BP700BNW',46,'Brook White Bench','48\"W x 16\"D x 18\"H',NULL,NULL,'Y','2009-08-31 10:00:51','2009-08-31 10:00:51',NULL),(537,'BP700LCW',46,'Brook White Lingerie Chest','25\"W x 17\"D x 58\"H',NULL,NULL,'Y','2009-08-31 10:00:52','2009-08-31 10:00:52',NULL),(538,'BP700TVW',46,'Brook White TV Stand','49\"W x 18\"D x 45\"H',NULL,NULL,'Y','2009-08-31 10:00:52','2009-08-31 10:00:52',NULL),(539,'BP800BNB',47,'Brook Black Bench','48\"W x 16\"D x 18\"H',NULL,NULL,'Y','2009-08-31 10:11:11','2009-08-31 10:11:11',NULL),(540,'BP800LCB',47,'Brook Black Lingerie Chest','25\"W x 17\"D x 58\"H',NULL,NULL,'Y','2009-08-31 10:11:12','2009-08-31 10:11:12',NULL),(541,'BP800TVB',47,'Brook Black TV Stand','49\"W x 18\"D x 45\"H',NULL,NULL,'Y','2009-08-31 10:11:12','2009-08-31 10:11:12',NULL),(542,'BP800TBB',47,'Brook Black Twin Bed','44\"W x 82\"D x 52\"H',NULL,NULL,'Y','2009-08-31 10:11:12','2009-08-31 10:11:12',NULL),(543,'BP450TVC',69,'Brook Chestnut TV Stand','37\"W x 17\"D x 40\"H',NULL,NULL,'Y','2009-08-31 10:19:13','2009-08-31 10:19:13','direct containers only.'),(544,'BP450TBC',69,'Brook Chestnut Twin Bed','44\"W x 83.5\"D x 52\"H',NULL,NULL,'Y','2009-08-31 10:19:14','2009-08-31 10:19:14','direct containers only.'),(545,'BP450FBC',69,'Brook Chestnut Full Bed','61\"W x 83.5\"D x 60.5\"H',NULL,NULL,'Y','2009-08-31 10:19:14','2009-08-31 10:19:14','direct containers only.'),(546,'FL800LC',73,'Flyer White Lingerie Chest','27\"W x 17\"D x 54\"H',NULL,NULL,'Y','2009-09-01 01:07:21','2009-09-01 01:07:21',NULL),(547,'FL800TV',73,'Flyer White TV Stand','48\"W x 17\"D x 40\"H',NULL,NULL,'Y','2009-09-01 01:07:22','2009-09-01 01:07:22',NULL),(548,'FL800FB',73,'Flyer White Full Bed','60\"W x 86.5\"D x 54\"H',NULL,NULL,'Y','2009-09-01 01:07:22','2009-09-01 01:07:22',NULL),(549,'FL800TB',73,'Flyer White Twin Bed','44.5\"W x 86.5\"D x 54\"H',NULL,NULL,'Y','2009-09-01 02:35:42','2009-09-01 02:35:42',NULL),(550,'CR100DR',94,'Carter Dresser','55\"W x 18\"D x 42\"H',NULL,NULL,'Y','2009-09-02 05:46:20','2009-09-02 05:46:20',NULL),(551,'CR100MR',94,'Carter Mirror','33\"W x 1.5\"D x 38\"H',NULL,NULL,'Y','2009-09-02 05:46:21','2009-09-02 05:46:21',NULL),(552,'CR100CH',94,'Carter Chest','36\"W x 18\"D x 51\"H',NULL,NULL,'Y','2009-09-02 05:46:22','2009-09-02 05:46:22',NULL),(553,'CR100NS',94,'Carter Night Stand','22\"W x 19\"D x 28\"H',NULL,NULL,'Y','2009-09-02 05:46:23','2009-09-02 05:46:23',NULL),(554,'CR100QB',94,'Carter Queen Bed','62.5\"W x 87\"D x 47\"H',NULL,NULL,'Y','2009-09-02 05:46:24','2009-09-02 05:46:24',NULL),(555,'CR100KB',94,'Carter King Bed','79.5\"W x 87\"D x 47\"H',NULL,NULL,'Y','2009-09-02 05:46:25','2009-09-02 05:46:25',NULL),(556,'WI225TV',70,'Winton TV Stand','36\"W x 16\"D x 39\"H',NULL,NULL,'Y','2009-09-03 05:29:38','2009-09-03 05:29:38','direct containers only.'),(557,'WI225TV',71,'Winton TV Stand','36\"W x 16\"D x 39\"H',NULL,NULL,'Y','2009-09-03 05:29:50','2009-09-03 05:29:50','direct containers only.'),(558,'MW100QSB',66,'Matthew Queen Storage Bed','65.75\"W x 86\"D x 60\"H',NULL,NULL,'Y','2009-09-03 05:44:14','2009-09-03 05:44:14',NULL),(559,'MW100KSB',66,'Matthew King Storage Bed','81.75\"W x 86\"D x 60\"H',NULL,NULL,'Y','2009-09-03 05:44:15','2009-09-03 05:44:15',NULL),(560,'MT100TV',61,'Metalindo TV Stand','36\"W x 17\"D x 38\"H',NULL,NULL,'Y','2009-09-03 05:51:21','2009-09-03 05:51:21',NULL),(561,'MT100BN',61,'Metalindo Bench Upholstered','47\"W x 17\"D x 19\"H',NULL,NULL,'Y','2009-09-03 05:51:55','2009-09-03 05:51:55',NULL),(562,'MT100KQS',61,'Metalindo Queen/King Storage 2 Drawers','39\"W x 19\"D x 8\"H',NULL,NULL,'Y','2009-09-03 05:51:55','2009-09-09 09:25:03','direct containers only.'),(563,'MT100FB',61,'Metalindo Full Bed','60\"W x 81\"D x 51\"H',NULL,NULL,'Y','2009-09-03 05:51:55','2009-09-03 05:51:55',NULL),(564,'MT100TB',61,'Metalindo Twin Bed','44.5\"W x 81\"D x 51\"H',NULL,NULL,'Y','2009-09-03 05:51:55','2009-09-03 05:51:55',NULL),(565,'MT100TV',64,'Metalindo TV Stand','36\"W x 17\"D x 38\"H',NULL,NULL,'Y','2009-09-03 05:53:34','2009-09-03 05:53:34',NULL),(566,'MT100BN',64,'Metalindo Bench Upholstered','47\"W x 17\"D x 19\"H',NULL,NULL,'Y','2009-09-03 05:53:34','2009-09-03 05:53:34',NULL),(567,'MT100KQS',64,'Metalindo Queen/King Storage 2 Drawers','39\"W x 19\"D x 8\"H',NULL,NULL,'Y','2009-09-03 05:53:34','2009-09-09 09:25:51','direct containers only.'),(568,'MT100FB',64,'Metalindo Full Bed','60\"W x 81\"D x 51\"H',NULL,NULL,'Y','2009-09-03 05:53:34','2009-09-03 05:53:34',NULL),(569,'MT100TB',64,'Metalindo Twin Bed','44.5\"W x 81\"D x 51\"H',NULL,NULL,'Y','2009-09-03 05:53:34','2009-09-03 05:53:34',NULL),(570,'LV850AR',83,'Olivia Armoire','53\"W x 25\"D x 83\"H',NULL,NULL,'N','2009-09-03 05:57:20','2010-07-17 11:56:44',NULL),(571,'LV700QB',83,'Olivia Queen Low Post Bed','69\"W x 95.5\"D x 67\"H',NULL,NULL,'N','2009-09-03 05:57:20','2010-07-17 11:56:44',NULL),(572,'LV700KB',83,'Olivia King Low Post Bed','85\"W x 95.5\"D x 67\"H',NULL,NULL,'N','2009-09-03 05:57:20','2010-07-17 11:56:44',NULL),(573,'LV850AR',84,'Olivia Armoire','53\"W x 25\"D x 83\"H',NULL,NULL,'N','2009-09-03 06:01:50','2009-09-03 06:01:50',NULL),(574,'LV700QB',84,'Olivia Queen Low Post Bed','69\"W x 95.5\"D x 67\"H',NULL,NULL,'N','2009-09-03 06:01:51','2009-09-09 09:28:56',NULL),(575,'LV700KB',84,'Olivia King Low Post Bed','85\"W x 95.5\"D x 67\"H',NULL,NULL,'N','2009-09-03 06:01:51','2009-09-09 09:28:49',NULL),(576,'TA345TV',57,'Tahoe TV Stand','52\"W x 20\"D x 48\"H',NULL,NULL,'Y','2009-09-09 09:44:38','2009-09-09 09:44:38',NULL),(577,'TA345BN',57,'Tahoe Bench','50\"W x 20\"D x 23\"H',NULL,NULL,'Y','2009-09-09 09:44:38','2009-09-09 09:44:38','direct containers only'),(578,'TA345LC',57,'Tahoe Linerie Chest','26\"W x 19\"D x 59\"H',NULL,NULL,'Y','2009-09-09 09:44:38','2009-09-09 09:44:38','direct containers only'),(579,'TN100QB',48,'Titan Queen Poster Bed','73\"W x 98\" D x 91\"H',NULL,NULL,'Y','2009-09-09 09:51:49','2009-09-09 09:51:49',NULL),(580,'TN100KB',48,'Titan King Poster Bed','91\"W x 98\" D x 91\"H',NULL,NULL,'Y','2009-09-09 09:51:49','2009-09-09 09:51:49',NULL),(581,'TN500QB',48,'Titan Queen Sleigh Bed','66\"W x 91\" D x 62\"H',NULL,NULL,'Y','2009-09-09 09:51:49','2009-09-09 09:51:49',NULL),(582,'TN500KB',48,'Titan King Sleigh Bed','82\"W x 91\" D x 62\"H',NULL,NULL,'Y','2009-09-09 09:51:49','2009-09-09 09:51:49',NULL),(583,'MA333DR',95,'Manor Dresser','72\"W x 21\"D x 42\"H',NULL,NULL,'Y','2009-09-12 08:35:50','0000-00-00 00:00:00',NULL),(584,'MA333MR',95,'Manor Mirror','49\"W x 5\"D x 48.\"H',NULL,NULL,'Y','2009-09-12 08:36:27','0000-00-00 00:00:00',NULL),(585,'MA333CH',95,'Manor Chest','44\"W x 20\"D x 54\"H',NULL,NULL,'Y','2009-09-12 08:37:22','0000-00-00 00:00:00',NULL),(586,'MA333NS',95,'Manor Night Stand','33\"W x 18\"D x 30\"H',NULL,NULL,'Y','2009-09-12 08:38:06','0000-00-00 00:00:00',NULL),(587,'MA333TV',95,'Manor TV Stand','50\"W x 18\"D x 45\"H',NULL,NULL,'Y','2009-09-12 08:39:19','0000-00-00 00:00:00','direct containers only'),(588,'MA333AR',95,'Manor Armoire','55\"W x 22\"D x 83\"H',NULL,NULL,'Y','2009-09-12 08:40:03','0000-00-00 00:00:00',NULL),(589,'MA333QB',95,'Manor Queen Canopy Bed','71\"W x 95\"D x 94\"H',NULL,NULL,'Y','2009-09-12 08:40:48','0000-00-00 00:00:00',NULL),(590,'MA333KB',95,'Manor King Canopy Bed','86\"W x 95\"D x 94\"H',NULL,NULL,'Y','2009-09-12 08:41:47','0000-00-00 00:00:00',NULL),(591,'EB100TB',52,'Ebony Twin Bed','42.5\"W x 85\"D x 52\"H',NULL,NULL,'Y','2009-09-12 08:54:15','0000-00-00 00:00:00',NULL),(592,'EB100FB',52,'Ebony Full Bed','57.5\"W x 85\"D x 52\"H',NULL,NULL,'Y','2009-09-12 08:54:57','0000-00-00 00:00:00',NULL),(593,'EB100TV',52,'Ebony TV Stand','49\"W x 28\"D x 42\"H',NULL,NULL,'Y','2009-09-12 08:55:44','0000-00-00 00:00:00',NULL),(594,'EB100GC',52,'Ebony Man\'s Chest','50\"W x 20\"D x 60\"H',NULL,NULL,'Y','2009-09-12 08:56:41','0000-00-00 00:00:00',NULL),(595,'RV100DR',96,'Raven Dresser','62\" W x 18\" D x 36\" H',NULL,NULL,'Y','2009-11-28 08:40:13','2009-11-28 08:40:13',NULL),(596,'RV100MR',96,'Raven Mirror','37\" W x 1\" D x 38.5\" H',NULL,NULL,'Y','2009-11-28 08:40:13','2009-11-28 08:40:13',NULL),(597,'RV100CH',96,'Raven Chest','36\" W x 18\" D x 50\" H',NULL,NULL,'Y','2009-11-28 08:40:13','2009-11-28 08:40:13',NULL),(598,'RV100NS',96,'Raven Night Stand','24\" W x 16\" D x 24\" H',NULL,NULL,'Y','2009-11-28 08:40:13','2009-11-28 08:40:13',NULL),(599,'RV222QB',96,'Raven Queen PU Headboard','73\" W x 92\" D x 48\" H',NULL,NULL,'Y','2009-11-28 08:40:13','2009-11-28 08:40:13',NULL),(600,'RV222KB',96,'Raven King PU Headboard','90\" W x 92\" D x 48\" H',NULL,NULL,'Y','2009-11-28 08:40:13','2009-11-28 08:40:13',NULL),(601,'ST250DR',97,'Studio Dresser','66\" W x 19\" D x 42\" H',NULL,NULL,'Y','2010-06-06 12:09:17','2010-06-06 12:09:17',NULL),(602,'ST250MR',97,'Studio Mirror','42\" W x 2\" D x 40\" H',NULL,NULL,'Y','2010-06-06 12:10:34','2010-06-06 12:10:34',NULL),(603,'ST250CH',97,'Studio Chest','38\" W x 19\" D x 54\" H',NULL,NULL,'Y','2010-06-06 12:11:37','2010-06-06 12:11:37',NULL),(604,'ST250NS',97,'Studio Night Stand','28\" W x 19\" D x 30\" H',NULL,NULL,'Y','2010-06-06 12:12:26','2010-06-06 12:12:26',NULL),(605,'ST250QB',97,'Studio Queen Bed','64\" W x 88\" D x 60\" H',NULL,NULL,'Y','2010-06-06 12:13:21','2010-06-06 12:13:21',NULL),(606,'ST250KB',97,'Studio King Bed','80\" W x 88\" D x 60\" H',NULL,NULL,'Y','2010-06-06 12:14:12','2010-06-06 12:14:12',NULL),(607,'FM375DR',98,'Fleming Dresser','59\" W x 17\" D x 35.5\" H',NULL,NULL,'Y','2010-07-01 11:48:22','2010-07-01 11:48:22',NULL),(608,'FM375MR',98,'Fleming Mirror','40.5\" W x 0.75\" D x 36\" H',NULL,NULL,'Y','2010-07-01 11:48:22','2010-07-01 11:48:22',NULL),(609,'FM375CH',98,'Fleming Chest','35.5\" W x 17\" D x 51.5\" H',NULL,NULL,'Y','2010-07-01 11:48:22','2010-07-01 11:48:22',NULL),(610,'FM375NS',98,'Fleming Night Stand','23.5\" W x 17\" D x 25\" H',NULL,NULL,'Y','2010-07-01 11:48:22','2010-07-01 11:48:22',NULL),(611,'FM400QB',98,'Fleming Queen Bed','64\" W x 87.5\" D x 48\" H',NULL,NULL,'Y','2010-07-01 11:48:22','2010-07-01 11:48:22',NULL),(612,'FM400KB',98,'Fleming King Bed','80\" W x 87.5\" D x 48\" H',NULL,NULL,'Y','2010-07-01 11:48:22','2010-07-01 11:48:22',NULL),(632,'LZ850DR',102,'Olivia Dresser','72\" W x 20\" D x 42\" H',NULL,NULL,'Y','2010-07-11 10:39:40','2010-07-11 10:39:40',NULL),(614,'AX555DR',99,'Alexandra Dresser','65.5\" W x 19.5\" D x 37.5\" H',NULL,NULL,'Y','2010-07-01 11:54:02','2010-07-01 11:54:02',NULL),(615,'AX555MR',99,'Alexandra Mirror','42\" W x 2\" D x 40\" H',NULL,NULL,'Y','2010-07-01 11:54:02','2010-07-01 11:54:02',NULL),(616,'AX555CH',99,'Alexandra Chest','36\" W x 19.5\" D x 56\" H',NULL,NULL,'Y','2010-07-01 11:54:02','2010-07-01 11:54:02',NULL),(617,'AX555NS',99,'Alexandra Night Stand','29\" W x 19.5\" D x 29.5\" H',NULL,NULL,'Y','2010-07-01 11:54:02','2010-07-01 11:54:02',NULL),(618,'AX555QB',99,'Alexandra Queen Bed','63.5\" W x 93\" D x 56\" H',NULL,NULL,'Y','2010-07-01 11:54:02','2010-07-01 11:54:02',NULL),(619,'AX555KB',99,'Alexandra King Bed','81.5\" W x 93\" D x 56\" H',NULL,NULL,'Y','2010-07-01 11:54:03','2010-07-01 11:54:03',NULL),(620,'TY100DR',100,'Taylor Dresser','62\" W x 18\" D x 36\" H',NULL,NULL,'Y','2010-07-01 11:57:43','2010-07-01 11:57:43',NULL),(621,'TY100MR',100,'Taylor Mirror','40\" W x 1.25\" D x 41\" H',NULL,NULL,'Y','2010-07-01 11:57:44','2010-07-01 11:57:44',NULL),(622,'TY100CH',100,'Taylor Chest','36\" W x 18\" D x 52.5\" H',NULL,NULL,'Y','2010-07-01 11:57:44','2010-07-01 11:57:44',NULL),(623,'TY100NS',100,'Taylor Night Stand','26\" W x 16\" D x 28\" H',NULL,NULL,'Y','2010-07-01 11:57:44','2010-07-01 11:57:44',NULL),(624,'TY100QB',100,'Taylor Queen Bed','65\" W x 86.5\" D x 50\" H',NULL,NULL,'Y','2010-07-01 11:57:44','2010-07-01 11:57:44',NULL),(625,'TY100KB',100,'Taylor King Bed','81\" W x 86.5\" D x 50\" H',NULL,NULL,'Y','2010-07-01 11:57:44','2010-07-01 11:57:44',NULL),(626,'DM100DR',101,'Del Mar Dresser','65\" W x 17.5\" D x 39\" H',NULL,NULL,'Y','2010-07-01 12:02:12','2010-07-01 12:02:12',NULL),(627,'DM100MR',101,'Del Mar Mirror','43\" W x 1.5\" D x 41\" H',NULL,NULL,'Y','2010-07-01 12:02:13','2010-07-01 12:02:13',NULL),(628,'DM100CH',101,'Del Mar Chest','37\" W x 17.5\" D x 52\" H',NULL,NULL,'Y','2010-07-01 12:02:13','2010-07-01 12:02:13',NULL),(629,'DM100NS',101,'Del Mar Night Stand','27\" W x 17.5\" D x 28\" H',NULL,NULL,'Y','2010-07-01 12:02:13','2010-07-01 12:02:13',NULL),(630,'DM100QB',101,'Del Mar Queen Bed','64\" W x 91\" D x 59\" H',NULL,NULL,'Y','2010-07-01 12:02:13','2010-07-01 12:02:13',NULL),(631,'DM100KB',101,'Del Mar King Bed','80\" W x 91\" D x 59\" H',NULL,NULL,'Y','2010-07-01 12:02:13','2010-07-01 12:02:13',NULL),(633,'LZ850MR',102,'Olivia Mirror','50\" W x 5\" D x 48\" H',NULL,NULL,'Y','2010-07-11 10:39:40','2010-07-11 10:39:40',NULL),(634,'LZ850CH',102,'Olivia Chest','44\" W x 20\" D x 54\" H',NULL,NULL,'Y','2010-07-11 10:39:40','2010-07-11 10:39:40',NULL),(635,'LZ850NS',102,'Olivia Night Stand','32\" W x 18\" D x 30\" H',NULL,NULL,'Y','2010-07-11 10:39:40','2010-07-11 10:39:40',NULL),(636,'LZ700QB',102,'Olivia Queen Low Post Bed','69\" W x 96\" D x 67\" H',NULL,NULL,'Y','2010-07-11 10:39:40','2010-07-11 10:39:40',NULL),(637,'LZ700KB',102,'Olivia King Low Post Bed','85\" W x 96\" D x 67\" H',NULL,NULL,'Y','2010-07-11 10:39:40','2010-07-11 10:39:40',NULL),(638,'JL900DR',103,'Jenny Lind Dresser','55\" W x 19\" D x 32\" H',NULL,NULL,'Y','2010-07-11 10:46:09','2010-07-11 10:46:09',NULL),(639,'JL900MR',103,'Jenny Lind Mirror','33\" W x 1\" D x 37\" H',NULL,NULL,'Y','2010-07-11 10:46:09','2010-07-11 10:46:09',NULL),(640,'JL900CH',103,'Jenny Lind Chest','37\" W x 19\" D x 34\" H',NULL,NULL,'Y','2010-07-11 10:46:09','2010-07-11 10:46:09',NULL),(641,'JL900NS',103,'Jenny Lind Night Stand','17\" W x 17\" D x 28\" H',NULL,NULL,'Y','2010-07-11 10:46:09','2010-07-11 10:46:09',NULL),(642,'JL900TB',103,'Jenny Lind Twin Bed','43\" W x 78\" D x 46\" H',NULL,NULL,'Y','2010-07-11 10:46:09','2010-07-11 10:46:09',NULL),(643,'KN333DR',104,'Kennedy Estate Dresser','65\" W x 19\" D x 46\" H',NULL,NULL,'Y','2010-07-11 10:50:57','2010-07-11 10:50:57',NULL),(644,'KN333MR',104,'Kennedy Estate Mirror','39\" W x 3\" D x 34\" H',NULL,NULL,'Y','2010-07-11 10:50:57','2010-07-11 10:50:57',NULL),(645,'KN333CH',104,'Kennedy Estate Chest','41\" W x 19\" D x 54\" H',NULL,NULL,'Y','2010-07-11 10:50:57','2010-07-11 10:50:57',NULL),(646,'KN333NS',104,'Kennedy Estate Night Stand','30\" W x 19\" D x 30\" H',NULL,NULL,'Y','2010-07-11 10:50:57','2010-07-11 10:50:57',NULL),(647,'KN333QB',104,'Kennedy Estate Queen Bed','66\" W x 90\" D x 65\" H',NULL,NULL,'Y','2010-07-11 10:50:57','2010-07-11 10:50:57',NULL),(648,'KN333KB',104,'Kennedy Estate King Bed','82\" W x 90\" D x 65\" H',NULL,NULL,'Y','2010-07-11 10:50:57','2010-07-11 10:50:57',NULL),(649,'SP333DR',105,'Spartan Dresser','69\" W x 19\" D x 38\" H',NULL,NULL,'Y','2010-07-11 10:53:58','2010-07-11 10:53:58',NULL),(650,'SP333MR',105,'Spartan Mirror','45\" W x 3\" D x 51\" H',NULL,NULL,'Y','2010-07-11 10:53:59','2010-07-11 10:53:59',NULL),(651,'SP333CH',105,'Spartan Chest','41\" W x 19\" D x 54\" H',NULL,NULL,'Y','2010-07-11 10:53:59','2010-07-11 10:53:59',NULL),(652,'SP333NS',105,'Spartan Night Stand','31\" W x 19\" D x 31 H',NULL,NULL,'Y','2010-07-11 10:53:59','2010-07-11 10:53:59',NULL),(653,'SP333QB',105,'Spartan Queen Bed','76\" W x 102\" D x 88\" H',NULL,NULL,'Y','2010-07-11 10:53:59','2010-07-11 10:53:59',NULL),(654,'SP333KB',105,'Spartan King Bed','84\" W x 102\" D x 88\" H',NULL,NULL,'Y','2010-07-11 10:53:59','2010-07-11 10:53:59',NULL),(655,'CN100DR',106,'Canton Dresser','62\" W x 18\" D x 38\" H',NULL,NULL,'Y','2010-07-11 10:57:16','2010-07-11 10:57:16',NULL),(656,'CN100MR',106,'Canton Mirror','42\" W x 3\" D x 40\" H',NULL,NULL,'Y','2010-07-11 10:57:17','2010-07-11 10:57:17',NULL),(657,'CN100CH',106,'Canton Chest','35\" W x 18\" D x 54\" H',NULL,NULL,'Y','2010-07-11 10:57:17','2010-07-11 10:57:17',NULL),(658,'CN100NS',106,'Canton Night Stand','28\" W x 17\" D x 28\" H',NULL,NULL,'Y','2010-07-11 10:57:17','2010-07-11 10:57:17',NULL),(659,'CN100QB',106,'Canton Queen Bed','67\" W x 90\" D x 63\" H',NULL,NULL,'Y','2010-07-11 10:57:17','2010-07-11 10:57:17',NULL),(660,'CN100KB',106,'Canton King Bed','83\" W x 90\" D x 63\" H',NULL,NULL,'Y','2010-07-11 10:57:17','2010-07-11 10:57:17',NULL),(661,'ZA100DR',107,'Zara Dresser','56\" W x 17\" D x 36\" H',NULL,NULL,'Y','2010-07-11 11:01:00','2010-07-11 11:01:00',NULL),(662,'ZA100MR',107,'Zara Mirror','38\" W x 1\" D x 38\" H',NULL,NULL,'Y','2010-07-11 11:01:01','2010-07-11 11:01:01',NULL),(663,'ZA100CH',107,'Zara Chest','36\" W x 17\" D x 50\" H',NULL,NULL,'Y','2010-07-11 11:01:01','2010-07-11 11:01:01',NULL),(664,'ZA100NS',107,'Zara Night Stand','23\" W x 16\" D x 26\" H',NULL,NULL,'Y','2010-07-11 11:01:01','2010-07-11 11:01:01',NULL),(665,'ZA100TB',107,'Zara Twin Bed','42\" W x 79\" D x 50\" H',NULL,NULL,'Y','2010-07-11 11:01:01','2010-07-11 11:01:01',NULL),(666,'ZA100FB',107,'Zara Full Bed','57\" W x 79\" D x 50\" H',NULL,NULL,'Y','2010-07-11 11:01:01','2010-07-11 11:01:01',NULL),(667,'SM100DR',108,'Sonoma Dresser','62\" W x 18\" D x 34\" H',NULL,NULL,'Y','2010-07-17 11:14:11','2010-07-17 11:14:11',NULL),(668,'SM100MR',108,'Sonoma Mirror','48\" W x 1\" D x 38\" H',NULL,NULL,'Y','2010-07-17 11:14:12','2010-07-17 11:14:12',NULL),(669,'SM100CH',108,'Sonoma Chest','36\" W x 18\" D x 50\" H',NULL,NULL,'Y','2010-07-17 11:14:12','2010-07-17 11:14:12',NULL),(670,'SM100NS',108,'Sonoma Night Stand','22\" W x 19\" D x 32\" H',NULL,NULL,'Y','2010-07-17 11:14:12','2010-07-17 11:14:12',NULL),(671,'SM100QB',108,'Sonoma Queen Bed','64\" W x 87\" D x 53\" H',NULL,NULL,'Y','2010-07-17 11:14:12','2010-07-17 11:14:12',NULL),(672,'SM100KB',108,'Sonoma King Bed','80\" W x 87\" D x 53\" H',NULL,NULL,'Y','2010-07-17 11:14:12','2010-07-17 11:14:12',NULL),(673,'IM100DR',109,'Impression Dresser','64\" W x 18\" D x 38\" H',NULL,NULL,'Y','2010-07-17 11:19:50','2010-07-17 11:19:50',NULL),(674,'IM100MR',109,'Impression Mirror','42\" W x 1\" D x 36\" H',NULL,NULL,'Y','2010-07-17 11:19:50','2010-07-17 11:19:50',NULL),(675,'IM100CH',109,'Impression Chest','40\" W x 18\" D x 54\" H',NULL,NULL,'Y','2010-07-17 11:19:50','2010-07-17 11:19:50',NULL),(676,'IM100NS',109,'Impression Night Stand','28\" W x 16\" D x 28\" H',NULL,NULL,'Y','2010-07-17 11:19:50','2010-07-17 11:19:50',NULL),(677,'IM100QB',109,'Impression Queen Bed','63\" W x 86\" D x 56\" H',NULL,NULL,'Y','2010-07-17 11:19:50','2010-07-17 11:19:50',NULL),(678,'IM100KB',109,'Impression King Bed','79\" W x 86\" D x 56\" H',NULL,NULL,'Y','2010-07-17 11:19:50','2010-07-17 11:19:50',NULL),(679,'RV500W',110,'Raven Entertainment','83\" W x 16\" D x 70\" H',NULL,NULL,'Y','2010-07-17 11:22:20','2010-07-17 11:22:20',NULL),(680,'LA101',111,'Plastic Table Lamp','11\" W x 8\" D x 18\" H',NULL,NULL,'Y','2010-07-17 00:00:00','2010-07-17 00:00:00',NULL),(681,'LA102',112,'Plastic Table Lamp','12\" W x 8\" D x 19\" H',NULL,NULL,'Y','2010-07-19 11:28:12','2010-07-19 11:28:12',NULL),(682,'LA103',113,'Plastic Table Lamp','10\"W x 10\"D x 18\"H',NULL,NULL,'Y','2010-07-19 11:33:46','2010-07-19 11:33:46',NULL),(683,'LA104',114,'Plastic Table Lamp','10\"W x 10\"D x 18\"H',NULL,NULL,'Y','2010-07-19 11:41:53','2010-07-19 11:41:53',NULL),(684,'LA201',115,'Ceramic Table Lamp','17\"W x 17\"D x 29\"H',NULL,NULL,'Y','2010-07-19 11:42:08','2010-07-19 11:42:08',NULL),(685,'LA202',116,'Ceramic Table Lamp','17\"W x 17\"D x 30\"H',NULL,NULL,'Y','2010-07-19 11:42:24','2010-07-19 11:42:24',NULL),(686,'LA301',117,'Polyresin &amp; Glass Table Lamp','17\"W x 17\"D x 30\"H',NULL,NULL,'Y','2010-07-19 11:42:34','2010-07-19 11:42:34',NULL),(687,'LA302',118,'Polyresin &amp; Glass Table Lamp','17\"W x 17\"D x 30\"H',NULL,NULL,'Y','2010-07-19 11:42:43','2010-07-19 11:42:43',NULL),(688,'LA401',119,'Polyresin &amp; Glass Table Lamp','14\"W x 14\"D x 32\"H',NULL,NULL,'Y','2010-07-19 11:42:51','2010-07-19 11:42:51',NULL),(689,'LA402',120,'Polyresin &amp; Glass Table Lamp','17\"W x 17\"D x 32\"H',NULL,NULL,'Y','2010-07-19 11:43:01','2010-07-19 11:43:01',NULL),(690,'LA404',121,'Polyresin &amp; Glass Table Lamp','10\"W x 10\"D x 25\"H',NULL,NULL,'Y','2010-07-19 11:45:26','2010-07-19 11:45:26',NULL),(691,'LA501',122,'Glass &amp; Metal Table Lamp','17\"W x 17\"D x 29\"H',NULL,NULL,'Y','2010-07-19 12:12:03','2010-07-19 12:12:03',NULL),(692,'LA701',123,'Metal Table Lamp','13\"W x 13\"D x 25\"H',NULL,NULL,'Y','2010-07-19 12:12:12','2010-07-19 12:12:12',NULL);

--
-- Table structure for table `states`
--

CREATE TABLE `states` (
  `id` tinyint(3) unsigned NOT NULL AUTO_INCREMENT,
  `code` char(3) NOT NULL DEFAULT '',
  `name` varchar(100) NOT NULL DEFAULT '',
  PRIMARY KEY (`id`)
) ENGINE=MyISAM AUTO_INCREMENT=52 DEFAULT CHARSET=latin1 COMMENT='This table is to maintain a list of States of the U.S.';

--
-- Dumping data for table `states`
--

INSERT INTO `states` VALUES (1,'AL','Alabama'),(2,'AK','Alaska'),(3,'AZ','Arizona'),(4,'AR','Arkansas'),(5,'CA','California'),(6,'CO','Colorado'),(7,'CT','Connecticut'),(8,'DC','Washington D.C.'),(9,'DE','Delaware'),(10,'FL','Florida'),(11,'GA','Georgia'),(12,'HI','Hawaii'),(13,'ID','Idaho'),(14,'IL','Illinois'),(15,'IN','Indiana'),(16,'IA','Iowa'),(17,'KS','Kansas'),(18,'KY','Kentucky'),(19,'LA','Louisiana'),(20,'ME','Maine'),(21,'MD','Maryland'),(22,'MA','Massachusetts'),(23,'MI','Michigan'),(24,'MN','Minnesota'),(25,'MS','Mississippi'),(26,'MO','Missouri'),(27,'MT','Montana'),(28,'NE','Nebraska'),(29,'NV','Nevada'),(30,'NH','New Hampshire'),(31,'NJ','New Jersey'),(32,'NM','New Mexico'),(33,'NY','New York'),(34,'NC','North Carolina'),(35,'ND','North Dakota'),(36,'OH','Ohio'),(37,'OK','Oklahoma'),(38,'OR','Oregon'),(39,'PA','Pennsylvania'),(40,'RI','Rhode Island'),(41,'SC','South Carolina'),(42,'SD','South Dakota'),(43,'TN','Tennessee'),(44,'TX','Texas'),(45,'UT','Utah'),(46,'VT','Vermont'),(47,'VA','Virginia'),(48,'WA','Washington'),(49,'WV','West Virginia'),(50,'WI','Wisconsin'),(51,'WY','Wyoming');


