--
-- Host: localhost    Database: ekisticg_ee2010
-- ------------------------------------------------------


--
-- Current Database: `ekisticg_ee2010`
--

CREATE DATABASE /*!32312 IF NOT EXISTS*/ `ekisticg_ee2010` /*!40100 DEFAULT CHARACTER SET latin1 */;

USE `ekisticg_ee2010`;

--
-- Table structure for table `exp_accessories`
--

CREATE TABLE `exp_accessories` (
  `accessory_id` int(10) unsigned NOT NULL AUTO_INCREMENT,
  `class` varchar(75) NOT NULL DEFAULT '',
  `member_groups` varchar(50) NOT NULL DEFAULT 'all',
  `controllers` text,
  `accessory_version` varchar(12) NOT NULL,
  PRIMARY KEY (`accessory_id`)
) ENGINE=MyISAM AUTO_INCREMENT=3 DEFAULT CHARSET=utf8;

--
-- Dumping data for table `exp_accessories`
--


--
-- Table structure for table `exp_actions`
--

CREATE TABLE `exp_actions` (
  `action_id` int(4) unsigned NOT NULL AUTO_INCREMENT,
  `class` varchar(50) NOT NULL,
  `method` varchar(50) NOT NULL,
  PRIMARY KEY (`action_id`)
) ENGINE=MyISAM AUTO_INCREMENT=15 DEFAULT CHARSET=utf8;

--
-- Dumping data for table `exp_actions`
--

INSERT INTO `exp_actions` VALUES (1,'Channel','insert_new_entry'),(2,'Channel','filemanager_endpoint'),(3,'Channel','smiley_pop'),(4,'Member','registration_form'),(5,'Member','register_member'),(6,'Member','activate_member'),(7,'Member','member_login'),(8,'Member','member_logout'),(9,'Member','retrieve_password'),(10,'Member','reset_password'),(11,'Member','send_member_email'),(12,'Member','update_un_pw'),(13,'Member','member_search'),(14,'Member','member_delete');

--
-- Table structure for table `exp_captcha`
--

CREATE TABLE `exp_captcha` (
  `captcha_id` bigint(13) unsigned NOT NULL AUTO_INCREMENT,
  `date` int(10) unsigned NOT NULL,
  `ip_address` varchar(16) NOT NULL DEFAULT '0',
  `word` varchar(20) NOT NULL,
  PRIMARY KEY (`captcha_id`),
  KEY `word` (`word`)
) ENGINE=MyISAM DEFAULT CHARSET=utf8;

--
-- Dumping data for table `exp_captcha`
--


--
-- Table structure for table `exp_categories`
--

CREATE TABLE `exp_categories` (
  `cat_id` int(10) unsigned NOT NULL AUTO_INCREMENT,
  `site_id` int(4) unsigned NOT NULL DEFAULT '1',
  `group_id` int(6) unsigned NOT NULL,
  `parent_id` int(4) unsigned NOT NULL,
  `cat_name` varchar(100) NOT NULL,
  `cat_url_title` varchar(75) NOT NULL,
  `cat_description` text,
  `cat_image` varchar(120) DEFAULT NULL,
  `cat_order` int(4) unsigned NOT NULL,
  PRIMARY KEY (`cat_id`),
  KEY `group_id` (`group_id`),
  KEY `cat_name` (`cat_name`),
  KEY `site_id` (`site_id`)
) ENGINE=MyISAM AUTO_INCREMENT=5 DEFAULT CHARSET=utf8;

--
-- Dumping data for table `exp_categories`
--

INSERT INTO `exp_categories` VALUES (1,1,1,0,'Boutique Hotels','boutique_hotels','','',1),(2,1,1,0,'Lofts','lofts','','',2),(3,1,1,0,'Workspace','workspace','','',3),(4,1,1,0,'Eventspace','eventspace','','',4);

--
-- Table structure for table `exp_category_field_data`
--

CREATE TABLE `exp_category_field_data` (
  `cat_id` int(4) unsigned NOT NULL,
  `site_id` int(4) unsigned NOT NULL DEFAULT '1',
  `group_id` int(4) unsigned NOT NULL,
  PRIMARY KEY (`cat_id`),
  KEY `site_id` (`site_id`),
  KEY `group_id` (`group_id`)
) ENGINE=MyISAM DEFAULT CHARSET=utf8;

--
-- Dumping data for table `exp_category_field_data`
--

INSERT INTO `exp_category_field_data` VALUES (1,1,1),(2,1,1),(3,1,1),(4,1,1);

--
-- Table structure for table `exp_category_fields`
--

CREATE TABLE `exp_category_fields` (
  `field_id` int(6) unsigned NOT NULL AUTO_INCREMENT,
  `site_id` int(4) unsigned NOT NULL DEFAULT '1',
  `group_id` int(4) unsigned NOT NULL,
  `field_name` varchar(32) NOT NULL DEFAULT '',
  `field_label` varchar(50) NOT NULL DEFAULT '',
  `field_type` varchar(12) NOT NULL DEFAULT 'text',
  `field_list_items` text NOT NULL,
  `field_maxl` smallint(3) NOT NULL DEFAULT '128',
  `field_ta_rows` tinyint(2) NOT NULL DEFAULT '8',
  `field_default_fmt` varchar(40) NOT NULL DEFAULT 'none',
  `field_show_fmt` char(1) NOT NULL DEFAULT 'y',
  `field_text_direction` char(3) NOT NULL DEFAULT 'ltr',
  `field_required` char(1) NOT NULL DEFAULT 'n',
  `field_order` int(3) unsigned NOT NULL,
  PRIMARY KEY (`field_id`),
  KEY `site_id` (`site_id`),
  KEY `group_id` (`group_id`)
) ENGINE=MyISAM DEFAULT CHARSET=utf8;

--
-- Dumping data for table `exp_category_fields`
--


--
-- Table structure for table `exp_category_groups`
--

CREATE TABLE `exp_category_groups` (
  `group_id` int(6) unsigned NOT NULL AUTO_INCREMENT,
  `site_id` int(4) unsigned NOT NULL DEFAULT '1',
  `group_name` varchar(50) NOT NULL,
  `sort_order` char(1) NOT NULL DEFAULT 'a',
  `field_html_formatting` char(4) NOT NULL DEFAULT 'all',
  `can_edit_categories` text,
  `can_delete_categories` text,
  PRIMARY KEY (`group_id`),
  KEY `site_id` (`site_id`)
) ENGINE=MyISAM AUTO_INCREMENT=2 DEFAULT CHARSET=utf8;

--
-- Dumping data for table `exp_category_groups`
--

INSERT INTO `exp_category_groups` VALUES (1,1,'Project Categories','c','all','','');

--
-- Table structure for table `exp_category_posts`
--

CREATE TABLE `exp_category_posts` (
  `entry_id` int(10) unsigned NOT NULL,
  `cat_id` int(10) unsigned NOT NULL,
  PRIMARY KEY (`entry_id`,`cat_id`)
) ENGINE=MyISAM DEFAULT CHARSET=utf8;

--
-- Dumping data for table `exp_category_posts`
--

INSERT INTO `exp_category_posts` VALUES (1,1),(2,1),(3,2),(4,2),(5,2),(6,2),(7,2),(8,2),(9,2),(10,2),(11,3),(12,4);

--
-- Table structure for table `exp_channel_data`
--

CREATE TABLE `exp_channel_data` (
  `entry_id` int(10) unsigned NOT NULL,
  `site_id` int(4) unsigned NOT NULL DEFAULT '1',
  `channel_id` int(4) unsigned NOT NULL,
  `field_id_1` text,
  `field_ft_1` tinytext,
  `field_id_2` text,
  `field_ft_2` tinytext,
  `field_id_3` text,
  `field_ft_3` tinytext,
  `field_id_4` text,
  `field_ft_4` tinytext,
  `field_id_5` text,
  `field_ft_5` tinytext,
  `field_id_6` text,
  `field_ft_6` tinytext,
  `field_id_7` text,
  `field_ft_7` tinytext,
  `field_id_8` text,
  `field_ft_8` tinytext,
  `field_id_9` text,
  `field_ft_9` tinytext,
  PRIMARY KEY (`entry_id`),
  KEY `channel_id` (`channel_id`),
  KEY `site_id` (`site_id`)
) ENGINE=MyISAM DEFAULT CHARSET=utf8;

--
-- Dumping data for table `exp_channel_data`
--

INSERT INTO `exp_channel_data` VALUES (1,1,1,'','none','Yes, link it.','none','1','none','{filedir_1}IH-LOGO-new-copy-41.jpg','xhtml','International House is New Orleans’ premier boutique hotel.  It features 117 rooms, suites and penthouses, a soaring lobby, \"loa\":http://www.ihhotel.com its candlelit bar, \"Rambla\":http://www.ihhotel.com its Basque-influenced restaurant and \"Entrepreneurs\' Row\":/projects/entrepreneurs-row its conference center / start-up workspace.\n\nThe hotel not only radiates this city\'s signature sense of place but heralds a bright new time. New Talent. New Ideas. New O.  Food. Music. Architecture. Film. Digital Media. Sports. Joyful culture. Opportunity. And optimism. Inspired as they are admired, there are layers upon layers to discover.\n\nArchitect Brooks Graham, designer LM Pagano and owner Sean Cummings did what they do best in updating this beautiful 1906 Beaux Arts style building which also served in 1949 as the world\'s first World Trade Center. They harness the power of beautiful design to uplift the human spirit and express a cogent statement about New Orleans today, a joyful city with a unique sense of \"time” and \"place\".\n\nTo spice-up the design, the trio engaged more than 17 local artists to furnish the hotel and selected eight annual rituals which enliven the hotel with a palpable energy and give it \"voice\".\n\nIndeed, Los Angeles based Pagano, whose  private clients include Johnny Depp and Nicolas Cage, describes the design as \"…pristine but tattered grace, coupled with unexpected moments that infuse the hotel with a sensual and elegant sense of glamour.\" Evident local influences from Senegal, France, Spain, Italy and Caribbean Islands find distinctly contemporary expression. As a result, this hotel is a sophisticated urban sanctuary that has become a mecca of sorts for the forward-looking artisans, entrepreneurs and visitors who are reinventing the great city of New Orleans.\n\nInternational House is the boutique hotel in America\'s boutique city.','textile','221 Camp Street\nNew Orleans, Louisiana 70130','xhtml','504 553 9550','none','1','none','1','none'),(2,1,1,'','none','Yes, link it.','none','1','none','{filedir_1}loft_523_logo.png','xhtml','Loft 523 is the quintessential loft hotel. It’s an urban sanctuary which celebrates sexy, sophisticated, sublime open space. Subtle, understated design stimulates the spirit and heightens the senses. Once a dry-goods warehouse, the hotel is about open-space as well as concealment and surprising revelation. Like anonymous French Quarter fa&ccedil;ades, which conceal a masked world of courtyards, fountains, gardens, and guesthouses, Loft 523 conceals then cleverly reveals each aspect of interior design .\n\nAt Loft 523, it all about texture, materials, warm white plaster walls bathed in natural light and 12-foot ceilings. Sprinkler pipes, columns, and heavy-timber beams tell a story. In the bar, original cast-iron columns, wide-plank flooring, masonry archways and pressed-metal ceiling tiles recycled as elevator cab continue to weave the tale. These are architectural artifacts that speak to a human continuum:  people who sold goods here a century ago, people here today, and those yet to come. The artful and attentive way these elements have been combined suggests that New Orleans today actually might not be \"The City That Care Forgot.\"\n\nAs one critic wrote so well, \"Design must seduce, shape, and perhaps most important, evoke emotional response.\" From Modern Fan Company\'s 52-inch opal-glass ceiling fans to legendary photographer/painter/chemist/Renaissance man Mariano Fortuny\'s acclaimed 1907 _Fortuny_ lamp, to Agape\'s awe-inspiring \"Spoon\" tubs and Vola\'s elegant bathroom accessories in large spa-like bathrooms, to hand hammered copper doors, to king beds by Mondo, Loft 523 is a joyful celebration of design, the emotional response it evokes and the creative culture of invention that is New Orleans.','textile','523 Gravier Street\nNew Orleans, LA 70130','xhtml','504-200-6523','none','1','none','1','none'),(3,1,1,'Yes, it\'s sold out.','none','','none','','none','','xhtml','','textile','','xhtml','','none','','none','','none'),(4,1,1,'Yes, it\'s sold out.','none','','none','','none','','xhtml','','textile','','xhtml','','none','','none','','none'),(5,1,1,'Yes, it\'s sold out.','none','','none','','none','','xhtml','','textile','','xhtml','','none','','none','','none'),(6,1,1,'','none','Yes, link it.','none','1','none','{filedir_1}rice_mill_logo_stacked.png','xhtml','The National Rice Mill, an award winning collaboration between developer Sean Cummings, Wayne Troyer Architects and LM Pagano, occupies a 100,000 square foot historic building that was once the largest rice mill in North America and will soon represent a new residential experience in New Orleans.  \n\nFor their fourth project together, Cummings and Troyer chose to emphasize the timeless beauty of the existing structure.  The design maintains the existing columns and brick walls of the 1880 Rice Mill to create 69 quintessentially great lofts.  With contemporary choices for finishes and fixtures that contrast with the historic building, the Rice Mill Lofts is about this time and this place.  \n\nWith captivating views of the Mississippi River and the city’s skyline, each loft is cradled by New Orleans and the Bywater.  Taking cues from its neighbors and the adjacent New Orleans Center for Creative Arts (NOCCA),the Rice Mill is designed with a unique artistic sense.  Notes Cummings, \"New Orleans has a chance to reassert itself at the very forefront of American creative culture, and we want to do our part to encourage the cross-pollination of ideas in this vibrant, creative neighborhood and among its remarkable educators, talented artisans and top tier craftspeople.\"  Local artist will have work featured in the building and the existing graffiti will remain intact.  \n \nThe Rice Mill Lofts represents the first project by ekistics that aims to provide an environmentally friendly product as well as hospitality services.  To accomplish this goal, the design utilizes recycled materials from the existing historic structure as well as non-emitting VOC (volatile organic compounds) materials. Low-E insulated glass windows and thermal mass walls are passive methods of reducing energy use.  Mechanical equipment including 16 SEER air conditioning units with programmable thermostats, high efficiency electric heat pumps and Energy Star appliance further cut energy costs for each residence.  Ekistics draws on its experience managing boutique hotels to provide residents with an uncommon level of hospitality services, including dinner reservations on the roof deck, poolside cocktails, housekeeping assistance, grocery delivery, pet care and energy management.','textile','','xhtml','','none','1','none','1','none'),(7,1,1,'Yes, it\'s sold out!','none','','none',NULL,'none',NULL,'xhtml',NULL,'textile',NULL,'xhtml',NULL,'none',NULL,'none',NULL,'none'),(8,1,1,'Yes, it\'s sold out.','none','','none','','none','','xhtml','','textile','','xhtml','','none','','none','','none'),(9,1,1,'Yes, it\'s sold out.','none','','none','','none','','xhtml','','textile','','xhtml','','none','','none','','none'),(10,1,1,'Yes, it\'s sold out.','none','','none','','none','','xhtml','','textile','','xhtml','','none','','none','','none'),(11,1,1,'','none','Yes, link it.','none','1','none','','xhtml','Entrepreneurs’ Row is a storied 30,000 square foot building with one of only three remaining cast-iron façades in New Orleans. The building serves as both the Conference Center for International House’s as well as Loft 523’s guests and the loft-like workspace for a cadre of the city’s most promising start-up companies. *_The Receivables Exchange, Free Flow Power Corporation, AudioSocketMusic_* and *_Bideo_* headline a roster that also includes *_Naked Pizza_* and *_TurboSquid_*. Led by top tier entrepreneurs, who are moving to this city in never-before-seen numbers, these rapidly growing firms are transforming the economy and credentializing New Orleans in profoundly new light. *_StartUpNewOrleans.com_* was co-founded by Sean Cummings, International House’s owner, and the CEO’s of three tenant companies. Here’s to the *_Crazy Ones_* who make this greatly admired city unique in the nation.','textile','','xhtml','','none','','none','1','none'),(12,1,1,'','none','Yes, link it.','none','1','none','','xhtml','Kingsway is a legendary 12,000 square foot private residence and event venue. Located in the fabled French Quarter and designed by Los Angeles-New Orleans based LM Pagano, architect Wayne Troyer and owner Sean Cummings, this Italiante building has earned media acclaim in The Robb Report, Louisiana Homes & Gardens and various web sites. Built in 1848, the home has been owned by all manner of local characters.\n\nThe colorful past includes Prohibition-era ownership by restaurateur Count Leon Arnault Cazenave and subsequently his debaucherous, Easter Parade founding daughter Germaine Wells. During the early 1990’s, the property housed perhaps the most prolific recording studio in the world, Kingsway Studio owned and operated by peerless producer Daniel Lanois. His is an uncommon talent, and the industry’s most venerable names flocked to him at Kingsway, among them: U2, Bob Dylan, Emmylou Harris, the Neville Brothers, Pearl Jam, Peter Gabriel, R.E.M., Robbie Robertson, Sheryl Crow, Iggy Pop, Cowboy Mouth and many other respected artists. Nicolas Cage owned it, shooting “Sonny” at Kingsway in 2002. Cummings bought and renovated the property in 2004, and in recent years, this venerable property has been leased for iconic functions. Director David Fincher lived here. Global Green hosted dinner for President Mikhail Gorbachev, the organization’s co-founder.\n\nFor years some of the world’s most talented artisans and entrepreneurs have sought out Kingsway for its unique ambience, born of Lanois’ and now the Pagano/Cummings duo’s take on beauty. Underlying it all at this special property is a shared belief that for creative people, a great workspace must reflect the passionate pursuit and free the muse within.\n\n“It’s a pretty amazing place,” said Lanois assistant and Madonna’s sister Melanie Ciccone.','textile','544 Esplanade Ave.\nNew Orleans','xhtml','504 593 9494','none','','none','1','none');

--
-- Table structure for table `exp_channel_entries_autosave`
--

CREATE TABLE `exp_channel_entries_autosave` (
  `entry_id` int(10) unsigned NOT NULL AUTO_INCREMENT,
  `original_entry_id` int(10) unsigned NOT NULL,
  `site_id` int(4) unsigned NOT NULL DEFAULT '1',
  `channel_id` int(4) unsigned NOT NULL,
  `author_id` int(10) unsigned NOT NULL DEFAULT '0',
  `pentry_id` int(10) NOT NULL DEFAULT '0',
  `forum_topic_id` int(10) unsigned DEFAULT NULL,
  `ip_address` varchar(16) NOT NULL,
  `title` varchar(100) NOT NULL,
  `url_title` varchar(75) NOT NULL,
  `status` varchar(50) NOT NULL,
  `versioning_enabled` char(1) NOT NULL DEFAULT 'n',
  `view_count_one` int(10) unsigned NOT NULL DEFAULT '0',
  `view_count_two` int(10) unsigned NOT NULL DEFAULT '0',
  `view_count_three` int(10) unsigned NOT NULL DEFAULT '0',
  `view_count_four` int(10) unsigned NOT NULL DEFAULT '0',
  `allow_comments` varchar(1) NOT NULL DEFAULT 'y',
  `sticky` varchar(1) NOT NULL DEFAULT 'n',
  `entry_date` int(10) NOT NULL,
  `dst_enabled` varchar(1) NOT NULL DEFAULT 'n',
  `year` char(4) NOT NULL,
  `month` char(2) NOT NULL,
  `day` char(3) NOT NULL,
  `expiration_date` int(10) NOT NULL DEFAULT '0',
  `comment_expiration_date` int(10) NOT NULL DEFAULT '0',
  `edit_date` bigint(14) DEFAULT NULL,
  `recent_comment_date` int(10) DEFAULT NULL,
  `comment_total` int(4) unsigned NOT NULL DEFAULT '0',
  `entry_data` text,
  PRIMARY KEY (`entry_id`),
  KEY `channel_id` (`channel_id`),
  KEY `author_id` (`author_id`),
  KEY `url_title` (`url_title`),
  KEY `status` (`status`),
  KEY `entry_date` (`entry_date`),
  KEY `expiration_date` (`expiration_date`),
  KEY `site_id` (`site_id`)
) ENGINE=MyISAM AUTO_INCREMENT=2 DEFAULT CHARSET=utf8;

--
-- Dumping data for table `exp_channel_entries_autosave`
--


--
-- Table structure for table `exp_channel_fields`
--

CREATE TABLE `exp_channel_fields` (
  `field_id` int(6) unsigned NOT NULL AUTO_INCREMENT,
  `site_id` int(4) unsigned NOT NULL DEFAULT '1',
  `group_id` int(4) unsigned NOT NULL,
  `field_name` varchar(32) NOT NULL,
  `field_label` varchar(50) NOT NULL,
  `field_instructions` text,
  `field_type` varchar(50) NOT NULL DEFAULT 'text',
  `field_list_items` text NOT NULL,
  `field_pre_populate` char(1) NOT NULL DEFAULT 'n',
  `field_pre_channel_id` int(6) unsigned DEFAULT NULL,
  `field_pre_field_id` int(6) unsigned DEFAULT NULL,
  `field_related_to` varchar(12) NOT NULL DEFAULT 'channel',
  `field_related_id` int(6) unsigned NOT NULL DEFAULT '0',
  `field_related_orderby` varchar(12) NOT NULL DEFAULT 'date',
  `field_related_sort` varchar(4) NOT NULL DEFAULT 'desc',
  `field_related_max` smallint(4) NOT NULL DEFAULT '0',
  `field_ta_rows` tinyint(2) DEFAULT '8',
  `field_maxl` smallint(3) DEFAULT NULL,
  `field_required` char(1) NOT NULL DEFAULT 'n',
  `field_text_direction` char(3) NOT NULL DEFAULT 'ltr',
  `field_search` char(1) NOT NULL DEFAULT 'n',
  `field_is_hidden` char(1) NOT NULL DEFAULT 'n',
  `field_fmt` varchar(40) NOT NULL DEFAULT 'xhtml',
  `field_show_fmt` char(1) NOT NULL DEFAULT 'y',
  `field_order` int(3) unsigned NOT NULL,
  `field_content_type` varchar(20) NOT NULL DEFAULT 'any',
  `field_settings` text,
  PRIMARY KEY (`field_id`),
  KEY `group_id` (`group_id`),
  KEY `site_id` (`site_id`)
) ENGINE=MyISAM AUTO_INCREMENT=10 DEFAULT CHARSET=utf8;

--
-- Dumping data for table `exp_channel_fields`
--

INSERT INTO `exp_channel_fields` VALUES (1,1,1,'project_sold_out','Sold Out?','If this property is sold out, please check the box below.','checkboxes','Yes, it\'s sold out.','n',0,0,'channel',1,'title','desc',0,6,128,'n','ltr','n','n','none','n',1,'any','YTo2OntzOjE4OiJmaWVsZF9zaG93X3NtaWxleXMiO3M6MToibiI7czoxOToiZmllbGRfc2hvd19nbG9zc2FyeSI7czoxOiJuIjtzOjIxOiJmaWVsZF9zaG93X3NwZWxsY2hlY2siO3M6MToibiI7czoyNjoiZmllbGRfc2hvd19mb3JtYXR0aW5nX2J0bnMiO3M6MToibiI7czoyNDoiZmllbGRfc2hvd19maWxlX3NlbGVjdG9yIjtzOjE6Im4iO3M6MjA6ImZpZWxkX3Nob3dfd3JpdGVtb2RlIjtzOjE6Im4iO30='),(2,1,1,'project_display_link','Display As Link?','If you would like this project to link to a detail page, please check the box below.','checkboxes','Yes, link it.','n',0,0,'channel',1,'title','desc',0,6,128,'n','ltr','n','n','none','n',2,'any','YTo2OntzOjE4OiJmaWVsZF9zaG93X3NtaWxleXMiO3M6MToibiI7czoxOToiZmllbGRfc2hvd19nbG9zc2FyeSI7czoxOiJuIjtzOjIxOiJmaWVsZF9zaG93X3NwZWxsY2hlY2siO3M6MToibiI7czoyNjoiZmllbGRfc2hvd19mb3JtYXR0aW5nX2J0bnMiO3M6MToibiI7czoyNDoiZmllbGRfc2hvd19maWxlX3NlbGVjdG9yIjtzOjE6Im4iO3M6MjA6ImZpZWxkX3Nob3dfd3JpdGVtb2RlIjtzOjE6Im4iO30='),(3,1,1,'project_featured_images','Featured Images','The images included below will be part of the homepage slideshow <i>if this project is \"linked\"</i> by selecting the check box above.','matrix','','0',0,0,'channel',1,'title','desc',0,6,128,'n','ltr','n','n','none','n',3,'any','YTo4OntzOjg6Im1heF9yb3dzIjtzOjA6IiI7czo3OiJjb2xfaWRzIjthOjE6e2k6MDtzOjE6IjEiO31zOjE4OiJmaWVsZF9zaG93X3NtaWxleXMiO3M6MToibiI7czoxOToiZmllbGRfc2hvd19nbG9zc2FyeSI7czoxOiJuIjtzOjIxOiJmaWVsZF9zaG93X3NwZWxsY2hlY2siO3M6MToibiI7czoyNjoiZmllbGRfc2hvd19mb3JtYXR0aW5nX2J0bnMiO3M6MToibiI7czoyNDoiZmllbGRfc2hvd19maWxlX3NlbGVjdG9yIjtzOjE6Im4iO3M6MjA6ImZpZWxkX3Nob3dfd3JpdGVtb2RlIjtzOjE6Im4iO30='),(4,1,1,'project_logo','Project Logo','Please select a logo to upload for this project.','file','','0',0,0,'channel',1,'title','desc',0,6,128,'n','ltr','n','n','xhtml','n',4,'image','YTo2OntzOjE4OiJmaWVsZF9zaG93X3NtaWxleXMiO3M6MToibiI7czoxOToiZmllbGRfc2hvd19nbG9zc2FyeSI7czoxOiJuIjtzOjIxOiJmaWVsZF9zaG93X3NwZWxsY2hlY2siO3M6MToibiI7czoyNjoiZmllbGRfc2hvd19mb3JtYXR0aW5nX2J0bnMiO3M6MToibiI7czoyNDoiZmllbGRfc2hvd19maWxlX3NlbGVjdG9yIjtzOjE6Im4iO3M6MjA6ImZpZWxkX3Nob3dfd3JpdGVtb2RlIjtzOjE6Im4iO30='),(5,1,1,'project_description','Project Description','Please include a brief description of this project below.','textarea','','0',0,0,'channel',1,'title','desc',0,15,128,'n','ltr','n','n','textile','n',5,'any','YTo2OntzOjE4OiJmaWVsZF9zaG93X3NtaWxleXMiO3M6MToibiI7czoxOToiZmllbGRfc2hvd19nbG9zc2FyeSI7czoxOiJuIjtzOjIxOiJmaWVsZF9zaG93X3NwZWxsY2hlY2siO3M6MToibiI7czoyNjoiZmllbGRfc2hvd19mb3JtYXR0aW5nX2J0bnMiO3M6MToibiI7czoyNDoiZmllbGRfc2hvd19maWxlX3NlbGVjdG9yIjtzOjE6Im4iO3M6MjA6ImZpZWxkX3Nob3dfd3JpdGVtb2RlIjtzOjE6Im4iO30='),(6,1,1,'project_address','Project Address','Please include property address below. Format your entry as follows:<br/<br/>\nStreet Address<br/>\nCity, State, Zip Code','textarea','','0',0,0,'channel',1,'title','desc',0,6,128,'n','ltr','n','n','xhtml','n',6,'any','YTo2OntzOjE4OiJmaWVsZF9zaG93X3NtaWxleXMiO3M6MToibiI7czoxOToiZmllbGRfc2hvd19nbG9zc2FyeSI7czoxOiJuIjtzOjIxOiJmaWVsZF9zaG93X3NwZWxsY2hlY2siO3M6MToibiI7czoyNjoiZmllbGRfc2hvd19mb3JtYXR0aW5nX2J0bnMiO3M6MToibiI7czoyNDoiZmllbGRfc2hvd19maWxlX3NlbGVjdG9yIjtzOjE6Im4iO3M6MjA6ImZpZWxkX3Nob3dfd3JpdGVtb2RlIjtzOjE6Im4iO30='),(7,1,1,'project_phone','Project Phone Number','Please include phone number, if available. (ie, xxx-xxx-xxxx)','text','','0',0,0,'channel',1,'title','desc',0,6,20,'n','ltr','n','n','none','n',7,'any','YTo3OntzOjE4OiJmaWVsZF9jb250ZW50X3RleHQiO2I6MDtzOjE4OiJmaWVsZF9zaG93X3NtaWxleXMiO3M6MToibiI7czoxOToiZmllbGRfc2hvd19nbG9zc2FyeSI7czoxOiJuIjtzOjIxOiJmaWVsZF9zaG93X3NwZWxsY2hlY2siO3M6MToibiI7czoyNjoiZmllbGRfc2hvd19mb3JtYXR0aW5nX2J0bnMiO3M6MToibiI7czoyNDoiZmllbGRfc2hvd19maWxlX3NlbGVjdG9yIjtzOjE6Im4iO3M6MjA6ImZpZWxkX3Nob3dfd3JpdGVtb2RlIjtzOjE6Im4iO30='),(8,1,1,'project_website','Project Website','Please include website and linked text for this project.','matrix','','0',0,0,'channel',1,'title','desc',0,6,128,'n','ltr','n','n','none','n',8,'any','YTo4OntzOjg6Im1heF9yb3dzIjtzOjE6IjEiO3M6NzoiY29sX2lkcyI7YToyOntpOjA7czoxOiIyIjtpOjE7czoxOiIzIjt9czoxODoiZmllbGRfc2hvd19zbWlsZXlzIjtzOjE6Im4iO3M6MTk6ImZpZWxkX3Nob3dfZ2xvc3NhcnkiO3M6MToibiI7czoyMToiZmllbGRfc2hvd19zcGVsbGNoZWNrIjtzOjE6Im4iO3M6MjY6ImZpZWxkX3Nob3dfZm9ybWF0dGluZ19idG5zIjtzOjE6Im4iO3M6MjQ6ImZpZWxkX3Nob3dfZmlsZV9zZWxlY3RvciI7czoxOiJuIjtzOjIwOiJmaWVsZF9zaG93X3dyaXRlbW9kZSI7czoxOiJuIjt9'),(9,1,1,'project_portfolio_images','Project Portfolio Images','Please include project portfolio images below.','matrix','','0',0,0,'channel',1,'title','desc',0,6,128,'n','ltr','n','n','none','n',9,'any','YTo4OntzOjg6Im1heF9yb3dzIjtzOjA6IiI7czo3OiJjb2xfaWRzIjthOjE6e2k6MDtzOjE6IjQiO31zOjE4OiJmaWVsZF9zaG93X3NtaWxleXMiO3M6MToibiI7czoxOToiZmllbGRfc2hvd19nbG9zc2FyeSI7czoxOiJuIjtzOjIxOiJmaWVsZF9zaG93X3NwZWxsY2hlY2siO3M6MToibiI7czoyNjoiZmllbGRfc2hvd19mb3JtYXR0aW5nX2J0bnMiO3M6MToibiI7czoyNDoiZmllbGRfc2hvd19maWxlX3NlbGVjdG9yIjtzOjE6Im4iO3M6MjA6ImZpZWxkX3Nob3dfd3JpdGVtb2RlIjtzOjE6Im4iO30=');

--
-- Table structure for table `exp_channel_member_groups`
--

CREATE TABLE `exp_channel_member_groups` (
  `group_id` smallint(4) unsigned NOT NULL,
  `channel_id` int(6) unsigned NOT NULL,
  PRIMARY KEY (`group_id`,`channel_id`)
) ENGINE=MyISAM DEFAULT CHARSET=utf8;

--
-- Dumping data for table `exp_channel_member_groups`
--

INSERT INTO `exp_channel_member_groups` VALUES (6,1),(7,1);

--
-- Table structure for table `exp_channel_titles`
--

CREATE TABLE `exp_channel_titles` (
  `entry_id` int(10) unsigned NOT NULL AUTO_INCREMENT,
  `site_id` int(4) unsigned NOT NULL DEFAULT '1',
  `channel_id` int(4) unsigned NOT NULL,
  `author_id` int(10) unsigned NOT NULL DEFAULT '0',
  `pentry_id` int(10) NOT NULL DEFAULT '0',
  `forum_topic_id` int(10) unsigned DEFAULT NULL,
  `ip_address` varchar(16) NOT NULL,
  `title` varchar(100) NOT NULL,
  `url_title` varchar(75) NOT NULL,
  `status` varchar(50) NOT NULL,
  `versioning_enabled` char(1) NOT NULL DEFAULT 'n',
  `view_count_one` int(10) unsigned NOT NULL DEFAULT '0',
  `view_count_two` int(10) unsigned NOT NULL DEFAULT '0',
  `view_count_three` int(10) unsigned NOT NULL DEFAULT '0',
  `view_count_four` int(10) unsigned NOT NULL DEFAULT '0',
  `allow_comments` varchar(1) NOT NULL DEFAULT 'y',
  `sticky` varchar(1) NOT NULL DEFAULT 'n',
  `entry_date` int(10) NOT NULL,
  `dst_enabled` varchar(1) NOT NULL DEFAULT 'n',
  `year` char(4) NOT NULL,
  `month` char(2) NOT NULL,
  `day` char(3) NOT NULL,
  `expiration_date` int(10) NOT NULL DEFAULT '0',
  `comment_expiration_date` int(10) NOT NULL DEFAULT '0',
  `edit_date` bigint(14) DEFAULT NULL,
  `recent_comment_date` int(10) DEFAULT NULL,
  `comment_total` int(4) unsigned NOT NULL DEFAULT '0',
  PRIMARY KEY (`entry_id`),
  KEY `channel_id` (`channel_id`),
  KEY `author_id` (`author_id`),
  KEY `url_title` (`url_title`),
  KEY `status` (`status`),
  KEY `entry_date` (`entry_date`),
  KEY `expiration_date` (`expiration_date`),
  KEY `site_id` (`site_id`)
) ENGINE=MyISAM AUTO_INCREMENT=13 DEFAULT CHARSET=utf8;

--
-- Dumping data for table `exp_channel_titles`
--

INSERT INTO `exp_channel_titles` VALUES (1,1,1,1,0,0,'98.172.185.225','International House','international-house','open','y',0,0,0,0,'n','n',1291155236,'n','2010','11','30',0,0,20140425172657,0,0),(2,1,1,1,0,0,'98.172.185.225','Loft 523','loft-523','open','y',0,0,0,0,'n','n',1291068895,'n','2010','11','29',0,0,20140425174756,0,0),(3,1,1,1,0,0,'12.161.185.147','Lengsfield Lofts','lengsfield-lofts','open','y',0,0,0,0,'n','n',1290723907,'n','2010','11','25',0,0,20101207154308,0,0),(4,1,1,1,0,0,'12.161.185.147','Medallion Building Lofts','medallion-building-lofts','open','y',0,0,0,0,'n','n',1290724066,'n','2010','11','25',0,0,20101207154248,0,0),(5,1,1,1,0,0,'12.161.185.147','Natchez Street Lofts','natchez-street-lofts','open','y',0,0,0,0,'n','n',1290724040,'n','2010','11','25',0,0,20101207154222,0,0),(6,1,1,1,0,0,'69.16.223.11','National Rice Mill Lofts','national-rice-mill-lofts','open','y',0,0,0,0,'n','n',1291242438,'n','2010','12','01',0,0,20110104170319,0,0),(7,1,1,1,0,0,'98.172.53.237','Paragon Lofts','paragon-lofts','open','y',0,0,0,0,'n','n',1290724134,'n','2010','11','25',0,0,20101201165233,0,0),(8,1,1,1,0,0,'12.161.185.147','Walle Building Lofts','walle-building-lofts','open','y',0,0,0,0,'n','n',1290724132,'n','2010','11','25',0,0,20101207154153,0,0),(9,1,1,1,0,0,'12.161.185.147','Whitney & Sloo Lofts','whitney-and-sloo-lofts','open','y',0,0,0,0,'n','n',1290724088,'n','2010','11','25',0,0,20101207154209,0,0),(10,1,1,1,0,0,'12.161.185.147','866 Camp Street','866-camp-street','open','y',0,0,0,0,'n','n',1290724181,'n','2010','11','25',0,0,20101207154142,0,0),(11,1,1,1,0,0,'98.172.185.225','Entrepreneurs Row','entrepreneurs-row','open','y',0,0,0,0,'n','n',1290983396,'n','2010','11','28',0,0,20140425180258,0,0),(12,1,1,1,0,0,'98.172.185.225','Kingsway','Kingsway','open','y',0,0,0,0,'n','n',1290896968,'n','2010','11','27',0,0,20140428224129,0,0);

--
-- Table structure for table `exp_channels`
--

CREATE TABLE `exp_channels` (
  `channel_id` int(6) unsigned NOT NULL AUTO_INCREMENT,
  `site_id` int(4) unsigned NOT NULL DEFAULT '1',
  `channel_name` varchar(40) NOT NULL,
  `channel_title` varchar(100) NOT NULL,
  `channel_url` varchar(100) NOT NULL,
  `channel_description` varchar(225) DEFAULT NULL,
  `channel_lang` varchar(12) NOT NULL,
  `total_entries` mediumint(8) NOT NULL DEFAULT '0',
  `total_comments` mediumint(8) NOT NULL DEFAULT '0',
  `last_entry_date` int(10) unsigned NOT NULL DEFAULT '0',
  `last_comment_date` int(10) unsigned NOT NULL DEFAULT '0',
  `cat_group` varchar(255) DEFAULT NULL,
  `status_group` int(4) unsigned DEFAULT NULL,
  `deft_status` varchar(50) NOT NULL DEFAULT 'open',
  `field_group` int(4) unsigned DEFAULT NULL,
  `search_excerpt` int(4) unsigned DEFAULT NULL,
  `deft_category` varchar(60) DEFAULT NULL,
  `deft_comments` char(1) NOT NULL DEFAULT 'y',
  `channel_require_membership` char(1) NOT NULL DEFAULT 'y',
  `channel_max_chars` int(5) unsigned DEFAULT NULL,
  `channel_html_formatting` char(4) NOT NULL DEFAULT 'all',
  `channel_allow_img_urls` char(1) NOT NULL DEFAULT 'y',
  `channel_auto_link_urls` char(1) NOT NULL DEFAULT 'y',
  `channel_notify` char(1) NOT NULL DEFAULT 'n',
  `channel_notify_emails` varchar(255) DEFAULT NULL,
  `comment_url` varchar(80) DEFAULT NULL,
  `comment_system_enabled` char(1) NOT NULL DEFAULT 'y',
  `comment_require_membership` char(1) NOT NULL DEFAULT 'n',
  `comment_use_captcha` char(1) NOT NULL DEFAULT 'n',
  `comment_moderate` char(1) NOT NULL DEFAULT 'n',
  `comment_max_chars` int(5) unsigned DEFAULT '5000',
  `comment_timelock` int(5) unsigned NOT NULL DEFAULT '0',
  `comment_require_email` char(1) NOT NULL DEFAULT 'y',
  `comment_text_formatting` char(5) NOT NULL DEFAULT 'xhtml',
  `comment_html_formatting` char(4) NOT NULL DEFAULT 'safe',
  `comment_allow_img_urls` char(1) NOT NULL DEFAULT 'n',
  `comment_auto_link_urls` char(1) NOT NULL DEFAULT 'y',
  `comment_notify` char(1) NOT NULL DEFAULT 'n',
  `comment_notify_authors` char(1) NOT NULL DEFAULT 'n',
  `comment_notify_emails` varchar(255) DEFAULT NULL,
  `comment_expiration` int(4) unsigned NOT NULL DEFAULT '0',
  `search_results_url` varchar(80) DEFAULT NULL,
  `ping_return_url` varchar(80) DEFAULT NULL,
  `show_button_cluster` char(1) NOT NULL DEFAULT 'y',
  `rss_url` varchar(80) DEFAULT NULL,
  `enable_versioning` char(1) NOT NULL DEFAULT 'n',
  `max_revisions` smallint(4) unsigned NOT NULL DEFAULT '10',
  `default_entry_title` varchar(100) DEFAULT NULL,
  `url_title_prefix` varchar(80) DEFAULT NULL,
  `live_look_template` int(10) unsigned NOT NULL DEFAULT '0',
  PRIMARY KEY (`channel_id`),
  KEY `cat_group` (`cat_group`),
  KEY `status_group` (`status_group`),
  KEY `field_group` (`field_group`),
  KEY `site_id` (`site_id`)
) ENGINE=MyISAM AUTO_INCREMENT=2 DEFAULT CHARSET=utf8;

--
-- Dumping data for table `exp_channels`
--

INSERT INTO `exp_channels` VALUES (1,1,'projects','Projects','/projects','','en',12,0,0,0,'1',1,'open',1,NULL,'','n','y',NULL,'all','n','n','n','','','y','n','n','n',5000,0,'y','xhtml','safe','n','y','n','n',NULL,0,'/projects','','n','','n',10,'','',0);

--
-- Table structure for table `exp_cp_log`
--

CREATE TABLE `exp_cp_log` (
  `id` int(10) NOT NULL AUTO_INCREMENT,
  `site_id` int(4) unsigned NOT NULL DEFAULT '1',
  `member_id` int(10) unsigned NOT NULL,
  `username` varchar(32) NOT NULL,
  `ip_address` varchar(16) NOT NULL DEFAULT '0',
  `act_date` int(10) NOT NULL,
  `action` varchar(200) NOT NULL,
  PRIMARY KEY (`id`),
  KEY `site_id` (`site_id`)
) ENGINE=MyISAM AUTO_INCREMENT=72 DEFAULT CHARSET=utf8;

--
-- Dumping data for table `exp_cp_log`
--

INSERT INTO `exp_cp_log` VALUES (1,1,1,'westonmcwhorter','98.172.53.237',1291230083,'Logged in'),(2,1,1,'westonmcwhorter','98.172.53.237',1291231288,'Channel Created:&nbsp;&nbsp;Projects'),(3,1,1,'westonmcwhorter','98.172.53.237',1291231334,'Field Group Created:&nbsp;Projects'),(4,1,1,'westonmcwhorter','98.172.53.237',1291231501,'Member Group Created:&nbsp;&nbsp;Ekistics Admins'),(5,1,1,'westonmcwhorter','98.172.53.237',1291235762,'Logged in'),(6,1,1,'westonmcwhorter','98.172.53.237',1291240455,'Category Group Created:&nbsp;&nbsp;Project Categories'),(7,1,1,'westonmcwhorter','98.172.53.237',1291244647,'Logged out'),(8,1,1,'westonmcwhorter','12.161.185.147',1291313378,'Logged in'),(9,1,1,'westonmcwhorter','12.161.185.147',1291326858,'Logged in'),(10,1,1,'westonmcwhorter','12.161.185.147',1291330519,'Logged out'),(11,1,1,'westonmcwhorter','12.161.185.147',1291407706,'Logged in'),(12,1,1,'westonmcwhorter','12.161.185.147',1291409324,'Logged out'),(13,1,1,'westonmcwhorter','12.161.185.147',1291743393,'Logged in'),(14,1,1,'westonmcwhorter','12.161.185.147',1291751264,'Logged out'),(15,1,1,'westonmcwhorter','12.161.185.147',1291755784,'Logged in'),(16,1,1,'westonmcwhorter','12.161.185.147',1291762786,'Logged out'),(17,1,1,'westonmcwhorter','12.161.185.147',1291763468,'Logged in'),(18,1,1,'westonmcwhorter','12.161.185.147',1291822569,'Logged in'),(19,1,1,'westonmcwhorter','12.161.185.147',1291827502,'Logged out'),(20,1,1,'westonmcwhorter','12.161.185.147',1292346060,'Logged in'),(21,1,1,'westonmcwhorter','12.161.185.147',1292950574,'Logged in'),(22,1,1,'westonmcwhorter','12.161.185.147',1292956086,'Logged in'),(23,1,1,'westonmcwhorter','12.161.185.147',1294093614,'Logged in'),(24,1,1,'westonmcwhorter','12.161.185.147',1294151532,'Logged in'),(25,1,1,'westonmcwhorter','12.161.185.147',1294153453,'Logged out'),(26,1,1,'westonmcwhorter','12.161.185.147',1294163346,'Logged in'),(27,1,1,'westonmcwhorter','12.161.185.147',1294163385,'Logged out'),(28,1,1,'westonmcwhorter','12.161.185.147',1294163417,'Logged in'),(29,1,1,'westonmcwhorter','12.161.185.147',1294164328,'Logged out'),(30,1,1,'westonmcwhorter','12.161.185.147',1294169862,'Logged in'),(31,1,1,'westonmcwhorter','12.161.185.147',1294174509,'Logged in'),(32,1,1,'westonmcwhorter','12.161.185.147',1294176056,'Member Group Created:&nbsp;&nbsp;LiquidWeb Troubleshooting'),(33,1,1,'westonmcwhorter','12.161.185.147',1294176137,'Member profile created:&nbsp;&nbsp;liquidweb'),(34,1,1,'westonmcwhorter','12.161.185.147',1294176144,'Logged out'),(35,1,1,'westonmcwhorter','12.161.185.147',1294176144,'Logged out'),(36,1,2,'liquidweb','12.161.185.147',1294176155,'Logged in'),(37,1,2,'liquidweb','12.161.185.147',1294176369,'Logged out'),(38,1,1,'westonmcwhorter','12.161.185.147',1294176372,'Logged in'),(39,1,1,'westonmcwhorter','12.161.185.147',1294176425,'Member Group Updated:&nbsp;&nbsp;LiquidWeb Troubleshooting'),(40,1,1,'westonmcwhorter','12.161.185.147',1294176430,'Logged out'),(41,1,1,'westonmcwhorter','12.161.185.147',1294176430,'Logged out'),(42,1,2,'liquidweb','12.161.185.147',1294176437,'Logged in'),(43,1,2,'liquidweb','12.161.185.147',1294176472,'Logged out'),(44,1,1,'westonmcwhorter','12.161.185.147',1294176475,'Logged in'),(45,1,1,'westonmcwhorter','12.161.185.147',1294176490,'Logged out'),(46,1,2,'liquidweb','12.161.185.147',1294176495,'Logged in'),(47,1,2,'liquidweb','69.16.223.11',1294177411,'Logged in'),(48,1,2,'liquidweb','12.161.185.147',1294178705,'Logged out'),(49,1,2,'liquidweb','12.161.185.147',1294178705,'Logged out'),(50,1,1,'westonmcwhorter','12.161.185.147',1294180498,'Logged in'),(51,1,1,'westonmcwhorter','12.161.185.147',1294180525,'Logged out'),(52,1,1,'westonmcwhorter','12.161.185.147',1294180525,'Logged out'),(53,1,1,'westonmcwhorter','12.161.185.147',1294180840,'Logged in'),(54,1,1,'admin','12.173.76.90',1396360807,'Logged in'),(55,1,1,'admin','12.173.76.90',1396361538,'Logged out'),(56,1,1,'admin','12.173.76.90',1396362347,'Logged in'),(57,1,1,'admin','12.173.76.90',1396363015,'Logged out'),(58,1,2,'liquidweb','174.73.8.150',1396911176,'Logged in'),(59,1,2,'liquidweb','174.73.8.150',1396913327,'Logged out'),(60,1,2,'liquidweb','98.172.185.225',1396976469,'Logged in'),(61,1,2,'westonmcwhorter','98.172.185.225',1398292532,'Logged in'),(62,1,2,'westonmcwhorter','98.172.185.225',1398292807,'Screen name was changed to:&nbsp;&nbsp;Ekistics, Inc.\nUsername was changed to:&nbsp;&nbsp;ekisticsinc'),(63,1,2,'ekisticsinc','98.172.185.225',1398292847,'Logged in'),(64,1,2,'ekisticsinc','98.172.185.225',1398293035,'Logged out'),(65,1,2,'ekisticsinc','98.172.185.225',1398440981,'Logged in'),(66,1,2,'ekisticsinc','98.172.185.225',1398457947,'Logged in'),(67,1,2,'ekisticsinc','98.172.185.225',1398724441,'Logged in'),(68,1,1,'admin','12.173.76.90',1399048869,'Logged in'),(69,1,1,'admin','12.173.76.90',1399048887,'Logged out'),(70,1,1,'admin','12.173.76.90',1399053649,'Logged in'),(71,1,1,'admin','12.173.76.90',1399053658,'Logged out');

--
-- Table structure for table `exp_cp_search_index`
--

CREATE TABLE `exp_cp_search_index` (
  `search_id` int(10) unsigned NOT NULL AUTO_INCREMENT,
  `controller` varchar(20) DEFAULT NULL,
  `method` varchar(50) DEFAULT NULL,
  `language` varchar(20) DEFAULT NULL,
  `access` varchar(50) DEFAULT NULL,
  `keywords` text,
  PRIMARY KEY (`search_id`),
  FULLTEXT KEY `keywords` (`keywords`)
) ENGINE=MyISAM DEFAULT CHARSET=utf8;

--
-- Dumping data for table `exp_cp_search_index`
--


--
-- Table structure for table `exp_email_cache`
--

CREATE TABLE `exp_email_cache` (
  `cache_id` int(6) unsigned NOT NULL AUTO_INCREMENT,
  `cache_date` int(10) unsigned NOT NULL DEFAULT '0',
  `total_sent` int(6) unsigned NOT NULL,
  `from_name` varchar(70) NOT NULL,
  `from_email` varchar(70) NOT NULL,
  `recipient` text NOT NULL,
  `cc` text NOT NULL,
  `bcc` text NOT NULL,
  `recipient_array` mediumtext NOT NULL,
  `subject` varchar(120) NOT NULL,
  `message` mediumtext NOT NULL,
  `plaintext_alt` mediumtext NOT NULL,
  `mailinglist` char(1) NOT NULL DEFAULT 'n',
  `mailtype` varchar(6) NOT NULL,
  `text_fmt` varchar(40) NOT NULL,
  `wordwrap` char(1) NOT NULL DEFAULT 'y',
  `priority` char(1) NOT NULL DEFAULT '3',
  PRIMARY KEY (`cache_id`)
) ENGINE=MyISAM DEFAULT CHARSET=utf8;

--
-- Dumping data for table `exp_email_cache`
--


--
-- Table structure for table `exp_email_cache_mg`
--

CREATE TABLE `exp_email_cache_mg` (
  `cache_id` int(6) unsigned NOT NULL,
  `group_id` smallint(4) NOT NULL,
  PRIMARY KEY (`cache_id`,`group_id`)
) ENGINE=MyISAM DEFAULT CHARSET=utf8;

--
-- Dumping data for table `exp_email_cache_mg`
--


--
-- Table structure for table `exp_email_cache_ml`
--

CREATE TABLE `exp_email_cache_ml` (
  `cache_id` int(6) unsigned NOT NULL,
  `list_id` smallint(4) NOT NULL,
  PRIMARY KEY (`cache_id`,`list_id`)
) ENGINE=MyISAM DEFAULT CHARSET=utf8;

--
-- Dumping data for table `exp_email_cache_ml`
--


--
-- Table structure for table `exp_email_console_cache`
--

CREATE TABLE `exp_email_console_cache` (
  `cache_id` int(6) unsigned NOT NULL AUTO_INCREMENT,
  `cache_date` int(10) unsigned NOT NULL DEFAULT '0',
  `member_id` int(10) unsigned NOT NULL,
  `member_name` varchar(50) NOT NULL,
  `ip_address` varchar(16) NOT NULL DEFAULT '0',
  `recipient` varchar(70) NOT NULL,
  `recipient_name` varchar(50) NOT NULL,
  `subject` varchar(120) NOT NULL,
  `message` mediumtext NOT NULL,
  PRIMARY KEY (`cache_id`)
) ENGINE=MyISAM DEFAULT CHARSET=utf8;

--
-- Dumping data for table `exp_email_console_cache`
--


--
-- Table structure for table `exp_entry_ping_status`
--

CREATE TABLE `exp_entry_ping_status` (
  `entry_id` int(10) unsigned NOT NULL,
  `ping_id` int(10) unsigned NOT NULL,
  PRIMARY KEY (`entry_id`,`ping_id`)
) ENGINE=MyISAM DEFAULT CHARSET=utf8;

--
-- Dumping data for table `exp_entry_ping_status`
--


--
-- Table structure for table `exp_entry_versioning`
--

CREATE TABLE `exp_entry_versioning` (
  `version_id` int(10) unsigned NOT NULL AUTO_INCREMENT,
  `entry_id` int(10) unsigned NOT NULL,
  `channel_id` int(4) unsigned NOT NULL,
  `author_id` int(10) unsigned NOT NULL,
  `version_date` int(10) NOT NULL,
  `version_data` mediumtext NOT NULL,
  PRIMARY KEY (`version_id`),
  KEY `entry_id` (`entry_id`)
) ENGINE=MyISAM DEFAULT CHARSET=utf8;

--
-- Dumping data for table `exp_entry_versioning`
--


--
-- Table structure for table `exp_extensions`
--

CREATE TABLE `exp_extensions` (
  `extension_id` int(10) unsigned NOT NULL AUTO_INCREMENT,
  `class` varchar(50) NOT NULL DEFAULT '',
  `method` varchar(50) NOT NULL DEFAULT '',
  `hook` varchar(50) NOT NULL DEFAULT '',
  `settings` text NOT NULL,
  `priority` int(2) NOT NULL DEFAULT '10',
  `version` varchar(10) NOT NULL DEFAULT '',
  `enabled` char(1) NOT NULL DEFAULT 'y',
  PRIMARY KEY (`extension_id`)
) ENGINE=MyISAM AUTO_INCREMENT=6 DEFAULT CHARSET=utf8;

--
-- Dumping data for table `exp_extensions`
--

INSERT INTO `exp_extensions` VALUES (2,'Matrix_ext','channel_entries_tagdata','channel_entries_tagdata','',10,'2.0.12','y'),(3,'Mx_title_control_ext','foreign_character_conversion_array','foreign_character_conversion_array','a:3:{s:15:\"title_default_1\";s:12:\"Project Name\";s:19:\"url_title_default_1\";s:0:\"\";s:13:\"multilanguage\";s:1:\"n\";}',10,'2.0.2','y'),(4,'Pt_field_pack_ext','channel_entries_tagdata','channel_entries_tagdata','',10,'1.0.1','y'),(5,'Ih_textile_editor_ext','initialize_editor','publish_form_channel_preferences','a:3:{s:8:\"teh_path\";s:50:\"http://www.ekisticsinc.com/themes/third_party/teh/\";s:8:\"help_url\";s:38:\"http://redcloth.org/hobix.com/textile/\";s:12:\"encode_email\";s:3:\"yes\";}',10,'2.0.0','y');

--
-- Table structure for table `exp_field_formatting`
--

CREATE TABLE `exp_field_formatting` (
  `formatting_id` int(10) unsigned NOT NULL AUTO_INCREMENT,
  `field_id` int(10) unsigned NOT NULL,
  `field_fmt` varchar(40) NOT NULL,
  PRIMARY KEY (`formatting_id`)
) ENGINE=MyISAM AUTO_INCREMENT=30 DEFAULT CHARSET=utf8;

--
-- Dumping data for table `exp_field_formatting`
--

INSERT INTO `exp_field_formatting` VALUES (1,1,'none'),(2,1,'br'),(3,1,'xhtml'),(4,2,'none'),(5,2,'br'),(6,2,'xhtml'),(7,3,'none'),(8,3,'br'),(9,3,'xhtml'),(10,4,'none'),(11,4,'br'),(12,4,'xhtml'),(18,6,'none'),(17,5,'textile'),(16,5,'none'),(19,6,'br'),(20,6,'xhtml'),(21,7,'none'),(22,7,'br'),(23,7,'xhtml'),(24,8,'none'),(25,8,'br'),(26,8,'xhtml'),(27,9,'none'),(28,9,'br'),(29,9,'xhtml');

--
-- Table structure for table `exp_field_groups`
--

CREATE TABLE `exp_field_groups` (
  `group_id` int(4) unsigned NOT NULL AUTO_INCREMENT,
  `site_id` int(4) unsigned NOT NULL DEFAULT '1',
  `group_name` varchar(50) NOT NULL,
  PRIMARY KEY (`group_id`),
  KEY `site_id` (`site_id`)
) ENGINE=MyISAM AUTO_INCREMENT=2 DEFAULT CHARSET=utf8;

--
-- Dumping data for table `exp_field_groups`
--

INSERT INTO `exp_field_groups` VALUES (1,1,'Projects');

--
-- Table structure for table `exp_fieldtypes`
--

CREATE TABLE `exp_fieldtypes` (
  `fieldtype_id` int(4) unsigned NOT NULL AUTO_INCREMENT,
  `name` varchar(50) NOT NULL,
  `version` varchar(12) NOT NULL,
  `settings` text,
  `has_global_settings` char(1) DEFAULT 'n',
  PRIMARY KEY (`fieldtype_id`)
) ENGINE=MyISAM AUTO_INCREMENT=15 DEFAULT CHARSET=utf8;

--
-- Dumping data for table `exp_fieldtypes`
--

INSERT INTO `exp_fieldtypes` VALUES (1,'select','1.0','YTowOnt9','n'),(2,'text','1.0','YTowOnt9','n'),(3,'textarea','1.0','YTowOnt9','n'),(4,'date','1.0','YTowOnt9','n'),(5,'file','1.0','YTowOnt9','n'),(6,'multi_select','1.0','YTowOnt9','n'),(7,'checkboxes','1.0','YTowOnt9','n'),(8,'radio','1.0','YTowOnt9','n'),(9,'rel','1.0','YTowOnt9','n'),(10,'matrix','2.0.12','YTowOnt9','y'),(11,'pt_checkboxes','1.0.1','Tjs=','n'),(12,'pt_dropdown','1.0.1','Tjs=','n'),(13,'pt_multiselect','1.0.1','Tjs=','n'),(14,'pt_radio_buttons','1.0.1','Tjs=','n');

--
-- Table structure for table `exp_global_variables`
--

CREATE TABLE `exp_global_variables` (
  `variable_id` int(6) unsigned NOT NULL AUTO_INCREMENT,
  `site_id` int(4) unsigned NOT NULL DEFAULT '1',
  `variable_name` varchar(50) NOT NULL,
  `variable_data` text NOT NULL,
  PRIMARY KEY (`variable_id`),
  KEY `variable_name` (`variable_name`),
  KEY `site_id` (`site_id`)
) ENGINE=MyISAM AUTO_INCREMENT=5 DEFAULT CHARSET=utf8;

--
-- Dumping data for table `exp_global_variables`
--

INSERT INTO `exp_global_variables` VALUES (1,1,'title_bullet',' | '),(2,1,'global_keywords','These are the global keywords.'),(3,1,'global_description','This is the global description.'),(4,1,'analytics_code','<script type=\"text/javascript\">\n\n  var _gaq = _gaq || [];\n  _gaq.push([\'_setAccount\', \'UA-12413454-17\']);\n  _gaq.push([\'_trackPageview\']);\n\n  (function() {\n    var ga = document.createElement(\'script\'); ga.type = \'text/javascript\'; ga.async = true;\n    ga.src = (\'https:\' == document.location.protocol ? \'https://ssl\' : \'http://www\') + \'.google-analytics.com/ga.js\';\n    var s = document.getElementsByTagName(\'script\')[0]; s.parentNode.insertBefore(ga, s);\n  })();\n\n</script>');

--
-- Table structure for table `exp_layout_publish`
--

CREATE TABLE `exp_layout_publish` (
  `layout_id` int(10) unsigned NOT NULL AUTO_INCREMENT,
  `site_id` int(4) unsigned NOT NULL DEFAULT '1',
  `member_group` int(4) unsigned NOT NULL DEFAULT '0',
  `channel_id` int(4) unsigned NOT NULL DEFAULT '0',
  `field_layout` text,
  PRIMARY KEY (`layout_id`),
  KEY `site_id` (`site_id`),
  KEY `member_group` (`member_group`),
  KEY `channel_id` (`channel_id`)
) ENGINE=MyISAM AUTO_INCREMENT=6 DEFAULT CHARSET=utf8;

--
-- Dumping data for table `exp_layout_publish`
--

INSERT INTO `exp_layout_publish` VALUES (3,1,1,1,'a:3:{s:7:\"publish\";a:14:{s:10:\"_tab_label\";s:7:\"publish\";s:8:\"category\";a:4:{s:7:\"visible\";b:1;s:8:\"collapse\";b:0;s:11:\"htmlbuttons\";b:1;s:5:\"width\";s:4:\"100%\";}s:5:\"title\";a:4:{s:7:\"visible\";b:1;s:8:\"collapse\";b:0;s:11:\"htmlbuttons\";b:1;s:5:\"width\";s:4:\"100%\";}s:9:\"url_title\";a:4:{s:7:\"visible\";b:1;s:8:\"collapse\";b:0;s:11:\"htmlbuttons\";b:1;s:5:\"width\";s:4:\"100%\";}s:4:\"ping\";a:4:{s:7:\"visible\";b:0;s:8:\"collapse\";b:0;s:11:\"htmlbuttons\";b:1;s:5:\"width\";s:4:\"130%\";}i:1;a:4:{s:7:\"visible\";b:1;s:8:\"collapse\";b:0;s:11:\"htmlbuttons\";b:1;s:5:\"width\";s:4:\"100%\";}i:2;a:4:{s:7:\"visible\";b:1;s:8:\"collapse\";b:0;s:11:\"htmlbuttons\";b:1;s:5:\"width\";s:4:\"100%\";}i:3;a:4:{s:7:\"visible\";b:1;s:8:\"collapse\";b:0;s:11:\"htmlbuttons\";b:1;s:5:\"width\";s:4:\"100%\";}i:4;a:4:{s:7:\"visible\";b:1;s:8:\"collapse\";b:0;s:11:\"htmlbuttons\";b:1;s:5:\"width\";s:4:\"100%\";}i:5;a:4:{s:7:\"visible\";b:1;s:8:\"collapse\";b:0;s:11:\"htmlbuttons\";b:1;s:5:\"width\";s:4:\"100%\";}i:6;a:4:{s:7:\"visible\";b:1;s:8:\"collapse\";b:0;s:11:\"htmlbuttons\";b:1;s:5:\"width\";s:4:\"100%\";}i:7;a:4:{s:7:\"visible\";b:1;s:8:\"collapse\";b:0;s:11:\"htmlbuttons\";b:1;s:5:\"width\";s:4:\"100%\";}i:8;a:4:{s:7:\"visible\";b:1;s:8:\"collapse\";b:0;s:11:\"htmlbuttons\";b:1;s:5:\"width\";s:4:\"100%\";}i:9;a:4:{s:7:\"visible\";b:1;s:8:\"collapse\";b:0;s:11:\"htmlbuttons\";b:1;s:5:\"width\";s:4:\"100%\";}}s:4:\"date\";a:3:{s:10:\"_tab_label\";s:4:\"date\";s:10:\"entry_date\";a:4:{s:7:\"visible\";b:1;s:8:\"collapse\";b:0;s:11:\"htmlbuttons\";b:1;s:5:\"width\";s:4:\"100%\";}s:15:\"expiration_date\";a:4:{s:7:\"visible\";b:1;s:8:\"collapse\";b:0;s:11:\"htmlbuttons\";b:1;s:5:\"width\";s:4:\"100%\";}}s:7:\"options\";a:5:{s:10:\"_tab_label\";s:7:\"options\";s:11:\"new_channel\";a:4:{s:7:\"visible\";b:0;s:8:\"collapse\";b:0;s:11:\"htmlbuttons\";b:1;s:5:\"width\";s:4:\"180%\";}s:6:\"status\";a:4:{s:7:\"visible\";b:1;s:8:\"collapse\";b:0;s:11:\"htmlbuttons\";b:1;s:5:\"width\";s:4:\"100%\";}s:6:\"author\";a:4:{s:7:\"visible\";b:1;s:8:\"collapse\";b:0;s:11:\"htmlbuttons\";b:1;s:5:\"width\";s:4:\"100%\";}s:7:\"options\";a:4:{s:7:\"visible\";b:0;s:8:\"collapse\";b:0;s:11:\"htmlbuttons\";b:1;s:5:\"width\";s:4:\"180%\";}}}'),(4,1,6,1,'a:3:{s:7:\"publish\";a:14:{s:10:\"_tab_label\";s:7:\"publish\";s:8:\"category\";a:4:{s:7:\"visible\";b:1;s:8:\"collapse\";b:0;s:11:\"htmlbuttons\";b:1;s:5:\"width\";s:4:\"100%\";}s:5:\"title\";a:4:{s:7:\"visible\";b:1;s:8:\"collapse\";b:0;s:11:\"htmlbuttons\";b:1;s:5:\"width\";s:4:\"100%\";}s:9:\"url_title\";a:4:{s:7:\"visible\";b:1;s:8:\"collapse\";b:0;s:11:\"htmlbuttons\";b:1;s:5:\"width\";s:4:\"100%\";}s:4:\"ping\";a:4:{s:7:\"visible\";b:0;s:8:\"collapse\";b:0;s:11:\"htmlbuttons\";b:1;s:5:\"width\";s:4:\"130%\";}i:1;a:4:{s:7:\"visible\";b:1;s:8:\"collapse\";b:0;s:11:\"htmlbuttons\";b:1;s:5:\"width\";s:4:\"100%\";}i:2;a:4:{s:7:\"visible\";b:1;s:8:\"collapse\";b:0;s:11:\"htmlbuttons\";b:1;s:5:\"width\";s:4:\"100%\";}i:3;a:4:{s:7:\"visible\";b:1;s:8:\"collapse\";b:0;s:11:\"htmlbuttons\";b:1;s:5:\"width\";s:4:\"100%\";}i:4;a:4:{s:7:\"visible\";b:1;s:8:\"collapse\";b:0;s:11:\"htmlbuttons\";b:1;s:5:\"width\";s:4:\"100%\";}i:5;a:4:{s:7:\"visible\";b:1;s:8:\"collapse\";b:0;s:11:\"htmlbuttons\";b:1;s:5:\"width\";s:4:\"100%\";}i:6;a:4:{s:7:\"visible\";b:1;s:8:\"collapse\";b:0;s:11:\"htmlbuttons\";b:1;s:5:\"width\";s:4:\"100%\";}i:7;a:4:{s:7:\"visible\";b:1;s:8:\"collapse\";b:0;s:11:\"htmlbuttons\";b:1;s:5:\"width\";s:4:\"100%\";}i:8;a:4:{s:7:\"visible\";b:1;s:8:\"collapse\";b:0;s:11:\"htmlbuttons\";b:1;s:5:\"width\";s:4:\"100%\";}i:9;a:4:{s:7:\"visible\";b:1;s:8:\"collapse\";b:0;s:11:\"htmlbuttons\";b:1;s:5:\"width\";s:4:\"100%\";}}s:4:\"date\";a:3:{s:10:\"_tab_label\";s:4:\"date\";s:10:\"entry_date\";a:4:{s:7:\"visible\";b:1;s:8:\"collapse\";b:0;s:11:\"htmlbuttons\";b:1;s:5:\"width\";s:4:\"100%\";}s:15:\"expiration_date\";a:4:{s:7:\"visible\";b:1;s:8:\"collapse\";b:0;s:11:\"htmlbuttons\";b:1;s:5:\"width\";s:4:\"100%\";}}s:7:\"options\";a:5:{s:10:\"_tab_label\";s:7:\"options\";s:11:\"new_channel\";a:4:{s:7:\"visible\";b:0;s:8:\"collapse\";b:0;s:11:\"htmlbuttons\";b:1;s:5:\"width\";s:4:\"180%\";}s:6:\"status\";a:4:{s:7:\"visible\";b:1;s:8:\"collapse\";b:0;s:11:\"htmlbuttons\";b:1;s:5:\"width\";s:4:\"100%\";}s:6:\"author\";a:4:{s:7:\"visible\";b:1;s:8:\"collapse\";b:0;s:11:\"htmlbuttons\";b:1;s:5:\"width\";s:4:\"100%\";}s:7:\"options\";a:4:{s:7:\"visible\";b:0;s:8:\"collapse\";b:0;s:11:\"htmlbuttons\";b:1;s:5:\"width\";s:4:\"180%\";}}}'),(5,1,7,1,'a:3:{s:7:\"publish\";a:14:{s:10:\"_tab_label\";s:7:\"publish\";s:8:\"category\";a:4:{s:7:\"visible\";b:1;s:8:\"collapse\";b:0;s:11:\"htmlbuttons\";b:1;s:5:\"width\";s:4:\"100%\";}s:5:\"title\";a:4:{s:7:\"visible\";b:1;s:8:\"collapse\";b:0;s:11:\"htmlbuttons\";b:1;s:5:\"width\";s:4:\"100%\";}s:9:\"url_title\";a:4:{s:7:\"visible\";b:1;s:8:\"collapse\";b:0;s:11:\"htmlbuttons\";b:1;s:5:\"width\";s:4:\"100%\";}s:4:\"ping\";a:4:{s:7:\"visible\";b:0;s:8:\"collapse\";b:0;s:11:\"htmlbuttons\";b:1;s:5:\"width\";s:4:\"130%\";}i:1;a:4:{s:7:\"visible\";b:1;s:8:\"collapse\";b:0;s:11:\"htmlbuttons\";b:1;s:5:\"width\";s:4:\"100%\";}i:2;a:4:{s:7:\"visible\";b:1;s:8:\"collapse\";b:0;s:11:\"htmlbuttons\";b:1;s:5:\"width\";s:4:\"100%\";}i:3;a:4:{s:7:\"visible\";b:1;s:8:\"collapse\";b:0;s:11:\"htmlbuttons\";b:1;s:5:\"width\";s:4:\"100%\";}i:4;a:4:{s:7:\"visible\";b:1;s:8:\"collapse\";b:0;s:11:\"htmlbuttons\";b:1;s:5:\"width\";s:4:\"100%\";}i:5;a:4:{s:7:\"visible\";b:1;s:8:\"collapse\";b:0;s:11:\"htmlbuttons\";b:1;s:5:\"width\";s:4:\"100%\";}i:6;a:4:{s:7:\"visible\";b:1;s:8:\"collapse\";b:0;s:11:\"htmlbuttons\";b:1;s:5:\"width\";s:4:\"100%\";}i:7;a:4:{s:7:\"visible\";b:1;s:8:\"collapse\";b:0;s:11:\"htmlbuttons\";b:1;s:5:\"width\";s:4:\"100%\";}i:8;a:4:{s:7:\"visible\";b:1;s:8:\"collapse\";b:0;s:11:\"htmlbuttons\";b:1;s:5:\"width\";s:4:\"100%\";}i:9;a:4:{s:7:\"visible\";b:1;s:8:\"collapse\";b:0;s:11:\"htmlbuttons\";b:1;s:5:\"width\";s:4:\"100%\";}}s:4:\"date\";a:3:{s:10:\"_tab_label\";s:4:\"date\";s:10:\"entry_date\";a:4:{s:7:\"visible\";b:1;s:8:\"collapse\";b:0;s:11:\"htmlbuttons\";b:1;s:5:\"width\";s:4:\"100%\";}s:15:\"expiration_date\";a:4:{s:7:\"visible\";b:1;s:8:\"collapse\";b:0;s:11:\"htmlbuttons\";b:1;s:5:\"width\";s:4:\"100%\";}}s:7:\"options\";a:5:{s:10:\"_tab_label\";s:7:\"options\";s:11:\"new_channel\";a:4:{s:7:\"visible\";b:0;s:8:\"collapse\";b:0;s:11:\"htmlbuttons\";b:1;s:5:\"width\";s:4:\"180%\";}s:6:\"status\";a:4:{s:7:\"visible\";b:1;s:8:\"collapse\";b:0;s:11:\"htmlbuttons\";b:1;s:5:\"width\";s:4:\"100%\";}s:6:\"author\";a:4:{s:7:\"visible\";b:1;s:8:\"collapse\";b:0;s:11:\"htmlbuttons\";b:1;s:5:\"width\";s:4:\"100%\";}s:7:\"options\";a:4:{s:7:\"visible\";b:0;s:8:\"collapse\";b:0;s:11:\"htmlbuttons\";b:1;s:5:\"width\";s:4:\"180%\";}}}');

--
-- Table structure for table `exp_matrix_cols`
--

CREATE TABLE `exp_matrix_cols` (
  `col_id` int(6) unsigned NOT NULL AUTO_INCREMENT,
  `site_id` int(4) unsigned DEFAULT '1',
  `field_id` int(6) unsigned DEFAULT NULL,
  `col_name` varchar(32) DEFAULT NULL,
  `col_label` varchar(50) DEFAULT NULL,
  `col_instructions` text,
  `col_type` varchar(50) DEFAULT 'text',
  `col_required` char(1) DEFAULT 'n',
  `col_search` char(1) DEFAULT 'n',
  `col_order` int(3) unsigned DEFAULT NULL,
  `col_width` varchar(4) DEFAULT NULL,
  `col_settings` text,
  PRIMARY KEY (`col_id`),
  KEY `site_id` (`site_id`),
  KEY `field_id` (`field_id`)
) ENGINE=MyISAM AUTO_INCREMENT=5 DEFAULT CHARSET=utf8;

--
-- Dumping data for table `exp_matrix_cols`
--

INSERT INTO `exp_matrix_cols` VALUES (1,1,NULL,'image','Image Upload','Please select an image for upload. for your reference, all images will be resized to 335px by 400px on the front-end.','file','n','n',0,'100%','YToxOntzOjEyOiJjb250ZW50X3R5cGUiO3M6NToiaW1hZ2UiO30='),(2,1,NULL,'link','URL For Website','Format like \"http://www.somesite.com\" (include \"http://\" or else bad stuff might happen)','text','n','n',0,'50%','YToxOntzOjQ6Im1heGwiO3M6MzoiMjUwIjt9'),(3,1,NULL,'text','Linked Text','Please include text to be linked. (ie, www.website.com)','text','n','n',1,'50%','YToxOntzOjQ6Im1heGwiO3M6MzoiMjUwIjt9'),(4,1,NULL,'image','Image Upload','Please select image for upload.','file','n','n',0,'100%','YToxOntzOjEyOiJjb250ZW50X3R5cGUiO3M6NToiaW1hZ2UiO30=');

--
-- Table structure for table `exp_matrix_data`
--

CREATE TABLE `exp_matrix_data` (
  `row_id` int(10) unsigned NOT NULL AUTO_INCREMENT,
  `site_id` int(4) unsigned DEFAULT '1',
  `entry_id` int(10) unsigned DEFAULT NULL,
  `field_id` int(6) unsigned DEFAULT NULL,
  `row_order` int(4) unsigned DEFAULT NULL,
  `col_id_1` text,
  `col_id_2` text,
  `col_id_3` text,
  `col_id_4` text,
  PRIMARY KEY (`row_id`),
  KEY `site_id` (`site_id`),
  KEY `entry_id` (`entry_id`),
  KEY `field_id` (`field_id`)
) ENGINE=MyISAM AUTO_INCREMENT=62 DEFAULT CHARSET=utf8;

--
-- Dumping data for table `exp_matrix_data`
--

INSERT INTO `exp_matrix_data` VALUES (1,1,6,3,0,'{filedir_1}rice_mill_1.jpg',NULL,NULL,NULL),(2,1,6,3,1,'{filedir_1}rice_mill_2.jpg',NULL,NULL,NULL),(3,1,6,3,2,'{filedir_1}rice_mill_31.jpg',NULL,NULL,NULL),(4,1,11,3,0,'{filedir_1}entrepreneurs_row_1.jpg',NULL,NULL,NULL),(5,1,12,3,0,'{filedir_1}esplanade_ave_1.jpg',NULL,NULL,NULL),(6,1,12,3,1,'{filedir_1}esplanade_ave_2.jpg',NULL,NULL,NULL),(7,1,12,3,2,'{filedir_1}esplanade_ave_3.jpg',NULL,NULL,NULL),(8,1,1,3,0,'{filedir_1}ih_1.jpg',NULL,NULL,NULL),(9,1,1,3,1,'{filedir_1}ih_2.jpg',NULL,NULL,NULL),(10,1,1,3,2,'{filedir_1}ih_3.jpg',NULL,NULL,NULL),(11,1,2,3,0,'{filedir_1}loft523_1.jpg',NULL,NULL,NULL),(12,1,2,3,1,'{filedir_1}loft523_2.jpg',NULL,NULL,NULL),(13,1,2,3,2,'{filedir_1}loft523_3.jpg',NULL,NULL,NULL),(14,1,2,8,0,NULL,'http://www.loft523.com','loft523.com',NULL),(15,1,2,9,0,NULL,NULL,NULL,'{filedir_1}Loft_523_P1_Interior.jpg'),(16,1,2,9,1,NULL,NULL,NULL,'{filedir_1}Loft-523-lobby-2.jpg'),(17,1,2,9,2,NULL,NULL,NULL,'{filedir_1}Loft_523_Superior_Suite.jpg'),(18,1,2,9,3,NULL,NULL,NULL,'{filedir_1}loft523_portfolio_22.jpg'),(19,1,1,8,0,NULL,'http://ihhotel.com','ihhotel.com',NULL),(21,1,6,8,0,NULL,'http://www.ricemilllofts.com','ricemilllofts.com',NULL),(22,1,6,9,0,NULL,NULL,NULL,'{filedir_1}ricemill_portfolio_1.jpg'),(23,1,6,9,1,NULL,NULL,NULL,'{filedir_1}ricemill_portfolio_2.jpg'),(24,1,6,9,2,NULL,NULL,NULL,'{filedir_1}ricemill_portfolio_3.jpg'),(25,1,6,9,3,NULL,NULL,NULL,'{filedir_1}ricemill_portfolio_4.jpg'),(26,1,6,9,4,NULL,NULL,NULL,'{filedir_1}ricemill_portfolio_5.jpg'),(27,1,6,9,5,NULL,NULL,NULL,'{filedir_1}ricemill_portfolio_6.jpg'),(28,1,6,9,6,NULL,NULL,NULL,'{filedir_1}ricemill_portfolio_7.jpg'),(29,1,6,9,7,NULL,NULL,NULL,'{filedir_1}ricemill_portfolio_8.jpg'),(30,1,6,9,8,NULL,NULL,NULL,'{filedir_1}ricemill_portfolio_9.jpg'),(31,1,1,9,0,NULL,NULL,NULL,'{filedir_1}Cityscape_Penthouse.jpg'),(32,1,1,9,1,NULL,NULL,NULL,'{filedir_1}NA_120625_IH-148.2_.jpg'),(33,1,1,9,2,NULL,NULL,NULL,'{filedir_1}ih_portfolio_42.jpg'),(34,1,1,9,3,NULL,NULL,NULL,'{filedir_1}Cosmo_Corner_Suite2.jpg'),(36,1,1,9,4,NULL,NULL,NULL,'{filedir_1}ih_portfolio_61.jpg'),(37,1,1,9,5,NULL,NULL,NULL,'{filedir_1}Terrace_King.jpg'),(38,1,1,9,6,NULL,NULL,NULL,'{filedir_1}ih_portfolio_31.jpg'),(39,1,1,9,7,NULL,NULL,NULL,'{filedir_1}©NA_130507-394-Edit.jpg'),(40,1,1,9,8,NULL,NULL,NULL,'{filedir_1}©NA_130507-460-Edit-Edit-Edit3.jpg'),(41,1,2,9,4,NULL,NULL,NULL,'{filedir_1}loft523_portfolio_21.jpg'),(42,1,2,9,5,NULL,NULL,NULL,'{filedir_1}Rooftop_Terrace.JPG'),(43,1,2,9,6,NULL,NULL,NULL,'{filedir_1}000559-01-loft-523-exterior-day.jpg'),(44,1,11,9,0,NULL,NULL,NULL,'{filedir_1}EROW_portfolio_1.jpg'),(45,1,11,9,1,NULL,NULL,NULL,'{filedir_1}NA_120624-360.2_.jpg'),(46,1,11,9,2,NULL,NULL,NULL,'{filedir_1}EROW_portfolio_21.jpg'),(47,1,11,9,3,NULL,NULL,NULL,'{filedir_1}220_Camp_2nd_Floor_Ballroom_rev.jpg'),(48,1,11,9,4,NULL,NULL,NULL,'{filedir_1}er_portfolio_42.jpg'),(49,1,11,9,5,NULL,NULL,NULL,'{filedir_1}NA_120623-184.jpg'),(51,1,12,9,0,NULL,NULL,NULL,'{filedir_1}_MG_3243.jpg'),(52,1,12,9,1,NULL,NULL,NULL,'{filedir_1}_MG_3239.jpg'),(53,1,12,9,2,NULL,NULL,NULL,'{filedir_1}ea_portfolio_41.jpg'),(54,1,12,9,3,NULL,NULL,NULL,'{filedir_1}ea_portfolio_51.jpg'),(55,1,12,9,4,NULL,NULL,NULL,'{filedir_1}ea_portfolio_61.jpg'),(56,1,12,9,5,NULL,NULL,NULL,'{filedir_1}ea_portfolio_71.jpg'),(57,1,12,9,6,NULL,NULL,NULL,'{filedir_1}ea_portfolio_81.jpg'),(58,1,12,9,7,NULL,NULL,NULL,'{filedir_1}ea_portfolio_91.jpg'),(59,1,12,9,8,NULL,NULL,NULL,'{filedir_1}_MG_3288.jpg'),(60,1,12,9,9,NULL,NULL,NULL,'{filedir_1}_MG_3262.jpg'),(61,1,12,9,10,NULL,NULL,NULL,'{filedir_1}_MG_3265.jpg');

--
-- Table structure for table `exp_member_data`
--

CREATE TABLE `exp_member_data` (
  `member_id` int(10) unsigned NOT NULL,
  PRIMARY KEY (`member_id`)
) ENGINE=MyISAM DEFAULT CHARSET=utf8;

--
-- Dumping data for table `exp_member_data`
--

INSERT INTO `exp_member_data` VALUES (1),(2);

--
-- Table structure for table `exp_member_fields`
--

CREATE TABLE `exp_member_fields` (
  `m_field_id` int(4) unsigned NOT NULL AUTO_INCREMENT,
  `m_field_name` varchar(32) NOT NULL,
  `m_field_label` varchar(50) NOT NULL,
  `m_field_description` text NOT NULL,
  `m_field_type` varchar(12) NOT NULL DEFAULT 'text',
  `m_field_list_items` text NOT NULL,
  `m_field_ta_rows` tinyint(2) DEFAULT '8',
  `m_field_maxl` smallint(3) NOT NULL,
  `m_field_width` varchar(6) NOT NULL,
  `m_field_search` char(1) NOT NULL DEFAULT 'y',
  `m_field_required` char(1) NOT NULL DEFAULT 'n',
  `m_field_public` char(1) NOT NULL DEFAULT 'y',
  `m_field_reg` char(1) NOT NULL DEFAULT 'n',
  `m_field_fmt` char(5) NOT NULL DEFAULT 'none',
  `m_field_order` int(3) unsigned NOT NULL,
  PRIMARY KEY (`m_field_id`)
) ENGINE=MyISAM DEFAULT CHARSET=utf8;

--
-- Dumping data for table `exp_member_fields`
--


--
-- Table structure for table `exp_member_groups`
--

CREATE TABLE `exp_member_groups` (
  `group_id` smallint(4) unsigned NOT NULL,
  `site_id` int(4) unsigned NOT NULL DEFAULT '1',
  `group_title` varchar(100) NOT NULL,
  `group_description` text NOT NULL,
  `is_locked` char(1) NOT NULL DEFAULT 'y',
  `can_view_offline_system` char(1) NOT NULL DEFAULT 'n',
  `can_view_online_system` char(1) NOT NULL DEFAULT 'y',
  `can_access_cp` char(1) NOT NULL DEFAULT 'y',
  `can_access_content` char(1) NOT NULL DEFAULT 'n',
  `can_access_publish` char(1) NOT NULL DEFAULT 'n',
  `can_access_edit` char(1) NOT NULL DEFAULT 'n',
  `can_access_files` char(1) NOT NULL DEFAULT 'n',
  `can_access_design` char(1) NOT NULL DEFAULT 'n',
  `can_access_addons` char(1) NOT NULL DEFAULT 'n',
  `can_access_modules` char(1) NOT NULL DEFAULT 'n',
  `can_access_extensions` char(1) NOT NULL DEFAULT 'n',
  `can_access_accessories` char(1) NOT NULL DEFAULT 'n',
  `can_access_plugins` char(1) NOT NULL DEFAULT 'n',
  `can_access_members` char(1) NOT NULL DEFAULT 'n',
  `can_access_admin` char(1) NOT NULL DEFAULT 'n',
  `can_access_sys_prefs` char(1) NOT NULL DEFAULT 'n',
  `can_access_content_prefs` char(1) NOT NULL DEFAULT 'n',
  `can_access_tools` char(1) NOT NULL DEFAULT 'n',
  `can_access_comm` char(1) NOT NULL DEFAULT 'n',
  `can_access_utilities` char(1) NOT NULL DEFAULT 'n',
  `can_access_data` char(1) NOT NULL DEFAULT 'n',
  `can_access_logs` char(1) NOT NULL DEFAULT 'n',
  `can_admin_channels` char(1) NOT NULL DEFAULT 'n',
  `can_admin_design` char(1) NOT NULL DEFAULT 'n',
  `can_admin_members` char(1) NOT NULL DEFAULT 'n',
  `can_delete_members` char(1) NOT NULL DEFAULT 'n',
  `can_admin_mbr_groups` char(1) NOT NULL DEFAULT 'n',
  `can_admin_mbr_templates` char(1) NOT NULL DEFAULT 'n',
  `can_ban_users` char(1) NOT NULL DEFAULT 'n',
  `can_admin_modules` char(1) NOT NULL DEFAULT 'n',
  `can_admin_templates` char(1) NOT NULL DEFAULT 'n',
  `can_admin_accessories` char(1) NOT NULL DEFAULT 'n',
  `can_edit_categories` char(1) NOT NULL DEFAULT 'n',
  `can_delete_categories` char(1) NOT NULL DEFAULT 'n',
  `can_view_other_entries` char(1) NOT NULL DEFAULT 'n',
  `can_edit_other_entries` char(1) NOT NULL DEFAULT 'n',
  `can_assign_post_authors` char(1) NOT NULL DEFAULT 'n',
  `can_delete_self_entries` char(1) NOT NULL DEFAULT 'n',
  `can_delete_all_entries` char(1) NOT NULL DEFAULT 'n',
  `can_view_other_comments` char(1) NOT NULL DEFAULT 'n',
  `can_edit_own_comments` char(1) NOT NULL DEFAULT 'n',
  `can_delete_own_comments` char(1) NOT NULL DEFAULT 'n',
  `can_edit_all_comments` char(1) NOT NULL DEFAULT 'n',
  `can_delete_all_comments` char(1) NOT NULL DEFAULT 'n',
  `can_moderate_comments` char(1) NOT NULL DEFAULT 'n',
  `can_send_email` char(1) NOT NULL DEFAULT 'n',
  `can_send_cached_email` char(1) NOT NULL DEFAULT 'n',
  `can_email_member_groups` char(1) NOT NULL DEFAULT 'n',
  `can_email_mailinglist` char(1) NOT NULL DEFAULT 'n',
  `can_email_from_profile` char(1) NOT NULL DEFAULT 'n',
  `can_view_profiles` char(1) NOT NULL DEFAULT 'n',
  `can_delete_self` char(1) NOT NULL DEFAULT 'n',
  `mbr_delete_notify_emails` varchar(255) DEFAULT NULL,
  `can_post_comments` char(1) NOT NULL DEFAULT 'n',
  `exclude_from_moderation` char(1) NOT NULL DEFAULT 'n',
  `can_search` char(1) NOT NULL DEFAULT 'n',
  `search_flood_control` mediumint(5) unsigned NOT NULL,
  `can_send_private_messages` char(1) NOT NULL DEFAULT 'n',
  `prv_msg_send_limit` smallint(5) unsigned NOT NULL DEFAULT '20',
  `prv_msg_storage_limit` smallint(5) unsigned NOT NULL DEFAULT '60',
  `can_attach_in_private_messages` char(1) NOT NULL DEFAULT 'n',
  `can_send_bulletins` char(1) NOT NULL DEFAULT 'n',
  `include_in_authorlist` char(1) NOT NULL DEFAULT 'n',
  `include_in_memberlist` char(1) NOT NULL DEFAULT 'y',
  `include_in_mailinglists` char(1) NOT NULL DEFAULT 'y',
  PRIMARY KEY (`group_id`,`site_id`)
) ENGINE=MyISAM DEFAULT CHARSET=utf8;

--
-- Dumping data for table `exp_member_groups`
--

INSERT INTO `exp_member_groups` VALUES (1,1,'Super Admins','','y','y','y','y','y','y','y','y','y','y','y','y','y','y','y','y','y','y','y','y','y','y','y','y','y','y','y','y','y','y','y','y','y','y','y','y','y','y','y','y','y','y','y','y','y','y','y','y','y','y','y','y','y','','y','y','y',0,'y',20,60,'y','y','y','y','y'),(2,1,'Banned','','y','n','n','n','n','n','n','n','n','n','n','n','n','n','n','n','n','n','n','n','n','n','n','n','n','n','n','n','n','n','n','n','n','n','n','n','n','n','n','n','n','n','n','n','n','n','n','n','n','n','n','n','n','','n','n','n',60,'n',20,60,'n','n','n','n','n'),(3,1,'Guests','','y','n','y','n','n','n','n','n','n','n','n','n','n','n','n','n','n','n','n','n','n','n','n','n','n','n','n','n','n','n','n','n','n','n','n','n','n','n','n','n','n','n','n','n','n','n','n','n','n','n','n','y','n','','y','n','y',15,'n',20,60,'n','n','n','n','n'),(4,1,'Pending','','y','n','y','n','n','n','n','n','n','n','n','n','n','n','n','n','n','n','n','n','n','n','n','n','n','n','n','n','n','n','n','n','n','n','n','n','n','n','n','n','n','n','n','n','n','n','n','n','n','n','n','y','n','','y','n','y',15,'n',20,60,'n','n','n','n','n'),(5,1,'Members','','y','n','y','n','n','n','n','n','n','n','n','n','n','n','n','n','n','n','n','n','n','n','n','n','n','n','n','n','n','n','n','n','n','n','n','n','n','n','n','n','n','n','n','n','n','n','n','n','n','n','y','y','n','','y','n','y',10,'y',20,60,'y','n','n','y','y');

--
-- Table structure for table `exp_member_homepage`
--

CREATE TABLE `exp_member_homepage` (
  `member_id` int(10) unsigned NOT NULL,
  `recent_entries` char(1) NOT NULL DEFAULT 'l',
  `recent_entries_order` int(3) unsigned NOT NULL DEFAULT '0',
  `recent_comments` char(1) NOT NULL DEFAULT 'l',
  `recent_comments_order` int(3) unsigned NOT NULL DEFAULT '0',
  `recent_members` char(1) NOT NULL DEFAULT 'n',
  `recent_members_order` int(3) unsigned NOT NULL DEFAULT '0',
  `site_statistics` char(1) NOT NULL DEFAULT 'r',
  `site_statistics_order` int(3) unsigned NOT NULL DEFAULT '0',
  `member_search_form` char(1) NOT NULL DEFAULT 'n',
  `member_search_form_order` int(3) unsigned NOT NULL DEFAULT '0',
  `notepad` char(1) NOT NULL DEFAULT 'r',
  `notepad_order` int(3) unsigned NOT NULL DEFAULT '0',
  `bulletin_board` char(1) NOT NULL DEFAULT 'r',
  `bulletin_board_order` int(3) unsigned NOT NULL DEFAULT '0',
  `pmachine_news_feed` char(1) NOT NULL DEFAULT 'n',
  `pmachine_news_feed_order` int(3) unsigned NOT NULL DEFAULT '0',
  PRIMARY KEY (`member_id`)
) ENGINE=MyISAM DEFAULT CHARSET=utf8;

--
-- Dumping data for table `exp_member_homepage`
--

INSERT INTO `exp_member_homepage` VALUES (1,'l',1,'l',2,'n',0,'r',1,'n',0,'r',2,'r',0,'l',0),(2,'l',0,'l',0,'n',0,'r',0,'n',0,'r',0,'r',0,'n',0);

--
-- Table structure for table `exp_member_search`
--

CREATE TABLE `exp_member_search` (
  `search_id` varchar(32) NOT NULL,
  `site_id` int(4) unsigned NOT NULL DEFAULT '1',
  `search_date` int(10) unsigned NOT NULL,
  `keywords` varchar(200) NOT NULL,
  `fields` varchar(200) NOT NULL,
  `member_id` int(10) unsigned NOT NULL,
  `ip_address` varchar(16) NOT NULL,
  `total_results` int(8) unsigned NOT NULL,
  `query` text NOT NULL,
  PRIMARY KEY (`search_id`),
  KEY `member_id` (`member_id`),
  KEY `site_id` (`site_id`)
) ENGINE=MyISAM DEFAULT CHARSET=utf8;

--
-- Dumping data for table `exp_member_search`
--


--
-- Table structure for table `exp_message_attachments`
--

CREATE TABLE `exp_message_attachments` (
  `attachment_id` int(10) unsigned NOT NULL AUTO_INCREMENT,
  `sender_id` int(10) unsigned NOT NULL DEFAULT '0',
  `message_id` int(10) unsigned NOT NULL DEFAULT '0',
  `attachment_name` varchar(50) NOT NULL DEFAULT '',
  `attachment_hash` varchar(40) NOT NULL DEFAULT '',
  `attachment_extension` varchar(20) NOT NULL DEFAULT '',
  `attachment_location` varchar(150) NOT NULL DEFAULT '',
  `attachment_date` int(10) unsigned NOT NULL DEFAULT '0',
  `attachment_size` int(10) unsigned NOT NULL DEFAULT '0',
  `is_temp` char(1) NOT NULL DEFAULT 'y',
  PRIMARY KEY (`attachment_id`)
) ENGINE=MyISAM DEFAULT CHARSET=utf8;

--
-- Dumping data for table `exp_message_attachments`
--


--
-- Table structure for table `exp_message_copies`
--

CREATE TABLE `exp_message_copies` (
  `copy_id` int(10) unsigned NOT NULL AUTO_INCREMENT,
  `message_id` int(10) unsigned NOT NULL DEFAULT '0',
  `sender_id` int(10) unsigned NOT NULL DEFAULT '0',
  `recipient_id` int(10) unsigned NOT NULL DEFAULT '0',
  `message_received` char(1) NOT NULL DEFAULT 'n',
  `message_read` char(1) NOT NULL DEFAULT 'n',
  `message_time_read` int(10) unsigned NOT NULL DEFAULT '0',
  `attachment_downloaded` char(1) NOT NULL DEFAULT 'n',
  `message_folder` int(10) unsigned NOT NULL DEFAULT '1',
  `message_authcode` varchar(10) NOT NULL DEFAULT '',
  `message_deleted` char(1) NOT NULL DEFAULT 'n',
  `message_status` varchar(10) NOT NULL DEFAULT '',
  PRIMARY KEY (`copy_id`),
  KEY `message_id` (`message_id`),
  KEY `recipient_id` (`recipient_id`),
  KEY `sender_id` (`sender_id`)
) ENGINE=MyISAM DEFAULT CHARSET=utf8;

--
-- Dumping data for table `exp_message_copies`
--


--
-- Table structure for table `exp_message_data`
--

CREATE TABLE `exp_message_data` (
  `message_id` int(10) unsigned NOT NULL AUTO_INCREMENT,
  `sender_id` int(10) unsigned NOT NULL DEFAULT '0',
  `message_date` int(10) unsigned NOT NULL DEFAULT '0',
  `message_subject` varchar(255) NOT NULL DEFAULT '',
  `message_body` text NOT NULL,
  `message_tracking` char(1) NOT NULL DEFAULT 'y',
  `message_attachments` char(1) NOT NULL DEFAULT 'n',
  `message_recipients` varchar(200) NOT NULL DEFAULT '',
  `message_cc` varchar(200) NOT NULL DEFAULT '',
  `message_hide_cc` char(1) NOT NULL DEFAULT 'n',
  `message_sent_copy` char(1) NOT NULL DEFAULT 'n',
  `total_recipients` int(5) unsigned NOT NULL DEFAULT '0',
  `message_status` varchar(25) NOT NULL DEFAULT '',
  PRIMARY KEY (`message_id`),
  KEY `sender_id` (`sender_id`)
) ENGINE=MyISAM DEFAULT CHARSET=utf8;

--
-- Dumping data for table `exp_message_data`
--


--
-- Table structure for table `exp_message_folders`
--

CREATE TABLE `exp_message_folders` (
  `member_id` int(10) unsigned NOT NULL DEFAULT '0',
  `folder1_name` varchar(50) NOT NULL DEFAULT 'InBox',
  `folder2_name` varchar(50) NOT NULL DEFAULT 'Sent',
  `folder3_name` varchar(50) NOT NULL DEFAULT '',
  `folder4_name` varchar(50) NOT NULL DEFAULT '',
  `folder5_name` varchar(50) NOT NULL DEFAULT '',
  `folder6_name` varchar(50) NOT NULL DEFAULT '',
  `folder7_name` varchar(50) NOT NULL DEFAULT '',
  `folder8_name` varchar(50) NOT NULL DEFAULT '',
  `folder9_name` varchar(50) NOT NULL DEFAULT '',
  `folder10_name` varchar(50) NOT NULL DEFAULT '',
  PRIMARY KEY (`member_id`)
) ENGINE=MyISAM DEFAULT CHARSET=utf8;

--
-- Dumping data for table `exp_message_folders`
--

INSERT INTO `exp_message_folders` VALUES (1,'InBox','Sent','','','','','','','',''),(2,'InBox','Sent','','','','','','','','');

--
-- Table structure for table `exp_message_listed`
--

CREATE TABLE `exp_message_listed` (
  `listed_id` int(10) unsigned NOT NULL AUTO_INCREMENT,
  `member_id` int(10) unsigned NOT NULL DEFAULT '0',
  `listed_member` int(10) unsigned NOT NULL DEFAULT '0',
  `listed_description` varchar(100) NOT NULL DEFAULT '',
  `listed_type` varchar(10) NOT NULL DEFAULT 'blocked',
  PRIMARY KEY (`listed_id`)
) ENGINE=MyISAM DEFAULT CHARSET=utf8;

--
-- Dumping data for table `exp_message_listed`
--


--
-- Table structure for table `exp_module_member_groups`
--

CREATE TABLE `exp_module_member_groups` (
  `group_id` smallint(4) unsigned NOT NULL,
  `module_id` mediumint(5) unsigned NOT NULL,
  PRIMARY KEY (`group_id`,`module_id`)
) ENGINE=MyISAM DEFAULT CHARSET=utf8;

--
-- Dumping data for table `exp_module_member_groups`
--


--
-- Table structure for table `exp_modules`
--

CREATE TABLE `exp_modules` (
  `module_id` int(4) unsigned NOT NULL AUTO_INCREMENT,
  `module_name` varchar(50) NOT NULL,
  `module_version` varchar(12) NOT NULL,
  `has_cp_backend` char(1) NOT NULL DEFAULT 'n',
  `has_publish_fields` char(1) NOT NULL DEFAULT 'n',
  PRIMARY KEY (`module_id`)
) ENGINE=MyISAM AUTO_INCREMENT=6 DEFAULT CHARSET=utf8;

--
-- Dumping data for table `exp_modules`
--

INSERT INTO `exp_modules` VALUES (1,'Jquery','1.0','n','n'),(2,'Rss','2.0','n','n'),(3,'Channel','2.0.1','n','n'),(4,'Member','2.0','n','n'),(5,'Stats','2.0','n','n');

--
-- Table structure for table `exp_online_users`
--

CREATE TABLE `exp_online_users` (
  `online_id` int(10) unsigned NOT NULL AUTO_INCREMENT,
  `site_id` int(4) unsigned NOT NULL DEFAULT '1',
  `member_id` int(10) NOT NULL DEFAULT '0',
  `in_forum` char(1) NOT NULL DEFAULT 'n',
  `name` varchar(50) NOT NULL DEFAULT '0',
  `ip_address` varchar(16) NOT NULL DEFAULT '0',
  `date` int(10) unsigned NOT NULL DEFAULT '0',
  `anon` char(1) NOT NULL,
  PRIMARY KEY (`online_id`),
  KEY `date` (`date`),
  KEY `site_id` (`site_id`)
) ENGINE=MyISAM AUTO_INCREMENT=3516 DEFAULT CHARSET=utf8;

--
-- Dumping data for table `exp_online_users`
--

INSERT INTO `exp_online_users` VALUES (3506,1,0,'n','','12.173.76.90',1399053807,''),(3507,1,0,'n','','123.125.71.32',1399050737,''),(3515,1,0,'n','','157.56.92.157',1399054044,''),(3514,1,0,'n','','12.173.76.90',1399053807,''),(3513,1,0,'n','','157.56.93.50',1399053444,''),(3512,1,0,'n','','66.249.64.63',1399053298,''),(3511,1,0,'n','','37.115.190.44',1399053075,''),(3510,1,0,'n','','157.55.32.162',1399052284,''),(3509,1,0,'n','','157.56.93.62',1399051903,''),(3508,1,0,'n','','220.181.108.94',1399050792,'');

--
-- Table structure for table `exp_password_lockout`
--

CREATE TABLE `exp_password_lockout` (
  `lockout_id` int(10) unsigned NOT NULL AUTO_INCREMENT,
  `login_date` int(10) unsigned NOT NULL,
  `ip_address` varchar(16) NOT NULL DEFAULT '0',
  `user_agent` varchar(50) NOT NULL,
  `username` varchar(50) NOT NULL,
  PRIMARY KEY (`lockout_id`),
  KEY `login_date` (`login_date`),
  KEY `ip_address` (`ip_address`),
  KEY `user_agent` (`user_agent`)
) ENGINE=MyISAM AUTO_INCREMENT=7 DEFAULT CHARSET=utf8;

--
-- Dumping data for table `exp_password_lockout`
--

INSERT INTO `exp_password_lockout` VALUES (1,1396470689,'98.191.25.3','Mozilla/5.0 (Macintosh; Intel Mac OS X 10.6; rv:28','westonmcwhorter'),(2,1396911165,'174.73.8.150','Mozilla/5.0 (Macintosh; Intel Mac OS X 10.6; rv:28','westonmcwhorter'),(3,1396913376,'174.73.8.150','Mozilla/5.0 (Macintosh; Intel Mac OS X 10.6; rv:28','trumpet'),(4,1396913381,'174.73.8.150','Mozilla/5.0 (Macintosh; Intel Mac OS X 10.6; rv:28','trumpet'),(5,1396913405,'174.73.8.150','Mozilla/5.0 (Macintosh; Intel Mac OS X 10.6; rv:28','TrumpetAdmin'),(6,1396913419,'174.73.8.150','Mozilla/5.0 (Macintosh; Intel Mac OS X 10.6; rv:28','trumpetadmin');

--
-- Table structure for table `exp_ping_servers`
--

CREATE TABLE `exp_ping_servers` (
  `id` int(10) unsigned NOT NULL AUTO_INCREMENT,
  `site_id` int(4) unsigned NOT NULL DEFAULT '1',
  `member_id` int(10) NOT NULL DEFAULT '0',
  `server_name` varchar(32) NOT NULL,
  `server_url` varchar(150) NOT NULL,
  `port` varchar(4) NOT NULL DEFAULT '80',
  `ping_protocol` varchar(12) NOT NULL DEFAULT 'xmlrpc',
  `is_default` char(1) NOT NULL DEFAULT 'y',
  `server_order` int(3) unsigned NOT NULL,
  PRIMARY KEY (`id`),
  KEY `site_id` (`site_id`)
) ENGINE=MyISAM DEFAULT CHARSET=utf8;

--
-- Dumping data for table `exp_ping_servers`
--


--
-- Table structure for table `exp_relationships`
--

CREATE TABLE `exp_relationships` (
  `rel_id` int(6) unsigned NOT NULL AUTO_INCREMENT,
  `rel_parent_id` int(10) NOT NULL DEFAULT '0',
  `rel_child_id` int(10) NOT NULL DEFAULT '0',
  `rel_type` varchar(12) NOT NULL,
  `rel_data` mediumtext NOT NULL,
  `reverse_rel_data` mediumtext NOT NULL,
  PRIMARY KEY (`rel_id`),
  KEY `rel_parent_id` (`rel_parent_id`),
  KEY `rel_child_id` (`rel_child_id`)
) ENGINE=MyISAM DEFAULT CHARSET=utf8;

--
-- Dumping data for table `exp_relationships`
--


--
-- Table structure for table `exp_revision_tracker`
--

CREATE TABLE `exp_revision_tracker` (
  `tracker_id` int(10) unsigned NOT NULL AUTO_INCREMENT,
  `item_id` int(10) unsigned NOT NULL,
  `item_table` varchar(20) NOT NULL,
  `item_field` varchar(20) NOT NULL,
  `item_date` int(10) NOT NULL,
  `item_author_id` int(10) unsigned NOT NULL,
  `item_data` mediumtext NOT NULL,
  PRIMARY KEY (`tracker_id`),
  KEY `item_id` (`item_id`)
) ENGINE=MyISAM DEFAULT CHARSET=utf8;

--
-- Dumping data for table `exp_revision_tracker`
--


--
-- Table structure for table `exp_sites`
--

CREATE TABLE `exp_sites` (
  `site_id` int(5) unsigned NOT NULL AUTO_INCREMENT,
  `site_label` varchar(100) NOT NULL DEFAULT '',
  `site_name` varchar(50) NOT NULL DEFAULT '',
  `site_description` text,
  `site_system_preferences` text NOT NULL,
  `site_mailinglist_preferences` text NOT NULL,
  `site_member_preferences` text NOT NULL,
  `site_template_preferences` text NOT NULL,
  `site_channel_preferences` text NOT NULL,
  `site_bootstrap_checksums` text NOT NULL,
  PRIMARY KEY (`site_id`),
  KEY `site_name` (`site_name`)
) ENGINE=MyISAM AUTO_INCREMENT=2 DEFAULT CHARSET=utf8;

--
-- Dumping data for table `exp_sites`
--

INSERT INTO `exp_sites` VALUES (1,'Ekistics, Inc.','default_site',NULL,'YTo5MTp7czoxMDoic2l0ZV9pbmRleCI7czowOiIiO3M6ODoic2l0ZV91cmwiO3M6Mjc6Imh0dHA6Ly93d3cuZWtpc3RpY3NpbmMuY29tLyI7czoxNjoidGhlbWVfZm9sZGVyX3VybCI7czozNDoiaHR0cDovL3d3dy5la2lzdGljc2luYy5jb20vdGhlbWVzLyI7czoxNToid2VibWFzdGVyX2VtYWlsIjtzOjIwOiJpbmZvQGVraXN0aWNzaW5jLmNvbSI7czoxNDoid2VibWFzdGVyX25hbWUiO3M6MTQ6IkVraXN0aWNzLCBJbmMuIjtzOjIwOiJjaGFubmVsX25vbWVuY2xhdHVyZSI7czo3OiJjaGFubmVsIjtzOjEwOiJtYXhfY2FjaGVzIjtzOjM6IjE1MCI7czoxMToiY2FwdGNoYV91cmwiO3M6NDk6Imh0dHA6Ly9la2lzdGljcy50cnVtcGV0Z3JvdXAuY29tL2ltYWdlcy9jYXB0Y2hhcy8iO3M6MTI6ImNhcHRjaGFfcGF0aCI7czozODoiL2hvbWUvdGcyMDEwL2VraXN0aWNzL2ltYWdlcy9jYXB0Y2hhcy8iO3M6MTI6ImNhcHRjaGFfZm9udCI7czoxOiJ5IjtzOjEyOiJjYXB0Y2hhX3JhbmQiO3M6MToieSI7czoyMzoiY2FwdGNoYV9yZXF1aXJlX21lbWJlcnMiO3M6MToibiI7czoxNzoiZW5hYmxlX2RiX2NhY2hpbmciO3M6MToibiI7czoxODoiZW5hYmxlX3NxbF9jYWNoaW5nIjtzOjE6Im4iO3M6MTg6ImZvcmNlX3F1ZXJ5X3N0cmluZyI7czoxOiJuIjtzOjEzOiJzaG93X3Byb2ZpbGVyIjtzOjE6Im4iO3M6MTg6InRlbXBsYXRlX2RlYnVnZ2luZyI7czoxOiJuIjtzOjE1OiJpbmNsdWRlX3NlY29uZHMiO3M6MToibiI7czoxMzoiY29va2llX2RvbWFpbiI7czowOiIiO3M6MTE6ImNvb2tpZV9wYXRoIjtzOjA6IiI7czoxNzoidXNlcl9zZXNzaW9uX3R5cGUiO3M6MToiYyI7czoxODoiYWRtaW5fc2Vzc2lvbl90eXBlIjtzOjI6ImNzIjtzOjIxOiJhbGxvd191c2VybmFtZV9jaGFuZ2UiO3M6MToieSI7czoxODoiYWxsb3dfbXVsdGlfbG9naW5zIjtzOjE6InkiO3M6MTY6InBhc3N3b3JkX2xvY2tvdXQiO3M6MToieSI7czoyNToicGFzc3dvcmRfbG9ja291dF9pbnRlcnZhbCI7czoxOiIxIjtzOjIwOiJyZXF1aXJlX2lwX2Zvcl9sb2dpbiI7czoxOiJ5IjtzOjIyOiJyZXF1aXJlX2lwX2Zvcl9wb3N0aW5nIjtzOjE6InkiO3M6MTg6ImFsbG93X211bHRpX2VtYWlscyI7czoxOiJuIjtzOjI0OiJyZXF1aXJlX3NlY3VyZV9wYXNzd29yZHMiO3M6MToibiI7czoxOToiYWxsb3dfZGljdGlvbmFyeV9wdyI7czoxOiJ5IjtzOjIzOiJuYW1lX29mX2RpY3Rpb25hcnlfZmlsZSI7czowOiIiO3M6MTc6Inhzc19jbGVhbl91cGxvYWRzIjtzOjE6InkiO3M6MTU6InJlZGlyZWN0X21ldGhvZCI7czo4OiJyZWRpcmVjdCI7czo5OiJkZWZ0X2xhbmciO3M6NzoiZW5nbGlzaCI7czo4OiJ4bWxfbGFuZyI7czoyOiJlbiI7czoxMjoic2VuZF9oZWFkZXJzIjtzOjE6InkiO3M6MTE6Imd6aXBfb3V0cHV0IjtzOjE6Im4iO3M6MTM6ImxvZ19yZWZlcnJlcnMiO3M6MToibiI7czoxMzoibWF4X3JlZmVycmVycyI7czozOiI1MDAiO3M6MTE6InRpbWVfZm9ybWF0IjtzOjI6InVzIjtzOjE1OiJzZXJ2ZXJfdGltZXpvbmUiO3M6MzoiVU02IjtzOjEzOiJzZXJ2ZXJfb2Zmc2V0IjtzOjA6IiI7czoxNjoiZGF5bGlnaHRfc2F2aW5ncyI7czoxOiJuIjtzOjIxOiJkZWZhdWx0X3NpdGVfdGltZXpvbmUiO3M6MzoiVU02IjtzOjE2OiJkZWZhdWx0X3NpdGVfZHN0IjtzOjE6Im4iO3M6MTU6Imhvbm9yX2VudHJ5X2RzdCI7czoxOiJ5IjtzOjEzOiJtYWlsX3Byb3RvY29sIjtzOjQ6Im1haWwiO3M6MTE6InNtdHBfc2VydmVyIjtzOjA6IiI7czoxMzoic210cF91c2VybmFtZSI7czowOiIiO3M6MTM6InNtdHBfcGFzc3dvcmQiO3M6MDoiIjtzOjExOiJlbWFpbF9kZWJ1ZyI7czoxOiJuIjtzOjEzOiJlbWFpbF9jaGFyc2V0IjtzOjU6InV0Zi04IjtzOjE1OiJlbWFpbF9iYXRjaG1vZGUiO3M6MToibiI7czoxNjoiZW1haWxfYmF0Y2hfc2l6ZSI7czowOiIiO3M6MTE6Im1haWxfZm9ybWF0IjtzOjU6InBsYWluIjtzOjk6IndvcmRfd3JhcCI7czoxOiJ5IjtzOjIyOiJlbWFpbF9jb25zb2xlX3RpbWVsb2NrIjtzOjE6IjUiO3M6MjI6ImxvZ19lbWFpbF9jb25zb2xlX21zZ3MiO3M6MToieSI7czo4OiJjcF90aGVtZSI7czo3OiJkZWZhdWx0IjtzOjIxOiJlbWFpbF9tb2R1bGVfY2FwdGNoYXMiO3M6MToibiI7czoxNjoibG9nX3NlYXJjaF90ZXJtcyI7czoxOiJ5IjtzOjEyOiJzZWN1cmVfZm9ybXMiO3M6MToieSI7czoxOToiZGVueV9kdXBsaWNhdGVfZGF0YSI7czoxOiJ5IjtzOjI0OiJyZWRpcmVjdF9zdWJtaXR0ZWRfbGlua3MiO3M6MToibiI7czoxNjoiZW5hYmxlX2NlbnNvcmluZyI7czoxOiJuIjtzOjE0OiJjZW5zb3JlZF93b3JkcyI7czowOiIiO3M6MTg6ImNlbnNvcl9yZXBsYWNlbWVudCI7czowOiIiO3M6MTA6ImJhbm5lZF9pcHMiO3M6MDoiIjtzOjEzOiJiYW5uZWRfZW1haWxzIjtzOjA6IiI7czoxNjoiYmFubmVkX3VzZXJuYW1lcyI7czowOiIiO3M6MTk6ImJhbm5lZF9zY3JlZW5fbmFtZXMiO3M6MDoiIjtzOjEwOiJiYW5fYWN0aW9uIjtzOjg6InJlc3RyaWN0IjtzOjExOiJiYW5fbWVzc2FnZSI7czozNDoiVGhpcyBzaXRlIGlzIGN1cnJlbnRseSB1bmF2YWlsYWJsZSI7czoxNToiYmFuX2Rlc3RpbmF0aW9uIjtzOjIxOiJodHRwOi8vd3d3LnlhaG9vLmNvbS8iO3M6MTY6ImVuYWJsZV9lbW90aWNvbnMiO3M6MToieSI7czoxMzoiZW1vdGljb25fcGF0aCI7czo0ODoiaHR0cDovL2VraXN0aWNzLnRydW1wZXRncm91cC5jb20vaW1hZ2VzL3NtaWxleXMvIjtzOjE5OiJyZWNvdW50X2JhdGNoX3RvdGFsIjtzOjQ6IjEwMDAiO3M6MTc6Im5ld192ZXJzaW9uX2NoZWNrIjtzOjE6Im4iO3M6MTc6ImVuYWJsZV90aHJvdHRsaW5nIjtzOjE6Im4iO3M6MTc6ImJhbmlzaF9tYXNrZWRfaXBzIjtzOjE6InkiO3M6MTQ6Im1heF9wYWdlX2xvYWRzIjtzOjI6IjEwIjtzOjEzOiJ0aW1lX2ludGVydmFsIjtzOjE6IjgiO3M6MTI6ImxvY2tvdXRfdGltZSI7czoyOiIzMCI7czoxNToiYmFuaXNobWVudF90eXBlIjtzOjc6Im1lc3NhZ2UiO3M6MTQ6ImJhbmlzaG1lbnRfdXJsIjtzOjA6IiI7czoxODoiYmFuaXNobWVudF9tZXNzYWdlIjtzOjUwOiJZb3UgaGF2ZSBleGNlZWRlZCB0aGUgYWxsb3dlZCBwYWdlIGxvYWQgZnJlcXVlbmN5LiI7czoxNzoiZW5hYmxlX3NlYXJjaF9sb2ciO3M6MToieSI7czoxOToibWF4X2xvZ2dlZF9zZWFyY2hlcyI7czozOiI1MDAiO3M6MTc6InRoZW1lX2ZvbGRlcl9wYXRoIjtzOjM0OiIvaG9tZS9la2lzdGljZy9wdWJsaWNfaHRtbC90aGVtZXMvIjtzOjEwOiJpc19zaXRlX29uIjtzOjE6InkiO30=','YTozOntzOjE5OiJtYWlsaW5nbGlzdF9lbmFibGVkIjtzOjE6InkiO3M6MTg6Im1haWxpbmdsaXN0X25vdGlmeSI7czoxOiJuIjtzOjI1OiJtYWlsaW5nbGlzdF9ub3RpZnlfZW1haWxzIjtzOjA6IiI7fQ==','YTo0NDp7czoxMDoidW5fbWluX2xlbiI7czoxOiI0IjtzOjEwOiJwd19taW5fbGVuIjtzOjE6IjUiO3M6MjU6ImFsbG93X21lbWJlcl9yZWdpc3RyYXRpb24iO3M6MToieSI7czoyNToiYWxsb3dfbWVtYmVyX2xvY2FsaXphdGlvbiI7czoxOiJ5IjtzOjE4OiJyZXFfbWJyX2FjdGl2YXRpb24iO3M6NToiZW1haWwiO3M6MjM6Im5ld19tZW1iZXJfbm90aWZpY2F0aW9uIjtzOjE6Im4iO3M6MjM6Im1icl9ub3RpZmljYXRpb25fZW1haWxzIjtzOjA6IiI7czoyNDoicmVxdWlyZV90ZXJtc19vZl9zZXJ2aWNlIjtzOjE6InkiO3M6MjI6InVzZV9tZW1iZXJzaGlwX2NhcHRjaGEiO3M6MToibiI7czoyMDoiZGVmYXVsdF9tZW1iZXJfZ3JvdXAiO3M6MToiNSI7czoxNToicHJvZmlsZV90cmlnZ2VyIjtzOjY6Im1lbWJlciI7czoxMjoibWVtYmVyX3RoZW1lIjtzOjc6ImRlZmF1bHQiO3M6MTQ6ImVuYWJsZV9hdmF0YXJzIjtzOjE6InkiO3M6MjA6ImFsbG93X2F2YXRhcl91cGxvYWRzIjtzOjE6Im4iO3M6MTA6ImF2YXRhcl91cmwiO3M6NDg6Imh0dHA6Ly9la2lzdGljcy50cnVtcGV0Z3JvdXAuY29tL2ltYWdlcy9hdmF0YXJzLyI7czoxMToiYXZhdGFyX3BhdGgiO3M6Mzc6Ii9ob21lL3RnMjAxMC9la2lzdGljcy9pbWFnZXMvYXZhdGFycy8iO3M6MTY6ImF2YXRhcl9tYXhfd2lkdGgiO3M6MzoiMTAwIjtzOjE3OiJhdmF0YXJfbWF4X2hlaWdodCI7czozOiIxMDAiO3M6MTM6ImF2YXRhcl9tYXhfa2IiO3M6MjoiNTAiO3M6MTM6ImVuYWJsZV9waG90b3MiO3M6MToibiI7czo5OiJwaG90b191cmwiO3M6NTQ6Imh0dHA6Ly9la2lzdGljcy50cnVtcGV0Z3JvdXAuY29tL2ltYWdlcy9tZW1iZXJfcGhvdG9zLyI7czoxMDoicGhvdG9fcGF0aCI7czo0MzoiL2hvbWUvdGcyMDEwL2VraXN0aWNzL2ltYWdlcy9tZW1iZXJfcGhvdG9zLyI7czoxNToicGhvdG9fbWF4X3dpZHRoIjtzOjM6IjEwMCI7czoxNjoicGhvdG9fbWF4X2hlaWdodCI7czozOiIxMDAiO3M6MTI6InBob3RvX21heF9rYiI7czoyOiI1MCI7czoxNjoiYWxsb3dfc2lnbmF0dXJlcyI7czoxOiJ5IjtzOjEzOiJzaWdfbWF4bGVuZ3RoIjtzOjM6IjUwMCI7czoyMToic2lnX2FsbG93X2ltZ19ob3RsaW5rIjtzOjE6Im4iO3M6MjA6InNpZ19hbGxvd19pbWdfdXBsb2FkIjtzOjE6Im4iO3M6MTE6InNpZ19pbWdfdXJsIjtzOjYyOiJodHRwOi8vZWtpc3RpY3MudHJ1bXBldGdyb3VwLmNvbS9pbWFnZXMvc2lnbmF0dXJlX2F0dGFjaG1lbnRzLyI7czoxMjoic2lnX2ltZ19wYXRoIjtzOjUxOiIvaG9tZS90ZzIwMTAvZWtpc3RpY3MvaW1hZ2VzL3NpZ25hdHVyZV9hdHRhY2htZW50cy8iO3M6MTc6InNpZ19pbWdfbWF4X3dpZHRoIjtzOjM6IjQ4MCI7czoxODoic2lnX2ltZ19tYXhfaGVpZ2h0IjtzOjI6IjgwIjtzOjE0OiJzaWdfaW1nX21heF9rYiI7czoyOiIzMCI7czoxOToicHJ2X21zZ191cGxvYWRfcGF0aCI7czo0NDoiL2hvbWUvdGcyMDEwL2VraXN0aWNzL2ltYWdlcy9wbV9hdHRhY2htZW50cy8iO3M6MjM6InBydl9tc2dfbWF4X2F0dGFjaG1lbnRzIjtzOjE6IjMiO3M6MjI6InBydl9tc2dfYXR0YWNoX21heHNpemUiO3M6MzoiMjUwIjtzOjIwOiJwcnZfbXNnX2F0dGFjaF90b3RhbCI7czozOiIxMDAiO3M6MTk6InBydl9tc2dfaHRtbF9mb3JtYXQiO3M6NDoic2FmZSI7czoxODoicHJ2X21zZ19hdXRvX2xpbmtzIjtzOjE6InkiO3M6MTc6InBydl9tc2dfbWF4X2NoYXJzIjtzOjQ6IjYwMDAiO3M6MTk6Im1lbWJlcmxpc3Rfb3JkZXJfYnkiO3M6MTE6InRvdGFsX3Bvc3RzIjtzOjIxOiJtZW1iZXJsaXN0X3NvcnRfb3JkZXIiO3M6NDoiZGVzYyI7czoyMDoibWVtYmVybGlzdF9yb3dfbGltaXQiO3M6MjoiMjAiO30=','YTo2OntzOjExOiJzdHJpY3RfdXJscyI7czoxOiJ5IjtzOjg6InNpdGVfNDA0IjtzOjEzOiJnbG9iYWwvX2Vycm9yIjtzOjE5OiJzYXZlX3RtcGxfcmV2aXNpb25zIjtzOjE6Im4iO3M6MTg6Im1heF90bXBsX3JldmlzaW9ucyI7czoxOiI1IjtzOjE1OiJzYXZlX3RtcGxfZmlsZXMiO3M6MToieSI7czoxODoidG1wbF9maWxlX2Jhc2VwYXRoIjtzOjQ0OiIvaG9tZS9la2lzdGljZy9wdWJsaWNfaHRtbC9wdWJsaWMvdGVtcGxhdGVzLyI7fQ==','YTo5OntzOjIxOiJpbWFnZV9yZXNpemVfcHJvdG9jb2wiO3M6MzoiZ2QyIjtzOjE4OiJpbWFnZV9saWJyYXJ5X3BhdGgiO3M6MDoiIjtzOjE2OiJ0aHVtYm5haWxfcHJlZml4IjtzOjU6InRodW1iIjtzOjE0OiJ3b3JkX3NlcGFyYXRvciI7czo0OiJkYXNoIjtzOjE3OiJ1c2VfY2F0ZWdvcnlfbmFtZSI7czoxOiJuIjtzOjIyOiJyZXNlcnZlZF9jYXRlZ29yeV93b3JkIjtzOjg6ImNhdGVnb3J5IjtzOjIzOiJhdXRvX2NvbnZlcnRfaGlnaF9hc2NpaSI7czoxOiJuIjtzOjIyOiJuZXdfcG9zdHNfY2xlYXJfY2FjaGVzIjtzOjE6InkiO3M6MjM6ImF1dG9fYXNzaWduX2NhdF9wYXJlbnRzIjtzOjE6InkiO30=','YToyOntzOjM2OiIvaG9tZS9la2lzdGljZy9wdWJsaWNfaHRtbC9pbmRleC5waHAiO3M6MzI6Ijc0YTlhMzU5ODU2NDI0MDlkMmJjMjg5ZThlOTAyOTIyIjtzOjc6ImVtYWlsZWQiO2E6MDp7fX0=');

--
-- Table structure for table `exp_snippets`
--

CREATE TABLE `exp_snippets` (
  `snippet_id` int(10) unsigned NOT NULL AUTO_INCREMENT,
  `site_id` int(4) NOT NULL,
  `snippet_name` varchar(75) NOT NULL,
  `snippet_contents` text,
  PRIMARY KEY (`snippet_id`),
  KEY `site_id` (`site_id`)
) ENGINE=MyISAM DEFAULT CHARSET=utf8;

--
-- Dumping data for table `exp_snippets`
--


--
-- Table structure for table `exp_specialty_templates`
--

CREATE TABLE `exp_specialty_templates` (
  `template_id` int(6) unsigned NOT NULL AUTO_INCREMENT,
  `site_id` int(4) unsigned NOT NULL DEFAULT '1',
  `enable_template` char(1) NOT NULL DEFAULT 'y',
  `template_name` varchar(50) NOT NULL,
  `data_title` varchar(80) NOT NULL,
  `template_data` text NOT NULL,
  PRIMARY KEY (`template_id`),
  KEY `template_name` (`template_name`),
  KEY `site_id` (`site_id`)
) ENGINE=MyISAM AUTO_INCREMENT=17 DEFAULT CHARSET=utf8;

--
-- Dumping data for table `exp_specialty_templates`
--

INSERT INTO `exp_specialty_templates` VALUES (1,1,'y','offline_template','','<!DOCTYPE html PUBLIC \"-//W3C//DTD XHTML 1.0 Transitional//EN\" \"http://www.w3.org/TR/xhtml1/DTD/xhtml1-transitional.dtd\">\n<html xmlns=\"http://www.w3.org/1999/xhtml\">\n<head>\n<title>Ekistics, Inc.</title>\n<meta http-equiv=\"Content-type\" content=\"text/html; charset=iso-8859-1\" />\n<meta http-equiv=\"Content-Language\" content=\"en-us\" />\n<link rel=\"stylesheet\" type=\"text/css\" media=\"screen\" href=\"/public/css/offline.css\" />\n</head>\n\n<script type=\"text/javascript\">\n\n  var _gaq = _gaq || [];\n  _gaq.push([\'_setAccount\', \'UA-12413454-17\']);\n  _gaq.push([\'_trackPageview\']);\n\n  (function() {\n    var ga = document.createElement(\'script\'); ga.type = \'text/javascript\'; ga.async = true;\n    ga.src = (\'https:\' == document.location.protocol ? \'https://ssl\' : \'http://www\') + \'.google-analytics.com/ga.js\';\n    var s = document.getElementsByTagName(\'script\')[0]; s.parentNode.insertBefore(ga, s);\n  })();\n\n</script>\n<body>\n\n<div id=\"wrapper\">\n\n<div id=\"content\">\n<h1>Ekistics, Inc.</h1>\n<p>Our site is temporarily offline. Please check back again soon.</p>\n</div>\n\n</div>\n</body>\n</html>'),(2,1,'y','message_template','','<html>\n<head>\n\n<title>{title}</title>\n\n<meta http-equiv=\'content-type\' content=\'text/html; charset={charset}\' />\n\n{meta_refresh}\n\n<style type=\"text/css\">\n\nbody { \nbackground-color:	#ffffff; \nmargin:				50px; \nfont-family:		Verdana, Arial, Tahoma, Trebuchet MS, Sans-serif;\nfont-size:			11px;\ncolor:				#000;\nbackground-color:	#fff;\n}\n\na {\nfont-family:		Verdana, Arial, Tahoma, Trebuchet MS, Sans-serif;\nletter-spacing:		.09em;\ntext-decoration:	none;\ncolor:			  #330099;\nbackground-color:	transparent;\n}\n  \na:visited {\ncolor:				#330099;\nbackground-color:	transparent;\n}\n\na:active {\ncolor:				#ccc;\nbackground-color:	transparent;\n}\n\na:hover {\ncolor:				#000;\ntext-decoration:	underline;\nbackground-color:	transparent;\n}\n\n#content  {\nborder:				#000 1px solid;\nbackground-color: 	#DEDFE3;\npadding:			22px 25px 14px 25px;\n}\n\nh1 {\nfont-family:		Verdana, Arial, Tahoma, Trebuchet MS, Sans-serif;\nfont-weight:		bold;\nfont-size:			14px;\ncolor:				#000;\nmargin-top: 		0;\nmargin-bottom:		14px;\n}\n\np {\nfont-family:		Verdana, Arial, Tahoma, Trebuchet MS, Sans-serif;\nfont-size: 			12px;\nfont-weight: 		normal;\nmargin-top: 		12px;\nmargin-bottom: 		14px;\ncolor: 				#000;\n}\n\nul {\nmargin-bottom: 		16px;\n}\n\nli {\nlist-style:			square;\nfont-family:		Verdana, Arial, Tahoma, Trebuchet MS, Sans-serif;\nfont-size: 			12px;\nfont-weight: 		normal;\nmargin-top: 		8px;\nmargin-bottom: 		8px;\ncolor: 				#000;\n}\n\n</style>\n\n</head>\n\n<body>\n\n<div id=\"content\">\n\n<h1>{heading}</h1>\n\n{content}\n\n<p>{link}</p>\n\n</div>\n\n</body>\n\n</html>'),(3,1,'y','admin_notify_reg','Notification of new member registration','New member registration site: {site_name}\n\nScreen name: {name}\nUser name: {username}\nEmail: {email}\n\nYour control panel URL: {control_panel_url}'),(4,1,'y','admin_notify_entry','A new channel entry has been posted','A new entry has been posted in the following channel:\n{channel_name}\n\nThe title of the entry is:\n{entry_title}\n\nPosted by: {name}\nEmail: {email}\n\nTo read the entry please visit: \n{entry_url}\n'),(5,1,'y','admin_notify_mailinglist','Someone has subscribed to your mailing list','A new mailing list subscription has been accepted.\n\nEmail Address: {email}\nMailing List: {mailing_list}'),(6,1,'y','admin_notify_comment','You have just received a comment','You have just received a comment for the following channel:\n{channel_name}\n\nThe title of the entry is:\n{entry_title}\n\nLocated at: \n{comment_url}\n\nPosted by: {name}\nEmail: {email}\nURL: {url}\nLocation: {location}\n\n{comment}'),(7,1,'y','mbr_activation_instructions','Enclosed is your activation code','Thank you for your new member registration.\n\nTo activate your new account, please visit the following URL:\n\n{unwrap}{activation_url}{/unwrap}\n\nThank You!\n\n{site_name}\n\n{site_url}'),(8,1,'y','forgot_password_instructions','Login information','{name},\n\nTo reset your password, please go to the following page:\n\n{reset_url}\n\nYour password will be automatically reset, and a new password will be emailed to you.\n\nIf you do not wish to reset your password, ignore this message. It will expire in 24 hours.\n\n{site_name}\n{site_url}'),(9,1,'y','reset_password_notification','New Login Information','{name},\n\nHere is your new login information:\n\nUsername: {username}\nPassword: {password}\n\n{site_name}\n{site_url}'),(10,1,'y','validated_member_notify','Your membership account has been activated','{name},\n\nYour membership account has been activated and is ready for use.\n\nThank You!\n\n{site_name}\n{site_url}'),(11,1,'y','decline_member_validation','Your membership account has been declined','{name},\n\nWe\'re sorry but our staff has decided not to validate your membership.\n\n{site_name}\n{site_url}'),(12,1,'y','mailinglist_activation_instructions','Email Confirmation','Thank you for joining the \"{mailing_list}\" mailing list!\n\nPlease click the link below to confirm your email.\n\nIf you do not want to be added to our list, ignore this email.\n\n{unwrap}{activation_url}{/unwrap}\n\nThank You!\n\n{site_name}'),(13,1,'y','comment_notification','Someone just responded to your comment','{name_of_commenter} just responded to the entry you subscribed to at:\n{channel_name}\n\nThe title of the entry is:\n{entry_title}\n\nYou can see the comment at the following URL:\n{comment_url}\n\n{comment}\n\nTo stop receiving notifications for this comment, click here:\n{notification_removal_url}'),(14,1,'y','comments_opened_notification','New comments have been added','Responses have been added to the entry you subscribed to at:\n{channel_name}\n\nThe title of the entry is:\n{entry_title}\n\nYou can see the comments at the following URL:\n{comment_url}\n\n{comments}\n{comment} \n{/comments}\n\nTo stop receiving notifications for this entry, click here:\n{notification_removal_url}'),(15,1,'y','private_message_notification','Someone has sent you a Private Message','\n{recipient_name},\n\n{sender_name} has just sent you a Private Message titled ‘{message_subject}’.\n\nYou can see the Private Message by logging in and viewing your inbox at:\n{site_url}\n\nContent:\n\n{message_content}\n\nTo stop receiving notifications of Private Messages, turn the option off in your Email Settings.\n\n{site_name}\n{site_url}'),(16,1,'y','pm_inbox_full','Your private message mailbox is full','{recipient_name},\n\n{sender_name} has just attempted to send you a Private Message,\nbut your inbox is full, exceeding the maximum of {pm_storage_limit}.\n\nPlease log in and remove unwanted messages from your inbox at:\n{site_url}');

--
-- Table structure for table `exp_stats`
--

CREATE TABLE `exp_stats` (
  `stat_id` int(10) unsigned NOT NULL AUTO_INCREMENT,
  `site_id` int(4) unsigned NOT NULL DEFAULT '1',
  `total_members` mediumint(7) NOT NULL DEFAULT '0',
  `recent_member_id` int(10) NOT NULL DEFAULT '0',
  `recent_member` varchar(50) NOT NULL,
  `total_entries` mediumint(8) NOT NULL DEFAULT '0',
  `total_forum_topics` mediumint(8) NOT NULL DEFAULT '0',
  `total_forum_posts` mediumint(8) NOT NULL DEFAULT '0',
  `total_comments` mediumint(8) NOT NULL DEFAULT '0',
  `last_entry_date` int(10) unsigned NOT NULL DEFAULT '0',
  `last_forum_post_date` int(10) unsigned NOT NULL DEFAULT '0',
  `last_comment_date` int(10) unsigned NOT NULL DEFAULT '0',
  `last_visitor_date` int(10) unsigned NOT NULL DEFAULT '0',
  `most_visitors` mediumint(7) NOT NULL DEFAULT '0',
  `most_visitor_date` int(10) unsigned NOT NULL DEFAULT '0',
  `last_cache_clear` int(10) unsigned NOT NULL DEFAULT '0',
  PRIMARY KEY (`stat_id`),
  KEY `site_id` (`site_id`)
) ENGINE=MyISAM AUTO_INCREMENT=2 DEFAULT CHARSET=utf8;

--
-- Dumping data for table `exp_stats`
--

INSERT INTO `exp_stats` VALUES (1,1,2,2,'LiquidWeb',12,0,0,0,1291242438,0,0,1399054044,17,1294176977,1399330897);

--
-- Table structure for table `exp_status_groups`
--

CREATE TABLE `exp_status_groups` (
  `group_id` int(4) unsigned NOT NULL AUTO_INCREMENT,
  `site_id` int(4) unsigned NOT NULL DEFAULT '1',
  `group_name` varchar(50) NOT NULL,
  PRIMARY KEY (`group_id`),
  KEY `site_id` (`site_id`)
) ENGINE=MyISAM AUTO_INCREMENT=2 DEFAULT CHARSET=utf8;

--
-- Dumping data for table `exp_status_groups`
--

INSERT INTO `exp_status_groups` VALUES (1,1,'Statuses');

--
-- Table structure for table `exp_status_no_access`
--

CREATE TABLE `exp_status_no_access` (
  `status_id` int(6) unsigned NOT NULL,
  `member_group` smallint(4) unsigned NOT NULL,
  PRIMARY KEY (`status_id`,`member_group`)
) ENGINE=MyISAM DEFAULT CHARSET=utf8;

--
-- Dumping data for table `exp_status_no_access`
--


--
-- Table structure for table `exp_statuses`
--

CREATE TABLE `exp_statuses` (
  `status_id` int(6) unsigned NOT NULL AUTO_INCREMENT,
  `site_id` int(4) unsigned NOT NULL DEFAULT '1',
  `group_id` int(4) unsigned NOT NULL,
  `status` varchar(50) NOT NULL,
  `status_order` int(3) unsigned NOT NULL,
  `highlight` varchar(30) NOT NULL,
  PRIMARY KEY (`status_id`),
  KEY `group_id` (`group_id`),
  KEY `site_id` (`site_id`)
) ENGINE=MyISAM AUTO_INCREMENT=3 DEFAULT CHARSET=utf8;

--
-- Dumping data for table `exp_statuses`
--

INSERT INTO `exp_statuses` VALUES (1,1,1,'open',1,'009933'),(2,1,1,'closed',2,'990000');

--
-- Table structure for table `exp_template_groups`
--

CREATE TABLE `exp_template_groups` (
  `group_id` int(6) unsigned NOT NULL AUTO_INCREMENT,
  `site_id` int(4) unsigned NOT NULL DEFAULT '1',
  `group_name` varchar(50) NOT NULL,
  `group_order` int(3) unsigned NOT NULL,
  `is_site_default` char(1) NOT NULL DEFAULT 'n',
  PRIMARY KEY (`group_id`),
  KEY `site_id` (`site_id`)
) ENGINE=MyISAM AUTO_INCREMENT=5 DEFAULT CHARSET=utf8;

--
-- Dumping data for table `exp_template_groups`
--

INSERT INTO `exp_template_groups` VALUES (1,1,'home',1,'y'),(2,1,'global',2,'n'),(3,1,'vision',3,'n'),(4,1,'projects',4,'n');

--
-- Table structure for table `exp_template_member_groups`
--

CREATE TABLE `exp_template_member_groups` (
  `group_id` smallint(4) unsigned NOT NULL,
  `template_group_id` mediumint(5) unsigned NOT NULL,
  PRIMARY KEY (`group_id`,`template_group_id`)
) ENGINE=MyISAM DEFAULT CHARSET=utf8;

--
-- Dumping data for table `exp_template_member_groups`
--


--
-- Table structure for table `exp_template_no_access`
--

CREATE TABLE `exp_template_no_access` (
  `template_id` int(6) unsigned NOT NULL,
  `member_group` smallint(4) unsigned NOT NULL,
  PRIMARY KEY (`template_id`,`member_group`)
) ENGINE=MyISAM DEFAULT CHARSET=utf8;

--
-- Dumping data for table `exp_template_no_access`
--


--
-- Table structure for table `exp_templates`
--

CREATE TABLE `exp_templates` (
  `template_id` int(10) unsigned NOT NULL AUTO_INCREMENT,
  `site_id` int(4) unsigned NOT NULL DEFAULT '1',
  `group_id` int(6) unsigned NOT NULL,
  `template_name` varchar(50) NOT NULL,
  `save_template_file` char(1) NOT NULL DEFAULT 'n',
  `template_type` varchar(16) NOT NULL DEFAULT 'webpage',
  `template_data` mediumtext,
  `template_notes` text,
  `edit_date` int(10) NOT NULL DEFAULT '0',
  `last_author_id` int(10) unsigned NOT NULL DEFAULT '0',
  `cache` char(1) NOT NULL DEFAULT 'n',
  `refresh` int(6) unsigned NOT NULL DEFAULT '0',
  `no_auth_bounce` varchar(50) NOT NULL DEFAULT '',
  `enable_http_auth` char(1) NOT NULL DEFAULT 'n',
  `allow_php` char(1) NOT NULL DEFAULT 'n',
  `php_parse_location` char(1) NOT NULL DEFAULT 'o',
  `hits` int(10) unsigned NOT NULL DEFAULT '0',
  PRIMARY KEY (`template_id`),
  KEY `group_id` (`group_id`),
  KEY `site_id` (`site_id`)
) ENGINE=MyISAM AUTO_INCREMENT=10 DEFAULT CHARSET=utf8;

--
-- Dumping data for table `exp_templates`
--

INSERT INTO `exp_templates` VALUES (1,1,1,'index','y','webpage','','',1291230446,1,'n',0,'','n','n','o',3165),(2,1,2,'index','n','webpage','',NULL,1291230434,0,'n',0,'','n','n','o',0),(3,1,2,'_header','y','webpage','{preload_replace:css_path=\"/public/css/\"} {!-- Check values pre-launch --}\n{preload_replace:js_path=\"/public/js/\"} {!-- Check values pre-launch --}\n{preload_replace:image_path=\"/public/images/\"} {!-- Check values pre-launch --}\n{preload_replace:URLpath=\"/\"} {!-- Check values pre-launch --}\n<!DOCTYPE html PUBLIC \"-//W3C//DTD XHTML 1.0 Transitional//EN\" \"http://www.w3.org/TR/xhtml1/DTD/xhtml1-transitional.dtd\">\n<html xmlns=\"http://www.w3.org/1999/xhtml\">\n<head>\n<title>{if segment_1}{embed:page_title}{title_bullet}{/if}{site_name}</title>\n<meta http-equiv=\"Content-type\" content=\"text/html; charset=iso-8859-1\" />\n<meta http-equiv=\"Content-Language\" content=\"en-us\" />\n<meta name=\"copyright\" content=\"Copyright (c) 2009-{current_time format=\'%Y\'} {site_name}\" />\n{if embed:meta_description!=\'\'}\n<meta name=\"description\" content=\"{embed:meta_description}\" />\n{if:else}\n<meta name=\"description\" content=\"{meta_description}\" />\n{/if}\n{if embed:meta_keywords!=\'\'}\n<meta name=\"keywords\" content=\"{embed:meta_keywords}\" />\n{if:else}\n<meta name=\"keywords\" content=\"{meta_keywords}\" />\n{/if}\n<link rel=\"Shortcut Icon\" href=\"{image_path}ui/favicon.ico\" type=\"image/x-icon\" />\n<meta name=\"url\" content=\"{site_url}\" />\n<meta name=\"designer\" content=\"Trumpet (www.trumpetgroup.com)\" />\n<meta name=\"developer\" content=\"Trumpet (www.trumpetgroup.com)\" />\n<meta name=\"robots\" content=\"index, follow\" />\n<meta name=\"robots\" content=\"all\" />\n<meta name=\"robots\" content=\"noarchive\" />\n<meta name=\"revisit-after\" content=\"1 Days\" />\n<meta name=\"distribution\" content=\"global\" />\n<meta name=\"google-site-verification\" content=\"\" />\n\n<link rel=\"stylesheet\" type=\"text/css\" media=\"screen,projection\" href=\"{css_path}reset.css\" />\n<link rel=\"stylesheet\" type=\"text/css\" media=\"all\" href=\"{css_path}base.css\" />\n\n<!-- JQuery -->\n<script type=\"text/javascript\" src=\"http://code.jquery.com/jquery-1.4.4.min.js\"></script>\n<script type=\"text/javascript\" src=\"{js_path}jquery.cycle.min.js\"></script>\n\n<script type=\"text/javascript\">\n//<![CDATA[\n$(document).ready(function(){\n\n	// hides the slickbox as soon as the DOM is ready\n	$(\'#projectSliderBox\').hide();\n	$(\'#contactSliderBox\').hide();\n	\n	$(\'#projects\').click(function() {\n		$(\'#projectSliderBox\').slideDown(\'slow\');\n		$(\'#contactSliderBox\').slideUp(\'fast\');\n		return false;\n	});\n	$(\'#contact\').click(function() {\n		$(\'#contactSliderBox\').slideDown(\'slow\');\n		$(\'#projectSliderBox\').slideUp(\'fast\');\n		return false;\n	});\n	\n	// Opening external links in new window and adding event tracking\n	$(\"a[href*=\'http://\']:not([href*=\'ekisticsinc.com\'])\").addClass(\"new-window\");\n	$(\'a.new-window\').each(function() {\n		$(this).attr(\"title\", \"Visit \"+$(this).attr(\"href\")+\" (Opens in a new window)\");\n	    $(this).attr(\"target\", \"_blank\");\n		$(this).attr(\"onclick\", \"pageTracker._trackEvent(\'Outlinks\', \'Click\', \'\"+$(this).attr(\"href\")+\"\');\");\n	});\n	\n	{if segment_1==\"\"}\n		{exp:channel:entries channel=\"projects\" sort=\"desc\" dynamic=\"no\" status=\"not closed\" show_future_entries=\"yes\" disable=\"categories|member_data|pagination|trackbacks\"}\n			$(\'.{entry_id}\').cycle({\n				fx: \'fade\',\n				timeout: 3000,\n				<?php\n				$randomInteger = rand(0,10);\n				?>\n				delay: 1000*<?php echo $randomInteger;?>/2\n				//timeoutFn: calculateTimeout\n			});\n		{/exp:channel:entries}\n	{/if}\n	\n});\n\nfunction calculateTimeout(currElement, nextElement, opts, isForward) { \n    // here we set even number slides to have a 2 second timeout; \n    // by returning false for odd number slides we let those slides \n    // inherit the default timeout value (4 sec) \n    var index = opts.currSlide; \n    return index % 2 ? 2000 : false; \n}\n\n//]]>\n</script>\n{!-- place Google Analytics code here --}\n{analytics_code}\n</head>\n\n<body>\n	<div id=\"container\">\n	    <div id=\"head\">\n          	<div id=\"logo\">\n				<h1>{site_name}</h1>\n				<a href=\"{URLpath}\" title=\"Home\"><img src=\"{image_path}ui/ekistics_logo.png\" alt=\"{site_name}\" /></a>\n			</div><!-- END LOGO -->\n			<div id=\"navigation\">\n				<ul class=\"nav\">\n					<li><a id=\"projects\" {if segment_1==\'projects\'}class=\"current\"{/if} href=\"#\" title=\"Projects\">projects</a>&nbsp;&nbsp;|&nbsp;&nbsp;</li>\n					<li><a {if segment_1==\'vision\'}class=\"current\"{/if} href=\"/vision\" title=\"Vision\">vision</a>&nbsp;&nbsp;|&nbsp;&nbsp;</li>\n					<li><a id=\"contact\" {if segment_1==\'contact\'}class=\"current\"{/if} href=\"#\" title=\"Contact\">contact</a></li>\n				</ul>\n			</div> <!-- END NAVIGATION -->\n		</div>\n		<div id=\"sliderBoxes\">\n			<div id=\"projectSliderBox\">\n				<div style=\"padding-left:50px;\">\n				{exp:channel:categories style=\"linear\"}\n					<div class=\"categoryGroup\">\n						<h2>{category_name}</h2>\n						<ul class=\"projects\">\n							{exp:channel:entries channel=\"projects\" category=\"{category_id}\" orderby=\"title\" sort=\"asc\" dynamic=\"no\" status=\"not closed\" show_future_entries=\"yes\" disable=\"categories|member_data|pagination|trackbacks\"}\n								<li>{if project_display_link==\"Yes, link it!\"}<a href=\"\" title=\"Visit the {title} page.\">{/if}{title}{if project_display_link==\"Yes, link it!\"}</a>{/if}{if project_sold_out!=\"\"} - sold out{/if}</li>\n							{/exp:channel:entries}\n						</ul>\n					</div>\n				{/exp:channel:categories}\n				</div>\n			</div>\n			<div id=\"contactSliderBox\">\n				<div style=\"padding-left:50px;\">\n					<span style=\"color:#000;\">ekistics</span><br/>\n					220 camp street<br/>\n					5th floor<br/>\n					new orleans la 70130<br/>\n					t 504 593 9494<br/>\n					<script type=\"text/javascript\">\n					//<![CDATA[\n					\n					function hiveware_enkoder(){var i,j,x,y,x=\n					\"x=\\\"783d227d4227363a2f7d2d422f6127302532326d45782a69376b3a7b416d3e763b7d3f\" +\n					\"453b333e23412532353e313c3a3f453b333f7141433e706a7c3e6f3d763e2a38373c3a6e43\" +\n					\"3e233e453e2f6d2f3e43416e3e77697a3b306e713e453c383f436b713e44412532323e3639\" +\n					\"743e6d6c763e6f3a7c3a706b433d716c333b453e413e3f3d313e2532353a6e3f77407a3e30\" +\n					\"38723a4539553e696b7c3b703a363a7540713a763d303e2532323c363f74416d3e763a6f3f\" +\n					\"7c3f703f346d713a333c413f3f6d313e433d353e356c723e463d453f713b433e316e253235\" +\n					\"3e233c333e45642532322a36376b3a7045692532327a6d49747c3630253232724431714343\" +\n					\"2a38374537712a30377a3777236e434361272f402f7e4542232c432c64402a7d37423a7a6a\" +\n					\"733b6a38783b686a663b75416a3a2d3a7d3a2e6d403b6b39743e776e2d3a6e6b423b356c40\" +\n					\"3e6e6e413e7d3b333e716d6a3a733b6c3e796d6d3e40416e3e303b303f2e3b2532323e6f41\" +\n					\"423e7d3c333f683b6d3f6641773e486a743e693d6a3e4638793c2d6e6e3e2e3e323e386d40\" +\n					\"3e6e416b3e2d6d6f3b413a383a376b2e3d6f6c303e426e3e3e393b403e7e6d303a423b583e\" +\n					\"796d773e6e23732a6c3733376b4377317431723a48346d716630777a487c747b696a6a7d2d\" +\n					\"7b6f362e25323224337e27406f426a7b66712d7d33686d667746792d352e2e407d427d3378\" +\n					\"7a677879772d362e407e422c2c406b74772d6e4235406e417d33716a736c796d406e304237\" +\n					\"2e2532327e30427d33787a677879772d6e31362e40246b74772d6e4236406e417d33716a73\" +\n					\"6c796d406e3042372e2532327e30427d33787a677879772d6e31362e40247e427e33787a67\" +\n					\"7879772d6f2e40223b793d27273b783d756e6573636170652878293b666f7228693d303b69\" +\n					\"3c782e6c656e6774683b692b2b297b6a3d782e63686172436f646541742869292d353b6966\" +\n					\"286a3c3332296a2b3d39343b792b3d537472696e672e66726f6d43686172436f6465286a29\" +\n					\"7d79\\\";y=\'\';for(i=0;i<x.length;i+=2){y+=unescape(\'%\'+x.substr(i,2));}y\";\n					while(x=eval(x));}hiveware_enkoder();\n					\n					//]]>\n					</script>\n				</div>\n			</div>\n		</div>\n	','',1291319597,1,'n',0,'','n','y','o',0),(4,1,2,'_footer','y','webpage','','',1291236559,1,'n',0,'','n','n','o',0),(5,1,2,'_error','y','webpage','','',1291230500,1,'n',0,'','n','n','o',1313),(6,1,3,'index','y','webpage','','',1291235773,1,'n',0,'','n','n','o',785),(7,1,4,'index','y','webpage','','',1291235780,1,'n',0,'','n','n','o',1025),(8,1,4,'_entry','y','webpage','','',1291235797,1,'n',0,'','n','y','o',0),(9,1,2,'_footerContent','y','webpage','			<div id=\"foot\">\n				<?php\n				$estYear = \'2010\';\n				$currYear = date(\'Y\');\n				?>\n				Copyright &copy; <?php echo $estYear;?><?php if ($currYear != $estYear) {echo \'&ndash;\'.$currYear;} ?> | <?php echo strtolower(\'{site_name}\');?> | All Rights Reserved.\n			</div> <!-- END FOOTER CONTENT -->',NULL,1291319744,1,'n',0,'','n','y','o',0);

--
-- Table structure for table `exp_throttle`
--

CREATE TABLE `exp_throttle` (
  `throttle_id` int(10) unsigned NOT NULL AUTO_INCREMENT,
  `ip_address` varchar(16) NOT NULL DEFAULT '0',
  `last_activity` int(10) unsigned NOT NULL DEFAULT '0',
  `hits` int(10) unsigned NOT NULL,
  `locked_out` char(1) NOT NULL DEFAULT 'n',
  PRIMARY KEY (`throttle_id`),
  KEY `ip_address` (`ip_address`),
  KEY `last_activity` (`last_activity`)
) ENGINE=MyISAM DEFAULT CHARSET=utf8;

--
-- Dumping data for table `exp_throttle`
--


--
-- Table structure for table `exp_upload_no_access`
--

CREATE TABLE `exp_upload_no_access` (
  `upload_id` int(6) unsigned NOT NULL,
  `upload_loc` varchar(3) NOT NULL,
  `member_group` smallint(4) unsigned NOT NULL,
  PRIMARY KEY (`upload_id`,`member_group`)
) ENGINE=MyISAM DEFAULT CHARSET=utf8;

--
-- Dumping data for table `exp_upload_no_access`
--


--
-- Table structure for table `exp_upload_prefs`
--

CREATE TABLE `exp_upload_prefs` (
  `id` int(4) unsigned NOT NULL AUTO_INCREMENT,
  `site_id` int(4) unsigned NOT NULL DEFAULT '1',
  `name` varchar(50) NOT NULL,
  `server_path` varchar(150) NOT NULL DEFAULT '',
  `url` varchar(100) NOT NULL,
  `allowed_types` varchar(3) NOT NULL DEFAULT 'img',
  `max_size` varchar(16) DEFAULT NULL,
  `max_height` varchar(6) DEFAULT NULL,
  `max_width` varchar(6) DEFAULT NULL,
  `properties` varchar(120) DEFAULT NULL,
  `pre_format` varchar(120) DEFAULT NULL,
  `post_format` varchar(120) DEFAULT NULL,
  `file_properties` varchar(120) DEFAULT NULL,
  `file_pre_format` varchar(120) DEFAULT NULL,
  `file_post_format` varchar(120) DEFAULT NULL,
  PRIMARY KEY (`id`),
  KEY `site_id` (`site_id`)
) ENGINE=MyISAM AUTO_INCREMENT=2 DEFAULT CHARSET=utf8;

--
-- Dumping data for table `exp_upload_prefs`
--

INSERT INTO `exp_upload_prefs` VALUES (1,1,'Projects','/home/ekisticg/public_html/public/images/projects/','http://www.ekisticsinc.com/public/images/projects/','img','','','','','','','','','');


