-- Table structure for table `products_options`
--

CREATE TABLE `products_options` (
  `products_options_id` int(11) NOT NULL DEFAULT '0',
  `language_id` int(11) NOT NULL DEFAULT '1',
  `products_options_name` varchar(32) NOT NULL DEFAULT '',
  `products_options_type` int(5) NOT NULL DEFAULT '0',
  `products_options_length` smallint(2) NOT NULL DEFAULT '32',
  `products_options_comment` varchar(32) DEFAULT NULL,
  PRIMARY KEY (`products_options_id`,`language_id`)
) ENGINE=MyISAM DEFAULT CHARSET=latin1;

--
-- Dumping data for table `products_options`
--

INSERT INTO `products_options` VALUES (1,1,'Version',0,32,NULL),(1,3,'Version',0,32,NULL),(2,1,'Color',0,32,NULL),(2,3,'Color',0,32,NULL),(3,1,'Child',0,32,NULL),(3,3,'Niño',0,32,NULL),(4,1,'Baby',0,32,NULL),(4,3,'Bebe',0,32,NULL),(5,1,'Printed Picot Ribbon Color',0,32,NULL),(5,3,'Color de Cinta picot grabada',0,32,NULL),(6,1,'Included Ribbon Color',0,32,NULL),(6,3,'Color de Cinta incluida',0,32,NULL),(7,1,'Ribbon Color',0,32,NULL),(7,3,'Color de Cinta',0,32,NULL),(8,1,'Charm Color',0,32,NULL),(8,3,'Color de Adorno',0,32,NULL),(9,1,'Imprinting-Right Side',1,32,NULL),(9,3,'impresion lado derecho',1,32,NULL),(10,1,'Imprinting-Left Side',1,32,NULL),(10,3,'Impresion lado izq.',1,32,NULL),(11,1,'Lettering Color',0,32,NULL),(11,3,'Color de letra',0,32,NULL),(12,1,'Charm Code',1,32,NULL),(12,3,'Codigo de Adorno',1,32,NULL),(13,1,'Rossette Color',0,32,NULL),(13,3,'Color de Escarapela',0,32,NULL),(14,1,'Design Number',0,32,NULL),(14,3,'Numero de Dise?o',0,32,NULL),(15,1,'Flower Color',0,32,NULL),(15,3,'Color de flor',0,32,NULL),(16,1,'Sports',0,32,NULL),(16,3,'Deportes',0,32,NULL),(17,1,'Metalic Edging',0,32,NULL),(17,3,'Filos Metalicos',0,32,NULL),(18,1,'Icon',0,32,NULL),(18,3,'Icono',0,32,NULL),(19,1,'Bows',0,32,NULL),(19,3,'Lazos',0,32,NULL),(20,1,'Design Letter',0,32,NULL),(20,3,'Letra del Modelo',0,32,NULL),(21,1,'Type of Corsage',0,32,NULL),(21,3,'Tipo de Corsage',0,32,NULL),(22,1,'Flesh tone',0,32,NULL),(22,3,'Color de piel',0,32,NULL),(23,1,'Hair Color',0,32,NULL),(23,3,'Color de Cabello',0,32,NULL),(24,1,'Tulle Rossette',0,32,NULL),(24,3,'Escarapela de tulle',0,32,NULL),(25,1,'Veiner Size',0,32,NULL),(25,3,'Tama?o de sellador',0,32,NULL),(26,1,'Pin-Charm',0,32,NULL),(26,3,'Dise?o',0,32,NULL),(27,1,'Bag Color',0,32,NULL),(27,3,'Color de Bolsa',0,32,NULL),(28,1,'Imprinted Ribbon Color',0,32,NULL),(28,3,'Color de Cinta Grabada',0,32,NULL),(29,1,'Heart Initials',0,32,NULL),(29,3,'Iniciales en corazones',0,32,NULL),(30,1,'Acetate Box-heart magnet',0,32,NULL),(30,3,'caja acetato iman corazon',0,32,NULL),(31,1,'Acetate Box w. perso. ribbon',0,32,NULL),(31,3,'Caja de acetato/cinta person.',0,32,NULL),(32,1,'Bride Initial',1,32,NULL),(32,3,'Inicial de la Novia',1,32,NULL),(33,1,'Groom Initial',1,32,NULL),(33,3,'Inicial del Novio',1,32,NULL),(34,1,'Inital-Bride',1,32,NULL),(34,3,'Inicial de Novia',1,32,NULL),(35,1,'Initial-Groom',1,32,NULL),(35,3,'Inicial del Novio',1,32,NULL),(36,1,'Additional  Ribbons',0,32,NULL),(36,3,'Cintas Adicionales',0,32,NULL),(37,1,'Star Options',0,32,NULL),(37,3,'Opciones de Estrellas',0,32,NULL),(40,3,'Nombre y Fecha',1,32,NULL),(40,1,'Name & date',1,32,NULL),(39,1,'Decoration',0,32,NULL),(39,3,'Decoration',0,32,NULL),(41,1,'Decorated Favor',1,32,NULL),(41,3,'Souve. Decorado',1,32,NULL),(42,1,'Non Deco. Favor',1,32,NULL),(42,3,'Souv. sin decor.',1,32,NULL),(43,1,'',1,32,NULL),(43,3,'',1,32,NULL),(44,1,'Favor',0,32,NULL),(44,3,'Souvenir',0,32,NULL),(45,1,'Printed Ribbon-silver edging',0,32,NULL),(45,3,'Cinta de filo Plateado con graba',0,32,NULL),(46,1,'Printed Ribbon-Gold edging',0,32,NULL),(46,3,'Cinta de filo Dorado con grabado',0,32,NULL),(47,1,'Numbers',1,32,NULL),(47,3,'Numeros',1,32,NULL),(48,1,'Cloud Info.',1,32,NULL),(48,3,'Nota en Nube',1,32,NULL),(49,1,'Number Desired on Topper',1,32,NULL),(49,3,'Numero Deseado en Adorno',1,32,NULL),(50,1,'Box Color',0,32,NULL),(50,3,'Color de caja',0,32,NULL),(51,1,'Tulle color',0,32,NULL),(51,3,'Color de tul',0,32,NULL),(52,1,'Bride or Groom #1',0,32,NULL),(52,3,'Novia o Novio #1',0,32,NULL),(53,1,'Bride or Groom #2',0,32,NULL),(53,3,'Novia o Novio #2',0,32,NULL),(54,1,'Lace color',0,32,NULL),(54,3,'Color de Encaje',0,32,NULL),(55,1,'White envelope',0,32,NULL),(55,3,'Sobre blanco',0,32,NULL),(58,3,'Tama?o',0,32,NULL),(58,1,'Size',0,32,NULL),(57,1,'Name on cloud',1,32,NULL),(57,3,'Nombre en nube',1,32,NULL),(61,1,'Carnation petal backing',0,32,NULL),(60,1,'Numbers or Letters desired',1,32,NULL),(60,3,'Numeros o Letras deseadas',1,32,NULL),(59,3,'Cantidad',0,32,NULL),(59,1,'Quantity',0,32,NULL),(61,3,'Petalos de clavel de fondo',0,32,NULL),(62,1,'Girl dress',0,32,NULL),(62,3,'Vestido de Ni?a',0,32,NULL),(63,1,'Quantity',0,32,NULL),(63,3,'Cantidad',0,32,NULL),(64,1,'DUALFrontColor',1,32,NULL),(64,3,'DUALFrontColor',1,32,NULL),(65,1,'Animal charm',0,32,NULL),(65,3,'Animal de centro',0,32,NULL),(66,1,'It\'s a boy',0,32,NULL),(66,3,'It\'s a boy (niño)',0,32,NULL),(67,1,'Gender',0,32,NULL),(67,3,'Genero',0,32,NULL),(68,1,'What kind of paste',0,32,NULL),(68,3,'Clase de masa',0,32,NULL),(69,1,'Language',0,32,NULL),(69,3,'Idioma',0,32,NULL);

--
-- Table structure for table `products_options_values`
--

CREATE TABLE `products_options_values` (
  `products_options_values_id` int(11) NOT NULL DEFAULT '0',
  `language_id` int(11) NOT NULL DEFAULT '1',
  `products_options_values_name` varchar(64) NOT NULL DEFAULT '',
  PRIMARY KEY (`products_options_values_id`,`language_id`)
) ENGINE=MyISAM DEFAULT CHARSET=latin1;

--
-- Dumping data for table `products_options_values`
--

INSERT INTO `products_options_values` VALUES (1,1,'Download: Windows - English'),(0,3,'TEXT'),(0,1,'TEXT'),(1,3,'Download: Windows - English'),(2,1,'Blue'),(2,3,'Azul'),(3,1,'Pink'),(3,3,'Rosado'),(4,1,'Yellow'),(4,3,'Amarillo'),(5,1,'Caucasian baby in Pink'),(5,3,'Bebe Blanco en Rosado'),(6,1,'Afri.Amer. Baby in Pink'),(6,3,'Bebe negro in Rosado'),(7,1,'Caucasian Baby in Blue'),(7,3,'Bebe Blanco en Azul'),(8,1,'Afri.Amer. Baby in Blue'),(8,3,'Bebe Negro en Azul'),(9,1,'Caucasian'),(9,3,'Blanco'),(10,1,'afri. American boy'),(10,3,'Niño moreno'),(11,1,'afri. American'),(11,3,'Moreno'),(12,1,'Afri. American'),(12,3,'Moreno'),(13,1,'Pink'),(13,3,'Rosado'),(14,1,'Baby Blue'),(14,3,'Azul Celeste'),(15,1,'White'),(15,3,'Blanco'),(16,1,'Lavender'),(16,3,'Lila'),(17,1,'Peach'),(17,3,'Durazno'),(18,1,'Ivory'),(18,3,'Perla'),(19,1,'Red'),(19,3,'Rojo'),(20,1,'Burgundy'),(20,3,'Vino'),(21,1,'Black'),(21,3,'Negro'),(22,1,'Mint'),(22,3,'Verde Agua'),(23,1,'Purple'),(23,3,'Morado'),(24,1,'White'),(24,3,'Blanco'),(25,1,'Pink'),(25,3,'Rosado'),(26,1,'Baby Blue'),(26,3,'Azul Celeste'),(27,1,'Ivory'),(27,3,'Perla'),(28,1,'Burgundy'),(28,3,'Vino'),(29,1,'Peach'),(29,3,'Durazno'),(30,1,'Lavender'),(30,3,'Lila'),(31,1,'Red'),(31,3,'Rojo'),(32,1,'Black'),(32,3,'Negro'),(33,1,'Royal Blue'),(33,3,'Azul Royal'),(34,1,'Pink'),(34,3,'Rosado'),(35,1,'Dark Blue'),(35,3,'Azul oscuro'),(36,1,'Yellow'),(36,3,'Amarillo'),(40,3,'dorado'),(40,1,'gold'),(38,1,''),(38,3,''),(39,1,''),(39,3,''),(41,1,'silver'),(41,3,'plateado'),(42,1,'rainbow'),(42,3,'arco iris'),(43,1,''),(43,3,''),(44,1,'White'),(44,3,'Blanco'),(45,1,'Pink'),(45,3,'Rosado'),(46,1,'Baby Blue'),(46,3,'Azul Celeste'),(47,1,'Design #1'),(47,3,'Dise?o #1'),(48,1,'Design #2'),(48,3,'Dise?o #2'),(49,1,'Design #3'),(49,3,'Dise?o #3'),(50,1,'Design #4'),(50,3,'Dise?o #4'),(51,1,'Design #5'),(51,3,'Dise?o #5'),(52,1,'Design #6'),(52,3,'Dise?o #6'),(53,1,'Design #1'),(53,3,'Dise?o #1'),(54,1,'lilac'),(54,3,'lila'),(55,1,'All Pink'),(55,3,'Todo Rosado'),(56,1,'All Blue'),(56,3,'Todo Celeste'),(57,1,'Yellow Stork-Pink Decor.'),(57,3,'Cigue?a Amarilla- Decoracion Rosa'),(58,1,'Yellow Stork-Blue Decor.'),(58,3,'Cigue?a Amarilla- Decor. Celeste'),(59,1,'Blue Stork-Blue Decor.'),(59,3,'Cigue?a Celeste- Decor. Celste'),(60,1,'Pink Stork- Pink Decor.'),(60,3,'Cigue?a Rosa- Decor. Rosa'),(61,1,'Blue Stork- Blue Decor.'),(61,3,'Cigue?a Celeste- Decor. Celeste'),(62,1,'boy and girl'),(62,3,'ni?o y ni?a'),(63,1,'Yellow'),(63,3,'Amarillo'),(64,1,'White'),(64,3,'Blanco'),(65,1,'Pink'),(65,3,'Rosado'),(66,1,'Baby Blue'),(66,3,'Celeste'),(67,1,'Yellow'),(67,3,'Amarillo'),(68,1,'Lavender'),(68,3,'Lila'),(69,1,'Raimbow'),(69,3,'Multicolor'),(70,1,'Peach'),(70,3,'Melon'),(71,1,'Red'),(71,3,'Rojo'),(72,1,'Ivory'),(72,3,'Crema'),(73,1,'Burgundy'),(73,3,'Vino'),(74,1,'boy'),(74,3,'ni?o'),(75,1,'Girl'),(75,3,'Ni?a'),(76,1,'White'),(76,3,'Blanco'),(77,1,'Soccer'),(77,3,'Futbol'),(78,1,'Baseball'),(78,3,'Baseball'),(79,1,'Football'),(79,3,'Futbol Americano'),(80,1,'Gold Edge'),(80,3,'Filos Dorados'),(81,1,'Silver Edge'),(81,3,'Filos Plateados'),(82,1,'lt.Blue'),(82,3,'Celeste'),(83,1,'Mint'),(83,3,'Verde Agua'),(84,1,'none'),(84,3,'ninguno'),(85,1,'none'),(85,3,'ninguno'),(86,1,'none'),(86,3,'ninguno'),(87,1,'none'),(87,3,'ninguno'),(88,1,'none'),(88,3,'ninguno'),(89,1,'tri-color'),(89,3,'tri-color'),(90,1,'Ivory'),(90,3,'Perla'),(91,1,'stork'),(91,3,'Cigue?a'),(92,1,'Angel'),(92,3,'Angel'),(93,1,'Shoe'),(93,3,'Zapato'),(94,1,'Bells'),(94,3,'Campanas'),(95,1,'Umbrella'),(95,3,'Sombrilla'),(96,1,'Hearts'),(96,3,'Corazones'),(97,1,'Cake'),(97,3,'Torta'),(98,1,'Irridescent'),(98,3,'Irridicente'),(99,1,'All White'),(99,3,'Todo Blanco'),(100,1,'White Bow White Flowers'),(100,3,'Lazo Blanco, Flores Blancas'),(101,1,'Yellow Bow, Rain.Flowers'),(101,3,'Lazo Amarillo, Flores Tricolor'),(102,1,'Blue Bow, Rain.Flowers'),(102,3,'Lazo Azul, Flores Tricolor'),(103,1,'Pink Bow, Rain.Flowers'),(103,3,'Lazo Rosa, Flores Tricolor'),(104,1,'White Bow, Rain.Flowers'),(104,3,'Lazo Blanco, Flores Tricolor'),(105,1,'Pink Bow, Pink Flowers'),(105,3,'Lazo Rosa, Flores Rosa'),(106,1,'Blue Bow, Blue Flowers'),(106,3,'Lazo Azul, Flores Azules'),(107,1,'Design #7'),(107,3,'Dise?o #7'),(108,1,'Design #8'),(108,3,'Dise?o #8'),(109,1,'Design #9'),(109,3,'Dise?o #9'),(110,1,'Design #10'),(110,3,'Dise?o #10'),(111,1,'Design #11'),(111,3,'Dise?o #11'),(112,1,'Design #12'),(112,3,'Dise?o #12'),(113,1,'Design #13'),(113,3,'Dise?o #13'),(114,1,'Design #14'),(114,3,'Dise?o #14'),(115,1,'Design #15'),(115,3,'Dise?o #15'),(116,1,'Design #16'),(116,3,'Dise?o #16'),(117,1,'Design #17'),(117,3,'Dise?o #17'),(118,1,'Design #18'),(118,3,'Dise?o #18'),(119,1,'Design A'),(119,3,'Modelo A'),(120,1,'Design B'),(120,3,'Modelo B'),(121,1,'Pin-On'),(121,3,'Prendedor de Solapa'),(122,1,'Wristlet'),(122,3,'Para Mu?eca'),(123,1,'Caucasian'),(123,3,'Blanco'),(124,1,'African American'),(124,3,'Moreno'),(125,1,'Black'),(125,3,'Negro'),(126,1,'Blonde'),(126,3,'Rubio'),(127,1,'Brown'),(127,3,'Marron'),(128,1,'Burnett'),(128,3,'Pelirojo'),(129,1,'Two boys'),(129,3,'Dos ni?os'),(130,1,'Two Girls'),(130,3,'Dos ni?as'),(131,1,'Design C'),(131,3,'Dise?o C'),(132,1,'White'),(132,3,'Blanco'),(133,1,'Pink'),(133,3,'Rosado'),(134,1,'Lt. Blue'),(134,3,'Celeste'),(233,3,'Blanco/Filos Amarillos'),(233,1,'White/Yellow edging'),(137,1,'white/blue edging'),(137,3,'Blanco/ filos celestes'),(138,1,'white/Irridescent edging'),(138,3,'Blanco/filos irridiscentes'),(139,1,'white/ pink edging'),(139,3,'Blanco/ filos rosados'),(140,1,'Lavender'),(140,3,'Lavanda'),(141,1,'Ivory'),(141,3,'Perla'),(142,1,'White'),(142,3,'Blanco'),(143,1,'Small'),(143,3,'Chico'),(144,1,'Small'),(144,3,'Chico'),(145,1,'Medium'),(145,3,'Mediano'),(146,1,'Large'),(146,3,'Grande'),(147,1,'Baby booties'),(147,3,'Zapatito de bebe'),(148,1,'Pacifier'),(148,3,'Chupon'),(149,1,'Baby Bottle'),(149,3,'Biberon'),(150,1,'none'),(150,3,'ninguno'),(151,1,'White'),(151,3,'Blanco'),(152,1,'Pink'),(152,3,'Rosado'),(153,1,'Lt.Blue'),(153,3,'Celeste'),(154,1,'Mint'),(154,3,'Verde Agua'),(155,1,'Yellow'),(155,3,'Amarillo'),(156,1,'Lavender'),(156,3,'Lavanda'),(157,1,'Peach'),(157,3,'Melon'),(158,1,'Ivory'),(158,3,'Perla'),(159,1,'White'),(159,3,'Blanco'),(160,1,'Pink'),(160,3,'Rosado'),(161,1,'Baby Blue'),(161,3,'Celeste'),(162,1,'Ivory'),(162,3,'Perla'),(163,1,'Lavender'),(163,3,'Lavanda'),(164,1,'Mint'),(164,3,'Verde Agua'),(165,1,'Peach'),(165,3,'Melon'),(166,1,'Yellow'),(166,3,'Amarillo'),(167,1,'Red'),(167,3,'Rojo'),(168,1,'Red'),(168,3,'Rojo'),(169,1,'Peach'),(169,3,'Melon'),(170,1,'Yellow'),(170,3,'Amarillo'),(171,1,'Mint'),(171,3,'Verde Agua'),(172,1,'1'),(172,3,'1'),(173,1,'clear'),(173,3,'transparente'),(174,1,'clear'),(174,3,'Transparente'),(175,1,'none'),(175,3,'ninguno'),(176,1,''),(176,3,''),(177,1,''),(177,3,''),(178,1,''),(178,3,''),(179,1,'African America Boy and Girl'),(179,3,'Ni?a y Ni?o Afro-americano'),(180,1,'African-American Boys'),(180,3,'Ni?os Morenos'),(181,1,'African-American Girls'),(181,3,'Ni?as Morenas'),(182,1,'Caucasian Boy and Girl'),(182,3,'Ni?a y Ni?o Blanco'),(183,1,'Caucasian Baby Girls'),(183,3,'Ni?as Blancas'),(184,1,'Caucasian Baby Boys'),(184,3,'Ni?os Blancos'),(185,1,'10'),(185,3,'10'),(186,1,'20'),(186,3,'20'),(187,1,'30'),(187,3,'30'),(188,1,'none'),(188,3,'ninguno'),(189,1,'30'),(189,3,'30'),(190,1,'Blue Star-Blue Flowers'),(190,3,'Estrella azul- Flores Azules'),(191,1,'Blue Star-Tri-color Flowers'),(191,3,'Estrella Azul-Flores tri-color'),(192,1,'White Star-White Flowers'),(192,3,'Estrella Blanca-Flores Blancas'),(193,1,'Pink Star-Pink Flowers'),(193,3,'Estrella Rosa-Flores Rosa'),(194,1,'Pink Star-Tri-color Flowers'),(194,3,'Estrella Rosa-Flores Tri-color'),(195,1,'Yellow Banner-Yellow ruffles'),(195,3,'Letrero Amarillo- Encaje Amarillo'),(196,1,'White Banner-Tri-color ruffles'),(196,3,'Letrero Blanco-Encaje Tricolor'),(197,1,''),(197,3,''),(198,1,'Non-Decorated'),(198,3,'Sin decoracion'),(199,1,'Decorated'),(199,3,'Decorado'),(200,1,'none'),(200,3,'ninguno'),(201,1,'White'),(201,3,'Blanco'),(202,1,'Pink'),(202,3,'Rosado'),(203,1,'Yellow'),(203,3,'Amarillo'),(204,1,'Mint'),(204,3,'Verde-agua'),(205,1,'Lavender'),(205,3,'Lila'),(206,1,'Peach'),(206,3,'Melon'),(207,1,'Baby Blue'),(207,3,'Celeste'),(208,1,'Ivory'),(208,3,'Perla'),(209,1,'none'),(209,3,'ninguno'),(210,1,'White'),(210,3,'Blanco'),(211,1,'Pink'),(211,3,'Rosado'),(212,1,'Baby Blue'),(212,3,'Celeste'),(213,1,'Yellow'),(213,3,'Amarillo'),(214,1,'Mint'),(214,3,'Verde Agua'),(215,1,'Peach'),(215,3,'Melon'),(216,1,'Lavender'),(216,3,'Lila'),(217,1,'Ivory'),(217,3,'Perla'),(218,1,'Caucasian baby in Yellow'),(218,3,'Bebe blando en amarillo'),(219,1,'Open bible'),(219,3,'Biblia Abierta'),(220,1,'Hands Praying'),(220,3,'Manos resando'),(221,1,'Blue'),(221,3,'Azul'),(222,1,'Yellow'),(222,3,'Amarillo'),(223,1,'Pink'),(223,3,'Rosado'),(224,1,'White'),(224,3,'Blanco'),(225,1,'Yellow'),(225,3,'Amarillo'),(226,1,'2 lines only'),(226,3,'2 lineas solamente'),(227,1,'none'),(227,3,'ninguno'),(228,1,'none'),(228,3,'ninguno'),(229,1,'none'),(229,3,'ninguno'),(230,1,'none'),(230,3,'ninguno'),(231,1,'White/Gold edging'),(231,3,'Blanco/filos dorados'),(232,1,'White/silver edging'),(232,3,'Blanco/filos plateados'),(234,1,'Pink/silver edging'),(234,3,'Rosado/filos plateados'),(235,1,'Blue/silver edging'),(235,3,'Celeste/filos plateados'),(236,1,'White/silver edging'),(236,3,'Blanco/filos plateados'),(237,1,'Pink/gold edging'),(237,3,'Rosado/filos dorados'),(238,1,'Blue/gold edging'),(238,3,'Celeste/filos dorados'),(239,1,'White/gold edging'),(239,3,'Blanco/filos dorados'),(240,1,'.'),(240,3,'.'),(241,1,'none'),(241,3,'ninguno'),(242,1,'Burgundy'),(242,3,'Borgo?a/vino'),(243,1,'Lavender'),(243,3,'Lavanda'),(244,1,'Navy Blue'),(244,3,'Azul Marino'),(245,1,'Rattle'),(245,3,'Sonaja'),(246,1,'white Flowers'),(246,3,'Flores blancas'),(247,1,'White Flowers'),(247,3,'Flores Blancas'),(248,1,'White Flowers'),(248,3,'Flores Blancas'),(249,1,'White'),(249,3,'Blanco'),(250,1,'Pink'),(250,3,'Rosado'),(251,1,'Lt. Blue'),(251,3,'Celeste'),(252,1,'Lilac'),(252,3,'Lila'),(253,1,'Pale Green'),(253,3,'Verde Palido'),(254,1,'Red'),(254,3,'Rojo'),(255,1,'Burgundy'),(255,3,'Borgo?a/Vino'),(256,1,'Ivory'),(256,3,'Crema'),(257,1,'Gold'),(257,3,'Dorado'),(258,1,'Silver'),(258,3,'Plateado'),(259,1,'Iridiscent'),(259,3,'Irridiscente'),(260,1,'White'),(260,3,'Blanco'),(261,1,'Pink'),(261,3,'Rosado'),(262,1,'Lt. Blue'),(262,3,'Celeste'),(263,1,'Yellow'),(263,3,'Amarillo'),(264,1,'Lilac'),(264,3,'Lila'),(265,1,'Mint'),(265,3,'Verde claro'),(266,1,'Burgundy'),(266,3,'Vino'),(267,1,'Red'),(267,3,'Rojo'),(268,1,'Black'),(268,3,'Negro'),(269,1,'Ivory'),(269,3,'Crema'),(270,1,'Design \"A\" (Caucasian)'),(270,3,'Dise?o \"A\" (Blanco)'),(271,1,'Design \"A\" (African A.)'),(271,3,'Dise?o \"A\" (Moreno)'),(272,1,'Design \"B\" (Caucasian)'),(272,3,'Dise?o \"B\" (Blanco)'),(273,1,'Design \"B\" (African A.)'),(273,3,'Dise?o \"B\" (Moreno)'),(274,1,'Design \"C\" (Caucasian)'),(274,3,'Dise?o \"C\" (Blanco)'),(275,1,'Desing \"C\" (African A.)'),(275,3,'Dise?o \"C\" (Moreno)'),(276,1,'Design \"D\" (Caucasian)'),(276,3,'Dise?o \"D\" (Blanco)'),(277,1,'Design \"D\" (African A.)'),(277,3,'Dise?o \"D\" (Moreno)'),(278,1,'Design \"E\" (Caucasian)'),(278,3,'Dise?o \"E\" ( Blanco)'),(279,1,'Design \"E\" (African A.)'),(279,3,'Dise?o \"E\" (Moreno)'),(280,1,'Design \"A\" (Caucasian)'),(280,3,'Dise?o \"A\" (Blanco)'),(281,1,'Design \"A\" (African A.)'),(281,3,'Dise?o \"A\" (Moreno)'),(282,1,'Design \"B\" (Caucasian)'),(282,3,'Dise?o \"B\" (Blanco)'),(283,1,'Design \"B\" (African A.)'),(283,3,'Dise?o \"B\" (Moreno)'),(284,1,'Design \"C\" (Caucasian)'),(284,3,'Dise?o \"C\" (Blanco)'),(285,1,'Design \"C\" (African A.)'),(285,3,'Dise?o \"C\" (Moreno)'),(286,1,'Design \"D\" (Caucasian)'),(286,3,'Dise?o \"D\" (Blanco)'),(287,1,'Design \"D\" (African A.)'),(287,3,'Dise?o \"D\" (Moreno)'),(288,1,'Design \"E\" (Caucasian)'),(288,3,'Dise?o \"E\" (Blanco)'),(289,1,'Design \"E\" (African A.)'),(289,3,'Dise?o \"E\" (Moreno)'),(290,1,'#1'),(290,3,'#1'),(291,1,'#2'),(291,3,'#2'),(292,1,'#3'),(292,3,'#3'),(293,1,'Baby Blue'),(293,3,'Azul celeste'),(294,1,'Raimbow'),(294,3,'Arco Iris'),(295,1,'Pink'),(295,3,'Rosado'),(296,1,'Baby Blue'),(296,3,'Celeste'),(297,1,'Yellow'),(297,3,'Amarillo'),(298,1,'Lavender'),(298,3,'Lavanda'),(299,1,'White'),(299,3,'Blanco'),(300,1,'Ivory'),(300,3,'Crema'),(301,1,'Raimbow'),(301,3,'Arco Iris'),(302,1,'Other'),(302,3,'Otro'),(303,1,'Other (specify)'),(303,3,'Otro (especifique)'),(304,1,'Other (specify)'),(304,3,'Otro (especifique)'),(305,1,'cross'),(305,3,'cruz'),(306,1,'Champaign glasses'),(306,3,'Copas de champa?a'),(307,1,'Rose'),(307,3,'Rosa'),(308,1,'Bassinet'),(308,3,'Cuna'),(309,1,'15th'),(309,3,'15th'),(310,1,'White envelop'),(310,3,'Sobre blanco'),(311,1,'name'),(311,3,'nombre'),(312,1,'Small'),(312,3,'Chico'),(313,1,'Medium'),(313,3,'Mediano'),(314,1,'Large'),(314,3,'Grande'),(315,1,'Design D'),(315,3,'Dise?o D'),(316,1,'Design E'),(316,3,'Dise?o E'),(317,1,'Pacifier'),(317,3,'Chupon'),(318,1,'Basinnet'),(318,3,'Moises/cuna'),(319,1,'Pale Rose'),(319,3,'Rosa palido'),(320,1,'Pale rose'),(320,3,'Rosa palido'),(321,1,'Baby blue'),(321,3,'Celeste'),(322,1,'turquoise'),(322,3,'Turquesa'),(323,1,'Apple green'),(323,3,'Verde manzana'),(324,1,'1 dozen'),(324,3,'1 docena'),(325,1,'2 dozen'),(325,3,'2 docenas'),(326,1,'50 pieces'),(326,3,'50 piezas'),(327,1,'100 pieces'),(327,3,'100 piezas'),(328,1,'Purple'),(328,3,'Morado'),(329,1,'numbers'),(329,3,'numeros'),(330,1,'Gold'),(330,3,'Dorado'),(331,1,'Silver'),(331,3,'Plateado'),(332,1,'Irridiscent'),(332,3,'Irridicente'),(333,1,'White'),(333,3,'Blanco'),(334,1,'Pink'),(334,3,'Rosado'),(335,1,'Lavender'),(335,3,'Lila'),(336,1,'Baby Blue'),(336,3,'Celeste'),(337,1,'none'),(337,3,'ninguno'),(338,1,'White'),(338,3,'Blando'),(339,1,'Pink'),(339,3,'Rosado'),(340,1,'25'),(340,3,'25'),(341,1,'45'),(341,3,'45'),(342,1,'none'),(342,3,'ninguno'),(343,1,'Silver'),(343,3,'Plateado'),(344,1,'Lavender'),(344,3,'Lavanda'),(345,1,'Fuchsia'),(345,3,'Futsia'),(346,1,'Chocolate Brown'),(346,3,'Marron Chocolate'),(347,1,'Apple Green'),(347,3,'Verde Manzana'),(348,1,'Orange'),(348,3,'Anaranjado'),(349,1,'Turquoise'),(349,3,'Turqueza'),(350,1,'Teal'),(350,3,'Verde Petroleo'),(351,1,'Royal Blue'),(351,3,'Azul electrico'),(352,1,'Purple'),(352,3,'Morado'),(353,1,'Rose Mauve'),(353,3,'Palo de Rosa'),(354,1,'Wine'),(354,3,'Vino'),(355,1,'Fuchsia'),(355,3,'Futsia'),(356,1,'Chocolate brown'),(356,3,'Marron chocolate'),(357,1,'Apple green'),(357,3,'Verde manzana'),(358,1,'Orange'),(358,3,'Anaranjado'),(359,1,'Turquoise'),(359,3,'Turqueza'),(360,1,'Teal'),(360,3,'Verde Petroleo'),(361,1,'Royal blue'),(361,3,'Azul electrico'),(362,1,'Red'),(362,3,'Rojo'),(363,1,'Black'),(363,3,'Negro'),(364,1,'Purple'),(364,3,'Morado'),(365,1,'Rose mauve'),(365,3,'Palo de rosa'),(366,1,'Wine'),(366,3,'Vino'),(367,1,'Lavender edging'),(367,3,'Filos lila'),(368,1,'Black'),(368,3,'Negro'),(369,1,'Yellow Green'),(369,3,'Verde amarillo'),(370,1,'Hot Pink'),(370,3,'Rosado fuerte'),(371,1,'Silver or grey'),(371,3,'Gris o Plateado'),(372,1,'Orange'),(372,3,'Anaranjado'),(373,1,'Gold'),(373,3,'Dorado'),(374,1,'Peach'),(374,3,'Melon'),(375,1,'Pale Torquoise'),(375,3,'Turquesa palido'),(376,1,'Black'),(376,3,'Negro'),(377,1,'Brown'),(377,3,'Marron'),(378,1,'Orange'),(378,3,'Anaranjado'),(379,1,'Pale Turquoise'),(379,3,'Turquesa palido'),(380,1,'Burgundy'),(380,3,'Vino'),(381,1,'Gold'),(381,3,'Dorado'),(382,1,'Royal blue'),(382,3,'Azul Electrico'),(383,1,'Red'),(383,3,'Rojo'),(384,1,'Peach'),(384,3,'Melon'),(385,1,'Hot pink'),(385,3,'Rosado fuerte'),(386,1,'Purple'),(386,3,'Morado'),(387,1,'Royal blue'),(387,3,'Azul electrico'),(388,1,'Brown'),(388,3,'Marron'),(389,1,'Black'),(389,3,'Negro'),(390,1,'Pale Torquoise'),(390,3,'Turquesa palido'),(391,1,'Yellow green'),(391,3,'Verde amarillo'),(392,1,'Red'),(392,3,'Rojo'),(393,1,'Hot pink'),(393,3,'Rosado fuerte'),(394,1,'Burgundy'),(394,3,'Vino'),(395,1,'Silver/grey'),(395,3,'Plateado/gris'),(396,1,'Turquoise'),(396,3,'Turquesa'),(397,1,'Mint'),(397,3,'Verde bebe'),(398,1,'Black'),(398,3,'Negro'),(399,1,'Brown'),(399,3,'Marron'),(400,1,'Mint'),(400,3,'Verde bebe'),(401,1,'Yellow'),(401,3,'Amarillo'),(402,1,'Purple'),(402,3,'Morado'),(403,1,'Turquoise'),(403,3,'Tuquesa'),(404,1,'Fuschia'),(404,3,'Fuschia'),(405,1,'Teal'),(405,3,'Verde petroleo'),(406,1,'Rose Mauve'),(406,3,'Palo de rosa'),(407,1,'Gold'),(407,3,'Dorado'),(408,1,'Tri-color'),(408,3,'Tri-color'),(409,1,'caucasian baby in white'),(409,3,'Bebe blanco en blanco'),(410,1,'Afri. Amer.baby in yellow'),(410,3,'Bebe moreno en amarillo'),(411,1,'Red'),(411,3,'Rojo'),(412,1,'Flesh'),(412,3,'Piel'),(413,1,'Peach'),(413,3,'Melon o Coral'),(414,1,'Hot Pink'),(414,3,'Rosado Fuerte'),(415,1,'Green'),(415,3,'Verde hierva'),(416,1,'Hologram Silver'),(416,3,'Plateado holograma'),(417,1,'Clear Green'),(417,3,'Verde Claro'),(418,1,'Clear Violet'),(418,3,'Violeta Transparente'),(419,1,'Clear Green'),(419,3,'Verde Transparente'),(420,1,'Clear Violet'),(420,3,'Violeta Claro'),(421,1,'Copper'),(421,3,'Cobre'),(422,1,'Clear Pink'),(422,3,'Rosado transparente'),(423,1,'lt.green'),(423,3,'verde claro'),(424,1,'lemon lime'),(424,3,'lima limon'),(425,1,'orange fluo'),(425,3,'naranja fluo'),(426,1,'brown`'),(426,3,'marron'),(427,1,'black'),(427,3,'negro'),(428,1,'dk green'),(428,3,'verde oscuro'),(429,1,'orange'),(429,3,'naranja'),(430,1,'caucasian in white'),(430,3,'bebe blanco en blanco'),(431,1,'boy'),(431,3,'niño'),(432,1,''),(432,3,''),(433,1,'boy'),(433,3,'niño'),(434,1,'Lion'),(434,3,'Leon'),(435,1,'Giraffe'),(435,3,'Girafa'),(436,1,'Hippo'),(436,3,'Hipopotamo'),(437,1,'Elephant'),(437,3,'Elefante'),(438,1,'It\'s a girl'),(438,3,'It\'s a girl (niña)'),(439,1,'It\'s a boy'),(439,3,'It\'s a boy (niño)'),(440,1,'Cold porcelain'),(440,3,'Porcelana fria'),(441,1,'Gum paste'),(441,3,'Pasta de goma'),(442,1,'English'),(442,3,'Ingles'),(443,1,'Spanish'),(443,3,'Español'),(444,1,'white/silver'),(444,3,'Blanco/plateado'),(445,1,'White/gold'),(445,3,'Blanco/dorado'),(446,1,'Pink/gold'),(446,3,'Rosado/dorado'),(447,1,'Blue/gold'),(447,3,'Celeste/dorado'),(448,1,'Pink/silver'),(448,3,'Rosado/plateado'),(449,1,'White/silver'),(449,3,'Blanco/plateado'),(450,1,'Yellow/Silver'),(450,3,'Amarillo/Plateado'),(451,1,'Blue/Gold'),(451,3,'Azul/Dorado'),(452,1,'Blue/Silver'),(452,3,'Azul/Plateado'),(453,1,'African american boy'),(453,3,'Bebe moreno'),(454,1,'Lavender'),(454,3,'Lavanda'),(455,1,'Gold'),(455,3,'Dorado'),(456,1,'Silver'),(456,3,'Plateado'),(457,1,'Iridescent'),(457,3,'tornasol');

--
-- Table structure for table `products_options_values_to_products_options`
--

CREATE TABLE `products_options_values_to_products_options` (
  `products_options_values_to_products_options_id` int(11) NOT NULL AUTO_INCREMENT,
  `products_options_id` int(11) NOT NULL DEFAULT '0',
  `products_options_values_id` int(11) NOT NULL DEFAULT '0',
  PRIMARY KEY (`products_options_values_to_products_options_id`)
) ENGINE=MyISAM AUTO_INCREMENT=472 DEFAULT CHARSET=latin1;

--
-- Dumping data for table `products_options_values_to_products_options`
--

INSERT INTO `products_options_values_to_products_options` VALUES (14,1,1),(15,2,2),(16,2,3),(17,2,4),(18,2,5),(19,2,6),(20,2,7),(21,2,8),(22,3,9),(23,3,10),(24,3,11),(25,3,12),(26,5,13),(27,5,14),(28,5,15),(29,5,16),(30,5,17),(31,5,18),(32,5,19),(33,5,20),(34,5,21),(35,3,22),(36,3,23),(37,7,24),(38,7,25),(39,7,26),(40,7,27),(41,7,28),(42,7,29),(43,7,30),(44,7,31),(45,7,32),(46,7,33),(47,8,34),(48,8,35),(49,8,36),(53,11,40),(51,9,38),(52,10,39),(54,11,41),(55,11,42),(56,12,43),(57,13,44),(58,13,45),(59,13,46),(60,3,47),(61,14,48),(62,14,49),(63,14,50),(64,14,51),(65,14,52),(66,14,53),(67,2,54),(69,2,55),(70,2,56),(71,2,57),(72,2,58),(73,3,59),(74,2,60),(75,2,61),(76,3,62),(77,5,63),(78,15,64),(79,15,65),(80,15,66),(81,15,67),(82,15,68),(83,15,69),(84,15,70),(85,15,71),(86,15,72),(87,15,73),(88,3,74),(89,3,75),(90,2,76),(91,16,77),(92,16,78),(93,16,79),(94,17,80),(95,17,81),(96,2,82),(97,2,83),(98,7,84),(99,7,85),(100,5,86),(101,5,87),(102,7,88),(103,2,89),(104,2,90),(105,18,91),(106,18,92),(107,18,93),(108,18,94),(109,18,95),(110,18,96),(111,18,97),(112,17,98),(113,19,99),(114,19,100),(115,19,101),(116,19,102),(117,19,103),(118,19,104),(119,19,105),(120,19,106),(121,14,107),(122,14,108),(123,14,109),(124,14,110),(125,14,111),(126,14,112),(127,14,113),(128,14,114),(129,14,115),(130,14,116),(131,14,117),(132,14,118),(133,20,119),(134,20,120),(135,21,121),(136,21,122),(137,22,123),(138,22,124),(139,23,125),(140,23,126),(141,23,127),(142,23,128),(143,4,129),(144,4,130),(145,20,131),(146,13,132),(147,13,133),(148,13,134),(248,6,234),(247,24,233),(151,24,137),(152,24,138),(153,24,139),(154,8,140),(155,8,141),(156,8,142),(157,3,143),(158,25,144),(159,25,145),(160,25,146),(161,26,147),(162,26,148),(163,26,149),(164,17,150),(165,27,151),(166,27,152),(167,27,153),(168,27,154),(169,27,155),(170,27,156),(171,27,157),(172,27,158),(173,28,159),(174,28,160),(175,28,161),(176,28,162),(177,28,163),(178,28,164),(179,28,165),(180,28,166),(181,28,167),(182,8,168),(183,8,169),(184,8,170),(185,8,171),(186,29,172),(187,30,173),(188,31,174),(189,31,175),(190,32,176),(191,34,177),(192,35,178),(193,4,179),(194,4,180),(195,4,181),(196,4,182),(197,4,183),(198,4,184),(199,36,185),(200,36,186),(201,31,187),(202,36,188),(203,36,189),(204,37,190),(205,37,191),(206,37,192),(207,37,193),(208,37,194),(209,39,195),(210,39,196),(211,38,197),(212,44,198),(213,44,199),(214,46,200),(215,46,201),(216,46,202),(217,46,203),(218,46,204),(219,46,205),(220,46,206),(221,46,207),(222,46,208),(223,45,209),(224,45,210),(225,45,211),(226,45,212),(227,45,213),(228,45,214),(229,45,215),(230,45,216),(231,45,217),(232,2,218),(233,18,219),(234,18,220),(235,17,221),(236,17,222),(237,17,223),(238,13,224),(239,13,225),(240,48,226),(241,10,227),(242,9,228),(243,18,229),(244,11,230),(245,24,231),(246,24,232),(249,6,235),(250,6,236),(251,6,237),(252,6,238),(253,6,239),(254,49,240),(255,18,241),(256,2,242),(257,2,243),(258,2,244),(259,26,245),(260,2,246),(261,4,247),(262,3,248),(263,50,249),(264,50,250),(265,50,251),(266,50,252),(267,50,253),(268,50,254),(269,50,255),(270,50,256),(271,50,257),(272,50,258),(273,50,259),(274,51,260),(275,51,261),(276,51,262),(277,51,263),(278,51,264),(279,51,265),(280,51,266),(281,51,267),(282,51,268),(283,51,269),(284,52,270),(285,52,271),(286,52,272),(287,52,273),(288,52,274),(289,52,275),(290,52,276),(291,52,277),(292,52,278),(293,52,279),(294,53,280),(295,53,281),(296,53,282),(297,53,283),(298,53,284),(299,53,285),(300,53,286),(301,53,287),(302,53,288),(303,53,289),(304,14,290),(305,14,291),(306,14,292),(307,8,293),(308,7,294),(309,54,295),(310,54,296),(311,54,297),(312,54,298),(313,54,299),(314,54,300),(315,54,301),(316,15,302),(317,7,303),(318,15,304),(319,18,305),(320,18,306),(321,18,307),(322,18,308),(323,18,309),(324,55,310),(325,57,311),(326,58,312),(327,58,313),(328,58,314),(329,20,315),(330,20,316),(331,18,317),(332,18,318),(333,2,319),(334,15,320),(335,15,321),(336,2,322),(337,2,323),(338,59,324),(339,59,325),(340,59,326),(341,59,327),(342,2,328),(343,60,329),(344,61,330),(345,61,331),(346,61,332),(347,61,333),(348,61,334),(349,61,335),(350,61,336),(351,61,337),(352,62,338),(353,62,339),(354,59,340),(355,59,341),(356,6,342),(357,2,343),(358,2,344),(359,2,345),(360,2,346),(361,2,347),(362,2,348),(363,2,349),(364,2,350),(365,2,351),(366,2,352),(367,2,353),(368,2,354),(369,5,355),(370,5,356),(371,5,357),(372,5,358),(373,5,359),(374,5,360),(375,5,361),(376,5,362),(377,5,363),(378,5,364),(379,5,365),(380,5,366),(381,24,367),(382,7,368),(383,7,369),(384,7,370),(385,7,371),(386,7,372),(387,7,373),(388,7,374),(389,7,375),(390,46,376),(391,46,377),(392,46,378),(393,46,379),(394,46,380),(395,46,381),(396,46,382),(397,46,383),(398,46,384),(399,46,385),(400,45,386),(401,45,387),(402,45,388),(403,45,389),(404,45,390),(405,45,391),(406,45,392),(407,45,393),(408,45,394),(409,45,395),(410,45,396),(411,45,397),(412,7,398),(413,7,399),(414,7,400),(415,7,401),(416,7,402),(417,7,403),(418,7,404),(419,7,405),(420,7,406),(421,2,407),(422,61,408),(423,2,409),(424,2,410),(425,2,411),(426,2,412),(427,2,413),(428,2,414),(429,2,415),(430,2,416),(431,2,417),(432,2,418),(433,2,419),(434,2,420),(435,2,421),(436,2,422),(437,2,423),(438,2,424),(439,2,425),(440,2,426),(441,2,427),(442,2,428),(443,2,429),(444,2,430),(445,3,431),(446,43,432),(447,3,433),(448,65,434),(449,65,435),(450,65,436),(451,65,437),(452,67,438),(453,67,439),(454,68,440),(455,68,441),(456,69,442),(457,69,443),(458,2,444),(459,2,445),(460,2,446),(461,2,447),(462,2,448),(463,2,449),(464,2,450),(465,2,451),(466,2,452),(467,3,453),(468,13,454),(469,13,455),(470,13,456),(471,13,457);

--
-- Table structure for table `products_to_categories`
--

CREATE TABLE `products_to_categories` (
  `products_id` int(11) NOT NULL DEFAULT '0',
  `categories_id` int(11) NOT NULL DEFAULT '0',
  PRIMARY KEY (`products_id`,`categories_id`)
) ENGINE=MyISAM DEFAULT CHARSET=latin1;

--
-- Dumping data for table `products_to_categories`
--

INSERT INTO `products_to_categories` VALUES (7,203),(7,285),(10,22),(10,203),(10,285),(11,203),(11,285),(12,203),(12,285),(12,290),(13,203),(13,285),(14,203),(14,285),(15,203),(15,285),(16,203),(16,285),(17,203),(17,285),(17,290),(18,203),(18,285),(19,203),(19,285),(20,203),(20,285),(21,203),(21,285),(22,203),(22,285),(23,203),(23,285),(24,203),(24,285),(25,203),(25,285),(26,203),(26,285),(27,203),(27,285),(28,97),(28,203),(28,285),(29,203),(29,285),(30,203),(30,285),(30,290),(31,203),(31,285),(31,290),(32,156),(32,203),(32,285),(32,290),(33,203),(33,285),(35,203),(35,285),(36,203),(36,285),(37,203),(37,285),(38,203),(38,285),(39,203),(39,285),(40,203),(40,285),(40,290),(41,182),(41,286),(41,317),(42,182),(42,286),(43,182),(43,184),(43,286),(43,317),(44,182),(44,286),(44,317),(45,182),(46,182),(46,286),(46,317),(47,207),(49,182),(49,286),(49,317),(50,184),(50,207),(50,287),(51,184),(51,207),(51,287),(52,184),(52,287),(53,182),(53,184),(53,286),(53,287),(53,317),(54,207),(56,184),(56,287),(58,184),(58,207),(58,287),(59,184),(59,207),(59,287),(61,183),(61,288),(62,183),(62,288),(64,183),(64,288),(65,183),(65,288),(66,183),(66,288),(67,183),(67,288),(68,97),(69,98),(69,100),(70,97),(71,97),(71,110),(72,97),(73,97),(73,110),(74,11),(75,11),(76,11),(77,11),(78,11),(79,11),(80,11),(81,11),(82,11),(83,11),(84,11),(85,11),(86,11),(87,11),(89,11),(89,13),(89,80),(90,13),(90,80),(91,15),(92,15),(93,15),(94,21),(95,21),(96,22),(97,22),(98,22),(99,22),(100,22),(101,22),(102,23),(103,23),(104,23),(105,23),(106,24),(107,24),(108,24),(109,24),(110,32),(111,32),(111,281),(112,32),(113,32),(113,152),(114,32),(114,152),(115,32),(115,152),(116,32),(116,152),(117,32),(117,152),(117,281),(118,32),(118,152),(118,281),(119,32),(119,281),(120,32),(120,281),(121,32),(121,281),(122,32),(122,281),(123,32),(123,281),(124,32),(124,281),(125,32),(125,281),(126,32),(126,281),(127,152),(128,15),(129,15),(130,15),(131,15),(132,15),(133,15),(134,44),(134,226),(134,264),(135,44),(135,226),(135,264),(136,44),(136,226),(136,264),(137,44),(137,226),(137,264),(138,44),(138,226),(138,264),(139,44),(139,226),(139,264),(140,44),(140,109),(140,226),(140,228),(140,263),(140,264),(141,44),(141,109),(141,226),(141,228),(141,263),(141,264),(142,44),(142,109),(142,226),(142,228),(142,264),(143,44),(143,226),(143,264),(144,44),(144,226),(144,264),(145,44),(145,226),(145,264),(146,44),(146,226),(146,264),(147,44),(147,109),(147,226),(147,228),(147,263),(147,264),(148,44),(148,109),(148,226),(148,228),(148,263),(148,264),(149,44),(149,226),(149,264),(150,238),(151,46),(152,238),(153,169),(153,238),(154,19),(155,19),(156,19),(157,19),(158,18),(159,53),(159,239),(161,53),(161,239),(162,53),(162,239),(163,53),(163,239),(164,53),(164,239),(165,53),(165,239),(166,53),(166,239),(167,53),(167,239),(168,53),(168,239),(169,53),(169,239),(170,53),(170,239),(171,53),(171,54),(171,239),(171,244),(172,53),(172,239),(173,53),(173,239),(174,53),(174,239),(174,343),(175,53),(175,239),(175,343),(176,53),(176,239),(176,244),(176,343),(177,53),(177,239),(178,53),(178,239),(179,53),(179,239),(180,53),(180,239),(181,53),(181,239),(182,53),(182,239),(182,244),(182,343),(183,53),(183,239),(184,53),(184,239),(185,53),(185,239),(186,53),(186,343),(188,53),(188,239),(189,53),(189,239),(190,53),(190,239),(190,324),(190,343),(191,43),(191,184),(191,203),(191,285),(191,287),(191,290),(192,43),(192,148),(192,182),(192,183),(192,286),(192,288),(192,317),(193,43),(193,182),(193,183),(193,203),(193,285),(193,286),(193,288),(193,317),(195,43),(195,182),(195,203),(195,317),(196,43),(197,43),(198,43),(199,43),(199,184),(200,43),(200,184),(201,55),(202,55),(203,55),(204,55),(205,55),(206,56),(206,126),(206,326),(207,56),(207,126),(207,326),(208,56),(208,126),(208,326),(209,56),(209,126),(209,326),(210,56),(211,48),(212,48),(212,103),(212,258),(213,48),(213,103),(213,258),(214,48),(214,103),(214,258),(215,48),(216,48),(216,103),(216,258),(217,48),(217,258),(218,48),(218,103),(218,258),(219,48),(220,48),(220,103),(220,258),(221,48),(221,103),(221,258),(222,48),(222,258),(223,48),(223,103),(223,258),(224,48),(225,48),(225,258),(226,48),(226,258),(228,48),(228,103),(228,258),(229,48),(229,103),(229,258),(230,58),(231,58),(232,58),(233,58),(234,58),(235,58),(236,58),(237,58),(238,58),(239,52),(239,242),(240,52),(240,242),(241,52),(241,242),(242,52),(242,242),(243,52),(243,242),(244,52),(245,52),(246,52),(246,242),(247,52),(247,242),(248,52),(248,242),(249,242),(249,370),(250,52),(250,242),(251,52),(251,242),(252,52),(252,242),(253,71),(254,71),(255,71),(256,71),(257,71),(258,71),(259,71),(260,71),(261,71),(262,71),(263,71),(264,71),(265,71),(266,71),(267,71),(268,71),(269,71),(270,71),(271,63),(272,63),(273,63),(274,63),(275,65),(276,65),(277,52),(277,242),(278,52),(278,242),(279,52),(279,242),(280,52),(280,242),(281,52),(281,242),(282,52),(282,242),(283,52),(283,242),(284,52),(285,52),(285,242),(286,52),(286,242),(287,52),(287,242),(288,52),(288,242),(289,52),(289,242),(290,242),(291,52),(291,242),(292,52),(292,242),(293,52),(293,242),(294,59),(294,246),(294,270),(295,59),(296,59),(296,246),(296,270),(297,59),(297,246),(298,59),(298,246),(298,270),(299,59),(299,246),(299,270),(300,59),(300,246),(300,270),(301,59),(301,246),(301,270),(302,59),(302,246),(302,270),(303,59),(303,246),(303,270),(304,59),(304,246),(304,270),(305,59),(305,246),(305,270),(306,59),(306,246),(306,270),(307,59),(307,246),(307,270),(308,59),(308,246),(309,60),(309,247),(309,271),(310,60),(310,247),(311,60),(311,247),(311,271),(312,60),(312,247),(313,60),(313,247),(313,271),(314,60),(314,247),(315,60),(315,247),(315,271),(316,60),(316,247),(316,271),(317,60),(317,247),(317,271),(318,61),(319,61),(320,52),(320,242),(321,61),(322,61),(323,61),(324,62),(324,271),(325,62),(325,271),(326,62),(326,271),(327,52),(327,242),(328,72),(328,229),(328,265),(329,52),(329,242),(330,72),(330,229),(330,265),(331,52),(331,242),(332,72),(332,265),(333,72),(333,229),(333,265),(334,72),(334,228),(334,229),(334,265),(335,72),(335,229),(335,265),(336,72),(336,229),(336,265),(337,72),(337,229),(337,265),(338,72),(338,229),(338,265),(339,72),(339,229),(339,265),(340,72),(340,229),(340,265),(341,72),(341,229),(341,265),(343,73),(343,257),(344,73),(344,257),(345,73),(345,257),(346,73),(346,257),(347,73),(347,257),(348,73),(348,257),(349,73),(349,257),(350,73),(350,257),(351,73),(351,257),(352,73),(352,257),(353,73),(353,257),(354,73),(354,257),(355,52),(355,242),(356,73),(356,257),(357,73),(357,257),(358,73),(358,257),(359,52),(359,242),(360,73),(360,257),(361,73),(361,257),(362,73),(362,257),(363,45),(363,227),(363,266),(364,45),(364,227),(364,266),(365,45),(365,227),(365,266),(366,52),(366,242),(367,109),(367,218),(367,228),(367,255),(367,263),(368,218),(368,255),(369,52),(369,242),(370,109),(370,218),(370,228),(370,255),(370,263),(371,218),(371,255),(372,109),(372,218),(372,228),(372,255),(372,263),(373,218),(373,255),(374,218),(374,255),(375,218),(375,255),(376,218),(376,255),(377,218),(377,255),(378,218),(378,255),(379,218),(379,255),(380,218),(380,255),(381,74),(381,252),(382,74),(382,252),(383,109),(383,218),(383,228),(383,255),(383,263),(384,109),(384,218),(384,228),(384,255),(385,218),(385,255),(386,74),(386,252),(387,218),(387,255),(391,244),(391,343),(392,155),(392,240),(392,244),(392,342),(393,54),(393,244),(394,54),(394,239),(394,244),(394,324),(395,54),(395,244),(396,54),(396,158),(396,243),(396,244),(397,54),(398,54),(398,244),(399,54),(399,158),(399,244),(400,54),(400,158),(401,52),(401,242),(402,54),(403,54),(404,54),(404,244),(405,54),(405,244),(406,52),(406,242),(407,54),(407,155),(407,240),(407,244),(408,244),(408,324),(409,155),(409,240),(409,244),(409,342),(410,155),(410,240),(410,244),(410,342),(411,54),(411,155),(411,240),(411,244),(412,155),(412,240),(412,244),(412,342),(413,155),(413,240),(413,244),(413,342),(414,244),(414,343),(415,54),(415,244),(416,54),(416,244),(417,54),(417,244),(418,54),(418,244),(419,54),(419,244),(420,54),(420,244),(420,324),(421,54),(421,244),(422,54),(422,244),(423,54),(423,244),(424,54),(424,244),(425,54),(425,244),(426,54),(426,244),(427,54),(427,244),(428,54),(428,244),(428,372),(429,244),(429,342),(430,53),(430,239),(430,244),(430,371),(430,372),(431,53),(431,54),(431,239),(431,244),(432,54),(432,244),(433,54),(433,244),(433,372),(434,54),(434,244),(435,54),(435,244),(436,244),(436,372),(437,244),(437,342),(438,54),(438,244),(438,343),(438,372),(439,54),(439,244),(440,54),(440,244),(441,15),(442,15),(443,15),(444,15),(445,15),(446,15),(447,15),(448,15),(449,12),(450,12),(451,12),(452,12),(452,112),(453,12),(454,12),(455,12),(455,112),(456,49),(456,77),(456,126),(462,78),(463,78),(464,78),(465,78),(466,78),(467,78),(468,11),(469,11),(470,11),(471,11),(472,11),(481,33),(482,80),(483,80),(484,80),(485,80),(486,43),(486,80),(486,182),(486,184),(486,204),(486,206),(486,286),(486,287),(486,289),(486,317),(487,44),(487,226),(487,264),(488,44),(488,45),(488,109),(488,226),(488,227),(488,228),(488,263),(488,264),(488,266),(489,44),(489,226),(489,264),(490,44),(490,226),(490,264),(491,44),(491,226),(491,264),(492,44),(492,226),(492,264),(493,45),(493,109),(493,227),(493,228),(493,263),(493,266),(494,45),(494,227),(494,266),(495,44),(495,226),(495,264),(496,32),(496,281),(497,32),(497,281),(498,32),(498,281),(499,32),(499,281),(500,32),(500,281),(501,32),(501,152),(502,32),(502,281),(503,32),(503,89),(503,281),(504,32),(504,281),(505,32),(505,281),(506,32),(506,281),(507,32),(507,281),(508,32),(508,281),(509,32),(509,281),(510,32),(510,152),(511,32),(511,281),(513,87),(514,73),(514,257),(515,73),(515,257),(516,73),(516,257),(517,73),(517,257),(518,73),(518,257),(519,73),(519,257),(520,65),(521,65),(522,203),(523,203),(523,285),(524,32),(524,141),(524,281),(524,284),(525,32),(525,141),(525,281),(525,284),(526,89),(527,183),(527,288),(528,183),(529,183),(529,288),(530,183),(530,288),(531,183),(531,288),(532,21),(532,183),(532,288),(533,183),(533,288),(534,183),(534,288),(535,183),(535,288),(536,203),(536,285),(536,290),(537,203),(537,285),(538,179),(538,203),(538,285),(538,290),(539,32),(539,141),(539,206),(539,281),(539,284),(542,238),(543,63),(544,63),(545,63),(546,63),(547,64),(548,64),(549,66),(550,66),(551,66),(552,66),(553,66),(554,66),(555,66),(556,66),(557,66),(558,66),(559,94),(560,94),(561,63),(562,67),(563,67),(564,67),(565,68),(566,68),(567,68),(568,11),(568,12),(568,43),(568,87),(568,182),(568,282),(569,12),(569,43),(569,87),(569,141),(569,182),(570,12),(570,43),(570,87),(571,12),(571,43),(572,95),(573,95),(574,69),(575,64),(576,16),(576,87),(576,154),(576,282),(577,53),(577,54),(577,239),(577,244),(578,96),(579,96),(579,97),(579,99),(579,110),(579,115),(580,96),(581,96),(582,96),(582,99),(583,96),(584,98),(584,100),(585,100),(586,98),(586,100),(587,98),(587,100),(588,97),(588,110),(589,97),(590,97),(591,97),(592,99),(592,174),(593,96),(593,99),(594,99),(595,115),(595,174),(596,82),(596,256),(597,82),(597,256),(598,82),(598,256),(599,82),(600,203),(600,285),(600,290),(601,52),(601,242),(602,52),(602,242),(603,52),(603,242),(604,52),(604,242),(605,52),(605,242),(606,52),(606,242),(607,52),(607,54),(607,242),(607,244),(609,52),(609,242),(610,52),(610,242),(611,82),(611,256),(612,82),(612,256),(613,82),(613,256),(614,82),(614,256),(615,82),(615,256),(616,104),(617,104),(618,23),(619,23),(620,23),(621,24),(622,24),(624,15),(624,89),(628,22),(629,22),(632,197),(633,44),(633,226),(633,264),(634,44),(634,109),(634,226),(634,228),(634,263),(634,264),(635,44),(635,109),(635,226),(635,228),(635,263),(635,264),(636,44),(636,226),(636,264),(637,44),(637,226),(637,264),(638,44),(638,226),(638,264),(639,44),(639,226),(639,264),(640,44),(640,226),(640,264),(641,224),(641,260),(641,262),(642,224),(642,260),(642,262),(643,224),(643,260),(644,224),(644,260),(644,262),(645,224),(645,260),(645,262),(646,224),(646,260),(646,262),(647,224),(647,260),(647,262),(648,53),(648,239),(649,53),(649,239),(650,53),(650,239),(651,53),(651,342),(652,244),(652,343),(653,54),(653,244),(654,54),(654,158),(654,244),(655,54),(655,244),(655,372),(656,54),(656,244),(657,97),(657,110),(658,97),(658,100),(659,97),(659,110),(660,97),(660,100),(660,110),(661,97),(661,100),(661,110),(662,53),(662,239),(662,343),(663,53),(663,54),(663,239),(663,244),(664,54),(664,244),(665,110),(666,100),(666,110),(667,24),(667,96),(668,99),(669,96),(669,110),(670,96),(671,111),(672,111),(673,111),(674,111),(675,111),(676,98),(677,100),(678,100),(679,66),(680,80),(681,80),(682,112),(683,11),(683,111),(684,11),(685,100),(687,52),(687,242),(688,52),(688,242),(689,52),(689,242),(690,52),(690,242),(691,52),(691,242),(692,52),(692,242),(693,52),(693,242),(694,52),(694,242),(695,52),(695,242),(696,52),(696,242),(697,52),(697,242),(698,52),(698,242),(699,52),(699,242),(700,96),(701,99),(701,115),(702,99),(702,174),(703,99),(704,114),(705,114),(706,78),(707,78),(708,78),(709,78),(710,52),(710,242),(711,52),(711,242),(712,52),(712,242),(713,53),(713,239),(714,53),(714,239),(715,52),(715,242),(716,52),(716,242),(717,52),(717,242),(718,52),(718,242),(719,52),(719,242),(720,52),(720,242),(721,53),(721,239),(722,54),(722,244),(723,54),(723,244),(724,54),(724,244),(725,54),(725,244),(726,52),(726,242),(727,52),(727,242),(728,52),(728,242),(729,52),(729,242),(730,52),(730,242),(731,16),(732,16),(733,97),(734,96),(734,97),(734,98),(734,100),(734,110),(734,115),(735,96),(735,97),(735,98),(735,100),(735,110),(735,115),(736,96),(736,97),(736,98),(736,99),(736,110),(737,97),(739,110),(740,96),(740,97),(740,110),(741,16),(742,15),(742,19),(743,15),(743,19),(744,18),(746,116),(747,116),(748,116),(749,116),(750,33),(751,33),(752,33),(753,165),(753,184),(753,207),(753,287),(754,21),(754,22),(755,23),(755,24),(756,24),(757,24),(758,33),(759,52),(759,242),(760,52),(760,54),(760,242),(760,244),(761,52),(761,242),(762,52),(762,242),(763,52),(763,242),(764,52),(764,242),(765,52),(765,242),(766,52),(766,242),(767,242),(767,370),(768,52),(768,242),(769,52),(769,242),(770,52),(770,242),(771,52),(771,242),(772,52),(772,242),(777,65),(778,65),(779,23),(779,24),(780,21),(780,22),(780,24),(781,22),(781,23),(781,24),(782,23),(782,24),(783,125),(786,127),(787,127),(788,127),(789,127),(790,127),(791,127),(792,127),(794,80),(795,80),(796,80),(797,80),(798,80),(799,19),(800,15),(801,15),(802,46),(802,149),(803,11),(804,11),(805,64),(806,64),(807,64),(808,64),(809,64),(810,64),(811,64),(812,64),(813,64),(814,64),(815,65),(816,65),(817,65),(818,65),(819,65),(820,65),(821,63),(822,63),(823,63),(824,63),(825,63),(826,65),(827,65),(828,12),(828,112),(829,12),(829,112),(831,127),(832,127),(833,127),(834,127),(835,127),(836,127),(837,127),(838,127),(839,129),(840,129),(844,184),(844,207),(844,287),(845,87),(845,154),(845,282),(846,65),(847,65),(848,65),(849,65),(850,65),(851,65),(852,65),(853,65),(854,65),(855,65),(856,65),(857,65),(858,132),(859,132),(860,132),(861,132),(862,97),(863,97),(864,99),(865,325),(866,325),(867,302),(868,298),(868,325),(870,60),(870,247),(871,60),(872,60),(872,247),(872,271),(873,60),(873,247),(873,271),(874,60),(874,247),(875,60),(875,247),(876,238),(877,238),(878,238),(879,238),(880,238),(881,238),(882,183),(882,288),(883,183),(884,183),(884,203),(884,285),(884,288),(884,290),(885,203),(885,285),(886,184),(886,287),(887,156),(887,184),(887,287),(888,139),(888,141),(888,202),(888,284),(889,32),(889,141),(889,202),(889,206),(889,281),(889,284),(890,32),(890,47),(890,141),(890,202),(890,206),(890,281),(890,284),(891,103),(891,258),(892,48),(892,103),(892,258),(893,48),(893,103),(893,258),(894,48),(894,103),(894,258),(895,64),(896,43),(896,139),(896,141),(896,206),(896,284),(897,43),(897,139),(897,141),(897,182),(897,206),(897,281),(897,284),(897,286),(898,87),(898,282),(899,97),(900,99),(900,174),(901,99),(901,174),(902,99),(903,99),(904,110),(905,96),(905,110),(906,96),(906,110),(907,110),(917,73),(917,257),(933,59),(934,59),(935,59),(935,246),(935,270),(937,59),(937,246),(937,270),(938,59),(938,246),(938,270),(939,59),(939,246),(939,270),(940,59),(940,246),(940,270),(941,59),(941,246),(942,59),(942,246),(942,270),(943,59),(943,246),(943,270),(944,59),(944,246),(944,270),(945,59),(945,246),(945,270),(946,59),(946,246),(946,270),(947,59),(947,246),(947,270),(948,59),(948,246),(948,270),(949,59),(949,246),(949,270),(950,59),(950,246),(950,270),(951,102),(952,102),(953,102),(953,251),(954,144),(954,249),(954,272),(955,144),(955,249),(955,272),(956,144),(956,249),(956,272),(957,144),(957,249),(957,272),(958,144),(958,249),(958,272),(959,144),(959,249),(959,272),(960,145),(960,250),(961,145),(961,250),(961,273),(962,145),(962,250),(962,273),(963,145),(963,250),(964,60),(964,247),(966,146),(967,146),(968,146),(969,63),(970,63),(971,63),(972,63),(973,63),(974,65),(975,65),(976,65),(977,65),(978,65),(979,65),(980,65),(981,63),(982,68),(983,68),(984,68),(985,68),(986,68),(987,68),(988,68),(989,68),(990,68),(991,68),(992,68),(993,68),(994,87),(994,141),(994,282),(994,284),(995,87),(995,141),(995,282),(995,284),(996,87),(996,141),(996,282),(996,284),(997,141),(998,87),(998,141),(998,282),(998,284),(999,87),(999,141),(1000,87),(1000,141),(1000,282),(1000,284),(1001,87),(1001,141),(1001,182),(1001,282),(1001,284),(1001,286),(1002,133),(1003,148),(1003,183),(1003,283),(1003,288),(1004,148),(1004,183),(1004,283),(1004,288),(1005,238),(1006,15),(1006,19),(1006,32),(1006,281),(1006,283),(1007,18),(1007,32),(1007,148),(1007,281),(1007,283),(1008,238),(1009,63),(1010,63),(1011,63),(1012,63),(1013,63),(1014,63),(1015,63),(1016,63),(1017,63),(1018,65),(1019,65),(1020,65),(1021,63),(1022,63),(1023,87),(1023,100),(1023,148),(1023,153),(1023,154),(1023,182),(1023,207),(1023,282),(1023,286),(1024,87),(1024,141),(1024,154),(1024,156),(1024,201),(1024,280),(1024,282),(1025,154),(1025,156),(1026,154),(1026,156),(1027,32),(1027,152),(1027,281),(1028,32),(1028,152),(1028,281),(1029,32),(1029,152),(1030,32),(1030,152),(1031,32),(1031,152),(1032,32),(1032,152),(1033,32),(1033,152),(1033,281),(1034,32),(1034,152),(1034,281),(1035,44),(1035,226),(1035,264),(1036,32),(1036,152),(1036,206),(1036,281),(1037,32),(1037,141),(1037,152),(1038,18),(1039,64),(1040,64),(1041,155),(1041,240),(1041,372),(1042,155),(1042,240),(1042,372),(1043,155),(1043,240),(1043,372),(1044,155),(1044,240),(1044,372),(1045,155),(1045,240),(1045,324),(1046,155),(1046,240),(1046,372),(1047,155),(1047,240),(1047,324),(1048,155),(1048,240),(1048,372),(1049,87),(1049,182),(1049,202),(1049,203),(1049,282),(1049,285),(1049,286),(1049,290),(1049,317),(1051,141),(1051,182),(1051,202),(1051,203),(1051,284),(1051,285),(1051,286),(1051,290),(1051,317),(1052,52),(1052,242),(1053,52),(1053,242),(1054,52),(1054,242),(1055,52),(1055,242),(1056,52),(1056,242),(1057,242),(1057,370),(1058,52),(1058,242),(1059,52),(1059,242),(1060,52),(1060,242),(1061,52),(1061,242),(1062,32),(1062,152),(1062,281),(1063,125),(1064,15),(1065,15),(1066,120),(1066,156),(1067,16),(1067,87),(1067,141),(1067,282),(1067,284),(1068,11),(1069,65),(1070,206),(1071,52),(1071,242),(1072,52),(1072,242),(1073,65),(1074,65),(1075,65),(1076,65),(1077,65),(1078,65),(1079,65),(1080,65),(1081,65),(1082,65),(1083,65),(1084,65),(1085,63),(1086,63),(1087,63),(1088,63),(1089,63),(1090,63),(1091,63),(1092,63),(1093,63),(1094,52),(1094,242),(1095,158),(1095,243),(1096,158),(1096,243),(1097,158),(1097,243),(1099,224),(1099,260),(1099,262),(1100,224),(1100,260),(1100,262),(1101,224),(1101,260),(1101,262),(1104,224),(1104,260),(1104,262),(1110,205),(1110,326),(1111,205),(1111,326),(1112,205),(1112,326),(1113,205),(1113,326),(1114,205),(1115,205),(1116,205),(1117,205),(1118,205),(1118,326),(1119,294),(1119,300),(1120,52),(1120,242),(1121,52),(1121,242),(1122,52),(1122,242),(1123,52),(1123,242),(1124,74),(1124,252),(1125,74),(1125,252),(1126,74),(1126,252),(1127,74),(1127,252),(1128,74),(1128,252),(1129,74),(1129,252),(1130,74),(1130,252),(1131,74),(1131,252),(1132,294),(1132,300),(1133,65),(1134,65),(1135,65),(1136,65),(1137,65),(1138,65),(1139,65),(1140,65),(1141,65),(1142,65),(1143,65),(1144,65),(1145,65),(1146,65),(1147,65),(1148,162),(1149,162),(1150,162),(1151,162),(1152,65),(1153,65),(1155,65),(1156,65),(1157,65),(1158,65),(1159,65),(1160,65),(1161,203),(1161,285),(1162,203),(1162,285),(1163,203),(1163,285),(1164,203),(1164,285),(1165,204),(1165,289),(1166,203),(1166,285),(1167,203),(1167,285),(1168,203),(1168,285),(1169,203),(1169,285),(1170,204),(1170,289),(1171,204),(1171,289),(1172,204),(1172,289),(1173,182),(1173,203),(1173,285),(1173,286),(1173,290),(1173,317),(1174,182),(1174,203),(1174,285),(1174,286),(1174,290),(1174,317),(1175,206),(1177,96),(1177,110),(1178,96),(1178,110),(1179,96),(1179,110),(1180,96),(1180,110),(1181,122),(1182,122),(1183,32),(1183,122),(1183,141),(1183,281),(1183,284),(1184,43),(1185,43),(1186,43),(1187,43),(1188,43),(1189,32),(1189,281),(1189,283),(1190,32),(1190,281),(1190,283),(1191,12),(1192,12),(1193,12),(1194,141),(1194,284),(1195,16),(1195,19),(1195,125),(1196,16),(1196,19),(1196,125),(1197,16),(1198,52),(1198,242),(1199,52),(1199,242),(1200,87),(1200,154),(1200,156),(1200,201),(1200,280),(1200,282),(1201,32),(1201,156),(1201,165),(1201,280),(1202,87),(1202,154),(1202,156),(1202,165),(1202,280),(1202,282),(1203,87),(1203,154),(1203,156),(1203,165),(1203,280),(1203,282),(1205,156),(1206,63),(1207,63),(1208,63),(1209,63),(1210,63),(1211,63),(1212,63),(1212,65),(1213,63),(1213,65),(1214,63),(1215,63),(1216,63),(1217,63),(1218,63),(1219,63),(1220,63),(1221,63),(1222,168),(1223,168),(1224,168),(1225,168),(1226,168),(1227,65),(1228,43),(1228,80),(1228,169),(1229,156),(1230,154),(1230,156),(1231,87),(1231,154),(1231,156),(1231,282),(1232,87),(1232,141),(1232,153),(1232,154),(1232,156),(1232,282),(1233,87),(1233,154),(1233,156),(1233,282),(1234,298),(1234,325),(1235,298),(1235,325),(1236,298),(1236,325),(1237,298),(1237,325),(1255,97),(1256,19),(1257,16),(1257,19),(1258,17),(1258,19),(1258,125),(1259,125),(1260,16),(1261,82),(1261,122),(1261,325),(1262,174),(1263,99),(1264,32),(1264,141),(1266,15),(1266,133),(1267,133),(1267,308),(1268,133),(1268,308),(1269,133),(1269,308),(1272,64),(1273,64),(1274,64),(1275,55),(1276,55),(1277,176),(1277,210),(1278,176),(1278,208),(1279,65),(1280,66),(1281,66),(1282,66),(1283,66),(1284,66),(1285,66),(1286,66),(1287,66),(1288,66),(1289,66),(1290,66),(1291,66),(1292,66),(1293,66),(1294,66),(1295,65),(1296,65),(1297,65),(1298,65),(1299,65),(1300,65),(1301,65),(1302,65),(1303,65),(1304,65),(1305,65),(1306,65),(1307,65),(1308,65),(1309,65),(1310,65),(1311,63),(1312,177),(1313,177),(1314,177),(1315,179),(1316,179),(1316,208),(1316,210),(1317,179),(1318,179),(1318,208),(1318,210),(1319,179),(1319,210),(1320,32),(1320,281),(1321,80),(1322,32),(1322,148),(1322,281),(1322,283),(1323,32),(1323,281),(1324,32),(1324,281),(1325,32),(1325,141),(1325,281),(1325,284),(1326,298),(1327,176),(1327,209),(1328,73),(1328,257),(1329,73),(1329,257),(1330,73),(1330,257),(1331,73),(1331,257),(1332,73),(1332,257),(1333,73),(1333,257),(1334,73),(1334,257),(1335,73),(1335,257),(1336,65),(1350,99),(1350,174),(1351,99),(1351,174),(1352,298),(1352,325),(1353,125),(1354,125),(1354,133),(1355,54),(1355,244),(1355,324),(1356,54),(1356,244),(1356,324),(1357,244),(1357,324),(1358,54),(1358,244),(1359,244),(1359,372),(1360,244),(1360,372),(1361,152),(1361,206),(1362,206),(1363,204),(1363,289),(1364,203),(1364,285),(1365,203),(1365,285),(1366,183),(1366,288),(1367,183),(1367,203),(1367,284),(1367,285),(1367,288),(1367,290),(1368,203),(1368,285),(1369,203),(1369,285),(1369,290),(1370,203),(1370,285),(1371,203),(1372,182),(1372,184),(1372,203),(1372,207),(1372,285),(1372,290),(1372,317),(1373,182),(1373,184),(1373,203),(1373,207),(1373,285),(1373,290),(1373,317),(1374,182),(1374,184),(1374,203),(1374,285),(1374,290),(1374,317),(1375,203),(1375,285),(1376,203),(1376,285),(1376,290),(1377,203),(1377,285),(1377,290),(1378,32),(1378,281),(1379,154),(1379,182),(1379,207),(1379,286),(1380,182),(1380,286),(1380,317),(1381,204),(1381,289),(1382,204),(1382,289),(1384,52),(1384,242),(1385,63),(1386,63),(1387,63),(1388,63),(1389,63),(1390,63),(1391,65),(1392,65),(1393,162),(1394,162),(1395,162),(1396,162),(1397,162),(1398,162),(1399,162),(1400,162),(1401,65),(1402,65),(1404,63),(1405,63),(1406,63),(1407,63),(1408,63),(1409,63),(1410,63),(1411,63),(1412,65),(1413,65),(1414,204),(1414,289),(1415,204),(1415,289),(1416,204),(1416,289),(1417,204),(1417,289),(1418,204),(1418,289),(1419,204),(1419,289),(1420,204),(1420,289),(1421,204),(1421,289),(1422,204),(1422,289),(1423,32),(1423,141),(1423,281),(1423,284),(1424,202),(1424,203),(1424,285),(1424,286),(1425,32),(1425,281),(1426,32),(1426,281),(1427,32),(1427,148),(1427,281),(1427,283),(1428,32),(1428,281),(1428,283),(1429,186),(1430,82),(1430,256),(1431,82),(1431,256),(1432,82),(1432,256),(1433,82),(1433,256),(1434,82),(1434,256),(1435,82),(1435,256),(1436,82),(1436,256),(1437,82),(1437,256),(1438,82),(1438,256),(1439,82),(1439,256),(1440,82),(1440,256),(1441,58),(1441,245),(1441,303),(1442,58),(1442,245),(1442,303),(1443,58),(1444,58),(1444,245),(1444,303),(1445,58),(1445,245),(1445,303),(1446,58),(1446,245),(1446,303),(1447,58),(1447,245),(1447,303),(1448,58),(1448,245),(1448,303),(1449,58),(1449,245),(1449,303),(1450,58),(1451,58),(1451,245),(1451,303),(1452,58),(1452,245),(1452,303),(1453,58),(1454,58),(1454,245),(1454,303),(1455,58),(1456,58),(1456,245),(1456,303),(1457,58),(1458,58),(1458,245),(1458,303),(1459,58),(1460,58),(1460,245),(1460,303),(1461,53),(1461,239),(1461,244),(1461,342),(1461,371),(1462,53),(1462,239),(1462,244),(1462,342),(1463,53),(1463,239),(1463,244),(1463,342),(1464,53),(1464,239),(1464,244),(1464,342),(1465,53),(1465,239),(1465,244),(1465,342),(1466,53),(1466,239),(1466,244),(1466,342),(1467,53),(1467,239),(1467,244),(1467,342),(1468,53),(1468,239),(1468,244),(1468,342),(1469,53),(1469,239),(1469,244),(1469,342),(1470,53),(1470,239),(1470,244),(1470,342),(1471,53),(1471,239),(1471,244),(1471,342),(1472,53),(1472,239),(1472,244),(1472,342),(1473,224),(1473,260),(1473,262),(1474,224),(1474,260),(1474,262),(1475,224),(1475,260),(1475,262),(1476,224),(1476,260),(1476,262),(1477,224),(1477,260),(1477,262),(1478,224),(1478,260),(1478,262),(1479,224),(1479,260),(1479,262),(1480,224),(1480,260),(1480,262),(1481,224),(1481,260),(1481,262),(1482,132),(1483,132),(1484,132),(1485,187),(1486,187),(1487,187),(1488,187),(1489,187),(1490,187),(1491,187),(1492,187),(1493,187),(1494,187),(1495,44),(1495,109),(1495,226),(1495,228),(1495,263),(1495,264),(1496,44),(1496,109),(1496,226),(1496,228),(1496,263),(1496,264),(1497,144),(1497,249),(1497,272),(1498,96),(1498,99),(1498,110),(1499,109),(1499,224),(1499,228),(1499,260),(1499,262),(1499,263),(1500,45),(1500,224),(1500,227),(1500,260),(1500,262),(1500,266),(1501,45),(1501,227),(1501,266),(1502,45),(1502,224),(1502,227),(1502,260),(1502,262),(1502,266),(1503,16),(1503,19),(1504,132),(1505,132),(1506,132),(1507,0),(1508,133),(1509,133),(1510,189),(1511,189),(1512,189),(1513,189),(1514,189),(1515,189),(1516,189),(1517,189),(1518,189),(1519,294),(1519,300),(1520,294),(1520,300),(1521,294),(1521,300),(1522,294),(1522,300),(1523,294),(1523,300),(1524,122),(1525,294),(1525,300),(1526,53),(1526,239),(1526,343),(1527,244),(1527,343),(1528,144),(1528,249),(1528,272),(1529,144),(1529,249),(1529,272),(1530,144),(1530,249),(1530,272),(1531,144),(1531,249),(1531,272),(1532,53),(1532,239),(1533,132),(1534,52),(1534,242),(1535,133),(1536,133),(1537,132),(1538,132),(1539,53),(1539,239),(1540,44),(1540,226),(1540,264),(1541,44),(1541,226),(1541,264),(1542,44),(1542,226),(1542,264),(1543,44),(1543,226),(1543,264),(1544,44),(1544,226),(1544,264),(1545,44),(1545,226),(1545,264),(1546,32),(1546,141),(1546,281),(1546,284),(1547,32),(1547,141),(1547,281),(1547,284),(1548,32),(1548,141),(1548,281),(1548,284),(1549,32),(1549,141),(1549,281),(1549,284),(1550,32),(1550,141),(1550,281),(1550,284),(1551,32),(1551,281),(1552,32),(1552,141),(1552,281),(1552,284),(1553,32),(1553,141),(1553,281),(1553,284),(1554,32),(1554,141),(1554,281),(1554,284),(1555,202),(1555,203),(1555,285),(1555,290),(1556,202),(1556,203),(1556,285),(1556,290),(1557,202),(1557,203),(1557,285),(1557,290),(1558,202),(1558,203),(1558,285),(1558,290),(1559,202),(1559,203),(1559,285),(1559,290),(1560,141),(1560,284),(1561,141),(1561,284),(1562,141),(1562,284),(1563,141),(1563,284),(1564,63),(1565,63),(1566,148),(1567,32),(1567,141),(1567,281),(1568,32),(1568,141),(1568,281),(1568,284),(1569,32),(1569,141),(1569,281),(1569,284),(1570,32),(1570,141),(1570,281),(1570,284),(1571,202),(1571,203),(1571,285),(1571,290),(1572,32),(1572,141),(1572,281),(1572,284),(1573,32),(1573,141),(1573,281),(1573,284),(1574,32),(1574,141),(1574,281),(1574,284),(1575,32),(1575,141),(1575,281),(1575,284),(1576,32),(1576,281),(1577,65),(1578,59),(1578,246),(1578,270),(1579,59),(1579,246),(1579,270),(1580,59),(1580,246),(1580,270),(1581,59),(1581,246),(1581,270),(1582,59),(1582,246),(1582,270),(1583,58),(1583,245),(1583,303),(1584,58),(1584,245),(1584,303),(1585,58),(1585,245),(1585,303),(1586,58),(1586,245),(1586,303),(1587,53),(1587,54),(1587,152),(1587,239),(1587,244),(1587,324),(1588,53),(1588,54),(1588,239),(1588,244),(1589,53),(1589,54),(1589,239),(1589,244),(1590,53),(1590,239),(1590,244),(1590,342),(1591,158),(1591,243),(1591,244),(1592,158),(1592,243),(1592,244),(1593,158),(1593,243),(1593,244),(1594,158),(1594,191),(1594,243),(1595,54),(1595,158),(1595,243),(1595,244),(1596,158),(1596,243),(1596,244),(1597,158),(1597,243),(1597,244),(1598,158),(1598,243),(1598,244),(1599,158),(1599,243),(1599,244),(1600,158),(1600,243),(1600,244),(1601,224),(1601,260),(1601,262),(1602,224),(1602,260),(1602,262),(1603,224),(1603,260),(1603,262),(1604,224),(1604,260),(1604,262),(1605,224),(1605,260),(1605,262),(1606,224),(1606,260),(1606,262),(1607,224),(1607,260),(1607,262),(1608,109),(1608,228),(1608,263),(1609,45),(1609,109),(1609,227),(1609,228),(1609,263),(1609,266),(1610,45),(1610,109),(1610,227),(1610,228),(1610,263),(1610,266),(1611,44),(1611,226),(1611,264),(1612,44),(1612,226),(1612,264),(1613,44),(1613,226),(1613,264),(1614,98),(1615,98),(1616,98),(1617,218),(1617,255),(1618,218),(1618,255),(1619,218),(1619,255),(1620,218),(1620,255),(1621,193),(1621,254),(1622,193),(1622,254),(1623,193),(1623,254),(1624,193),(1624,254),(1625,193),(1625,254),(1626,193),(1626,254),(1627,193),(1627,254),(1628,52),(1628,53),(1628,54),(1628,239),(1628,244),(1629,54),(1629,244),(1630,53),(1630,239),(1630,343),(1631,53),(1631,239),(1631,343),(1632,53),(1632,239),(1633,44),(1633,226),(1633,264),(1634,44),(1634,226),(1634,264),(1635,109),(1635,228),(1635,263),(1636,109),(1636,228),(1636,263),(1637,109),(1637,228),(1637,263),(1638,72),(1638,229),(1638,265),(1639,218),(1639,255),(1641,194),(1642,194),(1643,190),(1644,190),(1646,194),(1648,53),(1648,239),(1649,53),(1649,239),(1650,53),(1650,239),(1651,53),(1651,239),(1652,53),(1652,239),(1654,96),(1655,108),(1655,241),(1656,108),(1656,241),(1657,64),(1658,66),(1659,66),(1660,66),(1661,66),(1662,66),(1663,66),(1664,66),(1665,65),(1666,65),(1667,65),(1668,65),(1669,65),(1670,65),(1671,65),(1672,65),(1673,65),(1674,65),(1675,65),(1676,65),(1677,65),(1678,65),(1679,65),(1680,65),(1681,65),(1682,133),(1684,133),(1685,133),(1685,308),(1686,238),(1687,63),(1688,63),(1689,63),(1690,11),(1691,11),(1692,11),(1693,11),(1694,15),(1695,132),(1696,132),(1697,132),(1698,132),(1699,132),(1700,132),(1701,80),(1702,13),(1702,80),(1703,80),(1704,11),(1705,11),(1706,11),(1707,132),(1708,60),(1708,247),(1708,271),(1709,60),(1709,247),(1709,271),(1710,60),(1710,247),(1710,271),(1711,60),(1711,247),(1711,271),(1712,60),(1712,247),(1712,271),(1713,60),(1713,247),(1713,271),(1714,133),(1715,133),(1716,201),(1716,280),(1717,201),(1717,280),(1718,201),(1718,280),(1719,201),(1719,280),(1720,202),(1721,202),(1722,202),(1723,202),(1724,202),(1725,202),(1726,202),(1727,202),(1728,202),(1729,202),(1730,202),(1731,73),(1731,257),(1732,73),(1732,257),(1733,73),(1733,257),(1734,73),(1734,257),(1735,73),(1735,257),(1736,73),(1736,257),(1737,73),(1737,257),(1738,73),(1738,257),(1739,73),(1739,257),(1740,179),(1740,210),(1741,53),(1741,239),(1742,53),(1742,239),(1743,53),(1743,239),(1744,53),(1744,239),(1745,53),(1746,53),(1746,239),(1747,53),(1747,239),(1748,53),(1748,239),(1749,53),(1749,239),(1750,53),(1750,239),(1751,162),(1752,162),(1753,162),(1754,162),(1755,162),(1756,162),(1757,162),(1758,65),(1759,65),(1760,65),(1761,65),(1762,65),(1763,65),(1764,65),(1765,65),(1766,65),(1767,65),(1768,65),(1769,65),(1770,65),(1771,65),(1772,65),(1773,66),(1774,66),(1775,66),(1776,66),(1777,66),(1778,66),(1779,66),(1780,66),(1781,66),(1782,66),(1783,177),(1784,177),(1785,59),(1785,246),(1785,270),(1786,59),(1786,246),(1786,270),(1787,59),(1787,246),(1787,270),(1788,59),(1788,246),(1788,270),(1789,59),(1789,246),(1789,270),(1790,59),(1790,246),(1790,270),(1791,59),(1791,246),(1791,270),(1792,109),(1792,228),(1792,263),(1793,109),(1793,263),(1794,203),(1794,285),(1795,52),(1795,242),(1796,158),(1796,243),(1796,244),(1797,52),(1797,242),(1998,212),(1999,212),(2000,212),(2001,212),(2002,212),(2003,212),(2005,212),(2006,212),(2007,212),(2008,212),(2009,212),(2010,212),(2011,212),(2012,212),(2013,54),(2013,244),(2014,54),(2014,244),(2015,54),(2015,244),(2016,23),(2016,87),(2016,141),(2016,284),(2017,23),(2017,87),(2017,141),(2017,284),(2018,23),(2018,87),(2018,141),(2018,182),(2018,284),(2019,23),(2019,87),(2019,141),(2019,284),(2020,202),(2020,203),(2020,285),(2020,290),(2021,202),(2021,203),(2021,285),(2021,290),(2022,202),(2022,203),(2022,285),(2022,290),(2023,202),(2023,203),(2023,285),(2023,290),(2024,213),(2025,213),(2027,65),(2028,65),(2029,65),(2030,66),(2031,65),(2032,65),(2033,65),(2034,216),(2034,337),(2035,216),(2035,337),(2036,217),(2036,337),(2037,217),(2037,337),(2038,217),(2038,335),(2039,217),(2039,340),(2040,217),(2040,337),(2040,339),(2041,217),(2041,339),(2042,74),(2042,252),(2043,74),(2043,252),(2044,74),(2044,252),(2045,219),(2045,253),(2046,219),(2046,253),(2047,219),(2047,253),(2048,219),(2048,253),(2049,219),(2049,253),(2050,219),(2050,253),(2051,53),(2051,239),(2052,53),(2052,239),(2053,53),(2053,239),(2054,54),(2054,244),(2055,53),(2055,239),(2056,53),(2056,239),(2057,44),(2057,226),(2057,264),(2058,53),(2058,239),(2059,53),(2059,239),(2059,342),(2060,32),(2060,281),(2061,205),(2061,326),(2062,205),(2062,326),(2063,218),(2063,255),(2064,66),(2065,66),(2066,66),(2067,66),(2068,66),(2069,66),(2070,66),(2071,66),(2072,65),(2073,65),(2074,65),(2075,162),(2076,162),(2077,133),(2078,53),(2078,54),(2078,244),(2079,59),(2079,246),(2079,270),(2080,59),(2080,246),(2080,270),(2081,59),(2081,270),(2082,59),(2082,246),(2083,59),(2083,246),(2083,270),(2084,59),(2084,246),(2084,270),(2085,133),(2085,308),(2086,132),(2087,133),(2088,133),(2089,133),(2089,308),(2090,133),(2090,308),(2092,155),(2092,240),(2093,155),(2093,240),(2094,155),(2094,240),(2095,155),(2095,240),(2096,155),(2096,240),(2097,155),(2097,240),(2098,155),(2098,240),(2099,59),(2099,246),(2099,270),(2100,59),(2100,246),(2100,270),(2101,53),(2101,239),(2102,53),(2102,239),(2103,53),(2103,239),(2103,244),(2103,342),(2106,298),(2106,325),(2107,335),(2108,133),(2109,133),(2109,308),(2110,132),(2111,132),(2112,292),(2113,145),(2113,250),(2113,273),(2114,145),(2114,250),(2114,273),(2115,145),(2115,250),(2115,273),(2116,202),(2116,203),(2117,202),(2117,203),(2118,202),(2118,203),(2119,202),(2119,203),(2121,291),(2122,291),(2123,32),(2123,132),(2124,32),(2125,32),(2126,133),(2127,53),(2127,54),(2127,239),(2127,244),(2128,53),(2128,343),(2129,213),(2130,213),(2131,65),(2132,66),(2133,66),(2134,66),(2135,53),(2136,53),(2136,54),(2136,239),(2136,244),(2136,342),(2137,53),(2137,54),(2137,239),(2137,244),(2138,53),(2138,54),(2138,239),(2138,244),(2139,54),(2139,244),(2140,54),(2141,291),(2142,304),(2143,82),(2143,256),(2144,82),(2145,82),(2146,54),(2147,133),(2148,133),(2149,133),(2151,133),(2152,133),(2153,133),(2154,133),(2155,133),(2156,133),(2157,133),(2158,133),(2159,133),(2160,133),(2161,308),(2162,308),(2163,145),(2163,250),(2163,273),(2164,206),(2165,133),(2165,308),(2166,343),(2167,132),(2168,54),(2168,158),(2168,243),(2168,244),(2169,281),(2170,133),(2171,133),(2172,308),(2173,133),(2174,133),(2175,308),(2176,216),(2176,334),(2177,216),(2177,339),(2178,337),(2179,335),(2180,216),(2180,337),(2181,217),(2181,338),(2182,335),(2183,339),(2184,337),(2185,217),(2185,335),(2186,216),(2186,217),(2186,339),(2187,335),(2188,216),(2188,337),(2189,335),(2190,217),(2190,335),(2191,216),(2191,335),(2192,217),(2192,335),(2192,344),(2193,337),(2194,216),(2194,338),(2195,337),(2196,216),(2196,217),(2196,335),(2197,216),(2197,217),(2197,335),(2198,216),(2198,217),(2198,340),(2199,216),(2199,338),(2200,217),(2200,338),(2201,335),(2202,216),(2202,334),(2203,216),(2203,334),(2204,216),(2204,217),(2204,335),(2205,338),(2206,337),(2207,335),(2208,216),(2208,334),(2209,217),(2209,335),(2210,217),(2210,335),(2211,216),(2211,334),(2212,337),(2213,334),(2214,337),(2215,335),(2216,217),(2216,335),(2217,216),(2217,217),(2217,335),(2218,216),(2218,334),(2219,216),(2219,334),(2220,216),(2220,217),(2220,335),(2221,216),(2221,339),(2222,337),(2223,216),(2223,217),(2223,340),(2225,133),(2225,308),(2226,133),(2227,133),(2227,308),(2228,66),(2229,66),(2230,66),(2231,66),(2232,66),(2233,66),(2234,133),(2235,133),(2236,156),(2237,156),(2238,311),(2239,48),(2239,103),(2239,258),(2240,311),(2241,311),(2242,311),(2243,311),(2244,141),(2245,141),(2246,132),(2247,202),(2248,202),(2249,202),(2250,202),(2251,202),(2252,308),(2253,133),(2254,133),(2255,132),(2256,54),(2256,158),(2256,244),(2257,325),(2258,325),(2259,82),(2259,256),(2260,312),(2261,307),(2262,307),(2263,307),(2264,307),(2265,307),(2266,133),(2266,312),(2267,133),(2268,48),(2268,103),(2269,48),(2269,103),(2270,48),(2270,103),(2271,48),(2271,103),(2272,48),(2272,103),(2272,258),(2273,133),(2274,133),(2275,224),(2275,260),(2276,224),(2278,43),(2279,43),(2280,182),(2280,317),(2281,158),(2281,243),(2281,244),(2282,158),(2282,243),(2282,244),(2283,158),(2283,243),(2283,244),(2284,133),(2284,306),(2284,308),(2285,183),(2286,183),(2287,238),(2288,217),(2288,337),(2289,337),(2290,337),(2291,216),(2291,217),(2291,334),(2292,217),(2292,335),(2293,217),(2293,335),(2294,337),(2295,244),(2295,343),(2296,343),(2297,53),(2298,48),(2298,103),(2299,32),(2300,32),(2301,32),(2302,203),(2303,203),(2304,203),(2305,203),(2306,317),(2307,82),(2308,133),(2308,306),(2308,308),(2309,319),(2309,320),(2310,319),(2310,320),(2311,183),(2312,183),(2313,183),(2314,32),(2315,321),(2316,322),(2317,322),(2318,63),(2319,63),(2320,63),(2321,63),(2322,63),(2323,63),(2325,133),(2326,133),(2327,133),(2328,238),(2329,325),(2329,346),(2330,52),(2331,63),(2332,63),(2333,177),(2334,302),(2335,52),(2336,52),(2337,218),(2338,54),(2339,65),(2340,65),(2341,65),(2342,65),(2343,65),(2344,65),(2345,65),(2346,65),(2347,65),(2348,65),(2349,65),(2350,65),(2351,65),(2352,54),(2353,53),(2353,239),(2353,342),(2354,53),(2354,239),(2354,342),(2355,53),(2355,239),(2355,342),(2356,53),(2356,239),(2356,342),(2357,53),(2357,239),(2357,342),(2358,53),(2358,239),(2358,342),(2359,53),(2359,239),(2359,342),(2360,53),(2360,239),(2361,203),(2362,203),(2363,203),(2364,203),(2365,203),(2366,54),(2367,54),(2368,54),(2368,244),(2369,54),(2369,244),(2370,53),(2370,239),(2370,244),(2370,342),(2371,133),(2372,133),(2373,193),(2374,74),(2374,193),(2375,53),(2375,239),(2375,343),(2376,53),(2376,54),(2376,239),(2376,244),(2377,54),(2377,244),(2378,82),(2378,218),(2378,255),(2378,256),(2379,82),(2379,218),(2379,255),(2379,256),(2380,218),(2380,255),(2381,218),(2384,308),(2385,132),(2386,325),(2387,132),(2388,133),(2389,132),(2390,133),(2391,63),(2392,63),(2393,324),(2394,324),(2395,324),(2396,122),(2396,133),(2397,133),(2397,308),(2398,133),(2399,133),(2400,133),(2401,132),(2402,133),(2403,335),(2403,344),(2404,133),(2405,54),(2406,54),(2407,53),(2407,342),(2408,53),(2408,342),(2409,53),(2410,155),(2410,240),(2411,155),(2411,240),(2412,155),(2412,240),(2413,155),(2413,240),(2414,155),(2414,240),(2415,325),(2416,52),(2416,242),(2417,52),(2417,242),(2418,52),(2418,242),(2419,52),(2419,242),(2420,52),(2420,242),(2421,52),(2421,242),(2422,244),(2422,343),(2423,54),(2423,244),(2424,244),(2424,343),(2425,54),(2425,244),(2426,244),(2426,343),(2427,244),(2427,343),(2428,54),(2428,244),(2429,54),(2429,244),(2430,54),(2431,54),(2432,343),(2433,244),(2433,342),(2434,244),(2434,342),(2435,244),(2435,342),(2436,54),(2437,54),(2437,244),(2438,54),(2438,158),(2438,243),(2438,244),(2439,44),(2440,44),(2442,52),(2443,322),(2444,322),(2445,322),(2446,322),(2447,322),(2448,260),(2449,260),(2450,260),(2451,334),(2452,334),(2453,340),(2454,334),(2455,338),(2456,338),(2457,338),(2458,338),(2459,338),(2460,338),(2461,339),(2462,339),(2463,339),(2464,339),(2465,339),(2466,335),(2467,260),(2467,262),(2468,244),(2468,343),(2469,325),(2470,133),(2471,133),(2473,346),(2475,52),(2476,54),(2477,32),(2477,141),(2478,87),(2479,32),(2480,32),(2481,184),(2482,66),(2483,65),(2484,65),(2485,65),(2486,65),(2487,65),(2488,65),(2489,65),(2490,64),(2490,65),(2491,64),(2491,65),(2492,64),(2492,65),(2493,63),(2494,63),(2495,63),(2496,63),(2497,63),(2498,63),(2499,63),(2500,63),(2501,65),(2502,65),(2503,65),(2504,65),(2505,65),(2506,65),(2507,65),(2508,65),(2509,65),(2510,65),(2511,65),(2512,65),(2513,54),(2514,335),(2514,344),(2515,337),(2516,339),(2517,339),(2518,339),(2519,339),(2520,335),(2520,344),(2521,335),(2521,344),(2522,339),(2523,339),(2524,339),(2525,335),(2525,344),(2526,335),(2526,344),(2527,335),(2527,344),(2528,335),(2528,344),(2529,339),(2530,53),(2530,239),(2531,53),(2531,239),(2532,53),(2532,239),(2533,244),(2533,343),(2535,327),(2536,327),(2538,238),(2539,54),(2540,54),(2541,54),(2542,53),(2542,239),(2543,339),(2544,339),(2545,52),(2546,52),(2547,52),(2548,52),(2549,370),(2550,52),(2551,52),(2552,52),(2554,132),(2555,54),(2557,323),(2557,328),(2558,133),(2559,332),(2560,325),(2562,132),(2563,133),(2565,133),(2566,133),(2567,133),(2568,335),(2568,344),(2569,335),(2569,344),(2570,335),(2570,344),(2571,335),(2571,344),(2572,335),(2572,344),(2573,323),(2574,71),(2576,204),(2577,204),(2578,204),(2579,204),(2580,204),(2581,204),(2582,204),(2583,204),(2584,204),(2585,204),(2586,205),(2587,203),(2588,141),(2589,133),(2590,133),(2591,133),(2592,133),(2593,133),(2594,133),(2595,133),(2596,133),(2597,32),(2598,133),(2599,133),(2600,133),(2601,133),(2602,133),(2603,74),(2604,74),(2605,74),(2606,74),(2607,74),(2608,74),(2609,74),(2610,74),(2611,74),(2612,74),(2613,74),(2614,74),(2615,218),(2616,203),(2617,203),(2618,204),(2619,204),(2620,204),(2621,317),(2622,141),(2622,281),(2622,284),(2623,183),(2624,183),(2625,204),(2626,341),(2627,341),(2628,182),(2628,317),(2629,182),(2629,317),(2630,182),(2631,63),(2632,63),(2633,63),(2634,63),(2635,63),(2636,63),(2637,63),(2638,65),(2639,65),(2640,65),(2641,65),(2642,238),(2643,238),(2644,32),(2645,32),(2646,203),(2647,11),(2648,11),(2649,11),(2650,11),(2651,11),(2652,11),(2653,11),(2654,11),(2655,11),(2656,11),(2657,11),(2658,11),(2659,335),(2660,132),(2661,325),(2662,325),(2663,325),(2664,325),(2665,325),(2666,327),(2667,327),(2668,327),(2669,327),(2670,327),(2671,327),(2672,327),(2673,133),(2674,327),(2675,52),(2676,335),(2677,335),(2678,335),(2679,340),(2680,340),(2681,340),(2682,334),(2683,334),(2684,334),(2685,334),(2686,334),(2687,337),(2688,337),(2689,337),(2690,337),(2691,337),(2692,337),(2693,337),(2694,337),(2695,337),(2696,337),(2697,337),(2698,337),(2699,54),(2699,244),(2700,54),(2700,244),(2701,54),(2701,244),(2702,54),(2702,244),(2703,54),(2703,244),(2704,327),(2705,54),(2705,342),(2706,54),(2706,244),(2706,342),(2707,325),(2708,324),(2709,54),(2710,326),(2711,54),(2711,244),(2712,346),(2713,327),(2714,158),(2715,327),(2716,327),(2717,325),(2718,132),(2719,103),(2720,103),(2721,103),(2722,103),(2723,103),(2727,338),(2728,338),(2729,338),(2730,327),(2731,327),(2732,345),(2733,325),(2734,327),(2735,132),(2736,132),(2737,338),(2737,339),(2738,54),(2738,244),(2739,338),(2740,372),(2741,324),(2742,370),(2743,324),(2744,324),(2745,324),(2746,87),(2747,87),(2748,87),(2749,182),(2750,182),(2750,184),(2751,184),(2752,184),(2753,184),(2754,184),(2755,184),(2756,184),(2757,201),(2758,133),(2759,359),(2760,359),(2761,359),(2764,325),(2765,54),(2765,244),(2765,342),(2766,325),(2767,78),(2768,78),(2769,78),(2770,78),(2771,78),(2772,78),(2773,78),(2774,78),(2775,78),(2776,78),(2777,78),(2778,78),(2779,325),(2780,325),(2781,324),(2782,324),(2783,372),(2784,324),(2785,372),(2786,372),(2787,345),(2788,359),(2789,359),(2790,53),(2791,53),(2792,53),(2792,342),(2793,325),(2794,325),(2795,359),(2796,359),(2797,359),(2798,238),(2799,238),(2800,238),(2801,238),(2802,238),(2804,52),(2805,52),(2806,52),(2807,52),(2808,43),(2809,43),(2810,359),(2811,359),(2812,53),(2813,53),(2814,270),(2815,270),(2816,270),(2817,144),(2818,272),(2819,272),(2820,262),(2821,262),(2822,32),(2822,148),(2823,32),(2824,177),(2825,177),(2826,177),(2827,53),(2828,54),(2828,342),(2829,54),(2829,342),(2830,54),(2830,342),(2831,54),(2831,342),(2832,53),(2832,342),(2833,53),(2833,342),(2834,53),(2834,342),(2835,53),(2835,342),(2836,53),(2836,342),(2837,53),(2837,342),(2838,342),(2839,54),(2840,54),(2841,54),(2842,54),(2843,54),(2844,54),(2845,54),(2846,72),(2847,72),(2848,44),(2849,44),(2850,45),(2851,45),(2852,103),(2853,103),(2854,103),(2855,103),(2856,359),(2857,359),(2858,359),(2859,359),(2860,359),(2861,359),(2862,359),(2863,359),(2864,359),(2865,359),(2866,359),(2867,359),(2868,359),(2869,359),(2870,359),(2871,359),(2872,65),(2873,65),(2874,65),(2875,270),(2876,133),(2878,363),(2879,363),(2880,364),(2881,325),(2882,325),(2883,325),(2884,365),(2885,346),(2886,346),(2887,346),(2888,346),(2889,346),(2890,327),(2891,327),(2892,325),(2893,73),(2894,73),(2895,73),(2896,73),(2897,73),(2898,73),(2899,73),(2900,73),(2901,73),(2902,73),(2903,73),(2904,73),(2905,73),(2906,73),(2907,73),(2908,366),(2909,366),(2910,366),(2911,366),(2912,366),(2913,366),(2914,337),(2915,337),(2916,337),(2917,337),(2918,337),(2919,337),(2920,337),(2921,335),(2921,337),(2922,337),(2923,337),(2924,337),(2925,337),(2926,335),(2927,32),(2928,32),(2929,184),(2930,141),(2931,317),(2932,317),(2933,317),(2934,317),(2935,204),(2936,204),(2937,204),(2938,182),(2938,317),(2939,182),(2940,183),(2941,98),(2942,98),(2943,98),(2944,98),(2945,98),(2946,11),(2947,11),(2948,11),(2949,11),(2950,11),(2951,11),(2952,11),(2953,11),(2954,11),(2955,11),(2956,11),(2957,11),(2958,11),(2959,52),(2960,52),(2961,52),(2962,52),(2963,99),(2964,99),(2965,96),(2965,99),(2966,97),(2967,97),(2968,97),(2969,97),(2970,97),(2971,97),(2972,97),(2972,98),(2972,110),(2973,359),(2974,327),(2975,327),(2976,327),(2977,327),(2978,203),(2978,317),(2979,203),(2979,317),(2980,203),(2980,317),(2981,203),(2981,317),(2982,203),(2982,317),(2983,203),(2983,317),(2984,203),(2984,317),(2985,203),(2985,317),(2986,203),(2986,317),(2987,203),(2987,317),(2988,203),(2988,317),(2989,203),(2989,317),(2990,367),(2990,368),(2991,367),(2991,368),(2992,367),(2992,368),(2993,367),(2993,368),(2994,367),(2994,368),(2995,367),(2995,368),(2996,338),(2997,338),(2998,338),(2999,338),(3000,338),(3001,338),(3002,132),(3003,335),(3004,335),(3005,53),(3005,54),(3005,244),(3006,53),(3006,54),(3006,244),(3006,367),(3006,368),(3007,53),(3007,54),(3007,244),(3008,54),(3008,244),(3009,54),(3009,244),(3010,54),(3010,244),(3010,367),(3011,54),(3011,244),(3011,367),(3012,53),(3012,54),(3013,53),(3013,54),(3014,54),(3014,244),(3015,54),(3015,244),(3015,367),(3015,368),(3016,54),(3016,244),(3016,367),(3017,54),(3017,343),(3017,367),(3018,54),(3018,244),(3018,367),(3018,368),(3019,54),(3019,239),(3019,244),(3019,342),(3019,367),(3020,54),(3020,239),(3020,244),(3020,342),(3020,367),(3021,53),(3021,244),(3021,342),(3021,367),(3022,53),(3022,239),(3022,244),(3022,342),(3022,367),(3023,54),(3023,244),(3024,54),(3024,244),(3025,54),(3026,54),(3026,244),(3027,54),(3028,54),(3029,337),(3030,54),(3030,244),(3030,367),(3030,368),(3031,54),(3031,244),(3031,367),(3031,368),(3032,54),(3032,244),(3032,367),(3032,368),(3033,54),(3033,244),(3033,367),(3033,368),(3034,54),(3034,244),(3034,367),(3034,368),(3035,54),(3035,244),(3035,367),(3035,368),(3036,54),(3036,244),(3036,367),(3036,368),(3037,54),(3037,244),(3037,367),(3037,368),(3038,54),(3038,244),(3038,367),(3038,368),(3039,54),(3039,244),(3039,367),(3039,368),(3040,54),(3040,244),(3040,367),(3040,368),(3041,54),(3041,244),(3041,367),(3041,368),(3042,371),(3043,371),(3044,370),(3045,370),(3046,158),(3047,372),(3048,370),(3049,371),(3050,370),(3051,371),(3052,371),(3052,372),(3053,370),(3054,370),(3055,370),(3056,371),(3056,372),(3057,324),(3058,342),(3059,370),(3060,370),(3061,96),(3062,97),(3063,99),(3064,32),(3065,32),(3066,32),(3067,32),(3068,32);

--
-- Table structure for table `products_to_products_extra_fields`
--

CREATE TABLE `products_to_products_extra_fields` (
  `products_id` int(11) NOT NULL DEFAULT '0',
  `products_extra_fields_id` int(11) NOT NULL DEFAULT '0',
  `products_extra_fields_value` varchar(64) DEFAULT NULL,
  PRIMARY KEY (`products_id`,`products_extra_fields_id`)
) ENGINE=MyISAM DEFAULT CHARSET=latin1;

--
-- Dumping data for table `products_to_products_extra_fields`
--


--
-- Table structure for table `products_xsell`
--

CREATE TABLE `products_xsell` (
  `ID` int(10) NOT NULL AUTO_INCREMENT,
  `products_id` int(10) unsigned NOT NULL DEFAULT '1',
  `xsell_id` int(10) unsigned NOT NULL DEFAULT '1',
  `sort_order` int(10) unsigned NOT NULL DEFAULT '1',
  PRIMARY KEY (`ID`)
) ENGINE=MyISAM AUTO_INCREMENT=552 DEFAULT CHARSET=utf8 COLLATE=utf8_unicode_ci;

--
-- Dumping data for table `products_xsell`
--

INSERT INTO `products_xsell` VALUES (1,131,10,1),(2,146,442,1),(12,471,257,1),(9,442,469,1),(11,471,256,1),(10,471,255,1),(13,471,260,1),(14,471,261,1),(15,471,30,1),(16,471,40,1),(17,471,27,1),(18,471,19,1),(98,632,652,1),(20,262,708,1),(21,804,743,1),(22,64,744,1),(23,64,501,1),(24,64,678,1),(25,64,672,1),(26,1188,902,1),(27,1188,455,1),(28,1188,450,1),(29,1188,845,1),(30,1188,1067,1),(31,1188,513,1),(32,1188,755,1),(33,1188,576,1),(34,1188,571,1),(35,1188,1184,1),(36,1237,25,1),(38,1698,945,1),(39,1698,1650,1),(40,1698,1650,1),(41,1698,1656,1),(42,89,17,1),(43,89,680,1),(44,366,1739,1),(45,1739,366,1),(46,1736,1198,1),(47,1198,1736,1),(48,1737,693,1),(49,1199,1735,1),(50,1735,1199,1),(51,712,1732,1),(52,250,345,1),(53,2168,2013,1),(54,2168,2014,1),(56,2013,2168,1),(57,2013,1599,1),(58,2013,2168,1),(59,2014,1599,1),(60,2014,2168,1),(64,176,220,1),(63,176,220,1),(65,176,303,1),(66,176,1656,1),(67,176,303,1),(68,176,1656,1),(69,2204,2227,1),(71,2211,2227,1),(72,2211,2227,1),(74,2227,2192,1),(75,2227,2198,1),(76,2227,2196,1),(77,2227,2197,1),(78,2227,2204,1),(79,2227,2208,1),(80,2227,2208,1),(81,2225,2192,1),(82,2225,2216,1),(83,2225,2198,1),(84,2225,2223,1),(85,2225,2196,1),(86,2225,2197,1),(87,2225,2204,1),(88,2225,2203,1),(89,2225,2208,1),(90,2225,2186,1),(91,2225,2184,1),(92,2102,2210,1),(93,2102,2198,1),(94,2102,2201,1),(95,2102,306,1),(96,2256,652,1),(100,652,2256,1),(99,632,652,1),(101,652,2256,1),(102,652,632,4),(114,2258,2083,1),(113,2258,212,1),(112,2257,947,1),(111,2257,180,1),(110,2257,180,1),(115,1700,1626,1),(116,1700,1627,1),(117,1700,1624,1),(118,1700,1625,1),(119,1700,1621,1),(120,1700,1623,1),(121,1700,1622,1),(122,1699,2056,1),(123,1699,1743,1),(124,1699,1742,1),(125,1699,2051,1),(126,1699,2135,1),(127,1699,171,1),(128,1482,165,1),(129,1482,166,1),(130,1482,1425,1),(131,1482,2241,1),(132,1482,2240,1),(133,1483,612,1),(134,1483,2259,1),(135,1483,1432,1),(136,1483,1434,1),(137,1483,1435,1),(138,1483,1437,1),(139,1505,650,1),(140,1505,174,1),(141,1505,178,1),(142,1505,183,1),(143,1505,161,1),(144,1505,649,1),(156,1504,1463,1),(155,1504,161,1),(154,1504,2101,1),(153,1504,189,1),(152,1504,183,1),(151,1504,2256,1),(157,1504,721,1),(158,1504,721,1),(159,1504,183,1),(160,1504,2101,1),(161,1504,161,1),(162,1504,189,1),(163,1504,1463,1),(164,1506,366,1),(165,1506,1739,1),(166,1506,729,1),(167,1506,1384,1),(168,1506,716,1),(169,1506,1331,1),(170,1506,727,1),(171,2110,2256,1),(172,2110,606,1),(173,2110,1355,1),(174,2110,1357,1),(175,2110,1356,1),(176,2110,1358,1),(177,2110,1596,1),(178,2086,514,1),(179,2086,1055,1),(180,2086,1384,1),(181,2086,727,1),(182,2086,1199,1),(183,2086,1733,1),(184,2086,277,1),(185,2086,692,1),(186,2167,2256,1),(187,2167,2013,1),(188,2167,2014,1),(189,2167,664,1),(190,2167,1598,1),(191,2167,1599,1),(192,1538,1183,1),(193,201,146,1),(194,201,1633,1),(195,201,1611,1),(196,201,149,1),(197,201,135,1),(198,201,637,1),(199,858,146,1),(200,858,1541,1),(201,858,1633,1),(202,858,1611,1),(203,858,149,1),(204,858,1634,1),(205,859,2080,1),(206,859,2081,1),(207,859,1580,1),(208,859,304,1),(209,859,408,1),(210,859,420,1),(211,861,242,1),(212,861,244,1),(213,861,289,1),(214,861,1795,1),(215,861,250,1),(216,861,246,1),(217,861,343,1),(218,2111,2139,1),(219,2111,664,1),(220,2111,1355,1),(221,2111,1357,1),(222,2111,1356,1),(223,2111,722,1),(228,2293,2297,1),(229,1254,2293,1),(230,1254,2293,1),(231,2297,2293,1),(235,165,2294,1),(234,165,153,1),(236,165,1656,1),(237,165,1656,1),(238,165,2294,1),(239,721,2081,1),(240,721,303,1),(241,721,2209,1),(242,721,2185,1),(243,721,372,1),(244,721,1656,1),(245,409,2371,1),(246,2371,409,1),(247,2372,2098,1),(248,1628,1467,7),(249,1628,1471,1),(250,1628,1466,1),(251,1628,1465,1),(252,1628,1464,1),(253,1628,2357,6),(254,1628,2359,7),(255,1628,1472,4),(256,1628,1462,8),(257,1628,1470,1),(258,1628,1463,1),(261,1466,1628,9),(260,1465,1628,9),(262,1466,1467,7),(263,1466,1465,1),(264,1466,1464,1),(265,1466,1472,4),(266,1466,1628,9),(267,1466,1462,8),(268,1466,1470,1),(269,1466,1463,1),(281,1464,1463,1),(280,1464,1471,1),(279,1464,1470,1),(278,1464,1472,1),(277,1464,1465,1),(276,1464,1466,1),(282,1464,1471,1),(283,1464,1466,1),(284,1464,1465,1),(285,1464,1472,1),(286,1464,1628,1),(287,1464,1470,1),(288,1464,1463,1),(300,1472,1463,1),(299,1472,1471,1),(298,1472,1470,1),(297,1472,1464,1),(296,1472,1465,1),(295,1472,1466,1),(301,1472,1471,1),(302,1472,1466,1),(303,1472,1465,1),(304,1472,1464,1),(305,1472,1628,1),(306,1472,1470,1),(307,1472,1463,1),(308,2385,2123,1),(309,2387,2259,1),(310,2387,2180,1),(321,2402,1607,1),(318,2397,1604,1),(316,2396,1656,1),(315,2396,632,4),(317,2396,1656,1),(319,2397,1604,1),(320,2397,1656,1),(322,2402,153,1),(323,2402,1607,1),(324,2404,2403,1),(325,2430,2431,1),(326,2422,2432,1),(327,2422,2424,1),(328,2423,2428,1),(329,2533,948,1),(330,2533,2453,1),(331,2530,632,4),(332,2530,2529,2),(333,2530,940,1),(529,2532,1588,1),(528,2532,944,1),(336,189,2469,1),(337,2469,189,1),(338,1352,2239,1),(339,1352,212,1),(340,1352,218,5),(341,1352,1005,1),(342,1352,149,1),(343,1352,399,1),(344,1352,632,4),(345,2562,2529,2),(346,1435,2554,1),(347,2554,383,1),(348,2554,2453,1),(349,2554,1435,1),(350,2554,2523,1),(351,2554,2193,1),(352,2660,654,3),(353,2660,2529,2),(354,2660,1686,2),(355,2660,763,4),(356,2661,654,3),(357,2661,2529,2),(358,2661,1686,2),(359,2665,654,3),(360,2665,1686,2),(361,2665,2525,3),(362,2662,1686,2),(363,2662,2527,2),(364,2664,216,6),(365,2664,218,5),(366,2664,654,3),(367,2664,1686,2),(368,2664,2528,1),(369,2663,1686,2),(370,2663,2526,1),(371,241,347,1),(374,347,241,1),(373,240,347,1),(375,347,240,1),(376,347,241,1),(377,2673,2569,1),(378,2673,2572,1),(379,2673,2571,1),(380,2673,2570,1),(381,2673,2568,1),(382,2673,2568,1),(413,2670,632,4),(412,2670,488,7),(386,2434,2671,1),(387,2433,2434,1),(438,2672,2434,1),(396,2674,654,1),(395,2674,2256,1),(394,2674,2139,1),(393,2674,632,4),(397,2674,654,1),(398,2674,2468,1),(399,2674,2468,1),(400,2674,2256,1),(401,2674,2139,1),(402,2666,632,4),(403,2666,393,1),(404,2669,488,7),(405,2669,632,4),(406,2669,656,1),(407,2667,2426,1),(408,2667,2427,1),(409,2667,488,7),(414,2670,488,7),(415,2670,2433,1),(416,2670,632,4),(422,2671,632,4),(421,2671,488,7),(420,2671,2434,1),(423,2671,2434,1),(424,2671,632,4),(443,2668,632,1),(442,2668,488,1),(441,2672,2435,1),(440,2672,632,1),(439,2672,488,1),(437,2435,2672,1),(436,2435,2672,1),(444,2668,428,1),(445,2668,2452,1),(446,2069,2314,1),(447,1537,2314,1),(448,1696,1648,1),(449,1696,632,1),(457,1648,1578,1),(456,1648,1580,1),(455,1648,1578,1),(454,1648,2081,1),(458,1648,1580,1),(459,1648,2099,1),(460,1648,2099,1),(461,1648,2081,1),(496,2712,2681,1),(495,2712,2426,1),(494,2714,1656,1),(493,2714,2682,1),(492,2713,2432,1),(491,2713,654,1),(490,2713,1580,1),(489,2707,763,4),(488,2707,2690,3),(487,2707,1686,2),(486,2707,2522,1),(485,2707,218,5),(484,2707,216,6),(497,2712,2468,1),(498,2712,656,1),(499,2712,2433,1),(500,2712,2682,1),(501,2712,1656,1),(502,2712,428,1),(503,428,2684,1),(504,428,1656,1),(505,428,2452,1),(506,2715,422,1),(507,2715,653,1),(508,2716,422,1),(509,2718,525,1),(510,2718,524,1),(516,2711,2281,1),(515,2711,396,1),(514,2711,2281,1),(517,2711,396,1),(518,2711,2688,1),(519,2711,2688,1),(520,2744,2202,1),(521,2744,2201,1),(522,168,2202,1),(523,168,2201,1),(524,2202,168,1),(525,2201,168,1),(526,2764,2529,1),(527,2529,2764,1),(530,2532,2766,1),(531,2532,1588,1),(532,2532,944,1),(533,2766,2532,1),(534,2766,2677,1),(535,2766,2676,1),(536,2766,1588,1),(537,2779,2544,1),(538,2779,2524,1),(539,2780,2532,1),(540,2780,1588,1),(541,2780,933,1),(542,2843,2975,1),(543,2975,2843,1),(544,2976,2841,1),(545,2841,2976,1),(546,2977,2844,1),(547,2844,2977,1),(548,2974,2840,1),(549,2840,2974,1),(550,2314,1707,1),(551,3002,2314,1);

--
-- Table structure for table `reviews`
--

CREATE TABLE `reviews` (
  `reviews_id` int(11) NOT NULL AUTO_INCREMENT,
  `products_id` int(11) NOT NULL DEFAULT '0',
  `customers_id` int(11) DEFAULT NULL,
  `customers_name` varchar(64) CHARACTER SET latin1 NOT NULL DEFAULT '',
  `reviews_rating` int(1) DEFAULT NULL,
  `date_added` datetime DEFAULT NULL,
  `last_modified` datetime DEFAULT NULL,
  `reviews_read` int(5) NOT NULL DEFAULT '0',
  PRIMARY KEY (`reviews_id`)
) ENGINE=MyISAM AUTO_INCREMENT=73 DEFAULT CHARSET=utf8 COLLATE=utf8_unicode_ci;

--
-- Dumping data for table `reviews`
--

INSERT INTO `reviews` VALUES (1,575,56,'thadi niama',5,'2005-09-03 08:42:30','2005-09-06 15:52:13',13),(2,538,70,'Isanora Santana',5,'2005-09-11 23:29:51','2012-11-12 10:10:44',477),(3,15,104,'Carmen Cruz',5,'2005-10-03 14:59:40','2007-04-26 07:31:59',613),(4,538,105,'patricia rocha derizo',5,'2005-10-03 15:03:24','2011-05-23 08:00:30',621),(5,620,141,'claudia barrera blancarte',5,'2005-10-18 16:03:08','2007-04-26 07:31:14',222),(6,520,186,'estrella fugaz',5,'2005-11-17 09:02:48','2007-04-26 07:30:35',6),(7,620,39,'m.antonia frontera crespi',5,'2006-02-20 04:59:12','2007-04-26 07:30:05',378),(8,25,542,'marie pierce',5,'2006-07-02 09:38:41','2007-04-26 07:29:31',724),(9,484,542,'marie pierce',5,'2006-07-02 09:42:18','2007-04-26 07:29:10',458),(10,620,604,'Alina Diaz',5,'2006-07-20 16:17:37','2007-04-26 07:25:20',652),(11,707,526,'ERIKA DAZA',5,'2006-08-16 19:07:01','2007-04-26 07:24:58',163),(12,533,698,'ISABEL NORIEGA',4,'2007-01-15 22:09:19','2007-04-26 07:24:34',634),(13,732,722,'JOSE MARCANO',4,'2007-02-13 20:02:34','2007-04-26 07:24:16',934),(14,818,943,'elsa nelly rodriguez zu?iga',5,'2007-05-02 12:20:51',NULL,1),(15,818,943,'elsa nelly rodriguez zu?iga',5,'2007-05-11 13:04:36',NULL,5),(16,404,934,'Nora Valles',5,'2007-05-19 22:24:03','2007-09-24 19:29:03',671),(17,407,934,'Nora Valles',4,'2007-05-19 22:25:43','2007-09-24 19:30:45',921),(18,481,1066,'claudia romero',4,'2007-06-14 12:06:13',NULL,210),(19,858,1720,'Darlene breunig',5,'2008-03-31 12:08:05',NULL,1549),(20,994,1746,'estefania marin',5,'2008-04-02 11:01:24',NULL,199),(21,1008,1921,'gladys grillo hernandez',5,'2008-06-17 07:46:23',NULL,782),(22,859,1946,'Susana Sousa',5,'2008-06-30 17:50:00',NULL,10382),(23,38,2221,'alexandra quintero',5,'2008-10-26 01:49:53','2009-01-08 06:23:33',261),(24,1112,2618,'rosa ferreyra',5,'2009-03-02 01:11:25',NULL,179),(25,51,2090,'yessica payes',5,'2009-05-02 13:08:44',NULL,214),(26,538,2981,'Samreen Merchant',5,'2009-06-02 04:07:53',NULL,1023),(27,579,3443,'wendy rezabala',5,'2009-09-22 17:39:09',NULL,193),(28,1100,3670,'Liliana Beatriz Testa',5,'2009-11-15 08:25:07',NULL,186),(29,1114,4260,'Maria Esther Almaraz',5,'2010-04-17 12:49:34','2012-11-12 10:10:03',95),(30,1587,2618,'rosa ferreyra',5,'2010-04-21 04:51:07','2012-11-12 10:09:45',157),(31,1682,4288,'linda easters',5,'2010-04-22 13:23:16',NULL,551),(32,868,4374,'musarat musarat',5,'2010-05-12 09:06:13',NULL,938),(33,1429,4603,'maria silva',5,'2010-07-12 00:27:02',NULL,117),(34,1694,4817,'Jen Roc',4,'2010-09-21 01:02:32',NULL,454),(35,665,5088,'CAROLYN RODRIGUEZ',5,'2011-01-07 23:37:48','2011-05-23 07:59:36',623),(36,1557,5243,'Susan Bauer',5,'2011-02-23 09:12:24',NULL,492),(37,1429,5348,'ana lopez',5,'2011-03-19 06:55:25',NULL,1974),(38,2106,3943,'Margarita Gonzalez',5,'2011-03-23 02:30:37','2012-11-12 10:09:13',271),(39,2141,5375,'Josefina del Carmen Aponte-Santos',5,'2011-03-26 13:37:25',NULL,97),(40,676,5377,'maria carrillo',5,'2011-03-26 21:47:51',NULL,139),(41,2148,5955,'Monica Betancourt',5,'2011-11-02 17:00:58','2012-11-12 10:08:30',356),(42,449,6028,'norma quinteros',4,'2011-12-04 23:32:40','2012-11-12 10:07:59',242),(43,1686,6027,'Hayat fethia BOUAMAMA',3,'2011-12-24 00:01:00','2012-11-12 10:07:40',229),(44,1500,6027,'Hayat fethia BOUAMAMA',4,'2011-12-24 01:25:41','2012-11-12 10:04:13',63),(45,325,6027,'Hayat fethia BOUAMAMA',3,'2011-12-24 06:55:01','2012-11-12 10:06:45',59),(46,2009,6027,'Hayat fethia BOUAMAMA',4,'2011-12-24 07:27:26','2012-11-12 10:06:28',378),(47,1113,6027,'Hayat fethia BOUAMAMA',3,'2011-12-24 09:09:45','2012-11-12 10:05:55',305),(48,2266,6246,'Carrie Lopez',5,'2012-02-28 10:35:10','2012-11-12 10:05:35',305),(49,901,6613,'sonia ortiz',5,'2012-06-15 10:31:58','2012-11-12 10:05:14',297),(50,1356,6801,'antonella de rito rochi',4,'2012-08-31 20:37:04','2012-11-12 10:04:48',87),(51,2258,7007,'Kimberly Emerson',5,'2012-11-26 15:25:09',NULL,1075),(52,1429,7232,'Maria Gallegos',5,'2013-03-11 06:05:19',NULL,406),(53,1429,7232,'Maria Gallegos',5,'2013-03-11 06:08:07',NULL,338),(54,2116,7233,'Miriam Ordaz',2,'2013-03-20 16:13:43',NULL,100),(55,2273,7258,'Danny cordero',5,'2013-03-21 23:50:23',NULL,58),(56,1100,7233,'Miriam Ordaz',5,'2013-03-24 01:12:29',NULL,218),(57,2090,7258,'Danny cordero',5,'2013-03-28 10:51:41',NULL,476),(58,2473,7408,'Zulma Rivera',5,'2013-05-07 15:37:53',NULL,312),(59,2473,7551,'jeannette gonzalez gutierrez',5,'2013-06-27 14:17:55',NULL,50),(60,2469,7553,'Sonia Calderon',5,'2013-06-28 01:54:23',NULL,328),(61,2257,7625,'Marlena feauto',5,'2013-07-24 23:55:02',NULL,280),(62,2473,6246,'Carrie Lopez',5,'2013-08-10 17:08:13',NULL,278),(63,2473,6246,'Carrie Lopez',5,'2013-08-10 17:11:33',NULL,337),(64,2257,47,'Carmen de la Flor',5,'2013-08-20 13:24:39',NULL,326),(65,2257,47,'Carmen de la Flor',5,'2013-08-20 13:29:14',NULL,289),(66,2560,7538,'Hedda Velez Llovet',5,'2013-09-12 10:53:52',NULL,305),(67,2560,4229,'June Cooper',5,'2013-09-12 18:39:21',NULL,331),(68,2559,6707,'salpie bazerkanian',5,'2013-09-13 00:15:46',NULL,291),(69,2473,7723,'Janet Torres',5,'2013-09-15 22:10:41',NULL,16),(70,2329,7723,'Janet Torres',5,'2013-09-15 22:15:01',NULL,18),(71,2567,5375,'Josefina del Carmen Aponte-Santos',5,'2013-10-17 12:58:29',NULL,22),(72,1185,8748,'Ingrid Rodriguez',5,'2015-07-16 14:08:08',NULL,13);

--
-- Table structure for table `reviews_description`
--

CREATE TABLE `reviews_description` (
  `reviews_id` int(11) NOT NULL DEFAULT '0',
  `languages_id` int(11) NOT NULL DEFAULT '0',
  `reviews_text` text CHARACTER SET latin1 NOT NULL,
  PRIMARY KEY (`reviews_id`,`languages_id`)
) ENGINE=MyISAM DEFAULT CHARSET=utf8 COLLATE=utf8_unicode_ci;

--
-- Dumping data for table `reviews_description`
--

INSERT INTO `reviews_description` VALUES (1,3,'je suis tres doue pour laporcelaine froide et jaimere bien en savoir plus surtout pour les fleur si vous m aide j en suis tres reconesente mercie'),(2,3,'me gustaria saber como uno hace para escoger el color y la forma de el souvenir ya que trato y no logro como escoger el que deseo.....\r\n\r\ngracias \r\n\r\n Isanora'),(3,3,'Mi Comentario es el siguiente ,deberian hacerlos tambien en amarillo y verde menta para esas madres que estan indecisas o no saben lo que van a tener si varon o hembra.\r\n\r\n\r\nMuhas Gracias,Atentamente\r\n\r\nCarmen Cruz'),(4,1,'estan preciosos me encantan ....y me gustaria mucho comprarlos pero no entiendo que dice estilo 1 y 2 y 3 esos no los veo aqui.'),(5,3,'hola como estan saludos desde mi pais. me gusta mucho el souvenir mariposa no. 2. pero me gustaria en color azul turquesa, ya que el vestido de mi hija que va a cumplir xv años es de ese color. gracias por su atencion. quiero saber tambien si hay envio bancario.'),(6,3,'Hola recientemente estoy tomando unas clases de porcelanicron, me gustaria saber cuanto es el costo de las tres revistas #1, #2 y # 3. También si las venden en alguna tienda en Puerto Rico donde yo las pueda adquirir más fácilmente. \r\n\r\nGracias,\r\n\r\n\r\n\r\nEstrella.'),(7,3,'hola artistas me podrian decir si este souvenir lo hacen en celeste ycuanto me costarian 2 lotes de 25 piezas pero en la moneda de euros ya que creo que ustedes lo tienen en pesos muchos besos y hasta pronto'),(8,1,'i was very happy with this product. the workmanship was great. they are very pretty baby shower charms.'),(9,1,'i was very surprised when product was received.just lovely'),(10,1,'Hi,\r\nI have just received my favors and they\\\'re beautiful!!\r\nThank you very much!\r\nAli'),(11,3,'si compro de 100 florecitas para arriba de las que se ponen arriba el liston que precio me da o cual es la cantidad que vende por mayoreo'),(12,3,'QUISIERA SABER SI ESTAS BIBLIAS CONTIENE ALGO EN LA PARTE DE ADENTRO?'),(13,1,''),(14,3,'ES LA PRIMERA VEZ QUE QUIERO COMPRAR Y NO SE COMO HACERLO.\r\n\r\nPERO TAMBIEN QUIERO SABER CUAL ES EL COSTO EN PESO MEXICANO.\r\n\r\nNO HE PODIDO CONSEGIR LAS REVISTAS ES MUY DIFICIL DEDONDE VIVO, PORQUE O TODAVIA NO LLEGAN O YA ESTA AGOTADA, Y ME INTERESA MUCHO LAS REVISTAS PARA MIS TRABAJOS QUE REALIZO. GRACIAS'),(15,3,'quiero comprar algunas revistas pero no tengo targeta de credito solo que pueda pagar al banco con ficha de depocito ya que me interesa muchoa las revistas por favor que se pueda muchas gracias . nelly'),(16,1,''),(20,3,'queria saver si tienes foto de otras adas o prinsesitas para primer a?o'),(17,1,''),(19,1,'You do beautiful work! You can tell you enjoy what you do. Keep creating!'),(18,3,'Hola ! quisiera saber si tienen estos servilleteros pero para bautizo de ni?o ,si por favor podrian mandarme algunas fotos de modelos a mi correo .\r\nGracias .\r\nClaudia Romero'),(21,3,'hola deseo saber si esta cola para ceramica en frio adhercola, me la envian a venezuela y cuanto es lo minimo que me enviarian'),(22,1,'This is a beautiful cake. I have never seen anything like it. Wonderful job.'),(23,3,'pf-1051 solo lo hacen en color azul, o en este momento esta agotado el rosado?'),(24,3,'hola, como soy nueva en esto mis preguntas u didas son:\r\nforma de pago?\r\nse paga por adelantado?\r\nprecio actual?\r\n ?incluye env?o?\r\nla forma de env?o es postal?\r\ncuanto tiempo tardan desde la fecha del pedido hasta la entrega?\r\ncomo estoy segura de recibir el pedido?'),(25,3,'hola me gustaria saber en cuanto me salen 180 de estas piesas pero poniendo el corazon de enmedio de un color amarillito bajito enviame un correo con el presupuesto'),(26,1,'hello!!\r\ni dont understand what the above 2 people have said . \r\nbut i totally fell in love with this one.'),(27,3,'hola quanto questa la dosena de esas cosa para quincea?era'),(28,3,'Estoy Intersada en este producto quisiera saber si esta en condiciones, como para utilizarlo'),(29,3,'HOLA, POR FAVOR, ?ME PODRIAS DECIR DONDE ESTAN UBICADOS Y EL PRECIO DE ESTE ADORNO DE KITTY-?CUANTO TIEMPO DE ANTICIPACION HAY QUE PEDIRLO?\r\n MUCHAS GRACIAS\r\n ROSA'),(30,3,':)'),(51,1,'I have not tried this yet, just saw it, but you made it look incredibly easy! I am glad to have found you and look forward to utilizing your site and products throughout my career!'),(31,1,'This is wonderfull. I can see that not only time went into this but a lot of love too. Well done you. Linda'),(32,1,'your flowers to good and your careations very nice'),(33,3,'Hola: me gustaria saber si la maquina que venden es nuevay que garantia tienen. y si en envio es gratis y cuantos dias toma en que la reciba, yo vivo en el estado de Wisconsis, en estados unidos.\r\nEspero me contesten lo mas pronto posible, necesito la maquina para una pequena tienda que tengo, y me gustaria recibirla lo mas pontro posible. \r\n \r\n De antemano Gracias'),(34,1,'do you sell this little monkey as a souvenir? i\'m interested in it. thank you!'),(35,1,'this is my grandson first birthday.i also would like to receive and catalog of your item for future events.'),(36,1,'These elephants are truly adorable and they arrived in a timely fashion. My experience with Edith was perfect!'),(37,3,'hola me gustaria saber si tienen mas maquinas para imprimir listones de varios precios yo quiero comprar una grasias'),(38,3,'Hola edith:\r\n Me interesa saber como puedo obtener un catalago de todo lo que tienes, lo mismo saber como obtener precio por mayoreo y cobro de embio. Dime por favor que clase de pintura se usa para la porcelana fria. Lo mismo en que lugar tienes la tienda. Te felicito por la manera de mostrar en TUBE tus videos. En espera de tu respuesta.\r\n\r\nMargarita'),(39,3,'Muchas felicidades por su talento! Esas flores quedaron preciosas. Doña Edith tiene usted un arte impresionante para crear tantas bellezas.'),(40,3,'estoy encantada con los productos y deseo aser mas pedeidos'),(41,3,'Hola me encanto esta hermosa bailarina.\r\nMe encantaria hacer algo parecido. \r\nNo tienes un tutorial para Hacer esta hermosa \r\nbailarina o algo que se le parezca.\r\nDesafortunadamente vivo en CA. y me encantaria aprender este arte, lo hize de nina cuando mi mama vivia.\r\n\r\nmuchas gracias por adelantado.\r\nMonica B.'),(42,3,'los precios son en pesos o dolares.\r\nme gustaria que el interior de la flor tenga tonos cafes claros.'),(43,3,'If not for your wirntig this topic could be very convoluted and oblique.'),(44,3,'I went to tons of links berofe this, what was I thinking?'),(45,3,'What I find so interesting is you could never find this aynhwere else.'),(46,1,'Pin my tail and call me a dnokey, that really helped.'),(47,1,'We definilety need more smart people like you around.'),(48,1,'How can I learn this and get classies I would love to learn. Do you speak english, Please let me know\r\nThank You so much\r\nCarrie Lopez'),(49,1,'ON ONE SIDE OF THE CAPIAS I WANT PRINTED SONIA WITH THE HEART THEN HEART ITS FOR A WEDDING AND THE OTHER SIDE AUGUST 18 2012'),(50,3,'hola señora edith quisiera saber si usespuestated puede venderme este cortador y otros moldes en los que estoy interezada que debo hacer donde debo girarle el dinero pues vivo en colombia-bucaramanga espero su respuesta en mi correo que es checha_olga_72@hotmail.com si alcaso se puede realizar la comprar puede girar por wester union \r\ngracias por su r'),(52,1,'Hay mandrakes de haprobar credito con used es para comprar la maquina Maria Gallegos gracias'),(53,1,'Se prodrea tener credito con ustedes para comprar la maquina gracias Maria Gallegos'),(54,3,'Hola Srta. Yuli, felicitaciones x su prmoraga lo veo todo los sabado y q dios los bendiga a todo x sus labores en ayuda hacia los mas necesitado, soy de Jipijapa Provincia de Manabi, quisiera pedirles una ayuda para una familia de aca ademas seria su primer ayuda en esta ciudad, es una familia bien pobre, el jefe de hogar tenia un taller donde soldaba y pintaba el hacia sus trabajos y con esos alimentaba su familia son 2 varones y 3 nif1as, un varon esta colegio y otro en cuartel, las nif1as estan en escuela, x destino de la vida el sr se enfermo del corazon tiene una arteria taponada, hay moments que parece que se ahoga, dejo de trabajar x q no b4puede, hermanos de el se lo llevaron a otro lado pa hacerlo ver ya q el n cuenta con los recursos pa su trtamiento, y su esposa e hijos han quedado aca, es muy dificil pa la sra y sus hijos ha hecho bingo pa poder tener algo y alimentarse, las nif1as no tienen el peso de acuerdo a la edad, viven en una casa de caf1a piso de tierra y permanece humedo ya q con el invierno el agua se le entraba, hasta las aguas servidas pasaba x su vivienda, tiene una cocineta que ya no sirve pero ella hace lo psible x cocnarles a sus hijos, no tiene baf1o adecuado,la refrigeradora es prestada.el sr regreso aca pero estuvo unos dias y nuevamente se lo llevaron x q sigue enfermo y aca no tiene como hacerse ver x la falta de dinero, la mama de la sra y los hermanos hay dias que les dan la comida, pero en vista de que no le alcanza se ha visto en la necesidad de irse a trabajar donde gana solo 4,00 diarios en un restaurante desde las 8 hasta las 3,y los fines de semana de 3 a 9pm dejando sus hijo solos en casa.es muy poco lo q gana y ella trabaj bastante pero igual lo hace x sus hijos y con eso ella hace alcanzar para un dia comer, yo le he ayudado a sacarle copias a los libros x q no tiene pa comprar , los vecinos le ayudamos obsequiandole algo de comida, espero Srta yuli contar con la ayuda pa esta familia creame son bien pobres una cosa es q yo le cuente y otra ver la realidad de como viven ellos, y como sufre ella x sus hijos que dios toque el corazon de todos los q hacen este prmoraga y la ayuden, me pueden contactar al 088389253 o a mi correo, x favor ayudenla la familia lo necesita soy una vecina de ella. gracias'),(55,3,'Q lindo me gustaría aprender aserlo para la fiesta de mi bebe'),(56,1,'hola me gustaria saber si aun tienen este molde de carande muñeca #21 y el molde #26, y si se puede enviar a chile........ gracias'),(57,3,'Que lindo como me gustaría aprender aser este bebé disfrazado e leon es super tierno'),(58,1,'Edith, \r\n\r\nI really would like to take your vitual class for the girl bear. Can you please send me the list. \r\n\r\nThanks,'),(59,3,'excelente- compre en tu tienda, me encantaria pudieses ayudarme a obtener el curso para elaborar la oista a mi email- mi compra fue a nombre de una amiga en Florida segun Orden 5618 del 05/06/2013'),(60,1,'Edith, Todo lo que hace esta precioso. Me encanta sus favors y en fin todo. Me alegro poder conseguirlos. Gracias, Sonia'),(61,1,'Love the dress going to make some of these tomorrow... Thank you'),(62,1,'I would like to that your class for the girl bear \r\ncan you please send it to me Thank You'),(63,1,'I would like to take your class on the\r\nHug me mommy baby doll can you please send it to me\r\nThank You'),(64,1,'Excelent!! I love it, very well explained, I will make it for my daugther'),(65,1,'yes'),(66,1,'I loved it. Como puedo conseguir la porcelana fria. \r\nGracias estare vuendo mas videos.\r\nHedda'),(67,1,'Thank you Edith, \r\n\r\nYou are so talented & kind to share with us. Great tutorial.'),(68,1,'Wowwwww, a big giveaway.'),(69,3,'Mañana por fin llega la orden y estoy ansiosa de comenzar a crear bellezas como las que haces. Esta osita también me encantaría coger el tut, si está grabado, en video, puedo obtener el link? Gracias¡'),(70,3,'Mucha carisma, es la base de un buen negocio¡ Me alegro mucho conocer a Creations by Edith, y me sirve mucho de inspiración. Adelante¡'),(71,3,'Wowww que belleza, muchas felicidades Edith q Dios bendiga tanto talento! Quede enamorada de esta muñequita :-)'),(72,3,'Hola, buenas tardes\r\n\r\nEstoy interesada en tus flores de porcelanicron, yo resido en Colombia y necesito saber si hacen envíos a este país? Cual seria el costo y si es posible personalizar las flores de acuerdo a mis necesidades, tambien que me envíes los precios en dólares . Muchas gracias');

--
-- Table structure for table `sessions`
--

CREATE TABLE `sessions` (
  `sesskey` varchar(32) CHARACTER SET latin1 NOT NULL DEFAULT '',
  `expiry` int(11) unsigned NOT NULL DEFAULT '0',
  `value` text CHARACTER SET latin1 NOT NULL,
  PRIMARY KEY (`sesskey`)
) ENGINE=MyISAM DEFAULT CHARSET=utf8 COLLATE=utf8_unicode_ci;

--
-- Dumping data for table `sessions`
--

INSERT INTO `sessions` VALUES ('648c10a62d93b93dc11838717718060a',1533893643,'language|s:7:\"english\";languages_id|s:1:\"1\";selected_box|s:13:\"configuration\";'),('d560e76aedc7dbd7609f3b12e92a83a1',1533736112,'language|s:7:\"english\";languages_id|s:1:\"1\";selected_box|s:13:\"configuration\";'),('d2286584e094a081285b3023af17d50b',1533815009,'language|s:7:\"english\";languages_id|s:1:\"1\";selected_box|s:13:\"configuration\";'),('5fbcd061b19c653e0c708e5c1b741128',1533706373,'cart|O:12:\"shoppingCart\":8:{s:8:\"contents\";a:1:{i:401;a:1:{s:3:\"qty\";i:1;}}s:5:\"total\";d:8.9900000000000002131628207280300557613372802734375;s:6:\"weight\";d:0.13000000000000000444089209850062616169452667236328125;s:6:\"cartID\";s:5:\"97173\";s:12:\"content_type\";b:0;s:9:\"shiptotal\";d:0;s:13:\"total_virtual\";d:8.9900000000000002131628207280300557613372802734375;s:14:\"weight_virtual\";d:0.2600000000000000088817841970012523233890533447265625;}language|s:7:\"english\";languages_id|s:1:\"1\";currency|s:3:\"USD\";navigation|O:17:\"navigationHistory\":2:{s:4:\"path\";a:2:{i:0;a:4:{s:4:\"page\";s:9:\"index.php\";s:4:\"mode\";s:6:\"NONSSL\";s:3:\"get\";a:4:{s:11:\"products_id\";s:3:\"401\";s:4:\"sort\";s:2:\"4a\";s:4:\"page\";s:1:\"6\";s:6:\"action\";s:7:\"buy_now\";}s:4:\"post\";a:0:{}}i:1;a:4:{s:4:\"page\";s:17:\"shopping_cart.php\";s:4:\"mode\";s:6:\"NONSSL\";s:3:\"get\";a:3:{s:6:\"osCsid\";s:32:\"5fbcd061b19c653e0c708e5c1b741128\";s:4:\"sort\";s:2:\"4a\";s:4:\"page\";s:1:\"6\";}s:4:\"post\";a:0:{}}}s:8:\"snapshot\";a:0:{}}affiliate_ref|N;affiliate_clickthroughs_id|N;'),('08e58929ae66b39accd625cac569835c',1533706340,'cart|O:12:\"shoppingCart\":6:{s:8:\"contents\";a:1:{i:2987;a:1:{s:3:\"qty\";i:1;}}s:5:\"total\";i:0;s:6:\"weight\";i:0;s:12:\"content_type\";b:0;s:9:\"shiptotal\";i:0;s:6:\"cartID\";s:5:\"20997\";}language|s:7:\"english\";languages_id|s:1:\"1\";currency|s:3:\"USD\";navigation|O:17:\"navigationHistory\":2:{s:4:\"path\";a:1:{i:0;a:4:{s:4:\"page\";s:9:\"index.php\";s:4:\"mode\";s:6:\"NONSSL\";s:3:\"get\";a:4:{s:5:\"cPath\";s:13:\"0_223_360_317\";s:4:\"sort\";s:2:\"4a\";s:6:\"action\";s:7:\"buy_now\";s:11:\"products_id\";s:4:\"2987\";}s:4:\"post\";a:0:{}}}s:8:\"snapshot\";a:0:{}}new_products_id_in_cart|s:4:\"2987\";'),('a70f0c36e3c0b7edd0b49d8645b5b8ca',1533706343,'cart|O:12:\"shoppingCart\":8:{s:8:\"contents\";a:1:{i:2545;a:1:{s:3:\"qty\";i:1;}}s:5:\"total\";d:7.9900000000000002131628207280300557613372802734375;s:6:\"weight\";d:0.13000000000000000444089209850062616169452667236328125;s:6:\"cartID\";s:5:\"14968\";s:12:\"content_type\";b:0;s:9:\"shiptotal\";d:0;s:13:\"total_virtual\";d:7.9900000000000002131628207280300557613372802734375;s:14:\"weight_virtual\";d:0.2600000000000000088817841970012523233890533447265625;}language|s:7:\"espanol\";languages_id|s:1:\"3\";currency|s:3:\"USD\";navigation|O:17:\"navigationHistory\":2:{s:4:\"path\";a:2:{i:0;a:4:{s:4:\"page\";s:9:\"index.php\";s:4:\"mode\";s:6:\"NONSSL\";s:3:\"get\";a:5:{s:11:\"products_id\";s:4:\"2545\";s:4:\"sort\";s:2:\"4a\";s:8:\"language\";s:2:\"es\";s:4:\"page\";s:1:\"9\";s:6:\"action\";s:7:\"buy_now\";}s:4:\"post\";a:0:{}}i:1;a:4:{s:4:\"page\";s:17:\"shopping_cart.php\";s:4:\"mode\";s:6:\"NONSSL\";s:3:\"get\";a:4:{s:6:\"osCsid\";s:32:\"a70f0c36e3c0b7edd0b49d8645b5b8ca\";s:4:\"sort\";s:2:\"4a\";s:8:\"language\";s:2:\"es\";s:4:\"page\";s:1:\"9\";}s:4:\"post\";a:0:{}}}s:8:\"snapshot\";a:0:{}}affiliate_ref|N;affiliate_clickthroughs_id|N;'),('6197c1b7e5f511a842cc9869ad4ba173',1533706331,'cart|O:12:\"shoppingCart\":8:{s:8:\"contents\";a:1:{i:369;a:1:{s:3:\"qty\";i:1;}}s:5:\"total\";d:6.9900000000000002131628207280300557613372802734375;s:6:\"weight\";d:0.059999999999999997779553950749686919152736663818359375;s:6:\"cartID\";s:5:\"62033\";s:12:\"content_type\";b:0;s:9:\"shiptotal\";d:0;s:13:\"total_virtual\";d:6.9900000000000002131628207280300557613372802734375;s:14:\"weight_virtual\";d:0.11999999999999999555910790149937383830547332763671875;}language|s:7:\"english\";languages_id|s:1:\"1\";currency|s:3:\"USD\";navigation|O:17:\"navigationHistory\":2:{s:4:\"path\";a:2:{i:0;a:4:{s:4:\"page\";s:9:\"index.php\";s:4:\"mode\";s:6:\"NONSSL\";s:3:\"get\";a:4:{s:11:\"products_id\";s:3:\"369\";s:4:\"sort\";s:2:\"4a\";s:4:\"page\";s:1:\"6\";s:6:\"action\";s:7:\"buy_now\";}s:4:\"post\";a:0:{}}i:1;a:4:{s:4:\"page\";s:17:\"shopping_cart.php\";s:4:\"mode\";s:6:\"NONSSL\";s:3:\"get\";a:3:{s:6:\"osCsid\";s:32:\"6197c1b7e5f511a842cc9869ad4ba173\";s:4:\"sort\";s:2:\"4a\";s:4:\"page\";s:1:\"6\";}s:4:\"post\";a:0:{}}}s:8:\"snapshot\";a:0:{}}affiliate_ref|N;affiliate_clickthroughs_id|N;'),('438d1b8ea13894fdafe25cd2834f544e',1533706310,'cart|O:12:\"shoppingCart\":5:{s:8:\"contents\";a:0:{}s:5:\"total\";i:0;s:6:\"weight\";i:0;s:12:\"content_type\";b:0;s:9:\"shiptotal\";i:0;}language|s:7:\"espanol\";languages_id|s:1:\"3\";currency|s:3:\"USD\";navigation|O:17:\"navigationHistory\":2:{s:4:\"path\";a:1:{i:0;a:4:{s:4:\"page\";s:16:\"product_info.php\";s:4:\"mode\";s:6:\"NONSSL\";s:3:\"get\";a:3:{s:5:\"cPath\";s:7:\"150_372\";s:11:\"products_id\";s:4:\"1042\";s:8:\"language\";s:2:\"es\";}s:4:\"post\";a:0:{}}}s:8:\"snapshot\";a:0:{}}affiliate_ref|N;affiliate_clickthroughs_id|N;'),('b71c352e3dfe82a99d294f80d881fff3',1533706302,'cart|O:12:\"shoppingCart\":8:{s:8:\"contents\";a:1:{i:610;a:1:{s:3:\"qty\";i:1;}}s:5:\"total\";d:8.9900000000000002131628207280300557613372802734375;s:6:\"weight\";d:0.13000000000000000444089209850062616169452667236328125;s:6:\"cartID\";s:5:\"25650\";s:12:\"content_type\";b:0;s:9:\"shiptotal\";d:0;s:13:\"total_virtual\";d:8.9900000000000002131628207280300557613372802734375;s:14:\"weight_virtual\";d:0.2600000000000000088817841970012523233890533447265625;}language|s:7:\"espanol\";languages_id|s:1:\"3\";currency|s:3:\"USD\";navigation|O:17:\"navigationHistory\":2:{s:4:\"path\";a:2:{i:0;a:4:{s:4:\"page\";s:9:\"index.php\";s:4:\"mode\";s:6:\"NONSSL\";s:3:\"get\";a:5:{s:11:\"products_id\";s:3:\"610\";s:4:\"sort\";s:2:\"4a\";s:8:\"language\";s:2:\"es\";s:4:\"page\";s:1:\"8\";s:6:\"action\";s:7:\"buy_now\";}s:4:\"post\";a:0:{}}i:1;a:4:{s:4:\"page\";s:17:\"shopping_cart.php\";s:4:\"mode\";s:6:\"NONSSL\";s:3:\"get\";a:4:{s:6:\"osCsid\";s:32:\"b71c352e3dfe82a99d294f80d881fff3\";s:4:\"sort\";s:2:\"4a\";s:8:\"language\";s:2:\"es\";s:4:\"page\";s:1:\"8\";}s:4:\"post\";a:0:{}}}s:8:\"snapshot\";a:0:{}}affiliate_ref|N;affiliate_clickthroughs_id|N;'),('4f43b625d4d3756be742c273e068a760',1533706281,'cart|O:12:\"shoppingCart\":5:{s:8:\"contents\";a:0:{}s:5:\"total\";i:0;s:6:\"weight\";i:0;s:12:\"content_type\";b:0;s:9:\"shiptotal\";i:0;}language|s:7:\"espanol\";languages_id|s:1:\"3\";currency|s:3:\"USD\";navigation|O:17:\"navigationHistory\":2:{s:4:\"path\";a:1:{i:0;a:4:{s:4:\"page\";s:19:\"product_reviews.php\";s:4:\"mode\";s:6:\"NONSSL\";s:3:\"get\";a:2:{s:11:\"products_id\";s:4:\"2920\";s:8:\"language\";s:2:\"es\";}s:4:\"post\";a:0:{}}}s:8:\"snapshot\";a:0:{}}affiliate_ref|N;affiliate_clickthroughs_id|N;'),('7a453345b4c759822df136ef4809e96d',1533706280,'cart|O:12:\"shoppingCart\":6:{s:8:\"contents\";a:1:{i:1750;a:1:{s:3:\"qty\";i:1;}}s:5:\"total\";i:0;s:6:\"weight\";i:0;s:12:\"content_type\";b:0;s:9:\"shiptotal\";i:0;s:6:\"cartID\";s:5:\"61315\";}language|s:7:\"english\";languages_id|s:1:\"1\";currency|s:3:\"USD\";navigation|O:17:\"navigationHistory\":2:{s:4:\"path\";a:1:{i:0;a:4:{s:4:\"page\";s:26:\"advanced_search_result.php\";s:4:\"mode\";s:6:\"NONSSL\";s:3:\"get\";a:7:{s:8:\"keywords\";s:4:\"cake\";s:21:\"search_in_description\";s:1:\"1\";s:4:\"sort\";s:2:\"2d\";s:8:\"language\";s:2:\"en\";s:4:\"page\";s:2:\"27\";s:6:\"action\";s:7:\"buy_now\";s:11:\"products_id\";s:4:\"1750\";}s:4:\"post\";a:0:{}}}s:8:\"snapshot\";a:0:{}}new_products_id_in_cart|s:4:\"1750\";'),('29a4e4e6dfd52975aa40b17ac1068429',1533706289,'cart|O:12:\"shoppingCart\":8:{s:8:\"contents\";a:1:{i:291;a:1:{s:3:\"qty\";i:1;}}s:5:\"total\";d:6.9900000000000002131628207280300557613372802734375;s:6:\"weight\";d:0.059999999999999997779553950749686919152736663818359375;s:6:\"cartID\";s:5:\"83655\";s:12:\"content_type\";b:0;s:9:\"shiptotal\";d:0;s:13:\"total_virtual\";d:6.9900000000000002131628207280300557613372802734375;s:14:\"weight_virtual\";d:0.11999999999999999555910790149937383830547332763671875;}language|s:7:\"english\";languages_id|s:1:\"1\";currency|s:3:\"USD\";navigation|O:17:\"navigationHistory\":2:{s:4:\"path\";a:2:{i:0;a:4:{s:4:\"page\";s:9:\"index.php\";s:4:\"mode\";s:6:\"NONSSL\";s:3:\"get\";a:4:{s:11:\"products_id\";s:3:\"291\";s:4:\"sort\";s:2:\"4a\";s:4:\"page\";s:1:\"6\";s:6:\"action\";s:7:\"buy_now\";}s:4:\"post\";a:0:{}}i:1;a:4:{s:4:\"page\";s:17:\"shopping_cart.php\";s:4:\"mode\";s:6:\"NONSSL\";s:3:\"get\";a:3:{s:6:\"osCsid\";s:32:\"29a4e4e6dfd52975aa40b17ac1068429\";s:4:\"sort\";s:2:\"4a\";s:4:\"page\";s:1:\"6\";}s:4:\"post\";a:0:{}}}s:8:\"snapshot\";a:0:{}}affiliate_ref|N;affiliate_clickthroughs_id|N;'),('4661629d970d8074d067222ea7c50c6e',1533706250,'cart|O:12:\"shoppingCart\":6:{s:8:\"contents\";a:1:{i:1743;a:1:{s:3:\"qty\";i:1;}}s:5:\"total\";i:0;s:6:\"weight\";i:0;s:12:\"content_type\";b:0;s:9:\"shiptotal\";i:0;s:6:\"cartID\";s:5:\"40735\";}language|s:7:\"english\";languages_id|s:1:\"1\";currency|s:3:\"USD\";navigation|O:17:\"navigationHistory\":2:{s:4:\"path\";a:1:{i:0;a:4:{s:4:\"page\";s:26:\"advanced_search_result.php\";s:4:\"mode\";s:6:\"NONSSL\";s:3:\"get\";a:7:{s:8:\"keywords\";s:4:\"cake\";s:21:\"search_in_description\";s:1:\"1\";s:4:\"sort\";s:2:\"3a\";s:4:\"page\";s:2:\"25\";s:8:\"language\";s:2:\"en\";s:6:\"action\";s:7:\"buy_now\";s:11:\"products_id\";s:4:\"1743\";}s:4:\"post\";a:0:{}}}s:8:\"snapshot\";a:0:{}}new_products_id_in_cart|s:4:\"1743\";'),('aebe71717ac98b4d33ca42c21cb3d103',1533706260,'cart|O:12:\"shoppingCart\":8:{s:8:\"contents\";a:1:{i:607;a:1:{s:3:\"qty\";i:1;}}s:5:\"total\";d:12.9900000000000002131628207280300557613372802734375;s:6:\"weight\";d:0.25;s:6:\"cartID\";s:5:\"86012\";s:12:\"content_type\";b:0;s:9:\"shiptotal\";d:0;s:13:\"total_virtual\";d:12.9900000000000002131628207280300557613372802734375;s:14:\"weight_virtual\";d:0.5;}language|s:7:\"espanol\";languages_id|s:1:\"3\";currency|s:3:\"USD\";navigation|O:17:\"navigationHistory\":2:{s:4:\"path\";a:2:{i:0;a:4:{s:4:\"page\";s:9:\"index.php\";s:4:\"mode\";s:6:\"NONSSL\";s:3:\"get\";a:5:{s:11:\"products_id\";s:3:\"607\";s:4:\"sort\";s:2:\"4a\";s:8:\"language\";s:2:\"es\";s:4:\"page\";s:1:\"8\";s:6:\"action\";s:7:\"buy_now\";}s:4:\"post\";a:0:{}}i:1;a:4:{s:4:\"page\";s:17:\"shopping_cart.php\";s:4:\"mode\";s:6:\"NONSSL\";s:3:\"get\";a:4:{s:6:\"osCsid\";s:32:\"aebe71717ac98b4d33ca42c21cb3d103\";s:4:\"sort\";s:2:\"4a\";s:8:\"language\";s:2:\"es\";s:4:\"page\";s:1:\"8\";}s:4:\"post\";a:0:{}}}s:8:\"snapshot\";a:0:{}}affiliate_ref|N;affiliate_clickthroughs_id|N;'),('2f1d90812bb0c529460fc0f335e576f6',1533706247,'cart|O:12:\"shoppingCart\":8:{s:8:\"contents\";a:1:{i:2545;a:1:{s:3:\"qty\";i:1;}}s:5:\"total\";d:7.9900000000000002131628207280300557613372802734375;s:6:\"weight\";d:0.13000000000000000444089209850062616169452667236328125;s:6:\"cartID\";s:5:\"72082\";s:12:\"content_type\";b:0;s:9:\"shiptotal\";d:0;s:13:\"total_virtual\";d:7.9900000000000002131628207280300557613372802734375;s:14:\"weight_virtual\";d:0.2600000000000000088817841970012523233890533447265625;}language|s:7:\"english\";languages_id|s:1:\"1\";currency|s:3:\"USD\";navigation|O:17:\"navigationHistory\":2:{s:4:\"path\";a:2:{i:0;a:4:{s:4:\"page\";s:9:\"index.php\";s:4:\"mode\";s:6:\"NONSSL\";s:3:\"get\";a:4:{s:11:\"products_id\";s:4:\"2545\";s:4:\"sort\";s:2:\"4a\";s:4:\"page\";s:1:\"6\";s:6:\"action\";s:7:\"buy_now\";}s:4:\"post\";a:0:{}}i:1;a:4:{s:4:\"page\";s:17:\"shopping_cart.php\";s:4:\"mode\";s:6:\"NONSSL\";s:3:\"get\";a:3:{s:6:\"osCsid\";s:32:\"2f1d90812bb0c529460fc0f335e576f6\";s:4:\"sort\";s:2:\"4a\";s:4:\"page\";s:1:\"6\";}s:4:\"post\";a:0:{}}}s:8:\"snapshot\";a:0:{}}affiliate_ref|N;affiliate_clickthroughs_id|N;'),('8660c7c7f4568ff4146905f5ff413f8c',1533706220,'cart|O:12:\"shoppingCart\":5:{s:8:\"contents\";a:0:{}s:5:\"total\";i:0;s:6:\"weight\";i:0;s:12:\"content_type\";b:0;s:9:\"shiptotal\";i:0;}language|s:7:\"english\";languages_id|s:1:\"1\";currency|s:3:\"USD\";navigation|O:17:\"navigationHistory\":2:{s:4:\"path\";a:1:{i:0;a:4:{s:4:\"page\";s:16:\"product_info.php\";s:4:\"mode\";s:6:\"NONSSL\";s:3:\"get\";a:2:{s:4:\"name\";s:23:\"Texture Rolling Pin #38\";s:11:\"products_id\";s:4:\"1497\";}s:4:\"post\";a:0:{}}}s:8:\"snapshot\";a:0:{}}affiliate_ref|N;affiliate_clickthroughs_id|N;'),('7a4349ef77ab9fec153fc2d9c73773f3',1533706220,'cart|O:12:\"shoppingCart\":5:{s:8:\"contents\";a:0:{}s:5:\"total\";i:0;s:6:\"weight\";i:0;s:12:\"content_type\";b:0;s:9:\"shiptotal\";i:0;}language|s:7:\"english\";languages_id|s:1:\"1\";currency|s:3:\"USD\";navigation|O:17:\"navigationHistory\":2:{s:4:\"path\";a:1:{i:0;a:4:{s:4:\"page\";s:17:\"shopping_cart.php\";s:4:\"mode\";s:6:\"NONSSL\";s:3:\"get\";a:0:{}s:4:\"post\";a:0:{}}}s:8:\"snapshot\";a:0:{}}affiliate_ref|N;affiliate_clickthroughs_id|N;'),('d9af1a5447deac0d3aaeda0e9bf9c22b',1533706218,'cart|O:12:\"shoppingCart\":5:{s:8:\"contents\";a:0:{}s:5:\"total\";i:0;s:6:\"weight\";i:0;s:12:\"content_type\";b:0;s:9:\"shiptotal\";i:0;}language|s:7:\"english\";languages_id|s:1:\"1\";currency|s:3:\"USD\";navigation|O:17:\"navigationHistory\":2:{s:4:\"path\";a:1:{i:0;a:4:{s:4:\"page\";s:16:\"product_info.php\";s:4:\"mode\";s:6:\"NONSSL\";s:3:\"get\";a:2:{s:11:\"products_id\";s:4:\"2251\";s:6:\"action\";s:11:\"add_product\";}s:4:\"post\";a:0:{}}}s:8:\"snapshot\";a:0:{}}'),('ba0f673fdd67c626e9f7554088fc5562',1533706215,'cart|O:12:\"shoppingCart\":5:{s:8:\"contents\";a:0:{}s:5:\"total\";i:0;s:6:\"weight\";i:0;s:12:\"content_type\";b:0;s:9:\"shiptotal\";i:0;}language|s:7:\"english\";languages_id|s:1:\"1\";currency|s:3:\"USD\";navigation|O:17:\"navigationHistory\":2:{s:4:\"path\";a:1:{i:0;a:4:{s:4:\"page\";s:9:\"index.php\";s:4:\"mode\";s:6:\"NONSSL\";s:3:\"get\";a:0:{}s:4:\"post\";a:0:{}}}s:8:\"snapshot\";a:0:{}}affiliate_ref|N;affiliate_clickthroughs_id|N;'),('c601f2b82e8b5d846ea8ec5f5de4d7c6',1533706214,'cart|O:12:\"shoppingCart\":5:{s:8:\"contents\";a:0:{}s:5:\"total\";i:0;s:6:\"weight\";i:0;s:12:\"content_type\";b:0;s:9:\"shiptotal\";i:0;}language|s:7:\"english\";languages_id|s:1:\"1\";currency|s:3:\"USD\";navigation|O:17:\"navigationHistory\":2:{s:4:\"path\";a:1:{i:0;a:4:{s:4:\"page\";s:9:\"index.php\";s:4:\"mode\";s:6:\"NONSSL\";s:3:\"get\";a:0:{}s:4:\"post\";a:0:{}}}s:8:\"snapshot\";a:0:{}}affiliate_ref|N;affiliate_clickthroughs_id|N;'),('2cd0bfc6ca05e33426d46b18f21d0a3b',1533706219,'cart|O:12:\"shoppingCart\":8:{s:8:\"contents\";a:1:{i:606;a:1:{s:3:\"qty\";i:1;}}s:5:\"total\";d:7.9900000000000002131628207280300557613372802734375;s:6:\"weight\";d:0.13000000000000000444089209850062616169452667236328125;s:6:\"cartID\";s:5:\"77642\";s:12:\"content_type\";b:0;s:9:\"shiptotal\";d:0;s:13:\"total_virtual\";d:7.9900000000000002131628207280300557613372802734375;s:14:\"weight_virtual\";d:0.2600000000000000088817841970012523233890533447265625;}language|s:7:\"espanol\";languages_id|s:1:\"3\";currency|s:3:\"USD\";navigation|O:17:\"navigationHistory\":2:{s:4:\"path\";a:2:{i:0;a:4:{s:4:\"page\";s:9:\"index.php\";s:4:\"mode\";s:6:\"NONSSL\";s:3:\"get\";a:5:{s:11:\"products_id\";s:3:\"606\";s:4:\"sort\";s:2:\"4a\";s:8:\"language\";s:2:\"es\";s:4:\"page\";s:1:\"8\";s:6:\"action\";s:7:\"buy_now\";}s:4:\"post\";a:0:{}}i:1;a:4:{s:4:\"page\";s:17:\"shopping_cart.php\";s:4:\"mode\";s:6:\"NONSSL\";s:3:\"get\";a:4:{s:6:\"osCsid\";s:32:\"2cd0bfc6ca05e33426d46b18f21d0a3b\";s:4:\"sort\";s:2:\"4a\";s:8:\"language\";s:2:\"es\";s:4:\"page\";s:1:\"8\";}s:4:\"post\";a:0:{}}}s:8:\"snapshot\";a:0:{}}affiliate_ref|N;affiliate_clickthroughs_id|N;'),('70486191a2f6047bf4a81acc0eae7c06',1533706190,'cart|O:12:\"shoppingCart\":6:{s:8:\"contents\";a:1:{i:257;a:1:{s:3:\"qty\";i:1;}}s:5:\"total\";i:0;s:6:\"weight\";i:0;s:12:\"content_type\";b:0;s:9:\"shiptotal\";i:0;s:6:\"cartID\";s:5:\"53620\";}language|s:7:\"english\";languages_id|s:1:\"1\";currency|s:3:\"USD\";navigation|O:17:\"navigationHistory\":2:{s:4:\"path\";a:1:{i:0;a:4:{s:4:\"page\";s:26:\"advanced_search_result.php\";s:4:\"mode\";s:6:\"NONSSL\";s:3:\"get\";a:7:{s:8:\"keywords\";s:4:\"cake\";s:21:\"search_in_description\";s:1:\"1\";s:4:\"sort\";s:2:\"2d\";s:4:\"page\";s:2:\"28\";s:8:\"language\";s:2:\"en\";s:6:\"action\";s:7:\"buy_now\";s:11:\"products_id\";s:3:\"257\";}s:4:\"post\";a:0:{}}}s:8:\"snapshot\";a:0:{}}new_products_id_in_cart|s:3:\"257\";'),('a68cee60462bf1bb0f93f81564c84436',1533706459,'cart|O:12:\"shoppingCart\":6:{s:8:\"contents\";a:0:{}s:5:\"total\";i:0;s:6:\"weight\";i:0;s:6:\"cartID\";N;s:12:\"content_type\";b:0;s:9:\"shiptotal\";i:0;}language|s:7:\"english\";languages_id|s:1:\"1\";currency|s:3:\"USD\";navigation|O:17:\"navigationHistory\":2:{s:4:\"path\";a:3:{i:0;a:4:{s:4:\"page\";s:9:\"index.php\";s:4:\"mode\";s:6:\"NONSSL\";s:3:\"get\";a:1:{s:5:\"cPath\";s:5:\"0_126\";}s:4:\"post\";a:0:{}}i:1;a:4:{s:4:\"page\";s:11:\"account.php\";s:4:\"mode\";s:6:\"NONSSL\";s:3:\"get\";a:1:{s:6:\"osCsid\";s:32:\"a68cee60462bf1bb0f93f81564c84436\";}s:4:\"post\";a:0:{}}i:2;a:4:{s:4:\"page\";s:14:\"contact_us.php\";s:4:\"mode\";s:6:\"NONSSL\";s:3:\"get\";a:1:{s:6:\"osCsid\";s:32:\"a68cee60462bf1bb0f93f81564c84436\";}s:4:\"post\";a:0:{}}}s:8:\"snapshot\";a:0:{}}affiliate_ref|N;affiliate_clickthroughs_id|N;'),('ef494894760524faa794400459b32b4f',1533706205,'cart|O:12:\"shoppingCart\":8:{s:8:\"contents\";a:1:{i:251;a:1:{s:3:\"qty\";i:1;}}s:5:\"total\";d:7.9900000000000002131628207280300557613372802734375;s:6:\"weight\";d:0.13000000000000000444089209850062616169452667236328125;s:6:\"cartID\";s:5:\"97020\";s:12:\"content_type\";b:0;s:9:\"shiptotal\";d:0;s:13:\"total_virtual\";d:7.9900000000000002131628207280300557613372802734375;s:14:\"weight_virtual\";d:0.2600000000000000088817841970012523233890533447265625;}language|s:7:\"english\";languages_id|s:1:\"1\";currency|s:3:\"USD\";navigation|O:17:\"navigationHistory\":2:{s:4:\"path\";a:2:{i:0;a:4:{s:4:\"page\";s:9:\"index.php\";s:4:\"mode\";s:6:\"NONSSL\";s:3:\"get\";a:4:{s:11:\"products_id\";s:3:\"251\";s:4:\"sort\";s:2:\"4a\";s:4:\"page\";s:1:\"6\";s:6:\"action\";s:7:\"buy_now\";}s:4:\"post\";a:0:{}}i:1;a:4:{s:4:\"page\";s:17:\"shopping_cart.php\";s:4:\"mode\";s:6:\"NONSSL\";s:3:\"get\";a:3:{s:6:\"osCsid\";s:32:\"ef494894760524faa794400459b32b4f\";s:4:\"sort\";s:2:\"4a\";s:4:\"page\";s:1:\"6\";}s:4:\"post\";a:0:{}}}s:8:\"snapshot\";a:0:{}}affiliate_ref|N;affiliate_clickthroughs_id|N;'),('ba975e5245c57eabf84ea5fc6a22ee6b',1533706166,'cart|O:12:\"shoppingCart\":5:{s:8:\"contents\";a:0:{}s:5:\"total\";i:0;s:6:\"weight\";i:0;s:12:\"content_type\";b:0;s:9:\"shiptotal\";i:0;}language|s:7:\"english\";languages_id|s:1:\"1\";currency|s:3:\"USD\";navigation|O:17:\"navigationHistory\":2:{s:4:\"path\";a:1:{i:0;a:4:{s:4:\"page\";s:9:\"index.php\";s:4:\"mode\";s:6:\"NONSSL\";s:3:\"get\";a:1:{s:5:\"cPath\";s:5:\"0_188\";}s:4:\"post\";a:0:{}}}s:8:\"snapshot\";a:0:{}}affiliate_ref|N;affiliate_clickthroughs_id|N;'),('9889abbf1494b9da79413452e2743d39',1533706163,'cart|O:12:\"shoppingCart\":5:{s:8:\"contents\";a:0:{}s:5:\"total\";i:0;s:6:\"weight\";i:0;s:12:\"content_type\";b:0;s:9:\"shiptotal\";i:0;}language|s:7:\"english\";languages_id|s:1:\"1\";currency|s:3:\"USD\";navigation|O:17:\"navigationHistory\":2:{s:4:\"path\";a:1:{i:0;a:4:{s:4:\"page\";s:17:\"shopping_cart.php\";s:4:\"mode\";s:6:\"NONSSL\";s:3:\"get\";a:0:{}s:4:\"post\";a:0:{}}}s:8:\"snapshot\";a:0:{}}affiliate_ref|N;affiliate_clickthroughs_id|N;'),('2e07392b40fec042e38cb7a628a91271',1533706162,'cart|O:12:\"shoppingCart\":5:{s:8:\"contents\";a:0:{}s:5:\"total\";i:0;s:6:\"weight\";i:0;s:12:\"content_type\";b:0;s:9:\"shiptotal\";i:0;}language|s:7:\"english\";languages_id|s:1:\"1\";currency|s:3:\"USD\";navigation|O:17:\"navigationHistory\":2:{s:4:\"path\";a:1:{i:0;a:4:{s:4:\"page\";s:16:\"product_info.php\";s:4:\"mode\";s:6:\"NONSSL\";s:3:\"get\";a:2:{s:11:\"products_id\";s:4:\"1005\";s:8:\"language\";s:2:\"en\";}s:4:\"post\";a:0:{}}}s:8:\"snapshot\";a:0:{}}affiliate_ref|N;affiliate_clickthroughs_id|N;'),('063fc22417418fc69617cdc0e6b17232',1533706161,'cart|O:12:\"shoppingCart\":5:{s:8:\"contents\";a:0:{}s:5:\"total\";i:0;s:6:\"weight\";i:0;s:12:\"content_type\";b:0;s:9:\"shiptotal\";i:0;}language|s:7:\"english\";languages_id|s:1:\"1\";currency|s:3:\"USD\";navigation|O:17:\"navigationHistory\":2:{s:4:\"path\";a:1:{i:0;a:4:{s:4:\"page\";s:16:\"product_info.php\";s:4:\"mode\";s:6:\"NONSSL\";s:3:\"get\";a:2:{s:11:\"products_id\";s:3:\"243\";s:6:\"action\";s:11:\"add_product\";}s:4:\"post\";a:0:{}}}s:8:\"snapshot\";a:0:{}}'),('d319beab140a4a1028c98cbf3e670683',1533705613,'cart|O:12:\"shoppingCart\":5:{s:8:\"contents\";a:0:{}s:5:\"total\";i:0;s:6:\"weight\";i:0;s:12:\"content_type\";b:0;s:9:\"shiptotal\";i:0;}language|s:7:\"english\";languages_id|s:1:\"1\";currency|s:3:\"USD\";navigation|O:17:\"navigationHistory\":2:{s:4:\"path\";a:1:{i:0;a:4:{s:4:\"page\";s:9:\"index.php\";s:4:\"mode\";s:6:\"NONSSL\";s:3:\"get\";a:3:{s:11:\"products_id\";s:3:\"320\";s:4:\"sort\";s:2:\"4a\";s:4:\"page\";s:1:\"8\";}s:4:\"post\";a:0:{}}}s:8:\"snapshot\";a:0:{}}affiliate_ref|N;affiliate_clickthroughs_id|N;'),('a3d2abbf88cf54a4d356d4925bdf8ca6',1533705613,'cart|O:12:\"shoppingCart\":5:{s:8:\"contents\";a:0:{}s:5:\"total\";i:0;s:6:\"weight\";i:0;s:12:\"content_type\";b:0;s:9:\"shiptotal\";i:0;}language|s:7:\"english\";languages_id|s:1:\"1\";currency|s:3:\"USD\";navigation|O:17:\"navigationHistory\":2:{s:4:\"path\";a:1:{i:0;a:4:{s:4:\"page\";s:16:\"product_info.php\";s:4:\"mode\";s:6:\"NONSSL\";s:3:\"get\";a:1:{s:11:\"products_id\";s:4:\"2305\";}s:4:\"post\";a:0:{}}}s:8:\"snapshot\";a:0:{}}affiliate_ref|N;affiliate_clickthroughs_id|N;'),('e3329fd23533008c5cba7ed1e752d245',1533705621,'cart|O:12:\"shoppingCart\":5:{s:8:\"contents\";a:0:{}s:5:\"total\";i:0;s:6:\"weight\";i:0;s:12:\"content_type\";b:0;s:9:\"shiptotal\";i:0;}language|s:7:\"english\";languages_id|s:1:\"1\";currency|s:3:\"USD\";navigation|O:17:\"navigationHistory\":2:{s:4:\"path\";a:1:{i:0;a:4:{s:4:\"page\";s:9:\"index.php\";s:4:\"mode\";s:6:\"NONSSL\";s:3:\"get\";a:1:{s:5:\"cPath\";s:7:\"0_20_22\";}s:4:\"post\";a:0:{}}}s:8:\"snapshot\";a:0:{}}affiliate_ref|N;affiliate_clickthroughs_id|N;'),('738b337f0c0c81b33b38fed1e66791a3',1533705655,'cart|O:12:\"shoppingCart\":6:{s:8:\"contents\";a:0:{}s:5:\"total\";i:0;s:6:\"weight\";i:0;s:6:\"cartID\";N;s:12:\"content_type\";b:0;s:9:\"shiptotal\";i:0;}language|s:7:\"english\";languages_id|s:1:\"1\";currency|s:3:\"USD\";navigation|O:17:\"navigationHistory\":2:{s:4:\"path\";a:2:{i:0;a:4:{s:4:\"page\";s:9:\"index.php\";s:4:\"mode\";s:6:\"NONSSL\";s:3:\"get\";a:4:{s:11:\"products_id\";s:4:\"1628\";s:4:\"sort\";s:2:\"4a\";s:4:\"page\";s:1:\"8\";s:6:\"action\";s:7:\"buy_now\";}s:4:\"post\";a:0:{}}i:1;a:4:{s:4:\"page\";s:16:\"product_info.php\";s:4:\"mode\";s:6:\"NONSSL\";s:3:\"get\";a:2:{s:6:\"osCsid\";s:32:\"738b337f0c0c81b33b38fed1e66791a3\";s:11:\"products_id\";s:4:\"1628\";}s:4:\"post\";a:0:{}}}s:8:\"snapshot\";a:0:{}}affiliate_ref|N;affiliate_clickthroughs_id|N;'),('94ea1aae90d58c1225ed0fd6a6ba4082',1533705643,'cart|O:12:\"shoppingCart\":5:{s:8:\"contents\";a:0:{}s:5:\"total\";i:0;s:6:\"weight\";i:0;s:12:\"content_type\";b:0;s:9:\"shiptotal\";i:0;}language|s:7:\"english\";languages_id|s:1:\"1\";currency|s:3:\"USD\";navigation|O:17:\"navigationHistory\":2:{s:4:\"path\";a:1:{i:0;a:4:{s:4:\"page\";s:9:\"index.php\";s:4:\"mode\";s:6:\"NONSSL\";s:3:\"get\";a:3:{s:5:\"cPath\";s:7:\"221_260\";s:4:\"sort\";s:2:\"4a\";s:4:\"page\";s:1:\"2\";}s:4:\"post\";a:0:{}}}s:8:\"snapshot\";a:0:{}}affiliate_ref|N;affiliate_clickthroughs_id|N;'),('e9a37a650a36ce7829a312031b0bdc73',1533705673,'cart|O:12:\"shoppingCart\":8:{s:8:\"contents\";a:1:{i:2420;a:1:{s:3:\"qty\";i:1;}}s:5:\"total\";d:10.9900000000000002131628207280300557613372802734375;s:6:\"weight\";d:0.13000000000000000444089209850062616169452667236328125;s:6:\"cartID\";s:5:\"06883\";s:12:\"content_type\";b:0;s:9:\"shiptotal\";d:0;s:13:\"total_virtual\";d:10.9900000000000002131628207280300557613372802734375;s:14:\"weight_virtual\";d:0.2600000000000000088817841970012523233890533447265625;}language|s:7:\"espanol\";languages_id|s:1:\"3\";currency|s:3:\"USD\";navigation|O:17:\"navigationHistory\":2:{s:4:\"path\";a:2:{i:0;a:4:{s:4:\"page\";s:9:\"index.php\";s:4:\"mode\";s:6:\"NONSSL\";s:3:\"get\";a:5:{s:11:\"products_id\";s:4:\"2420\";s:4:\"sort\";s:2:\"4a\";s:8:\"language\";s:2:\"es\";s:4:\"page\";s:1:\"6\";s:6:\"action\";s:7:\"buy_now\";}s:4:\"post\";a:0:{}}i:1;a:4:{s:4:\"page\";s:17:\"shopping_cart.php\";s:4:\"mode\";s:6:\"NONSSL\";s:3:\"get\";a:4:{s:6:\"osCsid\";s:32:\"e9a37a650a36ce7829a312031b0bdc73\";s:4:\"sort\";s:2:\"4a\";s:8:\"language\";s:2:\"es\";s:4:\"page\";s:1:\"6\";}s:4:\"post\";a:0:{}}}s:8:\"snapshot\";a:0:{}}affiliate_ref|N;affiliate_clickthroughs_id|N;'),('29fe95b056ece757f6fd9e63cfc082b9',1533705662,'cart|O:12:\"shoppingCart\":6:{s:8:\"contents\";a:1:{i:2127;a:1:{s:3:\"qty\";i:1;}}s:5:\"total\";i:0;s:6:\"weight\";i:0;s:12:\"content_type\";b:0;s:9:\"shiptotal\";i:0;s:6:\"cartID\";s:5:\"27228\";}language|s:7:\"english\";languages_id|s:1:\"1\";currency|s:3:\"USD\";navigation|O:17:\"navigationHistory\":2:{s:4:\"path\";a:1:{i:0;a:4:{s:4:\"page\";s:9:\"index.php\";s:4:\"mode\";s:6:\"NONSSL\";s:3:\"get\";a:5:{s:5:\"cPath\";s:11:\"222_235_239\";s:4:\"sort\";s:2:\"4a\";s:4:\"page\";s:1:\"6\";s:6:\"action\";s:7:\"buy_now\";s:11:\"products_id\";s:4:\"2127\";}s:4:\"post\";a:0:{}}}s:8:\"snapshot\";a:0:{}}new_products_id_in_cart|s:4:\"2127\";'),('9eff47cdd6353b6c8748f90b875a6863',1533706175,'cart|O:12:\"shoppingCart\":8:{s:8:\"contents\";a:1:{i:605;a:1:{s:3:\"qty\";i:1;}}s:5:\"total\";d:7.9900000000000002131628207280300557613372802734375;s:6:\"weight\";d:0.13000000000000000444089209850062616169452667236328125;s:6:\"cartID\";s:5:\"21601\";s:12:\"content_type\";b:0;s:9:\"shiptotal\";d:0;s:13:\"total_virtual\";d:7.9900000000000002131628207280300557613372802734375;s:14:\"weight_virtual\";d:0.2600000000000000088817841970012523233890533447265625;}language|s:7:\"espanol\";languages_id|s:1:\"3\";currency|s:3:\"USD\";navigation|O:17:\"navigationHistory\":2:{s:4:\"path\";a:2:{i:0;a:4:{s:4:\"page\";s:9:\"index.php\";s:4:\"mode\";s:6:\"NONSSL\";s:3:\"get\";a:5:{s:11:\"products_id\";s:3:\"605\";s:4:\"sort\";s:2:\"4a\";s:8:\"language\";s:2:\"es\";s:4:\"page\";s:1:\"8\";s:6:\"action\";s:7:\"buy_now\";}s:4:\"post\";a:0:{}}i:1;a:4:{s:4:\"page\";s:17:\"shopping_cart.php\";s:4:\"mode\";s:6:\"NONSSL\";s:3:\"get\";a:4:{s:6:\"osCsid\";s:32:\"9eff47cdd6353b6c8748f90b875a6863\";s:4:\"sort\";s:2:\"4a\";s:8:\"language\";s:2:\"es\";s:4:\"page\";s:1:\"8\";}s:4:\"post\";a:0:{}}}s:8:\"snapshot\";a:0:{}}affiliate_ref|N;affiliate_clickthroughs_id|N;'),('0d2453fb103fc9cec8a175f14cc46e2a',1533706148,'cart|O:12:\"shoppingCart\":5:{s:8:\"contents\";a:0:{}s:5:\"total\";i:0;s:6:\"weight\";i:0;s:12:\"content_type\";b:0;s:9:\"shiptotal\";i:0;}language|s:7:\"english\";languages_id|s:1:\"1\";currency|s:3:\"USD\";navigation|O:17:\"navigationHistory\":2:{s:4:\"path\";a:1:{i:0;a:4:{s:4:\"page\";s:16:\"product_info.php\";s:4:\"mode\";s:6:\"NONSSL\";s:3:\"get\";a:2:{s:11:\"products_id\";s:3:\"133\";s:8:\"language\";s:2:\"en\";}s:4:\"post\";a:0:{}}}s:8:\"snapshot\";a:0:{}}affiliate_ref|N;affiliate_clickthroughs_id|N;'),('e3365b2ebd80d7dec697fd57fd4af7a1',1533706163,'cart|O:12:\"shoppingCart\":8:{s:8:\"contents\";a:1:{i:249;a:1:{s:3:\"qty\";i:1;}}s:5:\"total\";d:3.9900000000000002131628207280300557613372802734375;s:6:\"weight\";d:0.13000000000000000444089209850062616169452667236328125;s:6:\"cartID\";s:5:\"98423\";s:12:\"content_type\";b:0;s:9:\"shiptotal\";d:0;s:13:\"total_virtual\";d:8.9900000000000002131628207280300557613372802734375;s:14:\"weight_virtual\";d:0.2600000000000000088817841970012523233890533447265625;}language|s:7:\"english\";languages_id|s:1:\"1\";currency|s:3:\"USD\";navigation|O:17:\"navigationHistory\":2:{s:4:\"path\";a:2:{i:0;a:4:{s:4:\"page\";s:9:\"index.php\";s:4:\"mode\";s:6:\"NONSSL\";s:3:\"get\";a:4:{s:11:\"products_id\";s:3:\"249\";s:4:\"sort\";s:2:\"4a\";s:4:\"page\";s:1:\"6\";s:6:\"action\";s:7:\"buy_now\";}s:4:\"post\";a:0:{}}i:1;a:4:{s:4:\"page\";s:17:\"shopping_cart.php\";s:4:\"mode\";s:6:\"NONSSL\";s:3:\"get\";a:3:{s:6:\"osCsid\";s:32:\"e3365b2ebd80d7dec697fd57fd4af7a1\";s:4:\"sort\";s:2:\"4a\";s:4:\"page\";s:1:\"6\";}s:4:\"post\";a:0:{}}}s:8:\"snapshot\";a:0:{}}affiliate_ref|N;affiliate_clickthroughs_id|N;'),('cd46e3f842fe4519d6a02edaf8058606',1533706870,'cart|O:12:\"shoppingCart\":5:{s:8:\"contents\";a:0:{}s:5:\"total\";i:0;s:6:\"weight\";i:0;s:12:\"content_type\";b:0;s:9:\"shiptotal\";i:0;}language|s:7:\"english\";languages_id|s:1:\"1\";currency|s:3:\"USD\";navigation|O:17:\"navigationHistory\":2:{s:4:\"path\";a:1:{i:0;a:4:{s:4:\"page\";s:9:\"login.php\";s:4:\"mode\";s:3:\"SSL\";s:3:\"get\";a:0:{}s:4:\"post\";a:0:{}}}s:8:\"snapshot\";a:0:{}}affiliate_ref|N;affiliate_clickthroughs_id|N;'),('2b9745be609a7df87b88b455c332018a',1533706661,'cart|O:12:\"shoppingCart\":5:{s:8:\"contents\";a:0:{}s:5:\"total\";i:0;s:6:\"weight\";i:0;s:12:\"content_type\";b:0;s:9:\"shiptotal\";i:0;}language|s:7:\"english\";languages_id|s:1:\"1\";currency|s:3:\"USD\";navigation|O:17:\"navigationHistory\":2:{s:4:\"path\";a:1:{i:0;a:4:{s:4:\"page\";s:9:\"index.php\";s:4:\"mode\";s:6:\"NONSSL\";s:3:\"get\";a:1:{s:5:\"cPath\";s:5:\"0_188\";}s:4:\"post\";a:0:{}}}s:8:\"snapshot\";a:0:{}}affiliate_ref|N;affiliate_clickthroughs_id|N;'),('407ffb958d32cb58c5d1c3a3eff02819',1533706878,'cart|O:12:\"shoppingCart\":6:{s:8:\"contents\";a:1:{i:2114;a:1:{s:3:\"qty\";i:1;}}s:5:\"total\";i:0;s:6:\"weight\";i:0;s:12:\"content_type\";b:0;s:9:\"shiptotal\";i:0;s:6:\"cartID\";s:5:\"93224\";}language|s:7:\"english\";languages_id|s:1:\"1\";currency|s:3:\"USD\";navigation|O:17:\"navigationHistory\":2:{s:4:\"path\";a:1:{i:0;a:4:{s:4:\"page\";s:9:\"index.php\";s:4:\"mode\";s:6:\"NONSSL\";s:3:\"get\";a:4:{s:5:\"cPath\";s:9:\"0_268_273\";s:4:\"sort\";s:2:\"4a\";s:6:\"action\";s:7:\"buy_now\";s:11:\"products_id\";s:4:\"2114\";}s:4:\"post\";a:0:{}}}s:8:\"snapshot\";a:0:{}}new_products_id_in_cart|s:4:\"2114\";'),('e0b50a4a68331242c59d131b2c153005',1533706881,'cart|O:12:\"shoppingCart\":5:{s:8:\"contents\";a:0:{}s:5:\"total\";i:0;s:6:\"weight\";i:0;s:12:\"content_type\";b:0;s:9:\"shiptotal\";i:0;}language|s:7:\"english\";languages_id|s:1:\"1\";currency|s:3:\"USD\";navigation|O:17:\"navigationHistory\":2:{s:4:\"path\";a:1:{i:0;a:4:{s:4:\"page\";s:17:\"shopping_cart.php\";s:4:\"mode\";s:6:\"NONSSL\";s:3:\"get\";a:1:{s:4:\"sort\";s:2:\"4a\";}s:4:\"post\";a:0:{}}}s:8:\"snapshot\";a:0:{}}affiliate_ref|N;affiliate_clickthroughs_id|N;'),('e7d14e6f9f49fd90131e396883393f97',1533706881,'cart|O:12:\"shoppingCart\":6:{s:8:\"contents\";a:1:{i:1716;a:1:{s:3:\"qty\";i:1;}}s:5:\"total\";i:0;s:6:\"weight\";i:0;s:12:\"content_type\";b:0;s:9:\"shiptotal\";i:0;s:6:\"cartID\";s:5:\"40809\";}language|s:7:\"english\";languages_id|s:1:\"1\";currency|s:3:\"USD\";navigation|O:17:\"navigationHistory\":2:{s:4:\"path\";a:1:{i:0;a:4:{s:4:\"page\";s:26:\"advanced_search_result.php\";s:4:\"mode\";s:6:\"NONSSL\";s:3:\"get\";a:7:{s:8:\"keywords\";s:4:\"cake\";s:21:\"search_in_description\";s:1:\"1\";s:4:\"sort\";s:2:\"3a\";s:4:\"page\";s:1:\"6\";s:8:\"language\";s:2:\"en\";s:6:\"action\";s:7:\"buy_now\";s:11:\"products_id\";s:4:\"1716\";}s:4:\"post\";a:0:{}}}s:8:\"snapshot\";a:0:{}}new_products_id_in_cart|s:4:\"1716\";'),('56f1956907d6427a095cb6227ea892d8',1533706663,'cart|O:12:\"shoppingCart\":5:{s:8:\"contents\";a:0:{}s:5:\"total\";i:0;s:6:\"weight\";i:0;s:12:\"content_type\";b:0;s:9:\"shiptotal\";i:0;}language|s:7:\"english\";languages_id|s:1:\"1\";currency|s:3:\"USD\";navigation|O:17:\"navigationHistory\":2:{s:4:\"path\";a:1:{i:0;a:4:{s:4:\"page\";s:9:\"login.php\";s:4:\"mode\";s:3:\"SSL\";s:3:\"get\";a:0:{}s:4:\"post\";a:0:{}}}s:8:\"snapshot\";a:0:{}}affiliate_ref|N;affiliate_clickthroughs_id|N;'),('8fa483318c1092ab9cb87f0d76f4ebde',1533706926,'cart|O:12:\"shoppingCart\":8:{s:8:\"contents\";a:1:{i:327;a:1:{s:3:\"qty\";i:1;}}s:5:\"total\";d:10.9900000000000002131628207280300557613372802734375;s:6:\"weight\";d:0.190000000000000002220446049250313080847263336181640625;s:6:\"cartID\";s:5:\"00594\";s:12:\"content_type\";b:0;s:9:\"shiptotal\";d:0;s:13:\"total_virtual\";d:10.9900000000000002131628207280300557613372802734375;s:14:\"weight_virtual\";d:0.38000000000000000444089209850062616169452667236328125;}language|s:7:\"english\";languages_id|s:1:\"1\";currency|s:3:\"USD\";navigation|O:17:\"navigationHistory\":2:{s:4:\"path\";a:2:{i:0;a:4:{s:4:\"page\";s:9:\"index.php\";s:4:\"mode\";s:6:\"NONSSL\";s:3:\"get\";a:4:{s:11:\"products_id\";s:3:\"327\";s:4:\"sort\";s:2:\"4a\";s:4:\"page\";s:1:\"8\";s:6:\"action\";s:7:\"buy_now\";}s:4:\"post\";a:0:{}}i:1;a:4:{s:4:\"page\";s:17:\"shopping_cart.php\";s:4:\"mode\";s:6:\"NONSSL\";s:3:\"get\";a:3:{s:6:\"osCsid\";s:32:\"8fa483318c1092ab9cb87f0d76f4ebde\";s:4:\"sort\";s:2:\"4a\";s:4:\"page\";s:1:\"8\";}s:4:\"post\";a:0:{}}}s:8:\"snapshot\";a:0:{}}affiliate_ref|N;affiliate_clickthroughs_id|N;'),('3378d4e13476396dc0caf9db144b4021',1533706595,'cart|O:12:\"shoppingCart\":5:{s:8:\"contents\";a:0:{}s:5:\"total\";i:0;s:6:\"weight\";i:0;s:12:\"content_type\";b:0;s:9:\"shiptotal\";i:0;}language|s:7:\"english\";languages_id|s:1:\"1\";currency|s:3:\"USD\";navigation|O:17:\"navigationHistory\":2:{s:4:\"path\";a:1:{i:0;a:4:{s:4:\"page\";s:9:\"login.php\";s:4:\"mode\";s:3:\"SSL\";s:3:\"get\";a:0:{}s:4:\"post\";a:0:{}}}s:8:\"snapshot\";a:0:{}}affiliate_ref|N;affiliate_clickthroughs_id|N;'),('7c05ed01904f0e51c0093d702d8d3a07',1533706626,'cart|O:12:\"shoppingCart\":8:{s:8:\"contents\";a:1:{i:2675;a:1:{s:3:\"qty\";i:1;}}s:5:\"total\";d:7.9900000000000002131628207280300557613372802734375;s:6:\"weight\";d:0.13000000000000000444089209850062616169452667236328125;s:6:\"cartID\";s:5:\"10076\";s:12:\"content_type\";b:0;s:9:\"shiptotal\";d:0;s:13:\"total_virtual\";d:7.9900000000000002131628207280300557613372802734375;s:14:\"weight_virtual\";d:0.2600000000000000088817841970012523233890533447265625;}language|s:7:\"english\";languages_id|s:1:\"1\";currency|s:3:\"USD\";navigation|O:17:\"navigationHistory\":2:{s:4:\"path\";a:2:{i:0;a:4:{s:4:\"page\";s:9:\"index.php\";s:4:\"mode\";s:6:\"NONSSL\";s:3:\"get\";a:4:{s:11:\"products_id\";s:4:\"2675\";s:4:\"sort\";s:2:\"4a\";s:4:\"page\";s:1:\"7\";s:6:\"action\";s:7:\"buy_now\";}s:4:\"post\";a:0:{}}i:1;a:4:{s:4:\"page\";s:17:\"shopping_cart.php\";s:4:\"mode\";s:6:\"NONSSL\";s:3:\"get\";a:3:{s:6:\"osCsid\";s:32:\"7c05ed01904f0e51c0093d702d8d3a07\";s:4:\"sort\";s:2:\"4a\";s:4:\"page\";s:1:\"7\";}s:4:\"post\";a:0:{}}}s:8:\"snapshot\";a:0:{}}affiliate_ref|N;affiliate_clickthroughs_id|N;'),('8d8ab0e6bbe2338f5e3c655a29352fc1',1533706637,'cart|O:12:\"shoppingCart\":8:{s:8:\"contents\";a:1:{i:2962;a:1:{s:3:\"qty\";i:1;}}s:5:\"total\";d:7.9900000000000002131628207280300557613372802734375;s:6:\"weight\";d:0.059999999999999997779553950749686919152736663818359375;s:6:\"cartID\";s:5:\"30616\";s:12:\"content_type\";b:0;s:9:\"shiptotal\";d:0;s:13:\"total_virtual\";d:7.9900000000000002131628207280300557613372802734375;s:14:\"weight_virtual\";d:0.11999999999999999555910790149937383830547332763671875;}language|s:7:\"english\";languages_id|s:1:\"1\";currency|s:3:\"USD\";navigation|O:17:\"navigationHistory\":2:{s:4:\"path\";a:2:{i:0;a:4:{s:4:\"page\";s:9:\"index.php\";s:4:\"mode\";s:6:\"NONSSL\";s:3:\"get\";a:4:{s:11:\"products_id\";s:4:\"2962\";s:4:\"sort\";s:2:\"4a\";s:4:\"page\";s:1:\"3\";s:6:\"action\";s:7:\"buy_now\";}s:4:\"post\";a:0:{}}i:1;a:4:{s:4:\"page\";s:17:\"shopping_cart.php\";s:4:\"mode\";s:6:\"NONSSL\";s:3:\"get\";a:3:{s:6:\"osCsid\";s:32:\"8d8ab0e6bbe2338f5e3c655a29352fc1\";s:4:\"sort\";s:2:\"4a\";s:4:\"page\";s:1:\"3\";}s:4:\"post\";a:0:{}}}s:8:\"snapshot\";a:0:{}}affiliate_ref|N;affiliate_clickthroughs_id|N;'),('20c4bd388939152046c3cdeadde8d26e',1533706616,'cart|O:12:\"shoppingCart\":5:{s:8:\"contents\";a:0:{}s:5:\"total\";i:0;s:6:\"weight\";i:0;s:12:\"content_type\";b:0;s:9:\"shiptotal\";i:0;}language|s:7:\"english\";languages_id|s:1:\"1\";currency|s:3:\"USD\";navigation|O:17:\"navigationHistory\":2:{s:4:\"path\";a:1:{i:0;a:4:{s:4:\"page\";s:16:\"product_info.php\";s:4:\"mode\";s:6:\"NONSSL\";s:3:\"get\";a:3:{s:6:\"osCsid\";s:32:\"20c4bd388939152046c3cdeadde8d26e\";s:5:\"cPath\";s:9:\"221_40_52\";s:11:\"products_id\";s:3:\"355\";}s:4:\"post\";a:0:{}}}s:8:\"snapshot\";a:0:{}}affiliate_ref|N;affiliate_clickthroughs_id|N;'),('35a957e390414286032f0627240c79a8',1533706641,'cart|O:12:\"shoppingCart\":5:{s:8:\"contents\";a:0:{}s:5:\"total\";i:0;s:6:\"weight\";i:0;s:12:\"content_type\";b:0;s:9:\"shiptotal\";i:0;}language|s:7:\"english\";languages_id|s:1:\"1\";currency|s:3:\"USD\";navigation|O:17:\"navigationHistory\":2:{s:4:\"path\";a:1:{i:0;a:4:{s:4:\"page\";s:16:\"product_info.php\";s:4:\"mode\";s:6:\"NONSSL\";s:3:\"get\";a:1:{s:11:\"products_id\";s:4:\"3063\";}s:4:\"post\";a:0:{}}}s:8:\"snapshot\";a:0:{}}affiliate_ref|N;affiliate_clickthroughs_id|N;'),('f5b78771cd5516f97711e229a5db69d9',1533706668,'cart|O:12:\"shoppingCart\":8:{s:8:\"contents\";a:1:{i:285;a:1:{s:3:\"qty\";i:1;}}s:5:\"total\";d:10.9900000000000002131628207280300557613372802734375;s:6:\"weight\";d:0.190000000000000002220446049250313080847263336181640625;s:6:\"cartID\";s:5:\"94855\";s:12:\"content_type\";b:0;s:9:\"shiptotal\";d:0;s:13:\"total_virtual\";d:10.9900000000000002131628207280300557613372802734375;s:14:\"weight_virtual\";d:0.38000000000000000444089209850062616169452667236328125;}language|s:7:\"english\";languages_id|s:1:\"1\";currency|s:3:\"USD\";navigation|O:17:\"navigationHistory\":2:{s:4:\"path\";a:2:{i:0;a:4:{s:4:\"page\";s:9:\"index.php\";s:4:\"mode\";s:6:\"NONSSL\";s:3:\"get\";a:4:{s:11:\"products_id\";s:3:\"285\";s:4:\"sort\";s:2:\"4a\";s:4:\"page\";s:1:\"7\";s:6:\"action\";s:7:\"buy_now\";}s:4:\"post\";a:0:{}}i:1;a:4:{s:4:\"page\";s:17:\"shopping_cart.php\";s:4:\"mode\";s:6:\"NONSSL\";s:3:\"get\";a:3:{s:6:\"osCsid\";s:32:\"f5b78771cd5516f97711e229a5db69d9\";s:4:\"sort\";s:2:\"4a\";s:4:\"page\";s:1:\"7\";}s:4:\"post\";a:0:{}}}s:8:\"snapshot\";a:0:{}}affiliate_ref|N;affiliate_clickthroughs_id|N;'),('c7f68658efde41c99a3d1bd804996326',1533706648,'cart|O:12:\"shoppingCart\":6:{s:8:\"contents\";a:1:{i:772;a:1:{s:3:\"qty\";i:1;}}s:5:\"total\";i:0;s:6:\"weight\";i:0;s:12:\"content_type\";b:0;s:9:\"shiptotal\";i:0;s:6:\"cartID\";s:5:\"29267\";}language|s:7:\"english\";languages_id|s:1:\"1\";currency|s:3:\"USD\";navigation|O:17:\"navigationHistory\":2:{s:4:\"path\";a:1:{i:0;a:4:{s:4:\"page\";s:9:\"index.php\";s:4:\"mode\";s:6:\"NONSSL\";s:3:\"get\";a:6:{s:5:\"cPath\";s:11:\"222_235_242\";s:4:\"sort\";s:2:\"4a\";s:4:\"page\";s:1:\"7\";s:8:\"language\";s:2:\"en\";s:6:\"action\";s:7:\"buy_now\";s:11:\"products_id\";s:3:\"772\";}s:4:\"post\";a:0:{}}}s:8:\"snapshot\";a:0:{}}new_products_id_in_cart|s:3:\"772\";'),('65da6e7a6f3a6188d3eaf2c6d026c38b',1533706650,'cart|O:12:\"shoppingCart\":5:{s:8:\"contents\";a:0:{}s:5:\"total\";i:0;s:6:\"weight\";i:0;s:12:\"content_type\";b:0;s:9:\"shiptotal\";i:0;}language|s:7:\"english\";languages_id|s:1:\"1\";currency|s:3:\"USD\";navigation|O:17:\"navigationHistory\":2:{s:4:\"path\";a:1:{i:0;a:4:{s:4:\"page\";s:17:\"shopping_cart.php\";s:4:\"mode\";s:6:\"NONSSL\";s:3:\"get\";a:3:{s:4:\"sort\";s:2:\"4a\";s:4:\"page\";s:1:\"7\";s:8:\"language\";s:2:\"en\";}s:4:\"post\";a:0:{}}}s:8:\"snapshot\";a:0:{}}affiliate_ref|N;affiliate_clickthroughs_id|N;'),('54e25cb8a2577e80a912c54a319e3b09',1533706679,'cart|O:12:\"shoppingCart\":8:{s:8:\"contents\";a:1:{i:2962;a:1:{s:3:\"qty\";i:1;}}s:5:\"total\";d:7.9900000000000002131628207280300557613372802734375;s:6:\"weight\";d:0.059999999999999997779553950749686919152736663818359375;s:6:\"cartID\";s:5:\"08656\";s:12:\"content_type\";b:0;s:9:\"shiptotal\";d:0;s:13:\"total_virtual\";d:7.9900000000000002131628207280300557613372802734375;s:14:\"weight_virtual\";d:0.11999999999999999555910790149937383830547332763671875;}language|s:7:\"english\";languages_id|s:1:\"1\";currency|s:3:\"USD\";navigation|O:17:\"navigationHistory\":2:{s:4:\"path\";a:2:{i:0;a:4:{s:4:\"page\";s:9:\"index.php\";s:4:\"mode\";s:6:\"NONSSL\";s:3:\"get\";a:5:{s:11:\"products_id\";s:4:\"2962\";s:4:\"sort\";s:2:\"4a\";s:4:\"page\";s:1:\"3\";s:8:\"language\";s:2:\"en\";s:6:\"action\";s:7:\"buy_now\";}s:4:\"post\";a:0:{}}i:1;a:4:{s:4:\"page\";s:17:\"shopping_cart.php\";s:4:\"mode\";s:6:\"NONSSL\";s:3:\"get\";a:4:{s:6:\"osCsid\";s:32:\"54e25cb8a2577e80a912c54a319e3b09\";s:4:\"sort\";s:2:\"4a\";s:4:\"page\";s:1:\"3\";s:8:\"language\";s:2:\"en\";}s:4:\"post\";a:0:{}}}s:8:\"snapshot\";a:0:{}}affiliate_ref|N;affiliate_clickthroughs_id|N;'),('56604dee414fece408b1d23d47fd9af6',1533706659,'cart|O:12:\"shoppingCart\":5:{s:8:\"contents\";a:0:{}s:5:\"total\";i:0;s:6:\"weight\";i:0;s:12:\"content_type\";b:0;s:9:\"shiptotal\";i:0;}language|s:7:\"english\";languages_id|s:1:\"1\";currency|s:3:\"USD\";navigation|O:17:\"navigationHistory\":2:{s:4:\"path\";a:1:{i:0;a:4:{s:4:\"page\";s:25:\"product_reviews_write.php\";s:4:\"mode\";s:6:\"NONSSL\";s:3:\"get\";a:1:{s:11:\"products_id\";s:4:\"2901\";}s:4:\"post\";a:0:{}}}s:8:\"snapshot\";a:4:{s:4:\"page\";s:25:\"product_reviews_write.php\";s:4:\"mode\";s:6:\"NONSSL\";s:3:\"get\";a:1:{s:11:\"products_id\";s:4:\"2901\";}s:4:\"post\";a:0:{}}}affiliate_ref|N;affiliate_clickthroughs_id|N;'),('2ad15c65aa15d6dc24156f920d877653',1533706584,'cart|O:12:\"shoppingCart\":5:{s:8:\"contents\";a:0:{}s:5:\"total\";i:0;s:6:\"weight\";i:0;s:12:\"content_type\";b:0;s:9:\"shiptotal\";i:0;}language|s:7:\"english\";languages_id|s:1:\"1\";currency|s:3:\"USD\";navigation|O:17:\"navigationHistory\":2:{s:4:\"path\";a:1:{i:0;a:4:{s:4:\"page\";s:25:\"product_reviews_write.php\";s:4:\"mode\";s:6:\"NONSSL\";s:3:\"get\";a:2:{s:11:\"products_id\";s:4:\"2908\";s:8:\"language\";s:2:\"en\";}s:4:\"post\";a:0:{}}}s:8:\"snapshot\";a:4:{s:4:\"page\";s:25:\"product_reviews_write.php\";s:4:\"mode\";s:6:\"NONSSL\";s:3:\"get\";a:2:{s:11:\"products_id\";s:4:\"2908\";s:8:\"language\";s:2:\"en\";}s:4:\"post\";a:0:{}}}affiliate_ref|N;affiliate_clickthroughs_id|N;'),('935980c8d27973011c54e7caea433272',1533828653,'language|s:7:\"english\";languages_id|s:1:\"1\";selected_box|s:13:\"configuration\";'),('2f2ed66b6afa631cb3cbf70995b0ab25',1533791390,'language|s:7:\"english\";languages_id|s:1:\"1\";selected_box|s:9:\"customers\";login_id|s:2:\"13\";login_groups_id|s:1:\"1\";login_first_name|N;'),('30c75dcef312cc9144ecfa8693f2b6b2',1533805747,'language|s:7:\"english\";languages_id|s:1:\"1\";selected_box|s:13:\"configuration\";'),('1b74cf83506851524807e9b85c14ba89',1533870597,'language|s:7:\"english\";languages_id|s:1:\"1\";selected_box|s:13:\"configuration\";'),('7f826fb215be0a90f9018c0ef4e4eee6',1533893642,'language|s:7:\"english\";languages_id|s:1:\"1\";selected_box|s:13:\"configuration\";'),('51e89f2c4f1cd1bae4cc98e3f5ffc68d',1533872493,'language|s:7:\"english\";languages_id|s:1:\"1\";selected_box|s:13:\"configuration\";'),('6b7be55c19eff4c8a7b2d8b4a6a116dd',1534010028,'language|s:7:\"english\";languages_id|s:1:\"1\";selected_box|s:13:\"configuration\";'),('64afedb9726e282ed7bfb3638e1fa1d7',1533738702,'language|s:7:\"english\";languages_id|s:1:\"1\";selected_box|s:13:\"configuration\";'),('2c25fbc05f93ee46640f8abd2275618b',1533738726,'language|s:7:\"english\";languages_id|s:1:\"1\";selected_box|s:9:\"customers\";login_id|s:2:\"13\";login_groups_id|s:1:\"1\";login_first_name|N;'),('8b7b2add521708c555301132b69a5346',1533977744,'language|s:7:\"english\";languages_id|s:1:\"1\";selected_box|s:13:\"configuration\";'),('b6447d9fa12cd2cf425e90b032d975b5',1533706130,'cart|O:12:\"shoppingCart\":6:{s:8:\"contents\";a:1:{i:2473;a:1:{s:3:\"qty\";i:1;}}s:5:\"total\";i:0;s:6:\"weight\";i:0;s:12:\"content_type\";b:0;s:9:\"shiptotal\";i:0;s:6:\"cartID\";s:5:\"06552\";}language|s:7:\"english\";languages_id|s:1:\"1\";currency|s:3:\"USD\";navigation|O:17:\"navigationHistory\":2:{s:4:\"path\";a:1:{i:0;a:4:{s:4:\"page\";s:24:\"product_reviews_info.php\";s:4:\"mode\";s:6:\"NONSSL\";s:3:\"get\";a:3:{s:11:\"products_id\";s:4:\"2473\";s:10:\"reviews_id\";s:2:\"63\";s:6:\"action\";s:7:\"buy_now\";}s:4:\"post\";a:0:{}}}s:8:\"snapshot\";a:0:{}}new_products_id_in_cart|s:4:\"2473\";'),('331b3ec3341c56c6453d4e01b9931e7b',1533707000,'cart|O:12:\"shoppingCart\":6:{s:8:\"contents\";a:0:{}s:5:\"total\";i:0;s:6:\"weight\";i:0;s:6:\"cartID\";N;s:12:\"content_type\";b:0;s:9:\"shiptotal\";i:0;}language|s:7:\"english\";languages_id|s:1:\"1\";currency|s:3:\"USD\";navigation|O:17:\"navigationHistory\":2:{s:4:\"path\";a:5:{i:0;a:4:{s:4:\"page\";s:16:\"product_info.php\";s:4:\"mode\";s:6:\"NONSSL\";s:3:\"get\";a:1:{s:11:\"products_id\";s:4:\"3067\";}s:4:\"post\";a:0:{}}i:1;a:4:{s:4:\"page\";s:12:\"services.php\";s:4:\"mode\";s:6:\"NONSSL\";s:3:\"get\";a:1:{s:6:\"osCsid\";s:32:\"331b3ec3341c56c6453d4e01b9931e7b\";}s:4:\"post\";a:0:{}}i:2;a:4:{s:4:\"page\";s:9:\"about.php\";s:4:\"mode\";s:6:\"NONSSL\";s:3:\"get\";a:1:{s:6:\"osCsid\";s:32:\"331b3ec3341c56c6453d4e01b9931e7b\";}s:4:\"post\";a:0:{}}i:3;a:4:{s:4:\"page\";s:14:\"contact_us.php\";s:4:\"mode\";s:6:\"NONSSL\";s:3:\"get\";a:1:{s:6:\"osCsid\";s:32:\"331b3ec3341c56c6453d4e01b9931e7b\";}s:4:\"post\";a:0:{}}i:4;a:4:{s:4:\"page\";s:17:\"shopping_cart.php\";s:4:\"mode\";s:6:\"NONSSL\";s:3:\"get\";a:1:{s:6:\"osCsid\";s:32:\"331b3ec3341c56c6453d4e01b9931e7b\";}s:4:\"post\";a:0:{}}}s:8:\"snapshot\";a:0:{}}affiliate_ref|N;affiliate_clickthroughs_id|N;'),('6b95247385bb9091d0f4bd1e0ab92e1c',1533706133,'cart|O:12:\"shoppingCart\":8:{s:8:\"contents\";a:1:{i:602;a:1:{s:3:\"qty\";i:1;}}s:5:\"total\";d:8.9900000000000002131628207280300557613372802734375;s:6:\"weight\";d:0.13000000000000000444089209850062616169452667236328125;s:6:\"cartID\";s:5:\"02253\";s:12:\"content_type\";b:0;s:9:\"shiptotal\";d:0;s:13:\"total_virtual\";d:8.9900000000000002131628207280300557613372802734375;s:14:\"weight_virtual\";d:0.2600000000000000088817841970012523233890533447265625;}language|s:7:\"espanol\";languages_id|s:1:\"3\";currency|s:3:\"USD\";navigation|O:17:\"navigationHistory\":2:{s:4:\"path\";a:2:{i:0;a:4:{s:4:\"page\";s:9:\"index.php\";s:4:\"mode\";s:6:\"NONSSL\";s:3:\"get\";a:5:{s:11:\"products_id\";s:3:\"602\";s:4:\"sort\";s:2:\"4a\";s:8:\"language\";s:2:\"es\";s:4:\"page\";s:1:\"8\";s:6:\"action\";s:7:\"buy_now\";}s:4:\"post\";a:0:{}}i:1;a:4:{s:4:\"page\";s:17:\"shopping_cart.php\";s:4:\"mode\";s:6:\"NONSSL\";s:3:\"get\";a:4:{s:6:\"osCsid\";s:32:\"6b95247385bb9091d0f4bd1e0ab92e1c\";s:4:\"sort\";s:2:\"4a\";s:8:\"language\";s:2:\"es\";s:4:\"page\";s:1:\"8\";}s:4:\"post\";a:0:{}}}s:8:\"snapshot\";a:0:{}}affiliate_ref|N;affiliate_clickthroughs_id|N;'),('e915be76e1567c367733523e90eda5c4',1533705882,'cart|O:12:\"shoppingCart\":5:{s:8:\"contents\";a:0:{}s:5:\"total\";i:0;s:6:\"weight\";i:0;s:12:\"content_type\";b:0;s:9:\"shiptotal\";i:0;}language|s:7:\"english\";languages_id|s:1:\"1\";currency|s:3:\"USD\";navigation|O:17:\"navigationHistory\":2:{s:4:\"path\";a:1:{i:0;a:4:{s:4:\"page\";s:17:\"shopping_cart.php\";s:4:\"mode\";s:6:\"NONSSL\";s:3:\"get\";a:0:{}s:4:\"post\";a:0:{}}}s:8:\"snapshot\";a:0:{}}affiliate_ref|N;affiliate_clickthroughs_id|N;'),('a3f35a0b93288f220df02293ccd83e99',1533705888,'cart|O:12:\"shoppingCart\":5:{s:8:\"contents\";a:0:{}s:5:\"total\";i:0;s:6:\"weight\";i:0;s:12:\"content_type\";b:0;s:9:\"shiptotal\";i:0;}language|s:7:\"english\";languages_id|s:1:\"1\";currency|s:3:\"USD\";navigation|O:17:\"navigationHistory\":2:{s:4:\"path\";a:1:{i:0;a:4:{s:4:\"page\";s:16:\"product_info.php\";s:4:\"mode\";s:6:\"NONSSL\";s:3:\"get\";a:1:{s:11:\"products_id\";s:3:\"948\";}s:4:\"post\";a:0:{}}}s:8:\"snapshot\";a:0:{}}affiliate_ref|N;affiliate_clickthroughs_id|N;'),('f9f0d84c35c2c96f1c8ae3bdca128926',1533706121,'cart|O:12:\"shoppingCart\":6:{s:8:\"contents\";a:0:{}s:5:\"total\";i:0;s:6:\"weight\";i:0;s:6:\"cartID\";N;s:12:\"content_type\";b:0;s:9:\"shiptotal\";i:0;}language|s:7:\"english\";languages_id|s:1:\"1\";currency|s:3:\"USD\";navigation|O:17:\"navigationHistory\":2:{s:4:\"path\";a:2:{i:0;a:4:{s:4:\"page\";s:9:\"index.php\";s:4:\"mode\";s:6:\"NONSSL\";s:3:\"get\";a:4:{s:11:\"products_id\";s:4:\"1199\";s:4:\"sort\";s:2:\"4a\";s:4:\"page\";s:1:\"6\";s:6:\"action\";s:7:\"buy_now\";}s:4:\"post\";a:0:{}}i:1;a:4:{s:4:\"page\";s:16:\"product_info.php\";s:4:\"mode\";s:6:\"NONSSL\";s:3:\"get\";a:2:{s:6:\"osCsid\";s:32:\"f9f0d84c35c2c96f1c8ae3bdca128926\";s:11:\"products_id\";s:4:\"1199\";}s:4:\"post\";a:0:{}}}s:8:\"snapshot\";a:0:{}}affiliate_ref|N;affiliate_clickthroughs_id|N;'),('c5e2da6b2acfce38dddd65ee1813bd3d',1533706100,'cart|O:12:\"shoppingCart\":5:{s:8:\"contents\";a:0:{}s:5:\"total\";i:0;s:6:\"weight\";i:0;s:12:\"content_type\";b:0;s:9:\"shiptotal\";i:0;}language|s:7:\"english\";languages_id|s:1:\"1\";currency|s:3:\"USD\";navigation|O:17:\"navigationHistory\":2:{s:4:\"path\";a:1:{i:0;a:4:{s:4:\"page\";s:16:\"product_info.php\";s:4:\"mode\";s:6:\"NONSSL\";s:3:\"get\";a:4:{s:5:\"cPath\";s:11:\"223_360_184\";s:11:\"products_id\";s:4:\"2753\";s:8:\"language\";s:2:\"en\";s:6:\"action\";s:11:\"add_product\";}s:4:\"post\";a:0:{}}}s:8:\"snapshot\";a:0:{}}'),('8ccfa9222a8d08f79bf9259c67d83322',1533706950,'cart|O:12:\"shoppingCart\":5:{s:8:\"contents\";a:0:{}s:5:\"total\";i:0;s:6:\"weight\";i:0;s:12:\"content_type\";b:0;s:9:\"shiptotal\";i:0;}language|s:7:\"espanol\";languages_id|s:1:\"3\";currency|s:3:\"USD\";navigation|O:17:\"navigationHistory\":2:{s:4:\"path\";a:1:{i:0;a:4:{s:4:\"page\";s:16:\"product_info.php\";s:4:\"mode\";s:6:\"NONSSL\";s:3:\"get\";a:3:{s:4:\"name\";s:20:\"Capia de Estrellitas\";s:11:\"products_id\";s:3:\"735\";s:8:\"language\";s:2:\"es\";}s:4:\"post\";a:0:{}}}s:8:\"snapshot\";a:0:{}}affiliate_ref|N;affiliate_clickthroughs_id|N;'),('cede97519b8c8afd309a10b441f30129',1533706971,'cart|O:12:\"shoppingCart\":8:{s:8:\"contents\";a:1:{i:2959;a:1:{s:3:\"qty\";i:1;}}s:5:\"total\";d:8.9900000000000002131628207280300557613372802734375;s:6:\"weight\";d:0;s:6:\"cartID\";s:5:\"38082\";s:12:\"content_type\";b:0;s:9:\"shiptotal\";d:0;s:13:\"total_virtual\";d:8.9900000000000002131628207280300557613372802734375;s:14:\"weight_virtual\";d:0;}language|s:7:\"english\";languages_id|s:1:\"1\";currency|s:3:\"USD\";navigation|O:17:\"navigationHistory\":2:{s:4:\"path\";a:2:{i:0;a:4:{s:4:\"page\";s:9:\"index.php\";s:4:\"mode\";s:6:\"NONSSL\";s:3:\"get\";a:5:{s:11:\"products_id\";s:4:\"2959\";s:4:\"sort\";s:2:\"4a\";s:4:\"page\";s:1:\"5\";s:8:\"language\";s:2:\"en\";s:6:\"action\";s:7:\"buy_now\";}s:4:\"post\";a:0:{}}i:1;a:4:{s:4:\"page\";s:17:\"shopping_cart.php\";s:4:\"mode\";s:6:\"NONSSL\";s:3:\"get\";a:4:{s:6:\"osCsid\";s:32:\"cede97519b8c8afd309a10b441f30129\";s:4:\"sort\";s:2:\"4a\";s:4:\"page\";s:1:\"5\";s:8:\"language\";s:2:\"en\";}s:4:\"post\";a:0:{}}}s:8:\"snapshot\";a:0:{}}affiliate_ref|N;affiliate_clickthroughs_id|N;'),('fd55c376d52b7b7a1e2bba55850e9734',1533706957,'cart|O:12:\"shoppingCart\":5:{s:8:\"contents\";a:0:{}s:5:\"total\";i:0;s:6:\"weight\";i:0;s:12:\"content_type\";b:0;s:9:\"shiptotal\";i:0;}language|s:7:\"english\";languages_id|s:1:\"1\";currency|s:3:\"USD\";navigation|O:17:\"navigationHistory\":2:{s:4:\"path\";a:1:{i:0;a:4:{s:4:\"page\";s:16:\"product_info.php\";s:4:\"mode\";s:6:\"NONSSL\";s:3:\"get\";a:3:{s:5:\"cPath\";s:11:\"223_354_201\";s:11:\"products_id\";s:4:\"1716\";s:6:\"action\";s:11:\"add_product\";}s:4:\"post\";a:0:{}}}s:8:\"snapshot\";a:0:{}}'),('fbf71631a60e8d921941b76ec2ae3551',1533706958,'cart|O:12:\"shoppingCart\":5:{s:8:\"contents\";a:0:{}s:5:\"total\";i:0;s:6:\"weight\";i:0;s:12:\"content_type\";b:0;s:9:\"shiptotal\";i:0;}language|s:7:\"english\";languages_id|s:1:\"1\";currency|s:3:\"USD\";navigation|O:17:\"navigationHistory\":2:{s:4:\"path\";a:1:{i:0;a:4:{s:4:\"page\";s:17:\"shopping_cart.php\";s:4:\"mode\";s:6:\"NONSSL\";s:3:\"get\";a:0:{}s:4:\"post\";a:0:{}}}s:8:\"snapshot\";a:0:{}}affiliate_ref|N;affiliate_clickthroughs_id|N;'),('682c9bc85ab198f760487cc911095d02',1533706980,'cart|O:12:\"shoppingCart\":6:{s:8:\"contents\";a:1:{i:2023;a:1:{s:3:\"qty\";i:1;}}s:5:\"total\";i:0;s:6:\"weight\";i:0;s:12:\"content_type\";b:0;s:9:\"shiptotal\";i:0;s:6:\"cartID\";s:5:\"21291\";}language|s:7:\"english\";languages_id|s:1:\"1\";currency|s:3:\"USD\";navigation|O:17:\"navigationHistory\":2:{s:4:\"path\";a:1:{i:0;a:4:{s:4:\"page\";s:19:\"product_reviews.php\";s:4:\"mode\";s:6:\"NONSSL\";s:3:\"get\";a:4:{s:5:\"cPath\";s:11:\"277_279_285\";s:11:\"products_id\";s:4:\"2023\";s:8:\"language\";s:2:\"en\";s:6:\"action\";s:7:\"buy_now\";}s:4:\"post\";a:0:{}}}s:8:\"snapshot\";a:0:{}}new_products_id_in_cart|s:4:\"2023\";'),('70d4445fb9595d6470a43306397fa7dd',1533706991,'cart|O:12:\"shoppingCart\":5:{s:8:\"contents\";a:0:{}s:5:\"total\";i:0;s:6:\"weight\";i:0;s:12:\"content_type\";b:0;s:9:\"shiptotal\";i:0;}language|s:7:\"english\";languages_id|s:1:\"1\";currency|s:3:\"USD\";navigation|O:17:\"navigationHistory\":2:{s:4:\"path\";a:1:{i:0;a:4:{s:4:\"page\";s:32:\"catalog_products_with_images.php\";s:4:\"mode\";s:6:\"NONSSL\";s:3:\"get\";a:2:{s:7:\"listing\";s:15:\"price-desc\\\'A=0\";s:4:\"page\";s:2:\"12\";}s:4:\"post\";a:0:{}}}s:8:\"snapshot\";a:0:{}}affiliate_ref|N;affiliate_clickthroughs_id|N;'),('3a1586ef8400740cb0a82a953cd27525',1533707012,'cart|O:12:\"shoppingCart\":8:{s:8:\"contents\";a:1:{i:760;a:1:{s:3:\"qty\";i:1;}}s:5:\"total\";d:10.9900000000000002131628207280300557613372802734375;s:6:\"weight\";d:0.190000000000000002220446049250313080847263336181640625;s:6:\"cartID\";s:5:\"04836\";s:12:\"content_type\";b:0;s:9:\"shiptotal\";d:0;s:13:\"total_virtual\";d:10.9900000000000002131628207280300557613372802734375;s:14:\"weight_virtual\";d:0.38000000000000000444089209850062616169452667236328125;}language|s:7:\"english\";languages_id|s:1:\"1\";currency|s:3:\"USD\";navigation|O:17:\"navigationHistory\":2:{s:4:\"path\";a:2:{i:0;a:4:{s:4:\"page\";s:9:\"index.php\";s:4:\"mode\";s:6:\"NONSSL\";s:3:\"get\";a:4:{s:11:\"products_id\";s:3:\"760\";s:4:\"sort\";s:2:\"4a\";s:4:\"page\";s:1:\"8\";s:6:\"action\";s:7:\"buy_now\";}s:4:\"post\";a:0:{}}i:1;a:4:{s:4:\"page\";s:17:\"shopping_cart.php\";s:4:\"mode\";s:6:\"NONSSL\";s:3:\"get\";a:3:{s:6:\"osCsid\";s:32:\"3a1586ef8400740cb0a82a953cd27525\";s:4:\"sort\";s:2:\"4a\";s:4:\"page\";s:1:\"8\";}s:4:\"post\";a:0:{}}}s:8:\"snapshot\";a:0:{}}affiliate_ref|N;affiliate_clickthroughs_id|N;'),('51823f28b8058fe135e5b68a2831c12f',1533707013,'cart|O:12:\"shoppingCart\":6:{s:8:\"contents\";a:0:{}s:5:\"total\";i:0;s:6:\"weight\";i:0;s:6:\"cartID\";N;s:12:\"content_type\";b:0;s:9:\"shiptotal\";i:0;}language|s:7:\"english\";languages_id|s:1:\"1\";currency|s:3:\"USD\";navigation|O:17:\"navigationHistory\":2:{s:4:\"path\";a:2:{i:0;a:4:{s:4:\"page\";s:9:\"index.php\";s:4:\"mode\";s:6:\"NONSSL\";s:3:\"get\";a:5:{s:11:\"products_id\";s:4:\"1199\";s:4:\"sort\";s:2:\"4a\";s:4:\"page\";s:1:\"6\";s:8:\"language\";s:2:\"en\";s:6:\"action\";s:7:\"buy_now\";}s:4:\"post\";a:0:{}}i:1;a:4:{s:4:\"page\";s:16:\"product_info.php\";s:4:\"mode\";s:6:\"NONSSL\";s:3:\"get\";a:2:{s:6:\"osCsid\";s:32:\"51823f28b8058fe135e5b68a2831c12f\";s:11:\"products_id\";s:4:\"1199\";}s:4:\"post\";a:0:{}}}s:8:\"snapshot\";a:0:{}}affiliate_ref|N;affiliate_clickthroughs_id|N;'),('f6e1ea6ce4dc786c90a511cfdab39679',1533707006,'cart|O:12:\"shoppingCart\":5:{s:8:\"contents\";a:0:{}s:5:\"total\";i:0;s:6:\"weight\";i:0;s:12:\"content_type\";b:0;s:9:\"shiptotal\";i:0;}language|s:7:\"english\";languages_id|s:1:\"1\";currency|s:3:\"USD\";navigation|O:17:\"navigationHistory\":2:{s:4:\"path\";a:1:{i:0;a:4:{s:4:\"page\";s:32:\"catalog_products_with_images.php\";s:4:\"mode\";s:6:\"NONSSL\";s:3:\"get\";a:2:{s:7:\"listing\";s:10:\"price-desc\";s:4:\"page\";s:7:\"12\\\'A=0\";}s:4:\"post\";a:0:{}}}s:8:\"snapshot\";a:0:{}}affiliate_ref|N;affiliate_clickthroughs_id|N;'),('7bf7b80d73e5090bb76e6e817280f5d7',1533706079,'cart|O:12:\"shoppingCart\":8:{s:8:\"contents\";a:1:{i:1120;a:1:{s:3:\"qty\";i:1;}}s:5:\"total\";d:6.9900000000000002131628207280300557613372802734375;s:6:\"weight\";d:0.059999999999999997779553950749686919152736663818359375;s:6:\"cartID\";s:5:\"67158\";s:12:\"content_type\";b:0;s:9:\"shiptotal\";d:0;s:13:\"total_virtual\";d:6.9900000000000002131628207280300557613372802734375;s:14:\"weight_virtual\";d:0.11999999999999999555910790149937383830547332763671875;}language|s:7:\"english\";languages_id|s:1:\"1\";currency|s:3:\"USD\";navigation|O:17:\"navigationHistory\":2:{s:4:\"path\";a:2:{i:0;a:4:{s:4:\"page\";s:9:\"index.php\";s:4:\"mode\";s:6:\"NONSSL\";s:3:\"get\";a:4:{s:11:\"products_id\";s:4:\"1120\";s:4:\"sort\";s:2:\"4a\";s:4:\"page\";s:1:\"6\";s:6:\"action\";s:7:\"buy_now\";}s:4:\"post\";a:0:{}}i:1;a:4:{s:4:\"page\";s:17:\"shopping_cart.php\";s:4:\"mode\";s:6:\"NONSSL\";s:3:\"get\";a:3:{s:6:\"osCsid\";s:32:\"7bf7b80d73e5090bb76e6e817280f5d7\";s:4:\"sort\";s:2:\"4a\";s:4:\"page\";s:1:\"6\";}s:4:\"post\";a:0:{}}}s:8:\"snapshot\";a:0:{}}affiliate_ref|N;affiliate_clickthroughs_id|N;'),('eb9c3592753c76b732a847b7624f9e10',1533706069,'cart|O:12:\"shoppingCart\":5:{s:8:\"contents\";a:0:{}s:5:\"total\";i:0;s:6:\"weight\";i:0;s:12:\"content_type\";b:0;s:9:\"shiptotal\";i:0;}language|s:7:\"espanol\";languages_id|s:1:\"3\";currency|s:3:\"USD\";navigation|O:17:\"navigationHistory\":2:{s:4:\"path\";a:1:{i:0;a:4:{s:4:\"page\";s:16:\"product_info.php\";s:4:\"mode\";s:6:\"NONSSL\";s:3:\"get\";a:3:{s:4:\"name\";s:36:\"Pajaro (o pollito) molde de silicona\";s:11:\"products_id\";s:4:\"2572\";s:8:\"language\";s:2:\"es\";}s:4:\"post\";a:0:{}}}s:8:\"snapshot\";a:0:{}}affiliate_ref|N;affiliate_clickthroughs_id|N;'),('42caf8c027f057901a96e8a4d6ec4189',1533706091,'cart|O:12:\"shoppingCart\":8:{s:8:\"contents\";a:1:{i:763;a:1:{s:3:\"qty\";i:1;}}s:5:\"total\";d:8.9900000000000002131628207280300557613372802734375;s:6:\"weight\";d:0.059999999999999997779553950749686919152736663818359375;s:6:\"cartID\";s:5:\"71940\";s:12:\"content_type\";b:0;s:9:\"shiptotal\";d:0;s:13:\"total_virtual\";d:8.9900000000000002131628207280300557613372802734375;s:14:\"weight_virtual\";d:0.11999999999999999555910790149937383830547332763671875;}language|s:7:\"espanol\";languages_id|s:1:\"3\";currency|s:3:\"USD\";navigation|O:17:\"navigationHistory\":2:{s:4:\"path\";a:2:{i:0;a:4:{s:4:\"page\";s:9:\"index.php\";s:4:\"mode\";s:6:\"NONSSL\";s:3:\"get\";a:5:{s:11:\"products_id\";s:3:\"763\";s:4:\"sort\";s:2:\"4a\";s:8:\"language\";s:2:\"es\";s:4:\"page\";s:1:\"7\";s:6:\"action\";s:7:\"buy_now\";}s:4:\"post\";a:0:{}}i:1;a:4:{s:4:\"page\";s:17:\"shopping_cart.php\";s:4:\"mode\";s:6:\"NONSSL\";s:3:\"get\";a:4:{s:6:\"osCsid\";s:32:\"42caf8c027f057901a96e8a4d6ec4189\";s:4:\"sort\";s:2:\"4a\";s:8:\"language\";s:2:\"es\";s:4:\"page\";s:1:\"7\";}s:4:\"post\";a:0:{}}}s:8:\"snapshot\";a:0:{}}affiliate_ref|N;affiliate_clickthroughs_id|N;'),('cfb69da3a52fdbe249c64db1ab3338bb',1533706099,'cart|O:12:\"shoppingCart\":6:{s:8:\"contents\";a:0:{}s:5:\"total\";i:0;s:6:\"weight\";i:0;s:6:\"cartID\";N;s:12:\"content_type\";b:0;s:9:\"shiptotal\";i:0;}language|s:7:\"english\";languages_id|s:1:\"1\";currency|s:3:\"USD\";navigation|O:17:\"navigationHistory\":2:{s:4:\"path\";a:6:{i:0;a:4:{s:4:\"page\";s:9:\"index.php\";s:4:\"mode\";s:6:\"NONSSL\";s:3:\"get\";a:1:{s:5:\"cPath\";s:7:\"188_189\";}s:4:\"post\";a:0:{}}i:1;a:4:{s:4:\"page\";s:9:\"about.php\";s:4:\"mode\";s:6:\"NONSSL\";s:3:\"get\";a:1:{s:6:\"osCsid\";s:32:\"cfb69da3a52fdbe249c64db1ab3338bb\";}s:4:\"post\";a:0:{}}i:2;a:4:{s:4:\"page\";s:11:\"account.php\";s:4:\"mode\";s:6:\"NONSSL\";s:3:\"get\";a:1:{s:6:\"osCsid\";s:32:\"cfb69da3a52fdbe249c64db1ab3338bb\";}s:4:\"post\";a:0:{}}i:3;a:4:{s:4:\"page\";s:14:\"contact_us.php\";s:4:\"mode\";s:6:\"NONSSL\";s:3:\"get\";a:1:{s:6:\"osCsid\";s:32:\"cfb69da3a52fdbe249c64db1ab3338bb\";}s:4:\"post\";a:0:{}}i:4;a:4:{s:4:\"page\";s:17:\"shopping_cart.php\";s:4:\"mode\";s:6:\"NONSSL\";s:3:\"get\";a:1:{s:6:\"osCsid\";s:32:\"cfb69da3a52fdbe249c64db1ab3338bb\";}s:4:\"post\";a:0:{}}i:5;a:4:{s:4:\"page\";s:12:\"services.php\";s:4:\"mode\";s:6:\"NONSSL\";s:3:\"get\";a:1:{s:6:\"osCsid\";s:32:\"cfb69da3a52fdbe249c64db1ab3338bb\";}s:4:\"post\";a:0:{}}}s:8:\"snapshot\";a:0:{}}affiliate_ref|N;affiliate_clickthroughs_id|N;'),('cfbc263eac1f83c54d6c2cbdb48b0817',1533707040,'cart|O:12:\"shoppingCart\":5:{s:8:\"contents\";a:0:{}s:5:\"total\";i:0;s:6:\"weight\";i:0;s:12:\"content_type\";b:0;s:9:\"shiptotal\";i:0;}language|s:7:\"english\";languages_id|s:1:\"1\";currency|s:3:\"USD\";navigation|O:17:\"navigationHistory\":2:{s:4:\"path\";a:1:{i:0;a:4:{s:4:\"page\";s:11:\"privacy.php\";s:4:\"mode\";s:6:\"NONSSL\";s:3:\"get\";a:0:{}s:4:\"post\";a:0:{}}}s:8:\"snapshot\";a:0:{}}affiliate_ref|N;affiliate_clickthroughs_id|N;'),('a04feda5754c35b50b7f3fb13da86f1f',1533707034,'cart|O:12:\"shoppingCart\":6:{s:8:\"contents\";a:1:{i:2960;a:1:{s:3:\"qty\";i:1;}}s:5:\"total\";i:0;s:6:\"weight\";i:0;s:12:\"content_type\";b:0;s:9:\"shiptotal\";i:0;s:6:\"cartID\";s:5:\"32675\";}language|s:7:\"espanol\";languages_id|s:1:\"3\";currency|s:3:\"USD\";navigation|O:17:\"navigationHistory\":2:{s:4:\"path\";a:1:{i:0;a:4:{s:4:\"page\";s:9:\"index.php\";s:4:\"mode\";s:6:\"NONSSL\";s:3:\"get\";a:5:{s:11:\"products_id\";s:4:\"2960\";s:4:\"sort\";s:2:\"4a\";s:4:\"page\";s:2:\"11\";s:8:\"language\";s:2:\"es\";s:6:\"action\";s:7:\"buy_now\";}s:4:\"post\";a:0:{}}}s:8:\"snapshot\";a:0:{}}new_products_id_in_cart|s:4:\"2960\";'),('2c24134349e3e2252678233051b99924',1533707034,'cart|O:12:\"shoppingCart\":6:{s:8:\"contents\";a:1:{i:761;a:1:{s:3:\"qty\";i:1;}}s:5:\"total\";i:0;s:6:\"weight\";i:0;s:12:\"content_type\";b:0;s:9:\"shiptotal\";i:0;s:6:\"cartID\";s:5:\"46893\";}language|s:7:\"english\";languages_id|s:1:\"1\";currency|s:3:\"USD\";navigation|O:17:\"navigationHistory\":2:{s:4:\"path\";a:1:{i:0;a:4:{s:4:\"page\";s:9:\"index.php\";s:4:\"mode\";s:6:\"NONSSL\";s:3:\"get\";a:4:{s:11:\"products_id\";s:3:\"761\";s:4:\"sort\";s:2:\"4a\";s:4:\"page\";s:1:\"8\";s:6:\"action\";s:7:\"buy_now\";}s:4:\"post\";a:0:{}}}s:8:\"snapshot\";a:0:{}}new_products_id_in_cart|s:3:\"761\";'),('9f25581598d8622c45217c352c6ee7ad',1533707029,'cart|O:12:\"shoppingCart\":5:{s:8:\"contents\";a:0:{}s:5:\"total\";i:0;s:6:\"weight\";i:0;s:12:\"content_type\";b:0;s:9:\"shiptotal\";i:0;}language|s:7:\"english\";languages_id|s:1:\"1\";currency|s:3:\"USD\";navigation|O:17:\"navigationHistory\":2:{s:4:\"path\";a:1:{i:0;a:4:{s:4:\"page\";s:11:\"account.php\";s:4:\"mode\";s:6:\"NONSSL\";s:3:\"get\";a:1:{s:6:\"osCsid\";s:32:\"9f25581598d8622c45217c352c6ee7ad\";}s:4:\"post\";a:0:{}}}s:8:\"snapshot\";a:0:{}}affiliate_ref|N;affiliate_clickthroughs_id|N;'),('8c7133c400629851e92b64892a51bb99',1533707021,'cart|O:12:\"shoppingCart\":5:{s:8:\"contents\";a:0:{}s:5:\"total\";i:0;s:6:\"weight\";i:0;s:12:\"content_type\";b:0;s:9:\"shiptotal\";i:0;}language|s:7:\"english\";languages_id|s:1:\"1\";currency|s:3:\"USD\";navigation|O:17:\"navigationHistory\":2:{s:4:\"path\";a:1:{i:0;a:4:{s:4:\"page\";s:9:\"index.php\";s:4:\"mode\";s:6:\"NONSSL\";s:3:\"get\";a:1:{s:5:\"cPath\";s:8:\"0_223_71\";}s:4:\"post\";a:0:{}}}s:8:\"snapshot\";a:0:{}}affiliate_ref|N;affiliate_clickthroughs_id|N;'),('4792d0184da9ded5d76cba77eb7f32c5',1533707010,'cart|O:12:\"shoppingCart\":5:{s:8:\"contents\";a:0:{}s:5:\"total\";i:0;s:6:\"weight\";i:0;s:12:\"content_type\";b:0;s:9:\"shiptotal\";i:0;}language|s:7:\"english\";languages_id|s:1:\"1\";currency|s:3:\"USD\";navigation|O:17:\"navigationHistory\":2:{s:4:\"path\";a:1:{i:0;a:4:{s:4:\"page\";s:16:\"product_info.php\";s:4:\"mode\";s:6:\"NONSSL\";s:3:\"get\";a:1:{s:11:\"products_id\";s:4:\"2387\";}s:4:\"post\";a:0:{}}}s:8:\"snapshot\";a:0:{}}affiliate_ref|N;affiliate_clickthroughs_id|N;'),('324b0c3d203c6f80b79a5ff41faed6c3',1533706788,'cart|O:12:\"shoppingCart\":6:{s:8:\"contents\";a:0:{}s:5:\"total\";i:0;s:6:\"weight\";i:0;s:6:\"cartID\";N;s:12:\"content_type\";b:0;s:9:\"shiptotal\";i:0;}language|s:7:\"english\";languages_id|s:1:\"1\";currency|s:3:\"USD\";navigation|O:17:\"navigationHistory\":2:{s:4:\"path\";a:6:{i:0;a:4:{s:4:\"page\";s:16:\"product_info.php\";s:4:\"mode\";s:6:\"NONSSL\";s:3:\"get\";a:2:{s:4:\"name\";s:29:\"Silhouette bride and groom #2\";s:11:\"products_id\";s:4:\"3026\";}s:4:\"post\";a:0:{}}i:1;a:4:{s:4:\"page\";s:9:\"about.php\";s:4:\"mode\";s:6:\"NONSSL\";s:3:\"get\";a:1:{s:6:\"osCsid\";s:32:\"324b0c3d203c6f80b79a5ff41faed6c3\";}s:4:\"post\";a:0:{}}i:2;a:4:{s:4:\"page\";s:14:\"contact_us.php\";s:4:\"mode\";s:6:\"NONSSL\";s:3:\"get\";a:1:{s:6:\"osCsid\";s:32:\"324b0c3d203c6f80b79a5ff41faed6c3\";}s:4:\"post\";a:0:{}}i:3;a:4:{s:4:\"page\";s:12:\"services.php\";s:4:\"mode\";s:6:\"NONSSL\";s:3:\"get\";a:1:{s:6:\"osCsid\";s:32:\"324b0c3d203c6f80b79a5ff41faed6c3\";}s:4:\"post\";a:0:{}}i:4;a:4:{s:4:\"page\";s:17:\"shopping_cart.php\";s:4:\"mode\";s:6:\"NONSSL\";s:3:\"get\";a:1:{s:6:\"osCsid\";s:32:\"324b0c3d203c6f80b79a5ff41faed6c3\";}s:4:\"post\";a:0:{}}i:5;a:4:{s:4:\"page\";s:11:\"account.php\";s:4:\"mode\";s:6:\"NONSSL\";s:3:\"get\";a:1:{s:6:\"osCsid\";s:32:\"324b0c3d203c6f80b79a5ff41faed6c3\";}s:4:\"post\";a:0:{}}}s:8:\"snapshot\";a:0:{}}affiliate_ref|N;affiliate_clickthroughs_id|N;'),('d6fa09685ecdc2048c8058cd69e80339',1533706970,'cart|O:12:\"shoppingCart\":8:{s:8:\"contents\";a:1:{i:607;a:1:{s:3:\"qty\";i:1;}}s:5:\"total\";d:12.9900000000000002131628207280300557613372802734375;s:6:\"weight\";d:0.25;s:6:\"cartID\";s:5:\"57700\";s:12:\"content_type\";b:0;s:9:\"shiptotal\";d:0;s:13:\"total_virtual\";d:12.9900000000000002131628207280300557613372802734375;s:14:\"weight_virtual\";d:0.5;}language|s:7:\"english\";languages_id|s:1:\"1\";currency|s:3:\"USD\";navigation|O:17:\"navigationHistory\":2:{s:4:\"path\";a:2:{i:0;a:4:{s:4:\"page\";s:9:\"index.php\";s:4:\"mode\";s:6:\"NONSSL\";s:3:\"get\";a:4:{s:11:\"products_id\";s:3:\"607\";s:4:\"sort\";s:2:\"4a\";s:4:\"page\";s:1:\"8\";s:6:\"action\";s:7:\"buy_now\";}s:4:\"post\";a:0:{}}i:1;a:4:{s:4:\"page\";s:17:\"shopping_cart.php\";s:4:\"mode\";s:6:\"NONSSL\";s:3:\"get\";a:3:{s:6:\"osCsid\";s:32:\"d6fa09685ecdc2048c8058cd69e80339\";s:4:\"sort\";s:2:\"4a\";s:4:\"page\";s:1:\"8\";}s:4:\"post\";a:0:{}}}s:8:\"snapshot\";a:0:{}}affiliate_ref|N;affiliate_clickthroughs_id|N;'),('ddba139e69e592aa240918231327f873',1533706939,'cart|O:12:\"shoppingCart\":5:{s:8:\"contents\";a:0:{}s:5:\"total\";i:0;s:6:\"weight\";i:0;s:12:\"content_type\";b:0;s:9:\"shiptotal\";i:0;}language|s:7:\"english\";languages_id|s:1:\"1\";currency|s:3:\"USD\";navigation|O:17:\"navigationHistory\":2:{s:4:\"path\";a:1:{i:0;a:4:{s:4:\"page\";s:16:\"product_info.php\";s:4:\"mode\";s:6:\"NONSSL\";s:3:\"get\";a:2:{s:16:\"manufacturers_id\";s:1:\"1\";s:11:\"products_id\";s:4:\"2754\";}s:4:\"post\";a:0:{}}}s:8:\"snapshot\";a:0:{}}affiliate_ref|N;affiliate_clickthroughs_id|N;'),('3958a744da31f1f17d4e75c9a90f362a',1533706930,'cart|O:12:\"shoppingCart\":8:{s:8:\"contents\";a:1:{i:243;a:1:{s:3:\"qty\";i:1;}}s:5:\"total\";d:5.9900000000000002131628207280300557613372802734375;s:6:\"weight\";d:0.059999999999999997779553950749686919152736663818359375;s:6:\"cartID\";s:5:\"52452\";s:12:\"content_type\";b:0;s:9:\"shiptotal\";d:0;s:13:\"total_virtual\";d:5.9900000000000002131628207280300557613372802734375;s:14:\"weight_virtual\";d:0.11999999999999999555910790149937383830547332763671875;}language|s:7:\"english\";languages_id|s:1:\"1\";currency|s:3:\"USD\";navigation|O:17:\"navigationHistory\":2:{s:4:\"path\";a:2:{i:0;a:4:{s:4:\"page\";s:9:\"index.php\";s:4:\"mode\";s:6:\"NONSSL\";s:3:\"get\";a:5:{s:11:\"products_id\";s:3:\"243\";s:4:\"sort\";s:2:\"4a\";s:4:\"page\";s:1:\"5\";s:8:\"language\";s:2:\"en\";s:6:\"action\";s:7:\"buy_now\";}s:4:\"post\";a:0:{}}i:1;a:4:{s:4:\"page\";s:17:\"shopping_cart.php\";s:4:\"mode\";s:6:\"NONSSL\";s:3:\"get\";a:4:{s:6:\"osCsid\";s:32:\"3958a744da31f1f17d4e75c9a90f362a\";s:4:\"sort\";s:2:\"4a\";s:4:\"page\";s:1:\"5\";s:8:\"language\";s:2:\"en\";}s:4:\"post\";a:0:{}}}s:8:\"snapshot\";a:0:{}}affiliate_ref|N;affiliate_clickthroughs_id|N;'),('c132676cd9a700ba9e6b09362c7d0c9e',1533706911,'cart|O:12:\"shoppingCart\":5:{s:8:\"contents\";a:0:{}s:5:\"total\";i:0;s:6:\"weight\";i:0;s:12:\"content_type\";b:0;s:9:\"shiptotal\";i:0;}language|s:7:\"espanol\";languages_id|s:1:\"3\";currency|s:3:\"USD\";navigation|O:17:\"navigationHistory\":2:{s:4:\"path\";a:1:{i:0;a:4:{s:4:\"page\";s:9:\"index.php\";s:4:\"mode\";s:6:\"NONSSL\";s:3:\"get\";a:2:{s:5:\"cPath\";s:3:\"277\";s:8:\"language\";s:2:\"es\";}s:4:\"post\";a:0:{}}}s:8:\"snapshot\";a:0:{}}affiliate_ref|N;affiliate_clickthroughs_id|N;'),('9b3af39c7682199f966c5564fa5c60c5',1533705506,'cart|O:12:\"shoppingCart\":8:{s:8:\"contents\";a:1:{i:1534;a:1:{s:3:\"qty\";i:1;}}s:5:\"total\";d:8.9900000000000002131628207280300557613372802734375;s:6:\"weight\";d:0.01000000000000000020816681711721685132943093776702880859375;s:6:\"cartID\";s:5:\"92260\";s:12:\"content_type\";b:0;s:9:\"shiptotal\";d:0;s:13:\"total_virtual\";d:8.9900000000000002131628207280300557613372802734375;s:14:\"weight_virtual\";d:0.0200000000000000004163336342344337026588618755340576171875;}language|s:7:\"english\";languages_id|s:1:\"1\";currency|s:3:\"USD\";navigation|O:17:\"navigationHistory\":2:{s:4:\"path\";a:2:{i:0;a:4:{s:4:\"page\";s:9:\"index.php\";s:4:\"mode\";s:6:\"NONSSL\";s:3:\"get\";a:4:{s:11:\"products_id\";s:4:\"1534\";s:4:\"sort\";s:2:\"4a\";s:4:\"page\";s:1:\"7\";s:6:\"action\";s:7:\"buy_now\";}s:4:\"post\";a:0:{}}i:1;a:4:{s:4:\"page\";s:17:\"shopping_cart.php\";s:4:\"mode\";s:6:\"NONSSL\";s:3:\"get\";a:3:{s:6:\"osCsid\";s:32:\"9b3af39c7682199f966c5564fa5c60c5\";s:4:\"sort\";s:2:\"4a\";s:4:\"page\";s:1:\"7\";}s:4:\"post\";a:0:{}}}s:8:\"snapshot\";a:0:{}}affiliate_ref|N;affiliate_clickthroughs_id|N;'),('b8ad11e77dfcfcb65f3ce277cb36a904',1533944018,'language|s:7:\"english\";languages_id|s:1:\"1\";selected_box|s:13:\"configuration\";'),('2f619e3ba0252d4cd6447f7ffe86b1f0',1533705553,'cart|O:12:\"shoppingCart\":5:{s:8:\"contents\";a:0:{}s:5:\"total\";i:0;s:6:\"weight\";i:0;s:12:\"content_type\";b:0;s:9:\"shiptotal\";i:0;}language|s:7:\"espanol\";languages_id|s:1:\"3\";currency|s:3:\"USD\";navigation|O:17:\"navigationHistory\":2:{s:4:\"path\";a:1:{i:0;a:4:{s:4:\"page\";s:16:\"product_info.php\";s:4:\"mode\";s:6:\"NONSSL\";s:3:\"get\";a:3:{s:4:\"name\";s:35:\"Souvenir Chanchito para baby shower\";s:11:\"products_id\";s:2:\"30\";s:8:\"language\";s:2:\"es\";}s:4:\"post\";a:0:{}}}s:8:\"snapshot\";a:0:{}}affiliate_ref|N;affiliate_clickthroughs_id|N;'),('827353464e9ff4b01f7671d37c0c6347',1533705589,'cart|O:12:\"shoppingCart\":8:{s:8:\"contents\";a:1:{i:2336;a:1:{s:3:\"qty\";i:1;}}s:5:\"total\";d:6.9900000000000002131628207280300557613372802734375;s:6:\"weight\";d:0.059999999999999997779553950749686919152736663818359375;s:6:\"cartID\";s:5:\"83253\";s:12:\"content_type\";b:0;s:9:\"shiptotal\";d:0;s:13:\"total_virtual\";d:6.9900000000000002131628207280300557613372802734375;s:14:\"weight_virtual\";d:0.11999999999999999555910790149937383830547332763671875;}language|s:7:\"espanol\";languages_id|s:1:\"3\";currency|s:3:\"USD\";navigation|O:17:\"navigationHistory\":2:{s:4:\"path\";a:2:{i:0;a:4:{s:4:\"page\";s:9:\"index.php\";s:4:\"mode\";s:6:\"NONSSL\";s:3:\"get\";a:5:{s:11:\"products_id\";s:4:\"2336\";s:4:\"sort\";s:2:\"4a\";s:8:\"language\";s:2:\"es\";s:4:\"page\";s:1:\"6\";s:6:\"action\";s:7:\"buy_now\";}s:4:\"post\";a:0:{}}i:1;a:4:{s:4:\"page\";s:17:\"shopping_cart.php\";s:4:\"mode\";s:6:\"NONSSL\";s:3:\"get\";a:4:{s:6:\"osCsid\";s:32:\"827353464e9ff4b01f7671d37c0c6347\";s:4:\"sort\";s:2:\"4a\";s:8:\"language\";s:2:\"es\";s:4:\"page\";s:1:\"6\";}s:4:\"post\";a:0:{}}}s:8:\"snapshot\";a:0:{}}affiliate_ref|N;affiliate_clickthroughs_id|N;'),('fa648186bc5fffc8a80a5741e59b46cc',1533705592,'cart|O:12:\"shoppingCart\":8:{s:8:\"contents\";a:1:{i:763;a:1:{s:3:\"qty\";i:1;}}s:5:\"total\";d:8.9900000000000002131628207280300557613372802734375;s:6:\"weight\";d:0.059999999999999997779553950749686919152736663818359375;s:6:\"cartID\";s:5:\"18617\";s:12:\"content_type\";b:0;s:9:\"shiptotal\";d:0;s:13:\"total_virtual\";d:8.9900000000000002131628207280300557613372802734375;s:14:\"weight_virtual\";d:0.11999999999999999555910790149937383830547332763671875;}language|s:7:\"english\";languages_id|s:1:\"1\";currency|s:3:\"USD\";navigation|O:17:\"navigationHistory\":2:{s:4:\"path\";a:2:{i:0;a:4:{s:4:\"page\";s:9:\"index.php\";s:4:\"mode\";s:6:\"NONSSL\";s:3:\"get\";a:4:{s:11:\"products_id\";s:3:\"763\";s:4:\"sort\";s:2:\"4a\";s:4:\"page\";s:1:\"7\";s:6:\"action\";s:7:\"buy_now\";}s:4:\"post\";a:0:{}}i:1;a:4:{s:4:\"page\";s:17:\"shopping_cart.php\";s:4:\"mode\";s:6:\"NONSSL\";s:3:\"get\";a:3:{s:6:\"osCsid\";s:32:\"fa648186bc5fffc8a80a5741e59b46cc\";s:4:\"sort\";s:2:\"4a\";s:4:\"page\";s:1:\"7\";}s:4:\"post\";a:0:{}}}s:8:\"snapshot\";a:0:{}}affiliate_ref|N;affiliate_clickthroughs_id|N;'),('b6fb3099ea8ff9cef082c54de4d79e9c',1533705574,'cart|O:12:\"shoppingCart\":5:{s:8:\"contents\";a:0:{}s:5:\"total\";i:0;s:6:\"weight\";i:0;s:12:\"content_type\";b:0;s:9:\"shiptotal\";i:0;}language|s:7:\"english\";languages_id|s:1:\"1\";currency|s:3:\"USD\";navigation|O:17:\"navigationHistory\":2:{s:4:\"path\";a:1:{i:0;a:4:{s:4:\"page\";s:9:\"index.php\";s:4:\"mode\";s:6:\"NONSSL\";s:3:\"get\";a:0:{}s:4:\"post\";a:0:{}}}s:8:\"snapshot\";a:0:{}}affiliate_ref|N;affiliate_clickthroughs_id|N;'),('da2fa459c800d54df843e88efe670487',1533705585,'cart|O:12:\"shoppingCart\":5:{s:8:\"contents\";a:0:{}s:5:\"total\";i:0;s:6:\"weight\";i:0;s:12:\"content_type\";b:0;s:9:\"shiptotal\";i:0;}language|s:7:\"english\";languages_id|s:1:\"1\";currency|s:3:\"USD\";navigation|O:17:\"navigationHistory\":2:{s:4:\"path\";a:1:{i:0;a:4:{s:4:\"page\";s:16:\"product_info.php\";s:4:\"mode\";s:6:\"NONSSL\";s:3:\"get\";a:1:{s:11:\"products_id\";s:3:\"519\";}s:4:\"post\";a:0:{}}}s:8:\"snapshot\";a:0:{}}affiliate_ref|N;affiliate_clickthroughs_id|N;'),('8063942b31b895a334f474025b5758e8',1533705592,'cart|O:12:\"shoppingCart\":5:{s:8:\"contents\";a:0:{}s:5:\"total\";i:0;s:6:\"weight\";i:0;s:12:\"content_type\";b:0;s:9:\"shiptotal\";i:0;}language|s:7:\"english\";languages_id|s:1:\"1\";currency|s:3:\"USD\";navigation|O:17:\"navigationHistory\":2:{s:4:\"path\";a:1:{i:0;a:4:{s:4:\"page\";s:16:\"product_info.php\";s:4:\"mode\";s:6:\"NONSSL\";s:3:\"get\";a:2:{s:5:\"cPath\";s:11:\"222_235_244\";s:11:\"products_id\";s:4:\"1462\";}s:4:\"post\";a:0:{}}}s:8:\"snapshot\";a:0:{}}affiliate_ref|N;affiliate_clickthroughs_id|N;'),('89328e2b8da1000bb8477c0ba0173123',1533705632,'cart|O:12:\"shoppingCart\":8:{s:8:\"contents\";a:1:{i:2418;a:1:{s:3:\"qty\";i:1;}}s:5:\"total\";d:8.9900000000000002131628207280300557613372802734375;s:6:\"weight\";d:0.13000000000000000444089209850062616169452667236328125;s:6:\"cartID\";s:5:\"40849\";s:12:\"content_type\";b:0;s:9:\"shiptotal\";d:0;s:13:\"total_virtual\";d:8.9900000000000002131628207280300557613372802734375;s:14:\"weight_virtual\";d:0.2600000000000000088817841970012523233890533447265625;}language|s:7:\"espanol\";languages_id|s:1:\"3\";currency|s:3:\"USD\";navigation|O:17:\"navigationHistory\":2:{s:4:\"path\";a:2:{i:0;a:4:{s:4:\"page\";s:9:\"index.php\";s:4:\"mode\";s:6:\"NONSSL\";s:3:\"get\";a:5:{s:11:\"products_id\";s:4:\"2418\";s:4:\"sort\";s:2:\"4a\";s:8:\"language\";s:2:\"es\";s:4:\"page\";s:1:\"6\";s:6:\"action\";s:7:\"buy_now\";}s:4:\"post\";a:0:{}}i:1;a:4:{s:4:\"page\";s:17:\"shopping_cart.php\";s:4:\"mode\";s:6:\"NONSSL\";s:3:\"get\";a:4:{s:6:\"osCsid\";s:32:\"89328e2b8da1000bb8477c0ba0173123\";s:4:\"sort\";s:2:\"4a\";s:8:\"language\";s:2:\"es\";s:4:\"page\";s:1:\"6\";}s:4:\"post\";a:0:{}}}s:8:\"snapshot\";a:0:{}}affiliate_ref|N;affiliate_clickthroughs_id|N;'),('6a43a1557c846a9fb06ae6c2dbddd3d0',1533706888,'cart|O:12:\"shoppingCart\":8:{s:8:\"contents\";a:1:{i:2959;a:1:{s:3:\"qty\";i:1;}}s:5:\"total\";d:8.9900000000000002131628207280300557613372802734375;s:6:\"weight\";d:0;s:6:\"cartID\";s:5:\"57880\";s:12:\"content_type\";b:0;s:9:\"shiptotal\";d:0;s:13:\"total_virtual\";d:8.9900000000000002131628207280300557613372802734375;s:14:\"weight_virtual\";d:0;}language|s:7:\"english\";languages_id|s:1:\"1\";currency|s:3:\"USD\";navigation|O:17:\"navigationHistory\":2:{s:4:\"path\";a:2:{i:0;a:4:{s:4:\"page\";s:9:\"index.php\";s:4:\"mode\";s:6:\"NONSSL\";s:3:\"get\";a:4:{s:11:\"products_id\";s:4:\"2959\";s:4:\"sort\";s:2:\"4a\";s:4:\"page\";s:1:\"5\";s:6:\"action\";s:7:\"buy_now\";}s:4:\"post\";a:0:{}}i:1;a:4:{s:4:\"page\";s:17:\"shopping_cart.php\";s:4:\"mode\";s:6:\"NONSSL\";s:3:\"get\";a:3:{s:6:\"osCsid\";s:32:\"6a43a1557c846a9fb06ae6c2dbddd3d0\";s:4:\"sort\";s:2:\"4a\";s:4:\"page\";s:1:\"5\";}s:4:\"post\";a:0:{}}}s:8:\"snapshot\";a:0:{}}affiliate_ref|N;affiliate_clickthroughs_id|N;'),('05ce3c2b80210d41275ceaa356db3c85',1533706869,'cart|O:12:\"shoppingCart\":5:{s:8:\"contents\";a:0:{}s:5:\"total\";i:0;s:6:\"weight\";i:0;s:12:\"content_type\";b:0;s:9:\"shiptotal\";i:0;}language|s:7:\"espanol\";languages_id|s:1:\"3\";currency|s:3:\"USD\";navigation|O:17:\"navigationHistory\":2:{s:4:\"path\";a:1:{i:0;a:4:{s:4:\"page\";s:25:\"product_reviews_write.php\";s:4:\"mode\";s:6:\"NONSSL\";s:3:\"get\";a:2:{s:11:\"products_id\";s:4:\"2070\";s:8:\"language\";s:2:\"es\";}s:4:\"post\";a:0:{}}}s:8:\"snapshot\";a:4:{s:4:\"page\";s:25:\"product_reviews_write.php\";s:4:\"mode\";s:6:\"NONSSL\";s:3:\"get\";a:2:{s:11:\"products_id\";s:4:\"2070\";s:8:\"language\";s:2:\"es\";}s:4:\"post\";a:0:{}}}affiliate_ref|N;affiliate_clickthroughs_id|N;'),('1d8e03746400e42bd0e8f6e614dfdac8',1533706852,'cart|O:12:\"shoppingCart\":5:{s:8:\"contents\";a:0:{}s:5:\"total\";i:0;s:6:\"weight\";i:0;s:12:\"content_type\";b:0;s:9:\"shiptotal\";i:0;}language|s:7:\"english\";languages_id|s:1:\"1\";currency|s:3:\"USD\";navigation|O:17:\"navigationHistory\":2:{s:4:\"path\";a:1:{i:0;a:4:{s:4:\"page\";s:17:\"shopping_cart.php\";s:4:\"mode\";s:6:\"NONSSL\";s:3:\"get\";a:2:{s:4:\"sort\";s:2:\"4a\";s:4:\"page\";s:1:\"3\";}s:4:\"post\";a:0:{}}}s:8:\"snapshot\";a:0:{}}affiliate_ref|N;affiliate_clickthroughs_id|N;'),('afd84979eb494c9bb6e23f463cf7ef0b',1533706882,'cart|O:12:\"shoppingCart\":8:{s:8:\"contents\";a:1:{i:248;a:1:{s:3:\"qty\";i:1;}}s:5:\"total\";d:7.9900000000000002131628207280300557613372802734375;s:6:\"weight\";d:0.13000000000000000444089209850062616169452667236328125;s:6:\"cartID\";s:5:\"84547\";s:12:\"content_type\";b:0;s:9:\"shiptotal\";d:0;s:13:\"total_virtual\";d:7.9900000000000002131628207280300557613372802734375;s:14:\"weight_virtual\";d:0.2600000000000000088817841970012523233890533447265625;}language|s:7:\"english\";languages_id|s:1:\"1\";currency|s:3:\"USD\";navigation|O:17:\"navigationHistory\":2:{s:4:\"path\";a:2:{i:0;a:4:{s:4:\"page\";s:9:\"index.php\";s:4:\"mode\";s:6:\"NONSSL\";s:3:\"get\";a:4:{s:11:\"products_id\";s:3:\"248\";s:4:\"sort\";s:2:\"4a\";s:4:\"page\";s:1:\"8\";s:6:\"action\";s:7:\"buy_now\";}s:4:\"post\";a:0:{}}i:1;a:4:{s:4:\"page\";s:17:\"shopping_cart.php\";s:4:\"mode\";s:6:\"NONSSL\";s:3:\"get\";a:3:{s:6:\"osCsid\";s:32:\"afd84979eb494c9bb6e23f463cf7ef0b\";s:4:\"sort\";s:2:\"4a\";s:4:\"page\";s:1:\"8\";}s:4:\"post\";a:0:{}}}s:8:\"snapshot\";a:0:{}}affiliate_ref|N;affiliate_clickthroughs_id|N;'),('4d2a537bd57a6119d79cd79a508e92ca',1533706850,'cart|O:12:\"shoppingCart\":6:{s:8:\"contents\";a:1:{i:2697;a:1:{s:3:\"qty\";i:1;}}s:5:\"total\";i:0;s:6:\"weight\";i:0;s:12:\"content_type\";b:0;s:9:\"shiptotal\";i:0;s:6:\"cartID\";s:5:\"76297\";}language|s:7:\"english\";languages_id|s:1:\"1\";currency|s:3:\"USD\";navigation|O:17:\"navigationHistory\":2:{s:4:\"path\";a:1:{i:0;a:4:{s:4:\"page\";s:9:\"index.php\";s:4:\"mode\";s:6:\"NONSSL\";s:3:\"get\";a:5:{s:5:\"cPath\";s:9:\"0_309_337\";s:4:\"sort\";s:2:\"4a\";s:4:\"page\";s:1:\"3\";s:6:\"action\";s:7:\"buy_now\";s:11:\"products_id\";s:4:\"2697\";}s:4:\"post\";a:0:{}}}s:8:\"snapshot\";a:0:{}}new_products_id_in_cart|s:4:\"2697\";'),('ac3692ca83c4d0994367845ac6a1b0a2',1533706824,'cart|O:12:\"shoppingCart\":5:{s:8:\"contents\";a:0:{}s:5:\"total\";i:0;s:6:\"weight\";i:0;s:12:\"content_type\";b:0;s:9:\"shiptotal\";i:0;}language|s:7:\"english\";languages_id|s:1:\"1\";currency|s:3:\"USD\";navigation|O:17:\"navigationHistory\":2:{s:4:\"path\";a:1:{i:0;a:4:{s:4:\"page\";s:17:\"shopping_cart.php\";s:4:\"mode\";s:6:\"NONSSL\";s:3:\"get\";a:0:{}s:4:\"post\";a:0:{}}}s:8:\"snapshot\";a:0:{}}affiliate_ref|N;affiliate_clickthroughs_id|N;'),('6daaf0f0eda6e3487e62d65ba3421afb',1533706846,'cart|O:12:\"shoppingCart\":8:{s:8:\"contents\";a:1:{i:712;a:1:{s:3:\"qty\";i:1;}}s:5:\"total\";d:10.9900000000000002131628207280300557613372802734375;s:6:\"weight\";d:0.190000000000000002220446049250313080847263336181640625;s:6:\"cartID\";s:5:\"76372\";s:12:\"content_type\";b:0;s:9:\"shiptotal\";d:0;s:13:\"total_virtual\";d:10.9900000000000002131628207280300557613372802734375;s:14:\"weight_virtual\";d:0.38000000000000000444089209850062616169452667236328125;}language|s:7:\"espanol\";languages_id|s:1:\"3\";currency|s:3:\"USD\";navigation|O:17:\"navigationHistory\":2:{s:4:\"path\";a:2:{i:0;a:4:{s:4:\"page\";s:9:\"index.php\";s:4:\"mode\";s:6:\"NONSSL\";s:3:\"get\";a:5:{s:11:\"products_id\";s:3:\"712\";s:4:\"sort\";s:2:\"4a\";s:4:\"page\";s:1:\"4\";s:8:\"language\";s:2:\"es\";s:6:\"action\";s:7:\"buy_now\";}s:4:\"post\";a:0:{}}i:1;a:4:{s:4:\"page\";s:17:\"shopping_cart.php\";s:4:\"mode\";s:6:\"NONSSL\";s:3:\"get\";a:4:{s:6:\"osCsid\";s:32:\"6daaf0f0eda6e3487e62d65ba3421afb\";s:4:\"sort\";s:2:\"4a\";s:4:\"page\";s:1:\"4\";s:8:\"language\";s:2:\"es\";}s:4:\"post\";a:0:{}}}s:8:\"snapshot\";a:0:{}}affiliate_ref|N;affiliate_clickthroughs_id|N;'),('e10d7c4f7c9aaa0a06d10a745d53ef4f',1533706823,'cart|O:12:\"shoppingCart\":5:{s:8:\"contents\";a:0:{}s:5:\"total\";i:0;s:6:\"weight\";i:0;s:12:\"content_type\";b:0;s:9:\"shiptotal\";i:0;}language|s:7:\"english\";languages_id|s:1:\"1\";currency|s:3:\"USD\";navigation|O:17:\"navigationHistory\":2:{s:4:\"path\";a:1:{i:0;a:4:{s:4:\"page\";s:9:\"index.php\";s:4:\"mode\";s:6:\"NONSSL\";s:3:\"get\";a:0:{}s:4:\"post\";a:0:{}}}s:8:\"snapshot\";a:0:{}}affiliate_ref|N;affiliate_clickthroughs_id|N;'),('82fce77429603121a8ffc0efd3b2aa97',1533706823,'cart|O:12:\"shoppingCart\":5:{s:8:\"contents\";a:0:{}s:5:\"total\";i:0;s:6:\"weight\";i:0;s:12:\"content_type\";b:0;s:9:\"shiptotal\";i:0;}language|s:7:\"english\";languages_id|s:1:\"1\";currency|s:3:\"USD\";navigation|O:17:\"navigationHistory\":2:{s:4:\"path\";a:1:{i:0;a:4:{s:4:\"page\";s:16:\"product_info.php\";s:4:\"mode\";s:6:\"NONSSL\";s:3:\"get\";a:2:{s:11:\"products_id\";s:4:\"2715\";s:6:\"action\";s:11:\"add_product\";}s:4:\"post\";a:0:{}}}s:8:\"snapshot\";a:0:{}}'),('214c579dd03bdf1ceb26dba86d8025d8',1533706840,'cart|O:12:\"shoppingCart\":8:{s:8:\"contents\";a:1:{i:763;a:1:{s:3:\"qty\";i:1;}}s:5:\"total\";d:8.9900000000000002131628207280300557613372802734375;s:6:\"weight\";d:0.059999999999999997779553950749686919152736663818359375;s:6:\"cartID\";s:5:\"16101\";s:12:\"content_type\";b:0;s:9:\"shiptotal\";d:0;s:13:\"total_virtual\";d:8.9900000000000002131628207280300557613372802734375;s:14:\"weight_virtual\";d:0.11999999999999999555910790149937383830547332763671875;}language|s:7:\"english\";languages_id|s:1:\"1\";currency|s:3:\"USD\";navigation|O:17:\"navigationHistory\":2:{s:4:\"path\";a:2:{i:0;a:4:{s:4:\"page\";s:9:\"index.php\";s:4:\"mode\";s:6:\"NONSSL\";s:3:\"get\";a:4:{s:11:\"products_id\";s:3:\"763\";s:4:\"sort\";s:2:\"4a\";s:4:\"page\";s:1:\"7\";s:6:\"action\";s:7:\"buy_now\";}s:4:\"post\";a:0:{}}i:1;a:4:{s:4:\"page\";s:17:\"shopping_cart.php\";s:4:\"mode\";s:6:\"NONSSL\";s:3:\"get\";a:3:{s:6:\"osCsid\";s:32:\"214c579dd03bdf1ceb26dba86d8025d8\";s:4:\"sort\";s:2:\"4a\";s:4:\"page\";s:1:\"7\";}s:4:\"post\";a:0:{}}}s:8:\"snapshot\";a:0:{}}affiliate_ref|N;affiliate_clickthroughs_id|N;'),('7dd37fc285c5e6b332c1b31e1599dde1',1533706821,'cart|O:12:\"shoppingCart\":6:{s:8:\"contents\";a:1:{i:2812;a:1:{s:3:\"qty\";i:1;}}s:5:\"total\";i:0;s:6:\"weight\";i:0;s:12:\"content_type\";b:0;s:9:\"shiptotal\";i:0;s:6:\"cartID\";s:5:\"32936\";}language|s:7:\"english\";languages_id|s:1:\"1\";currency|s:3:\"USD\";navigation|O:17:\"navigationHistory\":2:{s:4:\"path\";a:1:{i:0;a:4:{s:4:\"page\";s:26:\"advanced_search_result.php\";s:4:\"mode\";s:6:\"NONSSL\";s:3:\"get\";a:7:{s:8:\"keywords\";s:4:\"cake\";s:21:\"search_in_description\";s:1:\"1\";s:4:\"sort\";s:2:\"3d\";s:8:\"language\";s:2:\"en\";s:4:\"page\";s:1:\"6\";s:6:\"action\";s:7:\"buy_now\";s:11:\"products_id\";s:4:\"2812\";}s:4:\"post\";a:0:{}}}s:8:\"snapshot\";a:0:{}}new_products_id_in_cart|s:4:\"2812\";'),('e2e7b938327d145b1e69adea3ec22e19',1534091276,'language|s:7:\"english\";languages_id|s:1:\"1\";selected_box|s:13:\"configuration\";'),('c4c4e7f9e2dbd6ba9af32eef98e37fea',1534091275,'language|s:7:\"english\";languages_id|s:1:\"1\";selected_box|s:13:\"configuration\";'),('820f3d0b62dd180b2618db38e55c84da',1534091277,'language|s:7:\"english\";languages_id|s:1:\"1\";selected_box|s:13:\"configuration\";'),('d319b08ba5a2813c5177f5f22bf951dc',1534150141,'language|s:7:\"english\";languages_id|s:1:\"1\";selected_box|s:7:\"catalog\";login_id|s:2:\"13\";login_groups_id|s:1:\"1\";login_first_name|N;'),('b6f7d81862116fc94609c9e10e7a7f20',1534150083,'language|s:7:\"english\";languages_id|s:1:\"1\";selected_box|s:13:\"configuration\";'),('d6e110babea2f123825c453d498e81eb',1533705697,'cart|O:12:\"shoppingCart\":8:{s:8:\"contents\";a:1:{i:239;a:1:{s:3:\"qty\";i:1;}}s:5:\"total\";d:7.9900000000000002131628207280300557613372802734375;s:6:\"weight\";d:0.13000000000000000444089209850062616169452667236328125;s:6:\"cartID\";s:5:\"42952\";s:12:\"content_type\";b:0;s:9:\"shiptotal\";d:0;s:13:\"total_virtual\";d:7.9900000000000002131628207280300557613372802734375;s:14:\"weight_virtual\";d:0.2600000000000000088817841970012523233890533447265625;}language|s:7:\"english\";languages_id|s:1:\"1\";currency|s:3:\"USD\";navigation|O:17:\"navigationHistory\":2:{s:4:\"path\";a:2:{i:0;a:4:{s:4:\"page\";s:9:\"index.php\";s:4:\"mode\";s:6:\"NONSSL\";s:3:\"get\";a:4:{s:11:\"products_id\";s:3:\"239\";s:4:\"sort\";s:2:\"4a\";s:4:\"page\";s:1:\"8\";s:6:\"action\";s:7:\"buy_now\";}s:4:\"post\";a:0:{}}i:1;a:4:{s:4:\"page\";s:17:\"shopping_cart.php\";s:4:\"mode\";s:6:\"NONSSL\";s:3:\"get\";a:3:{s:6:\"osCsid\";s:32:\"d6e110babea2f123825c453d498e81eb\";s:4:\"sort\";s:2:\"4a\";s:4:\"page\";s:1:\"8\";}s:4:\"post\";a:0:{}}}s:8:\"snapshot\";a:0:{}}affiliate_ref|N;affiliate_clickthroughs_id|N;'),('39ddb388db03e07c733c8f5e30904022',1533705679,'cart|O:12:\"shoppingCart\":6:{s:8:\"contents\";a:1:{i:2123;a:1:{s:3:\"qty\";i:1;}}s:5:\"total\";i:0;s:6:\"weight\";i:0;s:12:\"content_type\";b:0;s:9:\"shiptotal\";i:0;s:6:\"cartID\";s:5:\"03813\";}language|s:7:\"english\";languages_id|s:1:\"1\";currency|s:3:\"USD\";navigation|O:17:\"navigationHistory\":2:{s:4:\"path\";a:1:{i:0;a:4:{s:4:\"page\";s:9:\"index.php\";s:4:\"mode\";s:6:\"NONSSL\";s:3:\"get\";a:6:{s:5:\"cPath\";s:7:\"131_132\";s:4:\"sort\";s:2:\"4a\";s:8:\"language\";s:2:\"en\";s:4:\"page\";s:1:\"3\";s:6:\"action\";s:7:\"buy_now\";s:11:\"products_id\";s:4:\"2123\";}s:4:\"post\";a:0:{}}}s:8:\"snapshot\";a:0:{}}new_products_id_in_cart|s:4:\"2123\";'),('c729e13aacd5418937ab03e438a66434',1533705682,'cart|O:12:\"shoppingCart\":5:{s:8:\"contents\";a:0:{}s:5:\"total\";i:0;s:6:\"weight\";i:0;s:12:\"content_type\";b:0;s:9:\"shiptotal\";i:0;}language|s:7:\"english\";languages_id|s:1:\"1\";currency|s:3:\"USD\";navigation|O:17:\"navigationHistory\":2:{s:4:\"path\";a:1:{i:0;a:4:{s:4:\"page\";s:25:\"product_reviews_write.php\";s:4:\"mode\";s:6:\"NONSSL\";s:3:\"get\";a:2:{s:11:\"products_id\";s:4:\"2908\";s:8:\"language\";s:2:\"en\";}s:4:\"post\";a:0:{}}}s:8:\"snapshot\";a:4:{s:4:\"page\";s:25:\"product_reviews_write.php\";s:4:\"mode\";s:6:\"NONSSL\";s:3:\"get\";a:2:{s:11:\"products_id\";s:4:\"2908\";s:8:\"language\";s:2:\"en\";}s:4:\"post\";a:0:{}}}affiliate_ref|N;affiliate_clickthroughs_id|N;'),('eed9e4297d411939d4b664c011c75592',1533705685,'cart|O:12:\"shoppingCart\":5:{s:8:\"contents\";a:0:{}s:5:\"total\";i:0;s:6:\"weight\";i:0;s:12:\"content_type\";b:0;s:9:\"shiptotal\";i:0;}language|s:7:\"english\";languages_id|s:1:\"1\";currency|s:3:\"USD\";navigation|O:17:\"navigationHistory\":2:{s:4:\"path\";a:1:{i:0;a:4:{s:4:\"page\";s:17:\"shopping_cart.php\";s:4:\"mode\";s:6:\"NONSSL\";s:3:\"get\";a:3:{s:4:\"sort\";s:2:\"4a\";s:8:\"language\";s:2:\"en\";s:4:\"page\";s:1:\"3\";}s:4:\"post\";a:0:{}}}s:8:\"snapshot\";a:0:{}}affiliate_ref|N;affiliate_clickthroughs_id|N;'),('118a50290791be9bfaaaaa87cb35f9e8',1533705688,'cart|O:12:\"shoppingCart\":5:{s:8:\"contents\";a:0:{}s:5:\"total\";i:0;s:6:\"weight\";i:0;s:12:\"content_type\";b:0;s:9:\"shiptotal\";i:0;}language|s:7:\"english\";languages_id|s:1:\"1\";currency|s:3:\"USD\";navigation|O:17:\"navigationHistory\":2:{s:4:\"path\";a:1:{i:0;a:4:{s:4:\"page\";s:9:\"login.php\";s:4:\"mode\";s:3:\"SSL\";s:3:\"get\";a:0:{}s:4:\"post\";a:0:{}}}s:8:\"snapshot\";a:0:{}}affiliate_ref|N;affiliate_clickthroughs_id|N;'),('ca6f3b4cb3eb670c1c8a77f66a5b743a',1533705715,'cart|O:12:\"shoppingCart\":8:{s:8:\"contents\";a:1:{i:2475;a:1:{s:3:\"qty\";i:1;}}s:5:\"total\";d:8.9900000000000002131628207280300557613372802734375;s:6:\"weight\";d:0.13000000000000000444089209850062616169452667236328125;s:6:\"cartID\";s:5:\"64393\";s:12:\"content_type\";b:0;s:9:\"shiptotal\";d:0;s:13:\"total_virtual\";d:8.9900000000000002131628207280300557613372802734375;s:14:\"weight_virtual\";d:0.2600000000000000088817841970012523233890533447265625;}language|s:7:\"espanol\";languages_id|s:1:\"3\";currency|s:3:\"USD\";navigation|O:17:\"navigationHistory\":2:{s:4:\"path\";a:2:{i:0;a:4:{s:4:\"page\";s:9:\"index.php\";s:4:\"mode\";s:6:\"NONSSL\";s:3:\"get\";a:5:{s:11:\"products_id\";s:4:\"2475\";s:4:\"sort\";s:2:\"4a\";s:8:\"language\";s:2:\"es\";s:4:\"page\";s:1:\"6\";s:6:\"action\";s:7:\"buy_now\";}s:4:\"post\";a:0:{}}i:1;a:4:{s:4:\"page\";s:17:\"shopping_cart.php\";s:4:\"mode\";s:6:\"NONSSL\";s:3:\"get\";a:4:{s:6:\"osCsid\";s:32:\"ca6f3b4cb3eb670c1c8a77f66a5b743a\";s:4:\"sort\";s:2:\"4a\";s:8:\"language\";s:2:\"es\";s:4:\"page\";s:1:\"6\";}s:4:\"post\";a:0:{}}}s:8:\"snapshot\";a:0:{}}affiliate_ref|N;affiliate_clickthroughs_id|N;'),('cf07e3a4266ff3d3bb7481e284ee09f4',1533705699,'cart|O:12:\"shoppingCart\":5:{s:8:\"contents\";a:0:{}s:5:\"total\";i:0;s:6:\"weight\";i:0;s:12:\"content_type\";b:0;s:9:\"shiptotal\";i:0;}language|s:7:\"english\";languages_id|s:1:\"1\";currency|s:3:\"USD\";navigation|O:17:\"navigationHistory\":2:{s:4:\"path\";a:1:{i:0;a:4:{s:4:\"page\";s:25:\"product_reviews_write.php\";s:4:\"mode\";s:6:\"NONSSL\";s:3:\"get\";a:1:{s:11:\"products_id\";s:4:\"2888\";}s:4:\"post\";a:0:{}}}s:8:\"snapshot\";a:4:{s:4:\"page\";s:25:\"product_reviews_write.php\";s:4:\"mode\";s:6:\"NONSSL\";s:3:\"get\";a:1:{s:11:\"products_id\";s:4:\"2888\";}s:4:\"post\";a:0:{}}}affiliate_ref|N;affiliate_clickthroughs_id|N;'),('b529c1c47d8373c71d6595d024552d54',1533705700,'cart|O:12:\"shoppingCart\":5:{s:8:\"contents\";a:0:{}s:5:\"total\";i:0;s:6:\"weight\";i:0;s:12:\"content_type\";b:0;s:9:\"shiptotal\";i:0;}language|s:7:\"english\";languages_id|s:1:\"1\";currency|s:3:\"USD\";navigation|O:17:\"navigationHistory\":2:{s:4:\"path\";a:1:{i:0;a:4:{s:4:\"page\";s:9:\"login.php\";s:4:\"mode\";s:3:\"SSL\";s:3:\"get\";a:0:{}s:4:\"post\";a:0:{}}}s:8:\"snapshot\";a:0:{}}affiliate_ref|N;affiliate_clickthroughs_id|N;'),('15c48fa47c19f7dbc111d6e71344b318',1533705704,'cart|O:12:\"shoppingCart\":5:{s:8:\"contents\";a:0:{}s:5:\"total\";i:0;s:6:\"weight\";i:0;s:12:\"content_type\";b:0;s:9:\"shiptotal\";i:0;}language|s:7:\"english\";languages_id|s:1:\"1\";currency|s:3:\"USD\";navigation|O:17:\"navigationHistory\":2:{s:4:\"path\";a:1:{i:0;a:4:{s:4:\"page\";s:9:\"index.php\";s:4:\"mode\";s:6:\"NONSSL\";s:3:\"get\";a:1:{s:5:\"cPath\";s:13:\"0_222_236_245\";}s:4:\"post\";a:0:{}}}s:8:\"snapshot\";a:0:{}}affiliate_ref|N;affiliate_clickthroughs_id|N;'),('b50b0fbe2d94449e56f71034a5447980',1533705718,'cart|O:12:\"shoppingCart\":5:{s:8:\"contents\";a:0:{}s:5:\"total\";i:0;s:6:\"weight\";i:0;s:12:\"content_type\";b:0;s:9:\"shiptotal\";i:0;}language|s:7:\"english\";languages_id|s:1:\"1\";currency|s:3:\"USD\";navigation|O:17:\"navigationHistory\":2:{s:4:\"path\";a:1:{i:0;a:4:{s:4:\"page\";s:9:\"index.php\";s:4:\"mode\";s:6:\"NONSSL\";s:3:\"get\";a:3:{s:11:\"products_id\";s:3:\"320\";s:4:\"sort\";s:2:\"4a\";s:4:\"page\";s:1:\"9\";}s:4:\"post\";a:0:{}}}s:8:\"snapshot\";a:0:{}}affiliate_ref|N;affiliate_clickthroughs_id|N;'),('fab48361cd1fd92a41bf259c64bf23f1',1533705757,'cart|O:12:\"shoppingCart\":6:{s:8:\"contents\";a:0:{}s:5:\"total\";i:0;s:6:\"weight\";i:0;s:6:\"cartID\";N;s:12:\"content_type\";b:0;s:9:\"shiptotal\";i:0;}language|s:7:\"espanol\";languages_id|s:1:\"3\";currency|s:3:\"USD\";navigation|O:17:\"navigationHistory\":2:{s:4:\"path\";a:2:{i:0;a:4:{s:4:\"page\";s:9:\"index.php\";s:4:\"mode\";s:6:\"NONSSL\";s:3:\"get\";a:5:{s:11:\"products_id\";s:3:\"277\";s:4:\"sort\";s:2:\"4a\";s:8:\"language\";s:2:\"es\";s:4:\"page\";s:1:\"6\";s:6:\"action\";s:7:\"buy_now\";}s:4:\"post\";a:0:{}}i:1;a:4:{s:4:\"page\";s:16:\"product_info.php\";s:4:\"mode\";s:6:\"NONSSL\";s:3:\"get\";a:2:{s:6:\"osCsid\";s:32:\"fab48361cd1fd92a41bf259c64bf23f1\";s:11:\"products_id\";s:3:\"277\";}s:4:\"post\";a:0:{}}}s:8:\"snapshot\";a:0:{}}affiliate_ref|N;affiliate_clickthroughs_id|N;'),('31a478f6079f1bbd64545c7b95d82c9b',1533705739,'cart|O:12:\"shoppingCart\":5:{s:8:\"contents\";a:0:{}s:5:\"total\";i:0;s:6:\"weight\";i:0;s:12:\"content_type\";b:0;s:9:\"shiptotal\";i:0;}language|s:7:\"english\";languages_id|s:1:\"1\";currency|s:3:\"USD\";navigation|O:17:\"navigationHistory\":2:{s:4:\"path\";a:1:{i:0;a:4:{s:4:\"page\";s:16:\"product_info.php\";s:4:\"mode\";s:6:\"NONSSL\";s:3:\"get\";a:2:{s:11:\"products_id\";s:6:\"44{2}3\";s:8:\"language\";s:2:\"en\";}s:4:\"post\";a:0:{}}}s:8:\"snapshot\";a:0:{}}affiliate_ref|N;affiliate_clickthroughs_id|N;'),('d3a31c4480ac497b5d280a58d862ec6c',1533705760,'cart|O:12:\"shoppingCart\":8:{s:8:\"contents\";a:1:{i:283;a:1:{s:3:\"qty\";i:1;}}s:5:\"total\";d:7.9900000000000002131628207280300557613372802734375;s:6:\"weight\";d:0.059999999999999997779553950749686919152736663818359375;s:6:\"cartID\";s:5:\"46173\";s:12:\"content_type\";b:0;s:9:\"shiptotal\";d:0;s:13:\"total_virtual\";d:7.9900000000000002131628207280300557613372802734375;s:14:\"weight_virtual\";d:0.11999999999999999555910790149937383830547332763671875;}language|s:7:\"english\";languages_id|s:1:\"1\";currency|s:3:\"USD\";navigation|O:17:\"navigationHistory\":2:{s:4:\"path\";a:2:{i:0;a:4:{s:4:\"page\";s:9:\"index.php\";s:4:\"mode\";s:6:\"NONSSL\";s:3:\"get\";a:4:{s:11:\"products_id\";s:3:\"283\";s:4:\"sort\";s:2:\"4a\";s:4:\"page\";s:1:\"9\";s:6:\"action\";s:7:\"buy_now\";}s:4:\"post\";a:0:{}}i:1;a:4:{s:4:\"page\";s:17:\"shopping_cart.php\";s:4:\"mode\";s:6:\"NONSSL\";s:3:\"get\";a:3:{s:6:\"osCsid\";s:32:\"d3a31c4480ac497b5d280a58d862ec6c\";s:4:\"sort\";s:2:\"4a\";s:4:\"page\";s:1:\"9\";}s:4:\"post\";a:0:{}}}s:8:\"snapshot\";a:0:{}}affiliate_ref|N;affiliate_clickthroughs_id|N;'),('5f3652fe0d868b8fbc1143c750ac46ca',1533705768,'cart|O:12:\"shoppingCart\":5:{s:8:\"contents\";a:0:{}s:5:\"total\";i:0;s:6:\"weight\";i:0;s:12:\"content_type\";b:0;s:9:\"shiptotal\";i:0;}language|s:7:\"english\";languages_id|s:1:\"1\";currency|s:3:\"USD\";navigation|O:17:\"navigationHistory\":2:{s:4:\"path\";a:1:{i:0;a:4:{s:4:\"page\";s:19:\"product_reviews.php\";s:4:\"mode\";s:6:\"NONSSL\";s:3:\"get\";a:2:{s:5:\"cPath\";s:6:\"40_342\";s:11:\"products_id\";s:3:\"410\";}s:4:\"post\";a:0:{}}}s:8:\"snapshot\";a:0:{}}affiliate_ref|N;affiliate_clickthroughs_id|N;'),('c799b403cf23e7910eb5c90ecf3014cd',1533705769,'cart|O:12:\"shoppingCart\":6:{s:8:\"contents\";a:1:{i:772;a:1:{s:3:\"qty\";i:1;}}s:5:\"total\";i:0;s:6:\"weight\";i:0;s:12:\"content_type\";b:0;s:9:\"shiptotal\";i:0;s:6:\"cartID\";s:5:\"46911\";}language|s:7:\"english\";languages_id|s:1:\"1\";currency|s:3:\"USD\";navigation|O:17:\"navigationHistory\":2:{s:4:\"path\";a:1:{i:0;a:4:{s:4:\"page\";s:9:\"index.php\";s:4:\"mode\";s:6:\"NONSSL\";s:3:\"get\";a:6:{s:5:\"cPath\";s:11:\"222_235_242\";s:4:\"sort\";s:2:\"4a\";s:4:\"page\";s:1:\"7\";s:8:\"language\";s:2:\"en\";s:6:\"action\";s:7:\"buy_now\";s:11:\"products_id\";s:3:\"772\";}s:4:\"post\";a:0:{}}}s:8:\"snapshot\";a:0:{}}new_products_id_in_cart|s:3:\"772\";'),('bda9d9fed65d0da7fb4c206cdd8d9ccc',1533705772,'cart|O:12:\"shoppingCart\":5:{s:8:\"contents\";a:0:{}s:5:\"total\";i:0;s:6:\"weight\";i:0;s:12:\"content_type\";b:0;s:9:\"shiptotal\";i:0;}language|s:7:\"espanol\";languages_id|s:1:\"3\";currency|s:3:\"USD\";navigation|O:17:\"navigationHistory\":2:{s:4:\"path\";a:1:{i:0;a:4:{s:4:\"page\";s:16:\"product_info.php\";s:4:\"mode\";s:6:\"NONSSL\";s:3:\"get\";a:3:{s:5:\"cPath\";s:9:\"221_39_59\";s:11:\"products_id\";s:3:\"302\";s:8:\"language\";s:2:\"es\";}s:4:\"post\";a:0:{}}}s:8:\"snapshot\";a:0:{}}affiliate_ref|N;affiliate_clickthroughs_id|N;'),('cf205a56b1df976ee23b009dcd494c0d',1533705773,'cart|O:12:\"shoppingCart\":5:{s:8:\"contents\";a:0:{}s:5:\"total\";i:0;s:6:\"weight\";i:0;s:12:\"content_type\";b:0;s:9:\"shiptotal\";i:0;}language|s:7:\"english\";languages_id|s:1:\"1\";currency|s:3:\"USD\";navigation|O:17:\"navigationHistory\":2:{s:4:\"path\";a:1:{i:0;a:4:{s:4:\"page\";s:17:\"shopping_cart.php\";s:4:\"mode\";s:6:\"NONSSL\";s:3:\"get\";a:3:{s:4:\"sort\";s:2:\"4a\";s:4:\"page\";s:1:\"7\";s:8:\"language\";s:2:\"en\";}s:4:\"post\";a:0:{}}}s:8:\"snapshot\";a:0:{}}affiliate_ref|N;affiliate_clickthroughs_id|N;'),('01fc7966ca3673ab937b2920bc86a526',1533705799,'cart|O:12:\"shoppingCart\":8:{s:8:\"contents\";a:1:{i:283;a:1:{s:3:\"qty\";i:1;}}s:5:\"total\";d:7.9900000000000002131628207280300557613372802734375;s:6:\"weight\";d:0.059999999999999997779553950749686919152736663818359375;s:6:\"cartID\";s:5:\"60682\";s:12:\"content_type\";b:0;s:9:\"shiptotal\";d:0;s:13:\"total_virtual\";d:7.9900000000000002131628207280300557613372802734375;s:14:\"weight_virtual\";d:0.11999999999999999555910790149937383830547332763671875;}language|s:7:\"espanol\";languages_id|s:1:\"3\";currency|s:3:\"USD\";navigation|O:17:\"navigationHistory\":2:{s:4:\"path\";a:2:{i:0;a:4:{s:4:\"page\";s:9:\"index.php\";s:4:\"mode\";s:6:\"NONSSL\";s:3:\"get\";a:5:{s:11:\"products_id\";s:3:\"283\";s:4:\"sort\";s:2:\"4a\";s:8:\"language\";s:2:\"es\";s:4:\"page\";s:1:\"6\";s:6:\"action\";s:7:\"buy_now\";}s:4:\"post\";a:0:{}}i:1;a:4:{s:4:\"page\";s:17:\"shopping_cart.php\";s:4:\"mode\";s:6:\"NONSSL\";s:3:\"get\";a:4:{s:6:\"osCsid\";s:32:\"01fc7966ca3673ab937b2920bc86a526\";s:4:\"sort\";s:2:\"4a\";s:8:\"language\";s:2:\"es\";s:4:\"page\";s:1:\"6\";}s:4:\"post\";a:0:{}}}s:8:\"snapshot\";a:0:{}}affiliate_ref|N;affiliate_clickthroughs_id|N;'),('581746a534fbf50f94323c94b3ffd403',1533705803,'cart|O:12:\"shoppingCart\":8:{s:8:\"contents\";a:1:{i:715;a:1:{s:3:\"qty\";i:1;}}s:5:\"total\";d:6.9900000000000002131628207280300557613372802734375;s:6:\"weight\";d:0.059999999999999997779553950749686919152736663818359375;s:6:\"cartID\";s:5:\"30713\";s:12:\"content_type\";b:0;s:9:\"shiptotal\";d:0;s:13:\"total_virtual\";d:6.9900000000000002131628207280300557613372802734375;s:14:\"weight_virtual\";d:0.11999999999999999555910790149937383830547332763671875;}language|s:7:\"english\";languages_id|s:1:\"1\";currency|s:3:\"USD\";navigation|O:17:\"navigationHistory\":2:{s:4:\"path\";a:2:{i:0;a:4:{s:4:\"page\";s:9:\"index.php\";s:4:\"mode\";s:6:\"NONSSL\";s:3:\"get\";a:4:{s:11:\"products_id\";s:3:\"715\";s:4:\"sort\";s:2:\"4a\";s:4:\"page\";s:1:\"9\";s:6:\"action\";s:7:\"buy_now\";}s:4:\"post\";a:0:{}}i:1;a:4:{s:4:\"page\";s:17:\"shopping_cart.php\";s:4:\"mode\";s:6:\"NONSSL\";s:3:\"get\";a:3:{s:6:\"osCsid\";s:32:\"581746a534fbf50f94323c94b3ffd403\";s:4:\"sort\";s:2:\"4a\";s:4:\"page\";s:1:\"9\";}s:4:\"post\";a:0:{}}}s:8:\"snapshot\";a:0:{}}affiliate_ref|N;affiliate_clickthroughs_id|N;'),('d389c1f07ef6adb3d68a4ed41dad6e20',1533705786,'cart|O:12:\"shoppingCart\":5:{s:8:\"contents\";a:0:{}s:5:\"total\";i:0;s:6:\"weight\";i:0;s:12:\"content_type\";b:0;s:9:\"shiptotal\";i:0;}language|s:7:\"english\";languages_id|s:1:\"1\";currency|s:3:\"USD\";navigation|O:17:\"navigationHistory\":2:{s:4:\"path\";a:1:{i:0;a:4:{s:4:\"page\";s:9:\"index.php\";s:4:\"mode\";s:6:\"NONSSL\";s:3:\"get\";a:0:{}s:4:\"post\";a:0:{}}}s:8:\"snapshot\";a:0:{}}affiliate_ref|N;affiliate_clickthroughs_id|N;'),('4ae3c995e601d4f142fbddcde7d46a56',1533705797,'cart|O:12:\"shoppingCart\":5:{s:8:\"contents\";a:0:{}s:5:\"total\";i:0;s:6:\"weight\";i:0;s:12:\"content_type\";b:0;s:9:\"shiptotal\";i:0;}language|s:7:\"espanol\";languages_id|s:1:\"3\";currency|s:3:\"USD\";navigation|O:17:\"navigationHistory\":2:{s:4:\"path\";a:1:{i:0;a:4:{s:4:\"page\";s:19:\"product_reviews.php\";s:4:\"mode\";s:6:\"NONSSL\";s:3:\"get\";a:3:{s:4:\"name\";s:19:\"acrylic embosser #7\";s:11:\"products_id\";s:4:\"2606\";s:8:\"language\";s:2:\"es\";}s:4:\"post\";a:0:{}}}s:8:\"snapshot\";a:0:{}}affiliate_ref|N;affiliate_clickthroughs_id|N;'),('f8dcedf117bbee985570744bb620113a',1533705799,'cart|O:12:\"shoppingCart\":5:{s:8:\"contents\";a:0:{}s:5:\"total\";i:0;s:6:\"weight\";i:0;s:12:\"content_type\";b:0;s:9:\"shiptotal\";i:0;}language|s:7:\"english\";languages_id|s:1:\"1\";currency|s:3:\"USD\";navigation|O:17:\"navigationHistory\":2:{s:4:\"path\";a:1:{i:0;a:4:{s:4:\"page\";s:9:\"index.php\";s:4:\"mode\";s:6:\"NONSSL\";s:3:\"get\";a:1:{s:5:\"cPath\";s:11:\"277_278_281\";}s:4:\"post\";a:0:{}}}s:8:\"snapshot\";a:0:{}}affiliate_ref|N;affiliate_clickthroughs_id|N;'),('cab6fa79debd0df8c98b411ee3f853ec',1533705807,'cart|O:12:\"shoppingCart\":5:{s:8:\"contents\";a:0:{}s:5:\"total\";i:0;s:6:\"weight\";i:0;s:12:\"content_type\";b:0;s:9:\"shiptotal\";i:0;}language|s:7:\"english\";languages_id|s:1:\"1\";currency|s:3:\"USD\";navigation|O:17:\"navigationHistory\":2:{s:4:\"path\";a:1:{i:0;a:4:{s:4:\"page\";s:19:\"product_reviews.php\";s:4:\"mode\";s:6:\"NONSSL\";s:3:\"get\";a:3:{s:4:\"name\";s:20:\"Veiner #13-Rose Leaf\";s:11:\"products_id\";s:3:\"356\";s:8:\"language\";s:2:\"en\";}s:4:\"post\";a:0:{}}}s:8:\"snapshot\";a:0:{}}affiliate_ref|N;affiliate_clickthroughs_id|N;'),('628d213b64f587d0114710f04c7d0db9',1533705841,'cart|O:12:\"shoppingCart\":8:{s:8:\"contents\";a:1:{i:329;a:1:{s:3:\"qty\";i:1;}}s:5:\"total\";d:10.9900000000000002131628207280300557613372802734375;s:6:\"weight\";d:0.13000000000000000444089209850062616169452667236328125;s:6:\"cartID\";s:5:\"85903\";s:12:\"content_type\";b:0;s:9:\"shiptotal\";d:0;s:13:\"total_virtual\";d:10.9900000000000002131628207280300557613372802734375;s:14:\"weight_virtual\";d:0.2600000000000000088817841970012523233890533447265625;}language|s:7:\"espanol\";languages_id|s:1:\"3\";currency|s:3:\"USD\";navigation|O:17:\"navigationHistory\":2:{s:4:\"path\";a:2:{i:0;a:4:{s:4:\"page\";s:9:\"index.php\";s:4:\"mode\";s:6:\"NONSSL\";s:3:\"get\";a:5:{s:11:\"products_id\";s:3:\"329\";s:4:\"sort\";s:2:\"4a\";s:8:\"language\";s:2:\"es\";s:4:\"page\";s:1:\"6\";s:6:\"action\";s:7:\"buy_now\";}s:4:\"post\";a:0:{}}i:1;a:4:{s:4:\"page\";s:17:\"shopping_cart.php\";s:4:\"mode\";s:6:\"NONSSL\";s:3:\"get\";a:4:{s:6:\"osCsid\";s:32:\"628d213b64f587d0114710f04c7d0db9\";s:4:\"sort\";s:2:\"4a\";s:8:\"language\";s:2:\"es\";s:4:\"page\";s:1:\"6\";}s:4:\"post\";a:0:{}}}s:8:\"snapshot\";a:0:{}}affiliate_ref|N;affiliate_clickthroughs_id|N;'),('9b1842f0d63a49078f96d6b2b06e8690',1533705824,'cart|O:12:\"shoppingCart\":5:{s:8:\"contents\";a:0:{}s:5:\"total\";i:0;s:6:\"weight\";i:0;s:12:\"content_type\";b:0;s:9:\"shiptotal\";i:0;}language|s:7:\"english\";languages_id|s:1:\"1\";currency|s:3:\"USD\";navigation|O:17:\"navigationHistory\":2:{s:4:\"path\";a:1:{i:0;a:4:{s:4:\"page\";s:9:\"index.php\";s:4:\"mode\";s:6:\"NONSSL\";s:3:\"get\";a:3:{s:11:\"products_id\";s:3:\"327\";s:4:\"sort\";s:2:\"4a\";s:4:\"page\";s:1:\"1\";}s:4:\"post\";a:0:{}}}s:8:\"snapshot\";a:0:{}}affiliate_ref|N;affiliate_clickthroughs_id|N;'),('f127ac3abc2c86db608e7cc974adf85d',1533706385,'cart|O:12:\"shoppingCart\":8:{s:8:\"contents\";a:1:{i:2551;a:1:{s:3:\"qty\";i:1;}}s:5:\"total\";d:7.9900000000000002131628207280300557613372802734375;s:6:\"weight\";d:0.059999999999999997779553950749686919152736663818359375;s:6:\"cartID\";s:5:\"88214\";s:12:\"content_type\";b:0;s:9:\"shiptotal\";d:0;s:13:\"total_virtual\";d:7.9900000000000002131628207280300557613372802734375;s:14:\"weight_virtual\";d:0.11999999999999999555910790149937383830547332763671875;}language|s:7:\"espanol\";languages_id|s:1:\"3\";currency|s:3:\"USD\";navigation|O:17:\"navigationHistory\":2:{s:4:\"path\";a:2:{i:0;a:4:{s:4:\"page\";s:9:\"index.php\";s:4:\"mode\";s:6:\"NONSSL\";s:3:\"get\";a:5:{s:11:\"products_id\";s:4:\"2551\";s:4:\"sort\";s:2:\"4a\";s:8:\"language\";s:2:\"es\";s:4:\"page\";s:1:\"9\";s:6:\"action\";s:7:\"buy_now\";}s:4:\"post\";a:0:{}}i:1;a:4:{s:4:\"page\";s:17:\"shopping_cart.php\";s:4:\"mode\";s:6:\"NONSSL\";s:3:\"get\";a:4:{s:6:\"osCsid\";s:32:\"f127ac3abc2c86db608e7cc974adf85d\";s:4:\"sort\";s:2:\"4a\";s:8:\"language\";s:2:\"es\";s:4:\"page\";s:1:\"9\";}s:4:\"post\";a:0:{}}}s:8:\"snapshot\";a:0:{}}affiliate_ref|N;affiliate_clickthroughs_id|N;'),('5861f4c1b28385c94215cb5750dc64c2',1533706365,'cart|O:12:\"shoppingCart\":5:{s:8:\"contents\";a:0:{}s:5:\"total\";i:0;s:6:\"weight\";i:0;s:12:\"content_type\";b:0;s:9:\"shiptotal\";i:0;}language|s:7:\"english\";languages_id|s:1:\"1\";currency|s:3:\"USD\";navigation|O:17:\"navigationHistory\":2:{s:4:\"path\";a:1:{i:0;a:4:{s:4:\"page\";s:16:\"product_info.php\";s:4:\"mode\";s:6:\"NONSSL\";s:3:\"get\";a:3:{s:5:\"cPath\";s:11:\"223_354_201\";s:11:\"products_id\";s:4:\"1716\";s:6:\"action\";s:11:\"add_product\";}s:4:\"post\";a:0:{}}}s:8:\"snapshot\";a:0:{}}'),('35dce36b00925a0bd332e77e289d7e4f',1533706370,'cart|O:12:\"shoppingCart\":5:{s:8:\"contents\";a:0:{}s:5:\"total\";i:0;s:6:\"weight\";i:0;s:12:\"content_type\";b:0;s:9:\"shiptotal\";i:0;}language|s:7:\"english\";languages_id|s:1:\"1\";currency|s:3:\"USD\";navigation|O:17:\"navigationHistory\":2:{s:4:\"path\";a:1:{i:0;a:4:{s:4:\"page\";s:19:\"product_reviews.php\";s:4:\"mode\";s:6:\"NONSSL\";s:3:\"get\";a:2:{s:5:\"cPath\";s:10:\"221_81_218\";s:11:\"products_id\";s:4:\"2615\";}s:4:\"post\";a:0:{}}}s:8:\"snapshot\";a:0:{}}affiliate_ref|N;affiliate_clickthroughs_id|N;'),('cfc0abe59621943a3d491ce7e84495dd',1533706388,'cart|O:12:\"shoppingCart\":5:{s:8:\"contents\";a:0:{}s:5:\"total\";i:0;s:6:\"weight\";i:0;s:12:\"content_type\";b:0;s:9:\"shiptotal\";i:0;}language|s:7:\"english\";languages_id|s:1:\"1\";currency|s:3:\"USD\";navigation|O:17:\"navigationHistory\":2:{s:4:\"path\";a:1:{i:0;a:4:{s:4:\"page\";s:17:\"shopping_cart.php\";s:4:\"mode\";s:6:\"NONSSL\";s:3:\"get\";a:0:{}s:4:\"post\";a:0:{}}}s:8:\"snapshot\";a:0:{}}affiliate_ref|N;affiliate_clickthroughs_id|N;'),('19295dfb824bed57089655095c66eb8b',1533706415,'cart|O:12:\"shoppingCart\":8:{s:8:\"contents\";a:1:{i:406;a:1:{s:3:\"qty\";i:1;}}s:5:\"total\";d:7.9900000000000002131628207280300557613372802734375;s:6:\"weight\";d:0.13000000000000000444089209850062616169452667236328125;s:6:\"cartID\";s:5:\"75516\";s:12:\"content_type\";b:0;s:9:\"shiptotal\";d:0;s:13:\"total_virtual\";d:7.9900000000000002131628207280300557613372802734375;s:14:\"weight_virtual\";d:0.2600000000000000088817841970012523233890533447265625;}language|s:7:\"english\";languages_id|s:1:\"1\";currency|s:3:\"USD\";navigation|O:17:\"navigationHistory\":2:{s:4:\"path\";a:2:{i:0;a:4:{s:4:\"page\";s:9:\"index.php\";s:4:\"mode\";s:6:\"NONSSL\";s:3:\"get\";a:4:{s:11:\"products_id\";s:3:\"406\";s:4:\"sort\";s:2:\"4a\";s:4:\"page\";s:1:\"6\";s:6:\"action\";s:7:\"buy_now\";}s:4:\"post\";a:0:{}}i:1;a:4:{s:4:\"page\";s:17:\"shopping_cart.php\";s:4:\"mode\";s:6:\"NONSSL\";s:3:\"get\";a:3:{s:6:\"osCsid\";s:32:\"19295dfb824bed57089655095c66eb8b\";s:4:\"sort\";s:2:\"4a\";s:4:\"page\";s:1:\"6\";}s:4:\"post\";a:0:{}}}s:8:\"snapshot\";a:0:{}}affiliate_ref|N;affiliate_clickthroughs_id|N;'),('390e4687144d441f71d98eb0ac7cac9d',1533706400,'cart|O:12:\"shoppingCart\":5:{s:8:\"contents\";a:0:{}s:5:\"total\";i:0;s:6:\"weight\";i:0;s:12:\"content_type\";b:0;s:9:\"shiptotal\";i:0;}language|s:7:\"english\";languages_id|s:1:\"1\";currency|s:3:\"USD\";navigation|O:17:\"navigationHistory\":2:{s:4:\"path\";a:1:{i:0;a:4:{s:4:\"page\";s:16:\"product_info.php\";s:4:\"mode\";s:6:\"NONSSL\";s:3:\"get\";a:2:{s:5:\"cPath\";s:9:\"0_223_202\";s:11:\"products_id\";s:4:\"1729\";}s:4:\"post\";a:0:{}}}s:8:\"snapshot\";a:0:{}}affiliate_ref|N;affiliate_clickthroughs_id|N;'),('6c01374d945512b6fd3254b2a5e00671',1533706427,'cart|O:12:\"shoppingCart\":8:{s:8:\"contents\";a:1:{i:2959;a:1:{s:3:\"qty\";i:1;}}s:5:\"total\";d:8.9900000000000002131628207280300557613372802734375;s:6:\"weight\";d:0;s:6:\"cartID\";s:5:\"58664\";s:12:\"content_type\";b:0;s:9:\"shiptotal\";d:0;s:13:\"total_virtual\";d:8.9900000000000002131628207280300557613372802734375;s:14:\"weight_virtual\";d:0;}language|s:7:\"espanol\";languages_id|s:1:\"3\";currency|s:3:\"USD\";navigation|O:17:\"navigationHistory\":2:{s:4:\"path\";a:2:{i:0;a:4:{s:4:\"page\";s:9:\"index.php\";s:4:\"mode\";s:6:\"NONSSL\";s:3:\"get\";a:5:{s:11:\"products_id\";s:4:\"2959\";s:4:\"sort\";s:2:\"4a\";s:8:\"language\";s:2:\"es\";s:4:\"page\";s:1:\"9\";s:6:\"action\";s:7:\"buy_now\";}s:4:\"post\";a:0:{}}i:1;a:4:{s:4:\"page\";s:17:\"shopping_cart.php\";s:4:\"mode\";s:6:\"NONSSL\";s:3:\"get\";a:4:{s:6:\"osCsid\";s:32:\"6c01374d945512b6fd3254b2a5e00671\";s:4:\"sort\";s:2:\"4a\";s:8:\"language\";s:2:\"es\";s:4:\"page\";s:1:\"9\";}s:4:\"post\";a:0:{}}}s:8:\"snapshot\";a:0:{}}affiliate_ref|N;affiliate_clickthroughs_id|N;'),('997e47d3689486f6cec50dae8c4736bd',1533706457,'cart|O:12:\"shoppingCart\":8:{s:8:\"contents\";a:1:{i:719;a:1:{s:3:\"qty\";i:1;}}s:5:\"total\";d:6.9900000000000002131628207280300557613372802734375;s:6:\"weight\";d:0.059999999999999997779553950749686919152736663818359375;s:6:\"cartID\";s:5:\"14475\";s:12:\"content_type\";b:0;s:9:\"shiptotal\";d:0;s:13:\"total_virtual\";d:6.9900000000000002131628207280300557613372802734375;s:14:\"weight_virtual\";d:0.11999999999999999555910790149937383830547332763671875;}language|s:7:\"english\";languages_id|s:1:\"1\";currency|s:3:\"USD\";navigation|O:17:\"navigationHistory\":2:{s:4:\"path\";a:2:{i:0;a:4:{s:4:\"page\";s:9:\"index.php\";s:4:\"mode\";s:6:\"NONSSL\";s:3:\"get\";a:4:{s:11:\"products_id\";s:3:\"719\";s:4:\"sort\";s:2:\"4a\";s:4:\"page\";s:1:\"6\";s:6:\"action\";s:7:\"buy_now\";}s:4:\"post\";a:0:{}}i:1;a:4:{s:4:\"page\";s:17:\"shopping_cart.php\";s:4:\"mode\";s:6:\"NONSSL\";s:3:\"get\";a:3:{s:6:\"osCsid\";s:32:\"997e47d3689486f6cec50dae8c4736bd\";s:4:\"sort\";s:2:\"4a\";s:4:\"page\";s:1:\"6\";}s:4:\"post\";a:0:{}}}s:8:\"snapshot\";a:0:{}}affiliate_ref|N;affiliate_clickthroughs_id|N;'),('a9be99e8ba0f59721c4e15bf415e2361',1533706468,'cart|O:12:\"shoppingCart\":8:{s:8:\"contents\";a:1:{i:2962;a:1:{s:3:\"qty\";i:1;}}s:5:\"total\";d:7.9900000000000002131628207280300557613372802734375;s:6:\"weight\";d:0.059999999999999997779553950749686919152736663818359375;s:6:\"cartID\";s:5:\"45970\";s:12:\"content_type\";b:0;s:9:\"shiptotal\";d:0;s:13:\"total_virtual\";d:7.9900000000000002131628207280300557613372802734375;s:14:\"weight_virtual\";d:0.11999999999999999555910790149937383830547332763671875;}language|s:7:\"espanol\";languages_id|s:1:\"3\";currency|s:3:\"USD\";navigation|O:17:\"navigationHistory\":2:{s:4:\"path\";a:2:{i:0;a:4:{s:4:\"page\";s:9:\"index.php\";s:4:\"mode\";s:6:\"NONSSL\";s:3:\"get\";a:5:{s:11:\"products_id\";s:4:\"2962\";s:4:\"sort\";s:2:\"4a\";s:8:\"language\";s:2:\"es\";s:4:\"page\";s:1:\"9\";s:6:\"action\";s:7:\"buy_now\";}s:4:\"post\";a:0:{}}i:1;a:4:{s:4:\"page\";s:17:\"shopping_cart.php\";s:4:\"mode\";s:6:\"NONSSL\";s:3:\"get\";a:4:{s:6:\"osCsid\";s:32:\"a9be99e8ba0f59721c4e15bf415e2361\";s:4:\"sort\";s:2:\"4a\";s:8:\"language\";s:2:\"es\";s:4:\"page\";s:1:\"9\";}s:4:\"post\";a:0:{}}}s:8:\"snapshot\";a:0:{}}affiliate_ref|N;affiliate_clickthroughs_id|N;'),('440de37d9a001d0fa4a775d8ecf05484',1533706500,'cart|O:12:\"shoppingCart\":8:{s:8:\"contents\";a:1:{i:1094;a:1:{s:3:\"qty\";i:1;}}s:5:\"total\";d:7.9900000000000002131628207280300557613372802734375;s:6:\"weight\";d:0.059999999999999997779553950749686919152736663818359375;s:6:\"cartID\";s:5:\"20408\";s:12:\"content_type\";b:0;s:9:\"shiptotal\";d:0;s:13:\"total_virtual\";d:7.9900000000000002131628207280300557613372802734375;s:14:\"weight_virtual\";d:0.11999999999999999555910790149937383830547332763671875;}language|s:7:\"english\";languages_id|s:1:\"1\";currency|s:3:\"USD\";navigation|O:17:\"navigationHistory\":2:{s:4:\"path\";a:2:{i:0;a:4:{s:4:\"page\";s:9:\"index.php\";s:4:\"mode\";s:6:\"NONSSL\";s:3:\"get\";a:4:{s:11:\"products_id\";s:4:\"1094\";s:4:\"sort\";s:2:\"4a\";s:4:\"page\";s:1:\"7\";s:6:\"action\";s:7:\"buy_now\";}s:4:\"post\";a:0:{}}i:1;a:4:{s:4:\"page\";s:17:\"shopping_cart.php\";s:4:\"mode\";s:6:\"NONSSL\";s:3:\"get\";a:3:{s:6:\"osCsid\";s:32:\"440de37d9a001d0fa4a775d8ecf05484\";s:4:\"sort\";s:2:\"4a\";s:4:\"page\";s:1:\"7\";}s:4:\"post\";a:0:{}}}s:8:\"snapshot\";a:0:{}}affiliate_ref|N;affiliate_clickthroughs_id|N;'),('cf079f765cdc7aafbe1d363bfe3f5184',1533706512,'cart|O:12:\"shoppingCart\":8:{s:8:\"contents\";a:1:{i:244;a:1:{s:3:\"qty\";i:1;}}s:5:\"total\";d:8.9900000000000002131628207280300557613372802734375;s:6:\"weight\";d:0.13000000000000000444089209850062616169452667236328125;s:6:\"cartID\";s:5:\"61543\";s:12:\"content_type\";b:0;s:9:\"shiptotal\";d:0;s:13:\"total_virtual\";d:8.9900000000000002131628207280300557613372802734375;s:14:\"weight_virtual\";d:0.2600000000000000088817841970012523233890533447265625;}language|s:7:\"english\";languages_id|s:1:\"1\";currency|s:3:\"USD\";navigation|O:17:\"navigationHistory\":2:{s:4:\"path\";a:2:{i:0;a:4:{s:4:\"page\";s:9:\"index.php\";s:4:\"mode\";s:6:\"NONSSL\";s:3:\"get\";a:4:{s:11:\"products_id\";s:3:\"244\";s:4:\"sort\";s:2:\"4a\";s:4:\"page\";s:1:\"1\";s:6:\"action\";s:7:\"buy_now\";}s:4:\"post\";a:0:{}}i:1;a:4:{s:4:\"page\";s:17:\"shopping_cart.php\";s:4:\"mode\";s:6:\"NONSSL\";s:3:\"get\";a:3:{s:6:\"osCsid\";s:32:\"cf079f765cdc7aafbe1d363bfe3f5184\";s:4:\"sort\";s:2:\"4a\";s:4:\"page\";s:1:\"1\";}s:4:\"post\";a:0:{}}}s:8:\"snapshot\";a:0:{}}affiliate_ref|N;affiliate_clickthroughs_id|N;'),('cfcb2328e3818c6e1c0fc9bb9693e87e',1533706521,'cart|O:12:\"shoppingCart\":5:{s:8:\"contents\";a:0:{}s:5:\"total\";i:0;s:6:\"weight\";i:0;s:12:\"content_type\";b:0;s:9:\"shiptotal\";i:0;}language|s:7:\"english\";languages_id|s:1:\"1\";currency|s:3:\"USD\";navigation|O:17:\"navigationHistory\":2:{s:4:\"path\";a:1:{i:0;a:4:{s:4:\"page\";s:16:\"product_info.php\";s:4:\"mode\";s:6:\"NONSSL\";s:3:\"get\";a:1:{s:11:\"products_id\";s:3:\"519\";}s:4:\"post\";a:0:{}}}s:8:\"snapshot\";a:0:{}}affiliate_ref|N;affiliate_clickthroughs_id|N;'),('b1f0e6f768cb181e1307267df0c9ae10',1533706541,'cart|O:12:\"shoppingCart\":8:{s:8:\"contents\";a:1:{i:1534;a:1:{s:3:\"qty\";i:1;}}s:5:\"total\";d:8.9900000000000002131628207280300557613372802734375;s:6:\"weight\";d:0.01000000000000000020816681711721685132943093776702880859375;s:6:\"cartID\";s:5:\"94458\";s:12:\"content_type\";b:0;s:9:\"shiptotal\";d:0;s:13:\"total_virtual\";d:8.9900000000000002131628207280300557613372802734375;s:14:\"weight_virtual\";d:0.0200000000000000004163336342344337026588618755340576171875;}language|s:7:\"english\";languages_id|s:1:\"1\";currency|s:3:\"USD\";navigation|O:17:\"navigationHistory\":2:{s:4:\"path\";a:2:{i:0;a:4:{s:4:\"page\";s:9:\"index.php\";s:4:\"mode\";s:6:\"NONSSL\";s:3:\"get\";a:4:{s:11:\"products_id\";s:4:\"1534\";s:4:\"sort\";s:2:\"4a\";s:4:\"page\";s:1:\"7\";s:6:\"action\";s:7:\"buy_now\";}s:4:\"post\";a:0:{}}i:1;a:4:{s:4:\"page\";s:17:\"shopping_cart.php\";s:4:\"mode\";s:6:\"NONSSL\";s:3:\"get\";a:3:{s:6:\"osCsid\";s:32:\"b1f0e6f768cb181e1307267df0c9ae10\";s:4:\"sort\";s:2:\"4a\";s:4:\"page\";s:1:\"7\";}s:4:\"post\";a:0:{}}}s:8:\"snapshot\";a:0:{}}affiliate_ref|N;affiliate_clickthroughs_id|N;'),('e56ac1e63082e4b18a119a57616133be',1533706554,'cart|O:12:\"shoppingCart\":8:{s:8:\"contents\";a:1:{i:244;a:1:{s:3:\"qty\";i:1;}}s:5:\"total\";d:8.9900000000000002131628207280300557613372802734375;s:6:\"weight\";d:0.13000000000000000444089209850062616169452667236328125;s:6:\"cartID\";s:5:\"56483\";s:12:\"content_type\";b:0;s:9:\"shiptotal\";d:0;s:13:\"total_virtual\";d:8.9900000000000002131628207280300557613372802734375;s:14:\"weight_virtual\";d:0.2600000000000000088817841970012523233890533447265625;}language|s:7:\"english\";languages_id|s:1:\"1\";currency|s:3:\"USD\";navigation|O:17:\"navigationHistory\":2:{s:4:\"path\";a:2:{i:0;a:4:{s:4:\"page\";s:9:\"index.php\";s:4:\"mode\";s:6:\"NONSSL\";s:3:\"get\";a:5:{s:11:\"products_id\";s:3:\"244\";s:4:\"sort\";s:2:\"4a\";s:4:\"page\";s:1:\"1\";s:8:\"language\";s:2:\"en\";s:6:\"action\";s:7:\"buy_now\";}s:4:\"post\";a:0:{}}i:1;a:4:{s:4:\"page\";s:17:\"shopping_cart.php\";s:4:\"mode\";s:6:\"NONSSL\";s:3:\"get\";a:4:{s:6:\"osCsid\";s:32:\"e56ac1e63082e4b18a119a57616133be\";s:4:\"sort\";s:2:\"4a\";s:4:\"page\";s:1:\"1\";s:8:\"language\";s:2:\"en\";}s:4:\"post\";a:0:{}}}s:8:\"snapshot\";a:0:{}}affiliate_ref|N;affiliate_clickthroughs_id|N;'),('e5b1e0080e23706a24cb2c947d24fd10',1533706552,'cart|O:12:\"shoppingCart\":5:{s:8:\"contents\";a:0:{}s:5:\"total\";i:0;s:6:\"weight\";i:0;s:12:\"content_type\";b:0;s:9:\"shiptotal\";i:0;}language|s:7:\"english\";languages_id|s:1:\"1\";currency|s:3:\"USD\";navigation|O:17:\"navigationHistory\":2:{s:4:\"path\";a:1:{i:0;a:4:{s:4:\"page\";s:16:\"product_info.php\";s:4:\"mode\";s:6:\"NONSSL\";s:3:\"get\";a:2:{s:5:\"cPath\";s:9:\"0_309_335\";s:11:\"products_id\";s:4:\"2569\";}s:4:\"post\";a:0:{}}}s:8:\"snapshot\";a:0:{}}affiliate_ref|N;affiliate_clickthroughs_id|N;'),('43f8fb524d86ac60927c18ef21b2cbce',1533954613,'language|s:7:\"english\";languages_id|s:1:\"1\";selected_box|s:13:\"configuration\";'),('1d33d5670864cb1b5422b325c9a57d8b',1533705673,'cart|O:12:\"shoppingCart\":5:{s:8:\"contents\";a:0:{}s:5:\"total\";i:0;s:6:\"weight\";i:0;s:12:\"content_type\";b:0;s:9:\"shiptotal\";i:0;}language|s:7:\"espanol\";languages_id|s:1:\"3\";currency|s:3:\"USD\";navigation|O:17:\"navigationHistory\":2:{s:4:\"path\";a:1:{i:0;a:4:{s:4:\"page\";s:16:\"product_info.php\";s:4:\"mode\";s:6:\"NONSSL\";s:3:\"get\";a:3:{s:4:\"name\";s:31:\"Cortador de Zapatito de Ni?a #4\";s:11:\"products_id\";s:3:\"175\";s:8:\"language\";s:2:\"es\";}s:4:\"post\";a:0:{}}}s:8:\"snapshot\";a:0:{}}affiliate_ref|N;affiliate_clickthroughs_id|N;'),('c93446d19f753a51fac5f94710f48f12',1533705664,'cart|O:12:\"shoppingCart\":5:{s:8:\"contents\";a:0:{}s:5:\"total\";i:0;s:6:\"weight\";i:0;s:12:\"content_type\";b:0;s:9:\"shiptotal\";i:0;}language|s:7:\"english\";languages_id|s:1:\"1\";currency|s:3:\"USD\";navigation|O:17:\"navigationHistory\":2:{s:4:\"path\";a:1:{i:0;a:4:{s:4:\"page\";s:17:\"shopping_cart.php\";s:4:\"mode\";s:6:\"NONSSL\";s:3:\"get\";a:2:{s:4:\"sort\";s:2:\"4a\";s:4:\"page\";s:1:\"6\";}s:4:\"post\";a:0:{}}}s:8:\"snapshot\";a:0:{}}affiliate_ref|N;affiliate_clickthroughs_id|N;'),('f79def0b894f24c52542e521dd1e7c0c',1533706671,'cart|O:12:\"shoppingCart\":5:{s:8:\"contents\";a:0:{}s:5:\"total\";i:0;s:6:\"weight\";i:0;s:12:\"content_type\";b:0;s:9:\"shiptotal\";i:0;}language|s:7:\"english\";languages_id|s:1:\"1\";currency|s:3:\"USD\";navigation|O:17:\"navigationHistory\":2:{s:4:\"path\";a:1:{i:0;a:4:{s:4:\"page\";s:9:\"index.php\";s:4:\"mode\";s:6:\"NONSSL\";s:3:\"get\";a:4:{s:5:\"cPath\";s:11:\"223_360_182\";s:4:\"sort\";s:2:\"4a\";s:6:\"action\";s:7:\"buy_now\";s:11:\"products_id\";s:4:\"1174\";}s:4:\"post\";a:0:{}}}s:8:\"snapshot\";a:0:{}}'),('75af0dbac8aed8d9cc37fa3cc3e26b65',1533706710,'cart|O:12:\"shoppingCart\":8:{s:8:\"contents\";a:1:{i:293;a:1:{s:3:\"qty\";i:1;}}s:5:\"total\";d:8.9900000000000002131628207280300557613372802734375;s:6:\"weight\";d:0.13000000000000000444089209850062616169452667236328125;s:6:\"cartID\";s:5:\"81319\";s:12:\"content_type\";b:0;s:9:\"shiptotal\";d:0;s:13:\"total_virtual\";d:8.9900000000000002131628207280300557613372802734375;s:14:\"weight_virtual\";d:0.2600000000000000088817841970012523233890533447265625;}language|s:7:\"english\";languages_id|s:1:\"1\";currency|s:3:\"USD\";navigation|O:17:\"navigationHistory\":2:{s:4:\"path\";a:2:{i:0;a:4:{s:4:\"page\";s:9:\"index.php\";s:4:\"mode\";s:6:\"NONSSL\";s:3:\"get\";a:4:{s:11:\"products_id\";s:3:\"293\";s:4:\"sort\";s:2:\"4a\";s:4:\"page\";s:1:\"7\";s:6:\"action\";s:7:\"buy_now\";}s:4:\"post\";a:0:{}}i:1;a:4:{s:4:\"page\";s:17:\"shopping_cart.php\";s:4:\"mode\";s:6:\"NONSSL\";s:3:\"get\";a:3:{s:6:\"osCsid\";s:32:\"75af0dbac8aed8d9cc37fa3cc3e26b65\";s:4:\"sort\";s:2:\"4a\";s:4:\"page\";s:1:\"7\";}s:4:\"post\";a:0:{}}}s:8:\"snapshot\";a:0:{}}affiliate_ref|N;affiliate_clickthroughs_id|N;'),('df3f551cb22c2de41552547d6a2e14c8',1533706721,'cart|O:12:\"shoppingCart\":8:{s:8:\"contents\";a:1:{i:1795;a:1:{s:3:\"qty\";i:1;}}s:5:\"total\";d:10.9900000000000002131628207280300557613372802734375;s:6:\"weight\";d:0.190000000000000002220446049250313080847263336181640625;s:6:\"cartID\";s:5:\"95402\";s:12:\"content_type\";b:0;s:9:\"shiptotal\";d:0;s:13:\"total_virtual\";d:10.9900000000000002131628207280300557613372802734375;s:14:\"weight_virtual\";d:0.38000000000000000444089209850062616169452667236328125;}language|s:7:\"espanol\";languages_id|s:1:\"3\";currency|s:3:\"USD\";navigation|O:17:\"navigationHistory\":2:{s:4:\"path\";a:2:{i:0;a:4:{s:4:\"page\";s:9:\"index.php\";s:4:\"mode\";s:6:\"NONSSL\";s:3:\"get\";a:5:{s:11:\"products_id\";s:4:\"1795\";s:4:\"sort\";s:2:\"4a\";s:4:\"page\";s:1:\"3\";s:8:\"language\";s:2:\"es\";s:6:\"action\";s:7:\"buy_now\";}s:4:\"post\";a:0:{}}i:1;a:4:{s:4:\"page\";s:17:\"shopping_cart.php\";s:4:\"mode\";s:6:\"NONSSL\";s:3:\"get\";a:4:{s:6:\"osCsid\";s:32:\"df3f551cb22c2de41552547d6a2e14c8\";s:4:\"sort\";s:2:\"4a\";s:4:\"page\";s:1:\"3\";s:8:\"language\";s:2:\"es\";}s:4:\"post\";a:0:{}}}s:8:\"snapshot\";a:0:{}}affiliate_ref|N;affiliate_clickthroughs_id|N;'),('1c1122ee8fe0737e43fcefc4073b8191',1533706701,'cart|O:12:\"shoppingCart\":6:{s:8:\"contents\";a:1:{i:259;a:1:{s:3:\"qty\";i:1;}}s:5:\"total\";i:0;s:6:\"weight\";i:0;s:12:\"content_type\";b:0;s:9:\"shiptotal\";i:0;s:6:\"cartID\";s:5:\"99003\";}language|s:7:\"english\";languages_id|s:1:\"1\";currency|s:3:\"USD\";navigation|O:17:\"navigationHistory\":2:{s:4:\"path\";a:1:{i:0;a:4:{s:4:\"page\";s:26:\"advanced_search_result.php\";s:4:\"mode\";s:6:\"NONSSL\";s:3:\"get\";a:7:{s:8:\"keywords\";s:4:\"cake\";s:21:\"search_in_description\";s:1:\"1\";s:8:\"language\";s:2:\"en\";s:4:\"sort\";s:2:\"2a\";s:4:\"page\";s:2:\"21\";s:6:\"action\";s:7:\"buy_now\";s:11:\"products_id\";s:3:\"259\";}s:4:\"post\";a:0:{}}}s:8:\"snapshot\";a:0:{}}new_products_id_in_cart|s:3:\"259\";'),('9625221000cbf950ab457b5493393ab0',1533706710,'cart|O:12:\"shoppingCart\":5:{s:8:\"contents\";a:0:{}s:5:\"total\";i:0;s:6:\"weight\";i:0;s:12:\"content_type\";b:0;s:9:\"shiptotal\";i:0;}language|s:7:\"english\";languages_id|s:1:\"1\";currency|s:3:\"USD\";navigation|O:17:\"navigationHistory\":2:{s:4:\"path\";a:1:{i:0;a:4:{s:4:\"page\";s:16:\"product_info.php\";s:4:\"mode\";s:6:\"NONSSL\";s:3:\"get\";a:4:{s:5:\"cPath\";s:11:\"223_360_184\";s:11:\"products_id\";s:4:\"2753\";s:8:\"language\";s:2:\"en\";s:6:\"action\";s:11:\"add_product\";}s:4:\"post\";a:0:{}}}s:8:\"snapshot\";a:0:{}}'),('fe81b7b8a22c1aae9d93ba373ec39c3e',1533706715,'cart|O:12:\"shoppingCart\":5:{s:8:\"contents\";a:0:{}s:5:\"total\";i:0;s:6:\"weight\";i:0;s:12:\"content_type\";b:0;s:9:\"shiptotal\";i:0;}language|s:7:\"english\";languages_id|s:1:\"1\";currency|s:3:\"USD\";navigation|O:17:\"navigationHistory\":2:{s:4:\"path\";a:1:{i:0;a:4:{s:4:\"page\";s:17:\"shopping_cart.php\";s:4:\"mode\";s:6:\"NONSSL\";s:3:\"get\";a:1:{s:8:\"language\";s:2:\"en\";}s:4:\"post\";a:0:{}}}s:8:\"snapshot\";a:0:{}}affiliate_ref|N;affiliate_clickthroughs_id|N;'),('0ea2104ec6b6e1efeff51c55ff2f0d4f',1533706717,'cart|O:12:\"shoppingCart\":6:{s:8:\"contents\";a:1:{i:2123;a:1:{s:3:\"qty\";i:1;}}s:5:\"total\";i:0;s:6:\"weight\";i:0;s:12:\"content_type\";b:0;s:9:\"shiptotal\";i:0;s:6:\"cartID\";s:5:\"81397\";}language|s:7:\"english\";languages_id|s:1:\"1\";currency|s:3:\"USD\";navigation|O:17:\"navigationHistory\":2:{s:4:\"path\";a:1:{i:0;a:4:{s:4:\"page\";s:9:\"index.php\";s:4:\"mode\";s:6:\"NONSSL\";s:3:\"get\";a:6:{s:5:\"cPath\";s:7:\"131_132\";s:4:\"sort\";s:2:\"4a\";s:8:\"language\";s:2:\"en\";s:4:\"page\";s:1:\"3\";s:6:\"action\";s:7:\"buy_now\";s:11:\"products_id\";s:4:\"2123\";}s:4:\"post\";a:0:{}}}s:8:\"snapshot\";a:0:{}}new_products_id_in_cart|s:4:\"2123\";'),('3753fc41c1bf2a852d8042bcc626b742',1533706719,'cart|O:12:\"shoppingCart\":5:{s:8:\"contents\";a:0:{}s:5:\"total\";i:0;s:6:\"weight\";i:0;s:12:\"content_type\";b:0;s:9:\"shiptotal\";i:0;}language|s:7:\"english\";languages_id|s:1:\"1\";currency|s:3:\"USD\";navigation|O:17:\"navigationHistory\":2:{s:4:\"path\";a:1:{i:0;a:4:{s:4:\"page\";s:17:\"shopping_cart.php\";s:4:\"mode\";s:6:\"NONSSL\";s:3:\"get\";a:3:{s:4:\"sort\";s:2:\"4a\";s:8:\"language\";s:2:\"en\";s:4:\"page\";s:1:\"3\";}s:4:\"post\";a:0:{}}}s:8:\"snapshot\";a:0:{}}affiliate_ref|N;affiliate_clickthroughs_id|N;'),('bb7e5c9a063ba7f216ebdc1e42bd3161',1533706731,'cart|O:12:\"shoppingCart\":6:{s:8:\"contents\";a:1:{i:2529;a:1:{s:3:\"qty\";i:1;}}s:5:\"total\";i:0;s:6:\"weight\";i:0;s:12:\"content_type\";b:0;s:9:\"shiptotal\";i:0;s:6:\"cartID\";s:5:\"25101\";}language|s:7:\"english\";languages_id|s:1:\"1\";currency|s:3:\"USD\";navigation|O:17:\"navigationHistory\":2:{s:4:\"path\";a:1:{i:0;a:4:{s:4:\"page\";s:26:\"advanced_search_result.php\";s:4:\"mode\";s:6:\"NONSSL\";s:3:\"get\";a:7:{s:8:\"keywords\";s:4:\"cake\";s:21:\"search_in_description\";s:1:\"1\";s:4:\"sort\";s:2:\"3d\";s:8:\"language\";s:2:\"en\";s:4:\"page\";s:2:\"16\";s:6:\"action\";s:7:\"buy_now\";s:11:\"products_id\";s:4:\"2529\";}s:4:\"post\";a:0:{}}}s:8:\"snapshot\";a:0:{}}new_products_id_in_cart|s:4:\"2529\";'),('3bb643399a4539139e49545574051039',1533706753,'cart|O:12:\"shoppingCart\":8:{s:8:\"contents\";a:1:{i:355;a:1:{s:3:\"qty\";i:1;}}s:5:\"total\";d:5.9900000000000002131628207280300557613372802734375;s:6:\"weight\";d:0.059999999999999997779553950749686919152736663818359375;s:6:\"cartID\";s:5:\"88279\";s:12:\"content_type\";b:0;s:9:\"shiptotal\";d:0;s:13:\"total_virtual\";d:5.9900000000000002131628207280300557613372802734375;s:14:\"weight_virtual\";d:0.11999999999999999555910790149937383830547332763671875;}language|s:7:\"english\";languages_id|s:1:\"1\";currency|s:3:\"USD\";navigation|O:17:\"navigationHistory\":2:{s:4:\"path\";a:2:{i:0;a:4:{s:4:\"page\";s:9:\"index.php\";s:4:\"mode\";s:6:\"NONSSL\";s:3:\"get\";a:4:{s:11:\"products_id\";s:3:\"355\";s:4:\"sort\";s:2:\"4a\";s:4:\"page\";s:1:\"7\";s:6:\"action\";s:7:\"buy_now\";}s:4:\"post\";a:0:{}}i:1;a:4:{s:4:\"page\";s:17:\"shopping_cart.php\";s:4:\"mode\";s:6:\"NONSSL\";s:3:\"get\";a:3:{s:6:\"osCsid\";s:32:\"3bb643399a4539139e49545574051039\";s:4:\"sort\";s:2:\"4a\";s:4:\"page\";s:1:\"7\";}s:4:\"post\";a:0:{}}}s:8:\"snapshot\";a:0:{}}affiliate_ref|N;affiliate_clickthroughs_id|N;'),('a9b6fb293c821ce8eef805bc996fe1df',1533706763,'cart|O:12:\"shoppingCart\":8:{s:8:\"contents\";a:1:{i:246;a:1:{s:3:\"qty\";i:1;}}s:5:\"total\";d:7.9900000000000002131628207280300557613372802734375;s:6:\"weight\";d:0.13000000000000000444089209850062616169452667236328125;s:6:\"cartID\";s:5:\"56457\";s:12:\"content_type\";b:0;s:9:\"shiptotal\";d:0;s:13:\"total_virtual\";d:7.9900000000000002131628207280300557613372802734375;s:14:\"weight_virtual\";d:0.2600000000000000088817841970012523233890533447265625;}language|s:7:\"espanol\";languages_id|s:1:\"3\";currency|s:3:\"USD\";navigation|O:17:\"navigationHistory\":2:{s:4:\"path\";a:2:{i:0;a:4:{s:4:\"page\";s:9:\"index.php\";s:4:\"mode\";s:6:\"NONSSL\";s:3:\"get\";a:5:{s:11:\"products_id\";s:3:\"246\";s:4:\"sort\";s:2:\"4a\";s:4:\"page\";s:1:\"4\";s:8:\"language\";s:2:\"es\";s:6:\"action\";s:7:\"buy_now\";}s:4:\"post\";a:0:{}}i:1;a:4:{s:4:\"page\";s:17:\"shopping_cart.php\";s:4:\"mode\";s:6:\"NONSSL\";s:3:\"get\";a:4:{s:6:\"osCsid\";s:32:\"a9b6fb293c821ce8eef805bc996fe1df\";s:4:\"sort\";s:2:\"4a\";s:4:\"page\";s:1:\"4\";s:8:\"language\";s:2:\"es\";}s:4:\"post\";a:0:{}}}s:8:\"snapshot\";a:0:{}}affiliate_ref|N;affiliate_clickthroughs_id|N;'),('2068601b665e6dfb5e0d9e0930bf39e0',1533706758,'cart|O:12:\"shoppingCart\":5:{s:8:\"contents\";a:0:{}s:5:\"total\";i:0;s:6:\"weight\";i:0;s:12:\"content_type\";b:0;s:9:\"shiptotal\";i:0;}language|s:7:\"english\";languages_id|s:1:\"1\";currency|s:3:\"USD\";navigation|O:17:\"navigationHistory\":2:{s:4:\"path\";a:1:{i:0;a:4:{s:4:\"page\";s:16:\"product_info.php\";s:4:\"mode\";s:6:\"NONSSL\";s:3:\"get\";a:3:{s:4:\"name\";s:16:\"Flag banner mold\";s:11:\"products_id\";s:4:\"2914\";s:8:\"language\";s:2:\"en\";}s:4:\"post\";a:0:{}}}s:8:\"snapshot\";a:0:{}}affiliate_ref|N;affiliate_clickthroughs_id|N;'),('6fcd4d7d6b69118b872212264724a36b',1533706795,'cart|O:12:\"shoppingCart\":8:{s:8:\"contents\";a:1:{i:602;a:1:{s:3:\"qty\";i:1;}}s:5:\"total\";d:8.9900000000000002131628207280300557613372802734375;s:6:\"weight\";d:0.13000000000000000444089209850062616169452667236328125;s:6:\"cartID\";s:5:\"48571\";s:12:\"content_type\";b:0;s:9:\"shiptotal\";d:0;s:13:\"total_virtual\";d:8.9900000000000002131628207280300557613372802734375;s:14:\"weight_virtual\";d:0.2600000000000000088817841970012523233890533447265625;}language|s:7:\"english\";languages_id|s:1:\"1\";currency|s:3:\"USD\";navigation|O:17:\"navigationHistory\":2:{s:4:\"path\";a:2:{i:0;a:4:{s:4:\"page\";s:9:\"index.php\";s:4:\"mode\";s:6:\"NONSSL\";s:3:\"get\";a:4:{s:11:\"products_id\";s:3:\"602\";s:4:\"sort\";s:2:\"4a\";s:4:\"page\";s:1:\"7\";s:6:\"action\";s:7:\"buy_now\";}s:4:\"post\";a:0:{}}i:1;a:4:{s:4:\"page\";s:17:\"shopping_cart.php\";s:4:\"mode\";s:6:\"NONSSL\";s:3:\"get\";a:3:{s:6:\"osCsid\";s:32:\"6fcd4d7d6b69118b872212264724a36b\";s:4:\"sort\";s:2:\"4a\";s:4:\"page\";s:1:\"7\";}s:4:\"post\";a:0:{}}}s:8:\"snapshot\";a:0:{}}affiliate_ref|N;affiliate_clickthroughs_id|N;'),('3b19f4be5f2aaad2739b4e9ad0d1ded0',1533706804,'cart|O:12:\"shoppingCart\":8:{s:8:\"contents\";a:1:{i:247;a:1:{s:3:\"qty\";i:1;}}s:5:\"total\";d:7.9900000000000002131628207280300557613372802734375;s:6:\"weight\";d:0.13000000000000000444089209850062616169452667236328125;s:6:\"cartID\";s:5:\"70841\";s:12:\"content_type\";b:0;s:9:\"shiptotal\";d:0;s:13:\"total_virtual\";d:7.9900000000000002131628207280300557613372802734375;s:14:\"weight_virtual\";d:0.2600000000000000088817841970012523233890533447265625;}language|s:7:\"espanol\";languages_id|s:1:\"3\";currency|s:3:\"USD\";navigation|O:17:\"navigationHistory\":2:{s:4:\"path\";a:2:{i:0;a:4:{s:4:\"page\";s:9:\"index.php\";s:4:\"mode\";s:6:\"NONSSL\";s:3:\"get\";a:5:{s:11:\"products_id\";s:3:\"247\";s:4:\"sort\";s:2:\"4a\";s:4:\"page\";s:1:\"4\";s:8:\"language\";s:2:\"es\";s:6:\"action\";s:7:\"buy_now\";}s:4:\"post\";a:0:{}}i:1;a:4:{s:4:\"page\";s:17:\"shopping_cart.php\";s:4:\"mode\";s:6:\"NONSSL\";s:3:\"get\";a:4:{s:6:\"osCsid\";s:32:\"3b19f4be5f2aaad2739b4e9ad0d1ded0\";s:4:\"sort\";s:2:\"4a\";s:4:\"page\";s:1:\"4\";s:8:\"language\";s:2:\"es\";}s:4:\"post\";a:0:{}}}s:8:\"snapshot\";a:0:{}}affiliate_ref|N;affiliate_clickthroughs_id|N;'),('d2c37f9eb65215ae6acd7024e73934de',1533706791,'cart|O:12:\"shoppingCart\":6:{s:8:\"contents\";a:1:{i:3041;a:1:{s:3:\"qty\";i:1;}}s:5:\"total\";i:0;s:6:\"weight\";i:0;s:12:\"content_type\";b:0;s:9:\"shiptotal\";i:0;s:6:\"cartID\";s:5:\"76299\";}language|s:7:\"english\";languages_id|s:1:\"1\";currency|s:3:\"USD\";navigation|O:17:\"navigationHistory\":2:{s:4:\"path\";a:1:{i:0;a:4:{s:4:\"page\";s:26:\"advanced_search_result.php\";s:4:\"mode\";s:6:\"NONSSL\";s:3:\"get\";a:7:{s:8:\"keywords\";s:4:\"cake\";s:21:\"search_in_description\";s:1:\"1\";s:8:\"language\";s:2:\"en\";s:4:\"sort\";s:2:\"3a\";s:4:\"page\";s:2:\"35\";s:6:\"action\";s:7:\"buy_now\";s:11:\"products_id\";s:4:\"3041\";}s:4:\"post\";a:0:{}}}s:8:\"snapshot\";a:0:{}}new_products_id_in_cart|s:4:\"3041\";'),('e241ec789f511046ef873efa3515497f',1534151149,'language|s:7:\"english\";languages_id|s:1:\"1\";selected_box|s:13:\"configuration\";'),('fa0d9ae7be4e1e36152e8f940afa208c',1534151180,'language|s:7:\"english\";languages_id|s:1:\"1\";selected_box|s:13:\"configuration\";login_id|s:2:\"13\";login_groups_id|s:1:\"1\";login_first_name|N;'),('2bbdaa468c4cd2a058660a290c89e9e4',1533705549,'cart|O:12:\"shoppingCart\":8:{s:8:\"contents\";a:1:{i:355;a:1:{s:3:\"qty\";i:1;}}s:5:\"total\";d:5.9900000000000002131628207280300557613372802734375;s:6:\"weight\";d:0.059999999999999997779553950749686919152736663818359375;s:6:\"cartID\";s:5:\"37838\";s:12:\"content_type\";b:0;s:9:\"shiptotal\";d:0;s:13:\"total_virtual\";d:5.9900000000000002131628207280300557613372802734375;s:14:\"weight_virtual\";d:0.11999999999999999555910790149937383830547332763671875;}language|s:7:\"english\";languages_id|s:1:\"1\";currency|s:3:\"USD\";navigation|O:17:\"navigationHistory\":2:{s:4:\"path\";a:2:{i:0;a:4:{s:4:\"page\";s:9:\"index.php\";s:4:\"mode\";s:6:\"NONSSL\";s:3:\"get\";a:4:{s:11:\"products_id\";s:3:\"355\";s:4:\"sort\";s:2:\"4a\";s:4:\"page\";s:1:\"7\";s:6:\"action\";s:7:\"buy_now\";}s:4:\"post\";a:0:{}}i:1;a:4:{s:4:\"page\";s:17:\"shopping_cart.php\";s:4:\"mode\";s:6:\"NONSSL\";s:3:\"get\";a:3:{s:6:\"osCsid\";s:32:\"2bbdaa468c4cd2a058660a290c89e9e4\";s:4:\"sort\";s:2:\"4a\";s:4:\"page\";s:1:\"7\";}s:4:\"post\";a:0:{}}}s:8:\"snapshot\";a:0:{}}affiliate_ref|N;affiliate_clickthroughs_id|N;'),('132386366e811edb7a4c0b0c3d44bd1b',1533705548,'cart|O:12:\"shoppingCart\":8:{s:8:\"contents\";a:1:{i:1797;a:1:{s:3:\"qty\";i:1;}}s:5:\"total\";d:10.9900000000000002131628207280300557613372802734375;s:6:\"weight\";d:0.13000000000000000444089209850062616169452667236328125;s:6:\"cartID\";s:5:\"61481\";s:12:\"content_type\";b:0;s:9:\"shiptotal\";d:0;s:13:\"total_virtual\";d:10.9900000000000002131628207280300557613372802734375;s:14:\"weight_virtual\";d:0.2600000000000000088817841970012523233890533447265625;}language|s:7:\"espanol\";languages_id|s:1:\"3\";currency|s:3:\"USD\";navigation|O:17:\"navigationHistory\":2:{s:4:\"path\";a:2:{i:0;a:4:{s:4:\"page\";s:9:\"index.php\";s:4:\"mode\";s:6:\"NONSSL\";s:3:\"get\";a:5:{s:11:\"products_id\";s:4:\"1797\";s:4:\"sort\";s:2:\"4a\";s:8:\"language\";s:2:\"es\";s:4:\"page\";s:1:\"6\";s:6:\"action\";s:7:\"buy_now\";}s:4:\"post\";a:0:{}}i:1;a:4:{s:4:\"page\";s:17:\"shopping_cart.php\";s:4:\"mode\";s:6:\"NONSSL\";s:3:\"get\";a:4:{s:6:\"osCsid\";s:32:\"132386366e811edb7a4c0b0c3d44bd1b\";s:4:\"sort\";s:2:\"4a\";s:8:\"language\";s:2:\"es\";s:4:\"page\";s:1:\"6\";}s:4:\"post\";a:0:{}}}s:8:\"snapshot\";a:0:{}}affiliate_ref|N;affiliate_clickthroughs_id|N;'),('5ecf00e182651a61b7bdc1232f914f85',1533705506,'cart|O:12:\"shoppingCart\":8:{s:8:\"contents\";a:1:{i:359;a:1:{s:3:\"qty\";i:1;}}s:5:\"total\";d:7.9900000000000002131628207280300557613372802734375;s:6:\"weight\";d:0.13000000000000000444089209850062616169452667236328125;s:6:\"cartID\";s:5:\"95188\";s:12:\"content_type\";b:0;s:9:\"shiptotal\";d:0;s:13:\"total_virtual\";d:7.9900000000000002131628207280300557613372802734375;s:14:\"weight_virtual\";d:0.2600000000000000088817841970012523233890533447265625;}language|s:7:\"espanol\";languages_id|s:1:\"3\";currency|s:3:\"USD\";navigation|O:17:\"navigationHistory\":2:{s:4:\"path\";a:2:{i:0;a:4:{s:4:\"page\";s:9:\"index.php\";s:4:\"mode\";s:6:\"NONSSL\";s:3:\"get\";a:5:{s:11:\"products_id\";s:3:\"359\";s:4:\"sort\";s:2:\"4a\";s:8:\"language\";s:2:\"es\";s:4:\"page\";s:1:\"5\";s:6:\"action\";s:7:\"buy_now\";}s:4:\"post\";a:0:{}}i:1;a:4:{s:4:\"page\";s:17:\"shopping_cart.php\";s:4:\"mode\";s:6:\"NONSSL\";s:3:\"get\";a:4:{s:6:\"osCsid\";s:32:\"5ecf00e182651a61b7bdc1232f914f85\";s:4:\"sort\";s:2:\"4a\";s:8:\"language\";s:2:\"es\";s:4:\"page\";s:1:\"5\";}s:4:\"post\";a:0:{}}}s:8:\"snapshot\";a:0:{}}affiliate_ref|N;affiliate_clickthroughs_id|N;'),('669b48971bc04e62d6ee1fd0aab04fb2',1533705493,'cart|O:12:\"shoppingCart\":5:{s:8:\"contents\";a:0:{}s:5:\"total\";i:0;s:6:\"weight\";i:0;s:12:\"content_type\";b:0;s:9:\"shiptotal\";i:0;}language|s:7:\"english\";languages_id|s:1:\"1\";currency|s:3:\"USD\";navigation|O:17:\"navigationHistory\":2:{s:4:\"path\";a:1:{i:0;a:4:{s:4:\"page\";s:16:\"product_info.php\";s:4:\"mode\";s:6:\"NONSSL\";s:3:\"get\";a:1:{s:11:\"products_id\";s:4:\"1049\";}s:4:\"post\";a:0:{}}}s:8:\"snapshot\";a:0:{}}affiliate_ref|N;affiliate_clickthroughs_id|N;'),('358b8d17cbdd57e125b95b88fa4879be',1533705966,'cart|O:12:\"shoppingCart\":8:{s:8:\"contents\";a:1:{i:2805;a:1:{s:3:\"qty\";i:1;}}s:5:\"total\";d:12.9900000000000002131628207280300557613372802734375;s:6:\"weight\";d:0.25;s:6:\"cartID\";s:5:\"56121\";s:12:\"content_type\";b:0;s:9:\"shiptotal\";d:0;s:13:\"total_virtual\";d:12.9900000000000002131628207280300557613372802734375;s:14:\"weight_virtual\";d:0.5;}language|s:7:\"espanol\";languages_id|s:1:\"3\";currency|s:3:\"USD\";navigation|O:17:\"navigationHistory\":2:{s:4:\"path\";a:2:{i:0;a:4:{s:4:\"page\";s:9:\"index.php\";s:4:\"mode\";s:6:\"NONSSL\";s:3:\"get\";a:5:{s:11:\"products_id\";s:4:\"2805\";s:4:\"sort\";s:2:\"4a\";s:8:\"language\";s:2:\"es\";s:4:\"page\";s:1:\"7\";s:6:\"action\";s:7:\"buy_now\";}s:4:\"post\";a:0:{}}i:1;a:4:{s:4:\"page\";s:17:\"shopping_cart.php\";s:4:\"mode\";s:6:\"NONSSL\";s:3:\"get\";a:4:{s:6:\"osCsid\";s:32:\"358b8d17cbdd57e125b95b88fa4879be\";s:4:\"sort\";s:2:\"4a\";s:8:\"language\";s:2:\"es\";s:4:\"page\";s:1:\"7\";}s:4:\"post\";a:0:{}}}s:8:\"snapshot\";a:0:{}}affiliate_ref|N;affiliate_clickthroughs_id|N;'),('d13240a811b18b3cecd0583b6f714b11',1533705951,'cart|O:12:\"shoppingCart\":5:{s:8:\"contents\";a:0:{}s:5:\"total\";i:0;s:6:\"weight\";i:0;s:12:\"content_type\";b:0;s:9:\"shiptotal\";i:0;}language|s:7:\"english\";languages_id|s:1:\"1\";currency|s:3:\"USD\";navigation|O:17:\"navigationHistory\":2:{s:4:\"path\";a:1:{i:0;a:4:{s:4:\"page\";s:9:\"index.php\";s:4:\"mode\";s:6:\"NONSSL\";s:3:\"get\";a:3:{s:11:\"products_id\";s:3:\"327\";s:4:\"sort\";s:2:\"4a\";s:4:\"page\";s:1:\"2\";}s:4:\"post\";a:0:{}}}s:8:\"snapshot\";a:0:{}}affiliate_ref|N;affiliate_clickthroughs_id|N;'),('e4c164a13fcbdf11fdba78a989ccaa7f',1533705954,'cart|O:12:\"shoppingCart\":6:{s:8:\"contents\";a:1:{i:2199;a:1:{s:3:\"qty\";i:1;}}s:5:\"total\";i:0;s:6:\"weight\";i:0;s:12:\"content_type\";b:0;s:9:\"shiptotal\";i:0;s:6:\"cartID\";s:5:\"45537\";}language|s:7:\"english\";languages_id|s:1:\"1\";currency|s:3:\"USD\";navigation|O:17:\"navigationHistory\":2:{s:4:\"path\";a:1:{i:0;a:4:{s:4:\"page\";s:9:\"index.php\";s:4:\"mode\";s:6:\"NONSSL\";s:3:\"get\";a:6:{s:5:\"cPath\";s:7:\"309_338\";s:4:\"sort\";s:2:\"4a\";s:4:\"page\";s:1:\"1\";s:8:\"language\";s:2:\"en\";s:6:\"action\";s:7:\"buy_now\";s:11:\"products_id\";s:4:\"2199\";}s:4:\"post\";a:0:{}}}s:8:\"snapshot\";a:0:{}}new_products_id_in_cart|s:4:\"2199\";'),('fb9781c796117f7cd387fd6e1175a30c',1533705956,'cart|O:12:\"shoppingCart\":6:{s:8:\"contents\";a:1:{i:2697;a:1:{s:3:\"qty\";i:1;}}s:5:\"total\";i:0;s:6:\"weight\";i:0;s:12:\"content_type\";b:0;s:9:\"shiptotal\";i:0;s:6:\"cartID\";s:5:\"30360\";}language|s:7:\"english\";languages_id|s:1:\"1\";currency|s:3:\"USD\";navigation|O:17:\"navigationHistory\":2:{s:4:\"path\";a:1:{i:0;a:4:{s:4:\"page\";s:9:\"index.php\";s:4:\"mode\";s:6:\"NONSSL\";s:3:\"get\";a:5:{s:5:\"cPath\";s:9:\"0_309_337\";s:4:\"sort\";s:2:\"4a\";s:4:\"page\";s:1:\"3\";s:6:\"action\";s:7:\"buy_now\";s:11:\"products_id\";s:4:\"2697\";}s:4:\"post\";a:0:{}}}s:8:\"snapshot\";a:0:{}}new_products_id_in_cart|s:4:\"2697\";'),('77070b98dc1f6df91cafd8a8b99832b1',1533706075,'cart|O:12:\"shoppingCart\":5:{s:8:\"contents\";a:0:{}s:5:\"total\";i:0;s:6:\"weight\";i:0;s:12:\"content_type\";b:0;s:9:\"shiptotal\";i:0;}language|s:7:\"english\";languages_id|s:1:\"1\";currency|s:3:\"USD\";navigation|O:17:\"navigationHistory\":2:{s:4:\"path\";a:1:{i:0;a:4:{s:4:\"page\";s:16:\"product_info.php\";s:4:\"mode\";s:6:\"NONSSL\";s:3:\"get\";a:1:{s:11:\"products_id\";s:3:\"228\";}s:4:\"post\";a:0:{}}}s:8:\"snapshot\";a:0:{}}affiliate_ref|N;affiliate_clickthroughs_id|N;'),('6ab3a44cd60caaf443966d6cf9e2b925',1533706045,'cart|O:12:\"shoppingCart\":5:{s:8:\"contents\";a:0:{}s:5:\"total\";i:0;s:6:\"weight\";i:0;s:12:\"content_type\";b:0;s:9:\"shiptotal\";i:0;}language|s:7:\"english\";languages_id|s:1:\"1\";currency|s:3:\"USD\";navigation|O:17:\"navigationHistory\":2:{s:4:\"path\";a:1:{i:0;a:4:{s:4:\"page\";s:16:\"product_info.php\";s:4:\"mode\";s:6:\"NONSSL\";s:3:\"get\";a:2:{s:5:\"cPath\";s:10:\"221_39_145\";s:11:\"products_id\";s:4:\"2163\";}s:4:\"post\";a:0:{}}}s:8:\"snapshot\";a:0:{}}affiliate_ref|N;affiliate_clickthroughs_id|N;'),('25f25bc7ce9a29b57a0d4f92feeb1907',1533706015,'cart|O:12:\"shoppingCart\":5:{s:8:\"contents\";a:0:{}s:5:\"total\";i:0;s:6:\"weight\";i:0;s:12:\"content_type\";b:0;s:9:\"shiptotal\";i:0;}language|s:7:\"english\";languages_id|s:1:\"1\";currency|s:3:\"USD\";navigation|O:17:\"navigationHistory\":2:{s:4:\"path\";a:1:{i:0;a:4:{s:4:\"page\";s:16:\"product_info.php\";s:4:\"mode\";s:6:\"NONSSL\";s:3:\"get\";a:3:{s:5:\"cPath\";s:13:\"0_222_237_255\";s:11:\"products_id\";s:3:\"370\";s:8:\"language\";s:2:\"en\";}s:4:\"post\";a:0:{}}}s:8:\"snapshot\";a:0:{}}affiliate_ref|N;affiliate_clickthroughs_id|N;'),('722f1cf2e0d6bcde1697a58be3454ef0',1533706036,'cart|O:12:\"shoppingCart\":8:{s:8:\"contents\";a:1:{i:243;a:1:{s:3:\"qty\";i:1;}}s:5:\"total\";d:5.9900000000000002131628207280300557613372802734375;s:6:\"weight\";d:0.059999999999999997779553950749686919152736663818359375;s:6:\"cartID\";s:5:\"48624\";s:12:\"content_type\";b:0;s:9:\"shiptotal\";d:0;s:13:\"total_virtual\";d:5.9900000000000002131628207280300557613372802734375;s:14:\"weight_virtual\";d:0.11999999999999999555910790149937383830547332763671875;}language|s:7:\"english\";languages_id|s:1:\"1\";currency|s:3:\"USD\";navigation|O:17:\"navigationHistory\":2:{s:4:\"path\";a:2:{i:0;a:4:{s:4:\"page\";s:9:\"index.php\";s:4:\"mode\";s:6:\"NONSSL\";s:3:\"get\";a:4:{s:11:\"products_id\";s:3:\"243\";s:4:\"sort\";s:2:\"4a\";s:4:\"page\";s:1:\"5\";s:6:\"action\";s:7:\"buy_now\";}s:4:\"post\";a:0:{}}i:1;a:4:{s:4:\"page\";s:17:\"shopping_cart.php\";s:4:\"mode\";s:6:\"NONSSL\";s:3:\"get\";a:3:{s:6:\"osCsid\";s:32:\"722f1cf2e0d6bcde1697a58be3454ef0\";s:4:\"sort\";s:2:\"4a\";s:4:\"page\";s:1:\"5\";}s:4:\"post\";a:0:{}}}s:8:\"snapshot\";a:0:{}}affiliate_ref|N;affiliate_clickthroughs_id|N;'),('cf0b68bdb1d349852e7848ab8ea3542b',1533706050,'cart|O:12:\"shoppingCart\":8:{s:8:\"contents\";a:1:{i:687;a:1:{s:3:\"qty\";i:1;}}s:5:\"total\";d:7.9900000000000002131628207280300557613372802734375;s:6:\"weight\";d:0.059999999999999997779553950749686919152736663818359375;s:6:\"cartID\";s:5:\"59250\";s:12:\"content_type\";b:0;s:9:\"shiptotal\";d:0;s:13:\"total_virtual\";d:7.9900000000000002131628207280300557613372802734375;s:14:\"weight_virtual\";d:0.11999999999999999555910790149937383830547332763671875;}language|s:7:\"espanol\";languages_id|s:1:\"3\";currency|s:3:\"USD\";navigation|O:17:\"navigationHistory\":2:{s:4:\"path\";a:2:{i:0;a:4:{s:4:\"page\";s:9:\"index.php\";s:4:\"mode\";s:6:\"NONSSL\";s:3:\"get\";a:5:{s:11:\"products_id\";s:3:\"687\";s:4:\"sort\";s:2:\"4a\";s:8:\"language\";s:2:\"es\";s:4:\"page\";s:1:\"7\";s:6:\"action\";s:7:\"buy_now\";}s:4:\"post\";a:0:{}}i:1;a:4:{s:4:\"page\";s:17:\"shopping_cart.php\";s:4:\"mode\";s:6:\"NONSSL\";s:3:\"get\";a:4:{s:6:\"osCsid\";s:32:\"cf0b68bdb1d349852e7848ab8ea3542b\";s:4:\"sort\";s:2:\"4a\";s:8:\"language\";s:2:\"es\";s:4:\"page\";s:1:\"7\";}s:4:\"post\";a:0:{}}}s:8:\"snapshot\";a:0:{}}affiliate_ref|N;affiliate_clickthroughs_id|N;'),('49b8cfdf4c57c4f1e020bb9c9e25a796',1533705995,'cart|O:12:\"shoppingCart\":5:{s:8:\"contents\";a:0:{}s:5:\"total\";i:0;s:6:\"weight\";i:0;s:12:\"content_type\";b:0;s:9:\"shiptotal\";i:0;}language|s:7:\"english\";languages_id|s:1:\"1\";currency|s:3:\"USD\";navigation|O:17:\"navigationHistory\":2:{s:4:\"path\";a:1:{i:0;a:4:{s:4:\"page\";s:9:\"index.php\";s:4:\"mode\";s:6:\"NONSSL\";s:3:\"get\";a:3:{s:11:\"products_id\";s:3:\"327\";s:4:\"sort\";s:2:\"4a\";s:4:\"page\";s:1:\"4\";}s:4:\"post\";a:0:{}}}s:8:\"snapshot\";a:0:{}}affiliate_ref|N;affiliate_clickthroughs_id|N;'),('f428596e077eab122fa5ccc143b46933',1533706008,'cart|O:12:\"shoppingCart\":8:{s:8:\"contents\";a:1:{i:331;a:1:{s:3:\"qty\";i:1;}}s:5:\"total\";d:10.9900000000000002131628207280300557613372802734375;s:6:\"weight\";d:0.0200000000000000004163336342344337026588618755340576171875;s:6:\"cartID\";s:5:\"15396\";s:12:\"content_type\";b:0;s:9:\"shiptotal\";d:0;s:13:\"total_virtual\";d:10.9900000000000002131628207280300557613372802734375;s:14:\"weight_virtual\";d:0.040000000000000000832667268468867405317723751068115234375;}language|s:7:\"espanol\";languages_id|s:1:\"3\";currency|s:3:\"USD\";navigation|O:17:\"navigationHistory\":2:{s:4:\"path\";a:2:{i:0;a:4:{s:4:\"page\";s:9:\"index.php\";s:4:\"mode\";s:6:\"NONSSL\";s:3:\"get\";a:5:{s:11:\"products_id\";s:3:\"331\";s:4:\"sort\";s:2:\"4a\";s:8:\"language\";s:2:\"es\";s:4:\"page\";s:1:\"7\";s:6:\"action\";s:7:\"buy_now\";}s:4:\"post\";a:0:{}}i:1;a:4:{s:4:\"page\";s:17:\"shopping_cart.php\";s:4:\"mode\";s:6:\"NONSSL\";s:3:\"get\";a:4:{s:6:\"osCsid\";s:32:\"f428596e077eab122fa5ccc143b46933\";s:4:\"sort\";s:2:\"4a\";s:8:\"language\";s:2:\"es\";s:4:\"page\";s:1:\"7\";}s:4:\"post\";a:0:{}}}s:8:\"snapshot\";a:0:{}}affiliate_ref|N;affiliate_clickthroughs_id|N;'),('04a00067360afa9462450c122208c364',1533705985,'cart|O:12:\"shoppingCart\":5:{s:8:\"contents\";a:0:{}s:5:\"total\";i:0;s:6:\"weight\";i:0;s:12:\"content_type\";b:0;s:9:\"shiptotal\";i:0;}language|s:7:\"english\";languages_id|s:1:\"1\";currency|s:3:\"USD\";navigation|O:17:\"navigationHistory\":2:{s:4:\"path\";a:1:{i:0;a:4:{s:4:\"page\";s:16:\"product_info.php\";s:4:\"mode\";s:6:\"NONSSL\";s:3:\"get\";a:2:{s:4:\"name\";s:32:\"Acrylic textured rolling pin #28\";s:11:\"products_id\";s:4:\"1529\";}s:4:\"post\";a:0:{}}}s:8:\"snapshot\";a:0:{}}affiliate_ref|N;affiliate_clickthroughs_id|N;'),('0bc666561fdbc08cad90662d3de6302b',1533705973,'cart|O:12:\"shoppingCart\":5:{s:8:\"contents\";a:0:{}s:5:\"total\";i:0;s:6:\"weight\";i:0;s:12:\"content_type\";b:0;s:9:\"shiptotal\";i:0;}language|s:7:\"english\";languages_id|s:1:\"1\";currency|s:3:\"USD\";navigation|O:17:\"navigationHistory\":2:{s:4:\"path\";a:1:{i:0;a:4:{s:4:\"page\";s:9:\"index.php\";s:4:\"mode\";s:6:\"NONSSL\";s:3:\"get\";a:3:{s:11:\"products_id\";s:3:\"327\";s:4:\"sort\";s:2:\"4a\";s:4:\"page\";s:1:\"3\";}s:4:\"post\";a:0:{}}}s:8:\"snapshot\";a:0:{}}affiliate_ref|N;affiliate_clickthroughs_id|N;'),('37a9c2156736194bbc096bb5314093d4',1533705958,'cart|O:12:\"shoppingCart\":5:{s:8:\"contents\";a:0:{}s:5:\"total\";i:0;s:6:\"weight\";i:0;s:12:\"content_type\";b:0;s:9:\"shiptotal\";i:0;}language|s:7:\"english\";languages_id|s:1:\"1\";currency|s:3:\"USD\";navigation|O:17:\"navigationHistory\":2:{s:4:\"path\";a:1:{i:0;a:4:{s:4:\"page\";s:17:\"shopping_cart.php\";s:4:\"mode\";s:6:\"NONSSL\";s:3:\"get\";a:2:{s:4:\"sort\";s:2:\"4a\";s:4:\"page\";s:1:\"3\";}s:4:\"post\";a:0:{}}}s:8:\"snapshot\";a:0:{}}affiliate_ref|N;affiliate_clickthroughs_id|N;'),('7a7d9795dc812b2e392c53cd309b45e1',1533705919,'cart|O:12:\"shoppingCart\":5:{s:8:\"contents\";a:0:{}s:5:\"total\";i:0;s:6:\"weight\";i:0;s:12:\"content_type\";b:0;s:9:\"shiptotal\";i:0;}language|s:7:\"english\";languages_id|s:1:\"1\";currency|s:3:\"USD\";navigation|O:17:\"navigationHistory\":2:{s:4:\"path\";a:1:{i:0;a:4:{s:4:\"page\";s:9:\"login.php\";s:4:\"mode\";s:3:\"SSL\";s:3:\"get\";a:0:{}s:4:\"post\";a:0:{}}}s:8:\"snapshot\";a:0:{}}affiliate_ref|N;affiliate_clickthroughs_id|N;'),('265afa5977ddecc58d816e3e0b0e37bf',1533705924,'cart|O:12:\"shoppingCart\":8:{s:8:\"contents\";a:1:{i:2442;a:1:{s:3:\"qty\";i:1;}}s:5:\"total\";d:9.9900000000000002131628207280300557613372802734375;s:6:\"weight\";d:0.13000000000000000444089209850062616169452667236328125;s:6:\"cartID\";s:5:\"21014\";s:12:\"content_type\";b:0;s:9:\"shiptotal\";d:0;s:13:\"total_virtual\";d:9.9900000000000002131628207280300557613372802734375;s:14:\"weight_virtual\";d:0.2600000000000000088817841970012523233890533447265625;}language|s:7:\"espanol\";languages_id|s:1:\"3\";currency|s:3:\"USD\";navigation|O:17:\"navigationHistory\":2:{s:4:\"path\";a:2:{i:0;a:4:{s:4:\"page\";s:9:\"index.php\";s:4:\"mode\";s:6:\"NONSSL\";s:3:\"get\";a:5:{s:11:\"products_id\";s:4:\"2442\";s:4:\"sort\";s:2:\"4a\";s:8:\"language\";s:2:\"es\";s:4:\"page\";s:1:\"7\";s:6:\"action\";s:7:\"buy_now\";}s:4:\"post\";a:0:{}}i:1;a:4:{s:4:\"page\";s:17:\"shopping_cart.php\";s:4:\"mode\";s:6:\"NONSSL\";s:3:\"get\";a:4:{s:6:\"osCsid\";s:32:\"265afa5977ddecc58d816e3e0b0e37bf\";s:4:\"sort\";s:2:\"4a\";s:8:\"language\";s:2:\"es\";s:4:\"page\";s:1:\"7\";}s:4:\"post\";a:0:{}}}s:8:\"snapshot\";a:0:{}}affiliate_ref|N;affiliate_clickthroughs_id|N;'),('157ebecf9f9f498c3eed049f89c49540',1533705846,'cart|O:12:\"shoppingCart\":5:{s:8:\"contents\";a:0:{}s:5:\"total\";i:0;s:6:\"weight\";i:0;s:12:\"content_type\";b:0;s:9:\"shiptotal\";i:0;}language|s:7:\"english\";languages_id|s:1:\"1\";currency|s:3:\"USD\";navigation|O:17:\"navigationHistory\":2:{s:4:\"path\";a:1:{i:0;a:4:{s:4:\"page\";s:9:\"index.php\";s:4:\"mode\";s:6:\"NONSSL\";s:3:\"get\";a:3:{s:11:\"products_id\";s:3:\"327\";s:4:\"sort\";s:2:\"4a\";s:4:\"page\";s:2:\"10\";}s:4:\"post\";a:0:{}}}s:8:\"snapshot\";a:0:{}}affiliate_ref|N;affiliate_clickthroughs_id|N;'),('ead498a182194f348b9799c9fbee87a2',1533705858,'cart|O:12:\"shoppingCart\":5:{s:8:\"contents\";a:0:{}s:5:\"total\";i:0;s:6:\"weight\";i:0;s:12:\"content_type\";b:0;s:9:\"shiptotal\";i:0;}language|s:7:\"espanol\";languages_id|s:1:\"3\";currency|s:3:\"USD\";navigation|O:17:\"navigationHistory\":2:{s:4:\"path\";a:1:{i:0;a:4:{s:4:\"page\";s:16:\"product_info.php\";s:4:\"mode\";s:6:\"NONSSL\";s:3:\"get\";a:3:{s:4:\"name\";s:16:\"Flor Pensamiento\";s:11:\"products_id\";s:3:\"239\";s:8:\"language\";s:2:\"es\";}s:4:\"post\";a:0:{}}}s:8:\"snapshot\";a:0:{}}affiliate_ref|N;affiliate_clickthroughs_id|N;'),('c526da43a21fb077d7126ebe3631a0e1',1533706106,'cart|O:12:\"shoppingCart\":5:{s:8:\"contents\";a:0:{}s:5:\"total\";i:0;s:6:\"weight\";i:0;s:12:\"content_type\";b:0;s:9:\"shiptotal\";i:0;}language|s:7:\"english\";languages_id|s:1:\"1\";currency|s:3:\"USD\";navigation|O:17:\"navigationHistory\":2:{s:4:\"path\";a:1:{i:0;a:4:{s:4:\"page\";s:17:\"shopping_cart.php\";s:4:\"mode\";s:6:\"NONSSL\";s:3:\"get\";a:1:{s:8:\"language\";s:2:\"en\";}s:4:\"post\";a:0:{}}}s:8:\"snapshot\";a:0:{}}affiliate_ref|N;affiliate_clickthroughs_id|N;'),('cf83190a6b37d009f640d6c814e9e49a',1533705877,'cart|O:12:\"shoppingCart\":5:{s:8:\"contents\";a:0:{}s:5:\"total\";i:0;s:6:\"weight\";i:0;s:12:\"content_type\";b:0;s:9:\"shiptotal\";i:0;}language|s:7:\"english\";languages_id|s:1:\"1\";currency|s:3:\"USD\";navigation|O:17:\"navigationHistory\":2:{s:4:\"path\";a:1:{i:0;a:4:{s:4:\"page\";s:16:\"product_info.php\";s:4:\"mode\";s:6:\"NONSSL\";s:3:\"get\";a:2:{s:11:\"products_id\";s:4:\"2715\";s:6:\"action\";s:11:\"add_product\";}s:4:\"post\";a:0:{}}}s:8:\"snapshot\";a:0:{}}'),('1ba7137bce708b1d1428b3e3c4a5375a',1534131449,'language|s:7:\"english\";languages_id|s:1:\"1\";selected_box|s:13:\"configuration\";'),('872511cf1c46353eed80b3b956f8946f',1533706559,'cart|O:12:\"shoppingCart\":5:{s:8:\"contents\";a:0:{}s:5:\"total\";i:0;s:6:\"weight\";i:0;s:12:\"content_type\";b:0;s:9:\"shiptotal\";i:0;}language|s:7:\"english\";languages_id|s:1:\"1\";currency|s:3:\"USD\";navigation|O:17:\"navigationHistory\":2:{s:4:\"path\";a:1:{i:0;a:4:{s:4:\"page\";s:16:\"product_info.php\";s:4:\"mode\";s:6:\"NONSSL\";s:3:\"get\";a:2:{s:5:\"cPath\";s:6:\"223_78\";s:11:\"products_id\";s:4:\"2775\";}s:4:\"post\";a:0:{}}}s:8:\"snapshot\";a:0:{}}affiliate_ref|N;affiliate_clickthroughs_id|N;'),('3111b12b833b5dc2b57d18477da1e8f7',1533706560,'cart|O:12:\"shoppingCart\":5:{s:8:\"contents\";a:0:{}s:5:\"total\";i:0;s:6:\"weight\";i:0;s:12:\"content_type\";b:0;s:9:\"shiptotal\";i:0;}language|s:7:\"english\";languages_id|s:1:\"1\";currency|s:3:\"USD\";navigation|O:17:\"navigationHistory\":2:{s:4:\"path\";a:1:{i:0;a:4:{s:4:\"page\";s:25:\"product_reviews_write.php\";s:4:\"mode\";s:6:\"NONSSL\";s:3:\"get\";a:1:{s:11:\"products_id\";s:4:\"2888\";}s:4:\"post\";a:0:{}}}s:8:\"snapshot\";a:4:{s:4:\"page\";s:25:\"product_reviews_write.php\";s:4:\"mode\";s:6:\"NONSSL\";s:3:\"get\";a:1:{s:11:\"products_id\";s:4:\"2888\";}s:4:\"post\";a:0:{}}}affiliate_ref|N;affiliate_clickthroughs_id|N;'),('3e3a96aef5faa53e1a4d6ea7875c000a',1533706562,'cart|O:12:\"shoppingCart\":5:{s:8:\"contents\";a:0:{}s:5:\"total\";i:0;s:6:\"weight\";i:0;s:12:\"content_type\";b:0;s:9:\"shiptotal\";i:0;}language|s:7:\"english\";languages_id|s:1:\"1\";currency|s:3:\"USD\";navigation|O:17:\"navigationHistory\":2:{s:4:\"path\";a:1:{i:0;a:4:{s:4:\"page\";s:9:\"login.php\";s:4:\"mode\";s:3:\"SSL\";s:3:\"get\";a:0:{}s:4:\"post\";a:0:{}}}s:8:\"snapshot\";a:0:{}}affiliate_ref|N;affiliate_clickthroughs_id|N;'),('4e1893201c4add1d6036b2d65b738aea',1533706584,'cart|O:12:\"shoppingCart\":8:{s:8:\"contents\";a:1:{i:1795;a:1:{s:3:\"qty\";i:1;}}s:5:\"total\";d:10.9900000000000002131628207280300557613372802734375;s:6:\"weight\";d:0.190000000000000002220446049250313080847263336181640625;s:6:\"cartID\";s:5:\"86264\";s:12:\"content_type\";b:0;s:9:\"shiptotal\";d:0;s:13:\"total_virtual\";d:10.9900000000000002131628207280300557613372802734375;s:14:\"weight_virtual\";d:0.38000000000000000444089209850062616169452667236328125;}language|s:7:\"english\";languages_id|s:1:\"1\";currency|s:3:\"USD\";navigation|O:17:\"navigationHistory\":2:{s:4:\"path\";a:2:{i:0;a:4:{s:4:\"page\";s:9:\"index.php\";s:4:\"mode\";s:6:\"NONSSL\";s:3:\"get\";a:4:{s:11:\"products_id\";s:4:\"1795\";s:4:\"sort\";s:2:\"4a\";s:4:\"page\";s:1:\"7\";s:6:\"action\";s:7:\"buy_now\";}s:4:\"post\";a:0:{}}i:1;a:4:{s:4:\"page\";s:17:\"shopping_cart.php\";s:4:\"mode\";s:6:\"NONSSL\";s:3:\"get\";a:3:{s:6:\"osCsid\";s:32:\"4e1893201c4add1d6036b2d65b738aea\";s:4:\"sort\";s:2:\"4a\";s:4:\"page\";s:1:\"7\";}s:4:\"post\";a:0:{}}}s:8:\"snapshot\";a:0:{}}affiliate_ref|N;affiliate_clickthroughs_id|N;'),('88ce4280fa5c300d9e5ce6a032b512ea',1533705917,'cart|O:12:\"shoppingCart\":5:{s:8:\"contents\";a:0:{}s:5:\"total\";i:0;s:6:\"weight\";i:0;s:12:\"content_type\";b:0;s:9:\"shiptotal\";i:0;}language|s:7:\"espanol\";languages_id|s:1:\"3\";currency|s:3:\"USD\";navigation|O:17:\"navigationHistory\":2:{s:4:\"path\";a:1:{i:0;a:4:{s:4:\"page\";s:25:\"product_reviews_write.php\";s:4:\"mode\";s:6:\"NONSSL\";s:3:\"get\";a:2:{s:11:\"products_id\";s:4:\"2070\";s:8:\"language\";s:2:\"es\";}s:4:\"post\";a:0:{}}}s:8:\"snapshot\";a:4:{s:4:\"page\";s:25:\"product_reviews_write.php\";s:4:\"mode\";s:6:\"NONSSL\";s:3:\"get\";a:2:{s:11:\"products_id\";s:4:\"2070\";s:8:\"language\";s:2:\"es\";}s:4:\"post\";a:0:{}}}affiliate_ref|N;affiliate_clickthroughs_id|N;'),('8efcad794dd6916b463cc5db4c7a30c3',1533705917,'cart|O:12:\"shoppingCart\":5:{s:8:\"contents\";a:0:{}s:5:\"total\";i:0;s:6:\"weight\";i:0;s:12:\"content_type\";b:0;s:9:\"shiptotal\";i:0;}language|s:7:\"english\";languages_id|s:1:\"1\";currency|s:3:\"USD\";navigation|O:17:\"navigationHistory\":2:{s:4:\"path\";a:1:{i:0;a:4:{s:4:\"page\";s:26:\"advanced_search_result.php\";s:4:\"mode\";s:6:\"NONSSL\";s:3:\"get\";a:7:{s:8:\"keywords\";s:4:\"cake\";s:21:\"search_in_description\";s:1:\"1\";s:4:\"sort\";s:2:\"2a\";s:8:\"language\";s:2:\"en\";s:4:\"page\";s:2:\"50\";s:6:\"action\";s:7:\"buy_now\";s:11:\"products_id\";s:4:\"1503\";}s:4:\"post\";a:0:{}}}s:8:\"snapshot\";a:0:{}}'),('dc43d6c088fbb97256161f03ab55790d',1533705930,'cart|O:12:\"shoppingCart\":8:{s:8:\"contents\";a:1:{i:692;a:1:{s:3:\"qty\";i:1;}}s:5:\"total\";d:18.989999999999998436805981327779591083526611328125;s:6:\"weight\";d:0.0299999999999999988897769753748434595763683319091796875;s:6:\"cartID\";s:5:\"59995\";s:12:\"content_type\";b:0;s:9:\"shiptotal\";d:0;s:13:\"total_virtual\";d:18.989999999999998436805981327779591083526611328125;s:14:\"weight_virtual\";d:0.059999999999999997779553950749686919152736663818359375;}language|s:7:\"english\";languages_id|s:1:\"1\";currency|s:3:\"USD\";navigation|O:17:\"navigationHistory\":2:{s:4:\"path\";a:2:{i:0;a:4:{s:4:\"page\";s:9:\"index.php\";s:4:\"mode\";s:6:\"NONSSL\";s:3:\"get\";a:4:{s:11:\"products_id\";s:3:\"692\";s:4:\"sort\";s:2:\"4a\";s:4:\"page\";s:2:\"10\";s:6:\"action\";s:7:\"buy_now\";}s:4:\"post\";a:0:{}}i:1;a:4:{s:4:\"page\";s:17:\"shopping_cart.php\";s:4:\"mode\";s:6:\"NONSSL\";s:3:\"get\";a:3:{s:6:\"osCsid\";s:32:\"dc43d6c088fbb97256161f03ab55790d\";s:4:\"sort\";s:2:\"4a\";s:4:\"page\";s:2:\"10\";}s:4:\"post\";a:0:{}}}s:8:\"snapshot\";a:0:{}}affiliate_ref|N;affiliate_clickthroughs_id|N;'),('4753f1edf9dcd4f0f01c08e10da6cb35',1533705888,'cart|O:12:\"shoppingCart\":8:{s:8:\"contents\";a:1:{i:1054;a:1:{s:3:\"qty\";i:1;}}s:5:\"total\";d:5.9900000000000002131628207280300557613372802734375;s:6:\"weight\";d:0.1000000000000000055511151231257827021181583404541015625;s:6:\"cartID\";s:5:\"12649\";s:12:\"content_type\";b:0;s:9:\"shiptotal\";d:0;s:13:\"total_virtual\";d:5.9900000000000002131628207280300557613372802734375;s:14:\"weight_virtual\";d:0.200000000000000011102230246251565404236316680908203125;}language|s:7:\"english\";languages_id|s:1:\"1\";currency|s:3:\"USD\";navigation|O:17:\"navigationHistory\":2:{s:4:\"path\";a:2:{i:0;a:4:{s:4:\"page\";s:9:\"index.php\";s:4:\"mode\";s:6:\"NONSSL\";s:3:\"get\";a:4:{s:11:\"products_id\";s:4:\"1054\";s:4:\"sort\";s:2:\"4a\";s:4:\"page\";s:2:\"10\";s:6:\"action\";s:7:\"buy_now\";}s:4:\"post\";a:0:{}}i:1;a:4:{s:4:\"page\";s:17:\"shopping_cart.php\";s:4:\"mode\";s:6:\"NONSSL\";s:3:\"get\";a:3:{s:6:\"osCsid\";s:32:\"4753f1edf9dcd4f0f01c08e10da6cb35\";s:4:\"sort\";s:2:\"4a\";s:4:\"page\";s:2:\"10\";}s:4:\"post\";a:0:{}}}s:8:\"snapshot\";a:0:{}}affiliate_ref|N;affiliate_clickthroughs_id|N;'),('710b5c2cdee07a0847f3f98828b0c8bf',1533706576,'cart|O:12:\"shoppingCart\":6:{s:8:\"contents\";a:1:{i:2720;a:1:{s:3:\"qty\";i:1;}}s:5:\"total\";i:0;s:6:\"weight\";i:0;s:12:\"content_type\";b:0;s:9:\"shiptotal\";i:0;s:6:\"cartID\";s:5:\"02201\";}language|s:7:\"espanol\";languages_id|s:1:\"3\";currency|s:3:\"USD\";navigation|O:17:\"navigationHistory\":2:{s:4:\"path\";a:1:{i:0;a:4:{s:4:\"page\";s:9:\"index.php\";s:4:\"mode\";s:6:\"NONSSL\";s:3:\"get\";a:6:{s:5:\"cPath\";s:7:\"221_103\";s:4:\"sort\";s:2:\"4a\";s:4:\"page\";s:1:\"3\";s:8:\"language\";s:2:\"es\";s:6:\"action\";s:7:\"buy_now\";s:11:\"products_id\";s:4:\"2720\";}s:4:\"post\";a:0:{}}}s:8:\"snapshot\";a:0:{}}new_products_id_in_cart|s:4:\"2720\";'),('a653371517cb3cdb5da32369e4b275fd',1533706564,'cart|O:12:\"shoppingCart\":5:{s:8:\"contents\";a:0:{}s:5:\"total\";i:0;s:6:\"weight\";i:0;s:12:\"content_type\";b:0;s:9:\"shiptotal\";i:0;}language|s:7:\"english\";languages_id|s:1:\"1\";currency|s:3:\"USD\";navigation|O:17:\"navigationHistory\":2:{s:4:\"path\";a:1:{i:0;a:4:{s:4:\"page\";s:16:\"product_info.php\";s:4:\"mode\";s:6:\"NONSSL\";s:3:\"get\";a:2:{s:5:\"cPath\";s:11:\"222_235_244\";s:11:\"products_id\";s:4:\"1462\";}s:4:\"post\";a:0:{}}}s:8:\"snapshot\";a:0:{}}affiliate_ref|N;affiliate_clickthroughs_id|N;'),('f49f8f74d924024e3e6b4e18b2f02673',1533706595,'cart|O:12:\"shoppingCart\":8:{s:8:\"contents\";a:1:{i:282;a:1:{s:3:\"qty\";i:1;}}s:5:\"total\";d:8.9900000000000002131628207280300557613372802734375;s:6:\"weight\";d:0.13000000000000000444089209850062616169452667236328125;s:6:\"cartID\";s:5:\"96394\";s:12:\"content_type\";b:0;s:9:\"shiptotal\";d:0;s:13:\"total_virtual\";d:8.9900000000000002131628207280300557613372802734375;s:14:\"weight_virtual\";d:0.2600000000000000088817841970012523233890533447265625;}language|s:7:\"espanol\";languages_id|s:1:\"3\";currency|s:3:\"USD\";navigation|O:17:\"navigationHistory\":2:{s:4:\"path\";a:2:{i:0;a:4:{s:4:\"page\";s:9:\"index.php\";s:4:\"mode\";s:6:\"NONSSL\";s:3:\"get\";a:5:{s:11:\"products_id\";s:3:\"282\";s:4:\"sort\";s:2:\"4a\";s:4:\"page\";s:1:\"2\";s:8:\"language\";s:2:\"es\";s:6:\"action\";s:7:\"buy_now\";}s:4:\"post\";a:0:{}}i:1;a:4:{s:4:\"page\";s:17:\"shopping_cart.php\";s:4:\"mode\";s:6:\"NONSSL\";s:3:\"get\";a:4:{s:6:\"osCsid\";s:32:\"f49f8f74d924024e3e6b4e18b2f02673\";s:4:\"sort\";s:2:\"4a\";s:4:\"page\";s:1:\"2\";s:8:\"language\";s:2:\"es\";}s:4:\"post\";a:0:{}}}s:8:\"snapshot\";a:0:{}}affiliate_ref|N;affiliate_clickthroughs_id|N;'),('c94e3cdd01456453cba8bca593e6e26c',1533705889,'cart|O:12:\"shoppingCart\":5:{s:8:\"contents\";a:0:{}s:5:\"total\";i:0;s:6:\"weight\";i:0;s:12:\"content_type\";b:0;s:9:\"shiptotal\";i:0;}language|s:7:\"espanol\";languages_id|s:1:\"3\";currency|s:3:\"USD\";navigation|O:17:\"navigationHistory\":2:{s:4:\"path\";a:1:{i:0;a:4:{s:4:\"page\";s:9:\"index.php\";s:4:\"mode\";s:6:\"NONSSL\";s:3:\"get\";a:3:{s:5:\"cPath\";s:7:\"178_210\";s:4:\"sort\";s:2:\"4a\";s:8:\"language\";s:2:\"es\";}s:4:\"post\";a:0:{}}}s:8:\"snapshot\";a:0:{}}affiliate_ref|N;affiliate_clickthroughs_id|N;'),('1f106b364bb613be1452558cfb45345f',1533705883,'cart|O:12:\"shoppingCart\":8:{s:8:\"contents\";a:1:{i:697;a:1:{s:3:\"qty\";i:1;}}s:5:\"total\";d:8.9900000000000002131628207280300557613372802734375;s:6:\"weight\";d:0.13000000000000000444089209850062616169452667236328125;s:6:\"cartID\";s:5:\"31521\";s:12:\"content_type\";b:0;s:9:\"shiptotal\";d:0;s:13:\"total_virtual\";d:8.9900000000000002131628207280300557613372802734375;s:14:\"weight_virtual\";d:0.2600000000000000088817841970012523233890533447265625;}language|s:7:\"espanol\";languages_id|s:1:\"3\";currency|s:3:\"USD\";navigation|O:17:\"navigationHistory\":2:{s:4:\"path\";a:2:{i:0;a:4:{s:4:\"page\";s:9:\"index.php\";s:4:\"mode\";s:6:\"NONSSL\";s:3:\"get\";a:5:{s:11:\"products_id\";s:3:\"697\";s:4:\"sort\";s:2:\"4a\";s:8:\"language\";s:2:\"es\";s:4:\"page\";s:1:\"6\";s:6:\"action\";s:7:\"buy_now\";}s:4:\"post\";a:0:{}}i:1;a:4:{s:4:\"page\";s:17:\"shopping_cart.php\";s:4:\"mode\";s:6:\"NONSSL\";s:3:\"get\";a:4:{s:6:\"osCsid\";s:32:\"1f106b364bb613be1452558cfb45345f\";s:4:\"sort\";s:2:\"4a\";s:8:\"language\";s:2:\"es\";s:4:\"page\";s:1:\"6\";}s:4:\"post\";a:0:{}}}s:8:\"snapshot\";a:0:{}}affiliate_ref|N;affiliate_clickthroughs_id|N;');

--
-- Table structure for table `specials`
--

CREATE TABLE `specials` (
  `specials_id` int(11) NOT NULL AUTO_INCREMENT,
  `products_id` int(11) NOT NULL DEFAULT '0',
  `specials_new_products_price` decimal(15,4) NOT NULL DEFAULT '0.0000',
  `specials_date_added` datetime DEFAULT NULL,
  `specials_last_modified` datetime DEFAULT NULL,
  `expires_date` datetime DEFAULT NULL,
  `date_status_change` datetime DEFAULT NULL,
  `status` int(1) NOT NULL DEFAULT '1',
  `customers_group_id` int(11) NOT NULL DEFAULT '0',
  PRIMARY KEY (`specials_id`)
) ENGINE=MyISAM AUTO_INCREMENT=117 DEFAULT CHARSET=utf8 COLLATE=utf8_unicode_ci;

--
-- Dumping data for table `specials`
--

INSERT INTO `specials` VALUES (2,425,4.9900,'2005-07-21 16:20:02','2006-02-09 10:16:58',NULL,'2017-06-01 17:00:17',0,0),(3,426,0.9900,'2005-07-21 16:21:51',NULL,'2005-08-31 00:00:00','2005-08-31 00:09:12',0,0),(90,2062,2.9900,'2013-11-09 12:09:50','2017-06-01 17:01:25','0000-00-00 00:00:00',NULL,1,0),(89,2061,2.9900,'2013-11-09 12:09:14','2017-06-01 17:01:12','0000-00-00 00:00:00',NULL,1,0),(6,565,5.9900,'2005-08-15 17:01:53',NULL,NULL,'2007-10-29 14:12:12',0,0),(88,510,2.9900,'2013-11-07 19:11:58',NULL,'0000-00-00 00:00:00','2017-06-01 17:00:52',0,0),(8,576,5.9900,'2006-01-31 12:35:56','2013-11-07 11:40:27','0000-00-00 00:00:00',NULL,1,0),(9,513,2.4900,'2007-06-07 12:34:31','2007-06-07 12:46:39','2007-07-31 00:00:00','2007-07-31 00:00:30',0,0),(10,882,0.3500,'2007-08-27 14:23:37','2007-08-27 14:23:47',NULL,'2010-10-30 17:28:45',0,0),(11,883,0.4900,'2007-08-27 14:33:20',NULL,'0000-00-00 00:00:00','2008-02-23 17:46:27',0,0),(12,127,3.9900,'2007-08-27 15:00:26','2009-03-25 12:42:04',NULL,NULL,1,0),(13,126,1.9900,'2007-08-27 15:04:41',NULL,'2007-09-14 00:00:00','2007-09-14 00:00:10',0,0),(14,509,3.9900,'2007-08-27 15:06:33','2008-01-08 14:17:23',NULL,'2009-01-09 12:29:49',0,0),(15,1025,0.9900,'2008-01-04 18:34:43','2009-01-09 12:28:51','0000-00-00 00:00:00',NULL,1,0),(16,1023,0.9900,'2008-01-04 18:38:24','2009-01-09 12:28:39','0000-00-00 00:00:00',NULL,1,0),(17,1026,0.9900,'2008-01-04 18:40:46','2009-01-09 12:29:18','0000-00-00 00:00:00',NULL,1,0),(18,1024,0.9900,'2008-01-04 18:45:11','2009-01-09 12:29:10','0000-00-00 00:00:00',NULL,1,0),(19,110,1.9950,'2008-01-08 14:01:24',NULL,'0000-00-00 00:00:00','2008-01-08 14:02:11',0,0),(20,1029,0.9900,'2008-01-08 14:03:18','2009-01-09 12:24:57','0000-00-00 00:00:00','2010-10-30 17:29:14',0,0),(21,1028,5.9900,'2008-01-08 14:04:58','2013-11-07 19:25:02',NULL,NULL,1,0),(22,1034,2.9900,'2008-01-08 14:05:47',NULL,NULL,NULL,1,0),(23,1032,2.9900,'2008-01-08 14:06:38','2009-03-25 15:28:04','2009-05-16 00:00:00','2009-05-16 00:00:04',0,0),(24,1033,3.4900,'2008-01-08 14:07:29',NULL,'0000-00-00 00:00:00','2009-01-09 12:26:07',0,0),(25,1030,0.9900,'2008-01-08 14:08:16','2009-01-09 12:25:14','0000-00-00 00:00:00',NULL,1,0),(26,120,0.0000,'2008-01-08 14:11:08','2008-02-13 16:34:46','2008-02-13 00:00:00','2008-02-13 16:34:54',0,0),(27,1027,4.9900,'2008-01-09 12:14:01','2013-11-07 19:23:19',NULL,NULL,1,0),(28,501,3.9900,'2008-01-09 12:14:46',NULL,'0000-00-00 00:00:00','2008-02-23 17:40:44',0,0),(29,1031,0.9900,'2008-01-09 12:15:13','2009-01-09 12:24:22','0000-00-00 00:00:00','2009-12-17 19:51:20',0,0),(31,116,2.2500,'2008-01-15 16:25:30','2009-03-12 21:54:53','0000-00-00 00:00:00','2009-12-17 19:51:09',0,0),(32,115,2.2500,'2008-01-15 16:32:22',NULL,'0000-00-00 00:00:00','2009-12-17 19:51:01',0,0),(33,114,2.2500,'2008-01-15 16:42:14',NULL,'0000-00-00 00:00:00','2009-12-17 19:51:14',0,0),(34,113,2.2500,'2008-01-15 16:42:59',NULL,'0000-00-00 00:00:00','2010-10-30 17:29:00',0,0),(35,1037,2.9900,'2008-01-25 13:08:08',NULL,'0000-00-00 00:00:00','2008-09-01 10:50:48',0,0),(36,1066,0.9900,'2008-02-23 17:42:23','2009-01-09 12:29:30','0000-00-00 00:00:00',NULL,1,0),(37,1036,0.9900,'2008-08-25 09:28:57','2008-09-01 10:50:16','0000-00-00 00:00:00','2010-10-30 17:28:50',0,0),(38,1062,3.9900,'2008-08-25 09:33:03','2013-11-07 19:24:14',NULL,NULL,1,0),(39,1203,1.4900,'2008-09-01 10:52:36','2009-01-09 12:27:15','0000-00-00 00:00:00',NULL,1,0),(40,1202,1.9900,'2008-09-01 10:55:45','2009-01-09 12:27:53','0000-00-00 00:00:00',NULL,1,0),(41,1200,1.9900,'2008-09-01 10:56:14','2012-02-09 12:21:16',NULL,NULL,1,0),(42,1201,1.4900,'2008-09-01 10:57:36','2009-01-09 12:27:38','0000-00-00 00:00:00',NULL,1,0),(43,1229,1.4900,'2008-09-28 05:20:18','2009-01-09 12:27:00','0000-00-00 00:00:00',NULL,1,0),(44,1232,1.4900,'2008-09-28 05:48:39','2009-01-09 12:26:47',NULL,'2017-06-01 17:04:15',0,0),(45,1233,0.9900,'2008-09-28 05:49:18','2009-01-09 12:25:35','0000-00-00 00:00:00','2017-06-01 17:03:31',0,0),(46,1230,1.4900,'2008-09-28 05:49:45','2009-01-09 12:27:26','0000-00-00 00:00:00',NULL,1,0),(47,1231,0.9900,'2008-09-28 05:50:25','2009-01-09 12:29:00','0000-00-00 00:00:00',NULL,1,0),(49,845,7.9900,'2009-05-28 19:57:02','2013-01-18 16:13:16',NULL,NULL,1,0),(50,1175,1.7500,'2009-12-17 20:54:16',NULL,'0000-00-00 00:00:00','2010-10-27 13:20:16',0,0),(51,1042,3.9900,'2010-03-01 21:10:12','2017-06-01 17:02:33','0000-00-00 00:00:00',NULL,1,0),(52,1044,3.9900,'2010-03-01 21:10:58','2017-06-01 17:02:44','0000-00-00 00:00:00',NULL,1,0),(53,1045,3.9900,'2010-03-01 21:11:43',NULL,'0000-00-00 00:00:00','2010-10-27 13:17:03',0,0),(54,1046,4.9900,'2010-03-01 21:12:04',NULL,'0000-00-00 00:00:00','2010-10-27 13:17:14',0,0),(55,1048,3.9900,'2010-03-01 21:13:07',NULL,NULL,NULL,1,0),(56,1047,4.9900,'2010-03-01 21:14:02',NULL,NULL,NULL,1,0),(57,1041,3.9900,'2010-03-01 21:14:25','2017-06-01 17:03:00','0000-00-00 00:00:00',NULL,1,0),(58,1043,3.9900,'2010-03-01 21:14:48','2017-06-01 17:03:10','0000-00-00 00:00:00',NULL,1,0),(59,887,5.9900,'2010-10-28 15:42:59',NULL,'0000-00-00 00:00:00',NULL,1,0),(60,1111,4.9900,'2011-01-07 11:10:43',NULL,'0000-00-00 00:00:00',NULL,1,0),(61,1118,4.9900,'2011-01-07 11:11:35',NULL,'0000-00-00 00:00:00',NULL,1,0),(62,1112,4.9900,'2011-01-07 11:11:59',NULL,'0000-00-00 00:00:00',NULL,1,0),(63,1113,4.9900,'2011-01-07 11:14:02',NULL,'0000-00-00 00:00:00',NULL,1,0),(64,1110,4.9900,'2011-01-07 11:14:56',NULL,'0000-00-00 00:00:00',NULL,1,0),(65,1117,4.9900,'2011-01-07 11:15:18',NULL,'0000-00-00 00:00:00',NULL,1,0),(66,2042,0.0000,'2011-01-07 11:18:01',NULL,'0000-00-00 00:00:00','2011-01-07 11:19:02',0,0),(67,2146,0.0000,'2011-03-31 13:30:07',NULL,'0000-00-00 00:00:00','2011-03-31 13:35:47',0,0),(68,2236,1.9900,'2011-07-13 15:19:33',NULL,'0000-00-00 00:00:00',NULL,1,0),(69,2237,1.9900,'2011-07-13 15:20:32',NULL,'0000-00-00 00:00:00',NULL,1,0),(70,2284,0.0000,'2012-02-25 19:31:36',NULL,'0000-00-00 00:00:00',NULL,1,0),(71,393,1.9900,'2013-01-08 18:01:55',NULL,'0000-00-00 00:00:00','2013-02-14 15:48:31',0,0),(74,1357,6.9900,'2013-05-14 13:25:22',NULL,'0000-00-00 00:00:00',NULL,1,0),(75,1360,4.9900,'2013-05-14 13:26:31','2017-06-01 17:08:54','0000-00-00 00:00:00',NULL,1,0),(76,1359,4.9900,'2013-05-14 13:26:58','2017-06-01 17:09:04','0000-00-00 00:00:00',NULL,1,0),(77,408,3.9900,'2013-07-12 08:47:03','2013-07-12 08:49:15','0000-00-00 00:00:00','2017-06-01 17:02:06',0,0),(78,420,3.9900,'2013-07-12 09:00:42','2013-07-12 09:01:23','0000-00-00 00:00:00','2015-10-16 09:40:03',0,0),(79,1355,3.9900,'2013-07-12 09:12:55',NULL,'0000-00-00 00:00:00',NULL,1,0),(80,1356,4.9900,'2013-07-12 09:13:29',NULL,'0000-00-00 00:00:00',NULL,1,0),(81,456,5.9900,'2013-07-12 10:06:36',NULL,'0000-00-00 00:00:00',NULL,1,0),(82,207,5.9900,'2013-07-12 10:07:07',NULL,'0000-00-00 00:00:00',NULL,1,0),(83,208,5.9900,'2013-07-12 10:07:35',NULL,'0000-00-00 00:00:00',NULL,1,0),(84,209,5.9900,'2013-07-12 10:08:08',NULL,'0000-00-00 00:00:00',NULL,1,0),(85,206,5.9900,'2013-07-12 10:08:32',NULL,'0000-00-00 00:00:00',NULL,1,0),(86,118,5.9900,'2013-07-17 10:40:01',NULL,'0000-00-00 00:00:00',NULL,1,0),(87,117,5.9900,'2013-07-17 10:41:19',NULL,'0000-00-00 00:00:00',NULL,1,0),(94,2759,20.0000,'2014-10-04 13:52:40','2014-10-04 13:59:32','2014-10-15 00:00:00','2014-10-15 00:00:03',0,0),(95,2761,20.0000,'2014-10-04 13:53:12',NULL,'2014-10-15 00:00:00','2014-10-15 00:00:03',0,0),(96,2760,15.0000,'2014-10-04 13:54:15',NULL,'2014-10-15 00:00:00','2014-10-15 00:00:03',0,0),(97,2699,4.9900,'2014-10-04 14:02:11','2014-10-04 14:03:00','0000-00-00 00:00:00',NULL,1,0),(98,2700,4.9900,'2014-10-04 14:03:45',NULL,'0000-00-00 00:00:00',NULL,1,0),(99,2701,4.9900,'2014-10-04 14:05:02',NULL,'0000-00-00 00:00:00',NULL,1,0),(102,2787,28.0000,'2014-12-02 09:16:33','2014-12-02 09:20:44',NULL,NULL,1,0),(103,2380,3.9900,'2014-12-02 09:28:39',NULL,'0000-00-00 00:00:00',NULL,1,0),(104,1361,4.4900,'2017-01-24 14:02:50',NULL,'0000-00-00 00:00:00',NULL,1,0),(105,2792,0.0000,'2017-02-03 13:58:36',NULL,'0000-00-00 00:00:00','2017-02-03 13:59:31',0,0),(106,1461,3.9900,'2017-02-03 14:00:19','2017-06-01 17:00:31','0000-00-00 00:00:00',NULL,1,0),(107,430,3.9900,'2017-05-31 12:02:17',NULL,'0000-00-00 00:00:00',NULL,1,0),(108,436,3.9900,'2017-05-31 12:32:41',NULL,'0000-00-00 00:00:00',NULL,1,0),(109,433,3.9900,'2017-05-31 13:04:15',NULL,'0000-00-00 00:00:00',NULL,1,0),(110,655,3.9900,'2017-05-31 13:05:23',NULL,'0000-00-00 00:00:00',NULL,1,0),(111,2549,3.9900,'2017-05-31 14:10:11',NULL,'0000-00-00 00:00:00',NULL,1,0),(112,767,3.9900,'2017-05-31 14:30:27',NULL,'0000-00-00 00:00:00',NULL,1,0),(113,428,3.9900,'2017-06-01 13:49:41',NULL,'0000-00-00 00:00:00',NULL,1,0),(114,249,3.9900,'2017-06-01 15:17:00',NULL,'0000-00-00 00:00:00',NULL,1,0),(115,438,4.9900,'2017-06-01 16:45:02','2017-06-01 17:00:04','0000-00-00 00:00:00',NULL,1,0),(116,190,5.9900,'2017-06-01 16:46:38','2017-06-01 16:47:19','0000-00-00 00:00:00','2017-06-01 16:59:48',0,0);

--
-- Table structure for table `tax_class`
--

CREATE TABLE `tax_class` (
  `tax_class_id` int(11) NOT NULL AUTO_INCREMENT,
  `tax_class_title` varchar(32) CHARACTER SET latin1 NOT NULL DEFAULT '',
  `tax_class_description` varchar(255) CHARACTER SET latin1 NOT NULL DEFAULT '',
  `last_modified` datetime DEFAULT NULL,
  `date_added` datetime NOT NULL DEFAULT '0000-00-00 00:00:00',
  PRIMARY KEY (`tax_class_id`)
) ENGINE=MyISAM AUTO_INCREMENT=2 DEFAULT CHARSET=utf8 COLLATE=utf8_unicode_ci;

--
-- Dumping data for table `tax_class`
--

INSERT INTO `tax_class` VALUES (1,'Taxable Goods','The following types of products are included non-food, services, etc','2005-08-03 22:53:44','2003-07-17 10:29:23');

--
-- Table structure for table `tax_rates`
--

CREATE TABLE `tax_rates` (
  `tax_rates_id` int(11) NOT NULL AUTO_INCREMENT,
  `tax_zone_id` int(11) NOT NULL DEFAULT '0',
  `tax_class_id` int(11) NOT NULL DEFAULT '0',
  `tax_priority` int(5) DEFAULT '1',
  `tax_rate` decimal(7,4) NOT NULL DEFAULT '0.0000',
  `tax_description` varchar(255) CHARACTER SET latin1 NOT NULL DEFAULT '',
  `last_modified` datetime DEFAULT NULL,
  `date_added` datetime NOT NULL DEFAULT '0000-00-00 00:00:00',
  PRIMARY KEY (`tax_rates_id`)
) ENGINE=MyISAM AUTO_INCREMENT=2 DEFAULT CHARSET=utf8 COLLATE=utf8_unicode_ci;

--
-- Dumping data for table `tax_rates`
--

INSERT INTO `tax_rates` VALUES (1,1,1,0,7.0000,'Taxable Goods','2010-02-09 11:13:02','2005-08-01 09:55:25');

--
-- Table structure for table `whos_online`
--

CREATE TABLE `whos_online` (
  `customer_id` int(11) DEFAULT NULL,
  `full_name` varchar(64) CHARACTER SET latin1 NOT NULL DEFAULT '',
  `session_id` varchar(128) CHARACTER SET latin1 NOT NULL DEFAULT '',
  `ip_address` varchar(15) CHARACTER SET latin1 NOT NULL DEFAULT '',
  `time_entry` varchar(14) CHARACTER SET latin1 NOT NULL DEFAULT '',
  `time_last_click` varchar(14) CHARACTER SET latin1 NOT NULL DEFAULT '',
  `last_page_url` varchar(64) CHARACTER SET latin1 NOT NULL DEFAULT ''
) ENGINE=MyISAM DEFAULT CHARSET=utf8 COLLATE=utf8_unicode_ci;

--
-- Dumping data for table `whos_online`
--

INSERT INTO `whos_online` VALUES (0,'Guest','e5b1e0080e23706a24cb2c947d24fd10','46.229.168.81','1533705112','1533705112','/product_info.php/cPath/0_309_335/products_id/2569'),(0,'Guest','872511cf1c46353eed80b3b956f8946f','46.229.168.74','1533705119','1533705119','/product_info.php/cPath/223_78/products_id/2775'),(0,'Guest','997e47d3689486f6cec50dae8c4736bd','95.216.5.188','1533705017','1533705017','/shopping_cart.php/sort/4a/page/6?osCsid=997e47d3689486f6cec50da'),(0,'Guest','75af0dbac8aed8d9cc37fa3cc3e26b65','95.216.5.188','1533705270','1533705270','/shopping_cart.php/sort/4a/page/7?osCsid=75af0dbac8aed8d9cc37fa3'),(0,'Guest','a9be99e8ba0f59721c4e15bf415e2361','5.9.154.68','1533705028','1533705028','/shopping_cart.php/sort/4a/language/es/page/9?osCsid=a9be99e8ba0'),(0,'Guest','20c4bd388939152046c3cdeadde8d26e','54.236.1.12','1533705176','1533705176','/product_info.php/cPath/221_40_52/products_id/355?osCsid=20c4bd3'),(0,'Guest','8d8ab0e6bbe2338f5e3c655a29352fc1','5.9.154.68','1533705197','1533705197','/shopping_cart.php/sort/4a/page/3?osCsid=8d8ab0e6bbe2338f5e3c655'),(0,'Guest','ba975e5245c57eabf84ea5fc6a22ee6b','46.229.168.81','1533704725','1533704725','/index.php/cPath/0_188'),(0,'Guest','7a4349ef77ab9fec153fc2d9c73773f3','46.229.168.77','1533704780','1533704780','/shopping_cart.php'),(0,'Guest','9889abbf1494b9da79413452e2743d39','46.229.168.84','1533704723','1533704723','/shopping_cart.php'),(0,'Guest','2cd0bfc6ca05e33426d46b18f21d0a3b','5.9.154.68','1533704779','1533704779','/shopping_cart.php/sort/4a/language/es/page/8?osCsid=2cd0bfc6ca0'),(0,'Guest','a68cee60462bf1bb0f93f81564c84436','207.46.13.217','1533704749','1533705019','/contact_us.php?osCsid=a68cee60462bf1bb0f93f81564c84436'),(0,'Guest','9eff47cdd6353b6c8748f90b875a6863','5.9.154.68','1533704735','1533704735','/shopping_cart.php/sort/4a/language/es/page/8?osCsid=9eff47cdd63'),(0,'Guest','ba0f673fdd67c626e9f7554088fc5562','34.217.211.124','1533704775','1533704775','/'),(0,'Guest','e0b50a4a68331242c59d131b2c153005','46.229.168.80','1533705441','1533705441','/shopping_cart.php/sort/4a'),(0,'Guest','cd46e3f842fe4519d6a02edaf8058606','46.229.168.85','1533705430','1533705430','/login.php'),(0,'Guest','afd84979eb494c9bb6e23f463cf7ef0b','95.216.5.188','1533705442','1533705442','/shopping_cart.php/sort/4a/page/8?osCsid=afd84979eb494c9bb6e23f4'),(0,'Guest','ddba139e69e592aa240918231327f873','207.46.13.217','1533705499','1533705499','/product_info.php/manufacturers_id/1/products_id/2754'),(0,'Guest','331b3ec3341c56c6453d4e01b9931e7b','40.77.167.189','1533704689','1533705560','/shopping_cart.php?osCsid=331b3ec3341c56c6453d4e01b9931e7b'),(0,'Guest','cfbc263eac1f83c54d6c2cbdb48b0817','54.36.148.92','1533705600','1533705600','/privacy.php'),(0,'Guest','0d2453fb103fc9cec8a175f14cc46e2a','46.229.168.80','1533704708','1533704708','/product_info.php/products_id/133/language/en'),(0,'Guest','cfc0abe59621943a3d491ce7e84495dd','46.229.168.69','1533704948','1533704948','/shopping_cart.php'),(0,'Guest','324b0c3d203c6f80b79a5ff41faed6c3','40.77.167.189','1533703998','1533705348','/account.php?osCsid=324b0c3d203c6f80b79a5ff41faed6c3'),(0,'Guest','a70f0c36e3c0b7edd0b49d8645b5b8ca','5.9.154.68','1533704903','1533704903','/shopping_cart.php/sort/4a/language/es/page/9?osCsid=a70f0c36e3c'),(0,'Guest','7c05ed01904f0e51c0093d702d8d3a07','95.216.5.188','1533705186','1533705186','/shopping_cart.php/sort/4a/page/7?osCsid=7c05ed01904f0e51c0093d7'),(0,'Guest','6c01374d945512b6fd3254b2a5e00671','5.9.154.68','1533704987','1533704987','/shopping_cart.php/sort/4a/language/es/page/9?osCsid=6c01374d945'),(0,'Guest','390e4687144d441f71d98eb0ac7cac9d','54.36.148.42','1533704960','1533704960','/product_info.php/cPath/0_223_202/products_id/1729'),(0,'Guest','df3f551cb22c2de41552547d6a2e14c8','5.9.154.68','1533705281','1533705281','/shopping_cart.php/sort/4a/page/3/language/es?osCsid=df3f551cb22'),(0,'Guest','3753fc41c1bf2a852d8042bcc626b742','46.229.168.81','1533705279','1533705279','/shopping_cart.php/sort/4a/language/en/page/3'),(0,'Guest','fe81b7b8a22c1aae9d93ba373ec39c3e','46.229.168.83','1533705274','1533705274','/shopping_cart.php/language/en'),(0,'Guest','cfcb2328e3818c6e1c0fc9bb9693e87e','46.229.168.85','1533705080','1533705080','/product_info.php/products_id/519'),(0,'Guest','3e3a96aef5faa53e1a4d6ea7875c000a','46.229.168.79','1533705122','1533705122','/login.php'),(0,'Guest','a653371517cb3cdb5da32369e4b275fd','46.229.168.76','1533705123','1533705123','/product_info.php/cPath/222_235_244/products_id/1462'),(0,'Guest','e56ac1e63082e4b18a119a57616133be','5.9.154.68','1533705114','1533705114','/shopping_cart.php/sort/4a/page/1/language/en?osCsid=e56ac1e6308'),(0,'Guest','35a957e390414286032f0627240c79a8','54.36.149.43','1533705201','1533705201','/product_info.php/products_id/3063'),(0,'Guest','f5b78771cd5516f97711e229a5db69d9','95.216.5.188','1533705228','1533705228','/shopping_cart.php/sort/4a/page/7?osCsid=f5b78771cd5516f97711e22'),(0,'Guest','54e25cb8a2577e80a912c54a319e3b09','5.9.154.68','1533705239','1533705239','/shopping_cart.php/sort/4a/page/3/language/en?osCsid=54e25cb8a25'),(0,'Guest','65da6e7a6f3a6188d3eaf2c6d026c38b','46.229.168.67','1533705210','1533705210','/shopping_cart.php/sort/4a/page/7/language/en'),(0,'Guest','2b9745be609a7df87b88b455c332018a','46.229.168.83','1533705221','1533705221','/index.php/cPath/0_188'),(0,'Guest','56604dee414fece408b1d23d47fd9af6','46.229.168.79','1533705219','1533705219','/product_reviews_write.php/products_id/2901'),(0,'Guest','56f1956907d6427a095cb6227ea892d8','46.229.168.83','1533705223','1533705223','/login.php'),(0,'Guest','e10d7c4f7c9aaa0a06d10a745d53ef4f','106.250.34.36','1533705383','1533705383','/'),(0,'Guest','6daaf0f0eda6e3487e62d65ba3421afb','5.9.154.68','1533705406','1533705406','/shopping_cart.php/sort/4a/page/4/language/es?osCsid=6daaf0f0eda'),(0,'Guest','6a43a1557c846a9fb06ae6c2dbddd3d0','5.9.154.68','1533705448','1533705448','/shopping_cart.php/sort/4a/page/5?osCsid=6a43a1557c846a9fb06ae6c'),(0,'Guest','05ce3c2b80210d41275ceaa356db3c85','46.229.168.68','1533705429','1533705429','/product_reviews_write.php/products_id/2070/language/es'),(0,'Guest','1d8e03746400e42bd0e8f6e614dfdac8','46.229.168.67','1533705412','1533705412','/shopping_cart.php/sort/4a/page/3'),(0,'Guest','8c7133c400629851e92b64892a51bb99','46.229.168.77','1533705581','1533705581','/index.php/cPath/0_223_71'),(0,'Guest','9f25581598d8622c45217c352c6ee7ad','157.55.39.192','1533705589','1533705589','/account.php?osCsid=9f25581598d8622c45217c352c6ee7ad'),(0,'Guest','438d1b8ea13894fdafe25cd2834f544e','54.36.148.221','1533704870','1533704870','/product_info.php/cPath/150_372/products_id/1042/language/es'),(0,'Guest','f49f8f74d924024e3e6b4e18b2f02673','5.9.154.68','1533705155','1533705155','/shopping_cart.php/sort/4a/page/2/language/es?osCsid=f49f8f74d92'),(0,'Guest','3378d4e13476396dc0caf9db144b4021','46.229.168.80','1533705155','1533705155','/login.php'),(0,'Guest','ef494894760524faa794400459b32b4f','95.216.5.188','1533704765','1533704765','/shopping_cart.php/sort/4a/page/6?osCsid=ef494894760524faa794400'),(0,'Guest','8660c7c7f4568ff4146905f5ff413f8c','54.36.148.60','1533704780','1533704780','/product_info.php/name/Texture%20Rolling%20Pin%20%2338/products_'),(0,'Guest','f127ac3abc2c86db608e7cc974adf85d','5.9.154.68','1533704945','1533704945','/shopping_cart.php/sort/4a/language/es/page/9?osCsid=f127ac3abc2'),(0,'Guest','aebe71717ac98b4d33ca42c21cb3d103','5.9.154.68','1533704820','1533704820','/shopping_cart.php/sort/4a/language/es/page/8?osCsid=aebe71717ac'),(0,'Guest','f6e1ea6ce4dc786c90a511cfdab39679','94.177.252.145','1533705566','1533705566','/catalog_products_with_images.php?listing=price-desc&page=12\'A=0'),(0,'Guest','214c579dd03bdf1ceb26dba86d8025d8','95.216.5.188','1533705400','1533705400','/shopping_cart.php/sort/4a/page/7?osCsid=214c579dd03bdf1ceb26dba'),(0,'Guest','19295dfb824bed57089655095c66eb8b','95.216.5.188','1533704975','1533704975','/shopping_cart.php/sort/4a/page/6?osCsid=19295dfb824bed570896550'),(0,'Guest','2ad15c65aa15d6dc24156f920d877653','46.229.168.74','1533705144','1533705144','/product_reviews_write.php/products_id/2908/language/en'),(0,'Guest','2e07392b40fec042e38cb7a628a91271','54.36.148.70','1533704721','1533704721','/product_info.php/products_id/1005/language/en'),(0,'Guest','e3365b2ebd80d7dec697fd57fd4af7a1','95.216.5.188','1533704723','1533704723','/shopping_cart.php/sort/4a/page/6?osCsid=e3365b2ebd80d7dec697fd5'),(0,'Guest','2f1d90812bb0c529460fc0f335e576f6','95.216.5.188','1533704807','1533704807','/shopping_cart.php/sort/4a/page/6?osCsid=2f1d90812bb0c529460fc0f'),(0,'Guest','4f43b625d4d3756be742c273e068a760','46.229.168.78','1533704841','1533704841','/product_reviews.php/products_id/2920/language/es'),(0,'Guest','29a4e4e6dfd52975aa40b17ac1068429','95.216.5.188','1533704849','1533704849','/shopping_cart.php/sort/4a/page/6?osCsid=29a4e4e6dfd52975aa40b17'),(0,'Guest','b71c352e3dfe82a99d294f80d881fff3','5.9.154.68','1533704862','1533704862','/shopping_cart.php/sort/4a/language/es/page/8?osCsid=b71c352e3df'),(0,'Guest','4e1893201c4add1d6036b2d65b738aea','95.216.5.188','1533705143','1533705143','/shopping_cart.php/sort/4a/page/7?osCsid=4e1893201c4add1d6036b2d'),(0,'Guest','6197c1b7e5f511a842cc9869ad4ba173','95.216.5.188','1533704891','1533704891','/shopping_cart.php/sort/4a/page/6?osCsid=6197c1b7e5f511a842cc986'),(0,'Guest','6fcd4d7d6b69118b872212264724a36b','95.216.5.188','1533705355','1533705355','/shopping_cart.php/sort/4a/page/7?osCsid=6fcd4d7d6b69118b8722122'),(0,'Guest','a9b6fb293c821ce8eef805bc996fe1df','5.9.154.68','1533705323','1533705323','/shopping_cart.php/sort/4a/page/4/language/es?osCsid=a9b6fb293c8'),(0,'Guest','3b19f4be5f2aaad2739b4e9ad0d1ded0','5.9.154.68','1533705364','1533705364','/shopping_cart.php/sort/4a/page/4/language/es?osCsid=3b19f4be5f2'),(0,'Guest','2068601b665e6dfb5e0d9e0930bf39e0','40.77.167.99','1533705318','1533705318','/product_info.php/name/Flag%20banner%20mold/products_id/2914/lan'),(0,'Guest','3bb643399a4539139e49545574051039','95.216.5.188','1533705313','1533705313','/shopping_cart.php/sort/4a/page/7?osCsid=3bb643399a4539139e49545'),(0,'Guest','ac3692ca83c4d0994367845ac6a1b0a2','46.229.168.84','1533705384','1533705384','/shopping_cart.php'),(0,'Guest','fbf71631a60e8d921941b76ec2ae3551','46.229.168.69','1533705518','1533705518','/shopping_cart.php'),(0,'Guest','','94.130.237.172','1533528711','1533705602','/product_info.php/cPath/221_81_82/products_id/1438/language/en'),(0,'Guest','d6fa09685ecdc2048c8058cd69e80339','95.216.5.188','1533705530','1533705530','/shopping_cart.php/sort/4a/page/8?osCsid=d6fa09685ecdc2048c8058c'),(0,'Guest','b1f0e6f768cb181e1307267df0c9ae10','95.216.5.188','1533705101','1533705101','/shopping_cart.php/sort/4a/page/7?osCsid=b1f0e6f768cb181e1307267'),(0,'Guest','440de37d9a001d0fa4a775d8ecf05484','95.216.5.188','1533705060','1533705060','/shopping_cart.php/sort/4a/page/7?osCsid=440de37d9a001d0fa4a775d'),(0,'Guest','3111b12b833b5dc2b57d18477da1e8f7','46.229.168.71','1533705120','1533705120','/product_reviews_write.php/products_id/2888'),(0,'Guest','cf079f765cdc7aafbe1d363bfe3f5184','5.9.154.68','1533705072','1533705072','/shopping_cart.php/sort/4a/page/1?osCsid=cf079f765cdc7aafbe1d363'),(0,'Guest','c601f2b82e8b5d846ea8ec5f5de4d7c6','66.249.83.158','1533704774','1533704774','/'),(0,'Guest','70d4445fb9595d6470a43306397fa7dd','94.177.252.145','1533705551','1533705551','/catalog_products_with_images.php?listing=price-desc\'A=0&page=12'),(0,'Guest','8ccfa9222a8d08f79bf9259c67d83322','54.36.148.202','1533705510','1533705510','/product_info.php/name/Capia%20de%20Estrellitas/products_id/735/'),(0,'Guest','4792d0184da9ded5d76cba77eb7f32c5','54.36.148.99','1533705570','1533705570','/product_info.php/products_id/2387'),(0,'Guest','51823f28b8058fe135e5b68a2831c12f','5.9.154.68','1533705573','1533705573','/product_info.php/products_id/1199?osCsid=51823f28b8058fe135e5b6'),(0,'Guest','cede97519b8c8afd309a10b441f30129','5.9.154.68','1533705531','1533705531','/shopping_cart.php/sort/4a/page/5/language/en?osCsid=cede97519b8'),(0,'Guest','3a1586ef8400740cb0a82a953cd27525','95.216.5.188','1533705572','1533705572','/shopping_cart.php/sort/4a/page/8?osCsid=3a1586ef8400740cb0a82a9'),(0,'Guest','8fa483318c1092ab9cb87f0d76f4ebde','95.216.5.188','1533705486','1533705486','/shopping_cart.php/sort/4a/page/8?osCsid=8fa483318c1092ab9cb87f0'),(0,'Guest','3958a744da31f1f17d4e75c9a90f362a','5.9.154.68','1533705490','1533705490','/shopping_cart.php/sort/4a/page/5/language/en?osCsid=3958a744da3'),(0,'Guest','c132676cd9a700ba9e6b09362c7d0c9e','207.46.13.217','1533705470','1533705470','/index.php/cPath/277/language/es'),(0,'Guest','5fbcd061b19c653e0c708e5c1b741128','95.216.5.188','1533704933','1533704933','/shopping_cart.php/sort/4a/page/6?osCsid=5fbcd061b19c653e0c708e5'),(0,'Guest','35dce36b00925a0bd332e77e289d7e4f','54.36.148.69','1533704930','1533704930','/product_reviews.php/cPath/221_81_218/products_id/2615');

--
-- Table structure for table `zones`
--

CREATE TABLE `zones` (
  `zone_id` int(11) NOT NULL AUTO_INCREMENT,
  `zone_country_id` int(11) NOT NULL DEFAULT '0',
  `zone_code` varchar(32) CHARACTER SET latin1 NOT NULL DEFAULT '',
  `zone_name` varchar(32) CHARACTER SET latin1 NOT NULL DEFAULT '',
  PRIMARY KEY (`zone_id`)
) ENGINE=MyISAM AUTO_INCREMENT=182 DEFAULT CHARSET=utf8 COLLATE=utf8_unicode_ci;

--
-- Dumping data for table `zones`
--

INSERT INTO `zones` VALUES (1,223,'AL','Alabama'),(2,223,'AK','Alaska'),(3,223,'AS','American Samoa'),(4,223,'AZ','Arizona'),(5,223,'AR','Arkansas'),(6,223,'AF','Armed Forces Africa'),(7,223,'AA','Armed Forces Americas'),(8,223,'AC','Armed Forces Canada'),(9,223,'AE','Armed Forces Europe'),(10,223,'AM','Armed Forces Middle East'),(11,223,'AP','Armed Forces Pacific'),(12,223,'CA','California'),(13,223,'CO','Colorado'),(14,223,'CT','Connecticut'),(15,223,'DE','Delaware'),(16,223,'DC','District of Columbia'),(17,223,'FM','Federated States Of Micronesia'),(18,223,'FL','Florida'),(19,223,'GA','Georgia'),(20,223,'GU','Guam'),(21,223,'HI','Hawaii'),(22,223,'ID','Idaho'),(23,223,'IL','Illinois'),(24,223,'IN','Indiana'),(25,223,'IA','Iowa'),(26,223,'KS','Kansas'),(27,223,'KY','Kentucky'),(28,223,'LA','Louisiana'),(29,223,'ME','Maine'),(30,223,'MH','Marshall Islands'),(31,223,'MD','Maryland'),(32,223,'MA','Massachusetts'),(33,223,'MI','Michigan'),(34,223,'MN','Minnesota'),(35,223,'MS','Mississippi'),(36,223,'MO','Missouri'),(37,223,'MT','Montana'),(38,223,'NE','Nebraska'),(39,223,'NV','Nevada'),(40,223,'NH','New Hampshire'),(41,223,'NJ','New Jersey'),(42,223,'NM','New Mexico'),(43,223,'NY','New York'),(44,223,'NC','North Carolina'),(45,223,'ND','North Dakota'),(46,223,'MP','Northern Mariana Islands'),(47,223,'OH','Ohio'),(48,223,'OK','Oklahoma'),(49,223,'OR','Oregon'),(50,223,'PW','Palau'),(51,223,'PA','Pennsylvania'),(52,223,'PR','Puerto Rico'),(53,223,'RI','Rhode Island'),(54,223,'SC','South Carolina'),(55,223,'SD','South Dakota'),(56,223,'TN','Tennessee'),(57,223,'TX','Texas'),(58,223,'UT','Utah'),(59,223,'VT','Vermont'),(60,223,'VI','Virgin Islands'),(61,223,'VA','Virginia'),(62,223,'WA','Washington'),(63,223,'WV','West Virginia'),(64,223,'WI','Wisconsin'),(65,223,'WY','Wyoming'),(66,38,'AB','Alberta'),(67,38,'BC','British Columbia'),(68,38,'MB','Manitoba'),(69,38,'NF','Newfoundland'),(70,38,'NB','New Brunswick'),(71,38,'NS','Nova Scotia'),(72,38,'NT','Northwest Territories'),(73,38,'NU','Nunavut'),(74,38,'ON','Ontario'),(75,38,'PE','Prince Edward Island'),(76,38,'QC','Quebec'),(77,38,'SK','Saskatchewan'),(78,38,'YT','Yukon Territory'),(79,81,'NDS','Niedersachsen'),(80,81,'BAW','Baden-Württemberg'),(81,81,'BAY','Bayern'),(82,81,'BER','Berlin'),(83,81,'BRG','Brandenburg'),(84,81,'BRE','Bremen'),(85,81,'HAM','Hamburg'),(86,81,'HES','Hessen'),(87,81,'MEC','Mecklenburg-Vorpommern'),(88,81,'NRW','Nordrhein-Westfalen'),(89,81,'RHE','Rheinland-Pfalz'),(90,81,'SAR','Saarland'),(91,81,'SAS','Sachsen'),(92,81,'SAC','Sachsen-Anhalt'),(93,81,'SCN','Schleswig-Holstein'),(94,81,'THE','Thüringen'),(95,14,'WI','Wien'),(96,14,'NO','Niederösterreich'),(97,14,'OO','Oberösterreich'),(98,14,'SB','Salzburg'),(99,14,'KN','Kärnten'),(100,14,'ST','Steiermark'),(101,14,'TI','Tirol'),(102,14,'BL','Burgenland'),(103,14,'VB','Voralberg'),(104,204,'AG','Aargau'),(105,204,'AI','Appenzell Innerrhoden'),(106,204,'AR','Appenzell Ausserrhoden'),(107,204,'BE','Bern'),(108,204,'BL','Basel-Landschaft'),(109,204,'BS','Basel-Stadt'),(110,204,'FR','Freiburg'),(111,204,'GE','Genf'),(112,204,'GL','Glarus'),(113,204,'JU','Graubünden'),(114,204,'JU','Jura'),(115,204,'LU','Luzern'),(116,204,'NE','Neuenburg'),(117,204,'NW','Nidwalden'),(118,204,'OW','Obwalden'),(119,204,'SG','St. Gallen'),(120,204,'SH','Schaffhausen'),(121,204,'SO','Solothurn'),(122,204,'SZ','Schwyz'),(123,204,'TG','Thurgau'),(124,204,'TI','Tessin'),(125,204,'UR','Uri'),(126,204,'VD','Waadt'),(127,204,'VS','Wallis'),(128,204,'ZG','Zug'),(129,204,'ZH','Zürich'),(130,195,'A Coruña','A Coruña'),(131,195,'Alava','Alava'),(132,195,'Albacete','Albacete'),(133,195,'Alicante','Alicante'),(134,195,'Almeria','Almeria'),(135,195,'Asturias','Asturias'),(136,195,'Avila','Avila'),(137,195,'Badajoz','Badajoz'),(138,195,'Baleares','Baleares'),(139,195,'Barcelona','Barcelona'),(140,195,'Burgos','Burgos'),(141,195,'Caceres','Caceres'),(142,195,'Cadiz','Cadiz'),(143,195,'Cantabria','Cantabria'),(144,195,'Castellon','Castellon'),(145,195,'Ceuta','Ceuta'),(146,195,'Ciudad Real','Ciudad Real'),(147,195,'Cordoba','Cordoba'),(148,195,'Cuenca','Cuenca'),(149,195,'Girona','Girona'),(150,195,'Granada','Granada'),(151,195,'Guadalajara','Guadalajara'),(152,195,'Guipuzcoa','Guipuzcoa'),(153,195,'Huelva','Huelva'),(154,195,'Huesca','Huesca'),(155,195,'Jaen','Jaen'),(156,195,'La Rioja','La Rioja'),(157,195,'Las Palmas','Las Palmas'),(158,195,'Leon','Leon'),(159,195,'Lleida','Lleida'),(160,195,'Lugo','Lugo'),(161,195,'Madrid','Madrid'),(162,195,'Malaga','Malaga'),(163,195,'Melilla','Melilla'),(164,195,'Murcia','Murcia'),(165,195,'Navarra','Navarra'),(166,195,'Ourense','Ourense'),(167,195,'Palencia','Palencia'),(168,195,'Pontevedra','Pontevedra'),(169,195,'Salamanca','Salamanca'),(170,195,'Santa Cruz de Tenerife','Santa Cruz de Tenerife'),(171,195,'Segovia','Segovia'),(172,195,'Sevilla','Sevilla'),(173,195,'Soria','Soria'),(174,195,'Tarragona','Tarragona'),(175,195,'Teruel','Teruel'),(176,195,'Toledo','Toledo'),(177,195,'Valencia','Valencia'),(178,195,'Valladolid','Valladolid'),(179,195,'Vizcaya','Vizcaya'),(180,195,'Zamora','Zamora'),(181,195,'Zaragoza','Zaragoza');

--
-- Table structure for table `zones_to_geo_zones`
--

CREATE TABLE `zones_to_geo_zones` (
  `association_id` int(11) NOT NULL AUTO_INCREMENT,
  `zone_country_id` int(11) NOT NULL DEFAULT '0',
  `zone_id` int(11) DEFAULT NULL,
  `geo_zone_id` int(11) DEFAULT NULL,
  `last_modified` datetime DEFAULT NULL,
  `date_added` datetime NOT NULL DEFAULT '0000-00-00 00:00:00',
  PRIMARY KEY (`association_id`)
) ENGINE=MyISAM AUTO_INCREMENT=2 DEFAULT CHARSET=utf8 COLLATE=utf8_unicode_ci;

--
-- Dumping data for table `zones_to_geo_zones`
--

INSERT INTO `zones_to_geo_zones` VALUES (1,223,18,1,'2010-02-08 11:53:43','2005-08-26 09:36:45');


