--
-- Host: localhost    Database: blixstre_wbst1
-- ------------------------------------------------------


--
-- Current Database: `blixstre_wbst1`
--

CREATE DATABASE /*!32312 IF NOT EXISTS*/ `blixstre_wbst1` /*!40100 DEFAULT CHARACTER SET latin1 */;

USE `blixstre_wbst1`;

--
-- Table structure for table `branch_sites`
--

CREATE TABLE `branch_sites` (
  `branchName` varchar(20) NOT NULL DEFAULT '',
  `configFile` varchar(255) NOT NULL DEFAULT '',
  `IDhash` varchar(32) NOT NULL DEFAULT '',
  `branchDir` text NOT NULL,
  `branchHttp` varchar(255) NOT NULL DEFAULT ''
) ENGINE=MyISAM DEFAULT CHARSET=latin1;

--
-- Dumping data for table `branch_sites`
--


--
-- Table structure for table `cache`
--

CREATE TABLE `cache` (
  `mod_title` varchar(30) NOT NULL DEFAULT '',
  `id` varchar(32) NOT NULL DEFAULT '',
  `data` mediumtext NOT NULL,
  `ttl` int(11) NOT NULL DEFAULT '0',
  PRIMARY KEY (`mod_title`,`id`)
) ENGINE=MyISAM DEFAULT CHARSET=latin1;

--
-- Dumping data for table `cache`
--


--
-- Table structure for table `mod_announce`
--

CREATE TABLE `mod_announce` (
  `id` int(11) NOT NULL DEFAULT '0',
  `subject` text NOT NULL,
  `summary` text,
  `body` text,
  `image` text,
  `hits` int(11) NOT NULL DEFAULT '0',
  `approved` smallint(6) NOT NULL DEFAULT '0',
  `active` smallint(6) NOT NULL DEFAULT '1',
  `comments` smallint(6) NOT NULL DEFAULT '0',
  `anonymous` smallint(6) NOT NULL DEFAULT '0',
  `userCreated` varchar(20) NOT NULL DEFAULT '',
  `userUpdated` varchar(20) NOT NULL DEFAULT '',
  `dateCreated` datetime NOT NULL DEFAULT '0000-00-00 00:00:00',
  `dateUpdated` datetime NOT NULL DEFAULT '0000-00-00 00:00:00',
  `poston` datetime NOT NULL DEFAULT '0000-00-00 00:00:00',
  `expiration` datetime NOT NULL DEFAULT '0000-00-00 00:00:00',
  `sticky_id` int(11) NOT NULL DEFAULT '0',
  PRIMARY KEY (`id`)
) ENGINE=MyISAM DEFAULT CHARSET=latin1;

--
-- Dumping data for table `mod_announce`
--


--
-- Table structure for table `mod_announce_settings`
--

CREATE TABLE `mod_announce_settings` (
  `numHome` int(11) NOT NULL DEFAULT '20',
  `numPast` int(11) NOT NULL DEFAULT '10',
  `showCurrent` smallint(6) NOT NULL DEFAULT '1',
  `showPast` smallint(6) NOT NULL DEFAULT '1'
) ENGINE=MyISAM DEFAULT CHARSET=latin1;

--
-- Dumping data for table `mod_announce_settings`
--

INSERT INTO `mod_announce_settings` VALUES (20,10,1,1);

--
-- Table structure for table `mod_approval_jobs`
--

CREATE TABLE `mod_approval_jobs` (
  `id` int(11) NOT NULL DEFAULT '0',
  `mod_title` varchar(30) NOT NULL DEFAULT '',
  `mod_id` int(11) NOT NULL DEFAULT '0',
  `display` text NOT NULL,
  PRIMARY KEY (`id`)
) ENGINE=MyISAM DEFAULT CHARSET=latin1;

--
-- Dumping data for table `mod_approval_jobs`
--


--
-- Table structure for table `mod_blockmaker_data`
--

CREATE TABLE `mod_blockmaker_data` (
  `block_id` int(10) unsigned NOT NULL DEFAULT '0',
  `block_title` varchar(60) NOT NULL DEFAULT '',
  `block_content` text NOT NULL,
  `block_footer` varchar(60) NOT NULL DEFAULT '',
  `block_active` tinyint(1) NOT NULL DEFAULT '0',
  `block_updated` datetime NOT NULL DEFAULT '0000-00-00 00:00:00',
  `content_var` varchar(40) NOT NULL DEFAULT '',
  `allow_view` text NOT NULL,
  PRIMARY KEY (`block_id`)
) ENGINE=MyISAM DEFAULT CHARSET=latin1;

--
-- Dumping data for table `mod_blockmaker_data`
--


--
-- Table structure for table `mod_boost_version`
--

CREATE TABLE `mod_boost_version` (
  `mod_title` varchar(20) NOT NULL DEFAULT '',
  `version` varchar(20) NOT NULL DEFAULT '',
  `update_link` text,
  `branch_allow` smallint(6) NOT NULL DEFAULT '1',
  KEY `mod_title` (`mod_title`)
) ENGINE=MyISAM DEFAULT CHARSET=latin1;

--
-- Dumping data for table `mod_boost_version`
--

INSERT INTO `mod_boost_version` VALUES ('boost','1.6.1',NULL,1),('layout','1.10.0',NULL,1),('controlpanel','2.1.1',NULL,1),('search','2.2.4',NULL,1),('help','1.3.3',NULL,1),('language','1.3.3',NULL,1),('approval','2.1.4',NULL,1),('users','1.9.7',NULL,1),('security','1.2.6',NULL,1),('fatcat','2.1.7',NULL,1),('faq','1.0.9',NULL,1),('poll','1.3.5',NULL,1),('debug','1.1.1',NULL,1),('notes','1.7.1',NULL,1),('announce','2.2.4',NULL,1),('stats','0.1.9',NULL,1),('phatform','2.7.0',NULL,1),('linkman','2.0.3',NULL,1),('modmaker','1.3.1',NULL,1),('menuman','1.3.4',NULL,1),('documents','2.2.8',NULL,1),('calendar','3.8.4',NULL,1),('skeleton','1.0.2',NULL,1),('branch','1.6.9',NULL,0),('comments','2.1.3',NULL,1),('photoalbum','1.2.4',NULL,1),('pagemaster','2.1.9',NULL,1),('phpwsrssfeeds','0.4.2',NULL,1),('blockmaker','2.0.3',NULL,1),('phpwsbb','1.0.3',NULL,1),('core','0.10.1',NULL,1);

--
-- Table structure for table `mod_calendar_events`
--

CREATE TABLE `mod_calendar_events` (
  `id` int(11) NOT NULL DEFAULT '0',
  `title` varchar(100) NOT NULL DEFAULT '',
  `description` text,
  `startTime` int(11) NOT NULL DEFAULT '0',
  `endTime` int(11) NOT NULL DEFAULT '0',
  `startDate` int(11) NOT NULL DEFAULT '0',
  `endDate` int(11) NOT NULL DEFAULT '0',
  `eventType` varchar(8) NOT NULL DEFAULT '',
  `groups` text,
  `pmChoice` varchar(6) DEFAULT NULL,
  `pmID` int(11) NOT NULL DEFAULT '0',
  `template` varchar(100) NOT NULL DEFAULT '',
  `image` varchar(50) DEFAULT NULL,
  `active` smallint(6) NOT NULL DEFAULT '0',
  `endRepeat` int(11) NOT NULL DEFAULT '0',
  `repeatMode` varchar(10) DEFAULT NULL,
  `monthMode` varchar(5) DEFAULT NULL,
  `repeatWeekdays` varchar(13) DEFAULT NULL,
  `every` varchar(30) DEFAULT NULL,
  PRIMARY KEY (`id`)
) ENGINE=MyISAM DEFAULT CHARSET=latin1;

--
-- Dumping data for table `mod_calendar_events`
--

INSERT INTO `mod_calendar_events` VALUES (2,'God Squad Taping (EST)','INTERVIEW CONFIRMATION	   DANIEL RODRIGUEZ\r\n\r\nWITH:				REVEREND THOMAS HARTMAN\r\n					RABBI MARC GELLMAN\r\n\r\nSHOW:				GOD SQUAD\r\n\r\nMEDIA:				TELEVISION  **TAPED** \r\n						\r\nDATE:				THURSDAY, SEPTEMBER 22\r\nAIR DATE:				TBA – Page 2 = Stations\r\n\r\nCALL TIME:			 11:15 AM Eastern Time \r\nTAPE TIME:			 11:30 AM – 12:30 PM Eastern Time\r\n					 \r\nWHERE:				Telecare\r\n					1200 Glenn Curtiss Blvd\r\n					Uniondale, NY  11553\r\n					516-538-8704 xt. 122 (Mike Geoghan)\r\n\r\nATTIRE:				Slacks, shirt and jacket		\r\nTOPIC:				Faith and your music.\r\nYou will sing to track from “In the Presenceâ€; “Ave Mariaâ€ and “Amazing Graceâ€ and possibly a third.\r\n\r\nContacts:  Daniel Rodriguez’s cell: 646-773-4130\r\nMike Geoghan, 516-538-8704 xt. 122\r\nCynthia Snyder, 818-769-0100 - Cell: 213-361-9810\r\n\r\n\r\n“God Squadâ€ is seen in Nassau and Suffolk counties on Long Island.\r\nTelecare TV29 has a live-streaming video at www.telecaretv.org\r\nSeen by 12 million people in the New York/New Jersey/Connecticut \r\nTri-state on WLNY-TV55\r\n\r\nAfter it has run exclusively in NY-NJ-CT for 6 months it is sent to Diocesan TV stations across the country.\r\n\r\n\r\n',1115,1230,20050922,20050922,'interval',NULL,NULL,0,'default.tpl',NULL,1,0,NULL,NULL,NULL,NULL),(3,'BET: Bobby Jones Gospel Show (EST)','Please find below the air dates for Daniel\'s performance on the Bobby Jones Gospel Show on BET:\r\nBobby Jones Gospel   airs Sundays @ 9:00am EST and re-airs @ 12:00pm EST\r\n \r\nDANIEL\'S AIR DATE\r\nDecember 4th, 2005\r\n \r\nRE-AIR DATES\r\nMarch 19th, 2006\r\nJune 25th, 2006\r\nSept 24th, 2006\r\n \r\nRe-air dates and times are subject to change.  \r\n \r\nVery Exciting!\r\n',900,900,20051204,20051204,'start',NULL,NULL,0,'default.tpl',NULL,1,0,NULL,NULL,NULL,NULL),(4,'BET: Bobby Jones Gospel Show (EST)','Please find below the air dates for Daniel\'s performance on the Bobby Jones Gospel Show on BET:\r\nBobby Jones Gospel   airs Sundays @ 9:00am EST and re-airs @ 12:00pm EST\r\n \r\nDANIEL\'S AIR DATE\r\nDecember 4th, 2005\r\n \r\nRE-AIR DATES\r\nMarch 19th, 2006\r\nJune 25th, 2006\r\nSept 24th, 2006\r\n \r\nRe-air dates and times are subject to change.  \r\n \r\nVery Exciting!\r\n',1200,1200,20051204,20051204,'start',NULL,NULL,0,'default.tpl',NULL,1,0,NULL,NULL,NULL,NULL),(5,'BET: Bobby Jones Gospel Show (EST)','Please find below the air dates for Daniel\'s performance on the Bobby Jones Gospel Show on BET:\r\nBobby Jones Gospel   airs Sundays @ 9:00am EST and re-airs @ 12:00pm EST\r\n \r\nDANIEL\'S AIR DATE\r\nDecember 4th, 2005\r\n \r\nRE-AIR DATES\r\nMarch 19th, 2006\r\nJune 25th, 2006\r\nSept 24th, 2006\r\n \r\nRe-air dates and times are subject to change.  \r\n \r\nVery Exciting!\r\n',900,900,20060319,20060319,'start',NULL,NULL,0,'default.tpl',NULL,1,0,NULL,NULL,NULL,NULL),(6,'BET: Bobby Jones Gospel Show (EST)','Please find below the air dates for Daniel\'s performance on the Bobby Jones Gospel Show on BET:\r\nBobby Jones Gospel   airs Sundays @ 9:00am EST and re-airs @ 12:00pm EST\r\n \r\nDANIEL\'S AIR DATE\r\nDecember 4th, 2005\r\n \r\nRE-AIR DATES\r\nMarch 19th, 2006\r\nJune 25th, 2006\r\nSept 24th, 2006\r\n \r\nRe-air dates and times are subject to change.  \r\n \r\nVery Exciting!\r\n',1200,1200,20060319,20060319,'start',NULL,NULL,0,'default.tpl',NULL,1,0,NULL,NULL,NULL,NULL),(7,'Angels Game (PST)','INTERVIEW CONFIRMATION – ANGELS GAME\r\n						\r\nTO:					DANIEL RODRIGUEZ\r\n\r\nDATE:				TUESDAY, OCTOBER 4\r\n\r\nYOU WILL BE SINGING:	“Star Spangled Bannerâ€ a capella\r\n					You will lead the crowd in singing \r\n					 “Take Me Out to the Ballgameâ€ during 7th \r\n					 inning stretch to organ track. \r\n\r\nLOCATION:			Angel Stadium\r\n\r\nTake 5 Fwy south and exit at Katella.\r\nLeft on Katella.  A few miles to Douglas.\r\nTurn Right onto Douglas (across from the Arrowhead Pond)\r\nGo Left to the far Left Gate (tollbooth) you will be on parking list.\r\nPark at Annex Building. (3 story building attached to ballpark facing the Big A).  \r\nA Stage Manager will meet us in the lobby at 5:30 PM & will have our tickets.\r\n\r\n\r\n\r\nTIME:				 3:30 PM Arrival and Sound Check\r\n\r\nThey will host our dinner at the Diamond Club.\r\n\r\n					 5:00 PM Game Time\r\nATTIRE:				 Professional – NO JEANS\r\n					 \r\nCars and occupants:\r\n1.	Daniel Rodriguez and Terry Rindal\r\n2.	Cynthia Snyder and Dave Rideau\r\n\r\n\r\n\r\n\r\n\r\n\r\n\r\nGame broadcast at 5:00 PM Pacific Time on Fox (channel 11).\r\n\r\n\r\n\r\n\r\n\r\n\r\n\r\n\r\n\r\n\r\n\r\n\r\n\r\n\r\n\r\n\r\n\r\n\r\n\r\n\r\nCONTACT: Daniel Rodriguez’s cell: 646-773-4130\r\nPeter Bull, Angels 949 422-9437\r\nHeather Capizzi, Angels 714 940-2152\r\nTerry Rindal, Daniel’s agent, 310-991-0238\r\nCynthia Snyder, Office: 818-769-0100 - 24 hour live ans. service, \r\nCell: 213-361-9810\r\n',1530,1530,20051004,20051004,'start',NULL,NULL,0,'default.tpl',NULL,1,0,NULL,NULL,NULL,NULL),(8,'God Squad (EST)','We are all set to air the \"God Squad\" episode with Daniel on Wednesday, October 12th at 8AM on WLNY-TV55 in the Tri-State Area (check your local cable operator to see if they carry WLNY-TV55). It will also air that evening on Telecare TV-29 at 8PM and can be viewed at that time from anywhere in the world online at www.telecaretv.org. There will also be an encore airing on Telecare TV-29 (and the Internet) on Thursday, October 13th at 10AM. All times are E.S.T. \r\n \r\n        Thanks again for all your help and I hope to see you in January. A copy of the program will be sent to Cynthia\'s office after it airs.\r\n \r\nSincerely,\r\nMike Geoghan\r\nExecutive Producer, \"God Squad\"\r\nP: (516) 538-8700 xt. 122\r\nF: (516) 489-9701\r\n',800,800,20051012,20051012,'start',NULL,NULL,0,'default.tpl',NULL,1,0,NULL,NULL,NULL,NULL),(9,'God Squad (EST)','We are all set to air the \"God Squad\" episode with Daniel on Wednesday, October 12th at 8AM on WLNY-TV55 in the Tri-State Area (check your local cable operator to see if they carry WLNY-TV55). It will also air that evening on Telecare TV-29 at 8PM and can be viewed at that time from anywhere in the world online at www.telecaretv.org. There will also be an encore airing on Telecare TV-29 (and the Internet) on Thursday, October 13th at 10AM. All times are E.S.T. \r\n \r\n        Thanks again for all your help and I hope to see you in January. A copy of the program will be sent to Cynthia\'s office after it airs.\r\n \r\nSincerely,\r\nMike Geoghan\r\nExecutive Producer, \"God Squad\"\r\nP: (516) 538-8700 xt. 122\r\nF: (516) 489-9701\r\n',2000,2000,20051012,20051012,'start',NULL,NULL,0,'default.tpl',NULL,1,0,NULL,NULL,NULL,NULL),(10,'God Squad (EST)','We are all set to air the \"God Squad\" episode with Daniel on Wednesday, October 12th at 8AM on WLNY-TV55 in the Tri-State Area (check your local cable operator to see if they carry WLNY-TV55). It will also air that evening on Telecare TV-29 at 8PM and can be viewed at that time from anywhere in the world online at www.telecaretv.org. There will also be an encore airing on Telecare TV-29 (and the Internet) on Thursday, October 13th at 10AM. All times are E.S.T. \r\n \r\n        Thanks again for all your help and I hope to see you in January. A copy of the program will be sent to Cynthia\'s office after it airs.\r\n \r\nSincerely,\r\nMike Geoghan\r\nExecutive Producer, \"God Squad\"\r\nP: (516) 538-8700 xt. 122\r\nF: (516) 489-9701\r\n',1000,1000,20051013,20051013,'start',NULL,NULL,0,'default.tpl',NULL,1,0,NULL,NULL,NULL,NULL),(11,'Joe Franklin Shop Taping (EST)','INTERVIEW CONFIRMATION\r\n						\r\nTO:					DANIEL RODRIGUEZ\r\n\r\nWITH:			JOE FRANKLIN\r\n\r\nSHOW:		JOE FRANKLIN SHOW\r\n\r\nMEDIA:			 WOR RADIO\r\n						\r\nDATE:				THURSDAY, OCTOBER 20\r\n\r\nARRIVAL TIME:			2:00 PM EASTERN TIME\r\n\r\nINTERVIEW TIME:		2:45 PM EASTERN TIME **TAPED**\r\n\r\nLOCATION:VOICE WORKS - 212-541-6592\r\n					1780 Broadway – Room 804\r\n					(between  57th & 58th)\r\n\r\nAIR DATE:				TBA\r\n\r\nTOPIC:	“In the Presenceâ€ and Daniel in general.\r\n\r\nContacts:  Richie Ornstein, 516-697-5555, cell		\r\nDaniel Rodriguez’s cell: 646-773-4130, Voice Works: 212-541-6592\r\nCynthia Snyder, 818-769-0100 - 24 hour live ans. service, Cell: 213-361-9810\r\n',1400,1400,20051020,20051020,'start',NULL,NULL,0,'default.tpl',NULL,1,0,NULL,NULL,NULL,NULL),(12,'Overture Magazine Interview (EST)','INTERVIEW CONFIRMATION \r\nOVERTURE MAGAZINE\r\n\r\nWITH:		SARAH ACHENBACH\r\n\r\nPUBLICATION:			OVERTURE MAGAZINE\r\n					BALTIMORE SYMPHONY\r\n\r\nMEDIA:			PRINT\r\n						\r\nDATE:		FRIDAY, SEPTEMER 23\r\n\r\nTIME:		10:00 AM EASTERN TIME\r\n					 \r\nPUBLICATION DATE:FOR PROGRAM BOOK THAT WILL BE USED AT A SERIES OF SIX CONCERTS \r\n\r\n\r\n	\r\nTOPIC:	Your experience with the Holiday Spectacular last year and how excited you are about doing it again.\r\n\r\nContacts:  Daniel Rodriguez’s cell: 646-773-4130, Dori Armor, 410-783-8126, O\r\nCynthia Snyder, 818-769-0100 - Cell: 213-361-9810\r\n',1000,1000,20050923,20050923,'start',NULL,NULL,0,'default.tpl',NULL,1,0,NULL,NULL,NULL,NULL),(13,'Joey Reynolds Show (EST)','INTERVIEW CONFIRMATION \r\n\r\nTO:		DANIEL RODRIGUEZ\r\n\r\nWITH:		JOEY REYNOLDS\r\n\r\nRADIO:		JOEY REYNOLDS SHOW\r\n					\r\nDATE:	THURSDAY MORNING, OCTOBER 20\r\n				(Late Night Wednesday, October 19th)\r\n\r\nARRIVAL TIME:	1:45 AM Eastern Time\r\n\r\nTIME:	2:00AM Eastern Time   **LIVE**\r\n\r\nLOCATION: WOR Studios – Trinity Centre\r\n					111 Broadway – 3rd Floor\r\nChurchy-looking building on West side of Broadway between Thames and Cedar Streets, adjacent to the Northern end of Trinity Church Graveyard & opposite 120 Broadway.  American Express office on first floor.\r\n\r\nThe WALL STREET EXIT of the 4 & 5 trains is right in front of the church. \r\nIf driving, take the West Side Highway and turn east at Chambers St and continue going east until you reach Broadway. Make a right turn on Broadway and go south. The Building is between Pine and Cedar on the West Side of Broadway. There is free on-street parking across the street on Broadway usually.\r\n\r\nTOPIC:	You and your career in general.\r\n\r\nCONTACT:  Jenna Strollo, producer, 212-528-0850\r\nCynthia Snyder, Ofc: 818-769-0100 24 hour LIVE Ans. Svc. Cell: 213-361-9810\r\n',145,145,20051020,20051020,'start',NULL,NULL,0,'default.tpl',NULL,1,0,NULL,NULL,NULL,NULL);

--
-- Table structure for table `mod_calendar_events_seq`
--

CREATE TABLE `mod_calendar_events_seq` (
  `id` int(10) unsigned NOT NULL AUTO_INCREMENT,
  PRIMARY KEY (`id`)
) ENGINE=MyISAM AUTO_INCREMENT=14 DEFAULT CHARSET=latin1;

--
-- Dumping data for table `mod_calendar_events_seq`
--

INSERT INTO `mod_calendar_events_seq` VALUES (13);

--
-- Table structure for table `mod_calendar_repeats`
--

CREATE TABLE `mod_calendar_repeats` (
  `id` int(11) NOT NULL DEFAULT '0',
  `startDate` int(11) NOT NULL DEFAULT '0',
  `endDate` int(11) NOT NULL DEFAULT '0',
  `active` smallint(6) NOT NULL DEFAULT '1',
  KEY `id` (`id`)
) ENGINE=MyISAM DEFAULT CHARSET=latin1;

--
-- Dumping data for table `mod_calendar_repeats`
--


--
-- Table structure for table `mod_calendar_settings`
--

CREATE TABLE `mod_calendar_settings` (
  `cacheView` smallint(6) NOT NULL DEFAULT '1',
  `minimonth` smallint(6) NOT NULL DEFAULT '1',
  `today` smallint(6) NOT NULL DEFAULT '1',
  `daysAhead` smallint(6) NOT NULL DEFAULT '4',
  `userSubmit` smallint(6) NOT NULL DEFAULT '1',
  `search_past` smallint(6) NOT NULL DEFAULT '1',
  `sessionView` smallint(6) NOT NULL DEFAULT '1',
  `restrict_view` smallint(6) NOT NULL DEFAULT '0'
) ENGINE=MyISAM DEFAULT CHARSET=latin1;

--
-- Dumping data for table `mod_calendar_settings`
--

INSERT INTO `mod_calendar_settings` VALUES (1,1,0,4,1,1,1,0);

--
-- Table structure for table `mod_comments_cfg`
--

CREATE TABLE `mod_comments_cfg` (
  `listView` smallint(6) NOT NULL DEFAULT '0',
  `listOrder` varchar(20) NOT NULL DEFAULT '',
  `maxSize` int(11) NOT NULL DEFAULT '0',
  `maxIp` int(11) NOT NULL DEFAULT '0'
) ENGINE=MyISAM DEFAULT CHARSET=latin1;

--
-- Dumping data for table `mod_comments_cfg`
--

INSERT INTO `mod_comments_cfg` VALUES (0,'ASC',0,0);

--
-- Table structure for table `mod_comments_data`
--

CREATE TABLE `mod_comments_data` (
  `cid` int(11) NOT NULL DEFAULT '0',
  `pid` int(11) DEFAULT NULL,
  `module` varchar(80) NOT NULL DEFAULT '',
  `itemId` int(11) NOT NULL DEFAULT '0',
  `subject` varchar(120) NOT NULL DEFAULT '',
  `comment` text NOT NULL,
  `author` varchar(60) NOT NULL DEFAULT '',
  `authorIp` varchar(60) NOT NULL DEFAULT '',
  `postDate` datetime NOT NULL DEFAULT '0000-00-00 00:00:00',
  `editor` varchar(60) NOT NULL DEFAULT '',
  `editReason` text NOT NULL,
  `editDate` datetime NOT NULL DEFAULT '0000-00-00 00:00:00',
  `score` smallint(6) NOT NULL DEFAULT '0',
  `anonymous` smallint(6) NOT NULL DEFAULT '0',
  PRIMARY KEY (`cid`)
) ENGINE=MyISAM DEFAULT CHARSET=latin1;

--
-- Dumping data for table `mod_comments_data`
--


--
-- Table structure for table `mod_comments_data_seq`
--

CREATE TABLE `mod_comments_data_seq` (
  `id` int(10) unsigned NOT NULL AUTO_INCREMENT,
  PRIMARY KEY (`id`)
) ENGINE=MyISAM AUTO_INCREMENT=11 DEFAULT CHARSET=latin1;

--
-- Dumping data for table `mod_comments_data_seq`
--

INSERT INTO `mod_comments_data_seq` VALUES (10);

--
-- Table structure for table `mod_controlpanel_link`
--

CREATE TABLE `mod_controlpanel_link` (
  `id` int(11) NOT NULL DEFAULT '0',
  `owner` varchar(20) DEFAULT '',
  `editor` varchar(20) DEFAULT '',
  `ip` text,
  `label` text NOT NULL,
  `groups` text,
  `created` int(11) NOT NULL DEFAULT '0',
  `updated` int(11) NOT NULL DEFAULT '0',
  `hidden` smallint(6) NOT NULL DEFAULT '0',
  `approved` smallint(6) NOT NULL DEFAULT '0',
  `tab` int(11) DEFAULT NULL,
  `module` text NOT NULL,
  `url` text NOT NULL,
  `description` text,
  `admin` smallint(6) NOT NULL DEFAULT '0',
  `image` text,
  PRIMARY KEY (`id`)
) ENGINE=MyISAM DEFAULT CHARSET=latin1;

--
-- Dumping data for table `mod_controlpanel_link`
--

INSERT INTO `mod_controlpanel_link` VALUES (1,'admin','admin','','Boost',NULL,0,0,0,1,4,'boost','index.php?module=boost&amp;boost_op=adminMenu','Interface for installing, uninstalling, and updating modules.',1,'a:4:{s:4:\"name\";s:9:\"boost.png\";s:3:\"alt\";s:21:\"Boost by Matt McNaney\";s:5:\"width\";i:48;s:6:\"height\";i:48;}'),(2,'admin','admin','','Layout Admin',NULL,0,0,0,1,4,'layout','index.php?module=layout&amp;lay_adm_op=admin','Lets you control the look and layout of your site.',1,'a:4:{s:4:\"name\";s:10:\"layout.png\";s:3:\"alt\";s:28:\"Layout Admin by Matt McNaney\";s:5:\"width\";i:48;s:6:\"height\";i:48;}'),(3,'admin','admin','','Change My View',NULL,0,0,0,1,1,'layout','index.php?module=layout&amp;layout_user=admin','Lets you pick a different theme to view the site.',0,'a:4:{s:4:\"name\";s:10:\"layout.png\";s:3:\"alt\";s:14:\"Change my View\";s:5:\"width\";i:48;s:6:\"height\";i:48;}'),(4,'admin','admin','','Search Settings',NULL,0,0,0,1,4,'search','index.php?module=search&amp;search_op=settings','Search settings allow you to turn on and off the search block for specific modules and change the title for those blocks.',1,'a:4:{s:4:\"name\";s:10:\"search.png\";s:3:\"alt\";s:6:\"Search\";s:5:\"width\";i:48;s:6:\"height\";i:48;}'),(5,'admin','admin','','Absolute Help',NULL,0,0,0,1,4,'help','index.php?module=help&amp;help_op=main_menu','The Help module allows you to manage help information shown in key areas on your site.',1,'a:4:{s:4:\"name\";s:8:\"help.png\";s:3:\"alt\";s:19:\"Author: Jeremy Agee\";s:5:\"width\";i:48;s:6:\"height\";i:48;}'),(6,'admin','admin','','Language Administrator',NULL,0,0,0,1,4,'language','index.php?module=language&amp;lng_adm_op=admin','Lets you administrate the language options for your site.',1,'a:4:{s:4:\"name\";s:12:\"language.png\";s:3:\"alt\";s:38:\"Language Administrator by Matt McNaney\";s:5:\"width\";i:48;s:6:\"height\";i:48;}'),(7,'admin','admin','','Set My Language',NULL,0,0,0,1,1,'language','index.php?module=language&amp;lng_usr_op=user_admin','Lets you pick the language to display the site in.',0,'a:4:{s:4:\"name\";s:12:\"language.png\";s:3:\"alt\";s:15:\"Set My Language\";s:5:\"width\";i:48;s:6:\"height\";i:48;}'),(8,'admin','admin','','Approval',NULL,0,0,0,1,4,'approval','index.php?module=approval&amp;approval_op=admin','Allows you to approve elements from different modules in one convenient place.',1,'a:4:{s:4:\"name\";s:11:\"approve.png\";s:3:\"alt\";s:24:\"Approval by Matt McNaney\";s:5:\"width\";i:48;s:6:\"height\";i:48;}'),(9,'admin','admin','','Users Administration',NULL,0,0,0,1,4,'users','index.php?module=users&amp;user_op=admin','Lets you create and edit users and groups.',1,'a:4:{s:4:\"name\";s:9:\"users.png\";s:3:\"alt\";s:36:\"Users Administration by Matt McNaney\";s:5:\"width\";i:48;s:6:\"height\";i:48;}'),(10,'admin','admin','','Change My Password',NULL,0,0,0,1,1,'users','index.php?module=users&amp;norm_user_op=user_options','Allows you to change your email address and password.',0,'a:4:{s:4:\"name\";s:12:\"password.png\";s:3:\"alt\";s:18:\"Change my Password\";s:5:\"width\";i:48;s:6:\"height\";i:48;}'),(11,'admin','admin','','Apache Settings',NULL,0,0,0,1,4,'security','index.php?module=security&amp;secure_op=admin_menu','Go here to manage access to your web site as well as create custom error pages.',1,'a:4:{s:4:\"name\";s:12:\"security.png\";s:3:\"alt\";s:19:\"Author: Jeremy Agee\";s:5:\"width\";i:48;s:6:\"height\";i:48;}'),(12,'admin','admin','','Fatcat Categorizer',NULL,0,0,0,1,3,'fatcat','index.php?module=fatcat&amp;fatcat[admin]=menu','Categorizes all of the information on your site.',1,'a:4:{s:4:\"name\";s:10:\"fatcat.png\";s:3:\"alt\";s:34:\"Fatcat Categorizer by Matt McNaney\";s:5:\"width\";i:48;s:6:\"height\";i:48;}'),(13,'admin','admin','','Frequently Asked Questions',NULL,0,0,0,1,3,'faq','index.php?module=faq&amp;FAQ_op=menu&amp;FAQ_op=viewFAQs','Provides an interface to manage a list of frequently asked questions.',1,'a:4:{s:4:\"name\";s:7:\"faq.png\";s:3:\"alt\";s:21:\"Author: Darren Greene\";s:5:\"width\";i:48;s:6:\"height\";i:48;}'),(14,'admin','admin','','Poll Manager',NULL,0,0,0,1,3,'poll','index.php?module=poll&amp;poll_op=list','Go here to create and edit your site\'s polls.',1,'a:4:{s:4:\"name\";s:8:\"poll.png\";s:3:\"alt\";s:16:\"Author: Feng Pan\";s:5:\"width\";i:48;s:6:\"height\";i:48;}'),(15,'admin','admin','','PhpWebSite Debugger',NULL,0,0,0,1,5,'debug','index.php?module=debug&amp;DBUG_op=admin_settings','PhpWebsite Debugger is a developer tool used for viewing session and request information.',1,'a:4:{s:4:\"name\";s:7:\"bug.png\";s:3:\"alt\";s:29:\"Debugger Author: Steven Levin\";s:5:\"width\";i:48;s:6:\"height\";i:48;}'),(16,'admin','admin','','Notes',NULL,0,0,0,1,2,'notes','index.php?module=notes&amp;NOTE_op=menu','Go here to send notes to other users on this site.',0,'a:4:{s:4:\"name\";s:9:\"notes.png\";s:3:\"alt\";s:19:\"Author: Adam Morton\";s:5:\"width\";i:48;s:6:\"height\";i:48;}'),(17,'admin','admin','','Multi-Send Notes',NULL,0,0,0,1,3,'notes','index.php?module=notes&amp;NOTE_op=adminMenu','Go here to send notes to groups or all of the users on this site.',1,'a:4:{s:4:\"name\";s:9:\"notes.png\";s:3:\"alt\";s:19:\"Author: Adam Morton\";s:5:\"width\";i:48;s:6:\"height\";i:48;}'),(18,'admin','admin','','Announcements',NULL,0,0,0,1,3,'announce','index.php?module=announce&amp;ANN_op=menu','Go here to post announcements to your home page about upcoming events or other helpful information.',1,'a:4:{s:4:\"name\";s:16:\"announcement.png\";s:3:\"alt\";s:19:\"Author: Adam Morton\";s:5:\"width\";i:48;s:6:\"height\";i:48;}'),(19,'admin','admin','','Stats',NULL,0,0,0,1,4,'stats','index.php?module=stats&amp;stats[stats]=view','Includes module statistics, admin counter block, and the ability to track user visits.',1,'a:4:{s:4:\"name\";s:9:\"stats.png\";s:3:\"alt\";s:28:\"Module Author: Darren Greene\";s:5:\"width\";i:48;s:6:\"height\";i:48;}'),(20,'admin','admin','','Form Generator',NULL,0,0,0,1,3,'phatform','index.php?module=phatform&amp;PHAT_MAN_OP=List','Go here to create online forms that can be viewed and filled out by your site visitors. Reports can be made on the data submitted.',1,'a:4:{s:4:\"name\";s:12:\"phatform.png\";s:3:\"alt\";s:36:\"Author: Steven Levin and Adam Morton\";s:5:\"width\";i:48;s:6:\"height\";i:48;}'),(21,'admin','admin','','Link Manager',NULL,0,0,0,1,3,'linkman','index.php?module=linkman&amp;LMN_op=adminMenuAction','The Link Manager allows you to add web links to specific categories for you site.',1,'a:4:{s:4:\"name\";s:11:\"linkman.png\";s:3:\"alt\";s:33:\"Link Manager Author: Steven Levin\";s:5:\"width\";i:48;s:6:\"height\";i:48;}'),(22,'admin','admin','','Module Maker',NULL,0,0,0,1,5,'modmaker','index.php?module=modmaker&amp;mod_op=mod_admin','Assists developers in the creation and editing of module settings.',1,'a:4:{s:4:\"name\";s:12:\"modmaker.png\";s:3:\"alt\";s:28:\"Module Maker by Matt McNaney\";s:5:\"width\";i:48;s:6:\"height\";i:48;}'),(23,'admin','admin','','Menu Manager',NULL,0,0,0,1,3,'menuman','index.php?module=menuman&amp;MMN_menuman_op=adminMenu','The Menu Manager allows you to add and create dynamic menus. Menus are used to link to stuff from your site and other sites.',1,'a:4:{s:4:\"name\";s:8:\"menu.png\";s:3:\"alt\";s:33:\"Menu Manager Author: Steven Levin\";s:5:\"width\";i:48;s:6:\"height\";i:48;}'),(24,'admin','admin','','Documents',NULL,0,0,0,1,3,'documents','index.php?module=documents&amp;JAS_DocumentManager_op=list','Documents allows you to manage documents which can have mutiple files associated with it.',1,'a:4:{s:4:\"name\";s:13:\"documents.png\";s:3:\"alt\";s:9:\"Documents\";s:5:\"width\";i:48;s:6:\"height\";i:48;}'),(25,'admin','admin','','Calendar',NULL,0,0,0,1,3,'calendar','index.php?module=calendar&amp;calendar[admin]=admin_menu','Event calendar for phpWebSite.',1,'a:4:{s:4:\"name\";s:12:\"calendar.png\";s:3:\"alt\";s:24:\"Calendar by Matt McNaney\";s:5:\"width\";i:48;s:6:\"height\";i:48;}'),(26,'admin','admin','','Skeleton Module',NULL,0,0,0,1,5,'skeleton','index.php?module=skeleton','This module is a skeleton module for use by developers when creating a new module.',1,'a:4:{s:4:\"name\";s:12:\"skeleton.jpg\";s:3:\"alt\";s:26:\"Module Author: Adam Morton\";s:5:\"width\";i:48;s:6:\"height\";i:48;}'),(27,'admin','admin','','Branch Creator',NULL,0,0,0,1,4,'branch','index.php?module=branch&amp;branch_op=firstPage','Creates branch sites off your hub code.',1,'a:4:{s:4:\"name\";s:10:\"branch.png\";s:3:\"alt\";s:22:\"Branch by Matt McNaney\";s:5:\"width\";i:48;s:6:\"height\";i:48;}'),(28,'admin','admin','','Manage Comment Threads',NULL,0,0,0,1,3,'comments','index.php?module=comments&amp;CM_op=adminMenu','The Comment Manager administration allows you to manage all of the comment threads on your site.',1,'a:4:{s:4:\"name\";s:12:\"comments.png\";s:3:\"alt\";s:29:\"Comments Author: Steven Levin\";s:5:\"width\";i:48;s:6:\"height\";i:48;}'),(29,'admin','admin','','Personal Comment Settings',NULL,0,0,0,1,1,'comments','index.php?module=comments&amp;CM_op=userSettings','Personal Comment settings allows you to set the default way you view comment threads on the site.',0,'a:4:{s:4:\"name\";s:12:\"comments.png\";s:3:\"alt\";s:29:\"Comments Author: Steven Levin\";s:5:\"width\";i:48;s:6:\"height\";i:48;}'),(30,'admin','admin','','Photo Albums',NULL,0,0,0,1,3,'photoalbum','index.php?module=photoalbum&amp;PHPWS_AlbumManager_op=list','The Photo Album allows you to manage sets of image galleries.',1,'a:4:{s:4:\"name\";s:9:\"photo.png\";s:3:\"alt\";s:33:\"Photo Albums Author: Steven Levin\";s:5:\"width\";i:48;s:6:\"height\";i:48;}'),(31,'admin','admin','','Web Pages',NULL,0,0,0,1,3,'pagemaster','index.php?module=pagemaster&amp;MASTER_op=main_menu','Go here to create and edit your site\'s web pages.',1,'a:4:{s:4:\"name\";s:14:\"pagemaster.png\";s:3:\"alt\";s:19:\"Author: Adam Morton\";s:5:\"width\";i:48;s:6:\"height\";i:48;}'),(32,'admin','admin','','RSS News Feeds',NULL,0,0,0,1,3,'phpwsrssfeeds','index.php?module=phpwsrssfeeds&amp;RSS_MAN_op=list','Link to and display RSS news feeds from other sites.',1,'a:4:{s:4:\"name\";s:7:\"rss.png\";s:3:\"alt\";s:30:\"RSS News Feeds by Wendall Cada\";s:5:\"width\";i:48;s:6:\"height\";i:52;}'),(33,'admin','admin','','Block Maker',NULL,0,0,0,1,3,'blockmaker','index.php?module=blockmaker&amp;BLK_block_op=block_menu','The Block Maker allows you to add basic blocks of content to your site.',1,'a:4:{s:4:\"name\";s:9:\"block.png\";s:3:\"alt\";s:32:\"Block Maker Author: Steven Levin\";s:5:\"width\";i:48;s:6:\"height\";i:48;}'),(34,'admin','admin','','Bulletin Board',NULL,0,0,0,1,3,'phpwsbb','index.php?module=phpwsbb&amp;PHPWSBB_MAN_OP=list','A bulletin board module.',0,'a:4:{s:4:\"name\";s:11:\"phpwsbb.png\";s:3:\"alt\";s:18:\"Author: Don Seiler\";s:5:\"width\";i:58;s:6:\"height\";i:48;}'),(35,'admin','admin','','Set My Bulletin Board Preferences',NULL,0,0,0,1,1,'phpwsbb','index.php?module=phpwsbb&amp;PHPWSBB_MAN_OP=usersettings','Allows you to set your bulletin board preferences.',0,'a:4:{s:4:\"name\";s:11:\"phpwsbb.png\";s:3:\"alt\";s:18:\"Author: Don Seiler\";s:5:\"width\";i:58;s:6:\"height\";i:48;}');

--
-- Table structure for table `mod_controlpanel_link_seq`
--

CREATE TABLE `mod_controlpanel_link_seq` (
  `id` int(10) unsigned NOT NULL AUTO_INCREMENT,
  PRIMARY KEY (`id`)
) ENGINE=MyISAM AUTO_INCREMENT=36 DEFAULT CHARSET=latin1;

--
-- Dumping data for table `mod_controlpanel_link_seq`
--

INSERT INTO `mod_controlpanel_link_seq` VALUES (35);

--
-- Table structure for table `mod_controlpanel_tab`
--

CREATE TABLE `mod_controlpanel_tab` (
  `id` int(11) NOT NULL DEFAULT '0',
  `owner` varchar(20) DEFAULT '',
  `editor` varchar(20) DEFAULT '',
  `ip` text,
  `label` text NOT NULL,
  `groups` text,
  `created` int(11) NOT NULL DEFAULT '0',
  `updated` int(11) NOT NULL DEFAULT '0',
  `hidden` smallint(6) NOT NULL DEFAULT '0',
  `approved` smallint(6) NOT NULL DEFAULT '0',
  `title` varchar(255) DEFAULT NULL,
  `grid` int(11) NOT NULL DEFAULT '0',
  `taborder` int(11) NOT NULL DEFAULT '0',
  PRIMARY KEY (`id`)
) ENGINE=MyISAM DEFAULT CHARSET=latin1;

--
-- Dumping data for table `mod_controlpanel_tab`
--

INSERT INTO `mod_controlpanel_tab` VALUES (1,'admin','admin','','my_settings',NULL,0,0,0,1,'My Settings',3,1),(2,'admin','admin','','my_modules',NULL,0,0,0,1,'My Modules',3,2),(3,'admin','admin','','content',NULL,0,0,0,1,'Site Content',3,3),(4,'admin','admin','','administration',NULL,0,0,0,1,'Administration',3,4),(5,'admin','admin','','developer',NULL,0,0,0,1,'Developer',3,5);

--
-- Table structure for table `mod_controlpanel_tab_seq`
--

CREATE TABLE `mod_controlpanel_tab_seq` (
  `id` int(10) unsigned NOT NULL AUTO_INCREMENT,
  PRIMARY KEY (`id`)
) ENGINE=MyISAM AUTO_INCREMENT=6 DEFAULT CHARSET=latin1;

--
-- Dumping data for table `mod_controlpanel_tab_seq`
--

INSERT INTO `mod_controlpanel_tab_seq` VALUES (5);

--
-- Table structure for table `mod_documents_docs`
--

CREATE TABLE `mod_documents_docs` (
  `id` int(10) NOT NULL DEFAULT '0',
  `owner` varchar(20) DEFAULT '',
  `editor` varchar(20) DEFAULT '',
  `ip` varchar(255) DEFAULT NULL,
  `created` int(11) NOT NULL DEFAULT '0',
  `updated` int(11) NOT NULL DEFAULT '0',
  `hidden` int(1) NOT NULL DEFAULT '1',
  `approved` int(1) NOT NULL DEFAULT '0',
  `label` varchar(255) NOT NULL DEFAULT '',
  `description` text,
  `full_text` text,
  PRIMARY KEY (`id`)
) ENGINE=MyISAM DEFAULT CHARSET=latin1;

--
-- Dumping data for table `mod_documents_docs`
--


--
-- Table structure for table `mod_documents_files`
--

CREATE TABLE `mod_documents_files` (
  `id` int(10) NOT NULL DEFAULT '0',
  `owner` varchar(20) DEFAULT '',
  `ip` varchar(255) DEFAULT NULL,
  `created` int(11) NOT NULL DEFAULT '0',
  `doc` int(10) NOT NULL DEFAULT '0',
  `name` varchar(255) NOT NULL DEFAULT '',
  `size` varchar(255) NOT NULL DEFAULT '',
  `type` varchar(255) NOT NULL DEFAULT '',
  PRIMARY KEY (`id`)
) ENGINE=MyISAM DEFAULT CHARSET=latin1;

--
-- Dumping data for table `mod_documents_files`
--


--
-- Table structure for table `mod_documents_settings`
--

CREATE TABLE `mod_documents_settings` (
  `userview` int(1) NOT NULL DEFAULT '0',
  `userdownload` int(1) NOT NULL DEFAULT '0',
  `showblock` int(1) NOT NULL DEFAULT '1',
  `approval` int(1) NOT NULL DEFAULT '1',
  KEY `userview` (`userview`,`userdownload`,`showblock`)
) ENGINE=MyISAM DEFAULT CHARSET=latin1;

--
-- Dumping data for table `mod_documents_settings`
--

INSERT INTO `mod_documents_settings` VALUES (1,1,0,0);

--
-- Table structure for table `mod_dyn_modules`
--

CREATE TABLE `mod_dyn_modules` (
  `reg_id` int(11) NOT NULL DEFAULT '0',
  `module_name` varchar(20) NOT NULL DEFAULT '',
  `table_name` varchar(50) NOT NULL DEFAULT '',
  `id_column` varchar(50) NOT NULL DEFAULT '',
  `data_columns` text NOT NULL,
  PRIMARY KEY (`reg_id`)
) ENGINE=MyISAM DEFAULT CHARSET=latin1;

--
-- Dumping data for table `mod_dyn_modules`
--

INSERT INTO `mod_dyn_modules` VALUES (1,'help','mod_help','help_id','label:content'),(2,'blockmaker','mod_blockmaker_data','block_id','block_title:block_content:block_footer');

--
-- Table structure for table `mod_dyn_modules_seq`
--

CREATE TABLE `mod_dyn_modules_seq` (
  `id` int(10) unsigned NOT NULL AUTO_INCREMENT,
  PRIMARY KEY (`id`)
) ENGINE=MyISAM AUTO_INCREMENT=3 DEFAULT CHARSET=latin1;

--
-- Dumping data for table `mod_dyn_modules_seq`
--

INSERT INTO `mod_dyn_modules_seq` VALUES (2);

--
-- Table structure for table `mod_faq_questions`
--

CREATE TABLE `mod_faq_questions` (
  `id` int(10) NOT NULL DEFAULT '0',
  `owner` varchar(20) DEFAULT NULL,
  `editor` varchar(20) DEFAULT NULL,
  `ip` text,
  `label` text,
  `groups` mediumtext,
  `created` int(11) DEFAULT NULL,
  `updated` int(11) DEFAULT NULL,
  `hidden` int(1) DEFAULT NULL,
  `approved` int(1) DEFAULT NULL,
  `answer` text,
  `hits` int(10) DEFAULT NULL,
  `numScores` int(10) DEFAULT NULL,
  `avgScore` double(3,2) DEFAULT NULL,
  `totalScores` int(10) DEFAULT NULL,
  `compScore` double(2,1) DEFAULT NULL,
  `contact` varchar(100) DEFAULT NULL,
  PRIMARY KEY (`id`)
) ENGINE=MyISAM DEFAULT CHARSET=latin1;

--
-- Dumping data for table `mod_faq_questions`
--


--
-- Table structure for table `mod_faq_settings`
--

CREATE TABLE `mod_faq_settings` (
  `anon` int(1) DEFAULT '1',
  `comments` int(1) DEFAULT '1',
  `suggestions` int(1) DEFAULT '1',
  `layout_view` int(1) DEFAULT '0',
  `use_bookmarks` int(1) DEFAULT '0',
  `score_text` text,
  `paging_limit` int(10) DEFAULT '5',
  `sorting_method` int(10) DEFAULT '0',
  `custom_top_bullet` char(3) DEFAULT NULL,
  `custom_sub_bullet` char(3) DEFAULT NULL,
  `default_bullets` int(1) DEFAULT '1',
  `cat_show_updated` int(1) DEFAULT '1',
  `cat_show_num_faqs` int(1) DEFAULT '1'
) ENGINE=MyISAM DEFAULT CHARSET=latin1;

--
-- Dumping data for table `mod_faq_settings`
--

INSERT INTO `mod_faq_settings` VALUES (1,1,1,0,0,'a:5:{s:6:\"Score5\";s:21:\"Exactly What I Needed\";s:6:\"Score4\";s:12:\"Very Helpful\";s:6:\"Score3\";s:7:\"Helpful\";s:6:\"Score2\";s:16:\"Somewhat Helpful\";s:6:\"Score1\";s:7:\"Useless\";}',5,0,NULL,NULL,1,1,1);

--
-- Table structure for table `mod_fatcat_categories`
--

CREATE TABLE `mod_fatcat_categories` (
  `cat_id` int(11) NOT NULL DEFAULT '0',
  `title` varchar(60) DEFAULT NULL,
  `description` text,
  `template` varchar(40) DEFAULT NULL,
  `image` text,
  `icon` text,
  `parent` int(11) NOT NULL DEFAULT '0',
  `children` text,
  PRIMARY KEY (`cat_id`)
) ENGINE=MyISAM DEFAULT CHARSET=latin1;

--
-- Dumping data for table `mod_fatcat_categories`
--

INSERT INTO `mod_fatcat_categories` VALUES (0,'Uncategorized',NULL,'default.tpl',NULL,NULL,0,NULL),(1,'TV','TV interviews or appearances.','default.tpl',NULL,NULL,0,NULL),(2,'Radio','Radio interviews.','default.tpl',NULL,NULL,0,NULL),(3,'Concert','','default.tpl',NULL,NULL,0,NULL),(4,'Live Appearance','','default.tpl',NULL,NULL,0,NULL),(5,'Magazine','','default.tpl',NULL,NULL,0,NULL),(6,'Newspaper','','default.tpl',NULL,NULL,0,NULL),(7,'Trade Show','','default.tpl',NULL,NULL,0,NULL),(8,'Corporate Event','','default.tpl',NULL,NULL,0,NULL),(9,'Sporting Event','','default.tpl',NULL,NULL,0,NULL),(10,'Church Service','','default.tpl',NULL,NULL,0,NULL),(11,'Advertising','','default.tpl',NULL,NULL,0,NULL),(12,'Online','','default.tpl',NULL,NULL,0,NULL);

--
-- Table structure for table `mod_fatcat_categories_seq`
--

CREATE TABLE `mod_fatcat_categories_seq` (
  `id` int(10) unsigned NOT NULL AUTO_INCREMENT,
  PRIMARY KEY (`id`)
) ENGINE=MyISAM AUTO_INCREMENT=13 DEFAULT CHARSET=latin1;

--
-- Dumping data for table `mod_fatcat_categories_seq`
--

INSERT INTO `mod_fatcat_categories_seq` VALUES (12);

--
-- Table structure for table `mod_fatcat_elements`
--

CREATE TABLE `mod_fatcat_elements` (
  `element_id` int(11) NOT NULL DEFAULT '0',
  `cat_id` int(11) NOT NULL DEFAULT '0',
  `title` varchar(80) DEFAULT NULL,
  `link` text,
  `module_id` int(11) NOT NULL DEFAULT '0',
  `module_title` varchar(60) DEFAULT NULL,
  `href` varchar(4) NOT NULL DEFAULT 'home',
  `rating` int(11) NOT NULL DEFAULT '50',
  `active` smallint(6) NOT NULL DEFAULT '0',
  `groups` text,
  `created` int(11) NOT NULL DEFAULT '0',
  PRIMARY KEY (`element_id`)
) ENGINE=MyISAM DEFAULT CHARSET=latin1;

--
-- Dumping data for table `mod_fatcat_elements`
--

INSERT INTO `mod_fatcat_elements` VALUES (9,0,'Schedule Changes','index.php?module=pagemaster&amp;PAGE_user_op=view_page&amp;PAGE_id=2',2,'pagemaster','home',50,1,NULL,20050914),(5,0,'Blix Street Events Calendar','index.php?module=pagemaster&amp;PAGE_user_op=view_page&amp;PAGE_id=1',1,'pagemaster','home',50,1,NULL,20050914),(26,1,'God Squad Taping (EST)','index.php?module=calendar&calendar[view]=event&id=2',2,'calendar','home',50,1,NULL,20050914),(19,1,'BET: Bobby Jones Gospel Show (EST)','index.php?module=calendar&calendar[view]=event&id=3',3,'calendar','home',50,1,NULL,20051006),(18,1,'BET: Bobby Jones Gospel Show (EST)','index.php?module=calendar&calendar[view]=event&id=4',4,'calendar','home',50,1,NULL,20051006),(24,1,'BET: Bobby Jones Gospel Show (EST)','index.php?module=calendar&calendar[view]=event&id=5',5,'calendar','home',50,1,NULL,20051006),(25,1,'BET: Bobby Jones Gospel Show (EST)','index.php?module=calendar&calendar[view]=event&id=6',6,'calendar','home',50,1,NULL,20051006),(27,9,'Angels Game (PST)','index.php?module=calendar&calendar[view]=event&id=7',7,'calendar','home',50,1,NULL,20051006),(28,1,'God Squad (EST)','index.php?module=calendar&calendar[view]=event&id=8',8,'calendar','home',50,1,NULL,20051006),(29,1,'God Squad (EST)','index.php?module=calendar&calendar[view]=event&id=9',9,'calendar','home',50,1,NULL,20051006),(30,1,'God Squad (EST)','index.php?module=calendar&calendar[view]=event&id=10',10,'calendar','home',50,1,NULL,20051006),(31,2,'Joe Franklin Shop Taping (EST)','index.php?module=calendar&calendar[view]=event&id=11',11,'calendar','home',50,1,NULL,20051006),(32,5,'Overture Magazine Interview (EST)','index.php?module=calendar&calendar[view]=event&id=12',12,'calendar','home',50,1,NULL,20051006),(33,1,'Joey Reynolds Show (EST)','index.php?module=calendar&calendar[view]=event&id=13',13,'calendar','home',50,1,NULL,20051007);

--
-- Table structure for table `mod_fatcat_elements_seq`
--

CREATE TABLE `mod_fatcat_elements_seq` (
  `id` int(10) unsigned NOT NULL AUTO_INCREMENT,
  PRIMARY KEY (`id`)
) ENGINE=MyISAM AUTO_INCREMENT=34 DEFAULT CHARSET=latin1;

--
-- Dumping data for table `mod_fatcat_elements_seq`
--

INSERT INTO `mod_fatcat_elements_seq` VALUES (33);

--
-- Table structure for table `mod_fatcat_settings`
--

CREATE TABLE `mod_fatcat_settings` (
  `relatedtext` text NOT NULL,
  `multipleGroup` smallint(6) NOT NULL DEFAULT '1',
  `defaultIcon` varchar(40) DEFAULT NULL,
  `relatedLimit` smallint(6) NOT NULL DEFAULT '0',
  `relatedEnabled` smallint(6) NOT NULL DEFAULT '1'
) ENGINE=MyISAM DEFAULT CHARSET=latin1;

--
-- Dumping data for table `mod_fatcat_settings`
--

INSERT INTO `mod_fatcat_settings` VALUES ('These might interest you as well',1,NULL,5,1);

--
-- Table structure for table `mod_help`
--

CREATE TABLE `mod_help` (
  `help_id` int(11) NOT NULL DEFAULT '0',
  `label` text,
  `content` text,
  `active` smallint(6) NOT NULL DEFAULT '0',
  `label_name_id` varchar(30) DEFAULT NULL,
  `reg_id` int(11) NOT NULL DEFAULT '0',
  PRIMARY KEY (`help_id`)
) ENGINE=MyISAM DEFAULT CHARSET=latin1;

--
-- Dumping data for table `mod_help`
--

INSERT INTO `mod_help` VALUES (1,'Approval','The Approval module helps you accept or reject submissions from your users.\n<ul>\n<li><b>Yes:</b> You accept the submission.</li>\n<li><b>No:</b> You do not accept the submission. Remove it from the system.</li>\n<li><b>Ignore:</b> You will make a decision on this item later.</li>\n</ul>\n\nIf you need more information than what is listed, click the \'View\' link.',1,'approval',1),(2,'Manage Logs','This section will allow you to view security logs from phpWebSite',1,'manage_logs',2),(3,'Manage Error Pages','This section allows you to set coustom error pages on an apache server.',1,'manage_errorpage',2),(4,'Manage Access','This section allows you to manage access to your site by ip or domain.',1,'manage_access',2),(5,'IP Add Example','Ex.(single) 192.168.0.1\n(multi) 192.168.0.\n(single) www.domain.com\n(full) .domain.com',1,'ip_add_ex',2),(6,'FatCat Administration Menu','\n<ul>\n<li>When creating a new category, it will be placed under the category chosen from the drop down box.</li>\n<li>If you want to create a major category (one at the top of the list) then pick &lt;Top Level&gt; from the drop down box.</li>\n</ul>\n',1,'fatcatAdmin',3),(7,'Where\'s the Image Box?','\nYou will need to create a image directory for FatCat.<br />\n<br />\nUnder the phpWebSite root directory, go to your <b>images</b> directory  and create\na directory name <b>fatcat</b>. Now make a directory under that one named <b>images</b>.<br />\nMake <b>sure</b> it is writable by the web server.\n',1,'fatcatNoImage',3),(8,'Uploading Images','\nImages appear on the category description page. If you do not use an image, it won\'t appear on that page.\n<ul>\n<li>If you wish to change to a different image, pick one of the pictures from the drop down box.</li>\n<li>An upload image will supercede the choice from the selection box.</li>\n<li>If you wish to not use an image for your category, choose \"None\" from the drop down box.</li>\n<li>To remove an image from the server completely, click on the \"Remove Image\" button.</li>\n</ul>',1,'catFormImage',3),(9,'Where\'s the Icon Box?','\nYou will need to create a icon directory for FatCat.<br />\n<br />\nUnder the phpWebSite root directory, go to your <b>images</b> directory  and create\na directory name <b>fatcat</b>. Now make a directory under that one named <b>icons</b>.<br />\nMake <b>sure</b> it is writable by the web server.\n',1,'fatcatNoIcon',3),(10,'Uploading Icons','\nIcons are called by other modules. The icon is a small image representive of your category.\nWhen a module asks for it, it will link to the category\'s description page. If you do not\nuse an icon, the name of the Category will be sent instead. Icons may not be larger than\n50 by 50 pixels.\n<ul>\n<li>If you wish to change to a different icon, pick one of the pictures from the drop down box.</li>\n<li>An upload icon will supercede the choice from the selection box.</li>\n<li>If you wish to not use an icon for your category, choose \"None\" from the drop down box.</li>\n<li>To remove an icon from the server completely, click on the \"Remove Icon\" button.</li>\n<li>Click on \"Create Icon from Image\" to create an icon from your image submission</li>\n</ul>',1,'catFormIcon',3),(11,'Default Icon','You may choose an icon to appear for categories that were not assigned one.\nIt would be best to make it fairly generic.',1,'fatcatDefIcon',3),(12,'What\'s Related Limit','When elements in a module share a category with other elements, often a <b>What\'s Related</b> box will show up these other items. Choose how many items you want to appear from each category.\n\nNote: Sticky items will appear no matter what limit you assign.',1,'relatedLimit',3),(13,'Keywords','Many search engines use keywords to index your web site.\nEnter your keywords in the text box separated by spaces or commas.',1,'keyword',4),(14,'Refresh Page','By setting this value, a user\'s browser will refresh to the web site specified. The mininium value of seconds must be over 10 seconds.<br />Don\'t set this value unless necessary.',1,'refresh',4),(15,'Description','Description is used by some search engines to index your page. Other engines also use this line to summarize your content. Keep it short and direct.',1,'description',4),(16,'Robots','\nRobot metatags direct search engines within your site (if they read the robot tag that is). Setting the metatag here will be the default value for EVERY PAGE served from your site. \nThe exception to this rule would be when a module developer sent a different robot meta tag to the layout object. This would be useful in say a calendar module where the links\ncould become infinite.<br />\nHere are the options:\n<ul>\n<li><b>all</b> - allows all of the files to be indexed</li>\n<li><b>none</b> - does not allow any file to be indexed, do not follow any hyperlinks</li>\n<li><b>index</b> - this page may be indexed</li>\n<li><b>noindex</b> - this page may not be indexed</li>\n<li><b>follow</b> - allows hyperlinks from this page to be followed</li>\n<li><b>nofollow</b> - no hyperlinks from this page may be followed</li>\n</ul>\n',1,'robots',4),(17,'Layout Settings','Layout controls the arrangement of your site.\n\n<b>Panel</b>\nThe floating panel at the top follows you until you close it.\n<ul>\n<li><b>Move Boxes:</b> Turning this option \'On\' will allow you to move sections of the page around. Click the up, down, left, and right arrows to move each box.</li>\n<li><b>Change Box Style:</b> Enabling this option lets you change each box to a different style. The available styles depend upon what box styles were included with your theme.</li>\n<li><b>Set Default Theme:</b> Changing this picks the default theme that users will see.</li>\n<li><b>Settings:</b> Clicking this brings you to the Settings page. (see below)</li>\n<li><b>Close Panel:</b> Closes this panel when you are finished making site adjustments.</li>\n</ul>\n\n<b>Settings</b>\n<ul>\n<li><b>Change Page Title:</b> Enter the title you want to appear at the top of the user\'s browser.</li>\n<li><b>Edit Metatags:</b> Lets you change the meta tags for your site. Meta tags communicate your site\'s properties to search engines.</li>\n<li><b>Re-Initialize Default Theme:</b> If your default theme needs to be returned to its default settings, click this button.</li>\n<li><b>Refresh Boxes:</b> Goes through the current themes and compares them to the boxes in the database. Boxes missing themes will be purged.</li>\n<li><b>User can change theme:</b> If set to \'Yes\', then users will be able to choose another theme to view the site under. This will NOT have an effect on your default theme.</li>\n</ul>\n\n',1,'settings',4),(18,'Main Menu','This admin section will allow you to edit your help content based on the module.',1,'main_menu',5),(19,'Edit Module info','This page allows you to edit and personalize the help data for the module you selected',1,'edit_module',5),(20,'Activate / Deactivate','This allows you to set the module active status.',1,'act_deact',5),(21,'Reload Module','This relaods the help content from the file help_info.php in the module setup directory. WARNING! It will clear all your changes!',1,'reload',5),(22,'Load New Module','This feature will allow you to load a help_info.php file of the module name provided.',1,'load_module',5),(23,'Language Administration','Menu lets you control the language options of phpWebSite. The admin menu is broken into three sections.\n<ol>\n<li> Language Defaults - Controls the default processes of the Language Module</li>\n<li> Language Editing - Allows manipulation of the language tables.</li>\n<li> Dynamic Translations - Lets you translate submissions from different content modules </li>\n</ol>',1,'langAdmin',6),(24,'Language Active','If turned off, the language module will not translate the code in phpWebSite, nor will it mark it as untranslated.\n\nIf you don\'t plan on translating the text into a different language, you might get a speed boost by turning this \'off\'.',1,'langActive',6),(25,'Dynamic Active','If turned off, the language module will not translate dynamic content.\n\nIf you are not supporting dynamic language processing, you can turn this off.',1,'dynActive',6),(26,'Mark Untranslated','When the language module comes across a phrase in the code it does not recognize, it will mark it with a question mark. This lets you know it needs to be translated.\n\nIf you do not want this question mark to appear on your site, turn this off. Keep this on when you want see parts of your website that need translation.\n',1,'mark',6),(27,'Auto Update','The Language Module will automatically add phrases to the database that have not been translated. If you want to prevent this, turn this switch \'off\'.\n\nThis can be useful if you are creating a module and are unsure what your final translations are going to be.',1,'auto',6),(28,'Ignore Default Language','Turn this switch \'on\' if you want the language module to ignore translating the default language.\n\nFor example, if you are running a multilingual site but your default language is English (which must of the code is written in) then turning this switch on may give a small speed increase.\n',1,'ignore',6),(29,'Language Choice','Pick the language you wish to edit:\n<ul>\n<li><b>Set Default Language</b> - Sets the default language for the site. When a user logs in, this will be the language they read the site in. The user can change their preference via their language user settings.</li>\n<li><b>Edit Language</b> - Go here to edit phrases and translations. You can also delete translations from the dictionary.</li>\n<li><b></b> - </li>\n<li><b></b> - </li>\n<li><b></b> - </li>\n</ul>\n',1,'language',6),(30,'Create Language Table','The Language Module contains two types of tables. The first type manages the translation of the static phpWebSite code. The other type of of language table handles dynamic content.\n\nChoose a language table to create by go through the list and clicking on the \'Create Language Table\' button. You will then be able to translate the text printed by phpWebSite and its modules.\n\nIf you want to create a dynamic table, pick a language in its list and click \'Create Dynamic Table\'. If you don\'t see the language for the table you want to create, then you need to make a regular table first. Dynamic tables will also not appear on the list if they have already been created.',1,'createTable',6),(31,'Language Options','By choosing a language from the drop-down box, you can then perform various functions upon it.\n<ul>\n<li><b>Set Default Language</b> - This will be the language the site normally uses. It is seen by non-users and users who have not set their preferences.</li>\n<li><b>Edit Language</b> - If you wish to add, edit, or delete a phrase in the dictionary, click on this button.</li>\n<li><b>Search for Missing Translations</b> - Anytime a translate request is made on a phrase that is not in the dictionary, phpWebSite marks the phrase for later. When you click this button, you will see all of the phrases that need to be translated for the currently chosen language.</li>\n<li><b>Remove Language Table</b> - If you wish to remove a language from your website, pick the language and click on this button.</li>\n</ul>',1,'languageOptions',6),(32,'Import / Export','<b>Import</b>\nYou can import language files it into your web site. They take the form of:\nmodule_title.language_abbrevation.lng\n\nFor example the User module\'s English language file is: <b>user.en.lng</b>\n\nChoose the language and the module title of the file you want to import and click the \'Import Language File\' button. You should now have the translations for that module.\n\n\n<b>Export</b>\nOnce you have completed translation of a module for a specific language. you can export it. Make sure your web server has write priviledges in the lang/ directory of the module you are exporting. Choose the language and module title and then click the \'Export Language File\' button. You will receive a message whether it is successful or not.\n\nNotice that this file <b>WILL OVERWRITE</b> a file of the same name.\n',1,'importExport',6),(33,'Update Language Table','This page will let you edit a language table.\n<ul>\n<li><b>Search for Missing Translations</b> - Performs the same function as the button on the main admin page. It lists those phrases that have not yet been translated.</li>\n<li><b>Search for Phrase/Translation</b> - If there is a particular phrase you want to edit, enter a few words from the forementioned in the appropiate box. The Language Module will return a list of phrases that match that criteria.</li>\n<li><b>Create New Entry</b> - You can add a new phrase and translation directly into the table here. This is not needed often as the Language Module creates a list of untranslated phrases automatically.</li>\n</ul>\n',1,'editLanguage',6),(34,'Search Result Form','From here you can edit the list of phrases and translations that were found from your search submission.\n\nThe <b>Update</b> checkbox should be clicked on all of the phrases that you translate. To turn all of the updates on, click the <b>Toggle All</b> button at the button.\n\nThe <b>Module</b> drop-down box controls where this phrase appears. If you see the word <b>core</b>, that means it is a commonly used translation, and is set to load for all modules.\n\nBe careful if you edit the phrase. It <b>MUST</b> be identical to the phrase in the code. The phrase may not be edited in a search for missing translations.\n\nMore likely, you are here to edit a translation. Just type in your translation. If you see a question mark before a translation, that indicates that this phrase has not been translated yet. Make sure to remove it.\n\nIf you want to remove a phrase from the database entirely, click on the <b>Delete</b> button.\n\nIf there are several phrases, you can move among the different pages with the numbered links at the bottom of the page.\n\nWhen you have checked all of your updates, click the <b>Update Checked</b> box to submit them.',1,'searchResult',6),(35,'Dynamic Sections Form','This page shows either the untranslated or updated elements.\n\nUntranslated elements are rows of content recently submitted from a particular module. Once you update a element, it is taken off this list.\n\nUpdated elements consists of previously translated content recently updated in the original module.\n\nTo translated one of the dynamic elements, click on it radio button. Then click on the <b>Update</b> button at the top or bottom of the page.\n\nIf you want to look through different pages of elements, click on the numbered page links or the arrows.\n<hr />\n<ul>\n<li><b>ID</b> - The identification number of that element in its table.</li>\n<li><b>Pick</b> - The radio button that indicates which element to translate.</li>\n<li><b>Column</b> - One or more of the column names that the element has stored information.</li>\n<li><b>Phrase</b> - An example of the content contained in the element.</li>\n<li><b>Updated</b> - When the original element was last updated.</li>\n</ul>\n',1,'dynForm',6),(36,'Update Dynamic Translation','This form will allow you to translate both an untranslated or updated element.\n\nAll elements are contained in one row in a database table. It may, however, be broken into several columns. Edit each column of the original element into appropiate language.\n\nClick <b>Update</b> when you are finished.\n',1,'updateDyn',6),(37,'Dynamic Translations','This is a listing of all the dynamic elements that require translation.\n\nIt lists the untranslated and recently updated elements for each language and registered module on your web site.\n\nClick on the number under <b>Untranslated</b> to see recently added elements that need translating into that language.\n\nClick on the number under <b>Updated</b> to see recently update elements that need their translation updated as well.\n\nClick on the <b>Refresh</b> link to recalculate the number of needed translations.\n',1,'dynAdmin',6),(38,'Contact Information','This section lets you control the information in a user\'s authentication email.\n\n<b>User Email Contact:</b> The reply email address for a user.\n\n<b>Subject Line:</b> Appears in the subject portion of the user\'s email.\n\n<b>Greeting:</b> The body of the email message. Make sure to include a link to your site.',1,'contact',7),(39,'Allow New User Signup','This controls whether users can sign up for a new account.\n\n<b>None:</b> New users are not allowed to sign up for an account.\n\n<b>All users can apply:</b> New users can sign up for an account and it is instantly created.\n\n<b>Only approved users can apply:</b> New users can sign up for an account, but they must be approved before they can log in to the system.',1,'signup',7),(40,'Authentication Method','Normally you should not change this from the Local Database option. If however you have an external method of authorizing a user, you may pick the file you wish to use here.',1,'authentication',7),(41,'Show Login Box','If unchecked, the login box will not appear on the site. To login normally, just go to your admin/ directory.',1,'login',7),(42,'Show \'Remember Me\' Option','If unchecked, the \'Remember Me\' will not appear in the login box. The \'Remember Me\' feature stores a cookie on client machine to automatically login them in when they visit the site..',1,'rememberme',7),(43,'Contact Email','\n      Providing your email address is completely optional and will only be used if there is a question about\n      the FAQ you suggested.\n      ',1,'user_email',8),(44,'Query Older FAQs','\n      The following query will allow you to search for FAQs that have not been viewed by anyone or changed \n      by an administrator in the number of months specified.\n      ',1,'older_faqs',8),(45,'Basic Layout - Question and Answer','\n     <table><tr><td>\n      This option is recommend if you have a small number of FAQs.<br /><br />\n       <i>Example:</i><br />\n         &#160;&#160;<span style=\"color: #ff0000;\">Q</span>:&#160;&#160;Question One<br />\n         &#160;&#160;<span style=\"color: #ff0000;\">A</span>:&#160;&#160;Answer One<br /><br />\n         &#160;&#160;<span style=\"color: #ff0000;\">Q</span>:&#160;&#160;Question Two<br />\n         &#160;&#160;<span style=\"color: #ff0000;\">A</span>:&#160;&#160;Answer One<br />\n     </td></tr></table>\n  ',1,'basic_no_bookmarks_view',8),(46,'Basic Layout - Bookmarked Questions','\n     <table><tr><td>\n      The questions are grouped together at the top of the page and when a question is clicked the page will jump down \n      to the appropriate question and answer.<br /><br />\n      This option is recommend if you have a small number of FAQs.<br /><br />\n       <i>Example:</i><br />\n         &#160;&#160;<a href=\"#\">Question One</a><br />\n         &#160;&#160;<a href=\"#\">Question Two</a><br /><br /><br />\n         &#160;&#160;<b>Question One</b><br />\n         &#160;&#160;Answer One<br /><br />\n         &#160;&#160;<b>Question Two</b><br />\n         &#160;&#160;Answer Two<br /><br />\n     </td></tr></table>\n  ',1,'basic_bookmarks_view',8),(47,'Category Layout','\n     <table><tr><td>\n       Show FAQs according to categories specified in the fatcat module.<br /><br />\n       <i>Example:</i><br />\n         &#160;&#160;General Category<br />\n         &#160;&#160;&#160;<a href=\"#\">General Question One</a><br />\n         &#160;&#160;&#160;<a href=\"#\">General Question Two</a><br />\n         &#160;&#160;&#160;<a href=\"#\">General Question Three</a><br /><br />\n         &#160;&#160;Specific Category<br />\n         &#160;&#160;&#160;<a href=\"#\">Specific Question One</a><br />\n         &#160;&#160;&#160;<a href=\"#\">Specific Question Two</a><br />\n         &#160;&#160;&#160;<a href=\"#\">Specific Question Three</a><br /><br /><br />\n\n         To have different bullet images than the ones provided by default use the built in interface to upload bullets for both the top and sub level bullets.  \n         The terms top level and sub level refer to parent and child categories.\n  \n         To upload a new image, click Browse, point to the file, and then click \'Save Changes\'.  \n         Once uploaded, a preview will appear on the faq settings page with the option to delete the image.\n     </td></tr></table>\n  ',1,'category_view',8),(48,'No Categories - Clickable Listing','\n     <table><tr><td>\n       FAQs can be viewed by clicking on the questions.<br /><br />\n       <i>Example:</i><br />\n         &#160;&#160;<a href=\"#\">Question One</a><br />\n         &#160;&#160;<a href=\"#\">Question Two</a><br />\n         &#160;&#160;<a href=\"#\">Question Three</a><br />\n         &#160;&#160;<a href=\"#\">Question Four</a><br />\n     </td></tr></table>\n      ',1,'nocat_clickable_view',8),(49,'Registered Users','\nThis option determines whether or not users who are not logged in are able to vote for this poll.  Select the option for \'YES\' if you only want registered users to vote.  By selecting \'NO\' all users are able to vote, even if not logged in.',1,'registered_users',9),(50,'Active','\nDetermines whether to make this poll viewable by users.  There can only be one poll that is active at a time.',1,'active',9),(51,'Comments','\nThe user comments will display at the bottom of the poll results page.  If you would like to allow users to post comments about this poll select \'YES\'.\n',1,'comments',9),(52,'Administration Menu','Select \"New Announcement\" to post a new announcement to your home page.<br /><br />Select \"List Announcements\" to list all your announcements.<br /><br />Select \"Settings\" to edit the global settings for your announcements and how they are displayed.',1,'admin_menu',10),(53,'Synchronize With Fatcat','Choose the \'Synchronize With Fatcat\' option to remove announcements registered with fatcat that have a poston date set in the future or have exceeded their expiration date.  This option is mostly used to update the announcement entries that appear in the \'Whats Related\' popup box.',1,'sync_fatcat',10),(54,'Link Manager Help','The Link Manager is a very basic database of web urls.  These links can be categorized so that they are related to other content within your site like pages, announcements, or frequently asked questions.',1,'main',11),(55,'Add A Web Link','In order to add a web link to the database all that is necessary is a title and a url.  But the real benifit comes from categorizing the link.  When in a category with other content the link will show up as related info.  Make sure to test your url after adding the link.',1,'add',11),(56,'Create Module Entry','This option is used by module developers to help with module creation. Its info can also be stored in the boost.php file.',1,'create_module_entry',12),(57,'Edit Module info','This section allows you to edit mod maker data for the selected module.',1,'edit_module',12),(58,'Activate / Deactivate','This allows you to turn any module on or off.',1,'act_deact',12),(59,'Mod Title','This should be a simple 8-12 character title for your module. phpWebSite indexes the modules by this name, so it should also be unique. Do not include non-alphanumberic characters or spaces. Think of it as a file name.',1,'mod_title',12),(60,'Proper Name','Enter a short proper name for your module. It appears as the module gif\'s alt tag.',1,'proper_name',12),(61,'Mod Directory','The directory where your files are located. Usually the same as the mod_title. Do not enter any slashes.',1,'mod_directory',12),(62,'Mod Filename','The core will load ONE file that decides the action of the module. Enter the name of that file here.',1,'mod_filename',12),(63,'Admin Operation','When an administrator clicks on your module, you can specify to include an operation. For example : \'&op=run_admin_options\'',1,'admin_operation',12),(64,'User Operation','When an user clicks on your module, you can specify to include an operation',1,'user_operation',12),(65,'Runtime Operation','If you want an specific operation to run when the module is initialized.',1,'runtime_operation',12),(66,'Allow View','Sometimes you may only want your module to be loaded on certain conditions. For instance, mainpage loads on the home page but not when any other modules are run. However, the user module has to load no matter what other module is loaded. Check the radio button for \'All\' if your module must always be loaded. Otherwise, click the \'Only\' option then choose the other modules you want your module to initialize on. Your module will default to an \'On\' position.',1,'allow_view',12),(67,'Priority','You may control when module is loaded. As a default, the users module is loaded 1st as it is needed by all other modules. The layout module is loaded last (priority 99) because it finalizes the page. If it doesn\'t matter when you module is loaded, just enter 50. If your module is dependant on another module loading, enter a priority higher than that module. Enter a lower priority if another module depends upon yours. Remember that all classes are loaded when the program is started, so you may be able to access functions in a class without the module loaded.',1,'priority',12),(68,'Icon Name','If you are using an icon to identify your admin or user module, enter its filename here.',1,'icon_name',12),(69,'Administrator Module','If your module allows the a standard user to make changes, check the User box. If you module has administrative functions, check the Administrator box. If your module runs without any interaction, just leave these unchecked.',1,'administrator_module',12),(70,'Class Files','If you are you using classes in your module, it is STRONGLY suggested you enter the name of those files here. phpWebSite loads all the classes on initialization. If you have more than one class file, separate them with commas. If you enter them here, they do not need to be declared in your module.',1,'class_files',12),(71,'Session Variables','If you are using sessions in your module, it is suggested you enter them here.',1,'session_variables',12),(72,'Initialize Class Name','If you are using classes, you may want a particular object declared immediately before the module is loaded. This allows modules with a required lower priority to take advantage of that object\'s variables and methods. Enter the name of the object and then the name of the class it uses.',1,'initialize_class_name',12),(73,'Legacy','If you are trying to install a module from the 0.8.x series, check this box.',1,'legacy',12),(74,'Deity Only','Sometimes a select few need to use your module (like the one you are using for example). Check this option if you only want deities to have permission to access this module.',1,'deity_only',12),(75,'Menu Spacer','The menu spacer value represents the number of spaces that will be added to each nested level of the menu.',1,'menu_spacer',13),(76,'Menu Indent','Menu indent can either be a character or an image.  This item will be placed before each link in the menu.  The {ITEM} tag must appear in the template for it to appear.',1,'menu_indent',13),(77,'Character Options','These options allow you to choose the character that will show up before each link in the menu.  You can also choose an activity color.  The character will turn that color when the menu link is active',1,'menu_char',13),(78,'Image Options','Three different images can be used for the menu.  An active image for the active link.  An open image for the parent link that is expanded.  And a default for all other links.',1,'menu_image',13),(79,'Menu Templating','There are two templating choices, vertical and horizontal.  Two of templates that come with menuman give some example of what can be done.  The default template is the vertical example and the tabular template is the horizontal example.',1,'menu_template',13),(80,'Allow View','The allow view option allows you to choose when the menu you are creating will show up on the page. Choose which modules need to be active in order for the menu to appear.',1,'allow_view',13),(81,'Event Type','There are four types of time frames you can assign to an event.\n<ul>\n<li><b>Interval</b> - when an event has a definite start and end time, choose this option.</li>\n<li><b>Starts At</b> - when an event has a definite start time but an unknown end time, choose this one.</li>\n<li><b>Deadline</b> - when the end of an event is more important than when it starts, use this one.</li>\n<li><b>All Day</b> - when an event is defined more by the day it is on than when it starts or ends (e.g. holidays)</li>\n</ul>',1,'eventtype',14),(82,'Image Type','Your image directory for calendar is not writable. Please go to your imagecalendar directory and make sure the web server can write to it.',1,'noImage',14),(83,'Comment Thread Management','The Comment Thread Management is mainly for maintaining the comment threads which are in the database.  These threads are usually associated with an annoucement, pagemaster page, poll, or faq question.  From this list you can view and delete entire threads.',1,'main',15),(84,'Settings','The following are basic thread management settings.  The first set is to give your visitors and new users default options for viewing comment threads.  The second set of options is to control the amount of content being posted under a single thread and to protect your site from and overload by a single user.',1,'settings',15),(85,'Unsaved Page Title','This is the title given to the page. To edit the title, click the \"Finish\" button and then click the \"Edit\" button near the title.',1,'unsaved_title',16),(86,'Created Date','This is the date and user that started the creation of this page.',1,'unsaved_created',16),(87,'Unsaved Action','These are actions you can perform on unsaved pages.  The current actions are:<br /><br />\n<b>Finish</b> - Select this to continue editing a page where you left off.<br />\n<b>Delete</b> - Select this to delete a page. You will be asked to confirm the deletion with a \"Yes\" or \"No\" answer.',1,'unsaved_action',16),(88,'Current Title','This is the current title given to a page.',1,'current_title',16),(89,'Current Mainpage','This column will designate which page is currently set to be shown on your web site mainpage.  The current mainpage is marked with a <span style=\"color:lime;\"><b><i>CURRENT</i></b></span> flag.',1,'current_mainpage',16),(90,'Updated Date','This is the date and user who last updated the page.',1,'current_updated',16),(91,'Current Page Action','These are actions you can perform on unsaved pages. The current actions are:<br /><br />\n<b>Hide/Show</b> - This button allows you to remove pages from view without actually deleting them.  Note: A new page will remain hidden until activated.<br />\n<b>Edit</b> - This allows you to edit am existing page.<br />\n<b>Delete</b> - This allows you to remove a page from your database.  You will be asked to confirm the deletion with a \"Yes\" or \"No\" answer.',1,'current_action',16),(92,'Set Title','Enter a title in this field and select the \"Set Title\" button to save it.',1,'new_title',16),(93,'Edit Page','Click this button to change the page template, category, or page title.',1,'edit_title',16),(94,'Section Subtitle','This is the subtitle given to this section. HTML is allowed and encouraged.',1,'section_title',16),(95,'Section Text','This is the body text for this section. HTML is allowed and encouraged.',1,'section_text',16),(96,'Section Image','This is the image that will be associated with this section.  if you choose to upload an image, you must also add a \"Short Image Description\".',1,'section_image',16),(97,'Short Image Description','This is a short description of the image associated with this section.  It is recommended that the description is no more than 5-6 words.',1,'section_image_desc',16),(98,'Section Template','This is the template that will be applied to this section when it is viewed. Most templates have names that are fairly intuitive. If you wish to create custom templates, please see the TEMPLATE_README included with PageMaster.',1,'section_template',16),(99,'Section Save','This will save a new section or save changes made to an existing section.',1,'section_save',16),(100,'Section Remove','This option will remove a section from this page entirely.  You will be asked to confirm the action.',1,'section_remove',16),(101,'Section Edit','Select the \"Edit\" button to make changes to this section.',1,'section_edit',16),(102,'Page Save','This button will save a new page to the database and stamp it as saved.  For existing pages it is used as a finishing step to make sure all changes are commited.',1,'page_save',16),(103,'Page Information','This is some extra information about this page.  Included here is the created date/user and updated date/user.  More information may be added here in later versions.',1,'page_info',16),(104,'Sticky','Sticky items will always appear in \"What\'s Related\".',1,'rssSticky',17),(105,'Category','Choose one or more categories that best fit this channel.',1,'rssCategory',17),(106,'Channel Title','Choose a title that best fits this RSS Feed.',1,'rssTitle',17),(107,'Channel URL','Enter the URL for this RSS Feed.',1,'rssChannel',17),(108,'Footer','Select a footer to appear at the bottom of this feed. You may need a disclaimer for some content, this is a good place for it.',1,'rssFooter',17),(109,'Show Channel Title','Selecting Yes with this option shows the channel title for this RSS feed.',1,'showTitle',17),(110,'Show Channel Image','Selecting Yes with this option shows the channel image for this RSS feed.',1,'showImage',17),(111,'Show Channel Title as Link','Selecting Yes with this option shows the channel title as a link.',1,'showURL',17),(112,'Show Channel Description','Selecting Yes with this option shows the channel description.',1,'showDesc',17),(113,'Show Channel Details Link','Selecting Yes with this option shows the option to \'View Details\' when viewing feeds in block.',1,'showDetails',17),(114,'Show Multi-View RSS','Select all feeds that you want to appear in this Multi-View item.',1,'showMultiView',17),(115,'Show on Home Page','Checking this option will make this feed appear on the home page in the main area.',1,'showHome',17),(116,'Allow Feed Placement','Checking this option allows item to be viewed with the selected Modules or Web Pages.',1,'showBlock',17),(117,'Add RSS Feed','Click this button to add a RSS Feed by filling in a form.  You can choose to hide the Feed for later display.',1,'rssAddFeed',17),(118,'Create Menu Link','Click this button to create a menu item that links to (displays) this listing of available feeds.',1,'rssAddMenuLink',17),(119,'Expiration','Select the number of minutes for the RSS Feed to expire from the cache.',1,'rssExpire',17),(120,'Max Number Items','Select the maximum number of items to display for full and block views.',1,'rssMaxItems',17),(121,'Max Number Items (Multi-View)','Select the maximum number of items to display for Multi-View items.',1,'rssMaxMultiItems',17),(122,'Target Window','Choose the target window for links to open in when an article or title is clicked.',1,'rssTarget',17),(123,'View with Modules','The allow view option allows you to choose when the feed will show up on the page. Choose which modules need to be active in order for the feed to appear.',1,'allowView',17),(124,'View with Web Pages','The view  with Web Pages option allows you to choose which pages the feed will show up on. Choose which pages need to be active in order for the feed to appear.',1,'pmView',17),(125,'Manage Local Feeds','Click this link to create backed RSS feed files to share your site information with other websites and news aggregators.',1,'manageBackend',17),(126,'Total Items in Feed','Here you can select the number of items you would like the feed to display. This will create a feed based on the most recent x number of items.',1,'backendNumItems',17),(127,'News Feed Source','Here you can select the data source of the feed you would like to create.',1,'backendType',17),(128,'News Feed Image','Select the image you would like to use to create an icon that identifies your RSS feed.',1,'backendImage',17),(129,'Empty Feed Message','Use this field to add a custom message to display when the feed contains no items to display.',1,'emptyFeed',17),(130,'Bookmarked Links','Select this option to show bookmarked links at the top of the page that link to the individual feeds for the Multi-View.',1,'anchorLinks',17),(131,'Category Link','Select this option to enable a category link to see a listing of other feeds in the same category.',1,'catLink',17),(132,'Organize Feed Items','Organize feed items by date, alphabetical or leave in imported order (default).',1,'orgnBy',17),(133,'Number of Days Ahead','Select this option if the feed items pertain to specific days. This option is ideal for an phpWS calendar module feeds.  The \'Date\' option must be selected under \'Organize Feed Items By\' in order to use this field.\'',1,'daysAhead',17),(134,'Show Expired Items','Show items that are previous to today\'s date.',1,'rssShowExpired',17),(135,'List Blocks','The list blocks link will take you to a listing of the the blocks that are currently in the database.  From this list you can edit and delete your current blocks, you can also activate and deactivate your blocks which toggles whether or not they are publicly viewable',1,'list_blocks',18),(136,'Create A New Block','The Create A New Block link will take you to a form to add a new block to the database.  Once saved the block will show up in your list of current blocks.  Don\'t forget to activate your new block after you save it',1,'create_block',18),(137,'Block Maker Help','Blocks within phpWebSite are to be use for basic content display.  When created, these blocks are given a default box style.  The box style defines how the title, content, and footer will show up on the page. This box style can be changed at anytime via the layout module.',1,'main',18),(138,'Theme Variable','The theme variable controls where on the page your block will be placed.  This is only for the creation process of the block.  It can be moved later by the layout module box move.',1,'theme_var',18),(139,'Allow View','The allow view option allows you to choose when the block you are creating will show up on the page.  Choose which modules need to be active in order for the block to appear.',1,'allow_view',18),(140,NULL,NULL,1,'<?php\n/* vim: set expandtab ta',19),(141,'Bulletin Board Administrator Email','Enter in the email address of the bulletin board administrator, if he/she is different than the overall phpWebSite administrator.  If this field is left blank, then phpwsBB will use the contact email address in the User control panel\'s Settings screen.',1,'admin_email',19),(142,'Notification Email Text','This is the text sent to users who are monitoring threads when those threads are replied to.  Enter in the text you would like to appear in the body of the email message.  You can use variables [name] and [url] to represent the name of the thread and the url to view the thread, respectively.',1,'email_text',19),(143,'Monitor Posts','Enabling this setting will have all posts emailed to the bulletin board administrator email (or the website admin if it is blank).',1,'monitor_posts',19),(144,'Forum Sort Order','This value sets the order in which the forums are listed on the Forums page.  Must be an integer value.',1,'sortorder',19),(145,'Take Bulletin Board Offline','Checking this will prevent non-deity users from accessing the bulletin board.  They will be presented with a message indicating the bulletin board is offline for maintenance.  This can be used when doing upgrades or maintenance like cleaning/moving messages and threads.',1,'bboffline',19),(146,'Suspend Monitors','Checking this will suspend the sending of emails that would notify you when someone has replied to a thread that you are monitoring.  This is useful if you are going on vacation, for example.',1,'suspend_monitors',19),(147,'Remove All Monitors','This will clear all monitors so you will no longer be monitoring any threads.',1,'remove_all_monitors',19),(148,'Remote Avatars','You can allow users to specify the address of an image that\'s not hosted on your site to be used as an avatar.<br /><br />While this saves you storage space and bandwidth, it also takes the control over what is displayed out of your hands.  Users can insert images with large filesizes, jpeg exploits, obscenities, etc..<br /><br />For this reason we recommend that you <u>do not</u> use this feature.',1,'remote_avatars',19),(149,NULL,NULL,1,'<?php\n/* vim: set expandtab ta',19);

--
-- Table structure for table `mod_help_reg`
--

CREATE TABLE `mod_help_reg` (
  `reg_id` int(11) NOT NULL DEFAULT '0',
  `mod_name` varchar(20) NOT NULL DEFAULT '',
  `active` smallint(6) NOT NULL DEFAULT '1',
  PRIMARY KEY (`reg_id`)
) ENGINE=MyISAM DEFAULT CHARSET=latin1;

--
-- Dumping data for table `mod_help_reg`
--

INSERT INTO `mod_help_reg` VALUES (1,'approval',1),(2,'security',1),(3,'fatcat',1),(4,'layout',1),(5,'help',1),(6,'language',1),(7,'users',1),(8,'faq',1),(9,'poll',1),(10,'announce',1),(11,'linkman',1),(12,'modmaker',1),(13,'menuman',1),(14,'calendar',1),(15,'comments',1),(16,'pagemaster',1),(17,'phpwsrssfeeds',1),(18,'blockmaker',1),(19,'phpwsbb',1);

--
-- Table structure for table `mod_help_reg_seq`
--

CREATE TABLE `mod_help_reg_seq` (
  `id` int(10) unsigned NOT NULL AUTO_INCREMENT,
  PRIMARY KEY (`id`)
) ENGINE=MyISAM AUTO_INCREMENT=20 DEFAULT CHARSET=latin1;

--
-- Dumping data for table `mod_help_reg_seq`
--

INSERT INTO `mod_help_reg_seq` VALUES (19);

--
-- Table structure for table `mod_help_seq`
--

CREATE TABLE `mod_help_seq` (
  `id` int(10) unsigned NOT NULL AUTO_INCREMENT,
  PRIMARY KEY (`id`)
) ENGINE=MyISAM AUTO_INCREMENT=150 DEFAULT CHARSET=latin1;

--
-- Dumping data for table `mod_help_seq`
--

INSERT INTO `mod_help_seq` VALUES (149);

--
-- Table structure for table `mod_lang_EN`
--

CREATE TABLE `mod_lang_EN` (
  `phrase_id` int(10) unsigned NOT NULL DEFAULT '0',
  `module` varchar(30) NOT NULL DEFAULT '',
  `phrase` text NOT NULL,
  `translation` text NOT NULL,
  PRIMARY KEY (`phrase_id`),
  KEY `module` (`module`)
) ENGINE=MyISAM DEFAULT CHARSET=latin1;

--
-- Dumping data for table `mod_lang_EN`
--

INSERT INTO `mod_lang_EN` VALUES (1,'boost','All dependancies found','All dependancies found'),(2,'boost','Are you ABSOLUTELY SURE you want completely remove this module','Are you ABSOLUTELY SURE you want completely remove this module'),(3,'boost','Are you sure you want to uninstall this module','Are you sure you want to uninstall this module'),(4,'boost','Assuming files are only requirement for installation','Assuming files are only requirement for installation'),(5,'boost','Assuming it is not needed','Assuming it is not needed'),(6,'boost','Assuming update needed registering only','Assuming update needed registering only'),(7,'boost','Building extra modules','Building extra modules'),(8,'boost','Building required modules','Building required modules'),(9,'boost','Check','Check'),(10,'boost','Checking dependancies','Checking dependancies'),(11,'boost','Checking language file for [var1]','Checking language file for [var1]'),(12,'boost','Core Modules','Core Modules'),(13,'boost','Core tables successfully installed','Core tables successfully installed'),(14,'boost','Current Version','Current Version'),(15,'boost','Download Here','Download Here'),(16,'boost','Download the latest version from the following link(s)','Download the latest version from the following link(s)'),(17,'boost','External Page','External Page'),(18,'boost','Finished uninstalling [var1] from languages','Finished uninstalling [var1] from languages'),(19,'boost','Flat','Flat'),(20,'boost','If you uninstall a module from the hub, you will get a prompt','If you uninstall a module from the hub, you will get a prompt'),(21,'boost','In A Box','In A Box'),(22,'boost','Install Module','Install Module'),(23,'boost','Install the dependant modules, then try installing again','Install the dependant modules, then try installing again'),(24,'boost','Install','Install'),(25,'boost','Installation file missing for [var1]','Installation file missing for [var1]'),(26,'boost','Interface for installing, uninstalling, and updating modules.','Interface for installing, uninstalling, and updating modules.'),(27,'boost','Internal Page','Internal Page'),(28,'boost','It should be safe to remove all the files in','It should be safe to remove all the files in'),(29,'boost','Layout box created','Layout box created'),(30,'boost','Layout for [var1] installed successfully','Layout for [var1] installed successfully'),(31,'boost','Layout for [var1] uninstalled successfully','Layout for [var1] uninstalled successfully'),(32,'boost','Make sure to edit to match your theme','Make sure to edit to match your theme'),(33,'boost','Module Information','Module Information'),(34,'boost','Module Installer/Updater','Module Installer/Updater'),(35,'boost','Module is no longer registered','Module is no longer registered'),(36,'boost','Nested','Nested'),(37,'boost','New Window','New Window'),(38,'boost','Newest First','Newest First'),(39,'boost','No Update Info','No Update Info'),(40,'boost','No install file for [var1]','No install file for [var1]'),(41,'boost','No language directory in [var1]','No language directory in [var1]'),(42,'boost','No language file present for [var1]','No language file present for [var1]'),(43,'boost','Oldest First','Oldest First'),(44,'boost','Other Modules','Other Modules'),(45,'boost','Post Installation Procedures','Post Installation Procedures'),(46,'boost','Registering Default Language','Registering Default Language'),(47,'boost','Registering Layout','Registering Layout'),(48,'boost','Removing phrases from','Removing phrases from'),(49,'boost','This module\'s version appears to be current','This module\'s version appears to be current'),(50,'boost','Threaded','Threaded'),(51,'boost','Unable to find Layout Info file for [var1]','Unable to find Layout Info file for [var1]'),(52,'boost','Unable to locate update file for [var1]','Unable to locate update file for [var1]'),(53,'boost','Unable to read update.txt file from [var1]','Unable to read update.txt file from [var1]'),(54,'boost','Uninstall Module','Uninstall Module'),(55,'boost','Uninstall did not encounter any errors','Uninstall did not encounter any errors'),(56,'boost','Uninstall','Uninstall'),(57,'boost','Uninstallation file missing for [var1]','Uninstallation file missing for [var1]'),(58,'boost','Uninstalling Module','Uninstalling Module'),(59,'boost','Up to Date','Up to Date'),(60,'boost','Update All Modules','Update All Modules'),(61,'boost','Update Boost','Update Boost'),(62,'boost','Update Core','Update Core'),(63,'boost','Update Module','Update Module'),(64,'boost','Update Version','Update Version'),(65,'boost','Update available','Update available'),(66,'boost','Update not found at','Update not found at'),(67,'boost','Update not needed','Update not needed'),(68,'boost','Updating','Updating'),(69,'boost','Version Check','Version Check'),(70,'boost','Version','Version'),(71,'boost','Write to modules table successful','Write to modules table successful'),(72,'boost','You must update Boost before updating any other modules.','You must update Boost before updating any other modules.'),(73,'boost','You will NOT get a prompt uninstalling a branch site module','You will NOT get a prompt uninstalling a branch site module'),(74,'boost','Your Version','Your Version'),(75,'boost','[var1] NOT found','[var1] NOT found'),(76,'boost','[var1] found','[var1] found'),(77,'boost','[var1] has been unregistered','[var1] has been unregistered'),(78,'boost','[var1] installation successful','[var1] installation successful'),(79,'boost','[var1] language file installed','[var1] language file installed'),(80,'boost','[var1] post-installation successful','[var1] post-installation successful'),(81,'boost','[var1] requires the above modules to be installed before it will function','[var1] requires the above modules to be installed before it will function'),(82,'boost','[var1] uninstallation NOT successful','[var1] uninstallation NOT successful'),(83,'boost','[var1] uninstallation successful','[var1] uninstallation successful'),(84,'boost','[var1] updated successfully','[var1] updated successfully'),(85,'boost','[var1] was successfully installed','[var1] was successfully installed'),(86,'layout','All theme boxes are active','All theme boxes are active'),(87,'layout','Author','Author'),(88,'layout','Change Box Style','Change Box Style'),(89,'layout','Change Page Title','Change Page Title'),(90,'layout','Choose an option from the menu above','Choose an option from the menu above'),(91,'layout','Close Panel','Close Panel'),(92,'layout','Content Type','Content Type'),(93,'layout','Description','Description'),(94,'layout','Edit Meta Tags','Edit Meta Tags'),(95,'layout','Edit Metatags','Edit Metatags'),(96,'layout','Keywords','Keywords'),(97,'layout','Layout Manager','Layout Manager'),(98,'layout','Layout Settings','Layout Settings'),(99,'layout','Lets you control the look and layout of your site.','Lets you control the look and layout of your site.'),(100,'layout','Lets you pick a different theme to view the site.','Lets you pick a different theme to view the site.'),(101,'layout','Move Boxes','Move Boxes'),(102,'layout','Owner','Owner'),(103,'layout','Re-Initialize Default Theme','Re-Initialize Default Theme'),(104,'layout','Refresh Boxes','Refresh Boxes'),(105,'layout','Removed all boxes from missing theme(s)','Removed all boxes from missing theme(s)'),(106,'layout','Robots','Robots'),(107,'layout','Set Default Theme','Set Default Theme'),(108,'layout','Set My Theme','Set My Theme'),(109,'layout','Set','Set'),(110,'layout','Settings','Settings'),(111,'layout','The administrator has turned off the user layout functionality','The administrator has turned off the user layout functionality'),(112,'layout','Title Changed','Title Changed'),(113,'layout','Use Site Theme','Use Site Theme'),(114,'layout','User Layout Manager','User Layout Manager'),(115,'layout','User can change theme','User can change theme'),(116,'layout','User option updated','User option updated'),(117,'controlpanel','Assists developers in the creation and editing of module settings.','Assists developers in the creation and editing of module settings.'),(118,'controlpanel','Creates branch sites off your hub code.','Creates branch sites off your hub code.'),(119,'controlpanel','Desc Off','Desc Off'),(120,'controlpanel','Desc On','Desc On'),(121,'controlpanel','Go here to create and edit your site\'s polls.','Go here to create and edit your site\'s polls.'),(122,'controlpanel','Go here to create and edit your site\'s web pages.','Go here to create and edit your site\'s web pages.'),(123,'controlpanel','Image Off','Image Off'),(124,'controlpanel','Image On','Image On'),(125,'controlpanel','Interface for installing, uninstalling, and updating modules.','Interface for installing, uninstalling, and updating modules.'),(126,'search','Flat','Flat'),(127,'search','Nested','Nested'),(128,'search','Newest First','Newest First'),(129,'search','No results were returned for your search query.','No results were returned for your search query.'),(130,'search','Oldest First','Oldest First'),(131,'search','Search Results for','Search Results for'),(132,'search','Search','Search'),(133,'search','Search Settings','Search Settings'),(134,'search','Module','Module'),(135,'search','Show Block','Show Block'),(136,'search','Block Title','Block Title'),(137,'search','Save Settings','Save Settings'),(138,'search','The are no modules registered with the search database','The are no modules registered with the search database'),(139,'search','Search settings saved','Search settings saved'),(140,'search','Access Denied','Access Denied'),(141,'search','You do not have access to modify search settings.','You do not have access to modify search settings.'),(142,'help','Activate All','Activate All'),(143,'help','Activate/Deactivate','Activate/Deactivate'),(144,'help','Are you sure you want to reload the [var1] item','Are you sure you want to reload the [var1] item'),(145,'help','Choose a module from the list below to load its help data for editing','Choose a module from the list below to load its help data for editing'),(146,'help','Choose a module','Choose a module'),(147,'help','Close this Window','Close this Window'),(148,'help','Deactivate All','Deactivate All'),(149,'help','Edit module','Edit Module'),(150,'help','Edit the help data below','Edit the help data below'),(151,'help','Load Module','Load Module'),(152,'help','Reload Help Item','Reload Help Item'),(153,'help','Reload','Reload'),(154,'help','Save Data','Save Data'),(155,'help','The Help module allows you to manage help information shown in key areas on your site.','The Help module allows you to manage help information shown in key areas on your site.'),(156,'language','Add','Add'),(157,'language','Admin','Admin'),(158,'language','Administrate','Administrate'),(159,'language','Are you sure you want to remove these language tables and ALL the translations associated with them','Are you sure you want to remove these language tables and ALL the translations associated with them'),(160,'language','Auto Update','Auto Update'),(161,'language','Back to Admin','Back to Admin'),(162,'language','Back to List','Back to List'),(163,'language','Both','Both'),(164,'language','Check Updated','Check Updated'),(165,'language','Check this box to confirm the deletion','Check this box to confirm the deletion'),(166,'language','Choose','Choose'),(167,'language','Column Name','Column Name'),(168,'language','Column(s)','Column(s)'),(169,'language','Column','Column'),(170,'language','Compare [var1] to [var2]','Compare [var1] to [var2]'),(171,'language','Compare to [var1]','Compare to [var1]'),(172,'language','Create Dynamic Table','Create Dynamic Table'),(173,'language','Create Language Table','Create Language Table'),(174,'language','Create New Entry','Create New Entry'),(175,'language','Create Table','Create Table'),(176,'language','Created','Created'),(177,'language','Delete','Delete'),(178,'language','Dynamic Active','Dynamic Active'),(179,'language','Dynamic Table','Dynamic Table'),(180,'language','Dynamic Translations','Dynamic Translations'),(181,'language','Edit Language','Edit Language'),(182,'language','Export Language File','Export Language File'),(183,'language','Export [var1] Language File','Export [var1] Language File'),(184,'language','Export to [var1] not successful','Export to [var1] not successful'),(185,'language','Export to [var1] successful','Export to [var1] successful'),(186,'language','Go','Go'),(187,'language','ID','ID'),(188,'language','Ignore Default Language','Ignore Default Language'),(189,'language','Import Language File','Import Language File'),(190,'language','Import Successful','Import Successful'),(191,'language','Import/Export','Import/Export'),(192,'language','Insert Checked','Insert Checked'),(193,'language','Insert Phrase','Insert Phrase'),(194,'language','Language Active','Language Active'),(195,'language','Language Administration','Language Administration'),(196,'language','Language Settings Updated','Language Settings Updated'),(197,'language','Language User Menu','Language User Menu'),(198,'language','Language','Language'),(199,'language','Lets you administrate the language options for your site.','Lets you administrate the language options for your site.'),(200,'language','Lets you pick the language to display the site in.','Lets you pick the language to display the site in.'),(201,'language','Mark Untranslated','Mark Untranslated'),(202,'language','Missed Removals','Missed Removals'),(203,'language','Module','Module'),(204,'language','No Phrases Found for [var1]','No Phrases Found for [var1]'),(205,'language','No Phrases Found','No Phrases Found'),(206,'language','No new sections to translate','No new sections to translate'),(207,'language','No translations to export','No translations to export'),(208,'language','None Found','None Found'),(209,'language','Off','Off'),(210,'language','On','On'),(211,'language','Original','Original'),(212,'language','Phrase','Phrase'),(213,'language','Phrases','Phrases'),(214,'language','Pick','Pick'),(215,'language','Regular Table','Regular Table'),(216,'language','Remove Language Table','Remove Language Table'),(217,'language','Results','Results'),(218,'language','Return to the user menu','Return to the user menu'),(219,'language','Search Result for [var1]','Search Result for [var1]'),(220,'language','Search Result','Search Result'),(221,'language','Search for Missing Translations','Search for Missing Translations'),(222,'language','Search for Phrase','Search for Phrase'),(223,'language','Search for Translation','Search for Translation'),(224,'language','Set Default Language','Set Default Language'),(225,'language','Set My Default Language','Set My Default Language'),(226,'language','The [var1] dynamic language table was created','The [var1] dynamic language table was created'),(227,'language','The [var1] regular language table was created','The [var1] regular language table was created'),(228,'language','The following phrases are missing from [var1]','The following phrases are missing from [var1]'),(229,'language','Total Duplicates','Total Duplicates'),(230,'language','Total Entries','Total Entries'),(231,'language','Total Inserts','Total Inserts'),(232,'language','Total Removals','Total Removals'),(233,'language','Translates To','Translates To'),(234,'language','Translation','Translation'),(235,'language','Uncheck this box to confirm the deletion','Uncheck this box to confirm the deletion'),(236,'language','Untranslated Dynamic Sections','Untranslated Dynamic Sections'),(237,'language','Untranslated','Untranslated'),(238,'language','Update Checked','Update Checked'),(239,'language','Update Dynamic Translation for [var1]','Update Dynamic Translation for [var1]'),(240,'language','Update Dynamic Translation','Update Dynamic Translation'),(241,'language','Update Language Settings','Update Language Settings'),(242,'language','Update [var1]','Update [var1]'),(243,'language','Update','Update'),(244,'language','Updated','Updated'),(245,'language','Your Default Language is Saved','Your Default Language is Saved'),(246,'approval','Allows you to approve elements from different modules in one convenient place.','Allows you to approve elements from different modules in one convenient place.'),(247,'approval','Approval List','Approval List'),(248,'approval','Approval View','Approval View'),(249,'approval','Building extra modules','Building extra modules'),(250,'approval','Building required modules','Building required modules'),(251,'approval','Checking language file for [var1]','Checking language file for [var1]'),(252,'approval','Core tables successfully installed','Core tables successfully installed'),(253,'approval','Jobs processed','Jobs processed'),(254,'approval','Layout for [var1] installed successfully','Layout for [var1] installed successfully'),(255,'approval','Missing language directory','Missing language directory'),(256,'approval','No entries to approve','No entries to approve'),(257,'approval','Post Installation Procedures','Post Installation Procedures'),(258,'approval','Registering Default Language','Registering Default Language'),(259,'approval','Registering Layout','Registering Layout'),(260,'approval','[var1] installation successful','[var1] installation successful'),(261,'approval','[var1] post-installation successful','[var1] post-installation successful'),(262,'users','A Problem Occurred','A Problem Occurred'),(263,'users','A secure cookie will only be sent over a secure connection (HTTPS)','A secure cookie will only be sent over a secure connection (HTTPS)'),(264,'users','ALL','ALL'),(265,'users','Access','Access'),(266,'users','Account Signup','Account Signup'),(267,'users','Add Group','Add Group'),(268,'users','Add Member','Add Member'),(269,'users','Add User','Add User'),(270,'users','Add Users','Add Users'),(271,'users','Add to [var1]','Add to [var1]'),(272,'users','Administrate your Account','Administrate your Account'),(273,'users','Administrator Modules','Administrator Modules'),(274,'users','Administrator','Administrator'),(275,'users','Admins Only','Admins Only'),(276,'users','All users can apply','All users can apply'),(277,'users','Allow Cookies','Allow Cookies'),(278,'users','Allow New User Signup','Allow New User Signup'),(279,'users','Allow','Allow'),(280,'users','Allows you to change your email address and password.','Allows you to change your email address and password.'),(281,'users','Another deity will need to change your password','Another deity will need to change your password'),(282,'users','Apply for Account','Apply for Account'),(283,'users','Are you sure you want to delete this user','Are you sure you want to delete this user'),(284,'users','Authentication Method','Authentication Method'),(285,'users','Available Groups','Available Groups'),(286,'users','Available Users','Available Users'),(287,'users','Change Cookie Permissions','Change Cookie Permissions'),(288,'users','Change Successful','Change Successful'),(289,'users','Change User Defaults','Change User Defaults'),(290,'users','Change Your Password','Change Your Password'),(291,'users','Change my Menu','Change my Menu'),(292,'users','Choose an option from the panel above','Choose an option from the panel above'),(293,'users','Commands','Commands'),(294,'users','Contact Information','Contact Information'),(295,'users','Control Panel','Control Panel'),(296,'users','Cookie Refreshed','Cookie Refreshed'),(297,'users','Create Group','Create Group'),(298,'users','Create User','Create User'),(299,'users','Create a group by clicking on Add Group above','Create a group by clicking on Add Group above'),(300,'users','Default Menu Edit','Default Menu Edit'),(301,'users','Default to Control Panel','Default to Control Panel'),(302,'users','Deity users are not permitted to use this form','Deity users are not permitted to use this form'),(303,'users','Deity','Deity'),(304,'users','Directory','Directory'),(305,'users','Do you wish to remove their status','Do you wish to remove their status'),(306,'users','Domain','Domain'),(307,'users','Done','Done'),(308,'users','Drop Group','Drop Group'),(309,'users','Drop Member','Drop Member'),(310,'users','Edit Menu Off','Edit Menu Off'),(311,'users','Edit Menu On','Edit Menu On'),(312,'users','Edit','Edit'),(313,'users','Email Address','Email Address'),(314,'users','Email','Email'),(315,'users','Enter Again','Enter Again'),(316,'users','External Authorization is set on site, but authorization file doesn\'t exist. Please notify system administrator.','External Authorization is set on site, but authorization file doesn\'t exist. Please notify system administrator.'),(317,'users','External Filename','External Filename'),(318,'users','External PHP function','External PHP function'),(319,'users','Forgot Your Password?','Forgot Your Password?'),(320,'users','Go to signup page','Go to signup page'),(321,'users','Greeting','Greeting'),(322,'users','Group Name','Group Name'),(323,'users','Group created','Group created'),(324,'users','Group updated','Group updated'),(325,'users','Hello [var1]','Hello [var1]'),(326,'users','Home','Home'),(327,'users','If you think you might already have an account, try the lost password option','If you think you might already have an account, try the lost password option'),(328,'users','In Group','In Group'),(329,'users','In Groups','In Groups'),(330,'users','In most cases, this can be left off','In most cases, this can be left off'),(331,'users','Inherits','Inherits'),(332,'users','Insert','Insert'),(333,'users','Keep in mind that these options only cover user cookies','Keep in mind that these options only cover user cookies'),(334,'users','Lets you create and edit users and groups.','Lets you create and edit users and groups.'),(335,'users','Limit','Limit'),(336,'users','Load','Load'),(337,'users','Local Database','Local Database'),(338,'users','Log In','Log In'),(339,'users','Log Out','Log Out'),(340,'users','Logout','Logout'),(341,'users','Make [var1] a Deity','Make [var1] a Deity'),(342,'users','Manage Groups','Manage Groups'),(343,'users','Manage Users','Manage Users'),(344,'users','Manage','Manage'),(345,'users','Members','Members'),(346,'users','Missing Settings','Missing Settings'),(347,'users','Missing adminMenu templates','Missing adminMenu templates'),(348,'users','Missing password','Missing password'),(349,'users','Missing username','Missing username'),(350,'users','Module Name','Module Name'),(351,'users','Module Rights','Module Rights'),(352,'users','Modules','Modules'),(353,'users','Mortal','Mortal'),(354,'users','Name','Name'),(355,'users','New Account Signup','New Account Signup'),(356,'users','New users can not be accepted until the admin establishes a contact email','New users can not be accepted until the admin establishes a contact email'),(357,'users','No groups available','No Groups Available'),(358,'users','No groups found','No groups found'),(359,'users','No users found','No users found'),(360,'users','No, do leave them mortal','No, do leave them mortal'),(361,'users','No, let them remain a deity','No, let them remain a deity'),(362,'users','None','None'),(363,'users','Only approved users can apply','Only approved users can apply'),(364,'users','Other Information','Other Information'),(365,'users','Password must be five characters or more in length','Password must be five characters or more in length'),(366,'users','Password too familiar','Password too familiar'),(367,'users','Password','Password'),(368,'users','Passwords did not match','Passwords did not match'),(369,'users','Please apply for a new password change form','Please apply for a new password change form'),(370,'users','Please check your email for the change of password form','Please check your email for the change of password form'),(371,'users','Please contact the systems administrator','Please contact the systems administrator'),(372,'users','Please go under Settings in the admin User Manager and enter an user contact email address','Please go under Settings in the admin User Manager and enter an user contact email address'),(373,'users','Please load new modules into a menu','Please load new modules into a menu'),(374,'users','Please try again later','Please try again later'),(375,'users','Please try another','Please try another'),(376,'users','Refresh My Cookie','Refresh My Cookie'),(377,'users','Refresh','Refresh'),(378,'users','Remove Member','Remove Member'),(379,'users','Remove','Remove'),(380,'users','Request Successful','Request Successful'),(381,'users','Search','Search'),(382,'users','Secure Cookie','Secure Cookie'),(383,'users','Send Information','Send Information'),(384,'users','Set Cookie Preferences','Set Cookie Preferences'),(385,'users','Settings','Settings'),(386,'users','Setup Default Menu','Setup Default Menu'),(387,'users','Setup My Menu','Setup My Menu'),(388,'users','Shall we deify them','Shall we deify them'),(389,'users','Show Login Box','Show Login Box'),(390,'users','Sign In','Sign In'),(391,'users','Simple vs. Domain/Directory','Simple vs. Domain/Directory'),(392,'users','Simple','Simple'),(393,'users','Sorry but there is a problem with our email','Sorry but there is a problem with our email'),(394,'users','Sorry','Sorry'),(395,'users','Subject Line','Subject Line'),(396,'users','Success','Success'),(397,'users','Thank you for applying for an account','Thank you for applying for an account'),(398,'users','The Domain/Directory option also includes your web address for greater security','The Domain/Directory option also includes your web address for greater security'),(399,'users','The number of minutes you want to phpWebSite to allow the cookie to remain active','The number of minutes you want to phpWebSite to allow the cookie to remain active'),(400,'users','The simple cookie only contains the information and a time limit','The simple cookie only contains the information and a time limit'),(401,'users','The username you have entered is invalid','The username you have entered is invalid'),(402,'users','The username you have entered is not permitted to change their password','The username you have entered is not permitted to change their password'),(403,'users','This MUST be set','This MUST be set'),(404,'users','This allows for easier interaction and administration between sites using the same hub','This allows for easier interaction and administration between sites using the same hub'),(405,'users','This is a mortal','This is a mortal'),(406,'users','This user is currently a deity','This user is currently a deity'),(407,'users','This value must be greater than 10 minutes','This value must be greater than 10 minutes'),(408,'users','Time Limit','Time Limit'),(409,'users','Try again','Try again'),(410,'users','Unable to email change form','Unable to email change form'),(411,'users','Unable to locate saved cookie','Unable to locate saved cookie'),(412,'users','Unable to send email from a new user sign-up request','Unable to send email from a new user sign-up request'),(413,'users','Update Cookie Settings','Update Cookie Settings'),(414,'users','Update Group','Update Group'),(415,'users','Update My Information','Update My Information'),(416,'users','Update Permissions','Update Permissions'),(417,'users','Update User','Update User'),(418,'users','User Admin','User Admin'),(419,'users','User Defaults','User Defaults'),(420,'users','User Email Contact','User Email Contact'),(421,'users','User created','User created'),(422,'users','User deleted','User deleted'),(423,'users','User information changed successfully','User information changed successfully'),(424,'users','User is a deity','User is a deity'),(425,'users','User updated','User updated'),(426,'users','Username already in use','Username already in use'),(427,'users','Username may not contain spaces or non-alphanumeric characters','Username may not contain spaces or non-alphanumeric characters'),(428,'users','Username','Username'),(429,'users','WARNING','WARNING'),(430,'users','Welcome','Welcome'),(431,'users','When you receive it, log in using your new username and password','When you receive it, log in using your new username and password'),(432,'users','Yes, make them a deity','Yes, make them a deity'),(433,'users','Yes, make them mortal','Yes, make them mortal'),(434,'users','You have not requested a password change','You have not requested a password change'),(435,'users','You have run out of time to update your password','You have run out of time to update your password'),(436,'users','You have the option to allow your site to use cookies to assist in user authorization','You have the option to allow your site to use cookies to assist in user authorization'),(437,'users','You may need to log out for changes to take effect','You may need to log out for changes to take effect'),(438,'users','You may now login with your new password','You may now login with your new password'),(439,'users','You must give your group a name','You must give your group a name'),(440,'users','You should shortly receive an email with account verification information','You should shortly receive an email with account verification information'),(441,'users','Your Modules','Your Modules'),(442,'users','Your password will be sent to your email address','Your password will be sent to your email address'),(443,'users','Your request is being reviewed','Your request is being reviewed'),(444,'users','Your username and email combination was refused','Your username and email combination were refused'),(445,'users','match','match'),(446,'users','nobody','nobody'),(447,'users','of','of'),(448,'security','Add Error Page','Add Error Page'),(449,'security','Apache Settings','Apache Settings'),(450,'security','Are you sure you want to delete the','Are you sure you want to delete the'),(451,'security','Content','Content'),(452,'security','Delete Error Page','Delete Error Page'),(453,'security','Deny List','Deny List'),(454,'security','Deny','Deny'),(455,'security','Error Label','Error Label'),(456,'security','Error Lable','Error Lable'),(457,'security','Error Number','Error Number'),(458,'security','ErrorDocument','ErrorDocument'),(459,'security','Go here to manage access to your web site as well as create custom error pages.','Go here to manage access to your web site as well as create custom error pages.'),(460,'security','IP Address','IP Address'),(461,'security','Label','Label'),(462,'security','Manage Access','Manage Access'),(463,'security','Manage Error Pages','Manage Error Pages'),(464,'security','No','No'),(465,'security','Or','Or'),(466,'security','Save','Save'),(467,'security','Security Admin','Security Admin'),(468,'security','The public by default.','The public by default.'),(469,'security','Time','Time'),(470,'security','Yes','Yes'),(471,'security','error page','error page'),(472,'security','htaccess extra','htaccess extra'),(473,'fatcat','Admin Menu','Admin Menu'),(474,'fatcat','Are you sure you want to delete this category and all the categories beneath it','Are you sure you want to delete this category and all the categories beneath it'),(475,'fatcat','Categorizes all of the information on your site.','Categorizes all of the information on your site.'),(476,'fatcat','Category Information','Category Information'),(477,'fatcat','Category Updated','Category Updated'),(478,'fatcat','Category created','Category created'),(479,'fatcat','Confirm Deletion of Category','Confirm Deletion of Category'),(480,'fatcat','Create Category','Create Category'),(481,'fatcat','Create Icon from Image','Create Icon from Image'),(482,'fatcat','Default Icon','Default Icon'),(483,'fatcat','Default icon set','Default icon set'),(484,'fatcat','Delete Category','Delete Category'),(485,'fatcat','Disable What\'s Related','Disable What\'s Related'),(486,'fatcat','Edit Category','Edit Category'),(487,'fatcat','Enable What\'s Related','Enable What\'s Related'),(488,'fatcat','FatCat Administration Menu','FatCat Administration Menu'),(489,'fatcat','Go Back','Go Back'),(490,'fatcat','Icon','Icon'),(491,'fatcat','Image','Image'),(492,'fatcat','Limit Set','Limit Set'),(493,'fatcat','Missing Title','Missing Title'),(494,'fatcat','No description available','No description available'),(495,'fatcat','Parent','Parent'),(496,'fatcat','Remove Icon','Remove Icon'),(497,'fatcat','Remove Image','Remove Image'),(498,'fatcat','Set Default Icon','Set Default Icon'),(499,'fatcat','Set Limit','Set Limit'),(500,'fatcat','Sticky','Sticky'),(501,'fatcat','Submitted image was too wide','Submitted image was too wide'),(502,'fatcat','Template','Template'),(503,'fatcat','Title','Title'),(504,'fatcat','Top Level Category','Top Level Category'),(505,'fatcat','Top Level','Top Level'),(506,'fatcat','Update Category','Update Category'),(507,'fatcat','Upload','Upload'),(508,'fatcat','Use Current','Use Current'),(509,'fatcat','Use the selected templates only','Use the selected templates only'),(510,'fatcat','What\'s Related Limit','What\'s Related Limit'),(511,'fatcat','What\'s Related','What\'s Related'),(512,'fatcat','You cannot thumbnail gif files','You cannot thumbnail gif files'),(513,'fatcat','You may only submit jpg, png, or gif image files','You may only submit jpg, png, or gif image files'),(514,'faq',' (Must be unchecked to use custom bullets)',' (Must be unchecked to use custom bullets)'),(515,'faq',' --> ',' -->'),(516,'faq',' and dynamic sorting.',' and dynamic sorting.'),(517,'faq',' month.',' month.'),(518,'faq',' months.',' months.'),(519,'faq',' questions per page.',' questions per page.'),(520,'faq','*This option does not apply apply to the category view.','*This option does not apply apply to the category view.'),(521,'faq',', user comments,',', user comments,'),(522,'faq','<b>Admin Options</b>','<b>Admin Options</b>'),(523,'faq','<b>Administrative Options</b>','<b>Administrative Options</b>'),(524,'faq','A','A'),(525,'faq','Action Canceled','Action Canceled'),(526,'faq','Add a menu link for the FAQ module.','Add a menu link for the FAQ module.'),(527,'faq','Adjust Score Rating for this FAQ','Adjust Score Rating for this FAQ'),(528,'faq','All FAQs Query','All FAQs Query'),(529,'faq','All FAQs','All FAQs'),(530,'faq','Allow users to post comments.','Allow users to post comments.'),(531,'faq','Allow users to rate FAQs.','Allow users to rate FAQs.'),(532,'faq','Allow users to suggest FAQs.','Allow users to suggest FAQs.'),(533,'faq','Alphabetized by Question','Alphabetized by Question'),(534,'faq','Answer One','Answer One'),(535,'faq','Answer Two','Answer Two'),(536,'faq','Answer: ','Answer:'),(537,'faq','Are you sure you want to delete the following FAQs','Are you sure you want to delete the following FAQs'),(538,'faq','Are you sure you want to delete this FAQ.','Are you sure you want to delete this FAQ.'),(539,'faq','Are you sure you want to delete this bullet?','Are you sure you want to delete this bullet?'),(540,'faq','Average Score','Average Score'),(541,'faq','Average of Scores: ','Average of Scores:'),(542,'faq','Basic Question and Answer View','Basic Question and Answer View'),(543,'faq','Bookmarked Questions','Bookmarked Questions'),(544,'faq','Bullet successfully removed.','Bullet successfully removed.'),(545,'faq','Categories of ','Categories of'),(546,'faq','Category View','Category View'),(547,'faq','Category: ','Category:'),(548,'faq','Change FAQ Settings','Change FAQ Settings'),(549,'faq','Change Score Rating for this FAQ','Change Score Rating for this FAQ'),(550,'faq','Composite Score (Based On User Rating)','Composite Score (Based On User Rating)'),(551,'faq','Composite Score: ','Composite Score:'),(552,'faq','Composite Score','Composite Score'),(553,'faq','Confirm Deletion','Confirm Deletion'),(554,'faq','Confirm','Confirm'),(555,'faq','Current FAQs','Current FAQs'),(556,'faq','Currently viewing FAQS ','Currently viewing FAQS'),(557,'faq','Delete Category Bullet Confirmation','Delete Category Bullet Confirmation'),(558,'faq','Example:','Example:'),(559,'faq','FAQ (Frequently Asked Questions)','FAQ (Frequently Asked Questions)'),(560,'faq','FAQ Queries','FAQ Queries'),(561,'faq','FAQ Removed','FAQ Removed'),(562,'faq','FAQ Submited','FAQ Submited'),(563,'faq','FAQ has successfully been added to the database.','FAQ has successfully been added to the database.'),(564,'faq','FAQs can be viewed by clicking on the questions.','FAQs can be viewed by clicking on the questions.'),(565,'faq','FAQs that do not have a category selected.','FAQs that do not have a category selected.'),(566,'faq','FAQs that have not been active in over ','FAQs that have not been active in over'),(567,'faq','FAQs with a high number of hits and low score rating.','FAQs with a high number of hits and low score rating.'),(568,'faq','FAQs with a low number of hits and high score rating.','FAQs with a low number of hits and high score rating.'),(569,'faq','FAQs with no activity in last','FAQs with no activity in last'),(570,'faq','FAQs  ','FAQs  '),(571,'faq','Feedback','Feedback'),(572,'faq','For each category indicate the date a faq was last updated.','For each category indicate the date a faq was last updated.'),(573,'faq','General Category','General Category'),(574,'faq','General Question One','General Question One'),(575,'faq','General Question Three','General Question Three'),(576,'faq','General Question Two','General Question Two'),(577,'faq','Go here to post files and documents that your site visitors might be interested in.','Go here to post files and documents that your site visitors might be interested in.'),(578,'faq','Hidden:  ','Hidden:'),(579,'faq','High Hits / Low Rating','High Hits / Low Rating'),(580,'faq','Hits: ','Hits:'),(581,'faq','How helpful was this FAQ?','How helpful was this FAQ?'),(582,'faq','Layout View','Layout View'),(583,'faq','Legend for Rating FAQs','Legend for Rating FAQs'),(584,'faq','Limit results by showing ','Limit results by showing'),(585,'faq','Limited rating, user comments, and dynamic sorting.','Limited rating, user comments, and dynamic sorting.'),(586,'faq','Limited rating','Limited rating'),(587,'faq','List All Faqs','List All Faqs'),(588,'faq','Low Hits / High Rating','Low Hits / High Rating'),(589,'faq','Most Recently Accessed','Most Recently Accessed'),(590,'faq','New FAQ','New FAQ'),(591,'faq','New','NEW'),(592,'faq','No Categories - Clickable Listing','No Categories - Clickable Listing'),(593,'faq','No Categories - Hyperlinked Questions','No Categories - Hyperlinked Questions'),(594,'faq','No Categories Available','No Categories Available'),(595,'faq','No FAQs to display','No FAQs to display'),(596,'faq','No image was deleted from the database.','No image was deleted from the database.'),(597,'faq','Number of Hits: ','Number of Hits:'),(598,'faq','Option 1','Option 1'),(599,'faq','Option 2','Option 2'),(600,'faq','Options','Options'),(601,'faq','Please only score this FAQ once.','Please only score this FAQ once.'),(602,'faq','Provides an interface to manage a list of frequently asked questions.','Provides an interface to manage a list of frequently asked questions.'),(603,'faq','Q','Q'),(604,'faq','Question Four','Question Four'),(605,'faq','Question One','Question One'),(606,'faq','Question Three','Question Three'),(607,'faq','Question Two','Question Two'),(608,'faq','Question and Answer','Question and Answer'),(609,'faq','Question: ','Question:'),(610,'faq','Question','Question'),(611,'faq','Quick FAQ Statistics','Quick FAQ Statistics'),(612,'faq','Rating','Rating'),(613,'faq','Recalculate','Recalculate'),(614,'faq','Reset','Reset'),(615,'faq','Score FAQ','Score FAQ'),(616,'faq','Scoring Information Updated','Scoring Information Updated'),(617,'faq','See docs on how to customize ordering.','See docs on how to customize ordering.'),(618,'faq','Show FAQs according to categories specified in the fatcat module.','Show FAQs according to categories specified in the fatcat module.'),(619,'faq','Show Results','Show Results'),(620,'faq','Show all FAQs in database.','Show all FAQs in database.'),(621,'faq','Show the number of FAQs in each category.','Show the number of FAQs in each category.'),(622,'faq','Sorting Methods','Sorting Methods'),(623,'faq','Special Queries','Special Queries'),(624,'faq','Special Query','Special Query'),(625,'faq','Specific Category','Specific Category'),(626,'faq','Specific Question One','Specific Question One'),(627,'faq','Specific Question Three','Specific Question Three'),(628,'faq','Specific Question Two','Specific Question Two'),(629,'faq','Stats and Queries','Stats and Queries'),(630,'faq','Stats','Stats'),(631,'faq','Sub-Level Bullet Image: ','Sub-Level Bullet Image:'),(632,'faq','Submit FAQ','Submit FAQ'),(633,'faq','Submit New FAQ','Submit New FAQ'),(634,'faq','Submit Suggested FAQ','Submit Suggested FAQ'),(635,'faq','Suggest a FAQ','Suggest a FAQ'),(636,'faq','Thank you for scoring this FAQ.','Thank you for scoring this FAQ.'),(637,'faq','The FAQ has not been removed.','The FAQ has not been removed.'),(638,'faq','The FAQ has successfully been deleted.','The FAQ has successfully been deleted.'),(639,'faq','The paging limit must be a number and greater than zero.','The paging limit must be a number and greater than zero.'),(640,'faq','This option is recommend if you have a small number of FAQs.','This option is recommend if you have a small number of FAQs.'),(641,'faq','Time Query','Time Query'),(642,'faq','Top-Level Bullet Image: ','Top-Level Bullet Image:'),(643,'faq','Unapprove','Unapprove'),(644,'faq','Unapproved / Hidden FAQs','Unapproved / Hidden FAQs'),(645,'faq','Unapproved / Hidden','Unapproved / Hidden'),(646,'faq','Unapproved:  ','Unapproved:'),(647,'faq','Update FAQ','Update FAQ'),(648,'faq','Use Only Default Bullets','Use Only Default Bullets'),(649,'faq','Users Rated','Users Rated'),(650,'faq','View FAQs','View FAQs'),(651,'faq','View New Faq','View New Faq'),(652,'faq','Viewable:  ','Viewable:'),(653,'faq','You did not enter a question.','You did not enter a question.'),(654,'faq','You did not enter an answer to your question.','You did not enter an answer to your question.'),(655,'faq','Your Email: ','Your Email:'),(656,'faq','Your FAQ has successfully been added to the database.','Your FAQ has successfully been added to the database.'),(657,'faq','Your Name: ','Your Name:'),(658,'faq','months.','months.'),(659,'poll','Allow Comments','Allow Comments'),(660,'poll','Go here to create and edit your site\'s polls.','Go here to create and edit your site\'s polls.'),(661,'poll','Restricted','Restricted'),(662,'debug','phpWebSite Debugger','phpWebSite Debugger'),(663,'debug','phpWebSite Debugger Settings','phpWebSite Debugger Settings'),(664,'debug','Select the information for debug display.','Select the information for debug display.'),(665,'debug','Turn On/Off','Turn On/Off'),(666,'debug','PhpWebSite Timer','PhpWebSite Timer'),(667,'debug','Debugger Block','Debugger Block'),(668,'debug','Post Variables','Post Variables'),(669,'debug','Get Variables','Get Variables'),(670,'debug','Request Variables','Request Variables'),(671,'debug','File Variables','File Variables'),(672,'debug','Cookie Variables','Cookie Variables'),(673,'debug','Server Variables','Server Variables'),(674,'debug','Session and Core Options','Session and Core Options'),(675,'debug','Display Before Execution','Display Before Execution'),(676,'debug','Display After Execution','Display After Execution'),(677,'debug','Dump Core','Dump Core'),(678,'debug','Session Objects','Session Objects'),(679,'debug','Session Arrays','Session Arrays'),(680,'debug','Other Sessions','Other Sessions'),(681,'debug','Reset Form','Reset Form'),(682,'debug','Debugger','Debugger'),(683,'debug','PhpWebsite Debugger is a developer tool used for viewing session and request information.','PhpWebsite Debugger is a developer tool used for viewing session and request information.'),(684,'notes','Are you sure you wish to delete this note from','Are you sure you wish to delete this note from'),(685,'notes','Date Sent','Date Sent'),(686,'notes','Delete Note from','Delete Note from'),(687,'notes','Delete?','Delete?'),(688,'notes','Go here to send notes to other users on this site.','Go here to send notes to other users on this site.'),(689,'notes','Message','Message'),(690,'notes','My Notes','My Notes'),(691,'notes','NEW','NEW'),(692,'notes','New Note','New Note'),(693,'notes','No messages found!','No messages found!'),(694,'notes','Note Deleted Successfully','Note Deleted Successfully'),(695,'notes','Note Saved','Note Saved'),(696,'notes','Note Sent','Note Sent'),(697,'notes','Note from','Note from'),(698,'notes','Notes','Notes'),(699,'notes','READ','READ'),(700,'notes','Send Note','Send Note'),(701,'notes','Sent Notes','Sent Notes'),(702,'notes','Sent','Sent'),(703,'notes','Status','Status'),(704,'notes','Your note was <b>not</b> deleted.','Your note was <b>not</b> deleted.'),(705,'notes','Your note was successfully deleted.','Your note was successfully deleted.'),(706,'notes','Your note was successfully sent!','Your note was successfully sent!'),(707,'announce','Action','Action'),(708,'announce','Allow Comments?','Allow Comments?'),(709,'announce','Announcement Deleted!','Announcement Deleted!'),(710,'announce','Announcement List','Announcement List'),(711,'announce','Announcement Saved','Announcement Saved'),(712,'announce','Announcement Sent','Announcement Sent'),(713,'announce','Announcement Settings','Announcement Settings'),(714,'announce','Announcement Submitted','Announcement Submitted'),(715,'announce','Announcement Updated','Announcement Updated'),(716,'announce','Announcements Menu','Announcements Menu'),(717,'announce','Announcements','Announcements'),(718,'announce','Anonymous Posts?','Anonymous Posts?'),(719,'announce','Anonymous','Anonymous'),(720,'announce','Are you sure you wish to delete this announcement with subject','Are you sure you wish to delete this announcement with subject'),(721,'announce','Assuming it is not needed','Assuming it is not needed'),(722,'announce','Body','Body'),(723,'announce','Building extra modules','Building extra modules'),(724,'announce','Building required modules','Building required modules'),(725,'announce','Category','Category'),(726,'announce','Checking language file for [var1]','Checking language file for [var1]'),(727,'announce','Core tables successfully installed','Core tables successfully installed'),(728,'announce','Date Posted','Date Posted'),(729,'announce','Delete Announcement?','Delete Announcement?'),(730,'announce','Download','Download'),(731,'announce','Edit Announcement','Edit Announcement'),(732,'announce','Expiration','Expiration'),(733,'announce','Filename','Filename'),(734,'announce','Go here to post announcements to your home page about upcoming events or other helpful information.','Go here to post announcements to your home page about upcoming events or other helpful information.'),(735,'announce','Hide','Hide'),(736,'announce','Image','Image'),(737,'announce','Installation file missing for [var1]','Installation file missing for [var1]'),(738,'announce','Layout for [var1] installed successfully','Layout for [var1] installed successfully'),(739,'announce','List Announcements','List Announcements'),(740,'announce','Modified','Modified'),(741,'announce','New Announcement','New Announcement'),(742,'announce','No announcements found!','No announcements found!'),(743,'announce','Number of announcements shown on home page','Number of announcements shown on home page'),(744,'announce','Number of past announcements shown','Number of past announcements shown'),(745,'announce','Past','Past'),(746,'announce','Post Installation Procedures','Post Installation Procedures'),(747,'announce','Post On','Post On'),(748,'announce','Post on Date','Post on Date'),(749,'announce','Posted by','Posted by'),(750,'announce','Registering Default Language','Registering Default Language'),(751,'announce','Registering Layout','Registering Layout'),(752,'announce','Save Settings','Save Settings'),(753,'announce','Save','Save'),(754,'announce','Settings Saved!','Settings Saved!'),(755,'announce','Short Description','Short Description'),(756,'announce','Show Announcements','Show Announcements'),(757,'announce','Show Past Announcements','Show Past Announcements'),(758,'announce','Show','Show'),(759,'announce','Sticky','Sticky'),(760,'announce','Subject','Subject'),(761,'announce','Submit News','Submit News'),(762,'announce','Summary','Summary'),(763,'announce','The announcement was successfully <b>deleted</b>.','The announcement was successfully <b>deleted</b>.'),(764,'announce','Type','Type'),(765,'announce','Your announcement was submitted for approval.','Your announcement was submitted for approval.'),(766,'announce','Your announcement was successfully saved.','Your announcement was successfully saved.'),(767,'announce','Your announcement was successfully updated.','Your announcement was successfully updated.'),(768,'announce','Your settings have successfully been saved!','Your settings have successfully been saved!'),(769,'announce','[var1] installation successful','[var1] installation successful'),(770,'announce','[var1] language file installed','[var1] language file installed'),(771,'announce','[var1] post-installation successful','[var1] post-installation successful'),(772,'stats',' Most Active Announcement Submitters',' Most Active Announcement Submitters'),(773,'stats',' Most Active Links',' Most Active Links'),(774,'stats',' Most Commented Announcements',' Most Commented Announcements'),(775,'stats',' Most Read Announcements',' Most Read Announcements'),(776,'stats',' Most Read FAQs',' Most Read FAQs'),(777,'stats',' Most Recent Photos',' Most Recent Photos'),(778,'stats','\'s Unique Hits','\'s Unique Hits'),(779,'stats','Add a New Table to Count (Advanced View)','Add a New Table to Count (Advanced View)'),(780,'stats','Add a New Table to Count (Simple View)','Add a New Table to Count (Simple View)'),(781,'stats','Advanced Add','Advanced Add'),(782,'stats','All Months','All Months'),(783,'stats','Any User','Any User'),(784,'stats','Are you sure you want to delete this counter?','Are you sure you want to delete this counter?'),(785,'stats','Count','Count'),(786,'stats','Counter Block Settings','Counter Block Settings'),(787,'stats','Counter Block','Counter Block'),(788,'stats','Counters','Counters'),(789,'stats','CounterÂ Block','Counter Block'),(790,'stats','Current Month','Current Month'),(791,'stats','Deity users only','Deity users only'),(792,'stats','Edit Counter','Edit Counter'),(793,'stats','Enable Web Stats','Enable Web Stats'),(794,'stats','Enter Link: ','Enter Link:'),(795,'stats','Hit Tracker','Hit Tracker'),(796,'stats','Hub','Hub'),(797,'stats','Logged in users only','Logged in users only'),(798,'stats','Make Block Visible','Make Block Visible'),(799,'stats','Make Title a Link?','Make Title a Link?'),(800,'stats','Module:  ','Module:'),(801,'stats','Most Active Announcement Submitters','Most Active Announcement Submitters'),(802,'stats','Most Active Note Receiver','Most Active Note Receiver'),(803,'stats','Most Active Note Receivers','Most Active Note Receivers'),(804,'stats','Most Active Note Senders','Most Active Note Senders'),(805,'stats','Most Commented Announcements','Most Commented Announcements'),(806,'stats','Most Read Announcements','Most Read Announcements'),(807,'stats','Most Read FAQs','Most Read FAQs'),(808,'stats','Most Recent Photos','Most Recent Photos'),(809,'stats','Most Recent Uploaded Document Files','Most Recent Uploaded Document Files'),(810,'stats','Most Recent Uploaded Files','Most Recent Uploaded Files'),(811,'stats','Most Recently Logged in Users','Most Recently Logged in Users'),(812,'stats','Most Visited Links','Most Visited Links'),(813,'stats','Must have permission enabled to view','Must have permission enabled to view'),(814,'stats','No counter was deleted','No counter was deleted'),(815,'stats','Number of items to show for each stat','Number of items to show for each stat'),(816,'stats','Read: ','Read:'),(817,'stats','Received: ','Received:'),(818,'stats','Save Setup','Save Setup'),(819,'stats','Select where you would like the block to appear:','Select where you would like the block to appear:'),(820,'stats','Select who should see the counter block:','Select who should see the counter block:'),(821,'stats','Sent: ','Sent:'),(822,'stats','Show titles for stats that have no entries.','Show titles for stats that have no entries.'),(823,'stats','Simple Add','Simple Add'),(824,'stats','Site','Site'),(825,'stats','Stats Settings','Stats Settings'),(826,'stats','Stats to show','Stats to show'),(827,'stats','Submitted: ','Submitted:'),(828,'stats','Succesfully added counter.','Succesfully added counter.'),(829,'stats','Successfully Deleted Counter.','Successfully Deleted Counter.'),(830,'stats','Successfully Updated Settings','Successfully Updated Settings'),(831,'stats','Suggested Link: ','Suggested Link:'),(832,'stats','Suggested Title:  ','Suggested Title:'),(833,'stats','Table Name','Table Name'),(834,'stats','Table:  ','Table:'),(835,'stats','This Month','This Month'),(836,'stats','Title:  ','Title:'),(837,'stats','Top 10 Most Frequenty Logged In Users','Top 10 Most Frequenty Logged In Users'),(838,'stats','Top ','Top'),(839,'stats','Unique Hits','Unique Hits'),(840,'stats','Update was successful.','Update was successful.'),(841,'stats','View Stats','View Stats'),(842,'stats','Viewing ','Viewing'),(843,'stats','Viewing Monthly Hits','Viewing Monthly Hits'),(844,'stats','ViewÂ Stats','View Stats'),(845,'stats','Web Stats','Web Stats'),(846,'stats','phpWebSite Charts for User Hits','phpWebSite Charts for User Hits'),(847,'phatform','All of the values were not set. You must fill out all of them.','All of the values were not set. You must fill out all of them.'),(848,'phatform','All','ALL'),(849,'phatform','Allow anonymous submissions','Allow anonymous submissions'),(850,'phatform','Allow multiple submissions','Allow multiple submissions'),(851,'phatform','Allow users to edit their form data','Allow users to edit their form data'),(852,'phatform','Approve','Approve'),(853,'phatform','Approved','Approved'),(854,'phatform','Associated Text','Associated Text'),(855,'phatform','Back','Back'),(856,'phatform','Checkbox Element Instructions','Checkbox Element Instructions'),(857,'phatform','Checkbox','Checkbox'),(858,'phatform','Columns','Columns'),(859,'phatform','Default','Default'),(860,'phatform','Dropbox Element Instructions','Dropbox Element Instructions'),(861,'phatform','Dropbox','Dropbox'),(862,'phatform','Edit Elements','Edit Elements'),(863,'phatform','Editor','Editor'),(864,'phatform','Element successfully added!','Element successfully added!'),(865,'phatform','Form Information','Form Information'),(866,'phatform','Form Settings','Form Settings'),(867,'phatform','Go here to create online forms that can be viewed and filled out by your site visitors. Reports can be made on the data submitted.','Go here to create online forms that can be viewed and filled out by your site visitors. Reports can be made on the data submitted.'),(868,'phatform','Go!','Go!'),(869,'phatform','Groups','Groups'),(870,'phatform','Hidden','Hidden'),(871,'phatform','Hide this form','Hide this form'),(872,'phatform','Instructions','Instructions'),(873,'phatform','Ip','Ip'),(874,'phatform','Item limit per page','Item limit per page'),(875,'phatform','List Forms','List Forms'),(876,'phatform','Maxsize','Maxsize'),(877,'phatform','Move Down','Move Down'),(878,'phatform','Move Up','Move Up'),(879,'phatform','Multiple Select','Multiple Select'),(880,'phatform','Multiselect Element Instructions','Multiselect Element Instructions'),(881,'phatform','New Form','New Form'),(882,'phatform','Next','Next'),(883,'phatform','No items for the current list.','No items for the current list.'),(884,'phatform','Number of Options','Number of Options'),(885,'phatform','Option Instructions','Option Instructions'),(886,'phatform','Option','Option'),(887,'phatform','Page','Page'),(888,'phatform','Predefined Option Set','Predefined Option Set'),(889,'phatform','Radio Button','Radio Button'),(890,'phatform','Radiobutton Element Instructions','Radiobutton Element Instructions'),(891,'phatform','Refuse','Refuse'),(892,'phatform','Require','Require'),(893,'phatform','Required','Required'),(894,'phatform','Rows','Rows'),(895,'phatform','Save Dropbox','Save Dropbox'),(896,'phatform','Save Form','Save Form'),(897,'phatform','Save Textarea','Save Textarea'),(898,'phatform','Save Textfield','Save Textfield'),(899,'phatform','Save option set as','Save option set as'),(900,'phatform','Saved Forms','Saved Forms'),(901,'phatform','Show form page numbers (eg: page 1 of 6)','Show form page numbers (eg: page 1 of 6)'),(902,'phatform','Show numbers for form elements (eg: 1, 2, 3)','Show numbers for form elements (eg: 1, 2, 3)'),(903,'phatform','Size','Size'),(904,'phatform','Submission Message','Submission Message'),(905,'phatform','Text','Text'),(906,'phatform','Textarea Element Instructions','Textarea Element Instructions'),(907,'phatform','Textarea','Textarea'),(908,'phatform','Textfield','Textfield'),(909,'phatform','The [var1] was saved successfully.','The [var1] was saved successfully.'),(910,'phatform','The option set [var1] was successfully saved.','The option set [var1] was successfully saved.'),(911,'phatform','Unapproved Forms','Unapproved Forms'),(912,'phatform','Unsaved Forms','Unsaved Forms'),(913,'phatform','Use option text as values','Use option text as values'),(914,'phatform','Value','Value'),(915,'phatform','You cannot allow for anonymous submissions when form data can be edited.','You cannot allow for anonymous submissions when form data can be edited.'),(916,'phatform','Access Denied','Access Denied'),(917,'phatform','You only have permission to edit your own forms!','You only have permission to edit your own forms!'),(918,'phatform','Delete form confirmation','Delete form confirmation'),(919,'linkman','Add A Link','Add A Link'),(920,'linkman','Add Link','Add Link'),(921,'linkman','Delete Link','Delete Link'),(922,'linkman','Edit A Link','Edit A Link'),(923,'linkman','Edit Link','Edit Link'),(924,'linkman','Hits','Hits'),(925,'linkman','Keywords (Comma Separated)','Keywords (Comma Separated)'),(926,'linkman','Link Added','Link Added'),(927,'linkman','Link Database','Link Database'),(928,'linkman','Link Manager Admin Menu','Link Manager Admin Menu'),(929,'linkman','Link Manager User Menu','Link Manager User Menu'),(930,'linkman','Link Saved','Link Saved'),(931,'linkman','Links Database','Links Database'),(932,'linkman','Links','Links'),(933,'linkman','List Links','List Links'),(934,'linkman','Most Recent','Most Recent'),(935,'linkman','Submit A Link','Submit A Link'),(936,'linkman','Submit Link','Submit Link'),(937,'linkman','The Link Manager allows you to add web links to specific categories for you site.','The Link Manager allows you to add web links to specific categories for you site.'),(938,'linkman','The link [var1] you entered was successfully submitted to the database','The link [var1] you entered was successfully submitted to the database'),(939,'linkman','The link [var1] you modified was successfully saved to the database','The link [var1] you modified was successfully saved to the database'),(940,'linkman','There are no links in the database.','There are no links in the database.'),(941,'linkman','Top Ten Links','Top Ten Links'),(942,'linkman','Top Ten','Top Ten'),(943,'linkman','View by Category','View by Category'),(944,'modmaker','ARE YOU ABSOLUTELY SURE YOU WANT TO DELETE THIS MODULE','ARE YOU ABSOLUTELY SURE YOU WANT TO DELETE THIS MODULE'),(945,'modmaker','All','ALL'),(946,'modmaker','Allow View','Allow View'),(947,'modmaker','Assists developers in the creation and editing of module settings.','Assists developers in the creation and editing of module settings.'),(948,'modmaker','Check to confirm','Check to confirm'),(949,'modmaker','Class Files','Class Files'),(950,'modmaker','Create Module Entry','Create Module Entry'),(951,'modmaker','Create Module Installation','Create Module Installation'),(952,'modmaker','Deity Only','Deity Only'),(953,'modmaker','Edit Module','Edit Module'),(954,'modmaker','Error','Error'),(955,'modmaker','Export Mod Info','Export Mod Info'),(956,'modmaker','Initialize Class Name','Initialize Class Name'),(957,'modmaker','It might cause you to have to reinstall phpWebSite','It might cause you to have to reinstall phpWebSite'),(958,'modmaker','Mod Directory','Mod Directory'),(959,'modmaker','Mod Filename','Mod Filename'),(960,'modmaker','Mod Maker Administration','Mod Maker Administration'),(961,'modmaker','Mod Title','Mod Title'),(962,'modmaker','Module Permission','Module Permission'),(963,'modmaker','Module information file written to conf directory','Module information file written to conf directory'),(964,'modmaker','Module information file written to setup directory','Module information file written to setup directory'),(965,'modmaker','Only','Only'),(966,'modmaker','Permissions Table','Permissions Table'),(967,'modmaker','Priority','Priority'),(968,'modmaker','Proper Name','Proper Name'),(969,'modmaker','Remove Module','Remove Module'),(970,'modmaker','Removing this module from the system could have serious consequences','Removing this module from the system could have serious consequences'),(971,'modmaker','Rights File','Rights File'),(972,'modmaker','Session Variables','Session Variables'),(973,'modmaker','Unable to write to this module\'s setup directory','Unable to write to this module\'s setup directory'),(974,'modmaker','Uncheck to confirm','Uncheck to confirm'),(975,'modmaker','Update Module','Update Module'),(976,'modmaker','User','User'),(977,'modmaker','Yes, only deities may access','Yes, only deities may access'),(978,'menuman','Activate / Deactivate','Activate / Deactivate'),(979,'menuman','Active Image','Active Image'),(980,'menuman','Active','Active'),(981,'menuman','Add A Menu Link','Add A Menu Link'),(982,'menuman','Add Menu Item','Add Menu Item'),(983,'menuman','Add Module Default','Add Module Default'),(984,'menuman','Add Module User Links','Add Module User Links'),(985,'menuman','Add Under','Add Under'),(986,'menuman','Add to top level','Add to top level'),(987,'menuman','All selected menu items and sub-items were successfully deleted from the database.','All selected menu items and sub-items were successfully deleted from the database.'),(988,'menuman','All the menu items were successfully updated to the database.','All the menu items were successfully updated to the database.'),(989,'menuman','Are you sure you want delete the image [var1]?','Are you sure you want delete the image [var1]?'),(990,'menuman','Are you sure you want to delete the menu [var1] ?','Are you sure you want to delete the menu [var1] ?'),(991,'menuman','Are you sure you want to delete these menu items and their sub-items?','Are you sure you want to delete these menu items and their sub-items?'),(992,'menuman','Back To Main','Back To Main'),(993,'menuman','Character','Character'),(994,'menuman','Choose a module\'s user functionality to add to your menu','Choose a module\'s user functionality to add to your menu'),(995,'menuman','Content Var','Content Var'),(996,'menuman','Create A New Menu','Create A New Menu'),(997,'menuman','Create Menu','Create Menu'),(998,'menuman','Current Menus','Current Menus'),(999,'menuman','Default Image','Default Image'),(1000,'menuman','Delete Image Confirmation','Delete Image Confirmation'),(1001,'menuman','Delete Menu Confirmation','Delete Menu Confirmation'),(1002,'menuman','Delete Menu Items Confirmation','Delete Menu Items Confirmation'),(1003,'menuman','Delete Menu Items','Delete Menu Items'),(1004,'menuman','Delete an image','Delete an image'),(1005,'menuman','Display','Display'),(1006,'menuman','Edit [var1] Settings','Edit [var1] Settings'),(1007,'menuman','Error','Error'),(1008,'menuman','File [var1] is not an allowed file for this option.','File [var1] is not an allowed file for this option.'),(1009,'menuman','Highlight Color','Highlight Color'),(1010,'menuman','Horizontal','Horizontal'),(1011,'menuman','Image Deleted','Image Deleted'),(1012,'menuman','Image Manager','Image Manager'),(1013,'menuman','Image Map','Image Map'),(1014,'menuman','Image','Image'),(1015,'menuman','Indent Item','Indent Item'),(1016,'menuman','List Menus','List Menus'),(1017,'menuman','Main Menu','Main Menu'),(1018,'menuman','Menu Deleted','Menu Deleted'),(1019,'menuman','Menu Image Manager','Menu Image Manager'),(1020,'menuman','Menu Indent','Menu Indent'),(1021,'menuman','Menu Item Added','Menu Item Added'),(1022,'menuman','Menu Items for [var1].','Menu Items for [var1].'),(1023,'menuman','Menu Manager Administration','Menu Manager Administration'),(1024,'menuman','Menu Spacer','Menu Spacer'),(1025,'menuman','Menu Successfully Created','Menu Successfully Created'),(1026,'menuman','Menu Title','Menu Title'),(1027,'menuman','Menu URL','Menu URL'),(1028,'menuman','No Menu Deleted','No Menu Deleted'),(1029,'menuman','No items for this menu.','No items for this menu.'),(1030,'menuman','No menu items for this menu.','No menu items for this menu.'),(1031,'menuman','No menu items were deleted from the database.','No menu items were deleted from the database.'),(1032,'menuman','No menu was deleted from the database.','No menu was deleted from the database.'),(1033,'menuman','Not Active','Not Active'),(1034,'menuman','Nothing Deleted','Nothing Deleted'),(1035,'menuman','Open Image','Open Image'),(1036,'menuman','Order','Order'),(1037,'menuman','Pagemaster Page','Pagemaster Page'),(1038,'menuman','Save New Menu','Save New Menu'),(1039,'menuman','Select which menu you would like to add the link to.','Select which menu you would like to add the link to.'),(1040,'menuman','Select','Select'),(1041,'menuman','Settings','Settings'),(1042,'menuman','Submit Announcement','Submit Announcement'),(1043,'menuman','Template','Template'),(1044,'menuman','The Menu Manager allows you to add and create dynamic menus. Menus are used to link to stuff from your site and other sites.','The Menu Manager allows you to add and create dynamic menus. Menus are used to link to stuff from your site and other sites.'),(1045,'menuman','The image [var1] was successfully deleted.','The image [var1] was successfully deleted.'),(1046,'menuman','The images directory set in the menuman config file could not be found this will cause all image options to fail.','The images directory set in the menuman config file could not be found this will cause all image options to fail.'),(1047,'menuman','The menu [var1] was successfully deleted from the database.','The menu [var1] was successfully deleted from the database.'),(1048,'menuman','The menu [var1] you created was successfully added to the database.','The menu [var1] you created was successfully added to the database.'),(1049,'menuman','The menu [var1] you edited was successfully updated to the database.','The menu [var1] you edited was successfully updated to the database.'),(1050,'menuman','The menu item you added was successfully updated to the database and added to [var1].','The menu item you added was successfully updated to the database and added to [var1].'),(1051,'menuman','There are no menus in the database at this time.','There are no menus in the database at this time.'),(1052,'menuman','There are no menus to choose, this process cannot continue.','There are no menus to choose, this process cannot continue.'),(1053,'menuman','Turn Off Advanced Edit','Turn Off Advanced Edit'),(1054,'menuman','Turn On Advanced Edit','Turn On Advanced Edit'),(1055,'menuman','URL','URL'),(1056,'menuman','Update Menu Items','Update Menu Items'),(1057,'menuman','Update Settings Successful','Update Settings Successful'),(1058,'menuman','Update Successful','Update Successful'),(1059,'menuman','Upload an image to use as a menu marker.','Upload an image to use as a menu marker.'),(1060,'menuman','Upload','Upload'),(1061,'menuman','Vertical','Vertical'),(1062,'menuman','When selecting a pagemaster page leave the menu url field blank.','When selecting a pagemaster page leave the menu url field blank.'),(1063,'menuman','You must give your menu link a title','You must give your menu link a title'),(1064,'documents','list','list'),(1065,'documents','edit','edit'),(1066,'documents','print','print'),(1067,'documents','ID','ID'),(1068,'documents','Files','Files'),(1069,'documents','Save','Save'),(1070,'documents','Add Files','Add Files'),(1071,'documents','File upload messages','File upload messages'),(1072,'documents','view','view'),(1073,'documents','delete','delete'),(1074,'documents','The date entered was not the correct format','The date entered was not the correct format'),(1075,'documents','There was a problem saving to the database','There was a problem saving to the database'),(1076,'documents','Save successful','Save successful'),(1077,'documents','You do not have permission to [var1]','You do not have permission to [var1]'),(1078,'documents','The [var1] and all its files were successfully deleted from the database.','The [var1] and all its files were successfully deleted from the database.'),(1079,'documents','No [var1] was deleted from the database','No [var1] was deleted from the database'),(1080,'documents','Delete [var1] confirmation','Delete [var1] confirmation'),(1081,'documents','Yes','Yes'),(1082,'documents','No','No'),(1083,'documents','Are you sure you want to delete the [var1] and all the files associated with it?','Are you sure you want to delete the [var1] and all the files associated with it?'),(1084,'documents','download','download'),(1085,'documents','All available','All available'),(1086,'documents','Unapproved','Unapproved'),(1087,'documents','settings','settings'),(1088,'documents','new','new'),(1089,'documents','search','search'),(1090,'documents','all','all'),(1091,'documents','One of the dates entered was not valid.','One of the dates entered was not valid.'),(1092,'documents','Country','Country'),(1093,'documents','Court Type','Court Type'),(1094,'documents','From','Form'),(1095,'documents','To','To'),(1096,'documents','Keyword','Keyword'),(1097,'documents','edit settings','edit settings'),(1098,'documents','Settings saved successfully','Settings saved successfully'),(1099,'documents','Anonymous users can [var1]','Anonymous users can [var1]'),(1100,'documents','Show most recent block','Show most recent block'),(1101,'documents','must be approved','must be approved'),(1102,'documents','Recently Added','Recently Added'),(1103,'documents','Date','Date'),(1104,'documents','add','add'),(1105,'documents','The [var1] were successfully deleted from the database.','The [var1] were successfully deleted from the database.'),(1106,'documents','No [var1] were deleted from the database.','No [var1] were deleted from the database.'),(1107,'documents','Are you sure you want to refuse these [var1] and delete them from the database?','Are you sure you want to refuse these [var1] and delete them from the database?'),(1108,'documents','Back to [var1]','Back to [var1]'),(1109,'documents','How many files would you like to upload?','How many files would you like to upload?'),(1110,'documents','Please select your files and the click Upload.','Please select your files and the click Upload.'),(1111,'documents','Update','Update'),(1112,'documents','Upload','Upload'),(1113,'documents','Unable to save to the database.','Unable to save to the database.'),(1114,'documents','File successfully uploaded.','File successfully uploaded.'),(1115,'documents','There was a problem uploading the specified file.','There was a problem uploading the specified file.'),(1116,'documents','The file uploaded was not an allowed file type.','The file uploaded was not an allowed file type.'),(1117,'documents','The file exceeded the max size allowed.','The file exceeded the max size allowed.'),(1118,'documents','The file was only partially uploaded.','The file was only partially uploaded.'),(1119,'documents','No file was selected to be uploaded.','No file was selected to be uploaded.'),(1120,'documents','Upload Files','Upload Files'),(1121,'documents','Label','Label'),(1122,'documents','Updated','Updated'),(1123,'documents','Description','Description'),(1124,'documents','Hide','Hide'),(1125,'documents','Show','Show'),(1126,'documents','Approve','Approve'),(1127,'documents','Disapprove','Disapprove'),(1128,'documents','Name','Name'),(1129,'documents','Submitted','Submitted'),(1130,'calendar','All Day Event','All Day Event'),(1131,'calendar','All Day','All Day'),(1132,'calendar','Append','Append'),(1133,'calendar','Apr','Apr'),(1134,'calendar','April','April'),(1135,'calendar','Are you certain you want to delete this event','Are you certain you want to delete this event'),(1136,'calendar','Aug','Aug'),(1137,'calendar','August','August'),(1138,'calendar','Beginning of each month','Beginning of each month'),(1139,'calendar','Box Views','Box Views'),(1140,'calendar','Cache Calendar Events','Cache Calendar Events'),(1141,'calendar','Cache Calendar Views','Cache Calendar Views'),(1142,'calendar','Calendar Events','Calendar Events'),(1143,'calendar','Calendar Settings','Calendar Settings'),(1144,'calendar','Calendar','Calendar'),(1145,'calendar','Categories','Categories'),(1146,'calendar','Conversion Complete','Conversion Complete'),(1147,'calendar','Convert [var1] File','Convert [var1] File'),(1148,'calendar','Create Event','Create Event'),(1149,'calendar','Create New Event','Create New Event'),(1150,'calendar','Daily repeats must not exceed one day in duration','Daily repeats must not exceed one day in duration'),(1151,'calendar','Daily','Daily'),(1152,'calendar','Day','Day'),(1153,'calendar','Days Ahead','Days Ahead'),(1154,'calendar','Deadline','Deadline'),(1155,'calendar','Dec','Dec'),(1156,'calendar','December','December'),(1157,'calendar','Delete Confirmation','Delete Confirmation'),(1158,'calendar','Delete','Delete'),(1159,'calendar','Do not use','Do not use'),(1160,'calendar','Edit Event','Edit Event'),(1161,'calendar','Edit','Edit'),(1162,'calendar','End Date','End Date'),(1163,'calendar','End Time','End Time'),(1164,'calendar','End of each month','End of each month'),(1165,'calendar','Event Deleted','Event Deleted'),(1166,'calendar','Event Type','Event Type'),(1167,'calendar','Event calendar for phpWebSite.','Event calendar for phpWebSite.'),(1168,'calendar','Event created successfully','Event created successfully'),(1169,'calendar','Event submitted for approval','Event submitted for approval'),(1170,'calendar','Event updated successfully','Event updated successfully'),(1171,'calendar','Every Month','Every Month'),(1172,'calendar','Every month on Start Date','Every month on Start Date'),(1173,'calendar','Every','Every'),(1174,'calendar','Feb','Feb'),(1175,'calendar','February','February'),(1176,'calendar','Fri','Fri'),(1177,'calendar','Friday','Friday'),(1178,'calendar','From','From'),(1179,'calendar','Interval','Interval'),(1180,'calendar','Invalid end date','Invalid end date'),(1181,'calendar','Invalid start date','Invalid start date'),(1182,'calendar','Jan','Jan'),(1183,'calendar','January','January'),(1184,'calendar','Jul','Jul'),(1185,'calendar','July','July'),(1186,'calendar','Jun','Jun'),(1187,'calendar','June','June'),(1188,'calendar','Link Directly','Link Directly'),(1189,'calendar','Mar','Mar'),(1190,'calendar','March','March'),(1191,'calendar','May','May'),(1192,'calendar','Mini Month','Mini Month'),(1193,'calendar','Mon','Mon'),(1194,'calendar','Monday','Monday'),(1195,'calendar','Month','Month'),(1196,'calendar','Monthly','Monthly'),(1197,'calendar','No Categories Available','No Categories Available'),(1198,'calendar','No Groups Available','No Groups Available'),(1199,'calendar','No events today','No events today'),(1200,'calendar','No events','No events'),(1201,'calendar','No pages available','No pages available'),(1202,'calendar','Nov','Nov'),(1203,'calendar','November','November'),(1204,'calendar','Oct','Oct'),(1205,'calendar','October','October'),(1206,'calendar','Other Settings','Other Settings'),(1207,'calendar','Pick Day','Pick Day'),(1208,'calendar','Repeat Event until','Repeat Event until'),(1209,'calendar','Repeat dates must extend beyond the date of the event','Repeat dates must extend beyond the date of the event'),(1210,'calendar','Restrict View','Restrict View'),(1211,'calendar','Sat','Sat'),(1212,'calendar','Saturday','Saturday'),(1213,'calendar','Sep','Sep'),(1214,'calendar','September','September'),(1215,'calendar','Settings Updated','Settings Updated'),(1216,'calendar','Start Date','Start Date'),(1217,'calendar','Start Time','Start Time'),(1218,'calendar','Starts At','Starts At'),(1219,'calendar','Submit Event','Submit Event'),(1220,'calendar','Sun','Sun'),(1221,'calendar','Sunday','Sunday'),(1222,'calendar','The End Time must be greater than the Start Time on a single day, interval event','The End Time must be greater than the Start Time on a single day, interval event'),(1223,'calendar','The Start Date must be less than the End Date in an interval event','The Start Date must be less than the End Date in an interval event'),(1224,'calendar','This event repeats [var1] [var2] [var3]','This event repeats [var1] [var2] [var3]'),(1225,'calendar','Thu','Thu'),(1226,'calendar','Thursday','Thursday'),(1227,'calendar','To','To'),(1228,'calendar','Today\'s Events','Today\'s Events'),(1229,'calendar','Tue','Tue'),(1230,'calendar','Tuesday','Tuesday'),(1231,'calendar','Update Event','Update Event'),(1232,'calendar','Update Settings','Update Settings'),(1233,'calendar','User Submitted Events','User Submitted Events'),(1234,'calendar','View Options','View Options'),(1235,'calendar','Wed','Wed'),(1236,'calendar','Wednesday','Wednesday'),(1237,'calendar','Week','Week'),(1238,'calendar','Weekly repeats must not exceed one day in duration','Weekly repeats must not exceed one day in duration'),(1239,'calendar','Weekly','Weekly'),(1240,'calendar','Year','Year'),(1241,'calendar','Yearly','Yearly'),(1242,'calendar','at the beginning of each month','at the beginning of each month'),(1243,'calendar','at the end of each month','at the end of each month'),(1244,'calendar','every [var1]','every [var1]'),(1245,'calendar','first','first'),(1246,'calendar','fourth','fourth'),(1247,'calendar','on the [var1] [var2] of every [var3]','on the [var1] [var2] of every [var3]'),(1248,'calendar','on this day each month','on this day each month'),(1249,'calendar','on this day each year','on this day each year'),(1250,'calendar','second','second'),(1251,'calendar','third','third'),(1252,'calendar','until','until'),(1253,'branch','Are you absolutely sure you want to unregister this branch','Are you absolutely sure you want to unregister this branch'),(1254,'branch','Branch Created Successfully','Branch Created Successfully'),(1255,'branch','Branch Directory','Branch Directory'),(1256,'branch','Branch Name','Branch Name'),(1257,'branch','Branch Web Address','Branch Web Address'),(1258,'branch','Branch already exists','Branch already exists'),(1259,'branch','Branch database populated successfully','Branch database populated successfully'),(1260,'branch','Branch directory created successfully','Branch directory created successfully'),(1261,'branch','Branch registered successfully to hub','Branch registered successfully to hub'),(1262,'branch','Click Here to Create Branch','Click Here to Create Branch'),(1263,'branch','Click on Create Branch to get started','Click on Create Branch to get started'),(1264,'branch','Configuration File written successfully','Configuration File written successfully'),(1265,'branch','Configuration file deleted','Configuration file deleted'),(1266,'branch','Create Branch','Create Branch'),(1267,'branch','Creates branch sites off your hub code.','Creates branch sites off your hub code.'),(1268,'branch','Creating Branch','Creating Branch'),(1269,'branch','Edit Branch','Edit Branch'),(1270,'branch','Error','Error'),(1271,'branch','Expert Create Branch','Expert Create Branch'),(1272,'branch','Expert Update Branch','Expert Update Branch'),(1273,'branch','Invalid Branch Name','Invalid Branch Name'),(1274,'branch','Make sure to delete the branch directory and database','Make sure to delete the branch directory and database'),(1275,'branch','Manage Branches','Manage Branches'),(1276,'branch','Message','Message'),(1277,'branch','No branch sites found','No branch sites found'),(1278,'branch','Remove Branch','Remove Branch'),(1279,'branch','Return after you have changed the permissions','Return after you have changed the permissions'),(1280,'branch','Table Prefix','Table Prefix'),(1281,'branch','The installation directory is not writable','The installation directory is not writable'),(1282,'branch','There is already an installation of phpWebSite in this database','There is already an installation of phpWebSite in this database'),(1283,'branch','Try logging on','Try logging on'),(1284,'branch','Unable to make database connection with the information supplied','Unable to make database connection with the information supplied'),(1285,'branch','Unable to write branch directory','Unable to write branch directory'),(1286,'branch','Update Complete','Update Complete'),(1287,'branch','Welcome to Branch Creator','Welcome to Branch Creator'),(1288,'branch','You need to create a database named [var1]','You need to create a database named [var1]'),(1289,'branch','You need to create a database with this name first','You need to create a database with this name first'),(1290,'branch','Your are missing crucial database information','Your are missing crucial database information'),(1291,'branch','Your configuration directory is not writable','Your configuration directory is not writable'),(1292,'comments','(0 is maximum)','(0 is maximum)'),(1293,'comments','(0 is unlimited)','(0 is unlimited)'),(1294,'comments','Are you sure you want to delete this thread and all its comments?','Are you sure you want to delete this thread and all its comments?'),(1295,'comments','Back To Thread','Back To Thread'),(1296,'comments','By','By'),(1297,'comments','Comment Administrative Settings','Comment Administrative Settings'),(1298,'comments','Comment Manager Main Menu','Comment Manager Main Menu'),(1299,'comments','Comment Restriction','Comment Restriction'),(1300,'comments','Comment User Settings','Comment User Settings'),(1301,'comments','Comment','Comment'),(1302,'comments','Comments','Comments'),(1303,'comments','Delete Thread Confirmation','Delete Thread Confirmation'),(1304,'comments','Display method for the comments.','Display method for the comments.'),(1305,'comments','Edit Comment','Edit Comment'),(1306,'comments','Edit Reason','Edit Reason'),(1307,'comments','Edited By','Edited By'),(1308,'comments','Last Post','Last Post'),(1309,'comments','List Comment Manager Threads','List Comment Manager Threads'),(1310,'comments','List Threads','List Threads'),(1311,'comments','Location','Location'),(1312,'comments','Make a comment','Make a comment'),(1313,'comments','Max size for a comment in characters.','Max size for a comment in characters.'),(1314,'comments','Max submissions from one ip.','Max submissions from one ip.'),(1315,'comments','On','On'),(1316,'comments','Order the comments are to be displayed.','Order the comments are to be displayed.'),(1317,'comments','Personal Comment settings allows you to set the default way you view comment threads on the site.','Personal Comment settings allows you to set the default way you view comment threads on the site.'),(1318,'comments','Post Comment','Post Comment'),(1319,'comments','Post annonymously','Post annonymously'),(1320,'comments','Post anonymously','Post anonymously'),(1321,'comments','Post','Post'),(1322,'comments','Posted on','Posted on'),(1323,'comments','Preview Comment','Preview Comment'),(1324,'comments','Preview Edited Comment','Preview Edited Comment'),(1325,'comments','Preview','Preview'),(1326,'comments','Re','Re'),(1327,'comments','Reason for edit','Reason for edit'),(1328,'comments','Reply','Reply'),(1329,'comments','Save','Save'),(1330,'comments','Subject','Subject'),(1331,'comments','The Comment Manager administration allows you to manage all of the comment threads on your site.','The Comment Manager administration allows you to manage all of the comment threads on your site.'),(1332,'comments','The comments are owned by the poster. We are not responsible for its content.','The comments are owned by the poster. We are not responsible for its content.'),(1333,'comments','The following settings are the default settings for users and anonymous vistors of the site.','The following settings are the default settings for users and anonymous vistors of the site.'),(1334,'comments','The following settings are the default settings for when you view comments.','The following settings are the default settings for when you view comments.'),(1335,'comments','The thread was successfully deleted from the database.','The thread was successfully deleted from the database.'),(1336,'comments','There are no comment threads in the database.','There are no comment threads in the database.'),(1337,'comments','These settings set restrictions for the Comment Manager to enforce.','These settings set restrictions for the Comment Manager to enforce.'),(1338,'comments','Thread Deleted','Thread Deleted'),(1339,'comments','Threaded','Threaded'),(1340,'comments','Threads','Threads'),(1341,'comments','View','View'),(1342,'comments','You are currently logged in as','You are currently logged in as'),(1343,'comments','You have exceeded the maximum number allowed comments for this forum.','You have exceeded the maximum number allowed comments for this forum.'),(1344,'comments','No Subject','No Subject'),(1345,'photoalbum','Access Denied!','Access Denied!'),(1346,'photoalbum','Add a photo','Add a photo'),(1347,'photoalbum','Are you sure you want to delete this album and all the photos associated with it?','Are you sure you want to delete this album and all the photos associated with it?'),(1348,'photoalbum','Are you sure you want to delete this photo?','Are you sure you want to delete this photo?'),(1349,'photoalbum','Back to album','Back to album'),(1350,'photoalbum','Continue','Continue'),(1351,'photoalbum','Delete Album Confirmation','Delete Album Confirmation'),(1352,'photoalbum','Delete Album','Delete Album'),(1353,'photoalbum','Delete Photo Confirmation','Delete Photo Confirmation'),(1354,'photoalbum','Edit Album','Edit Album'),(1355,'photoalbum','Edit Photo','Edit Photo'),(1356,'photoalbum','Extended','Extended'),(1357,'photoalbum','Height','Height'),(1358,'photoalbum','Limits','Limits'),(1359,'photoalbum','List Albums','List Albums'),(1360,'photoalbum','New Album','New Album'),(1361,'photoalbum','New Photo','New Photo'),(1362,'photoalbum','No album was deleted from the database.','No album was deleted from the database.'),(1363,'photoalbum','No photo was deleted from the database.','No photo was deleted from the database.'),(1364,'photoalbum','No photos were found for this album.','No photos were found for this album.'),(1365,'photoalbum','Photo Album','Photo Album'),(1366,'photoalbum','Photo Albums','Photo Albums'),(1367,'photoalbum','Print','Print'),(1368,'photoalbum','Short','Short'),(1369,'photoalbum','Sticky','Sticky'),(1370,'photoalbum','The Photo Album [var1] was successfully saved.','The Photo Album [var1] was successfully saved.'),(1371,'photoalbum','The Photo Album allows you to manage sets of image galleries.','The Photo Album allows you to manage sets of image galleries.'),(1372,'photoalbum','The Photo [var1] was successfully saved.','The Photo [var1] was successfully saved.'),(1373,'photoalbum','The album [var1] and all its photos were successfully deleted from the database.','The album [var1] and all its photos were successfully deleted from the database.'),(1374,'photoalbum','The photo [var1] was successfully deleted from the database.','The photo [var1] was successfully deleted from the database.'),(1375,'photoalbum','This album is currently hidden from the public.','This album is currently hidden from the public.'),(1376,'photoalbum','Upload Image','Upload Image'),(1377,'photoalbum','View Photo','View Photo'),(1378,'photoalbum','Visible','Visible'),(1379,'photoalbum','Width','Width'),(1380,'photoalbum','You do not have permission to add photoalbums.','You do not have permission to add photoalbums.'),(1381,'photoalbum','You do not have permission to add photos within an album.','You do not have permission to add photos within an album.'),(1382,'photoalbum','You do not have permission to delete entire photo albums.','You do not have permission to delete entire photo albums.'),(1383,'photoalbum','You do not have permission to edit photoalbums.','You do not have permission to edit photoalbums.'),(1384,'photoalbum','You do not have permission to edit photos within an album.','You do not have permission to edit photos within an album.'),(1385,'photoalbum','The following photos are missing descriptions.','The following photos are missing descriptions.'),(1386,'photoalbum','Hidden','Hidden'),(1387,'photoalbum','Number of photos (select before uploading)','Number of photos (select before uploading)'),(1388,'photoalbum','Photo Number','Photo Number'),(1389,'photoalbum','Batch Add Photos','Batch Add Photos'),(1390,'photoalbum','Batch Add','Batch Add'),(1391,'photoalbum','Activity','Activity'),(1392,'pagemaster','ATTENTION!','ATTENTION!'),(1393,'pagemaster','All menu links removed','All menu links removed'),(1394,'pagemaster','Are you sure you want to delete','Are you sure you want to delete'),(1395,'pagemaster','Are you sure you wish to ','Are you sure you wish to'),(1396,'pagemaster','delete','delete'),(1397,'pagemaster',' the page ',' the page'),(1398,'pagemaster','Back to List Pages','Back to List Pages'),(1399,'pagemaster','CURRENT','CURRENT'),(1400,'pagemaster','Confirm Page Deletion!','Confirm Page Deletion!'),(1401,'pagemaster','Continue','Continue'),(1402,'pagemaster','Created By','Created By'),(1403,'pagemaster','Created on [var1] by [var2]','Created on [var1] by [var2]'),(1404,'pagemaster','Current Pages','Current Pages'),(1405,'pagemaster','Currently this page is not available','Currently this page is not available'),(1406,'pagemaster','ERROR!','ERROR!'),(1407,'pagemaster','Edit Page Settings','Edit Page Settings'),(1408,'pagemaster','Edit Page Title','Edit Page Title'),(1409,'pagemaster','Edit Section','Edit Section'),(1410,'pagemaster','External Page','External Page'),(1411,'pagemaster','Finish','Finish'),(1412,'pagemaster','Go here to create and edit your site\'s web pages.','Go here to create and edit your site\'s web pages.'),(1413,'pagemaster','Image URL','Image URL'),(1414,'pagemaster','In A Box','In A Box'),(1415,'pagemaster','Input Title','Input Title'),(1416,'pagemaster','Internal Page','Internal Page'),(1417,'pagemaster','Invalid page id specified! Page does not exist!','Invalid page id specified! Page does not exist!'),(1418,'pagemaster','Last Updated By','Last Updated By'),(1419,'pagemaster','List Pages','List Pages'),(1420,'pagemaster','Main Menu','Main Menu'),(1421,'pagemaster','Mainpage','Mainpage'),(1422,'pagemaster','New Page','New Page'),(1423,'pagemaster','New Section','New Section'),(1424,'pagemaster','New Window','New Window'),(1425,'pagemaster','Notice','Notice'),(1426,'pagemaster','Page Deleted!','Page Deleted!'),(1427,'pagemaster','Page Information','Page Information'),(1428,'pagemaster','Page Saved!','Page Saved!'),(1429,'pagemaster','Page Submitted for Approval!','Page Submitted for Approval!'),(1430,'pagemaster','Page Template','Page Template'),(1431,'pagemaster','Page Title','Page Title'),(1432,'pagemaster','Page is currently hidden','Page is currently hidden'),(1433,'pagemaster','Page is not currently active','Page is not currently active'),(1434,'pagemaster','Page not active','Page not active'),(1435,'pagemaster','Page not viewable','Page not viewable'),(1436,'pagemaster','PageMaster','PageMaster'),(1437,'pagemaster','Please make sure the page is setup the way you like and <b>all sections are saved</b> before selecting SAVE PAGE!','Please make sure the page is setup the way you like and <b>all sections are saved</b> before selecting SAVE PAGE!'),(1438,'pagemaster','Please make sure the page is setup the way you like and <b>all sections are saved</b> before selecting SAVE PAGE!<br />You <b>can</b> return and edit this page after you have saved it.','Please make sure the page is setup the way you like and <b>all sections are saved</b> before selecting SAVE PAGE!<br />You <b>can</b> return and edit this page after you have saved it.'),(1439,'pagemaster','Printable Version','Printable Version'),(1440,'pagemaster','Remove Image?','Remove Image?'),(1441,'pagemaster','SAVE PAGE','SAVE PAGE'),(1442,'pagemaster','Save Section','Save Section'),(1443,'pagemaster','Section Text','Section Text'),(1444,'pagemaster','Section Title','Section Title'),(1445,'pagemaster','Set Main Page','Set Main Page'),(1446,'pagemaster','Set Page Options','Set Page Options'),(1447,'pagemaster','Set Title','Set Title'),(1448,'pagemaster','Short Image Description','Short Image Description'),(1449,'pagemaster','Some menu links could not be removed','Some menu links could not be removed'),(1450,'pagemaster','Subtitle','Subtitle'),(1451,'pagemaster','Template','Template'),(1452,'pagemaster','Text','Text'),(1453,'pagemaster','The page','The page'),(1454,'pagemaster','There was a problem uploading the image you submitted!<br />Please check the permissions on your image directory and try again.','There was a problem uploading the image you submitted!<br />Please check the permissions on your image directory and try again.'),(1455,'pagemaster','Title','Title'),(1456,'pagemaster','Unable to find requested template','Unable to find requested template'),(1457,'pagemaster','Unsaved Pages','Unsaved Pages'),(1458,'pagemaster','Updated on [var1] by [var2]','Updated on [var1] by [var2]'),(1459,'pagemaster','Warning','WARNING'),(1460,'pagemaster','You <b>can</b> return and edit this page after you have saved it','You <b>can</b> return and edit this page after you have saved it'),(1461,'pagemaster','You must provide a short description for your image.','You must provide a short description for your image.'),(1462,'pagemaster','Your page has sent the administrator for approval!','Your page has sent the administrator for approval!'),(1463,'pagemaster','Your page has successfully been saved to the database!','Your page has successfully been saved to the database!'),(1464,'pagemaster','has successfully been <b>deleted</b>!','has successfully been <b>deleted</b>!'),(1465,'pagemaster','on','on'),(1466,'pagemaster','Move Section','Move Section'),(1467,'rssfeeds','Add RSS Feed','Add RSS Feed'),(1468,'rssfeeds','Title','Title'),(1469,'rssfeeds','Hidden','Hidden'),(1470,'rssfeeds','ID','ID'),(1471,'rssfeeds','Edit','Edit'),(1472,'rssfeeds','Delete','Delete'),(1473,'rssfeeds','Hide','Hide'),(1474,'rssfeeds','Show','Show'),(1475,'rssfeeds','View','View'),(1476,'rssfeeds','Link','Link'),(1477,'rssfeeds','Description','Description'),(1478,'rssfeeds','Back','Back'),(1479,'rssfeeds','Update','Update'),(1480,'rssfeeds','Footer','Footer'),(1481,'rssfeeds','Save','Save'),(1482,'rssfeeds','Continue','Continue'),(1483,'rssfeeds','Error','Error'),(1484,'rssfeeds','Category','Category'),(1485,'rssfeeds','Create Menu Link','Create Menu Link'),(1486,'rssfeeds','Channel','Channel'),(1487,'rssfeeds','Yes','Yes'),(1488,'rssfeeds','No','No'),(1489,'rssfeeds','Edit RSS Feed','Edit RSS Feed'),(1490,'rssfeeds','Channel Title','Channel Title'),(1491,'rssfeeds','Choose one or more categories that best fit this channel.','Choose one or more categories that best fit this channel.'),(1492,'rssfeeds','Choose a title that best fits this RSS Feed.','Choose a title that best fits this RSS Feed.'),(1493,'rssfeeds','Channel URL','Channel URL'),(1494,'rssfeeds','Enter the URL for this RSS Feed.','Enter the URL for this RSS Feed.'),(1495,'rssfeeds','Select a footer to appear at the bottom of this feed. You may need a disclaimer for some content, this is a good place for it.','Select a footer to appear at the bottom of this feed. You may need a disclaimer for some content, this is a good place for it.'),(1496,'rssfeeds','Show Channel Title','Show Channel Title'),(1497,'rssfeeds','Selecting Yes with this option shows the channel title for this RSS feed.','Selecting Yes with this option shows the channel title for this RSS feed.'),(1498,'rssfeeds','Show Channel Image','Show Channel Image'),(1499,'rssfeeds','Selecting Yes with this option shows the channel image for this RSS feed.','Selecting Yes with this option shows the channel image for this RSS feed.'),(1500,'rssfeeds','Show Channel Title as Link','Show Channel Title as Link'),(1501,'rssfeeds','Selecting Yes with this option shows the channel title as a link.','Selecting Yes with this option shows the channel title as a link.'),(1502,'rssfeeds','Show Channel Description','Show Channel Description'),(1503,'rssfeeds','Selecting Yes with this option shows the channel description.','Selecting Yes with this option shows the channel description.'),(1504,'rssfeeds','Show on Home Page','Show on Home Page'),(1505,'rssfeeds','Show in Block','Show in Block'),(1506,'rssfeeds','Allow Block View','Allow Block View'),(1507,'rssfeeds','The allow view option allows you to choose when the block will show up on the page. Choose which modules need to be active in order for the block to appear.','The allow view option allows you to choose when the block will show up on the page. Choose which modules need to be active in order for the block to appear.'),(1508,'rssfeeds','View with Pagemaster page','View with Pagemaster page'),(1509,'rssfeeds','The view  with Pagemaster pages option allows you to choose which pages the block will show up on. Choose which pages need to be active in order for the block to appear.','The view  with Pagemaster pages option allows you to choose which pages the block will show up on. Choose which pages need to be active in order for the block to appear.'),(1510,'rssfeeds','Checking this option will make this feed appear on the home page in the main area.','Checking this option will make this feed appear on the home page in the main area.'),(1511,'rssfeeds','Checking this option will make this item appear in the block.','Checking this option will make this item appear in the block.'),(1512,'rssfeeds','RSS Feed deleted.','RSS Feed deleted.'),(1513,'rssfeeds','RSS Feed NOT deleted.','RSS Feed NOT deleted.'),(1514,'rssfeeds','Delete this RSS Feed?','Delete this RSS Feed?'),(1515,'rssfeeds','RSS Feeds','RSS Feeds'),(1516,'rssfeeds','RSS News Feeds','RSS News Feeds'),(1517,'rssfeeds','Please enter a RSS Feed title.','Please enter a RSS Feed title.'),(1518,'rssfeeds','Expiration','Expiration'),(1519,'rssfeeds','Select the number of minutes for the RSS Feed to expire from the cache.','Select the number of minutes for the RSS Feed to expire from the cache.'),(1520,'rssfeeds','Target Window','Target Window'),(1521,'rssfeeds','Choose the target window for links to open in when an article or title is clicked.','Choose the target window for links to open in when an article or title is clicked.'),(1522,'rssfeeds','RSS Feed saved.','RSS Feed saved.'),(1523,'rssfeeds','RSS Feed updated.','RSS Feed updated.'),(1524,'rssfeeds','Sorry, that is not a working RSS feed.','Sorry, that is not a working RSS feed.'),(1525,'rssfeeds','More Feeds','More Feeds'),(1526,'rssfeeds','Return to Feeds List','Return to Feeds List'),(1527,'rssfeeds','Select Modules Allowed','Select Modules Allowed'),(1528,'rssfeeds','Add Menu Link','Add Menu Link'),(1529,'rssfeeds','All RSS Feeds tables successfully written.','All RSS Feeds tables successfully written.'),(1530,'rssfeeds','RSS Feeds successfully registered with Help system.','RSS Feeds successfully registered with Help system.'),(1531,'rssfeeds','News Feeds','News Feeds'),(1532,'rssfeeds','RSS Feeds NOT registered with Search system.','RSS Feeds NOT registered with Search system.'),(1533,'rssfeeds','RSS Feeds successfully registered with Search system.','RSS Feeds successfully registered with Search system.'),(1534,'rssfeeds','Unable to write to the database.','Unable to write to the database.'),(1535,'rssfeeds','All RSS Feeds tables successfully removed.','All RSS Feeds tables successfully removed.'),(1536,'rssfeeds','RSS Feeds removed from Help system.','RSS Feeds removed from Help system.'),(1537,'rssfeeds','RSS Feeds removed from Search system.','RSS Feeds removed from Search system.'),(1538,'rssfeeds','RSS Feeds removed from Layout system.','RSS Feeds removed from Layout system.'),(1539,'rssfeeds','Unable to access the database.','Unable to access the database.'),(1540,'rssfeeds','Manage Local Feeds','Manage Local Feeds'),(1541,'rssfeeds','Click this link to create backed RSS feed files to share your site information with other websites and news aggregators.','Click this link to create backed RSS feed files to share your site information with other websites and news aggregators.'),(1542,'rssfeeds','Add Local RSS Feed','Add Local RSS Feed'),(1543,'rssfeeds','Edit Backend Feed','Edit Backend Feed'),(1544,'rssfeeds','Add Backend Feed','Add Backend Feed'),(1545,'rssfeeds','Total Items in Feed','Total Items in Feed'),(1546,'rssfeeds','Here you can select the number of items you would like the feed to display. This will create a feed based on the most recent x number of items.','Here you can select the number of items you would like the feed to display. This will create a feed based on the most recent x number of items.'),(1547,'rssfeeds','News Feed Source','News Feed Source'),(1548,'rssfeeds','Here you can select the data source of the feed you would like to create.','Here you can select the data source of the feed you would like to create.'),(1549,'rssfeeds','News Feed Image','News Feed Image'),(1550,'rssfeeds','Select the image you would like to use to create an icon that identifies your RSS feed.','Select the image you would like to use to create an icon that identifies your RSS feed.'),(1551,'rssfeeds','Type','Type'),(1552,'rssfeeds','Items','Items'),(1553,'blockmaker','Actions','Actions'),(1554,'blockmaker','Activate','Activate'),(1555,'blockmaker','Activity','Activity'),(1556,'blockmaker','Allow View (All are selected by default)','Allow View (All are selected by default)'),(1557,'blockmaker','Are you sure you want to delete the block [var1] ?','Are you sure you want to delete the block [var1] ?'),(1558,'blockmaker','Block Adminisitration','Block Adminisitration'),(1559,'blockmaker','Block Changes Successfull','Block Changes Successfull'),(1560,'blockmaker','Block Content','Block Content'),(1561,'blockmaker','Block Creation Successful','Block Creation Successful'),(1562,'blockmaker','Block Deleted','Block Deleted'),(1563,'blockmaker','Block Footer (Boxstyle must support footer)','Block Footer (Boxstyle must support footer)'),(1564,'blockmaker','Block Menu','Block Menu'),(1565,'blockmaker','Block Title','Block Title'),(1566,'blockmaker','Create A New Block','Create A New Block'),(1567,'blockmaker','Create Block','Create Block'),(1568,'blockmaker','Current blocks','Current blocks'),(1569,'blockmaker','Deactivate','Deactivate'),(1570,'blockmaker','Default Theme Variable','Default Theme Variable'),(1571,'blockmaker','Delete Block Confirmation','Delete Block Confirmation'),(1572,'blockmaker','Edit A Block','Edit A Block'),(1573,'blockmaker','List Blocks','List Blocks'),(1574,'blockmaker','No Block Deleted','No Block Deleted'),(1575,'blockmaker','No block was deleted from the database.','No block was deleted from the database.'),(1576,'blockmaker','Save Changes','Save Changes'),(1577,'blockmaker','Select Modules Allowed','Select Modules Allowed'),(1578,'blockmaker','The Block Maker allows you to add basic blocks of content to your site.','The Block Maker allows you to add basic blocks of content to your site.'),(1579,'blockmaker','The block [var1] was successfully deleted from the database.','The block [var1] was successfully deleted from the database.'),(1580,'blockmaker','The block [var1] you created was successfully saved to the database.','The block [var1] you created was successfully saved to the database.'),(1581,'blockmaker','The block [var1] you edited was successfully saved to the database.','The block [var1] you edited was successfully saved to the database.'),(1582,'blockmaker','There are no blocks in the database at this time.','There are no blocks in the database at this time.'),(1583,'blockmaker','Title','Title'),(1584,'phpwsbb','Access to ban IP addresses was denied due to lack of proper permissions.','Access to ban IP addresses was denied due to lack of proper permissions.'),(1585,'phpwsbb','Access to ban usernames was denied due to lack of proper permissions.','Access to ban usernames was denied due to lack of proper permissions.'),(1586,'phpwsbb','Access to delete this forum was denied due to lack of proper permissions.','Access to delete this forum was denied due to lack of proper permissions.'),(1587,'phpwsbb','Access to delete this message was denied due to lack of proper permissions.','Access to delete this message was denied due to lack of proper permissions.'),(1588,'phpwsbb','Access to delete this topic was denied due to lack of proper permissions.','Access to delete this topic was denied due to lack of proper permissions.'),(1589,'phpwsbb','Access to edit settings was denied.','Access to edit settings was denied.'),(1590,'phpwsbb','Access to lock this topic was denied due to lack of proper permissions.','Access to lock this topic was denied due to lack of proper permissions.'),(1591,'phpwsbb','Access to stick this topic was denied due to lack of proper permissions.','Access to stick this topic was denied due to lack of proper permissions.'),(1592,'phpwsbb','Access to update topics was denied due to lack of proper permissions.','Access to update topics was denied due to lack of proper permissions.'),(1593,'phpwsbb','Access was denied due to lack of proper permissions.','Access was denied due to lack of proper permissions.'),(1594,'phpwsbb','Add Forum','Add Forum'),(1595,'phpwsbb','Add/Edit Forum','Add/Edit Forum'),(1596,'phpwsbb','Admin Settings','Admin Settings'),(1597,'phpwsbb','Allow Anonymous Posts','Allow Anonymous Posts'),(1598,'phpwsbb','Allow Anonymous Viewing of Posts','Allow Anonymous Viewing of Posts'),(1599,'phpwsbb','Allow User Monitors','Allow User Monitors'),(1600,'phpwsbb','Anchor (href) tags are not allowed in the message subject.','Anchor (href) tags are not allowed in the message subject.'),(1601,'phpwsbb','Anonymous Posting Denied','Anonymous Posting Denied'),(1602,'phpwsbb','Anonymous Viewing Denied','Anonymous Viewing Denied'),(1603,'phpwsbb','Anonymous posting to this bulletin board has been disabled.  You must log-in to post to this bulletin board.','Anonymous posting to this bulletin board has been disabled.  You must log-in to post to this bulletin board.'),(1604,'phpwsbb','Anonymous viewing of this bulletin board has been disabled.  You must log-in to view this bulletin board.','Anonymous viewing of this bulletin board has been disabled.  You must log-in to view this bulletin board.'),(1605,'phpwsbb','Are you sure you want to clear ALL of your monitors?','Are you sure you want to clear ALL of your monitors?'),(1606,'phpwsbb','Are you sure you want to delete this forum and all its threads and messages?','Are you sure you want to delete this forum and all its threads and messages?'),(1607,'phpwsbb','Are you sure you want to delete this message?','Are you sure you want to delete this message?'),(1608,'phpwsbb','Are you sure you want to delete this topic?','Are you sure you want to delete this topic?'),(1609,'phpwsbb','Author','Author'),(1610,'phpwsbb','Automatically monitor threads you post to?','Automatically monitor threads you post to?'),(1611,'phpwsbb','Back to Forums','Back to Forums'),(1612,'phpwsbb','Back to the topic.','Back to the topic.'),(1613,'phpwsbb','Body','Body'),(1614,'phpwsbb','Bulletin Board','Bulletin Board'),(1615,'phpwsbb','Bulletin Board Admin','Bulletin Board Admin'),(1616,'phpwsbb','Bulletin Board Admin Email','Bulletin Board Admin Email'),(1617,'phpwsbb','Bulletin Board Forums','Bulletin Board Forums'),(1618,'phpwsbb','Bulletin Board Offline','Bulletin Board Offline'),(1619,'phpwsbb','Category','Category'),(1620,'phpwsbb','Clear Monitor Confirmation','Clear Monitor Confirmation'),(1621,'phpwsbb','Complete!','Complete!'),(1622,'phpwsbb','Delete','Delete'),(1623,'phpwsbb','Delete Forum','Delete Forum'),(1624,'phpwsbb','Delete Forum Confirmation','Delete Forum Confirmation'),(1625,'phpwsbb','Delete Message Confirmation','Delete Message Confirmation'),(1626,'phpwsbb','Delete Topic','Delete Topic'),(1627,'phpwsbb','Delete Topic Confirmation','Delete Topic Confirmation'),(1628,'phpwsbb','Description','Description'),(1629,'phpwsbb','Edit','Edit'),(1630,'phpwsbb','Edit Forum','Edit Forum'),(1631,'phpwsbb','Edit Message','Edit Message'),(1632,'phpwsbb','Email Notification Text','Email Notification Text'),(1633,'phpwsbb','Error Saving Settings','Error Saving Settings'),(1634,'phpwsbb','Fork','Fork'),(1635,'phpwsbb','Forum','Forum'),(1636,'phpwsbb','Forum Topics','Forum Topics'),(1637,'phpwsbb','Forums','Forums'),(1638,'phpwsbb','Forums Block Title','Forums Block Title'),(1639,'phpwsbb','GUEST','GUEST'),(1640,'phpwsbb','Guest Email','Guest Email'),(1641,'phpwsbb','Guest Name','Guest Name'),(1642,'phpwsbb','HIDDEN','HIDDEN'),(1643,'phpwsbb','Hide Forum','Hide Forum'),(1644,'phpwsbb','Hide Message','Hide Message'),(1645,'phpwsbb','Hide Topic','Hide Topic'),(1646,'phpwsbb','IP Address','IP Address'),(1647,'phpwsbb','LOCKED','LOCKED'),(1648,'phpwsbb','Last Post','Last Post'),(1649,'phpwsbb','Latest Threads Block Title','Latest Threads Block Title'),(1650,'phpwsbb','Lock Topic','Lock Topic'),(1651,'phpwsbb','Maximum Number of Threads to Show in Latest Threads Block','Maximum Number of Threads to Show in Latest Threads Block'),(1652,'phpwsbb','Message','Message'),(1653,'phpwsbb','Monitor','Monitor'),(1654,'phpwsbb','Monitors','Monitors'),(1655,'phpwsbb','Monitor Posts','Monitor Posts'),(1656,'phpwsbb','Monitor successfully removed.','Monitor successfully removed.'),(1657,'phpwsbb','Monitoring has been disabled by the administrator.','Monitoring has been disabled by the administrator.'),(1658,'phpwsbb','Move to Forum','Move to Forum'),(1659,'phpwsbb','Name','Name'),(1660,'phpwsbb','New Message','New Message'),(1661,'phpwsbb','New Topic','New Topic'),(1662,'phpwsbb','No','No'),(1663,'phpwsbb','No forum was deleted from the database.','No forum was deleted from the database.'),(1664,'phpwsbb','No message was deleted from the database.','No message was deleted from the database.'),(1665,'phpwsbb','No monitors were cleared.','No monitors were cleared.'),(1666,'phpwsbb','No topic was deleted from the database.','No topic was deleted from the database.'),(1667,'phpwsbb','Not recommended','Not recommended'),(1668,'phpwsbb','Post Reply','Post Reply'),(1669,'phpwsbb','Poster','Poster'),(1670,'phpwsbb','Reason','Reason'),(1671,'phpwsbb','Remove all monitors','Remove all monitors'),(1672,'phpwsbb','Replies','Replies'),(1673,'phpwsbb','Reply to Message','Reply to Message'),(1674,'phpwsbb','Report','Report'),(1675,'phpwsbb','Report Message','Report Message'),(1676,'phpwsbb','STICKY','STICKY'),(1677,'phpwsbb','Save','Save'),(1678,'phpwsbb','Settings','Settings'),(1679,'phpwsbb','Settings Saved','Settings Saved'),(1680,'phpwsbb','Show Forum','Show Forum'),(1681,'phpwsbb','Show Forums Block','Show Forums Block'),(1682,'phpwsbb','Show Latest Threads Block','Show Latest Threads Block'),(1683,'phpwsbb','Show Message','Show Message'),(1684,'phpwsbb','Show Topic','Show Topic'),(1685,'phpwsbb','Sorry, the bulletin board is currently down for maintenance.','Sorry, the bulletin board is currently down for maintenance.'),(1686,'phpwsbb','Sort Order','Sort Order'),(1687,'phpwsbb','Stick Topic','Stick Topic'),(1688,'phpwsbb','Stop Monitor','Stop Monitor'),(1689,'phpwsbb','Subject','Subject'),(1690,'phpwsbb','Suspend monitors','Suspend monitors'),(1691,'phpwsbb','Take Bulletin Board Offline','Take Bulletin Board Offline'),(1692,'phpwsbb','The forum [var1] was successfully deleted from the database.','The forum [var1] was successfully deleted from the database.'),(1693,'phpwsbb','The forum could not be saved to the database.','The forum could not be saved to the database.'),(1694,'phpwsbb','The message could not be saved to the database.','The message could not be saved to the database.'),(1695,'phpwsbb','The topic [var1] was successfully deleted from the database.','The topic [var1] was successfully deleted from the database.'),(1696,'phpwsbb','The topic could not be saved to the database.','The topic could not be saved to the database.'),(1697,'phpwsbb','The topic was successfully saved.','The topic was successfully saved.'),(1698,'phpwsbb','There is nothing here to see.','There is nothing here to see.'),(1699,'phpwsbb','There was a problem adding the monitor entry.  Please try again or contact the system administrator.','There was a problem adding the monitor entry.  Please try again or contact the system administrator.'),(1700,'phpwsbb','There was a problem removing the monitor entry.  Please try again or contact the system administrator.','There was a problem removing the monitor entry.  Please try again or contact the system administrator.'),(1701,'phpwsbb','There was an error saving the settings.','There was an error saving the settings.'),(1702,'phpwsbb','This thread has been locked.','This thread has been locked.'),(1703,'phpwsbb','This topic has no messages.','This topic has no messages.'),(1704,'phpwsbb','This topic is already locked.','This topic is already locked.'),(1705,'phpwsbb','This topic is already not sticky.','This topic is already not sticky.'),(1706,'phpwsbb','This topic is already sticky.','This topic is already sticky.'),(1707,'phpwsbb','This topic is already unlocked.','This topic is already unlocked.'),(1708,'phpwsbb','Topic','Topic'),(1709,'phpwsbb','Topics','Topics'),(1710,'phpwsbb','Unlock Topic','Unlock Topic'),(1711,'phpwsbb','Unstick Topic','Unstick Topic'),(1712,'phpwsbb','Updating All Topics','Updating All Topics'),(1713,'phpwsbb','View Topic','View Topic'),(1714,'phpwsbb','Yes','Yes'),(1715,'phpwsbb','You must be a registered user and logged in to monitor topics.','You must be a registered user and logged in to monitor topics.'),(1716,'phpwsbb','You must have a name for your forum.','You must have a name for your forum.'),(1717,'phpwsbb','You must have a subject for your message.','You must have a subject for your message.'),(1718,'phpwsbb','You tried to move it to current forum.','You tried to move it to current forum.'),(1719,'phpwsbb','Your forum was successfully saved.','Your forum was successfully saved.'),(1720,'phpwsbb','Your message was successfully saved.','Your message was successfully saved.'),(1721,'phpwsbb','Your monitors have been cleared.','Your monitors have been cleared.'),(1722,'phpwsbb','Your settings have been successfully saved.','Your settings have been successfully saved.'),(1723,'phpwsbb','phpwsBB Settings','phpwsBB Settings'),(1724,'phpwsbb','phpwsBB User Settings','phpwsBB User Settings'),(1725,'phpwsbb','phpwsBB User Settings for \"[var1]\"','phpwsBB User Settings for \"[var1]\"'),(1726,'phpwsbb','Edit [var1]','Edit [var1]'),(1727,'phpwsbb','Unban this IP','Unban this IP'),(1728,'phpwsbb','Ban this IP','Ban this IP'),(1729,'phpwsbb','Unban this Poster','Unban this Poster'),(1730,'phpwsbb','Ban this Poster','Ban this Poster'),(1731,'phpwsbb','Allow [var1] (Banned)','Allow [var1] (Banned)'),(1732,'phpwsbb','Ban [var1]','Ban [var1]');

--
-- Table structure for table `mod_lang_EN_seq`
--

CREATE TABLE `mod_lang_EN_seq` (
  `id` int(10) unsigned NOT NULL AUTO_INCREMENT,
  PRIMARY KEY (`id`)
) ENGINE=MyISAM AUTO_INCREMENT=1733 DEFAULT CHARSET=latin1;

--
-- Dumping data for table `mod_lang_EN_seq`
--

INSERT INTO `mod_lang_EN_seq` VALUES (1732);

--
-- Table structure for table `mod_language_settings`
--

CREATE TABLE `mod_language_settings` (
  `langActive` smallint(6) NOT NULL DEFAULT '0',
  `dynActive` smallint(6) NOT NULL DEFAULT '0',
  `ignoreDefault` smallint(6) NOT NULL DEFAULT '0',
  `mark` smallint(6) NOT NULL DEFAULT '1',
  `auto_up` smallint(6) NOT NULL DEFAULT '1',
  `default_language` char(2) NOT NULL DEFAULT 'en'
) ENGINE=MyISAM DEFAULT CHARSET=latin1;

--
-- Dumping data for table `mod_language_settings`
--

INSERT INTO `mod_language_settings` VALUES (0,0,0,1,1,'en');

--
-- Table structure for table `mod_layout_box`
--

CREATE TABLE `mod_layout_box` (
  `id` int(11) NOT NULL DEFAULT '0',
  `theme` varchar(30) NOT NULL DEFAULT '',
  `mod_title` varchar(50) NOT NULL DEFAULT '',
  `content_var` varchar(50) DEFAULT NULL,
  `theme_var` varchar(50) NOT NULL DEFAULT '',
  `box_file` varchar(100) DEFAULT NULL,
  `popbox` varchar(100) DEFAULT NULL,
  `box_order` int(11) NOT NULL DEFAULT '0',
  `home_only` smallint(6) NOT NULL DEFAULT '0',
  PRIMARY KEY (`id`)
) ENGINE=MyISAM DEFAULT CHARSET=latin1;

--
-- Dumping data for table `mod_layout_box`
--

INSERT INTO `mod_layout_box` VALUES (1,'Default','stats','CNT_stats','body','default_box.tpl','default_pop.tpl',1,0),(2,'Default','stats','CNT_stats_block','right_col_mid','default_box.tpl','default_pop.tpl',1,0),(3,'Default','announce','CNT_announce','body','default_box.tpl','default_pop.tpl',2,0),(4,'Default','announce','CNT_announce_past','right_col_mid','default_box.tpl','default_pop.tpl',2,1),(5,'Default','security','CNT_security','body','default_box.tpl','default_pop.tpl',3,0),(6,'Default','approval','CNT_approval','body','default_box.tpl','default_pop.tpl',4,0),(7,'Default','blockmaker','CNT_blockmaker_main','body','default_box.tpl','default_pop.tpl',5,0),(8,'Default','boost','CNT_boost','body','default_box.tpl','default_pop.tpl',6,0),(9,'Default','branch','CNT_Branch_Main','body','default_box.tpl','default_pop.tpl',7,0),(10,'Default','branch','CNT_Branch_Panel','top','default_box.tpl','default_pop.tpl',1,0),(11,'Default','phpwsbb','CNT_phpwsbb','body','default_box.tpl','default_pop.tpl',8,0),(12,'Default','phpwsbb','CNT_phpwsbb_forumsblock','right_col_top','default_box.tpl','default_pop.tpl',1,0),(13,'Default','phpwsbb','CNT_phpwsbb_latestthreadsblock','right_col_mid','default_box.tpl','default_pop.tpl',3,0),(14,'Default','calendar','CNT_Calendar_Main','body','default_box.tpl','default_pop.tpl',9,0),(15,'Default','calendar','CNT_Calendar_Panel','top','default_box.tpl','default_pop.tpl',2,0),(16,'Default','calendar','CNT_Calendar_Box','left_col_top','default_box.tpl','default_pop.tpl',3,0),(17,'Default','comments','CNT_comments','bottom','default_box.tpl','default_pop.tpl',1,0),(18,'Default','controlpanel','CNT_controlpanel','body','default_box.tpl','default_pop.tpl',10,0),(19,'Default','documents','CNT_documents','body','default_box.tpl','default_pop.tpl',11,0),(20,'Default','documents','CNT_documents_block','right_col_top','default_box.tpl','default_pop.tpl',2,0),(21,'Default','faq','CNT_faq_body','body','default_box.tpl','default_pop.tpl',12,0),(22,'Default','fatcat','CNT_fatcat','body','default_box.tpl','default_pop.tpl',13,0),(23,'Default','fatcat','CNT_related','right_col_top','default_box.tpl','default_pop.tpl',3,0),(24,'Default','phatform','CNT_phatform','body','default_box.tpl','default_pop.tpl',14,0),(25,'Default','help','CNT_help','body','default_box.tpl','default_pop.tpl',15,0),(26,'Default','language','CNT_lang','body','default_box.tpl','default_pop.tpl',16,0),(27,'Default','layout','CNT_layout','body','default_box.tpl','default_pop.tpl',17,0),(28,'Default','layout','Layout_Panel','top','default_box.tpl','default_pop.tpl',3,0),(29,'Default','linkman','CNT_linkman','body','default_box.tpl','default_pop.tpl',18,0),(30,'Default','menuman','CNT_menuman_options','body','default_box.tpl','default_pop.tpl',19,0),(31,'Default','menuman','CNT_menuman_add','bottom','default_box.tpl','default_pop.tpl',2,0),(32,'Default','menuman','CNT_menuman_1','left_col_top','default_box.tpl','default_pop.tpl',1,0),(33,'Default','modmaker','CNT_modmaker','body','default_box.tpl','default_pop.tpl',20,0),(34,'Default','notes','CNT_notes','body','default_box.tpl','default_pop.tpl',21,0),(35,'Default','notes','CNT_notes_block','left_col_mid','default_box.tpl','default_pop.tpl',1,0),(36,'Default','photoalbum','CNT_photoalbum','body','default_box.tpl','default_pop.tpl',22,0),(37,'Default','debug','CNT_debug','body','default_box.tpl','default_pop.tpl',23,0),(38,'Default','debug','CNT_debug_block','left_col_bottom','default_box.tpl','default_pop.tpl',1,0),(39,'Default','poll','CNT_POLL','body','default_box.tpl','default_pop.tpl',24,0),(40,'Default','poll','CNT_POLL_BOX','left_col_top','default_box.tpl','default_pop.tpl',2,0),(41,'Default','phpwsrssfeeds','CNT_phpwsrssfeeds','body','default_box.tpl','default_pop.tpl',25,0),(42,'Default','search','CNT_search_results','body','default_box.tpl','default_pop.tpl',26,0),(43,'Default','search','CNT_search_block','left_col_mid','default_box.tpl','default_pop.tpl',2,0),(44,'Default','skeleton','CNT_skeleton','body','default_box.tpl','default_pop.tpl',27,0),(45,'Default','users','CNT_user','body','default_box.tpl','default_pop.tpl',28,0),(46,'Default','users','CNT_user_small','left_col_top','default_box.tpl','default_pop.tpl',4,0),(47,'Default','users','CNT_userPanel','top','default_box.tpl','default_pop.tpl',4,0),(48,'Default','pagemaster','CNT_pagemaster','body','default_box.tpl','default_pop.tpl',29,0);

--
-- Table structure for table `mod_layout_box_seq`
--

CREATE TABLE `mod_layout_box_seq` (
  `id` int(10) unsigned NOT NULL AUTO_INCREMENT,
  PRIMARY KEY (`id`)
) ENGINE=MyISAM AUTO_INCREMENT=49 DEFAULT CHARSET=latin1;

--
-- Dumping data for table `mod_layout_box_seq`
--

INSERT INTO `mod_layout_box_seq` VALUES (48);

--
-- Table structure for table `mod_layout_config`
--

CREATE TABLE `mod_layout_config` (
  `default_theme` varchar(50) NOT NULL DEFAULT '',
  `userAllow` smallint(6) NOT NULL DEFAULT '1',
  `page_title` varchar(255) DEFAULT NULL,
  `meta_keywords` text,
  `meta_description` varchar(180) DEFAULT NULL,
  `meta_robots` char(2) DEFAULT NULL,
  `meta_owner` varchar(40) DEFAULT NULL,
  `meta_author` varchar(40) DEFAULT NULL,
  `meta_content` varchar(40) NOT NULL DEFAULT ''
) ENGINE=MyISAM DEFAULT CHARSET=latin1;

--
-- Dumping data for table `mod_layout_config`
--

INSERT INTO `mod_layout_config` VALUES ('Default',1,'blixstreet.com','phpwebsite',NULL,'11',NULL,NULL,'UTF-8');

--
-- Table structure for table `mod_linkman_links`
--

CREATE TABLE `mod_linkman_links` (
  `id` int(11) NOT NULL DEFAULT '0',
  `title` text NOT NULL,
  `url` text NOT NULL,
  `description` text NOT NULL,
  `keywords` text NOT NULL,
  `username` text NOT NULL,
  `userEmail` text NOT NULL,
  `datePosted` date NOT NULL DEFAULT '0000-00-00',
  `active` smallint(6) NOT NULL DEFAULT '0',
  `hits` int(11) NOT NULL DEFAULT '0',
  `new` smallint(6) NOT NULL DEFAULT '1',
  PRIMARY KEY (`id`)
) ENGINE=MyISAM DEFAULT CHARSET=latin1;

--
-- Dumping data for table `mod_linkman_links`
--


--
-- Table structure for table `mod_menuman_items`
--

CREATE TABLE `mod_menuman_items` (
  `menu_item_id` int(11) NOT NULL DEFAULT '0',
  `menu_item_pid` int(11) NOT NULL DEFAULT '0',
  `menu_item_title` varchar(60) NOT NULL DEFAULT '',
  `menu_item_url` text NOT NULL,
  `menu_item_active` smallint(6) NOT NULL DEFAULT '0',
  `menu_item_coords` text,
  `menu_item_order` int(11) NOT NULL DEFAULT '0',
  `display_key` smallint(6) NOT NULL DEFAULT '0',
  `menu_id` int(11) NOT NULL DEFAULT '0',
  PRIMARY KEY (`menu_item_id`)
) ENGINE=MyISAM DEFAULT CHARSET=latin1;

--
-- Dumping data for table `mod_menuman_items`
--

INSERT INTO `mod_menuman_items` VALUES (1,1,'Home','./index.php?',1,NULL,1,1,1),(2,2,'Schedule Changes','./index.php?module=pagemaster&amp;PAGE_user_op=view_page&amp;PAGE_id=2',1,'',2,1,1);

--
-- Table structure for table `mod_menuman_items_seq`
--

CREATE TABLE `mod_menuman_items_seq` (
  `id` int(10) unsigned NOT NULL AUTO_INCREMENT,
  PRIMARY KEY (`id`)
) ENGINE=MyISAM AUTO_INCREMENT=3 DEFAULT CHARSET=latin1;

--
-- Dumping data for table `mod_menuman_items_seq`
--

INSERT INTO `mod_menuman_items_seq` VALUES (2);

--
-- Table structure for table `mod_menuman_menus`
--

CREATE TABLE `mod_menuman_menus` (
  `menu_id` int(11) NOT NULL DEFAULT '0',
  `menu_title` varchar(60) NOT NULL DEFAULT '',
  `menu_active` smallint(6) NOT NULL DEFAULT '0',
  `menu_indent` varchar(40) DEFAULT NULL,
  `indent_key` int(11) NOT NULL DEFAULT '0',
  `color_key` varchar(8) DEFAULT NULL,
  `menu_image` varchar(80) DEFAULT NULL,
  `active_image` varchar(80) DEFAULT NULL,
  `open_image` varchar(80) DEFAULT NULL,
  `menu_spacer` int(11) NOT NULL DEFAULT '0',
  `image_map` smallint(6) NOT NULL DEFAULT '0',
  `content_var` text,
  `allow_view` text,
  `horizontal` varchar(10) DEFAULT NULL,
  `template` varchar(60) NOT NULL DEFAULT 'default',
  `updated` int(11) NOT NULL DEFAULT '0',
  `anon_view` smallint(6) NOT NULL DEFAULT '1',
  PRIMARY KEY (`menu_id`)
) ENGINE=MyISAM DEFAULT CHARSET=latin1;

--
-- Dumping data for table `mod_menuman_menus`
--

INSERT INTO `mod_menuman_menus` VALUES (1,'Menu',1,'none',0,NULL,NULL,NULL,NULL,2,0,'CNT_menuman_1','a:32:{i:0;s:4:\"home\";i:1;s:8:\"announce\";i:2;s:8:\"security\";i:3;s:8:\"approval\";i:4;s:7:\"article\";i:5;s:10:\"blockmaker\";i:6;s:5:\"boost\";i:7;s:6:\"branch\";i:8;s:7:\"phpwsbb\";i:9;s:8:\"calendar\";i:10;s:8:\"comments\";i:11;s:12:\"controlpanel\";i:12;s:8:\"phatfile\";i:13;s:9:\"documents\";i:14;s:3:\"faq\";i:15;s:6:\"fatcat\";i:16;s:8:\"phatform\";i:17;s:4:\"help\";i:18;s:8:\"language\";i:19;s:6:\"layout\";i:20;s:7:\"linkman\";i:21;s:7:\"menuman\";i:22;s:8:\"modmaker\";i:23;s:5:\"notes\";i:24;s:10:\"photoalbum\";i:25;s:5:\"debug\";i:26;s:4:\"poll\";i:27;s:13:\"phpwsrssfeeds\";i:28;s:6:\"search\";i:29;s:8:\"skeleton\";i:30;s:5:\"users\";i:31;s:10:\"pagemaster\";}','FALSE','default',0,1);

--
-- Table structure for table `mod_menuman_menus_seq`
--

CREATE TABLE `mod_menuman_menus_seq` (
  `id` int(10) unsigned NOT NULL AUTO_INCREMENT,
  PRIMARY KEY (`id`)
) ENGINE=MyISAM AUTO_INCREMENT=2 DEFAULT CHARSET=latin1;

--
-- Dumping data for table `mod_menuman_menus_seq`
--

INSERT INTO `mod_menuman_menus_seq` VALUES (1);

--
-- Table structure for table `mod_notes`
--

CREATE TABLE `mod_notes` (
  `id` int(11) NOT NULL DEFAULT '0',
  `toUser` varchar(20) DEFAULT NULL,
  `toUserHide` smallint(6) NOT NULL DEFAULT '0',
  `toGroup` varchar(30) DEFAULT NULL,
  `fromUser` varchar(20) NOT NULL DEFAULT '',
  `fromUserHide` smallint(6) NOT NULL DEFAULT '0',
  `message` text NOT NULL,
  `dateSent` datetime NOT NULL DEFAULT '0000-00-00 00:00:00',
  `dateRead` datetime NOT NULL DEFAULT '0000-00-00 00:00:00',
  `userRead` varchar(20) DEFAULT NULL,
  `subject` text NOT NULL,
  PRIMARY KEY (`id`)
) ENGINE=MyISAM DEFAULT CHARSET=latin1;

--
-- Dumping data for table `mod_notes`
--


--
-- Table structure for table `mod_pagemaster_pages`
--

CREATE TABLE `mod_pagemaster_pages` (
  `id` int(11) NOT NULL DEFAULT '0',
  `title` text NOT NULL,
  `template` varchar(50) NOT NULL DEFAULT '',
  `section_order` text,
  `new_page` smallint(6) NOT NULL DEFAULT '1',
  `advanced` smallint(6) NOT NULL DEFAULT '0',
  `approved` smallint(6) NOT NULL DEFAULT '0',
  `mainpage` smallint(6) NOT NULL DEFAULT '0',
  `active` smallint(6) NOT NULL DEFAULT '0',
  `created_username` varchar(20) NOT NULL DEFAULT '',
  `updated_username` varchar(20) NOT NULL DEFAULT '',
  `created_date` datetime NOT NULL DEFAULT '0000-00-00 00:00:00',
  `updated_date` datetime NOT NULL DEFAULT '0000-00-00 00:00:00',
  `comments` smallint(6) NOT NULL DEFAULT '0',
  `anonymous` smallint(6) NOT NULL DEFAULT '0',
  PRIMARY KEY (`id`)
) ENGINE=MyISAM DEFAULT CHARSET=latin1;

--
-- Dumping data for table `mod_pagemaster_pages`
--

INSERT INTO `mod_pagemaster_pages` VALUES (1,'Blix Street Events Calendar','default.tpl','a:1:{i:0;s:1:\"1\";}',0,0,1,1,1,'admin','admin','2003-02-04 10:24:27','2005-09-14 14:47:23',0,0),(2,'Schedule Changes','default.tpl','a:1:{i:0;i:2;}',0,0,1,0,1,'admin','daniel','2005-09-14 14:54:13','2005-09-14 15:01:40',1,0);

--
-- Table structure for table `mod_pagemaster_pages_seq`
--

CREATE TABLE `mod_pagemaster_pages_seq` (
  `id` int(10) unsigned NOT NULL AUTO_INCREMENT,
  PRIMARY KEY (`id`)
) ENGINE=MyISAM AUTO_INCREMENT=3 DEFAULT CHARSET=latin1;

--
-- Dumping data for table `mod_pagemaster_pages_seq`
--

INSERT INTO `mod_pagemaster_pages_seq` VALUES (2);

--
-- Table structure for table `mod_pagemaster_sections`
--

CREATE TABLE `mod_pagemaster_sections` (
  `id` int(11) NOT NULL DEFAULT '0',
  `page_id` int(11) DEFAULT NULL,
  `title` text,
  `text` text,
  `image` text,
  `template` text,
  PRIMARY KEY (`id`)
) ENGINE=MyISAM DEFAULT CHARSET=latin1;

--
-- Dumping data for table `mod_pagemaster_sections`
--

INSERT INTO `mod_pagemaster_sections` VALUES (1,1,'Working with the calendar','Hi all,\r\n\r\nThe calendar is now up and running. Registered users may make changes. Please limit your editing to the calendar itself and not to any other settings.\r\n\r\nEmail me <a href=\"mailto:chris@lifetel.com\">[chris@lifetel.com]</a>or call anytime [253.225.0411] if you have any questions. \r\n\r\nThank you,\r\n\r\nChris\r\n\r\n\r\n','a:2:{s:3:\"alt\";N;s:3:\"url\";N;}','default.tpl'),(2,2,'Schedule Changes','This section is for notes on Schedule Changes. Registered users may add a note and comment on notes.','a:2:{s:3:\"alt\";N;s:3:\"url\";N;}','default.tpl');

--
-- Table structure for table `mod_pagemaster_sections_seq`
--

CREATE TABLE `mod_pagemaster_sections_seq` (
  `id` int(10) unsigned NOT NULL AUTO_INCREMENT,
  PRIMARY KEY (`id`)
) ENGINE=MyISAM AUTO_INCREMENT=3 DEFAULT CHARSET=latin1;

--
-- Dumping data for table `mod_pagemaster_sections_seq`
--

INSERT INTO `mod_pagemaster_sections_seq` VALUES (2);

--
-- Table structure for table `mod_phatform_checkbox`
--

CREATE TABLE `mod_phatform_checkbox` (
  `id` int(10) unsigned NOT NULL DEFAULT '0',
  `owner` varchar(20) DEFAULT '',
  `editor` varchar(20) DEFAULT '',
  `ip` text,
  `label` text NOT NULL,
  `groups` mediumtext,
  `created` int(11) NOT NULL DEFAULT '0',
  `updated` int(11) NOT NULL DEFAULT '0',
  `hidden` int(1) NOT NULL DEFAULT '1',
  `approved` int(1) NOT NULL DEFAULT '0',
  `blurb` mediumtext,
  `value` text,
  `required` int(1) NOT NULL DEFAULT '0',
  `optionText` mediumtext,
  `optionValues` mediumtext,
  `optionSet` int(10) NOT NULL DEFAULT '0',
  PRIMARY KEY (`id`)
) ENGINE=MyISAM DEFAULT CHARSET=latin1;

--
-- Dumping data for table `mod_phatform_checkbox`
--


--
-- Table structure for table `mod_phatform_dropbox`
--

CREATE TABLE `mod_phatform_dropbox` (
  `id` int(10) unsigned NOT NULL DEFAULT '0',
  `owner` varchar(20) DEFAULT '',
  `editor` varchar(20) DEFAULT '',
  `ip` text,
  `label` text NOT NULL,
  `groups` mediumtext,
  `created` int(11) NOT NULL DEFAULT '0',
  `updated` int(11) NOT NULL DEFAULT '0',
  `hidden` int(1) NOT NULL DEFAULT '1',
  `approved` int(1) NOT NULL DEFAULT '0',
  `blurb` mediumtext,
  `value` text,
  `required` int(1) NOT NULL DEFAULT '0',
  `optionText` mediumtext,
  `optionValues` mediumtext,
  `optionSet` int(10) NOT NULL DEFAULT '0',
  PRIMARY KEY (`id`)
) ENGINE=MyISAM DEFAULT CHARSET=latin1;

--
-- Dumping data for table `mod_phatform_dropbox`
--


--
-- Table structure for table `mod_phatform_forms`
--

CREATE TABLE `mod_phatform_forms` (
  `id` int(10) unsigned NOT NULL DEFAULT '0',
  `owner` varchar(20) DEFAULT '',
  `editor` varchar(20) DEFAULT '',
  `ip` text,
  `label` text NOT NULL,
  `groups` mediumtext,
  `created` int(11) NOT NULL DEFAULT '0',
  `updated` int(11) NOT NULL DEFAULT '0',
  `hidden` int(1) NOT NULL DEFAULT '1',
  `approved` int(1) NOT NULL DEFAULT '0',
  `saved` int(1) NOT NULL DEFAULT '0',
  `blurb0` mediumtext,
  `blurb1` mediumtext,
  `elements` longtext,
  `multiSubmit` int(1) NOT NULL DEFAULT '0',
  `anonymous` int(1) NOT NULL DEFAULT '0',
  `editData` int(1) NOT NULL DEFAULT '0',
  `showElementNumbers` int(1) NOT NULL DEFAULT '0',
  `showPageNumbers` int(1) NOT NULL DEFAULT '0',
  `pageLimit` int(11) NOT NULL DEFAULT '20',
  `adminEmails` text,
  `postProcessCode` text,
  `archiveTableName` text,
  `archiveFileName` text,
  PRIMARY KEY (`id`)
) ENGINE=MyISAM DEFAULT CHARSET=latin1;

--
-- Dumping data for table `mod_phatform_forms`
--


--
-- Table structure for table `mod_phatform_multiselect`
--

CREATE TABLE `mod_phatform_multiselect` (
  `id` int(10) unsigned NOT NULL DEFAULT '0',
  `owner` varchar(20) DEFAULT '',
  `editor` varchar(20) DEFAULT '',
  `ip` text,
  `label` text NOT NULL,
  `groups` mediumtext,
  `created` int(11) NOT NULL DEFAULT '0',
  `updated` int(11) NOT NULL DEFAULT '0',
  `hidden` int(1) NOT NULL DEFAULT '1',
  `approved` int(1) NOT NULL DEFAULT '0',
  `blurb` mediumtext,
  `value` text,
  `required` int(1) NOT NULL DEFAULT '0',
  `optionText` mediumtext,
  `optionValues` mediumtext,
  `size` int(4) NOT NULL DEFAULT '0',
  `optionSet` int(10) NOT NULL DEFAULT '0',
  PRIMARY KEY (`id`)
) ENGINE=MyISAM DEFAULT CHARSET=latin1;

--
-- Dumping data for table `mod_phatform_multiselect`
--


--
-- Table structure for table `mod_phatform_options`
--

CREATE TABLE `mod_phatform_options` (
  `id` int(10) unsigned NOT NULL DEFAULT '0',
  `label` text NOT NULL,
  `optionSet` mediumtext,
  `valueSet` mediumtext,
  PRIMARY KEY (`id`)
) ENGINE=MyISAM DEFAULT CHARSET=latin1;

--
-- Dumping data for table `mod_phatform_options`
--


--
-- Table structure for table `mod_phatform_radiobutton`
--

CREATE TABLE `mod_phatform_radiobutton` (
  `id` int(10) unsigned NOT NULL DEFAULT '0',
  `owner` varchar(20) DEFAULT '',
  `editor` varchar(20) DEFAULT '',
  `ip` text,
  `label` text NOT NULL,
  `groups` mediumtext,
  `created` int(11) NOT NULL DEFAULT '0',
  `updated` int(11) NOT NULL DEFAULT '0',
  `hidden` int(1) NOT NULL DEFAULT '1',
  `approved` int(1) NOT NULL DEFAULT '0',
  `blurb` mediumtext,
  `value` text,
  `required` int(1) NOT NULL DEFAULT '0',
  `optionText` mediumtext,
  `optionValues` mediumtext,
  `optionSet` int(10) NOT NULL DEFAULT '0',
  PRIMARY KEY (`id`)
) ENGINE=MyISAM DEFAULT CHARSET=latin1;

--
-- Dumping data for table `mod_phatform_radiobutton`
--


--
-- Table structure for table `mod_phatform_textarea`
--

CREATE TABLE `mod_phatform_textarea` (
  `id` int(10) unsigned NOT NULL DEFAULT '0',
  `owner` varchar(20) DEFAULT '',
  `editor` varchar(20) DEFAULT '',
  `ip` text,
  `label` text NOT NULL,
  `groups` mediumtext,
  `created` int(11) NOT NULL DEFAULT '0',
  `updated` int(11) NOT NULL DEFAULT '0',
  `hidden` int(1) NOT NULL DEFAULT '1',
  `approved` int(1) NOT NULL DEFAULT '0',
  `blurb` mediumtext,
  `value` text,
  `required` int(1) NOT NULL DEFAULT '0',
  `rows` int(4) NOT NULL DEFAULT '0',
  `cols` int(4) NOT NULL DEFAULT '0',
  PRIMARY KEY (`id`)
) ENGINE=MyISAM DEFAULT CHARSET=latin1;

--
-- Dumping data for table `mod_phatform_textarea`
--


--
-- Table structure for table `mod_phatform_textfield`
--

CREATE TABLE `mod_phatform_textfield` (
  `id` int(10) unsigned NOT NULL DEFAULT '0',
  `owner` varchar(20) DEFAULT '',
  `editor` varchar(20) DEFAULT '',
  `ip` text,
  `label` text NOT NULL,
  `groups` mediumtext,
  `created` int(11) NOT NULL DEFAULT '0',
  `updated` int(11) NOT NULL DEFAULT '0',
  `hidden` int(1) NOT NULL DEFAULT '1',
  `approved` int(1) NOT NULL DEFAULT '0',
  `blurb` mediumtext,
  `value` text,
  `required` int(1) NOT NULL DEFAULT '0',
  `size` int(4) NOT NULL DEFAULT '0',
  `maxsize` int(4) NOT NULL DEFAULT '0',
  PRIMARY KEY (`id`)
) ENGINE=MyISAM DEFAULT CHARSET=latin1;

--
-- Dumping data for table `mod_phatform_textfield`
--


--
-- Table structure for table `mod_photoalbum_albums`
--

CREATE TABLE `mod_photoalbum_albums` (
  `id` int(10) unsigned NOT NULL DEFAULT '0',
  `owner` varchar(20) DEFAULT '',
  `editor` varchar(20) DEFAULT '',
  `ip` text,
  `label` text NOT NULL,
  `groups` mediumtext,
  `created` int(11) NOT NULL DEFAULT '0',
  `updated` int(11) NOT NULL DEFAULT '0',
  `hidden` int(1) NOT NULL DEFAULT '1',
  `approved` int(1) NOT NULL DEFAULT '0',
  `blurb0` text,
  `blurb1` text,
  `image` text,
  PRIMARY KEY (`id`)
) ENGINE=MyISAM DEFAULT CHARSET=latin1;

--
-- Dumping data for table `mod_photoalbum_albums`
--


--
-- Table structure for table `mod_photoalbum_photos`
--

CREATE TABLE `mod_photoalbum_photos` (
  `id` int(10) unsigned NOT NULL DEFAULT '0',
  `owner` varchar(20) DEFAULT '',
  `editor` varchar(20) DEFAULT '',
  `ip` text,
  `label` text NOT NULL,
  `groups` mediumtext,
  `created` int(11) NOT NULL DEFAULT '0',
  `updated` int(11) NOT NULL DEFAULT '0',
  `hidden` int(1) NOT NULL DEFAULT '1',
  `approved` int(1) NOT NULL DEFAULT '0',
  `album` int(10) unsigned NOT NULL DEFAULT '0',
  `name` varchar(255) DEFAULT NULL,
  `type` varchar(60) DEFAULT NULL,
  `width` int(4) DEFAULT NULL,
  `height` int(4) DEFAULT NULL,
  `tnname` varchar(255) DEFAULT NULL,
  `tnwidth` int(4) DEFAULT NULL,
  `tnheight` int(4) DEFAULT NULL,
  `blurb` text,
  PRIMARY KEY (`id`)
) ENGINE=MyISAM DEFAULT CHARSET=latin1;

--
-- Dumping data for table `mod_photoalbum_photos`
--


--
-- Table structure for table `mod_phpwsbb_banned`
--

CREATE TABLE `mod_phpwsbb_banned` (
  `id` int(11) NOT NULL DEFAULT '0',
  `username` text,
  `ip` text,
  PRIMARY KEY (`id`)
) ENGINE=MyISAM DEFAULT CHARSET=latin1;

--
-- Dumping data for table `mod_phpwsbb_banned`
--


--
-- Table structure for table `mod_phpwsbb_forums`
--

CREATE TABLE `mod_phpwsbb_forums` (
  `id` int(11) NOT NULL DEFAULT '0',
  `owner` varchar(20) DEFAULT '',
  `editor` varchar(20) DEFAULT '',
  `ip` text,
  `label` text NOT NULL,
  `groups` text,
  `created` int(11) NOT NULL DEFAULT '0',
  `updated` int(11) NOT NULL DEFAULT '0',
  `hidden` smallint(6) NOT NULL DEFAULT '1',
  `approved` smallint(6) NOT NULL DEFAULT '0',
  `description` text,
  `threads` int(11) NOT NULL DEFAULT '0',
  `sortorder` int(11) NOT NULL DEFAULT '0',
  `lastpost` int(11) NOT NULL DEFAULT '0',
  `posts` int(11) NOT NULL DEFAULT '0',
  `lastpost_topic_label` text NOT NULL,
  `lastpost_topic_id` int(11) NOT NULL DEFAULT '0',
  `lastpost_post_id` int(11) NOT NULL DEFAULT '0',
  `moderators` varchar(40) NOT NULL DEFAULT '',
  PRIMARY KEY (`id`)
) ENGINE=MyISAM DEFAULT CHARSET=latin1;

--
-- Dumping data for table `mod_phpwsbb_forums`
--


--
-- Table structure for table `mod_phpwsbb_messages`
--

CREATE TABLE `mod_phpwsbb_messages` (
  `id` int(11) NOT NULL DEFAULT '0',
  `owner` varchar(20) DEFAULT '',
  `owner_id` int(11) NOT NULL DEFAULT '0',
  `editor` varchar(20) DEFAULT '',
  `ip` text,
  `label` text NOT NULL,
  `groups` text,
  `created` int(11) NOT NULL DEFAULT '0',
  `updated` int(11) NOT NULL DEFAULT '0',
  `hidden` smallint(6) NOT NULL DEFAULT '1',
  `approved` smallint(6) NOT NULL DEFAULT '0',
  `tid` int(11) NOT NULL DEFAULT '0',
  `guestname` varchar(50) DEFAULT NULL,
  `guestemail` varchar(80) DEFAULT NULL,
  `body` text,
  PRIMARY KEY (`id`),
  KEY `tid` (`tid`),
  KEY `owner_id` (`owner_id`)
) ENGINE=MyISAM DEFAULT CHARSET=latin1;

--
-- Dumping data for table `mod_phpwsbb_messages`
--


--
-- Table structure for table `mod_phpwsbb_monitors`
--

CREATE TABLE `mod_phpwsbb_monitors` (
  `thread_id` int(11) NOT NULL DEFAULT '0',
  `user_id` int(11) NOT NULL DEFAULT '0',
  KEY `thread_id` (`thread_id`)
) ENGINE=MyISAM DEFAULT CHARSET=latin1;

--
-- Dumping data for table `mod_phpwsbb_monitors`
--


--
-- Table structure for table `mod_phpwsbb_settings`
--

CREATE TABLE `mod_phpwsbb_settings` (
  `allow_anon_view` smallint(6) NOT NULL DEFAULT '1',
  `allow_anon_posts` smallint(6) NOT NULL DEFAULT '1',
  `admin_email` varchar(80) DEFAULT NULL,
  `email_text` text,
  `monitor_posts` smallint(6) NOT NULL DEFAULT '0',
  `allow_user_monitors` smallint(6) NOT NULL DEFAULT '1',
  `showforumsblock` smallint(6) NOT NULL DEFAULT '0',
  `forumsblocktitle` varchar(80) DEFAULT NULL,
  `showlatestthreadsblock` smallint(6) NOT NULL DEFAULT '0',
  `latestthreadsblocktitle` varchar(80) DEFAULT NULL,
  `maxlatestthreads` int(11) NOT NULL DEFAULT '0',
  `bboffline` smallint(6) NOT NULL DEFAULT '0',
  `use_avatars` smallint(6) NOT NULL DEFAULT '1',
  `use_offsite_avatars` smallint(6) NOT NULL DEFAULT '0',
  `max_avatar_height` int(11) NOT NULL DEFAULT '90',
  `max_avatar_width` int(11) NOT NULL DEFAULT '90',
  `max_avatar_size` int(11) NOT NULL DEFAULT '6',
  `use_signatures` smallint(6) NOT NULL DEFAULT '1'
) ENGINE=MyISAM DEFAULT CHARSET=latin1;

--
-- Dumping data for table `mod_phpwsbb_settings`
--

INSERT INTO `mod_phpwsbb_settings` VALUES (1,1,NULL,'The thread [name] has been updated.  Go to [url] to view it.',0,1,1,'Forums',1,'Latest Forum Posts',5,0,1,0,90,90,6,1);

--
-- Table structure for table `mod_phpwsbb_threads`
--

CREATE TABLE `mod_phpwsbb_threads` (
  `id` int(11) NOT NULL DEFAULT '0',
  `owner` varchar(20) DEFAULT '',
  `editor` varchar(20) DEFAULT '',
  `ip` text,
  `label` text NOT NULL,
  `groups` text,
  `created` int(11) NOT NULL DEFAULT '0',
  `updated` int(11) NOT NULL DEFAULT '0',
  `hidden` smallint(6) NOT NULL DEFAULT '1',
  `approved` smallint(6) NOT NULL DEFAULT '0',
  `fid` int(11) NOT NULL DEFAULT '0',
  `sticky` smallint(6) DEFAULT NULL,
  `locked` smallint(6) DEFAULT NULL,
  `replies` int(11) NOT NULL DEFAULT '0',
  `lastpost` int(11) NOT NULL DEFAULT '0',
  `lastpost_post_id` int(11) NOT NULL DEFAULT '0',
  PRIMARY KEY (`id`),
  KEY `fid` (`fid`)
) ENGINE=MyISAM DEFAULT CHARSET=latin1;

--
-- Dumping data for table `mod_phpwsbb_threads`
--


--
-- Table structure for table `mod_phpwsbb_user_info`
--

CREATE TABLE `mod_phpwsbb_user_info` (
  `user_id` int(11) NOT NULL DEFAULT '0',
  `posts` int(11) NOT NULL DEFAULT '0',
  `location` varchar(50) NOT NULL DEFAULT '',
  `avatar_dir` varchar(50) NOT NULL DEFAULT '',
  `avatar_file` varchar(100) NOT NULL DEFAULT '',
  `signature` varchar(255) NOT NULL DEFAULT '',
  `suspendmonitors` smallint(6) NOT NULL DEFAULT '0',
  `monitordefault` smallint(6) NOT NULL DEFAULT '1',
  PRIMARY KEY (`user_id`)
) ENGINE=MyISAM DEFAULT CHARSET=latin1;

--
-- Dumping data for table `mod_phpwsbb_user_info`
--

INSERT INTO `mod_phpwsbb_user_info` VALUES (3,0,'','','','',0,0);

--
-- Table structure for table `mod_phpwsbb_user_ranks`
--

CREATE TABLE `mod_phpwsbb_user_ranks` (
  `rank_id` int(11) NOT NULL DEFAULT '0',
  `rank_title` varchar(50) NOT NULL DEFAULT '',
  `rank_min` smallint(6) NOT NULL DEFAULT '0',
  `rank_special` smallint(6) DEFAULT '0',
  `rank_image` varchar(255) DEFAULT NULL,
  `rank_image_caption` varchar(255) DEFAULT NULL,
  PRIMARY KEY (`rank_id`)
) ENGINE=MyISAM DEFAULT CHARSET=latin1;

--
-- Dumping data for table `mod_phpwsbb_user_ranks`
--

INSERT INTO `mod_phpwsbb_user_ranks` VALUES (1,'Site Admin',0,1,NULL,NULL),(2,'Member',0,0,NULL,NULL);

--
-- Table structure for table `mod_phpwsbb_user_ranks_seq`
--

CREATE TABLE `mod_phpwsbb_user_ranks_seq` (
  `id` int(10) unsigned NOT NULL AUTO_INCREMENT,
  PRIMARY KEY (`id`)
) ENGINE=MyISAM AUTO_INCREMENT=3 DEFAULT CHARSET=latin1;

--
-- Dumping data for table `mod_phpwsbb_user_ranks_seq`
--

INSERT INTO `mod_phpwsbb_user_ranks_seq` VALUES (2);

--
-- Table structure for table `mod_phpwsrssfeeds_aggregate`
--

CREATE TABLE `mod_phpwsrssfeeds_aggregate` (
  `id` int(11) NOT NULL DEFAULT '0',
  `owner` varchar(20) DEFAULT '',
  `editor` varchar(20) DEFAULT '',
  `ip` text,
  `label` text NOT NULL,
  `groups` text,
  `created` int(11) NOT NULL DEFAULT '0',
  `updated` int(11) NOT NULL DEFAULT '0',
  `hidden` smallint(6) NOT NULL DEFAULT '0',
  `approved` smallint(6) NOT NULL DEFAULT '1',
  `home` smallint(6) NOT NULL DEFAULT '0',
  `block` smallint(6) NOT NULL DEFAULT '0',
  `allow_view` text,
  `pm_allow` text,
  `show_in_aggregate` text,
  `type` varchar(20) NOT NULL DEFAULT 'Date',
  `asc_desc` varchar(20) NOT NULL DEFAULT 'ASC',
  PRIMARY KEY (`id`)
) ENGINE=MyISAM DEFAULT CHARSET=latin1;

--
-- Dumping data for table `mod_phpwsrssfeeds_aggregate`
--


--
-- Table structure for table `mod_phpwsrssfeeds_backend`
--

CREATE TABLE `mod_phpwsrssfeeds_backend` (
  `id` int(11) NOT NULL DEFAULT '0',
  `owner` varchar(20) DEFAULT '',
  `editor` varchar(20) DEFAULT '',
  `ip` text,
  `label` text NOT NULL,
  `groups` text,
  `created` int(11) NOT NULL DEFAULT '0',
  `updated` int(11) NOT NULL DEFAULT '0',
  `hidden` smallint(6) NOT NULL DEFAULT '0',
  `approved` smallint(6) NOT NULL DEFAULT '1',
  `numitems` smallint(6) DEFAULT NULL,
  `type` text,
  `description` text,
  `image` text,
  PRIMARY KEY (`id`)
) ENGINE=MyISAM DEFAULT CHARSET=latin1;

--
-- Dumping data for table `mod_phpwsrssfeeds_backend`
--


--
-- Table structure for table `mod_phpwsrssfeeds_feeds`
--

CREATE TABLE `mod_phpwsrssfeeds_feeds` (
  `id` int(11) NOT NULL DEFAULT '0',
  `owner` varchar(20) DEFAULT '',
  `editor` varchar(20) DEFAULT '',
  `ip` text,
  `label` text NOT NULL,
  `groups` text,
  `allow_view` text,
  `pm_allow` text,
  `channel_desc` text,
  `created` int(11) NOT NULL DEFAULT '0',
  `updated` int(11) NOT NULL DEFAULT '0',
  `hidden` smallint(6) NOT NULL DEFAULT '0',
  `approved` smallint(6) NOT NULL DEFAULT '1',
  `channel` text NOT NULL,
  `content` text NOT NULL,
  `footer` varchar(60) NOT NULL DEFAULT '',
  `show_title` smallint(6) NOT NULL DEFAULT '0',
  `show_image` smallint(6) NOT NULL DEFAULT '0',
  `show_url` smallint(6) NOT NULL DEFAULT '0',
  `show_desc` smallint(6) NOT NULL DEFAULT '0',
  `show_details` smallint(6) NOT NULL DEFAULT '0',
  `cached` datetime NOT NULL DEFAULT '0000-00-00 00:00:00',
  `home` smallint(6) NOT NULL DEFAULT '0',
  `block` smallint(6) NOT NULL DEFAULT '0',
  `target` varchar(10) NOT NULL DEFAULT '_blank',
  `expire` int(11) NOT NULL DEFAULT '60',
  `max_items` int(11) NOT NULL DEFAULT '20',
  `asc_desc` varchar(10) NOT NULL DEFAULT 'ASC',
  `orgn_by` varchar(10) NOT NULL DEFAULT 'Default',
  `days_ahead` varchar(10) DEFAULT '0',
  `show_expired` int(11) NOT NULL DEFAULT '1',
  `empty_feed_msg` varchar(60) DEFAULT 'Feed Contains No Content',
  PRIMARY KEY (`id`)
) ENGINE=MyISAM DEFAULT CHARSET=latin1;

--
-- Dumping data for table `mod_phpwsrssfeeds_feeds`
--


--
-- Table structure for table `mod_phpwsrssfeeds_multi`
--

CREATE TABLE `mod_phpwsrssfeeds_multi` (
  `id` int(11) NOT NULL DEFAULT '0',
  `owner` varchar(20) DEFAULT '',
  `editor` varchar(20) DEFAULT '',
  `ip` text,
  `label` text NOT NULL,
  `groups` text,
  `created` int(11) NOT NULL DEFAULT '0',
  `updated` int(11) NOT NULL DEFAULT '0',
  `hidden` smallint(6) NOT NULL DEFAULT '0',
  `approved` smallint(6) NOT NULL DEFAULT '1',
  `show_in_multiview` text,
  `max_multi_items` int(11) NOT NULL DEFAULT '20',
  `home` smallint(6) NOT NULL DEFAULT '0',
  `block` smallint(6) NOT NULL DEFAULT '0',
  `allow_view` text,
  `pm_allow` text,
  `show_empty_feeds` smallint(6) NOT NULL DEFAULT '1',
  `show_anchor_links` smallint(6) NOT NULL DEFAULT '1',
  `show_cat_link` smallint(6) NOT NULL DEFAULT '1',
  `sort_order` text,
  PRIMARY KEY (`id`)
) ENGINE=MyISAM DEFAULT CHARSET=latin1;

--
-- Dumping data for table `mod_phpwsrssfeeds_multi`
--


--
-- Table structure for table `mod_poll`
--

CREATE TABLE `mod_poll` (
  `id` int(11) NOT NULL DEFAULT '0',
  `owner` varchar(20) DEFAULT '',
  `editor` varchar(20) DEFAULT '',
  `ip` text,
  `label` text NOT NULL,
  `groups` text,
  `created` int(11) NOT NULL DEFAULT '0',
  `updated` int(11) NOT NULL DEFAULT '0',
  `hidden` smallint(6) NOT NULL DEFAULT '1',
  `approved` smallint(6) NOT NULL DEFAULT '0',
  `body` text NOT NULL,
  `votedIps` text,
  `options` text NOT NULL,
  `counts` text NOT NULL,
  `restricted` text NOT NULL,
  `active` text NOT NULL,
  `allowComments` text NOT NULL,
  PRIMARY KEY (`id`)
) ENGINE=MyISAM DEFAULT CHARSET=latin1;

--
-- Dumping data for table `mod_poll`
--


--
-- Table structure for table `mod_search`
--

CREATE TABLE `mod_search` (
  `id` int(11) NOT NULL DEFAULT '0',
  `module` varchar(255) NOT NULL DEFAULT '',
  `show_block` int(11) NOT NULL DEFAULT '0',
  `block_title` varchar(255) NOT NULL DEFAULT '',
  PRIMARY KEY (`id`)
) ENGINE=MyISAM DEFAULT CHARSET=latin1;

--
-- Dumping data for table `mod_search`
--

INSERT INTO `mod_search` VALUES (1,'faq',1,'FAQs'),(2,'announce',1,'Announcements'),(3,'linkman',1,'Links'),(4,'documents',1,'Documents'),(5,'calendar',1,'Events'),(6,'comments',1,'Comments'),(7,'pagemaster',1,'Web Pages'),(8,'phpwsrssfeeds',1,'RSS Feeds'),(9,'phpwsbb',1,'Bulletin Board');

--
-- Table structure for table `mod_search_seq`
--

CREATE TABLE `mod_search_seq` (
  `id` int(10) unsigned NOT NULL AUTO_INCREMENT,
  PRIMARY KEY (`id`)
) ENGINE=MyISAM AUTO_INCREMENT=10 DEFAULT CHARSET=latin1;

--
-- Dumping data for table `mod_search_seq`
--

INSERT INTO `mod_search_seq` VALUES (9);

--
-- Table structure for table `mod_security_errorpage`
--

CREATE TABLE `mod_security_errorpage` (
  `page_id` int(11) NOT NULL DEFAULT '0',
  `error` int(11) NOT NULL DEFAULT '0',
  `label` text NOT NULL,
  `content` text NOT NULL,
  PRIMARY KEY (`page_id`)
) ENGINE=MyISAM DEFAULT CHARSET=latin1;

--
-- Dumping data for table `mod_security_errorpage`
--


--
-- Table structure for table `mod_security_ipinfo`
--

CREATE TABLE `mod_security_ipinfo` (
  `ban_allow_id` int(11) NOT NULL DEFAULT '0',
  `ipaddress` text NOT NULL,
  `timestamp` timestamp NOT NULL DEFAULT CURRENT_TIMESTAMP ON UPDATE CURRENT_TIMESTAMP,
  `allow` smallint(6) NOT NULL DEFAULT '0',
  PRIMARY KEY (`ban_allow_id`)
) ENGINE=MyISAM DEFAULT CHARSET=latin1;

--
-- Dumping data for table `mod_security_ipinfo`
--


--
-- Table structure for table `mod_security_log`
--

CREATE TABLE `mod_security_log` (
  `log_id` int(11) NOT NULL DEFAULT '0',
  `timestamp` timestamp NOT NULL DEFAULT CURRENT_TIMESTAMP ON UPDATE CURRENT_TIMESTAMP,
  `ip_address` varchar(15) DEFAULT NULL,
  `sec_mod_name` varchar(20) DEFAULT NULL,
  `offense` text,
  `sec_user_id` int(11) NOT NULL DEFAULT '0',
  PRIMARY KEY (`log_id`)
) ENGINE=MyISAM DEFAULT CHARSET=latin1;

--
-- Dumping data for table `mod_security_log`
--


--
-- Table structure for table `mod_security_settings`
--

CREATE TABLE `mod_security_settings` (
  `name` varchar(80) NOT NULL DEFAULT '',
  `data` text NOT NULL
) ENGINE=MyISAM DEFAULT CHARSET=latin1;

--
-- Dumping data for table `mod_security_settings`
--

INSERT INTO `mod_security_settings` VALUES ('access_default','1'),('htaccess_extra','php_flag display_errors Off');

--
-- Table structure for table `mod_skeleton_items`
--

CREATE TABLE `mod_skeleton_items` (
  `id` int(11) NOT NULL DEFAULT '0',
  `owner` varchar(20) DEFAULT NULL,
  `editor` varchar(20) DEFAULT NULL,
  `ip` text,
  `label` text NOT NULL,
  `created` int(11) NOT NULL DEFAULT '0',
  `updated` int(11) NOT NULL DEFAULT '0',
  `hidden` smallint(6) NOT NULL DEFAULT '1',
  `approved` smallint(6) NOT NULL DEFAULT '0',
  `muscle` text NOT NULL,
  PRIMARY KEY (`id`)
) ENGINE=MyISAM DEFAULT CHARSET=latin1;

--
-- Dumping data for table `mod_skeleton_items`
--


--
-- Table structure for table `mod_stats_counts`
--

CREATE TABLE `mod_stats_counts` (
  `id` int(10) unsigned NOT NULL DEFAULT '0',
  `label` text NOT NULL,
  `table_name` text NOT NULL,
  `link` text,
  PRIMARY KEY (`id`)
) ENGINE=MyISAM DEFAULT CHARSET=latin1;

--
-- Dumping data for table `mod_stats_counts`
--


--
-- Table structure for table `mod_stats_hit_history`
--

CREATE TABLE `mod_stats_hit_history` (
  `id` int(10) unsigned NOT NULL DEFAULT '0',
  `month` int(2) unsigned NOT NULL DEFAULT '0',
  `day` int(2) unsigned NOT NULL DEFAULT '0',
  `year` int(4) unsigned NOT NULL DEFAULT '0',
  `hits` int(11) DEFAULT NULL,
  PRIMARY KEY (`id`)
) ENGINE=MyISAM DEFAULT CHARSET=latin1;

--
-- Dumping data for table `mod_stats_hit_history`
--

INSERT INTO `mod_stats_hit_history` VALUES (1,9,14,2005,42),(2,9,15,2005,1),(3,9,16,2005,2),(4,9,19,2005,3),(5,10,6,2005,4),(6,10,7,2005,3),(7,10,10,2005,4),(8,11,25,2005,1),(9,12,8,2005,1),(10,6,23,2006,1);

--
-- Table structure for table `mod_stats_hit_history_seq`
--

CREATE TABLE `mod_stats_hit_history_seq` (
  `id` int(10) unsigned NOT NULL AUTO_INCREMENT,
  PRIMARY KEY (`id`)
) ENGINE=MyISAM AUTO_INCREMENT=11 DEFAULT CHARSET=latin1;

--
-- Dumping data for table `mod_stats_hit_history_seq`
--

INSERT INTO `mod_stats_hit_history_seq` VALUES (10);

--
-- Table structure for table `mod_stats_pm`
--

CREATE TABLE `mod_stats_pm` (
  `page_id` int(10) DEFAULT NULL,
  `count` int(11) DEFAULT NULL
) ENGINE=MyISAM DEFAULT CHARSET=latin1;

--
-- Dumping data for table `mod_stats_pm`
--


--
-- Table structure for table `mod_stats_settings`
--

CREATE TABLE `mod_stats_settings` (
  `counts_show_block` smallint(6) NOT NULL DEFAULT '1',
  `counts_allow` text,
  `counts_show_diety` int(1) NOT NULL DEFAULT '1',
  `counts_show_users` int(1) NOT NULL DEFAULT '0',
  `counts_show_perms` int(1) NOT NULL DEFAULT '0',
  `counts_show_any` int(1) NOT NULL DEFAULT '0',
  `stats_viewable` text,
  `stats_num_show` int(5) unsigned NOT NULL DEFAULT '10',
  `stats_show_empty` int(1) NOT NULL DEFAULT '0',
  `webstats_enable` int(1) NOT NULL DEFAULT '1',
  `graphs_md5` text NOT NULL
) ENGINE=MyISAM DEFAULT CHARSET=latin1;

--
-- Dumping data for table `mod_stats_settings`
--

INSERT INTO `mod_stats_settings` VALUES (1,NULL,1,0,0,0,'10::4::1::5::8::9',10,1,1,'d353cf5e8c4a1b512cb235a708f1d787');

--
-- Table structure for table `mod_stats_today`
--

CREATE TABLE `mod_stats_today` (
  `id` int(10) unsigned NOT NULL DEFAULT '0',
  `date` text NOT NULL,
  `ip` text NOT NULL,
  `username` text,
  PRIMARY KEY (`id`)
) ENGINE=MyISAM DEFAULT CHARSET=latin1;

--
-- Dumping data for table `mod_stats_today`
--

INSERT INTO `mod_stats_today` VALUES (64,'06-21-2008','67.183.166.138','unknown');

--
-- Table structure for table `mod_stats_today_seq`
--

CREATE TABLE `mod_stats_today_seq` (
  `id` int(10) unsigned NOT NULL AUTO_INCREMENT,
  PRIMARY KEY (`id`)
) ENGINE=MyISAM AUTO_INCREMENT=65 DEFAULT CHARSET=latin1;

--
-- Dumping data for table `mod_stats_today_seq`
--

INSERT INTO `mod_stats_today_seq` VALUES (64);

--
-- Table structure for table `mod_user_groups`
--

CREATE TABLE `mod_user_groups` (
  `group_id` int(11) NOT NULL DEFAULT '0',
  `group_name` varchar(30) DEFAULT NULL,
  `description` text,
  `members` text,
  PRIMARY KEY (`group_id`)
) ENGINE=MyISAM DEFAULT CHARSET=latin1;

--
-- Dumping data for table `mod_user_groups`
--


--
-- Table structure for table `mod_user_groupvar`
--

CREATE TABLE `mod_user_groupvar` (
  `group_id` int(11) NOT NULL DEFAULT '0',
  `module_title` varchar(20) NOT NULL DEFAULT '',
  `varName` varchar(30) NOT NULL DEFAULT '',
  `varValue` text,
  KEY `group_id` (`group_id`)
) ENGINE=MyISAM DEFAULT CHARSET=latin1;

--
-- Dumping data for table `mod_user_groupvar`
--


--
-- Table structure for table `mod_user_settings`
--

CREATE TABLE `mod_user_settings` (
  `allow_cookies` smallint(6) NOT NULL DEFAULT '0',
  `timelimit` int(11) NOT NULL DEFAULT '30',
  `secure` smallint(6) NOT NULL DEFAULT '0',
  `user_signup` varchar(6) DEFAULT NULL,
  `max_log_attempts` int(11) NOT NULL DEFAULT '10',
  `nu_subj` varchar(255) DEFAULT NULL,
  `greeting` text,
  `user_contact` varchar(255) DEFAULT NULL,
  `user_authentication` text,
  `external_auth_file` text,
  `show_login` smallint(6) NOT NULL DEFAULT '1',
  `show_remember_me` smallint(6) NOT NULL DEFAULT '1',
  `welcomeURL` text
) ENGINE=MyISAM DEFAULT CHARSET=latin1;

--
-- Dumping data for table `mod_user_settings`
--

INSERT INTO `mod_user_settings` VALUES (1,10,0,'none',10,'','','updates@blixstreet.com','local','external_authorization.php',1,1,'');

--
-- Table structure for table `mod_user_uservar`
--

CREATE TABLE `mod_user_uservar` (
  `user_id` int(11) NOT NULL DEFAULT '0',
  `module_title` varchar(20) NOT NULL DEFAULT '',
  `varName` varchar(30) NOT NULL DEFAULT '',
  `varValue` text,
  KEY `user_id` (`user_id`)
) ENGINE=MyISAM DEFAULT CHARSET=latin1;

--
-- Dumping data for table `mod_user_uservar`
--

INSERT INTO `mod_user_uservar` VALUES (1,'users','cookie','a:1:{s:9:\"mod_users\";a:1:{s:10:\"rememberme\";s:2:\"-1\";}}'),(2,'users','cookie','a:1:{s:9:\"mod_users\";a:1:{s:10:\"rememberme\";s:2:\"-1\";}}'),(2,'users','MOD_calendar','1'),(1,'users','loginToList','0'),(3,'users','MOD_calendar','1'),(3,'users','cookie','a:1:{s:9:\"mod_users\";a:1:{s:10:\"rememberme\";s:2:\"-1\";}}'),(3,'users','MOD_pagemaster','edit_pages'),(3,'comments','userListView','0'),(3,'comments','userListOrder','ASC'),(3,'users','MOD_comments','edit:remove:delete_thread'),(3,'users','forgotHash','c79db66ee8029acaaf28e31351a8942b'),(3,'users','forgotDateTime','1134062022');

--
-- Table structure for table `mod_users`
--

CREATE TABLE `mod_users` (
  `user_id` int(11) NOT NULL DEFAULT '0',
  `username` varchar(20) NOT NULL DEFAULT '',
  `password` varchar(32) NOT NULL DEFAULT '',
  `email` varchar(50) DEFAULT NULL,
  `admin_switch` smallint(6) NOT NULL DEFAULT '0',
  `groups` text,
  `deity` smallint(6) NOT NULL DEFAULT '0',
  `log_sess` int(11) NOT NULL DEFAULT '0',
  `last_on` int(11) NOT NULL DEFAULT '0',
  `cookie` varchar(32) DEFAULT NULL,
  PRIMARY KEY (`user_id`)
) ENGINE=MyISAM DEFAULT CHARSET=latin1;

--
-- Dumping data for table `mod_users`
--

INSERT INTO `mod_users` VALUES (1,'admin','e4e5fc3446c576e7b8543fe0b15fa1fa','chris@lifetel.com',1,NULL,1,30,1128573295,NULL),(2,'icebukit','e4e5fc3446c576e7b8543fe0b15fa1fa','chris@lifetel.com',1,NULL,0,12,1126723753,NULL),(3,'daniel','653c92b485a7374d732f4f893ed36436','blixstreet@aol.com',1,NULL,0,22,1134062022,'56f10e06c59760bb3815e42429705479');

--
-- Table structure for table `mod_users_seq`
--

CREATE TABLE `mod_users_seq` (
  `id` int(10) unsigned NOT NULL AUTO_INCREMENT,
  PRIMARY KEY (`id`)
) ENGINE=MyISAM AUTO_INCREMENT=4 DEFAULT CHARSET=latin1;

--
-- Dumping data for table `mod_users_seq`
--

INSERT INTO `mod_users_seq` VALUES (3);

--
-- Table structure for table `modules`
--

CREATE TABLE `modules` (
  `mod_title` varchar(20) NOT NULL DEFAULT '',
  `mod_pname` varchar(30) NOT NULL DEFAULT '',
  `mod_directory` varchar(255) NOT NULL DEFAULT '',
  `mod_filename` varchar(30) NOT NULL DEFAULT '',
  `admin_op` text,
  `user_op` text,
  `allow_view` text,
  `priority` smallint(2) NOT NULL DEFAULT '0',
  `mod_icon` varchar(255) DEFAULT NULL,
  `user_icon` varchar(255) DEFAULT NULL,
  `user_mod` tinyint(1) NOT NULL DEFAULT '0',
  `admin_mod` tinyint(1) NOT NULL DEFAULT '0',
  `deity_mod` tinyint(1) NOT NULL DEFAULT '0',
  `mod_class_files` text,
  `mod_sessions` text,
  `init_object` text,
  `active` char(3) NOT NULL DEFAULT '',
  KEY `mod_title` (`mod_title`)
) ENGINE=MyISAM DEFAULT CHARSET=latin1;

--
-- Dumping data for table `modules`
--

INSERT INTO `modules` VALUES ('boost','Boost Module Upgrader','boost','index.php',NULL,NULL,'a:2:{s:5:\"boost\";i:1;s:6:\"branch\";i:1;}',98,NULL,NULL,0,1,1,'a:1:{i:0;s:9:\"Boost.php\";}',NULL,'a:1:{s:9:\"OBJ_boost\";s:11:\"PHPWS_boost\";}','on'),('layout','Layout Manager','layout','index.php',NULL,NULL,'all',99,NULL,NULL,1,1,0,'a:1:{i:0;s:10:\"Layout.php\";}','a:1:{i:0;s:10:\"OBJ_layout\";}','a:1:{s:10:\"OBJ_layout\";s:12:\"PHPWS_Layout\";}','on'),('controlpanel','Control Panel','controlpanel','index.php',NULL,NULL,'a:1:{s:12:\"controlpanel\";i:1;}',50,NULL,NULL,0,0,0,'a:3:{i:0;s:16:\"ControlPanel.php\";i:1;s:7:\"Tab.php\";i:2;s:8:\"Link.php\";}','a:1:{i:0;s:18:\"PHPWS_ControlPanel\";}',NULL,'on'),('search','Site Search','search','index.php',NULL,NULL,'all',50,NULL,NULL,0,0,0,'a:1:{i:0;s:10:\"Search.php\";}','a:1:{i:0;s:10:\"OBJ_search\";}','a:1:{s:10:\"OBJ_search\";s:12:\"PHPWS_Search\";}','on'),('help','Help System','help','index.php',NULL,NULL,'all',50,NULL,NULL,0,1,0,'a:1:{i:0;s:12:\"CLS_help.php\";}','a:1:{i:0;s:8:\"OBJ_help\";}','a:1:{s:8:\"OBJ_help\";s:8:\"CLS_help\";}','on'),('language','Language Administrator','language','index.php',NULL,NULL,'all',1,NULL,NULL,1,1,0,'a:1:{i:0;s:12:\"Language.php\";}','a:2:{i:0;s:9:\"translate\";i:1;s:8:\"OBJ_lang\";}','a:2:{s:9:\"translate\";s:14:\"PHPWS_Language\";s:8:\"OBJ_lang\";s:14:\"PHPWS_Language\";}','on'),('approval','Approval','approval','index.php',NULL,NULL,'all',50,NULL,NULL,0,1,0,'a:1:{i:0;s:12:\"Approval.php\";}',NULL,NULL,'on'),('users','User Manager','users','index.php',NULL,NULL,'all',2,NULL,NULL,1,1,0,'a:1:{i:0;s:9:\"Users.php\";}','a:3:{i:0;s:8:\"OBJ_user\";i:1;s:12:\"group_assign\";i:2;s:13:\"usr_log_atmpt\";}','a:1:{s:8:\"OBJ_user\";s:10:\"PHPWS_user\";}','on'),('security','Apache Settings','security','index.php',NULL,NULL,'all',50,NULL,NULL,0,1,0,'a:1:{i:0;s:12:\"Security.php\";}','a:1:{i:0;s:12:\"OBJ_security\";}','a:1:{s:12:\"OBJ_security\";s:14:\"PHPWS_Security\";}','on'),('fatcat','FatCat Categorizer','fatcat','index.php',NULL,NULL,'all',50,NULL,NULL,0,1,0,'a:1:{i:0;s:10:\"Fatcat.php\";}','a:1:{i:0;s:10:\"OBJ_fatcat\";}','a:1:{s:10:\"OBJ_fatcat\";s:12:\"PHPWS_Fatcat\";}','on'),('faq','FAQ','faq','index.php',NULL,NULL,'all',50,NULL,NULL,0,1,0,'a:3:{i:0;s:14:\"FaqManager.php\";i:1;s:7:\"Faq.php\";i:2;s:12:\"FaqStats.php\";}','a:2:{i:0;s:15:\"SES_FAQ_MANAGER\";i:1;s:13:\"SES_FAQ_STATS\";}','a:2:{s:15:\"SES_FAQ_MANAGER\";s:16:\"PHPWS_FaqManager\";s:13:\"SES_FAQ_STATS\";s:14:\"PHPWS_FaqStats\";}','on'),('poll','Poll','poll','index.php',NULL,NULL,'a:2:{s:4:\"poll\";i:1;s:4:\"home\";i:1;}',50,NULL,NULL,0,1,0,'a:2:{i:0;s:8:\"Poll.php\";i:1;s:15:\"PollManager.php\";}','a:1:{i:0;s:8:\"SES_POLL\";}',NULL,'on'),('debug','phpWebSite Debugger','debug','debug.php',NULL,NULL,'all',98,NULL,NULL,0,1,0,NULL,NULL,NULL,'on'),('notes','Notes','notes','index.php',NULL,NULL,'all',50,NULL,NULL,0,1,0,'a:2:{i:0;s:15:\"NoteManager.php\";i:1;s:8:\"Note.php\";}','a:2:{i:0;s:16:\"SES_NOTE_MANAGER\";i:1;s:8:\"SES_NOTE\";}',NULL,'on'),('announce','Announcements','announce','index.php',NULL,NULL,'all',50,NULL,NULL,0,1,0,'a:2:{i:0;s:23:\"AnnouncementManager.php\";i:1;s:16:\"Announcement.php\";}','a:2:{i:0;s:15:\"SES_ANN_MANAGER\";i:1;s:7:\"SES_ANN\";}',NULL,'on'),('stats','Admin Stats','stats','index.php',NULL,NULL,'all',50,NULL,NULL,0,1,0,'a:4:{i:0;s:16:\"StatsManager.php\";i:1;s:9:\"Stats.php\";i:2;s:15:\"StatsCounts.php\";i:3;s:13:\"StatsHits.php\";}',NULL,NULL,'on'),('phatform','Form Generator','phatform','index.php',NULL,NULL,'all',50,NULL,NULL,0,1,0,'a:10:{i:0;s:8:\"Form.php\";i:1;s:15:\"FormManager.php\";i:2;s:10:\"Report.php\";i:3;s:11:\"Element.php\";i:4;s:12:\"Checkbox.php\";i:5;s:11:\"Dropbox.php\";i:6;s:15:\"Multiselect.php\";i:7;s:15:\"Radiobutton.php\";i:8;s:12:\"Textarea.php\";i:9;s:13:\"Textfield.php\";}','a:1:{i:0;s:16:\"PHAT_FormManager\";}','a:1:{s:16:\"PHAT_FormManager\";s:16:\"PHAT_FormManager\";}','on'),('linkman','Link Manager','linkman','index.php',NULL,NULL,'all',50,NULL,NULL,0,1,0,'a:2:{i:0;s:11:\"Linkman.php\";i:1;s:8:\"Link.php\";}','a:1:{i:0;s:13:\"PHPWS_Linkman\";}','a:1:{s:13:\"PHPWS_Linkman\";s:13:\"PHPWS_Linkman\";}','on'),('modmaker','Module Maker','modmaker','modmaker.php',NULL,NULL,'a:1:{s:8:\"modmaker\";i:1;}',50,NULL,NULL,0,1,1,'a:1:{i:0;s:11:\"mmclass.php\";}',NULL,'a:1:{s:12:\"OBJ_modmaker\";s:12:\"CLS_modmaker\";}','on'),('menuman','Menu Manager','menuman','index.php',NULL,NULL,'all',50,NULL,NULL,0,1,0,'a:4:{i:0;s:15:\"MenuActions.php\";i:1;s:11:\"Menuman.php\";i:2;s:8:\"Menu.php\";i:3;s:12:\"MenuItem.php\";}','a:2:{i:0;s:11:\"OBJ_menuman\";i:1;s:18:\"SES_parentlevel_id\";}','a:1:{s:11:\"OBJ_menuman\";s:13:\"PHPWS_Menuman\";}','on'),('documents','Documents','documents','index.php',NULL,NULL,'all',50,NULL,NULL,0,1,0,'a:1:{i:0;s:19:\"DocumentManager.php\";}',NULL,NULL,'on'),('calendar','Calendar','calendar','index.php',NULL,NULL,'all',50,NULL,NULL,0,1,0,'a:1:{i:0;s:12:\"Calendar.php\";}',NULL,NULL,'on'),('skeleton','Skeleton Module','skeleton','index.php',NULL,NULL,'a:1:{s:8:\"skeleton\";i:1;}',50,NULL,NULL,0,1,0,'a:1:{i:0;s:19:\"SkeletonManager.php\";}',NULL,NULL,'on'),('branch','Branch Creator','branch','index.php',NULL,NULL,'a:2:{s:5:\"boost\";i:1;s:6:\"branch\";i:1;}',50,NULL,NULL,0,1,1,'a:1:{i:0;s:10:\"Branch.php\";}',NULL,NULL,'on'),('comments','Comment Manager','comments','index.php',NULL,NULL,'all',50,NULL,NULL,0,1,0,'a:3:{i:0;s:18:\"CommentActions.php\";i:1;s:18:\"CommentManager.php\";i:2;s:11:\"Comment.php\";}','a:1:{i:0;s:20:\"PHPWS_CommentManager\";}','a:1:{s:20:\"PHPWS_CommentManager\";s:20:\"PHPWS_CommentManager\";}','on'),('photoalbum','Photo Albums','photoalbum','index.php',NULL,NULL,'all',50,NULL,NULL,0,1,0,'a:1:{i:0;s:16:\"AlbumManager.php\";}',NULL,NULL,'on'),('pagemaster','Web Pages','pagemaster','index.php',NULL,NULL,'a:4:{s:4:\"home\";i:1;s:10:\"pagemaster\";i:1;s:8:\"approval\";i:1;s:6:\"search\";i:1;}',50,NULL,NULL,0,1,0,'a:3:{i:0;s:14:\"PageMaster.php\";i:1;s:8:\"Page.php\";i:2;s:11:\"Section.php\";}','a:3:{i:0;s:13:\"SES_PM_master\";i:1;s:11:\"SES_PM_page\";i:2;s:14:\"SES_PM_section\";}',NULL,'on'),('phpwsrssfeeds','RSS News Feeds','phpwsrssfeeds','index.php',NULL,NULL,'all',50,NULL,NULL,0,1,0,NULL,NULL,NULL,'on'),('blockmaker','Block Maker','blockmaker','index.php',NULL,NULL,'all',50,NULL,NULL,0,1,0,'a:3:{i:0;s:16:\"BlockActions.php\";i:1;s:14:\"BlockMaker.php\";i:2;s:9:\"Block.php\";}','a:1:{i:0;s:14:\"OBJ_blockmaker\";}','a:1:{s:14:\"OBJ_blockmaker\";s:16:\"PHPWS_BlockMaker\";}','on'),('phpwsbb','Bulletin Board','phpwsbb','index.php',NULL,NULL,'all',50,NULL,NULL,0,1,0,'a:1:{i:0;s:11:\"Manager.php\";}','a:1:{i:0;s:15:\"PHPWSBB_Manager\";}',NULL,'on');


