--
-- Host: localhost    Database: bedazzle_data
-- ------------------------------------------------------


--
-- Current Database: `bedazzle_data`
--

CREATE DATABASE /*!32312 IF NOT EXISTS*/ `bedazzle_data` /*!40100 DEFAULT CHARACTER SET latin1 */;

USE `bedazzle_data`;

--
-- Table structure for table `address_book`
--

CREATE TABLE `address_book` (
  `address_book_id` int(11) NOT NULL AUTO_INCREMENT,
  `customers_id` int(11) NOT NULL DEFAULT '0',
  `entry_gender` char(1) NOT NULL DEFAULT '',
  `entry_company` varchar(32) DEFAULT NULL,
  `entry_firstname` varchar(32) NOT NULL DEFAULT '',
  `entry_lastname` varchar(32) NOT NULL DEFAULT '',
  `entry_street_address` varchar(64) NOT NULL DEFAULT '',
  `entry_suburb` varchar(32) DEFAULT NULL,
  `entry_postcode` varchar(10) NOT NULL DEFAULT '',
  `entry_city` varchar(32) NOT NULL DEFAULT '',
  `entry_state` varchar(32) DEFAULT NULL,
  `entry_country_id` int(11) NOT NULL DEFAULT '0',
  `entry_zone_id` int(11) NOT NULL DEFAULT '0',
  PRIMARY KEY (`address_book_id`),
  KEY `idx_address_book_customers_id` (`customers_id`)
) ENGINE=MyISAM AUTO_INCREMENT=700 DEFAULT CHARSET=latin1;

--
-- Dumping data for table `address_book`
--

INSERT INTO `address_book` VALUES (17,16,'',NULL,'kim','moore','16055 SE Padron Way',NULL,'97089','Damascus','',223,49),(15,14,'',NULL,'misora','Baptista','370E.Harmon ave#P201',NULL,'89169','las vegas','',223,39),(3,3,'',NULL,'Drusilla','Vaoalii','Po Box 1950',NULL,'96799','Pago Pago','American Samoa',4,0),(6,6,'',NULL,'Andrew','Lee','7621 Alhambra Drive',NULL,'92647','Huntington BEach','',223,12),(258,233,'',NULL,'Sara','Stewart','3406 Frenora Ct.',NULL,'22042','Falls Church','',223,61),(259,234,'',NULL,'Willa','Roberts','25 Lawton Road',NULL,'01464','Shirley','',223,32),(16,15,'',NULL,'Kathleen','Medberry','8304 Orange Ave',NULL,'90660','Pico Rivera','',223,12),(14,13,'',NULL,'Alina','Cartwright','35 Prince of Wales Rd',NULL,'E5J2K2','Prince of Wales','',38,70),(18,17,'',NULL,'Bal Deepak','Karanjit','Ochiai 3-2-4-202',NULL,'206-0033','TAMA','TOKYO',107,0),(19,18,'',NULL,'Deanna','Orozco','3601 SW 30th ST.',NULL,'97756','Redmond','',223,49),(20,19,'',NULL,'traci','wilson','1104 shadow ridge dr.',NULL,'95351','modesto','',223,12),(21,20,'',NULL,'Brenda','Fitzgearld','110 owl tree trail',NULL,'75402','greenville','',223,57),(22,21,'',NULL,'Randy','Schweitzer','511 Duxbury Court-unit C',NULL,'34695','Safety Harbor','',223,18),(23,22,'',NULL,'Melissa','Hobbs','42 Boiling Springs Estates',NULL,'73801','Woodward','',223,48),(24,23,'',NULL,'tanya','rice','5532 w. edmunds',NULL,'60630','chicago','',223,23),(25,24,'',NULL,'Diane','Feipel','1104 Cedar Hills Blvd',NULL,'78613','Cedar Park','',223,57),(26,24,'',NULL,'Josephine','Feipel','1941 E Hermosa Drive',NULL,'85282','Tempe','',223,4),(27,25,'',NULL,'Nereida','Lingle','163 Eayrestown Rd',NULL,'08088','Southampton','',223,41),(30,28,'',NULL,'Shona','Struthers','8713 E Via DeMcCormick',NULL,'85258','Scottsdale','',223,4),(31,28,'',NULL,'Carol','Lyons','2210 W. Estes',NULL,'60645','Chicago','',223,23),(32,29,'',NULL,'Sheryl','Cole','5728 Pasadena Rd.',NULL,'86426','Fort Mohave','AZ',225,0),(33,29,'',NULL,'Sheryl','Cole','5728 Pasadena Rd',NULL,'86426','Fort Mohave','',223,4),(34,30,'',NULL,'sylvia','mount','117 California st',NULL,'91006','arcadia','',223,12),(35,31,'',NULL,'kristen','russell','7734 walnut street',NULL,'98498','lakewood','',223,62),(36,32,'',NULL,'Jen','Vierzba','1575 Amber DR. #217',NULL,'56377','Sartell','',223,34),(37,33,'',NULL,'Daurice','Hirst','5916 Strickland Place',NULL,'32506--528','Pensacola','',223,18),(38,33,'',NULL,'Daurice','Hirst','5916 Strickland Place',NULL,'32506','Pensacola','',223,18),(39,33,'',NULL,'Daurice','Hirst','5916 Strickland Place',NULL,'32506','Pensacola','',223,18),(40,34,'',NULL,'Russell','Hensley','42 Southwind Dr',NULL,'34223','Englewood','',223,18),(41,34,'',NULL,'Russell','Hensley','5170 Central Sarasota Pkwy #112',NULL,'34238','Sarasota','',223,18),(42,35,'',NULL,'Lilian','Urdiales','4279 Wilson Lane',NULL,'94521','Concord','',223,12),(43,36,'',NULL,'nove','felagai','PO Box 178',NULL,'92310','Fort Irwin','',223,12),(44,37,'',NULL,'Steven','Atay','8727 e 169 pl so',NULL,'74008','Bixby','',223,48),(45,38,'',NULL,'jody','kirchberger','1822 6th st',NULL,'94519','Concord','',223,12),(46,39,'',NULL,'Gloria','Siona','312 Lindley Drive',NULL,'95815','Sacramento','',223,12),(115,98,'',NULL,'David','Sutton','4972 Falcon Wood Trail NE',NULL,'30066','Marietta','',223,19),(438,386,'',NULL,'Kiana','Kanoa','2611 West Ranch Rd',NULL,'76579','Troy','',223,57),(118,101,'',NULL,'Patricia','Tazelaar','5757 South 6800 West',NULL,'84315','Hooper','',223,58),(117,100,'',NULL,'lori','balsom','134 elgin way s.e.',NULL,'t2z3y8','Calgary','',38,66),(52,45,'',NULL,'Clara','Snell','Bosques de Bohemia 20 8 Bosques del Lago',NULL,'54766','Cuautitlan Izcalli','Estado de Mexico',138,0),(53,45,'',NULL,'Clara','Snell','10530 Winwood Dr',NULL,'78045','Laredo','',223,57),(54,46,'',NULL,'Dylan','Manners','84-716 Farrington Hwy A',NULL,'96792','Waianae','',223,21),(55,47,'',NULL,'Pau','Campos','Cienfuegos 30, 4o1a',NULL,'08027','Barcelona','',195,139),(56,48,'',NULL,'bridget','brizzell','045 watervliet shaker rd',NULL,'12205','albany','',223,43),(57,48,'',NULL,'bridget','brizzell','945 watervliet shaker rd',NULL,'12205','albany','',223,43),(58,48,'',NULL,'bridget','brizzell','945 watervliet shaker rd',NULL,'12205','albany','',223,43),(193,174,'',NULL,'shaylyn','miner','1050 kinau st. apt.208',NULL,'96814','honolulu','',223,21),(116,99,'',NULL,'Dennis','Fillwock','7424 Staghorn DR. NW',NULL,'87120','Albuquerque','',223,42),(63,51,'',NULL,'Michael','Breen','64 du Pinot',NULL,'J8R 3N7','Gatineau','',38,76),(64,52,'',NULL,'Cindy','Thomas','505 Rustic Hills Dr',NULL,'93065','Simi Valley','',223,12),(65,53,'',NULL,'Brent','Schumacher','3002 Bendix Ln',NULL,'20715','Bowie','',223,31),(66,54,'',NULL,'Gary','Zimmerman','12025 Black Rd',NULL,'44432','Lisbon','',223,47),(67,55,'',NULL,'Kristen','Miyake','7282 N. Sequoia',NULL,'93711','Fresno','',223,12),(68,56,'',NULL,'VernaLee','Sofa','752 Mahiai St #104',NULL,'96826','Honolulu','',223,21),(69,57,'',NULL,'LAKEISHA','GRANT','1801 SW 69TH ST.',NULL,'73505','LAWTON','',223,48),(70,58,'',NULL,'Kasey','Magallanes','64-5150 kalake street',NULL,'96743','Kamuela','',223,21),(71,59,'',NULL,'Kathi','Waid','727 Park Avenue',NULL,'16335','Meadville','',223,51),(72,60,'',NULL,'Charles','Devine','42 Kamehameha Ave',NULL,'96720','Hilo','',223,21),(73,61,'',NULL,'leialoha','gututala','705 hina place',NULL,'96732','kahului','',223,21),(74,62,'',NULL,'Barbara','Domingo','18330 N 79th Ave #1043',NULL,'85308','Glendale','',223,4),(75,63,'',NULL,'Steven','Mcfarland','7 Tanoa Place',NULL,'0618','Waitakere','Auckland',153,0),(76,64,'',NULL,'Narmeen','Reger','12901 Cheswood Lane',NULL,'20715','Bowie','',223,31),(77,65,'',NULL,'Kui','Villanueva','1712 Clark St A',NULL,'96822','Honolulu','',223,21),(78,66,'',NULL,'Tonya','Chandler','6020 Camelia Drive',NULL,'30135','Douglasville','',223,19),(79,67,'',NULL,'CarlaMae','Badayos','307 Mokapu Street',NULL,'96732','Kahului','',223,21),(80,68,'',NULL,'robin','maxwell','2020 s 360th st apt a 104',NULL,'98003','federal way','',223,62),(81,69,'',NULL,'Theresa','Kuaimoku','465 Kapahulu Ave. 3-B',NULL,'96815','Honolulu','',223,21),(82,70,'',NULL,'nicole','heil','306 wisconsin ave',NULL,'54822','cameron','',223,64),(83,69,'',NULL,'Danielle','Thom','27232 SE 13th PL',NULL,'98075','Sammamish','',223,62),(310,277,'',NULL,'John','Wilson','1111 W. Main St',NULL,'85044','phoenix','',223,4),(85,71,'',NULL,'brooke','mathers','10515 woodinville dr. 9',NULL,'98011','bothell','',223,62),(86,72,'',NULL,'Keith','Beaner','500 center st P.O. Box 2078',NULL,'96786','wahiawa','',223,21),(87,72,'',NULL,'Amy','Benner','819 E. Main St. P.O. Box 202',NULL,'17086','Richfield','',223,51),(260,235,'',NULL,'Willa','Roberts','25 Lawton Road',NULL,'01464','Shirley','',223,32),(89,74,'',NULL,'Laura','Shepard','6162 Braeburn Drive',NULL,'93117','Goleta','',223,12),(90,75,'',NULL,'Kalani','Kai-Mendosa','1068 Kansas Ave',NULL,'94559','Napa','',223,12),(257,232,'',NULL,'Komisi','Faulafo','924 NE 109th Avenue',NULL,'97220','Portland','',223,49),(92,77,'',NULL,'Osamu','Manabe','91-3067 Makalea Lp',NULL,'96706','Ewa Beach','',223,21),(93,78,'',NULL,'Patricia','Thompson','1605 Shenandoah Dr',NULL,'78613','Cedar Park','',223,57),(94,78,'',NULL,'Patricia','Thompson','Texas Apartment Assn, 1011 San Jacinto, #600',NULL,'78701','Austin','',223,57),(95,79,'',NULL,'Hideki','Matsui','878-202, Oiso,',NULL,'2550003','Oiso-machi','Naka-gun, Kanagawa-ken',107,0),(96,80,'',NULL,'Roy','Kunishige','79 Omao Street',NULL,'96720','Hilo','',223,21),(97,80,'',NULL,'Roy','Kunishige','400 E. Kawili St.',NULL,'96720','Hilo','',223,21),(100,83,'',NULL,'grace','ikeda','14735 mcelroy rd.',NULL,'95602','auburn','',223,12),(102,85,'',NULL,'loren','kahakua','300 keawe st.',NULL,'96720','hilo','',223,21),(103,86,'',NULL,'Jen','Ho','15295 87A Avenue',NULL,'V3S 5E8','Surrey','',38,67),(104,87,'',NULL,'Elizabeth','Smith','2515 W Goldcret Ave',NULL,'53221','Milwaukee','',223,64),(105,88,'',NULL,'Kay','Godfrey','59nAcacia Avenue',NULL,'OX4 7GX','Oxford','Oxfordshire',222,0),(106,89,'',NULL,'Beatrice','Fuamatu','1 Weld Drive',NULL,'6440','Laverton','Western Australia',13,0),(107,90,'',NULL,'tabitha','hall','263 Woodoak Ct',NULL,'21061','Glen Burnie','',223,31),(108,91,'',NULL,'Myrna','Matina','1483 S 500 W',NULL,'84601','PROVO','',223,58),(109,92,'',NULL,'Mary','Fia','Nuuuli Raod 58',NULL,'96799','Pago Pago','USA',4,0),(110,93,'',NULL,'Krystle','Niumata','81 Sherwood Rd',NULL,'3805','Narre Warren South','VICTORIA',13,0),(111,94,'',NULL,'Sea\'ana','Gentry','156 Pipe',NULL,'96734','kailua','',223,21),(112,95,'',NULL,'Jodie','Reid','noong streen 18',NULL,'25400','london','',38,67),(113,96,'',NULL,'Sherri','Ledford','6138 Carlyle Dr',NULL,'44131','Seven Hills','',223,47),(114,97,'',NULL,'Peter','Maivia','22545 fenwall dr',NULL,'91350','Santa Clarita','',223,12),(119,102,'',NULL,'Naoko','Yamaguchi','3455Kamitaraga-cho',NULL,'486-0801','Kasugai-city','Aichi pref.',107,0),(120,103,'',NULL,'Myra','Doyle','833 Patuxent Run Cir',NULL,'21113','Odenton','',223,31),(121,104,'',NULL,'Marsha','Stillson','8681 hwy 193',NULL,'95667','Placerville','',223,12),(122,105,'',NULL,'Dorothy','Tanuvasa','PO BOX',NULL,'95002','Alviso','',223,12),(123,106,'',NULL,'michelle','melin','1291 rainbow court',NULL,'34110','naples','',223,18),(591,524,'',NULL,'Maelynn','Lyons','4571 Biscay St',NULL,'80249','Denver','',223,13),(125,108,'',NULL,'yonemitsu','gou','kashiwa 2-15 IY 1F Lotus',NULL,'277-0005','kashiwa-shi','chiba-ken',107,0),(126,109,'',NULL,'Raeanna','Duck','342 Sequoia Dr',NULL,'30060','Marietta','',223,19),(127,110,'',NULL,'Eunice','Chaney','noong streen 18',NULL,'25400','london','',38,67),(128,111,'',NULL,'kathleen','medrano','91-1111 welowelo street',NULL,'96707','kapolei','',223,21),(129,112,'',NULL,'Margaret','Howard','520 East Chemung Street',NULL,'14892','Waverly','',223,43),(159,141,'',NULL,'steve','candelaria','740 crestview ct',NULL,'92078','san marcos','',223,12),(140,123,'',NULL,'kristi','avilla','68-131 akule street waialua',NULL,'96791','waialua','',223,21),(147,130,'',NULL,'Tofaimalae','Fia','P.O. Box 6736',NULL,'96799','Am. Samoa','Am. Samoa',4,0),(148,131,'',NULL,'kasey','polido','745166 puuolokaa pl',NULL,'96740','kailua kona','',223,21),(196,177,'',NULL,'Brenda','McEwan','233 West Windsor Rd.',NULL,'V7N2N2','North Vancouver','',38,67),(172,154,'',NULL,'Cayla','Heinen','#1902 3500 Varsity Dr. NW',NULL,'T2L 1Y3','Calgary','',38,66),(175,157,'',NULL,'LINGE','PILI','205 bahama rd',NULL,'89145','las vegas','',223,39),(156,139,'',NULL,'Dolores','Boone','5845 SW 103rd. St.',NULL,'34476','Ocala','',223,18),(157,140,'',NULL,'Cindy','Hewitt','18717 Buchanan Rd.',NULL,'95379','Tuolumne','',223,12),(158,140,'',NULL,'Cindy','Hewitt','18717 Buchanan Rd.',NULL,'95379','Tuolumne','',223,12),(145,128,'',NULL,'Jay','Ego','13037 SW Bradley Lane',NULL,'97224','Tigard','',223,49),(255,229,'',NULL,'Ailua','Samaota','3500 NE 17th Street Apt 226',NULL,'97220','Gresham','',223,49),(256,231,'',NULL,'Rachel','Rust','512 Mockingbird Lane',NULL,'77488','Wharton','',223,57),(194,175,'',NULL,'Anna','Lyman','849 Brookfield Drive',NULL,'V9R 6P2','Nanaimo','',38,67),(195,176,'',NULL,'Kanani','Malakaua','PO Box 2214',NULL,'96743','Kamuela','',223,21),(162,144,'',NULL,'JAYSON','CASDTANEDA','p.o. box 818',NULL,'96777','pahala','',223,21),(189,171,'',NULL,'starlene','lee','po box',NULL,'6727','hilo','',223,21),(190,171,'',NULL,'Starlene','Lee','po box 6727',NULL,'96720','hilo','',223,21),(187,169,'',NULL,'Frederick','Hendren','222 Normandy Drive',NULL,'27527','Clayton','',223,44),(188,170,'',NULL,'elaine','lafaele','4828 liverpool st',NULL,'80249','denver','',223,13),(165,147,'',NULL,'Ksenia','Barklaya','Preobrajensky val,16-5',NULL,'107061','Moscow','Moscow',176,0),(185,167,'',NULL,'Alyssa','Padron','706 N. Coronado St.',NULL,'90026','Los Angeles','',223,12),(254,230,'',NULL,'VAIAURO','FAULAFO','924 NE 109th Avenue',NULL,'97220','Portland','',223,49),(198,179,'',NULL,'Latoya','Atkinson','noong streen 18',NULL,'25400','london','',38,67),(199,180,'',NULL,'kathleen','medrano','91-1111 welowelo street',NULL,'96707','Kapolei','',223,21),(200,181,'',NULL,'Samantha','Roma','1006 Grace NE',NULL,'87112','Albuquerque','',223,42),(261,236,'',NULL,'victoria','makaawaawa-tavares','3151 soaring gulls',NULL,'89128','las vegas','',223,39),(262,237,'',NULL,'Herenei','Lafitaga','627 Fagasa',NULL,'96799','Pago Pago','Am. Samoa',4,0),(202,183,'',NULL,'Shanna','Palmer','6400 Sharlands Ave R2112',NULL,'89523','Reno','',223,39),(203,184,'',NULL,'Randy','Simmons','6248 Degrace Dr.',NULL,'27587','Wake Forest','',223,44),(204,185,'',NULL,'Kaulana','Manoi','4620a Alawai Rd',NULL,'96796','Waimea','',223,21),(205,186,'',NULL,'Sinavaimoa','Vaeila','1707 W. 6th Ave. B101',NULL,'99336','Kennewick','',223,62),(578,511,'',NULL,'Anastacia','Iliili','1425 Ventura avenue #3',NULL,'94806','San pablo','',223,12),(208,188,'',NULL,'Jessica','Richardson','268 Puddin Ridge Rd.',NULL,'27958','Moyock','',223,44),(209,189,'',NULL,'Tamika','Ryan','1212 ooli circle',NULL,'96782','Pearl City','',223,21),(210,190,'',NULL,'CHRISTOPHER','BOORAS','15761 BOX 1492',NULL,'96271','APO','',223,11),(211,191,'',NULL,'RAQUEL','LEWI','745060 kealakaa st. apt 8G',NULL,'96740','kailua kona','',223,21),(212,192,'',NULL,'Kristine','Franco','770 California St #309',NULL,'94108','San Francisco','',223,12),(213,193,'',NULL,'Gail','Bourke','570 Middle Road',NULL,'3623','Stanhope','Victoria',13,0),(214,194,'',NULL,'Michael','Bruce','6616 S Jentilly Lane',NULL,'85283','Tempe','',223,4),(215,194,'',NULL,'Michael','Bruce','7500 N Dreamy Draw Drive Suite 245',NULL,'85020','Phoenix','',223,4),(216,195,'',NULL,'Ben','Carroll','Marine and Wildlife Building',NULL,'PO Box 373','Pago Pago','AS',224,0),(217,195,'',NULL,'Ben','Carroll','Marine and Wildlife Building',NULL,'96799','Pago Pago','',223,3),(218,195,'',NULL,'Ben','Carroll','PO Box 3730',NULL,'96799','Pago Pago','',223,3),(219,196,'',NULL,'Russell','Ronneberg','757 Power Rd',NULL,'98239','Coupeville','',223,62),(220,197,'',NULL,'Sandra','Burgess','37 Whispering Woods Dr.',NULL,'49424','Holland','',223,33),(221,197,'',NULL,'Zech','Burgess','5588 Falco Dr.',NULL,'43081','Westerville','',223,47),(222,198,'',NULL,'Beau','Villanueva','245 Keene CT.',NULL,'95382','Turlock','',223,12),(223,199,'',NULL,'Jessica','Jones','86-026 Hoaha St',NULL,'96792','Waianae','',223,21),(224,200,'',NULL,'nicole','davis','74-977 kealakehe street apt.16f',NULL,'96740','kailua kona','',223,21),(225,201,'',NULL,'Stephanie','Proctor','114 W 2825 N Circle',NULL,'84721','Cedar City','',223,58),(226,202,'',NULL,'Tracey','Holder','166 E. Rutherford',NULL,'30605','athens','',223,19),(227,203,'',NULL,'Patricia','Runchey','12008 Mohican Dr.',NULL,'60102','Algonquin','',223,23),(228,204,'',NULL,'Alexis','Menzel','1140 Southwinds Drive',NULL,'32129','Port Orange','',223,18),(229,205,'',NULL,'Manuel','Phillips','4330 San Roberto St Apt 2',NULL,'99508','Anchorage','',223,2),(230,206,'',NULL,'anarita','theodore','419 schenectady st',NULL,'12307','schenectady','',223,43),(231,207,'',NULL,'Jacob','Vargheese','AIRWAY ROAD',NULL,'92154','SAN DIEGO','',223,12),(232,208,'',NULL,'Tanya','Limary','87-1215 Hakimo Rd C',NULL,'96792','Waianae','',223,21),(263,230,'',NULL,'Ailua','Samaota','924 NE 109th Avenue',NULL,'97220','Portland','',223,49),(234,210,'',NULL,'Kathleen','Medrano','91-1111 WeloWelo Street',NULL,'96707','Kapolei','',223,21),(235,211,'',NULL,'Irena','Smelash','Segedskaya st. 14/18',NULL,'65009','Odessa','Odessa',220,0),(236,212,'',NULL,'Justin','Bragg','732 Pennsylvania Ave',NULL,'48801','Alma','',223,33),(237,213,'',NULL,'Lelia','Mckee','noong streen 18',NULL,'25400','london','',38,67),(238,214,'',NULL,'James','Stark','noong streen 18',NULL,'25400','london','',38,67),(239,215,'',NULL,'Krystle','Apaisa','2256 Ahe Street 55B',NULL,'96816','Honolulu','',223,21),(240,216,'',NULL,'Whitney','Scheid','4110 Mira Linda Pt Apt 1934',NULL,'80920','Colorado Springs','',223,13),(311,278,'',NULL,'Natasha','St Arnault','1481 kuleana place',NULL,'96720','Hilo','',223,21),(253,229,'',NULL,'Ailua','Samaota','924 NE 109th Avenue',NULL,'97220','Portland','',223,49),(243,219,'',NULL,'Barbara','Ogden','1719 Nuuanu Avenue 5A',NULL,'96817','Honolulu','',223,21),(244,220,'',NULL,'Taina','Gershikov','Habanim 10/36',NULL,'77744','Ashdod','Ashdod',104,0),(245,221,'',NULL,'Megan','Burns','346 Nottingham road',NULL,'21921','Elkton','',223,31),(246,222,'',NULL,'Joyce','Skajem','5034 Lost Padre Mine Rd',NULL,'88011','Las Cruces','',223,42),(247,223,'',NULL,'Paula','PRANTIS','430 S Roosevelt Street',NULL,'54301','Green Bay','',223,64),(248,224,'',NULL,'Heidi','Schochenmaier','7758-119 A st.',NULL,'V4C 6N6','Delta','',38,67),(249,225,'',NULL,'Imke','Jurgens','Gullnesvegen 48',NULL,'3840','Seljord','Norge',160,0),(250,226,'',NULL,'Franny','Bosser','670 4th Street',NULL,'15139','Oakmont','',223,51),(251,227,'',NULL,'Frances','Bosser','670 4th street',NULL,'15139','Oakmont','',223,51),(264,238,'',NULL,'Lavinia','Kofutua','1573 South Main Street Apt 2',NULL,'84010','Bountiful','',223,58),(265,239,'',NULL,'OrabelleMeredith','Meredith','3039 E . 200 N.',NULL,'46975','Rochester','',223,24),(266,239,'',NULL,'Orabelle','Meredith','6862 N. 900 E.',NULL,'46539','MENTONE','',223,24),(267,239,'',NULL,'Orabelle','Meredith','3039 E. 200 N.',NULL,'46975','Rochester','',223,24),(268,240,'',NULL,'Myrna','Matina','1243 N Circle Cove',NULL,'84043','Lehi','',223,58),(269,241,'',NULL,'Suzette','Shaffer','2812 Tiffany West Way',NULL,'95827','Sacramento','',223,12),(270,242,'',NULL,'tilomai','atiifale','3215 e 18th circle',NULL,'99508','anchorage','',223,2),(271,201,'',NULL,'Stephanie','Proctor','2434 N 1200 E',NULL,'84043','Lehi','',223,58),(272,201,'',NULL,'Stephanie','Proctor','2434 N 1200 E',NULL,'84043','Lehi','',223,58),(273,243,'',NULL,'Jonathan','Catt','8812 w Arden Pl',NULL,'53225','Milwaukee','',223,64),(274,244,'',NULL,'Jared','Tremp','16220 N 7th St #1101',NULL,'85022','Phoenix','',223,4),(275,245,'',NULL,'Virgil','Trias','1185 North Station Dr',NULL,'95688','Vacaville','',223,12),(276,246,'',NULL,'Etsuko','Nemoto','1-1-110 Husaheiwadai',NULL,'2701108','Abiko-Shi','Chiba',107,0),(277,247,'',NULL,'victoria','puulei','1768 AWAA PL',NULL,'96746','kapaa','',223,21),(278,248,'',NULL,'Alan','Towar','24204 Forsyte St.',NULL,'92557','Moreno Valley','',223,12),(279,249,'',NULL,'Curtis','Sakatani','2138 Oxford Way',NULL,'95242','Lodi','',223,12),(280,250,'',NULL,'Kristan','Kicklighter','27 Mack Kennedy Homes',NULL,'30427','Glennville','',223,19),(281,251,'',NULL,'Rafaela','Barker','POB 527',NULL,'91752','Mira Loma','',223,12),(282,252,'',NULL,'Kathleen','Moore','475 Pin Oak Drive',NULL,'29073','Lexington','',223,54),(283,253,'',NULL,'PEPE','Anetipa','4110 spenard road',NULL,'99517','Anchorage','',223,2),(284,254,'',NULL,'janice','schneider','856 dartmouth street',NULL,'94134','san francisco','',223,12),(285,255,'',NULL,'jeremy','owens','7004 salerno rd',NULL,'34951','ft pierce','',223,18),(286,231,'',NULL,'Rachel','Rust','101 W. Burleson St.',NULL,'77488','Wharton','',223,57),(287,256,'',NULL,'sara','helmick','80 Dewitt Ave',NULL,'94558','Napa','',223,12),(288,257,'',NULL,'barb','taylor','2825 wendover terr',NULL,'34685','palm harbor','',223,18),(289,258,'',NULL,'RYAN','FOSTER','PO BOX 240369',NULL,'96824','HONOLULU','',223,21),(290,258,'',NULL,'RYAN','FOSTER','75-5524 KEKE ST',NULL,'96725','HOLUALOA','',223,21),(291,259,'',NULL,'Jackie','Johnson','21373 Pelican Drive',NULL,'97701','Bend','',223,49),(292,260,'',NULL,'Gayle','Raymer','PO Box 110',NULL,'3025','Altona North','Victoria',13,0),(293,261,'',NULL,'Kimberly','Poplaski','79 Manor Ave',NULL,'08107','Oaklyn','',223,41),(294,262,'',NULL,'Eve','Pike','po box 1178',NULL,'95461','middletown','',223,12),(295,263,'',NULL,'Victor','Koerper','632 Chipwood',NULL,'92869','Orange','',223,12),(296,264,'',NULL,'Sela','Pauu','4814 Trail Ave',NULL,'84120','West Valley City','',223,58),(297,265,'',NULL,'Marilyn','McCullough','19 Corte Pinturas',NULL,'92673','San Clemente','',223,12),(298,266,'',NULL,'Marilou','Bacosa','2853 C Kaee Loop',NULL,'96701','Aiea','',223,21),(299,267,'',NULL,'tilomai','atiifale','3215 e 18th circle',NULL,'99508','anchorage','',223,2),(300,268,'',NULL,'Shianne','Lynch','87-129 Saint Johns Road',NULL,'96792','Waianae','',223,21),(301,269,'',NULL,'lauren','ampolos','89486 Farrington hwy',NULL,'96792','waianae','hi',224,0),(302,269,'',NULL,'Lauren','ampolos','89486 Farrington hwy',NULL,'96792','waianae','',223,21),(303,270,'',NULL,'andrea','bryant','92-320 nohona place',NULL,'96707','kapolei','',223,21),(304,271,'',NULL,'Lillian','Demaree','451 N. Galeston Ave.',NULL,'46229','Indianapolis','',223,24),(305,272,'',NULL,'Mabel','Lee','1100 N Half Hitch Road',NULL,'86314','Prescott Valley','',223,4),(306,273,'',NULL,'Joanne','Stein','noong streen 18',NULL,'25400','london','',38,67),(307,274,'',NULL,'Sineatu','Hisatake','95 Bethany Road',NULL,'3029','Hoppers Crossing','Victoria',13,0),(308,275,'',NULL,'Barbara','Barnette','13564 Falcon Pointe Drive',NULL,'32837','Orlando','',223,18),(312,279,'',NULL,'Benjamin','Wilson','605 Woodglen Cir. Apt. 202',NULL,'48326','Auburn Hills','',223,33),(313,280,'',NULL,'James','Millsaps','2136 Bridgeport Loop',NULL,'94505','Discovery Bay','',223,12),(314,281,'',NULL,'David','Allen','6 Country Club Blvd.',NULL,'28327','Whispering Pines','',223,44),(315,282,'',NULL,'Nuhu','Omar','Box Dk 322 Darkuman',NULL,'00233','Accra','Gh',82,0),(316,283,'',NULL,'Wendy','Dorroh','158 Hunters Ridge Dr',NULL,'29072','Lexington','',223,54),(317,284,'',NULL,'Sherrise','Atualevao','87-854 Waapuhi Street',NULL,'97692','Waianae','',223,21),(318,285,'',NULL,'Sharlimar','Maikui','11 Ing Road',NULL,'96748','Kaunakakai','',223,21),(319,286,'',NULL,'sade','hernandez','2230 gateway oaks drive #132',NULL,'95833','sacramento','',223,12),(320,287,'',NULL,'JOELLE','ROBERTS','3807 KARLA CT',NULL,'98531','CENTRALIA','',223,62),(321,288,'',NULL,'Blanche','Siaki','9617 SE Duke Street',NULL,'97236','Portland','',223,49),(322,288,'',NULL,'Blanche','Siaki','3500 NE 17th Street Apt 226',NULL,'97030','Gresham','',223,49),(323,289,'',NULL,'Cristina','Bregar','5709 Columbiana Road',NULL,'44442','New Middletown','',223,47),(324,290,'',NULL,'Lois','Van Slyke','10312 Bobcat Blf',NULL,'78251','San Antonio','',223,57),(325,291,'',NULL,'destiny','arquitola','1002 Fuller Wiser rd. apt.# 4912',NULL,'76039','euless','',223,57),(326,292,'',NULL,'Noime','Reyno','594 Kaakolu St.',NULL,'96761','Lahaina','',223,21),(327,293,'',NULL,'Tamiko','Jajo','4148 Sunnyview RD NE APT.123',NULL,'97305','salem','',223,49),(328,294,'',NULL,'Carlisha','Hall','122 laura wall blvd',NULL,'27101','winston-salem','',223,44),(329,294,'',NULL,'Carlisha','Hall','UNCP. Box 5608 one university drive',NULL,'28372','Pembroke','',223,44),(330,294,'',NULL,'Carlisha','Hall','4167 Oak Tree Drive',NULL,'27107','Winston-Salem','',223,44),(331,295,'',NULL,'kaya','ho','89-177 Nanaikala Place',NULL,'96792','waianae','',223,21),(332,296,'',NULL,'CC','Champion','60 Clitherow Avenue',NULL,'W7 2BT','London','Middelsex',222,0),(333,297,'',NULL,'Darlene','DAvis','100 Light Street; c/o Ober Kaler',NULL,'21202','Baltimore','',223,31),(334,298,'',NULL,'Denise','McCurtain','3139 SE Inverness Ave',NULL,'97080','Gresham','',223,49),(335,299,'',NULL,'TanL','Ca','P.o box 791621',NULL,'96779','Paia','',223,21),(336,300,'',NULL,'rozlyn','kahalewai','126 muliwai ave',NULL,'96786','wahiawa','',223,21),(337,301,'',NULL,'Krisett','Kong','5009 NE Hazel Dell Ave Apt.#3',NULL,'98663','Vancouver','',223,62),(338,302,'',NULL,'Nicole','Paish','30 chungo drive',NULL,'T9G1T8','devon','',38,66),(339,303,'',NULL,'Cathy','Moran','6 Hemlock Rd',NULL,'01960','Peabody','',223,32),(340,304,'',NULL,'David','Toledano','7607 s sherrill st',NULL,'33616','tampa','',223,18),(341,305,'',NULL,'Jill','Fantom','1354 Elmwood St.',NULL,'91786','Upland','',223,12),(342,306,'',NULL,'Stephani','Yong','22755 Lark Street',NULL,'92313','Grand Terrace','',223,12),(343,307,'',NULL,'amethyst','tulafale','14528 perrywood dr',NULL,'20866','burtonsville','',223,31),(344,308,'',NULL,'Jennifer','Stagner','106 Kathey Street',NULL,'76088','Weatherford','',223,57),(345,309,'',NULL,'Tina','Haynes','45 Sweetmeadow dr.',NULL,'02852','North Kingstown','',223,53),(346,310,'',NULL,'Pelsina','Rivera-Diaz','5355 Commons Court',NULL,'23462','Virginia Beach','',223,61),(347,311,'',NULL,'matthew','kaziska','3411 westview dr',NULL,'76543','killeen','',223,57),(348,312,'',NULL,'Cherrie','Mano\'i','p.o. box 1107/4588 Alae Rd',NULL,'96752','Kekaha','',223,21),(349,313,'',NULL,'Carly','Hopkins','2/273 Orrong Road',NULL,'3183','St Kilda East','Vic',13,0),(350,313,'',NULL,'Carly','Hopkins','Level 18, 499 St Kilda Road',NULL,'3004','Melbourne','Vic',13,0),(351,314,'',NULL,'Alice','Ramos','6286 Setting Star',NULL,'21045','Columbia','',223,31),(352,315,'',NULL,'Vicky','Tueipi','909 Chugach Way #28',NULL,'99503','Anchorage','',223,2),(353,316,'',NULL,'Tina','Flud','1004 Zinfandel Pl',NULL,'95351','Modesto','',223,12),(354,317,'',NULL,'Nancy','Lee','11918 175TH RD, N',NULL,'33478','Jupiter','',223,18),(355,318,'',NULL,'lucy','dechicchio','109 hillside st',NULL,'07701','red bank','',223,41),(356,319,'',NULL,'Barbara','Boat','P.O. Box 7862',NULL,'96799','Pago Pago','American Samoa',4,0),(357,320,'',NULL,'chatelle','deas','55 grange road',NULL,'tr13 8sl','helston','cornwall',222,0),(358,321,'',NULL,'Janet','Price','711 N CLEMENTINE ST',NULL,'92805-2617','ANAHEIM','',223,12),(359,322,'',NULL,'Jessie','Keanini','Lot 23 Puukapele Avenue',NULL,'96729','Hoolehua','',223,21),(360,323,'',NULL,'Mateata','Teatao','30A Plunket Avenue, Papatoetoe',NULL,'2104','Manukau','Auckland',153,0),(361,324,'',NULL,'jamie','hicks','po boz 7122',NULL,'96720','hilo','',223,21),(362,324,'',NULL,'janeen','alsip','15-1375 17th av.',NULL,'96749','keaau','',223,21),(363,325,'',NULL,'Belva','Malaefono','691 Matuu st',NULL,'96799','Pago Pago','AS',4,0),(364,325,'',NULL,'Belva','Malaefono','Matuu',NULL,'PO BOX 691','Pago Pago','AS',4,0),(365,325,'',NULL,'Belva','Malaefono','Matuu',NULL,'PO BoX 607','Pago Pago','AS',4,0),(366,325,'',NULL,'Belva','Malaefono','6076 Matuu st',NULL,'96799','Pago Pago','AS',4,0),(367,325,'',NULL,'Belva','Malaefono','6076 Matuu st',NULL,'96799','Pago Pago','Pago Pago',4,0),(368,326,'',NULL,'fred','mahiai','84-633A Manuku st',NULL,'96792','waianae','',223,21),(369,327,'',NULL,'Eri','Yoshida','Obari 2-456',NULL,'485-0037','Komaki','Aichi',107,0),(370,328,'',NULL,'kayla','hastings','44 bonniefield circle',NULL,'17325','gettysburg','',223,51),(371,329,'',NULL,'Tommy','Dardenne','18070 Bayou Road',NULL,'70740','Grosse Tete','',223,28),(372,330,'',NULL,'Natlye','Long','20 Pennwood Dr.',NULL,'11951','Mastic Beach','',223,43),(373,331,'',NULL,'CHASEYANN','VALDEZ','91-1662 BURKE STREET',NULL,'96706','EWA BEACH','',223,21),(374,332,'',NULL,'Roman','Lim','91-168 Puaina Place',NULL,'96706','Ewa Beach','',223,21),(375,333,'',NULL,'patrice','tabanera','240 kilani ave . wahiawa hawaii 96786',NULL,'96786','wahiawa','',223,21),(376,334,'',NULL,'Patricia','Duvall','38068 E. Edinview Ct.',NULL,'20659','Mechanicsville','',223,31),(377,335,'',NULL,'Glen','Won','405 N. Reo St., Suite 300',NULL,'33609','Tampa','',223,18),(378,336,'',NULL,'herman','knief','2240 Sahalee Dr W',NULL,'98074-6312','Sammamish','',223,62),(379,337,'',NULL,'SHERWIN','ORIO','108 NANEA AVE',NULL,'96786','WAHIAWA','',223,21),(380,338,'',NULL,'marisol','estrada','4103 ne 25th ct',NULL,'33033','homestead','',223,18),(381,339,'',NULL,'Glenn','Schubert','4827 Boston Common Glen',NULL,'34211','Bradenton','',223,18),(382,340,'',NULL,'abel','fernandez','33 Park st',NULL,'89502','Reno','',223,39),(383,341,'',NULL,'Mayline','Ueligatone','37 Lake Linden Drive',NULL,'29910','Bluffton','',223,54),(384,341,'',NULL,'Mayline','Ueligatone','2304 Scheper Lane',NULL,'29902','Beaufort','',223,54),(385,342,'',NULL,'Monika','Faasu','94-103 Pupukahi st. #5',NULL,'96797','Waipahu','',223,21),(386,343,'',NULL,'Raydeen','Kobayashi-Kajiwara','67-191 kanoulu st',NULL,'96791','Waialua','',223,21),(389,345,'',NULL,'Jennife','Kossack','2302 12th Ave',NULL,'80503','Longmont','',223,13),(388,344,'',NULL,'Craig','Seitz','3341 Willow Brook Court',NULL,'80487','Steamboat Springs','',223,13),(390,345,'',NULL,'Jean','Carpenter','33070 Factoryville Road',NULL,'49066','Leonidas','',223,33),(391,345,'',NULL,'Jennifer','Kossack','2302 12th Ave',NULL,'80503','Longmont','',223,13),(392,346,'',NULL,'Kendra','Hughes','Po box 12',NULL,'74826','Asher','',223,48),(393,347,'',NULL,'Haven','Robinson','33888 Floyd Street',NULL,'48035','Clinton township','',223,33),(394,348,'',NULL,'Paul','Patcher','40156 N Tangle Ridge Way',NULL,'85086','Anthem','',223,4),(395,349,'',NULL,'latasha','papaia-hoopii','1184 waimano home road',NULL,'96782','pearl city','',223,21),(396,349,'',NULL,'latasha','papaia-hoopii','1184 waimano home road#4D',NULL,'96782','pearl city','',223,21),(397,350,'',NULL,'gael','gogeon','20 avenue marechal lyautey',NULL,'83000','Toulon','PACA',73,0),(398,351,'',NULL,'Jude','Accent','14425 123rd LN NE #25',NULL,'98034','Kirkland','',223,62),(399,352,'',NULL,'Chandra','Quintanilla','79-7199 Mamalahoa Hwy #D234',NULL,'96725','Holualoa','',223,21),(400,288,'',NULL,'Vaiauro','Faulafo','2805 W 31st Apt 22',NULL,'99517','Anchorage','',223,2),(401,352,'',NULL,'ELEINA','BOYD','79-7199 MAMALAHOA HWY #D234',NULL,'96725','HOLUALOA','',223,21),(402,353,'',NULL,'ABBIE','AJIFU','10339 NE PRESCOTT ST #306',NULL,'97220','Portland','',223,49),(403,354,'',NULL,'amy','jester','3432 linchester rd',NULL,'21655','preston','',223,31),(404,355,'',NULL,'Kiana','Rivera','151634 naupaka street',NULL,'Po box','Hawaii','',223,21),(405,356,'',NULL,'Marrisa','Lemamea','4221 Grape Place #B',NULL,'99508','Anchorage','',223,2),(406,357,'',NULL,'Carita Z.','Braun','11416 Horseman\'s Trail',NULL,'27613-6804','Raleigh','',223,44),(407,357,'',NULL,'Carita Z.','Braun','11416 Horsemans Trail',NULL,'27613-6804','Raleigh','',223,44),(408,358,'',NULL,'Mary','Milner','21624 29th St E',NULL,'98391','Lake Tapps','',223,62),(409,359,'',NULL,'Cherry Ann','Marquez','94-340 Waipahu depot st Unit 110',NULL,'96797','Waipahu','',223,21),(410,360,'',NULL,'Justine','Kalauli','89984 Haleakala Ave',NULL,'96792','Waianae','',223,21),(411,361,'',NULL,'kathleen','holla','28 Robinson Street',NULL,'6701','carnarvon','western australia',13,0),(412,362,'',NULL,'Linda','Barber','9327 Turkey Hollow Road',NULL,'61284','Taylor Ridge','',223,23),(413,363,'',NULL,'Patricia','Chapdelaine','1603 N Venice Drive',NULL,'77581','Pearland','',223,57),(414,364,'',NULL,'azariah','hinojosa','21639 anne pl',NULL,'91767','pomona','',223,12),(415,365,'',NULL,'Rhonda','Johnson','8 Cypress Point Drive',NULL,'62234','Collinsville','',223,23),(416,366,'',NULL,'Paul','Patcher','40156 N Tangle Ridge Way',NULL,'85086','Anthem','',223,4),(417,367,'',NULL,'Tiffany Raquel','Moreno','91508 Pupu Street',NULL,'96706','Ewa Beach','',223,21),(418,368,'',NULL,'Angela','DeLuze','9206 Miller Rd',NULL,'22060','Fort Belvoir','',223,61),(419,368,'',NULL,'Kathleen','Shin','1841 Rameriz Dr',NULL,'95993','Yuba City','',223,12),(420,369,'',NULL,'Hannah','Tauanuu','PO Box 1284',NULL,'96700','Pago Pago','',223,3),(421,370,'',NULL,'sonya','wroblewski','1920 bayside dr',NULL,'39532','biloxi','',223,35),(422,371,'',NULL,'Corina','Fernandez','87-118 helelua st apt 203',NULL,'96792','Waianae','',223,21),(423,371,'',NULL,'Corina','Fernandez','87-118 helelua st apt B203',NULL,'96792','Waianae','',223,21),(424,372,'',NULL,'Wendi','Hoopai','1030 Eha street 102',NULL,'96793','wailuku','',223,21),(425,373,'',NULL,'Laila','Tolo','2158 Century Blvd Apt 208',NULL,'82901','Rock Springs','',223,65),(427,375,'',NULL,'marisa','Kaleohano','41-888 Kakaina St',NULL,'96795','Waimanalo','',223,21),(428,376,'',NULL,'Martin','Iring','Zahradnicka 73',NULL,'82108','Bratislava','BA',189,0),(429,377,'',NULL,'Elaine','Sauer','15133 Alderpoint Drive',NULL,'90638','La Mirada','',223,12),(430,378,'',NULL,'Mara','Pentico','11600 Pin Oak Dr.',NULL,'95361','Oakdale','',223,12),(431,379,'',NULL,'Filip','Galiza','38 TEST Street',NULL,'01867','TESTING','',223,32),(433,381,'',NULL,'Dena','Hopkins','16401 Whittier Lane',NULL,'92647','Huntington Beach','',223,12),(434,382,'',NULL,'ryan','fato','6210 ski tx lane',NULL,'77583','rosharon','',223,57),(435,383,'',NULL,'Tarik','Tschege','2487 QUAIL ROOST DR',NULL,'33327-1434','WESTON','',223,18),(436,384,'',NULL,'Anna Maria','Kapua','68-3484 Kupunakane Place',NULL,'96738','Waikoloa','',223,21),(437,385,'',NULL,'natia','fiso','po box 6760',NULL,'96799','pago pago','as',4,0),(439,387,'',NULL,'Sivanila','Seiuli','165 Fraser ave, apt 24A',NULL,'96763','Lanai city','',223,21),(440,388,'',NULL,'Karen','Tani','14760 Midland Road',NULL,'94578','San Leandro','',223,12),(441,389,'',NULL,'Pineapple','Bell','1054 Church St',NULL,'60025','Glenview','',223,23),(442,389,'',NULL,'jennique','eversole','1054 Church St',NULL,'60025','Glenview','',223,23),(443,390,'',NULL,'Teresa','Saybolt','8738 Macon Street',NULL,'19152','Philadelphia','',223,51),(444,391,'',NULL,'Edward','Kaleiohi Goias','P.O. Box 3981',NULL,'96766','Lihue','',223,21),(445,392,'',NULL,'Fesilafai','Lam Sam','46 Beaumaris Crescent, ASCOT PARK',NULL,'5024','Porirua','Wellington',153,0),(446,393,'',NULL,'Omar','Galvez','831 west Hamilton ave.',NULL,'92243','El centro','',223,12),(447,394,'',NULL,'Lisa','Corpus','45612 Keole Street',NULL,'96744','KANEOHE','',223,21),(448,395,'',NULL,'Brenda','Grow','12259 Pacific Cruise Ave',NULL,'89138','Las Vegas','',223,39),(449,396,'',NULL,'Camesha','Kim','94-245 Leowahine St F2030',NULL,'96797','Waipahu','',223,21),(450,397,'',NULL,'Brenda','Picquet','157 South Main',NULL,'76430','Albany','',223,57),(451,397,'',NULL,'Brenda','Picquet','1929 Maplewood Dr.',NULL,'76087','Weatherford','',223,57),(452,398,'',NULL,'Leonell','Kahele','15-332 kahakai blvd.',NULL,'96778','pahoa','',223,21),(453,399,'',NULL,'Anela','Borges','2956 Varsity Circle Apt. A',NULL,'96826','Honolulu','',223,21),(454,400,'',NULL,'Ronald','Chesney','685 Beacon ct',NULL,'92083','Vista','',223,12),(455,401,'',NULL,'James','Maciejewski','131 Ogden St',NULL,'14527','Penn Yan','',223,43),(456,401,'',NULL,'MaryAnn','Maciejewski','220 Lawrence St',NULL,'14527','Penn Yan','',223,43),(457,402,'',NULL,'Sifilina','Toi','3601Raspberry rd #1C',NULL,'99502','Anchorage','',223,2),(458,403,'',NULL,'jasmine','johnson','26 leilehua rd',NULL,'96786','wahiawa','',223,21),(459,404,'',NULL,'Jessica','Jones','3300 N Tenaya Way Apt 2027',NULL,'89129','Las Vegas','',223,1),(460,404,'',NULL,'Jessica','Jones','3300 N Tenaya Way Apt 2027',NULL,'89129','Las Vegas','',223,39),(461,405,'',NULL,'sue','reincke','5838 thompsontown rd',NULL,'21631','east new market','',223,31),(462,406,'',NULL,'Adeana','Kramer','1302 Goodman St.',NULL,'23321','Chesapeake','',223,61),(463,407,'',NULL,'Deborah','Brinkerhoff','410 Cooper Dearing Rd.',NULL,'42122','Alvaton','',223,27),(464,408,'',NULL,'Susan','Pitchford','23 Rolling Ridge Ct',NULL,'77385','Conroe','',223,57),(465,409,'',NULL,'Tracy','Miller','47 Astor Drive',NULL,'28390','Springlake','',223,44),(466,409,'',NULL,'Tracy','Miller','47 Astor Dr',NULL,'28390','Spring Lake','',223,44),(467,410,'',NULL,'Tristen','Cariaga','37 Hoonani Place',NULL,'96720','Hilo','',223,21),(468,411,'',NULL,'DESIREE','FELIUAI','PSC 477 Box 27625',NULL,'96306-0001','FPO','',223,11),(469,412,'',NULL,'violet','victorino','1067 mililani st',NULL,'96720','hilo','',223,21),(470,413,'',NULL,'Rose Ann','Lamb','1676 Abbey Oak Dr',NULL,'22182','Vienna','',223,61),(471,414,'',NULL,'Jacky','Khamsouk','1516 Iao lane',NULL,'96817','honolulu','',223,21),(472,415,'',NULL,'Jasmine','Johnson','26 leilehua rd',NULL,'96786','wahiawa','',223,21),(473,416,'',NULL,'raina','parker','16 oakfield road',NULL,'sl8 5qn','bourne end','bucks',222,0),(474,417,'',NULL,'David','Espinoza','4540 thorn st.',NULL,'92105','San Diego','',223,12),(475,418,'',NULL,'MUA','LEFATIA','PO BOX 691 Malaeloa',NULL,'96799','Pago Pago','AS',4,0),(476,418,'',NULL,'Mua','LEFATIA','PO BOX 691 MALAELOA',NULL,'96799','PAGO PAGO','',223,3),(477,419,'',NULL,'Teara','Mendez Otlang','625 Andrew Street',NULL,'95605','West Sacramento','',223,12),(478,420,'',NULL,'Brady','Chilewski','80791 RD. 458',NULL,'68828','Comstock','',223,38),(479,421,'',NULL,'Shan','Barro','94-033 kuahelani ave',NULL,'96789','MILILANI','',223,21),(480,422,'',NULL,'camille','Sharpe','5165 Wilhelm Dr',NULL,'80911','Colorado springs','',223,13),(481,423,'',NULL,'Suzielenora','Elley','5082 Bingham Way',NULL,'96734','Kailua','',223,21),(482,424,'',NULL,'Diondra','Clifton','87-602 A Farrington Hwy',NULL,'96792','Waianae','',223,21),(483,425,'',NULL,'dezerie','kipapa','87-123 helelua st Apt.g-203',NULL,'96792','waianae','',223,21),(484,426,'',NULL,'Melanie','Brady','1014 Eastwood st',NULL,'39567','Pascagoula','',223,35),(485,427,'',NULL,'evalina','fao','95-168 waimakua pl.',NULL,'96789','mililani','',223,21),(486,428,'',NULL,'evalina','fao','95-168 waimakua pl.',NULL,'96789','mililani','',223,21),(487,429,'',NULL,'Ramona','Moepono','440 Holua Drive',NULL,'96732','Kahului','',223,21),(488,430,'',NULL,'gregg','dumler','141 maple st atp 95',NULL,'45377','vandalia','',223,47),(489,431,'',NULL,'Amie','Ramsdell','882 Huntington St',NULL,'48043','Mount Clemens','',223,33),(490,432,'',NULL,'rihanna','valentino','2024 Kahawai St. #105',NULL,'96793','wailuku','',223,21),(491,433,'',NULL,'Dona','Anderson','3210 Yarwood Way',NULL,'95833','Sacramento','',223,12),(492,434,'',NULL,'Kelsi','Makaio','619 Krupa st',NULL,'96729','Waive lla','',223,21),(654,582,'',NULL,'Jane','Service','2750 date street apt. 1',NULL,'96816','Honolulu','',223,21),(494,435,'',NULL,'Jordan','Hatt','6623 Gaffney Drive',NULL,'77541','Jones Creek','',223,57),(495,436,'',NULL,'Shaina','Rivers','9777 N. Council Rd.',NULL,'73162','Oklahoma City','',223,48),(496,437,'',NULL,'Rose\'lani','Kane','11109 W. Minnezona Ave.',NULL,'85037','Phoenix','',223,4),(497,438,'',NULL,'Andrea','Siddons','12936 Seascape Lane',NULL,'28278','Charlotte','',223,44),(498,439,'',NULL,'Taiana','Mortensen','4402 66th Ave E',NULL,'98424','Fife','',223,62),(499,440,'',NULL,'Rachael','Gonzalez','6360 E Sahara Ave Apt 1085',NULL,'89142','Las Vegas','',223,39),(500,441,'',NULL,'Rod','Krahmer','2406 LaJolla Ct NW',NULL,'97304','Salem','',223,49),(501,442,'',NULL,'Kristi','Lemon','3681 E Harstine Island Rd N',NULL,'98584','Shelton','',223,62),(502,443,'',NULL,'Pauline','Lilo','po box 1391',NULL,'99723','barrow','',223,2),(503,444,'',NULL,'LAURA','VANDERBURGH','9273 WISTER DR',NULL,'91941','LA MESA','',223,12),(504,445,'',NULL,'Jami','Johns','307 Industrial',NULL,'78611','Burnet','',223,57),(505,446,'',NULL,'Haunani','Navales','1001 Pomona St apt.D',NULL,'97058','The Dalles','',223,49),(506,447,'',NULL,'Deborah','Tuuga','814 Kinau st. APT 202',NULL,'96813','Honolulu','',223,21),(507,448,'',NULL,'Mele','Livai Havea','Po box 1391',NULL,'99723','Barrow','',223,2),(508,449,'',NULL,'Pauline','Lilo','Po Box 1391',NULL,'99723','Barrow','',223,2),(509,448,'',NULL,'Mele','Livai Havea','6508 Transit st',NULL,'po box 773','Barrow','',223,2),(510,450,'',NULL,'Edward','Kaleiohi Goias','P.O. Box 3981',NULL,'96766','Lihue','',223,21),(511,451,'',NULL,'Shari','Yamaji','1087 Boranda Ave.',NULL,'94040','Mountain View','',223,12),(512,452,'',NULL,'Mildred','Rodrigues','87-1894 Mohihi Street',NULL,'96792','Waianae','',223,21),(513,453,'',NULL,'carol','pellerin','11226-89th st',NULL,'t5b3t4','edmonton','',38,66),(514,454,'',NULL,'Karina','Viera','5100 NW 169 St',NULL,'33055','Miami','',223,18),(515,455,'',NULL,'Hans','Klein','Joke Smitlaan 32',NULL,'2253 PE','Voorschoten','Zuid Holland',150,0),(516,456,'',NULL,'isabel','muirragui','850 alsace loraine',NULL,'94019','half moon bay','',223,12),(517,457,'',NULL,'Losalia','Lemalie','601 Bellaire Dr #150',NULL,'76053','hurst','',223,57),(518,458,'',NULL,'Jennifer','Yuhas','1150 Merganser St',NULL,'997092560','Fairbanks','',223,2),(519,459,'',NULL,'Tarron','Lam','340 niihau st.',NULL,'96732','kahului','',223,21),(520,460,'',NULL,'Elsie','Niko','10649 Spruce View Loop Unit#131',NULL,'99507','Anchorage','',223,2),(521,461,'',NULL,'Nicolette','Montizor','PO Box 1349',NULL,'96748','Kaunakakai','',223,21),(522,462,'',NULL,'Moana','Limkary','2007B Keith Circle',NULL,'72764','Springdale','',223,5),(523,463,'',NULL,'Mia','Pietilä','Leikosaarente 24 e 43',NULL,'00980','Helsinki','Finland',72,0),(524,464,'',NULL,'Kahea','Reyes','PO BOX 431',NULL,'96726','Honaunau','',223,21),(525,465,'',NULL,'April','Senatus','27 Kings Canyon Drive',NULL,'70131','New Orleans','',223,28),(526,466,'',NULL,'chay','leezer','225 East Park Place',NULL,'47130','Jeffersonville','',223,24),(540,477,'',NULL,'BEAUTY','MATAIAO','CMR 405 BOX 2646',NULL,'09034','APO','',81,89),(528,468,'',NULL,'Marla','Woodfolk','11908 Blue Spruce Road',NULL,'20191','Reston','',223,61),(529,469,'',NULL,'carrie','stephens','7931 mickelson way',NULL,'92545','Hemet','',223,12),(530,470,'',NULL,'Taeko','Renguul-McKinney','1921 8th Street',NULL,'98337','Bremerton','',223,62),(531,471,'',NULL,'Cheryl','Bowers','1508 Ryan Place',NULL,'38401','Columbia','',223,56),(532,472,'',NULL,'natalie','nahoopii','p.o. box 242',NULL,'96717','hauula','',223,21),(533,473,'',NULL,'Lisa-Rae','Martin','84-707 Kiana Pl. Apt 109A',NULL,'96792','Waianae','',223,21),(534,474,'',NULL,'Chanda','Schutte','PO Box 631887',NULL,'96763','Lanai City','',223,21),(535,474,'',NULL,'Chanda','Schutte','84594 Manuku Street',NULL,'96762','Waianae','',223,21),(536,475,'',NULL,'Keziah','Iaulualo','1904 Twining Dr',NULL,'99504','Anchorage','',223,2),(537,476,'',NULL,'MATANIU','FAALATA','7016A GWINETT CT',NULL,'31315','FORT STEWART','',223,19),(539,477,'',NULL,'Beauty','Mataiao','lucy_taase13@yahoo.com',NULL,'09034','APO','',81,89),(541,478,'',NULL,'Gail','Peters','2560 st pat\'s red',NULL,'54313','Suamico','',223,64),(542,479,'',NULL,'Abcde','Carter','84-825 F Hanalei St.',NULL,'96792','Waianae','',223,21),(543,480,'',NULL,'tiffany','gasler','66-779 e haliewa',NULL,'96712','haliewa','',223,21),(544,481,'',NULL,'SHERRY','WAGNER','2407 Windmill View Rd',NULL,'92020-1046','EL CAJON','',223,12),(545,482,'',NULL,'Kaulana','Manoi-Resinto','po box 895',NULL,'96796','waimea','',223,21),(546,483,'',NULL,'SUSAN','CARPENTER','1128 ROUTE 845',NULL,'E5N 1L1','KINGSTON','',38,70),(547,484,'',NULL,'JEFFREY','ALEJANDRO','215 ATHERWOOD AVE',NULL,'94061','REDWOOD CITY','',223,12),(548,485,'',NULL,'admin','ramos','145 pr 7616',NULL,'78016','devine','',223,57),(550,487,'',NULL,'Kuata','Aasa','1185 Iliili Road',NULL,'96799','Pago PAgo','AS',4,0),(551,488,'',NULL,'Mataaiga','Pula-Hall','815 E 64th St',NULL,'98404','Tacoma','',223,62),(552,489,'',NULL,'margaret','faulafo','2610 mill bay Rd b5',NULL,'99615','kodiak','',223,2),(553,490,'',NULL,'Napela','Menor','79-983 A Kawanui Pl',NULL,'96750','Kealakekua','',223,21),(554,491,'',NULL,'Alysa','Hammons','5214F Diamond Heights Blvd.',NULL,'94131','San Francisco','',223,12),(555,492,'',NULL,'Sierra','Tagaloa','2019 K St. NE #A',NULL,'98002','Auburn','',223,62),(556,493,'',NULL,'ezrajnah','pua','87 136 auyong homestead road',NULL,'96792','Waianae','',223,21),(557,494,'',NULL,'Brian','Baird','15207 West James Anderson Hwy.',NULL,'23921','Buckingham','',223,61),(558,494,'',NULL,'Brian','Baird','15207 West James Anderson Hwy.',NULL,'23921','Buckingham','',223,61),(559,494,'',NULL,'Brian','Baird','1217 Watoga Rd.',NULL,'23936','Dillwyn','',223,61),(560,495,'',NULL,'Kristina','Salazar','94- 1082 kuhaulua st',NULL,'96797','Waipahu','',223,21),(561,496,'',NULL,'Regine','Shiers','23 Honey Hill Road',NULL,'06851','Norwalk','',223,14),(562,497,'',NULL,'Latasha','Papaia-Hoopii','1184 waimano home road 7C',NULL,'96782','pearl city','',223,21),(563,498,'',NULL,'Randy','Larsen','19107 Cypress Reach Ln',NULL,'33620','Tampa','',223,18),(564,498,'',NULL,'Nicolina','Nicthe','9303 Claremont Ave',NULL,'87112','Albuquerque','',223,42),(565,499,'',NULL,'Charlie','Hauhio','91-1117 Koanimakani St',NULL,'96707','Kapole','',223,21),(566,500,'',NULL,'Patti','McGrath','8521 Dallas Street',NULL,'91942','La Mesa','',223,12),(567,501,'',NULL,'Sala','Godinet','3227 Kokoland Rd',NULL,'96799','Pago Pago','American Samoa',4,0),(568,502,'',NULL,'Zhanity','Dudoit','941 lekeona loop',NULL,'96793','Wailuku','',223,21),(569,503,'',NULL,'Vailana','Akeo','61-4035 Pahonu Place',NULL,'96743','Kamuela','',223,21),(570,504,'',NULL,'Ashlyn','Dias','73-1069 LOLOA DR',NULL,'96740-9481','KAILUA KONA','',223,21),(571,505,'',NULL,'Angus','Godwin','262 Moonlight dr',NULL,'29210','Columbia','',223,54),(572,506,'',NULL,'Victoria','Capps','1230 Sonoma Dr',NULL,'97404','Eugene','',223,49),(573,507,'',NULL,'Eric','Bradley','3560 Montpellier rd',NULL,'P0m1l0','Chelmsford','',38,74),(574,508,'',NULL,'Chad','Hill','1217 E Butterfield Pl',NULL,'66062','Olathe','',223,26),(575,493,'',NULL,'ezrajnah','pua','87 136 auyong homestead road',NULL,'96792','Waianae','',223,21),(576,509,'',NULL,'Jessica','Okuma','85-789 Piliuka Pl.',NULL,'96792','Waianae','',223,21),(579,512,'',NULL,'Meagan','Agricula','67-244 ku pl',NULL,'96791','Waialua','',223,21),(580,513,'',NULL,'chris','eden','30 stratton drive',NULL,'07470','Wayne','',223,41),(581,514,'',NULL,'Hidie','Kealoha','7570 w flamingo rd #101',NULL,'89147','Las vegas','',223,39),(582,515,'',NULL,'joshua','josifoski','6 ferry street kogarah',NULL,'2217','kogarah','NSW',13,0),(583,516,'',NULL,'Victoria','Herrmann','27682 Corte Del Sol St',NULL,'92555','Moreno Valley','',223,12),(584,517,'',NULL,'Roxane','Thaxton','3000 Scenic Valley Way',NULL,'89052','Henderson','',223,39),(592,525,'',NULL,'Roxane','Thaxton','3000 Scenic Valley Way',NULL,'89052','Henderson','',223,39),(586,519,'',NULL,'Loretta','Lopes','15-1724 hialoa st',NULL,'96749','Keaau','',223,21),(587,520,'',NULL,'Davin','Morita','79 Nohea St',NULL,'96720','Hilo','',223,21),(588,521,'',NULL,'tihani','kamaka','280 Wilikina Dr.',NULL,'96786','Wahiawa','',223,21),(589,522,'',NULL,'Eleanor','DuMont','2398 Antrim court',NULL,'15237','Pittsburgh','',223,51),(590,523,'',NULL,'Susan','Partington','#108, 6676 Nelson Ave',NULL,'V5H3J8','Burnaby','',38,67),(593,526,'',NULL,'Chachi','Kevilshin','2730 Oakwood Dr',NULL,'66441','Junction city','',223,26),(594,527,'',NULL,'Legalo','Sualoa','1822 N 32nd St Apt 205',NULL,'85008','Phoenix','',223,4),(595,528,'',NULL,'LEGALO','SUALOA','1822 N 32ND STREET APT 205',NULL,'85008','PHOENIX','',223,4),(596,529,'',NULL,'Gerilynn','Medeiros','P.o Box 6530',NULL,'96737','Oceanview','',223,21),(597,530,'',NULL,'Brian','Casambros','23995 briar bark ln',NULL,'77365','Porter','',223,57),(598,531,'',NULL,'Wayne','Hinthorne','P.o box 6530',NULL,'96737','Ocean view','',223,1),(599,531,'',NULL,'Geri','Medeiros','P.o box 6530',NULL,'96737','Oceanview','',223,21),(600,532,'',NULL,'Leah','Youell','1362 west Virginia Ave.',NULL,'80223','Denver','',223,13),(601,533,'',NULL,'Jazzeri','Vincent','84-217 Ikuone Pl',NULL,'96792','Waianae','',223,21),(602,534,'',NULL,'Fiailoa','Elisara-Vaipae','PO Box 3651',NULL,'96799','Pago Pago','American Samoa',4,0),(603,535,'',NULL,'idael napoles','Lopez','5052 N 65ave',NULL,'85301','Phoenix','',223,4),(604,536,'',NULL,'Nolina','Olmos','15-2731 Maika street',NULL,'96778','Pahoa','',223,21),(605,536,'',NULL,'Nolina','Olmos','15-2731 Maiko street',NULL,'96778','Pahoa','',223,21),(606,537,'',NULL,'Alyssa','Sved','365 hahana rd',NULL,'96708','Haiku','',223,21),(607,538,'',NULL,'Lisa','Mauai','86-127 hoaha street',NULL,'96792','Waianae','',223,21),(608,539,'',NULL,'Keriann','Taumua','514 Irwin Street',NULL,'99508','Anchorage','',223,2),(609,540,'',NULL,'Tui','Moa','13113 Spinning Glen Dr',NULL,'76040','Euless','',223,57),(610,541,'',NULL,'Amber','Kaipo','118 lukia st.',NULL,'96720','hilo','',223,21),(611,542,'',NULL,'Karori Zealand','Taukeke','55-550 Naniloa Loop',NULL,'96762','Laie','',223,21),(612,543,'',NULL,'kathleen','thompson','2353 North Tedy Ln',NULL,'60073','round lake beach','',223,23),(613,544,'',NULL,'Menasse','Anej','603 W KEATS AVENUE',NULL,'85210','Mesa','',223,4),(614,545,'',NULL,'Janeen','Torres','PO Box 7122, 17',NULL,'96720-8939','Hilo','',223,21),(615,546,'',NULL,'Jaimee','Straszewski','1685 Burgundy Road, Apt A',NULL,'92024','Encinitas','',223,12),(616,547,'',NULL,'Lourdes','Ching','1130 Rumbold Street',NULL,'90248','Gardena','',223,12),(617,548,'',NULL,'Cindy','Ruiz','1113 Carob way',NULL,'90640','Montebello','',223,12),(618,549,'',NULL,'Arnold','Robyn','8860 Star Valley Court',NULL,'89123','Las Vegas','',223,39),(619,550,'',NULL,'John','Lesksoke','5764 College lane',NULL,'32211','Jacksonville','',223,18),(620,551,'',NULL,'Mark','Curran','378 Ultimo Avenue',NULL,'90814','Long Beach','',223,12),(621,552,'',NULL,'Lorraine','Mara','1365 Kalanianaole Ave. Apt.101',NULL,'96720','Hilo','',223,21),(622,519,'',NULL,'Loretta','Lopes','1945 keo st, Hilo hi',NULL,'96720','Hilo','',223,21),(623,553,'',NULL,'LAURA','MOLINA','General Ricardos 236 4b',NULL,'28025','MADRID','',195,161),(624,554,'',NULL,'Vika','Taupeamuhu','Po box 2009',NULL,'96753','Kihei','',223,21),(625,555,'',NULL,'Justin','Williams','27005 13th Ave S',NULL,'98198','Des Moines','',223,62),(626,556,'',NULL,'Deidre','Estocado','65 Honokalani rd.',NULL,'po box 111','Hana','',223,21),(627,556,'',NULL,'Deidre','Estocado','PO box 111',NULL,'po box 111','Hana','',223,21),(628,556,'',NULL,'Deidre','Estocado','Po box 111',NULL,'96713','Hana','',223,21),(629,557,'',NULL,'Mary','Rosenkranz','602 Main St S',NULL,'55046','Lonsdale','',223,34),(630,558,'',NULL,'Dawn','Wall','1735 Park Ave B-307',NULL,'98337','Bremerton','',223,62),(631,559,'',NULL,'Jasmine','Johnson','85-1349 PUHINALO PL.',NULL,'96792','WAIANAE','',223,21),(632,560,'',NULL,'Ronald','Pinkham','3841 Fellowship Ave',NULL,'32163','THE VILLAGES','',223,18),(633,561,'',NULL,'Cassie','Haynes','6530 wade springs rd',NULL,'37130','Murfreesboro','',223,56),(634,562,'',NULL,'Kathleen','Makimoto','1888 kalakaua ave c312',NULL,'96815','Honolulu','',223,21),(635,563,'',NULL,'Kevin','O’Donnell','6155 Whiteford Center Rd',NULL,'43613','Toledo','',223,47),(636,564,'',NULL,'Marina','Yajima','821 kunawai lane',NULL,'96817','Honolulu','',223,21),(637,565,'',NULL,'shelley','dimond','6573 kazoo road',NULL,'v0k2k1','70 mile house','',38,67),(638,566,'',NULL,'Keisha','Parker','91-1065 Kaimalie St',NULL,'Apt 2Q2','Ewa Beach 96706','',223,21),(639,567,'',NULL,'Irene','Tanodra','10294 Rotherwood circle',NULL,'80130','Highlands Ranch','',223,13),(640,568,'',NULL,'Roslyn','Murakane','332 Alahee drive',NULL,'96793','Wailuku','',223,21),(641,569,'',NULL,'Jan','Tapu','69 canal street',NULL,'2680','Griffith','Nsw',13,0),(642,570,'',NULL,'Kalei','Davies','5855A olohena rd',NULL,'96746','kapaa','',223,21),(643,571,'',NULL,'Fatima','Alain','&#1588;&#1575;&#1585;&#1593; &#1575;&#1604;&#1605;&#1604;&#1603;',NULL,'31982','&#1575;&#1604;&#1575;&#1581;&#15','&#1575;&#1604;&#1607;&#1601;&#16',184,0),(644,572,'',NULL,'Newell','Mott','1806 2nd St SW #8',NULL,'55902','Rochester','',223,34),(645,573,'',NULL,'Jackie','Thompson','3 Highfield Close',NULL,'TA11 6SZ','Somerton','Somerset',222,0),(646,574,'',NULL,'Victoria','Saflor','4586 opukea street',NULL,'96766','Lihue','',223,21),(647,575,'',NULL,'Candace','Kekaualua','po box 4265',NULL,'96720','hilo','',223,21),(648,576,'',NULL,'Cody','ramos','18-7874 kalola rd.',NULL,'96771','Mountain view','',223,21),(649,577,'',NULL,'Megan','Kamai','117 kaulana na pua crl',NULL,'96793','Wailuku','',223,21),(650,578,'',NULL,'Desialee','Cabalar','75-6077 n Haku Mele pl',NULL,'96740','Kailua kona','',223,21),(651,579,'',NULL,'Avei','Ese','3228 s 169th st',NULL,'98188','Seatac','',223,62),(652,580,'',NULL,'Luis','Ceballos-Gusman','325 Kolekole Dr.',NULL,'96786','Wahiawa','',223,21),(653,581,'',NULL,'pauline','Ramos','po box 1028',NULL,'96771','mountain view','',223,21),(655,583,'',NULL,'test','test','123 test st',NULL,'12345','test','',223,38),(656,583,'',NULL,'test','test','123 test st',NULL,'38128','lavista','',223,38),(657,583,'',NULL,'test','test','123 test st',NULL,'68128','lavista','',223,38),(658,584,'',NULL,'Jacquelyn','Snodgrass','16 Simon Willard Rd.',NULL,'01720','Acton','',223,32),(659,585,'',NULL,'Melvine','Giron','74-307 nuhi place',NULL,'96740','Kailua kona','',223,21),(660,586,'',NULL,'Shena','Park','86 kaulana na pua',NULL,'96793','Wailuku','',223,21),(661,587,'',NULL,'Rosemarie','Popoalii','23404 61st Avenue South x103',NULL,'98032','Kent','Washington',4,0),(662,587,'',NULL,'Rosemarie','Popoalii','23404 61st Avenue South x103',NULL,'98032','Kent','Seattle Washington',4,0),(663,588,'',NULL,'Keisha','Parker','4954 C West ehiku way',NULL,'96706','Ewa Beach','',223,21),(664,589,'',NULL,'Menasse','Anej','603 W Keats Avenue',NULL,'85210','MESA','',223,4),(665,590,'',NULL,'Shaun','Estores','1100 county road 523 unit2',NULL,'08822','Flemington','',223,41),(666,591,'',NULL,'Puleonoisalafai','Moetoto','1615 valley ave east apt22',NULL,'98390','Sumner','',223,62),(667,592,'',NULL,'Kandice','Soares','16-643 Kipimana St. #9',NULL,'96749','Keaau','',223,21),(668,593,'',NULL,'Jasmine','Johnson','85-1349 puhinalo pl.',NULL,'96792','waianae','',223,1),(669,593,'',NULL,'Jasmine','Johnson','85-1349 puhinalo pl.',NULL,'96792','waianae','',223,21),(670,594,'',NULL,'Robert','Marek','29 E 320 N',NULL,'84745','La Verkin','',223,58),(671,595,'',NULL,'Glenda','Dever','430 FLORENCE ST',NULL,'94014','Daly City','',223,12),(672,596,'',NULL,'Andrea','Aldueso','94-125 Pahu St #18',NULL,'96797','Waipahu','',223,21),(673,597,'',NULL,'amy','rustic','hc 1 box 90',NULL,'96713','hana','',223,21),(674,598,'',NULL,'Eileen','Kwan-Castaneda','211 Rolling Oak Dr.',NULL,'78621','Elgin','',223,57),(675,599,'',NULL,'Madonna','Daunny','37 Lokahi Circle',NULL,'96720','Hilo','',223,21),(676,599,'',NULL,'Madonna','Daunny','37 Lokahi Circle, 13R',NULL,'96720','Hilo','',223,21),(677,600,'',NULL,'Jasmine','Johnson','85-1349 puhinalo pl',NULL,'96792','Waianae','',223,21),(678,601,'',NULL,'Mara','Sagapolu','3117 Paliuli street apt.4',NULL,'96816','Honolulu','',223,21),(679,601,'',NULL,'Talagu','Ahhoy','55-530 losepa',NULL,'96762','Laie','',223,21),(680,602,'',NULL,'Wainani','Gomes','95-390 Kuahelani Ave,Suite 3AC-1028',NULL,'96789','MILILANI','',223,21),(681,603,'',NULL,'Ipo','Mailou','hc 1 box 90',NULL,'0090','hana','',223,21),(682,604,'',NULL,'vanity','mounsena','8808 Twinberry way',NULL,'95624','Elk grove','',223,12),(683,605,'',NULL,'Zoe-Anne','Zoet','5024 Calle Arquero',NULL,'92057','Oceanside','',223,12),(684,606,'',NULL,'Amy','Chin','3 Forty Acre Mtn Rd',NULL,'06811','Danbury','',223,14),(685,607,'',NULL,'Patrick','McEntire','PO Box 6668',NULL,'96799','Pago Pago','AS',4,0),(686,608,'',NULL,'jomarie','holt','1631 Fir Ave',NULL,'94578-1961','San Leandro','',223,12),(687,609,'',NULL,'Teieta','Bwakatii','88 Hauiti Drive, warkworth 0910',NULL,'0910','Auckland New Zealand','Rodney',153,0),(688,610,'',NULL,'Patsy','Nakamura','85-243 alaakau st, 414',NULL,'96792-4222','Waianae','',223,21),(689,611,'',NULL,'Syvillee','Derego','PO BOX 805',NULL,'96727','Honokaa','',223,21),(690,612,'',NULL,'Vince','Jarak','905 Sonoma Glen Cir',NULL,'95442','Glen Ellen','',223,12),(691,613,'',NULL,'Howard','Michelsen','2419 Fox Creek Lane',NULL,'21035','Davidsonville','',223,31),(692,614,'',NULL,'D\'Von','Auna','17129 W Butler Ave',NULL,'85355','Waddell','',223,4),(693,615,'',NULL,'Eva','Kakalia','85-1138 Kumaipo St, 30',NULL,'96792','Waianae','',223,21),(694,615,'',NULL,'Eva','Kakalia','85-1138 Kumaipo St',NULL,'96792','Waianae','',223,21),(695,616,'',NULL,'Katsumi','Suzuki','3-26-9',NULL,'1050014','Shiba Minato-ku','Tokyo',107,0),(696,617,'',NULL,'mariann','Lamoreaux','5685 South 3650 West',NULL,'84129','Taylorsville','',223,58),(697,618,'',NULL,'Mayte','Ngata','94-1074 Hoohele st.',NULL,'96797','Waipahu','',223,21),(698,619,'',NULL,'Chanda','Melgar','4851 Ohia Pl',NULL,'96766','Lihue','',223,21),(699,620,'',NULL,'Yvette','Oyadomari','98069 Lokowai st',NULL,'96701','Aiea','',223,21);

--
-- Table structure for table `address_format`
--

CREATE TABLE `address_format` (
  `address_format_id` int(11) NOT NULL AUTO_INCREMENT,
  `address_format` varchar(128) NOT NULL DEFAULT '',
  `address_summary` varchar(48) NOT NULL DEFAULT '',
  PRIMARY KEY (`address_format_id`)
) ENGINE=MyISAM AUTO_INCREMENT=6 DEFAULT CHARSET=latin1;

--
-- Dumping data for table `address_format`
--

INSERT INTO `address_format` VALUES (1,'$firstname $lastname$cr$streets$cr$city, $postcode$cr$statecomma$country','$city / $country'),(2,'$firstname $lastname$cr$streets$cr$city, $state    $postcode$cr$country','$city, $state / $country'),(3,'$firstname $lastname$cr$streets$cr$city$cr$postcode - $statecomma$country','$state / $country'),(4,'$firstname $lastname$cr$streets$cr$city ($postcode)$cr$country','$postcode / $country'),(5,'$firstname $lastname$cr$streets$cr$postcode $city$cr$country','$city / $country');

--
-- Table structure for table `administrators`
--

CREATE TABLE `administrators` (
  `id` int(11) NOT NULL AUTO_INCREMENT,
  `user_name` varchar(32) CHARACTER SET latin1 COLLATE latin1_bin NOT NULL DEFAULT '',
  `user_password` varchar(40) NOT NULL DEFAULT '',
  PRIMARY KEY (`id`)
) ENGINE=MyISAM AUTO_INCREMENT=8 DEFAULT CHARSET=latin1;

--
-- Dumping data for table `administrators`
--

INSERT INTO `administrators` VALUES (1,'adminJvT','86a342ee1967d726ba9cc3d1350cca03:c0');

--
-- Table structure for table `banners`
--

CREATE TABLE `banners` (
  `banners_id` int(11) NOT NULL AUTO_INCREMENT,
  `banners_title` varchar(64) NOT NULL DEFAULT '',
  `banners_url` varchar(255) NOT NULL DEFAULT '',
  `banners_image` varchar(64) NOT NULL DEFAULT '',
  `banners_group` varchar(10) NOT NULL DEFAULT '',
  `banners_html_text` text,
  `expires_impressions` int(7) DEFAULT '0',
  `expires_date` datetime DEFAULT NULL,
  `date_scheduled` datetime DEFAULT NULL,
  `date_added` datetime NOT NULL DEFAULT '0000-00-00 00:00:00',
  `date_status_change` datetime DEFAULT NULL,
  `status` int(1) NOT NULL DEFAULT '1',
  PRIMARY KEY (`banners_id`),
  KEY `idx_banners_group` (`banners_group`)
) ENGINE=MyISAM AUTO_INCREMENT=2 DEFAULT CHARSET=latin1;

--
-- Dumping data for table `banners`
--

INSERT INTO `banners` VALUES (1,'osCommerce','http://www.oscommerce.com','banners/oscommerce.gif','468x50','',0,NULL,NULL,'2008-06-23 18:56:41',NULL,1);

--
-- Table structure for table `banners_history`
--

CREATE TABLE `banners_history` (
  `banners_history_id` int(11) NOT NULL AUTO_INCREMENT,
  `banners_id` int(11) NOT NULL DEFAULT '0',
  `banners_shown` int(5) NOT NULL DEFAULT '0',
  `banners_clicked` int(5) NOT NULL DEFAULT '0',
  `banners_history_date` datetime NOT NULL DEFAULT '0000-00-00 00:00:00',
  PRIMARY KEY (`banners_history_id`),
  KEY `idx_banners_history_banners_id` (`banners_id`)
) ENGINE=MyISAM AUTO_INCREMENT=15 DEFAULT CHARSET=latin1;

--
-- Dumping data for table `banners_history`
--

INSERT INTO `banners_history` VALUES (1,1,6,0,'2008-06-23 18:57:47'),(2,1,3,0,'2008-06-25 14:21:59'),(3,1,59,0,'2008-07-07 10:21:17'),(4,1,6,0,'2008-07-08 20:51:50'),(5,1,13,0,'2008-07-10 18:48:41'),(6,1,82,0,'2008-07-11 10:37:24'),(7,1,38,0,'2008-07-14 18:19:34'),(8,1,55,0,'2008-07-15 00:00:08'),(9,1,99,0,'2008-07-16 14:08:01'),(10,1,111,0,'2008-07-17 15:26:35'),(11,1,22,0,'2008-07-18 19:11:06'),(12,1,33,0,'2008-07-22 16:23:01'),(13,1,1,0,'2008-07-23 16:12:54'),(14,1,1,0,'2008-07-28 17:25:20');

--
-- Table structure for table `cache`
--

CREATE TABLE `cache` (
  `cache_id` varchar(32) NOT NULL DEFAULT '',
  `cache_language_id` tinyint(1) NOT NULL DEFAULT '0',
  `cache_name` varchar(255) NOT NULL DEFAULT '',
  `cache_data` mediumtext NOT NULL,
  `cache_global` tinyint(1) NOT NULL DEFAULT '1',
  `cache_gzip` tinyint(1) NOT NULL DEFAULT '1',
  `cache_method` varchar(20) NOT NULL DEFAULT 'RETURN',
  `cache_date` datetime NOT NULL DEFAULT '0000-00-00 00:00:00',
  `cache_expires` datetime NOT NULL DEFAULT '0000-00-00 00:00:00',
  PRIMARY KEY (`cache_id`,`cache_language_id`),
  KEY `cache_id` (`cache_id`),
  KEY `cache_language_id` (`cache_language_id`),
  KEY `cache_global` (`cache_global`)
) ENGINE=MyISAM DEFAULT CHARSET=latin1;

--
-- Dumping data for table `cache`
--


--
-- Table structure for table `categories`
--

CREATE TABLE `categories` (
  `categories_id` int(11) NOT NULL AUTO_INCREMENT,
  `categories_image` varchar(64) DEFAULT NULL,
  `parent_id` int(11) NOT NULL DEFAULT '0',
  `sort_order` int(3) DEFAULT NULL,
  `meta_title` varchar(255) DEFAULT NULL,
  `meta_description` text,
  `date_added` datetime DEFAULT NULL,
  `last_modified` datetime DEFAULT NULL,
  PRIMARY KEY (`categories_id`),
  KEY `idx_categories_parent_id` (`parent_id`)
) ENGINE=MyISAM AUTO_INCREMENT=111 DEFAULT CHARSET=latin1;

--
-- Dumping data for table `categories`
--

INSERT INTO `categories` VALUES (41,NULL,42,7,NULL,NULL,'2008-07-11 19:37:19','2009-04-16 12:27:45'),(36,'GPC3856.jpg',42,0,NULL,NULL,'2008-07-11 19:26:56','2009-11-19 17:19:51'),(37,'9-25 no. 001.jpg',42,2,NULL,NULL,'2008-07-11 19:27:28','2009-07-27 18:43:27'),(38,'GBC3844.jpg',42,3,NULL,NULL,'2008-07-11 19:31:01','2009-11-19 17:20:34'),(39,'GRC3860.jpg',42,6,NULL,NULL,'2008-07-11 19:33:07','2009-11-19 17:19:34'),(40,'GBC3952.jpg',42,6,NULL,NULL,'2008-07-11 19:36:14','2010-04-20 15:32:21'),(33,'P19.jpg',21,5,'Bedazzle Dezigns 14 Karat Gold Pendants For Sale','Purchase 14 karat gold pendants.  Elegant Hawaiian design gold pendants for sale.','2008-07-10 19:26:42','2014-09-02 08:05:52'),(32,'P10 2.7g.jpg',21,7,'Bedazzle Dezigns Jade Pendants For Sale','Bedazzle Dezigns offers a large variety of jade pendants for sale.  Shop online for your next Hawaiian Jade Pendant.','2008-07-10 19:22:49','2014-09-02 08:25:47'),(34,NULL,21,8,'Bedazzle Dezigns Hawaiian Pearl Pendants For Sale','Shop our large selection of Pearl Pendants.  Hawaiian Design Pearl Pendants showing Aloha Style Jewelry.','2008-07-10 19:41:26','2014-09-02 08:28:06'),(35,'P16.jpg',21,10,'Bedazzle Dezigns Hawaiian Diamond Pendants For Sale','Buy Hawaiian Diamond Pendants online.  Featuring beautiful Aloha Designs and shipped from Oahu.','2008-07-10 19:42:19','2014-09-02 08:30:20'),(21,'8-5 C2 pt.5 017.jpg',0,3,'Bedazzle Dezigns Aloha Wear and Hawaiian Pendants','We offer a variety of pendants of Hawaiian Jewelry.  Shop online for a Hawaiian pendant.','2008-07-07 13:58:11','2014-09-02 08:02:12'),(22,'P002 (21) B  3.2g.jpg',0,5,'Bedazzle Dezigns offers Hawaiian Earrings For Sale Online','Shop online from our large selection of Hawaiian Earrings.  Designs include a variety of Aloha designed earrings.','2008-07-07 13:58:30','2014-09-02 09:28:48'),(23,NULL,0,10,'Bedazzle Dezigns sells Hawaiian Rings for Men and Hawaiian Rings for Women','Buy online from our selection of Hawaiian Rings for Men and Women.  Hawaiian Weddings Rings and more.','2008-07-07 14:22:33','2014-09-02 09:45:37'),(24,'9-25 no.1 013.jpg',0,4,'Bedazzle Hawaiian Necklaces in a variety of styles and materials','Bedazzle Offers a large selection of Hawaiian Neclaces.  Buy Hawaiian Necklaces featuring beautiful Aloha designs.','2008-07-07 19:25:24','2014-09-02 08:31:23'),(25,NULL,0,15,'Bedazzle Dezigns Hawaiian Necklaces and Chains For Sale Online','Purchase your stylish Hawaiian chain.  Featuring solid and elegant aloha style chains.','2008-07-07 19:28:00','2014-09-02 10:04:49'),(109,NULL,0,17,NULL,NULL,'2013-05-21 14:38:38',NULL),(27,'P002 (126)b.jpg',0,8,'Bedazzle Dezigns Hawaiian Bracelets Shop Online','Bedazzle Offers a large variety of beautiful Hawaiian Bracelets, including customizable Hawaiian bracelets.','2008-07-07 19:35:31','2014-09-02 09:35:44'),(28,'11-18 017.jpg',0,14,'Bedazzle Dezigns Anklet Bracelets Shop Online','Checkout our stores selection of Hawaiian anklet bracelets for sale.   Aloha Wear anklet bracelets to compliment your look.','2008-07-07 19:38:38','2015-06-16 02:03:44'),(29,'8-11 no.4 047.jpg',0,2,'Buy Hawaiian Jewelry Online from Bedazzle','Shop online for Hawaiian Jewelry.  We carry silver hawaiian jewelry, gold heirloom jewelry and many more.','2008-07-07 19:40:58','2014-09-02 07:59:23'),(30,'SP1265.jpg',21,1,'Bedazzle Dezigns Sterling Silver Pendants For Sale','Buy online sterling silver pendants with aloha designs.  Purchase  Hawaiian Silver Pendants.','2008-07-10 19:19:34','2014-09-02 08:04:59'),(42,'GBC3931B.jpg',29,10,'Bedazzle Dezigns Gold Hawaiian Jewelry Shop Online','We offer a large assortment of gold hawaiian heirloom jewelry pieces including bracelets, rings and more.  Custom Hawaiian Jewelry and more.','2008-07-11 20:03:07','2014-09-02 08:01:14'),(43,'SBC1708.JPG',29,8,'Bedazzle Dezigns Silver Hawaiian Jewelry Shop Online','We offer a large assortment of silver hawaiian heirloom jewelry.  Custom Hawaiian Jewelry and more.','2008-07-11 20:07:32','2014-09-02 08:00:29'),(44,'SPC1671.jpg',43,1,'Bedazzledezigns.com - Sterling silver Hawaiian heirloom jewelry personalized made for you','Sterling silver and 14k gold Hawaiian heirloom jewelry personalized pendants - Special low prices and Free shipping','2008-07-11 20:07:52','2017-06-27 21:02:59'),(45,'SNC1665.jpg',43,2,'Bedazzledezigns.com - Sterling silver Hawaiian heirloom jewelry personalized necklaces for women and men.','Shop online for sterling silver and 14k gold Hawaiian jewelry personalized necklaces with the lowest prices and Free shipping','2008-07-11 20:08:10','2017-06-27 21:05:18'),(46,'SBC1707.jpg',43,4,'Bedazzledezigns.com - Sterling silver Hawaiian heirloom jewelry personalized bangle bracelets Specials','shop online for unique Hawaiian jewelry personalized bangle and bracelets for lowest prices and Free shipping. Available in many designs and sizes.','2008-07-11 20:08:26','2017-06-27 21:08:23'),(47,'9-25 no.2.jpg',43,6,NULL,NULL,'2008-07-11 20:08:39','2009-04-16 12:25:25'),(48,'SRC1805.jpg',43,7,NULL,NULL,'2008-07-11 20:08:52','2010-11-15 16:29:04'),(49,NULL,43,10,NULL,NULL,'2008-07-11 20:09:10','2009-04-16 12:25:57'),(50,'SPF1082.jpg',30,0,NULL,NULL,'2008-07-11 20:16:26','2010-11-15 16:32:50'),(51,'SPO1278.jpg',30,12,NULL,NULL,'2008-07-11 20:17:01','2010-11-15 16:34:41'),(52,'SPS1213B.jpg',30,9,NULL,NULL,'2008-07-11 20:17:26','2010-11-15 16:33:46'),(53,'SPP1348B.jpg',30,16,NULL,NULL,'2008-07-11 20:18:22','2010-11-15 16:37:03'),(54,'SP1369.jpg',30,19,NULL,NULL,'2008-07-11 20:19:34','2010-11-15 16:38:01'),(55,'9-2 No.5 023.jpg',30,22,NULL,NULL,'2008-07-11 20:30:56','2009-04-16 12:41:37'),(56,'SEF1731.jpg',22,1,'Bedazzle Dezigns Sterling Silver Hawaiian Earrings For Sale - Shop Online','Purchase your Hawaiian earrings only.  We offer a wide range of Hawaiian Jewelry, including sterling silver earrings.','2008-07-11 20:36:21','2014-09-02 09:33:42'),(57,'GEF3903.jpg',22,5,NULL,NULL,'2008-07-11 20:36:40','2010-02-18 16:02:49'),(58,'SEO1513.jpg',56,10,NULL,NULL,'2008-07-11 20:37:04','2010-11-15 16:49:37'),(59,'SEF1454.jpg',56,0,NULL,NULL,'2008-07-11 20:37:27','2010-11-15 16:48:22'),(60,'8-11 no.2 008.jpg',57,0,NULL,NULL,'2008-07-11 20:40:20','2009-04-27 12:12:37'),(61,'GEH3884p.jpg',57,5,NULL,NULL,'2008-07-11 20:40:38','2010-03-26 16:37:57'),(62,'P002 (63)A.jpg',27,0,'Bedazzle Dezigns Sterling Silver Bracelets For Sale - Shop Online','Buy silver Hawaiian bracelets.  Browse and Shop Online for Silver Hawaiian Bracelets and customizable Hawaiian bracelets.','2008-07-11 20:48:25','2014-09-02 09:40:25'),(63,NULL,27,5,'Bedazzle Dezigns Hawaiian Bracelets for Men and Women','Large selection of gold Hawaiian bracelets in our online store for men and women.  Hawaiian Jewelry with many customizable features.','2008-07-11 20:48:48','2014-09-02 09:41:37'),(64,'P002 (155)A.jpg',62,0,NULL,NULL,'2008-07-11 20:49:19','2009-04-27 13:03:11'),(65,'P002 (104)A.jpg',62,5,NULL,NULL,'2008-07-11 20:49:31','2009-04-16 12:52:52'),(66,'P23 2.1g.jpg',33,1,NULL,NULL,'2008-08-11 02:13:06','2009-04-27 12:36:41'),(67,'AB8 1.8g  65..jpg',33,5,NULL,NULL,'2008-08-11 02:13:39','2009-04-27 12:37:22'),(68,'P002 (176)bc.jpg',30,5,NULL,NULL,'2008-08-11 02:16:10','2009-04-27 11:52:21'),(88,NULL,57,7,NULL,NULL,'2009-12-10 00:54:44','2010-03-23 15:39:19'),(69,'11-19 014.jpg',30,10,NULL,NULL,'2008-08-15 12:53:10','2009-06-05 11:11:26'),(70,'SAH1658-bc.jpg',28,0,'Bedazzle Dezigns Silver Anklet Bracelets with Hawaiian Designs','Silver Hawaiian anklet bracelets for sale.  A variety of aloha designs featured in our Hawaiian anklets for sale.','2008-08-15 14:35:01','2014-09-02 09:53:50'),(71,'P002 (163)a.jpg',30,13,NULL,NULL,'2008-09-02 20:38:12','2010-11-15 16:36:31'),(72,'9-2 No.3 007.jpg',30,14,NULL,NULL,'2008-09-02 20:40:45','2009-06-05 11:12:03'),(73,'9-25 no.1 011c.jpg',33,10,NULL,NULL,'2008-09-26 20:09:34','2010-03-23 15:37:49'),(74,'9-25 no. 001.jpg',24,5,'Bedazzle Dezigns Gold Hawaiian Necklaces For Sale - Shop Online Now','Buy Gold Hawaiian Necklaces Online.  Checkout our large selection of aloha design gold Hawaiian necklaces.','2008-11-03 21:54:39','2014-09-02 08:34:59'),(75,'SNO2067.jpg',24,1,'Bedazzle Dezigns Hawaiian Necklaces made from Silver For Sale','Shop our extensive collection of silver Hawaiian necklaces.  Any silver necklace for sale featuring Hawaiian design, we probably carry!','2008-11-03 21:55:17','2014-09-02 08:34:04'),(76,'SEH1732.jpg',56,5,NULL,NULL,'2008-11-25 18:57:48','2010-11-15 16:48:42'),(77,'11-24 01 033.jpg',56,8,NULL,NULL,'2008-11-26 23:13:22','2010-03-23 15:38:40'),(78,NULL,56,12,NULL,NULL,'2008-11-26 23:14:51','2009-12-11 16:25:10'),(79,'11-24 01 100.jpg',56,14,NULL,NULL,'2008-11-26 23:15:22','2009-04-16 12:37:21'),(80,'1-18 001 022 BB.jpg',62,10,NULL,NULL,'2008-12-04 17:39:40','2010-02-12 11:09:39'),(81,'11-24 01 078.jpg',56,9,NULL,NULL,'2008-12-08 14:28:50','2009-04-16 12:35:11'),(82,'11-24 01 120.jpg',56,11,NULL,NULL,'2008-12-08 14:30:25','2009-10-23 02:30:19'),(83,'1-19-08 01 038.jpg',62,15,NULL,NULL,'2009-02-04 17:48:19','2009-12-11 16:27:28'),(84,'E03 5.9g.jpg',57,15,NULL,NULL,'2009-02-12 19:41:43','2009-12-11 16:02:33'),(85,'3-30 01 014 A.jpg',27,10,'Bedazzle Dezigns','Solid Jade Bracelets from Hawaii available from our Hawaiian jade jewelry online store.','2009-03-30 20:00:58','2014-09-02 09:44:19'),(86,NULL,63,1,NULL,NULL,'2009-04-16 12:54:40','2009-04-27 13:04:06'),(87,NULL,63,5,NULL,NULL,'2009-04-16 12:55:34','2010-03-23 15:40:39'),(89,NULL,28,5,'Bedazzle Dezigns Gold Anklet Bracelets For Sale','Gold Hawaiian anklets in a variety of styles available to buy online.  Bringing you Custom Hawaiian Jewelry and more.','2009-12-11 16:11:12','2014-09-02 09:55:03'),(90,NULL,25,0,'Bedazzle Dezigns Silver Chains For Sale','Large variety of Sterling silver chains for sale.  Buy sterling silver chain from Hawaiis best jewelry store!','2009-12-11 16:11:45','2014-09-02 10:22:44'),(91,NULL,25,5,'Bedazzle Dezigns 14 Karat Gold Chains For Sale','Shop online for 14 karat gold chains from Hawaiis best Hawaiian Jewelry store.  Aloha designs, custom Hawaiian Jewelry and more.','2009-12-11 16:12:00','2014-09-02 10:23:38'),(92,'SRO1696b.jpg',23,0,'Bedazzle Dezigns Hawaiian Silver Rings For Sale','We carry a large variety of sterling silver Hawaiian rings for sale. Hawaiian Silver Rings for Men and Women available to purchase today.','2009-12-11 16:12:29','2014-09-02 09:46:44'),(93,'GRC3924C.jpg',23,5,'BEdazzle Dezigns Gold Hawaiian Rings for Men and Women','Buy Online Hawaiian Rings for Men and women.  14 kt. gold high quality mens and womens rings.','2009-12-11 16:12:42','2014-09-02 09:48:41'),(94,'SRF1704S.jpg',92,0,NULL,NULL,'2009-12-11 16:14:16','2010-02-12 11:04:03'),(95,'SRO1697.jpg',92,10,NULL,NULL,'2009-12-11 16:14:51','2010-02-12 11:03:38'),(96,'SR1850,RING.jpg',92,2,'BedazzleDezigns.com - Sterling Silver Hawaiian Jewelry Band Rings - SALE, Free Shipping','Sterling Silver Hawaiian Jewelry band rings 6mm 8mm 10mm Princess Scrolls, Maile Leaf, Queen, Old English Scrolls, hand-engraved, handcrafted worksmanship,','2009-12-11 16:15:49','2017-01-07 02:19:24'),(97,NULL,92,15,NULL,NULL,'2009-12-11 16:21:22',NULL),(98,NULL,92,18,NULL,NULL,'2009-12-11 16:21:56',NULL),(99,NULL,92,12,NULL,NULL,'2009-12-11 16:22:34',NULL),(100,NULL,30,20,NULL,NULL,'2009-12-11 16:24:11','2010-01-19 18:58:08'),(101,NULL,62,20,NULL,NULL,'2009-12-11 16:25:56',NULL),(102,NULL,90,1,NULL,NULL,'2009-12-11 16:32:23','2009-12-11 16:32:39'),(103,NULL,90,5,NULL,NULL,'2009-12-11 16:32:54',NULL),(104,'SB1688.jpg',62,12,NULL,NULL,'2010-01-29 18:19:49','2010-03-23 15:40:02'),(106,NULL,0,1,'Hawaiian Jewelry Coupons and Discounts','At times Bedazzle  offers discounts on Hawaiian Jewelry and other Aloha Gifts.  Visit often, or shop our already discounted  Aloha Jewelry.','2010-06-24 18:26:03','2014-09-02 07:54:14');

--
-- Table structure for table `categories_description`
--

CREATE TABLE `categories_description` (
  `categories_id` int(11) NOT NULL DEFAULT '0',
  `language_id` int(11) NOT NULL DEFAULT '1',
  `categories_name` varchar(32) NOT NULL DEFAULT '',
  `categories_description` text,
  PRIMARY KEY (`categories_id`,`language_id`),
  KEY `idx_categories_name` (`categories_name`)
) ENGINE=MyISAM DEFAULT CHARSET=latin1;

--
-- Dumping data for table `categories_description`
--

INSERT INTO `categories_description` VALUES (39,4,'',''),(38,1,'Hawaiian Jewelry Gold Bangles',''),(40,4,'',''),(39,1,'Hawaiian Jewelry Gold Rings',''),(40,1,'Hawaiian Jewelry Gold Bracelets',''),(38,4,'',''),(37,4,'',''),(37,1,'Hawaiian Jewelry Gold Necklaces',''),(30,4,'',''),(30,1,'Sterling Silver Pendants',''),(33,4,'',''),(33,1,'14Kt. Gold Pendants',''),(32,4,'',''),(32,1,'Jade Pendants',''),(34,4,'',''),(34,1,'Pearl Pendants',''),(35,4,'',''),(35,1,'Diamond Pendants',''),(36,4,'',''),(36,1,'Hawaiian Jewelry Gold Pendants',''),(29,1,'Personalized Hawaiian Jewelry',''),(23,1,'Rings',''),(23,4,'Rings',''),(24,4,'Necklaces','info coming soon'),(24,1,'Necklaces','coming soon'),(25,4,'Chains',''),(25,1,'Chains',''),(109,4,'',''),(27,4,'Bracelets',''),(27,1,'Bracelets',''),(28,4,'Anklets',''),(28,1,'Ankle Bracelets',''),(29,4,'',''),(21,1,'Pendants','We offer a variety of pendants that reflect our aloha wear and Hawaiian Jewelry. 2'),(22,4,'Earrings',''),(22,1,'Earrings',''),(21,4,'Pendants','We offer a variety of pendants that reflect our aloha wear and Hawaiian Jewelry. 1'),(41,4,'',''),(41,1,'Hawaiian Jewelry Gold Anklets',''),(42,4,'',''),(42,1,'Gold Hawaiian Heirloom Jewelry',''),(43,4,'',''),(43,1,'Silver Hawaiian Heirloom Jewelry',''),(44,4,'',''),(44,1,'Hawaiian Jewelry Pendants',''),(45,4,'',''),(45,1,'Hawaiian Jewelry Necklaces',''),(46,4,'',''),(46,1,'Hawaiian Jewelry Bangle Bracelet',''),(47,4,'',''),(47,1,'Hawaiian Jewelry Bracelets',''),(48,4,'',''),(48,1,'Hawaiian Jewelry Rings',''),(49,4,'',''),(49,1,'Hawaiian Jewelry Anklets',''),(50,4,'',''),(50,1,'Silver Hawaiian Flower Jewelry',''),(51,4,'',''),(51,1,'Silver Hawaiian Opal Collection',''),(52,4,'',''),(52,1,'Hawaiian Sea Life Jewelry',''),(53,4,'',''),(53,1,'Silver Hawaiian Pearl Collection',''),(54,4,'',''),(54,1,'Popular Silver Hawaiian Jewelry',''),(55,4,'',''),(55,1,'Other Popular Silver Pendants',''),(56,4,'',''),(56,1,'Sterling Silver Earrings',''),(57,4,'',''),(57,1,'14Kt. Gold Earrings',''),(58,4,'',''),(58,1,'Silver Hawaiian Opal Collection',''),(59,4,'',''),(59,1,'Silver Hawaiian Flower Jewelry',''),(60,4,'',''),(60,1,'Gold Hawaiian Flower Jewelry',''),(61,4,'',''),(61,1,'Hawaiian Sea Life Jewelry',''),(62,4,'',''),(62,1,'Sterling Silver Bracelets',''),(63,4,'',''),(63,1,'14Kt. Gold Bracelets',''),(64,4,'',''),(64,1,'Silver Hawaiian Flower Jewelry',''),(65,4,'',''),(65,1,'Hawaiian Sea Life Jewelry',''),(66,4,'',''),(66,1,'Gold Hawaiian Flower Jewelry',''),(67,4,'',''),(67,1,'Gold Hawaiian Honu Jewelry',''),(68,4,'',''),(68,1,'Silver Hawaiian Honu Jewelry',''),(69,4,'',''),(69,1,'Silver Hawaiian Hearts',''),(70,4,'',''),(70,1,'Silver Hawaiian Jewelry Anklets',''),(71,4,'',''),(71,1,'Hawaiian Cross & Fish Hooks',''),(72,4,'',''),(72,1,'Pineapple & Palm Tree',''),(73,4,'',''),(73,1,'Popular Gold Hawaiian Jewelry',''),(74,4,'',''),(74,1,'Gold Hawaiian Jewelry Necklaces',''),(75,4,'',''),(75,1,'Silver Hawaiian Jewelry Necklace',''),(76,4,'',''),(76,1,'Silver Hawaiian Honu Jewelry',''),(77,4,'',''),(77,1,'Popular Silver Hawaiian Jewelry',''),(78,4,'',''),(78,1,'Silver Cubic Collection Earrings',''),(79,4,'',''),(79,1,'Other Popular Silver Earrings',''),(80,4,'',''),(80,1,'Silver Hawaiian Jewelry Bangles',''),(81,4,'',''),(81,1,'Hawaiian Sea Life Jewelry',''),(82,4,'',''),(82,1,'Silver Hawaiian Pearl Collection',''),(83,4,'',''),(83,1,'Hawaiian Opal Design Bracelets',''),(84,4,'',''),(84,1,'Diamond Design Jewelry',''),(85,4,'',''),(85,1,'Jade Bracelets',''),(106,1,'DISCOUNT Coupons',''),(86,4,'',''),(86,1,'Gold Hawaiian Flower Jewelry',''),(87,4,'',''),(87,1,'Popular Gold Hawaiian Jewelry',''),(106,4,'',''),(88,4,'',''),(88,1,'Popular Gold Hawaiian Jewelry',''),(89,4,'',''),(89,1,'14Kt. Gold Anklets',''),(90,4,'',''),(90,1,'Sterling Silver Chains',''),(91,4,'',''),(91,1,'14Kt. Gold Chains',''),(92,4,'',''),(92,1,'Sterling Silver Rings',''),(93,4,'',''),(93,1,'14Kt. Gold Rings',''),(94,4,'',''),(94,1,'Silver Hawaiian Jewelry Rings',''),(95,4,'',''),(95,1,'Hawaiian Opal Design Rings',''),(96,4,'',''),(96,1,'Silver Hawaiian Band Rings',''),(97,4,'',''),(97,1,'Silver Hawaiian Pearl Rings',''),(98,4,'',''),(98,1,'Other Popular Silver Rings',''),(99,4,'',''),(99,1,'Silver Cubic Collection Rings',''),(100,4,'',''),(100,1,'Silver Cubic Collection Pendants',''),(101,4,'',''),(101,1,'Silver Cubic Collection Bracelet',''),(102,4,'',''),(102,1,'Women\'s Silver Chains',''),(103,4,'',''),(103,1,'Men\'s Silver Chains',''),(104,4,'',''),(104,1,'Popular Silver Hawaiian Jewelry',''),(109,1,'New Arrivals','');

--
-- Table structure for table `configuration`
--

CREATE TABLE `configuration` (
  `configuration_id` int(11) NOT NULL AUTO_INCREMENT,
  `configuration_title` varchar(255) NOT NULL DEFAULT '',
  `configuration_key` varchar(255) NOT NULL DEFAULT '',
  `configuration_value` varchar(255) NOT NULL DEFAULT '',
  `configuration_description` varchar(255) NOT NULL DEFAULT '',
  `configuration_group_id` int(11) NOT NULL DEFAULT '0',
  `sort_order` int(5) DEFAULT NULL,
  `last_modified` datetime DEFAULT NULL,
  `date_added` datetime NOT NULL DEFAULT '0000-00-00 00:00:00',
  `use_function` varchar(255) DEFAULT NULL,
  `set_function` varchar(255) DEFAULT NULL,
  PRIMARY KEY (`configuration_id`)
) ENGINE=MyISAM AUTO_INCREMENT=278 DEFAULT CHARSET=latin1;

--
-- Dumping data for table `configuration`
--

INSERT INTO `configuration` VALUES (1,'Store Name','STORE_NAME','bedazzledezigns.com','The name of my store',1,1,NULL,'2008-06-23 18:56:41',NULL,NULL),(2,'Store Owner','STORE_OWNER','bedazzledezigns','The name of my store owner',1,2,NULL,'2008-06-23 18:56:41',NULL,NULL),(3,'E-Mail Address','STORE_OWNER_EMAIL_ADDRESS','admin@bedazzledezigns.com','The e-mail address of my store owner',1,3,'2009-09-15 15:41:23','2008-06-23 18:56:41',NULL,NULL),(4,'E-Mail From','EMAIL_FROM','\"bedazzledezigns\" <admin@bedazzledezigns.com>','The e-mail address used in (sent) e-mails',1,4,NULL,'2008-06-23 18:56:41',NULL,NULL),(5,'Country','STORE_COUNTRY','223','The country my store is located in <br><br><b>Note: Please remember to update the store zone.</b>',1,6,NULL,'2008-06-23 18:56:41','tep_get_country_name','tep_cfg_pull_down_country_list('),(6,'Zone','STORE_ZONE','21','The zone my store is located in',1,7,'2008-07-07 13:55:49','2008-06-23 18:56:41','tep_cfg_get_zone_name','tep_cfg_pull_down_zone_list('),(7,'Expected Sort Order','EXPECTED_PRODUCTS_SORT','asc','This is the sort order used in the expected products box.',1,8,'2008-07-07 13:57:06','2008-06-23 18:56:41',NULL,'tep_cfg_select_option(array(\'asc\', \'desc\'),'),(8,'Expected Sort Field','EXPECTED_PRODUCTS_FIELD','date_expected','The column to sort by in the expected products box.',1,9,NULL,'2008-06-23 18:56:41',NULL,'tep_cfg_select_option(array(\'products_name\', \'date_expected\'),'),(9,'Switch To Default Language Currency','USE_DEFAULT_LANGUAGE_CURRENCY','false','Automatically switch to the language\'s currency when it is changed',1,10,NULL,'2008-06-23 18:56:41',NULL,'tep_cfg_select_option(array(\'true\', \'false\'),'),(10,'Send Extra Order Emails To','SEND_EXTRA_ORDER_EMAILS_TO','','Send extra order emails to the following email addresses, in this format: Name 1 &lt;email@address1&gt;, Name 2 &lt;email@address2&gt;',1,11,NULL,'2008-06-23 18:56:41',NULL,NULL),(11,'Use Search-Engine Safe URLs (still in development)','SEARCH_ENGINE_FRIENDLY_URLS','true','Use search-engine safe urls for all site links',1,12,'2009-10-08 13:05:57','2008-06-23 18:56:41',NULL,'tep_cfg_select_option(array(\'true\', \'false\'),'),(12,'Display Cart After Adding Product','DISPLAY_CART','true','Display the shopping cart after adding a product (or return back to their origin)',1,14,NULL,'2008-06-23 18:56:41',NULL,'tep_cfg_select_option(array(\'true\', \'false\'),'),(13,'Allow Guest To Tell A Friend','ALLOW_GUEST_TO_TELL_A_FRIEND','false','Allow guests to tell a friend about a product',1,15,NULL,'2008-06-23 18:56:41',NULL,'tep_cfg_select_option(array(\'true\', \'false\'),'),(14,'Default Search Operator','ADVANCED_SEARCH_DEFAULT_OPERATOR','and','Default search operators',1,17,NULL,'2008-06-23 18:56:41',NULL,'tep_cfg_select_option(array(\'and\', \'or\'),'),(15,'Store Address and Phone','STORE_NAME_ADDRESS','Store Name\nAddress\nCountry\nPhone','This is the Store Name, Address and Phone used on printable documents and displayed online',1,18,NULL,'2008-06-23 18:56:41',NULL,'tep_cfg_textarea('),(16,'Show Category Counts','SHOW_COUNTS','true','Count recursively how many products are in each category',1,19,NULL,'2008-06-23 18:56:41',NULL,'tep_cfg_select_option(array(\'true\', \'false\'),'),(17,'Tax Decimal Places','TAX_DECIMAL_PLACES','0','Pad the tax value this amount of decimal places',1,20,NULL,'2008-06-23 18:56:41',NULL,NULL),(18,'Display Prices with Tax','DISPLAY_PRICE_WITH_TAX','false','Display prices with tax included (true) or add the tax at the end (false)',1,21,NULL,'2008-06-23 18:56:41',NULL,'tep_cfg_select_option(array(\'true\', \'false\'),'),(19,'First Name','ENTRY_FIRST_NAME_MIN_LENGTH','2','Minimum length of first name',2,1,NULL,'2008-06-23 18:56:41',NULL,NULL),(20,'Last Name','ENTRY_LAST_NAME_MIN_LENGTH','2','Minimum length of last name',2,2,NULL,'2008-06-23 18:56:41',NULL,NULL),(21,'Date of Birth','ENTRY_DOB_MIN_LENGTH','10','Minimum length of date of birth',2,3,NULL,'2008-06-23 18:56:41',NULL,NULL),(22,'E-Mail Address','ENTRY_EMAIL_ADDRESS_MIN_LENGTH','6','Minimum length of e-mail address',2,4,NULL,'2008-06-23 18:56:41',NULL,NULL),(23,'Street Address','ENTRY_STREET_ADDRESS_MIN_LENGTH','5','Minimum length of street address',2,5,NULL,'2008-06-23 18:56:41',NULL,NULL),(24,'Company','ENTRY_COMPANY_MIN_LENGTH','2','Minimum length of company name',2,6,NULL,'2008-06-23 18:56:41',NULL,NULL),(25,'Post Code','ENTRY_POSTCODE_MIN_LENGTH','4','Minimum length of post code',2,7,NULL,'2008-06-23 18:56:41',NULL,NULL),(26,'City','ENTRY_CITY_MIN_LENGTH','3','Minimum length of city',2,8,NULL,'2008-06-23 18:56:41',NULL,NULL),(27,'State','ENTRY_STATE_MIN_LENGTH','2','Minimum length of state',2,9,NULL,'2008-06-23 18:56:41',NULL,NULL),(28,'Telephone Number','ENTRY_TELEPHONE_MIN_LENGTH','3','Minimum length of telephone number',2,10,NULL,'2008-06-23 18:56:41',NULL,NULL),(29,'Password','ENTRY_PASSWORD_MIN_LENGTH','5','Minimum length of password',2,11,NULL,'2008-06-23 18:56:41',NULL,NULL),(30,'Credit Card Owner Name','CC_OWNER_MIN_LENGTH','3','Minimum length of credit card owner name',2,12,NULL,'2008-06-23 18:56:41',NULL,NULL),(31,'Credit Card Number','CC_NUMBER_MIN_LENGTH','10','Minimum length of credit card number',2,13,NULL,'2008-06-23 18:56:41',NULL,NULL),(32,'Review Text','REVIEW_TEXT_MIN_LENGTH','50','Minimum length of review text',2,14,NULL,'2008-06-23 18:56:41',NULL,NULL),(33,'Best Sellers','MIN_DISPLAY_BESTSELLERS','1','Minimum number of best sellers to display',2,15,NULL,'2008-06-23 18:56:41',NULL,NULL),(34,'Also Purchased','MIN_DISPLAY_ALSO_PURCHASED','1','Minimum number of products to display in the \'This Customer Also Purchased\' box',2,16,NULL,'2008-06-23 18:56:41',NULL,NULL),(35,'Address Book Entries','MAX_ADDRESS_BOOK_ENTRIES','5','Maximum address book entries a customer is allowed to have',3,1,NULL,'2008-06-23 18:56:41',NULL,NULL),(36,'Search Results','MAX_DISPLAY_SEARCH_RESULTS','20','Amount of products to list',3,2,NULL,'2008-06-23 18:56:41',NULL,NULL),(37,'Page Links','MAX_DISPLAY_PAGE_LINKS','5','Number of \'number\' links use for page-sets',3,3,NULL,'2008-06-23 18:56:41',NULL,NULL),(38,'Special Products','MAX_DISPLAY_SPECIAL_PRODUCTS','9','Maximum number of products on special to display',3,4,NULL,'2008-06-23 18:56:41',NULL,NULL),(39,'New Products Module','MAX_DISPLAY_NEW_PRODUCTS','9','Maximum number of new products to display in a category',3,5,NULL,'2008-06-23 18:56:41',NULL,NULL),(40,'Products Expected','MAX_DISPLAY_UPCOMING_PRODUCTS','10','Maximum number of products expected to display',3,6,NULL,'2008-06-23 18:56:41',NULL,NULL),(41,'Manufacturers List','MAX_DISPLAY_MANUFACTURERS_IN_A_LIST','0','Used in manufacturers box; when the number of manufacturers exceeds this number, a drop-down list will be displayed instead of the default list',3,7,NULL,'2008-06-23 18:56:41',NULL,NULL),(42,'Manufacturers Select Size','MAX_MANUFACTURERS_LIST','1','Used in manufacturers box; when this value is \'1\' the classic drop-down list will be used for the manufacturers box. Otherwise, a list-box with the specified number of rows will be displayed.',3,7,NULL,'2008-06-23 18:56:41',NULL,NULL),(43,'Length of Manufacturers Name','MAX_DISPLAY_MANUFACTURER_NAME_LEN','15','Used in manufacturers box; maximum length of manufacturers name to display',3,8,NULL,'2008-06-23 18:56:41',NULL,NULL),(44,'New Reviews','MAX_DISPLAY_NEW_REVIEWS','6','Maximum number of new reviews to display',3,9,NULL,'2008-06-23 18:56:41',NULL,NULL),(45,'Selection of Random Reviews','MAX_RANDOM_SELECT_REVIEWS','10','How many records to select from to choose one random product review',3,10,NULL,'2008-06-23 18:56:41',NULL,NULL),(46,'Selection of Random New Products','MAX_RANDOM_SELECT_NEW','10','How many records to select from to choose one random new product to display',3,11,NULL,'2008-06-23 18:56:41',NULL,NULL),(47,'Selection of Products on Special','MAX_RANDOM_SELECT_SPECIALS','10','How many records to select from to choose one random product special to display',3,12,NULL,'2008-06-23 18:56:41',NULL,NULL),(48,'Categories To List Per Row','MAX_DISPLAY_CATEGORIES_PER_ROW','3','How many categories to list per row',3,13,NULL,'2008-06-23 18:56:41',NULL,NULL),(49,'New Products Listing','MAX_DISPLAY_PRODUCTS_NEW','10','Maximum number of new products to display in new products page',3,14,NULL,'2008-06-23 18:56:41',NULL,NULL),(50,'Best Sellers','MAX_DISPLAY_BESTSELLERS','10','Maximum number of best sellers to display',3,15,NULL,'2008-06-23 18:56:41',NULL,NULL),(51,'Also Purchased','MAX_DISPLAY_ALSO_PURCHASED','6','Maximum number of products to display in the \'This Customer Also Purchased\' box',3,16,NULL,'2008-06-23 18:56:41',NULL,NULL),(52,'Customer Order History Box','MAX_DISPLAY_PRODUCTS_IN_ORDER_HISTORY_BOX','6','Maximum number of products to display in the customer order history box',3,17,NULL,'2008-06-23 18:56:41',NULL,NULL),(53,'Order History','MAX_DISPLAY_ORDER_HISTORY','10','Maximum number of orders to display in the order history page',3,18,NULL,'2008-06-23 18:56:41',NULL,NULL),(54,'Product Quantities In Shopping Cart','MAX_QTY_IN_CART','99','Maximum number of product quantities that can be added to the shopping cart (0 for no limit)',3,19,NULL,'2008-06-23 18:56:41',NULL,NULL),(55,'Small Image Width','SMALL_IMAGE_WIDTH','100','The pixel width of small images',4,1,'2008-08-22 11:24:36','2008-06-23 18:56:41',NULL,NULL),(56,'Small Image Height','SMALL_IMAGE_HEIGHT','0','The pixel height of small images',4,2,'2009-03-20 04:32:14','2008-06-23 18:56:41',NULL,NULL),(57,'Heading Image Width','HEADING_IMAGE_WIDTH','57','The pixel width of heading images',4,3,NULL,'2008-06-23 18:56:41',NULL,NULL),(58,'Heading Image Height','HEADING_IMAGE_HEIGHT','0','The pixel height of heading images',4,4,'2009-03-20 03:38:53','2008-06-23 18:56:41',NULL,NULL),(59,'Subcategory Image Width','SUBCATEGORY_IMAGE_WIDTH','100','The pixel width of subcategory images',4,5,NULL,'2008-06-23 18:56:41',NULL,NULL),(60,'Subcategory Image Height','SUBCATEGORY_IMAGE_HEIGHT','0','The pixel height of subcategory images',4,6,'2009-03-20 03:38:44','2008-06-23 18:56:41',NULL,NULL),(61,'Calculate Image Size','CONFIG_CALCULATE_IMAGE_SIZE','true','Calculate the size of images?',4,7,'2008-08-22 11:27:01','2008-06-23 18:56:41',NULL,'tep_cfg_select_option(array(\'true\', \'false\'),'),(62,'Image Required','IMAGE_REQUIRED','true','Enable to display broken images. Good for development.',4,8,NULL,'2008-06-23 18:56:41',NULL,'tep_cfg_select_option(array(\'true\', \'false\'),'),(63,'Gender','ACCOUNT_GENDER','false','Display gender in the customers account',5,1,'2008-08-23 00:06:30','2008-06-23 18:56:41',NULL,'tep_cfg_select_option(array(\'true\', \'false\'),'),(64,'Date of Birth','ACCOUNT_DOB','false','Display date of birth in the customers account',5,2,'2008-08-23 00:06:52','2008-06-23 18:56:41',NULL,'tep_cfg_select_option(array(\'true\', \'false\'),'),(65,'Company','ACCOUNT_COMPANY','false','Display company in the customers account',5,3,'2008-08-23 00:07:12','2008-06-23 18:56:41',NULL,'tep_cfg_select_option(array(\'true\', \'false\'),'),(66,'Suburb','ACCOUNT_SUBURB','false','Display suburb in the customers account',5,4,'2008-08-23 00:07:34','2008-06-23 18:56:41',NULL,'tep_cfg_select_option(array(\'true\', \'false\'),'),(67,'State','ACCOUNT_STATE','true','Display state in the customers account',5,5,NULL,'2008-06-23 18:56:41',NULL,'tep_cfg_select_option(array(\'true\', \'false\'),'),(68,'Installed Modules','MODULE_PAYMENT_INSTALLED','cc.php;cod.php;paypal_direct.php;paypal_express.php;paypal_standard.php','List of payment module filenames separated by a semi-colon. This is automatically updated. No need to edit. (Example: cc.php;cod.php;paypal.php)',6,0,'2009-01-08 15:25:23','2008-06-23 18:56:41',NULL,NULL),(69,'Installed Modules','MODULE_ORDER_TOTAL_INSTALLED','ot_subtotal.php;ot_discount_coupon.php;ot_shipping.php;ot_tax.php;ot_total.php','List of order_total module filenames separated by a semi-colon. This is automatically updated. No need to edit. (Example: ot_subtotal.php;ot_tax.php;ot_shipping.php;ot_total.php)',6,0,'2008-12-16 03:13:28','2008-06-23 18:56:41',NULL,NULL),(70,'Installed Modules','MODULE_SHIPPING_INSTALLED','flat.php;item.php;table.php;usps.php;zones.php','List of shipping module filenames separated by a semi-colon. This is automatically updated. No need to edit. (Example: ups.php;flat.php;item.php)',6,0,'2014-09-25 18:14:46','2008-06-23 18:56:41',NULL,NULL),(71,'Enable Cash On Delivery Module','MODULE_PAYMENT_COD_STATUS','True','Do you want to accept Cash On Delevery payments?',6,1,NULL,'2008-06-23 18:56:41',NULL,'tep_cfg_select_option(array(\'True\', \'False\'),'),(72,'Payment Zone','MODULE_PAYMENT_COD_ZONE','0','If a zone is selected, only enable this payment method for that zone.',6,2,NULL,'2008-06-23 18:56:41','tep_get_zone_class_title','tep_cfg_pull_down_zone_classes('),(73,'Sort order of display.','MODULE_PAYMENT_COD_SORT_ORDER','0','Sort order of display. Lowest is displayed first.',6,0,NULL,'2008-06-23 18:56:41',NULL,NULL),(74,'Set Order Status','MODULE_PAYMENT_COD_ORDER_STATUS_ID','0','Set the status of orders made with this payment module to this value',6,0,NULL,'2008-06-23 18:56:41','tep_get_order_status_name','tep_cfg_pull_down_order_statuses('),(75,'Enable Credit Card Module','MODULE_PAYMENT_CC_STATUS','False','Do you want to accept credit card payments?',6,0,NULL,'2008-06-23 18:56:41',NULL,'tep_cfg_select_option(array(\'True\', \'False\'),'),(76,'Split Credit Card E-Mail Address','MODULE_PAYMENT_CC_EMAIL','','If an e-mail address is entered, the middle digits of the credit card number will be sent to the e-mail address (the outside digits are stored in the database with the middle digits censored)',6,0,NULL,'2008-06-23 18:56:41',NULL,NULL),(77,'Sort order of display.','MODULE_PAYMENT_CC_SORT_ORDER','0','Sort order of display. Lowest is displayed first.',6,0,NULL,'2008-06-23 18:56:41',NULL,NULL),(78,'Payment Zone','MODULE_PAYMENT_CC_ZONE','0','If a zone is selected, only enable this payment method for that zone.',6,2,NULL,'2008-06-23 18:56:41','tep_get_zone_class_title','tep_cfg_pull_down_zone_classes('),(79,'Set Order Status','MODULE_PAYMENT_CC_ORDER_STATUS_ID','0','Set the status of orders made with this payment module to this value',6,0,NULL,'2008-06-23 18:56:41','tep_get_order_status_name','tep_cfg_pull_down_order_statuses('),(252,'Shipping Zone','MODULE_SHIPPING_TABLE_ZONE','0','If a zone is selected, only enable this shipping method for that zone.',6,0,NULL,'2009-10-13 15:15:28','tep_get_zone_class_title','tep_cfg_pull_down_zone_classes('),(251,'Tax Class','MODULE_SHIPPING_TABLE_TAX_CLASS','0','Use the following tax class on the shipping fee.',6,0,NULL,'2009-10-13 15:15:28','tep_get_tax_class_title','tep_cfg_pull_down_tax_classes('),(249,'Table Method','MODULE_SHIPPING_TABLE_MODE','price','The shipping cost is based on the order total or the total weight of the items ordered.',6,0,NULL,'2009-10-13 15:15:28',NULL,'tep_cfg_select_option(array(\'weight\', \'price\'),'),(250,'Handling Fee','MODULE_SHIPPING_TABLE_HANDLING','0','Handling fee for this shipping method.',6,0,NULL,'2009-10-13 15:15:28',NULL,NULL),(85,'Default Currency','DEFAULT_CURRENCY','USD','Default Currency',6,0,NULL,'2008-06-23 18:56:41',NULL,NULL),(86,'Default Language','DEFAULT_LANGUAGE','en','Default Language',6,0,NULL,'2008-06-23 18:56:41',NULL,NULL),(87,'Default Order Status For New Orders','DEFAULT_ORDERS_STATUS_ID','1','When a new order is created, this order status will be assigned to it.',6,0,NULL,'2008-06-23 18:56:41',NULL,NULL),(88,'Display Shipping','MODULE_ORDER_TOTAL_SHIPPING_STATUS','true','Do you want to display the order shipping cost?',6,1,NULL,'2008-06-23 18:56:41',NULL,'tep_cfg_select_option(array(\'true\', \'false\'),'),(89,'Sort Order','MODULE_ORDER_TOTAL_SHIPPING_SORT_ORDER','2','Sort order of display.',6,2,NULL,'2008-06-23 18:56:41',NULL,NULL),(90,'Allow Free Shipping','MODULE_ORDER_TOTAL_SHIPPING_FREE_SHIPPING','true','Do you want to allow free shipping?',6,3,NULL,'2008-06-23 18:56:41',NULL,'tep_cfg_select_option(array(\'true\', \'false\'),'),(91,'Free Shipping For Orders Over','MODULE_ORDER_TOTAL_SHIPPING_FREE_SHIPPING_OVER','35','Provide free shipping for orders over the set amount.',6,4,NULL,'2008-06-23 18:56:41','currencies->format',NULL),(92,'Provide Free Shipping For Orders Made','MODULE_ORDER_TOTAL_SHIPPING_DESTINATION','national','Provide free shipping for orders sent to the set destination.',6,5,NULL,'2008-06-23 18:56:41',NULL,'tep_cfg_select_option(array(\'national\', \'international\', \'both\'),'),(93,'Display Sub-Total','MODULE_ORDER_TOTAL_SUBTOTAL_STATUS','true','Do you want to display the order sub-total cost?',6,1,NULL,'2008-06-23 18:56:41',NULL,'tep_cfg_select_option(array(\'true\', \'false\'),'),(94,'Sort Order','MODULE_ORDER_TOTAL_SUBTOTAL_SORT_ORDER','1','Sort order of display.',6,2,NULL,'2008-06-23 18:56:41',NULL,NULL),(95,'Display Tax','MODULE_ORDER_TOTAL_TAX_STATUS','true','Do you want to display the order tax value?',6,1,NULL,'2008-06-23 18:56:41',NULL,'tep_cfg_select_option(array(\'true\', \'false\'),'),(96,'Sort Order','MODULE_ORDER_TOTAL_TAX_SORT_ORDER','3','Sort order of display.',6,2,NULL,'2008-06-23 18:56:41',NULL,NULL),(97,'Display Total','MODULE_ORDER_TOTAL_TOTAL_STATUS','true','Do you want to display the total order value?',6,1,NULL,'2008-06-23 18:56:41',NULL,'tep_cfg_select_option(array(\'true\', \'false\'),'),(98,'Sort Order','MODULE_ORDER_TOTAL_TOTAL_SORT_ORDER','4','Sort order of display.',6,2,NULL,'2008-06-23 18:56:41',NULL,NULL),(99,'Country of Origin','SHIPPING_ORIGIN_COUNTRY','223','Select the country of origin to be used in shipping quotes.',7,1,NULL,'2008-06-23 18:56:41','tep_get_country_name','tep_cfg_pull_down_country_list('),(100,'Postal Code','SHIPPING_ORIGIN_ZIP','96815','Enter the Postal Code (ZIP) of the Store to be used in shipping quotes.',7,2,'2009-10-13 15:03:05','2008-06-23 18:56:41',NULL,NULL),(101,'Enter the Maximum Package Weight you will ship','SHIPPING_MAX_WEIGHT','50','Carriers have a max weight limit for a single package. This is a common one for all.',7,3,NULL,'2008-06-23 18:56:41',NULL,NULL),(102,'Package Tare weight.','SHIPPING_BOX_WEIGHT','3','What is the weight of typical packaging of small to medium packages?',7,4,NULL,'2008-06-23 18:56:41',NULL,NULL),(103,'Larger packages - percentage increase.','SHIPPING_BOX_PADDING','10','For 10% enter 10',7,5,NULL,'2008-06-23 18:56:41',NULL,NULL),(104,'Display Product Image','PRODUCT_LIST_IMAGE','1','Do you want to display the Product Image?',8,1,'2008-08-22 11:28:07','2008-06-23 18:56:41',NULL,NULL),(105,'Display Product Manufaturer Name','PRODUCT_LIST_MANUFACTURER','0','Do you want to display the Product Manufacturer Name?',8,2,NULL,'2008-06-23 18:56:41',NULL,NULL),(106,'Display Product Model','PRODUCT_LIST_MODEL','0','Do you want to display the Product Model?',8,3,NULL,'2008-06-23 18:56:41',NULL,NULL),(107,'Display Product Name','PRODUCT_LIST_NAME','2','Do you want to display the Product Name?',8,4,NULL,'2008-06-23 18:56:41',NULL,NULL),(108,'Display Product Price','PRODUCT_LIST_PRICE','3','Do you want to display the Product Price',8,5,NULL,'2008-06-23 18:56:41',NULL,NULL),(109,'Display Product Quantity','PRODUCT_LIST_QUANTITY','0','Do you want to display the Product Quantity?',8,6,NULL,'2008-06-23 18:56:41',NULL,NULL),(110,'Display Product Weight','PRODUCT_LIST_WEIGHT','0','Do you want to display the Product Weight?',8,7,NULL,'2008-06-23 18:56:41',NULL,NULL),(111,'Display Buy Now column','PRODUCT_LIST_BUY_NOW','4','Do you want to display the Buy Now column?',8,8,NULL,'2008-06-23 18:56:41',NULL,NULL),(112,'Display Category/Manufacturer Filter (0=disable; 1=enable)','PRODUCT_LIST_FILTER','1','Do you want to display the Category/Manufacturer Filter?',8,9,NULL,'2008-06-23 18:56:41',NULL,NULL),(113,'Location of Prev/Next Navigation Bar (1-top, 2-bottom, 3-both)','PREV_NEXT_BAR_LOCATION','2','Sets the location of the Prev/Next Navigation Bar (1-top, 2-bottom, 3-both)',8,10,NULL,'2008-06-23 18:56:41',NULL,NULL),(114,'Check stock level','STOCK_CHECK','true','Check to see if sufficent stock is available',9,1,NULL,'2008-06-23 18:56:41',NULL,'tep_cfg_select_option(array(\'true\', \'false\'),'),(115,'Subtract stock','STOCK_LIMITED','true','Subtract product in stock by product orders',9,2,NULL,'2008-06-23 18:56:41',NULL,'tep_cfg_select_option(array(\'true\', \'false\'),'),(116,'Allow Checkout','STOCK_ALLOW_CHECKOUT','true','Allow customer to checkout even if there is insufficient stock',9,3,NULL,'2008-06-23 18:56:41',NULL,'tep_cfg_select_option(array(\'true\', \'false\'),'),(117,'Mark product out of stock','STOCK_MARK_PRODUCT_OUT_OF_STOCK','***','Display something on screen so customer can see which product has insufficient stock',9,4,NULL,'2008-06-23 18:56:41',NULL,NULL),(118,'Stock Re-order level','STOCK_REORDER_LEVEL','5','Define when stock needs to be re-ordered',9,5,NULL,'2008-06-23 18:56:41',NULL,NULL),(119,'Store Page Parse Time','STORE_PAGE_PARSE_TIME','false','Store the time it takes to parse a page',10,1,NULL,'2008-06-23 18:56:41',NULL,'tep_cfg_select_option(array(\'true\', \'false\'),'),(120,'Log Destination','STORE_PAGE_PARSE_TIME_LOG','/var/log/www/tep/page_parse_time.log','Directory and filename of the page parse time log',10,2,NULL,'2008-06-23 18:56:41',NULL,NULL),(121,'Log Date Format','STORE_PARSE_DATE_TIME_FORMAT','%d/%m/%Y %H:%M:%S','The date format',10,3,NULL,'2008-06-23 18:56:41',NULL,NULL),(122,'Display The Page Parse Time','DISPLAY_PAGE_PARSE_TIME','true','Display the page parse time (store page parse time must be enabled)',10,4,NULL,'2008-06-23 18:56:41',NULL,'tep_cfg_select_option(array(\'true\', \'false\'),'),(123,'Store Database Queries','STORE_DB_TRANSACTIONS','false','Store the database queries in the page parse time log (PHP4 only)',10,5,NULL,'2008-06-23 18:56:41',NULL,'tep_cfg_select_option(array(\'true\', \'false\'),'),(124,'Use Cache','USE_CACHE','false','Use caching features',11,1,NULL,'2008-06-23 18:56:41',NULL,'tep_cfg_select_option(array(\'true\', \'false\'),'),(125,'Cache Directory','DIR_FS_CACHE','/tmp/','The directory where the cached files are saved',11,2,NULL,'2008-06-23 18:56:41',NULL,NULL),(126,'E-Mail Transport Method','EMAIL_TRANSPORT','sendmail','Defines if this server uses a local connection to sendmail or uses an SMTP connection via TCP/IP. Servers running on Windows and MacOS should change this setting to SMTP.',12,1,'2009-09-15 15:39:08','2008-06-23 18:56:41',NULL,'tep_cfg_select_option(array(\'sendmail\', \'smtp\'),'),(127,'E-Mail Linefeeds','EMAIL_LINEFEED','LF','Defines the character sequence used to separate mail headers.',12,2,NULL,'2008-06-23 18:56:41',NULL,'tep_cfg_select_option(array(\'LF\', \'CRLF\'),'),(128,'Use MIME HTML When Sending Emails','EMAIL_USE_HTML','true','Send e-mails in HTML format',12,3,'2009-09-15 15:38:29','2008-06-23 18:56:41',NULL,'tep_cfg_select_option(array(\'true\', \'false\'),'),(129,'Verify E-Mail Addresses Through DNS','ENTRY_EMAIL_ADDRESS_CHECK','false','Verify e-mail address through a DNS server',12,4,NULL,'2008-06-23 18:56:41',NULL,'tep_cfg_select_option(array(\'true\', \'false\'),'),(130,'Send E-Mails','SEND_EMAILS','true','Send out e-mails',12,5,NULL,'2008-06-23 18:56:41',NULL,'tep_cfg_select_option(array(\'true\', \'false\'),'),(131,'Enable download','DOWNLOAD_ENABLED','false','Enable the products download functions.',13,1,NULL,'2008-06-23 18:56:41',NULL,'tep_cfg_select_option(array(\'true\', \'false\'),'),(132,'Download by redirect','DOWNLOAD_BY_REDIRECT','false','Use browser redirection for download. Disable on non-Unix systems.',13,2,NULL,'2008-06-23 18:56:41',NULL,'tep_cfg_select_option(array(\'true\', \'false\'),'),(133,'Expiry delay (days)','DOWNLOAD_MAX_DAYS','7','Set number of days before the download link expires. 0 means no limit.',13,3,NULL,'2008-06-23 18:56:41',NULL,''),(134,'Maximum number of downloads','DOWNLOAD_MAX_COUNT','5','Set the maximum number of downloads. 0 means no download authorized.',13,4,NULL,'2008-06-23 18:56:41',NULL,''),(135,'Enable GZip Compression','GZIP_COMPRESSION','false','Enable HTTP GZip compression.',14,1,NULL,'2008-06-23 18:56:41',NULL,'tep_cfg_select_option(array(\'true\', \'false\'),'),(136,'Compression Level','GZIP_LEVEL','5','Use this compression level 0-9 (0 = minimum, 9 = maximum).',14,2,NULL,'2008-06-23 18:56:41',NULL,NULL),(137,'Session Directory','SESSION_WRITE_DIRECTORY','/tmp','If sessions are file based, store them in this directory.',15,1,NULL,'2008-06-23 18:56:41',NULL,NULL),(138,'Force Cookie Use','SESSION_FORCE_COOKIE_USE','False','Force the use of sessions when cookies are only enabled.',15,2,NULL,'2008-06-23 18:56:41',NULL,'tep_cfg_select_option(array(\'True\', \'False\'),'),(139,'Check SSL Session ID','SESSION_CHECK_SSL_SESSION_ID','False','Validate the SSL_SESSION_ID on every secure HTTPS page request.',15,3,NULL,'2008-06-23 18:56:41',NULL,'tep_cfg_select_option(array(\'True\', \'False\'),'),(140,'Check User Agent','SESSION_CHECK_USER_AGENT','False','Validate the clients browser user agent on every page request.',15,4,NULL,'2008-06-23 18:56:41',NULL,'tep_cfg_select_option(array(\'True\', \'False\'),'),(141,'Check IP Address','SESSION_CHECK_IP_ADDRESS','False','Validate the clients IP address on every page request.',15,5,NULL,'2008-06-23 18:56:41',NULL,'tep_cfg_select_option(array(\'True\', \'False\'),'),(142,'Prevent Spider Sessions','SESSION_BLOCK_SPIDERS','True','Prevent known spiders from starting a session.',15,6,NULL,'2008-06-23 18:56:41',NULL,'tep_cfg_select_option(array(\'True\', \'False\'),'),(143,'Recreate Session','SESSION_RECREATE','False','Recreate the session to generate a new session ID when the customer logs on or creates an account (PHP >=4.1 needed).',15,7,NULL,'2008-06-23 18:56:41',NULL,'tep_cfg_select_option(array(\'True\', \'False\'),'),(144,'Max Wish List','MAX_DISPLAY_WISHLIST_PRODUCTS','12','How many wish list items to show per page on the main wishlist.php file',12954,0,'2008-07-29 03:10:53','2008-07-29 03:10:53',NULL,NULL),(145,'Max Wish List Box','MAX_DISPLAY_WISHLIST_BOX','4','How many wish list items to display in the infobox before it changes to a counter',12954,0,'2008-07-29 03:10:53','2008-07-29 03:10:53',NULL,NULL),(146,'Display Emails','DISPLAY_WISHLIST_EMAILS','10','How many emails to display when the customer emails their wishlist link',12954,0,'2008-07-29 03:10:53','2008-07-29 03:10:53',NULL,NULL),(147,'Wishlist Redirect','WISHLIST_REDIRECT','No','Do you want to redirect back to the product_info.php page when a customer adds a product to their wishlist?',12954,0,'2008-07-29 03:10:53','2008-07-29 03:10:53',NULL,'tep_cfg_select_option(array(\'Yes\', \'No\'),'),(148,'Enable discount coupon?','MODULE_ORDER_TOTAL_DISCOUNT_COUPON_STATUS','true','',615,1,NULL,'2008-12-16 03:12:52',NULL,'tep_cfg_select_option(array(\'true\', \'false\'),'),(149,'Sort Order','MODULE_ORDER_TOTAL_DISCOUNT_COUPON_SORT_ORDER','1.5','Order in which the discount coupon code order total line will be displayed on order confirmation, invoice, etc.',615,2,NULL,'2008-12-16 03:12:52',NULL,''),(150,'Display discount with minus (-) sign?','MODULE_ORDER_TOTAL_DISCOUNT_COUPON_DISPLAY_TYPE','true','<b>true</b> - the discount will be displayed with a minus sign<br><b>false</b> - the discount will be displayed without a minus sign',615,3,NULL,'2008-12-16 03:12:52',NULL,'tep_cfg_select_option(array(\'true\', \'false\'),'),(151,'Display subtotal with applied discount?','MODULE_ORDER_TOTAL_DISCOUNT_COUPON_DISPLAY_SUBTOTAL','false','<b>true</b> - the order subtotal will be displayed with the discount applied<br><b>false</b> - the order subtotal will be displayed without the discount applied',615,4,NULL,'2008-12-16 03:12:52',NULL,'tep_cfg_select_option(array(\'true\', \'false\'),'),(152,'Display tax in discount line?','MODULE_ORDER_TOTAL_DISCOUNT_COUPON_DISPLAY_TAX','None','Select the method for displaying tax in the discount line.',615,5,NULL,'2008-12-16 03:12:52',NULL,'tep_cfg_select_option(array(\'None\', \'Display discounted tax in separate line\', \'Display discount with discounted tax applied\'),'),(153,'Exclude product specials?','MODULE_ORDER_TOTAL_DISCOUNT_COUPON_EXCLUDE_SPECIALS','false','<b>true</b> - products with active specials will be excluded from discounts<br><b>false</b> - products with active specials will NOT be excluded from discounts',615,6,NULL,'2008-12-16 03:12:52',NULL,'tep_cfg_select_option(array(\'true\', \'false\'),'),(154,'Random Code Length','MODULE_ORDER_TOTAL_DISCOUNT_COUPON_RANDOM_CODE_LENGTH','6','Length for randomly generated coupon codes.',615,7,NULL,'2008-12-16 03:12:52',NULL,''),(155,'Display discount total lines for each tax group?','MODULE_ORDER_TOTAL_DISCOUNT_COUPON_DISPLAY_LINES','false','<b>true</b> - the discount coupon order total lines will be displayed for each tax group for the order<br><b>false</b> - the discount order total lines will be combined and displayed as one line',615,8,NULL,'2008-12-16 03:12:52',NULL,'tep_cfg_select_option(array(\'true\', \'false\'),'),(156,'Allow negative order total?','MODULE_ORDER_TOTAL_DISCOUNT_COUPON_ALLOW_NEGATIVE','false','Set to true if you want negative order totals when the discount is greater than the order total.',615,9,NULL,'2008-12-16 03:12:52',NULL,'tep_cfg_select_option(array(\'true\', \'false\'),'),(157,'Use the language file to format display string?','MODULE_ORDER_TOTAL_DISCOUNT_COUPON_USE_LANGUAGE_FILE','false','<b>true</b> - use the format found in language file (used for when you have multiple languages and want the order total line to format display depending on language choice)<br><b>false</b> - use the format and language below',615,10,NULL,'2008-12-16 03:12:52',NULL,'tep_cfg_select_option(array(\'true\', \'false\'),'),(158,'Display Format for Order Total Line','MODULE_ORDER_TOTAL_DISCOUNT_COUPON_DISPLAY_CONFIG','Discount Coupon [code] applied','Display format for the discount coupon code order total line.<br><br>Variables:<br>[code]<br>[coupon_desc]<br>[discount_amount]<br>[min_order]<br>[number_available]<br>[tax_desc]',615,11,NULL,'2008-12-16 03:12:52',NULL,''),(159,'Debug Mode','MODULE_ORDER_TOTAL_DISCOUNT_COUPON_DEBUG','false','To use: on checkout confirmation page, View Source in browser for debug output. <b>This must be set to false for live shops or error messages will not display.</b>',615,12,NULL,'2008-12-16 03:12:52',NULL,'tep_cfg_select_option(array(\'true\', \'false\'),'),(248,'Shipping Table','MODULE_SHIPPING_TABLE_COST','40:4.95,3000:0','The shipping cost is based on the total cost or weight of items. Example: 25:8.50,50:5.50,etc.. Up to 25 charge 8.50, from there to 50 charge 5.50, etc',6,0,NULL,'2009-10-13 15:15:28',NULL,NULL),(247,'Enable Table Method','MODULE_SHIPPING_TABLE_STATUS','True','Do you want to offer table rate shipping?',6,0,NULL,'2009-10-13 15:15:28',NULL,'tep_cfg_select_option(array(\'True\', \'False\'),'),(167,'Enable PayPal Website Payments Standard','MODULE_PAYMENT_PAYPAL_STANDARD_STATUS','True','Do you want to accept PayPal Website Payments Standard payments?',6,3,NULL,'2009-01-08 15:22:31',NULL,'tep_cfg_select_option(array(\'True\', \'False\'),'),(168,'E-Mail Address','MODULE_PAYMENT_PAYPAL_STANDARD_ID','sales@bedazzledezigns.com','The PayPal seller e-mail address to accept payments for',6,4,NULL,'2009-01-08 15:22:31',NULL,NULL),(169,'Sort order of display.','MODULE_PAYMENT_PAYPAL_STANDARD_SORT_ORDER','0','Sort order of display. Lowest is displayed first.',6,0,NULL,'2009-01-08 15:22:31',NULL,NULL),(170,'Payment Zone','MODULE_PAYMENT_PAYPAL_STANDARD_ZONE','0','If a zone is selected, only enable this payment method for that zone.',6,2,NULL,'2009-01-08 15:22:31','tep_get_zone_class_title','tep_cfg_pull_down_zone_classes('),(171,'Set Preparing Order Status','MODULE_PAYMENT_PAYPAL_STANDARD_PREPARE_ORDER_STATUS_ID','4','Set the status of prepared orders made with this payment module to this value',6,0,NULL,'2009-01-08 15:22:31','tep_get_order_status_name','tep_cfg_pull_down_order_statuses('),(172,'Set PayPal Acknowledged Order Status','MODULE_PAYMENT_PAYPAL_STANDARD_ORDER_STATUS_ID','2','Set the status of orders made with this payment module to this value',6,0,NULL,'2009-01-08 15:22:31','tep_get_order_status_name','tep_cfg_pull_down_order_statuses('),(173,'Gateway Server','MODULE_PAYMENT_PAYPAL_STANDARD_GATEWAY_SERVER','Live','Use the testing (sandbox) or live gateway server for transactions?',6,6,NULL,'2009-01-08 15:22:31',NULL,'tep_cfg_select_option(array(\'Live\', \'Sandbox\'),'),(174,'Transaction Method','MODULE_PAYMENT_PAYPAL_STANDARD_TRANSACTION_METHOD','Sale','The processing method to use for each transaction.',6,0,NULL,'2009-01-08 15:22:31',NULL,'tep_cfg_select_option(array(\'Authorization\', \'Sale\'),'),(175,'Page Style','MODULE_PAYMENT_PAYPAL_STANDARD_PAGE_STYLE','','The page style to use for the transaction procedure (defined at your PayPal Profile page)',6,4,NULL,'2009-01-08 15:22:31',NULL,NULL),(176,'Debug E-Mail Address','MODULE_PAYMENT_PAYPAL_STANDARD_DEBUG_EMAIL','','All parameters of an Invalid IPN notification will be sent to this email address if one is entered.',6,4,NULL,'2009-01-08 15:22:31',NULL,NULL),(177,'Enable Encrypted Web Payments','MODULE_PAYMENT_PAYPAL_STANDARD_EWP_STATUS','False','Do you want to enable Encrypted Web Payments?',6,3,NULL,'2009-01-08 15:22:31',NULL,'tep_cfg_select_option(array(\'True\', \'False\'),'),(178,'Your Private Key','MODULE_PAYMENT_PAYPAL_STANDARD_EWP_PRIVATE_KEY','','The location of your Private Key to use for signing the data. (*.pem)',6,4,NULL,'2009-01-08 15:22:31',NULL,NULL),(179,'Your Public Certificate','MODULE_PAYMENT_PAYPAL_STANDARD_EWP_PUBLIC_KEY','','The location of your Public Certificate to use for signing the data. (*.pem)',6,4,NULL,'2009-01-08 15:22:31',NULL,NULL),(180,'PayPals Public Certificate','MODULE_PAYMENT_PAYPAL_STANDARD_EWP_PAYPAL_KEY','','The location of the PayPal Public Certificate for encrypting the data.',6,4,NULL,'2009-01-08 15:22:31',NULL,NULL),(181,'Your PayPal Public Certificate ID','MODULE_PAYMENT_PAYPAL_STANDARD_EWP_CERT_ID','','The Certificate ID to use from your PayPal Encrypted Payment Settings Profile.',6,4,NULL,'2009-01-08 15:22:31',NULL,NULL),(182,'Working Directory','MODULE_PAYMENT_PAYPAL_STANDARD_EWP_WORKING_DIRECTORY','','The working directory to use for temporary files. (trailing slash needed)',6,4,NULL,'2009-01-08 15:22:31',NULL,NULL),(183,'OpenSSL Location','MODULE_PAYMENT_PAYPAL_STANDARD_EWP_OPENSSL','/usr/bin/openssl','The location of the openssl binary file.',6,4,NULL,'2009-01-08 15:22:31',NULL,NULL),(184,'Enable PayPal Express Checkout','MODULE_PAYMENT_PAYPAL_EXPRESS_STATUS','False','Do you want to accept PayPal Express Checkout payments?',6,1,NULL,'2009-01-08 15:25:08',NULL,'tep_cfg_select_option(array(\'True\', \'False\'),'),(185,'API Username','MODULE_PAYMENT_PAYPAL_EXPRESS_API_USERNAME','sales_api1.bedazzledezigns.com','The username to use for the PayPal API service',6,0,NULL,'2009-01-08 15:25:08',NULL,NULL),(186,'API Password','MODULE_PAYMENT_PAYPAL_EXPRESS_API_PASSWORD','GRH8SGU45VD7TF5N','The password to use for the PayPal API service',6,0,NULL,'2009-01-08 15:25:08',NULL,NULL),(187,'API Signature','MODULE_PAYMENT_PAYPAL_EXPRESS_API_SIGNATURE','ANieV65V5BWMSwulEl-RmAx1JsP5A-Jh6WrQ.JImK9wSVcnVhxAuFzHW','The signature to use for the PayPal API service',6,0,NULL,'2009-01-08 15:25:08',NULL,NULL),(188,'Transaction Server','MODULE_PAYMENT_PAYPAL_EXPRESS_TRANSACTION_SERVER','Live','Use the live or testing (sandbox) gateway server to process transactions?',6,0,NULL,'2009-01-08 15:25:08',NULL,'tep_cfg_select_option(array(\'Live\', \'Sandbox\'),'),(189,'Transaction Method','MODULE_PAYMENT_PAYPAL_EXPRESS_TRANSACTION_METHOD','Sale','The processing method to use for each transaction.',6,0,NULL,'2009-01-08 15:25:08',NULL,'tep_cfg_select_option(array(\'Authorization\', \'Sale\'),'),(190,'Payment Zone','MODULE_PAYMENT_PAYPAL_EXPRESS_ZONE','0','If a zone is selected, only enable this payment method for that zone.',6,2,NULL,'2009-01-08 15:25:08','tep_get_zone_class_title','tep_cfg_pull_down_zone_classes('),(191,'Sort order of display.','MODULE_PAYMENT_PAYPAL_EXPRESS_SORT_ORDER','0','Sort order of display. Lowest is displayed first.',6,0,NULL,'2009-01-08 15:25:08',NULL,NULL),(192,'Set Order Status','MODULE_PAYMENT_PAYPAL_EXPRESS_ORDER_STATUS_ID','0','Set the status of orders made with this payment module to this value',6,0,NULL,'2009-01-08 15:25:08','tep_get_order_status_name','tep_cfg_pull_down_order_statuses('),(193,'cURL Program Location','MODULE_PAYMENT_PAYPAL_EXPRESS_CURL','/usr/bin/curl','The location to the cURL program application.',6,0,NULL,'2009-01-08 15:25:08',NULL,NULL),(194,'Enable PayPal Direct','MODULE_PAYMENT_PAYPAL_DIRECT_STATUS','False','Do you want to accept PayPal Direct payments?',6,1,NULL,'2009-01-08 15:25:23',NULL,'tep_cfg_select_option(array(\'True\', \'False\'),'),(195,'API Username','MODULE_PAYMENT_PAYPAL_DIRECT_API_USERNAME','','The username to use for the PayPal API service.',6,0,NULL,'2009-01-08 15:25:23',NULL,NULL),(196,'API Password','MODULE_PAYMENT_PAYPAL_DIRECT_API_PASSWORD','','The password to use for the PayPal API service.',6,0,NULL,'2009-01-08 15:25:23',NULL,NULL),(197,'API Signature','MODULE_PAYMENT_PAYPAL_DIRECT_API_SIGNATURE','','The signature to use for the PayPal API service.',6,0,NULL,'2009-01-08 15:25:23',NULL,NULL),(198,'Transaction Server','MODULE_PAYMENT_PAYPAL_DIRECT_TRANSACTION_SERVER','Live','Use the live or testing (sandbox) gateway server to process transactions?',6,0,NULL,'2009-01-08 15:25:23',NULL,'tep_cfg_select_option(array(\'Live\', \'Sandbox\'),'),(199,'Transaction Method','MODULE_PAYMENT_PAYPAL_DIRECT_TRANSACTION_METHOD','Sale','The processing method to use for each transaction.',6,0,NULL,'2009-01-08 15:25:23',NULL,'tep_cfg_select_option(array(\'Authorization\', \'Sale\'),'),(200,'Payment Zone','MODULE_PAYMENT_PAYPAL_DIRECT_ZONE','0','If a zone is selected, only enable this payment method for that zone.',6,2,NULL,'2009-01-08 15:25:23','tep_get_zone_class_title','tep_cfg_pull_down_zone_classes('),(201,'Sort order of display.','MODULE_PAYMENT_PAYPAL_DIRECT_SORT_ORDER','0','Sort order of display. Lowest is displayed first.',6,0,NULL,'2009-01-08 15:25:23',NULL,NULL),(202,'Set Order Status','MODULE_PAYMENT_PAYPAL_DIRECT_ORDER_STATUS_ID','0','Set the status of orders made with this payment module to this value.',6,0,NULL,'2009-01-08 15:25:23','tep_get_order_status_name','tep_cfg_pull_down_order_statuses('),(203,'cURL Program Location','MODULE_PAYMENT_PAYPAL_DIRECT_CURL','/usr/bin/curl','The location to the cURL program application.',6,0,NULL,'2009-01-08 15:25:23',NULL,NULL),(253,'Sort Order','MODULE_SHIPPING_TABLE_SORT_ORDER','0','Sort order of display.',6,0,NULL,'2009-10-13 15:15:28',NULL,NULL),(204,'Installed Modules','','','This is automatically updated. No need to edit.',6,0,NULL,'2009-02-03 14:32:39',NULL,NULL),(258,'Zone 1 Shipping Table','MODULE_SHIPPING_ZONES_COST_1','','Shipping rates to Zone 1 destinations based on a group of maximum order weights. Example: 3:8.50,7:10.50,... Weights less than or equal to 3 would cost 8.50 for Zone 1 destinations.',6,0,NULL,'2009-10-13 15:30:01',NULL,NULL),(259,'Zone 1 Handling Fee','MODULE_SHIPPING_ZONES_HANDLING_1','0','Handling Fee for this shipping zone',6,0,NULL,'2009-10-13 15:30:01',NULL,NULL),(256,'Sort Order','MODULE_SHIPPING_ZONES_SORT_ORDER','0','Sort order of display.',6,0,NULL,'2009-10-13 15:30:01',NULL,NULL),(257,'Zone 1 Countries','MODULE_SHIPPING_ZONES_COUNTRIES_1','','Comma separated list of two character ISO country codes that are part of Zone 1.',6,0,NULL,'2009-10-13 15:30:01',NULL,NULL),(255,'Tax Class','MODULE_SHIPPING_ZONES_TAX_CLASS','0','Use the following tax class on the shipping fee.',6,0,NULL,'2009-10-13 15:30:01','tep_get_tax_class_title','tep_cfg_pull_down_tax_classes('),(254,'Enable Zones Method','MODULE_SHIPPING_ZONES_STATUS','True','Do you want to offer zone rate shipping?',6,0,NULL,'2009-10-13 15:30:01',NULL,'tep_cfg_select_option(array(\'True\', \'False\'),'),(260,'Enable Flat Shipping','MODULE_SHIPPING_FLAT_STATUS','False','Do you want to offer flat rate shipping?',6,0,NULL,'2014-09-25 11:55:23',NULL,'tep_cfg_select_option(array(\'True\', \'False\'), '),(261,'Shipping Cost','MODULE_SHIPPING_FLAT_COST','','The shipping cost for all orders using this shipping method.',6,0,NULL,'2014-09-25 11:55:23',NULL,NULL),(262,'Tax Class','MODULE_SHIPPING_FLAT_TAX_CLASS','0','Use the following tax class on the shipping fee.',6,0,NULL,'2014-09-25 11:55:23','tep_get_tax_class_title','tep_cfg_pull_down_tax_classes('),(263,'Shipping Zone','MODULE_SHIPPING_FLAT_ZONE','0','If a zone is selected, only enable this shipping method for that zone.',6,0,NULL,'2014-09-25 11:55:23','tep_get_zone_class_title','tep_cfg_pull_down_zone_classes('),(264,'Sort Order','MODULE_SHIPPING_FLAT_SORT_ORDER','0','Sort order of display.',6,0,NULL,'2014-09-25 11:55:23',NULL,NULL),(265,'Enable USPS Shipping','MODULE_SHIPPING_USPS_STATUS','False','Do you want to offer USPS shipping?',6,0,NULL,'2014-09-25 18:11:24',NULL,'tep_cfg_select_option(array(\'True\', \'False\'), '),(266,'Enter the USPS User ID','MODULE_SHIPPING_USPS_USERID','NONE','Enter the USPS USERID assigned to you.',6,0,NULL,'2014-09-25 18:11:24',NULL,NULL),(267,'Enter the USPS Password','MODULE_SHIPPING_USPS_PASSWORD','NONE','See USERID, above.',6,0,NULL,'2014-09-25 18:11:24',NULL,NULL),(268,'Handling Fee','MODULE_SHIPPING_USPS_HANDLING','0','Handling fee for this shipping method.',6,0,NULL,'2014-09-25 18:11:24',NULL,NULL),(269,'Tax Class','MODULE_SHIPPING_USPS_TAX_CLASS','0','Use the following tax class on the shipping fee.',6,0,NULL,'2014-09-25 18:11:24','tep_get_tax_class_title','tep_cfg_pull_down_tax_classes('),(270,'Shipping Zone','MODULE_SHIPPING_USPS_ZONE','0','If a zone is selected, only enable this shipping method for that zone.',6,0,NULL,'2014-09-25 18:11:24','tep_get_zone_class_title','tep_cfg_pull_down_zone_classes('),(271,'Sort Order','MODULE_SHIPPING_USPS_SORT_ORDER','0','Sort order of display.',6,0,NULL,'2014-09-25 18:11:24',NULL,NULL),(272,'Enable Item Shipping','MODULE_SHIPPING_ITEM_STATUS','False','Do you want to offer per item rate shipping?',6,0,NULL,'2014-09-25 18:14:46',NULL,'tep_cfg_select_option(array(\'True\', \'False\'), '),(273,'Shipping Cost','MODULE_SHIPPING_ITEM_COST','2.50','The shipping cost will be multiplied by the number of items in an order that uses this shipping method.',6,0,NULL,'2014-09-25 18:14:46',NULL,NULL),(274,'Handling Fee','MODULE_SHIPPING_ITEM_HANDLING','0','Handling fee for this shipping method.',6,0,NULL,'2014-09-25 18:14:46',NULL,NULL),(275,'Tax Class','MODULE_SHIPPING_ITEM_TAX_CLASS','0','Use the following tax class on the shipping fee.',6,0,NULL,'2014-09-25 18:14:46','tep_get_tax_class_title','tep_cfg_pull_down_tax_classes('),(276,'Shipping Zone','MODULE_SHIPPING_ITEM_ZONE','0','If a zone is selected, only enable this shipping method for that zone.',6,0,NULL,'2014-09-25 18:14:46','tep_get_zone_class_title','tep_cfg_pull_down_zone_classes('),(277,'Sort Order','MODULE_SHIPPING_ITEM_SORT_ORDER','0','Sort order of display.',6,0,NULL,'2014-09-25 18:14:46',NULL,NULL);

--
-- Table structure for table `configuration_group`
--

CREATE TABLE `configuration_group` (
  `configuration_group_id` int(11) NOT NULL AUTO_INCREMENT,
  `configuration_group_title` varchar(64) NOT NULL DEFAULT '',
  `configuration_group_description` varchar(255) NOT NULL DEFAULT '',
  `sort_order` int(5) DEFAULT NULL,
  `visible` int(1) DEFAULT '1',
  PRIMARY KEY (`configuration_group_id`)
) ENGINE=MyISAM AUTO_INCREMENT=12957 DEFAULT CHARSET=latin1;

--
-- Dumping data for table `configuration_group`
--

INSERT INTO `configuration_group` VALUES (1,'My Store','General information about my store',1,1),(2,'Minimum Values','The minimum values for functions / data',2,1),(3,'Maximum Values','The maximum values for functions / data',3,1),(4,'Images','Image parameters',4,1),(5,'Customer Details','Customer account configuration',5,1),(6,'Module Options','Hidden from configuration',6,0),(7,'Shipping/Packaging','Shipping options available at my store',7,1),(8,'Product Listing','Product Listing    configuration options',8,1),(9,'Stock','Stock configuration options',9,1),(10,'Logging','Logging configuration options',10,1),(11,'Cache','Caching configuration options',11,1),(12,'E-Mail Options','General setting for E-Mail transport and HTML E-Mails',12,1),(13,'Download','Downloadable products options',13,1),(14,'GZip Compression','GZip compression options',14,1),(15,'Sessions','Session options',15,1),(12954,'Wish List Settings','Settings for your Wish List',25,1);

--
-- Table structure for table `content`
--

CREATE TABLE `content` (
  `content_id` int(10) unsigned NOT NULL AUTO_INCREMENT,
  `content_name` varchar(50) NOT NULL DEFAULT '',
  `date_added` datetime DEFAULT NULL,
  `last_modified` datetime DEFAULT NULL,
  `content_status` tinyint(1) NOT NULL DEFAULT '0',
  `content_meta_title` varchar(500) NOT NULL,
  `content_meta_description` varchar(500) NOT NULL,
  PRIMARY KEY (`content_id`),
  KEY `content_name` (`content_name`)
) ENGINE=InnoDB AUTO_INCREMENT=5 DEFAULT CHARSET=latin1 COMMENT='Content management primary table';

--
-- Dumping data for table `content`
--

INSERT INTO `content` VALUES (4,'FAQ','2014-08-22 11:48:40','2017-01-09 03:37:39',1,'FAQ','Hawaiian jewelry gifts, sterling silver Hawaiian heirloom jewelry, 14K gold Hawaiian heirloom jewelry, custom personalized name jewelry designs on bracelets, bangles, rings, earrings, anklets, genuine diamonds, Tahitian pearls, and classic high quality Burmese jade. Women and Men\\\\\\\'s chains and bracelets on Sale and Free shipping, including plumeria flower, sea turtle jewelry, sea life designs.');

--
-- Table structure for table `content_description`
--

CREATE TABLE `content_description` (
  `content_id` int(10) unsigned NOT NULL DEFAULT '0',
  `content_title` varchar(128) NOT NULL DEFAULT '',
  `content_text` text NOT NULL,
  `language_id` int(11) NOT NULL DEFAULT '0'
) ENGINE=InnoDB DEFAULT CHARSET=latin1;

--
-- Dumping data for table `content_description`
--

INSERT INTO `content_description` VALUES (4,'','<p><strong>Frequently Asked Questions</strong></p>\r\n\r\n<p><em><strong>How long have you been in business?</strong></em><br />\r\nBedazzle Dezigns has been a unique specialty jewelry store for more than 20 years now.  We are located on Oahu, Hawaii, and have a global loyal customer base.  </p>\r\n\r\n<p><em><strong>There are numerous online jewelry stores out there. What makes you different?</strong></em><br />\r\nQuality and pricing. There are numerous online stores who have not mastered the ability to bring quality Hawaiian jewelry (including custom heirloom jewelry) at a competitive price. Either quality costs too high, or is sacrificed by low prices. Many of our jewelry specialists have been with us for over a decade, and these years of experience translate to efficiency and a sharp eye for quality. Let us be a part of your precious moments.</p>\r\n\r\n<p><em><strong>What if I do not like what I ordered?</strong></em><br />\r\nWe offer a 30 day money back guarantee. Please read our Shipping, Returns and Other Policies for all details. Also, please note that personalized jewelry are final sales.  We will work with you to make you happy and that\'s why we offer a 30 day money back guarantee.  </p>\r\n\r\n<p><em><strong>Do you specialize in anything in particular?</strong></em><br />\r\nCertainly. Although we offer a variety of different jewelry lines, our specialty is in custom sterling silver and 14K gold Hawaiian Heirloom Jewelry for women and men. Every piece of our custom, personalized Hawaiian jewelry is backed up with our 360 Day Craftsmanship Guarantee. Honestly, our beloved custom Hawaiian heirloom jewelry is made to last and cherish for generations. We offer high quality custom Hawaiian jewelry and ship it all over the world.</p>\r\n\r\n<p><em><strong>Do you offer financing or layaway options for purchases?</strong></em><br />\r\nYes, we do. Please contact us via telephone or email for more details.</p>\r\n\r\n<p><em><strong>Do you have a store or showroom for us to visit when we are in Hawaii?</strong></em><br />\r\nCertainly. We welcome you to visit our showroom when you are on the beautiful island of Oahu. Our store is located in the middle of the world-famous Waikiki.  Showroom hours are Monday through Saturday 10:00 AM to 7:00 PM.  We value your time and want to provide the best service possible. Please give us a courtesy call before you come down. Special appointments are welcome.  Telephone at 1-808-923-8031.<br />\r\n   Island Fantasy, Inc. (BedazzleDezigns.com)<br />\r\n   at Seaside Commercial Center  (directly across from Ross Store)<br />\r\n   334 Seaside Ave. Suite 307<br />\r\n   Honolulu,  Hawaii  96815</p>\r\n\r\n<p><strong><em>Bedazzle Dezigns Customer Service</em></strong> hours are Monday through Saturday 9:00 AM to 7:00 PM (Hawaiian Standard Time). Voice mail and e-mail messages received when our office is closed will be promptly addressed during regular business hours.  If you have any comment or question that you would like to ask us, please contact us at <a href=\"mailto:info@BedazzleDezigns.com or by\">info@BedazzleDezigns.com or by</a> telephone at 1-808-923-8031.</p>\r\n\r\n<p><strong><em>Can I telephone in my order?  </em></strong>Absolutely. You\'re welcome to.</p>\r\n\r\n<p><em><strong>Will there be parking at the location? </strong></em>  There are ample paid parking garages on Seaside Avenue. We do validate parking ticket for our customers. Our store is just a short walking distance away if you are staying in the Waikiki area.</p>\r\n\r\n<p><strong><em>How do I size myself for a custom bracelet? </em></strong>  Get a soft measuring tape or a string. Squeeze your hand together tight (like a fist but with your fingers out stretched). Then measure the widest part of the hand (along the knuckles) with the soft tape - in inches.</p>\r\n\r\n<p><em><strong>How do I size myself for a band ring?  </strong></em>When ordering band ring of 8mm or wider please add a half size bigger to your actual ring size (if your ring sizer is narrower than 6mm).</p>\r\n\r\n<p><strong><em>Can I replace your Hawaiian Heirloom CZ rings with my own diamond?</em></strong><br />\r\nYes. Order a Hawaiian CZ ring and your local jeweler will be able to set it for you.  Don\'t have a diamond?  We offer quality diamonds with the lowest prices. Please send us an email.</p>\r\n\r\n<p><strong><em>Do you do jewelry repairs? </em></strong><br />\r\nCertainly. Give us a call or send us an email to let us know what is the problem with your jewelry. For custom sterling silver and 14K gold Hawaiian heirloom jewelry:  we do engraved name changes, re-size and re-design the rings, bracelets, bangles, and much more.</p>\r\n\r\n<p><strong><em>Do you buy used or damaged jewelry?</em></strong><br />\r\nWe do buy used gold and silver jewelry. You can turn your old, unwanted, or damaged jewelry into a brand new Hawaiian jewelry made specifically for you. Want to trade in your old jewelry?  Send us an email for more info.</p>\r\n\r\n<p> </p>\r\n\r\n<p><strong><em>Mahalo!  from BedazzleDezigns Team - Proudly bringing quality products and service to the locals and abroad for more than 20 years.</em></strong></p>\r\n\r\n<p> </p>\r\n\r\n<p> </p>\r\n\r\n<p> </p>\r\n\r\n<p> </p>\r\n\r\n<p> </p>\r\n\r\n<p> </p>\r\n\r\n<p> </p>',1),(5,'Home Page Content','',1),(6,'My Account Content','<p>Welcome</p>',1),(7,'Login Content','<p>Welcome</p>',1),(8,'Store Content','',1),(9,'About Content','',1),(10,'Contact Us Content','',1);

--
-- Table structure for table `content_images`
--

CREATE TABLE `content_images` (
  `content_images_id` int(11) NOT NULL AUTO_INCREMENT,
  `content_images_name` varchar(32) NOT NULL DEFAULT '',
  `content_images_image` varchar(64) DEFAULT NULL,
  `date_added` datetime DEFAULT NULL,
  `last_modified` datetime DEFAULT NULL,
  PRIMARY KEY (`content_images_id`),
  KEY `IDX_MANUFACTURERS_NAME` (`content_images_name`)
) ENGINE=InnoDB AUTO_INCREMENT=4 DEFAULT CHARSET=latin1;

--
-- Dumping data for table `content_images`
--

INSERT INTO `content_images` VALUES (1,'DellTitle','1.gif','2005-08-23 18:16:48','2005-08-23 18:18:56'),(2,'DellLogo','2.gif','2005-08-23 18:19:16',NULL),(3,'DellLaptop','3.jpg','2005-08-23 18:19:35',NULL);

--
-- Table structure for table `counter`
--

CREATE TABLE `counter` (
  `startdate` char(8) DEFAULT NULL,
  `counter` int(12) DEFAULT NULL
) ENGINE=MyISAM DEFAULT CHARSET=latin1;

--
-- Dumping data for table `counter`
--

INSERT INTO `counter` VALUES ('20080623',5668568);

--
-- Table structure for table `counter_history`
--

CREATE TABLE `counter_history` (
  `month` char(8) DEFAULT NULL,
  `counter` int(12) DEFAULT NULL
) ENGINE=MyISAM DEFAULT CHARSET=latin1;

--
-- Dumping data for table `counter_history`
--


--
-- Table structure for table `countries`
--

CREATE TABLE `countries` (
  `countries_id` int(11) NOT NULL AUTO_INCREMENT,
  `countries_name` varchar(64) NOT NULL DEFAULT '',
  `countries_iso_code_2` char(2) NOT NULL DEFAULT '',
  `countries_iso_code_3` char(3) NOT NULL DEFAULT '',
  `address_format_id` int(11) NOT NULL DEFAULT '0',
  PRIMARY KEY (`countries_id`),
  KEY `IDX_COUNTRIES_NAME` (`countries_name`)
) ENGINE=MyISAM AUTO_INCREMENT=240 DEFAULT CHARSET=latin1;

--
-- Dumping data for table `countries`
--

INSERT INTO `countries` VALUES (1,'Afghanistan','AF','AFG',1),(2,'Albania','AL','ALB',1),(3,'Algeria','DZ','DZA',1),(4,'American Samoa','AS','ASM',1),(5,'Andorra','AD','AND',1),(6,'Angola','AO','AGO',1),(7,'Anguilla','AI','AIA',1),(8,'Antarctica','AQ','ATA',1),(9,'Antigua and Barbuda','AG','ATG',1),(10,'Argentina','AR','ARG',1),(11,'Armenia','AM','ARM',1),(12,'Aruba','AW','ABW',1),(13,'Australia','AU','AUS',1),(14,'Austria','AT','AUT',5),(15,'Azerbaijan','AZ','AZE',1),(16,'Bahamas','BS','BHS',1),(17,'Bahrain','BH','BHR',1),(18,'Bangladesh','BD','BGD',1),(19,'Barbados','BB','BRB',1),(20,'Belarus','BY','BLR',1),(21,'Belgium','BE','BEL',1),(22,'Belize','BZ','BLZ',1),(23,'Benin','BJ','BEN',1),(24,'Bermuda','BM','BMU',1),(25,'Bhutan','BT','BTN',1),(26,'Bolivia','BO','BOL',1),(27,'Bosnia and Herzegowina','BA','BIH',1),(28,'Botswana','BW','BWA',1),(29,'Bouvet Island','BV','BVT',1),(30,'Brazil','BR','BRA',1),(31,'British Indian Ocean Territory','IO','IOT',1),(32,'Brunei Darussalam','BN','BRN',1),(33,'Bulgaria','BG','BGR',1),(34,'Burkina Faso','BF','BFA',1),(35,'Burundi','BI','BDI',1),(36,'Cambodia','KH','KHM',1),(37,'Cameroon','CM','CMR',1),(38,'Canada','CA','CAN',1),(39,'Cape Verde','CV','CPV',1),(40,'Cayman Islands','KY','CYM',1),(41,'Central African Republic','CF','CAF',1),(42,'Chad','TD','TCD',1),(43,'Chile','CL','CHL',1),(44,'China','CN','CHN',1),(45,'Christmas Island','CX','CXR',1),(46,'Cocos (Keeling) Islands','CC','CCK',1),(47,'Colombia','CO','COL',1),(48,'Comoros','KM','COM',1),(49,'Congo','CG','COG',1),(50,'Cook Islands','CK','COK',1),(51,'Costa Rica','CR','CRI',1),(52,'Cote D\'Ivoire','CI','CIV',1),(53,'Croatia','HR','HRV',1),(54,'Cuba','CU','CUB',1),(55,'Cyprus','CY','CYP',1),(56,'Czech Republic','CZ','CZE',1),(57,'Denmark','DK','DNK',1),(58,'Djibouti','DJ','DJI',1),(59,'Dominica','DM','DMA',1),(60,'Dominican Republic','DO','DOM',1),(61,'East Timor','TP','TMP',1),(62,'Ecuador','EC','ECU',1),(63,'Egypt','EG','EGY',1),(64,'El Salvador','SV','SLV',1),(65,'Equatorial Guinea','GQ','GNQ',1),(66,'Eritrea','ER','ERI',1),(67,'Estonia','EE','EST',1),(68,'Ethiopia','ET','ETH',1),(69,'Falkland Islands (Malvinas)','FK','FLK',1),(70,'Faroe Islands','FO','FRO',1),(71,'Fiji','FJ','FJI',1),(72,'Finland','FI','FIN',1),(73,'France','FR','FRA',1),(74,'France, Metropolitan','FX','FXX',1),(75,'French Guiana','GF','GUF',1),(76,'French Polynesia','PF','PYF',1),(77,'French Southern Territories','TF','ATF',1),(78,'Gabon','GA','GAB',1),(79,'Gambia','GM','GMB',1),(80,'Georgia','GE','GEO',1),(81,'Germany','DE','DEU',5),(82,'Ghana','GH','GHA',1),(83,'Gibraltar','GI','GIB',1),(84,'Greece','GR','GRC',1),(85,'Greenland','GL','GRL',1),(86,'Grenada','GD','GRD',1),(87,'Guadeloupe','GP','GLP',1),(88,'Guam','GU','GUM',1),(89,'Guatemala','GT','GTM',1),(90,'Guinea','GN','GIN',1),(91,'Guinea-bissau','GW','GNB',1),(92,'Guyana','GY','GUY',1),(93,'Haiti','HT','HTI',1),(94,'Heard and Mc Donald Islands','HM','HMD',1),(95,'Honduras','HN','HND',1),(96,'Hong Kong','HK','HKG',1),(97,'Hungary','HU','HUN',1),(98,'Iceland','IS','ISL',1),(99,'India','IN','IND',1),(100,'Indonesia','ID','IDN',1),(101,'Iran (Islamic Republic of)','IR','IRN',1),(102,'Iraq','IQ','IRQ',1),(103,'Ireland','IE','IRL',1),(104,'Israel','IL','ISR',1),(105,'Italy','IT','ITA',1),(106,'Jamaica','JM','JAM',1),(107,'Japan','JP','JPN',1),(108,'Jordan','JO','JOR',1),(109,'Kazakhstan','KZ','KAZ',1),(110,'Kenya','KE','KEN',1),(111,'Kiribati','KI','KIR',1),(112,'Korea, Democratic People\'s Republic of','KP','PRK',1),(113,'Korea, Republic of','KR','KOR',1),(114,'Kuwait','KW','KWT',1),(115,'Kyrgyzstan','KG','KGZ',1),(116,'Lao People\'s Democratic Republic','LA','LAO',1),(117,'Latvia','LV','LVA',1),(118,'Lebanon','LB','LBN',1),(119,'Lesotho','LS','LSO',1),(120,'Liberia','LR','LBR',1),(121,'Libyan Arab Jamahiriya','LY','LBY',1),(122,'Liechtenstein','LI','LIE',1),(123,'Lithuania','LT','LTU',1),(124,'Luxembourg','LU','LUX',1),(125,'Macau','MO','MAC',1),(126,'Macedonia, The Former Yugoslav Republic of','MK','MKD',1),(127,'Madagascar','MG','MDG',1),(128,'Malawi','MW','MWI',1),(129,'Malaysia','MY','MYS',1),(130,'Maldives','MV','MDV',1),(131,'Mali','ML','MLI',1),(132,'Malta','MT','MLT',1),(133,'Marshall Islands','MH','MHL',1),(134,'Martinique','MQ','MTQ',1),(135,'Mauritania','MR','MRT',1),(136,'Mauritius','MU','MUS',1),(137,'Mayotte','YT','MYT',1),(138,'Mexico','MX','MEX',1),(139,'Micronesia, Federated States of','FM','FSM',1),(140,'Moldova, Republic of','MD','MDA',1),(141,'Monaco','MC','MCO',1),(142,'Mongolia','MN','MNG',1),(143,'Montserrat','MS','MSR',1),(144,'Morocco','MA','MAR',1),(145,'Mozambique','MZ','MOZ',1),(146,'Myanmar','MM','MMR',1),(147,'Namibia','NA','NAM',1),(148,'Nauru','NR','NRU',1),(149,'Nepal','NP','NPL',1),(150,'Netherlands','NL','NLD',1),(151,'Netherlands Antilles','AN','ANT',1),(152,'New Caledonia','NC','NCL',1),(153,'New Zealand','NZ','NZL',1),(154,'Nicaragua','NI','NIC',1),(155,'Niger','NE','NER',1),(156,'Nigeria','NG','NGA',1),(157,'Niue','NU','NIU',1),(158,'Norfolk Island','NF','NFK',1),(159,'Northern Mariana Islands','MP','MNP',1),(160,'Norway','NO','NOR',1),(161,'Oman','OM','OMN',1),(162,'Pakistan','PK','PAK',1),(163,'Palau','PW','PLW',1),(164,'Panama','PA','PAN',1),(165,'Papua New Guinea','PG','PNG',1),(166,'Paraguay','PY','PRY',1),(167,'Peru','PE','PER',1),(168,'Philippines','PH','PHL',1),(169,'Pitcairn','PN','PCN',1),(170,'Poland','PL','POL',1),(171,'Portugal','PT','PRT',1),(172,'Puerto Rico','PR','PRI',1),(173,'Qatar','QA','QAT',1),(174,'Reunion','RE','REU',1),(175,'Romania','RO','ROM',1),(176,'Russian Federation','RU','RUS',1),(177,'Rwanda','RW','RWA',1),(178,'Saint Kitts and Nevis','KN','KNA',1),(179,'Saint Lucia','LC','LCA',1),(180,'Saint Vincent and the Grenadines','VC','VCT',1),(181,'Samoa','WS','WSM',1),(182,'San Marino','SM','SMR',1),(183,'Sao Tome and Principe','ST','STP',1),(184,'Saudi Arabia','SA','SAU',1),(185,'Senegal','SN','SEN',1),(186,'Seychelles','SC','SYC',1),(187,'Sierra Leone','SL','SLE',1),(188,'Singapore','SG','SGP',4),(189,'Slovakia (Slovak Republic)','SK','SVK',1),(190,'Slovenia','SI','SVN',1),(191,'Solomon Islands','SB','SLB',1),(192,'Somalia','SO','SOM',1),(193,'South Africa','ZA','ZAF',1),(194,'South Georgia and the South Sandwich Islands','GS','SGS',1),(195,'Spain','ES','ESP',3),(196,'Sri Lanka','LK','LKA',1),(197,'St. Helena','SH','SHN',1),(198,'St. Pierre and Miquelon','PM','SPM',1),(199,'Sudan','SD','SDN',1),(200,'Suriname','SR','SUR',1),(201,'Svalbard and Jan Mayen Islands','SJ','SJM',1),(202,'Swaziland','SZ','SWZ',1),(203,'Sweden','SE','SWE',1),(204,'Switzerland','CH','CHE',1),(205,'Syrian Arab Republic','SY','SYR',1),(206,'Taiwan','TW','TWN',1),(207,'Tajikistan','TJ','TJK',1),(208,'Tanzania, United Republic of','TZ','TZA',1),(209,'Thailand','TH','THA',1),(210,'Togo','TG','TGO',1),(211,'Tokelau','TK','TKL',1),(212,'Tonga','TO','TON',1),(213,'Trinidad and Tobago','TT','TTO',1),(214,'Tunisia','TN','TUN',1),(215,'Turkey','TR','TUR',1),(216,'Turkmenistan','TM','TKM',1),(217,'Turks and Caicos Islands','TC','TCA',1),(218,'Tuvalu','TV','TUV',1),(219,'Uganda','UG','UGA',1),(220,'Ukraine','UA','UKR',1),(221,'United Arab Emirates','AE','ARE',1),(222,'United Kingdom','GB','GBR',1),(223,'United States','US','USA',2),(224,'United States Minor Outlying Islands','UM','UMI',1),(225,'Uruguay','UY','URY',1),(226,'Uzbekistan','UZ','UZB',1),(227,'Vanuatu','VU','VUT',1),(228,'Vatican City State (Holy See)','VA','VAT',1),(229,'Venezuela','VE','VEN',1),(230,'Viet Nam','VN','VNM',1),(231,'Virgin Islands (British)','VG','VGB',1),(232,'Virgin Islands (U.S.)','VI','VIR',1),(233,'Wallis and Futuna Islands','WF','WLF',1),(234,'Western Sahara','EH','ESH',1),(235,'Yemen','YE','YEM',1),(236,'Yugoslavia','YU','YUG',1),(237,'Zaire','ZR','ZAR',1),(238,'Zambia','ZM','ZMB',1),(239,'Zimbabwe','ZW','ZWE',1);

--
-- Table structure for table `currencies`
--

CREATE TABLE `currencies` (
  `currencies_id` int(11) NOT NULL AUTO_INCREMENT,
  `title` varchar(32) NOT NULL DEFAULT '',
  `code` char(3) NOT NULL DEFAULT '',
  `symbol_left` varchar(12) DEFAULT NULL,
  `symbol_right` varchar(12) DEFAULT NULL,
  `decimal_point` char(1) DEFAULT NULL,
  `thousands_point` char(1) DEFAULT NULL,
  `decimal_places` char(1) DEFAULT NULL,
  `value` float(13,8) DEFAULT NULL,
  `last_updated` datetime DEFAULT NULL,
  PRIMARY KEY (`currencies_id`),
  KEY `idx_currencies_code` (`code`)
) ENGINE=MyISAM AUTO_INCREMENT=3 DEFAULT CHARSET=latin1;

--
-- Dumping data for table `currencies`
--

INSERT INTO `currencies` VALUES (1,'US Dollar','USD','$','','.',',','2',1.00000000,'2008-06-23 18:56:41'),(2,'Euro','EUR','','EUR','.',',','2',1.10360003,'2008-06-23 18:56:41');

--
-- Table structure for table `customers`
--

CREATE TABLE `customers` (
  `customers_id` int(11) NOT NULL AUTO_INCREMENT,
  `customers_gender` char(1) NOT NULL DEFAULT '',
  `customers_firstname` varchar(32) NOT NULL DEFAULT '',
  `customers_lastname` varchar(32) NOT NULL DEFAULT '',
  `customers_dob` datetime NOT NULL DEFAULT '0000-00-00 00:00:00',
  `customers_email_address` varchar(96) NOT NULL DEFAULT '',
  `customers_default_address_id` int(11) DEFAULT NULL,
  `customers_telephone` varchar(32) NOT NULL DEFAULT '',
  `customers_fax` varchar(32) DEFAULT NULL,
  `customers_password` varchar(40) NOT NULL DEFAULT '',
  `customers_newsletter` char(1) DEFAULT NULL,
  PRIMARY KEY (`customers_id`),
  KEY `idx_customers_email_address` (`customers_email_address`)
) ENGINE=MyISAM AUTO_INCREMENT=621 DEFAULT CHARSET=latin1;

--
-- Dumping data for table `customers`
--

INSERT INTO `customers` VALUES (14,'','misora','Baptista','0000-00-00 00:00:00','beshoboy@yahoo.com',15,'7023518088','','2f37e03c2441f21e4228051d6d57f1cc:89',''),(3,'','Drusilla','Vaoalii','0000-00-00 00:00:00','druvaoalii@gmail.com',3,'684-252-2446','684-633-2136','c33bc9b2c95deca9094010f55f20f77f:b3','1'),(17,'','Bal Deepak','Karanjit','0000-00-00 00:00:00','fwka4675@yahoo.co.jp',18,'042-338-2118','042-338-2118','2a2f4f46c33398d7953c0778ed63a8ac:0e','1'),(15,'','Kathleen','Medberry','0000-00-00 00:00:00','kathymedberry@yahoo.com',16,'5629495460','','6d86d756c8c5898dbfce1495652f10f3:e4',''),(6,'','Andrew','Lee','0000-00-00 00:00:00','hawaiianinnovations@verizon.net',6,'714 2220858','','74e8742a2e1be78b0e9b2f81b1810a29:d9',''),(18,'','Deanna','Orozco','0000-00-00 00:00:00','goldielocks52478@yahoo.com',19,'562 659-3431','','bf998316ee07c2f1878773bfe42ed83d:ed',''),(16,'','kim','moore','0000-00-00 00:00:00','kim@sunspotsintl.com',17,'503 780 1118','','0738935a5d679f7f79fc5529f7dc3828:fb',''),(13,'','Alina','Cartwright','0000-00-00 00:00:00','leanners41@yahoo.ca',14,'506-674-1843','','b3a84f06b40aab9fa3af1934b2088bbf:8e',''),(19,'','traci','wilson','0000-00-00 00:00:00','tinker2ss@yahoo.com',20,'2098728856','','b7193ed300a6d06d5ab90ab4d0da62dc:5d',''),(20,'','Brenda','Fitzgearld','0000-00-00 00:00:00','brendafitz@geusnet.com',21,'9034507903','','75b97b5f8f2d80109feeba8d03ce5665:8c',''),(21,'','Randy','Schweitzer','0000-00-00 00:00:00','randyjono@yahoo.com',22,'727-348-2093','','31956736659b8377e5da5d81243f30b9:26',''),(22,'','Melissa','Hobbs','0000-00-00 00:00:00','mhobbs_22@hotmail.com',23,'5802164604','','5b554c7d568f5ebf59676e3fe72649e6:ff',''),(23,'','tanya','rice','0000-00-00 00:00:00','tanyamag1@yahoo.com',24,'7735454627','','72952b6843ac4c425019faeb3dc74fb1:2b','1'),(24,'','Diane','Feipel','0000-00-00 00:00:00','dfnow@yahoo.com',25,'512-259-7102','','1a7d13f517983af146696bdf013dad3e:23',''),(25,'','Nereida','Lingle','0000-00-00 00:00:00','netlingle@comcast.net',27,'609-859-8315','','8d6bc6038faad75f11fdeeeb27cd2efc:f8',''),(29,'','Sheryl','Cole','0000-00-00 00:00:00','brianbrunocole@yahoo.com',32,'928-768-8610','','4e59e7d4ede5993740b835906a631a12:28',''),(28,'','Shona','Struthers','0000-00-00 00:00:00','shona@shonastruthers.com',30,'480-641-3754','','719cdab75e11dda6fc515564e04c0854:44',''),(30,'','sylvia','mount','0000-00-00 00:00:00','Sylviem1117@yahoo.com',34,'626 226 6163','','72e88c2bf749a4cff8597db1826fc498:35',''),(31,'','kristen','russell','0000-00-00 00:00:00','kizmet962009@hotmail.com',35,'360-664-1281','','1f2d660c3a89f9264c911a98d9980cf0:9f',''),(32,'','Jen','Vierzba','0000-00-00 00:00:00','jiffykat@hotmail.com',36,'3202673525','','82037878e98c8f9f99b997198b938740:18',''),(33,'','Daurice','Hirst','0000-00-00 00:00:00','dhirst2@cox.net',37,'850-455-0283','850-455-0283','38073c4b24a3b19a7796cf2a6638d3dd:17',''),(34,'','Russell','Hensley','0000-00-00 00:00:00','rhensley1967@yahoo.com',40,'760-449-1706','','4707f857f4d36ef19a383dfa50ba272e:aa',''),(35,'','Lilian','Urdiales','0000-00-00 00:00:00','Lilianu@sbcglobal.net',42,'925 674-0640','','f03cb6ecd4f93fd6694dba6a288ed8a8:11',''),(36,'','nove','felagai','0000-00-00 00:00:00','toasamoa_041488@yahoo.com',43,'7605080547','','0a2d2622f74e30bf8603b25f5d527c65:34',''),(37,'','Steven','Atay','0000-00-00 00:00:00','skatay@olp.net',44,'9188330652','9183663203','3abed5e11dc0e85fc7e63bee99e59024:d5',''),(38,'','jody','kirchberger','0000-00-00 00:00:00','jodykirchberger@sbcglobal.net',45,'925 360 9148','','659ddd98ca7374bd152463ed75c1ad0b:4c',''),(39,'','Gloria','Siona','0000-00-00 00:00:00','lolisiona@gmail.com',46,'9164320532','','051fd0a6c159737c2ec84ff5c53fa9e7:14','1'),(98,'','David','Sutton','0000-00-00 00:00:00','gabuckeye63@comcast.net',115,'770-924-8192','','3edd0b2f64f9707ddbaef7471511b8ed:aa',''),(386,'','Kiana','Kanoa','0000-00-00 00:00:00','kianakanoa@hotmail.com',438,'2545344549','','6d6781f2699f29bd4d0d75ebb290000d:8d',''),(51,'','Michael','Breen','0000-00-00 00:00:00','mike.breen@ic.gc.ca',63,'613-941-6307','','43c1c62441fa0d7c5e505af8511cd207:6f',''),(99,'','Dennis','Fillwock','0000-00-00 00:00:00','Xesfillwock@aol.com',116,'5052284497','','32824edfcaee5fdc2d8fe656dacc5256:63',''),(52,'','Cindy','Thomas','0000-00-00 00:00:00','thomas935@roadrunner.com',64,'805-210-2549','','bdc83780047690615d71f921e4b99bd1:5d',''),(45,'','Clara','Snell','0000-00-00 00:00:00','ballet_balihai@yahoo.com.mx',52,'011 525 55 58770113','','ba50aaec835f5e15f69326c6db355f9d:38',''),(46,'','Dylan','Manners','0000-00-00 00:00:00','polynesian_ts_empress1986@myspace.com',54,'8086998371','','1c466f2a7e7e211a2a5ee197b1d59810:1c','1'),(47,'','Pau','Campos','0000-00-00 00:00:00','paupcs@gmail.com',55,'34 636363753','','6fd67d728a4b14b31cae738240c3b87e:9c',''),(48,'','bridget','brizzell','0000-00-00 00:00:00','dbrizzell@nycap.rr.com',56,'5188696884','','f3a508e729f0448ec17e33c815d61ab0:df',''),(53,'','Brent','Schumacher','0000-00-00 00:00:00','nasulikid@yahoo.com',65,'301-249-2329','','0a03876b7faf65803b153c30c412f1a6:75',''),(54,'','Gary','Zimmerman','0000-00-00 00:00:00','gzman53@gmail.com',66,'3304241152','','d82b5fe0bbdcbfd4a3de617651323f1d:38',''),(55,'','Kristen','Miyake','0000-00-00 00:00:00','amoremoda@yahoo.com',67,'808-294-3584','','c1a5aad01f66d8f06b5e6e5e775f8be2:87',''),(56,'','VernaLee','Sofa','0000-00-00 00:00:00','alejahvernaallan555@yahoo.com',68,'808-450-1229','','4b24bdd4be67bd3860c4d270bbb62360:69','1'),(57,'','LAKEISHA','GRANT','0000-00-00 00:00:00','XOBORICUACHIKXO@AOL.COM',69,'580-647-9231','','8c0f529d3d6a448c584cfb5c7fb95562:dd',''),(58,'','Kasey','Magallanes','0000-00-00 00:00:00','kasey_girl_05@yahoo.com',70,'808-895-0004','','529727e1d36eeab7cf101330cef0034c:5c',''),(59,'','Kathi','Waid','0000-00-00 00:00:00','ambrscot@zoominternet.net',71,'814-336-5702','','26ec1a65506e969e9d998ed167459ffb:fe',''),(60,'','Charles','Devine','0000-00-00 00:00:00','Anelajade@hotmail.com',72,'808 935 6310','808 959 3226','5480b0ce21d19fe3378cc1a3180d3c3b:bd','1'),(61,'','leialoha','gututala','0000-00-00 00:00:00','kekaigututala@yahoo.com',73,'8083852591','','cbde65ab3f6b91614b2cc6e6e92091d1:12',''),(62,'','Barbara','Domingo','0000-00-00 00:00:00','kuuipoaz@yahoo.com',74,'(623)455-0576','','2639a6d769920593f0778e62093b9c2f:7e','1'),(63,'','Steven','Mcfarland','0000-00-00 00:00:00','mcfarls1@yahoo.co.nz',75,'098372224','','5649896bcf1ed759a15cc1dd13f44c6d:36',''),(64,'','Narmeen','Reger','0000-00-00 00:00:00','narm1@mac.com',76,'3014646266','','13185ab0769ce9340464341230cb9a37:72',''),(65,'','Kui','Villanueva','0000-00-00 00:00:00','kui_mama07@yahoo.com',77,'8085904828','','da148b069282c59fc6ef78d3d67e8a90:d9',''),(66,'','Tonya','Chandler','0000-00-00 00:00:00','BeadedBlessings@mail2christian.com',78,'7708468795','','32a5d7561aefe2511102e47199a44fad:81',''),(67,'','CarlaMae','Badayos','0000-00-00 00:00:00','carlamaebadayos@yahoo.com',79,'808-2057874','','d33c3934f75454bd3e9a5660cf42db56:be','1'),(100,'','lori','balsom','0000-00-00 00:00:00','misseshockey@yahoo.ca',117,'4036160475','4032792287','c5b6dbff5ace592e24958f3b3a30ddb5:1b',''),(68,'','robin','maxwell','0000-00-00 00:00:00','ROLANI06@YAHOO.COM',80,'2066975071','','cfc031a7cdbbf2df43aca773f0457f06:e3',''),(69,'','Theresa','Kuaimoku','0000-00-00 00:00:00','busybee@clearwire.net',81,'808-561-6091','','faa0bc18bae12de672ebcebd9124af7d:04',''),(70,'','nicole','heil','0000-00-00 00:00:00','nicoleheil_10@hotmail.com',82,'7157903389','','02093d9b3bfc2091c50badcbc63ab8f9:4b',''),(71,'','brooke','mathers','0000-00-00 00:00:00','mathers225@comcast.net',85,'425 486 7328','425 486 6406','ad429f4bfbb578e562bdcbccad25ea77:a6','1'),(72,'','Keith','Beaner','0000-00-00 00:00:00','kbeaner86@yahoo.com',86,'717-348-4143','','0111664e4138c56f5b14d660575d7730:ee',''),(236,'','victoria','makaawaawa-tavares','0000-00-00 00:00:00','kaika808@live.com',261,'8086758162','','a4cd97da24dd32c70535ed6b820a338b:7a',''),(74,'','Laura','Shepard','0000-00-00 00:00:00','alohapooh27@verizon.net',89,'8056980325','','f4cec3b3a9f0dc2f5aad81b522f359cc:e9',''),(75,'','Kalani','Kai-Mendosa','0000-00-00 00:00:00','mexi_hayn@yahoo.com',90,'707-337-1201','','af06a5486ee45b67e23321509ba511b0:69','1'),(233,'','Sara','Stewart','0000-00-00 00:00:00','sara.e.stewart@gmail.com',258,'703-402-6782','','7c794aa73428016de5542416d871d12b:ca',''),(77,'','Osamu','Manabe','0000-00-00 00:00:00','osamuman@yahoo.com',92,'8083060380','','c339a79015b69ef251a4633c678200ca:eb',''),(78,'','Patricia','Thompson','0000-00-00 00:00:00','patricia@taa.org',93,'512/479-6252','','d1d268563f34588b69c20e3247ade60f:6a',''),(79,'','Hideki','Matsui','0000-00-00 00:00:00','alohaukiuki@gaiapro.co.jp',95,'01181463602123','01181463602124','2f99707ad113f104510a24e69f50bd77:9e',''),(80,'','Roy','Kunishige','0000-00-00 00:00:00','neonracer808@hotmail.com',96,'808-960-6417','','4109dfc1dd709802a2de6c3b89d2a52a:ed','0'),(85,'','loren','kahakua','0000-00-00 00:00:00','lorenlld@hotmail.com',102,'808-333-0553','','517c10d41a01fa24e643062f94361c83:1a',''),(83,'','grace','ikeda','0000-00-00 00:00:00','graceikeda@gmail.com',100,'5308781590','','8373b5fc3929cb2864f6a73b924481c1:81',''),(86,'','Jen','Ho','0000-00-00 00:00:00','jyfho@shaw.ca',103,'778-840-1328','','42fb9c395c371a969794777b51982063:af',''),(87,'','Elizabeth','Smith','0000-00-00 00:00:00','esmith@carrollu.edu',104,'(414) 248-9507','','0ebfab3889add84a53b37cea57f8885f:21',''),(88,'','Kay','Godfrey','0000-00-00 00:00:00','hulakay@hotmail.co.uk',105,'004 7960 383411','','904b3eb681a861a6be6bbe28522a10fc:e7',''),(89,'','Beatrice','Fuamatu','0000-00-00 00:00:00','beafuamatu@hotmail.com',106,'08 90311267','08 90311309','2c5803815bdefab9809004a900a2965c:8c',''),(90,'','tabitha','hall','0000-00-00 00:00:00','hallchristopher@yahoo.com',107,'410-562-8123','none','07419948cba799dc07ccc8f37e69f4b9:7e','1'),(91,'','Myrna','Matina','0000-00-00 00:00:00','myrna@talofateinejewelry.com',108,'8014734539','8313078287','268dd8b90e51d77bca9a27f10cf7a861:fd','1'),(92,'','Mary','Fia','0000-00-00 00:00:00','lotoonosai@yahoo.com',109,'684-633-4475','684-633-4195','7572c269e7fc3cac818848b8f77ced19:f6',''),(93,'','Krystle','Niumata','0000-00-00 00:00:00','krystleniumata@hotmail.com',110,'0424879379','','3fa74c9ed268c5a5be24a2ebd29930eb:a4','1'),(94,'','Sea\'ana','Gentry','0000-00-00 00:00:00','groxygirl808@aol.com',111,'808-263-5718','','052bbae64636d2a4f8385e7eb6c1d6ed:5c',''),(95,'','Jodie','Reid','0000-00-00 00:00:00','kemberlyhernandez@mail15.com',112,'2843585551420','555-88-77','6f0f7d3513533c9809ace33b34da3ded:ba',''),(96,'','Sherri','Ledford','0000-00-00 00:00:00','sledford@sbcglobal.net',113,'216-447-0164','','d3f537239436a3bf43a55bf2f05a20bf:ca',''),(97,'','Peter','Maivia','0000-00-00 00:00:00','pmaivia@aol.com',114,'661 618 2148','','dbf11cbece87da4a98993d3e87ba67cb:e2',''),(101,'','Patricia','Tazelaar','0000-00-00 00:00:00','pattazy@yahoo.com',118,'8014999890','','e8b6112f2f34d107ea05de7f45c358a1:75','1'),(102,'','Naoko','Yamaguchi','0000-00-00 00:00:00','kanoelaninaokoyamaguchi1215@yahoo.co.jp',119,'0568-84-1504','','7568d68bfd49a9c6024fad58b82bbef3:e8','1'),(103,'','Myra','Doyle','0000-00-00 00:00:00','myra.martin@yahoo.com',120,'7575605168','','073b485eae1ff6d24a1b3ecedb97bdc7:f0',''),(104,'','Marsha','Stillson','0000-00-00 00:00:00','konagranny@gmail.com',121,'5306211546','n/a','2bb9eca27628b4507bc7823b5140b265:82','1'),(105,'','Dorothy','Tanuvasa','0000-00-00 00:00:00','mz_onosai@yahoo.com',122,'6508156268','','7084a078098b7499ede4e13fd78be07e:46',''),(106,'','michelle','melin','0000-00-00 00:00:00','mmelin@juno.com',123,'808-772-2251','','a2d722a2f09adbbacb643a0c0ddacebb:30',''),(524,'','Maelynn','Lyons','0000-00-00 00:00:00','lyons.maelynn@gmail.com',591,'720-717-1980','','141acf1754a86f98e22108172968329b:11',''),(108,'','yonemitsu','gou','0000-00-00 00:00:00','2134469602@jcom.home.ne.jp',125,'04-7105-5065','04-7105-5065','55f99708b92fe76c9c7ea76a04fc015e:c0','1'),(109,'','Raeanna','Duck','0000-00-00 00:00:00','raeraepeach@yahoo.com',126,'4049324535','','ddb7b7712637d0d4a409737e751f7033:ee',''),(110,'','Eunice','Chaney','0000-00-00 00:00:00','christinatorres@mail15.com',127,'2843585551420','555-88-77','f02ee1e9a6eee11740a21b0d7a87cd5d:15',''),(111,'','kathleen','medrano','0000-00-00 00:00:00','kathleenmedrano2010@yahoo.com',128,'8082167877','','fc222eb7389b688f4022437673a8d50a:79','1'),(112,'','Margaret','Howard','0000-00-00 00:00:00','pjs_mama40@hotmail.com',129,'570 423-4432','','f909a5f97385b113f02427d03558d3b5:1c',''),(139,'','Dolores','Boone','0000-00-00 00:00:00','doloresboone@aol.com',156,'352--85-4-29 x86','','cbf7234120a69d26abf6b22b5c40c63d:f2',''),(140,'','Cindy','Hewitt','0000-00-00 00:00:00','nursech@yahoo.com',157,'209-928-4420','','6ed3f8eb6890b474a9efea7e63b4367a:85',''),(123,'','kristi','avilla','0000-00-00 00:00:00','kristiavilla@yahoo.com',140,'8086360707','','6db2a1bb4915370a93f77af23f90dbc6:e0',''),(130,'','Tofaimalae','Fia','0000-00-00 00:00:00','tofa@aspower.com',147,'011-684-699-5075','011-684-699-9675','1e5d71afb373a5b3400eb8dbcd7e0adf:ee',''),(131,'','kasey','polido','0000-00-00 00:00:00','Kpolido@yahoo.com',148,'8088546629','','8e692b9d3edaa1d5672984117191eaf0:54',''),(177,'','Brenda','McEwan','0000-00-00 00:00:00','brendamcewan@shaw.ca',196,'604-990-1726','N/A','4f81b13f65e8c5c104eeaf7747737387:6d',''),(141,'','steve','candelaria','0000-00-00 00:00:00','cande_mann@hotmail.com',159,'760-902-0878','','ce8b7cdf2dd9a9d14738a6e57b27928c:c8',''),(232,'','Komisi','Faulafo','0000-00-00 00:00:00','misiandvaifaulafo@yahoo.com',257,'5032551457','','461ed33490fc63e74e2e55716f653fc7:16','1'),(128,'','Jay','Ego','0000-00-00 00:00:00','Egoemails@gmail.com',145,'503-358-1055','','f42d0a667fc32aae2506254f78fc6cec:ce',''),(171,'','starlene','lee','0000-00-00 00:00:00','brucenstar1@yahoo.com',189,'808-989-2265','','b4b2abba5b73e7070db90d5d62b99444:6d',''),(174,'','shaylyn','miner','0000-00-00 00:00:00','shaylynminer@yahoo.com',193,'8088619389','','da1fa40e56756702184cddd8bec18946:d3',''),(144,'','JAYSON','CASDTANEDA','0000-00-00 00:00:00','essenceleandra@aim.com',162,'808-936-1817','','f363e12a2e63b60e337ed3a0105f1cf8:b9',''),(175,'','Anna','Lyman','0000-00-00 00:00:00','annalyman@shaw.ca',194,'2507544982','','0fc54048ec36e87fe5f8549ff0959adb:e8',''),(176,'','Kanani','Malakaua','0000-00-00 00:00:00','kananz@vzw.blackberry.net',195,'8087565394','','a0d20a2a2f9305e53b36771399e53f58:21',''),(154,'','Cayla','Heinen','0000-00-00 00:00:00','caylala@hotmail.com',172,'(403)-801-7870','','652c911c39f9425b1878dcac9e15c485:05',''),(157,'','LINGE','PILI','0000-00-00 00:00:00','lingepili@yahoo.com',175,'702-884-4774','','3b528e784060315d08dc7344bf5d5a51:33',''),(147,'','Ksenia','Barklaya','0000-00-00 00:00:00','kbarklaya@gmail.com',165,'+79169229229','','3ee822acfd8aac26388e428eeddac347:4d','0'),(167,'','Alyssa','Padron','0000-00-00 00:00:00','hulahips03808@aol.com',185,'2135053843','','b49126d7f2172e4b502464d53427ee85:c0',''),(234,'','Willa','Roberts','0000-00-00 00:00:00','wroberts4352@gmail.com',259,'978-425-6108','','646df02cf0cbdb0558fd5d749385a1f3:1d',''),(235,'','Willa','Roberts','0000-00-00 00:00:00','weela@hotmail.com',260,'9784256108','','bb1156fb8360134d6df9e4c2bc888fb7:1c',''),(169,'','Frederick','Hendren','0000-00-00 00:00:00','rstcort1@aol.com',187,'9195538615','','2ce55053db451f75642e22e78e46c8f3:38',''),(170,'','elaine','lafaele','0000-00-00 00:00:00','angelfigueroa77@yahoo.com',188,'3033731176','','1808b3beeabd9abb313f3ad0f0638508:b9','1'),(230,'','VAIAURO','FAULAFO','0000-00-00 00:00:00','mzvahee82@yahoo.com',254,'5038471359','','d2b3cf5dea7a18c2c9bb8948babbe358:f1',''),(179,'','Latoya','Atkinson','0000-00-00 00:00:00','patriciasanders@mail15.com',198,'2843585551420','555-88-77','9d407b5381c73692896b0ede29ccff71:64',''),(180,'','kathleen','medrano','0000-00-00 00:00:00','kattmedrano@yahoo.com',199,'8082167877','','3ca5ea414509c282fe17cfda581e2454:c2',''),(181,'','Samantha','Roma','0000-00-00 00:00:00','sroma@unm.edu',200,'5057179011','','62ba3f557658df85090f218dc4351733:5f',''),(237,'','Herenei','Lafitaga','0000-00-00 00:00:00','inneia1108@gmail.com',262,'684 7335441','','c0da513c4e5b56f90e17f57d0de5a8b3:f4',''),(238,'','Lavinia','Kofutua','0000-00-00 00:00:00','laviniakofutua@yahoo.com',264,'4354969211','','d8ed14fe83a978b056af47908a180bbe:da',''),(183,'','Shanna','Palmer','0000-00-00 00:00:00','islndgrl247@yahoo.com',202,'7029697775','','af08a006f5ae7ab46edbfb7ff7354865:0e','1'),(184,'','Randy','Simmons','0000-00-00 00:00:00','randysimmonsnc@hotmail.com',203,'919-569-5541','','9d8125832a1b240a0d545caedb268fa4:cb',''),(185,'','Kaulana','Manoi','0000-00-00 00:00:00','napps88@yahoo.com',204,'8086515783','','f3ed9144835fa9c676a05658f6adafe3:12',''),(186,'','Sinavaimoa','Vaeila','0000-00-00 00:00:00','sinavaimoa@yahoo.com',205,'509-947-6042','','6de7d285c90c6f5def0a0161cd0656df:59',''),(231,'','Rachel','Rust','0000-00-00 00:00:00','rlrust@aol.com',256,'979 533 6616','','c0acf732d18f07b431ac9427c864571f:50','1'),(188,'','Jessica','Richardson','0000-00-00 00:00:00','scrapaholic6@yahoo.com',208,'757-271-3687','','3613893cb0ae5b0cf4dd182ccaa6c7cf:a5',''),(189,'','Tamika','Ryan','0000-00-00 00:00:00','missmikaboo@gmail.com',209,'8083812655','','ecae7f5f87306e934625a6a27988e9a4:8d',''),(190,'','CHRISTOPHER','BOORAS','0000-00-00 00:00:00','boorascs@yahoo.com',210,'(407)234-6708','','d918d8be42800f96a0d80a240b283e0b:68',''),(191,'','RAQUEL','LEWI','0000-00-00 00:00:00','rlewi808@gmail.com',211,'8083574517','','2c6c53ce2b754af01235ea7fa0cff9e3:b8',''),(192,'','Kristine','Franco','0000-00-00 00:00:00','kristinetdb@hotmail.com',212,'6465493772','','cc9b7b516dcdbd6bb31686ccd52661b6:aa',''),(193,'','Gail','Bourke','0000-00-00 00:00:00','bourke1@iinet.net.au',213,'0427530304','','b680bf383c94073220fb48ee4c2904fe:ec',''),(194,'','Michael','Bruce','0000-00-00 00:00:00','misc@darkbridger.net',214,'480-678-7093','','1f8badf69e386de4a31967e6b9e3eea7:5a',''),(195,'','Ben','Carroll','0000-00-00 00:00:00','benjaminapolis@hotmail.com',216,'6842584774','','be6cf605334a03341b2d9a19454f39ea:ed',''),(196,'','Russell','Ronneberg','0000-00-00 00:00:00','ronneber@msn.com',219,'360-632-0887','','ae7885898662344b5e6b0d51f7bd2cb3:6a',''),(197,'','Sandra','Burgess','0000-00-00 00:00:00','sandra.kenyagirl@gmail.com',220,'740-463-6385','','907870a9f452cdd5614814acb72e8394:bc',''),(198,'','Beau','Villanueva','0000-00-00 00:00:00','bvillanueva@csumb.edu',222,'209 6146058','','da1b020e65c512608c3250d47fe7a54a:bb',''),(199,'','Jessica','Jones','0000-00-00 00:00:00','jcjones7@hawaii.edu',223,'8083410829','','13360b108732ad6e43d05747af55fde4:21','1'),(200,'','nicole','davis','0000-00-00 00:00:00','stevensohana808_2007@yahoo.com',224,'80875687962','','6a5a5248c55e6ca1d835e2a854c5a84e:0b','1'),(201,'','Stephanie','Proctor','0000-00-00 00:00:00','stefanyproctor@hotmail.com',225,'435-867-1074','','fda46ae6b45fdd7d0e7a0afbf0225763:ec',''),(202,'','Tracey','Holder','0000-00-00 00:00:00','tshawty123@yahoo.com',226,'706-403-7605','','f6abda947cbd8940f483c0553baf11bd:9a','1'),(203,'','Patricia','Runchey','0000-00-00 00:00:00','Andrenme@gmail.com',227,'847-774-2297','','80df154e52dc6e8a344efbc04198710c:4d',''),(204,'','Alexis','Menzel','0000-00-00 00:00:00','alexismenzel94@yahoo.com',228,'3863048540','','1961062a837c0bd22a5dab4dc638da51:cc',''),(205,'','Manuel','Phillips','0000-00-00 00:00:00','mannyp@alaskalife.net',229,'907-268-1661','','959a7cb23300fa0a7ee2f7f3b66e9a20:d8',''),(206,'','anarita','theodore','0000-00-00 00:00:00','theodore_ana@hotmail.com',230,'5183573713','','43b4494b97ed74f9ee42c16e3013a1f3:94',''),(207,'','Jacob','Vargheese','0000-00-00 00:00:00','emailtojacob@gmail.com',231,'999-999-9999','','886c8d8a8202b149d12d79cf0f49df4c:88',''),(208,'','Tanya','Limary','0000-00-00 00:00:00','mamalimary54@aol.com',232,'8086205149','','cc755f013711eda436984633a433fc00:89',''),(239,'','OrabelleMeredith','Meredith','0000-00-00 00:00:00','orie@rtcol.com',265,'574-223-7172','','318da1759b8b6a647df2321e67d20108:8f',''),(210,'','Kathleen','Medrano','0000-00-00 00:00:00','kathleenmedrano@yahoo.com',234,'8082167877','','ab6d44a02f04bea17a95d7f0238f0948:19',''),(211,'','Irena','Smelash','0000-00-00 00:00:00','irenalove1978@ukr.net',235,'+380676076933','','1f10bead9185329ddd341ae32b30d34b:a3',''),(212,'','Justin','Bragg','0000-00-00 00:00:00','justinbragg@hotmail.com',236,'9898085023','','7e835c2403d8b389eff463c46d638c7f:e6',''),(213,'','Lelia','Mckee','0000-00-00 00:00:00','jinaborner@mail15.com',237,'2843585551420','555-88-77','235eeefb00a0e3cebf70e2fd2b5eab4a:2b',''),(214,'','James','Stark','0000-00-00 00:00:00','heilajordan@mail15.com',238,'2843585551420','555-88-77','16e6bef78ff6f05bdcabc02e5c392626:e9',''),(215,'','Krystle','Apaisa','0000-00-00 00:00:00','kapaisa808@gmail.com',239,'8083473495','','e51c963d83d81b8da32996053cabd019:70',''),(216,'','Whitney','Scheid','0000-00-00 00:00:00','whitney.scheid@gmail.com',240,'813-298-5613','','55baa425225b6111a0ae91d0755700fa:9a',''),(582,'','Jane','Service','0000-00-00 00:00:00','islandfantasy808@hotmail.com',654,'808-382-8228','','3476b2c67bea6258e7eeed11f0133ce7:4d',''),(277,'','John','Wilson','0000-00-00 00:00:00','mjohnson8227@cox.net',310,'4809999999','','8d68a8fae7b59164972c24da1c0736e9:50',''),(229,'','Ailua','Samaota','0000-00-00 00:00:00','ailua.samaota@yahoo.com',253,'5038471359','','3c9c854823aee56ac8289c6b693a4497:d8',''),(219,'','Barbara','Ogden','0000-00-00 00:00:00','rpawai@gmail.com',243,'000-000-0000','','9a2e50e6a29cc743bf78b9822c62d94d:57',''),(220,'','Taina','Gershikov','0000-00-00 00:00:00','tainka@012.net.il',244,'972547695936','','55d8bfbfef5e6e6535f58422b8b48f13:eb',''),(221,'','Megan','Burns','0000-00-00 00:00:00','m_marie_90@hotmail.com',245,'443 206 5381','','da26b3b0e752b3a615e66e0627863c6e:e8',''),(222,'','Joyce','Skajem','0000-00-00 00:00:00','jspenguin9@hotmail.com',246,'5755227286','','c023b8b85dca20fa8869a2d948a4def6:2d',''),(223,'','Paula','PRANTIS','0000-00-00 00:00:00','pprantis@goldenrule.com',247,'920-437-9972','','5dd8ac173749be5843612a863ec55403:83',''),(224,'','Heidi','Schochenmaier','0000-00-00 00:00:00','surfducky@hotmail.com',248,'778-855-9383','','35d6c21649ba0369292018e7267b0554:f8',''),(225,'','Imke','Jurgens','0000-00-00 00:00:00','imke.jurgens@gmail.com',249,'004797506502','','0db15889a57d704da6f0c7f8e5e508bb:76','1'),(226,'','Franny','Bosser','0000-00-00 00:00:00','Peppis001@comcast.net',250,'412-517-8443','','577c05f72395542403f51a44510c2681:64','1'),(227,'','Frances','Bosser','0000-00-00 00:00:00','Fbosser@afit.org',251,'412-517-8443','','2e92494b1ab146fa27cafb28cc87af85:8b',''),(240,'','Myrna','Matina','0000-00-00 00:00:00','talofateinejewelry@gmail.com',268,'8013418255','','dc88bdd543620dbcafee53c581ff2977:ef','1'),(241,'','Suzette','Shaffer','0000-00-00 00:00:00','scubasuzs@hotmail.com',269,'9163638278','','f918220553dcb28f0fe352a4dd635962:2a',''),(242,'','tilomai','atiifale','0000-00-00 00:00:00','tilojam88@gmail.com',270,'9077489600','9073323531','e4f66018abda6393b5e95a52c6811d56:cd','1'),(243,'','Jonathan','Catt','0000-00-00 00:00:00','jjkingcatt@wi.rr.com',273,'414-461-3214','','0a00ec9879bdd9c54142b07b4932b521:32','1'),(244,'','Jared','Tremp','0000-00-00 00:00:00','Jared.Tremp@live.com',274,'602-448-3150','','3aa3d1e605b2fdc5ba1355e917d0bb8e:14',''),(245,'','Virgil','Trias','0000-00-00 00:00:00','virgil.trias@yahoo.com',275,'7075147824','','cfc5bbb1d610cd6daaf9b14b9cff6eae:8c',''),(246,'','Etsuko','Nemoto','0000-00-00 00:00:00','hula@global-create.com',276,'81-4-7136-7232','','0988b26299152ce3fc29224b6a41ef6d:c0','1'),(247,'','victoria','puulei','0000-00-00 00:00:00','cuitepiE808@HOTMAIL.COM',277,'2096278936','','c913aadef2c36be9ddae8ef21d8a0a52:6b',''),(248,'','Alan','Towar','0000-00-00 00:00:00','PleaseSend@Verizon.Net',278,'951 485-3434','','5a2f953d0a44d04e81cedad8f3e0c927:26',''),(249,'','Curtis','Sakatani','0000-00-00 00:00:00','cmsakatani@aol.com',279,'2093651927','','b70dca8699eb16a4d62e0495578c3205:49',''),(250,'','Kristan','Kicklighter','0000-00-00 00:00:00','kristan_kick@hotmail.com',280,'(912)237-4206','','08ee2bdcce6cc757d4a9ea555bb5bef6:d6',''),(251,'','Rafaela','Barker','0000-00-00 00:00:00','katiaella@aol.com',281,'951-360-0953','','d43b948dc6a40d8cb18ab46e0c721e2a:79',''),(252,'','Kathleen','Moore','0000-00-00 00:00:00','mersmom@sc.rr.com',282,'803-955-7030','','7baa54ed4fa08142b0ad9bc6ac195d69:bc',''),(253,'','PEPE','Anetipa','0000-00-00 00:00:00','pepeleneisemu@yahoo.com',283,'9073108278','','5fb0558b2204db2d86ec59954506c51d:a3','1'),(254,'','janice','schneider','0000-00-00 00:00:00','alohadarling@att.net',284,'415-518-8137','','cf778ca196b9efdc8b8600bbd894f85a:3b',''),(255,'','jeremy','owens','0000-00-00 00:00:00','shasta16162004@yahoo.com',285,'772 205 0972','','4e297f781eb66a7fa82c740a89ee5600:a1',''),(256,'','sara','helmick','0000-00-00 00:00:00','sarahelmick@hotmail.com',287,'(707)-637-3701','','eb1e21e416361c6f24deefb3dbd5d9c4:e0',''),(257,'','barb','taylor','0000-00-00 00:00:00','dtaylo30@tampabay.rr.com',288,'7274742097','','d1e9f60c75b4f1b58f8defc48166f8bc:72',''),(258,'','RYAN','FOSTER','0000-00-00 00:00:00','MARIKELANI@AOL.COM',289,'8083222052','','8cc723a0fb23fa7779e8fe81de150715:be',''),(259,'','Jackie','Johnson','0000-00-00 00:00:00','CyBurCat@hotmail.com',291,'541-388-4594','','532efa95de10cb421459c446e3d54a00:1f',''),(260,'','Gayle','Raymer','0000-00-00 00:00:00','gaylesmail2000@yahoo.com.au',292,'61429898567','','0ed8c16f3a20f51cee6f7da56f421be2:74','1'),(261,'','Kimberly','Poplaski','0000-00-00 00:00:00','kimmiepop14@comcast.net',293,'609-560-8122','','ebe9d964e5758d93460b72b05545b801:36',''),(262,'','Eve','Pike','0000-00-00 00:00:00','pike_eve1@yahoo.com',294,'7074619054','','86b6ef4210092f3ca64dce2685a35b0b:30','1'),(263,'','Victor','Koerper','0000-00-00 00:00:00','vkoerper9@aol.com',295,'714-633-9287','','580d2a3d12c44c66dacca8a0080e3565:24',''),(264,'','Sela','Pauu','0000-00-00 00:00:00','cpauu75@gmail.com',296,'801-518-3555','','640c16e2e15b0a4779a624174207207b:a6','1'),(265,'','Marilyn','McCullough','0000-00-00 00:00:00','mlynmcculla@cox.net',297,'949-498-8414','','16f34cb0d3cb50f3c2f7eed2414ef69c:37',''),(266,'','Marilou','Bacosa','0000-00-00 00:00:00','jomar1012@yahoo.com',298,'808 782 5833','808 744 5426','f0c8fc09ff791baea9d2dec752b6fa41:af','1'),(267,'','tilomai','atiifale','0000-00-00 00:00:00','tilojam@acsalaska.net',299,'9072296171','9073323531','e6d2eea40777132edfa33438cbabf04e:18','1'),(268,'','Shianne','Lynch','0000-00-00 00:00:00','lynchshianne@gmail.com',300,'808-489-6626','','d57e2b30ab7b94aa33b375966f4730c6:d7',''),(269,'','lauren','ampolos','0000-00-00 00:00:00','Lauren.snoops@gmail.com',301,'18086688001','','86e1853d99c3c877dff283184a0ab98b:28',''),(270,'','andrea','bryant','0000-00-00 00:00:00','hokulanibryant@yahoo.com',303,'8083888411','','1d3d6953998e5079c20c1a2acca46c92:32',''),(271,'','Lillian','Demaree','0000-00-00 00:00:00','demaress04@sbcglobal.net',304,'317-496-7032','','f483ee150b67d9bdb008d410d89d85f0:c5',''),(272,'','Mabel','Lee','0000-00-00 00:00:00','aws624@cableone.net',305,'928 8488560','','9904783b238ac689459493e7380296ef:33','1'),(273,'','Joanne','Stein','0000-00-00 00:00:00','leothompson@mail15.com',306,'2843585551420','555-88-77','16927731a90ba1986c3f103c27a8e174:97',''),(274,'','Sineatu','Hisatake','0000-00-00 00:00:00','slhisatake@yahoo.com',307,'+61487379875','','e2762093504af4ab6cc63a60290530ef:9d',''),(275,'','Barbara','Barnette','0000-00-00 00:00:00','bnails10@yahoo.com',308,'407-856-8153','','7ade94032632ce1b2ef248d04de12cb8:e5',''),(278,'','Natasha','St Arnault','0000-00-00 00:00:00','t_starnault@yahoo.com',311,'808-854-3597','','aa23d4c38f6a1835844f362ad2334e3b:4f',''),(279,'','Benjamin','Wilson','0000-00-00 00:00:00','benwilson@juno.com',312,'616-218-4093','','69e41da5cad4943de19bfd3bd0f94625:fc',''),(280,'','James','Millsaps','0000-00-00 00:00:00','jeric1077@yahoo.com',313,'408-607-6355','','275c67f51f737c415e9f7728c26e3157:38',''),(281,'','David','Allen','0000-00-00 00:00:00','allen350@hotmail.com',314,'910-639-1388','','1a56596a4a26f05155699c8309bbfdbd:49',''),(282,'','Nuhu','Omar','0000-00-00 00:00:00','lukken11@yahoo.com',315,'233287963976','','eabaa08e5de15ad224275d997c9d5aa7:54',''),(283,'','Wendy','Dorroh','0000-00-00 00:00:00','wehrmann@windstream.net',316,'803-808-4069','','c646cb10ad3ad27825992208e135314f:41','1'),(284,'','Sherrise','Atualevao','0000-00-00 00:00:00','satualevao@gmail.com',317,'808-979-6215`','','c0b6ec4f014c24e84709776b4c727f85:0d',''),(285,'','Sharlimar','Maikui','0000-00-00 00:00:00','Miss96748@yahoo.com',318,'8086585124','','66ce458c6d1fe0e8c5e28723bb5295a0:60','1'),(286,'','sade','hernandez','0000-00-00 00:00:00','sade.leaming@yahoo.com',319,'808-445-7870','','d204599f22cf7d360b8292a51cd1b6ab:eb',''),(287,'','JOELLE','ROBERTS','0000-00-00 00:00:00','joelle1798@comcast.net',320,'360-880-8881','','cf37c0245d46d15996164268a51f78e7:56',''),(288,'','Blanche','Siaki','0000-00-00 00:00:00','blanche.siaki@yahoo.com',321,'9712638803','','b320b283770ce964639d8bb9ed25dd7c:f2',''),(289,'','Cristina','Bregar','0000-00-00 00:00:00','nutebude1227@yahoo.com',323,'3304066052','','8fd084210b8d022e51307f3f2f5cc256:9b',''),(290,'','Lois','Van Slyke','0000-00-00 00:00:00','newgirl@satx.rr.com',324,'210 6807916','','8c8474276b04a2875bf25131f5831cb1:14',''),(291,'','destiny','arquitola','0000-00-00 00:00:00','destiny.arquitola@yahoo.com',325,'817-705-3792','','c40c5fb577a55a75fb628d9113558070:49','1'),(292,'','Noime','Reyno','0000-00-00 00:00:00','noimetravel@gmail.com',326,'8083820608','','ac10db0536ba82aeec515fdc5548c527:d3',''),(293,'','Tamiko','Jajo','0000-00-00 00:00:00','ray_ko03@hotmail.com',327,'5038105269','','b8e10f93c6105e16a5b45d35d5447066:67',''),(294,'','Carlisha','Hall','0000-00-00 00:00:00','miss.carlisha@yahoo.com',328,'3366084600','','117e25bd3d77e9c7cfad10293b6db71e:9c',''),(295,'','kaya','ho','0000-00-00 00:00:00','fattyporter@yahoo.com',331,'8084504441','','17fbe2da0d4126b41bead311fd9e1704:b3',''),(296,'','CC','Champion','0000-00-00 00:00:00','Champc3@yahoo.co.uk',332,'07855245048','','982c57e5714690ce6a246093acf32a97:1b',''),(297,'','Darlene','DAvis','0000-00-00 00:00:00','drdavis@ober.com',333,'410-347-7306','','848f82cb8c31ec02cc80c2696721bf26:70',''),(298,'','Denise','McCurtain','0000-00-00 00:00:00','denisek4473@gmail.com',334,'9712216106','','80ea4d1c5bdef7b62b7d37c0fac3ae4e:ab',''),(299,'','TanL','Ca','0000-00-00 00:00:00','Bytch96792@gmail.com',335,'8084630699','','0d8e3eec079e2d56ce3f8eeadf5daa50:41',''),(300,'','rozlyn','kahalewai','0000-00-00 00:00:00','rozlyngouveia@hotmail.com',336,'8084631130','','a5a29345d676a0d7b7b3806805237c07:2f',''),(301,'','Krisett','Kong','0000-00-00 00:00:00','K808_kong@yahoo.com',337,'(808)854-5311','','9aa9edce79d390375631607aca7406f7:61','1'),(302,'','Nicole','Paish','0000-00-00 00:00:00','nickypaish@hotmail.ca',338,'7806678696','7809868222','a26ef56e702cf240d99942eaeeaa506a:12',''),(303,'','Cathy','Moran','0000-00-00 00:00:00','cathy.islandsunset@gmail.com',339,'5085278773','','6d6d36039d8c0855c066cbc5ec14a73d:46',''),(304,'','David','Toledano','0000-00-00 00:00:00','dtoled1@gmail.com',340,'5049098075','','920a6556d16e3a6fb35798eea9090f53:5b',''),(305,'','Jill','Fantom','0000-00-00 00:00:00','jillehartwell@yahoo.com',341,'9093804630','','7af84d9400c556f79efc500bd4b5536e:33',''),(306,'','Stephani','Yong','0000-00-00 00:00:00','snowiwhite@gmail.com',342,'9098948630','','d886246967a3dd8487cc74830d1d9128:64',''),(307,'','amethyst','tulafale','0000-00-00 00:00:00','a.tulafale5@gmail.com',343,'3013102756','','b47da4ed2156129086545a626f5371ba:e9',''),(308,'','Jennifer','Stagner','0000-00-00 00:00:00','jenniferstagner@charter.net',344,'8173416009','','3da58035857e247cbc759f3eb83c14ea:9e',''),(309,'','Tina','Haynes','0000-00-00 00:00:00','d22tina@yahoo.com',345,'401-284-6027','','3bd84441f8031036bc645955b3494d8b:3d','1'),(310,'','Pelsina','Rivera-Diaz','0000-00-00 00:00:00','ladysurfa11@yahoo.com',346,'(757)961-8631','','6e87f1c8b5c910610c2da67ef399b8e5:b1','1'),(311,'','matthew','kaziska','0000-00-00 00:00:00','matt_girl1@yahoo.com',347,'2544580671','','d1a36e1c66cf99a24405b3366a788a26:95',''),(312,'','Cherrie','Mano\'i','0000-00-00 00:00:00','cherriemanoi@yahoo.com',348,'8086311038','','b55a89324211d3901269d0e5e0c92b46:cc',''),(313,'','Carly','Hopkins','0000-00-00 00:00:00','carly@ega.com.au',349,'0408848148','','7e9c854c7d5901453a432ae48232e8cd:2b',''),(314,'','Alice','Ramos','0000-00-00 00:00:00','ramosalice@msn.com',351,'4432590090','','4fbbced2875ca6a2bcee79da20a5de62:7b',''),(315,'','Vicky','Tueipi','0000-00-00 00:00:00','vtueipi5@gmail.com',352,'907-717-5405','','24a0c50b583f6f1a31576e42fad90fc3:b5',''),(316,'','Tina','Flud','0000-00-00 00:00:00','troytina71@gmail.com',353,'209-620-7138','','238b5c8b6c43a452e61ec85020bd4088:8f',''),(317,'','Nancy','Lee','0000-00-00 00:00:00','oesherder@yahoo.com',354,'5617414133','','95080bb5371f9a874445f8d045234bdb:a0',''),(318,'','lucy','dechicchio','0000-00-00 00:00:00','lanntd@aol.com',355,'7327375077','','90c54ebf9793f771dd236033ebd7aea4:df',''),(319,'','Barbara','Boat','0000-00-00 00:00:00','barbaraboat@yahoo.com',356,'684-258-5417','','138211cd41b65044da1a0517485d6c4d:ed',''),(320,'','chatelle','deas','0000-00-00 00:00:00','deaslyndsey@gmail.com',357,'01326563441','','1dd45cd3197c86044f4af3eb27f15156:2b','1'),(321,'','Janet','Price','0000-00-00 00:00:00','janeteprice@hotmail.com',358,'9198007929','','2fe5696db47e460c7c5b552e34e2f942:f0',''),(322,'','Jessie','Keanini','0000-00-00 00:00:00','jkeanini.89@gmail.com',359,'8086589843','','6cb034b53807496d21e361abdaebdd41:e9',''),(323,'','Mateata','Teatao','0000-00-00 00:00:00','Mattie.ietaake@gmail.com',360,'0210682855','','e79fb3ff99a56f597d541b4a64e7fa40:37',''),(324,'','jamie','hicks','0000-00-00 00:00:00','jamiehicks68@gmail.com',361,'8088614567','','8dcf3be998c0d01430f6b44d8f336746:53',''),(326,'','fred','mahiai','0000-00-00 00:00:00','frayshadasti@yahoo.com',368,'8089537661','','c0b3ebe05c1418e7334cc699f2cb193d:5c',''),(325,'','Belva','Malaefono','0000-00-00 00:00:00','Matuusuga99@yahoo.com',363,'684 633 7292','','6575e476c9e9beecb56b83b0329df0eb:c8','1'),(327,'','Eri','Yoshida','0000-00-00 00:00:00','alohayoshidaeri@yahoo.co.jp',369,'09035833865','','3a176200c52129348568f756db7b9dec:2d','1'),(328,'','kayla','hastings','0000-00-00 00:00:00','hastings_89@yahoo.com',370,'717 5248177','','250a16f59e98dea42dc05b92e9497174:47',''),(329,'','Tommy','Dardenne','0000-00-00 00:00:00','Chief_dardenne@yahoo.com',371,'225-776-5662','225-648-2287','33ed71f9f9bb84ea245dd7c9e5adff03:90',''),(330,'','Natlye','Long','0000-00-00 00:00:00','natlyelong@yahoo.com',372,'6313176601','','305d3dcf6710b795c7e235520cdb4b5c:b5','1'),(331,'','CHASEYANN','VALDEZ','0000-00-00 00:00:00','VALDEZC004@HOTMAIL.COM',373,'8084509686','','f602972f8251ec26267afe635e8838b2:bc',''),(332,'','Roman','Lim','0000-00-00 00:00:00','roman.lim2@gmail.com',374,'808-387-7546','','48af8d6291cdf08632528e94a30ec7be:b1',''),(333,'','patrice','tabanera','0000-00-00 00:00:00','patricetabanera_963@yahoo.com',375,'8083912299','','f336fb721d3bd0f3859ce2eefb33807c:d1',''),(334,'','Patricia','Duvall','0000-00-00 00:00:00','patty.duvall@yahoo.com',376,'301-472-4890','','09eefd70c4bcc41cc37d5178bcd76bb1:16',''),(335,'','Glen','Won','0000-00-00 00:00:00','gwon@tgpeng.com',377,'813-986-1609','','bd27a0f34edb68826ab4fb4db16a5d85:7f',''),(336,'','herman','knief','0000-00-00 00:00:00','hknief@gmail.com',378,'4083906221','','0440a900ed8dd334c2573fa531e493bc:c6',''),(337,'','SHERWIN','ORIO','0000-00-00 00:00:00','SHERWIN.ORIO@GMAIL.COM',379,'8082201945','','a94b62f6725736a393ddcf7b90ea5439:97',''),(338,'','marisol','estrada','0000-00-00 00:00:00','nyricanchipz727@yahoo.com',380,'7869708066','','781eb668f4d4247ac80e22eac6f34fa7:06',''),(339,'','Glenn','Schubert','0000-00-00 00:00:00','GJSCHUBERT@aol.com',381,'808-772-0675','','720c4011eb1c736fab6daf18af759081:05','1'),(340,'','abel','fernandez','0000-00-00 00:00:00','localboy1967@yahoo.com',382,'775 412 3654','','3910afd86cc4c4447505483946bbae14:04',''),(341,'','Mayline','Ueligatone','0000-00-00 00:00:00','mayline@southislandpsd.com',383,'843-816-1064','','13db7c2a40f671e3382f469772c57402:7d',''),(342,'','Monika','Faasu','0000-00-00 00:00:00','monikafaasu23@gmail.com',385,'206-981-8553','','6ad31888c6397dae23270d743913ccf2:35',''),(343,'','Raydeen','Kobayashi-Kajiwara','0000-00-00 00:00:00','raydeenkobayashikajiwara@gmail.com',386,'808-783-8413','','f27edbd80fde2bc62b06d2e9909b50a0:1b',''),(344,'','Craig','Seitz','0000-00-00 00:00:00','seitz@alpenarchitek.com',388,'970-846-0459','','8a9c9f3ed8f3f326edf7df2e8015ea42:69',''),(345,'','Jennife','Kossack','0000-00-00 00:00:00','jennicartoon@gmail.com',389,'616 745 2975','','580ee94e19bdf3aad6685a6bf9af716d:b9',''),(346,'','Kendra','Hughes','0000-00-00 00:00:00','kilgore_kendra@yahoo.com',392,'405-432-8240','','97b54593d4305c71aa6bbdf9863e96b2:f7','1'),(347,'','Haven','Robinson','0000-00-00 00:00:00','Close2home2@att.net',393,'586-569-6368','','ae10d7b374d2368c7f47137bdcd5478a:23',''),(348,'','Paul','Patcher','0000-00-00 00:00:00','baconsurfer69@gmail.com',394,'6235512452','','fde33bae38c97e4c372ac9ab8ee296eb:2d','1'),(349,'','latasha','papaia-hoopii','0000-00-00 00:00:00','puppydoll_2007@yahoo.com',395,'8084504259','','d5395cabe191070a71921c77a6d36d8e:26','1'),(350,'','gael','gogeon','0000-00-00 00:00:00','lancreed@hotmail.com',397,'+33626817168','','25da1b72e23b470f0704462b45694b0e:1a',''),(351,'','Jude','Accent','0000-00-00 00:00:00','jaccent81@hotmail.com',398,'2532172389','','4e96b49191245858a9d814f2c0d8f879:1e',''),(352,'','Chandra','Quintanilla','0000-00-00 00:00:00','chandraquintanilla@gmail.com',399,'8083392793','','828d753f43f587e78478d84f0d34dc98:08',''),(353,'','ABBIE','AJIFU','0000-00-00 00:00:00','abbie.k.a@gmail.com',402,'5039757685','','51fd6c926306e0f0fd068143fdba6f22:1b','1'),(354,'','amy','jester','0000-00-00 00:00:00','ajester92510@gmail.com',403,'4437862360','','75efa840ef3bf0e043da2fe29b6a35f0:be',''),(355,'','Kiana','Rivera','0000-00-00 00:00:00','Kianarivera26@gmail.com',404,'8087475786','','7f5d8b59842b49927e3912e413c5d572:08',''),(356,'','Marrisa','Lemamea','0000-00-00 00:00:00','marrisa.lima@gmail.com',405,'907-744-1363','','2822e29f78ff6f089fe07eb3a8239d19:b8',''),(357,'','Carita Z.','Braun','0000-00-00 00:00:00','caritazb@hotmail.com',406,'919 846 1938','','cae124731a682f4a0c92d6c9fd785343:27','1'),(358,'','Mary','Milner','0000-00-00 00:00:00','Barrynmary@msn.com',408,'2532996345','','3f511c9f28a87acbaf30cd4dd7fede74:68',''),(359,'','Cherry Ann','Marquez','0000-00-00 00:00:00','rrmsstyle@yahoo.com',409,'8083872092','','c87b6a3e72be89b89b4e927993c8c037:c9',''),(360,'','Justine','Kalauli','0000-00-00 00:00:00','justinekauli@gmail.com',410,'8084457187','','2024c373204711b81e19c2f49434ca8e:b0',''),(361,'','kathleen','holla','0000-00-00 00:00:00','norwestsurf@westnet.com.au',411,'0899414884','0899414885','ecea5ec879b1995247ba1a5ea39df9b7:d3',''),(362,'','Linda','Barber','0000-00-00 00:00:00','labbr@msn.com',412,'309-236-9332','','5c8631563a96c2f497517cb2bcfd1921:8a',''),(363,'','Patricia','Chapdelaine','0000-00-00 00:00:00','patchapdelaine@yahoo.com',413,'281-464-7707','','68751df79e850a189421e237567fb186:ba',''),(364,'','azariah','hinojosa','0000-00-00 00:00:00','simplyparadis@gmail.com',414,'6263922411','','ff714434dd2b0f0b3d25d587580320ea:5b','1'),(365,'','Rhonda','Johnson','0000-00-00 00:00:00','rmj524@aol.com',415,'6183046714','','60d94b723612eac8ddef06710c9d8c61:85','1'),(366,'','Paul','Patcher','0000-00-00 00:00:00','theketchups@cox.net',416,'6235512452','','328366579a708078d244957b467c0e81:47',''),(367,'','Tiffany Raquel','Moreno','0000-00-00 00:00:00','Traquel.moreno@gmail.com',417,'8083686082','','a3123d2183ed472e0cce70cd5395c2a5:f7',''),(368,'','Angela','DeLuze','0000-00-00 00:00:00','Akdm8309@aol.com',418,'9154876279','','7c021f99080b8dba2889224bb281674f:78',''),(369,'','Hannah','Tauanuu','0000-00-00 00:00:00','hlt.lincoln@yahoo.com',420,'6847330502','','57e20acc98f89c4228dd593cea7b74c3:86','1'),(370,'','sonya','wroblewski','0000-00-00 00:00:00','southernwrobo@yahoo.com',421,'2282399710','','f7cd307f20ed11713afa0cb3176e8ae5:e6',''),(371,'','Corina','Fernandez','0000-00-00 00:00:00','Corinakfernandez@yahoo.com',422,'7023799628','','6955acffcd42c93bef2b91dca3b49a09:7f',''),(372,'','Wendi','Hoopai','0000-00-00 00:00:00','runemova@gmail.com',424,'8082505453','','769c4de76659e408a714920beefbe3cc:a7','1'),(373,'','Laila','Tolo','0000-00-00 00:00:00','lagotua87@yahoo.com',425,'9165298408','','c1c83d867753f278a000ce42a50fecb0:ef',''),(375,'','marisa','Kaleohano','0000-00-00 00:00:00','teamkaleohano@gmail.com',427,'8083519274','8087449733','f52de6bbfeccc3a5e84a8fc81685de0a:9c','1'),(376,'','Martin','Iring','0000-00-00 00:00:00','iring.martin@gmail.com',428,'00421907401405','','f3faa83af0b27be1ab527f9ba8767255:08',''),(377,'','Elaine','Sauer','0000-00-00 00:00:00','elainesauer@yahoo.com',429,'7148015271','','a951d05bb33f0db9df802950839984da:c3',''),(378,'','Mara','Pentico','0000-00-00 00:00:00','mele0075@gmail.com',430,'5107852929','','e705e95d3be9a6d3d9fbe76178d98d16:d9',''),(379,'','Filip','Galiza','0000-00-00 00:00:00','filipgaliza@gmail.com',431,'9174200132','','e811f9b706cf7c4ee7580f299a3a3eae:d1',''),(381,'','Dena','Hopkins','0000-00-00 00:00:00','spuditker@hotmail.com',433,'7148481694','','907a8e432ccaaefee94a8d506e90c064:9e',''),(382,'','ryan','fato','0000-00-00 00:00:00','www.rtfato@gmail.com',434,'8323108363','','50356beba3d4a1f5c2c6f75f82339253:52',''),(383,'','Tarik','Tschege','0000-00-00 00:00:00','Mok_brasil@hotmail.com',435,'404 2743887','','917fca9367f6e9eb78e8bc494732641e:16',''),(384,'','Anna Maria','Kapua','0000-00-00 00:00:00','amkapua@aol.com',436,'8088839017','','8f0f3e0c2743af0aa2242fb303c2047b:c7',''),(385,'','natia','fiso','0000-00-00 00:00:00','natia@aspower.com',437,'6842545800','','40ef5c33f04d8d3b64db9c446b65114a:cb',''),(387,'','Sivanila','Seiuli','0000-00-00 00:00:00','sivanilaseiuli@yahoo.com',439,'8085657643','','14922319349f92bf0db3f415f10afb89:95','1'),(388,'','Karen','Tani','0000-00-00 00:00:00','karen_tani@mac.com',440,'5108619343','','f800b18894a47d1f781cb9b50938d0f1:52',''),(389,'','Pineapple','Bell','0000-00-00 00:00:00','pineapplebell@gmail.com',441,'7207759396','','7e13411fe210c0ee106fc22c8cc08b9c:60',''),(390,'','Teresa','Saybolt','0000-00-00 00:00:00','Layla949697@aol.com',443,'2156739834','','e7ba12824213cba10b301e715ddf81a8:a9',''),(391,'','Edward','Kaleiohi Goias','0000-00-00 00:00:00','goiase@aim.com',444,'808-246-0046','','1c8bb6c58080c59f584f5a6336777569:38','1'),(392,'','Fesilafai','Lam Sam','0000-00-00 00:00:00','andrewandpetra2922@gmail.com',445,'0223945083','','bbb055c0b30e467e45ca81010831f9fd:1d',''),(393,'','Omar','Galvez','0000-00-00 00:00:00','ochoco92@hotmail.com',446,'7603129728','','5413ffb620439e7a3290d196ff6a7031:af',''),(394,'','Lisa','Corpus','0000-00-00 00:00:00','lcorpus333@gmail.com',447,'8083821449','','c755d40adbfdce79773976f3b9c33d77:55','1'),(395,'','Brenda','Grow','0000-00-00 00:00:00','Bblee714@yahoo.com',448,'702-984-2284','','ed0bf0aca582e848831f39075b3fbaf7:54',''),(396,'','Camesha','Kim','0000-00-00 00:00:00','cameshakim96814@gmail.com',449,'808-853-0908','','3188ecb525eb11b700384106afb8c6d4:b8',''),(397,'','Brenda','Picquet','0000-00-00 00:00:00','brendapicquet@gmail.com',450,'3257622676','','13678ea9ad2bd1561bfc3a9326b11f41:e4',''),(398,'','Leonell','Kahele','0000-00-00 00:00:00','kanoaz303@yahoo.com',452,'8089372238','','f7b22b636399275dfa92de7ba73027c5:fe','1'),(399,'','Anela','Borges','0000-00-00 00:00:00','Keikinohiho_boii@yahoo.com',453,'8087240491','','d482d0077f7360fb5cade97732239228:17',''),(400,'','Ronald','Chesney','0000-00-00 00:00:00','ronnalexx@hotmail.com',454,'760-500-4403','','d5f054511c9e9530e723bdaa07bda7f6:f2',''),(401,'','James','Maciejewski','0000-00-00 00:00:00','jcmace@live.com',455,'3155360495','','db7cda6c6c0c0b9e93d510e88ada6439:0e',''),(402,'','Sifilina','Toi','0000-00-00 00:00:00','Liga_momoisea@yahoo.com',457,'9077441356','','9cfac3b14a673db3f979f3c3abec7977:79',''),(403,'','jasmine','johnson','0000-00-00 00:00:00','kahealanibby96@gmail.com',458,'(808)7995348','','659df91e06106806c7a0be2a5269106f:73',''),(404,'','Jessica','Jones','0000-00-00 00:00:00','jessica.jones14@student.csn.edu',459,'7024785045','','7884cbcdb567a60c29bdd5ad68a8a851:f8','1'),(405,'','sue','reincke','0000-00-00 00:00:00','sreincke@gmail.com',461,'4432055133','','0a525440828cb56200a1251fa2a15fd0:0a',''),(406,'','Adeana','Kramer','0000-00-00 00:00:00','adeanak@netzero.com',462,'757-502-7582','','23e6608c00bf1ba467d06d2c1bc50c2c:b8',''),(407,'','Deborah','Brinkerhoff','0000-00-00 00:00:00','debbrinkerhoff@bellsouth.net',463,'2706702532','','e7cef5c7a74bb27b911d8198898e7536:6c',''),(408,'','Susan','Pitchford','0000-00-00 00:00:00','sepitchford@aldineisd.org',464,'7135308443','','8db60950029aef49a7cd7eb32534dbec:df',''),(409,'','Tracy','Miller','0000-00-00 00:00:00','Searriareid2@gmail.com',465,'9108131994','','92f977d9275ebe304c98a3e68c1141d1:59',''),(410,'','Tristen','Cariaga','0000-00-00 00:00:00','tcariaga20@yahoo.com',467,'808-238-2182','','ffd82d6c800c272b3aeafd6f77e93ed6:bc',''),(411,'','DESIREE','FELIUAI','0000-00-00 00:00:00','d4j82@yahoo.com',468,'011818041291149','','60890ed203cbe4222b3c7e6fc02bd5a0:66',''),(412,'','violet','victorino','0000-00-00 00:00:00','viviluvzmiki@gmail.com',469,'8082381195','','1a63c40128f5c4d2ed356e745f292595:10',''),(413,'','Rose Ann','Lamb','0000-00-00 00:00:00','ralamb@me.com',470,'703-242-8575','','1ba2e2310132f2ceb20b6a632d77ed0a:c8',''),(414,'','Jacky','Khamsouk','0000-00-00 00:00:00','alaipuledaddy58@gmail.com',471,'808-799-3821','','6291dd77247c402c3449bf0ba5931715:86','1'),(415,'','Jasmine','Johnson','0000-00-00 00:00:00','jazzy808@outlook.com',472,'8083750100','','fae44f70774338abffffd49c5ce0ca05:4e',''),(416,'','raina','parker','0000-00-00 00:00:00','raina.parker@space-pod.co.uk',473,'07776194975','','9e3b3b5765f1a11ce8703caa085b17a7:94',''),(417,'','David','Espinoza','0000-00-00 00:00:00','D.floresespinoza1@gmail.com',474,'6194968066','','10748b086555b011639346ea22372fad:1b',''),(418,'','MUA','LEFATIA','0000-00-00 00:00:00','mual@yahoo.com',475,'16847314481','','b9724949db86be9b8f8958a40c88f29a:cf',''),(419,'','Teara','Mendez Otlang','0000-00-00 00:00:00','tearamendez@yahoo.com',477,'9165992730','','9b2a818f695db88c79126a117464db61:a4',''),(420,'','Brady','Chilewski','0000-00-00 00:00:00','chilewskibrady@gmail.com',478,'3082020327','','c03f0dfc811062d9f92c34bb407298b6:52',''),(421,'','Shan','Barro','0000-00-00 00:00:00','SHAN_MAX_AUHEA@YAHOO.COM',479,'8087281106','','e7e0aa1cfb8c07b523d0001ef251ad64:15',''),(422,'','camille','Sharpe','0000-00-00 00:00:00','csharpe702@gmail.com',480,'7025789037','','c7dcd7690c5a265b42549a47bbd8f1c7:c3',''),(423,'','Suzielenora','Elley','0000-00-00 00:00:00','juicyhelhey@gmail.com',481,'2543712228','','6a6134b2ea409635f6e0efa3d383deb2:89',''),(424,'','Diondra','Clifton','0000-00-00 00:00:00','ziah358@yahoo.com',482,'808-492-4133','','57dc19519c89f6175e8ddf3037ba2a7c:c5',''),(425,'','dezerie','kipapa','0000-00-00 00:00:00','leegous808@gmail.com',483,'8084504027','','605da3a97d080850bf07e2d1659d0be3:83','1'),(426,'','Melanie','Brady','0000-00-00 00:00:00','Melaniebrady@bellsouth.net',484,'2282822644','','9fbcc2929158fd54aaaece7dcbd0d380:c1',''),(427,'','evalina','fao','0000-00-00 00:00:00','shaylinasmommy@gmail.com',485,'8086279312','','a238ff39840999390260e0cdc9c167a4:e5',''),(428,'','evalina','fao','0000-00-00 00:00:00','evalinafao@ymail.com',486,'8086279312','','f266e7d084527b900143a459a5f0d053:74',''),(429,'','Ramona','Moepono','0000-00-00 00:00:00','Ramona.moepono@yahoo.com',487,'8083576866','','3643e6f31ed2adc7b3c1e0ec49761b46:13',''),(430,'','gregg','dumler','0000-00-00 00:00:00','gobucks48@gmail.com',488,'9373051592','','c298897d635b081d7a87b38bb4eb559e:f0',''),(431,'','Amie','Ramsdell','0000-00-00 00:00:00','aramsdell75@gmail.com',489,'5865560104','','fccbdced93da1093c3fa96e3c723baf9:a1',''),(432,'','rihanna','valentino','0000-00-00 00:00:00','rihannavalentino@yahoo.com',490,'8083441001','','aa0c9369e0a421b2766ee4deb9b75014:60',''),(433,'','Dona','Anderson','0000-00-00 00:00:00','ander55@surewest.net',491,'9163597614','','adf63370ed59b04b29a2056c7ed41cf2:49',''),(434,'','Kelsi','Makaio','0000-00-00 00:00:00','Hakznkelz@gmail.com',492,'8082384720','','5e213680645a78e47af00e4cfc5c8b6e:72',''),(435,'','Jordan','Hatt','0000-00-00 00:00:00','jordanhatt@yahoo.com',494,'9798248995','','bcd511c1d985224908f04928a55f1f8a:d7',''),(436,'','Shaina','Rivers','0000-00-00 00:00:00','shainafaithrivers@gmail.com',495,'5807911556','','b8e937fc6211e191337a0306e7d02ba4:59','1'),(437,'','Rose\'lani','Kane','0000-00-00 00:00:00','eclecticsgalore@gmail.com',496,'9282424804','','ce6b0f70804a92a3e1f08509ff6e4fcc:8d','1'),(438,'','Andrea','Siddons','0000-00-00 00:00:00','Kehaulanisd@carolina.rr.com',497,'7045881212','','5a1cff737e9c3b87879dfad1a7b9765b:ec',''),(439,'','Taiana','Mortensen','0000-00-00 00:00:00','tmortensen67@gmail.com',498,'2538617923','','19ff939072488c4e06ace45d6cd3ba60:e9',''),(440,'','Rachael','Gonzalez','0000-00-00 00:00:00','Rachygisnotw@yahoo.com',499,'7029829501','','7756c0f5203b432e4a24ff6f35dab070:0d',''),(441,'','Rod','Krahmer','0000-00-00 00:00:00','rodk@centurylink.net',500,'503-779-5259','','a8f13c7a5b859f91ae8c4895055c1022:6e',''),(442,'','Kristi','Lemon','0000-00-00 00:00:00','tnomel@q.com',501,'360-432-8127','','9377136bea1085c0c1c4f6f6348567ad:59',''),(443,'','Pauline','Lilo','0000-00-00 00:00:00','pauline.lilo@north-slope.org',502,'9078525717','','e9a44bc10fceb135c134a8bc30fe4ab8:41',''),(444,'','LAURA','VANDERBURGH','0000-00-00 00:00:00','lauravanderburgh@gmail.com',503,'14129130857','','513f6d5e846d932421fed63b570e8fe6:93',''),(445,'','Jami','Johns','0000-00-00 00:00:00','jamikellum@yahoo.com',504,'936-332-2910','','a10022c1342316f5276fb17f93637da2:eb',''),(446,'','Haunani','Navales','0000-00-00 00:00:00','haunani_n@yahoo.com',505,'5413409495','','619ae32f4749a9be93448f0c1571618e:3f',''),(447,'','Deborah','Tuuga','0000-00-00 00:00:00','johnnpotah@yahoo.com',506,'8083916829','','d668b4ebc87f02e900d5e5ac7af45521:20',''),(448,'','Mele','Livai Havea','0000-00-00 00:00:00','lavenia.livai@gmail.com',507,'907-855-9239','','31f1167bf69d05c8ca66a6838f12bb85:1c',''),(449,'','Pauline','Lilo','0000-00-00 00:00:00','lilofam@hotmail.com',508,'(907)852-5717','','feaa9a72acd10c1e36ebda78b2d7e8c0:36',''),(450,'','Edward','Kaleiohi Goias','0000-00-00 00:00:00','goias@aim.com',510,'(808) 246-0046','','9ce2ab8a8dd114d66c245fb27fdd25cb:3d',''),(451,'','Shari','Yamaji','0000-00-00 00:00:00','ilandtropicz@yahoo.com',511,'650 224-5383','','4814da09838aecd0b9ad8656f76ad826:34',''),(452,'','Mildred','Rodrigues','0000-00-00 00:00:00','kahularod@gmail.com',512,'18083216576','','032cd951a773fb5d8e36ccbf0ed41c68:98',''),(453,'','carol','pellerin','0000-00-00 00:00:00','turtles2@telusplanet.net',513,'780-471-2472','','a65399eec0a8397201e0445ea915be8e:8e',''),(454,'','Karina','Viera','0000-00-00 00:00:00','karinaviera23@gmail.com',514,'3053434072','','498f8175161f2d8f53b75c2d725ed684:e5',''),(455,'','Hans','Klein','0000-00-00 00:00:00','hanslittle@casema.nl',515,'31649130789','','c3bee4325ced0dbbc5050b7080c78d44:67',''),(456,'','isabel','muirragui','0000-00-00 00:00:00','iamuirragui@gmail.com',516,'650-703-8981','','330f12c1c618263459c64157e29ba5d2:33',''),(457,'','Losalia','Lemalie','0000-00-00 00:00:00','losalia20@gmail.com',517,'9726219561','','2e6de502567d4b58b37d6660ecc60097:9d',''),(458,'','Jennifer','Yuhas','0000-00-00 00:00:00','Ruger7mm@alaskapolitics.com',518,'9073887951','','83442f69e8c860450151627755ab6ee2:53',''),(459,'','Tarron','Lam','0000-00-00 00:00:00','tarron_92@yahoo.com',519,'8082605302','','a237b71a358642415b0ccef850f12341:dc',''),(460,'','Elsie','Niko','0000-00-00 00:00:00','leirianeh_niko07@yahoo.com',520,'9072291403','','952342e24ed1dfae64717403f3543ffb:e5',''),(461,'','Nicolette','Montizor','0000-00-00 00:00:00','kalanuiolani@yahoo.com',521,'8086580066','','018a87627a8938673e6abef2939bb143:94',''),(462,'','Moana','Limkary','0000-00-00 00:00:00','mkary412@gmail.com',522,'479-256-0956','','1efcdabf24e8ca1fb4c6770881ac1265:d3',''),(463,'','Mia','Pietilä','0000-00-00 00:00:00','miapietila@hotmail.com',523,'+358440563000','','b099d813f4f5bd06ed8c04e76ba15e5d:69',''),(464,'','Kahea','Reyes','0000-00-00 00:00:00','Kaheareyes@gmail.com',524,'8086405629','','c5ac52e0cee89013be0dae289e55d7bc:a6',''),(465,'','April','Senatus','0000-00-00 00:00:00','amsenatus@yahoo.com',525,'6015594991','','86318b6af65228f1c25f3b37b7f1208b:52',''),(466,'','chay','leezer','0000-00-00 00:00:00','ccleezer@twc.com',526,'812-285-0637','','52da4ac64d38e9ea51879b74bb8305f2:f2',''),(477,'','Beauty','Mataiao','0000-00-00 00:00:00','lucy_taase13@yahoo.com',539,'785-240-7164','','9c89da3a00ecca3c6202da1a8ed46e63:76',''),(468,'','Marla','Woodfolk','0000-00-00 00:00:00','Marlawoodfolk@gmail.com',528,'2405088072','','3604c8043656caaeaf96fe6792a056d1:e5',''),(469,'','carrie','stephens','0000-00-00 00:00:00','cstephens64@verizon.net',529,'951-537-9616','','1954e8dd57ea103861746f0f513cd335:f0','1'),(470,'','Taeko','Renguul-McKinney','0000-00-00 00:00:00','tae0707@gmail.com',530,'3602869333','','1420d230b8ca00841d06ba8418dd0a35:ed',''),(471,'','Cheryl','Bowers','0000-00-00 00:00:00','Cheryl506343@gmail.com',531,'931-374-8248','','e06abbe10571246bf1749d462f25c78f:21',''),(472,'','natalie','nahoopii','0000-00-00 00:00:00','natalienahoopii@hotmail.com',532,'8082589479','8082589479','44f18788ba536f987dd48008ea7316b6:42',''),(473,'','Lisa-Rae','Martin','0000-00-00 00:00:00','Lisaraem2009@yahoo.com',533,'8085541527','','6263f0667d7f3908c7cd1d79aa842811:21',''),(474,'','Chanda','Schutte','0000-00-00 00:00:00','Schuttec@hawaii.edu',534,'8087779639','','2878901a4333b904ca83d465c56d27d1:82',''),(475,'','Keziah','Iaulualo','0000-00-00 00:00:00','romeovalelei@gmail.com',536,'907 891 6734','None','c5aada312d85881e3f61804f78114790:f1',''),(476,'','MATANIU','FAALATA','0000-00-00 00:00:00','faalatamago18@yahoo.com',537,'2065180534','','d0a0cecb186f31da47f50b3fb16b9c46:c7',''),(478,'','Gail','Peters','0000-00-00 00:00:00','gpeters@new.rr.com',541,'9206800237','','8b4bcd224b98c2c1e0fcd90bcd2f1268:a9',''),(479,'','Abcde','Carter','0000-00-00 00:00:00','Abcdecarter17@gmail.com',542,'8086369101','','8896601a44ed27f6586451d4964c61da:fe','1'),(480,'','tiffany','gasler','0000-00-00 00:00:00','tiffanychenin@gmail.com',543,'8083815925','','d42ec613df451d1d6aa11f1f367ea215:70',''),(481,'','SHERRY','WAGNER','0000-00-00 00:00:00','silverdream@cox.net',544,'619-507-8767','619-334-6080','9bd22777cfa3d71f669ab1312cd2e68c:61','1'),(482,'','Kaulana','Manoi-Resinto','0000-00-00 00:00:00','knmr@hawaii.edu',545,'8083131112','','d4b40e83a7b5d3083d3c1ad3c25c7558:f8','1'),(483,'','SUSAN','CARPENTER','0000-00-00 00:00:00','suzzieqcc@hotmail.com',546,'506-647-5792','','553e06fcb96c75af45205ef29aef376e:64','1'),(484,'','JEFFREY','ALEJANDRO','0000-00-00 00:00:00','JALEJANDROSR@COMCAST.NET',547,'6508680637','','144d28fd39f6a93a413c6d93602f51fb:91','1'),(485,'','admin','ramos','0000-00-00 00:00:00','mozartjvt1@hotmail.com',548,'7024434703','7024434703','0f3440461c53d6d74b305651809f8ac1:56','0'),(511,'','Anastacia','Iliili','0000-00-00 00:00:00','Anastacia.iliili98@gmail.com',578,'5108602951','','aba82ad2d33e0da5014633b331ed7757:9a',''),(487,'','Kuata','Aasa','0000-00-00 00:00:00','aasa_kuata@hotmail.com',550,'6842585193','6842585193','ca0c9df0be5fa04c9a968f6c60927cba:0e','1'),(488,'','Mataaiga','Pula-Hall','0000-00-00 00:00:00','mytropicalcharms@gmail.com',551,'5035773760','5035773760','9d2a8bb0b363e33f028d0ab648d92076:28',''),(489,'','margaret','faulafo','0000-00-00 00:00:00','margaret_faulafo@yahoo.com',552,'9076545097','','a37e04aa62e3419ce81bb1ed1bd2d203:fc','1'),(490,'','Napela','Menor','0000-00-00 00:00:00','westhawaii@yahoo.com',553,'8088956408','','cfc569a70e8077e4545a5137eb7541bf:68',''),(491,'','Alysa','Hammons','0000-00-00 00:00:00','hambone746@aol.com',554,'415-586-1960','','9ebe67c1ecf7c719964486800a5bef3a:62','1'),(492,'','Sierra','Tagaloa','0000-00-00 00:00:00','sierratagaloa12@gmail.com',555,'2536524737','','eee190785c8a993ec6ff07b4231a2bb1:47',''),(493,'','ezrajnah','pua','0000-00-00 00:00:00','ezrajnah.pua@gmail.com',556,'8083863303','','3125e955b6844b63e26de45e5b564270:3c',''),(494,'','Brian','Baird','0000-00-00 00:00:00','littleb6153.bb@gmail.com',557,'4349069007','','5dcb8296d5a813c61b9ea4e3acee3a95:16',''),(495,'','Kristina','Salazar','0000-00-00 00:00:00','kristinasalazar24@gmail.com',560,'8085977029','','008a77fd9b97e8c832b4716cc147dfbc:00','1'),(496,'','Regine','Shiers','0000-00-00 00:00:00','Stratco96@aol.com',561,'203-846-4360','','2a2617f43bd5020fb4ce6683a0c5625a:87',''),(497,'','Latasha','Papaia-Hoopii','0000-00-00 00:00:00','latashahoopii89@gmail.com',562,'8089558269','','680a508669d9b2f468dcdb796cc2ac04:e0',''),(498,'','Randy','Larsen','0000-00-00 00:00:00','ipukula2000@gmail.com',563,'813 263 9439','','bc969114ce867f14cbe2251e837cd78d:c1',''),(499,'','Charlie','Hauhio','0000-00-00 00:00:00','hauhio.charlie@gmail.com',565,'8087971340','','188b72cf2fa8e2eea3cd8e160f78f0d2:c9',''),(500,'','Patti','McGrath','0000-00-00 00:00:00','omspatti@hotmail.com',566,'619-460-6397','','701af3ed7a3af31d501f0e28f72e3aae:1c',''),(501,'','Sala','Godinet','0000-00-00 00:00:00','daninja05@yahoo.com',567,'684-770-1205','','3249ec1b9de59d78997a35dc3e812cc3:42',''),(502,'','Zhanity','Dudoit','0000-00-00 00:00:00','Zhanitydudoit8@gmail.com',568,'8082818919','','d81a4f087286e9baa7c2804aba648fac:7c',''),(503,'','Vailana','Akeo','0000-00-00 00:00:00','Briana727@yahoo.com',569,'8087472737','','92f910ebd944041242183def1b22ba9b:5f',''),(504,'','Ashlyn','Dias','0000-00-00 00:00:00','ashlynkahale@gmail.com',570,'8085576847','8085576847','1a776c0e8b04e3d042cdd2005b72314a:a9',''),(505,'','Angus','Godwin','0000-00-00 00:00:00','Mcangus41@gmail.com',571,'8037576218','8037576218','373f033cf1e71c6ae1a961765aa96271:b4',''),(506,'','Victoria','Capps','0000-00-00 00:00:00','hipposrule8@yahoo.com',572,'5415057395','','8f06250356038bdc4cf918c48118a7b0:35',''),(507,'','Eric','Bradley','0000-00-00 00:00:00','Bradco69@live.com',573,'17056269643','','95c50b655baf64900fcfe71f871a52e5:7c',''),(508,'','Chad','Hill','0000-00-00 00:00:00','accounts@kcdrinker.com',574,'9132067853','','49a49ab74f2f1797779d42d1eb0454cc:52',''),(509,'','Jessica','Okuma','0000-00-00 00:00:00','Okuma.jessica21@gmail.com',576,'8086272631','','8b58ae3b9967f2b68b49cc4d320d5ce3:19',''),(512,'','Meagan','Agricula','0000-00-00 00:00:00','Islandgurl2k7@yahoo.com',579,'8083723808','','ab4aeb0a1766f1eeea494326c7c3f850:a9',''),(513,'','chris','eden','0000-00-00 00:00:00','christopher.eden@pseg.com',580,'973-800-9916','','0b539d07639f7a49ad1b6ecee4e3a082:6b',''),(514,'','Hidie','Kealoha','0000-00-00 00:00:00','Lvhkealoha@gmail.com',581,'7255003351','','aba2300272d0fef8f5404aee7f3d5ac0:71','1'),(515,'','joshua','josifoski','0000-00-00 00:00:00','joshua_josifoski@outlook.com',582,'424075108','424075108','818cb325a4b7c4b302b0c2df83e82131:91',''),(516,'','Victoria','Herrmann','0000-00-00 00:00:00','Ricksvic1@aol.com',583,'9517563940','9517563940','67ed4b3906e3d6a1e6617325fc23f595:5c',''),(517,'','Roxane','Thaxton','0000-00-00 00:00:00','Rthax@cox.net',584,'702-610-2033','','d093f83ec2a20db90021b31fe7f93312:c5',''),(525,'','Roxane','Thaxton','0000-00-00 00:00:00','mozartjvt@hotmail.com',592,'702-610-2033','','3c27a79f8c951a97d2768baa3694aefa:9c',''),(519,'','Loretta','Lopes','0000-00-00 00:00:00','Lorettalopes20@gmail.com',586,'8087699282','','bae2f842ead98a8bb4ca65303faf160f:2b','1'),(520,'','Davin','Morita','0000-00-00 00:00:00','moritadavin1@hotmail.com',587,'8087692592','8087692592','2867e2c4b8dba859544ebea5119f2bfd:87','1'),(521,'','tihani','kamaka','0000-00-00 00:00:00','tihanikamaka1@gmail.com',588,'808-783-4103','','cde9da202baae6f37a008f96ddc13d23:bc',''),(522,'','Eleanor','DuMont','0000-00-00 00:00:00','Emillerdumont@yahoo.com',589,'412-607-3092','','6d76474e5465b88661d4431eaa6a200b:6e',''),(523,'','Susan','Partington','0000-00-00 00:00:00','fullmoonrising@shaw.ca',590,'778-371-3932','','ae41b45019f9408e4bad8a7fb9feedef:20',''),(526,'','Chachi','Kevilshin','0000-00-00 00:00:00','porsha0730@icloud.com',593,'2565010783','','10b88b23fdc85c4fc653aeb11d4add5f:e7',''),(527,'','Legalo','Sualoa','0000-00-00 00:00:00','tauatyson@gmil.com',594,'9282332585','','fb0079cde3edb225531411dfff38d61b:f6','1'),(528,'','LEGALO','SUALOA','0000-00-00 00:00:00','tauatyson@gmail.com',595,'9282332585','','9f9c4d77273c6100519763aba1d4c4e7:34',''),(529,'','Gerilynn','Medeiros','0000-00-00 00:00:00','memokalau@gmail.com',596,'8086577824','','40095f8a448445a9fea7c7e914d444b1:0f',''),(530,'','Brian','Casambros','0000-00-00 00:00:00','Bcasambros@gmail.com',597,'3464043546','3464043546','140e40d039c65d0cf011318a267780bd:83',''),(531,'','Wayne','Hinthorne','0000-00-00 00:00:00','Sassasassgurl@gmail.com',598,'8086577824','','621a1c99da28524aa1f68f0958592324:ff',''),(532,'','Leah','Youell','0000-00-00 00:00:00','Youellleah@gmail.com',600,'(720)412-2254','','36840be8d3a6462c5146c4f503c60c9e:f7',''),(533,'','Jazzeri','Vincent','0000-00-00 00:00:00','jazzmanuel96792@gmail.com',601,'808-478-8133','','6e64080f768c8039217d404f41ea8aa5:8f','1'),(534,'','Fiailoa','Elisara-Vaipae','0000-00-00 00:00:00','elisara07@yahoo.com',602,'6842542026','6842542026','3e9a600cd0866ebaff2a44ffe4d26bb9:9f',''),(535,'','idael napoles','Lopez','0000-00-00 00:00:00','Minjarez.andrea2@gmail.com',603,'4803019272','','55f98e9e5acf57fc7fc04b3150d7be36:33','1'),(536,'','Nolina','Olmos','0000-00-00 00:00:00','Nolina14@gmail.com',604,'8087479390','','ecb6f659b487465352ede1fd75f202c1:d9',''),(537,'','Alyssa','Sved','0000-00-00 00:00:00','Mauialyssa@gmail.com',606,'8083448115','','f030daed2e52e50d1f8b51dcc3a30593:e0',''),(538,'','Lisa','Mauai','0000-00-00 00:00:00','Queenlisian@gmail.com',607,'8082756062','','234296dd138d0dcfacd0050717038b32:46',''),(539,'','Keriann','Taumua','0000-00-00 00:00:00','Keritaumua77@gmail.com',608,'2063343851','','3d204ea5cdb6ba7e28e6c3b93b5bf9f8:e0','1'),(540,'','Tui','Moa','0000-00-00 00:00:00','Vikalatai@gmail.com',609,'8176826452','','43808d519552eed50ca1d9825326ad3d:5d',''),(541,'','Amber','Kaipo','0000-00-00 00:00:00','akaipo@puanapainclinic.com',610,'8087654598','','3045fd3db48d644b4ff6ea031ecf06a0:d0','1'),(542,'','Karori Zealand','Taukeke','0000-00-00 00:00:00','kzlantkarotu@gmail.com',611,'8083879994','','b06b6302e380deab7b1da6aa526972cf:0d',''),(543,'','kathleen','thompson','0000-00-00 00:00:00','kathleenthompson12@gmail.com',612,'847-636-0262','','c1e94ce7faf9824f9dc86ae4e3b85c24:b5',''),(544,'','Menasse','Anej','0000-00-00 00:00:00','latalynanej2119@gmail.com',613,'4802644745','NONE','35f44e75f3b5f5f00f6e8882e2351d80:bb',''),(545,'','Janeen','Torres','0000-00-00 00:00:00','Janeentorres68@gmail.com',614,'8083199172','8083199172','ef7530217fe0c4b2b27ad11bac5e2c37:b5',''),(546,'','Jaimee','Straszewski','0000-00-00 00:00:00','jaimeeyoshiko@hotmail.com',615,'(302) 383-4446','','7688293c334da9161c56a193ec08572c:67',''),(547,'','Lourdes','Ching','0000-00-00 00:00:00','loudelching@gmail.com',616,'206-819-1331','','23c05484643e599f72b044fe6d6fcf47:79','1'),(548,'','Cindy','Ruiz','0000-00-00 00:00:00','Mlizama19@yahoo.com',617,'6263885957','','b8684de7f0b7fd88d4dba7ba64e9093c:61',''),(549,'','Arnold','Robyn','0000-00-00 00:00:00','Dutchrobyn@cox.net',618,'7025062245','','bbad1ce21be92a4e83e48fe674a12a14:7f',''),(550,'','John','Lesksoke','0000-00-00 00:00:00','leskoskejohn@yahoo.com',619,'808-429-4174','','08047468251ac728edb9419b690a4c4e:39',''),(551,'','Mark','Curran','0000-00-00 00:00:00','mcurranlbc@hotmail.com',620,'5628102380','','2abc69509c7e96d3ed278b5424ea022b:2f',''),(552,'','Lorraine','Mara','0000-00-00 00:00:00','rainy808.lm@gmail.com',621,'8089530487','','d6b059a999f77accdee15128265be6b0:b9',''),(553,'','LAURA','MOLINA','0000-00-00 00:00:00','lauraross77@hotmail.es',623,'619321959','619321959','9cf8f00b099c618dd6731c0fe3a260c8:54',''),(554,'','Vika','Taupeamuhu','0000-00-00 00:00:00','ipinomi@yahoo.com',624,'8082986409','','99f54e451da508e042e3b26b0b1c7466:25',''),(555,'','Justin','Williams','0000-00-00 00:00:00','jw21596@gmail.com',625,'2539547823','2539547823','48f19d9a34cfe4e6f8d2606c2a48ab43:0e',''),(556,'','Deidre','Estocado','0000-00-00 00:00:00','wainapsgirl378@yahoo.com',626,'8082488378','','d367ac4916416d71940677110e49b97c:41',''),(557,'','Mary','Rosenkranz','0000-00-00 00:00:00','mrosenkranz04@yahoo.com',629,'612-245-2859','','d4c3065190dbb710191c5addf0851f29:01',''),(558,'','Dawn','Wall','0000-00-00 00:00:00','dawnwall69@gmail.com',630,'3604404958','','83d189aae495d0bd8badc82bba8c2886:08',''),(559,'','Jasmine','Johnson','0000-00-00 00:00:00','kainuikahealani@gmail.com',631,'8087777904','','d711c56f4d40187915f9e9a44244c42f:7c',''),(560,'','Ronald','Pinkham','0000-00-00 00:00:00','oceanbreezes@comcast.net',632,'352-446-9659','','9b0d6b29ba43f654b7e63b1ecaa8b3d5:f9',''),(561,'','Cassie','Haynes','0000-00-00 00:00:00','Cassie.haynes16@yahoo.com',633,'6156533601','','1225817170975b931914aaf27b9d409c:0f',''),(562,'','Kathleen','Makimoto','0000-00-00 00:00:00','Fettiflyyy@gmail.com',634,'8082028270','','4e1fedb23e900d6db2808a6081f09d5d:4e',''),(563,'','Kevin','O’Donnell','0000-00-00 00:00:00','Odonnellk5@udayton.edu',635,'4192053432','','5d58520d2869896c4b62f0efec1ec233:86',''),(564,'','Marina','Yajima','0000-00-00 00:00:00','Santiago_58@yahoo.com',636,'8087808146','8087808146','1dbb57594ba9baf04080f84a9e546ee3:17',''),(565,'','shelley','dimond','0000-00-00 00:00:00','northbluffent@yahoo.ca',637,'6042504360','','760897176fa9c8eb65a389390a34467c:e7',''),(566,'','Keisha','Parker','0000-00-00 00:00:00','Keishailiahi96819@gmail.com',638,'808-394-7233','','42c487bba463d3c63898b02937ae40fe:82','1'),(567,'','Irene','Tanodra','0000-00-00 00:00:00','tanodra1980@gmail.com',639,'7203667124','','373974c237b6b4c27ba9f0504d209099:f8',''),(568,'','Roslyn','Murakane','0000-00-00 00:00:00','Mamadragon808@gmail.com',640,'8086336404','','62f4e15ad0b659ec7bec36e856a253f8:b0','1'),(569,'','Jan','Tapu','0000-00-00 00:00:00','ljt22@live.com.au',641,'0412591406','','03b251db7f6a810ea97194f9c832d2c9:13',''),(570,'','Kalei','Davies','0000-00-00 00:00:00','kjdavies@email.com',642,'8083467304','','a55a99bd97656d443e7e0138698a7911:8a',''),(571,'','Fatima','Alain','0000-00-00 00:00:00','Fatimaalain44@gmail.com',643,'00966537620179','00966537620179','fe5e1ad7f36ff44bbaf8569bff699ea0:a0','1'),(572,'','Newell','Mott','0000-00-00 00:00:00','nim01999@yahoo.com',644,'5076960795','','4ea51a7b1655c2093d0c31f9b09bccc5:94',''),(573,'','Jackie','Thompson','0000-00-00 00:00:00','Jackiethompson79@btinternet.com',645,'01458274118','','227bf77c3775c9c7b6cbc62702e143fa:94',''),(574,'','Victoria','Saflor','0000-00-00 00:00:00','Cuitepie1748@gmail.com',646,'8082780088','','9342925be3c5d7721bd39d9f3dbc4650:44',''),(575,'','Candace','Kekaualua','0000-00-00 00:00:00','candeelove75@gmail.com',647,'8083190154','','a5550cb88f4a07aa3c11420209969cf3:e1',''),(576,'','Cody','ramos','0000-00-00 00:00:00','Codyramos23@gmail.com',648,'8087562373','','d88963ac3332a8bca819692455a98066:fb',''),(577,'','Megan','Kamai','0000-00-00 00:00:00','Kmkamai2615@gmail.com',649,'8087937348','','40ef8a9c2d6a07a0971b017c297c0eae:c4',''),(578,'','Desialee','Cabalar','0000-00-00 00:00:00','desialee808@icloud.com',650,'8094437960','','0423267919ea1faa401013d96bbcb8e9:2c',''),(579,'','Avei','Ese','0000-00-00 00:00:00','Aveigalo75@gmail.com',651,'2067072953','','27de58551e73a27ec1f675ef727bb301:b2',''),(580,'','Luis','Ceballos-Gusman','0000-00-00 00:00:00','luisceballosgusman@gmail.com',652,'8086796249','','a18c1761f73624fef8abae5cfbdc49e1:49',''),(581,'','pauline','Ramos','0000-00-00 00:00:00','paulinecordeiro29@yahoo.com',653,'808989319','','84e29bc59579a3bb8301a2c47ff75e7b:6a',''),(583,'','test','test','0000-00-00 00:00:00','test@test.com',655,'888888888','','5994e50e19dcc4afa8bab3ba33e7214e:58',''),(584,'','Jacquelyn','Snodgrass','0000-00-00 00:00:00','jacqui.snodgrass@yahoo.com',658,'5082590787','','4ef736d62e82d6688a7ff544a9a9db4d:ad',''),(585,'','Melvine','Giron','0000-00-00 00:00:00','gironzfinest808@gmail.com',659,'8088253164','','e0cddfc4b2cb9f7f1f831ee39012f3e8:b1',''),(586,'','Shena','Park','0000-00-00 00:00:00','Shenapicanco@yahoo.com',660,'8085577676','','e0452033b8784c4a1c6dc233c75e15a1:d9',''),(587,'','Rosemarie','Popoalii','0000-00-00 00:00:00','Rosepopoalii1417@hmail.com',661,'2537338226','','d5e7a7d4ea68b5852aab0bd0ceb14e49:0d',''),(588,'','Keisha','Parker','0000-00-00 00:00:00','keishaparker450@yahoo.com',663,'808-228-4965','','bb24464fa718f3178d5445b7da409585:47',''),(589,'','Menasse','Anej','0000-00-00 00:00:00','Latalynanej19@gmail.com',664,'4802644745','','8686884f7a37ab59c2b0405b24292946:db',''),(590,'','Shaun','Estores','0000-00-00 00:00:00','Poomaikai123@gmail.com',665,'8626007647','','60310992ee331a8eeb3dda36f70a741d:4c',''),(591,'','Puleonoisalafai','Moetoto','0000-00-00 00:00:00','Pule_moetoto@ymail.com',666,'2534686643','','016d069a986fb914fd06cfd9d1bc98c8:c8',''),(592,'','Kandice','Soares','0000-00-00 00:00:00','kandice.soares@ymail.com',667,'8082157028','','30f76eef6f94c4211305152571d3f8c9:8c',''),(593,'','Jasmine','Johnson','0000-00-00 00:00:00','kahealani728@gmail.com',668,'8087777904','','bc5f0990e9b9fe86ac3575abe32810ed:4e',''),(594,'','Robert','Marek','0000-00-00 00:00:00','rcmarek71@gmail.com',670,'4352567417','','ba0b3f32fd966e9fc31104fd0c1d3808:0c',''),(595,'','Glenda','Dever','0000-00-00 00:00:00','ggdever@yahoo.com',671,'6505152589','','64a41abe7f1f3a3d2bb2f4d7fb09385c:d8',''),(596,'','Andrea','Aldueso','0000-00-00 00:00:00','andreaaldueso@yahoo.com',672,'8082920988','','3eb6ce96c5d30adfa9c7a2de0b6010cb:fb',''),(597,'','amy','rustic','0000-00-00 00:00:00','amyrustic@hotmail.com',673,'8082644152','','ed726d19595dde882b3d96b34ce1b1e6:e6',''),(598,'','Eileen','Kwan-Castaneda','0000-00-00 00:00:00','elkwancas@gmail.com',674,'512-820-8654','','6ac7c980d16b528cdbb9c1f8663a6fd9:87','1'),(599,'','Madonna','Daunny','0000-00-00 00:00:00','donnadaunny@gmail.com',675,'8089899429','','e88cefb64dedcad9d9b8d077788d9f3e:3a',''),(600,'','Jasmine','Johnson','0000-00-00 00:00:00','jasmine_johnson@yahoo.com',677,'8087777904','','54e9b35dee52bf4aee7217f0576e6ac5:a6',''),(601,'','Mara','Sagapolu','0000-00-00 00:00:00','Marashonolulu@gmail.com',678,'18082306022','None','6a089b2e4160399665f5ec07b2faf362:7c',''),(602,'','Wainani','Gomes','0000-00-00 00:00:00','alohaimidesigns@gmail.com',680,'8083869547','','4670e35f66256acf0c1b7f420d73e63b:4f','1'),(603,'','Ipo','Mailou','0000-00-00 00:00:00','ipomailou@aol.com',681,'8082817749','','0914820188ec1bc31c11cd1c78dd75cd:ed',''),(604,'','vanity','mounsena','0000-00-00 00:00:00','vanitymounsena@gmail.com',682,'8087974958','','18fdbb158a6b52f25008a72057027e01:c2',''),(605,'','Zoe-Anne','Zoet','0000-00-00 00:00:00','zoealaska@hotmail.com',683,'7606963422','','29d19d57857a8a66bbf51ad322959b42:4e',''),(606,'','Amy','Chin','0000-00-00 00:00:00','amy_chin@hotmail.com',684,'203-743-6403','','78654d6ed0d37527413c91bd78d2d6d8:06',''),(607,'','Patrick','McEntire','0000-00-00 00:00:00','cakesbypat.as@yahoo.com',685,'684 258 5534','','e206c9c920d0f945f7425681ab3d5a60:eb',''),(608,'','jomarie','holt','0000-00-00 00:00:00','jomarieholt@yahoo.com',686,'15105026114','','755f3457125a907e5c3566619eee7f5b:c1',''),(609,'','Teieta','Bwakatii','0000-00-00 00:00:00','likatustyle@gmail.com',687,'0273276330','','e7913acf47cbfe67dbaa9212e16c4857:3a','1'),(610,'','Patsy','Nakamura','0000-00-00 00:00:00','Pastynakamura01@gmail.com',688,'8087777904','','3bd1bfaf340fe2ae27c863b2c3af8bc7:b1',''),(611,'','Syvillee','Derego','0000-00-00 00:00:00','kawaiola1982@gmail.com',689,'8088539568','','6fb574ec9091cda01cc87e82a7059e23:ee','1'),(612,'','Vince','Jarak','0000-00-00 00:00:00','vince.jarak@sbcglobal.net',690,'7077216937','','c034e99d8faa8d834f3cb3d84a8aacfa:d8',''),(613,'','Howard','Michelsen','0000-00-00 00:00:00','hmichelsusa@yahoo.com',691,'4102795760','','566aca15dd12f7c0f895fd9675081b2b:1a',''),(614,'','D\'Von','Auna','0000-00-00 00:00:00','dvon.auna@gmail.com',692,'8083437126','','b50293b64a8eada541afcdc394b794e9:68',''),(615,'','Eva','Kakalia','0000-00-00 00:00:00','Saywat808808@Gmail.com',693,'8084002429','','965ced5ee870757cf19c05cd84c01ada:e0','1'),(616,'','Katsumi','Suzuki','0000-00-00 00:00:00','katsumiscull@gmail.com',695,'0334516262','0334516262','0aafc37e7147b1101239381aeed25c4d:c6',''),(617,'','mariann','Lamoreaux','0000-00-00 00:00:00','mclamoreaux@yahoo.com',696,'8014489826','','2bee3df2cb97805b5b4dd5c97b5e0dea:1b',''),(618,'','Mayte','Ngata','0000-00-00 00:00:00','Leccuhngata@gmail.com',697,'8084764674','','7f945e0ee96fc0e6d4579e609f0c5724:b0',''),(619,'','Chanda','Melgar','0000-00-00 00:00:00','Mkckmelgar@gmail.com',698,'8086312399','','b5eb58e01cd40d758a07da3d6fcf5c8b:0f',''),(620,'','Yvette','Oyadomari','0000-00-00 00:00:00','Perezoyadomari@outlook.com',699,'8087734612','','b967d91187509f94ec098e4a1c604f5e:f9','1');

--
-- Table structure for table `customers_basket`
--

CREATE TABLE `customers_basket` (
  `customers_basket_id` int(11) NOT NULL AUTO_INCREMENT,
  `customers_id` int(11) NOT NULL DEFAULT '0',
  `products_id` tinytext NOT NULL,
  `customers_basket_quantity` int(2) NOT NULL DEFAULT '0',
  `final_price` decimal(15,4) DEFAULT NULL,
  `customers_basket_date_added` varchar(8) DEFAULT NULL,
  PRIMARY KEY (`customers_basket_id`),
  KEY `idx_customers_basket_customers_id` (`customers_id`)
) ENGINE=MyISAM AUTO_INCREMENT=2154 DEFAULT CHARSET=latin1;

--
-- Dumping data for table `customers_basket`
--

INSERT INTO `customers_basket` VALUES (209,22,'545',1,NULL,'20090804'),(206,21,'164',1,NULL,'20090802'),(207,22,'265',1,NULL,'20090804'),(18,9,'652',1,NULL,'20090108'),(136,15,'648{8}42',3,NULL,'20090618'),(120,13,'103{6}3{9}13',1,NULL,'20090426'),(151,20,'125',1,NULL,'20090730'),(135,15,'705{8}42',1,NULL,'20090618'),(150,20,'589',1,NULL,'20090730'),(149,20,'54{8}6{2}1',1,NULL,'20090730'),(210,22,'567',1,NULL,'20090804'),(208,22,'600',1,NULL,'20090804'),(205,21,'704',1,NULL,'20090802'),(211,24,'733{2}40',1,NULL,'20090808'),(225,29,'401',1,NULL,'20090903'),(219,28,'575{2}27',1,NULL,'20090831'),(226,30,'701',1,NULL,'20090905'),(227,30,'228{6}49',1,NULL,'20090905'),(228,31,'151',1,NULL,'20090911'),(229,33,'385',1,NULL,'20090913'),(230,33,'261',1,NULL,'20090913'),(233,35,'103{6}3',1,NULL,'20090918'),(234,35,'211{8}54',1,NULL,'20090918'),(533,99,'846{2}108',1,NULL,'20100701'),(534,100,'111',1,NULL,'20100711'),(237,36,'204{8}55',1,NULL,'20090920'),(535,100,'515',1,NULL,'20100711'),(331,48,'212{8}29',1,NULL,'20091202'),(334,52,'736',1,NULL,'20091204'),(338,54,'699{6}44{2}2',1,NULL,'20091207'),(340,54,'694{2}2',1,NULL,'20091207'),(345,57,'682',1,NULL,'20091211'),(1453,288,'1051{txt_27}AufaatasiAiluaEma{txt_49}KOMISI{68}19{66}271{31}74{41}95{40}231{39}85{30}241{45}160{32}78',1,NULL,'20140216'),(493,78,'846{2}110',1,NULL,'20100505'),(496,86,'919',1,NULL,'20100505'),(488,79,'265{8}41',1,NULL,'20100421'),(492,47,'992{22}48',1,NULL,'20100504'),(490,83,'674{2}27',1,NULL,'20100427'),(337,53,'284',1,NULL,'20091206'),(1447,349,'759{txt_34}We Love You Hunny Girl{txt_33}ISRAIAH{24}21{20}25{31}137{41}94{40}78{30}159{45}160{55}210',1,NULL,'20140112'),(704,167,'827{txt_37}Alyssa &amp; Jr.{txt_29}Hilda{24}19{31}202{41}94{30}159{25}60{32}93',1,NULL,'20100914'),(313,46,'654',1,NULL,'20091104'),(1446,348,'827{txt_37}Love, Mom &amp; Dad{txt_29}Nohelani{24}19{31}201{41}95{30}159{25}60{62}244{32}93',1,NULL,'20131229'),(1442,346,'446{txt_34}Happy anniversary 2014{txt_33}Kendall  Zane  Kaylin{24}220{20}29{31}139{txt_64}{41}95{40}93{30}159{45}160',1,NULL,'20131223'),(1445,348,'827{txt_37}Happy 18th M&amp;D{txt_29}Nohelani{24}19{31}201{41}95{30}159{25}60{62}244{32}93',1,NULL,'20131229'),(1443,346,'758{txt_59}Kendra{txt_60}Brian{txt_52}I love you 2014{txt_29}{24}66{31}139{41}95{40}78{39}42{30}159{45}160{58}240',1,NULL,'20131223'),(1436,344,'678{2}27',1,NULL,'20131216'),(1437,345,'258',1,NULL,'20131218'),(1438,345,'942{8}42',1,NULL,'20131218'),(392,58,'444',1,NULL,'20091217'),(456,68,'759{txt_34}robin taumaoe maxwell{txt_33}Taumaoe{24}21{20}151{31}140{41}95{40}78{30}159{45}160{55}210',1,NULL,'20100319'),(1432,342,'892',1,NULL,'20131214'),(1421,331,'409{txt_37}&#039;13 LUV MOM&amp;DAD{txt_42}K{31}73{40}78{30}71{45}101',1,NULL,'20131108'),(2003,558,'160',1,NULL,'20171128'),(1413,329,'695{2}8',1,NULL,'20130918'),(1412,328,'598{8}41',1,NULL,'20130911'),(1411,45,'939{8}42',1,NULL,'20130910'),(1593,395,'942{8}41',1,NULL,'20141120'),(1595,396,'1002{txt_34}{txt_33}Camesha Kehaulani Kim{txt_56}Kaui Jayson Kapua Kanoe Serena{24}232{20}27{31}188{41}95{40}93{30}87{45}160{55}210',1,NULL,'20141121'),(1591,394,'794{2}113',2,NULL,'20141109'),(1590,393,'1039{44}288{txt_36}{20}31',2,NULL,'20141106'),(1587,45,'922{2}51',1,NULL,'20141104'),(1586,45,'282',1,NULL,'20141104'),(1585,45,'101',1,NULL,'20141104'),(1588,45,'203{8}55',1,NULL,'20141104'),(1579,45,'246',1,NULL,'20141104'),(1580,45,'159',1,NULL,'20141104'),(1581,45,'158',1,NULL,'20141104'),(1582,45,'278',1,NULL,'20141104'),(429,61,'432',1,NULL,'20100129'),(441,63,'898',1,NULL,'20100218'),(439,64,'523',1,NULL,'20100217'),(446,66,'511{8}42',8,NULL,'20100310'),(455,68,'788',1,NULL,'20100319'),(454,60,'793{2}29',1,NULL,'20100317'),(457,68,'899{txt_36}robin t maxwell{txt_35}Robinm{24}40{31}96{41}95{40}93{30}159{45}160{46}115{32}78',1,NULL,'20100319'),(458,68,'756{txt_27}robin{txt_29}lopigi{24}12{31}96{40}78{30}70{32}78',1,NULL,'20100319'),(495,86,'678{2}27',2,NULL,'20100505'),(874,188,'941{8}41',1,NULL,'20101115'),(476,69,'941',1,NULL,'20100323'),(475,70,'544',1,NULL,'20100321'),(465,69,'355',1,NULL,'20100320'),(474,69,'921{2}2',1,NULL,'20100320'),(470,69,'705{8}41',1,NULL,'20100320'),(480,74,'845{2}108{22}48',1,NULL,'20100330'),(483,80,'473{txt_34}Heart &amp; Soul..We Are One  Love Roy{txt_33}Ku&#039;uipo{24}219{20}32{41}95{30}159',1,NULL,'20100420'),(484,80,'473{txt_34}Heart &amp; Soul..We Are One  Love Roy{txt_33}Kuuipo{24}219{20}32{41}95{40}78{30}87{45}160',1,NULL,'20100420'),(498,88,'443{txt_27}{txt_38}DestinyElise{24}21{31}74{41}94{39}43{30}71{45}162{25}60{32}78',1,NULL,'20100515'),(499,89,'743{txt_27}{txt_29}{24}12{31}96{30}70{25}60{32}78',1,NULL,'20100518'),(500,90,'658{2}27',1,NULL,'20100525'),(501,90,'447',1,NULL,'20100525'),(502,90,'827{txt_37}{txt_29}Kapiolani{24}21{31}203{41}95{30}159{25}60{32}93',1,NULL,'20100525'),(503,90,'839{txt_27}Dad &amp; Mom Love U{txt_29}kuuipo{24}21{31}202{41}95{40}159{30}159{45}160',1,NULL,'20100525'),(504,90,'899{txt_36}Dad &amp; Mom Love U{txt_35}Kuuipo{24}40{31}178{41}95{40}159{30}159{45}160{46}105{32}78',1,NULL,'20100525'),(505,90,'523{22}48',1,NULL,'20100525'),(506,90,'964',1,NULL,'20100525'),(507,90,'971',1,NULL,'20100525'),(508,90,'970',1,NULL,'20100525'),(509,90,'845{2}134{22}48',1,NULL,'20100525'),(510,90,'789{txt_27}Dad &amp; Mom Love U{txt_29}Mikiela{24}12{31}81{54}159{40}159{32}78',1,NULL,'20100525'),(517,90,'839{txt_27}Unty Uncle Luv U{txt_29}Lei{24}21{31}81{41}95{40}159{30}159{45}160',1,NULL,'20100525'),(516,90,'678{2}27',1,NULL,'20100525'),(515,90,'553',1,NULL,'20100525'),(518,91,'446',4,NULL,'20100525'),(519,93,'443{txt_27}{txt_38}Krystle{24}21{31}74{41}94{39}85{30}71{45}160{25}60{32}78',1,NULL,'20100529'),(524,97,'237',1,NULL,'20100624'),(523,96,'846{2}110',1,NULL,'20100623'),(532,97,'510{8}42',1,NULL,'20100624'),(530,97,'999{8}43{2}225',1,NULL,'20100624'),(531,97,'939{8}42',1,NULL,'20100624'),(529,97,'181',1,NULL,'20100624'),(536,100,'1001',1,NULL,'20100711'),(537,100,'211{8}55',1,NULL,'20100711'),(538,102,'660{2}7',1,NULL,'20100714'),(539,102,'673{2}29',2,NULL,'20100714'),(540,102,'841',1,NULL,'20100714'),(541,102,'1001',1,NULL,'20100714'),(542,102,'644',1,NULL,'20100714'),(584,55,'360',1,NULL,'20100723'),(572,105,'449',1,NULL,'20100720'),(585,55,'1007{8}41',1,NULL,'20100723'),(582,55,'270',1,NULL,'20100723'),(586,55,'939{8}41',1,NULL,'20100723'),(1105,251,'857{2}103',1,NULL,'20120513'),(1092,243,'715',1,NULL,'20120410'),(778,174,'901',1,NULL,'20101010'),(785,176,'758{txt_59}{txt_60}{txt_52}Aloha Kalikimaka 2010{txt_29}Malakaua{24}63{31}238{41}94{40}195{39}42{30}71{45}162{58}217',1,NULL,'20101012'),(786,176,'758{txt_59}{txt_60}{txt_52}Aloha Kalikimaka 2010{txt_29}Leina&#039;ala{24}13{31}239{41}94{40}195{39}42{30}71{45}162{58}217',1,NULL,'20101012'),(1087,243,'314',1,NULL,'20120410'),(1088,243,'837{8}42',1,NULL,'20120410'),(614,111,'901',1,NULL,'20100806'),(613,109,'670{2}2',1,NULL,'20100802'),(612,109,'791',1,NULL,'20100802'),(667,128,'237',1,NULL,'20100818'),(711,170,'444',4,NULL,'20100918'),(1052,239,'165',1,NULL,'20120325'),(696,157,'444',1,NULL,'20100903'),(668,86,'675{2}27',1,NULL,'20100819'),(710,170,'432{txt_60}{txt_52}{txt_38}{24}64{31}137{41}94{40}93{39}42{30}159{45}160{58}216',2,NULL,'20100918'),(707,169,'58{2}2',1,NULL,'20100916'),(1086,243,'515',1,NULL,'20120410'),(1085,243,'477{8}42',1,NULL,'20120410'),(1083,243,'249',1,NULL,'20120410'),(1084,243,'161',1,NULL,'20120410'),(686,147,'594',1,NULL,'20100829'),(702,51,'936',1,NULL,'20100909'),(703,51,'499',1,NULL,'20100909'),(782,175,'415',1,NULL,'20101010'),(1090,243,'253',1,NULL,'20120410'),(1091,243,'607',1,NULL,'20120410'),(695,141,'654{txt_34}Me Ke Aloha Mau Loa   Steve    9-26-10{txt_33}HAUPU{24}220{20}29{31}144{41}94{40}93{30}159{45}160{25}60{txt_61}double wavy maile mokihana{32}77{55}210',1,NULL,'20100902'),(680,139,'945',1,NULL,'20100825'),(681,139,'651',1,NULL,'20100825'),(781,174,'654{txt_34}love your daughter, shay xoxo{txt_33}JANLYN{txt_56}ULULANI{24}220{20}27{31}144{41}95{40}196{30}159{45}160{25}60{txt_61}{32}77{55}210',1,NULL,'20101010'),(783,177,'691{2}1{22}16',1,NULL,'20101011'),(1089,243,'230',1,NULL,'20120410'),(873,188,'331',1,NULL,'20101115'),(788,180,'444',1,NULL,'20101024'),(789,180,'901',1,NULL,'20101024'),(790,181,'861{2}112',1,NULL,'20101028'),(1082,243,'58{2}2',1,NULL,'20120410'),(1081,243,'65',1,NULL,'20120410'),(1079,242,'123{txt_34}{txt_33}{24}13{20}151{31}137{41}218{40}78{30}71{45}160{25}60{32}78{55}210',1,NULL,'20120330'),(1078,242,'892',1,NULL,'20120330'),(1077,242,'441{22}16',1,NULL,'20120330'),(1075,242,'1047',1,NULL,'20120330'),(1076,242,'819',1,NULL,'20120330'),(1074,241,'999{8}43{2}215',1,NULL,'20120328'),(1072,241,'1006',1,NULL,'20120328'),(1073,241,'941{8}42',1,NULL,'20120328'),(1071,241,'1038{2}2',1,NULL,'20120328'),(1070,241,'207{8}29',1,NULL,'20120328'),(1069,241,'529',1,NULL,'20120328'),(1068,241,'530',2,NULL,'20120328'),(1067,241,'166',1,NULL,'20120328'),(1066,241,'167',1,NULL,'20120328'),(1065,241,'103{6}3',1,NULL,'20120328'),(1064,241,'128',1,NULL,'20120328'),(1063,241,'150',1,NULL,'20120328'),(1062,241,'228{6}49',1,NULL,'20120328'),(1060,241,'360',2,NULL,'20120328'),(1061,241,'297{22}47',1,NULL,'20120328'),(1058,241,'341',1,NULL,'20120328'),(1059,241,'233',1,NULL,'20120328'),(1056,239,'486{8}25',1,NULL,'20120325'),(1057,241,'504',1,NULL,'20120328'),(1055,239,'321{8}41{22}47',1,NULL,'20120325'),(1054,239,'255{8}41',1,NULL,'20120325'),(1051,230,'758{txt_59}Komisi{txt_60}Vaiauro{txt_52}Till death do us apart{txt_29}{24}13{31}188{41}94{40}78{39}86{30}159{45}160{58}240',1,NULL,'20120314'),(1104,251,'856{2}103',1,NULL,'20120513'),(1103,250,'844{2}108{22}48',1,NULL,'20120508'),(1042,232,'1036{txt_27}Love Daddy&amp;Mommy{txt_49}Aufaatasi{24}40{31}248{41}94{40}92{39}41{30}159{32}77',1,NULL,'20120307'),(1043,233,'739{8}55{22}48',1,NULL,'20120310'),(1044,234,'698{6}44{2}2',1,NULL,'20120310'),(1045,235,'698{6}44{2}2',1,NULL,'20120310'),(1046,236,'446{txt_34}{txt_33}Kehaulani Kuhoonipaa{24}220{20}32{31}188{txt_64}{41}95{40}92{30}159{45}160',1,NULL,'20120311'),(1151,108,'610',1,NULL,'20121001'),(1150,108,'519',1,NULL,'20121001'),(1149,108,'549',1,NULL,'20121001'),(1146,108,'984',1,NULL,'20121001'),(1147,108,'938',1,NULL,'20121001'),(1181,108,'79',1,NULL,'20121002'),(1233,108,'234{8}42',1,NULL,'20121021'),(1142,108,'924{2}8',1,NULL,'20121001'),(1141,108,'936',1,NULL,'20121001'),(1240,275,'109',1,NULL,'20121114'),(1231,108,'641{8}42',1,NULL,'20121010'),(1136,266,'448',1,NULL,'20120925'),(1134,266,'654{txt_34}{txt_33}{txt_56}{24}220{20}27{31}212{txt_64}{41}95{40}93{30}72{45}160{25}60{txt_61}{32}77{55}210',1,NULL,'20120925'),(1133,266,'835{2}2',1,NULL,'20120925'),(1129,265,'706{8}41',1,NULL,'20120924'),(1130,266,'901',1,NULL,'20120925'),(1131,266,'724{2}2{22}16',1,NULL,'20120925'),(1334,303,'978',1,NULL,'20130529'),(1120,262,'446{txt_34}{txt_33}{24}220{20}25{31}139{txt_64}{41}94{40}93{30}71{45}161',1,NULL,'20120821'),(1119,261,'72',1,NULL,'20120820'),(1117,260,'860{2}112',1,NULL,'20120726'),(1114,257,'583',1,NULL,'20120702'),(1118,260,'115',1,NULL,'20120726'),(1110,255,'238',1,NULL,'20120526'),(1112,208,'448',2,NULL,'20120626'),(1108,253,'901',1,NULL,'20120517'),(1109,254,'398',1,NULL,'20120525'),(1106,252,'161',1,NULL,'20120514'),(1107,252,'281',1,NULL,'20120514'),(857,184,'756{txt_27}Aloha Kaua Lanaki{txt_29}KUKANA{24}12{31}96{40}78{30}87{32}78',1,NULL,'20101108'),(858,184,'999{8}42{2}215',1,NULL,'20101108'),(865,185,'446{txt_34}the LOVES of MY LIFE{txt_33}1KAiSEN 2PHiLiP{24}220{20}30{31}174{txt_64}PLUMERIA AND BAMBOO{41}94{40}93{30}71{45}160',1,NULL,'20101111'),(959,196,'825',1,NULL,'20101208'),(964,198,'846{2}103',1,NULL,'20101215'),(962,197,'207{8}25',1,NULL,'20101214'),(958,195,'129',1,NULL,'20101203'),(867,186,'756{txt_27}You hold my heart{txt_29}Arnold{24}12{31}96{40}78{30}70{32}78',1,NULL,'20101112'),(868,186,'999{8}42{2}215',1,NULL,'20101112'),(881,191,'818',1,NULL,'20101122'),(966,200,'905',1,NULL,'20101220'),(876,186,'1037',1,NULL,'20101118'),(877,186,'594',1,NULL,'20101118'),(950,193,'849{2}110',1,NULL,'20101130'),(1939,536,'605{txt_34}{txt_33}Nolina{txt_56}{24}220{20}27{31}137{41}94{40}195{30}71{45}162{25}60{txt_61}Lily flower and roses{32}93{55}210',1,NULL,'20170323'),(1938,535,'649',1,NULL,'20170312'),(1101,248,'469{8}29',1,NULL,'20120503'),(1102,249,'295',1,NULL,'20120503'),(1937,533,'444{txt_60}{txt_52}{txt_49}VINCENT{24}63{66}237{31}191{41}94{40}195{39}43{30}264{45}160{32}78{55}210',1,NULL,'20170309'),(1931,530,'237',1,NULL,'20170308'),(1934,531,'791{txt_34}I WILL ALWAYS LOVE YOU 1/2/2003-3/24/2003{txt_33}KAIKELA{txt_56}{24}13{20}31{31}137{txt_64}Bamboo{41}94{30}159{45}160{25}156{txt_61}',1,NULL,'20170308'),(1097,246,'124',1,NULL,'20120413'),(2088,554,'123{txt_34}Congradulations Love Mom, Sia &amp; Vikz 05/30/2018{txt_33}Irene Victoria{txt_56}{24}353{20}31{31}140{41}218{40}78{30}78{45}162{25}60{txt_61}{32}78{55}210{78}361',1,NULL,'20180417'),(1925,529,'791{txt_34}LOVING YU ALWAYS &amp; FOREVER{txt_33}KAPONO{txt_56}AIMOKU{24}13{20}25{31}137{txt_64}KAPONO heart MOKU{41}218{30}159{45}160{25}156{txt_61}',1,NULL,'20170307'),(1921,527,'1051{txt_27}Legalo Sualoa{txt_77}Chalow{76}327{68}21{66}270{31}74{41}94{40}206{39}86{30}72{45}160{25}60{32}78',1,NULL,'20170303'),(1920,526,'1036{txt_27}Adrian &amp; Marley{txt_49}Kevilshin{24}40{31}202{41}95{40}89{39}85{30}264{45}162{32}93',1,NULL,'20170303'),(1919,525,'758{txt_59}{txt_60}{txt_52}{txt_29}Angelique{24}66{31}137{41}94{40}78{39}42{30}159{45}160{58}217',1,NULL,'20170301'),(951,193,'580',1,NULL,'20101130'),(952,193,'972',1,NULL,'20101130'),(953,193,'523{22}48',1,NULL,'20101130'),(971,203,'599',2,NULL,'20101229'),(970,202,'901',1,NULL,'20101229'),(975,206,'997',1,NULL,'20110105'),(1207,108,'67',1,NULL,'20121010'),(1206,108,'73',1,NULL,'20121010'),(1155,108,'937',1,NULL,'20121001'),(1152,108,'974',1,NULL,'20121001'),(1234,108,'982',1,NULL,'20121026'),(987,212,'846{2}105',1,NULL,'20111230'),(988,212,'582',1,NULL,'20111230'),(986,111,'444',1,NULL,'20111229'),(993,215,'758{txt_59}Krystle{txt_60}Baba{txt_52}Happy Birthday{txt_29}{24}64{31}137{41}94{40}78{39}42{30}159{45}162{58}217',1,NULL,'20120111'),(994,215,'446{txt_34}{txt_33}Teani  Tiare  Tia  Tytan  Taz{24}220{20}27{31}167{txt_64}{41}94{40}92{30}159{45}160',1,NULL,'20120111'),(1053,239,'842{2}110{22}47',1,NULL,'20120325'),(1050,230,'742{txt_27}Love Daddy&amp;Mommy{txt_38}Aufaatasi{24}40{31}74{41}94{40}92{39}41{30}70{45}162{32}93',1,NULL,'20120314'),(1035,229,'742{txt_27}Love Daddy&amp;Mommy{txt_38}Ailua{24}40{31}74{41}95{40}92{39}41{30}70{45}162{32}93',1,NULL,'20120303'),(1047,236,'758{txt_59}Kehaulani{txt_60}Kuhoonipaa{txt_52}{txt_29}Kehaulani{24}13{31}188{41}94{40}92{39}43{30}159{45}160{58}217',1,NULL,'20120311'),(1048,237,'892',1,NULL,'20120311'),(999,219,'605{txt_34}{txt_33}{txt_56}{24}232{20}27{31}169{41}94{40}93{30}159{45}160{25}60{txt_61}{32}93{55}210',1,NULL,'20120123'),(1001,220,'258',1,NULL,'20120205'),(1002,221,'237',1,NULL,'20120205'),(1003,221,'939{8}41',1,NULL,'20120205'),(1004,222,'1014{txt_57}{30}159{45}160',1,NULL,'20120207'),(1005,223,'327',1,NULL,'20120208'),(1006,223,'402',1,NULL,'20120208'),(1007,223,'104',1,NULL,'20120208'),(1008,223,'155',1,NULL,'20120208'),(1009,223,'395',1,NULL,'20120208'),(1010,223,'842{2}112{22}47',1,NULL,'20120208'),(1013,216,'207{8}25',1,NULL,'20120211'),(1012,224,'978',1,NULL,'20120210'),(1099,231,'723{22}16',1,NULL,'20120420'),(1022,226,'762{txt_27}Love, Daddy&amp;Mommy{txt_29}Allyson{24}68{31}74{40}93{30}70{32}78',1,NULL,'20120229'),(1023,226,'762{txt_27}Love, Daddy&amp;Mommy{txt_29}Kylee{24}68{31}74{40}93{30}70{32}78',1,NULL,'20120229'),(1080,243,'434',1,NULL,'20120410'),(1024,226,'762{txt_27}Love,Daddy&amp;Mommy{txt_29}Allyson{24}40{31}74{40}93{30}70{32}78',1,NULL,'20120229'),(1025,226,'762{txt_27}Love Daddy&amp;Mommy{txt_29}Allyson{24}40{31}74{40}93{30}70{32}78',1,NULL,'20120229'),(1026,226,'762{txt_27}Love Daddy&amp;Mommy{txt_29}Kylee{24}40{31}74{40}93{30}70{32}78',1,NULL,'20120229'),(1027,226,'999{8}42{2}216',2,NULL,'20120229'),(1028,226,'451{txt_27}{txt_29}Franny{24}68{31}74{30}70{25}60{32}78',1,NULL,'20120229'),(1029,227,'451{txt_27}{txt_29}Palakika{24}68{31}74{30}70{25}60{32}78',1,NULL,'20120229'),(1030,227,'762{txt_27}Love Daddy&amp;Mommy{txt_29}Allyson{24}40{31}74{40}93{30}70{32}78',1,NULL,'20120229'),(1031,227,'762{txt_27}Love Daddy&amp;Mommy{txt_29}Kylee{24}40{31}74{40}93{30}70{32}78',1,NULL,'20120229'),(1032,227,'999{8}42{2}216',2,NULL,'20120229'),(1098,247,'901',1,NULL,'20120414'),(1205,108,'145',1,NULL,'20121010'),(1276,286,'605{txt_34}{txt_33}misha-lei{txt_56}{24}232{20}28{31}174{41}94{40}93{30}159{45}160{25}60{txt_61}{32}93{55}210',1,NULL,'20130131'),(1197,267,'892',1,NULL,'20121004'),(1284,291,'759{txt_34}{txt_33}PU&#039;UKANI{24}13{20}29{31}144{41}94{40}78{30}87{45}160{55}210',1,NULL,'20130228'),(1232,269,'605{txt_34}to my loving angel, you are my heart{txt_33}loving my girls{txt_56}TWEETY &amp; DYNASTY{24}221{20}27{31}138{41}94{40}93{30}159{45}160{25}60{txt_61}TWEETY bird and Minnie mouse{32}93{55}210',1,NULL,'20121018'),(1166,108,'928',1,NULL,'20121001'),(1168,108,'162',1,NULL,'20121001'),(1169,108,'163',1,NULL,'20121001'),(1245,277,'1044',1,NULL,'20121115'),(1267,282,'472{txt_36}love{txt_35}{24}21{31}138{41}95{40}92{30}72{45}160{25}60{46}112{62}244',1,NULL,'20121217'),(1180,108,'976',1,NULL,'20121002'),(1268,283,'785',2,NULL,'20121217'),(1204,108,'146',1,NULL,'20121010'),(1266,281,'205{8}55',1,NULL,'20121214'),(1179,108,'80',1,NULL,'20121002'),(1227,108,'501{8}42',1,NULL,'20121010'),(1184,108,'975',1,NULL,'20121002'),(1259,267,'123{txt_34}love mom{txt_33}Etelagi{24}14{20}152{31}137{41}218{40}78{30}71{45}160{25}60{32}78{55}210',1,NULL,'20121208'),(1226,108,'643{8}42',1,NULL,'20121010'),(1272,285,'791',1,NULL,'20121219'),(1230,108,'511{8}42',1,NULL,'20121010'),(1270,284,'901',1,NULL,'20121218'),(1193,108,'256',1,NULL,'20121002'),(1194,108,'250',1,NULL,'20121002'),(1262,280,'695{2}8',1,NULL,'20121214'),(1263,281,'203{8}55',1,NULL,'20121214'),(1212,108,'282',1,NULL,'20121010'),(1269,284,'818',1,NULL,'20121218'),(1229,108,'510{8}42',1,NULL,'20121010'),(1216,108,'169',1,NULL,'20121010'),(1264,281,'739{8}55{22}48',1,NULL,'20121214'),(1265,281,'211{8}55',1,NULL,'20121214'),(1422,331,'999{8}43{2}225',1,NULL,'20131108'),(1277,287,'160',1,NULL,'20130208'),(1454,123,'446{txt_34}avilla dabin 2014{txt_33}V.K.A.K.S.N. / KRISTI ANN{24}220{20}31{31}238{txt_64}metal mulisha{41}94{40}92{30}159{45}160',1,NULL,'20140218'),(1429,338,'254',1,NULL,'20131212'),(1433,342,'827{txt_37}{txt_29}Vakeivaha{24}21{31}202{41}95{30}159{25}60{62}245{32}93',1,NULL,'20131214'),(1368,318,'448',1,NULL,'20130812'),(1282,290,'165',1,NULL,'20130225'),(1289,292,'456{8}41',1,NULL,'20130301'),(1311,297,'79',1,NULL,'20130410'),(1288,291,'759{txt_34}{txt_33}PU&#039;UKANI{24}13{20}25{31}137{41}94{40}91{30}159{45}160{55}210',1,NULL,'20130228'),(1340,306,'237',1,NULL,'20130617'),(1307,296,'847{2}105',1,NULL,'20130407'),(1308,296,'565',1,NULL,'20130407'),(1306,295,'901',1,NULL,'20130404'),(1305,294,'940{8}42',1,NULL,'20130318'),(1327,299,'654{txt_34}{txt_33}Kaiwa{txt_56}Tanelle{24}232{20}27{31}148{txt_64}{41}94{40}196{30}71{45}161{25}60{txt_61}{32}77{55}210',1,NULL,'20130411'),(1325,298,'496{8}55{22}48',1,NULL,'20130411'),(1326,299,'654{txt_34}{txt_33}{txt_56}{24}220{20}27{31}174{txt_64}{41}94{40}93{30}159{45}161{25}60{txt_61}{32}77{55}210',1,NULL,'20130411'),(1321,297,'73',1,NULL,'20130410'),(1341,307,'444{txt_52}anthony&amp;amethyst{txt_49}amethyst{24}64{31}99{41}95{40}93{39}42{30}72{45}162{32}78',1,NULL,'20130620'),(1329,302,'873',1,NULL,'20130428'),(1554,382,'559{8}42',1,NULL,'20140904'),(1333,303,'1052',1,NULL,'20130529'),(1335,303,'842{2}133{22}47',1,NULL,'20130529'),(1336,303,'850{2}133',1,NULL,'20130529'),(1337,304,'356',1,NULL,'20130607'),(1343,309,'694{2}8',1,NULL,'20130702'),(1344,309,'856{2}110',1,NULL,'20130702'),(1345,311,'758{txt_59}{txt_60}{txt_52}{txt_29}Kahele{24}13{31}137{41}94{40}92{39}42{30}159{45}162{58}240',1,NULL,'20130713'),(1347,313,'892',1,NULL,'20130723'),(1375,245,'443{txt_27}Mommy&#039;s love{txt_38}Ayden{65}269{24}20{66}271{31}74{41}94{40}159{39}43{30}71{45}160{25}61{32}78',1,NULL,'20130824'),(1856,498,'831{8}25',1,NULL,'20160819'),(1373,320,'1007{8}42',1,NULL,'20130814'),(1372,320,'1052',1,NULL,'20130814'),(1366,316,'623',1,NULL,'20130810'),(1378,245,'444{txt_52}Love of my life{txt_49}Ayden{24}13{31}137{41}94{40}93{39}42{30}159{45}160{32}77',1,NULL,'20130826'),(1428,337,'1050',1,NULL,'20131212'),(1425,334,'1055',1,NULL,'20131204'),(1426,335,'442{22}16',1,NULL,'20131206'),(1434,342,'818',1,NULL,'20131214'),(1386,322,'1050',1,NULL,'20130828'),(1417,330,'444{txt_52}Our Angels{txt_49}Makhai&amp;Malik{24}64{31}82{41}95{40}88{39}86{30}72{45}162{32}77',1,NULL,'20131021'),(1419,264,'791',1,NULL,'20131023'),(1420,325,'828',1,NULL,'20131106'),(1398,321,'55{8}7{2}8',1,NULL,'20130908'),(1399,321,'496{8}54{22}48',1,NULL,'20130908'),(1458,352,'1034{txt_52}{txt_42}Q{24}13{31}202{30}72',1,NULL,'20140219'),(1468,360,'654{txt_34}{txt_33}KALAULI{txt_56}{24}221{20}32{31}209{txt_64}{41}95{40}231{30}159{45}161{25}60{txt_61}{32}77{55}210',1,NULL,'20140328'),(1470,361,'279',1,NULL,'20140407'),(1471,361,'280',1,NULL,'20140407'),(1472,361,'68',1,NULL,'20140407'),(1473,361,'355',1,NULL,'20140407'),(1474,361,'162',1,NULL,'20140407'),(1475,361,'281',1,NULL,'20140407'),(1476,361,'163',1,NULL,'20140407'),(1477,361,'101',1,NULL,'20140407'),(1478,361,'379',1,NULL,'20140407'),(1479,361,'243',1,NULL,'20140407'),(1480,361,'111',1,NULL,'20140407'),(1481,361,'276',1,NULL,'20140407'),(1482,361,'436',1,NULL,'20140407'),(1483,361,'177',1,NULL,'20140407'),(1484,361,'376',1,NULL,'20140409'),(1485,361,'72',2,NULL,'20140409'),(1486,361,'981',1,NULL,'20140409'),(1487,361,'71',1,NULL,'20140409'),(1488,361,'947',1,NULL,'20140409'),(1489,361,'716',1,NULL,'20140409'),(1490,361,'337',1,NULL,'20140409'),(1491,361,'109',1,NULL,'20140409'),(1492,361,'112',1,NULL,'20140409'),(1493,361,'131',1,NULL,'20140409'),(1494,361,'176',1,NULL,'20140409'),(1495,361,'308',1,NULL,'20140409'),(1496,361,'304',1,NULL,'20140409'),(1497,361,'700',1,NULL,'20140409'),(1498,361,'609',1,NULL,'20140409'),(1499,361,'579',1,NULL,'20140409'),(1500,361,'580',1,NULL,'20140409'),(1501,361,'544',1,NULL,'20140409'),(1502,361,'528',1,NULL,'20140409'),(1503,361,'538',1,NULL,'20140409'),(1504,362,'436',1,NULL,'20140506'),(1505,362,'942{8}41',1,NULL,'20140506'),(1508,363,'742{txt_27}Aloha Au La &#039;Oe{txt_38}Pakelekia{24}40{31}74{41}94{40}93{39}42{30}87{45}162{32}77',1,NULL,'20140508'),(1511,363,'742{txt_27}Aloha wau ia &#039;oe{txt_38}Pakelekia{24}21{31}74{41}94{40}93{39}42{30}87{45}160{32}93',1,NULL,'20140512'),(1512,363,'742{txt_27}Aloha wau i&amp;#257; &#039;oe{txt_38}Pakelekia{24}40{31}74{41}94{40}93{39}42{30}87{45}160{32}93',1,NULL,'20140512'),(1513,365,'456{8}42',1,NULL,'20140516'),(1517,367,'446{txt_34}April 03rd, 2012{txt_33}Julio &amp; Tiffany{24}220{20}25{31}165{txt_64}{41}95{40}93{30}159{45}160',1,NULL,'20140529'),(1516,366,'827{txt_37}Aloha Mom &amp; Dad{txt_29}Nohelani{24}19{31}201{41}95{30}71{25}60{62}245{32}93',1,NULL,'20140517'),(1518,367,'446{txt_34}Abril 03rd, 2012{txt_33}Julio &amp; Tiffany{24}220{20}25{31}137{txt_64}{41}95{40}93{30}159{45}160',1,NULL,'20140529'),(1519,367,'446{txt_34}Abril 03rd, 2014{txt_33}Julio &amp; Tiffany{24}220{20}25{31}137{txt_64}{41}95{40}93{30}159{45}160',1,NULL,'20140529'),(1555,383,'860{2}105',1,NULL,'20140907'),(1749,469,'211{8}55',1,NULL,'20160218'),(1524,371,'818',1,NULL,'20140613'),(1525,372,'791',1,NULL,'20140617'),(1530,369,'123{txt_34}Tovea Dorothy Maria Taeleifi Malosi Galeai Tupai{txt_33}Atiumaletavai{24}11{20}33{31}138{41}218{40}78{30}72{45}160{25}60{32}78{55}210',1,NULL,'20140627'),(1542,379,'839{txt_27}Quark{txt_29}Filip{24}20{31}81{41}94{40}159{30}159{45}161',1,NULL,'20140807'),(1531,376,'838',1,NULL,'20140719'),(1568,123,'897',1,NULL,'20140927'),(1629,319,'444{txt_60}{txt_52}LOVE MOMMY &amp; DADDY{txt_49}CLAIRE{24}64{66}236{31}174{41}192{40}92{39}43{30}159{45}160{32}77{55}210',1,NULL,'20150128'),(1570,389,'57{2}8',6,NULL,'20141002'),(1628,388,'899{txt_36}Santiago{txt_35}Kalena{24}69{31}96{41}192{40}159{30}159{45}160{46}134{32}78',1,NULL,'20150119'),(1596,397,'281',1,NULL,'20141129'),(1574,392,'1051{txt_27}Andrew &amp; Petra{txt_49}Fesilafai{68}19{66}270{31}248{41}95{40}231{39}42{30}71{45}162{32}78',1,NULL,'20141023'),(1575,392,'827{txt_37}PETRANDREW 4EVA{txt_29}Fesilafai{24}19{31}202{41}94{30}71{25}60{62}244{32}93',1,NULL,'20141023'),(1696,437,'265{8}41',6,NULL,'20150805'),(1578,45,'249',1,NULL,'20141104'),(1594,395,'262',1,NULL,'20141120'),(1597,397,'861{2}105',1,NULL,'20141129'),(1609,404,'845{2}134{22}48',1,NULL,'20141228'),(1610,404,'670{2}2',1,NULL,'20141228'),(1611,404,'320',1,NULL,'20141228'),(1604,377,'528',1,NULL,'20141212'),(1605,402,'1051{txt_27}Momoisea{txt_77}Sifilina{76}327{68}21{66}271{31}74{41}95{40}206{39}42{30}241{45}162{25}60{32}78',1,NULL,'20141224'),(1612,404,'742{txt_27}Jones{txt_38}Jessica{24}21{31}74{41}94{40}91{39}42{30}70{45}162{32}93',1,NULL,'20141228'),(1613,404,'1002{txt_34}Jessica Carlene Moana Jones{txt_33}Mia, Joy, Abigail,{txt_56}Trustin, Angel{24}232{20}27{31}143{41}94{40}93{30}87{45}160{txt_61}{55}210',1,NULL,'20141228'),(1614,404,'169',1,NULL,'20141228'),(1615,404,'164',1,NULL,'20141228'),(1616,404,'992{22}48',1,NULL,'20141228'),(1617,404,'967',1,NULL,'20141228'),(1618,404,'512{8}41',1,NULL,'20141228'),(1624,406,'167',1,NULL,'20150113'),(1625,406,'255{8}42',1,NULL,'20150113'),(1631,319,'444{txt_60}{txt_52}LUV MOMMY &amp; DADDY{txt_49}CLAIRE{24}13{66}236{31}174{41}94{40}89{39}42{30}159{45}160{32}78{55}210',1,NULL,'20150203'),(1632,408,'281',1,NULL,'20150206'),(1633,408,'377',1,NULL,'20150206'),(1637,411,'827{txt_37}Happy 5th Bday!{txt_29}Dezaryah{24}21{31}202{41}95{30}159{25}60{62}245{32}93',1,NULL,'20150222'),(1639,413,'57{2}2',56,NULL,'20150228'),(1640,414,'444{txt_60}{txt_52}Daddy Ayverson Ayonna Aria{txt_49}Khamsouk{24}67{66}321{31}144{41}94{40}195{39}42{30}159{45}160{32}77{55}210',1,NULL,'20150301'),(1642,416,'57{2}2',1,NULL,'20150302'),(1643,416,'254',1,NULL,'20150302'),(1644,416,'703',1,NULL,'20150302'),(1652,419,'789{txt_27}{txt_29}AlbertoKeoni{24}21{31}76{54}159{40}159{45}160{32}78',1,NULL,'20150315'),(1653,419,'443{txt_27}{txt_77}Teara{65}273{76}326{68}21{66}270{31}248{41}94{40}159{39}43{30}72{45}160{25}60{32}78',1,NULL,'20150315'),(1651,418,'123{txt_34}{txt_33}{24}20{20}153{31}177{41}94{40}78{30}78{45}160{25}60{txt_61}{32}78{55}210',2,NULL,'20150312'),(1654,420,'237',1,NULL,'20150318'),(1655,421,'1057',1,NULL,'20150318'),(1656,417,'942{8}85',1,NULL,'20150323'),(1657,422,'1002{txt_34}Camille Ehulani Lynne Sharpe{txt_33}Mahealani{txt_56}Liberty-Star{24}232{20}152{31}187{41}94{40}195{30}78{45}162{txt_61}{55}210',1,NULL,'20150325'),(1659,423,'827{txt_37}XXIX V{txt_29}Suzielenora{24}21{31}202{41}95{30}159{25}60{62}244{32}93',1,NULL,'20150410'),(1661,425,'432{txt_60}alisha{txt_52}forever &amp; always 10.21.13{txt_38}dez{24}64{31}184{41}94{40}195{39}42{30}159{45}160{58}321',1,NULL,'20150418'),(1662,426,'237',1,NULL,'20150419'),(1663,426,'999{8}42{2}225',1,NULL,'20150419'),(1665,427,'791{txt_33}shaylina{txt_56}kam&amp;#257;li&#039;i 021114{24}63{20}27{31}137{txt_64}red yellow green hearts on each side of name{41}94{30}72{45}160{25}156{txt_61}',1,NULL,'20150424'),(1670,428,'444{txt_60}{txt_52}est:063090{txt_49}Evalina{24}63{66}323{31}174{41}95{40}206{39}42{30}159{45}160{32}78{55}210',1,NULL,'20150424'),(1669,427,'444{txt_60}{txt_52}est:063090{txt_49}Evalina{24}63{66}323{31}174{41}94{40}206{39}42{30}159{45}160{32}77{55}210',1,NULL,'20150424'),(1673,430,'162',1,NULL,'20150503'),(1675,431,'205{8}55',1,NULL,'20150525'),(1672,429,'432{txt_60}Ramona{txt_52}{txt_38}Moepono{24}64{31}167{41}94{40}92{39}42{30}159{45}160{58}216',1,NULL,'20150501'),(1676,432,'444{txt_60}{txt_52}Mommy will forever LOVE you!{txt_49}Precious{24}64{66}323{31}170{41}192{40}93{39}86{30}159{45}160{32}78{55}210',1,NULL,'20150601'),(1677,433,'577',1,NULL,'20150601'),(1684,434,'818',1,NULL,'20150618'),(1690,388,'1001',1,NULL,'20150704'),(1694,435,'237',1,NULL,'20150713'),(1697,438,'1050',1,NULL,'20150812'),(1698,439,'444{txt_60}MALIA{txt_52}LOVE GRANDMA &amp; PAPA{txt_49}LEIELLA{24}13{66}321{31}257{41}94{40}92{39}42{30}159{45}160{32}77{55}210',1,NULL,'20150814'),(1699,439,'443{txt_27}GRANDMA &amp; PAPA{txt_77}LEIELLA{65}269{76}327{68}11{66}271{31}333{41}94{40}159{39}41{30}71{45}160{25}60{32}78',1,NULL,'20150814'),(1700,439,'444{txt_60}LEAFAITULAGI{txt_52}LOVE YOU PAPA &amp; GRANDMA{txt_49}EMIANA{24}13{66}237{31}257{41}94{40}206{39}42{30}159{45}160{32}77{55}210',1,NULL,'20150814'),(1725,454,'415',1,NULL,'20151118'),(1702,440,'587',1,NULL,'20150830'),(1703,441,'265{8}41',1,NULL,'20150831'),(1704,442,'265{8}41',1,NULL,'20150831'),(1705,443,'443{txt_27}Love, Mom &amp; Dad{txt_77}Laumanu{65}273{76}327{68}21{66}270{31}333{41}95{40}159{39}85{30}72{45}162{25}60{32}78',1,NULL,'20150911'),(1710,446,'1002{txt_34}With LOVE your husband &amp; kids{txt_33}Mathias Mattea\\&#039;Lei Matteo{txt_56}Miah heart Nani{24}232{20}27{31}186{41}94{40}88{30}159{45}162{txt_61}{55}210',1,NULL,'20150920'),(1729,458,'862{2}103',1,NULL,'20151217'),(1728,449,'1036{txt_27}Love mom &amp; dad{txt_49}Laumanu{24}21{31}248{41}95{40}91{39}42{30}159{45}160{32}93',1,NULL,'20151216'),(1727,456,'519',1,NULL,'20151205'),(1718,448,'892',1,NULL,'20150925'),(1722,452,'444{txt_60}{txt_52}{txt_49}KAHULA{24}13{66}323{31}174{41}95{40}206{39}42{30}159{45}160{32}77{55}210',1,NULL,'20151108'),(1741,462,'443{txt_27}Listen&#039;s Heart{txt_77}Moana{65}273{76}326{68}21{66}270{31}75{41}94{40}159{39}43{30}72{45}160{25}60{32}78',1,NULL,'20160118'),(1739,461,'123{txt_34}Love Aunty Kala{txt_33}Jeiva{txt_56}{24}348{20}27{31}145{41}95{40}195{30}159{45}160{25}60{txt_61}{32}78{55}210{78}357',1,NULL,'20160115'),(1738,461,'123{txt_34}Love Aunty Kala{txt_33}Reighley-Ann{txt_56}{24}348{20}27{31}145{41}95{40}195{30}159{45}160{25}60{txt_61}{32}78{55}210{78}357',1,NULL,'20160115'),(1744,464,'444{txt_60}{txt_52}{txt_49}Kahea{24}63{66}321{31}144{41}94{40}89{39}42{30}159{45}160{32}77{55}210',1,NULL,'20160123'),(1745,465,'391',1,NULL,'20160131'),(1747,468,'254',2,NULL,'20160215'),(1748,385,'911{txt_27}natia{txt_49}Filigata{68}19{66}271{31}74{40}159{30}159{45}160{25}60{67}277',1,NULL,'20160217'),(1754,470,'123{txt_34}Tae Philomena{txt_33}{txt_56}{24}353{20}27{31}174{41}94{40}78{30}78{45}160{25}60{txt_61}{32}78{55}210{78}364',1,NULL,'20160313'),(1753,472,'444{txt_60}{txt_52}{txt_49}Nahoopii{24}66{66}237{31}147{41}94{40}93{39}42{30}72{45}160{32}78{55}210',1,NULL,'20160309'),(1755,473,'654{txt_34}{txt_33}Makana O&#039; Nalani{txt_56}{24}232{20}32{31}139{txt_64}{41}94{40}93{30}159{45}161{25}60{txt_61}{32}77{55}210',1,NULL,'20160317'),(1756,474,'1050{txt_37}Forever&amp;Always{txt_49}Tahlia{39}42{30}159{45}160{32}78',1,NULL,'20160317'),(1760,475,'472{txt_36}Marianive&amp;#10084;&amp;#65039;Iutisone-90398{txt_35}Iuti&amp;#10084;&amp;#65039;Maria{24}40{31}207{41}265{40}231{30}159{45}161{25}60{46}113{62}244',1,NULL,'20160326'),(1763,476,'827{txt_37}07132015{txt_29}FAALATAMAGO{24}19{31}202{41}95{30}159{25}60{62}244{32}93',1,NULL,'20160328'),(1979,548,'1068{54}280{79}19',1,NULL,'20170801'),(1980,548,'376',1,NULL,'20170801'),(1773,478,'265{8}42',1,NULL,'20160411'),(1774,477,'733{2}21{22}16',1,NULL,'20160411'),(1777,479,'758{txt_59}{txt_60}{txt_52}Love, Abby{txt_29}Vivian{24}13{31}141{41}94{40}195{39}43{30}159{45}160{58}217',1,NULL,'20160413'),(1776,479,'432{txt_60}{txt_52}{txt_38}Jashten{24}64{31}137{41}94{40}92{39}85{30}159{45}160{58}216',1,NULL,'20160413'),(1779,479,'758{txt_59}{txt_60}{txt_52}Love, Abby{txt_29}Marie{24}13{31}141{41}94{40}196{39}43{30}159{45}160{58}217',1,NULL,'20160413'),(1780,480,'444{txt_60}{txt_52}{txt_49}tahiti{24}63{66}321{31}314{41}94{40}88{39}42{30}159{45}160{32}77{55}210',1,NULL,'20160414'),(1800,475,'827{txt_37}!HNRGOD!{txt_29}&amp;#10084;&amp;#65039;IutiMaria&amp;#10084;&amp;#65039;{24}19{31}201{41}95{30}71{25}60{62}244{32}93',1,NULL,'20160428'),(1783,481,'861{2}108',1,NULL,'20160423'),(1784,481,'861{2}110',1,NULL,'20160423'),(1785,481,'845{2}108{22}48',1,NULL,'20160423'),(1786,481,'845{2}110{22}48',1,NULL,'20160423'),(1787,481,'518{22}48',1,NULL,'20160423'),(1788,481,'530',1,NULL,'20160423'),(1789,481,'523{22}48',1,NULL,'20160423'),(1790,481,'529',2,NULL,'20160423'),(1791,481,'164',1,NULL,'20160423'),(1792,481,'630',1,NULL,'20160423'),(1793,481,'621',1,NULL,'20160423'),(1794,481,'638',1,NULL,'20160423'),(1795,481,'255{8}42',2,NULL,'20160423'),(1796,481,'952',1,NULL,'20160423'),(1797,481,'417',1,NULL,'20160423'),(1798,481,'295',1,NULL,'20160423'),(1799,481,'233',1,NULL,'20160423'),(1801,482,'446{txt_34}my love my life my everything{txt_33}Kaisen{24}220{20}29{31}137{txt_64}{41}94{40}70{30}159{45}160{txt_61}',1,NULL,'20160430'),(1802,482,'758{txt_59}{txt_60}{txt_52}{txt_29}Napua{24}13{31}137{41}94{40}78{39}42{30}159{45}160{58}217',1,NULL,'20160430'),(1803,483,'57{2}2',1,NULL,'20160516'),(1849,494,'237',1,NULL,'20160709'),(1850,495,'654{txt_34}Love forever est 07/13/15{txt_33}Kristina{txt_56}Brandon{24}220{20}27{31}138{txt_64}Plumeria scroll{41}94{40}93{30}72{45}160{25}60{txt_61}Tigers on the side of each name{32}77{55}210',1,NULL,'20160728'),(1814,487,'1060{txt_75}V',1,NULL,'20160529'),(1813,487,'827{txt_37}Valaaulia{txt_29}I. Aasa{24}19{31}202{41}94{30}159{25}60{62}244{32}93',1,NULL,'20160529'),(1890,512,'654{txt_34}Love you forever Dell{txt_33}Kau&#039;ionalani{txt_56}{24}220{20}27{31}188{txt_64}Hawaii skin diver kumu fishes and tako{41}94{40}93{30}159{45}160{25}60{txt_61}{32}77{55}210',1,NULL,'20161214'),(1889,512,'654{txt_34}Love you always Dell{txt_33}Kau&#039;ionalani{txt_56}{24}220{20}27{31}188{txt_64}Skin diver with kumu fishes and tako{41}94{40}93{30}159{45}160{25}60{txt_61}Skin diver and kumu fishes and tako{32}77{55}210',1,NULL,'20161214'),(1818,490,'123{txt_34}{txt_33}Kealohikalikoonapualani{txt_56}{24}351{20}30{31}138{41}94{40}159{30}159{45}160{25}60{txt_61}kahili&#039;s on each end of the name{32}78{55}210{78}362',1,NULL,'20160611'),(1853,315,'446{txt_34}Rachael, AbbyGale, AJ, Vincenzo, Jireh{txt_33}Vicky{24}220{20}33{31}138{txt_64}samoan tattoo{41}95{40}206{30}159{45}160{txt_61}turtles',1,NULL,'20160729'),(1851,315,'742{txt_27}I love you{txt_38}Vicky{24}21{31}248{41}94{40}206{39}85{30}70{45}160{32}93',1,NULL,'20160729'),(1843,492,'911{txt_27}1Corinthians16:14{txt_49}Larry Gutu{68}19{66}271{31}74{40}159{30}159{45}160{25}60{67}33',1,NULL,'20160629'),(1879,509,'758{txt_59}{txt_60}{txt_52}{txt_29}Irieson{24}64{31}191{41}94{40}92{39}86{30}159{45}160{58}240',1,NULL,'20161206'),(1860,499,'444{txt_60}{txt_52}{txt_49}Leinaala{24}13{66}236{31}311{41}95{40}93{39}42{30}72{45}160{32}78{55}210',1,NULL,'20160903'),(1859,499,'654{txt_34}{txt_33}Hauhio{txt_56}{24}221{20}27{31}185{txt_64}{41}95{40}93{30}72{45}160{25}60{txt_61}{32}77{55}210',1,NULL,'20160903'),(1861,500,'254',1,NULL,'20161003'),(1862,500,'941{8}42',1,NULL,'20161003'),(1863,500,'618',1,NULL,'20161003'),(1866,502,'758{txt_59}Nohealani{txt_60}Zhanity{txt_52}I love you baby always{txt_29}{24}64{31}138{41}95{40}231{39}85{30}159{45}160{58}240',1,NULL,'20161012'),(1865,501,'1051{txt_27}Our Princess{txt_77}Jane Godinet{76}328{68}19{66}270{31}248{41}94{40}206{39}41{30}159{45}160{25}60{32}78',1,NULL,'20161010'),(1867,502,'444{txt_60}Nohealani zh{txt_52}I love you baby always{txt_49}{24}13{66}237{31}191{41}95{40}231{39}42{30}159{45}160{32}77{55}210',1,NULL,'20161012'),(1868,503,'654{txt_34}Love Mommy 2017{txt_33}Makanalei{txt_56}{24}221{20}27{31}177{txt_64}{41}95{40}93{30}159{45}160{25}60{txt_61}Volcom Stone on both sides of her name{32}77{55}210',1,NULL,'20161029'),(1869,505,'295',1,NULL,'20161113'),(1876,505,'255{8}42',1,NULL,'20161205'),(1877,509,'446{txt_34}{txt_33}Ku&#039;uhokualohimalulani Irieah{24}221{20}153{31}172{txt_64}Good luch dragons and beautiful butterflies{41}94{40}196{30}342{45}162{txt_61}',1,NULL,'20161206'),(1888,511,'817',1,NULL,'20161207'),(1908,503,'1033',1,NULL,'20170123'),(1911,522,'1063',1,NULL,'20170201'),(1912,522,'694{2}8',2,NULL,'20170201'),(1918,524,'759{txt_60}Akoni{txt_34}{txt_33}Akela{24}63{20}30{31}170{41}95{40}78{30}71{45}160{txt_61}{32}93{55}210',1,NULL,'20170222'),(1945,537,'791{txt_34}{txt_33}Alyssa{txt_56}Alohi-Lani{24}67{20}25{31}137{txt_64}Maui with hula dancers{41}94{30}72{45}160{25}156{txt_61}',1,NULL,'20170410'),(1949,539,'758{txt_59}{txt_60}{txt_52}7696{txt_29}KeriAnn{24}63{31}138{41}94{40}78{39}86{30}159{45}162{58}217',2,NULL,'20170510'),(1947,481,'746{2}2{22}60',1,NULL,'20170505'),(1976,547,'123{txt_34}Kuuipo 01-05-1996{txt_33}Lourdes{txt_56}Loulakeka{24}348{20}293{31}179{41}94{40}88{30}71{45}162{25}60{txt_61}{32}77{55}210{78}357',1,NULL,'20170728'),(1952,540,'1060{txt_75}',1,NULL,'20170517'),(1953,540,'1058{24}14{71}192{67}286',1,NULL,'20170517'),(1954,538,'164',1,NULL,'20170525'),(1955,538,'861{2}112',1,NULL,'20170525'),(1958,543,'265{8}41',1,NULL,'20170617'),(1977,548,'831{8}29',1,NULL,'20170801'),(1966,544,'713{8}42',1,NULL,'20170713'),(1967,544,'1036{txt_27}ESSANEA NEA&#039;LA{txt_49}JOSEPH JJ{24}40{31}202{41}94{40}294{39}43{30}159{45}160{32}77',1,NULL,'20170713'),(1975,545,'605{txt_34}Happy birthday 2018{txt_33}Brandon{txt_56}Janeen{24}220{20}27{31}137{41}94{40}159{30}241{45}160{25}60{txt_61}{32}93{55}210',1,NULL,'20170721'),(1978,548,'205{8}54',1,NULL,'20170801'),(1981,548,'846{2}105',1,NULL,'20170801'),(1982,549,'901',1,NULL,'20170814'),(1983,550,'791{txt_34}Happy Anniversary{txt_33}John{txt_56}Denise{24}63{20}27{31}137{txt_64}Lucky Bamboo{41}94{30}72{45}160{25}156{txt_61}Winnie the Pooh (with Red enamel) and Heart',1,NULL,'20170921'),(1984,551,'670{2}2',1,NULL,'20170924'),(1988,555,'1051{txt_27}{txt_77}Naiah&amp;#10084;Ezayda&amp;#10084;Khai{76}326{68}21{66}270{31}74{41}94{40}206{39}85{30}241{45}160{25}60{32}78',1,NULL,'20171027'),(1995,278,'123{txt_34}I&#039;ll be there{txt_33}Scotty and Tasha{txt_56}{24}352{20}26{31}137{41}94{40}159{30}71{45}162{25}60{txt_61}{32}78{55}210{78}361',1,NULL,'20171117'),(1994,278,'123{txt_34}I&#039;ll be there{txt_33}Scotty{txt_56}Tasha{24}352{20}27{31}137{41}95{40}159{30}71{45}160{25}60{txt_61}{32}78{55}210{78}363',1,NULL,'20171117'),(1996,278,'123{txt_34}I&#039;ll be there{txt_33}Scotty Scandal tasha{txt_56}{24}348{20}26{31}137{41}94{40}159{30}71{45}160{25}60{txt_61}{32}78{55}210{78}361',1,NULL,'20171117'),(2001,558,'842{2}105{22}48',1,NULL,'20171128'),(2002,558,'255{8}42',1,NULL,'20171128'),(2009,561,'705{8}41',1,NULL,'20171208'),(2005,560,'442{22}16',1,NULL,'20171204'),(2019,567,'758{txt_59}Mikala{txt_60}{txt_52}{txt_29}{24}63{31}137{41}94{40}78{39}42{30}159{45}160{58}217',1,NULL,'20180103'),(2017,566,'742{txt_27}{txt_38}&#039;Iliahi{24}14{31}75{41}218{40}93{39}86{30}70{45}160{32}93',1,NULL,'20180101'),(2011,562,'605{txt_34}{txt_33}Steffany{txt_56}{24}221{20}27{31}167{41}95{40}159{30}159{45}160{25}60{txt_61}{32}93{55}210',1,NULL,'20171211'),(2012,563,'237',1,NULL,'20171215'),(2013,563,'939{8}41',1,NULL,'20171215'),(2014,564,'1047',1,NULL,'20171218'),(2016,565,'716',1,NULL,'20171231'),(2018,559,'864',1,NULL,'20180101'),(2022,568,'999{8}86{2}225',1,NULL,'20180104'),(2026,554,'758{txt_59}Sosaia{txt_60}Tapaita{txt_52}Mom &amp; Dad 12/17/81{txt_29}Pinomi{24}63{31}137{41}94{40}78{39}42{30}159{45}160{58}217',1,NULL,'20180117'),(2021,568,'1002{txt_34}Rmm 18{txt_33}Makana Anela{txt_56}Leimomilani keliiloa{24}232{20}33{31}140{41}94{40}88{30}159{45}160{txt_61}Can I have a hibiscus between the two names{55}210',1,NULL,'20180104'),(2051,578,'654{txt_34}Love you Desi{txt_33}Emerson Loves Desialee{txt_56}{24}221{20}153{31}198{txt_64}{41}94{40}93{30}159{45}160{25}60{txt_61}{32}77{55}210',1,NULL,'20180301'),(2028,569,'444{txt_60}{txt_52}{txt_49}{24}65{66}236{31}144{41}94{40}89{39}42{30}159{45}160{32}77{55}210',1,NULL,'20180123'),(2029,569,'828',1,NULL,'20180123'),(2030,569,'1014{txt_57}{30}159{45}160',1,NULL,'20180123'),(2031,569,'743{txt_27}{txt_29}{24}12{31}96{30}70{25}60{32}78',1,NULL,'20180123'),(2032,569,'1051{txt_27}{txt_77}{76}326{68}19{66}270{31}74{41}94{40}206{39}41{30}241{45}160{25}60{32}78',1,NULL,'20180123'),(2036,572,'519',1,NULL,'20180208'),(2039,574,'448',1,NULL,'20180215'),(2038,573,'414',1,NULL,'20180215'),(2052,578,'865',1,NULL,'20180301'),(2056,580,'472{txt_36}My Queen Cathy 4/22/18{txt_35}{24}21{31}137{41}95{40}93{30}266{45}266{25}60{46}119{62}244',1,NULL,'20180312'),(2042,519,'1036{txt_27}RISHA SILVA{txt_49}KEIKILANI{24}40{31}80{41}94{40}93{39}42{30}159{45}162{32}77',1,NULL,'20180222'),(2048,576,'791{txt_34}Cody Loves Pauline Always &amp; Forever 06/19/2016{txt_33}Pauline J C Ramos{txt_56}{24}64{20}33{31}137{txt_64}Cherry blossom and koi design{41}94{30}159{45}160{25}156{txt_61}',1,NULL,'20180225'),(2107,554,'899{txt_36}02.02.01 Malimali{txt_35}Henrietta{24}14{31}97{41}95{40}93{30}71{45}160{46}121{32}78',1,NULL,'20180528'),(2108,590,'1002{txt_34}Always and forever in my heart{txt_33}Po&#039;omaika&#039;i  Shaun Kapeamu{txt_56}Andriss Colton Marley Branden{24}232{20}223{31}181{41}94{40}92{30}159{45}282{txt_61}{55}210',1,NULL,'20180530'),(2054,579,'742{txt_27}&amp;#10084;mom&amp;dad{txt_38}Leisia{24}40{31}248{41}94{40}92{39}41{30}70{45}162{32}93',1,NULL,'20180307'),(2055,580,'472{txt_36}My King Luis 4/22/18{txt_35}{24}40{31}137{41}95{40}93{30}266{45}266{25}60{46}104{62}244',1,NULL,'20180312'),(2057,576,'791{txt_34}September 25th, 2002- October 15th, 2012{txt_33}Isaiah &quot;IronMan&quot; Bolden{txt_56}{24}63{20}32{31}137{txt_64}cherry blossoms with Koi{41}94{30}72{45}160{25}156{txt_61}',1,NULL,'20180315'),(2077,586,'444{txt_60}Park{txt_52}Love, Mom &amp; Dad{txt_49}Rain{24}65{66}236{31}262{41}94{40}93{39}42{30}159{45}160{32}77{55}210',1,NULL,'20180322'),(2086,589,'713{8}42',1,NULL,'20180410'),(2074,583,'1062',1,NULL,'20180315'),(2072,582,'742{txt_27}Aloha 2018{txt_38}Amy{24}40{31}74{41}94{40}93{39}41{30}70{45}160{32}93',1,NULL,'20180315'),(2083,588,'839{txt_73}{txt_29}Kipikane{24}19{31}81{41}94{40}159{30}159{45}160{32}78',1,NULL,'20180401'),(2089,554,'123{txt_34}Congratulations Love, Mom, Sia &amp; Vikz 06/30/2018{txt_33}Irene Victoria{txt_56}{24}350{20}30{31}137{41}218{40}78{30}72{45}162{25}60{txt_61}{32}78{55}210{78}361',1,NULL,'20180417'),(2096,591,'444{txt_60}KAUWELA{txt_52}I love you with all my heart{txt_49}PULE{24}64{66}236{31}317{41}94{40}92{39}318{30}159{45}160{32}77{55}210',1,NULL,'20180517'),(2097,590,'446{txt_34}Always and forever 808{txt_33}Po&#039;omaika&#039;i Shaun Kapeamu{24}221{20}154{31}190{txt_64}{41}94{40}92{30}342{45}282{txt_61}',1,NULL,'20180519'),(2101,595,'253',3,NULL,'20180527'),(2102,595,'742{txt_27}{txt_38}{24}21{31}74{41}95{40}93{39}42{30}70{45}160{32}77',1,NULL,'20180527'),(2113,598,'756{txt_73}Tutu always with you{txt_29}Makanahauoli{24}12{31}298{41}94{40}78{30}70{45}160{32}78',1,NULL,'20180620'),(2104,595,'1036{txt_27}{txt_49}{24}21{31}248{41}95{40}93{39}42{30}159{45}162{32}93',1,NULL,'20180527'),(2114,598,'941{8}43',1,NULL,'20180620'),(2115,598,'899{txt_36}Gramma&#039;s heart{txt_35}Makanahau&#039;oli{24}21{31}298{41}94{40}93{30}71{45}160{46}114{32}78',1,NULL,'20180620'),(2116,599,'1051{txt_27}Daunny{txt_77}Madonna{76}327{68}14{66}270{31}74{41}95{40}206{39}43{30}159{45}160{25}60{32}78',1,NULL,'20180625'),(2117,600,'791{txt_34}{txt_33}Jasmine{txt_56}Antonio{24}13{20}29{31}137{txt_64}{41}94{30}159{45}161{25}156{txt_61}',1,NULL,'20180627'),(2118,600,'1060{txt_75}J',1,NULL,'20180707'),(2124,604,'1050{txt_37}{txt_49}Vanity{39}42{30}159{45}160{32}78',1,NULL,'20180720'),(2123,603,'791{txt_34}MalamaLehuaUlaKowali{txt_33}Ku&#039;uipo{txt_56}{24}64{20}32{31}137{txt_64}Royal Bamboo{41}94{30}72{45}160{25}156{txt_61}',1,NULL,'20180718'),(2122,596,'444{txt_60}{txt_52}{txt_49}Coloma{24}67{66}323{31}139{41}94{40}93{39}43{30}159{45}160{32}78{55}210',1,NULL,'20180711'),(2125,605,'417',1,NULL,'20180726'),(2126,605,'523{22}48',1,NULL,'20180726'),(2127,605,'845{2}108{22}48',1,NULL,'20180726'),(2128,605,'1016',1,NULL,'20180726'),(2129,605,'659{2}25',1,NULL,'20180726'),(2130,605,'517',1,NULL,'20180726'),(2131,605,'939{8}41',1,NULL,'20180726'),(2133,607,'123{txt_34}Fifteen Years{txt_33}McEntire{txt_56}Stein-Laura-James-Ryan-Suesan{24}352{20}27{31}177{41}218{40}78{30}72{45}160{25}60{txt_61}{32}78{55}210{78}361',1,NULL,'20180731'),(2135,609,'789{txt_27}Kailani{txt_29}Teieta{24}21{31}81{54}159{40}159{45}160{32}78',1,NULL,'20180904'),(2142,612,'780',1,NULL,'20181103'),(2148,618,'794{2}113',2,NULL,'20181130'),(2149,618,'673{2}31',1,NULL,'20181130'),(2152,620,'1002{txt_34}{txt_33}Jesus &amp;#9829;&amp;#65039; Yvette Perez{txt_56}See email{24}232{20}27{31}191{41}94{40}93{30}159{45}162{txt_61}{55}210',1,NULL,'20181203'),(2151,619,'759{txt_60}{txt_34}Kiilau Boyz{txt_33}Kika Ali&#039;i Kalo{24}63{20}25{31}137{41}218{40}78{30}159{45}160{txt_61}{32}93{55}210',1,NULL,'20181201'),(2153,620,'1002{txt_34}Piha keaukaha &amp; Mama Sweetz est:6/24/2015 Blessed:8/21/2015{txt_33}Jesus Heart Yvette Perez{txt_56}See email{24}232{20}27{31}191{41}95{40}88{30}159{45}162{txt_61}{55}210',1,NULL,'20181203');

--
