-- Table structure for table `orders_products`
--

CREATE TABLE `orders_products` (
  `orders_products_id` int(11) NOT NULL AUTO_INCREMENT,
  `orders_id` int(11) NOT NULL DEFAULT '0',
  `products_id` int(11) NOT NULL DEFAULT '0',
  `products_model` varchar(12) DEFAULT NULL,
  `products_name` varchar(64) NOT NULL DEFAULT '',
  `products_price` decimal(15,4) NOT NULL DEFAULT '0.0000',
  `final_price` decimal(15,4) NOT NULL DEFAULT '0.0000',
  `products_tax` decimal(7,4) NOT NULL DEFAULT '0.0000',
  `products_quantity` int(2) NOT NULL DEFAULT '0',
  `products_stock_attributes` varchar(255) DEFAULT NULL,
  PRIMARY KEY (`orders_products_id`)
) ENGINE=MyISAM AUTO_INCREMENT=410 DEFAULT CHARSET=latin1;

--
-- Dumping data for table `orders_products`
--

INSERT INTO `orders_products` VALUES (14,11,62,'155155','Team Pro Fleece',55.9650,55.9650,21.5000,1,NULL),(15,12,82,'2404','Leslie Down Jacket',164.5000,164.5000,21.5000,1,NULL),(16,13,119,'9165','Bogner Zilla Fleece Hat',39.0000,39.0000,0.0000,1,NULL),(19,16,45,'44400','System Insulator Jacket',55.6500,55.6500,0.0000,1,NULL),(20,17,37,'41522','Challenge Jacket',90.6500,90.6500,0.0000,1,NULL),(23,20,81,'2005','Niobe Down Jacket',115.5000,115.5000,0.0000,1,NULL),(22,19,101,'3160','Bogner Vivi Down Vest',209.3000,209.3000,0.0000,1,NULL),(8,8,81,'2005','Niobe Down Jacket',132.0000,132.0000,21.5000,1,NULL),(9,9,73,'3300','Nitro Jacket',108.7500,108.7500,21.5000,1,NULL),(10,9,63,'155152','Team Pant',119.2500,119.2500,21.5000,1,NULL),(11,9,62,'155155','Team Pro Fleece',59.9625,59.9625,21.5000,1,NULL),(12,10,96,'41426','Twist Jacket',76.6500,76.6500,21.5000,1,NULL),(13,10,92,'41391','Star Vest pink',55.6500,55.6500,21.5000,1,NULL),(24,21,136,'SK 1 silk','Falke SK 1 Adult Ski Sock w/ Silk',24.9500,24.9500,0.0000,1,NULL),(25,22,32,'45508','Piper Pant',41.6500,41.6500,0.0000,1,NULL),(26,23,142,'Sea Sherman','Lotus Sea Sherman PFD Yellow',96.2500,96.2500,0.0000,1,NULL),(27,24,147,'Dye Marker','Orion Fluoresceint Dye Marker',7.5000,7.5000,0.0000,1,NULL),(28,25,137,'locean','Lotus Locean Womens PFD',111.6500,111.6500,0.0000,1,NULL),(29,26,135,'SK 4','Falke Pro Race Ski Sock',24.5000,24.5000,0.0000,1,NULL),(30,27,181,'51531','Optimus Down Jacket',129.5000,129.5000,0.0000,1,'1-112,2-20'),(31,28,257,'58526','Obermeyer Jester Fleece Hat',22.0000,22.0000,6.0000,1,'1-205,2-41'),(36,32,152,'51424','Obermeyer Cirque Jacket',119.5000,119.5000,0.0000,1,'1-91,2-6'),(33,30,240,'6901','Spyder Girls Destiny Jacket',150.0000,150.0000,0.0000,1,'1-191,2-7'),(34,30,222,'3505','Spyder Girls Circuit Pant',99.9500,99.9500,0.0000,1,'1-163,2-7'),(35,31,166,'55402','Obermeyer Competition Pant',119.5000,119.5000,0.0000,1,'1-30,2-14'),(49,43,464,'','Marker Montana Leather Glove',69.0000,69.0000,0.0000,1,'1-367,2-37'),(48,42,240,'6901','Spyder Girls Destiny Jacket',150.0000,150.0000,0.0000,1,'1-190,2-6'),(39,34,395,'','Patagonia Mens Retro Rythem Hoody',185.0000,185.0000,0.0000,1,'1-344,2-36'),(40,35,135,'SK 4','Falke Pro Race Ski Sock',25.9500,25.9500,0.0000,1,'1-370,2-374'),(41,36,395,'','Patagonia Mens Retro Rythem Hoody',185.0000,185.0000,0.0000,1,'1-344,2-37'),(42,37,232,'3651','Spyder Mini Pro Jacket',130.0000,130.0000,0.0000,1,'1-153,2-22'),(43,38,203,'','Obermeyer Wildcat Pant',79.5000,79.5000,0.0000,1,'1-30,2-3'),(44,38,203,'','Obermeyer Wildcat Pant',79.5000,79.5000,0.0000,1,'1-30,2-14'),(45,39,124,'','Most Difficult Ski Slope Sign',25.0000,25.0000,0.0000,1,''),(47,41,257,'58526','Obermeyer Jester Fleece Hat',22.0000,22.0000,0.0000,1,'1-206,2-41'),(50,44,263,'6702','Spyder Venom Light Weight Jacket',55.0000,55.0000,0.0000,1,'1-30,2-4'),(51,45,406,'','686 KINGS Mens Jacket',200.0000,200.0000,0.0000,1,'1-1,2-36'),(52,46,263,'6702','Spyder Venom Light Weight Jacket',55.0000,55.0000,0.0000,1,'1-30,2-3'),(53,46,263,'6702','Spyder Venom Light Weight Jacket',55.0000,55.0000,0.0000,1,'1-215,2-5'),(54,47,206,'3005','Spyder Kyd\'s Killington Bib Pant',195.0000,195.0000,0.0000,1,'1-135,2-6'),(55,48,229,'3855','Spyder Kyd\'s Stynger Hat',25.0000,25.0000,6.0000,1,'1-177'),(56,49,136,'SK 1 silk','Falke SK 1 Adult Ski Sock w/ Silk',25.9500,25.9500,0.0000,1,'1-369,2-375'),(57,49,135,'SK 4','Falke Pro Race Ski Sock',25.9500,25.9500,0.0000,1,'1-369,2-375'),(58,50,463,'9303','Marker Spring Gloves',40.0000,40.0000,6.0000,1,'1-30,2-36'),(59,51,135,'SK 4','Falke Pro Race Ski Sock',25.9500,25.9500,0.0000,1,'1-369,2-374'),(60,51,135,'SK 4','Falke Pro Race Ski Sock',25.9500,25.9500,0.0000,1,'1-369,2-373'),(61,52,463,'9303','Marker Spring Gloves',40.0000,40.0000,0.0000,1,'1-30,2-37'),(64,55,135,'SK 4','Falke Pro Race Ski Sock',25.9500,25.9500,0.0000,1,'1-2,2-373'),(63,54,395,'','Patagonia Mens Retro Rythem Hoody',185.0000,185.0000,0.0000,1,'1-343,2-37'),(65,55,135,'SK 4','Falke Pro Race Ski Sock',25.9500,25.9500,0.0000,1,'1-370,2-373'),(66,56,463,'9303','Marker Spring Gloves',40.0000,40.0000,0.0000,1,'1-365,2-37'),(67,57,168,'51302','Obermeyer Aura Girls Jacket',104.6250,104.6300,0.0000,1,'1-104,2-3'),(85,68,184,'55500','Obermeyer Chill Factor Bib',71.2500,71.2500,0.0000,1,'1-112,2-29'),(69,57,234,'3750','Spyder Bitsy Charge Jacket',97.5000,97.5000,0.0000,1,'1-182,2-28'),(70,58,241,'3902','Spyder Girls Nirvana Jacket',123.7500,123.7500,0.0000,1,'1-170,2-3'),(111,86,409,'LJL703f','Metropolis Dariana Ladies Jacket',379.0000,379.0000,0.0000,1,'1-346,2-14'),(82,66,402,'LPL700','Metropolis Stella Ladies Pant',179.0000,179.0000,0.0000,1,'1-30,2-6'),(112,87,241,'3902','Spyder Girls Nirvana Jacket',123.7500,123.7500,0.0000,1,'1-170,2-6'),(79,63,359,'','686 DX-LIMITED Mens Jacket',290.0000,290.0000,0.0000,1,NULL),(92,72,388,'51103','Obermeyer Ladies Dharma Jacket',168.7500,168.7500,8.1500,1,'1-109,2-14'),(78,57,235,'3751','Spyder Bitsy Power Jacket',93.7500,93.7500,0.0000,1,NULL),(128,102,473,'55128','Obermeyer Ladies Miradella Pant',112.1250,112.1250,0.0000,1,'1-30,2-6'),(119,94,395,'','Patagonia Mens Retro Rythem Hoody',185.0000,185.0000,8.1500,1,'1-342,2-35'),(108,83,452,'','Marker Voyager Boot Bag / Boot Backpack',75.0000,75.0000,0.0000,1,''),(90,71,388,'51103','Obermeyer Ladies Dharma Jacket',168.7500,168.7500,0.0000,1,'1-39,2-258'),(91,71,402,'LPL700','Metropolis Stella Ladies Pant',179.0000,179.0000,0.0000,1,'1-349,2-258'),(93,72,387,'55133','Obermeyer Ladies Dynasty Pant',97.1250,112.6250,8.1500,1,'1-94,2-14'),(94,73,319,'2625F','Nils Sivan Fox Hooded Jacket',495.0000,495.0000,0.0000,1,'1-269,2-4'),(95,73,319,'2625F','Nils Sivan Fox Hooded Jacket',495.0000,495.0000,0.0000,1,'1-270,2-4'),(101,79,463,'9303','Marker Spring Gloves',40.0000,40.0000,0.0000,1,'1-365,2-36'),(97,75,395,'','Patagonia Mens Retro Rythem Hoody',185.0000,185.0000,0.0000,1,'1-343,2-37'),(98,76,388,'51103','Obermeyer Ladies Dharma Jacket',168.7500,168.7500,0.0000,1,'1-348,2-3'),(100,78,194,'51567','Obermeyer Diva II Jacket',82.5000,82.5000,0.0000,1,'1-123,2-29'),(102,80,135,'SK 4','Falke Pro Race Ski Sock',25.9500,25.9500,0.0000,2,'1-369,2-374'),(103,80,136,'SK 1 silk','Falke SK 1 Adult Ski Sock w/ Silk',25.9500,25.9500,0.0000,1,'1-370,2-372'),(104,81,218,'3302','Spyder Kyd\'s Pro Jacket',112.5000,112.5000,0.0000,1,'1-153,2-3'),(105,81,233,'3655','Spyder Mini Turbo Pant',71.2500,71.2500,0.0000,1,'1-156,2-29'),(106,82,136,'SK 1 silk','Falke SK 1 Adult Ski Sock w/ Silk',25.9500,25.9500,0.0000,1,'1-369,2-376'),(107,82,136,'SK 1 silk','Falke SK 1 Adult Ski Sock w/ Silk',25.9500,25.9500,0.0000,1,'1-370,2-376'),(116,91,155,'54400','Obermeyer Jr. System Insulator Jacket',59.6250,59.6300,0.0000,1,'1-30,2-4'),(114,89,387,'55133','Obermeyer Ladies Dynasty Pant',97.1250,112.6250,0.0000,1,'1-94,2-3'),(115,90,263,'6702','Spyder Venom Light Weight Jacket',110.0000,110.0000,0.0000,1,'1-214,2-4'),(120,95,302,'6604','Spyder Ladies Nirvana Down Jacket',250.0000,250.0000,0.0000,1,'1-215,2-3'),(164,125,194,'51567','Obermeyer Diva II Jacket',82.5000,82.5000,6.0000,1,'1-123,2-28'),(127,101,473,'55128','Obermeyer Ladies Miradella Pant',112.1250,112.1250,0.0000,1,'1-30,2-385'),(125,99,240,'6901','Spyder Girls Destiny Jacket',112.5000,112.5000,0.0000,1,'1-190,2-7'),(130,104,136,'SK 1 silk','Falke SK 1 Adult Ski Sock w/ Silk',25.9500,25.9500,0.0000,2,'1-369,2-375'),(167,122,194,'51567','Obermeyer Diva II Jacket',82.5000,82.5000,6.0000,1,NULL),(163,125,201,'55509','Obermeyer All Sports Overall',59.6250,59.6250,6.0000,1,'1-123,2-28'),(169,128,464,'','Marker Montana Leather Glove',69.0000,69.0000,6.0000,1,'1-30,2-36'),(137,107,235,'3751','Spyder Bitsy Power Jacket',93.7500,93.7500,0.0000,1,'1-184,2-28'),(134,106,303,'2105','Spyder Ladies Duchess Jacket',412.5000,412.5000,0.0000,1,'1-189,2-5'),(135,106,328,'RL5EL73','Rossignol - Pucci Sestriere Sweater',140.0000,140.0000,0.0000,1,NULL),(170,129,179,'55504','Obermeyer Jabber Overall',56.2500,56.2500,6.0000,1,'1-30,2-20'),(171,129,177,'51521','Obermeyer Iceberg Jacket',74.6250,74.6250,6.0000,1,'1-95,2-20'),(172,130,464,'','Marker Montana Leather Glove',69.0000,69.0000,0.0000,1,'1-30,2-35'),(146,111,200,'55510','Obermeyer Smarty Pants',52.1250,52.1250,0.0000,1,'1-104,2-22'),(147,111,192,'51507','Obermeyer Little Genie Jacket',97.1250,97.1250,0.0000,1,'1-104,2-22'),(148,112,201,'55509','Obermeyer All Sports Overall',59.6250,59.6250,0.0000,1,'1-123,2-22'),(175,133,135,'SK 4','Falke Pro Race Ski Sock',25.9500,25.9500,8.1500,1,'1-369,2-375'),(154,117,318,'D6-9641','Descente Ladies Mid Jacket',202.5000,202.5000,0.0000,1,'1-30,2-36'),(174,132,340,'','Patagonia Mens Down Sweater',165.0000,165.0000,0.0000,1,'1-271,2-34'),(166,124,395,'','Patagonia Mens Retro Rythem Hoody',185.0000,185.0000,0.0000,1,NULL),(176,133,135,'SK 4','Falke Pro Race Ski Sock',25.9500,25.9500,8.1500,1,NULL),(178,135,200,'55510','Obermeyer Smarty Pants',52.1250,52.1250,0.0000,1,'1-104,2-21'),(182,137,189,'55505','Obermeyer Gumdrop Pant',44.6250,44.6300,0.0000,1,'1-120,2-21'),(184,138,478,'7859j','Descente 2006/07 NASTAR GS SUIT JR',290.0000,290.0000,0.0000,1,'2-5'),(183,137,191,'55506','Obermeyer Sugar Plum Bib',67.1250,67.1300,0.0000,1,NULL),(185,139,122,'','Easy Ski Slope Sign',25.0000,25.0000,7.3500,1,''),(186,140,131,'405430','Burton Nugget Tool',13.9500,13.9500,0.0000,1,''),(187,141,346,'','Patagonia Ladies Hipster',18.0000,18.0000,0.0000,1,'1-292,2-34'),(188,141,346,'','Patagonia Ladies Hipster',18.0000,18.0000,0.0000,1,'1-291,2-34'),(189,141,346,'','Patagonia Ladies Hipster',18.0000,18.0000,0.0000,1,'1-290,2-35'),(190,142,537,'61301','Obermeyer La Jolla Down Jacket',160.0000,175.0000,0.0000,1,'1-414,2-6'),(191,143,616,'','Burton Ronin 3L Vent Pant',250.0000,250.0000,6.0000,1,'1-477,2-36'),(196,146,520,'68404','Obermeyer Cutter Jr Hat',20.0000,20.0000,6.0000,1,'1-406'),(195,146,752,'3852','Spyder Kyd\'s Graduation Hat',25.0000,25.0000,6.0000,1,'1-575,2-54'),(194,145,449,'','Head Big Easy Snowblade w/Releasable Binding',240.0000,240.0000,0.0000,1,''),(197,146,826,'69122','Obermeyer Womens UG Micro Zip-T',50.0000,50.0000,6.0000,1,'1-252,2-35'),(198,146,588,'','Burton Ladies Expedition 1/4 Zip Top',65.0000,65.0000,6.0000,1,'1-448,2-35'),(199,146,647,'','Burton Mens Compression Shirt',70.0000,70.0000,6.0000,1,'1-30,2-35'),(200,147,616,'','Burton Ronin 3L Vent Pant',250.0000,250.0000,0.0000,1,'1-475,2-38'),(201,148,550,'61375','Obermeyer 7th Heaven Girls Jacket',150.0000,150.0000,0.0000,1,'1-248,2-14'),(209,152,817,'67137','Obermeyer Womens Faith Soft Shell',200.0000,200.0000,0.0000,1,'1-632,2-258'),(208,148,547,'68305','Obermeyer Snowdrift Knit Hat',20.0000,20.0000,0.0000,1,NULL),(204,150,674,'','Spyder Kyd&#39;s Leader Jacket',175.0000,175.0000,0.0000,1,'1-523,2-7'),(205,151,677,'61566','Obermeyer Girls Keiko Jacket',130.0000,130.0000,0.0000,1,'1-512,2-431'),(206,151,681,'65501','Obermeyer Girls Sachi Pant',75.0000,75.0000,0.0000,1,'1-520,2-431'),(207,151,713,'68522','Obermeyer Girls Ruby Fleece Hat',25.0000,25.0000,0.0000,1,'1-488,2-42'),(210,152,817,'67137','Obermeyer Womens Faith Soft Shell',200.0000,200.0000,0.0000,1,'1-410,2-213'),(211,153,813,'65105','Obermeyer Womens Moorea Pant',130.0000,145.0000,0.0000,1,'1-414,2-213'),(212,154,817,'67137','Obermeyer Womens Faith Soft Shell',200.0000,200.0000,0.0000,1,'1-427,2-258'),(213,155,742,'157015','Volkl Mens Speed Jacket',470.0000,470.0000,0.0000,1,'1-30,2-37'),(214,156,896,'8610','Descente Mens Swiss Team Mid Jacket',280.0000,280.0000,0.0000,1,'1-30,2-38'),(215,157,602,'61523','Obermeyer Girls Starlight Down Jacket',130.0000,130.0000,6.0000,1,'1-452,2-3'),(216,157,637,'65508','Obermeyer Girls Starbright Bib',90.0000,90.0000,6.0000,1,'1-452,2-3'),(217,157,602,'61523','Obermeyer Girls Starlight Down Jacket',130.0000,130.0000,6.0000,1,'1-455,2-3'),(218,157,637,'65508','Obermeyer Girls Starbright Bib',90.0000,90.0000,6.0000,1,'1-455,2-3'),(219,157,644,'68501','Obermeyer Girls Pop Knit Hat',25.0000,25.0000,6.0000,1,'1-487,2-42'),(220,157,644,'68501','Obermeyer Girls Pop Knit Hat',25.0000,25.0000,6.0000,1,'1-457,2-42'),(221,158,671,'3150','Spyder Kyds US Team Jacket',275.0000,275.0000,0.0000,1,'1-505,2-130'),(222,158,478,'7859j','Descente 2006/07 NASTAR GS SUIT JR',290.0000,290.0000,0.0000,1,'2-7'),(223,158,478,'7859j','Descente 2006/07 NASTAR GS SUIT JR',290.0000,290.0000,0.0000,1,'2-8'),(224,159,503,'61430','Obermeyer Chute Boys Jacket',130.0000,130.0000,0.0000,1,'1-395,2-4'),(225,160,748,'3757','Spyder Girls Bitsy Trek Pant',75.0000,75.0000,0.0000,1,'1-558,2-21'),(226,161,816,'65173','Obermeyer Womens OBT II Stretch Pant',230.0000,230.0000,0.0000,1,'1-30,2-611'),(227,162,750,'6902','Spyder Girl\'s Nirvana Down Jacket',165.0000,165.0000,0.0000,1,'1-573,2-4'),(228,163,749,'6900','Spyder Girl\'s Destiny Jacket',150.0000,150.0000,6.0000,1,'1-569,2-7'),(229,164,926,'2206','Spyder Womens Duchess Jacket',550.0000,550.0000,0.0000,1,'1-667,2-6'),(230,165,966,'6001','Spyder Mens Apogee Jacket',700.0000,700.0000,0.0000,1,'1-30,2-38'),(231,166,718,'3500','Spyder Girl&#39;s Charge Jacket',175.0000,175.0000,0.0000,1,'1-539,2-4'),(232,167,718,'3500','Spyder Girl\'s Charge Jacket',175.0000,175.0000,0.0000,1,'1-538,2-4'),(233,168,802,'61202','Obermeyer Mens Highline Jacket',300.0000,300.0000,0.0000,1,'1-394,2-37'),(234,169,930,'6500','Spyder Womens Apogee Jacket',600.0000,600.0000,0.0000,1,'1-672,2-14'),(235,170,524,'61421','Obermeyer Talon Jacket',150.0000,150.0000,0.0000,1,'1-402,2-4'),(236,171,716,'3405','Spyder Girl\'s Ruby Pant',150.0000,150.0000,0.0000,1,'1-252,2-3'),(237,172,867,'B7596103','Burton Mens Dropout Full-Zip Hoodie',40.0000,40.0000,0.0000,1,'1-472,2-35'),(245,178,944,'4300','Spyder Mens X-Static Resort Dry W.E.B. T-Neck',105.0000,105.0000,0.0000,1,'1-1,2-36'),(244,177,671,'3150','Spyder Kyds US Team Jacket',275.0000,275.0000,0.0000,1,'1-506,2-8'),(246,179,585,'65504','Obermeyer boys Coaster Bib',80.0000,80.0000,0.0000,1,'1-397,2-429'),(243,173,542,'61400','Obermeyer Magic Girls Down Jacket',99.5000,99.5000,0.0000,1,NULL),(247,179,636,'65506','Obermeyer Girls Snoverall Bib',70.0000,70.0000,0.0000,1,'1-106,2-430'),(248,175,524,'61421','Obermeyer Talon Jacket',150.0000,150.0000,0.0000,1,NULL),(249,180,652,'','Burton Boys White Collection Asym Jacket',140.0000,140.0000,7.3500,1,'1-252,2-38'),(250,181,541,'65301','Obermeyer Malibu Girls Pant',100.0000,100.0000,0.0000,1,'1-252,2-14'),(251,182,537,'61301','Obermeyer La Jolla Down Jacket',160.0000,160.0000,0.0000,1,'1-252,2-14'),(252,183,538,'61322','Obermeyer Waimea Girls Jacket',160.0000,160.0000,0.0000,1,'1-252,2-14'),(253,184,930,'6500','Spyder Womens Apogee Jacket',600.0000,600.0000,0.0000,1,'1-30,2-3'),(254,185,889,'Gift','Gift Certificate',50.0000,50.0000,0.0000,2,'2-644'),(255,186,916,'16498','Falke Mens SK 4 Pro Race Ski Sock',25.9500,25.9500,0.0000,1,'1-30,2-376'),(256,186,917,'5410','Falke Mens Wa 2 Walking Sock',16.9500,16.9500,0.0000,1,'1-648,2-376'),(257,187,1004,'1','Metropolis Ladies Laure Jacket',469.0000,469.0000,0.0000,1,'1-30,2-14'),(258,188,862,'64291','Obermeyer Mens Grid Vest',80.0000,80.0000,0.0000,1,'1-30,2-36'),(259,189,987,'602','Neve Yvonne Ladies Sweater',125.0000,125.0000,0.0000,1,'1-711,2-35'),(260,190,908,'5651','DNA Ladies Lisa Marie Jacket',280.0000,280.0000,8.1500,1,'1-30,2-7'),(261,191,1013,'000659','Walk-EZ Ski-Shuttle',59.9500,59.9500,0.0000,1,'1-30,2-598'),(262,192,574,'','Burton Concert Ladies Jacket',130.0000,130.0000,8.1500,1,'1-439,2-38'),(263,193,542,'61400','Obermeyer Magic Girls Down Jacket',74.6250,74.6300,8.1500,1,'1-411,2-36'),(264,193,542,'61400','Obermeyer Magic Girls Down Jacket',74.6250,74.6300,8.1500,1,'1-416,2-35'),(268,196,879,'B7J671','Burton Mens Slide Style Cap',25.0000,25.0000,0.0000,1,'1-30,2-598'),(267,195,889,'Gift','Gift Certificate',50.0000,150.0000,0.0000,1,'2-646'),(269,197,674,'','Spyder Kyd\'s Leader Jacket',131.2500,131.2500,0.0000,1,'1-525,2-8'),(270,198,724,'3603','Spyder Boy\'s Mini Challenger Jacket',97.5000,97.5000,0.0000,1,'1-546,2-21'),(271,198,725,'3605','Spyder Boy\'s Mini Expedition Pant',80.0000,80.0000,0.0000,1,'1-547,2-21'),(272,199,690,'3205','Spyder Kyd\'s Force Pant',108.0000,108.0000,0.0000,1,'1-529,2-4'),(273,200,601,'61567','Obermeyer Girls Moonbeam Jacket',86.2500,86.2500,0.0000,1,'1-462,2-431'),(274,201,983,'6343','Marker Womens Power Zip-T',75.0000,75.0000,6.0000,1,'1-30,2-37'),(275,202,987,'602','Neve Yvonne Ladies Sweater',125.0000,125.0000,0.0000,1,'1-712,2-35'),(276,203,749,'6900','Spyder Girl\'s Destiny Jacket',112.5000,112.5000,8.1500,1,'1-569,2-6'),(277,204,526,'62423','Obermeyer Goshawk Shell',112.5000,112.5000,0.0000,1,'1-407,2-6'),(278,205,540,'65300','Obermeyer Venture Pant',80.0000,80.0000,0.0000,1,'1-252,2-14'),(279,206,1013,'000659','Walk-EZ Ski-Shuttle',59.9500,59.9500,8.1500,1,'1-62,2-598'),(280,207,636,'65506','Obermeyer Girls Snoverall Bib',56.0000,56.0000,0.0000,1,'1-459,2-430'),(281,208,541,'65301','Obermeyer Malibu Girls Pant',80.0000,95.0000,0.0000,1,'1-415,2-5'),(282,209,601,'61567','Obermeyer Girls Moonbeam Jacket',86.2500,86.2500,0.0000,1,'1-459,2-3'),(284,210,719,'3501','Spyder Girl\'s Power Jacket',123.7500,123.7500,0.0000,1,'1-538,2-6'),(285,211,571,'','Burton Dutchess Insulated Jacket',200.0000,200.0000,0.0000,1,'1-30,2-37'),(286,212,723,'3600','Spyder Boy&#39;s Mini Leader Jacket',105.0000,105.0000,0.0000,1,'1-508,2-29'),(287,213,541,'65301','Obermeyer Malibu Girls Pant',80.0000,80.0000,0.0000,1,'1-106,2-4'),(288,214,933,'1304','Spyder Mens Titan Jacket',365.0000,365.0000,0.0000,1,'1-674,2-37'),(289,215,723,'3600','Spyder Boy\'s Mini Leader Jacket',105.0000,105.0000,0.0000,1,'1-508,2-21'),(290,216,677,'61566','Obermeyer Girls Keiko Jacket',97.5000,107.5000,0.0000,1,'1-512,2-430'),(291,217,972,'4403','Spyder Mens Varsity Zip-T Neck',59.0000,59.0000,0.0000,1,'1-705,2-37'),(306,228,710,'68531','Obermeyer Girls Pippi Fleece Hat',20.0000,20.0000,0.0000,1,'1-487,2-42'),(305,228,643,'66500','Obermeyer Girls Stardust Hoodie',70.0000,70.0000,0.0000,1,'1-491,2-38'),(304,228,710,'68531','Obermeyer Girls Pippi Fleece Hat',20.0000,20.0000,0.0000,1,'1-461,2-42'),(303,228,643,'66500','Obermeyer Girls Stardust Hoodie',70.0000,70.0000,0.0000,1,'1-487,2-38'),(302,227,661,'','Burton Womens Baker Mitt & Under Mitt',50.0000,50.0000,6.0000,1,'1-451,2-38'),(298,223,723,'3600','Spyder Boy&#39;s Mini Leader Jacket',105.0000,105.0000,0.0000,1,'1-508,2-28'),(308,230,751,'6905','Spyder Girl\'s Spirit Pant',80.0000,80.0000,0.0000,1,'1-574,2-7'),(307,229,886,'B7J241','Burton Surplus Beanie',25.0000,25.0000,0.0000,1,'1-463,2-598'),(309,231,636,'65506','Obermeyer Girls Snoverall Bib',56.0000,56.0000,0.0000,1,'1-489,2-430'),(310,231,601,'61567','Obermeyer Girls Moonbeam Jacket',86.2500,86.2500,0.0000,1,'1-459,2-430'),(311,231,710,'68531','Obermeyer Girls Pippi Fleece Hat',20.0000,20.0000,0.0000,1,'1-459,2-41'),(312,232,548,'61306','Obermeyer Apres-Vous Girls Jacket',105.0000,105.0000,0.0000,1,'1-248,2-3'),(313,233,727,'3701','Spyder Girls Bitsy Duchess Jacket',131.2500,131.2500,0.0000,1,'1-550,2-22'),(314,234,724,'3603','Spyder Boy&#39;s Mini Challenger Jacket',97.5000,97.5000,0.0000,1,'1-546,2-28'),(328,240,637,'65508','Obermeyer Girls Starbright Bib',72.0000,72.0000,0.0000,1,'1-452,2-430'),(327,240,600,'61522','Obermeyer Girls Little Dipper Jacket',75.0000,75.0000,0.0000,1,'1-452,2-430'),(326,236,779,'65226','Obermeyer Mens Revert Pant',140.0000,165.0000,0.0000,1,NULL),(318,237,837,'68176','Obermeyer Womens Alpine Glove',35.0000,35.0000,0.0000,1,'1-252,2-36'),(319,238,889,'Gift','Gift Certificate',50.0000,100.0000,0.0000,3,'2-645'),(320,239,535,'61321','Obermeyer Solana Girls Jacket',105.0000,105.0000,0.0000,1,'1-252,2-6'),(321,239,749,'6900','Spyder Girl\'s Destiny Jacket',112.5000,112.5000,0.0000,1,'1-569,2-5'),(322,239,722,'3832','Spyder Girl\'s Glam Cotton T-Neck',45.0000,45.0000,0.0000,1,'1-542,2-37'),(323,239,554,'66301','Obermeyer Blizzard Girls Sweater',60.0000,60.0000,0.0000,1,'1-410,2-37'),(324,239,851,'66167','Obermeyer Womens Paige Sweater',100.0000,100.0000,0.0000,1,'1-416,2-35'),(325,239,718,'3500','Spyder Girl\'s Charge Jacket',131.2500,131.2500,0.0000,1,'1-538,2-6'),(329,240,735,'68586','Obermeyer Thumbs-Up Mitten',20.0000,20.0000,0.0000,2,'1-2,2-37'),(330,240,598,'68523','Obermeyer Orbit Fleece Hat',10.0000,10.0000,0.0000,1,'1-2,2-41'),(331,240,644,'68501','Obermeyer Girls Pop Knit Hat',25.0000,25.0000,0.0000,1,'1-457,2-41'),(332,240,687,'67550','Obermeyer Girls Solstice Fleece Jacket',45.0000,45.0000,0.0000,1,'1-457,2-36'),(333,240,568,'68510','Obermeyer Apex Knit Hat',20.0000,20.0000,0.0000,1,'1-2,2-41'),(334,240,556,'61576','Obermeyer X-treme Boys Jacket',90.0000,90.0000,0.0000,1,'1-2,2-430'),(335,240,564,'65518','Obermeyer Boys Whipper Overall',64.0000,64.0000,0.0000,1,'1-2,2-430'),(336,240,735,'68586','Obermeyer Thumbs-Up Mitten',20.0000,20.0000,0.0000,2,'1-2,2-36'),(337,240,691,'68507','Obermeyer Girls Brimmer Hat',20.0000,20.0000,0.0000,1,'1-457,2-41'),(338,241,571,'','Burton Dutchess Insulated Jacket',200.0000,200.0000,0.0000,1,'1-30,2-36'),(339,242,864,'67236','Obermeyer Mens Nucleus Insulator',140.0000,140.0000,0.0000,1,'1-30,2-37'),(340,243,849,'65185','Obermeyer Womens Bond II Stretch Pant',190.0000,190.0000,0.0000,1,'1-30,2-14'),(341,244,888,'B7J291','Burton Welsh Headphone Beanie',45.0000,45.0000,0.0000,1,'1-481,2-598'),(342,245,875,'B79302','Burton Ladies Gore Mitt',60.0000,60.0000,0.0000,1,'1-498,2-36'),(343,246,602,'61523','Obermeyer Girls Starlight Down Jacket',78.0000,78.0000,0.0000,1,'1-454,2-430'),(344,247,601,'61567','Obermeyer Girls Moonbeam Jacket',69.0000,69.0000,6.0000,1,'1-459,2-430'),(345,248,601,'61522','Obermeyer Girls Little Dipper Jacket',69.0000,60.0000,0.0000,1,'1-458,2-430'),(346,248,636,'65506','Obermeyer Girls Snoverall Bib',42.0000,42.0000,0.0000,1,'1-459,2-14'),(347,249,573,'','Burton Chopper Ladies Jacket',160.0000,160.0000,0.0000,1,'1-252,2-36'),(348,250,601,'61567','Obermeyer Girls Moonbeam Jacket',69.0000,69.0000,8.2750,1,'1-461,2-213'),(349,251,556,'61576','Obermeyer X-treme Boys Jacket',72.0000,72.0000,0.0000,1,'1-2,2-213'),(350,251,565,'65519','Obermeyer Chill Factor Boys Bib',60.0000,60.0000,0.0000,1,'1-30,2-213'),(352,253,560,'61506','Obermeyer X-2 Boys Suit',84.0000,84.0000,0.0000,1,'1-394,2-429'),(353,253,560,'61506','Obermeyer X-2 Boys Suit',84.0000,84.0000,0.0000,1,'1-408,2-429'),(356,255,881,'B7J641','Burton Mens Pinhead Cap',25.0000,25.0000,0.0000,1,'1-298,2-598'),(355,254,600,'61522','Obermeyer Girls Little Dipper Jacket',60.0000,60.0000,0.0000,1,NULL),(357,256,676,'61525','Obermeyer Girls Mai Jakcet',78.0000,88.0000,0.0000,1,'1-509,2-213'),(358,256,676,'61525','Obermeyer Girls Mai Jakcet',78.0000,88.0000,0.0000,1,'1-510,2-430'),(359,257,934,'1105','Spyder Mens Davos Pant',490.0000,490.0000,8.2750,1,'1-673,2-37'),(360,256,735,'68586','Obermeyer Thumbs-Up Mitten',20.0000,20.0000,0.0000,1,NULL),(361,256,735,'68586','Obermeyer Thumbs-Up Mitten',20.0000,20.0000,0.0000,1,NULL),(362,258,556,'61576','Obermeyer X-treme Boys Jacket',72.0000,72.0000,0.0000,1,'1-407,2-14'),(363,259,680,'65502','Obermeyer Girls Hana Bib',57.0000,57.0000,0.0000,1,'1-352,2-3'),(364,260,680,'65502','Obermeyer Girls Hana Bib',57.0000,57.0000,0.0000,1,'1-352,2-213'),(365,261,601,'61567','Obermeyer Girls Moonbeam Jacket',69.0000,69.0000,0.0000,1,'1-461,2-430'),(366,262,749,'6900','Spyder Girl\'s Destiny Jacket',90.0000,90.0000,6.0000,1,'1-569,2-3'),(367,263,749,'6900','Spyder Girl\'s Destiny Jacket',90.0000,90.0000,0.0000,1,'1-569,2-4'),(368,264,750,'6902','Spyder Girl\'s Nirvana Down Jacket',99.0000,99.0000,0.0000,1,'1-572,2-4'),(369,265,576,'61501','Obermeyer boys G-Force Jacket',66.0000,66.0000,0.0000,1,'1-395,2-14'),(370,265,560,'63506','Obermeyer X-2 Boys Suit',84.0000,84.0000,0.0000,1,'1-394,2-431'),(371,265,556,'3600','Spyder Mini Leader',72.0000,70.0000,0.0000,1,'1-394,2-213'),(379,270,710,'68531','Obermeyer Girls Pippi Fleece Hat',20.0000,20.0000,0.0000,1,'1-487,2-41'),(378,270,601,'61567','Obermeyer Girls Moonbeam Jacket',69.0000,69.0000,0.0000,1,'1-462,2-430'),(377,270,636,'65506','Obermeyer Girls Snoverall Bib',42.0000,42.0000,0.0000,1,'1-455,2-430'),(375,268,885,'','Burton Sparta Beanie',20.0000,20.0000,0.0000,1,'1-30,2-598'),(376,269,674,'','Spyder Kyd\'s Leader Jacket',105.0000,105.0000,0.0000,1,'1-508,2-3'),(380,271,692,'3209','Spyder Kyd\'s Force \"Plus\" Pant',87.0000,87.0000,0.0000,1,'1-530,2-96'),(381,272,680,'65502','Obermeyer Girls Hana Bib',57.0000,57.0000,6.0000,1,'1-352,2-431'),(382,273,644,'68501','Obermeyer Girls Pop Knit Hat',25.0000,25.0000,0.0000,1,'1-352,2-41'),(383,273,676,'61525','Obermeyer Girls Mai Jakcet',78.0000,78.0000,0.0000,1,'1-512,2-430'),(384,273,680,'65502','Obermeyer Girls Hana Bib',57.0000,57.0000,0.0000,1,'1-352,2-14'),(385,273,735,'68586','Obermeyer Thumbs-Up Mitten',20.0000,20.0000,0.0000,1,'1-520,2-36'),(386,274,637,'65508','Obermeyer Girls Starbright Bib',54.0000,54.0000,0.0000,1,'1-456,2-213'),(387,274,602,'61523','Obermeyer Girls Starlight Down Jacket',78.0000,78.0000,0.0000,1,'1-456,2-213'),(388,275,601,'61567','Obermeyer Girls Moonbeam Jacket',69.0000,69.0000,0.0000,1,'1-462,2-14'),(389,276,601,'61567','Obermeyer Girls Moonbeam Jacket',69.0000,69.0000,0.0000,1,'1-458,2-14'),(393,278,749,'6900','Spyder Girl\'s Destiny Jacket',90.0000,90.0000,0.0000,1,'1-568,2-6'),(392,277,504,'61432','Obermeyer Palisade Boys Jacket',90.0000,90.0000,0.0000,1,'1-30,2-8'),(394,279,699,'65431','Obermeyer Cargo II Pant',36.0000,36.0000,0.0000,1,'1-30,2-3'),(395,279,699,'65431','Obermeyer Cargo II Pant',36.0000,36.0000,0.0000,1,'1-30,2-5'),(396,280,636,'65506','Obermeyer Girls Snoverall Bib',42.0000,42.0000,0.0000,1,'1-455,2-3'),(397,281,636,'65506','Obermeyer Girls Snoverall Bib',42.0000,42.0000,0.0000,1,'1-455,2-14'),(398,282,478,'7859j','Descente 2006/07 NASTAR GS SUIT JR',203.0000,203.0000,0.0000,1,'2-6'),(400,283,636,'65506','Obermeyer Girls Snoverall Bib',42.0000,42.0000,0.0000,1,NULL),(401,284,557,'61528','Obermeyer X-LR8 Boys Jacket',78.0000,78.0000,0.0000,1,'1-296,2-213'),(402,284,559,'61529','Obermeyer Optim-X Boys Down Jacket',78.0000,78.0000,0.0000,1,'1-407,2-14'),(403,284,565,'65519','Obermeyer Chill Factor Boys Bib',60.0000,60.0000,0.0000,1,'1-283,2-14'),(404,285,637,'65508','Obermeyer Girls Starbright Bib',54.0000,54.0000,0.0000,1,'1-489,2-431'),(405,286,1034,'34411','Prana Womens Sugar Mini Skirt',48.0000,48.0000,0.0000,1,'1-30,2-35'),(406,287,628,'','Burton Lightweight Boxer',25.0000,25.0000,0.0000,1,'1-30,2-37'),(407,287,628,'','Burton Lightweight Boxer',25.0000,25.0000,0.0000,1,'1-484,2-37'),(408,288,877,'B7V083','Burton Mens Crackle Wallet',0.0000,0.0000,7.3500,1,'1-451'),(409,289,133,'','Burton Kron Tool',24.9500,24.9500,0.0000,1,'');

--
-- Table structure for table `orders_products_attributes`
--

CREATE TABLE `orders_products_attributes` (
  `orders_products_attributes_id` int(11) NOT NULL AUTO_INCREMENT,
  `orders_id` int(11) NOT NULL DEFAULT '0',
  `orders_products_id` int(11) NOT NULL DEFAULT '0',
  `products_options` varchar(32) NOT NULL DEFAULT '',
  `products_options_values` varchar(32) NOT NULL DEFAULT '',
  `options_values_price` decimal(15,4) NOT NULL DEFAULT '0.0000',
  `price_prefix` char(1) NOT NULL DEFAULT '',
  PRIMARY KEY (`orders_products_attributes_id`)
) ENGINE=MyISAM AUTO_INCREMENT=763 DEFAULT CHARSET=latin1;

--
-- Dumping data for table `orders_products_attributes`
--

INSERT INTO `orders_products_attributes` VALUES (1,8,8,'Color','Burnt Rock',0.0000,'+'),(2,8,8,'Size','10',0.0000,'+'),(3,9,10,'Size','S',0.0000,'+'),(4,9,10,'Color','Anthracite',0.0000,'+'),(5,9,11,'Size','L',0.0000,'+'),(6,9,11,'Color','Red',0.0000,'+'),(7,10,12,'Size','16',0.0000,'+'),(8,10,13,'Size','08',0.0000,'+'),(9,10,13,'Color','Sachet',0.0000,'+'),(10,11,14,'Size','L',0.0000,'+'),(11,11,14,'Color','Red',0.0000,'+'),(12,12,15,'Color','Iris',0.0000,'+'),(13,12,15,'Size','08',0.0000,'+'),(17,16,19,'Color','True Red',0.0000,'+'),(16,16,19,'Size','8',0.0000,'+'),(18,17,20,'Size','7',0.0000,'+'),(19,17,20,'Color','Linen',0.0000,'+'),(25,20,23,'Color','Mullberry',0.0000,'+'),(24,20,23,'Size','16',0.0000,'+'),(22,19,22,'Size','10',0.0000,'+'),(23,19,22,'Color','641-Candy',0.0000,'+'),(26,21,24,'Size','M 12.5-13.5',0.0000,'+'),(27,21,24,'Color','Navy',0.0000,'+'),(28,22,25,'Size','4',0.0000,'+'),(29,22,25,'Color','Ribbon Pink',0.0000,'+'),(30,23,26,'Size','XL',0.0000,'+'),(31,23,26,'Color','Yellow',0.0000,'+'),(32,26,29,'Color','Yellow',0.0000,'+'),(33,26,29,'Size','W 8-9',0.0000,'+'),(34,27,30,'Size','4t',0.0000,'+'),(35,27,30,'Color','Regal Red',0.0000,'+'),(36,28,31,'Color','Ice  Gecko/Blk/Gran',0.0000,'+'),(37,28,31,'Size','S/M',0.0000,'+'),(47,32,36,'Color','Ink',0.0000,'+'),(46,32,36,'Size','14',0.0000,'+'),(40,30,33,'Color','D1  Sno/Lav/Fla',0.0000,'+'),(41,30,33,'Size','16',0.0000,'+'),(42,30,34,'Color','A1  Red/Wht',0.0000,'+'),(43,30,34,'Size','16',0.0000,'+'),(44,31,35,'Size','06',0.0000,'+'),(45,31,35,'Color','Black',0.0000,'+'),(68,43,49,'Color','Natural',0.0000,'+'),(67,42,48,'Color','C  Blk/Sno/Sno',0.0000,'+'),(66,42,48,'Size','14',0.0000,'+'),(52,34,39,'Color','175 Retro Khaki',0.0000,'+'),(53,34,39,'Size','M',0.0000,'+'),(54,35,40,'Size','42-43',0.0000,'+'),(55,35,40,'Color','Red/Gry',0.0000,'+'),(56,36,41,'Color','175 Retro Khaki',0.0000,'+'),(57,36,41,'Size','L',0.0000,'+'),(58,37,42,'Size','7t',0.0000,'+'),(59,37,42,'Color','A  Red/Blk',0.0000,'+'),(60,38,43,'Size','08',0.0000,'+'),(61,38,43,'Color','Black',0.0000,'+'),(62,38,44,'Color','Black',0.0000,'+'),(63,38,44,'Size','06',0.0000,'+'),(64,41,47,'Color','Black  RRd/Ice/Gran',0.0000,'+'),(65,41,47,'Size','S/M',0.0000,'+'),(69,43,49,'Size','L',0.0000,'+'),(70,44,50,'Size','10',0.0000,'+'),(71,44,50,'Color','Black',0.0000,'+'),(72,45,51,'Size','M',0.0000,'+'),(73,45,51,'Color','Red',0.0000,'+'),(74,46,52,'Size','08',0.0000,'+'),(75,46,52,'Color','Black',0.0000,'+'),(76,46,53,'Color','Snow',0.0000,'+'),(77,46,53,'Size','12',0.0000,'+'),(78,47,54,'Size','14',0.0000,'+'),(79,47,54,'Color','G  Blk/Blk/Blk/Blk',0.0000,'+'),(80,48,55,'Color','C  Blk/Stl/Wht/Red',0.0000,'+'),(81,49,56,'Color','Blk/Gry',0.0000,'+'),(82,49,56,'Size','44-45',0.0000,'+'),(83,49,57,'Color','Blk/Gry',0.0000,'+'),(84,49,57,'Size','44-45',0.0000,'+'),(85,50,58,'Size','M',0.0000,'+'),(86,50,58,'Color','Black',0.0000,'+'),(87,51,59,'Size','42-43',0.0000,'+'),(88,51,59,'Color','Blk/Gry',0.0000,'+'),(89,51,60,'Size','39-41',0.0000,'+'),(90,51,60,'Color','Blk/Gry',0.0000,'+'),(91,52,61,'Size','L',0.0000,'+'),(92,52,61,'Color','Black',0.0000,'+'),(98,55,64,'Size','39-41',0.0000,'+'),(97,55,64,'Color','Yellow',0.0000,'+'),(95,54,63,'Size','L',0.0000,'+'),(96,54,63,'Color','466 Velvet Brown Heather',0.0000,'+'),(99,55,65,'Color','Red/Gry',0.0000,'+'),(100,55,65,'Size','39-41',0.0000,'+'),(101,56,66,'Color','Gray',0.0000,'+'),(102,56,66,'Size','L',0.0000,'+'),(103,57,67,'Size','08',0.0000,'+'),(104,57,67,'Color','Mocha Denim',0.0000,'+'),(192,87,112,'Color','C  Black',0.0000,'+'),(107,57,69,'Color','E  Kwi/Tur/Bbd/Wht',0.0000,'+'),(108,57,69,'Size','6t',0.0000,'+'),(109,58,70,'Color','C  Black',0.0000,'+'),(110,58,70,'Size','08',0.0000,'+'),(191,87,112,'Size','14',0.0000,'+'),(190,86,111,'Color','Bisque',0.0000,'+'),(134,66,82,'Size','14',0.0000,'+'),(133,66,82,'Color','Black',0.0000,'+'),(128,63,79,'Color','Gunmetal',0.0000,'+'),(127,63,79,'Size','XL',0.0000,'+'),(154,72,92,'Color','Papaya',0.0000,'+'),(153,72,92,'Size','06',0.0000,'+'),(125,57,78,'Size','6t',0.0000,'+'),(126,57,78,'Color','A  Mag/Cot/Wht',0.0000,'+'),(189,86,111,'Size','06',0.0000,'+'),(139,68,85,'Size','8t',0.0000,'+'),(140,68,85,'Color','Regal Red',0.0000,'+'),(200,91,116,'Size','10',0.0000,'+'),(205,94,119,'Size','S',0.0000,'+'),(223,102,128,'Size','14',0.0000,'+'),(224,102,128,'Color','Black',0.0000,'+'),(150,71,90,'Color','Linen',0.0000,'+'),(149,71,90,'Size','02',0.0000,'+'),(151,71,91,'Size','02',0.0000,'+'),(152,71,91,'Color','Winter Moth',0.0000,'+'),(155,72,93,'Size','06',0.0000,'+'),(156,72,93,'Color','Linen Blizzard print',15.5000,'+'),(157,73,94,'Size','10',0.0000,'+'),(158,73,94,'Color','Champagne',0.0000,'+'),(159,73,95,'Size','10',0.0000,'+'),(160,73,95,'Color','Pewter',0.0000,'+'),(172,79,101,'Color','Gray',0.0000,'+'),(171,79,101,'Size','M',0.0000,'+'),(163,75,97,'Size','L',0.0000,'+'),(164,75,97,'Color','466 Velvet Brown Heather',0.0000,'+'),(165,76,98,'Size','08',0.0000,'+'),(166,76,98,'Color','Mocha',0.0000,'+'),(170,78,100,'Color','Violet',0.0000,'+'),(169,78,100,'Size','8t',0.0000,'+'),(173,80,102,'Color','Blk/Gry',0.0000,'+'),(174,80,102,'Size','41-42',0.0000,'+'),(175,80,103,'Color','Blk/Gry',0.0000,'+'),(176,80,103,'Size','37-38',0.0000,'+'),(177,81,104,'Color','A  Red/Blk',0.0000,'+'),(178,81,104,'Size','08',0.0000,'+'),(179,81,105,'Color','A  Blk/Red/Stl',0.0000,'+'),(180,81,105,'Size','8t',0.0000,'+'),(181,82,106,'Size','46-48',0.0000,'+'),(182,82,106,'Color','Blk/Gry',0.0000,'+'),(183,82,107,'Size','46-48',0.0000,'+'),(184,82,107,'Color','Red/Gry',0.0000,'+'),(199,91,116,'Color','Black',0.0000,'+'),(195,89,114,'Size','08',0.0000,'+'),(196,89,114,'Color','Linen Blizzard print',15.5000,'+'),(197,90,115,'Size','10',0.0000,'+'),(198,90,115,'Color','Poppy',0.0000,'+'),(222,101,127,'Color','Black',0.0000,'+'),(206,94,119,'Color','461 Loden Heather',0.0000,'+'),(207,95,120,'Size','08',0.0000,'+'),(208,95,120,'Color','Snow',0.0000,'+'),(303,128,169,'Size','M',0.0000,'+'),(221,101,127,'Size','06 Petite',0.0000,'+'),(294,125,164,'Color','Violet',0.0000,'+'),(292,125,163,'Color','Violet',0.0000,'+'),(217,99,125,'Size','16',0.0000,'+'),(218,99,125,'Color','C  Blk/Sno/Sno',0.0000,'+'),(306,129,170,'Color','Black',0.0000,'+'),(304,128,169,'Color','Black',0.0000,'+'),(227,104,130,'Size','44-45',0.0000,'+'),(228,104,130,'Color','Blk/Gry',0.0000,'+'),(293,125,164,'Size','6t',0.0000,'+'),(242,107,137,'Color','D  Tur/Bbd/Mag',0.0000,'+'),(241,107,137,'Size','6t',0.0000,'+'),(305,129,170,'Size','4t',0.0000,'+'),(235,106,134,'Color','E  Blk/Blk',0.0000,'+'),(236,106,134,'Size','12',0.0000,'+'),(237,106,135,'Size','ML',0.0000,'+'),(238,106,135,'Color','Lagon',0.0000,'+'),(291,125,163,'Size','6t',0.0000,'+'),(307,129,171,'Size','4t',0.0000,'+'),(308,129,171,'Color','Salsa',0.0000,'+'),(313,132,174,'Size','XS',0.0000,'+'),(310,130,172,'Color','Black',0.0000,'+'),(309,130,172,'Size','S',0.0000,'+'),(257,111,146,'Size','7t',0.0000,'+'),(258,111,146,'Color','Mocha Denim',0.0000,'+'),(259,111,147,'Size','7t',0.0000,'+'),(260,111,147,'Color','Mocha Denim',0.0000,'+'),(261,112,148,'Size','7t',0.0000,'+'),(262,112,148,'Color','Violet',0.0000,'+'),(299,122,167,'Size','8t',0.0000,'+'),(300,122,167,'Color','Violet',0.0000,'+'),(273,117,154,'Size','12',0.0000,'+'),(274,117,154,'Color','Black',0.0000,'+'),(315,133,175,'Size','44-45',0.0000,'+'),(314,132,174,'Color','823 Fire',0.0000,'+'),(298,124,166,'Color','461 Loden Heather',0.0000,'+'),(297,124,166,'Size','S',0.0000,'+'),(316,133,175,'Color','Blk/Gry',0.0000,'+'),(317,133,176,'Size','44-45',0.0000,'+'),(318,133,176,'Color','Yellow',0.0000,'+'),(322,135,178,'Color','Mocha Denim',0.0000,'+'),(321,135,178,'Size','5t',0.0000,'+'),(329,137,182,'Size','5t',0.0000,'+'),(333,138,184,'Size','12',0.0000,'+'),(330,137,182,'Color','Lemon Chiffon',0.0000,'+'),(331,137,183,'Size','5t',0.0000,'+'),(332,137,183,'Color','Lemon Chiffon',0.0000,'+'),(334,141,187,'Color','831 Bird Floral Midblue',0.0000,'+'),(335,141,187,'Size','XS',0.0000,'+'),(336,141,188,'Color','843 Kira Stripe Adzuki Red',0.0000,'+'),(337,141,188,'Size','XS',0.0000,'+'),(338,141,189,'Color','847 Kira Stripe Midblue',0.0000,'+'),(339,141,189,'Size','S',0.0000,'+'),(340,142,190,'Size','14',0.0000,'+'),(341,142,190,'Color','Akala Pink Print',15.0000,'+'),(342,143,191,'Size','M',0.0000,'+'),(343,143,191,'Color','Moab Micro Pinstripe',0.0000,'+'),(344,146,195,'Color','17  Blk/Pat',0.0000,'+'),(345,146,195,'Size','OSFA',0.0000,'+'),(346,146,196,'Color','Olympic',0.0000,'+'),(347,146,197,'Color','White',0.0000,'+'),(348,146,197,'Size','S',0.0000,'+'),(349,146,198,'Color','Petal Pink',0.0000,'+'),(350,146,198,'Size','S',0.0000,'+'),(351,146,199,'Color','Black',0.0000,'+'),(352,146,199,'Size','S',0.0000,'+'),(353,147,200,'Size','XL',0.0000,'+'),(354,147,200,'Color','Graphite Micro Pinstripe',0.0000,'+'),(355,148,201,'Size','06',0.0000,'+'),(356,148,201,'Color','Violet',0.0000,'+'),(371,152,209,'Color','Black/Grotto',0.0000,'+'),(370,152,209,'Size','02',0.0000,'+'),(369,148,208,'Color','Violet',0.0000,'+'),(361,150,204,'Size','18',0.0000,'+'),(362,150,204,'Color','816 Flame/Blk/Wht',0.0000,'+'),(363,151,205,'Size','07',0.0000,'+'),(364,151,205,'Color','Orchid/ Orchid Blossom Print',0.0000,'+'),(365,151,206,'Size','07',0.0000,'+'),(366,151,206,'Color','Orchid Blossom Print',0.0000,'+'),(367,151,207,'Size','L/XL',0.0000,'+'),(368,151,207,'Color','Orchid Mist',0.0000,'+'),(372,152,210,'Size','04',0.0000,'+'),(373,152,210,'Color','Sky',0.0000,'+'),(374,153,211,'Size','04',0.0000,'+'),(375,153,211,'Color','Akala Pink Print',15.0000,'+'),(376,154,212,'Size','02',0.0000,'+'),(377,154,212,'Color','Black/White',0.0000,'+'),(378,155,213,'Size','L',0.0000,'+'),(379,155,213,'Color','Black',0.0000,'+'),(380,156,214,'Size','XL',0.0000,'+'),(381,156,214,'Color','Black',0.0000,'+'),(382,157,215,'Size','08',0.0000,'+'),(383,157,215,'Color','Buttercup',0.0000,'+'),(384,157,216,'Color','Buttercup',0.0000,'+'),(385,157,216,'Size','08',0.0000,'+'),(386,157,217,'Color','Little Girl Blue',0.0000,'+'),(387,157,217,'Size','08',0.0000,'+'),(388,157,218,'Color','Little Girl Blue',0.0000,'+'),(389,157,218,'Size','08',0.0000,'+'),(390,157,219,'Color','Seaspray',0.0000,'+'),(391,157,219,'Size','L/XL',0.0000,'+'),(392,157,220,'Color','Angel Hair',0.0000,'+'),(393,157,220,'Size','L/XL',0.0000,'+'),(394,158,221,'Size','20',0.0000,'+'),(395,158,221,'Color','001 Blk/Blk/Arm',0.0000,'+'),(396,158,222,'Size','16',0.0000,'+'),(397,158,223,'Size','18',0.0000,'+'),(398,159,224,'Size','10',0.0000,'+'),(399,159,224,'Color','Glacier',0.0000,'+'),(400,160,225,'Size','5t',0.0000,'+'),(401,160,225,'Color','682  Pink Print',0.0000,'+'),(402,161,226,'Size','12 short',0.0000,'+'),(403,161,226,'Color','Black',0.0000,'+'),(404,162,227,'Size','10',0.0000,'+'),(405,162,227,'Color','441  Bluestar',0.0000,'+'),(406,163,228,'Size','16',0.0000,'+'),(407,163,228,'Color','449  Blu/Brp/Sno',0.0000,'+'),(408,164,229,'Size','14',0.0000,'+'),(409,164,229,'Color','Tobacco',0.0000,'+'),(410,165,230,'Size','XL',0.0000,'+'),(411,165,230,'Color','Black',0.0000,'+'),(412,166,231,'Size','10',0.0000,'+'),(413,166,231,'Color','100  Wht/Bel/Alo',0.0000,'+'),(414,167,232,'Size','10',0.0000,'+'),(415,167,232,'Color','443  Bel/Sur/Wht',0.0000,'+'),(416,168,233,'Size','L',0.0000,'+'),(417,168,233,'Color','True Red',0.0000,'+'),(418,169,234,'Size','06',0.0000,'+'),(419,169,234,'Color','Pomegranate',0.0000,'+'),(420,170,235,'Size','10',0.0000,'+'),(421,170,235,'Color','Black/Orange',0.0000,'+'),(422,171,236,'Size','08',0.0000,'+'),(423,171,236,'Color','White',0.0000,'+'),(424,172,237,'Size','S',0.0000,'+'),(425,172,237,'Color','Burnt Adobe',0.0000,'+'),(438,177,244,'Size','18',0.0000,'+'),(442,179,246,'Size','03',0.0000,'+'),(441,178,245,'Color','Red',0.0000,'+'),(440,178,245,'Size','M',0.0000,'+'),(439,177,244,'Color','600 Red/Red/Blk',0.0000,'+'),(437,173,243,'Size','XL',0.0000,'+'),(436,173,243,'Color','Chive',0.0000,'+'),(443,179,246,'Color','Dark Olive',0.0000,'+'),(444,179,247,'Size','05',0.0000,'+'),(445,179,247,'Color','Cream',0.0000,'+'),(446,175,248,'Color','Black/Olympic',0.0000,'+'),(447,175,248,'Size','06',0.0000,'+'),(448,180,249,'Size','XL',0.0000,'+'),(449,180,249,'Color','White',0.0000,'+'),(450,181,250,'Size','06',0.0000,'+'),(451,181,250,'Color','White',0.0000,'+'),(452,182,251,'Color','White',0.0000,'+'),(453,182,251,'Size','06',0.0000,'+'),(454,183,252,'Color','White',0.0000,'+'),(455,183,252,'Size','06',0.0000,'+'),(456,184,253,'Color','Black',0.0000,'+'),(457,184,253,'Size','08',0.0000,'+'),(458,185,254,'Size','$50.00',0.0000,'+'),(459,186,255,'Color','Black',0.0000,'+'),(460,186,255,'Size','46-48',0.0000,'+'),(461,186,256,'Color','Tan',0.0000,'+'),(462,186,256,'Size','46-48',0.0000,'+'),(463,187,257,'Color','Black',0.0000,'+'),(464,187,257,'Size','06',0.0000,'+'),(465,188,258,'Size','M',0.0000,'+'),(466,188,258,'Color','Black',0.0000,'+'),(467,189,259,'Size','S',0.0000,'+'),(468,189,259,'Color','Apricot',0.0000,'+'),(469,190,260,'Size','16',0.0000,'+'),(470,190,260,'Color','Black',0.0000,'+'),(471,191,261,'Color','Black',0.0000,'+'),(472,191,261,'Size','One Size Fits All',0.0000,'+'),(473,192,262,'Size','XL',0.0000,'+'),(474,192,262,'Color','Equestrian Roasted Brown',0.0000,'+'),(475,193,263,'Color','Key Lime',0.0000,'+'),(476,193,263,'Size','M',0.0000,'+'),(477,193,264,'Color','Grotto',0.0000,'+'),(478,193,264,'Size','S',0.0000,'+'),(485,196,268,'Color','Black',0.0000,'+'),(484,196,268,'Size','One Size Fits All',0.0000,'+'),(483,195,267,'Size','$150.00',100.0000,'+'),(486,197,269,'Size','18',0.0000,'+'),(487,197,269,'Color','100 Wht/Red/Blk',0.0000,'+'),(488,198,270,'Size','5t',0.0000,'+'),(489,198,270,'Color','498  Pat/Blk/Igu',0.0000,'+'),(490,198,271,'Color','018 Blk/Pat',0.0000,'+'),(491,198,271,'Size','5t',0.0000,'+'),(492,199,272,'Color','017 Bllk/Blk/Blk',0.0000,'+'),(493,199,272,'Size','10',0.0000,'+'),(494,200,273,'Size','07',0.0000,'+'),(495,200,273,'Color','seaspray',0.0000,'+'),(496,201,274,'Size','L',0.0000,'+'),(497,201,274,'Color','Black',0.0000,'+'),(498,202,275,'Size','S',0.0000,'+'),(499,202,275,'Color','Light Blue',0.0000,'+'),(500,203,276,'Size','14',0.0000,'+'),(501,203,276,'Color','449  Blu/Brp/Sno',0.0000,'+'),(502,204,277,'Size','14',0.0000,'+'),(503,204,277,'Color','Kryptonite',0.0000,'+'),(504,205,278,'Size','06',0.0000,'+'),(505,205,278,'Color','White',0.0000,'+'),(506,206,279,'Size','One Size Fits All',0.0000,'+'),(507,206,279,'Color','Blue',0.0000,'+'),(508,207,280,'Size','05',0.0000,'+'),(509,207,280,'Color','Peppermint',0.0000,'+'),(510,208,281,'Size','12',0.0000,'+'),(511,208,281,'Color','Akala Blue Print',15.0000,'+'),(512,209,282,'Size','08',0.0000,'+'),(513,209,282,'Color','Peppermint',0.0000,'+'),(517,210,284,'Color','443  Bel/Sur/Wht',0.0000,'+'),(516,210,284,'Size','14',0.0000,'+'),(518,211,285,'Size','L',0.0000,'+'),(519,211,285,'Color','Black',0.0000,'+'),(520,212,286,'Size','7t',0.0000,'+'),(521,212,286,'Color','600  Red/Blk/Wht',0.0000,'+'),(522,213,287,'Size','10',0.0000,'+'),(523,213,287,'Color','Cream',0.0000,'+'),(524,214,288,'Color','Patriot',0.0000,'+'),(525,214,288,'Size','L',0.0000,'+'),(526,215,289,'Size','5t',0.0000,'+'),(527,215,289,'Color','600  Red/Blk/Wht',0.0000,'+'),(528,216,290,'Size','05',0.0000,'+'),(529,216,290,'Color','Orchid/ Orchid Blossom Print',10.0000,'+'),(530,217,291,'Size','L',0.0000,'+'),(531,217,291,'Color','Black/Red',0.0000,'+'),(560,228,306,'Color','Seaspray',0.0000,'+'),(559,228,305,'Size','XL',0.0000,'+'),(558,228,305,'Color','Cream/Pansy/Seaspr',0.0000,'+'),(557,228,304,'Size','L/XL',0.0000,'+'),(556,228,304,'Color','Pansy',0.0000,'+'),(555,228,303,'Size','XL',0.0000,'+'),(554,228,303,'Color','Seaspray',0.0000,'+'),(553,227,302,'Size','XL',0.0000,'+'),(552,227,302,'Color','Roasted Brown',0.0000,'+'),(544,223,298,'Color','700 Yellow/Black/White',0.0000,'+'),(545,223,298,'Size','6t',0.0000,'+'),(563,229,307,'Color','LA Gray',0.0000,'+'),(562,229,307,'Size','One Size Fits All',0.0000,'+'),(561,228,306,'Size','L/XL',0.0000,'+'),(564,230,308,'Size','16',0.0000,'+'),(565,230,308,'Color','314  Tea Green Print',0.0000,'+'),(566,231,309,'Size','05',0.0000,'+'),(567,231,309,'Color','Rasberry',0.0000,'+'),(568,231,310,'Color','Peppermint',0.0000,'+'),(569,231,310,'Size','05',0.0000,'+'),(570,231,311,'Size','S/M',0.0000,'+'),(571,231,311,'Color','Peppermint',0.0000,'+'),(572,232,312,'Size','08',0.0000,'+'),(573,232,312,'Color','Blueberry',0.0000,'+'),(574,233,313,'Size','8t',0.0000,'+'),(575,233,313,'Color','100   Wht/Tfp/Wht',0.0000,'+'),(576,234,314,'Size','5t',0.0000,'+'),(577,234,314,'Color','498  Pat/Blk/Igu',0.0000,'+'),(602,240,327,'Color','Buttercup',0.0000,'+'),(601,240,327,'Size','05',0.0000,'+'),(600,236,326,'Size','XXL',10.0000,'+'),(599,236,326,'Color','Burlap Print',15.0000,'+'),(584,237,318,'Color','White',0.0000,'+'),(585,237,318,'Size','M',0.0000,'+'),(586,238,319,'Size','$100.00',50.0000,'+'),(587,239,320,'Size','14',0.0000,'+'),(588,239,320,'Color','White',0.0000,'+'),(589,239,321,'Color','449  Blu/Brp/Sno',0.0000,'+'),(590,239,321,'Size','12',0.0000,'+'),(591,239,322,'Color','443  Belize',0.0000,'+'),(592,239,322,'Size','L',0.0000,'+'),(593,239,323,'Color','Sky',0.0000,'+'),(594,239,323,'Size','L',0.0000,'+'),(595,239,324,'Color','Grotto',0.0000,'+'),(596,239,324,'Size','S',0.0000,'+'),(597,239,325,'Color','443  Bel/Sur/Wht',0.0000,'+'),(598,239,325,'Size','14',0.0000,'+'),(603,240,328,'Color','Buttercup',0.0000,'+'),(604,240,328,'Size','05',0.0000,'+'),(605,240,329,'Size','L',0.0000,'+'),(606,240,329,'Color','Yellow',0.0000,'+'),(607,240,330,'Size','S/M',0.0000,'+'),(608,240,330,'Color','Yellow',0.0000,'+'),(609,240,331,'Size','S/M',0.0000,'+'),(610,240,331,'Color','Angel Hair',0.0000,'+'),(611,240,332,'Size','M',0.0000,'+'),(612,240,332,'Color','Angel Hair',0.0000,'+'),(613,240,333,'Color','Yellow',0.0000,'+'),(614,240,333,'Size','S/M',0.0000,'+'),(615,240,334,'Color','Yellow',0.0000,'+'),(616,240,334,'Size','05',0.0000,'+'),(617,240,335,'Color','Yellow',0.0000,'+'),(618,240,335,'Size','05',0.0000,'+'),(619,240,336,'Color','Yellow',0.0000,'+'),(620,240,336,'Size','M',0.0000,'+'),(621,240,337,'Color','Angel Hair',0.0000,'+'),(622,240,337,'Size','S/M',0.0000,'+'),(623,241,338,'Size','M',0.0000,'+'),(624,241,338,'Color','Black',0.0000,'+'),(625,242,339,'Size','L',0.0000,'+'),(626,242,339,'Color','Black',0.0000,'+'),(627,243,340,'Size','06',0.0000,'+'),(628,243,340,'Color','Black',0.0000,'+'),(629,244,341,'Size','One Size Fits All',0.0000,'+'),(630,244,341,'Color','Dune',0.0000,'+'),(631,245,342,'Size','M',0.0000,'+'),(632,245,342,'Color','Amethyst',0.0000,'+'),(633,246,343,'Size','05',0.0000,'+'),(634,246,343,'Color','Rasberry/Pepmint',0.0000,'+'),(635,247,344,'Size','05',0.0000,'+'),(636,247,344,'Color','Peppermint',0.0000,'+'),(637,248,345,'Size','05',0.0000,'+'),(638,248,345,'Color','Purplicious',0.0000,'+'),(639,248,346,'Size','06',0.0000,'+'),(640,248,346,'Color','Purplicious',0.0000,'+'),(641,249,347,'Size','M',0.0000,'+'),(642,249,347,'Color','White',0.0000,'+'),(643,250,348,'Size','04',0.0000,'+'),(644,250,348,'Color','Pansy',0.0000,'+'),(645,251,349,'Size','04',0.0000,'+'),(646,251,349,'Color','Yellow',0.0000,'+'),(647,251,350,'Size','04',0.0000,'+'),(648,251,350,'Color','Silver',0.0000,'+'),(651,253,352,'Color','True Red',0.0000,'+'),(652,253,352,'Size','03',0.0000,'+'),(653,253,353,'Size','03',0.0000,'+'),(654,253,353,'Color','Kryptonite',0.0000,'+'),(660,255,356,'Size','One Size Fits All',0.0000,'+'),(659,255,356,'Color','Khaki',0.0000,'+'),(657,254,355,'Size','08',0.0000,'+'),(658,254,355,'Color','Little Girl Blue',0.0000,'+'),(661,256,357,'Size','06',0.0000,'+'),(662,256,357,'Color','Orchid Blossom Print/Orchid Mist',10.0000,'+'),(663,256,358,'Size','05',0.0000,'+'),(664,256,358,'Color','Seaspray Blossom Print/Seaspray',10.0000,'+'),(665,257,359,'Size','L',0.0000,'+'),(666,257,359,'Color','Lichen',0.0000,'+'),(667,256,360,'Size','L',0.0000,'+'),(668,256,360,'Color','Seaspray Blossom Print',0.0000,'+'),(669,256,361,'Size','L',0.0000,'+'),(670,256,361,'Color','Orchid Blossom Print',0.0000,'+'),(671,258,362,'Size','06',0.0000,'+'),(672,258,362,'Color','Kryptonite',0.0000,'+'),(673,259,363,'Size','08',0.0000,'+'),(674,259,363,'Color','Orchid',0.0000,'+'),(675,260,364,'Size','04',0.0000,'+'),(676,260,364,'Color','Orchid',0.0000,'+'),(677,261,365,'Size','05',0.0000,'+'),(678,261,365,'Color','Pansy',0.0000,'+'),(679,262,366,'Size','08',0.0000,'+'),(680,262,366,'Color','449  Blu/Brp/Sno',0.0000,'+'),(681,263,367,'Size','10',0.0000,'+'),(682,263,367,'Color','449  Blu/Brp/Sno',0.0000,'+'),(683,264,368,'Size','10',0.0000,'+'),(684,264,368,'Color','102  Snow',0.0000,'+'),(685,265,369,'Size','06',0.0000,'+'),(686,265,369,'Color','Black',0.0000,'+'),(687,265,370,'Size','07',0.0000,'+'),(688,265,370,'Color','True Red',0.0000,'+'),(689,265,371,'Color','333',0.0000,'+'),(690,265,371,'Size','04',0.0000,'+'),(705,270,379,'Color','Seaspray',0.0000,'+'),(704,270,378,'Color','seaspray',0.0000,'+'),(703,270,378,'Size','05',0.0000,'+'),(702,270,377,'Color','Little Girl Blue',0.0000,'+'),(701,270,377,'Size','05',0.0000,'+'),(697,268,375,'Size','One Size Fits All',0.0000,'+'),(698,268,375,'Color','Black',0.0000,'+'),(699,269,376,'Size','08',0.0000,'+'),(700,269,376,'Color','600  Red/Blk/Wht',0.0000,'+'),(706,270,379,'Size','S/M',0.0000,'+'),(707,271,380,'Size','10 Husky',0.0000,'+'),(708,271,380,'Color','001  Blk/Blk/Blk',0.0000,'+'),(709,272,381,'Size','07',0.0000,'+'),(710,272,381,'Color','Orchid',0.0000,'+'),(711,273,382,'Size','S/M',0.0000,'+'),(712,273,382,'Color','Orchid',0.0000,'+'),(713,273,383,'Size','05',0.0000,'+'),(714,273,383,'Color','Orchid/ Orchid Blossom Print',0.0000,'+'),(715,273,384,'Size','06',0.0000,'+'),(716,273,384,'Color','Orchid',0.0000,'+'),(717,273,385,'Color','Orchid Blossom Print',0.0000,'+'),(718,273,385,'Size','M',0.0000,'+'),(719,274,386,'Size','04',0.0000,'+'),(720,274,386,'Color','Purplicious',0.0000,'+'),(721,274,387,'Size','04',0.0000,'+'),(722,274,387,'Color','Purplicious',0.0000,'+'),(723,275,388,'Size','06',0.0000,'+'),(724,275,388,'Color','seaspray',0.0000,'+'),(725,276,389,'Size','06',0.0000,'+'),(726,276,389,'Color','Creamsicle',0.0000,'+'),(734,278,393,'Color','332  Alo/Gnt/Sno',0.0000,'+'),(733,278,393,'Size','14',0.0000,'+'),(732,277,392,'Color','Black',0.0000,'+'),(731,277,392,'Size','18',0.0000,'+'),(735,279,394,'Size','08',0.0000,'+'),(736,279,394,'Color','Black',0.0000,'+'),(737,279,395,'Size','12',0.0000,'+'),(738,279,395,'Color','Black',0.0000,'+'),(739,280,396,'Size','08',0.0000,'+'),(740,280,396,'Color','Little Girl Blue',0.0000,'+'),(741,281,397,'Size','06',0.0000,'+'),(742,281,397,'Color','Little Girl Blue',0.0000,'+'),(743,282,398,'Size','14',0.0000,'+'),(746,283,400,'Size','05',0.0000,'+'),(747,283,400,'Color','Purplicious',0.0000,'+'),(748,284,401,'Color','Orange',0.0000,'+'),(749,284,401,'Size','04',0.0000,'+'),(750,284,402,'Color','Kryptonite',0.0000,'+'),(751,284,402,'Size','06',0.0000,'+'),(752,284,403,'Color','Silver',0.0000,'+'),(753,284,403,'Size','06',0.0000,'+'),(754,285,404,'Size','07',0.0000,'+'),(755,285,404,'Color','Rasberry',0.0000,'+'),(756,286,405,'Size','S',0.0000,'+'),(757,286,405,'Color','Black',0.0000,'+'),(758,287,406,'Size','L',0.0000,'+'),(759,287,406,'Color','Black',0.0000,'+'),(760,287,407,'Size','L',0.0000,'+'),(761,287,407,'Color','Silver Spoon',0.0000,'+'),(762,288,408,'Color','Roasted Brown',0.0000,'+');

--
-- Table structure for table `orders_products_download`
--

CREATE TABLE `orders_products_download` (
  `orders_products_download_id` int(11) NOT NULL AUTO_INCREMENT,
  `orders_id` int(11) NOT NULL DEFAULT '0',
  `orders_products_id` int(11) NOT NULL DEFAULT '0',
  `orders_products_filename` varchar(255) NOT NULL DEFAULT '',
  `download_maxdays` int(2) NOT NULL DEFAULT '0',
  `download_count` int(2) NOT NULL DEFAULT '0',
  PRIMARY KEY (`orders_products_download_id`)
) ENGINE=MyISAM DEFAULT CHARSET=latin1;

--
-- Dumping data for table `orders_products_download`
--


--
-- Table structure for table `orders_status`
--

CREATE TABLE `orders_status` (
  `orders_status_id` int(11) NOT NULL DEFAULT '0',
  `language_id` int(11) NOT NULL DEFAULT '1',
  `orders_status_name` varchar(32) NOT NULL DEFAULT '',
  PRIMARY KEY (`orders_status_id`,`language_id`),
  KEY `idx_orders_status_name` (`orders_status_name`)
) ENGINE=MyISAM DEFAULT CHARSET=latin1;

--
-- Dumping data for table `orders_status`
--

INSERT INTO `orders_status` VALUES (1,1,'Pending'),(2,1,'Processing'),(3,1,'Shipped'),(0,1,'Cancelled');

--
-- Table structure for table `orders_status_history`
--

CREATE TABLE `orders_status_history` (
  `orders_status_history_id` int(11) NOT NULL AUTO_INCREMENT,
  `orders_id` int(11) NOT NULL DEFAULT '0',
  `orders_status_id` int(5) NOT NULL DEFAULT '0',
  `date_added` datetime NOT NULL DEFAULT '0000-00-00 00:00:00',
  `customer_notified` int(1) DEFAULT '0',
  `comments` text,
  PRIMARY KEY (`orders_status_history_id`)
) ENGINE=MyISAM AUTO_INCREMENT=917 DEFAULT CHARSET=latin1;

--
-- Dumping data for table `orders_status_history`
--

INSERT INTO `orders_status_history` VALUES (11,11,1,'2005-02-08 10:49:52',1,''),(12,12,1,'2005-02-08 10:51:21',1,''),(13,13,1,'2005-02-09 11:50:22',1,'This is a test order.'),(28,16,1,'2005-02-26 21:00:33',1,'if this color is not available please call me to sub a differnet boys color'),(8,8,1,'2005-01-17 15:16:12',1,''),(9,9,1,'2005-02-03 14:13:51',1,'This is a test order.'),(10,10,1,'2005-02-07 20:19:40',1,''),(15,8,2,'2005-02-10 10:41:01',1,''),(16,10,2,'2005-02-10 10:41:48',1,'Test'),(19,10,3,'2005-02-10 13:25:41',1,''),(20,11,2,'2005-02-10 13:31:32',1,'Funny but when I tried the credit card # it worked.  Are you sure that it wasn\'t you.'),(22,11,3,'2005-02-10 20:45:35',1,'Your order shipped 02/10/05 FedEx Ground #xxxxxxxxxxxxx\r\nYou may track it at http://www.fedex.com/Tracking?cntry_code=us&link=4'),(23,10,3,'2005-02-10 20:47:14',1,'Your order shipped 02/10/05 FedEx Ground #xxxxxxxxxxxxxx\r\nThe order may be tracked at http://www.fedex.com/Tracking?cntry_code=us&link=4'),(29,17,1,'2005-02-27 18:50:56',1,''),(30,16,2,'2005-02-27 20:09:34',1,''),(31,17,2,'2005-02-27 21:17:11',1,''),(25,8,3,'2005-02-11 08:51:30',1,''),(26,9,3,'2005-02-11 08:52:36',0,''),(27,12,3,'2005-02-11 08:53:36',1,''),(39,13,3,'2005-03-03 19:53:28',0,''),(40,20,1,'2005-03-07 10:01:03',1,''),(41,20,1,'2005-03-07 11:41:26',1,'Victoria,  Thanks for the order.  I was out of stock but was able to find you one.  It is being drop-shipped directly to you today.  Thanks again, if you have any questions feel free to contact me at ghunter@bahnhof.com or 800-253-7078.  \r\n\r\nGary Hunter'),(34,17,2,'2005-02-28 12:26:08',1,'Thanks for your order.  It was shipped FedEx Ground 02/28/05 Tracking # 144056010007501  You can track your order’s progress at: http://www.fedex.com/Tracking?link=1&cntry_code=us&lid=//Track//Pack+Track+Corp\r\n\r\nIf you have any questions please call 800-253-7078.  Thank you'),(35,17,3,'2005-02-28 12:26:15',1,''),(36,16,3,'2005-02-28 12:28:39',1,'Thanks for your order.  We did sub the Black as per your conversation with Diane.  It was shipped FedEx Ground 02/28/05 Tracking # 144056010007518.  You can track your order’s progress at: http://www.fedex.com/Tracking?link=1&cntry_code=us&lid=//Track//Pack+Track+Corp\r\n\r\nIf you have any questions please call 800-253-7078.  Thank you'),(37,19,1,'2005-03-03 12:03:15',1,''),(38,19,3,'2005-03-03 14:58:19',1,'Thank you for your order. It will shipped today from our Park City, UT store. Your FED EX tracking # is 144056000009577\r\nIf you have any questions please contact me @ 800-253-7078\r\nSincerely,\r\nMelissa Kruskie'),(42,20,3,'2005-03-07 11:41:34',1,''),(43,21,1,'2005-03-16 22:49:20',1,''),(44,21,2,'2005-03-17 07:58:35',1,'Hi Thomas,  Thanks for your order, I am out of the  SK1 in navy in your size.  I do have it in Black/Gray.  I don\'t have this color on-line as I have very few sizes.  Let me know if it is OK to sub this for you.  e-mail me at ghunter@bahnhof.com or call 800-253-7078 and leave a message with Missy.  Thanks Gary...'),(45,21,3,'2005-03-17 13:42:01',1,'Thanks Tom.  Your order is shipping today FedEx Ground #144056010007716  Thanks Gary'),(46,22,1,'2005-03-31 02:16:26',1,''),(47,22,2,'2005-03-31 08:45:08',1,'Thanks For your order, I will e-mail your tracking # later today.  Thanks Gary'),(48,22,3,'2005-03-31 12:02:38',1,'Your order shipped today FedEx Ground #144056010007792.  Thanks'),(49,23,1,'2005-04-10 14:55:09',1,''),(50,23,2,'2005-04-12 10:04:21',1,'Thanks for your order.  It will be shipped today.  Gary'),(51,23,3,'2005-04-13 18:11:15',1,'Hi Jason.  Your PFD shipped FedEx Ground.  #144056010007921  Thanks Gary'),(52,24,1,'2005-05-18 20:25:25',1,'Please send us immediately.'),(53,24,2,'2005-05-21 10:01:07',1,'Sorry about the delay.  I am not really set up to ship to Japan but it looks like I can ship a small order to you via USPS for $13.00 which would make your total $20.50.  Please let me know if you want your order sent.  Thanks Gary'),(54,24,3,'2005-05-24 12:33:55',1,'your order was shipped USPS.  It should arrive in 6-10 buisness days.  your card was charged $20.50.  Thanks Gary'),(55,25,1,'2005-08-04 19:07:39',1,''),(56,25,3,'2005-08-08 12:11:31',1,'Your PFD was shipped today, Monday 08/08/05 by FedEx Ground.  The tracking # is 144056010008652 .  Thanks for your order.  Gary'),(57,26,1,'2005-09-26 08:54:13',1,''),(58,26,2,'2005-09-29 05:32:17',1,'Hi Jules,  Sorry about the delay in responding but we changed mail servers this week and had some problems.  I am out of the yellow color in these sock but do have black.  Please let me know if those are OK.  \r\nThanks  \r\nGary Hunter'),(59,26,3,'2005-09-30 13:56:27',1,'Jules, I only had 1 pair that size, that model left in any store.  I do have shipments scheduled in during Oct.  I have sent the pair of black from our Park City store.  I will e-mail you when the others come in.  Thanks Gary'),(60,27,1,'2005-10-21 15:49:12',1,''),(61,27,2,'2005-10-22 11:45:28',1,'Your jacket will ship Monday FedEx.  I will e-mail a tracking # Monday.  Thanks Gary'),(62,27,3,'2005-10-25 09:30:39',1,''),(63,28,1,'2005-11-08 12:33:55',1,''),(64,28,2,'2005-11-09 12:32:15',1,'Brandi, thanks for your order.  I am waiting for a couple of these hats from Obermeyer, we have received shipping confirmation and will forward it as soon as it hits our warehouse.  Feel free to contact me with any questions.  Thanks Gary'),(76,32,2,'2005-11-22 10:11:02',1,'Thanks for the order.  We are out of the Ink color but Obermeyer had a few left.  I have ordered one for you.  Unfortunately Obermeyer will not drop ship so it is coming to our warehouse where we will immediatly send it to you.  I will send a tracking # as soon as we get it.  Thanks Gary Hunter'),(75,32,1,'2005-11-21 16:08:02',1,''),(68,30,1,'2005-11-16 01:04:14',1,'SHIP TO:\r\nJohn Wilkins\r\n5307 Willow Ct #311\r\nAgoura Hills, CA 91301\r\n818-665-6597'),(69,30,2,'2005-11-16 07:12:16',1,''),(70,30,2,'2005-11-16 10:11:10',1,'Hi John,  Thanks for the order, I do have both pieces in stock.  Please mail the check today.  I can only hold these items for a week while waiting for the check  to arrive.  I have only one of each left in stock.  You can also call 800-253-7078 and I can process a credit card over the phone.  The order will ship out of 2 different stores.\r\n\r\nThanks Gary Hunter\r\nBahnhof Sport\r\nPO Box 677\r\nPetoskey, Mi\r\n49770'),(71,28,3,'2005-11-16 11:18:45',1,'Shipped 11/15/05 Fedex Ground #144056010010273'),(72,30,3,'2005-11-16 14:27:25',1,'Your order will ship 11/17/05 FedEx Ground\r\nPark City box #144056000007412 Pants\r\nBreckenridge Box #288508310001978 Jacket\r\nThanks Gary Hunter'),(73,31,1,'2005-11-16 22:00:55',1,''),(74,31,2,'2005-11-17 06:51:52',1,'Hi Erica, \r\nThanks for the order.  I did not have a size 6 in any of our locations but I was able to get 1 of the last 2 that Obermeyer had in their warehouse.  We will ship it from our Colorado Store as it will save a few days of shipping time from Obermeyer to us and from us to you.  I will send a tracking # as soon as I have one. \r\n\r\nThanks Gary Hunter'),(106,42,3,'2005-12-12 11:22:51',0,''),(107,38,3,'2005-12-12 14:41:04',1,'Pants will be shipped 12-13-05. Fedex tracking # 144056010010839.  Thank you for your order!  Sandie'),(103,42,1,'2005-12-11 19:57:37',1,''),(104,42,2,'2005-12-12 08:16:18',1,''),(105,42,2,'2005-12-12 11:20:50',1,'Your order has shipped.  Tracking number is Fedex 144056010010815.  Thank you for your order.  Sandie'),(102,41,3,'2005-12-08 09:07:04',1,'Your package has been shipped Fed. Ex ground, Tracking# 144056010010754.\r\nThank you for your order,\r\nLinda'),(80,31,3,'2005-11-29 09:28:43',1,'shipped FedEx ground Wed. Nov. 23rd. 144056010010372'),(81,34,1,'2005-11-30 11:16:13',1,''),(82,34,2,'2005-11-30 12:22:18',1,'Hi Jeff,  Thanks for the order, Unfortunately I am out of the medium in that color.  I do have in stock in this store the jacket in color #461 LAX and #466 VCX which could be shipped ASAP if they worked for you.  I did talk to Patagonia to order it but they are out of stock. They are scheduled to receive more at Christmas.  Being realistic, they probably won\'t be able to ship until Jan 1 because of the holidays.  If you would like I will order it and and have them ship it directly to you when they receive it.  Please let me know what you would like me to do.  Respond by e-mail or call 800-253-7078 and ask for Gary or Missy'),(83,32,3,'2005-11-30 13:34:08',1,'Your order was shipped FedEx Ground. #144056010010563      Thanks Gary'),(84,35,1,'2005-11-30 18:32:13',1,''),(85,35,2,'2005-11-30 19:04:58',1,''),(86,35,2,'2005-12-01 06:51:07',1,'Hi Lorna.  Thanks for the order.  I am out of the Pro Race in Red in your size.  I do have it in  Black/Grey.  Please let me know if it is OK to substitute color.  You can respond by e-mail or call 800-253-7078.  Leave a message for me.  Thanks Gary Hunter'),(87,36,1,'2005-12-03 12:54:30',1,''),(88,36,2,'2005-12-03 13:37:51',1,'Hi Heather,  Thanks for the order.  We will send it Monday.  I will send the tracking # Monday as soon as I get it from shipping.  Thanks Gary Hunter'),(89,37,1,'2005-12-04 16:56:24',1,''),(90,37,2,'2005-12-05 10:27:32',1,'Susan, thanks for the order.  It will ship from our Colorado store today.  I will send you a tracking # as soon as they get it to me.  Thanks Gary Hunter'),(91,35,3,'2005-12-05 12:30:41',1,'Shipped 12/05/05 FedEx Ground #144056010010617'),(92,36,3,'2005-12-05 12:33:01',1,'Shipped 12/05/05  FedEx Ground #144056010010624'),(93,37,3,'2005-12-05 13:47:24',1,'Shipped FedEx Ground  12/05/05  #288508310002159  Thanks Gary'),(94,34,2,'2005-12-05 14:00:09',0,'Ordered 12/05/05 confirmation #99108'),(95,38,1,'2005-12-05 21:24:57',1,''),(96,38,2,'2005-12-06 09:11:37',1,'Hi Heath,  We were out of these sizes but I have them coming from Obermeyer.  I will send them to you as soon as they arrive.  Thanks Gary Hunter'),(97,39,1,'2005-12-06 16:59:36',1,''),(99,41,1,'2005-12-07 13:13:10',1,''),(100,41,2,'2005-12-07 14:22:19',1,''),(101,39,2,'2005-12-07 14:25:47',1,'Hi Paula,  I am sold out of the \"Most Difficult \" sign.  It has been a hot item.  I am trying to get more, the supplier is local so I hope to have it in the next day or so.  I will let you know the status.  I do have the \"More Difficult\" in stock.  Thanks Gary Hunter'),(108,43,1,'2005-12-12 14:50:47',1,''),(109,43,2,'2005-12-12 15:03:07',1,''),(110,43,3,'2005-12-12 16:53:11',1,'Your gloves are shipping by FedEx Ground from our Utah store.  Tracking # 144056000007696.  Thanks Gary Hunter'),(111,39,3,'2005-12-13 09:41:46',1,'The Fedex tracking number is #144056010010860.  It is going out today 12-13-05. Thank you for your order. Sandie'),(112,44,1,'2005-12-13 09:41:48',1,''),(113,45,1,'2005-12-13 09:55:52',1,'Christmas Present!!! Please get to me by Christmas!!!'),(114,46,1,'2005-12-13 09:56:42',1,''),(115,45,2,'2005-12-13 10:20:28',1,''),(116,46,2,'2005-12-13 10:58:55',1,''),(117,44,2,'2005-12-13 10:59:22',1,''),(118,45,3,'2005-12-13 12:25:03',1,'Your item has been shipped Fed. Ex. ground.  The following number is your tracking number 144056010010938.\r\nThank you for your order'),(119,44,3,'2005-12-13 12:47:27',1,'Michelle, your order has been shipped out Fed.Ex. ground with the following tracking # 144056010010952.  The price of the Venom jacket was incorrect, but we have honored that price. \r\nThank you for your order.'),(120,46,3,'2005-12-13 12:48:32',1,'The jacket was mispriced but, we honored the on line price.  The white jacket is not available.  The fedex tracking  number is #144056010010945.  Thank you for your order.  Sandie'),(121,47,1,'2005-12-14 07:58:01',1,''),(122,47,2,'2005-12-14 09:00:47',1,''),(123,47,3,'2005-12-14 11:29:35',1,'Your order was shipped today 12/14/05 by Fed. Ex. ground, tracking #144056010010976.\r\nThank you for your order.'),(124,46,3,'2005-12-14 11:34:12',1,'Both of your jackets were shipped together today 12/14/05 Fed. Ex. ground, tracking #14056010011010.  Please disregard the  tracking number from yesterday.\r\nThank you again for your order.'),(125,48,1,'2005-12-15 08:44:00',1,''),(126,48,2,'2005-12-15 10:14:24',1,''),(127,48,3,'2005-12-15 11:10:36',1,'Your Fedex tracking number is #144056010011065.  Thank you for your order. Sandie'),(128,49,1,'2005-12-15 22:24:52',1,''),(129,49,2,'2005-12-16 07:16:56',1,''),(130,49,3,'2005-12-16 10:01:32',1,'Your order was shipped today 12/16/06 Fed. Ex. Ground, tracking # 144056010011096.\r\nThank you  for your order'),(131,50,1,'2005-12-19 15:51:28',1,''),(132,50,3,'2005-12-20 15:30:44',1,'Shipping from our Park City store  FedEx #144056000003087\r\n\r\nThanks Gary'),(133,51,1,'2005-12-20 20:36:58',1,''),(134,51,2,'2005-12-21 07:26:30',1,''),(135,51,3,'2005-12-21 10:32:40',1,'Your order was shipped today 12/21/05 Fed. Ex. Ground, tracking# 144056010011201.\r\nThank you for your order.'),(136,52,1,'2005-12-24 09:48:55',1,''),(137,52,2,'2005-12-26 12:52:06',1,'Shipping from our Park City store.'),(153,57,2,'2006-01-05 14:42:14',1,'Hi Kara,  Thanks for the order, We have the spyder jacket in color E (Kiwi) in stock,  The color A is out of stock in our stores and Spyder is sold out of it for the season.  The same is true for the Obermeyer jacket,  I can\'t get a size 8 but I do have a 10 in stock.  Obermeyer is also out.  Let me know if I should ship just the Spyder  in Kiwi and if the Obermeyer would work.  thanks Gary Hunter'),(139,54,1,'2005-12-27 09:56:40',1,''),(140,54,2,'2005-12-27 12:57:51',1,''),(141,52,3,'2005-12-27 13:02:37',1,'Shipped FedEx #144056000003155\r\nThanks Gary'),(147,55,1,'2006-01-02 13:18:43',1,''),(148,55,2,'2006-01-03 07:16:29',1,''),(149,55,3,'2006-01-03 08:52:03',1,'Thank you for your order.  Yor Fedex tracking number is 144056010011454.'),(150,56,1,'2006-01-04 18:03:53',1,''),(151,57,1,'2006-01-04 19:04:58',1,''),(152,58,1,'2006-01-05 10:44:27',1,''),(143,54,3,'2005-12-28 10:11:49',1,'Your order was shipped out today 12/28/05 Fed. Ex. Ground, tracking # 144056010011348.\r\nThank you for your order.'),(144,34,2,'2005-12-28 13:59:48',1,'Hi Jeff,  We checked with Patigonia on the status of your jacket today and they told us that the updated ship date is Jan. 10th.  Unfortunately that isn\'t what they told us originally.  If you have any questions call me at 800-253-7078 or e-mail me.  Thanks Gary'),(145,34,2,'2005-12-29 13:32:58',1,'Hi Jeff,  We are shipping you a Patagonia Retro-X jacket in a mens L, Natural as we talked about on the phone.  I will forward the tracking # as soon as I receive it.  Thanks Gary'),(146,34,3,'2005-12-29 14:00:08',1,'The tracking # is 288508310002500. It is being shipped by Fedex.  Thank you for your order and your patience, Gary'),(154,56,2,'2006-01-05 14:42:27',1,''),(155,58,2,'2006-01-05 14:57:19',1,''),(156,58,2,'2006-01-06 09:00:55',1,'Hi Leigh,  I have the size 8 in stock but not the 10.  Should I send just the size 8?  E-mail me or call 800-253-7078 and talk to Gary or Missy.  Thanks Gary Hunter'),(157,56,3,'2006-01-06 12:57:00',1,'Thank you for your order.  Your Fedex tracking number is 288508310002579.'),(158,59,1,'2006-01-07 02:47:47',1,''),(159,59,2,'2006-01-07 10:28:55',1,'Hi Todd,  Thanks for the order,  I am out of the Ink color in a 16 but I do have it in Black.  Obermeyer is out of it also.  E-mail me to let me know if you are interested in the Black or should I cancel the order.  You can also call 800-253-7078 and ask for Gary or Missy.  Thanks Gary'),(161,59,2,'2006-01-08 07:12:54',0,'The order data has been modified'),(162,61,1,'2006-01-08 11:17:30',1,''),(255,90,3,'2006-02-08 12:02:54',1,'Thank you for your order.  Your Fedex tracking number is 144056010012857.'),(164,63,1,'2006-01-08 17:55:40',1,''),(166,57,2,'2006-01-09 08:39:42',0,'The order data has been modified'),(167,57,2,'2006-01-09 08:40:06',0,'The order data has been modified'),(168,57,2,'2006-01-09 08:56:07',1,'Ok Kara,  We are going to make this as complicated as possible.  The Aura is shipping from Michigan, The Charge is shipping from Colorado, and the Power from Utah.  We will send you 3 tracking #\'s later today or tomorrow morning as soon as we get them from the stores.  Thanks Gary'),(169,61,2,'2006-01-09 11:37:13',1,''),(170,59,3,'2006-01-09 11:40:03',1,'Thank you for your order!  Your Fedex tracking number is 144056010011911.'),(171,61,3,'2006-01-09 11:41:04',1,'Thank you for your order!  Your Fedex tracking number is 144056010011881.'),(172,57,3,'2006-01-09 11:42:17',1,'Thank you for your order!  Your Fedex tracking numbers are\r\n144056000003346 and 144056010011874.'),(256,87,3,'2006-02-08 13:21:10',1,'Thank you for your order.  The Fedex tracking number is 288508310002852.'),(174,63,2,'2006-01-09 12:50:12',1,'Hi Charles,  Thanks for your order.  I am sorry but we are sold out of both colors in XL.  686 is sold out of Khaki but I can order you the Gunmetal in a XL.  Let me know by e-mail or call 800-253-7078.  Thanks Gary Hunter'),(175,58,2,'2006-01-09 13:33:36',0,'The order data has been modified'),(177,63,2,'2006-01-09 16:35:22',0,'The order data has been modified'),(203,72,2,'2006-01-20 09:28:38',1,'Hi Lynda,  Thanks for your order.  It will ship from our Breckenrige store.  Gary Hunter'),(179,63,2,'2006-01-10 08:41:09',0,'Ordering XL Gunmetal per phone conversation of 01/08/06.  Gary'),(201,71,3,'2006-01-19 09:04:59',1,'Thank you for your order.  Your Fedex tracking number is 288508310002739.'),(202,72,1,'2006-01-19 19:18:12',1,''),(181,58,3,'2006-01-10 12:11:48',1,'Your order was shipped out today 1/10/06 Fed. Ex. Ground,\r\ntracking# 140056010011980.\r\n\r\nThank you for your order.'),(185,66,1,'2006-01-13 19:39:22',1,''),(186,66,2,'2006-01-14 07:53:24',1,''),(187,66,2,'2006-01-14 08:08:53',1,'Hi Claudia,  Thanks for your order.  Your pants will ship Monday.  We will send you a tracking # as soon as we have it.  Thanks Gary'),(242,86,1,'2006-02-04 18:00:05',1,''),(243,86,2,'2006-02-04 19:13:25',1,''),(244,87,1,'2006-02-05 04:15:23',1,''),(245,87,2,'2006-02-05 09:51:56',1,''),(246,86,3,'2006-02-06 12:25:30',1,'Thank you for your order.  Your Fedex tracking number is 144056010012710.'),(190,68,1,'2006-01-15 05:35:00',1,''),(191,68,2,'2006-01-16 06:42:09',1,''),(192,66,2,'2006-01-16 07:46:53',1,'Thank you for your order.  Your Fedex tracking number is 288508310002661.'),(193,66,3,'2006-01-16 07:47:06',0,''),(194,68,3,'2006-01-16 11:24:15',1,'Your item was shipped today 1/16/06 Fed. Ex. Ground, tracking# 144056010012154.\r\n\r\nThank you for your order.'),(236,83,2,'2006-02-02 17:30:01',1,'Hi Yvonne,  Your order came in to late to ship it today from Michigan but We will ship it from our Park City store tomorrow.  We will send a tracking # as soon as I get it.  Thanks Gary'),(197,63,3,'2006-01-17 11:03:35',1,'Your order is being shipped today 1/17/06 Fed. Ex. Ground, Tracking# 144056010012215.\r\n\r\nThank you for your order.'),(232,82,3,'2006-02-01 09:01:34',1,'Thank you for your order.  Your Fedex tracking number is 144056010012581.'),(233,80,3,'2006-02-01 09:02:38',1,'Thank you for your order.  Your Fedex tracking number is 144056010012574.'),(234,81,3,'2006-02-01 09:03:18',1,'Thank you for your order.  Your Fedex tracking number is 144056010012598.'),(235,83,1,'2006-02-02 13:59:40',1,'PLEASE SEND TODAY IF U COULD..WUD LIKE TO RECEIVE BY NEXT THURSDAY LATEST.....'),(199,71,1,'2006-01-17 20:31:36',1,''),(200,71,2,'2006-01-18 08:59:28',1,'Thanks for your order.  It will ship today from Breckenridge, Co.'),(204,72,3,'2006-01-20 11:55:54',1,'Thank you for your order.  Your Fedex tracking number is 288508310002760.'),(205,73,1,'2006-01-21 22:21:34',1,''),(206,73,2,'2006-01-22 06:57:23',1,''),(207,73,3,'2006-01-23 10:32:10',1,'Thank you for your order.  Your Fedex tracking numbers are 144056000003582 and 144056010012314.  One of the jackets was in Michigan and one was in Utah.'),(209,75,1,'2006-01-23 15:48:00',1,''),(210,75,2,'2006-01-23 16:08:35',1,''),(211,76,1,'2006-01-24 06:33:55',1,''),(212,76,2,'2006-01-24 08:36:18',1,''),(219,78,2,'2006-01-26 07:25:02',1,''),(217,76,3,'2006-01-25 13:42:44',1,'Thank you for your order.  Your Fedex tracking number is 288508310002784.'),(218,78,1,'2006-01-25 21:48:23',1,''),(221,79,1,'2006-01-28 03:37:13',1,''),(222,79,2,'2006-01-28 09:10:52',1,''),(223,80,1,'2006-01-29 16:23:28',1,''),(224,80,2,'2006-01-30 15:46:46',1,'Hi Ron, Thanks for the order.  I am out of the SK1 in red but I do have it in Black/grey size 37/38.  I am totaly out of the Pro Race in a 42/43 but I do have it in 44/45 in Yellow/Grey and Black/Grey.  I also have the SK2 in Black/Grey size 42/43.  The SK2 is a slightly heavier, mid volume sock than the Pro Race.  Please e-mail me to let me know if any of these choices will work for you.  You can also call 800-253-7078.  Thanks Gary'),(216,75,3,'2006-01-25 09:56:55',1,'Your order is being shipped today 1/25/06 Fed.Ex. Ground, tracking #144056010012345.\r\n\r\nThank you for your order.'),(220,78,3,'2006-01-26 07:57:30',1,'YOUR ORDER IS BEING SHIPPED OUT TODAY 1/26/06 FED.EX. GROUND, TRACKING #144056010012376.\r\n\r\nTHANK YOU FOR YOUR ORDER.'),(225,79,3,'2006-01-31 08:38:16',1,'Your item was shipped on 1/30/06 Fed. Ex. Ground, tracking# 288508310002821.\r\n\r\nThank you for your order.'),(226,80,2,'2006-01-31 14:49:36',0,'The order data has been modified'),(227,80,2,'2006-01-31 14:49:47',0,'The order data has been modified'),(228,81,1,'2006-01-31 19:45:01',1,''),(229,82,1,'2006-01-31 21:23:38',1,''),(230,81,2,'2006-02-01 07:12:20',1,''),(231,82,2,'2006-02-01 07:12:35',1,''),(238,83,3,'2006-02-03 11:45:34',1,'Thank you for your order.  Your Fedex tracking number is 144056000003728.'),(263,91,3,'2006-02-10 11:47:32',1,'Your order is being shipped out today Feb. 10th Fed. Ex. Ground, tracking # 144056010012895.\r\n\r\nThank you for your order.'),(265,79,3,'2006-02-13 09:40:32',1,'Hi Wallace,  We just received the order of Marker Gloves we shipped you.  It was marked refused,  Was there a problem?  Thanks Gary'),(304,104,3,'2006-02-21 13:12:01',1,'Thank you for your order.  Your Fedex tracking number is 144056010013199.'),(305,102,3,'2006-02-21 13:12:53',1,'Thank you for your order.  Your Fedex tracking number is 288508310002982.'),(257,91,1,'2006-02-09 18:54:05',1,''),(258,92,1,'2006-02-09 21:23:41',1,''),(259,92,2,'2006-02-10 07:57:49',1,''),(260,91,2,'2006-02-10 07:58:07',1,''),(261,92,3,'2006-02-10 09:24:38',1,'Your order is being shipped out today Feb. 10th Fed. Ex. Ground, tracking #144056010012871.\r\n\r\nThank you for your order.'),(253,90,2,'2006-02-08 07:28:07',1,''),(254,89,3,'2006-02-08 12:01:30',1,'Thank you for your order.  Your Fedex tracking number is 144056010012840.'),(250,89,1,'2006-02-07 19:01:08',1,''),(251,90,1,'2006-02-07 21:51:58',1,''),(252,89,2,'2006-02-08 07:26:53',1,''),(262,91,2,'2006-02-10 11:31:30',0,'The order data has been modified'),(309,108,1,'2006-02-26 05:37:05',1,''),(310,108,2,'2006-02-27 09:10:02',1,''),(311,108,3,'2006-02-27 12:34:39',1,'Thank you for your order.  Your Fedex tracking number is 288508310003057.'),(267,94,1,'2006-02-14 18:54:05',1,''),(268,95,1,'2006-02-15 05:58:38',1,''),(269,94,2,'2006-02-15 06:49:54',1,''),(270,95,2,'2006-02-15 07:02:31',1,''),(271,95,2,'2006-02-15 07:22:56',1,'Hi Shannon, Thanks for the order.  I do have your jacket, unfortunately your credit card was declined.  Please e-mail or call 800-253-7078 or 231-347-2112 and ask for Gary or Missy with a new Credit Card number.  Thanks Gary'),(272,75,3,'2006-02-15 07:28:11',0,'returned 02/15/06'),(273,94,3,'2006-02-15 10:18:44',1,'YOUR ORDER IS BEING SHIPPED OUT TODAY FEB. 15TH FED.EX. GROUND, TRACKING# 144056010013007.\r\n\r\nTHANK YOU FOR YOUR ORDER.'),(288,95,3,'2006-02-20 10:12:48',1,'Thank you for your order.  Your Fedex tracking number is 144056010013069.'),(289,101,3,'2006-02-20 10:19:28',1,'Thank you for your order.  Your Fedex tracking number is 144056010013076.'),(285,101,1,'2006-02-18 10:03:40',1,''),(286,101,2,'2006-02-18 13:18:29',1,''),(287,99,3,'2006-02-20 09:56:29',1,'Thank you for your order.  Your Fedex tracking number is 144056010013045'),(314,107,3,'2006-03-02 10:33:07',1,'Thank you for your order.  Your Fedex tracking number is 144056010013342.'),(279,99,1,'2006-02-17 10:57:27',1,''),(280,99,2,'2006-02-17 12:20:33',1,''),(290,102,1,'2006-02-20 13:00:28',1,''),(312,107,2,'2006-02-28 15:34:36',0,'The order data has been modified'),(313,107,2,'2006-02-28 15:35:18',0,'The order data has been modified'),(292,102,2,'2006-02-20 16:00:47',1,''),(364,128,1,'2006-03-28 10:54:12',1,''),(294,104,1,'2006-02-20 20:07:32',1,''),(308,102,3,'2006-02-24 09:15:03',1,'Hi Barbara, Sorry about the over-charge.  I just rang a credit thru for $63.43 on your card.  Thanks Gary'),(296,106,1,'2006-02-21 06:45:59',1,'I NEED TO HAVE THIS BY THURSDAY FEBRUARY 23 IF NOT BY THEN I WILL BE OUT OF TOWN SO YOU WILL NEED TO LET ME KNOW HOW SOON I CAN RECEIVE THIS. CAN I GET THIS OVER NIGHT?'),(365,128,2,'2006-03-28 12:17:09',1,''),(298,104,2,'2006-02-21 06:51:34',1,''),(299,106,2,'2006-02-21 07:12:59',1,'Hi Sandra,  Thanks for the order.  I am sold out of the Pucci jacket.  It looks like I do have the sweater & Spyder jacket.  I need to confirm with the store that they still have it.  They open in 2 hours, It can be shipped today, FedEx 1-day will run $42.00.  Do still want the Spyder jacket and Pucci Sweater without the Pucci jacket?  Thanks Gary'),(300,106,2,'2006-02-21 10:11:28',0,'The order data has been modified'),(301,106,2,'2006-02-21 10:12:09',0,'The order data has been modified'),(371,130,2,'2006-04-01 07:32:31',1,'We are currently processing your order and will notify you of availability.\r\nThank you,\r\nMissy Kruskie\r\nBahnhof Sports'),(372,130,2,'2006-04-01 09:30:14',1,'Dear Diane,\r\nWe do have the Marker Montana Glove, Size Small, Color Black in stock. You will receive a confirmation email when it has shipped with the Fed Ex tracking #. \r\nThank you,\r\nMissy Kruskie\r\nBahnhof Sport\r\n800-253-7078'),(306,107,1,'2006-02-21 22:43:41',1,''),(307,107,2,'2006-02-22 07:42:41',1,'Thanks for your order.  I am out of the size 3 jacket, I do have a 4 in stock as well as the size 6.  Please call 800-253-7078 or e-mail me if the 4 will work or what I should do with the order.  Thanks Gary'),(329,106,3,'2006-03-13 09:48:17',0,''),(370,130,1,'2006-03-31 17:48:58',1,''),(362,122,2,'2006-03-28 09:14:07',0,'The order data has been modified'),(333,117,1,'2006-03-16 20:30:46',1,''),(318,111,1,'2006-03-06 16:26:23',1,''),(319,111,2,'2006-03-07 08:55:52',1,'Hi Cliff.  Thanks for your order.  I do have the jacket in stock but am out of the size 7 pant.  I do have a size 8 in stock.  Please e-mail us or call 800-253-7078 to let us know if this would work or if we should cancel the order.  Please ask for Gary or Missy.  Thanks Gary'),(320,111,3,'2006-03-07 12:11:34',1,'Your order was shipped today 3/7/06 Fed. Ex. Ground,\r\ntracking# 144056010013403.\r\n\r\nThank you for your order.'),(321,79,3,'2006-03-08 07:17:56',1,'Hi Wallace,  As you can see from the above e-mails which were sent to you,  We shipped the gloves the 31st and they were returned to us refused.  I had e-mailed you asking what was wrong but heard no reply.  Normally we would have issued a credit a few days later if we didn\'t hear back from you but for some reason we didn\'t.  It looks like I have 1 pair left in one of our stores which will open in 2 hours.  I will check that they are still there and have them shipped to you.  I have e-mailed a tracking record from FedEx.\r\n Thanks Gary  800-253-7078'),(322,112,1,'2006-03-08 09:36:15',1,''),(323,112,2,'2006-03-09 07:18:30',1,''),(324,112,3,'2006-03-09 11:16:47',1,'Thank you for your order.  Your Fedex tracking number is 144056010013427.'),(351,122,3,'2006-03-26 07:26:26',1,'Hi Julia,  Thanks for your order.  I am sorry but I am sold out of this jacket in an 8 in any color. You can call 800-253-7078 and we may be able to find other options that would work for you.  We may have the Piper pants and the Diva II jacket in an 8.  Our western stores ar not open yet to check for sure.  You can call 800-253-7078 or e-mail me to let me know if I should cancel the order or if you are interested in another choice. Thanks Gary'),(338,117,2,'2006-03-18 13:56:31',1,'Hi Louisa,  Thanks for your order.  Unfortunately I am out of stock for all 3 pieces that you ordered.  In the Descente jacket I do have a size 12 which would be a large.  If you would like this please e-mail me or give me a  call at 800-253-7078 to let me know if that would work or if I should cancel your order.  Thanks Gary'),(346,122,1,'2006-03-24 14:05:53',1,''),(348,124,1,'2006-03-24 17:44:12',1,''),(349,125,1,'2006-03-25 19:07:20',1,''),(350,124,2,'2006-03-26 07:16:08',1,'Hi David,  Thanks for your order.  I am sorry but I am out of the brown.  I do have a small in the Green color.  Please call 800-253-7078 or e-mail me to let me know if I should cancel the order or if you are interested in the green?  Thanks Gary'),(360,125,3,'2006-03-28 09:11:07',1,'Your Fedex tracking numbers are 144056010013724 for the pants and 288508310003217 for the jacket.  Thank you for your order.'),(361,124,3,'2006-03-28 09:12:33',1,'Thank you for your order.  Your Fedex tracking number is 144056010013717.'),(340,117,2,'2006-03-18 14:02:59',0,'The order data has been modified'),(341,117,3,'2006-03-20 11:33:39',1,'Thank you for your order.  Your Fedex tracking number is 288508310003132.'),(352,122,2,'2006-03-26 07:26:34',1,''),(353,122,2,'2006-03-26 07:27:15',1,'Sorry it got marked shipped by mistake.  Gary'),(356,124,2,'2006-03-27 13:17:30',0,'The order data has been modified'),(357,124,2,'2006-03-27 13:18:00',0,'The order data has been modified per customer'),(358,125,2,'2006-03-27 13:58:26',1,'Pants shipping from Michigan\r\nJacket shipping from Colorado'),(373,128,3,'2006-04-03 10:06:10',1,'Thank you for your order.  Your Fede tracking number is 288508310003224.'),(367,129,1,'2006-03-29 14:58:42',1,''),(368,129,2,'2006-03-29 15:12:16',1,''),(369,129,3,'2006-03-30 08:17:21',1,'Thank you for your order.  Your Fedex tracking number is 144056010013748.'),(374,122,3,'2006-04-03 10:13:33',1,'Thank you for your order.  Your Fedex tracking number is 144056000004411.'),(376,132,1,'2006-04-03 22:04:01',1,''),(377,132,2,'2006-04-04 07:06:29',1,'Hi Rachel,\r\nThis item is available and we are currently processing your order. You will receive an email confirmation when it has shipped along with a tracking number.\r\nThank you,\r\nMissy Kruskie'),(378,132,3,'2006-04-04 09:51:16',1,'Thank you for your order.  Your Fedex tracking number is 144056010013847.'),(379,130,3,'2006-04-04 09:52:10',1,'Thank you for your order.  Your Fedex tracking number is 288508310003255.'),(382,133,1,'2006-04-10 15:47:51',1,'PLEASE NOTE: I HAVE REQUESTED ONE PAIR OF THE BLACK/GREY & ONE PAIR OF THE BLACK/RED; NOT TWO OF THE SAME!!!!!!!!!!!!!!!!'),(383,133,2,'2006-04-11 06:30:07',1,'Hello Gregg,\r\nI do not have any BLACK/RED Falke Pro Race Ski Socks size 44-45 in stock and will not be getting anymore until next fall. I do have BLACK/GREY and/or BLACK/YELLOW.\r\nPlease let me know what colors you would like.\r\nThank you,\r\nMissy Kruskie\r\nBahnhof Sport\r\n800-253-7078'),(384,133,2,'2006-04-11 11:04:48',0,'The order data has been modified'),(385,133,3,'2006-04-13 11:47:01',1,'Your order was shipped out today 4/13/06 Fed. Ex. Ground, tracking# 144056010013922.\r\n\r\nThank you for your order.'),(390,135,2,'2006-04-21 06:04:14',1,''),(391,135,3,'2006-04-21 10:09:49',1,'Thank you for your order.  Your Fedex tracking number is 144056010014042.'),(389,135,1,'2006-04-19 17:48:00',1,''),(394,137,1,'2006-05-06 14:42:08',1,''),(395,137,2,'2006-05-08 05:13:07',1,'Hi Jill,  Thanks for your order.   I am out of the Sugar Plum bib in the bluebell color, I do have it in Lemon Chiffon.  I have the Gumdrop Pant in Lemon Chiffon.  Shall I send just the Gumdrop pant or would you like the Sugar Plum bib in the Lemon Chiffon also?  Thanks Gary'),(396,137,2,'2006-05-09 05:30:52',0,'The order data has been modified'),(397,137,2,'2006-05-09 05:31:05',0,'The order data has been modified'),(398,138,1,'2006-05-19 12:49:28',1,''),(399,138,2,'2006-05-20 09:07:35',1,''),(400,138,3,'2006-05-22 10:32:01',1,'Thank you for your order.  Your Fedex tracking number is 144056010014233.'),(401,137,3,'2006-06-16 12:53:23',0,'Package was shipped 5/10/06, tracking #144056010014219'),(402,139,1,'2006-08-27 21:26:33',1,'THIS IS A TEST ORDER, DO NOT PROCESS!!!'),(403,139,0,'2006-08-29 07:28:42',0,'This order has been cancelled because I\\\'m testing.'),(404,139,0,'2006-08-29 07:28:42',1,'This order has been cancelled because I\\\'m testing.'),(405,140,1,'2006-09-06 00:35:29',1,''),(406,140,0,'2006-09-06 07:51:10',1,'I am sorry Josh but at this time we are not able to ship outside the US.  I will cancel your order.  Gary'),(407,141,1,'2006-09-08 21:19:47',1,''),(408,141,0,'2006-09-11 13:51:03',1,'Hi Mary,  Thanks for your order,  Unfortunately we are sold out of the Hipster.  We are in the process of adding new items as they arrive.  I will cancel your order but please check back as we add new items.  Gary'),(409,142,1,'2006-09-20 16:01:40',1,''),(410,142,2,'2006-09-21 06:24:38',1,''),(411,142,3,'2006-09-29 15:42:36',1,'Your order has shipped.  Tour Fedex tracking number is 288508310004078.  Thank you for your order.'),(412,143,1,'2006-10-06 20:57:53',1,''),(413,143,2,'2006-10-07 13:46:17',1,'Hi Paul.  Thanks for the order.  Unfortunately It doesn\'t look like I will be getting that color in stock at all.  We havn\'t received that color and Burton is showing that they are sold-out of them.  I can get the Grey Pinstripe ( They have a few pair left.)  or I have the 3L pant in stock in the grey.  I will hold on the order until I here from you.  E-mail me or call 231-347-2112 or 800-253-7078.  Gary'),(414,143,0,'2006-10-09 16:31:11',0,''),(420,146,2,'2006-10-17 13:56:45',1,'Hi  Renee,m  Thanks for your order.  The Graduation hat, Micro zip-T & Burton 1/4 zip top are shipping from our Park City, Ut. store.  The Cutter hat & Compression shirt are on the way from the Manufacturer to our Mich store and will be shipped to you as soon as they arrive.  Probably 7-10 days.  Thanks Gary'),(416,145,1,'2006-10-14 12:41:20',1,''),(417,145,2,'2006-10-14 12:48:46',1,'Looking for a good bag'),(419,146,1,'2006-10-17 02:06:00',1,''),(421,147,1,'2006-10-19 14:41:11',1,''),(422,148,1,'2006-10-19 23:51:50',1,''),(423,147,0,'2006-10-20 07:44:10',1,'Hi Richard,  Thanks for your order but at this time we are unable to ship outside the United States.  I will cancel your order.  Thanks Gary.'),(424,148,2,'2006-10-20 11:16:03',1,'Hi Janice,  Thanks for the order.  I am sorry but We are out of that jacket as is Obermeyer in that color.  They do have a FEW size 8 in Bluberry. They also have size 6 in White, Citron, & Violet.  Feel free to e-mail me or call 800-253-7078.  You can ask for Gary or Missy.  We can go over what other choices are avalible.  Thanks Gary'),(425,147,2,'2006-10-20 16:32:46',1,'Richard,  I did some checking and I can get you the pant.  I am out of the XL but Burton still has a couple left which I can get if you still want it.  Shipping will be a little more but I will ship it USPS which has been good before.  Please let me know ASAP.  Thanks Gary'),(426,149,1,'2006-10-21 20:28:39',1,''),(427,149,2,'2006-10-22 08:58:00',1,''),(428,149,2,'2006-10-23 14:19:33',1,'Holly, Thanks for your order.  Your jacket is in stock. 686 has not shipped any Agenda pants in black yet but they told me today that they will ship to us by 10/25/06 (3 days).  we should have it around 11/01/06.  We will ship the jacket Tuesday and ship the pant as soon as it arrives.  Thanks Gary'),(429,150,1,'2006-10-23 14:32:29',1,'If this color/sz is not available, please contact me with colors in stock in size 16 and 18.'),(430,150,2,'2006-10-23 16:02:38',0,'The order data has been modified\r\nswitching to size 18  Gary'),(431,150,2,'2006-10-23 16:02:38',1,'The order data has been modified\r\nswitching to size 18  Gary'),(432,150,2,'2006-10-23 16:02:47',0,'The order data has been modified'),(433,151,1,'2006-10-23 23:21:06',1,''),(434,151,2,'2006-10-24 09:42:27',1,'Hi Jessica,  Thanks for your order.  Unfortunately the credit card was declined.  Please e-mail or call 800-253-7078, ask for Gary or Missy.  I am out of the Jacket but Obermeyer has 2 left as of this morning so it is important that we get one ordered ASAP.  Thanks Gary'),(435,151,2,'2006-10-24 11:12:18',0,'The order data has been modified\r\n\r\nItems ordered , Shipped to Breck fro re-shipment'),(436,148,2,'2006-10-24 12:49:30',0,'The order data has been modified'),(437,148,2,'2006-10-24 12:58:33',0,'The order data has been modified'),(438,145,3,'2006-10-24 14:10:47',0,''),(439,152,1,'2006-10-24 14:40:00',1,''),(440,153,1,'2006-10-24 15:02:57',1,''),(441,154,1,'2006-10-24 15:46:35',1,''),(442,153,2,'2006-10-24 16:43:15',1,'Shipping from Breckenridge'),(443,154,0,'2006-10-24 16:46:33',0,''),(444,152,2,'2006-10-24 16:58:45',1,'Product ordered from Obermeyer.  Will send tracking # as soon as they arrive.  Thanks Gary'),(445,153,3,'2006-10-25 14:07:50',1,'Shipped FedEx Ground  #288508310004498  10/24'),(446,154,0,'2006-10-25 14:15:54',1,'Hi Kelli, Sorry, that\'s what I was asking about when I talked to you yesterday.  (2 or 3 jackets.)  Obermeyer is sold out of the Black/White  in a 2 for the season.  Thanks Gary'),(447,150,3,'2006-10-25 14:22:38',1,'Your order was shipped on 10/24/06 Fed. Ex. Ground, tracking # 1400560 00013376.\r\nThank you for your order.'),(448,155,1,'2006-10-29 08:33:13',1,''),(449,155,2,'2006-10-29 18:00:05',1,''),(450,155,2,'2006-10-30 08:21:35',0,'The order data has been modified'),(451,147,0,'2006-10-30 09:17:18',0,''),(452,155,2,'2006-10-30 12:59:01',1,'Your order is being shipped out today 10/30/06 by Fed.Ex. Ground.  Your tracking number is 144056010016633.\r\n\r\nThank you for your order!'),(453,155,3,'2006-10-30 13:03:32',1,''),(454,156,1,'2006-10-30 16:53:49',1,''),(455,151,3,'2006-11-01 11:20:23',1,'Your order is being shipped in full today 11/1/06 by Fed. Ex. Ground, tracking # 144056010016695.\r\n\r\nThank you for your order!'),(456,156,1,'2006-11-01 13:20:38',1,'Nick, thanks for the order.  That jacket wasn\'t supposed to be listed on-line as we are sold and will not have it in the near future.  I will cancel your order.  Thanks Gary'),(457,156,0,'2006-11-01 13:20:53',0,''),(458,148,3,'2006-11-01 14:16:51',1,'The balance of your order is being shipped 11/2/06 by Fed. Ex. Gound, tracking # 144056010016787.\r\n\r\nThank you for your order!'),(459,146,3,'2006-11-01 14:23:10',1,'The balance of your order is being shipped 11/2/06 Fed. Ex. Ground, tracking# 140056010016794.\r\n\r\nThank you for your order!'),(460,157,1,'2006-11-02 07:47:30',1,''),(461,157,2,'2006-11-02 09:12:46',1,''),(462,157,2,'2006-11-02 11:08:40',1,'Christine the Starlight Down Jacket and bib in blue is being shipped out today 11/2/06 Fed. Ex. Ground, tracking # 144056010016824.  The balance of your order is being shipped from the manufacture to us.  We will then immediately ship the balance of your order to you.\r\n\r\nThank you for your order!'),(463,158,1,'2006-11-02 19:17:38',1,'Ship to is 205 Main Street, Andover, NH 03216 USA\r\n\r\nBill to is PO Box 479, Andover, NH 03216\r\n\r\nPlease ship 2nd day air and add charges to bill.'),(464,158,2,'2006-11-02 20:10:57',1,'Hi John,  Thanks for the order.  I have both of the GS suits in stock and can 2nd day them Friday.  I am out of the jacket but Spyder does have it in stock.  I can order it in the morning, however Spyder will not drop ship straight to you, they will only ship thru us.  Do you want it shipped 2nd day also? Let me know.  You can also call me first thing Friday at 800-253-7078.  They only have a few of those jackets left so we need to jump on one ASAP.  Thanks Gary'),(465,158,2,'2006-11-03 09:58:20',0,'The order data has been modified'),(466,158,2,'2006-11-03 11:46:03',1,'John, your 2 Nastar GS suits are being shipped out today Fed. Ex. 2 day, tracking# 799531415240.\r\n\r\nThank you for your order!'),(467,159,1,'2006-11-06 00:33:20',1,''),(468,159,2,'2006-11-06 12:04:21',1,''),(469,148,3,'2006-11-08 18:18:01',1,'Hi Janice,  We have been unable to get in contact w/ our rep, she has been traveling.  We should hear from her tommorrow.  We will give you a call or e-mail as soon as we do.  Thanks Gary.'),(470,160,1,'2006-11-09 05:37:47',1,''),(471,160,2,'2006-11-09 06:40:12',1,''),(472,157,3,'2006-11-09 15:24:08',1,'The balance of your order will ship out tomorrow 11-10-06.  The fedex tracking number is 144056010017043.  Thank you for your order.'),(473,160,3,'2006-11-09 16:02:17',1,'Your order will be shipped tomorrow, 11-10-06.  The Fedex tracking number is 144056010017050.  Thank you for your order.'),(474,161,1,'2006-11-10 15:10:48',1,''),(475,162,1,'2006-11-10 19:06:41',1,''),(476,161,2,'2006-11-11 10:36:05',1,'Hi Betty, Thanks for the order.  We are out of the 12S but Obermeyer is sending us one which should be shipped to you next week.  Thanks Gary'),(477,162,2,'2006-11-11 10:37:32',1,''),(478,163,1,'2006-11-12 15:44:36',1,''),(479,163,2,'2006-11-13 08:38:04',1,''),(480,164,1,'2006-11-13 09:41:12',1,''),(481,163,3,'2006-11-13 11:59:48',1,'Your order has been shipped.  The fedex tracking number is 144056010017142.  Thank you for your order.'),(482,164,2,'2006-11-13 15:13:22',1,''),(483,162,3,'2006-11-13 15:27:08',1,'Your order has been shipped.  The Fedex tracking number is 144056010017166.  Thank you for your order.'),(484,159,3,'2006-11-14 08:49:25',1,'Your order has been shipped Fed. Ex. Ground, \r\ntracking # 288508310004580.\r\n\r\nThank you for your order!'),(485,152,2,'2006-11-14 09:02:37',1,'Your Obermeyer Womens Faith Soft Shell size 4 in the color sky is being shipped out today 11/14/06 be Fed. Ex. Ground, tracking # 144056010017180.  Your size 2 in black is on backorder until the first part of December.  We will ship it to you as soon as it arrives from Obermeyer.\r\n\r\nThank You!'),(486,149,3,'2006-11-14 12:02:28',1,'Your pants have been shipped.  The Fedex tracking number is 144056010017197.  Thank you for your order.'),(487,164,3,'2006-11-14 14:40:48',1,'Your item is being shipped out today Nov. 14, 2006 Fed. Ex. Ground, tracking# 1440560013642.\r\n\r\nThank you for your order!'),(488,165,1,'2006-11-14 22:08:04',1,''),(489,166,1,'2006-11-15 11:59:49',1,''),(490,165,2,'2006-11-15 13:14:43',1,''),(491,166,2,'2006-11-15 14:56:11',0,'The order data has been modified'),(492,166,2,'2006-11-15 14:56:11',0,'The order data has been modified'),(493,166,3,'2006-11-15 16:40:40',1,'Tracking # 144056000013673  FedEx Ground from our Park City store,  Thanks for the order,   Gary'),(494,165,3,'2006-11-16 08:51:19',1,'Your item was shipped out on 11/15/06 Fed. Ex. Ground, tracking# 144056000013666.\r\n\r\nThank  you for your order!'),(495,167,1,'2006-11-20 09:10:16',1,''),(496,167,2,'2006-11-20 13:39:39',1,''),(497,168,1,'2006-11-20 15:38:46',1,'To Gary - As we discussed, I have a credit receipt of $275.57. It is invoice #10600 on 4/10/2006 from your Main Street Park City Store. Please use this against the balance. Thanks, Phil'),(498,168,2,'2006-11-20 17:58:16',1,'Hi Phil.  We are out of the jacket in a large but Obermeyer has it and is shipping one ASAP.  We will ship it to you as soon as it arrives.  Thanks Gary'),(499,161,3,'2006-11-21 16:10:55',1,'shipped 11/17/2006 FedExGround #288508310004665'),(500,167,3,'2006-11-22 11:59:54',1,'Your order was shipped 11/20/06 by Fed. Ex. Ground, tracking# 144056000013727.\r\n\r\nThank you for your order!'),(501,169,1,'2006-11-25 21:49:54',1,''),(502,169,2,'2006-11-25 23:23:02',1,''),(503,170,1,'2006-11-26 14:44:22',1,''),(504,170,2,'2006-11-26 16:24:03',1,'Laurie Thanks for your order. Unfortunately we are out of stock in the Talon size 10 in orange as is Obermeyer.  Between  our stock and Obermeyers warehouse we can supply any of the other colors in a size 10.  Please let me know by email or call 800-253-7078 on Monday.  Thanks Gary'),(505,169,3,'2006-11-27 12:06:34',1,'Your Spyder jacket is being shipped out today Fed. Ex. Ground, tracking# 144056010017517.\r\n\r\nThank you for your order!'),(506,158,2,'2006-11-27 12:14:39',1,'John, I called Spyder to get an update on your order.  The Kyds US Team Jacket is on backorder until 12/15/06.  As soon as it arrives we will ship it to you 2nd day air.  If you have any questions or concerns please call Gary at 800-253-7078.  Thank  you, Linda'),(507,171,1,'2006-11-27 22:01:01',1,'need before christmas'),(508,168,3,'2006-11-28 10:30:26',1,'Your order is shipping today.  The Fedex tracking number is 144056010017562.  Thank you for your order.'),(509,171,2,'2006-11-28 13:21:47',1,''),(510,171,3,'2006-11-28 13:39:15',1,'Your order is shipping today.  The Fedex tracking number is 144056000013871.  Thank you for your order.'),(511,172,1,'2006-11-29 12:27:53',1,''),(512,172,2,'2006-11-30 09:42:09',0,'We are out of the hat , sending the sweatshirt USPS.'),(513,172,2,'2006-11-30 09:42:09',0,'We are out of the hat , sending the sweatshirt USPS.'),(514,172,2,'2006-11-30 09:49:05',0,'The order data has been modified'),(515,172,2,'2006-11-30 09:50:20',1,'Sorry Enzo, at this time we are unable to ship outside the US.  Thanks Gary'),(516,172,0,'2006-11-30 14:33:18',1,''),(517,173,1,'2006-11-30 17:47:08',1,''),(518,174,1,'2006-12-01 07:26:45',1,''),(519,174,2,'2006-12-01 12:26:35',1,'Hi Gretchen,  Thanks for the order.  I am sold out of that jacket but Spyder had it. We will ship it to you as soon as we receive it.  It should ship from them today.  Thanks Gary'),(520,173,2,'2006-12-01 14:27:55',1,'Hi Jeanne, Thanks for the order.  Unfortunately We are out of the Blueberry as well as Obermeyer.  I do have it in White, Grotto/ and Violet in stock.  Please let me know if any of those would work or if I should cancel the order.  You can email me or call 800-253-7078 ands ask for Gary or Missy.  \r\n\r\nThanks Gary'),(521,175,1,'2006-12-03 11:36:37',1,'Merry Christmas, Zach From Grandma Illinois'),(522,175,2,'2006-12-04 10:54:46',1,''),(523,176,1,'2006-12-05 00:10:20',1,''),(524,176,1,'2006-12-05 09:41:48',0,'The order data has been modified'),(525,176,2,'2006-12-05 09:42:32',0,'The order data has been modified'),(526,176,2,'2006-12-05 09:42:32',0,'The order data has been modified'),(527,176,0,'2006-12-05 09:43:30',0,''),(528,176,2,'2006-12-05 09:44:03',1,''),(529,176,3,'2006-12-05 12:12:54',1,'You order has shipped.  The Fedex tracking number is 144056010017777.  Thank you for your order.'),(530,173,2,'2006-12-06 13:03:29',0,'The order data has been modified'),(531,173,2,'2006-12-06 13:10:47',0,'The order data has been modified'),(532,173,2,'2006-12-06 13:11:36',0,'The order data has been modified'),(533,173,2,'2006-12-06 13:11:46',0,'The order data has been modified'),(534,173,3,'2006-12-06 15:57:00',1,'Your order has shipped.  The Fedex tracking number is 144056000014045.  Thank you for your order.'),(535,177,1,'2006-12-06 17:55:44',1,''),(536,178,1,'2006-12-06 22:14:03',1,''),(537,177,1,'2006-12-07 09:55:24',1,'Hello Gerard,\r\nThank you for your order, unfortunately we no longer have the Team Jacket in stock, however we do have a Spyder Leader Jacket in a color very close to what you ordered. Please check it out on our website and let us know if that would work for you. Sorry for the inconvenience.\r\n-Betsy Ray\r\n Bahnhof Sport'),(538,178,2,'2006-12-07 10:25:53',1,''),(539,179,1,'2006-12-07 11:01:44',1,''),(540,177,0,'2006-12-07 13:18:57',1,''),(541,179,1,'2006-12-07 14:12:27',1,'Hello Patricia,\r\nThank you for your order. Unfortunately we do not have the colors you requested in those sizes. We do however have the sizes in a variety of different colors. In the snoverall we have rasberry, little girl blue, and puplicious. In the coaster bib we have glacier in stock and Obermeyer has Granite and possibly flash and true red in stock. Please let us know if one of these other colors works for you. Thank you and sorry for the inconvenience.\r\n-Betsy Ray\r\n Bahnhof Sport\r\n 231-347-2112'),(542,179,2,'2006-12-08 19:40:27',0,''),(543,174,3,'2006-12-11 13:29:25',1,'Yor order has shipped.  The Fed ex tracking number is 144056010017999.  Thank you for your order.'),(544,175,3,'2006-12-11 13:29:48',1,'Your item is being shipped out today to Zach by Fed. Ex. Ground, tracking# 144056010017982.\r\n\r\nThank you for your order!'),(545,180,1,'2006-12-11 19:35:41',1,''),(546,181,1,'2006-12-12 10:11:19',1,'Please ship by express air parcel post or fastest method'),(547,182,1,'2006-12-12 10:13:27',1,'Please ship by fastest method eg express air parcel post.'),(548,183,1,'2006-12-12 10:17:21',1,'Please ship by fastest method eg air parcel post'),(549,183,0,'2006-12-12 16:37:43',1,''),(550,182,0,'2006-12-12 16:39:09',1,''),(551,181,0,'2006-12-12 16:39:30',1,''),(552,180,0,'2006-12-12 16:50:14',1,'Hi Patrice,  Thanks for your order.  I am sorry but I am out of the XL as is Burton.  I will Cancel your order.  Thanks Gary'),(553,184,1,'2006-12-13 23:12:19',1,'Please let me know what \"best way\" means-is it Express? 3 Day? I would like it as quickly as possible, so just let me know. Thanks!'),(554,184,2,'2006-12-14 10:31:45',1,'The jacket is shipping from our Park City, Utah store today by FedEx Ground.  We will e-mail a tracking # as soon as they get it to us.  I would guess it will be 2-3 days .  Thanks Gary'),(555,184,2,'2006-12-14 13:51:56',0,'The order data has been modified'),(556,184,3,'2006-12-14 13:54:21',1,'Shipped FedEx Ground tracking number# 144056000014205  12/14/06.  Thanks Gary'),(557,185,1,'2006-12-15 08:49:24',1,''),(558,185,3,'2006-12-15 17:50:18',1,'Mailing 2 certificates to Kevin.  Thanks Gary'),(559,186,1,'2006-12-15 22:53:20',1,''),(560,186,2,'2006-12-16 10:15:43',1,''),(561,187,1,'2006-12-16 11:41:04',1,'Hi Gary, as discussed shipping charges to Brisbane Australia will be 40- 60 US dollars.\r\nHoping to receive within 2 weeks.\r\nthanks for your help.\r\nScott'),(562,187,2,'2006-12-16 11:53:45',1,''),(563,187,2,'2006-12-18 11:03:08',0,'The order data has been modified.  Hi Scott,  The shipping was more than I thought that it would be.  Ended up at $55.00.  thanks Gary'),(564,186,3,'2006-12-18 11:51:49',1,'Your items are being shipped out today Fed. Ex. Ground, tracking# 144056010018187.\r\n\r\nThank you for your order!'),(565,188,1,'2006-12-18 22:42:12',1,''),(566,189,1,'2006-12-19 14:19:46',1,''),(567,187,3,'2006-12-19 14:34:33',1,'Your order has shipped.   The postal dispatch not number is CP213887871US.  Thank you for your order.'),(568,188,2,'2006-12-19 15:42:35',1,''),(569,189,2,'2006-12-19 17:11:41',1,'Hi Christine,  Thanks for the order.  We are out of the small in the Yvonne small sweater.  I called Neve and they are sold out also.  They do have it in a medium in the Apricot or in small in Chartreuse (green).  Please e-mail me or call 800-253-7078 to let me know if one of those choices will work or if I should cancel the order.  Thanks Gary'),(570,189,0,'2006-12-20 08:51:33',1,''),(571,179,0,'2006-12-20 08:54:28',0,'No response'),(572,188,3,'2006-12-20 09:41:36',1,'Your order has shipped.  The Fedex tracking number is 288508310005150.  Thank you for your order.'),(573,190,1,'2006-12-20 13:48:08',1,''),(574,190,2,'2006-12-20 19:54:31',1,'Hi Lisa, Thanks for the order.  Unfortunately I am out of the 16.  I checked with Descente and they are completly sold out of 16\'s also.  I will cancel this order.  If you have any questions please e-mail me or call 800-253-7078 and ask for Gary or Missy.  Thanks Gary'),(575,190,0,'2006-12-20 19:54:41',0,''),(576,178,0,'2006-12-20 19:55:18',0,''),(577,191,1,'2006-12-23 17:12:25',1,''),(578,191,2,'2006-12-23 17:58:27',1,''),(579,192,1,'2006-12-24 22:59:37',1,''),(580,192,2,'2006-12-25 14:17:37',1,''),(581,193,1,'2006-12-26 10:21:26',1,'Please send it overnight.'),(582,194,1,'2006-12-26 11:05:23',1,''),(583,191,3,'2006-12-26 12:15:34',1,'Thank you for your order.  Your Fedex tracking number is 144056010018422.'),(584,192,3,'2006-12-26 13:14:33',1,'Your package is being shipped out today Fed. Ex. Ground, tracking# 144056010018521.\r\n\r\nThank you for your order!'),(585,193,2,'2006-12-26 13:26:57',0,'The order data has been modified\r\nWe are out of the M Blueberry. am shipping the other jackets today.'),(586,193,2,'2006-12-26 13:26:57',1,'The order data has been modified\r\nWe are out of the M Blueberry. am shipping the other jackets today.'),(587,195,1,'2006-12-26 22:25:06',1,''),(588,193,3,'2006-12-27 10:14:47',1,'Your two Obermeyer jackets shipped out 12/26/06 Fed. Ex. Standard Overnight, tracking# 791197679433.\r\n\r\nThank you for your order!'),(589,158,2,'2006-12-27 14:13:02',1,'John, I heard back from Spyder.  They told me that the jacket is currently in customs and should be at the warehouse the middle of this week (today or tomorrow).  We will call them again tomorrow for an update.  Thanks Gary'),(590,194,0,'2006-12-28 08:40:06',1,'Hi Kathleen, Thanks for your order.  Unfortunately We are out of the Golden eagle jacket in everything but Kryptonite.  I will cancel your order.  If you have any questions please call 800-253-7078 and ask for Missy or Gary.  Thanks Gary'),(591,196,1,'2006-12-28 13:43:48',1,''),(592,195,2,'2006-12-28 19:29:35',1,''),(593,196,2,'2006-12-30 14:37:49',1,'Hi Philip,  Thanks for the order, Unfortunately I am sold out of the black color.  I do have one Grey left.l  Please e-mail me if that would work or if I should cancel it.  Thanks Gary'),(594,196,0,'2006-12-30 19:49:55',0,''),(595,197,1,'2006-12-31 20:50:15',1,''),(596,198,1,'2007-01-01 16:38:42',1,''),(597,199,1,'2007-01-01 16:58:50',1,'Please see e-mail sent earlier today about some pricing and availability on some girls apparel. Also, I just ordered a kids Spyder jacket and pants in size 5t. Feel free to ship these orders together.'),(598,158,3,'2007-01-02 13:28:48',1,'John, I shipped out your US Team Jacket today Fed. Ex. Priority Overnight, tracking# 792908699236.\r\n\r\nThank you for your order, and your patience!!\r\nLinda'),(599,199,1,'2007-01-03 10:46:06',1,'Mr Carroll,\r\nThank you for your order. I am sorry but I do not have the force pant in stock any longer and after the holiday rush, Spyder is sold out as well.  I do not have the Expedition pant either, but I do have it in colors 600 which is a True Red and 019 which is black/white/white, which is close to what you requested.  I do have your  Mini Challenger Jacket in the size and color you ordered. Please let me know if you are interested in one of the other colors in the Expedition pant and we can continue to process your order. \r\nThank you,\r\nBetsy Ray\r\nBahnof Sport\r\nBetsy@bahnhof.com'),(600,197,1,'2007-01-03 10:51:11',1,'Hello Wendy,\r\nThank you for your order. Unfortunately I am sold out in color 100 in size 18. I do have color 001 which is a blk/red/red. Please let me know if you would like to continure this order with that color.\r\nThank You,\r\nBetsy Ray\r\nBahnhof Sport\r\nbetsy@bahnhof.com'),(601,200,1,'2007-01-03 15:19:27',1,''),(602,201,1,'2007-01-03 17:17:19',1,''),(603,200,2,'2007-01-03 17:24:47',1,'Hi Jill.  Thanks for the order.  Unfortunately I am out of the seaspray color.  I do have a 7 in the pepermint color.  I will cancel your order.  If you are interested in the Pepermint please e-mail me.  Thanks Gary'),(604,200,0,'2007-01-03 17:25:01',0,''),(605,199,0,'2007-01-03 17:25:30',1,''),(606,198,0,'2007-01-03 17:25:47',0,''),(607,197,0,'2007-01-03 17:26:07',0,''),(608,201,2,'2007-01-03 18:17:59',1,'Thanks Shirley,  It will ship from Park City Thursday.  I was out of that size here.  Gary'),(609,202,1,'2007-01-03 22:35:14',1,''),(610,201,3,'2007-01-04 10:08:54',1,'Your order has shipped.  The Fedex tracking number is 144056000014540.  Thank you for your order.'),(611,203,1,'2007-01-05 14:16:23',1,''),(612,204,1,'2007-01-06 14:51:57',1,''),(613,203,2,'2007-01-06 16:01:06',1,''),(614,202,2,'2007-01-06 16:01:24',1,''),(615,205,1,'2007-01-06 19:52:56',1,''),(616,205,2,'2007-01-06 20:50:59',1,''),(617,204,2,'2007-01-06 20:53:55',1,'Hi Ken.  Thanks for your order, unfortunately I am out of the Goshawk Shell in that size.  I will cancel your order.  Thanks Gary'),(618,204,0,'2007-01-06 20:54:00',0,''),(619,206,1,'2007-01-07 13:48:42',1,'This needs to be sent via Fed EX or UPS to my home address, as we do not receive postal delivery to our home. Home address: 465 w coyote drive, silverthorne, colorado 80498'),(620,207,1,'2007-01-07 19:40:47',1,''),(621,208,1,'2007-01-07 19:45:02',1,''),(622,208,2,'2007-01-08 09:33:12',1,''),(623,207,2,'2007-01-08 09:33:24',1,''),(624,206,2,'2007-01-08 09:34:05',1,''),(625,209,1,'2007-01-08 11:33:02',1,''),(626,202,3,'2007-01-08 11:47:08',1,'Your order has shipped.  The Fedex tracking number is 144056000014618.  Thank you for your order.'),(627,206,3,'2007-01-08 13:42:47',1,'Your order is being shipped out today Fed. Ex. Ground, tracking# 144056010018828.\r\n\r\nThank you for your order!'),(628,207,3,'2007-01-08 13:44:36',1,'Your order is being shipped out today Fed. Ex. Ground, tracking# 144056000014632.\r\n\r\nThank you for your order!'),(629,208,3,'2007-01-08 13:45:45',1,'Your order is being shipped out today Fed. Ex. Ground, tracking # 144056000014649.\r\n\r\nThank you for your order!'),(630,209,1,'2007-01-08 15:44:40',0,'The order data has been modified'),(631,209,2,'2007-01-08 15:48:13',1,'Hi Tara, Thanks for the order.  I do have the Jacket in stock but we sold the last hat in that size yesterday.  We are shipping the Jacket Tuesday from our Michigan Store.  Tracking # to follow.  Thanks Gary'),(632,210,1,'2007-01-08 23:38:40',1,'Would make sure color and size. Thank you!!!'),(633,210,2,'2007-01-09 11:01:30',1,''),(634,209,3,'2007-01-09 11:52:03',1,'Your item is being shipped out today Fed. Ex. Ground, tracking# 144056010018927.\r\n\r\nThank you for your order!'),(635,211,1,'2007-01-09 12:13:28',1,''),(636,210,3,'2007-01-10 08:59:24',1,'Your order has shipped.  The Fedex tracking number is 288508310005341.  Thank you for your order.'),(637,212,1,'2007-01-10 12:41:13',1,''),(638,212,1,'2007-01-10 16:09:22',1,'Hello Sandy,\r\nThank you for choosing Bahnhof Sport. Unfortunately we are out of the Boy\'s Mini Leader Jacket in that size and color. We are in the process of updating our websites inventory, sorry for the inconvenience.\r\nThank You,\r\nBetsy Ray\r\nBahnhof Sport\r\nbetsy@bahnhof.com'),(639,211,1,'2007-01-10 16:11:09',1,'Hello Allan,\r\nThank you for choosing Bahnhof. Unfortunately we are out of the Dutchess jacket in that size and color. Please exuse the inconvenience, we are in the middle of updating our website\'s inventory. Please let me know if you have any further questions.\r\nThank You,\r\nBetsy Ray\r\nBahnhof Sport\r\nbetsy@bahnhof.com'),(640,212,1,'2007-01-10 16:29:11',0,'The order data has been modified'),(641,212,2,'2007-01-10 16:34:29',1,'Hi Sandy,  The 7t will ship from our Breckenridge , Colorado store Thursday.  We will send a tracking #.  Thanks Gary'),(642,213,1,'2007-01-10 20:33:57',1,''),(643,214,1,'2007-01-11 00:49:37',1,''),(644,213,2,'2007-01-11 06:56:52',1,'Hi Tammy.  I am sorry but I am totally sold out of the cream colored pant.  I do have both the Blue print and the Pink print in size 10.  I will cancel your order.  If you have any questions please e-mail me or call 800-253-7078 and ask for Gary or Missy.  Thanks Gary'),(645,213,0,'2007-01-11 06:57:04',0,''),(646,214,2,'2007-01-11 08:50:01',1,'Hi Ken, Thanks for your order, Unfortunately your card was declined.  I have the jacket on hold with your name, you can e-mail or call 800-253-7078 with a differant card #.  You can ask for Missy or Gary.  Thanks Gary'),(647,212,3,'2007-01-11 09:02:46',1,'Your order has shipped.  The Fedex tracking number is 288508310005372.  Thank you for your order.'),(648,205,3,'2007-01-11 11:20:24',1,'Your item was shipped out 1/8/07 Fed. Ex. Ground, tracking# 144056000014625.  Your package is scheduled to be delivered today 1/11/07.\r\n\r\nThank you for  your order!'),(649,215,1,'2007-01-11 20:01:14',1,'I spoke with Betsy about a previous order. We have since exchanged some e-mails about my desire to get this jacket and wanted to make sure I got it before it sold so I am completng this online order. Please check with her to make sure that she has not already arranged for the shipping of this jacket... I only need one! Thank you. Pat'),(650,211,0,'2007-01-12 10:01:58',0,''),(651,214,3,'2007-01-12 13:49:13',1,'Your order is being shipped out today Fed. Ex. Ground, tracking# 144056010019153.\r\n\r\nThank you for  your order!'),(652,215,2,'2007-01-12 14:00:21',1,''),(653,215,3,'2007-01-12 15:58:40',1,'Your order has shipped.  The Fedex tracking number is 144056000014724.  Thank you for your order.'),(654,216,1,'2007-01-13 12:47:31',1,''),(655,217,1,'2007-01-14 15:41:37',1,''),(656,218,1,'2007-01-15 09:27:31',1,''),(657,216,2,'2007-01-15 10:31:42',1,'Hi Pamela, I am sorry but we are sold out of the Keiko jacket.  We are working on keeping the web inventory up to date.  If you have any question please e-mail us or call 800-253-7078.  I will cancel this order.  Thanks Gary'),(658,216,0,'2007-01-15 10:31:55',0,''),(659,218,2,'2007-01-15 11:00:04',1,'Hi John, Unfortunately I am out of the size 8 in the Optim-X jacket  in all colors.  I will cancel this order.  If you have any questions please call 800-253-7078 or e-mail me.  Thanks Gary Hunter'),(660,218,0,'2007-01-15 11:00:14',0,''),(661,217,2,'2007-01-15 11:03:43',1,'Hi Maurizio, Unfortunately I am out of the size L in the Varsity Zip-T in Black/Iron, I do have it in White or Black/red. I will cancel this order. If you would like one of those colors or have any questions, please call 800-253-7078 or e-mail me. Thanks Gary Hunter'),(662,217,0,'2007-01-15 11:03:49',0,''),(663,219,1,'2007-01-15 14:28:18',1,''),(664,219,2,'2007-01-15 17:23:33',1,'Hi Joan, Thanks for your order.  Unfortunately we are completely sold out of the Moorea pant in size 12.  I apologize; I will cancel your order.  If you have any questions please call 800-253-7078 or e-mail me.  Thanks Gary Hunter'),(665,219,0,'2007-01-15 17:23:38',0,''),(666,220,1,'2007-01-15 20:43:47',1,''),(667,221,1,'2007-01-15 20:46:00',1,''),(668,222,1,'2007-01-15 23:08:18',1,''),(669,220,1,'2007-01-16 13:41:36',0,'The order data has been modified'),(670,220,1,'2007-01-16 13:42:13',0,'The order data has been modified'),(671,220,1,'2007-01-16 13:44:52',0,'The order data has been modified'),(672,220,1,'2007-01-16 14:00:39',0,'The order data has been modified'),(673,220,3,'2007-01-16 14:14:16',1,'Tracking # FedEx 791210748405'),(674,221,2,'2007-01-16 15:20:37',1,'Hi Lillian, Thanks for your order, I am sorry but we are sold out of the Flame color.  I have one size 18 left in color 001 (Blue/Black).  I will cancel your order.  Feel free to contact me by e-mail or call 800-253-7078 if the blue will work.  Gary Hunter'),(675,221,0,'2007-01-16 15:20:44',0,''),(676,217,0,'2007-01-16 15:31:12',1,'Hi Maurizio,  Since I e-mailed you yesterday morning my ParkCity store sold the Large White Zip -T.  All I have left in L is one Black/ Red.  I put a 24 hour hold on it in case it will work for you.  Feel free to e-mail me or call 800-253-7078  Thanks Gary Hunter'),(677,222,0,'2007-01-16 15:31:32',0,''),(678,223,1,'2007-01-16 18:10:10',1,'Thanks!'),(679,224,1,'2007-01-16 18:20:19',1,''),(680,224,2,'2007-01-16 18:27:58',1,'Hi Chelsea, Thanks for your order. Unfortunately I am compleatly sold out of the Whipper Overall.  I am sorry that it showed on the site as in stock.  It shouldn\'t have shown up.  I will cancel your order.  Thanks Gary'),(681,224,0,'2007-01-16 18:28:07',0,''),(682,223,2,'2007-01-16 18:33:43',1,'Hi Kristin.  Thanks for your order.  Unfortunately I am out of the Red/Blk/White size 6 but I do have a 6 in color 700 Yellow/Black/White.  Please e-mail me or call 800-253-7078 if this would work for you.  I will cancel this order.  Thanks Gary Hunter'),(683,223,0,'2007-01-16 18:33:49',0,''),(684,225,1,'2007-01-16 18:34:58',1,''),(685,226,1,'2007-01-17 10:58:48',1,''),(686,226,1,'2007-01-17 11:05:40',1,'Hello Marjorie,\r\nThank you for your order. Unfortunately we do not have anything left in a size 20 and I know that Spyder is sold out as well. Sorry for the inconvenience. Let me know if you have any further questions.\r\nBetsy Ray\r\nBahnhof Sport\r\nbetsy@bahnhof.com'),(687,226,0,'2007-01-17 11:36:03',1,''),(688,225,2,'2007-01-17 11:36:22',1,''),(689,223,0,'2007-01-17 11:37:42',0,'The order data has been modified'),(690,223,2,'2007-01-17 11:39:09',0,''),(691,225,3,'2007-01-17 13:18:24',1,'Your order has shipped.  The Fedex tracking number is 144056010019221.  Thank you for your order.'),(692,217,2,'2007-01-17 15:02:24',0,''),(693,217,2,'2007-01-17 15:02:50',0,'The order data has been modified'),(694,217,2,'2007-01-17 15:04:54',0,'The order data has been modified'),(695,217,2,'2007-01-17 15:12:20',1,'Mr Marchese,\r\nThank you for your order, unfortunately your credit card has been declined. Do you have another you would like me to put it on?\r\nThank You,\r\nBetsy Ray\r\nBahnhof Sport'),(696,223,3,'2007-01-18 09:24:59',1,'Your order has shipped.  The Fedex tracking number is 288508310005402.  Thank you for your order.'),(697,227,1,'2007-01-18 17:41:21',1,''),(698,227,2,'2007-01-19 19:28:43',1,'Hi Janet, Thanks for your order.  Unfortunately I am out of the ladies Baker Mitt in both L & XL.  the closest that I have is a Ladies Medium.  I will cancel this order.  If you have any questions please e-mail me or call 800-253-7078.  Thanks Gary Hunter'),(699,227,0,'2007-01-19 19:28:50',0,''),(700,152,0,'2007-01-19 19:29:31',0,''),(701,152,3,'2007-01-19 19:29:40',0,''),(702,170,0,'2007-01-19 19:30:06',0,''),(703,195,3,'2007-01-19 19:30:25',0,''),(704,228,1,'2007-01-20 13:57:29',1,''),(705,229,1,'2007-01-20 14:00:14',1,''),(706,228,2,'2007-01-20 17:09:43',1,'Pansy hat shipping from our Park City UT store.  Sweaters & Seaspray hat shipping from Michigan Store'),(707,229,2,'2007-01-20 17:14:52',1,'Hi Michael,  Thanks for the order.  Unfortunately I am out of the LA Gray color.  I do have one left in green.  I will cancel this order,  If you have any questions or if you would like the green please e-mail me or call 800-253-7078.  Thanks Gary'),(708,229,3,'2007-01-20 17:14:58',0,''),(709,228,3,'2007-01-22 12:12:43',1,'Your order has shipped.  The Fedex tracking numbers are 288508310005440 and 144056010019290.  Thank you for your order.'),(710,230,1,'2007-01-25 12:19:12',1,''),(711,230,2,'2007-01-26 10:28:02',1,''),(712,231,1,'2007-01-26 17:03:40',1,''),(713,232,1,'2007-01-26 22:18:50',1,''),(714,230,3,'2007-01-27 12:03:22',1,'Your order will be shipping out on Monday Feb. 29th by Fed. Ex. Ground, tracking # 288508310005464.\r\n\r\nThank you for your order!'),(715,232,2,'2007-01-27 14:15:39',1,'Hi Donna,  Thanks for your order.  Unfortunately I am sold out of the Blueberry color.  I do have it in the Groto color.  I will cancel this order.  If you have any questions please e-mail me or call 800-253-7078 ands ask for Gary.  Thanks Gary'),(716,232,0,'2007-01-27 14:15:48',0,''),(717,231,2,'2007-01-27 15:07:02',1,'Hi Katherine.  Thanks for the order.  First in reply to your questions;  This year Obermeyer runs a little generous,  if your child were just turning 3, usually it is safe to buy a 4 and it will probably fit next year.  The Mittens age 4-5 med, 6-7 large, 7-8 XL.  Now for the stock, we are getting thin with this on-line sale.  I do have a size 5 Moonbeam jacket in pepermint.  I am out of a size 5 pant that will match that jacket.  It looks like Obermeyer has the pant in rasberry but If I order it it wouldn\'t be on sale and we wouldn\'t be able to take a return on it.  I do have the Mittens on Medium, and the hat in a L/XL.  I will hold on this order.  Let me know if you want the jacket shipped or any of the other stuff.  Please feel free to call 800-253-7078 and talk to Missy or Betsy, they can help you put together a outfit & help with the sizing.  You can comunicate with me by e-mail or the 800 number.  Thanks Gary Hunter'),(718,231,3,'2007-01-29 15:07:45',1,'Your order will ship tomorrow 1-30-07.  The Fedex tracking number is 144056010019368.  Thank you for your order.'),(719,203,3,'2007-01-29 15:12:03',0,''),(720,217,0,'2007-01-29 17:10:42',0,''),(721,233,1,'2007-01-30 20:30:32',1,''),(722,233,2,'2007-01-31 11:12:32',0,'The order data has been modified'),(723,233,2,'2007-01-31 11:12:32',0,'The order data has been modified'),(724,234,1,'2007-01-31 14:42:03',1,''),(725,233,3,'2007-01-31 15:36:22',1,'Your order has shipped.  The Fedex tracking number is 144056000014786.  Thank you for your order.'),(726,234,2,'2007-01-31 18:29:03',1,'Hi Jennifer.  Thanks for your order.  Unfortunately  I am out of the size 6 in that color.  I do have it in a 5 or a 7 in color 498 .  I am sold out of the 6 in all colors.  I will cancel this order, if the 5 or 7 would work please e-mail me.  Thanks Gary'),(727,234,0,'2007-01-31 18:29:09',0,''),(728,235,1,'2007-02-01 16:27:01',1,''),(729,236,1,'2007-02-01 17:17:02',1,'I cant believe you acctually have XXL! Thanks for carrying this size!'),(730,237,1,'2007-02-01 19:55:43',1,'I only want to place the order if I can get it by Thursday, Feb 8th. Please let me know. 909-798-1530'),(731,238,1,'2007-02-02 13:34:57',1,''),(732,239,1,'2007-02-02 16:56:53',1,''),(733,235,2,'2007-02-02 17:40:09',1,''),(734,237,2,'2007-02-02 17:42:58',1,'Hi Rena.  Thanks for your order.  Unfortunately I am out of the Lagoon shell.  I checked with Obermeyer and they are out also.  I will cancel your order.  thanks Gary'),(735,237,0,'2007-02-02 17:43:55',0,''),(736,236,2,'2007-02-02 17:44:44',1,''),(737,236,2,'2007-02-02 17:56:49',1,'Hi Kathy.  Thanks For your order.  Unfortunately I am out of the XXL.  I checked with Obermeyer to get you one but they are out also.  They do have it in black, burlap print, & true red the quantities are real low (1 or 2).  I will cancel this order,  If you want me to order one of these please e-mail me or call 800-253-7078.  Sorry/Thanks Gary Hunter'),(738,236,2,'2007-02-02 17:57:44',1,'Oops Matthew'),(739,236,0,'2007-02-02 17:57:51',0,''),(740,239,2,'2007-02-02 18:43:19',1,'Hi Lisa.  Thanks for the order.  Unfortunately I am out of some of the pieces you ordered.  I have the Solana Jacket in White and the Paige Sweater in Grotto & Glam Cotton T on Belize.   I am totaly sold out of the Charge jacket in 14 and the Blizzard sweater, I have the Destiny Jacket in 332 green and 831 creamsicle.  Please e-mail me or call 800-253-7078 and let me know if one of those colors would work or if I should send just the 3 pieces I do have in stock.  You can talk to Gary or Missy.  Thanks Gary'),(741,238,2,'2007-02-02 18:48:26',1,'Hi Joanne,  Thanks for your order of 3/$100 gift certificates.  What are the names of the recipients?  I will mail them to you but we track them in our computer system.  Names and address please.  Thanks Gary Hunter'),(742,234,0,'2007-02-02 19:09:01',0,'Switching to 5 per Jennifer'),(743,234,2,'2007-02-02 19:09:24',1,''),(744,236,0,'2007-02-02 19:20:06',0,'The order data has been modified'),(745,236,0,'2007-02-02 19:21:43',0,'The order data has been modified'),(746,240,1,'2007-02-02 22:28:37',1,'Please call if you have any problems with these sizes or colors. thank you. Please ship what you have. Will you be getting any more gloves in yellow? if not then please cancel the gloves. thank you.'),(747,241,1,'2007-02-03 10:52:08',1,''),(748,242,1,'2007-02-03 20:31:15',1,''),(749,243,1,'2007-02-05 10:05:56',1,''),(750,234,3,'2007-02-05 10:18:20',1,'Your order has shipped.  The Fedex tracking number is 288508310005525.  Thank you for your order.'),(751,235,3,'2007-02-05 10:19:11',1,'Your order has shipped.  The Fedex tracking number is 288508310005518.  Thank you for your order.'),(752,240,0,'2007-02-05 10:31:58',0,''),(753,242,2,'2007-02-05 10:40:25',1,'Hi John.  Thanks for your order, Unfortunately I am sold out of the Nucleus Insulator.  I am sorry, it should not have shown up on the website.  I will cancel this order.  If you have any questions please e-mail me or call 800-253-7078.  Thanks Gary Hunter'),(754,242,0,'2007-02-05 10:40:30',0,''),(755,243,2,'2007-02-05 10:52:57',0,'Free shipping applies to orders shipped within the 48 states.  Shipping has been adjusted.'),(756,243,2,'2007-02-05 10:52:57',1,'Free shipping applies to orders shipped within the 48 states.  Shipping has been adjusted.'),(757,243,2,'2007-02-05 10:54:57',0,'I am sorry I sent the message to you by mistake.  Your pant should ship today.  Thanks Gary Hunter'),(758,243,2,'2007-02-05 10:55:35',0,'The order data has been modified'),(759,243,2,'2007-02-05 10:55:44',0,'The order data has been modified'),(760,243,2,'2007-02-05 10:56:02',0,'The order data has been modified'),(761,243,1,'2007-02-05 10:56:40',1,''),(762,243,2,'2007-02-05 10:56:51',0,''),(763,243,3,'2007-02-05 13:41:49',1,'Your order has shipped.  The fedex tracking number is 144056010019498.  Thank you for your order.'),(764,241,2,'2007-02-05 17:23:28',1,'Hi Olivia,  Thanks for the order.  Unfortunately we have sold out of the Dutchess jacket in medium.  All that I have left is 1 small in black.  I will cancel this order.  If you have any questions please call 800-253-7078 or e-mail me.  Thanks Gary'),(765,241,0,'2007-02-05 17:23:35',0,''),(766,244,1,'2007-02-05 17:27:13',1,'If the shipping method does not accept P.O. Boxes, please instead ship to:\r\nRaphael Bonvillian\r\n68 High Street\r\nJonathan Edwards Master\'s Office\r\nNew Haven, CT 06520\r\nUSA'),(767,245,1,'2007-02-05 18:18:48',1,''),(768,245,2,'2007-02-06 11:34:26',1,''),(769,244,2,'2007-02-06 11:34:42',1,''),(770,244,3,'2007-02-06 15:28:14',1,'Your order has shipped.  The Fedex tracking number is 144056010019559.  Thank you for your order.'),(771,245,3,'2007-02-06 15:29:09',1,'Your order has shipped.  The Fedex tracking number is 144056010019535.  Thank you for your order.'),(772,246,1,'2007-02-09 18:20:49',1,''),(773,247,1,'2007-02-11 19:40:46',1,''),(774,246,2,'2007-02-12 09:52:43',1,'Hi John,  Thanks for your order.  Unfortunately we are sold out of the Rasberry color.  I do have 1 size 5 left in Purple.  I will cancel this order.  If you would like the Purple, please call 800-253-7078 or e-mail me.  Thanks Gary'),(775,246,0,'2007-02-12 09:52:49',0,''),(776,247,2,'2007-02-12 11:16:19',1,''),(777,239,3,'2007-02-12 11:35:26',1,'Your order has been shipped.  In order to fill your order completely, we have shipped your merchandise from three different locations.  So you will receive three different packages Fed. Ex. Ground, tracking #\'s 144056010019641, \r\n#144056000010580 and #288508310005570.\r\n\r\nThank you for your order!!'),(778,248,1,'2007-02-12 23:00:38',1,''),(779,247,3,'2007-02-13 09:24:12',1,'Your order has shipped.  The Fedex tracking number is 288508310005600.  Thank you for your order.'),(780,248,0,'2007-02-13 14:20:56',0,'Hi Audra,  I was just going thru your order and getting ready to e-mail you.  I do have the jacket but I do not have the pant left.  I had called the stores and had them look on the racks to see if there was another pant that would match this jacket.  It looks like we are sold out of any pant to match in a 5 or 6.  & is the closest which would be to big.  Please let me know if you would like the jacket or if I should cancel the order.\r\n\r\nThanks\r\n\r\nGary Hunter\r\nBahnhof Sport\r\nPetoskey, Mi 49770\r\n231-347-2112\r\n800-253-7078\r\nmailto:ghunter@bahnhof.com'),(781,248,0,'2007-02-13 15:07:52',0,'The order data has been modified'),(782,248,2,'2007-02-13 15:08:25',1,''),(783,248,3,'2007-02-15 11:10:33',1,'Your merchandise was shipped out 2/14/07 Fed. Ex. Ground, tracking# 144056010019771.\r\n\r\nThank you for your order!'),(784,249,1,'2007-02-16 06:05:34',1,''),(785,249,2,'2007-02-16 07:21:10',1,'Hi Lauren.  Thanks for your order.  Unfortunately I am sold out of the Medium in the Chopper jacket.  I do have the White in a small and the green in small and large.  I will cancel this order.  Please e-mail me or call if you have any questions.  Thanks \r\nGary Hunter\r\nBahnhof Sport\r\n231-347-2112  800-253-7078\r\nmailto:ghunter@bahnhof.com'),(786,249,0,'2007-02-16 07:21:15',0,''),(787,250,1,'2007-02-16 17:40:12',1,''),(788,250,2,'2007-02-16 21:21:47',1,''),(789,251,1,'2007-02-17 09:17:14',1,''),(790,238,3,'2007-02-17 16:28:03',1,''),(791,251,2,'2007-02-17 16:59:14',1,'Hi Doug.  Thanks for the order.  I do have the jacket in stock but sold the last Chil Factor black size 4 pant yesterday.  I do have it in the black/silver color which does match the yelllow jacket (the jacket has some silver trim).  I do have the Whipper Pant in Yellow which matches the jacket ($80.00/$48.00)http://www.bahnhof.com/store/product_info.php/products_id/564\r\n and the Black Flight Pant ($60.00/$36.00)\r\nhttp://www.bahnhof.com/store/product_info.php/products_id/584\r\nI also have the Chill Factor Bla-ck Bib in a 5.\r\nPlease let me know if you would like just the jacket or if one of the pants would work.  \r\nThanks\r\n\r\nGary Hunter\r\nBahnhof Sport\r\nPetoskey, Mi 49770\r\n231-347-2112\r\n800-253-7078\r\nmailto:ghunter@bahnhof.com'),(792,250,3,'2007-02-19 09:50:12',1,'Your order has shipped.  The Fedex tracking number is 288508310005686.  Thank you for your order.'),(793,252,1,'2007-02-19 12:33:33',1,'Please Mark for my attention'),(794,252,1,'2007-02-19 13:00:46',0,'The order data has been modified'),(795,252,2,'2007-02-19 13:01:37',1,''),(796,252,2,'2007-02-19 13:29:46',1,'Hi Annie,  Your credit card was declined, It is probably because the charge is occuring in the US.  You may need to call your bank and let them know that it is a valid charge.  I will wait to send it thru again until you contact me.  \r\n\r\nThanks \r\nGary Hunter\r\nBahnhof Sport\r\n800-253-7078  231-347-2112\r\nmailto:ghunter@bahnhof.com'),(797,251,2,'2007-02-19 16:29:30',0,'The order data has been modified'),(798,253,1,'2007-02-20 05:12:22',1,''),(799,251,3,'2007-02-20 09:59:21',1,'Your order will be shipped today 2-20-07.  The Fedex tracking number is 288508310005709.  Thank you for your order.'),(800,253,2,'2007-02-20 14:31:49',1,'Thanks for the order.  Unfortunately I am out of the Granite color.  I do have a 3 in the Kryptonite color.  Please e-mail me, should I send just the Red suit, or would the Kryptonite work in place of the Granite.\r\nThanks \r\nGary Hunter\r\n231-347-2112  800-253-7078'),(801,253,2,'2007-02-20 15:34:44',0,'The order data has been modified'),(802,253,2,'2007-02-20 16:00:41',1,'These will ship tomorrow.  The Kryptonite will ship from Petoskey Michigan and the red from Breckenridga Colorado.  We will send tracking #\'s.  Thanks Gary'),(803,252,3,'2007-02-21 10:04:35',1,'Your merchandise was shipped 2/20/07 by United States Postal Service, tracking number while in the US is  as follows, #CP037927645US.\r\n\r\nThank you for your order!'),(804,253,3,'2007-02-22 09:31:06',1,'Thank you for your order.  The Fedex shipping numbers are 288508310005716 and 144056010019924.'),(805,254,1,'2007-02-23 18:40:36',1,''),(806,254,1,'2007-02-23 18:56:01',0,'The order data has been modified'),(807,254,2,'2007-02-23 18:57:31',1,'Switching to Blue.  Will ship Monday.  Thanks Gary'),(808,255,1,'2007-02-26 15:32:49',1,''),(809,255,2,'2007-02-26 17:37:14',1,'Hi Jannie,  Thanks for the order, Unfortunately I am sold out of this hat.  I will cancel this order.  Please feel free to call or e-mail me if you have any questions. \r\nThanks\r\nGary Hunter\r\n800-253-7078\r\nghunter@bahnhof.com'),(810,255,0,'2007-02-26 17:37:29',0,''),(811,256,1,'2007-02-27 13:49:25',1,''),(812,257,1,'2007-02-27 20:38:09',1,''),(813,257,1,'2007-02-28 10:51:30',0,'The order data has been modified'),(814,257,1,'2007-02-28 10:52:07',0,'The order data has been modified'),(815,257,2,'2007-02-28 10:56:12',1,''),(816,256,2,'2007-02-28 11:09:57',1,'Hi Suzanne,  Thanks for the order.  I do have the sive 5  seaspray print in stock but I am sold out of the size 4 in all colors. I do have 1 size 5 orchard blossom left.  Please e-mail me or call 800-253-7078 and let me know if that would work for the second jacket or if I should ship just the size 5 Seaspray Print.  Thanks\r\nGary Hunter\r\n800-253-7078\r\nghunter@bahnhof.com'),(817,254,3,'2007-02-28 12:19:03',1,'Your item was shipped Monday 2/26/07 by Fed. Ex. Ground, tracking# 144056010020029.\r\n\r\nThank you for your order!'),(818,256,2,'2007-02-28 13:30:45',0,'The order data has been modified'),(819,256,2,'2007-02-28 13:32:39',1,'Thanks Suzanne,  Your order will ship Thursday.  Gary'),(820,257,3,'2007-02-28 14:58:09',1,'Your order has shipped. The Fedex tracking number is 144056000014946.  Thank you for your order.'),(821,256,3,'2007-02-28 14:59:57',1,'Your order has shipped.  The fedex tracking number is 144056010020081.  Thank you for your order.'),(822,258,1,'2007-03-01 20:40:17',1,''),(823,258,3,'2007-03-02 13:18:09',1,'Your order has shipped.  The Fedex tracking number is 144056000014953.  Thank you for your order.'),(824,259,1,'2007-03-03 09:11:22',1,''),(825,259,2,'2007-03-03 10:44:17',1,''),(826,259,3,'2007-03-05 12:12:36',1,'Your merchandise is being shipped out today Fed. Ex. Ground, tracking# 144056010020128.\r\n\r\nThank you for your order!'),(827,260,1,'2007-03-05 22:46:21',1,''),(828,260,2,'2007-03-06 16:29:14',1,'Thanks for your order.  Unfortunately I am sold out of the size 4 Orchard.  I do have a size 4 Seaspray left.  I will cancel this order. Please e-mail me or call 800-253-7078 if the Seaspray would work.  Thanks Gary'),(829,260,0,'2007-03-06 16:29:21',0,''),(830,261,1,'2007-03-06 16:39:24',1,''),(831,262,1,'2007-03-07 16:26:04',1,''),(832,262,2,'2007-03-08 15:10:48',1,''),(833,261,2,'2007-03-08 15:14:46',1,'Hi David,  Thanks for your order.  Unfortunately we are sold out of the Pansy color. I do have a size 5 in the Seaspray left.   I will cancel this order.  If you are interested in the Seaspray please e-mail me or call 800-253-7078, You can talk to Missy or Gary.  Thanks Gary'),(834,261,0,'2007-03-08 15:14:53',0,''),(835,262,3,'2007-03-08 16:04:39',1,'Your order has shipped.  The Fedex tracking number is 288508310005891.  It is shipping from our Colorado store.  Thank you for your order.'),(836,263,1,'2007-03-08 20:54:48',1,''),(837,263,2,'2007-03-09 11:01:32',1,''),(838,264,1,'2007-03-10 13:27:23',1,''),(839,265,1,'2007-03-10 22:09:13',1,''),(840,263,3,'2007-03-12 09:06:12',1,'Your order shipped 3/9/07.  The Fedex tracking number is 288508310005914.  Thank you for your order.'),(841,264,2,'2007-03-12 16:20:10',1,'Hi Theresa,  Thanks for the order.  Unfortunately we are sold out of the Nirvana in size 10.  I will cancel this order.  Please e-mail or call 800-253-7078 if you have any questions.  Thanks Gary Hunter'),(842,264,0,'2007-03-12 16:20:18',0,''),(843,265,2,'2007-03-12 16:47:09',1,'Hi Tamara,  Thanks for your order.  I have the X-2 Suit in a size 7 True Red.  Unfortunately I am out of the G-Force Jacket in Glacier, I do have it in Black with Grey trim.  I am also out of the X-treme jacket in size 4 but I do have it in Size 5 True Red.  Please e-mail me or call to let me know if I should ship the suit by it self or if there are substitutions you wouuld like shipped.  Thanks Gary Hunter  800-253-7078'),(844,266,1,'2007-03-13 17:45:11',1,''),(845,267,1,'2007-03-14 09:19:55',1,''),(846,266,2,'2007-03-14 09:52:59',1,'Hi Julie,  Your pants will ship from our Michigan Store, The jacket from Breckenridge Colorado.'),(847,267,2,'2007-03-14 09:58:40',1,'Tyler, Thanks for your order.  Unfortunately I am sold out of this jacket.  I will cancel this order.  If you have any questions please e-mail me or call 800-253-7078.  Thanks Gary Hunter'),(848,267,0,'2007-03-14 09:58:45',0,''),(849,268,1,'2007-03-14 11:46:47',1,''),(850,269,1,'2007-03-14 13:49:18',1,''),(851,265,2,'2007-03-14 13:50:56',0,'The order data has been modified'),(852,265,2,'2007-03-14 13:51:23',0,'The order data has been modified'),(853,269,2,'2007-03-14 14:40:11',1,'Hi Isela, Thanks for the order,  Unfortunately I am out of any Spyder jackets in size 8.  My stock has gotten so low that I have taken the boys jackets off line.  I will cancel this order.  Thanks Gary Hunter\r\n800-253-7078'),(854,269,0,'2007-03-14 14:40:17',0,''),(855,268,2,'2007-03-14 14:44:05',1,'Hi Yoji, Thanks for the order, Unfortunately I am sold out of the Burton Sparta Beanie.. I will cancel this order. Thanks Gary Hunter\r\n800-253-7078'),(856,268,0,'2007-03-14 14:57:49',0,''),(857,265,3,'2007-03-14 15:00:58',1,'Package From Petoskey, Michigan FedEx 7902 0173 2953\r\nPackage from Breckenridge, Colorado FedEx 8500 1791 8384 .  Both 2-day Thanks\r\n Gary'),(858,266,3,'2007-03-15 11:01:05',1,'Your order has shipped.  The Fedex tracking numbers are 288508310005976 and 144056010020210.  Thank you for your order.'),(859,270,1,'2007-03-16 10:19:11',1,'please add a pair of obermyer gloves or mittens to fit a 4 year old girl that will go with this order'),(860,270,2,'2007-03-16 17:16:49',1,'Hi Genevieve,  Thanks for your order,  Unfortunately I am out of the  jacket and pants in size 5,  I do have your choices in size 6.  I do have the Little Dipper jacket in a 5 in purple with the purple pants to match.  Please e-mail me or call 800-253-7078 to let me know if either choice will work or if I need to cancel your order.  Thanks Gary Hunter'),(861,271,1,'2007-03-17 15:26:17',1,''),(862,271,2,'2007-03-17 15:41:13',1,'Hi Victoria.  Thanks for your order.  Unfortunately I am sold out of that pant.  I will cancel your order.  If you have any questions please e-mail or call me at 800-253-7078.  Thanks Gary'),(863,271,0,'2007-03-17 15:41:20',0,''),(864,272,1,'2007-03-18 18:25:48',1,''),(865,272,2,'2007-03-19 08:20:50',1,''),(866,273,1,'2007-03-19 11:14:14',1,''),(867,272,3,'2007-03-19 13:10:20',1,'Your order has shipped.  The Fedex tracking number is 144056010020265.  Thank you for your order.'),(868,274,1,'2007-03-19 13:42:10',1,''),(869,275,1,'2007-03-20 09:12:58',1,''),(870,276,1,'2007-03-20 10:34:16',1,''),(871,273,2,'2007-03-20 14:30:11',1,'Hi Lori,  Thanks for your order.  I am sorry but we are sold out of size 5 Orchid blossom print jacket.  I do have 1 size 5 left in Orchid color w/the print trim.  The same color comdo as the pants.  I am out of the gloves and the hat.  Please e-mail me or call 800-253-7078 and let me know if the jacket will work for you.  Thanks Gary'),(872,274,2,'2007-03-20 15:13:44',1,'Hi Martin.  Thanks for your order.  Unfortunately I am sold out of the size 4.  I do have the jacket and pants in a 5.  Please e-mail me or call 800-253-7078 and let me know if the 5 would work or if I should cancel your order.  Thanks Gary Hunter'),(873,275,2,'2007-03-20 15:14:20',1,''),(874,276,2,'2007-03-20 15:17:16',1,'Hi Jennifer.  Thanks for your order.  I am  shipping the jacket from our Utah store. Unfortunately I am sold out of the hat and gloves and will cancel that part of the order.  Thanks Gary Hunter'),(875,276,2,'2007-03-20 15:17:30',0,'The order data has been modified'),(876,277,1,'2007-03-20 15:59:02',1,''),(877,275,3,'2007-03-21 10:57:34',1,'Your order has shipped.  The Fedex tracking number is 288508310006034.  Thank you for your order.'),(878,276,3,'2007-03-21 14:39:14',1,'Your order has shipped.  The Fedex tracking number is 144056000015073.  Thank you for your order.'),(879,277,1,'2007-03-21 14:49:41',1,'Hello Margaret,\r\nThank you for your order, unfortunately we are sold out of size 18 in boys jackets. We are in the process of updating our inventory. Sorry for the inconvenience.\r\nThank You,\r\nBetsy Ray\r\nBahnhof Sport'),(880,277,0,'2007-03-22 06:06:46',0,''),(881,278,1,'2007-03-22 13:16:54',1,''),(882,279,1,'2007-03-22 13:20:20',1,''),(883,273,0,'2007-03-23 07:34:34',0,''),(884,278,2,'2007-03-23 07:50:17',1,''),(885,278,3,'2007-03-23 13:54:52',1,'Your order is being shipped out today Fed. Ex. Ground, tracking# 144056010020296.\r\n\r\nThank you for your order!'),(886,279,2,'2007-03-23 16:05:17',1,'Hi Susan,  Thanks for your order.  Unfortunately I am out of both pants. I do have a black in a 12 husky but no 8\'s.  I do have both sizes in the Kaki color.  Please e-mail me or call 800-253-7078 if you would like either of these choices.  Otherwise I will cancel this order.  Thanks Gary Hunter'),(887,279,0,'2007-03-23 16:05:23',0,''),(888,280,1,'2007-03-26 14:39:02',1,''),(889,280,3,'2007-03-27 11:58:35',1,'Your order has shipped. The Fedex tracking number is 144056010020302.  Thank you for your order.'),(890,281,1,'2007-03-31 16:45:28',1,''),(891,281,2,'2007-04-01 10:41:41',1,''),(892,281,3,'2007-04-02 13:00:27',1,'Your order has shipped.  The Fedex tracking number is 144056010020340.  Thank you for your order.'),(893,282,1,'2007-05-02 14:16:37',1,''),(894,282,2,'2007-05-04 10:50:12',1,''),(895,282,3,'2007-05-04 14:29:12',1,'Your order has shipped.  The fedex tracking number is 144056010020470.  Thank you for your order.'),(896,274,0,'2007-05-04 14:49:22',0,''),(897,270,0,'2007-05-04 14:49:47',0,''),(898,283,1,'2007-05-06 11:15:21',1,''),(899,283,2,'2007-05-07 13:16:25',1,'Hi Rand, Thanks for your order.  Unfortunately We are out of the size 5 In Purple.  I do have that pant in Rasberry, and the Snoverall in Purple.  Please e-mail me or call 800-253-7078 and let me know if either choice would work or if I should cancel your order.  Thanks Gary'),(900,283,2,'2007-05-07 15:54:12',0,'The order data has been modified'),(901,283,3,'2007-05-08 09:31:29',1,'Your order has shipped.  The Fedex tracking number is 288508310006287.  Thank you for your order.'),(902,284,1,'2007-07-08 14:03:03',1,'I live in Alaska. Please notify my via email or phone if shipping will be greater than $25.00\r\nThank you.'),(903,284,1,'2007-07-09 16:33:22',1,'Hi Nicole,\r\nThank you for your order, unfortunately all I have left in stock is the Optim-x Jacket. Please notify me if you want me to fill the order with what I have available. \r\nThank You,\r\nBetsy Ray\r\nBahnhof Sport'),(904,285,1,'2007-07-10 11:23:43',1,''),(905,285,2,'2007-07-14 16:57:17',1,''),(906,285,3,'2007-07-16 12:17:00',1,'Your order has shipped. The Fedex tracking number is 144056010020838.  Thank you for your order.'),(907,284,0,'2007-07-30 15:38:51',0,'No Responce from cust'),(908,286,1,'2007-08-02 14:48:37',1,''),(909,286,2,'2007-08-06 12:48:48',1,''),(910,286,3,'2007-08-08 15:53:43',1,'Your order was shipped 8/7/07 by Fed. Ex. Ground, tracking# 288508310006881.\r\n\r\nThank you for your order!'),(911,287,1,'2007-08-15 16:11:04',1,''),(912,287,2,'2007-08-17 15:31:33',1,'Hello, Thanks for your order.  I am sorry but at this time we are unable to ship out of the US.  Thanks Gary'),(913,287,0,'2007-08-17 15:31:41',0,''),(914,288,1,'2007-08-21 03:37:59',1,''),(915,288,0,'2007-09-16 08:40:25',0,''),(916,289,1,'2007-10-20 16:21:45',1,'');

--
-- Table structure for table `orders_total`
--

CREATE TABLE `orders_total` (
  `orders_total_id` int(10) unsigned NOT NULL AUTO_INCREMENT,
  `orders_id` int(11) NOT NULL DEFAULT '0',
  `title` varchar(255) NOT NULL DEFAULT '',
  `text` varchar(255) NOT NULL DEFAULT '',
  `value` decimal(15,4) NOT NULL DEFAULT '0.0000',
  `class` varchar(32) NOT NULL DEFAULT '',
  `sort_order` int(11) NOT NULL DEFAULT '0',
  PRIMARY KEY (`orders_total_id`),
  KEY `idx_orders_total_orders_id` (`orders_id`)
) ENGINE=MyISAM AUTO_INCREMENT=893 DEFAULT CHARSET=latin1;

--
-- Dumping data for table `orders_total`
--

INSERT INTO `orders_total` VALUES (48,22,'Sub-Total:','$41.65',41.6500,'ot_subtotal',1),(49,22,'Table Rate (Best Way):','$7.99',7.9900,'ot_shipping',2),(47,21,'Total:','<b>$32.94</b>',32.9400,'ot_total',4),(41,19,'Total:','<b>$221.25</b>',221.2500,'ot_total',4),(45,21,'Sub-Total:','$24.95',24.9500,'ot_subtotal',1),(46,21,'Table Rate (Best Way):','$7.99',7.9900,'ot_shipping',2),(30,16,'Sub-Total:','$55.65',55.6500,'ot_subtotal',1),(31,16,'Table Rate (Best Way):','$7.99',7.9900,'ot_shipping',2),(32,16,'Total:','<b>$63.64</b>',63.6400,'ot_total',4),(33,17,'Sub-Total:','$90.65',90.6500,'ot_subtotal',1),(34,17,'Table Rate (Best Way):','$9.99',9.9900,'ot_shipping',2),(35,17,'Total:','<b>$100.64</b>',100.6400,'ot_total',4),(44,20,'Total:','<b>$125.49</b>',125.4900,'ot_total',4),(43,20,'Table Rate (Best Way):','$9.99',9.9900,'ot_shipping',2),(42,20,'Sub-Total:','$115.50',115.5000,'ot_subtotal',1),(39,19,'Sub-Total:','$209.30',209.3000,'ot_subtotal',1),(40,19,'Table Rate (Best Way):','$11.95',11.9500,'ot_shipping',2),(50,22,'Total:','<b>$49.64</b>',49.6400,'ot_total',4),(51,23,'Sub-Total:','$96.25',96.2500,'ot_subtotal',1),(52,23,'Table Rate (Best Way):','$9.99',9.9900,'ot_shipping',2),(53,23,'Total:','<b>$106.24</b>',106.2400,'ot_total',4),(54,24,'Sub-Total:','$7.50',7.5000,'ot_subtotal',1),(55,24,'Table Rate (Best Way):','$7.99',7.9900,'ot_shipping',2),(56,24,'Total:','<b>$15.49</b>',15.4900,'ot_total',4),(57,25,'Sub-Total:','$111.65',111.6500,'ot_subtotal',1),(58,25,'Table Rate (Best Way):','$9.99',9.9900,'ot_shipping',2),(59,25,'Total:','<b>$121.64</b>',121.6400,'ot_total',4),(60,26,'Sub-Total:','$24.50',24.5000,'ot_subtotal',1),(61,26,'Table Rate (Best Way):','$7.99',7.9900,'ot_shipping',2),(62,26,'Total:','<b>$32.49</b>',32.4900,'ot_total',4),(63,27,'Sub-Total:','$129.50',129.5000,'ot_subtotal',1),(64,27,'Table Rate (Best Way):','$11.95',11.9500,'ot_shipping',2),(65,27,'Total:','<b>$141.45</b>',141.4500,'ot_total',4),(66,28,'Sub-Total:','$22.00',22.0000,'ot_subtotal',1),(67,28,'Table Rate (Best Way):','$7.99',7.9900,'ot_shipping',2),(68,28,'MI TAX 6.0%:','$1.80',1.8000,'ot_tax',3),(69,28,'Total:','<b>$31.79</b>',31.7900,'ot_total',4),(82,32,'Total:','<b>$130.49</b>',130.4900,'ot_total',4),(81,32,'Table Rate (Best Way):','$10.99',10.9900,'ot_shipping',2),(80,32,'Sub-Total:','$119.50',119.5000,'ot_subtotal',1),(74,30,'Sub-Total:','$249.95',249.9500,'ot_subtotal',1),(75,30,'Table Rate (Best Way):','$12.99',12.9900,'ot_shipping',2),(76,30,'Total:','<b>$262.94</b>',262.9400,'ot_total',4),(77,31,'Sub-Total:','$119.50',119.5000,'ot_subtotal',1),(78,31,'Table Rate (Best Way):','$10.99',10.9900,'ot_shipping',2),(79,31,'Total:','<b>$130.49</b>',130.4900,'ot_total',4),(114,42,'Total:','<b>$162.99</b>',162.9900,'ot_total',4),(113,42,'Table Rate (Best Way):','$12.99',12.9900,'ot_shipping',2),(112,42,'Sub-Total:','$150.00',150.0000,'ot_subtotal',1),(87,34,'Sub-Total:','$185.00',185.0000,'ot_subtotal',1),(88,34,'Table Rate (Best Way):','$12.99',12.9900,'ot_shipping',2),(89,34,'Total:','<b>$197.99</b>',197.9900,'ot_total',4),(90,35,'Sub-Total:','$25.95',25.9500,'ot_subtotal',1),(91,35,'Table Rate (Best Way):','$7.99',7.9900,'ot_shipping',2),(92,35,'Total:','<b>$33.94</b>',33.9400,'ot_total',4),(93,36,'Sub-Total:','$185.00',185.0000,'ot_subtotal',1),(94,36,'Table Rate (Best Way):','$12.99',12.9900,'ot_shipping',2),(95,36,'Total:','<b>$197.99</b>',197.9900,'ot_total',4),(96,37,'Sub-Total:','$130.00',130.0000,'ot_subtotal',1),(97,37,'Table Rate (Best Way):','$12.99',12.9900,'ot_shipping',2),(98,37,'Total:','<b>$142.99</b>',142.9900,'ot_total',4),(99,38,'Sub-Total:','$159.00',159.0000,'ot_subtotal',1),(100,38,'Table Rate (Best Way):','$12.99',12.9900,'ot_shipping',2),(101,38,'Total:','<b>$171.99</b>',171.9900,'ot_total',4),(102,39,'Sub-Total:','$25.00',25.0000,'ot_subtotal',1),(103,39,'Table Rate (Best Way):','$7.99',7.9900,'ot_shipping',2),(104,39,'Total:','<b>$32.99</b>',32.9900,'ot_total',4),(111,41,'Total:','<b>$29.99</b>',29.9900,'ot_total',4),(110,41,'Table Rate (Best Way):','$7.99',7.9900,'ot_shipping',2),(109,41,'Sub-Total:','$22.00',22.0000,'ot_subtotal',1),(115,43,'Sub-Total:','$69.00',69.0000,'ot_subtotal',1),(116,43,'Table Rate (Best Way):','$7.99',7.9900,'ot_shipping',2),(117,43,'Total:','<b>$76.99</b>',76.9900,'ot_total',4),(118,44,'Sub-Total:','$55.00',55.0000,'ot_subtotal',1),(119,44,'Table Rate (Best Way):','$7.99',7.9900,'ot_shipping',2),(120,44,'Total:','<b>$62.99</b>',62.9900,'ot_total',4),(121,45,'Sub-Total:','$200.00',200.0000,'ot_subtotal',1),(122,45,'Table Rate (Best Way):','$12.99',12.9900,'ot_shipping',2),(123,45,'Total:','<b>$212.99</b>',212.9900,'ot_total',4),(124,46,'Sub-Total:','$110.00',110.0000,'ot_subtotal',1),(125,46,'Table Rate (Best Way):','$10.99',10.9900,'ot_shipping',2),(126,46,'Total:','<b>$120.99</b>',120.9900,'ot_total',4),(127,47,'Sub-Total:','$195.00',195.0000,'ot_subtotal',1),(128,47,'Table Rate (Best Way):','$12.99',12.9900,'ot_shipping',2),(129,47,'Total:','<b>$207.99</b>',207.9900,'ot_total',4),(130,48,'Sub-Total:','$25.00',25.0000,'ot_subtotal',1),(131,48,'Table Rate (Best Way):','$7.99',7.9900,'ot_shipping',2),(132,48,'MI TAX 6.0%:','$1.98',1.9800,'ot_tax',3),(133,48,'Total:','<b>$34.97</b>',34.9700,'ot_total',4),(134,49,'Sub-Total:','$51.90',51.9000,'ot_subtotal',1),(135,49,'Table Rate (Best Way):','$7.99',7.9900,'ot_shipping',2),(136,49,'Total:','<b>$59.89</b>',59.8900,'ot_total',4),(137,50,'Sub-Total:','$40.00',40.0000,'ot_subtotal',1),(138,50,'Table Rate (Best Way):','$7.99',7.9900,'ot_shipping',2),(139,50,'MI TAX 6.0%:','$2.88',2.8800,'ot_tax',3),(140,50,'Total:','<b>$50.87</b>',50.8700,'ot_total',4),(141,51,'Sub-Total:','$51.90',51.9000,'ot_subtotal',1),(142,51,'Table Rate (Best Way):','$7.99',7.9900,'ot_shipping',2),(143,51,'Total:','<b>$59.89</b>',59.8900,'ot_total',4),(144,52,'Sub-Total:','$40.00',40.0000,'ot_subtotal',1),(145,52,'Table Rate (Best Way):','$7.99',7.9900,'ot_shipping',2),(146,52,'Total:','<b>$47.99</b>',47.9900,'ot_total',4),(155,55,'Total:','<b>$59.89</b>',59.8900,'ot_total',4),(154,55,'Table Rate (Best Way):','$7.99',7.9900,'ot_shipping',2),(153,55,'Sub-Total:','$51.90',51.9000,'ot_subtotal',1),(150,54,'Sub-Total:','$185.00',185.0000,'ot_subtotal',1),(151,54,'Table Rate (Best Way):','$12.99',12.9900,'ot_shipping',2),(152,54,'Total:','<b>$197.99</b>',197.9900,'ot_total',4),(156,56,'Sub-Total:','$40.00',40.0000,'ot_subtotal',1),(157,56,'Table Rate (Best Way):','$7.99',7.9900,'ot_shipping',2),(158,56,'Total:','<b>$47.99</b>',47.9900,'ot_total',4),(159,57,'Sub-Total:','$295.88',295.8800,'ot_subtotal',1),(160,57,'Table Rate (Best Way):','$12.99',12.9900,'ot_shipping',2),(161,57,'Total:','<b>$308.87</b>',308.8700,'ot_total',3),(162,58,'Sub-Total:','$123.75',123.7500,'ot_subtotal',1),(163,58,'Table Rate (Best Way):','$12.99',12.9900,'ot_shipping',2),(164,58,'Total:','<b>$136.74</b>',136.7400,'ot_total',3),(165,59,'Sub-Total:','$89.63',89.6300,'ot_subtotal',1),(166,59,'Table Rate (Best Way):','$10.99',10.9900,'ot_shipping',2),(167,59,'Total:','<b>$100.62</b>',100.6200,'ot_total',3),(187,66,'Table Rate (Best Way):','$12.99',12.9900,'ot_shipping',2),(207,72,'Colorado tax:','$23.99',23.9924,'ot_tax',3),(171,61,'Sub-Total:','$99.50',99.5000,'ot_subtotal',1),(172,61,'Table Rate (Best Way):','$10.99',10.9900,'ot_shipping',2),(173,61,'Total:','<b>$110.49</b>',110.4900,'ot_total',4),(205,72,'Sub-Total:','$281.38',281.3800,'ot_subtotal',1),(206,72,'Table Rate (Best Way):','$12.99',12.9900,'ot_shipping',2),(177,63,'Sub-Total:','$290.00',290.0000,'ot_subtotal',1),(178,63,'Table Rate (Best Way):','$12.99',12.9900,'ot_shipping',2),(179,63,'Total:','<b>$302.99</b>',302.9900,'ot_total',3),(188,66,'Total:','<b>$191.99</b>',191.9900,'ot_total',4),(186,66,'Sub-Total:','$179.00',179.0000,'ot_subtotal',1),(250,86,'Total:','<b>$391.99</b>',391.9900,'ot_total',4),(249,86,'Table Rate (Best Way):','$12.99',12.9900,'ot_shipping',2),(248,86,'Sub-Total:','$379.00',379.0000,'ot_subtotal',1),(192,68,'Sub-Total:','$71.25',71.2500,'ot_subtotal',1),(193,68,'Table Rate (Best Way):','$7.99',7.9900,'ot_shipping',2),(194,68,'Total:','<b>$79.24</b>',79.2400,'ot_total',4),(241,83,'Total:','<b>$85.99</b>',85.9900,'ot_total',4),(240,83,'Table Rate (Best Way):','$10.99',10.9900,'ot_shipping',2),(239,83,'Sub-Total:','$75.00',75.0000,'ot_subtotal',1),(204,71,'Total:','<b>$360.74</b>',360.7400,'ot_total',4),(203,71,'Table Rate (Best Way):','$12.99',12.9900,'ot_shipping',2),(202,71,'Sub-Total:','$347.75',347.7500,'ot_subtotal',1),(208,72,'Total:','<b>$318.36</b>',318.3624,'ot_total',4),(209,73,'Sub-Total:','$990.00',990.0000,'ot_subtotal',1),(210,73,'Table Rate (Best Way):','$24.99',24.9900,'ot_shipping',2),(211,73,'Total:','<b>$1,014.99</b>',1014.9900,'ot_total',4),(229,79,'Total:','<b>$47.99</b>',47.9900,'ot_total',4),(228,79,'Table Rate (Best Way):','$7.99',7.9900,'ot_shipping',2),(227,79,'Sub-Total:','$40.00',40.0000,'ot_subtotal',1),(215,75,'Sub-Total:','$185.00',185.0000,'ot_subtotal',1),(216,75,'Table Rate (Best Way):','$12.99',12.9900,'ot_shipping',2),(217,75,'Total:','<b>$197.99</b>',197.9900,'ot_total',4),(218,76,'Sub-Total:','$168.75',168.7500,'ot_subtotal',1),(219,76,'Table Rate (Best Way):','$12.99',12.9900,'ot_shipping',2),(220,76,'Total:','<b>$181.74</b>',181.7400,'ot_total',4),(225,78,'Table Rate (Best Way):','$10.99',10.9900,'ot_shipping',2),(224,78,'Sub-Total:','$82.50',82.5000,'ot_subtotal',1),(226,78,'Total:','<b>$93.49</b>',93.4900,'ot_total',4),(230,80,'Sub-Total:','$77.85',77.8500,'ot_subtotal',1),(231,80,'Table Rate (Best Way):','$10.99',10.9900,'ot_shipping',2),(232,80,'Total:','<b>$88.84</b>',88.8400,'ot_total',3),(233,81,'Sub-Total:','$183.75',183.7500,'ot_subtotal',1),(234,81,'Table Rate (Best Way):','$12.99',12.9900,'ot_shipping',2),(235,81,'Total:','<b>$196.74</b>',196.7400,'ot_total',4),(236,82,'Sub-Total:','$51.90',51.9000,'ot_subtotal',1),(237,82,'Table Rate (Best Way):','$7.99',7.9900,'ot_shipping',2),(238,82,'Total:','<b>$59.89</b>',59.8900,'ot_total',4),(316,107,'Total:','<b>$115.75</b>',115.7500,'ot_total',3),(315,107,'3-Day FedEx','$22.00',22.0000,'ot_shipping',2),(314,107,'Sub-Total:','$93.75',93.7500,'ot_subtotal',1),(268,92,'Colorado tax:','$6.27',6.2735,'ot_tax',3),(267,92,'Table Rate (Best Way):','$7.99',7.9900,'ot_shipping',2),(266,92,'Sub-Total:','$69.00',69.0000,'ot_subtotal',1),(251,87,'Sub-Total:','$123.75',123.7500,'ot_subtotal',1),(252,87,'Table Rate (Best Way):','$10.99',10.9900,'ot_shipping',2),(253,87,'Total:','<b>$134.74</b>',134.7400,'ot_total',4),(265,91,'Total:','<b>$67.62</b>',67.6200,'ot_total',3),(264,91,'Table Rate (Best Way):','$7.99',7.9900,'ot_shipping',2),(263,91,'Sub-Total:','$59.63',59.6300,'ot_subtotal',1),(257,89,'Sub-Total:','$112.63',112.6300,'ot_subtotal',1),(258,89,'Table Rate (Best Way):','$10.99',10.9900,'ot_shipping',2),(259,89,'Total:','<b>$123.62</b>',123.6200,'ot_total',4),(260,90,'Sub-Total:','$110.00',110.0000,'ot_subtotal',1),(261,90,'Table Rate (Best Way):','$10.99',10.9900,'ot_shipping',2),(262,90,'Total:','<b>$120.99</b>',120.9900,'ot_total',4),(269,92,'Total:','<b>$83.26</b>',83.2635,'ot_total',4),(273,94,'Sub-Total:','$185.00',185.0000,'ot_subtotal',1),(274,94,'Table Rate (Best Way):','$12.99',12.9900,'ot_shipping',2),(275,94,'Colorado tax:','$16.14',16.1375,'ot_tax',3),(276,94,'Total:','<b>$214.13</b>',214.1275,'ot_total',4),(277,95,'Sub-Total:','$250.00',250.0000,'ot_subtotal',1),(278,95,'Table Rate (Best Way):','$12.99',12.9900,'ot_shipping',2),(279,95,'Total:','<b>$262.99</b>',262.9900,'ot_total',4),(300,102,'Total:','<b>$123.12</b>',123.1200,'ot_total',4),(299,102,'Table Rate (Best Way):','$10.99',10.9900,'ot_shipping',2),(298,102,'Sub-Total:','$112.13',112.1300,'ot_subtotal',1),(297,101,'Total:','<b>$123.12</b>',123.1200,'ot_total',4),(296,101,'Table Rate (Best Way):','$10.99',10.9900,'ot_shipping',2),(295,101,'Sub-Total:','$112.13',112.1300,'ot_subtotal',1),(383,128,'Sub-Total:','$69.00',69.0000,'ot_subtotal',1),(393,130,'Total:','<b>$76.99</b>',76.9900,'ot_total',4),(289,99,'Sub-Total:','$112.50',112.5000,'ot_subtotal',1),(290,99,'Table Rate (Best Way):','$10.99',10.9900,'ot_shipping',2),(291,99,'Total:','<b>$123.49</b>',123.4900,'ot_total',4),(386,128,'Total:','<b>$81.61</b>',81.6100,'ot_total',4),(385,128,'MI TAX 6.0%:','$4.62',4.6200,'ot_tax',3),(384,128,'Table Rate (Best Way):','$7.99',7.9900,'ot_shipping',2),(305,104,'Sub-Total:','$51.90',51.9000,'ot_subtotal',1),(306,104,'Table Rate (Best Way):','$7.99',7.9900,'ot_shipping',2),(307,104,'Total:','<b>$59.89</b>',59.8900,'ot_total',4),(319,108,'Total:','<b>$85.99</b>',85.9900,'ot_total',4),(318,108,'Table Rate (Best Way):','$10.99',10.9900,'ot_shipping',2),(317,108,'Sub-Total:','$75.00',75.0000,'ot_subtotal',1),(311,106,'Sub-Total:','$552.50',552.5000,'ot_subtotal',1),(312,106,'FedEx 1-Day','$42.00',42.0000,'ot_shipping',2),(313,106,'Total:','<b>$594.50</b>',594.5000,'ot_total',3),(397,132,'Sub-Total:','$165.00',165.0000,'ot_subtotal',1),(364,122,'Total:','<b>$98.44</b>',98.4400,'ot_total',4),(326,111,'Sub-Total:','$149.26',149.2600,'ot_subtotal',1),(327,111,'Table Rate (Best Way):','$12.99',12.9900,'ot_shipping',2),(328,111,'Total:','<b>$162.25</b>',162.2500,'ot_total',4),(329,112,'Sub-Total:','$59.63',59.6300,'ot_subtotal',1),(330,112,'Table Rate (Best Way):','$7.99',7.9900,'ot_shipping',2),(331,112,'Total:','<b>$67.62</b>',67.6200,'ot_total',4),(347,117,'Total:','<b>$227.49</b>',227.4900,'ot_total',3),(392,130,'Table Rate (Best Way):','$7.99',7.9900,'ot_shipping',2),(391,130,'Sub-Total:','$69.00',69.0000,'ot_subtotal',1),(345,117,'Sub-Total:','$202.50',202.5000,'ot_subtotal',1),(346,117,'Table Rate (Best Way):','$24.99',24.9900,'ot_shipping',2),(371,124,'Total:','<b>$197.99</b>',197.9900,'ot_total',3),(370,124,'Table Rate (Best Way):','$12.99',12.9900,'ot_shipping',2),(369,124,'Sub-Total:','$185.00',185.0000,'ot_subtotal',1),(361,122,'Sub-Total:','$82.50',82.5000,'ot_subtotal',1),(362,122,'Table Rate (Best Way):','$10.99',10.9900,'ot_shipping',2),(363,122,'MI TAX 6.0%:','$4.95',4.9500,'ot_tax',3),(372,125,'Sub-Total:','$142.13',142.1300,'ot_subtotal',1),(373,125,'Table Rate (Best Way):','$12.99',12.9900,'ot_shipping',2),(374,125,'MI TAX 6.0%:','$9.31',9.3078,'ot_tax',3),(375,125,'Total:','<b>$164.43</b>',164.4278,'ot_total',4),(398,132,'Table Rate (Best Way):','$12.99',12.9900,'ot_shipping',2),(387,129,'Sub-Total:','$130.88',130.8800,'ot_subtotal',1),(388,129,'Table Rate (Best Way):','$12.99',12.9900,'ot_shipping',2),(389,129,'MI TAX 6.0%:','$8.63',8.6328,'ot_tax',3),(390,129,'Total:','<b>$152.50</b>',152.5028,'ot_total',4),(399,132,'Total:','<b>$177.99</b>',177.9900,'ot_total',4),(400,133,'Sub-Total:','$51.90',51.9000,'ot_subtotal',1),(401,133,'Table Rate (Best Way):','$7.99',7.9900,'ot_shipping',2),(402,133,'Colorado tax:','$4.23',4.2298,'ot_tax',3),(403,133,'Total:','<b>$64.12</b>',64.1198,'ot_total',4),(409,135,'Total:','<b>$60.12</b>',60.1200,'ot_total',4),(408,135,'Table Rate (Best Way):','$7.99',7.9900,'ot_shipping',2),(407,135,'Sub-Total:','$52.13',52.1300,'ot_subtotal',1),(415,137,'Total:','<b>$122.75</b>',122.7500,'ot_total',3),(414,137,'Table Rate (Best Way):','$10.99',10.9900,'ot_shipping',2),(413,137,'Sub-Total:','$111.76',111.7600,'ot_subtotal',1),(416,138,'Sub-Total:','$290.00',290.0000,'ot_subtotal',1),(417,138,'Table Rate (Best Way):','$12.99',12.9900,'ot_shipping',2),(418,138,'Total:','<b>$302.99</b>',302.9900,'ot_total',4),(419,139,'Sub-Total:','$25.00',25.0000,'ot_subtotal',1),(420,139,'Table Rate (Best Way):','$7.99',7.9900,'ot_shipping',2),(421,139,'UT Tax 7.35%:','$1.84',1.8375,'ot_tax',3),(422,139,'Total:','<b>$34.83</b>',34.8275,'ot_total',4),(423,140,'Sub-Total:','$13.95',13.9500,'ot_subtotal',1),(424,140,'Table Rate (Best Way):','$7.99',7.9900,'ot_shipping',2),(425,140,'Total:','<b>$21.94</b>',21.9400,'ot_total',4),(426,141,'Sub-Total:','$54.00',54.0000,'ot_subtotal',1),(427,141,'Table Rate (Best Way):','$7.99',7.9900,'ot_shipping',2),(428,141,'Total:','<b>$61.99</b>',61.9900,'ot_total',4),(429,142,'Sub-Total:','$175.00',175.0000,'ot_subtotal',1),(430,142,'Table Rate (Best Way):','$12.99',12.9900,'ot_shipping',2),(431,142,'Total:','<b>$187.99</b>',187.9900,'ot_total',4),(432,143,'Sub-Total:','$250.00',250.0000,'ot_subtotal',100),(433,143,'Table Rate (Best Way):','$12.99',12.9900,'ot_shipping',300),(434,143,'MI TAX 6.0%:','$15.78',15.7800,'ot_tax',400),(435,143,'Total:','<b>$278.77</b>',278.7700,'ot_total',1000),(445,146,'MI TAX 6.0%:','$14.58',14.5800,'ot_tax',400),(444,146,'Table Rate (Best Way):','$12.99',12.9900,'ot_shipping',300),(443,146,'Sub-Total:','$230.00',230.0000,'ot_subtotal',100),(440,145,'Sub-Total:','$240.00',240.0000,'ot_subtotal',100),(441,145,'Table Rate (Best Way):','$12.99',12.9900,'ot_shipping',300),(442,145,'Total:','<b>$252.99</b>',252.9900,'ot_total',1000),(446,146,'Total:','<b>$257.57</b>',257.5700,'ot_total',1000),(447,147,'Sub-Total:','$250.00',250.0000,'ot_subtotal',100),(448,147,'Table Rate (Best Way):','$12.99',12.9900,'ot_shipping',300),(449,147,'Total:','<b>$262.99</b>',262.9900,'ot_total',1000),(450,148,'Sub-Total:','$170.00',170.0000,'ot_subtotal',1),(451,148,'Table Rate (Best Way):','$12.99',12.9900,'ot_shipping',2),(452,148,'Total:','<b>$182.99</b>',182.9900,'ot_total',3),(453,149,'Sub-Total:','$360.00',360.0000,'ot_subtotal',100),(454,149,'Table Rate (Best Way):','$12.99',12.9900,'ot_shipping',300),(455,149,'Colorado tax:','$30.40',30.4000,'ot_tax',400),(456,149,'Total:','<b>$403.39</b>',403.3900,'ot_total',1000),(457,150,'Sub-Total:','$175.00',175.0000,'ot_subtotal',1),(458,150,'Table Rate (Best Way):','$12.99',12.9900,'ot_shipping',2),(459,150,'Total:','<b>$187.99</b>',187.9900,'ot_total',3),(460,151,'Sub-Total:','$230.00',230.0000,'ot_subtotal',1),(461,151,'Table Rate (Best Way):','$12.99',12.9900,'ot_shipping',2),(462,151,'Total:','<b>$242.99</b>',242.9900,'ot_total',3),(463,152,'Sub-Total:','$400.00',400.0000,'ot_subtotal',100),(464,152,'Table Rate (Best Way):','$12.99',12.9900,'ot_shipping',300),(465,152,'Total:','<b>$412.99</b>',412.9900,'ot_total',1000),(466,153,'Sub-Total:','$145.00',145.0000,'ot_subtotal',100),(467,153,'Table Rate (Best Way):','$12.99',12.9900,'ot_shipping',300),(468,153,'Total:','<b>$157.99</b>',157.9900,'ot_total',1000),(469,154,'Sub-Total:','$200.00',200.0000,'ot_subtotal',100),(470,154,'Table Rate (Best Way):','$12.99',12.9900,'ot_shipping',300),(471,154,'Total:','<b>$212.99</b>',212.9900,'ot_total',1000),(472,155,'Sub-Total:','$470.00',470.0000,'ot_subtotal',1),(473,155,'Table Rate (Best Way):','$12.99',12.9900,'ot_shipping',2),(474,155,'Total:','<b>$482.99</b>',482.9900,'ot_total',3),(475,156,'Sub-Total:','$280.00',280.0000,'ot_subtotal',100),(476,156,'Table Rate (Best Way):','$12.99',12.9900,'ot_shipping',300),(477,156,'Total:','<b>$292.99</b>',292.9900,'ot_total',1000),(478,157,'Sub-Total:','$490.00',490.0000,'ot_subtotal',100),(479,157,'Table Rate (Best Way):','$24.99',24.9900,'ot_shipping',300),(480,157,'MI TAX 6.0%:','$30.90',30.9000,'ot_tax',400),(481,157,'Total:','<b>$545.89</b>',545.8900,'ot_total',1000),(482,158,'Sub-Total:','$855.00',855.0000,'ot_subtotal',1),(483,158,'Table Rate (Best Way):','$39.99',39.9900,'ot_shipping',2),(484,158,'Total:','<b>$894.99</b>',894.9900,'ot_total',3),(485,159,'Sub-Total:','$130.00',130.0000,'ot_subtotal',100),(486,159,'Table Rate (Best Way):','$12.99',12.9900,'ot_shipping',300),(487,159,'Total:','<b>$142.99</b>',142.9900,'ot_total',1000),(488,160,'Sub-Total:','$75.00',75.0000,'ot_subtotal',100),(489,160,'Free Shipping (For orders of $50.00 or more within the continental United States.):','$0.00',0.0000,'ot_shipping',300),(490,160,'Total:','<b>$75.00</b>',75.0000,'ot_total',1000),(491,161,'Sub-Total:','$230.00',230.0000,'ot_subtotal',100),(492,161,'Free Shipping (For orders of $50.00 or more within the continental United States.):','$0.00',0.0000,'ot_shipping',300),(493,161,'Total:','<b>$230.00</b>',230.0000,'ot_total',1000),(494,162,'Sub-Total:','$165.00',165.0000,'ot_subtotal',100),(495,162,'Free Shipping (For orders of $50.00 or more within the continental United States.):','$0.00',0.0000,'ot_shipping',300),(496,162,'Total:','<b>$165.00</b>',165.0000,'ot_total',1000),(497,163,'Sub-Total:','$150.00',150.0000,'ot_subtotal',100),(498,163,'Free Shipping (For orders of $50.00 or more within the continental United States.):','$0.00',0.0000,'ot_shipping',300),(499,163,'MI TAX 6.0%:','$9.00',9.0000,'ot_tax',400),(500,163,'Total:','<b>$159.00</b>',159.0000,'ot_total',1000),(501,164,'Sub-Total:','$550.00',550.0000,'ot_subtotal',100),(502,164,'Free Shipping (For orders of $50.00 or more within the continental United States.):','$0.00',0.0000,'ot_shipping',300),(503,164,'Total:','<b>$550.00</b>',550.0000,'ot_total',1000),(504,165,'Sub-Total:','$700.00',700.0000,'ot_subtotal',100),(505,165,'Free Shipping (For orders of $50.00 or more within the continental United States.):','$0.00',0.0000,'ot_shipping',300),(506,165,'Total:','<b>$700.00</b>',700.0000,'ot_total',1000),(507,166,'Sub-Total:','$175.00',175.0000,'ot_subtotal',1),(508,166,'Free Shipping','$0.00',0.0000,'ot_shipping',2),(509,166,'Total:','<b>$175.00</b>',175.0000,'ot_total',3),(510,167,'Sub-Total:','$175.00',175.0000,'ot_subtotal',100),(511,167,'Free Shipping (For orders of $50.00 or more within the continental United States.):','$0.00',0.0000,'ot_shipping',300),(512,167,'Total:','<b>$175.00</b>',175.0000,'ot_total',1000),(513,168,'Sub-Total:','$300.00',300.0000,'ot_subtotal',100),(514,168,'Free Shipping (For orders of $50.00 or more within the continental United States.):','$0.00',0.0000,'ot_shipping',300),(515,168,'Total:','<b>$300.00</b>',300.0000,'ot_total',1000),(516,169,'Sub-Total:','$600.00',600.0000,'ot_subtotal',100),(517,169,'Free Shipping (For orders of $50.00 or more within the continental United States.):','$0.00',0.0000,'ot_shipping',300),(518,169,'Total:','<b>$600.00</b>',600.0000,'ot_total',1000),(519,170,'Sub-Total:','$150.00',150.0000,'ot_subtotal',100),(520,170,'Free Shipping (For orders of $50.00 or more within the continental United States.):','$0.00',0.0000,'ot_shipping',300),(521,170,'Total:','<b>$150.00</b>',150.0000,'ot_total',1000),(522,171,'Sub-Total:','$150.00',150.0000,'ot_subtotal',100),(523,171,'Table Rate (Best Way):','$12.99',12.9900,'ot_shipping',300),(524,171,'Total:','<b>$162.99</b>',162.9900,'ot_total',1000),(525,172,'Sub-Total:','$40.00',40.0000,'ot_subtotal',1),(526,172,'Table Rate (Best Way):','$21.00',21.0000,'ot_shipping',2),(527,172,'Total:','<b>$61.00</b>',61.0000,'ot_total',3),(528,173,'Sub-Total:','$99.50',99.5000,'ot_subtotal',1),(529,173,'Free Shipping (For orders of $50.00 or more within the continental United States.):','$0.00',0.0000,'ot_shipping',2),(530,173,'Total:','<b>$99.50</b>',99.5000,'ot_total',3),(531,174,'Sub-Total:','$165.00',165.0000,'ot_subtotal',100),(532,174,'Free Shipping (For orders of $50.00 or more within the continental United States.):','$0.00',0.0000,'ot_shipping',300),(533,174,'Total:','<b>$165.00</b>',165.0000,'ot_total',1000),(534,175,'Sub-Total:','150,00 USD',150.0000,'ot_subtotal',100),(535,175,'Free Shipping (For orders of $50.00 or more within the continental United States.):','$0.00',0.0000,'ot_shipping',300),(536,175,'Total:','<b>150,00 USD</b>',150.0000,'ot_total',1000),(537,176,'Sub-Total:','$165.00',165.0000,'ot_subtotal',1),(538,176,'Free Shipping (For orders of $50.00 or more within the continental United States.):','$0.00',0.0000,'ot_shipping',2),(539,176,'Total:','<b>$165.00</b>',165.0000,'ot_total',3),(540,177,'Sub-Total:','$275.00',275.0000,'ot_subtotal',100),(541,177,'Free Shipping (For orders of $50.00 or more within the continental United States.):','$0.00',0.0000,'ot_shipping',300),(542,177,'Total:','<b>$275.00</b>',275.0000,'ot_total',1000),(543,178,'Sub-Total:','$105.00',105.0000,'ot_subtotal',100),(544,178,'Free Shipping (For orders of $50.00 or more within the continental United States.):','$0.00',0.0000,'ot_shipping',300),(545,178,'Total:','<b>$105.00</b>',105.0000,'ot_total',1000),(546,179,'Sub-Total:','$150.00',150.0000,'ot_subtotal',100),(547,179,'Free Shipping (For orders of $50.00 or more within the continental United States.):','$0.00',0.0000,'ot_shipping',300),(548,179,'Total:','<b>$150.00</b>',150.0000,'ot_total',1000),(549,180,'Sub-Total:','$140.00',140.0000,'ot_subtotal',100),(550,180,'Free Shipping (For orders of $50.00 or more within the continental United States.):','$0.00',0.0000,'ot_shipping',300),(551,180,'UT Tax 7.35%:','$10.29',10.2900,'ot_tax',400),(552,180,'Total:','<b>$150.29</b>',150.2900,'ot_total',1000),(553,181,'Sub-Total:','$100.00',100.0000,'ot_subtotal',100),(554,181,'Table Rate (Best Way):','$10.99',10.9900,'ot_shipping',300),(555,181,'Total:','<b>$110.99</b>',110.9900,'ot_total',1000),(556,182,'Sub-Total:','$160.00',160.0000,'ot_subtotal',100),(557,182,'Table Rate (Best Way):','$12.99',12.9900,'ot_shipping',300),(558,182,'Total:','<b>$172.99</b>',172.9900,'ot_total',1000),(559,183,'Sub-Total:','$160.00',160.0000,'ot_subtotal',100),(560,183,'Free Shipping (For orders of $50.00 or more within the continental United States.):','$0.00',0.0000,'ot_shipping',300),(561,183,'Total:','<b>$160.00</b>',160.0000,'ot_total',1000),(562,184,'Sub-Total:','$600.00',600.0000,'ot_subtotal',1),(563,184,'Table Rate (Best Way):','$24.99',24.9900,'ot_shipping',300),(564,184,'Total:','<b>$600.00</b>',600.0000,'ot_total',2),(565,185,'Sub-Total:','$100.00',100.0000,'ot_subtotal',100),(566,185,'Free Shipping (For orders of $50.00 or more within the continental United States.):','$0.00',0.0000,'ot_shipping',300),(567,185,'Total:','<b>$100.00</b>',100.0000,'ot_total',1000),(568,186,'Sub-Total:','$42.90',42.9000,'ot_subtotal',100),(569,186,'Table Rate (Best Way):','$7.99',7.9900,'ot_shipping',300),(570,186,'Total:','<b>$50.89</b>',50.8900,'ot_total',1000),(571,187,'Sub-Total:','$469.00',469.0000,'ot_subtotal',1),(572,187,'Table Rate (Best Way):','$55.00',55.0000,'ot_shipping',2),(573,187,'Total:','<b>$524.00</b>',524.0000,'ot_total',3),(574,188,'Sub-Total:','$80.00',80.0000,'ot_subtotal',100),(575,188,'Free Shipping (For orders of $50.00 or more within the continental United States.):','$0.00',0.0000,'ot_shipping',300),(576,188,'Total:','<b>$80.00</b>',80.0000,'ot_total',1000),(577,189,'Sub-Total:','$125.00',125.0000,'ot_subtotal',100),(578,189,'Free Shipping (For orders of $50.00 or more within the continental United States.):','$0.00',0.0000,'ot_shipping',300),(579,189,'Total:','<b>$125.00</b>',125.0000,'ot_total',1000),(580,190,'Sub-Total:','$280.00',280.0000,'ot_subtotal',100),(581,190,'Free Shipping (For orders of $50.00 or more within the continental United States.):','$0.00',0.0000,'ot_shipping',300),(582,190,'Colorado tax:','$22.82',22.8200,'ot_tax',400),(583,190,'Total:','<b>$302.82</b>',302.8200,'ot_total',1000),(584,191,'Sub-Total:','$59.95',59.9500,'ot_subtotal',100),(585,191,'Free Shipping (For orders of $50.00 or more within the continental United States.):','$0.00',0.0000,'ot_shipping',300),(586,191,'Total:','<b>$59.95</b>',59.9500,'ot_total',1000),(587,192,'Sub-Total:','$130.00',130.0000,'ot_subtotal',100),(588,192,'Free Shipping (For orders of $50.00 or more within the continental United States.):','$0.00',0.0000,'ot_shipping',300),(589,192,'Colorado tax:','$10.60',10.5950,'ot_tax',400),(590,192,'Total:','<b>$140.60</b>',140.5950,'ot_total',1000),(591,193,'Sub-Total:','$149.26',149.2600,'ot_subtotal',1),(592,193,'FedEx Overnight:','$62.99',62.9900,'ot_shipping',2),(593,193,'Colorado tax:','$12.16',12.1646,'ot_tax',3),(594,193,'Total:','<b>$224.41</b>',224.4146,'ot_total',4),(595,194,'Sub-Total:','$123.75',123.7500,'ot_subtotal',100),(596,194,'Free Shipping (For orders of $50.00 or more within the continental United States.):','$0.00',0.0000,'ot_shipping',300),(597,194,'Total:','<b>$123.75</b>',123.7500,'ot_total',1000),(598,195,'Sub-Total:','$150.00',150.0000,'ot_subtotal',100),(599,195,'Free Shipping (For orders of $50.00 or more within the continental United States.):','$0.00',0.0000,'ot_shipping',300),(600,195,'Total:','<b>$150.00</b>',150.0000,'ot_total',1000),(601,196,'Sub-Total:','$25.00',25.0000,'ot_subtotal',100),(602,196,'Table Rate (Best Way):','$7.99',7.9900,'ot_shipping',300),(603,196,'Total:','<b>$32.99</b>',32.9900,'ot_total',1000),(604,197,'Sub-Total:','$131.25',131.2500,'ot_subtotal',100),(605,197,'Free Shipping (For orders of $50.00 or more within the continental United States.):','$0.00',0.0000,'ot_shipping',300),(606,197,'Total:','<b>$131.25</b>',131.2500,'ot_total',1000),(607,198,'Sub-Total:','$177.50',177.5000,'ot_subtotal',100),(608,198,'Free Shipping (For orders of $50.00 or more within the continental United States.):','$0.00',0.0000,'ot_shipping',300),(609,198,'Total:','<b>$177.50</b>',177.5000,'ot_total',1000),(610,199,'Sub-Total:','$108.00',108.0000,'ot_subtotal',100),(611,199,'Free Shipping (For orders of $50.00 or more within the continental United States.):','$0.00',0.0000,'ot_shipping',300),(612,199,'Total:','<b>$108.00</b>',108.0000,'ot_total',1000),(613,200,'Sub-Total:','$86.25',86.2500,'ot_subtotal',100),(614,200,'Free Shipping (For orders of $50.00 or more within the continental United States.):','$0.00',0.0000,'ot_shipping',300),(615,200,'Total:','<b>$86.25</b>',86.2500,'ot_total',1000),(616,201,'Sub-Total:','$75.00',75.0000,'ot_subtotal',100),(617,201,'Free Shipping (For orders of $50.00 or more within the continental United States.):','$0.00',0.0000,'ot_shipping',300),(618,201,'MI TAX 6.0%:','$4.50',4.5000,'ot_tax',400),(619,201,'Total:','<b>$79.50</b>',79.5000,'ot_total',1000),(620,202,'Sub-Total:','$125.00',125.0000,'ot_subtotal',100),(621,202,'Free Shipping (For orders of $50.00 or more within the continental United States.):','$0.00',0.0000,'ot_shipping',300),(622,202,'Total:','<b>$125.00</b>',125.0000,'ot_total',1000),(623,203,'Sub-Total:','$112.50',112.5000,'ot_subtotal',100),(624,203,'Free Shipping (For orders of $50.00 or more within the continental United States.):','$0.00',0.0000,'ot_shipping',300),(625,203,'Colorado tax:','$9.17',9.1687,'ot_tax',400),(626,203,'Total:','<b>$121.67</b>',121.6687,'ot_total',1000),(627,204,'Sub-Total:','$112.50',112.5000,'ot_subtotal',100),(628,204,'Free Shipping (For orders of $50.00 or more within the continental United States.):','$0.00',0.0000,'ot_shipping',300),(629,204,'Total:','<b>$112.50</b>',112.5000,'ot_total',1000),(630,205,'Sub-Total:','$80.00',80.0000,'ot_subtotal',100),(631,205,'Free Shipping (For orders of $50.00 or more within the continental United States.):','$0.00',0.0000,'ot_shipping',300),(632,205,'Total:','<b>$80.00</b>',80.0000,'ot_total',1000),(633,206,'Sub-Total:','$59.95',59.9500,'ot_subtotal',100),(634,206,'Free Shipping (For orders of $50.00 or more within the continental United States.):','$0.00',0.0000,'ot_shipping',300),(635,206,'Colorado tax:','$4.89',4.8859,'ot_tax',400),(636,206,'Total:','<b>$64.84</b>',64.8359,'ot_total',1000),(637,207,'Sub-Total:','$56.00',56.0000,'ot_subtotal',100),(638,207,'Free Shipping (For orders of $50.00 or more within the continental United States.):','$0.00',0.0000,'ot_shipping',300),(639,207,'Total:','<b>$56.00</b>',56.0000,'ot_total',1000),(640,208,'Sub-Total:','$95.00',95.0000,'ot_subtotal',100),(641,208,'Free Shipping (For orders of $50.00 or more within the continental United States.):','$0.00',0.0000,'ot_shipping',300),(642,208,'Total:','<b>$95.00</b>',95.0000,'ot_total',1000),(643,209,'Sub-Total:','$86.25',86.2500,'ot_subtotal',1),(644,209,'Free Shipping (For orders of $50.00 or more within the continental United States.):','$0.00',0.0000,'ot_shipping',2),(645,209,'Total:','<b>$86.25</b>',86.2500,'ot_total',3),(646,210,'Sub-Total:','$123.75',123.7500,'ot_subtotal',100),(647,210,'Free Shipping (For orders of $50.00 or more within the continental United States.):','$0.00',0.0000,'ot_shipping',300),(648,210,'Total:','<b>$123.75</b>',123.7500,'ot_total',1000),(649,211,'Sub-Total:','$200.00',200.0000,'ot_subtotal',100),(650,211,'Free Shipping (For orders of $50.00 or more within the continental United States.):','$0.00',0.0000,'ot_shipping',300),(651,211,'Total:','<b>$200.00</b>',200.0000,'ot_total',1000),(652,212,'Sub-Total:','$105.00',105.0000,'ot_subtotal',1),(653,212,'Free Shipping (For orders of $50.00 or more within the continental United States.):','$0.00',0.0000,'ot_shipping',2),(654,212,'Total:','<b>$105.00</b>',105.0000,'ot_total',3),(655,213,'Sub-Total:','$80.00',80.0000,'ot_subtotal',100),(656,213,'Free Shipping (For orders of $50.00 or more within the continental United States.):','$0.00',0.0000,'ot_shipping',300),(657,213,'Total:','<b>$80.00</b>',80.0000,'ot_total',1000),(658,214,'Sub-Total:','$365.00',365.0000,'ot_subtotal',100),(659,214,'Free Shipping (For orders of $50.00 or more within the continental United States.):','$0.00',0.0000,'ot_shipping',300),(660,214,'Total:','<b>$365.00</b>',365.0000,'ot_total',1000),(661,215,'Sub-Total:','$105.00',105.0000,'ot_subtotal',100),(662,215,'Free Shipping (For orders of $50.00 or more within the continental United States.):','$0.00',0.0000,'ot_shipping',300),(663,215,'Total:','<b>$105.00</b>',105.0000,'ot_total',1000),(664,216,'Sub-Total:','$107.50',107.5000,'ot_subtotal',100),(665,216,'Free Shipping (For orders of $50.00 or more within the continental United States.):','$0.00',0.0000,'ot_shipping',300),(666,216,'Total:','<b>$107.50</b>',107.5000,'ot_total',1000),(667,217,'Sub-Total:','$59.00',59.0000,'ot_subtotal',1),(668,217,'2 day:','$19.00',19.0000,'ot_shipping',2),(697,227,'Sub-Total:','$50.00',50.0000,'ot_subtotal',100),(669,217,'Total:','<b>$78.00</b>',78.0000,'ot_total',3),(670,218,'Sub-Total:','$97.50',97.5000,'ot_subtotal',100),(671,218,'Free Shipping (For orders of $50.00 or more within the continental United States.):','$0.00',0.0000,'ot_shipping',300),(672,218,'Total:','<b>$97.50</b>',97.5000,'ot_total',1000),(673,219,'Sub-Total:','$130.00',130.0000,'ot_subtotal',100),(674,219,'Free Shipping (For orders of $50.00 or more within the continental United States.):','$0.00',0.0000,'ot_shipping',300),(675,219,'Total:','<b>$130.00</b>',130.0000,'ot_total',1000),(676,220,'Sub-Total:','$132.50',132.5000,'ot_subtotal',1),(677,220,'Table Rate 2-Day :','$23.99',23.9900,'ot_shipping',2),(678,220,'Total:','<b>$156.49</b>',156.4900,'ot_total',3),(679,221,'Sub-Total:','$131.25',131.2500,'ot_subtotal',100),(680,221,'Free Shipping (For orders of $50.00 or more within the continental United States.):','$0.00',0.0000,'ot_shipping',300),(681,221,'Total:','<b>$131.25</b>',131.2500,'ot_total',1000),(682,222,'Sub-Total:','$59.00',59.0000,'ot_subtotal',100),(683,222,'Free Shipping (For orders of $50.00 or more within the continental United States.):','$0.00',0.0000,'ot_shipping',300),(684,222,'Total:','<b>$59.00</b>',59.0000,'ot_total',1000),(685,223,'Sub-Total:','$105.00',105.0000,'ot_subtotal',1),(686,223,'Free Shipping (For orders of $50.00 or more within the continental United States.):','$0.00',0.0000,'ot_shipping',2),(687,223,'Total:','<b>$105.00</b>',105.0000,'ot_total',3),(688,224,'Sub-Total:','$64.00',64.0000,'ot_subtotal',100),(689,224,'Free Shipping (For orders of $50.00 or more within the continental United States.):','$0.00',0.0000,'ot_shipping',300),(690,224,'Total:','<b>$64.00</b>',64.0000,'ot_total',1000),(691,225,'Sub-Total:','$123.75',123.7500,'ot_subtotal',100),(692,225,'Free Shipping (For orders of $50.00 or more within the continental United States.):','$0.00',0.0000,'ot_shipping',300),(693,225,'Total:','<b>$123.75</b>',123.7500,'ot_total',1000),(694,226,'Sub-Total:','$131.25',131.2500,'ot_subtotal',100),(695,226,'Free Shipping (For orders of $50.00 or more within the continental United States.):','$0.00',0.0000,'ot_shipping',300),(696,226,'Total:','<b>$131.25</b>',131.2500,'ot_total',1000),(698,227,'Free Shipping (For orders of $50.00 or more within the continental United States.):','$0.00',0.0000,'ot_shipping',300),(699,227,'MI TAX 6.0%:','$3.00',3.0000,'ot_tax',400),(700,227,'Total:','<b>$53.00</b>',53.0000,'ot_total',1000),(701,228,'Sub-Total:','$180.00',180.0000,'ot_subtotal',100),(702,228,'Free Shipping (For orders of $50.00 or more within the continental United States.):','$0.00',0.0000,'ot_shipping',300),(703,228,'Total:','<b>$180.00</b>',180.0000,'ot_total',1000),(704,229,'Sub-Total:','$25.00',25.0000,'ot_subtotal',100),(705,229,'Table Rate (Best Way):','$7.99',7.9900,'ot_shipping',300),(706,229,'Total:','<b>$32.99</b>',32.9900,'ot_total',1000),(707,230,'Sub-Total:','$80.00',80.0000,'ot_subtotal',100),(708,230,'Free Shipping (For orders of $50.00 or more within the continental United States.):','$0.00',0.0000,'ot_shipping',300),(709,230,'Total:','<b>$80.00</b>',80.0000,'ot_total',1000),(710,231,'Sub-Total:','$162.25',162.2500,'ot_subtotal',100),(711,231,'Free Shipping (For orders of $50.00 or more within the continental United States.):','$0.00',0.0000,'ot_shipping',300),(712,231,'Total:','<b>$162.25</b>',162.2500,'ot_total',1000),(713,232,'Sub-Total:','$105.00',105.0000,'ot_subtotal',100),(714,232,'Free Shipping (For orders of $50.00 or more within the continental United States.):','$0.00',0.0000,'ot_shipping',300),(715,232,'Total:','<b>$105.00</b>',105.0000,'ot_total',1000),(716,233,'Sub-Total:','$131.25',131.2500,'ot_subtotal',1),(717,233,'Free Shipping (For orders of $50.00 or more within the continental United States.):','$0.00',0.0000,'ot_shipping',2),(718,233,'Total:','<b>$131.25</b>',131.2500,'ot_total',3),(719,234,'Sub-Total:','$97.50',97.5000,'ot_subtotal',1),(720,234,'Free Shipping (For orders of $50.00 or more within the continental United States.):','$0.00',0.0000,'ot_shipping',2),(721,234,'Total:','<b>$97.50</b>',97.5000,'ot_total',3),(722,235,'Sub-Total:','$125.00',125.0000,'ot_subtotal',100),(723,235,'Free Shipping (For orders of $50.00 or more within the continental United States.):','$0.00',0.0000,'ot_shipping',300),(724,235,'Total:','<b>$125.00</b>',125.0000,'ot_total',1000),(725,236,'Sub-Total:','$165.00',165.0000,'ot_subtotal',1),(726,236,'Table Rate (Best Way):','$0.00',0.0000,'ot_shipping',3),(727,236,'Total:','<b>$165.00</b>',165.0000,'ot_total',2),(728,237,'Sub-Total:','$235.00',235.0000,'ot_subtotal',100),(729,237,'Table Rate (Best Way):','$12.99',12.9900,'ot_shipping',300),(730,237,'Total:','<b>$247.99</b>',247.9900,'ot_total',1000),(731,238,'Sub-Total:','$300.00',300.0000,'ot_subtotal',100),(732,238,'Free Shipping (For orders of $50.00 or more within the continental United States.):','$0.00',0.0000,'ot_shipping',300),(733,238,'Total:','<b>$300.00</b>',300.0000,'ot_total',1000),(734,239,'Sub-Total:','$553.75',553.7500,'ot_subtotal',100),(735,239,'Free Shipping (For orders of $50.00 or more within the continental United States.):','$0.00',0.0000,'ot_shipping',300),(736,239,'Total:','<b>$553.75</b>',553.7500,'ot_total',1000),(737,240,'Sub-Total:','$501.00',501.0000,'ot_subtotal',100),(738,240,'Free Shipping (For orders of $50.00 or more within the continental United States.):','$0.00',0.0000,'ot_shipping',300),(739,240,'Total:','<b>$501.00</b>',501.0000,'ot_total',1000),(740,241,'Sub-Total:','$200.00',200.0000,'ot_subtotal',100),(741,241,'Free Shipping (For orders of $50.00 or more within the continental United States.):','$0.00',0.0000,'ot_shipping',300),(742,241,'Total:','<b>$200.00</b>',200.0000,'ot_total',1000),(743,242,'Sub-Total:','$140.00',140.0000,'ot_subtotal',100),(744,242,'Free Shipping (For orders of $50.00 or more within the continental United States.):','$0.00',0.0000,'ot_shipping',300),(745,242,'Total:','<b>$140.00</b>',140.0000,'ot_total',1000),(746,243,'Sub-Total:','$190.00',190.0000,'ot_subtotal',1),(747,243,'Free Shipping (For orders of $50.00 or more within the continental United States.):','$0.00',0.0000,'ot_shipping',2),(748,243,'Total:','<b>$190.00</b>',190.0000,'ot_total',3),(749,244,'Sub-Total:','$45.00',45.0000,'ot_subtotal',100),(750,244,'Table Rate (Best Way):','$7.99',7.9900,'ot_shipping',300),(751,244,'Total:','<b>$52.99</b>',52.9900,'ot_total',1000),(752,245,'Sub-Total:','$60.00',60.0000,'ot_subtotal',100),(753,245,'Free Shipping (For orders of $50.00 or more within the continental United States.):','$0.00',0.0000,'ot_shipping',300),(754,245,'Total:','<b>$60.00</b>',60.0000,'ot_total',1000),(755,246,'Sub-Total:','$78.00',78.0000,'ot_subtotal',100),(756,246,'Free Shipping (For orders of $50.00 or more within the continental United States.):','$0.00',0.0000,'ot_shipping',300),(757,246,'Total:','<b>$78.00</b>',78.0000,'ot_total',1000),(758,247,'Sub-Total:','$69.00',69.0000,'ot_subtotal',100),(759,247,'Free Shipping (For orders of $50.00 or more within the continental United States.):','$0.00',0.0000,'ot_shipping',300),(760,247,'MI TAX 6.0%:','$4.14',4.1400,'ot_tax',400),(761,247,'Total:','<b>$73.14</b>',73.1400,'ot_total',1000),(762,248,'Sub-Total:','$102.00',102.0000,'ot_subtotal',1),(763,248,'Free Shipping (For orders of $50.00 or more within the continental United States.):','$0.00',0.0000,'ot_shipping',2),(764,248,'Total:','<b>$102.00</b>',102.0000,'ot_total',3),(765,249,'Sub-Total:','$160.00',160.0000,'ot_subtotal',100),(766,249,'Table Rate (Best Way):','$12.99',12.9900,'ot_shipping',300),(767,249,'Total:','<b>$172.99</b>',172.9900,'ot_total',1000),(768,250,'Sub-Total:','$69.00',69.0000,'ot_subtotal',100),(769,250,'Free Shipping (For orders of $50.00 or more within the continental United States.):','$0.00',0.0000,'ot_shipping',300),(770,250,'Colorado tax:','$5.71',5.7097,'ot_tax',400),(771,250,'Total:','<b>$74.71</b>',74.7097,'ot_total',1000),(772,251,'Sub-Total:','$132.00',132.0000,'ot_subtotal',1),(773,251,'Free Shipping (For orders of $50.00 or more within the continental United States.):','$0.00',0.0000,'ot_shipping',2),(774,251,'Total:','<b>$132.00</b>',132.0000,'ot_total',3),(775,252,'Sub-Total:','$550.00',550.0000,'ot_subtotal',1),(776,252,'Free Shipping (For orders of $50.00 or more within the continental United States.):','$25.00',25.0000,'ot_shipping',2),(777,252,'Total:','<b>$575.00</b>',575.0000,'ot_total',3),(778,253,'Sub-Total:','$168.00',168.0000,'ot_subtotal',1),(779,253,'Free Shipping (For orders of $50.00 or more within the continental United States.):','$0.00',0.0000,'ot_shipping',2),(780,253,'Total:','<b>$168.00</b>',168.0000,'ot_total',3),(781,254,'Sub-Total:','$60.00',60.0000,'ot_subtotal',1),(782,254,'Free Shipping (For orders of $50.00 or more within the continental United States.):','$0.00',0.0000,'ot_shipping',2),(783,254,'Total:','<b>$60.00</b>',60.0000,'ot_total',3),(784,255,'Sub-Total:','$25.00',25.0000,'ot_subtotal',100),(785,255,'Table Rate (Best Way):','$7.99',7.9900,'ot_shipping',300),(786,255,'Total:','<b>$32.99</b>',32.9900,'ot_total',1000),(787,256,'Sub-Total:','$216.00',216.0000,'ot_subtotal',1),(788,256,'Free Shipping (For orders of $50.00 or more within the continental United States.):','$0.00',0.0000,'ot_shipping',2),(789,256,'Total:','<b>$216.00</b>',216.0000,'ot_total',3),(790,257,'Sub-Total:','$490.00',490.0000,'ot_subtotal',1),(791,257,'Table Rate (Best Way):','$0.00',0.0000,'ot_shipping',4),(792,257,'Colorado tax:','$40.55',40.5475,'ot_tax',2),(793,257,'Total:','<b>$530.55</b>',530.5475,'ot_total',3),(794,258,'Sub-Total:','$72.00',72.0000,'ot_subtotal',100),(795,258,'Free Shipping (For orders of $50.00 or more within the continental United States.):','$0.00',0.0000,'ot_shipping',300),(796,258,'Total:','<b>$72.00</b>',72.0000,'ot_total',1000),(797,259,'Sub-Total:','$57.00',57.0000,'ot_subtotal',100),(798,259,'Free Shipping (For orders of $50.00 or more within the continental United States.):','$0.00',0.0000,'ot_shipping',300),(799,259,'Total:','<b>$57.00</b>',57.0000,'ot_total',1000),(800,260,'Sub-Total:','$57.00',57.0000,'ot_subtotal',100),(801,260,'Free Shipping (For orders of $50.00 or more within the continental United States.):','$0.00',0.0000,'ot_shipping',300),(802,260,'Total:','<b>$57.00</b>',57.0000,'ot_total',1000),(803,261,'Sub-Total:','$69.00',69.0000,'ot_subtotal',100),(804,261,'Free Shipping (For orders of $50.00 or more within the continental United States.):','$0.00',0.0000,'ot_shipping',300),(805,261,'Total:','<b>$69.00</b>',69.0000,'ot_total',1000),(806,262,'Sub-Total:','$90.00',90.0000,'ot_subtotal',100),(807,262,'Free Shipping (For orders of $50.00 or more within the continental United States.):','$0.00',0.0000,'ot_shipping',300),(808,262,'MI TAX 6.0%:','$5.40',5.4000,'ot_tax',400),(809,262,'Total:','<b>$95.40</b>',95.4000,'ot_total',1000),(810,263,'Sub-Total:','$90.00',90.0000,'ot_subtotal',100),(811,263,'Free Shipping (For orders of $50.00 or more within the continental United States.):','$0.00',0.0000,'ot_shipping',300),(812,263,'Total:','<b>$90.00</b>',90.0000,'ot_total',1000),(813,264,'Sub-Total:','$99.00',99.0000,'ot_subtotal',100),(814,264,'Free Shipping (For orders of $50.00 or more within the continental United States.):','$0.00',0.0000,'ot_shipping',300),(815,264,'Total:','<b>$99.00</b>',99.0000,'ot_total',1000),(816,265,'Sub-Total:','$220.00',220.0000,'ot_subtotal',1),(817,265,'Free Shipping (For orders of $50.00 or more within the continental United States.):','$12.00',12.0000,'ot_shipping',2),(818,265,'Total:','<b>$232.00</b>',232.0000,'ot_total',3),(819,266,'Sub-Total:','$111.00',111.0000,'ot_subtotal',100),(820,266,'Free Shipping (For orders of $50.00 or more within the continental United States.):','$0.00',0.0000,'ot_shipping',300),(821,266,'Total:','<b>$111.00</b>',111.0000,'ot_total',1000),(822,267,'Sub-Total:','$140.00',140.0000,'ot_subtotal',100),(823,267,'Free Shipping (For orders of $50.00 or more within the continental United States.):','$0.00',0.0000,'ot_shipping',300),(824,267,'Total:','<b>$140.00</b>',140.0000,'ot_total',1000),(825,268,'Sub-Total:','$20.00',20.0000,'ot_subtotal',100),(826,268,'Table Rate (Best Way):','$7.99',7.9900,'ot_shipping',300),(827,268,'Total:','<b>$27.99</b>',27.9900,'ot_total',1000),(828,269,'Sub-Total:','$105.00',105.0000,'ot_subtotal',100),(829,269,'Free Shipping (For orders of $50.00 or more within the continental United States.):','$0.00',0.0000,'ot_shipping',300),(830,269,'Total:','<b>$105.00</b>',105.0000,'ot_total',1000),(831,270,'Sub-Total:','$131.00',131.0000,'ot_subtotal',100),(832,270,'Free Shipping (For orders of $50.00 or more within the continental United States.):','$0.00',0.0000,'ot_shipping',300),(833,270,'Total:','<b>$131.00</b>',131.0000,'ot_total',1000),(834,271,'Sub-Total:','$87.00',87.0000,'ot_subtotal',100),(835,271,'Free Shipping (For orders of $50.00 or more within the continental United States.):','$0.00',0.0000,'ot_shipping',300),(836,271,'Total:','<b>$87.00</b>',87.0000,'ot_total',1000),(837,272,'Sub-Total:','$57.00',57.0000,'ot_subtotal',100),(838,272,'Free Shipping (For orders of $50.00 or more within the continental United States.):','$0.00',0.0000,'ot_shipping',300),(839,272,'MI TAX 6.0%:','$3.42',3.4200,'ot_tax',400),(840,272,'Total:','<b>$60.42</b>',60.4200,'ot_total',1000),(841,273,'Sub-Total:','$180.00',180.0000,'ot_subtotal',100),(842,273,'Free Shipping (For orders of $50.00 or more within the continental United States.):','$0.00',0.0000,'ot_shipping',300),(843,273,'Total:','<b>$180.00</b>',180.0000,'ot_total',1000),(844,274,'Sub-Total:','$132.00',132.0000,'ot_subtotal',100),(845,274,'Free Shipping (For orders of $50.00 or more within the continental United States.):','$0.00',0.0000,'ot_shipping',300),(846,274,'Total:','<b>$132.00</b>',132.0000,'ot_total',1000),(847,275,'Sub-Total:','$69.00',69.0000,'ot_subtotal',100),(848,275,'Free Shipping (For orders of $50.00 or more within the continental United States.):','$0.00',0.0000,'ot_shipping',300),(849,275,'Total:','<b>$69.00</b>',69.0000,'ot_total',1000),(850,276,'Sub-Total:','$69.00',69.0000,'ot_subtotal',1),(851,276,'Free Shipping (For orders of $50.00 or more within the continental United States.):','$0.00',0.0000,'ot_shipping',2),(852,276,'Total:','<b>$69.00</b>',69.0000,'ot_total',3),(853,277,'Sub-Total:','$90.00',90.0000,'ot_subtotal',100),(854,277,'Free Shipping (For orders of $50.00 or more within the continental United States.):','$0.00',0.0000,'ot_shipping',300),(855,277,'Total:','<b>$90.00</b>',90.0000,'ot_total',1000),(856,278,'Sub-Total:','$90.00',90.0000,'ot_subtotal',100),(857,278,'Free Shipping (For orders of $50.00 or more within the continental United States.):','$0.00',0.0000,'ot_shipping',300),(858,278,'Total:','<b>$90.00</b>',90.0000,'ot_total',1000),(859,279,'Sub-Total:','$72.00',72.0000,'ot_subtotal',100),(860,279,'Free Shipping (For orders of $50.00 or more within the continental United States.):','$0.00',0.0000,'ot_shipping',300),(861,279,'Total:','<b>$72.00</b>',72.0000,'ot_total',1000),(862,280,'Sub-Total:','$42.00',42.0000,'ot_subtotal',100),(863,280,'Table Rate (Best Way):','$7.99',7.9900,'ot_shipping',300),(864,280,'Total:','<b>$49.99</b>',49.9900,'ot_total',1000),(865,281,'Sub-Total:','$42.00',42.0000,'ot_subtotal',100),(866,281,'Table Rate (Best Way):','$7.99',7.9900,'ot_shipping',300),(867,281,'Total:','<b>$49.99</b>',49.9900,'ot_total',1000),(868,282,'Sub-Total:','$203.00',203.0000,'ot_subtotal',100),(869,282,'Free Shipping (For orders of $50.00 or more within the continental United States.):','$0.00',0.0000,'ot_shipping',300),(870,282,'Total:','<b>$203.00</b>',203.0000,'ot_total',1000),(871,283,'Sub-Total:','$42.00',42.0000,'ot_subtotal',1),(872,283,'Free Shipping (For orders of $50.00 or more within the continental United States.):','$0.00',0.0000,'ot_shipping',2),(873,283,'Total:','<b>$42.00</b>',42.0000,'ot_total',3),(874,284,'Sub-Total:','$216.00',216.0000,'ot_subtotal',100),(875,284,'Free Shipping (For orders of $50.00 or more within the continental United States.):','$0.00',0.0000,'ot_shipping',300),(876,284,'Total:','<b>$216.00</b>',216.0000,'ot_total',1000),(877,285,'Sub-Total:','$54.00',54.0000,'ot_subtotal',100),(878,285,'Free Shipping (For orders of $50.00 or more within the continental United States.):','$0.00',0.0000,'ot_shipping',300),(879,285,'Total:','<b>$54.00</b>',54.0000,'ot_total',1000),(880,286,'Sub-Total:','$48.00',48.0000,'ot_subtotal',100),(881,286,'Table Rate (Best Way):','$7.99',7.9900,'ot_shipping',300),(882,286,'Total:','<b>$55.99</b>',55.9900,'ot_total',1000),(883,287,'Sub-Total:','$50.00',50.0000,'ot_subtotal',100),(884,287,'Table Rate (Best Way):','$7.99',7.9900,'ot_shipping',300),(885,287,'Total:','<b>$57.99</b>',57.9900,'ot_total',1000),(886,288,'Sub-Total:','$0.00',0.0000,'ot_subtotal',100),(887,288,'Table Rate (Best Way):','$7.99',7.9900,'ot_shipping',300),(888,288,'UT Tax 7.35%:','$0.59',0.5900,'ot_tax',400),(889,288,'Total:','<b>$8.58</b>',8.5800,'ot_total',1000),(890,289,'Sub-Total:','$24.95',24.9500,'ot_subtotal',100),(891,289,'Table Rate (Best Way):','$7.99',7.9900,'ot_shipping',300),(892,289,'Total:','<b>$32.94</b>',32.9400,'ot_total',1000);

--
-- Table structure for table `phplist_admin`
--

CREATE TABLE `phplist_admin` (
  `id` int(11) NOT NULL AUTO_INCREMENT,
  `loginname` varchar(25) NOT NULL DEFAULT '',
  `namelc` varchar(255) DEFAULT NULL,
  `email` varchar(255) NOT NULL DEFAULT '',
  `created` datetime DEFAULT NULL,
  `modified` timestamp NOT NULL DEFAULT CURRENT_TIMESTAMP ON UPDATE CURRENT_TIMESTAMP,
  `modifiedby` varchar(25) DEFAULT NULL,
  `password` varchar(255) DEFAULT NULL,
  `passwordchanged` date DEFAULT NULL,
  `superuser` tinyint(4) DEFAULT '0',
  `disabled` tinyint(4) DEFAULT '0',
  PRIMARY KEY (`id`),
  UNIQUE KEY `loginname` (`loginname`)
) ENGINE=MyISAM AUTO_INCREMENT=2 DEFAULT CHARSET=latin1;

--
-- Dumping data for table `phplist_admin`
--

INSERT INTO `phplist_admin` VALUES (1,'admin','admin','','2004-11-21 13:02:32','2004-11-21 18:02:32','','phplist','2004-11-21',1,0);

--
-- Table structure for table `phplist_admin_attribute`
--

CREATE TABLE `phplist_admin_attribute` (
  `adminattributeid` int(11) NOT NULL DEFAULT '0',
  `adminid` int(11) NOT NULL DEFAULT '0',
  `value` varchar(255) DEFAULT NULL,
  PRIMARY KEY (`adminattributeid`,`adminid`)
) ENGINE=MyISAM DEFAULT CHARSET=latin1;

--
-- Dumping data for table `phplist_admin_attribute`
--


--
-- Table structure for table `phplist_admin_task`
--

CREATE TABLE `phplist_admin_task` (
  `adminid` int(11) NOT NULL DEFAULT '0',
  `taskid` int(11) NOT NULL DEFAULT '0',
  `level` int(11) DEFAULT NULL,
  PRIMARY KEY (`adminid`,`taskid`)
) ENGINE=MyISAM DEFAULT CHARSET=latin1;

--
-- Dumping data for table `phplist_admin_task`
--

INSERT INTO `phplist_admin_task` VALUES (0,41,0),(0,42,0),(0,43,0),(0,44,0),(0,45,4),(0,46,4),(0,47,4),(0,48,4),(0,49,4),(0,50,4);

--
-- Table structure for table `phplist_adminattribute`
--

CREATE TABLE `phplist_adminattribute` (
  `id` int(11) NOT NULL AUTO_INCREMENT,
  `name` varchar(255) NOT NULL DEFAULT '',
  `type` varchar(30) DEFAULT NULL,
  `listorder` int(11) DEFAULT NULL,
  `default_value` varchar(255) DEFAULT NULL,
  `required` tinyint(4) DEFAULT NULL,
  `tablename` varchar(255) DEFAULT NULL,
  PRIMARY KEY (`id`)
) ENGINE=MyISAM DEFAULT CHARSET=latin1;

--
-- Dumping data for table `phplist_adminattribute`
--


--
-- Table structure for table `phplist_attachment`
--

CREATE TABLE `phplist_attachment` (
  `id` int(11) NOT NULL AUTO_INCREMENT,
  `filename` varchar(255) DEFAULT NULL,
  `remotefile` varchar(255) DEFAULT NULL,
  `mimetype` varchar(255) DEFAULT NULL,
  `description` text,
  `size` int(11) DEFAULT NULL,
  PRIMARY KEY (`id`)
) ENGINE=MyISAM DEFAULT CHARSET=latin1;

--
-- Dumping data for table `phplist_attachment`
--


--
-- Table structure for table `phplist_list`
--

CREATE TABLE `phplist_list` (
  `id` int(11) NOT NULL AUTO_INCREMENT,
  `name` varchar(255) NOT NULL DEFAULT '',
  `description` text,
  `entered` datetime DEFAULT NULL,
  `listorder` int(11) DEFAULT NULL,
  `prefix` varchar(10) DEFAULT NULL,
  `rssfeed` varchar(255) DEFAULT NULL,
  `modified` timestamp NOT NULL DEFAULT CURRENT_TIMESTAMP ON UPDATE CURRENT_TIMESTAMP,
  `active` tinyint(4) DEFAULT NULL,
  `owner` int(11) DEFAULT NULL,
  PRIMARY KEY (`id`)
) ENGINE=MyISAM AUTO_INCREMENT=6 DEFAULT CHARSET=latin1;

--
-- Dumping data for table `phplist_list`
--

INSERT INTO `phplist_list` VALUES (1,'test','List for testing. If you don\'t make this list active and add yourself as a member, you can use this list to test a message. If the message comes out ok, you can resend it to other lists.','2004-11-21 13:02:32',0,NULL,NULL,'2006-11-10 17:24:28',1,1),(2,'Newsletter - All','The Bahnhof general announcement newsletter.','2004-12-01 00:16:39',0,'','','2005-01-11 22:30:17',1,0),(3,'Newsletter - UT','This is a newsletter that will only go to people in Utah.','2004-12-01 00:17:09',1,'','','2004-12-01 05:17:09',1,0),(4,'Newsletter - MI','This is a newsletter that will only go to people in Michigan.','2004-12-01 00:19:17',2,'','','2004-12-01 05:19:41',1,0),(5,'Newsletter - CO','This is a newsletter that will only go to people in Colorado.','2004-12-01 00:20:02',3,'','','2004-12-01 05:20:02',1,0);

--
-- Table structure for table `phplist_listmessage`
--

CREATE TABLE `phplist_listmessage` (
  `id` int(11) NOT NULL AUTO_INCREMENT,
  `messageid` int(11) NOT NULL DEFAULT '0',
  `listid` int(11) NOT NULL DEFAULT '0',
  `entered` datetime DEFAULT NULL,
  `modified` timestamp NOT NULL DEFAULT CURRENT_TIMESTAMP ON UPDATE CURRENT_TIMESTAMP,
  PRIMARY KEY (`id`),
  UNIQUE KEY `messageid` (`messageid`,`listid`)
) ENGINE=MyISAM AUTO_INCREMENT=19 DEFAULT CHARSET=latin1;

--
-- Dumping data for table `phplist_listmessage`
--

INSERT INTO `phplist_listmessage` VALUES (1,2,2,'2004-12-01 00:51:16','2004-12-01 05:51:16'),(2,2,3,'2004-12-01 00:51:16','2004-12-01 05:51:16'),(3,2,4,'2004-12-01 00:51:16','2004-12-01 05:51:16'),(4,2,5,'2004-12-01 00:51:16','2004-12-01 05:51:16'),(5,5,1,'2004-12-01 00:55:22','2004-12-01 05:55:22'),(6,6,2,'2004-12-01 00:59:31','2004-12-01 05:59:31'),(7,6,3,'2004-12-01 00:59:31','2004-12-01 05:59:31'),(8,6,4,'2004-12-01 00:59:31','2004-12-01 05:59:31'),(9,6,5,'2004-12-01 00:59:31','2004-12-01 05:59:31'),(10,7,2,'2004-12-01 01:05:49','2004-12-01 06:05:49'),(11,7,3,'2004-12-01 01:05:49','2004-12-01 06:05:49'),(12,7,4,'2004-12-01 01:05:49','2004-12-01 06:05:49'),(13,7,5,'2004-12-01 01:05:49','2004-12-01 06:05:49'),(14,9,1,'2006-11-10 12:27:36','2006-11-10 17:27:36'),(16,11,2,'2006-11-10 12:57:41','2006-11-10 17:57:41'),(18,13,4,'2007-07-19 12:14:22','2007-07-19 16:14:22');

--
-- Table structure for table `phplist_listrss`
--

CREATE TABLE `phplist_listrss` (
  `listid` int(11) NOT NULL DEFAULT '0',
  `type` varchar(255) DEFAULT NULL,
  `entered` datetime DEFAULT NULL,
  `info` text
) ENGINE=MyISAM DEFAULT CHARSET=latin1;

--
-- Dumping data for table `phplist_listrss`
--


--
-- Table structure for table `phplist_listuser`
--

CREATE TABLE `phplist_listuser` (
  `userid` int(11) NOT NULL DEFAULT '0',
  `listid` int(11) NOT NULL DEFAULT '0',
  `entered` datetime DEFAULT NULL,
  `modified` timestamp NOT NULL DEFAULT CURRENT_TIMESTAMP ON UPDATE CURRENT_TIMESTAMP,
  PRIMARY KEY (`userid`,`listid`)
) ENGINE=MyISAM DEFAULT CHARSET=latin1;

--
-- Dumping data for table `phplist_listuser`
--

INSERT INTO `phplist_listuser` VALUES (61,5,NULL,'2007-07-19 15:02:57'),(9,2,'2005-02-27 19:51:49','2005-02-28 00:51:49'),(61,4,NULL,'2007-07-19 15:02:57'),(9,3,'2005-02-27 19:51:49','2005-02-28 00:51:49'),(61,3,NULL,'2007-07-19 15:02:57'),(61,1,NULL,'2007-07-19 15:02:57'),(15,2,'2005-03-03 18:26:46','2005-03-03 23:26:46'),(15,3,'2005-03-03 18:26:46','2005-03-03 23:26:46'),(16,2,'2005-03-03 18:27:41','2005-03-03 23:27:41'),(16,3,'2005-03-03 18:27:41','2005-03-03 23:27:41'),(17,2,'2005-03-03 18:28:43','2005-03-03 23:28:43'),(17,3,'2005-03-03 18:28:43','2005-03-03 23:28:43'),(18,2,'2005-03-03 18:29:07','2005-03-03 23:29:07'),(18,3,'2005-03-03 18:29:07','2005-03-03 23:29:07'),(19,2,'2005-03-03 18:29:44','2005-03-03 23:29:44'),(19,3,'2005-03-03 18:29:44','2005-03-03 23:29:44'),(20,2,'2005-03-03 18:30:27','2005-03-03 23:30:27'),(20,3,'2005-03-03 18:30:27','2005-03-03 23:30:27'),(21,2,'2005-03-03 18:30:56','2005-03-03 23:30:56'),(21,3,'2005-03-03 18:30:56','2005-03-03 23:30:56'),(22,2,'2005-03-05 16:57:00','2005-03-05 21:57:00'),(22,3,'2005-03-05 16:57:00','2005-03-05 21:57:00'),(23,2,'2005-03-07 12:21:17','2005-03-07 17:21:17'),(23,3,'2005-03-07 12:21:17','2005-03-07 17:21:17'),(24,2,'2006-02-02 11:10:23','2006-02-02 16:10:23'),(24,3,'2006-02-02 11:10:23','2006-02-02 16:10:23'),(25,2,'2005-03-13 22:33:40','2005-03-14 03:33:40'),(25,5,'2005-03-13 22:33:40','2005-03-14 03:33:40'),(26,2,'2005-03-15 12:55:43','2005-03-15 17:55:43'),(26,3,'2005-03-15 12:55:43','2005-03-15 17:55:43'),(27,2,'2005-03-16 18:47:08','2005-03-16 23:47:08'),(27,3,'2005-03-16 18:47:08','2005-03-16 23:47:08'),(28,2,'2005-11-14 09:30:42','2005-11-14 14:30:42'),(28,5,'2005-11-14 09:30:42','2005-11-14 14:30:42'),(29,2,'2005-11-14 13:37:33','2005-11-14 18:37:33'),(29,3,'2005-11-14 13:37:33','2005-11-14 18:37:33'),(30,2,'2005-11-14 19:51:17','2005-11-15 00:51:17'),(30,5,'2005-11-14 19:51:17','2005-11-15 00:51:17'),(31,2,'2005-11-26 08:38:13','2005-11-26 13:38:13'),(31,5,'2005-11-26 08:38:13','2005-11-26 13:38:13'),(32,2,'2005-12-01 15:14:17','2005-12-01 20:14:17'),(32,3,'2005-12-01 15:14:18','2005-12-01 20:14:18'),(33,2,'2005-12-07 16:43:12','2005-12-07 21:43:12'),(33,3,'2005-12-07 16:43:12','2005-12-07 21:43:12'),(34,2,'2005-12-07 20:30:11','2005-12-08 01:30:11'),(34,3,'2005-12-07 20:30:11','2005-12-08 01:30:11'),(35,2,'2005-12-19 09:11:52','2005-12-19 14:11:52'),(35,3,'2005-12-19 09:11:53','2005-12-19 14:11:53'),(36,2,'2005-12-19 20:09:57','2005-12-20 01:09:57'),(36,3,'2005-12-19 20:09:57','2005-12-20 01:09:57'),(37,2,'2005-12-23 17:59:17','2005-12-23 22:59:17'),(37,3,'2005-12-23 17:59:17','2005-12-23 22:59:17'),(38,2,'2005-12-23 18:02:00','2005-12-23 23:02:00'),(38,4,'2005-12-23 18:02:00','2005-12-23 23:02:00'),(39,2,'2005-12-27 12:35:35','2005-12-27 17:35:35'),(39,3,'2005-12-27 12:35:35','2005-12-27 17:35:35'),(40,2,'2005-12-30 16:11:16','2005-12-30 21:11:16'),(40,3,'2005-12-30 16:11:16','2005-12-30 21:11:16'),(41,2,'2006-01-02 05:44:08','2006-01-02 10:44:08'),(41,5,'2006-01-02 05:44:08','2006-01-02 10:44:08'),(42,2,'2006-01-02 17:37:33','2006-01-02 22:37:33'),(42,3,'2006-01-02 17:37:33','2006-01-02 22:37:33'),(43,2,'2006-01-05 16:48:23','2006-01-05 21:48:23'),(43,3,'2006-01-05 16:48:23','2006-01-05 21:48:23'),(44,3,'2006-01-09 12:12:14','2006-01-09 17:12:14'),(44,2,'2006-01-09 12:12:14','2006-01-09 17:12:14'),(45,2,'2006-01-16 03:39:29','2006-01-16 08:39:29'),(45,3,'2006-01-16 03:39:29','2006-01-16 08:39:29'),(46,2,'2006-01-16 09:02:22','2006-01-16 14:02:22'),(46,3,'2006-01-16 09:02:22','2006-01-16 14:02:22'),(47,2,'2006-01-23 15:08:41','2006-01-23 20:08:41'),(47,5,'2006-01-23 15:08:41','2006-01-23 20:08:41'),(48,2,'2006-01-25 08:44:18','2006-01-25 13:44:18'),(48,3,'2006-01-25 08:44:18','2006-01-25 13:44:18'),(49,2,'2006-01-26 15:04:05','2006-01-26 20:04:05'),(49,5,'2006-01-26 15:04:05','2006-01-26 20:04:05'),(50,2,'2006-01-27 10:17:56','2006-01-27 15:17:56'),(50,5,'2006-01-27 10:17:56','2006-01-27 15:17:56'),(51,2,'2006-02-07 18:17:22','2006-02-07 23:17:22'),(51,3,'2006-02-07 18:17:22','2006-02-07 23:17:22'),(52,2,'2006-02-10 17:18:38','2006-02-10 22:18:38'),(52,5,'2006-02-10 17:18:38','2006-02-10 22:18:38'),(53,2,'2006-02-11 19:12:42','2006-02-12 00:12:42'),(53,3,'2006-02-11 19:12:42','2006-02-12 00:12:42'),(54,2,'2006-02-14 22:27:02','2006-02-15 03:27:02'),(54,3,'2006-02-14 22:27:02','2006-02-15 03:27:02'),(55,2,'2006-02-15 15:48:20','2006-02-15 20:48:20'),(55,3,'2006-02-15 15:48:20','2006-02-15 20:48:20'),(56,2,'2006-02-19 12:21:49','2006-02-19 17:21:49'),(56,3,'2006-02-19 12:21:50','2006-02-19 17:21:50'),(57,2,'2006-03-23 20:51:19','2006-03-24 01:51:19'),(57,5,'2006-03-23 20:51:19','2006-03-24 01:51:19'),(58,2,'2006-03-26 16:39:55','2006-03-26 21:39:55'),(58,5,'2006-03-26 16:39:55','2006-03-26 21:39:55'),(59,2,'2006-03-30 21:38:33','2006-03-31 02:38:33'),(59,3,'2006-03-30 21:38:33','2006-03-31 02:38:33'),(61,2,NULL,'2007-07-19 15:02:57'),(4,2,'2006-11-10 12:53:36','2006-11-10 17:53:36'),(0,2,'2006-11-10 12:53:37','2006-11-10 17:53:37'),(62,1,'2007-07-19 12:08:37','2007-07-19 16:08:37'),(62,4,'2007-07-19 12:08:37','2007-07-19 16:08:37'),(63,1,'2007-07-19 12:08:37','2007-07-19 16:08:37'),(63,4,'2007-07-19 12:08:37','2007-07-19 16:08:37'),(65,1,'2007-07-19 12:08:37','2007-07-19 16:08:37'),(65,4,'2007-07-19 12:08:37','2007-07-19 16:08:37'),(66,1,'2007-07-19 12:08:37','2007-07-19 16:08:37'),(66,4,'2007-07-19 12:08:37','2007-07-19 16:08:37'),(67,1,'2007-07-19 12:08:37','2007-07-19 16:08:37'),(67,4,'2007-07-19 12:08:37','2007-07-19 16:08:37'),(68,1,'2007-07-19 12:08:37','2007-07-19 16:08:37'),(68,4,'2007-07-19 12:08:37','2007-07-19 16:08:37'),(69,1,'2007-07-19 12:08:37','2007-07-19 16:08:37'),(69,4,'2007-07-19 12:08:37','2007-07-19 16:08:37'),(70,1,'2007-07-19 12:08:38','2007-07-19 16:08:38'),(70,4,'2007-07-19 12:08:38','2007-07-19 16:08:38'),(71,1,'2007-07-19 12:08:38','2007-07-19 16:08:38'),(71,4,'2007-07-19 12:08:38','2007-07-19 16:08:38'),(72,1,'2007-07-19 12:08:38','2007-07-19 16:08:38'),(72,4,'2007-07-19 12:08:38','2007-07-19 16:08:38'),(73,1,'2007-07-19 12:08:38','2007-07-19 16:08:38'),(73,4,'2007-07-19 12:08:38','2007-07-19 16:08:38'),(74,1,'2007-07-19 12:08:38','2007-07-19 16:08:38'),(74,4,'2007-07-19 12:08:38','2007-07-19 16:08:38'),(75,1,'2007-07-19 12:08:38','2007-07-19 16:08:38'),(75,4,'2007-07-19 12:08:38','2007-07-19 16:08:38'),(76,1,'2007-07-19 12:08:38','2007-07-19 16:08:38'),(76,4,'2007-07-19 12:08:38','2007-07-19 16:08:38'),(77,1,'2007-07-19 12:08:38','2007-07-19 16:08:38'),(77,4,'2007-07-19 12:08:38','2007-07-19 16:08:38'),(78,1,'2007-07-19 12:08:38','2007-07-19 16:08:38'),(78,4,'2007-07-19 12:08:38','2007-07-19 16:08:38'),(79,1,'2007-07-19 12:08:38','2007-07-19 16:08:38'),(79,4,'2007-07-19 12:08:38','2007-07-19 16:08:38'),(80,1,'2007-07-19 12:08:38','2007-07-19 16:08:38'),(80,4,'2007-07-19 12:08:38','2007-07-19 16:08:38'),(81,1,'2007-07-19 12:08:38','2007-07-19 16:08:38'),(81,4,'2007-07-19 12:08:38','2007-07-19 16:08:38'),(82,1,'2007-07-19 12:08:38','2007-07-19 16:08:38'),(82,4,'2007-07-19 12:08:38','2007-07-19 16:08:38'),(83,1,'2007-07-19 12:08:38','2007-07-19 16:08:38'),(83,4,'2007-07-19 12:08:38','2007-07-19 16:08:38'),(84,1,'2007-07-19 12:08:38','2007-07-19 16:08:38'),(84,4,'2007-07-19 12:08:38','2007-07-19 16:08:38'),(85,1,'2007-07-19 12:08:38','2007-07-19 16:08:38'),(85,4,'2007-07-19 12:08:38','2007-07-19 16:08:38'),(86,1,'2007-07-19 12:08:38','2007-07-19 16:08:38'),(86,4,'2007-07-19 12:08:38','2007-07-19 16:08:38'),(87,1,'2007-07-19 12:08:38','2007-07-19 16:08:38'),(87,4,'2007-07-19 12:08:38','2007-07-19 16:08:38'),(88,1,'2007-07-19 12:08:38','2007-07-19 16:08:38'),(88,4,'2007-07-19 12:08:38','2007-07-19 16:08:38'),(89,1,'2007-07-19 12:08:38','2007-07-19 16:08:38'),(89,4,'2007-07-19 12:08:38','2007-07-19 16:08:38'),(90,1,'2007-07-19 12:08:38','2007-07-19 16:08:38'),(90,4,'2007-07-19 12:08:38','2007-07-19 16:08:38'),(91,1,'2007-07-19 12:08:38','2007-07-19 16:08:38'),(91,4,'2007-07-19 12:08:38','2007-07-19 16:08:38'),(92,1,'2007-07-19 12:08:38','2007-07-19 16:08:38'),(92,4,'2007-07-19 12:08:38','2007-07-19 16:08:38'),(93,1,'2007-07-19 12:08:38','2007-07-19 16:08:38'),(93,4,'2007-07-19 12:08:38','2007-07-19 16:08:38'),(94,1,'2007-07-19 12:08:38','2007-07-19 16:08:38'),(94,4,'2007-07-19 12:08:38','2007-07-19 16:08:38'),(95,1,'2007-07-19 12:08:38','2007-07-19 16:08:38'),(95,4,'2007-07-19 12:08:38','2007-07-19 16:08:38'),(96,1,'2007-07-19 12:08:38','2007-07-19 16:08:38'),(96,4,'2007-07-19 12:08:38','2007-07-19 16:08:38'),(97,1,'2007-07-19 12:08:38','2007-07-19 16:08:38'),(97,4,'2007-07-19 12:08:38','2007-07-19 16:08:38'),(98,1,'2007-07-19 12:08:38','2007-07-19 16:08:38'),(98,4,'2007-07-19 12:08:38','2007-07-19 16:08:38'),(99,1,'2007-07-19 12:08:38','2007-07-19 16:08:38'),(99,4,'2007-07-19 12:08:38','2007-07-19 16:08:38'),(100,1,'2007-07-19 12:08:38','2007-07-19 16:08:38'),(100,4,'2007-07-19 12:08:38','2007-07-19 16:08:38'),(101,1,'2007-07-19 12:08:38','2007-07-19 16:08:38'),(101,4,'2007-07-19 12:08:38','2007-07-19 16:08:38'),(102,1,'2007-07-19 12:08:38','2007-07-19 16:08:38'),(102,4,'2007-07-19 12:08:38','2007-07-19 16:08:38'),(103,1,'2007-07-19 12:08:38','2007-07-19 16:08:38'),(103,4,'2007-07-19 12:08:38','2007-07-19 16:08:38'),(104,1,'2007-07-19 12:08:38','2007-07-19 16:08:38'),(104,4,'2007-07-19 12:08:38','2007-07-19 16:08:38'),(105,1,'2007-07-19 12:08:38','2007-07-19 16:08:38'),(105,4,'2007-07-19 12:08:38','2007-07-19 16:08:38'),(106,1,'2007-07-19 12:08:38','2007-07-19 16:08:38'),(106,4,'2007-07-19 12:08:38','2007-07-19 16:08:38'),(107,1,'2007-07-19 12:08:38','2007-07-19 16:08:38'),(107,4,'2007-07-19 12:08:38','2007-07-19 16:08:38'),(108,1,'2007-07-19 12:08:38','2007-07-19 16:08:38'),(108,4,'2007-07-19 12:08:38','2007-07-19 16:08:38'),(109,1,'2007-07-19 12:08:38','2007-07-19 16:08:38'),(109,4,'2007-07-19 12:08:38','2007-07-19 16:08:38'),(110,1,'2007-07-19 12:08:38','2007-07-19 16:08:38'),(110,4,'2007-07-19 12:08:38','2007-07-19 16:08:38'),(111,1,'2007-07-19 12:08:38','2007-07-19 16:08:38'),(111,4,'2007-07-19 12:08:38','2007-07-19 16:08:38'),(112,1,'2007-07-19 12:08:38','2007-07-19 16:08:38'),(112,4,'2007-07-19 12:08:38','2007-07-19 16:08:38'),(113,1,'2007-07-19 12:08:38','2007-07-19 16:08:38'),(113,4,'2007-07-19 12:08:38','2007-07-19 16:08:38'),(114,1,'2007-07-19 12:08:38','2007-07-19 16:08:38'),(114,4,'2007-07-19 12:08:38','2007-07-19 16:08:38'),(115,1,'2007-07-19 12:08:38','2007-07-19 16:08:38'),(115,4,'2007-07-19 12:08:38','2007-07-19 16:08:38'),(116,1,'2007-07-19 12:08:38','2007-07-19 16:08:38'),(116,4,'2007-07-19 12:08:38','2007-07-19 16:08:38'),(117,1,'2007-07-19 12:08:38','2007-07-19 16:08:38'),(117,4,'2007-07-19 12:08:38','2007-07-19 16:08:38'),(118,1,'2007-07-19 12:08:38','2007-07-19 16:08:38'),(118,4,'2007-07-19 12:08:38','2007-07-19 16:08:38'),(119,1,'2007-07-19 12:08:38','2007-07-19 16:08:38'),(119,4,'2007-07-19 12:08:38','2007-07-19 16:08:38'),(120,1,'2007-07-19 12:08:39','2007-07-19 16:08:39'),(120,4,'2007-07-19 12:08:39','2007-07-19 16:08:39'),(121,1,'2007-07-19 12:08:39','2007-07-19 16:08:39'),(121,4,'2007-07-19 12:08:39','2007-07-19 16:08:39'),(122,1,'2007-07-19 12:08:39','2007-07-19 16:08:39'),(122,4,'2007-07-19 12:08:39','2007-07-19 16:08:39'),(123,1,'2007-07-19 12:08:39','2007-07-19 16:08:39'),(123,4,'2007-07-19 12:08:39','2007-07-19 16:08:39'),(124,1,'2007-07-19 12:08:39','2007-07-19 16:08:39'),(124,4,'2007-07-19 12:08:39','2007-07-19 16:08:39'),(125,1,'2007-07-19 12:08:39','2007-07-19 16:08:39'),(125,4,'2007-07-19 12:08:39','2007-07-19 16:08:39'),(126,1,'2007-07-19 12:08:39','2007-07-19 16:08:39'),(126,4,'2007-07-19 12:08:39','2007-07-19 16:08:39'),(127,1,'2007-07-19 12:08:39','2007-07-19 16:08:39'),(127,4,'2007-07-19 12:08:39','2007-07-19 16:08:39'),(128,1,'2007-07-19 12:08:39','2007-07-19 16:08:39'),(128,4,'2007-07-19 12:08:39','2007-07-19 16:08:39'),(129,1,'2007-07-19 12:08:39','2007-07-19 16:08:39'),(129,4,'2007-07-19 12:08:39','2007-07-19 16:08:39'),(130,1,'2007-07-19 12:08:39','2007-07-19 16:08:39'),(130,4,'2007-07-19 12:08:39','2007-07-19 16:08:39'),(131,1,'2007-07-19 12:08:39','2007-07-19 16:08:39'),(131,4,'2007-07-19 12:08:39','2007-07-19 16:08:39'),(132,1,'2007-07-19 12:08:39','2007-07-19 16:08:39'),(133,1,'2007-07-19 12:08:39','2007-07-19 16:08:39'),(133,4,'2007-07-19 12:08:39','2007-07-19 16:08:39'),(134,1,'2007-07-19 12:08:39','2007-07-19 16:08:39'),(134,4,'2007-07-19 12:08:39','2007-07-19 16:08:39'),(135,1,'2007-07-19 12:08:39','2007-07-19 16:08:39'),(135,4,'2007-07-19 12:08:39','2007-07-19 16:08:39'),(136,1,'2007-07-19 12:08:39','2007-07-19 16:08:39'),(136,4,'2007-07-19 12:08:39','2007-07-19 16:08:39'),(137,1,'2007-07-19 12:08:39','2007-07-19 16:08:39'),(137,4,'2007-07-19 12:08:39','2007-07-19 16:08:39'),(138,1,'2007-07-19 12:08:39','2007-07-19 16:08:39'),(138,4,'2007-07-19 12:08:39','2007-07-19 16:08:39'),(139,1,'2007-07-19 12:08:39','2007-07-19 16:08:39'),(139,4,'2007-07-19 12:08:39','2007-07-19 16:08:39'),(140,1,'2007-07-19 12:08:39','2007-07-19 16:08:39'),(140,4,'2007-07-19 12:08:39','2007-07-19 16:08:39'),(141,1,'2007-07-19 12:08:39','2007-07-19 16:08:39'),(141,4,'2007-07-19 12:08:39','2007-07-19 16:08:39'),(142,1,'2007-07-19 12:08:39','2007-07-19 16:08:39'),(142,4,'2007-07-19 12:08:39','2007-07-19 16:08:39'),(143,1,'2007-07-19 12:08:39','2007-07-19 16:08:39'),(143,4,'2007-07-19 12:08:39','2007-07-19 16:08:39'),(144,1,'2007-07-19 12:08:39','2007-07-19 16:08:39'),(144,4,'2007-07-19 12:08:39','2007-07-19 16:08:39'),(145,1,'2007-07-19 12:08:39','2007-07-19 16:08:39'),(145,4,'2007-07-19 12:08:39','2007-07-19 16:08:39'),(146,1,'2007-07-19 12:08:39','2007-07-19 16:08:39'),(146,4,'2007-07-19 12:08:39','2007-07-19 16:08:39'),(147,1,'2007-07-19 12:08:39','2007-07-19 16:08:39'),(147,4,'2007-07-19 12:08:39','2007-07-19 16:08:39'),(148,1,'2007-07-19 12:08:39','2007-07-19 16:08:39'),(148,4,'2007-07-19 12:08:39','2007-07-19 16:08:39'),(149,1,'2007-07-19 12:08:39','2007-07-19 16:08:39'),(149,4,'2007-07-19 12:08:39','2007-07-19 16:08:39'),(150,1,'2007-07-19 12:08:39','2007-07-19 16:08:39'),(150,4,'2007-07-19 12:08:39','2007-07-19 16:08:39'),(151,1,'2007-07-19 12:08:39','2007-07-19 16:08:39'),(151,4,'2007-07-19 12:08:39','2007-07-19 16:08:39'),(152,1,'2007-07-19 12:08:39','2007-07-19 16:08:39'),(152,4,'2007-07-19 12:08:39','2007-07-19 16:08:39'),(153,1,'2007-07-19 12:08:39','2007-07-19 16:08:39'),(153,4,'2007-07-19 12:08:39','2007-07-19 16:08:39'),(154,1,'2007-07-19 12:08:39','2007-07-19 16:08:39'),(154,4,'2007-07-19 12:08:39','2007-07-19 16:08:39'),(155,1,'2007-07-19 12:08:39','2007-07-19 16:08:39'),(155,4,'2007-07-19 12:08:39','2007-07-19 16:08:39'),(156,1,'2007-07-19 12:08:39','2007-07-19 16:08:39'),(156,4,'2007-07-19 12:08:39','2007-07-19 16:08:39'),(157,1,'2007-07-19 12:08:39','2007-07-19 16:08:39'),(157,4,'2007-07-19 12:08:39','2007-07-19 16:08:39'),(158,1,'2007-07-19 12:08:39','2007-07-19 16:08:39'),(158,4,'2007-07-19 12:08:39','2007-07-19 16:08:39'),(159,1,'2007-07-19 12:08:39','2007-07-19 16:08:39'),(159,4,'2007-07-19 12:08:39','2007-07-19 16:08:39'),(160,1,'2007-07-19 12:08:39','2007-07-19 16:08:39'),(160,4,'2007-07-19 12:08:39','2007-07-19 16:08:39'),(161,1,'2007-07-19 12:08:39','2007-07-19 16:08:39'),(161,4,'2007-07-19 12:08:39','2007-07-19 16:08:39'),(162,1,'2007-07-19 12:08:39','2007-07-19 16:08:39'),(162,4,'2007-07-19 12:08:39','2007-07-19 16:08:39'),(163,1,'2007-07-19 12:08:39','2007-07-19 16:08:39'),(163,4,'2007-07-19 12:08:39','2007-07-19 16:08:39'),(164,1,'2007-07-19 12:08:39','2007-07-19 16:08:39'),(164,4,'2007-07-19 12:08:39','2007-07-19 16:08:39'),(165,1,'2007-07-19 12:08:39','2007-07-19 16:08:39'),(165,4,'2007-07-19 12:08:39','2007-07-19 16:08:39'),(166,1,'2007-07-19 12:08:39','2007-07-19 16:08:39'),(166,4,'2007-07-19 12:08:39','2007-07-19 16:08:39'),(167,1,'2007-07-19 12:08:39','2007-07-19 16:08:39'),(167,4,'2007-07-19 12:08:39','2007-07-19 16:08:39'),(168,1,'2007-07-19 12:08:39','2007-07-19 16:08:39'),(168,4,'2007-07-19 12:08:39','2007-07-19 16:08:39'),(169,1,'2007-07-19 12:08:39','2007-07-19 16:08:39'),(169,4,'2007-07-19 12:08:39','2007-07-19 16:08:39'),(170,1,'2007-07-19 12:08:40','2007-07-19 16:08:40'),(170,4,'2007-07-19 12:08:40','2007-07-19 16:08:40'),(171,1,'2007-07-19 12:08:40','2007-07-19 16:08:40'),(171,4,'2007-07-19 12:08:40','2007-07-19 16:08:40'),(172,1,'2007-07-19 12:08:40','2007-07-19 16:08:40'),(172,4,'2007-07-19 12:08:40','2007-07-19 16:08:40'),(173,1,'2007-07-19 12:08:40','2007-07-19 16:08:40'),(173,4,'2007-07-19 12:08:40','2007-07-19 16:08:40'),(174,1,'2007-07-19 12:08:40','2007-07-19 16:08:40'),(174,4,'2007-07-19 12:08:40','2007-07-19 16:08:40'),(175,1,'2007-07-19 12:08:40','2007-07-19 16:08:40'),(175,4,'2007-07-19 12:08:40','2007-07-19 16:08:40'),(176,1,'2007-07-19 12:08:40','2007-07-19 16:08:40'),(176,4,'2007-07-19 12:08:40','2007-07-19 16:08:40'),(177,1,'2007-07-19 12:08:40','2007-07-19 16:08:40'),(177,4,'2007-07-19 12:08:40','2007-07-19 16:08:40'),(178,1,'2007-07-19 12:08:40','2007-07-19 16:08:40'),(178,4,'2007-07-19 12:08:40','2007-07-19 16:08:40'),(179,1,'2007-07-19 12:08:40','2007-07-19 16:08:40'),(179,4,'2007-07-19 12:08:40','2007-07-19 16:08:40'),(180,1,'2007-07-19 12:08:40','2007-07-19 16:08:40'),(180,4,'2007-07-19 12:08:40','2007-07-19 16:08:40'),(181,1,'2007-07-19 12:08:40','2007-07-19 16:08:40'),(181,4,'2007-07-19 12:08:40','2007-07-19 16:08:40'),(182,1,'2007-07-19 12:08:40','2007-07-19 16:08:40'),(182,4,'2007-07-19 12:08:40','2007-07-19 16:08:40'),(183,1,'2007-07-19 12:08:40','2007-07-19 16:08:40'),(183,4,'2007-07-19 12:08:40','2007-07-19 16:08:40'),(184,1,'2007-07-19 12:08:40','2007-07-19 16:08:40'),(184,4,'2007-07-19 12:08:40','2007-07-19 16:08:40'),(185,1,'2007-07-19 12:08:40','2007-07-19 16:08:40'),(185,4,'2007-07-19 12:08:40','2007-07-19 16:08:40'),(186,1,'2007-07-19 12:08:40','2007-07-19 16:08:40'),(186,4,'2007-07-19 12:08:40','2007-07-19 16:08:40'),(187,1,'2007-07-19 12:08:40','2007-07-19 16:08:40'),(187,4,'2007-07-19 12:08:40','2007-07-19 16:08:40'),(188,1,'2007-07-19 12:08:40','2007-07-19 16:08:40'),(188,4,'2007-07-19 12:08:40','2007-07-19 16:08:40'),(189,1,'2007-07-19 12:08:40','2007-07-19 16:08:40'),(189,4,'2007-07-19 12:08:40','2007-07-19 16:08:40'),(190,1,'2007-07-19 12:08:40','2007-07-19 16:08:40'),(190,4,'2007-07-19 12:08:40','2007-07-19 16:08:40'),(191,1,'2007-07-19 12:08:40','2007-07-19 16:08:40'),(191,4,'2007-07-19 12:08:40','2007-07-19 16:08:40'),(192,1,'2007-07-19 12:08:40','2007-07-19 16:08:40'),(192,4,'2007-07-19 12:08:40','2007-07-19 16:08:40'),(193,1,'2007-07-19 12:08:40','2007-07-19 16:08:40'),(193,4,'2007-07-19 12:08:40','2007-07-19 16:08:40'),(194,1,'2007-07-19 12:08:40','2007-07-19 16:08:40'),(194,4,'2007-07-19 12:08:40','2007-07-19 16:08:40'),(195,1,'2007-07-19 12:08:40','2007-07-19 16:08:40'),(195,4,'2007-07-19 12:08:40','2007-07-19 16:08:40'),(196,1,'2007-07-19 12:08:40','2007-07-19 16:08:40'),(196,4,'2007-07-19 12:08:40','2007-07-19 16:08:40'),(197,1,'2007-07-19 12:08:40','2007-07-19 16:08:40'),(197,4,'2007-07-19 12:08:40','2007-07-19 16:08:40'),(198,1,'2007-07-19 12:08:40','2007-07-19 16:08:40'),(198,4,'2007-07-19 12:08:40','2007-07-19 16:08:40'),(199,1,'2007-07-19 12:08:40','2007-07-19 16:08:40'),(199,4,'2007-07-19 12:08:40','2007-07-19 16:08:40'),(200,1,'2007-07-19 12:08:40','2007-07-19 16:08:40'),(200,4,'2007-07-19 12:08:40','2007-07-19 16:08:40'),(201,1,'2007-07-19 12:08:40','2007-07-19 16:08:40'),(201,4,'2007-07-19 12:08:40','2007-07-19 16:08:40'),(202,1,'2007-07-19 12:08:40','2007-07-19 16:08:40'),(202,4,'2007-07-19 12:08:40','2007-07-19 16:08:40'),(203,1,'2007-07-19 12:08:40','2007-07-19 16:08:40'),(203,4,'2007-07-19 12:08:40','2007-07-19 16:08:40'),(204,1,'2007-07-19 12:08:40','2007-07-19 16:08:40'),(204,4,'2007-07-19 12:08:40','2007-07-19 16:08:40'),(205,1,'2007-07-19 12:08:40','2007-07-19 16:08:40'),(205,4,'2007-07-19 12:08:40','2007-07-19 16:08:40'),(206,1,'2007-07-19 12:08:40','2007-07-19 16:08:40'),(206,4,'2007-07-19 12:08:40','2007-07-19 16:08:40'),(207,1,'2007-07-19 12:08:40','2007-07-19 16:08:40'),(207,4,'2007-07-19 12:08:40','2007-07-19 16:08:40'),(208,1,'2007-07-19 12:08:40','2007-07-19 16:08:40'),(208,4,'2007-07-19 12:08:40','2007-07-19 16:08:40'),(209,1,'2007-07-19 12:08:40','2007-07-19 16:08:40'),(209,4,'2007-07-19 12:08:40','2007-07-19 16:08:40'),(210,1,'2007-07-19 12:08:40','2007-07-19 16:08:40'),(210,4,'2007-07-19 12:08:40','2007-07-19 16:08:40'),(211,1,'2007-07-19 12:08:40','2007-07-19 16:08:40'),(211,4,'2007-07-19 12:08:40','2007-07-19 16:08:40'),(212,1,'2007-07-19 12:08:40','2007-07-19 16:08:40'),(212,4,'2007-07-19 12:08:40','2007-07-19 16:08:40'),(213,1,'2007-07-19 12:08:40','2007-07-19 16:08:40'),(213,4,'2007-07-19 12:08:40','2007-07-19 16:08:40'),(214,1,'2007-07-19 12:08:40','2007-07-19 16:08:40'),(214,4,'2007-07-19 12:08:40','2007-07-19 16:08:40'),(215,1,'2007-07-19 12:08:40','2007-07-19 16:08:40'),(215,4,'2007-07-19 12:08:40','2007-07-19 16:08:40'),(216,1,'2007-07-19 12:08:40','2007-07-19 16:08:40'),(216,4,'2007-07-19 12:08:40','2007-07-19 16:08:40'),(217,1,'2007-07-19 12:08:40','2007-07-19 16:08:40'),(217,4,'2007-07-19 12:08:40','2007-07-19 16:08:40'),(218,1,'2007-07-19 12:08:40','2007-07-19 16:08:40'),(218,4,'2007-07-19 12:08:40','2007-07-19 16:08:40'),(219,1,'2007-07-19 12:08:40','2007-07-19 16:08:40'),(219,4,'2007-07-19 12:08:40','2007-07-19 16:08:40'),(220,1,'2007-07-19 12:08:41','2007-07-19 16:08:41'),(220,4,'2007-07-19 12:08:41','2007-07-19 16:08:41'),(221,1,'2007-07-19 12:08:41','2007-07-19 16:08:41'),(221,4,'2007-07-19 12:08:41','2007-07-19 16:08:41'),(222,1,'2007-07-19 12:08:41','2007-07-19 16:08:41'),(222,4,'2007-07-19 12:08:41','2007-07-19 16:08:41'),(223,1,'2007-07-19 12:08:41','2007-07-19 16:08:41'),(223,4,'2007-07-19 12:08:41','2007-07-19 16:08:41'),(224,1,'2007-07-19 12:08:41','2007-07-19 16:08:41'),(224,4,'2007-07-19 12:08:41','2007-07-19 16:08:41'),(225,1,'2007-07-19 12:08:41','2007-07-19 16:08:41'),(225,4,'2007-07-19 12:08:41','2007-07-19 16:08:41'),(226,1,'2007-07-19 12:08:41','2007-07-19 16:08:41'),(226,4,'2007-07-19 12:08:41','2007-07-19 16:08:41'),(227,1,'2007-07-19 12:08:41','2007-07-19 16:08:41'),(227,4,'2007-07-19 12:08:41','2007-07-19 16:08:41'),(228,1,'2007-07-19 12:08:41','2007-07-19 16:08:41'),(228,4,'2007-07-19 12:08:41','2007-07-19 16:08:41'),(229,1,'2007-07-19 12:08:41','2007-07-19 16:08:41'),(229,4,'2007-07-19 12:08:41','2007-07-19 16:08:41'),(230,1,'2007-07-19 12:08:41','2007-07-19 16:08:41'),(230,4,'2007-07-19 12:08:41','2007-07-19 16:08:41'),(231,1,'2007-07-19 12:08:41','2007-07-19 16:08:41'),(231,4,'2007-07-19 12:08:41','2007-07-19 16:08:41'),(232,1,'2007-07-19 12:08:41','2007-07-19 16:08:41'),(232,4,'2007-07-19 12:08:41','2007-07-19 16:08:41'),(233,1,'2007-07-19 12:08:41','2007-07-19 16:08:41'),(233,4,'2007-07-19 12:08:41','2007-07-19 16:08:41'),(234,1,'2007-07-19 12:08:41','2007-07-19 16:08:41'),(234,4,'2007-07-19 12:08:41','2007-07-19 16:08:41'),(235,1,'2007-07-19 12:08:41','2007-07-19 16:08:41'),(235,4,'2007-07-19 12:08:41','2007-07-19 16:08:41'),(236,1,'2007-07-19 12:08:41','2007-07-19 16:08:41'),(236,4,'2007-07-19 12:08:41','2007-07-19 16:08:41'),(237,1,'2007-07-19 12:08:41','2007-07-19 16:08:41'),(237,4,'2007-07-19 12:08:41','2007-07-19 16:08:41'),(238,1,'2007-07-19 12:08:41','2007-07-19 16:08:41'),(238,4,'2007-07-19 12:08:41','2007-07-19 16:08:41'),(239,1,'2007-07-19 12:08:41','2007-07-19 16:08:41'),(239,4,'2007-07-19 12:08:41','2007-07-19 16:08:41'),(240,1,'2007-07-19 12:08:41','2007-07-19 16:08:41'),(240,4,'2007-07-19 12:08:41','2007-07-19 16:08:41'),(241,1,'2007-07-19 12:08:41','2007-07-19 16:08:41'),(241,4,'2007-07-19 12:08:41','2007-07-19 16:08:41'),(242,1,'2007-07-19 12:08:41','2007-07-19 16:08:41'),(242,4,'2007-07-19 12:08:41','2007-07-19 16:08:41'),(243,1,'2007-07-19 12:08:41','2007-07-19 16:08:41'),(243,4,'2007-07-19 12:08:41','2007-07-19 16:08:41'),(244,1,'2007-07-19 12:08:41','2007-07-19 16:08:41'),(244,4,'2007-07-19 12:08:41','2007-07-19 16:08:41'),(245,1,'2007-07-19 12:08:41','2007-07-19 16:08:41'),(245,4,'2007-07-19 12:08:41','2007-07-19 16:08:41'),(246,1,'2007-07-19 12:08:41','2007-07-19 16:08:41'),(246,4,'2007-07-19 12:08:41','2007-07-19 16:08:41'),(247,1,'2007-07-19 12:08:41','2007-07-19 16:08:41'),(247,4,'2007-07-19 12:08:41','2007-07-19 16:08:41'),(248,1,'2007-07-19 12:08:41','2007-07-19 16:08:41'),(248,4,'2007-07-19 12:08:41','2007-07-19 16:08:41'),(249,1,'2007-07-19 12:08:41','2007-07-19 16:08:41'),(249,4,'2007-07-19 12:08:41','2007-07-19 16:08:41'),(250,1,'2007-07-19 12:08:41','2007-07-19 16:08:41'),(250,4,'2007-07-19 12:08:41','2007-07-19 16:08:41'),(251,1,'2007-07-19 12:08:41','2007-07-19 16:08:41'),(251,4,'2007-07-19 12:08:41','2007-07-19 16:08:41'),(252,1,'2007-07-19 12:08:41','2007-07-19 16:08:41'),(252,4,'2007-07-19 12:08:41','2007-07-19 16:08:41'),(253,1,'2007-07-19 12:08:41','2007-07-19 16:08:41'),(253,4,'2007-07-19 12:08:41','2007-07-19 16:08:41'),(254,1,'2007-07-19 12:08:41','2007-07-19 16:08:41'),(254,4,'2007-07-19 12:08:41','2007-07-19 16:08:41'),(255,1,'2007-07-19 12:08:41','2007-07-19 16:08:41'),(255,4,'2007-07-19 12:08:41','2007-07-19 16:08:41'),(256,1,'2007-07-19 12:08:41','2007-07-19 16:08:41'),(256,4,'2007-07-19 12:08:41','2007-07-19 16:08:41'),(257,1,'2007-07-19 12:08:41','2007-07-19 16:08:41'),(257,4,'2007-07-19 12:08:41','2007-07-19 16:08:41'),(258,1,'2007-07-19 12:08:41','2007-07-19 16:08:41'),(258,4,'2007-07-19 12:08:41','2007-07-19 16:08:41'),(259,1,'2007-07-19 12:08:41','2007-07-19 16:08:41'),(259,4,'2007-07-19 12:08:41','2007-07-19 16:08:41'),(260,1,'2007-07-19 12:08:41','2007-07-19 16:08:41'),(260,4,'2007-07-19 12:08:41','2007-07-19 16:08:41'),(261,1,'2007-07-19 12:08:41','2007-07-19 16:08:41'),(261,4,'2007-07-19 12:08:41','2007-07-19 16:08:41'),(262,1,'2007-07-19 12:08:41','2007-07-19 16:08:41'),(262,4,'2007-07-19 12:08:41','2007-07-19 16:08:41'),(263,1,'2007-07-19 12:08:41','2007-07-19 16:08:41'),(263,4,'2007-07-19 12:08:41','2007-07-19 16:08:41'),(265,1,'2007-07-19 12:08:41','2007-07-19 16:08:41'),(265,4,'2007-07-19 12:08:41','2007-07-19 16:08:41'),(266,1,'2007-07-19 12:08:41','2007-07-19 16:08:41'),(266,4,'2007-07-19 12:08:41','2007-07-19 16:08:41'),(267,1,'2007-07-19 12:08:41','2007-07-19 16:08:41'),(267,4,'2007-07-19 12:08:41','2007-07-19 16:08:41'),(268,1,'2007-07-19 12:08:41','2007-07-19 16:08:41'),(268,4,'2007-07-19 12:08:41','2007-07-19 16:08:41'),(269,1,'2007-07-19 12:08:41','2007-07-19 16:08:41'),(269,4,'2007-07-19 12:08:41','2007-07-19 16:08:41'),(270,1,'2007-07-19 12:08:42','2007-07-19 16:08:42'),(270,4,'2007-07-19 12:08:42','2007-07-19 16:08:42'),(271,1,'2007-07-19 12:08:42','2007-07-19 16:08:42'),(271,4,'2007-07-19 12:08:42','2007-07-19 16:08:42'),(272,1,'2007-07-19 12:08:42','2007-07-19 16:08:42'),(272,4,'2007-07-19 12:08:42','2007-07-19 16:08:42'),(273,1,'2007-07-19 12:08:42','2007-07-19 16:08:42'),(273,4,'2007-07-19 12:08:42','2007-07-19 16:08:42'),(274,1,'2007-07-19 12:08:42','2007-07-19 16:08:42'),(274,4,'2007-07-19 12:08:42','2007-07-19 16:08:42'),(275,1,'2007-07-19 12:08:42','2007-07-19 16:08:42'),(275,4,'2007-07-19 12:08:42','2007-07-19 16:08:42'),(276,1,'2007-07-19 12:08:42','2007-07-19 16:08:42'),(276,4,'2007-07-19 12:08:42','2007-07-19 16:08:42'),(277,1,'2007-07-19 12:08:42','2007-07-19 16:08:42'),(277,4,'2007-07-19 12:08:42','2007-07-19 16:08:42'),(278,1,'2007-07-19 12:08:42','2007-07-19 16:08:42'),(278,4,'2007-07-19 12:08:42','2007-07-19 16:08:42'),(279,1,'2007-07-19 12:08:42','2007-07-19 16:08:42'),(279,4,'2007-07-19 12:08:42','2007-07-19 16:08:42'),(280,1,'2007-07-19 12:08:42','2007-07-19 16:08:42'),(280,4,'2007-07-19 12:08:42','2007-07-19 16:08:42'),(281,1,'2007-07-19 12:08:42','2007-07-19 16:08:42'),(281,4,'2007-07-19 12:08:42','2007-07-19 16:08:42'),(282,1,'2007-07-19 12:08:42','2007-07-19 16:08:42'),(282,4,'2007-07-19 12:08:42','2007-07-19 16:08:42'),(283,1,'2007-07-19 12:08:42','2007-07-19 16:08:42'),(283,4,'2007-07-19 12:08:42','2007-07-19 16:08:42'),(284,1,'2007-07-19 12:08:42','2007-07-19 16:08:42'),(284,4,'2007-07-19 12:08:42','2007-07-19 16:08:42'),(285,1,'2007-07-19 12:08:42','2007-07-19 16:08:42'),(285,4,'2007-07-19 12:08:42','2007-07-19 16:08:42'),(286,1,'2007-07-19 12:08:42','2007-07-19 16:08:42'),(286,4,'2007-07-19 12:08:42','2007-07-19 16:08:42'),(287,1,'2007-07-19 12:08:42','2007-07-19 16:08:42'),(287,4,'2007-07-19 12:08:42','2007-07-19 16:08:42'),(288,1,'2007-07-19 12:08:42','2007-07-19 16:08:42'),(288,4,'2007-07-19 12:08:42','2007-07-19 16:08:42'),(289,1,'2007-07-19 12:08:42','2007-07-19 16:08:42'),(289,4,'2007-07-19 12:08:42','2007-07-19 16:08:42'),(290,1,'2007-07-19 12:08:42','2007-07-19 16:08:42'),(290,4,'2007-07-19 12:08:42','2007-07-19 16:08:42'),(291,1,'2007-07-19 12:08:42','2007-07-19 16:08:42'),(291,4,'2007-07-19 12:08:42','2007-07-19 16:08:42'),(292,1,'2007-07-19 12:08:42','2007-07-19 16:08:42'),(292,4,'2007-07-19 12:08:42','2007-07-19 16:08:42'),(293,1,'2007-07-19 12:08:42','2007-07-19 16:08:42'),(293,4,'2007-07-19 12:08:42','2007-07-19 16:08:42'),(294,1,'2007-07-19 12:08:42','2007-07-19 16:08:42'),(294,4,'2007-07-19 12:08:42','2007-07-19 16:08:42'),(295,1,'2007-07-19 12:08:42','2007-07-19 16:08:42'),(295,4,'2007-07-19 12:08:42','2007-07-19 16:08:42'),(296,1,'2007-07-19 12:08:42','2007-07-19 16:08:42'),(296,4,'2007-07-19 12:08:42','2007-07-19 16:08:42'),(297,1,'2007-07-19 12:08:42','2007-07-19 16:08:42'),(297,4,'2007-07-19 12:08:42','2007-07-19 16:08:42'),(298,1,'2007-07-19 12:08:42','2007-07-19 16:08:42'),(298,4,'2007-07-19 12:08:42','2007-07-19 16:08:42'),(299,1,'2007-07-19 12:08:42','2007-07-19 16:08:42'),(299,4,'2007-07-19 12:08:42','2007-07-19 16:08:42'),(301,1,'2007-07-19 12:08:42','2007-07-19 16:08:42'),(301,4,'2007-07-19 12:08:42','2007-07-19 16:08:42'),(302,1,'2007-07-19 12:08:42','2007-07-19 16:08:42'),(302,4,'2007-07-19 12:08:42','2007-07-19 16:08:42'),(303,1,'2007-07-19 12:08:42','2007-07-19 16:08:42'),(303,4,'2007-07-19 12:08:42','2007-07-19 16:08:42'),(304,1,'2007-07-19 12:08:42','2007-07-19 16:08:42'),(304,4,'2007-07-19 12:08:42','2007-07-19 16:08:42'),(305,1,'2007-07-19 12:08:42','2007-07-19 16:08:42'),(305,4,'2007-07-19 12:08:42','2007-07-19 16:08:42'),(306,1,'2007-07-19 12:08:42','2007-07-19 16:08:42'),(306,4,'2007-07-19 12:08:42','2007-07-19 16:08:42'),(307,1,'2007-07-19 12:08:42','2007-07-19 16:08:42'),(307,4,'2007-07-19 12:08:42','2007-07-19 16:08:42'),(308,1,'2007-07-19 12:08:42','2007-07-19 16:08:42'),(308,4,'2007-07-19 12:08:42','2007-07-19 16:08:42'),(309,1,'2007-07-19 12:08:42','2007-07-19 16:08:42'),(309,4,'2007-07-19 12:08:42','2007-07-19 16:08:42'),(310,1,'2007-07-19 12:08:42','2007-07-19 16:08:42'),(310,4,'2007-07-19 12:08:42','2007-07-19 16:08:42'),(311,1,'2007-07-19 12:08:42','2007-07-19 16:08:42'),(311,4,'2007-07-19 12:08:42','2007-07-19 16:08:42'),(312,1,'2007-07-19 12:08:42','2007-07-19 16:08:42'),(312,4,'2007-07-19 12:08:42','2007-07-19 16:08:42'),(313,1,'2007-07-19 12:08:42','2007-07-19 16:08:42'),(313,4,'2007-07-19 12:08:42','2007-07-19 16:08:42'),(314,1,'2007-07-19 12:08:42','2007-07-19 16:08:42'),(314,4,'2007-07-19 12:08:42','2007-07-19 16:08:42'),(315,1,'2007-07-19 12:08:42','2007-07-19 16:08:42'),(315,4,'2007-07-19 12:08:42','2007-07-19 16:08:42'),(316,1,'2007-07-19 12:08:42','2007-07-19 16:08:42'),(316,4,'2007-07-19 12:08:42','2007-07-19 16:08:42'),(317,1,'2007-07-19 12:08:42','2007-07-19 16:08:42'),(317,4,'2007-07-19 12:08:42','2007-07-19 16:08:42'),(318,1,'2007-07-19 12:08:43','2007-07-19 16:08:43'),(318,4,'2007-07-19 12:08:43','2007-07-19 16:08:43'),(319,1,'2007-07-19 12:08:43','2007-07-19 16:08:43'),(319,4,'2007-07-19 12:08:43','2007-07-19 16:08:43'),(320,1,'2007-07-19 12:08:43','2007-07-19 16:08:43'),(320,4,'2007-07-19 12:08:43','2007-07-19 16:08:43'),(321,1,'2007-07-19 12:08:43','2007-07-19 16:08:43'),(321,4,'2007-07-19 12:08:43','2007-07-19 16:08:43'),(322,1,'2007-07-19 12:08:43','2007-07-19 16:08:43'),(322,4,'2007-07-19 12:08:43','2007-07-19 16:08:43'),(323,1,'2007-07-19 12:08:43','2007-07-19 16:08:43'),(323,4,'2007-07-19 12:08:43','2007-07-19 16:08:43'),(324,1,'2007-07-19 12:08:43','2007-07-19 16:08:43'),(324,4,'2007-07-19 12:08:43','2007-07-19 16:08:43'),(326,1,'2007-07-19 12:08:43','2007-07-19 16:08:43'),(326,4,'2007-07-19 12:08:43','2007-07-19 16:08:43'),(327,1,'2007-07-19 12:08:43','2007-07-19 16:08:43'),(327,4,'2007-07-19 12:08:43','2007-07-19 16:08:43'),(328,1,'2007-07-19 12:08:43','2007-07-19 16:08:43'),(328,4,'2007-07-19 12:08:43','2007-07-19 16:08:43'),(329,1,'2007-07-19 12:08:43','2007-07-19 16:08:43'),(329,4,'2007-07-19 12:08:43','2007-07-19 16:08:43'),(330,1,'2007-07-19 12:08:43','2007-07-19 16:08:43'),(330,4,'2007-07-19 12:08:43','2007-07-19 16:08:43'),(331,1,'2007-07-19 12:08:43','2007-07-19 16:08:43'),(331,4,'2007-07-19 12:08:43','2007-07-19 16:08:43'),(332,1,'2007-07-19 12:08:43','2007-07-19 16:08:43'),(332,4,'2007-07-19 12:08:43','2007-07-19 16:08:43'),(333,1,'2007-07-19 12:08:43','2007-07-19 16:08:43'),(333,4,'2007-07-19 12:08:43','2007-07-19 16:08:43'),(334,1,'2007-07-19 12:08:43','2007-07-19 16:08:43'),(334,4,'2007-07-19 12:08:43','2007-07-19 16:08:43'),(335,1,'2007-07-19 12:08:43','2007-07-19 16:08:43'),(335,4,'2007-07-19 12:08:43','2007-07-19 16:08:43'),(336,1,'2007-07-19 12:08:43','2007-07-19 16:08:43'),(336,4,'2007-07-19 12:08:43','2007-07-19 16:08:43'),(337,1,'2007-07-19 12:08:43','2007-07-19 16:08:43'),(337,4,'2007-07-19 12:08:43','2007-07-19 16:08:43'),(338,1,'2007-07-19 12:08:43','2007-07-19 16:08:43'),(338,4,'2007-07-19 12:08:43','2007-07-19 16:08:43'),(339,1,'2007-07-19 12:08:43','2007-07-19 16:08:43'),(339,4,'2007-07-19 12:08:43','2007-07-19 16:08:43'),(340,1,'2007-07-19 12:08:43','2007-07-19 16:08:43'),(340,4,'2007-07-19 12:08:43','2007-07-19 16:08:43'),(341,1,'2007-07-19 12:08:43','2007-07-19 16:08:43'),(341,4,'2007-07-19 12:08:43','2007-07-19 16:08:43'),(342,1,'2007-07-19 12:08:43','2007-07-19 16:08:43'),(342,4,'2007-07-19 12:08:43','2007-07-19 16:08:43'),(343,1,'2007-07-19 12:08:43','2007-07-19 16:08:43'),(343,4,'2007-07-19 12:08:43','2007-07-19 16:08:43'),(344,1,'2007-07-19 12:08:43','2007-07-19 16:08:43'),(344,4,'2007-07-19 12:08:43','2007-07-19 16:08:43'),(345,1,'2007-07-19 12:08:43','2007-07-19 16:08:43'),(345,4,'2007-07-19 12:08:43','2007-07-19 16:08:43'),(346,1,'2007-07-19 12:08:43','2007-07-19 16:08:43'),(346,4,'2007-07-19 12:08:43','2007-07-19 16:08:43'),(347,1,'2007-07-19 12:08:43','2007-07-19 16:08:43'),(347,4,'2007-07-19 12:08:43','2007-07-19 16:08:43'),(348,1,'2007-07-19 12:08:43','2007-07-19 16:08:43'),(348,4,'2007-07-19 12:08:43','2007-07-19 16:08:43'),(349,1,'2007-07-19 12:08:43','2007-07-19 16:08:43'),(349,4,'2007-07-19 12:08:43','2007-07-19 16:08:43'),(350,1,'2007-07-19 12:08:43','2007-07-19 16:08:43'),(350,4,'2007-07-19 12:08:43','2007-07-19 16:08:43'),(351,1,'2007-07-19 12:08:43','2007-07-19 16:08:43'),(351,4,'2007-07-19 12:08:43','2007-07-19 16:08:43'),(352,1,'2007-07-19 12:08:43','2007-07-19 16:08:43'),(352,4,'2007-07-19 12:08:43','2007-07-19 16:08:43'),(353,1,'2007-07-19 12:08:43','2007-07-19 16:08:43'),(353,4,'2007-07-19 12:08:43','2007-07-19 16:08:43'),(354,1,'2007-07-19 12:08:43','2007-07-19 16:08:43'),(354,4,'2007-07-19 12:08:43','2007-07-19 16:08:43'),(355,1,'2007-07-19 12:08:43','2007-07-19 16:08:43'),(355,4,'2007-07-19 12:08:43','2007-07-19 16:08:43'),(356,1,'2007-07-19 12:08:43','2007-07-19 16:08:43'),(356,4,'2007-07-19 12:08:43','2007-07-19 16:08:43'),(357,1,'2007-07-19 12:08:43','2007-07-19 16:08:43'),(357,4,'2007-07-19 12:08:43','2007-07-19 16:08:43'),(358,1,'2007-07-19 12:08:43','2007-07-19 16:08:43'),(358,4,'2007-07-19 12:08:43','2007-07-19 16:08:43'),(359,1,'2007-07-19 12:08:43','2007-07-19 16:08:43'),(359,4,'2007-07-19 12:08:43','2007-07-19 16:08:43'),(360,1,'2007-07-19 12:08:43','2007-07-19 16:08:43'),(360,4,'2007-07-19 12:08:43','2007-07-19 16:08:43'),(361,1,'2007-07-19 12:08:43','2007-07-19 16:08:43'),(361,4,'2007-07-19 12:08:43','2007-07-19 16:08:43'),(362,1,'2007-07-19 12:08:44','2007-07-19 16:08:44'),(362,4,'2007-07-19 12:08:44','2007-07-19 16:08:44'),(363,1,'2007-07-19 12:08:44','2007-07-19 16:08:44'),(363,4,'2007-07-19 12:08:44','2007-07-19 16:08:44'),(364,1,'2007-07-19 12:08:44','2007-07-19 16:08:44'),(364,4,'2007-07-19 12:08:44','2007-07-19 16:08:44'),(365,1,'2007-07-19 12:08:44','2007-07-19 16:08:44'),(365,4,'2007-07-19 12:08:44','2007-07-19 16:08:44'),(366,1,'2007-07-19 12:08:44','2007-07-19 16:08:44'),(366,4,'2007-07-19 12:08:44','2007-07-19 16:08:44'),(367,1,'2007-07-19 12:08:44','2007-07-19 16:08:44'),(367,4,'2007-07-19 12:08:44','2007-07-19 16:08:44'),(368,1,'2007-07-19 12:08:44','2007-07-19 16:08:44'),(368,4,'2007-07-19 12:08:44','2007-07-19 16:08:44'),(369,1,'2007-07-19 12:08:44','2007-07-19 16:08:44'),(369,4,'2007-07-19 12:08:44','2007-07-19 16:08:44'),(370,1,'2007-07-19 12:08:44','2007-07-19 16:08:44'),(370,4,'2007-07-19 12:08:44','2007-07-19 16:08:44'),(371,1,'2007-07-19 12:08:44','2007-07-19 16:08:44'),(371,4,'2007-07-19 12:08:44','2007-07-19 16:08:44'),(372,1,'2007-07-19 12:08:44','2007-07-19 16:08:44'),(372,4,'2007-07-19 12:08:44','2007-07-19 16:08:44'),(373,1,'2007-07-19 12:08:44','2007-07-19 16:08:44'),(373,4,'2007-07-19 12:08:44','2007-07-19 16:08:44'),(374,1,'2007-07-19 12:08:44','2007-07-19 16:08:44'),(374,4,'2007-07-19 12:08:44','2007-07-19 16:08:44'),(375,1,'2007-07-19 12:08:44','2007-07-19 16:08:44'),(375,4,'2007-07-19 12:08:44','2007-07-19 16:08:44'),(376,1,'2007-07-19 12:08:44','2007-07-19 16:08:44'),(376,4,'2007-07-19 12:08:44','2007-07-19 16:08:44'),(377,1,'2007-07-19 12:08:44','2007-07-19 16:08:44'),(377,4,'2007-07-19 12:08:44','2007-07-19 16:08:44'),(378,1,'2007-07-19 12:08:44','2007-07-19 16:08:44'),(378,4,'2007-07-19 12:08:44','2007-07-19 16:08:44'),(379,1,'2007-07-19 12:08:44','2007-07-19 16:08:44'),(379,4,'2007-07-19 12:08:44','2007-07-19 16:08:44'),(381,1,'2007-07-19 12:08:44','2007-07-19 16:08:44'),(381,4,'2007-07-19 12:08:44','2007-07-19 16:08:44'),(382,1,'2007-07-19 12:08:44','2007-07-19 16:08:44'),(382,4,'2007-07-19 12:08:44','2007-07-19 16:08:44'),(383,1,'2007-07-19 12:08:44','2007-07-19 16:08:44'),(383,4,'2007-07-19 12:08:44','2007-07-19 16:08:44'),(384,1,'2007-07-19 12:08:44','2007-07-19 16:08:44'),(384,4,'2007-07-19 12:08:44','2007-07-19 16:08:44'),(385,1,'2007-07-19 12:08:44','2007-07-19 16:08:44'),(385,4,'2007-07-19 12:08:44','2007-07-19 16:08:44'),(386,1,'2007-07-19 12:08:44','2007-07-19 16:08:44'),(386,4,'2007-07-19 12:08:44','2007-07-19 16:08:44'),(387,1,'2007-07-19 12:08:44','2007-07-19 16:08:44'),(387,4,'2007-07-19 12:08:44','2007-07-19 16:08:44');

--
-- Table structure for table `phplist_message`
--

CREATE TABLE `phplist_message` (
  `id` int(11) NOT NULL AUTO_INCREMENT,
  `subject` varchar(255) NOT NULL DEFAULT '',
  `fromfield` varchar(255) NOT NULL DEFAULT '',
  `tofield` varchar(255) NOT NULL DEFAULT '',
  `replyto` varchar(255) NOT NULL DEFAULT '',
  `message` text,
  `textmessage` text,
  `footer` text,
  `entered` datetime DEFAULT NULL,
  `modified` timestamp NOT NULL DEFAULT CURRENT_TIMESTAMP ON UPDATE CURRENT_TIMESTAMP,
  `embargo` datetime DEFAULT NULL,
  `repeatinterval` int(11) DEFAULT '0',
  `repeatuntil` datetime DEFAULT NULL,
  `status` varchar(255) DEFAULT NULL,
  `userselection` text,
  `sent` datetime DEFAULT NULL,
  `htmlformatted` tinyint(4) DEFAULT '0',
  `sendformat` varchar(20) DEFAULT NULL,
  `template` int(11) DEFAULT NULL,
  `processed` mediumint(8) unsigned DEFAULT '0',
  `astext` int(11) DEFAULT '0',
  `ashtml` int(11) DEFAULT '0',
  `astextandhtml` int(11) DEFAULT '0',
  `aspdf` int(11) DEFAULT '0',
  `astextandpdf` int(11) DEFAULT '0',
  `viewed` int(11) DEFAULT '0',
  `bouncecount` int(11) DEFAULT '0',
  `sendstart` datetime DEFAULT NULL,
  `rsstemplate` varchar(100) DEFAULT NULL,
  `owner` int(11) DEFAULT NULL,
  PRIMARY KEY (`id`)
) ENGINE=MyISAM AUTO_INCREMENT=15 DEFAULT CHARSET=latin1;

--
-- Dumping data for table `phplist_message`
--

INSERT INTO `phplist_message` VALUES (1,'(no subject)','','','',NULL,NULL,NULL,'2004-11-21 14:19:17','2004-11-21 19:19:17','2004-11-21 14:19:17',0,'2004-11-21 14:19:17','draft',NULL,NULL,0,'text and HTML',NULL,0,0,0,0,0,0,0,0,NULL,NULL,NULL),(2,'Test Message','Webmaster noreply@bahnhof.com','','','This is a test message.','','--\r\nIf you do not want to receive any more newsletters,  [UNSUBSCRIBE]\r\n\r\nTo update your preferences and to unsubscribe visit [PREFERENCES]\r\n','2004-12-01 00:49:16','2004-12-01 05:51:25','2004-12-01 00:49:00',0,'2004-12-01 00:49:16','sent',NULL,'2004-12-01 00:51:25',0,'text and HTML',0,0,0,0,0,0,0,0,0,'2004-12-01 00:51:25','',NULL),(3,'(no subject)','','','',NULL,NULL,NULL,'2004-12-01 00:53:17','2004-12-01 05:53:17','2004-12-01 00:53:17',0,'2004-12-01 00:53:17','draft',NULL,NULL,0,'text and HTML',NULL,0,0,0,0,0,0,0,0,NULL,NULL,NULL),(4,'Test','Webmaster noreply@bahnhof.com','','','This is a test.','','--\r\nIf you do not want to receive any more newsletters,  [UNSUBSCRIBE]\r\n\r\nTo update your preferences and to unsubscribe visit [PREFERENCES]\r\n','2004-12-01 00:54:09','2004-12-01 05:54:22','2004-12-01 00:54:00',0,'2004-12-01 00:54:09','draft',NULL,NULL,0,'text and HTML',0,0,0,0,0,0,0,0,0,NULL,'',NULL),(5,'Test 1','Webmaster noreply@bahnhof.com','','','This is a test.','','--\r\nIf you do not want to receive any more newsletters,  [UNSUBSCRIBE]\r\n\r\nTo update your preferences and to unsubscribe visit [PREFERENCES]\r\n','2004-12-01 00:54:44','2004-12-01 05:55:24','2004-12-01 00:54:00',0,'2004-12-01 00:54:44','sent',NULL,'2004-12-01 00:55:24',0,'text and HTML',0,0,0,0,0,0,0,0,0,'2004-12-01 00:55:24','',NULL),(6,'Test','Webmaster noreply@bahnhof.com','','','Testing...','','--\r\nIf you do not want to receive any more newsletters,  [UNSUBSCRIBE]\r\n\r\nTo update your preferences and to unsubscribe visit [PREFERENCES]\r\n','2004-12-01 00:58:58','2004-12-01 05:59:34','2004-12-01 00:58:00',0,'2004-12-01 00:58:58','sent',NULL,'2004-12-01 00:59:34',0,'text and HTML',0,0,0,0,0,0,0,0,0,'2004-12-01 00:59:34','',NULL),(7,'Test','Webmaster noreply@bahnhof.com','','','TEst','','--\r\nIf you do not want to receive any more newsletters,  [UNSUBSCRIBE]\r\n\r\nTo update your preferences and to unsubscribe visit [PREFERENCES]\r\n','2004-12-01 01:05:30','2004-12-01 06:05:51','2004-12-01 01:05:00',0,'2004-12-01 01:05:30','sent',NULL,'2004-12-01 01:05:51',0,'text and HTML',0,2,0,0,2,0,0,0,0,'2004-12-01 01:05:51','',NULL),(8,'(no subject)','','','',NULL,NULL,NULL,'2005-01-15 07:20:37','2006-11-10 17:31:18','2005-01-15 07:20:37',0,'2005-01-15 07:20:37','sent',NULL,'2006-11-10 12:31:18',0,'text and HTML',NULL,0,0,0,0,0,0,0,0,'2006-11-10 12:30:30',NULL,NULL),(9,'Bahnhof Sport Novemember Newsletter','Webmaster noreply@bahnhof.com','','','<p><font color=\"#245ea7\"><b>Preseason Prep for Skis &amp; Snowboards</b></font></p>\r\n<p><img align=\"right\" alt=\"\" src=\"http://www.bahnhof.com/newsletter/free-shipping.gif\" />It&rsquo;s time to check out your <a href=\"http://www.bahnhof.com/store/index.php/cPath/39?source=newsletter\">Ski &amp; Snowboard equipment</a> for the season.  Don&rsquo;t wait until the night before you head to the slopes to get it ready.  Get them in to your shop right know to take advantage of any pre-season deals that they have on Tune Ups.</p>\r\n<p>Every binding company recommends that you have your bindings tested before the start of each season by a certified technician.  A Binding Technician will check the boots and binding for wear, that it is still properly attached, and that they release within the manufacture recommendations. <a href=\"http://www.bahnhof.com/blog/?p=7&amp;source=newsletter\">[Read the Full Article]</a></p>\r\n<p align=\"center\"><img alt=\"\" src=\"http://www.bahnhof.com/newsletter/dots.gif\" /></p>\r\n<p align=\"center\"><b><a href=\"http://www.bahnhof.com/index.php?source=newsletter\">Bahnhof Sport maintains complete repair shops at all stores.<br />Take advantage of the Fall Tune Special to save $$$$.</a></b></p>\r\n<p align=\"center\"><img alt=\"\" src=\"http://www.bahnhof.com/newsletter/dots.gif\" /></p>\r\n<p><font color=\"#245ea7\"><b>Tips on Buying Used Equipment</b></font></p>\r\n<p>Fall is the time many families start looking at used Ski &amp; Snowboard equipment as a way to save some money getting the kids on the slope.  Used equipment can be a great way to save money or end up costing almost as much as new would have cost.  Here are a couple of points that can make it work for you.</p>\r\n<ul>\r\n    <li>Shop at a Swap or Ski Shop &ndash; If you know exactly what you need, you can make a great deal.  Most people looking at used equipment have to rely on the person selling the stuff to determine if it will work safely for the skier or snowboarder.  In most cases these sellers just want to get rid of it.  In our repair shops we see a lot of people bringing in second hand equipment that are not the right length or the bindings will not safely adjust for them.</li>\r\n    <li>Have the skier with you to try on boots.  NEVER buy them with out trying them on!  Just because your son wears a size 5 tennis shoe doesn&rsquo;t mean that he will need a 5 in a Snowboard boot.  Most boots are made in Mondo Point Sizing.  These sizes don&rsquo;t convert very well to US sizes.</li>\r\n    <li>As a parent I understand trying to get more than 1 year out of equipment but keep in mind that boots or skis that are too large can be very UNSAFE.</li>\r\n    <li>Boots should be sized with ONE pair of ski socks.  Not 2-3 pair of cotton athletic socks.</li>\r\n    <li>Make sure that the bindings can be adjusted properly for the intended skier.</li>\r\n    <li>Make sure that the Binding is one that reputable ski shops will work on.   Every binding manufacture publishes a list of their bindings that dealers will work on each year.  If a binding isn&rsquo;t on the list there is a pretty good reason why.</li>\r\n    <li>What is the overall condition of the equipment?  Is it real, or in good-looking condition?  Check the Skis or Snowboard for any desalinations or cracks, missing screws, chunks gone, etc.</li>\r\n    <li>Finally make sure that a good shop sets the bindings and Tunes the ski or snowboard.  It will be money well spent.</li>\r\n</ul>\r\n<p align=\"center\"><img alt=\"\" src=\"http://www.bahnhof.com/newsletter/dots.gif\" /></p>\r\n<p align=\"center\"><a href=\"http://www.bahnhof.com/rentals.php?source=newsletter\"><b>Planning a ski vacation? Make your rentals early to guarantee the best selection and price!</b></a> 		 		</p>\r\n<p align=\"center\"><img alt=\"\" src=\"http://www.bahnhof.com/newsletter/dots.gif\" /></p>\r\n<p><font color=\"#245ea7\"><b>Buying Kids Winter Clothing</b></font></p>\r\n<p>When you are <a href=\"http://www.bahnhof.com/store/index.php/cPath/1_4?source=newsletter\">buying new winter clothing</a> for the kids don&rsquo;t buy them too large.  We are always seeing parents trying to put a size 6 on a 3 year old.  Clothing that is to big make it harder for the child to move comfortably in.  A great innovation has been the &ldquo;Grow Cuffs&rsquo; from Obermeyer and Spyder.  By simply pulling a seam on the cuff, the arms and legs lengthen 2-3 inches.  In most cases the &ldquo;Grow Cuffs&rsquo; will give you second year of wear.</p>\r\n<p>If the clothing is being used for skiing or snowboarding make sure that the child is wearing good long underwear, not jeans.  Long-underwear is warmer and easier to move in than jeans. If you want a specific hat or mitts that match,  buy them with the outfit.  They can be hard to get later in the winter.</p>\r\n<p>For winter equipment purchases for your children check out the Kids Club at our <a href=\"http://www.bahnhof.com/petoskey_kidsclub.php?source=newsletter\">Petoskey</a> and <a href=\"http://www.bahnhof.com/parkcity_kidsclub.php\">Park City</a> stores. Buy your equipment before November 23rd and receive up to a 100% credit towards next years equipment purchase.</p>','','--\r\nIf you do not want to receive any more newsletters,  [UNSUBSCRIBE]\r\n\r\nTo update your preferences and to unsubscribe visit [PREFERENCES]\r\n','2006-11-10 12:15:13','2006-11-10 17:29:34','2006-11-10 12:15:00',0,'2006-11-10 12:15:13','suspended',NULL,NULL,1,'HTML',2,1,0,2,0,0,0,0,0,'2006-11-10 12:27:41','',1),(10,'(no subject)','','','',NULL,NULL,NULL,'2006-11-10 12:29:01','2006-11-10 17:29:01','2006-11-10 12:29:01',0,'2006-11-10 12:29:01','draft',NULL,NULL,0,'text and HTML',0,0,0,0,0,0,0,0,0,NULL,NULL,1),(11,'Bahnhof Sport Novemember Newsletter','Webmaster noreply@bahnhof.com','','','<br />\r\n<p><font color=\"#245ea7\"><b>Preseason Prep for Skis &amp; Snowboards</b></font></p>\r\n<p><img align=\"right\" alt=\"\" src=\"http://www.bahnhof.com/newsletter/free-shipping.gif\" />It&rsquo;s time to check out your <a href=\"http://www.bahnhof.com/store/index.php/cPath/39?source=newsletter\">Ski &amp; Snowboard equipment</a> for the season.  Don&rsquo;t wait until the night before you head to the slopes to get it ready.  Get them in to your shop right know to take advantage of any pre-season deals that they have on Tune Ups.</p>\r\n<p>Every binding company recommends that you have your bindings tested before the start of each season by a certified technician.  A Binding Technician will check the boots and binding for wear, that it is still properly attached, and that they release within the manufacture recommendations. <a href=\"http://www.bahnhof.com/blog/?p=7&amp;source=newsletter\">[Read the Full Article]</a></p>\r\n<p align=\"center\"><img alt=\"\" src=\"http://www.bahnhof.com/newsletter/dots.gif\" /></p>\r\n<p align=\"center\"><b><a href=\"http://www.bahnhof.com/index.php?source=newsletter\">Bahnhof Sport maintains complete repair shops at all stores.<br />Take advantage of the Fall Tune Special to save $$$$.</a></b></p>\r\n<p align=\"center\"><img alt=\"\" src=\"http://www.bahnhof.com/newsletter/dots.gif\" /></p>\r\n<p><font color=\"#245ea7\"><b>Tips on Buying Used Equipment</b></font></p>\r\n<p>Fall is the time many families start looking at used Ski &amp; Snowboard equipment as a way to save some money getting the kids on the slope.  Used equipment can be a great way to save money or end up costing almost as much as new would have cost.  Here are a couple of points that can make it work for you.</p>\r\n<ul>\r\n    <li>Shop at a Swap or Ski Shop &ndash; If you know exactly what you need, you can make a great deal.  Most people looking at used equipment have to rely on the person selling the stuff to determine if it will work safely for the skier or snowboarder.  In most cases these sellers just want to get rid of it.  In our repair shops we see a lot of people bringing in second hand equipment that are not the right length or the bindings will not safely adjust for them.</li>\r\n    <li>Have the skier with you to try on boots.  NEVER buy them with out trying them on!  Just because your son wears a size 5 tennis shoe doesn&rsquo;t mean that he will need a 5 in a Snowboard boot.  Most boots are made in Mondo Point Sizing.  These sizes don&rsquo;t convert very well to US sizes.</li>\r\n    <li>As a parent I understand trying to get more than 1 year out of equipment but keep in mind that boots or skis that are too large can be very UNSAFE.</li>\r\n    <li>Boots should be sized with ONE pair of ski socks.  Not 2-3 pair of cotton athletic socks.</li>\r\n    <li>Make sure that the bindings can be adjusted properly for the intended skier.</li>\r\n    <li>Make sure that the Binding is one that reputable ski shops will work on.   Every binding manufacture publishes a list of their bindings that dealers will work on each year.  If a binding isn&rsquo;t on the list there is a pretty good reason why.</li>\r\n    <li>What is the overall condition of the equipment?  Is it real, or in good-looking condition?  Check the Skis or Snowboard for any desalinations or cracks, missing screws, chunks gone, etc.</li>\r\n    <li>Finally make sure that a good shop sets the bindings and Tunes the ski or snowboard.  It will be money well spent.</li>\r\n</ul>\r\n<p align=\"center\"><img alt=\"\" src=\"http://www.bahnhof.com/newsletter/dots.gif\" /></p>\r\n<p align=\"center\"><a href=\"http://www.bahnhof.com/rentals.php?source=newsletter\"><b>Planning a ski vacation? Make your rentals early to guarantee the best selection and price!</b></a> 		 		</p>\r\n<p align=\"center\"><img alt=\"\" src=\"http://www.bahnhof.com/newsletter/dots.gif\" /></p>\r\n<p><font color=\"#245ea7\"><b>Buying Kids Winter Clothing</b></font></p>\r\n<p>When you are <a href=\"http://www.bahnhof.com/store/index.php/cPath/1_4?source=newsletter\">buying new winter clothing</a> for the kids don&rsquo;t buy them too large.  We are always seeing parents trying to put a size 6 on a 3 year old.  Clothing that is to big make it harder for the child to move comfortably in.  A great innovation has been the &ldquo;Grow Cuffs&rsquo; from Obermeyer and Spyder.  By simply pulling a seam on the cuff, the arms and legs lengthen 2-3 inches.  In most cases the &ldquo;Grow Cuffs&rsquo; will give you second year of wear.</p>\r\n<p>If the clothing is being used for skiing or snowboarding make sure that the child is wearing good long underwear, not jeans.  Long-underwear is warmer and easier to move in than jeans. If you want a specific hat or mitts that match,  buy them with the outfit.  They can be hard to get later in the winter.</p>\r\n<p>For winter equipment purchases for your children check out the Kids Club at our <a href=\"http://www.bahnhof.com/petoskey_kidsclub.php?source=newsletter\">Petoskey</a> and <a href=\"http://www.bahnhof.com/parkcity_kidsclub.php\">Park City</a> stores. Buy your equipment before November 23rd and receive up to a 100% credit towards next years equipment purchase.</p>\r\n<br />','','--\r\nIf you do not want to receive any more newsletters,  [UNSUBSCRIBE]\r\n\r\nTo update your preferences and to unsubscribe visit [PREFERENCES]\r\n','2006-11-10 12:34:03','2006-11-10 17:58:10','2006-11-10 12:34:00',0,'2006-11-10 12:34:03','sent',NULL,'2006-11-10 12:58:10',1,'HTML',2,47,3,49,1,0,0,0,0,'2006-11-10 12:57:46','',1),(12,'(no subject)','','','',NULL,NULL,NULL,'2007-07-19 10:48:19','2007-07-19 14:48:19','2007-07-19 10:48:19',0,'2007-07-19 10:48:19','draft',NULL,NULL,0,'text and HTML',0,0,0,0,0,0,0,0,0,NULL,NULL,1),(13,'Bahnhof Summer Ski and Snowboard Tent Sale','noreply@bahnhof.com','','','<br /> <center><img src=\"http://www.bahnhof.com/newsletter/top.jpg\" alt=\"\" /><br /> <img src=\"http://www.bahnhof.com/newsletter/bottom.gif\" alt=\"\" /> </center>','','--\r\nIf you do not want to receive any more newsletters,  [UNSUBSCRIBE]\r\n\r\nTo update your preferences and to unsubscribe visit [PREFERENCES]\r\n','2007-07-19 10:57:23','2007-07-19 16:15:16','2007-07-19 10:57:00',0,'2007-07-19 10:57:23','inprocess',NULL,NULL,1,'HTML',2,328,318,5,0,0,0,0,0,'2007-07-19 12:14:27','',1),(14,'(no subject)','','','',NULL,NULL,NULL,'2007-07-19 11:03:14','2007-07-19 15:03:14','2007-07-19 11:03:14',0,'2007-07-19 11:03:14','draft',NULL,NULL,0,'text and HTML',0,0,0,0,0,0,0,0,0,NULL,NULL,1);

--
