--
-- Host: localhost    Database: bahnhofe_db
-- ------------------------------------------------------


--
-- Current Database: `bahnhofe_db`
--

CREATE DATABASE /*!32312 IF NOT EXISTS*/ `bahnhofe_db` /*!40100 DEFAULT CHARACTER SET latin1 */;

USE `bahnhofe_db`;

--
-- Table structure for table `address_book`
--

CREATE TABLE `address_book` (
  `address_book_id` int(11) NOT NULL AUTO_INCREMENT,
  `customers_id` int(11) NOT NULL DEFAULT '0',
  `entry_gender` char(1) NOT NULL DEFAULT '',
  `entry_company` varchar(32) DEFAULT NULL,
  `entry_firstname` varchar(32) NOT NULL DEFAULT '',
  `entry_lastname` varchar(32) NOT NULL DEFAULT '',
  `entry_street_address` varchar(64) NOT NULL DEFAULT '',
  `entry_suburb` varchar(32) DEFAULT NULL,
  `entry_postcode` varchar(10) NOT NULL DEFAULT '',
  `entry_city` varchar(32) NOT NULL DEFAULT '',
  `entry_state` varchar(32) DEFAULT NULL,
  `entry_country_id` int(11) NOT NULL DEFAULT '0',
  `entry_zone_id` int(11) NOT NULL DEFAULT '0',
  PRIMARY KEY (`address_book_id`),
  KEY `idx_address_book_customers_id` (`customers_id`)
) ENGINE=MyISAM AUTO_INCREMENT=455 DEFAULT CHARSET=latin1;

--
-- Dumping data for table `address_book`
--

INSERT INTO `address_book` VALUES (6,6,'','','amy','krypel','2 Dodge rd','','01945','Marblehead','',223,32),(2,2,'m','dMedia','Cliff','Johnson','123 Street','','84060','Park City','',223,58),(3,3,'','','Gary','Hunter','616 Lockwood Ave','','49770','Petoskey','',223,33),(4,4,'','Bahnhof Sport','Linda','Barrows','07750 Thumb Lake Road','','49713','Boyne Falls','',223,33),(5,5,'','','Melissa','Kruskie','5899 US 131 South','','49713','Boyne Falls','',223,33),(7,7,'','','nicole','trufant','5 rivers edge drive','','04043','kennebunk','',223,29),(8,8,'','','Wong','Yuk Ling','67, 1/F Lake Court, Tui Min Hoi, Sai Kung','','0000','Kowloon','Hong Kong',96,0),(9,9,'','','Susanne','Merullo','370 Chestnut Street','','01940','Lynnfield','',223,32),(10,10,'','','Victoria','St.John','65 Howard St.','','05401','Burlington','',223,59),(11,11,'','','Thomas','Nielsen','18 Uptom Pine Road','','08833','Lebanon','',223,41),(12,12,'','','Amelia','Lay','82 Bank Street','','10014','New York City','',223,43),(13,12,'','Fortress Investment Group','Amelia','Lay','1251 Avenue of the Americas - 16th Floor','','10020','New York City','',223,43),(14,13,'','','Corrie','Ortner','830 NW 110th Ave','','97229','Portland','',223,49),(15,14,'','','Jason','Tomcho','1706 20th Ave South','','58201','Grand Forks','',223,45),(16,15,'','','Zetti','of Michigan','0573 97 circle','Blue River','80424','Breckenridge','',223,13),(17,16,'','','Elliott','Ducky','4284 River Rd.','','49770','Petoskey','',223,33),(18,17,'','Garrett Japan Co.,Ltd.','Nobuyoshi','Miyazaki','3-31-12','Kitahanada','591-8002','Sakai','Osaka',107,0),(19,18,'','','J.','Emmerd','36563 Fairchild St.','','48186-4018','Westland','',223,33),(20,19,'','','BK','Washburne','305 Meech','','49720','Charlevoix','',223,1),(21,20,'','','Muantawan','Arsrairas','8531 68th Ave.','','11374','Rego Park','',223,43),(22,21,'','AFC','Billie','Fraser','3615 Atlantic Avenue','Virginia Beach','23451','Virginia Beach','',223,61),(23,22,'','RSA FILMS','jules','daly','634 north la peer','','90069','los angeles','',223,12),(24,22,'','','jules','daly','p.o.box 491580','','90049','los angeles','',223,12),(25,23,'','','Jean','Tollefson','10808 Toledo Circle','','55437','Bloomington','',223,34),(26,24,'','','Kirby','Mullen','62 Salter Place','','07040','Maplewood','',223,41),(27,25,'','Apple Bank for Savings','Gustavo','Castillo Jr','925 East 14th Street','1A','11230','Brooklyn','',223,43),(28,26,'','','Robert','Miller','44 Partridge Way','','05482','Shelburne','',223,59),(29,27,'','','Brandi','Maclachlan','19 Maple St.','','P0S 1K0','Wawa','',38,74),(30,27,'','','Brandi','MacLachlan','605 Ridge St.','','49783','Sault Ste. Marie','',223,33),(31,28,'','','Keara','Connelly','60 church st.','','10570','pleasantville','',223,43),(32,29,'','','Joe','Customer','PO Box 677','','49770','Petoskey','',223,33),(33,30,'','','Linda','Barrows','106 E. Sheridan','','49770','Petoskey','',223,33),(34,31,'','','John','Wilkins','5307 Willow Ct apt 311','','91301','Agoura Hills','',223,12),(35,31,'','','John','Wilkins','5307 Willow Ct #311','','91301','Agoura Hills','',223,12),(36,32,'','','Erica','McClenahan','1257 Sanguinetti Rd. #231','','95370','Sonora','',223,12),(37,33,'','The Helping Ham\'s','Christopher','Hamilton','P.O. Box 1446','','1446','Breckenridge','',223,13),(38,34,'','','Jeffrey','Woerthmann','7 Riva Ridge Ct.','','07746','Marlboro','',223,41),(39,35,'','','Jean','Tighe','1134 Fairbanks Drive','','21093','Lutherville','',223,31),(40,36,'','','Julie','Collier','327 Arcadia Park','','40503','Lexington','',223,27),(41,37,'','','shiree','holt','11588 S Terendale Lane','','84092','Sandy','',223,58),(42,38,'','','Monika','Nevergold','2229 Newton','','80211','Denver','',223,13),(43,39,'','','jeff','beining','D1913 Griesbach Rd','','54484','Stratford','',223,64),(44,40,'','','Lorna','Hammond','12 leyland Private','','K1V0X8','Ottawa','',38,74),(45,40,'','','Lorna','Hammond','331 Whiteface Inn Lane, Condo 3','Lakeside Residences 1','12946','Lake Placid','',223,43),(46,41,'','','george','fox','3476 Roosevelt','','52001','dubuque','',223,25),(47,42,'','','Heather','Zerba','951 Eastridge DR','','83333','Hailey','',223,22),(48,42,'','','Heather','Zerba','101 Empty Saddle Trail','','83333','Hailey','',223,22),(49,43,'','','susan','rafaeli','25 E Superior St Apt 3302','','60611','Chicago','',223,23),(50,44,'','aspen dental group','heath','jones','114 executive dr ste b','','47905','lafayette','',223,24),(51,45,'','','PAULA','ZIMMER','3946 S. ALEXANDER AVENUE','','53235','SAINT FRANCIS','',223,64),(52,45,'','','JEANNE','HERMAN','853 E. DOTY PLACE','','53207','MILWAUKEE','',223,64),(53,46,'','','Cliff','Johnson','12774 N. Deer Mountain Blvd Apt 1608','','84036','Deer Mountain','',223,58),(54,47,'','','Laura','Ryman','302 N. Main','','67868','Pierceville','',223,26),(55,48,'','','Joan','casper','6 Birch St','','01960','Peabody','',223,32),(56,49,'','','Pat','Higgins','200 ASpen Drive','','83340','Ketchum','',223,22),(57,49,'','','Pat','Higgins','P.O. Box 552','','83340','Ketchum','',223,22),(58,50,'','','Michelle','Neumann','109 Sherwood Ave','Apt 1E','07430','Mahwah','',223,41),(59,51,'','','Jill','Grano','3852 Staffordshire ln.','','23188','Williamsburg','',223,61),(60,51,'','','Sally','Adler','106 Edward Wyatt','','23188','Williamsburg','',223,61),(61,52,'','','Laura','Sliwak','25 Genoble Road','','07045','Montville','',223,41),(62,53,'','','Elvira','Guarino','50 Fort Avenue','','02905','Cranston','',223,53),(63,53,'','','Elvira','Guarino','1060 Park Avenue','','02910','Cranston','',223,53),(64,53,'','','Elvira','Guarino','1060 Park Avenue','','02910','Cranston','',223,53),(65,54,'','','patricia','poulin','19035 greenbrier lane','','80132','monument','',223,13),(66,55,'','','Georgina','Dovali','274 Renoir','DDO','H9A 3K2','Montreal','',38,76),(67,56,'','','Michelle','Piper','2412 Pine Hill Ct.','','49686','Traverse City','',223,33),(68,57,'','','Anke','Hacker','516 W Olney Rd','','23507','Norfolk','',223,61),(69,58,'','','Jordan','Liabenow','409 Wedgewood Dr.','','49601','Cadillac','',223,33),(70,59,'','','Tony','Rastatter','92 Lycett Circle','','94015','Daly City','',223,12),(71,59,'','','Tony','Rastatter','440 Davis Court, #408','','94111','San Francisco','',223,12),(72,60,'','','Andrew','Smulski','4645Central church rd.','','30135','douglsville','',223,19),(73,61,'','','Maria','Nosek','3207 SE 22nd CT','','50320','Des Moines','',223,25),(74,62,'','','Dale','Campbell','101 Hannah Circle','','35040','Calera','',223,1),(75,63,'','','margie','hankins','504 perrineville rd','','08520','hightstown','',223,41),(76,64,'','','Toni','Kensinger','10954 Haig Point Dr','','46038','Fishers','',223,24),(77,65,'','','lynn','miller','34 oakhill dr.','','49855','marquette','',223,1),(78,66,'','','Panagiotis','Venieris','69 Polygyrou Ave','','57001','Thermi','Thessaloniki',84,0),(79,67,'','','DENISE','ANDERSON','6716 W 79TH AVE','','80003','ARVADA','',223,13),(80,68,'','','Jules','Ohrin-Greipp','1144 S. Palm Ave.','Apt. #3','85364','Yuma','',223,4),(81,69,'','','Kara','Noel','1611 Meadow Dr','','82001','Cheyenne','',223,65),(82,70,'','','Barbara','Dill','120 Hazel Ct','','07648','Norwood','',223,41),(83,71,'','Glass McClure','Kyle','Toyama','2700 J Street, 2nd floor','','95816','Sacramento','',223,12),(84,72,'','','kris','maher','11 alger place','grosse pointe','48230','grosse pointe','',223,33),(85,73,'','','Leigh','Kinnan','4892 159th Ave NW','','55304','Andover','',223,34),(86,74,'','','Laura','Fausey','1719 E Forest Ave','','60187','Wheaton','',223,23),(87,75,'','','Tammy','Phelan','2239 E 8th St','','85719','Tucson','',223,4),(88,76,'','CMP','Todd','Lashway','1100 North 4th St. #141','','52556','Fairfield','',223,25),(89,76,'','','Todd','Lashway','P.O. Box 344','','52556','Fairfield','',223,25),(90,77,'','','Peggy','Fothergill','749 Euclaire','','43209','Columbus','',223,47),(91,78,'','','Max','Mindel','7953 Cowper Avenue','','91304','West Hills','',223,12),(92,79,'','','conrad','wisinger','2696 sandover rd','','43220','columbus','ohio',226,0),(93,79,'','','conrad','wisinger','2696 sandover rd','','43220','columbus','',223,47),(94,80,'','','Lynn','Kerecman','246 Highland Avenue','','07740','Long Branch','',223,41),(95,81,'','Southern Tag and Label','Daphne','Maycunich','3397 Hwy 5 N','','72653','Mountain Home','',223,5),(96,82,'','','charles','keele','85 burley rd','','14612','rochester','',223,43),(97,83,'','','sandee','sasaki','1426 E. Valley Forge Dr.','','93720','Fresno','',223,12),(98,84,'','','Andre','Panet-Raymond','6170 SR 70 Suite 301','','34243','Bradenton','',223,18),(99,84,'','Gulf Coast Golf Academy','Andre','Panet-Raymond','6170 SR 70 Suite 301','','34203','Bradenton','',223,18),(100,85,'','arbella','mike','gleason','7 maple way','','02045','hull','',223,32),(101,86,'','','joda','hankins','504 perrineville rd','','08520','hightstown','',223,41),(102,87,'','','Anna','Donahue','6328 Shadow Tree Ln','','33463','Lake Worth','',223,18),(103,88,'','','Viviane','Muise','21307 China Aster Ct','','20876','Germantown','',223,31),(104,89,'','','Claudia','Volk','622 Route 523 N.','','08889','Whitehouse Station','',223,41),(105,89,'','','Claudia','Volk','61 New Street, Apt 2','','07102','Newark','',223,41),(106,90,'','','Kristopher','Lewis','2867 Springdale Ln.','','80303','Boulder','',223,13),(107,91,'','','Terri','Childers','5191 Edgerton Drive','','30092','Norcross','',223,19),(108,92,'','','Wendy','Chisholm','16 Stumpfield Road','','03833','Kensington','',223,40),(109,93,'','','diane','di gemma','22 clos des ecornaches','','1226','thonex','',204,111),(110,94,'','','AGNES','PETERSON','897 TALISMAN LANE, PB 777','','92352-0777','LAKE ARROWHEAD','',223,12),(111,94,'','','AGNES','PETERSON','P.O. BOX 777','','92352-0777','LAKE ARROWHEAD','',223,12),(112,95,'','','Linda','Minami','101 West 87th Street Unit 3F','','10024','New York','',223,43),(113,95,'','','Linda','Minami','75 West End Ave #R39B','','10023','New York','',223,43),(114,96,'','','Lori','Petosa','3590 Camino Arena','','92009','Carlsbad','',223,12),(115,97,'','','Lynda','Harding','PO Box 4074,37347 Hwy 6 ste 226','','81620','Avon','',223,13),(116,98,'','','courtney','finlayson','530 North Lake Shore Drive #1402','','60611','Chicago','',223,23),(117,99,'','','Elizabeth','Cleary','2982 Pine St.','','94115','San Francisco','',223,12),(118,99,'','Pure Digital Technologies','Elizabeth','Cleary','30 Maiden Lane, 6th Floor','','94108','San Francisco','',223,12),(119,100,'','','Tiziana','TRojani','294/c Via Aurelia','','00165','rome','lazio',105,0),(120,101,'','','William','Ramsey','4720 Alclif Drive','','24503','Lynchburg','',223,61),(121,102,'','','mike','whitman','7 abbey lane','','01028','east longmeadow','',223,32),(122,103,'','','Schulim','Rosenthal','Pelikaanstraat 78','','2018','Antwerpen','Antwerpen',21,0),(123,104,'','','Juliana','Wilson','1 West 72nd Street','','10023','New York','',223,43),(124,105,'','','Wallace','Leung','95 Aquavista Way','','94131','San Francisco','',223,12),(125,106,'','','Tammie','Miyagawa','230 Meadow Vista Way','','92024','Encinitas','',223,12),(126,107,'','','ron','yehuda','247w87st ph-g','','10024','new york','',223,43),(127,108,'','','Ivan','Ross','278 Chestnut Hill Rd.','','06897','Wilton','',223,14),(128,109,'','','christine','kibel','300 east 34th street #30d','','10016','new york','',223,43),(129,110,'','','Jenny','Hernandez','1221 5th avenue apt 3','','90019','los angeles','',223,12),(130,111,'','CITIGROUP','YVONNE','MYCHAL','444 S. FLOWER ST 36TH FLOOR','','90071','LOS ANGELES','',223,12),(131,112,'','Phoenix, A Salon','James P.','Mulvenna','5655 Main St','','14221','Williamsville','',223,43),(132,113,'','','Jennifer','LaBarge','714 Stonewall Jackson Ct.','','77302','Conroe','',223,57),(133,114,'','','Thais','Grillet','9851 NW 52nd lane','','33178','miami','',223,18),(134,114,'','Nason & Nason','Ana','Alvarez - Grillet','95 Merrick Way Suite 460','','33134','Coral Gables','',223,18),(135,114,'','','Thais','Grillet','Americo Vespucio Las Canoas 7-4','','003798','Lecherias','Anzoategui',229,0),(136,115,'','','James','Lasky','3826 N. Wayne Ave.','','60613','Chicago','',223,23),(137,116,'','','desiree','fantini','5647 woodsong dr','','30338','dunwoody','',223,19),(138,117,'','','colleen','dwyer','12 hoboken','','07030','hoboken','',223,41),(139,118,'','','stacey','reisman','po box 299','9 middle street','02020','brant rock','',223,32),(140,119,'','','colleen','dwyer','1017 jefferson, #108','','07030','Hoboken','',223,41),(141,120,'','','Gretchen','Fapore','1662 Egret Way','','80027','Superior','',223,1),(142,120,'','','Gretchen','Fapore','1662 Egret Wasy','','80027','Superior','',223,13),(143,120,'','','Gretchen','Fapore','1662 Egret Way','','80027','Superior','',223,13),(144,121,'','','Forest M.','Roy','1112 6th St.','','80302','Boulder','',223,13),(145,122,'','','Shannon','Basner','6444 Village Parkway','','99504','Anchorage','',223,2),(146,123,'','','Angelo','Casagrande','ch. des berges 10','','1022','chavannes','',204,126),(147,124,'','','DOUGLAS','HICKS','3601 BETHLEHEM RD','','37172','SPRINGFIELD','',223,56),(148,124,'','','DOUGLAS','HICKS','P O BOX 753','','37188','WHITE HOUSE','',223,56),(149,125,'','','Amie','lindvall','26152 ravenhill rd','','91387','santa clarita','',223,12),(150,126,'','','shawn','keller','1 victoria ct','','31322','pooler','',223,19),(151,127,'','','Freddy','Perez','614 Bay Ridge Ave','Apt. #2','11220','Brooklyn','',223,43),(152,128,'','','jesse','collins','115 abbott ave','','02886','warwick','',223,53),(153,129,'','','Angela','Broussard','2401 West Street Unit C','','94702','Berkeley','',223,12),(154,130,'','','Barbara','McArtney','4983 East River Road','','14072','Grand Island','',223,43),(155,131,'','','Lauri','Lemire','210 Waddington','','48301','Bloomfield Village','',223,33),(156,132,'','','lucy','starbranch','5730 rose st','','77007','houston','',223,57),(157,133,'','','SANDRA','YOUNG','17930 CLUB VIEW DRIVE','','70810','BATON ROUGE','',223,28),(158,134,'','','Satoko','Ogiuchi','112 Dearborn Ave','','10580','Rye','',223,1),(159,134,'','','Satoko','Ogiuchi','112 Dearborn Ave','','10580','Rye','',223,43),(160,135,'','','Carmen','Adcock','1902 East Ridge Circle','','39110','Madison','',223,35),(161,136,'','','Michelle','Buchanan','604 Clinton Ave.','','35801','Huntsville','',223,1),(162,137,'','','Chalene','Braun','12943 Water Ridge Dr','','46055','McCordsville','',223,24),(163,138,'','','Laura','Baldwin','4444 N. Keldoon Ave','','83702','Boise','',223,22),(164,139,'','','annie','diamond','48 salem road','','06840','new canaan','',223,14),(165,140,'','','Kimberly','Klubnik','5821 Via Drive','','78735','Austin','',223,57),(166,141,'','','craig','jones','2114 grove point lane','','34786','windermere','',223,18),(167,142,'','','Charles','Lynch','740 King st','','02767','Raynham','',223,32),(168,143,'','','Melanie','Porada','1950 Spring Meadow Dr.','','45036','Lebanon','',223,47),(169,144,'','','Penny','Yon-Nemgar','5603 Tall Pines Rd NE','','56601','Bemidji','',223,34),(170,145,'','','CLIFF','O\'SULLIVAN','10 Universal City PLZ #400','','91608','Universal City','',223,12),(171,145,'','','CLIFF','O\'SULLIVAN','934 DEERHILL RD','','91377','OAK PARK','',223,12),(172,146,'','','Cheryl','Prothro','2028 Avondale','','76308','Wichita Falls','',223,57),(173,147,'','','Elizabeth','Crabill','121 Ironwoods Drive','Chapel Hill','27516','Chapel Hill','',223,44),(174,148,'','','monique','payne','5920 hempstead','','75093','plano','',223,57),(175,149,'','','victoria','schreier','3505 Cephas Way','','40503','Lexington','',223,27),(176,150,'','','Sonja','Rose','4821 Ashmont Dr','','95111','San Jose','',223,12),(177,151,'','','steven','francis','714 pine st','','49629','elk rapids','',223,33),(178,152,'','','Brian','DeSoye','9 hawthorne Place 10J','','02114','Boston','',223,32),(179,153,'','','louisa','beers','635 bayview dr','','95003','aptos','',223,12),(180,154,'','','Courtney','Jennings','331 Sheridan Road','','60093','Winnetka','',223,23),(181,155,'','','Suzanne','Freeman','105 Waterman','','92602','Irvine','',223,12),(182,156,'','','Joan','Alberts','111 S Main','','68975','Saronville','',223,38),(183,157,'','','Sheryl','Coley','946 Joy Ave','','57701','Rapid City','',223,55),(184,158,'','','Raymond','Kokinos','4690 W Mineral Dr. #927','','80128','Littleton','',223,13),(185,159,'','','julia','brown','8435 cranbrook','','48439','grand blanc','',223,33),(186,160,'','','Jeff','Kingsbury','7221 SW 184th Pl','','97007','Aloha','',223,49),(187,161,'','','katherine','meier','77 westview drive','','81611','aspen','',223,13),(188,161,'','','katherine','meier','po box 8269','','81612','aspen','',223,13),(189,162,'','','DAVID','WERNESS','877 PEARL DRIVE','','93420','ARROYO GRANDE','',223,12),(190,163,'','','Raymond','Kokinos','4690 w mineral dr #927','','80128','littleton','',223,13),(191,164,'','','Christina','LeBaron','6450 Cannon Farms Drive','','49341','Rockford','',223,33),(192,165,'','','wendy','sbiera','4201 sky ranch dr','','81601','glenwood springs','',223,13),(193,166,'','','Katrena','Garske','900 W. Bitner Rd. #D32','','84098','Park City','',223,58),(194,167,'','','Cynthia','White','14411 S Stoneridge Dr','','97045','Oregon City','',223,49),(195,168,'','','Pamela','Smith','7635 Ridge Road','','49740','Harbor Springs','',223,33),(196,168,'','','Pamela','Smith','616 Petoskey Street','','49770','Petoskey','',223,33),(197,169,'','','yassin','gharib','amal 0 n:58 cym','','10050','rabat/maroc','maroc',73,0),(198,170,'','','Neala','Martin','240 E. 86th Street, Apt 22H','','10028','New York','',223,43),(199,171,'','','DIANE','MICHALENKO','7750-15th AVE. NE','','98115','SEATTLE','',223,62),(200,172,'','','Heather','Ball','648 North 4116 East','','83442','Rigby','',223,22),(201,173,'','','rachel','slater','40 e 9th st apt 9e','','10003','New York','',223,43),(202,174,'','','Gregg','Martin','1000 Animosa Dr.','','81301','Durango','',223,13),(203,175,'','','charles','lynch','740 King st','','02767','Raynham','',223,32),(204,176,'','Freewheel Records','Paul','Kamm','18065 Biladeau Lane','','95946','Penn Valley','',223,12),(205,177,'','','Elizabeth','Canazon','375 Cherry Street','','10507','Bedford','',223,43),(206,178,'','','yifan','wang','2301-825-8 ave sw','','t2p2t3','calgary','',38,66),(207,179,'','','Joel','Liffmann','256 Country Club Road','','06840','New Canaan','',223,14),(208,180,'','','Lily','Sanchez','3303 N. Lakeview Dr. Apt#2207','','33618','Tampa','',223,18),(209,181,'','','Todd','Miller','1953 Chorro St','','93401-4412','San Luis Obispo','',223,12),(210,182,'','','Jill','Kustner','130 Lippard Avenue','','94131','San Francisco','',223,12),(211,183,'','','Michael','Manship','360 Evening Star Lane','Bozeman','59715-7760','Bozeman','',223,37),(212,183,'','','Michael','Manship','360 Evening Star Lane','','59715-7760','Bozeman','',223,37),(213,183,'','','Michael','Manship','360 Evening Star Lane','','59715-7760','Bozeman','',223,37),(214,184,'','','Lynn','Scheppers','25020 W. Avenue Stanford, #50','','91355','Valencia','',223,12),(215,185,'','','donna','nguyen','4330 spectrum One #7310','','78230','san antonio','',223,57),(216,186,'','','Cyndi','Recker','3819 E. Ivyglen St','','85205','Mesa','',223,4),(217,187,'','','Julia','Lirette','2239 Kings Way','','30904','Augusta','',223,19),(218,187,'','','Julia','Knox','661 Spencer Lane','','28747','Lake Toxaway','',223,44),(219,188,'','','Nic','Fox','43 Barrallier St','Griffith','2603','Canberra','ACT',13,0),(220,188,'','','Nic','Fox','PO Box 6018','Griffith','2603','Canberra','ACT',13,0),(221,189,'','','uli','klein','morellenweg 11','','22043','hamburg','',81,85),(222,190,'','','Joan','Rubin','18 Strathmore Road','','02482','Wellesley','',223,32),(223,191,'','','Giselle','Ow-Yang','3423 Gateshead Manor Way, #302','','20904','Silver Spring','',223,31),(224,192,'','','Jean','Nolan','4 Hunt Ln.','','07934','Gladstone','',223,41),(225,193,'','','Caryn','Yarbrough','2517 West Park Street','','85041','Phoenix','',223,4),(226,194,'','','josh','tobin','4/127 hereford st','glebe','2037','sydney','nsw',13,0),(227,195,'','','Morgan','Dexheimer','136 7th ave apt 1','','07740','long branch','',223,41),(228,196,'','','Mary','de Boer','170 E. 6th Street','','91711','Claremont','',223,12),(229,196,'','','Mary','de Boer','12675 Cedar Road','','44106','Cleveland Heights','',223,47),(230,197,'','','Brad','Nelson','1308 Grandview Ave','','80302','Boulder','',223,13),(231,198,'','','Brent','Duke','2104 Yellowstone Drive','','73099','Yukon','',223,48),(232,199,'','','anthony','hughes','1135 S. Hoyt Street','','80232','Lakewood','',223,13),(233,200,'','','Tami','Blake','1220 Mayfield Ave','','60435','Joliet','',223,23),(234,201,'','','Paul','Murray','1000 grand ave.','','49770','petoskey','',223,33),(235,201,'','','Patricia','Murray','1000 Grand Ave.','','49770','Petoskey','',223,33),(236,202,'','','Duane','Jesse','490 N high St','','44410','Cortland','',223,47),(238,203,'','','Renee','Westrick','2452 J Tamron Dr W','','48079','Saint Clair','',223,33),(239,204,'','','Michael','MacDonald','500 Parker Street box 4140','','02115','boston','',223,32),(240,205,'','','Richard','Thorington','92 Dorset Avenue','Great Baddow','CM2 9UB','Chelmsford','Essex',222,0),(241,206,'','','Janice','Beckmen','14 Gloucester Road','','07901','Summit','',223,41),(247,210,'','','Jessica','Brewer','57947 Blue Heron Dr','','46528','Goshen','',223,24),(243,207,'','','Elin','Lassen','1728 Heritage Center','','84112','Salt Lake City','',223,58),(244,208,'','','holly','turner','7 niblick lane','','80123','littleton','',223,1),(245,208,'','','holly','turner','7 niblick lane','','80123','littleton','',223,13),(246,209,'','','Susan','Bellig','985 Carriage Pl. Dr.','','52722','Bettendorf','',223,25),(248,211,'','','Sangeeta','Bansal','11 Herkimer Road','','10583','Scarsdale','',223,43),(249,212,'','','kelli','bentinck smith','192 powder point ave','','02332','duxbury','',223,32),(250,213,'','','kari','sanford','4120 waterford dr','','81506','billings','',223,37),(251,212,'','','kelli','bentinck smith','po box 1168','','02331','duxbury','',223,32),(252,214,'','Bahnhof Sport','Betsy','Ray','506 E. Third','','49741','Harbor Springs','',223,33),(253,215,'','','greg','rennirt','5223 shelbyville rd','','40067','simpsonville','',223,27),(254,216,'','','Demetrios','Akos','57 highwood','','07432','midland park','',223,41),(255,216,'','','Mike','Liza','57 highwood','','07432','midland park','',223,41),(256,217,'','','chris','gerra','9 rockridge road','','10552','Mount Vernon','',223,43),(257,218,'','','NICK','SHEEHAN','401 E 3RD AVE','','55604','GRAND MARAIS','',223,34),(258,218,'','','NICK','SHEEHAN','371 SKI HILL ROAD','','55612','LUTSEN','',223,34),(259,219,'','','Christine','Malvitz','5480 Forest Bend Dr','','49301','Ada','',223,33),(260,220,'','','john','ferris','205 Main Street','','03216','Andover','',223,40),(261,220,'','','john','ferris','PO Box 479','','03216','Andover','',223,40),(262,221,'','','Claeton','Giordano','5 Hesketh Court','','94025','Menlo Park','',223,12),(263,221,'','','Claire Hayes','Giordano','5 Hesketh Court','','94025','Menlo Park','',223,12),(264,222,'','','Betty Ann','Downs','109 South 300 Place','','98003','Federal Way','',223,62),(265,223,'','','Peggy','Berenblum','3 Pinetum Lane','','06807','Cos Cob','',223,14),(266,224,'','','Helen','Reasoner','239 N. Glenhurst','','48301','Bloomfield Hills','',223,33),(267,225,'','','Steve','Coventry','3473 Sunset Drive','','61362','Spring Valley','',223,23),(268,226,'','acs','richard','mathis','655 mowers rd','','13489','west leyden','',223,43),(269,227,'','','Karen','Niedenfuer','2433 163rd Lane NW','','55304','Andover','',223,34),(270,228,'','','katherine','davisson','139 Centennial Court','','05401','Burlington','',223,59),(271,229,'','','Miha','Ivanc','Kneza Koclja 22','','1000','Ljubljana','Slovenia',190,0),(272,229,'','','Robert','Redding','7140 Ljubljana Place','','20189','Dulles','',223,61),(273,230,'','','Phil','Etsler','9815 Lost Lakes Trail','','44023','Chagrin Falls','',223,47),(274,231,'','','Patricia','Thomas','7 McKay Drive','','08807','Bridgewater','',223,41),(275,232,'','','Laurie','Girand','32221 Peppertree Bend','','92675','San Juan Capistrano','',223,12),(276,232,'','','Laurie','Girand','16215 Alton Pkwy, A3','','92618','Irvine','',223,12),(277,233,'','','Gretchen','Conn','61 Bayview Drive','','02835','Jamestown','',223,53),(278,234,'','','Ray','Costa','12 abbington dr','','11743','lloyd harbor','',223,43),(279,235,'','','Enzo','Serra','Sector guabina calle san mateo #21','','04013','cabimas','zulia',229,0),(280,236,'','','Mike','Malmquist','3075 NW Craftsman Dr','','97701','Bend','',223,49),(281,236,'','US Bank','Mike','Malmquist','1025 NW Bond St','','97701','Bend','',223,49),(282,237,'','','Jeanne','Leonard','5 Park Road Ext','','14428','Churchville','',223,43),(283,237,'','','Jeanne','Leonard','PO Box 179','','14428','Churchville','',223,43),(284,238,'','','gwen','Armwood','0N119 Ethel St.','','60190','Winfield','',223,23),(285,238,'','','Zachary','Sawyer','217 E. Dunedin Rd','','43214','Columbus','',223,47),(286,239,'','','Karen','Chelini','4045 Marianne Drive','','94549','Lafayette','',223,12),(287,240,'','Mazzoni and Karam','Gerard','Karam','18 Hillcrest Drive','','18447','Dickson City','',223,51),(288,240,'','Mazzoni and Karam','Gerard','Karam','321 Spruce St. Ste. 201','','18503','Scranton','',223,51),(289,241,'','','Isabelle','Alvarado','71 Lords highway E','','06883','wESTON','',223,14),(290,242,'','','Patricia','Kent','191 Sheridan Road','','60093','Winnetka','',223,23),(291,243,'','','Quoc-Viet','Tran','7732 16e avenue','','h2a 2t4','Montreal','',38,76),(292,244,'','','James','Vaughan','692 President Street','Unit #4','11215','Brooklyn','',223,43),(293,244,'','Mercer HR Consulting','James','Vaughan','1166 Avenue of the Americas','','10036-2708','New York','',223,43),(294,245,'','','patrice','nielsen','1756 s 1590 e','','84660','spanish fork','',223,58),(295,246,'','','Shelley','Jones-Fenleigh','Stone Lodge','Mere Lane','LE2 4SA','Oadby','Leicester',222,0),(296,247,'','','Caitlin','Miner','822 Vestavia Villas Ct','','35226','Vestavia','',223,1),(297,248,'','','Karen','Crawford-Hank','360 New Pine St.','','89801','Elko','',223,39),(298,249,'','','Christina','Friedli','3308 N 23rd Street','','22201','Arlington','',223,61),(299,249,'','','Kevin','Friedli','7061 Stanley Court','','49770','Petoskey','',223,33),(300,250,'','','Lisette','Perez','445 Grand Bay Drive, 1002','Key Biscayne','33149','Key Biscayne','',223,18),(301,250,'','','Patty','Perez','24 Tanglewylde Ave.','','10708','Bronxville','',223,43),(302,251,'','','Heather','Zeigler','15 E. Putnam Ave. #349','','06830','Greenwich','',223,14),(303,252,'','','scott','cooper','32 Plymouth St','Alderley','4051','Brisbane','Queensland',13,0),(304,253,'','','Lori','Patton','4 Galilee Drive','','07750','Monmouth Beach','',223,41),(305,254,'','Siren Services','Christine','Lewis','2107 NE 102nd St.','','98125','Seattle','',223,62),(306,255,'','','Lisa','Samardich','2878 W. Long Cir.; Unit G','','80120','Littleton','',223,13),(307,255,'','','Erika','Higgins','16576 W. 53rd Way','','80403','Golden','',223,13),(308,256,'','LGE','Hyunjin','Lim','800 W El Camino Real, Suite 350','','94040','Mountain View','',223,12),(309,257,'','','Elizabeth','McDougall','P.O. Box 283','','N0K 1N0','Mitchell','',38,74),(310,258,'','','Robert J','Selder','60512 Elkai Woods Drive','','97702','Bend','',223,49),(311,256,'','','Hyunjin','Lim','Nonhyundong','','151-831','Seoul','Seoul',113,0),(312,259,'','','Terri','Hanko','11876 co. rd. 320','','81650','Rifle','',223,13),(313,260,'','','Verania','Belausteguigoitia','3616 SW 57th Av','','33155','Miami','',223,18),(314,260,'','','Verania','Belausteguigoitia','520 E Lionshead Cr. Apt. #311','','81657','Vail','',223,13),(315,261,'','','Kathleen','Lomeli','157 Ridge Road','','06033','Glastonbury','',223,14),(316,262,'','','Noelle','Bergman','67 Sea Island Drive','','92660','Newport Beach','',223,12),(317,263,'','','Paige','Warshaw','1000 E. 8th','','78702','Austin','',223,57),(318,263,'','The Meyer Family','Kathy','Meyer','2624 Annie Oakley Drive','','84060','Park City','',223,58),(319,264,'','','Philip','Andrew','2368 Rohs St #2','','45219','Cincinnati','',223,47),(320,265,'','','Nina','Pater','5401 Cannon Mtn Way','','80503','Longmont','',223,13),(321,266,'','','Wendy L','Bolton','484 Wellington Avenue','','14619','Rochester','',223,43),(322,266,'','','Wendy L','Bolton','Box 92463','','14692','Rochester','',223,43),(323,267,'','','Patrick','Carroll','9000 Grey Pointe Dr','','37922','Knoxville','',223,56),(324,268,'','','Jill','Mallek','262 Ann Street','','60514','Clarendon Hills','',223,23),(325,269,'','','Shirley','Prall','3512 State Road','','P.O. Box 2','Harbor Springs','',223,33),(326,269,'','','Stephanie','Prall','3531 Lookout Point','','49686','Traverse City','',223,33),(327,269,'','','Shirley','Prall','3512 State Road','P.O. Box 264','49740','Harbor Springs','',223,33),(328,270,'','','Laura','Marks','50 Farina Rd','','02459','Newton','',223,32),(329,271,'','','Anne','Schnuriger','12 Arden Road','','07834','Denville','',223,41),(330,272,'','','Kathleen','May','1366 Killington Court','','80439','Evergreen','',223,13),(331,273,'','','ken','bagnoli','5003 inglenook drive','','22030','fairfax','',223,61),(332,274,'','','catherine','hapgood','4810 carolyn cir','','71006','benton','',223,28),(333,275,'','','kathleen','smierciak','465 w coyote dr','','80498','silverthorne','',223,13),(334,275,'','','kathleen','smierciak','pobox853','','80435','dillon','',223,13),(335,142,'','','Peyton','Lynch','25 Paseo Carla','','92673','San Clemente','',223,12),(336,276,'','','DANIELLE','ZANNI','P.O. BOX 956','','59922','LAKESIDE','',223,37),(337,276,'','','DANIELLE','ZANNI','1135 BIERNEY CREEK ROAD','','59922','LAKESIDE','MT',222,0),(338,277,'','','tara','platt','p.o.box 174','','28380','rockingham','',223,44),(339,277,'','','tara','platt','1209 e.broad ave','','28379','rockingham','',223,44),(340,278,'','','Sun','Lee','1209 Ascot Dr.','','19034','Fort Washington','',223,1),(341,278,'','','Sun','Lee','1209 Ascot Dr.','','19034','Fort Washington','',223,51),(342,278,'','','Sun','Lee','1209 Ascot Dr.','','19034','Fort Washington','',223,51),(343,279,'','','Allan','Gersten','422 Pacific Street','','11217','Brooklyn','',223,43),(344,279,'','Tweak Films','Nicole','Samarron','38 Keyes Avenue','Suite 200','94129','San Francisco','',223,12),(345,280,'','','nancy','deushane','29 Kingfishe Ct','','92679','trabuco Canyon','',223,12),(346,281,'','','Sandy','Morris','14549 Davos Drive','','96161','Truckee','',223,12),(347,282,'','','tammy','lynch','1020 washington ave','','11803','plainview','',223,43),(348,283,'','','Ken','Sproul','3908 Thoroughbred Land','','Owings Mil','21117','',223,31),(349,283,'','','Ken','Sproul','3908 Thoroughbred Lane','','21117','Owings Mills','',223,31),(350,284,'','','pamela','adkins','212 Main St','','79359','Seagraves','',223,57),(351,284,'','','pamela','adkins','Hcr 1 box 113','','79342','loop','',223,57),(352,285,'','','maurizio','marchese','527 filmore street','','08075','riverside','',223,41),(353,286,'','','John','Chang','11600 Piney Spring Lane','','20854','Potomac','',223,31),(354,287,'','','ann','yee','pobox 43223','','94131','san francisco','',223,1),(355,288,'','','Joan','Krauss','2363 Transit Ct Sw','','55902','Rochester','',223,34),(356,289,'','','Shannon','Hall','189 Marseille Drive','','72113','Maumelle','',223,5),(357,290,'','','lillian','kapilivsky','409 eagle ave','','78504','mcallen','',223,57),(358,291,'','','Kristin','Hook','11006 S. Hudson Ave','','74137','Tulsa','',223,48),(359,292,'','','Chelsea','Allan','80 Upper Afton Terrace','','55106','Saint Paul','',223,34),(360,293,'','','barbara','kendall','3153 westminster dr','woodfield country club','33496','boca raton','',223,18),(361,294,'','','Deborah','Crow','4039 University Blvd','','77005','Houston','',223,57),(362,295,'','','bianca','dwy','188 ferry road','','05491','vergennes','',223,59),(363,296,'','','Marjorie','Bilello','252 Earle Avenue','','11563','Lynbrook','',223,43),(364,297,'','','Janet','Folk','26253 N. Dr. S.','','49245','Homer','',223,33),(365,298,'','','Christopher','Lim','179 foch ave','','08648','lawrenceville','',223,41),(366,299,'','','Lee Hua','Yong','11 Sengkang Square, #04-23 Compass Heights','','545076','Singapore','Singapore',188,0),(367,300,'','','Michael','Noonan','24 North 5th street','','07663','Saddle Brook','',223,41),(368,301,'','','Marcia','Bruns','4720 Falcon Court','','54494','Wisconsin Rapids','',223,64),(369,302,'','','Cheryl','Blain','665 Third Street, Suite 405','','94107','San Francisco','',223,12),(371,302,'','','Cheryl','Blain','2839 Washington Street','','94501','Alameda','',223,12),(372,303,'','','Keri','Spanbauer','1525 Meadowbreeze Cir','','54956','Neenah','',223,64),(373,304,'','','katherine','bartolotta','90 lake avenue','','13021','auburn','',223,43),(374,305,'','','Donna','Hoelke','3621 Ironwood Rd.','','55331','Excelsior','',223,34),(375,306,'','','audra','hartwigsen','1101 16th street','','50010','ames','',223,25),(376,307,'','','Heather','Heydet','8920 Alysbury Way','','30041','Cumming','',223,19),(377,308,'','','Jennifer','Shufro','32 West 82nd Street Apt. 7B','','10024','New York','',223,43),(378,309,'','','Michel','Mahaffey','1750 N. Wolcott / #401','','60622','Chicago','',223,23),(379,310,'','','Matthew','Milewski','10 clement place','','01860','Merrimac','',223,32),(380,311,'','','rena','Rice','1332 Arroyo Cr.','','92373','Redlands','',223,12),(381,312,'','','Joanna','Grönling','H-Stockmannstr.107','','85221','Dachau','',81,81),(382,313,'','','Joanne','Moylan','2804 Andrews Dr. NW','','30305','Atlanta','',223,19),(383,314,'','','Lisa','Taylor','522 Wetumpka Street','','36067','Prattville','',223,1),(384,315,'','Adams Painting, Inc.','Patrick','Adams','216 W. 38th St. #D','','83714','Boise','',223,22),(385,316,'','','Olivia','Forrest','229 Gilwood Park Drive','','L9M 1Z4','Penetanguishene','',38,74),(386,317,'','','John','Weber','192 Katie Lane','','54619','Cashton','',223,64),(387,318,'','','Julie','Rogoff','7 Glen Eagles Drive','','10538','Larchmont','',223,43),(388,319,'','','Michael','Estrich','2149 Slaterville Rd Apt 5','','14850','Ithaca','',223,43),(389,320,'','','Raphael','Bonvillian','P.O. Box 202590','','06520-2590','New Haven','',223,14),(390,320,'','','Raphael','Bonvillian','930 Hickory Run Lane','','22066','Great Falls','',223,61),(391,321,'','','Stephen','Price','D2-15A, Goldfield Intl Garden','91 Jianguo Lu, Chaoyang District','100022','Beijing','NA',44,0),(392,322,'','','John','Hayes','5541 Taft Avenue','','94618','Oakland','',223,12),(393,323,'','','Michele','Sauer','4011 Lakepointe Road','','48323','West Bloomfield','',223,33),(394,324,'','','lauren','mileham','20 harberd tye','Great Baddow','CM2 9GJ','Chelmsford','Essex',222,0),(395,325,'','','Michele','Crago','P.O. Box 1983','','80440','Fairplay','',223,13),(396,325,'','','Michele','Crago','222 Canthook Lane','PO Box 1983','80440-1983','Fairplay','',223,13),(397,326,'','','Doug','Camann','21 Bellfry Manor Dr','','08020','Clarksboro','',223,41),(398,327,'','Sun Microsystems','Annie','Kendrick','7 Londandes','Church Crookham','GU52 6ZB','Fleet','Hampshire',222,0),(399,327,'','Sun Microsystems','Annie','Kendrick','Solaris House Guillemont Park','Blackwater','gu179QG','Camberley','Surrey',222,0),(400,328,'','','Lenka','Jehlickova','Nad skolkou 4895','','46804','Jablonec n/N - Prosec n/N','Jablonec n/N',56,0),(401,328,'','','Martina','Hajkova','8156 Florence Gardens Rd','','37938','Knoxville','',223,56),(402,329,'','','Janie','Kneller','8302 Tyndswall Place','','21122','Pasadena','',223,31),(403,330,'','','Suzanne','Sabin','1164 Bayard Avenue','','37130','Murfreesboro','',223,56),(404,331,'','','Christopher','Bischoff','4500 South Monaco street Apartment 1332','','80237','Denver','',223,13),(405,332,'','','Meaghan','Atwell','187 Millville Road','','01756','Mendon','',223,32),(406,333,'','','Renee','Pepper','1215 Curtiss Ave','','50010','Ames','',223,25),(407,334,'','','Mazie','Yu','7622 NE 14th St','Medina','98039','Medina','',223,62),(408,335,'','','David','Albrecht','10767 North 126th Street','','85259','Scottsdale','',223,4),(409,335,'','','Christina','Albrecht','10767 North 126th Street','','85259','Scottsdale','',223,4),(410,335,'','','Christina','Albrecht','10767 North 126th Street','','85259','Scottsdale','',223,4),(411,336,'','','Michael','Culp','7910 Old Elm Court','','49301','Ada','',223,33),(412,337,'','','Kindra','Wilson','901 w sage sparrow cr','','80129','Highlands Ranch','',223,13),(413,338,'','','ellen','imbrie','3613 w brittany ct','','53092','mequon','',223,64),(414,339,'','','Gareth','Richards','\"les Elfes\"','CP 174','CH - 1936','Verbier','',204,127),(415,340,'','','Donna','Weatherl','4340 S Victor Ave','','74105','Tulsa','',223,48),(416,341,'','','Theresa','Baladad','169 W. Tall Oak Dr.','','60073','Hainesville','',223,23),(417,342,'','','Tamara','Helfer','4412 Trostshire Circle','','61822','Champaign','',223,23),(418,343,'','','Svetlana','Tomasic','PO BOX 4250','40 Aspen Olace','81632','Edwards','',223,13),(419,343,'','','Svetlana','Tomasic','PO BOX 4250','40 Aspen Place','81632','Edwards','',223,13),(420,344,'','','Tad','Kinsley','P.O box 304','','05148','Londonderry','',223,59),(421,345,'','','Julie','Koenig','12702 E. Paradise Drive','','85259','Scottsdale','',223,4),(422,346,'','','YOJI','ASAI','6-12-6-403 BENTEN','','340-0004','SOKA','SAITAMA',107,0),(423,347,'','Jake\'s Cafe','Tyler','Kinsley','Junctions Rte 11 & 100','Mountain Market Place','05148','Londonderry','',223,59),(424,347,'','','Jamie','White','678 Scott Pet Rd','','05143','Chester','',223,59),(425,346,'','','YOJI','ASAI','6260 SW ARCTIC DRIVE','CARE OF LA STYLE','97005','BEAVERTON','',223,49),(426,348,'','','Isela','Dabdoub','410 Beringer Ct.','JSJ Estates','78041','Laredo','',223,57),(427,349,'','','genevieve','oconnell','161 harbor st','','06405','branford','',223,14),(428,350,'','','Victoria','Nelson','69 Cherokee Drive','','38111','Memphis','',223,56),(429,351,'','','Mary','Mayer','44484 Larchwood Drive','','48168','Northville','',223,1),(430,351,'','','Mary','Mayer','44484 Larchwood','','48168','Northville','',223,33),(431,351,'','','Mary','Mayer','44484 Larchwood Drive','','48168','Northville','',223,33),(432,352,'','','Lori','Lotto','3055 Knollridge Dr.','','55372','Prior Lake','',223,34),(433,353,'','Martin Logan','Deborah','Sanders','69 Louises Lane','','06840','New Canaan','',223,14),(434,354,'','','Jennifer','Hartman','1222 W. Altgeld','','60614-2105','Chicago','',223,23),(435,355,'','','Kathleen','Sheils','2465 Mayo Road','','13071','Genoa','',223,43),(436,354,'','Town and Country Pediatrics','Jennifer','Hartman','2073 N. Clybourn','','60614','Chicago','',223,23),(437,354,'','','Kenneth','Hartman','111 S. Wacker','','60606','Chicago','',223,23),(438,356,'','','Margaret','Peacock','2401 Pinehurst Drive','','16803','State College','',223,51),(439,357,'','','Susan','Cammarano','6 Hunters Ridge Drive','','08534','Pennington','',223,41),(440,358,'','','robert','corrigan','48 ELAN AVENUE','','DY13 8LX','STOURPORT','WORCESTERSHIRE',222,0),(441,359,'','','maribeth','hansen','2605 ridgewood lane','','59106','billings','',223,37),(442,360,'','','Kim','San Fratello','4 Chiswell Rd.','','01536','North Grafton','',223,32),(443,361,'','','charles','potter','3409 embassy','','62711','springfield','',223,23),(444,362,'','','rand','lieber','137 NE 92 Street','','33138','miami Shores','',223,18),(445,363,'','','Nicole','Snyder','17911 Chablis Cir','','99577','Eagle River','',223,2),(446,364,'','','Kathleen','Stathis','107 Stone St','','07607','Maywood','',223,41),(447,365,'','','Trent','Schindler','812 N Florida St','','22205','Arlington','',223,61),(448,366,'','','Erica Jayne','Walsh','4746 Stansbury Ln','','46254','Indianapolis','',223,24),(449,367,'','','michele','Pagnotta','100 Westgreen Drive, #204','','27516','Chapel Hill','',223,44),(450,368,'','','Asbjorn','Toft Ohlsen','jaegergaardsgade 61, 3','','8000','Aarhus','region midtjylland',57,0),(451,369,'','','Josh','Edwards','461 w. 2350 s.','','84010','Bountiful','',223,58),(452,370,'','Show Low Primary School','sheri','Ramirez','PO Box 895','','85902','Show Low','',223,4),(453,370,'','','sheri','ramirez','pO Box 895','','85902','show Low','',223,4),(454,371,'','','Sheila','Frey','9840B Sandy Creek Rd','','13603','Fort Drum','',223,43);

--
-- Table structure for table `address_format`
--

CREATE TABLE `address_format` (
  `address_format_id` int(11) NOT NULL AUTO_INCREMENT,
  `address_format` varchar(128) NOT NULL DEFAULT '',
  `address_summary` varchar(48) NOT NULL DEFAULT '',
  PRIMARY KEY (`address_format_id`)
) ENGINE=MyISAM AUTO_INCREMENT=6 DEFAULT CHARSET=latin1;

--
-- Dumping data for table `address_format`
--

INSERT INTO `address_format` VALUES (1,'$firstname $lastname$cr$streets$cr$city, $postcode$cr$statecomma$country','$city / $country'),(2,'$firstname $lastname$cr$streets$cr$city, $state    $postcode$cr$country','$city, $state / $country'),(3,'$firstname $lastname$cr$streets$cr$city$cr$postcode - $statecomma$country','$state / $country'),(4,'$firstname $lastname$cr$streets$cr$city ($postcode)$cr$country','$postcode / $country'),(5,'$firstname $lastname$cr$streets$cr$postcode $city$cr$country','$city / $country');

--
-- Table structure for table `banners`
--

CREATE TABLE `banners` (
  `banners_id` int(11) NOT NULL AUTO_INCREMENT,
  `banners_title` varchar(64) NOT NULL DEFAULT '',
  `banners_url` varchar(255) NOT NULL DEFAULT '',
  `banners_image` varchar(64) NOT NULL DEFAULT '',
  `banners_group` varchar(10) NOT NULL DEFAULT '',
  `banners_html_text` text,
  `expires_impressions` int(7) DEFAULT '0',
  `expires_date` datetime DEFAULT NULL,
  `date_scheduled` datetime DEFAULT NULL,
  `date_added` datetime NOT NULL DEFAULT '0000-00-00 00:00:00',
  `date_status_change` datetime DEFAULT NULL,
  `status` int(1) NOT NULL DEFAULT '1',
  PRIMARY KEY (`banners_id`)
) ENGINE=MyISAM AUTO_INCREMENT=3 DEFAULT CHARSET=latin1;

--
-- Dumping data for table `banners`
--

INSERT INTO `banners` VALUES (1,'osCommerce','http://www.oscommerce.com','banners/oscommerce.gif','468x50','',NULL,NULL,NULL,'2004-07-12 10:08:00',NULL,1),(2,'Kids Club','','','468x50','Check out the programs tha we have for kids.',NULL,NULL,NULL,'2006-10-04 16:00:42','2006-10-04 16:02:51',0);

--
-- Table structure for table `banners_history`
--

CREATE TABLE `banners_history` (
  `banners_history_id` int(11) NOT NULL AUTO_INCREMENT,
  `banners_id` int(11) NOT NULL DEFAULT '0',
  `banners_shown` int(5) NOT NULL DEFAULT '0',
  `banners_clicked` int(5) NOT NULL DEFAULT '0',
  `banners_history_date` datetime NOT NULL DEFAULT '0000-00-00 00:00:00',
  PRIMARY KEY (`banners_history_id`)
) ENGINE=MyISAM AUTO_INCREMENT=1066 DEFAULT CHARSET=latin1;

--
-- Dumping data for table `banners_history`
--

INSERT INTO `banners_history` VALUES (1,1,181,0,'2004-07-12 10:35:22'),(2,1,32,0,'2004-07-13 08:33:54'),(3,1,2,0,'2004-07-14 09:22:49'),(4,1,5,0,'2004-07-15 11:41:25'),(5,1,1,0,'2004-07-20 15:06:14'),(6,1,1,0,'2004-07-21 17:05:36'),(7,1,7,0,'2004-08-02 14:41:32'),(8,1,17,0,'2004-08-03 10:10:19'),(9,1,10,0,'2004-08-05 08:23:16'),(10,1,5,0,'2004-08-06 10:35:21'),(11,1,15,0,'2004-08-12 10:56:03'),(12,1,1,0,'2004-08-24 08:53:46'),(13,1,3,0,'2004-09-08 11:58:06'),(14,1,6,0,'2004-09-10 14:44:44'),(15,1,8,0,'2004-09-14 13:19:02'),(16,1,1,0,'2004-09-16 09:59:08'),(17,1,1,0,'2004-09-20 12:58:38'),(18,1,1,0,'2004-09-24 06:26:49'),(19,1,9,0,'2004-10-04 09:13:02'),(20,1,14,0,'2004-10-05 09:10:17'),(21,1,3,0,'2004-11-18 09:35:28'),(22,1,6,0,'2004-11-21 15:42:52'),(23,1,1,0,'2004-12-20 11:14:44'),(24,1,26,0,'2004-12-21 11:26:34'),(25,1,4,0,'2004-12-22 17:51:49'),(26,1,160,0,'2004-12-23 15:09:02'),(27,1,43,0,'2004-12-24 08:59:51'),(28,1,75,0,'2004-12-25 11:26:46'),(29,1,20,0,'2004-12-28 11:58:21'),(30,1,8,0,'2004-12-29 10:19:47'),(31,1,18,0,'2004-12-30 07:20:47'),(32,1,1,0,'2004-12-31 15:16:35'),(33,1,21,0,'2005-01-03 10:43:11'),(34,1,16,0,'2005-01-04 06:53:52'),(35,1,4,0,'2005-01-06 14:20:47'),(36,1,15,0,'2005-01-07 12:58:22'),(37,1,40,0,'2005-01-08 12:40:24'),(38,1,2,0,'2005-01-09 15:44:41'),(39,1,1,0,'2005-01-10 15:02:55'),(40,1,663,0,'2005-01-11 06:46:50'),(41,1,2,0,'2005-01-12 09:17:11'),(42,1,172,0,'2005-01-13 11:19:01'),(43,1,34,0,'2005-01-14 07:33:35'),(44,1,1,0,'2005-01-15 07:23:46'),(45,1,11,0,'2005-01-16 08:28:16'),(46,1,47,0,'2005-01-17 14:43:09'),(47,1,13,0,'2005-01-18 14:27:16'),(48,1,6,0,'2005-01-20 13:34:15'),(49,1,12,0,'2005-01-21 15:01:16'),(50,1,73,0,'2005-01-22 12:12:17'),(51,1,9,0,'2005-01-24 14:18:40'),(52,1,1,0,'2005-01-25 14:40:16'),(53,1,1,0,'2005-01-28 13:44:55'),(54,1,44,0,'2005-01-30 13:48:53'),(55,1,39,0,'2005-01-31 13:43:52'),(56,1,27,0,'2005-02-01 09:59:08'),(57,1,27,0,'2005-02-02 15:38:50'),(58,1,273,0,'2005-02-03 10:16:41'),(59,1,7,0,'2005-02-04 11:44:09'),(60,1,178,0,'2005-02-07 07:31:58'),(61,1,163,0,'2005-02-08 01:47:31'),(62,1,231,0,'2005-02-09 00:00:04'),(63,1,153,0,'2005-02-10 00:50:55'),(64,1,93,0,'2005-02-11 06:09:55'),(65,1,118,0,'2005-02-12 03:04:55'),(66,1,140,0,'2005-02-13 01:40:28'),(67,1,171,0,'2005-02-14 00:08:22'),(68,1,98,0,'2005-02-15 03:46:35'),(69,1,121,0,'2005-02-16 00:47:07'),(70,1,107,0,'2005-02-17 01:31:43'),(71,1,153,0,'2005-02-18 00:03:14'),(72,1,154,0,'2005-02-19 00:17:33'),(73,1,137,0,'2005-02-20 04:03:01'),(74,1,1322,0,'2005-02-21 00:28:51'),(75,1,964,0,'2005-02-22 00:16:45'),(76,1,1006,0,'2005-02-23 01:43:52'),(77,1,384,0,'2005-02-24 00:00:29'),(78,1,176,0,'2005-02-25 00:12:06'),(79,1,311,0,'2005-02-26 00:00:06'),(80,1,531,0,'2005-02-27 00:28:02'),(81,1,389,0,'2005-02-28 00:12:06'),(82,1,388,0,'2005-03-01 00:40:18'),(83,1,150,0,'2005-03-02 00:48:54'),(84,1,290,0,'2005-03-03 00:28:01'),(85,1,527,4,'2005-03-04 00:38:09'),(86,1,314,0,'2005-03-05 00:52:31'),(87,1,172,0,'2005-03-06 00:16:26'),(88,1,224,0,'2005-03-07 01:19:27'),(89,1,152,0,'2005-03-08 00:07:46'),(90,1,326,5,'2005-03-09 01:50:53'),(91,1,79,0,'2005-03-10 00:57:46'),(92,1,158,0,'2005-03-11 00:16:08'),(93,1,126,0,'2005-03-12 00:24:06'),(94,1,673,0,'2005-03-13 00:01:35'),(95,1,203,0,'2005-03-14 00:01:48'),(96,1,448,1,'2005-03-15 01:09:19'),(97,1,509,0,'2005-03-16 00:06:52'),(98,1,267,0,'2005-03-17 00:44:46'),(99,1,147,0,'2005-03-18 01:12:17'),(100,1,417,0,'2005-03-19 02:24:47'),(101,1,310,0,'2005-03-20 00:12:02'),(102,1,237,0,'2005-03-21 00:52:25'),(103,1,140,0,'2005-03-22 00:03:57'),(104,1,233,0,'2005-03-23 00:00:17'),(105,1,228,0,'2005-03-24 00:06:01'),(106,1,188,0,'2005-03-25 00:13:30'),(107,1,602,1,'2005-03-26 00:08:16'),(108,1,237,0,'2005-03-27 02:07:46'),(109,1,258,0,'2005-03-28 00:17:46'),(110,1,229,0,'2005-03-29 00:24:20'),(111,1,463,0,'2005-03-30 01:31:23'),(112,1,165,0,'2005-03-31 00:01:13'),(113,1,220,0,'2005-04-01 01:36:32'),(114,1,205,0,'2005-04-02 00:43:06'),(115,1,221,0,'2005-04-03 00:01:01'),(116,1,327,0,'2005-04-04 00:07:27'),(117,1,370,0,'2005-04-05 00:33:54'),(118,1,267,0,'2005-04-06 00:00:31'),(119,1,82,0,'2005-04-07 00:40:38'),(120,1,335,0,'2005-04-08 00:27:30'),(121,1,128,0,'2005-04-09 00:41:53'),(122,1,286,0,'2005-04-10 00:27:05'),(123,1,330,2,'2005-04-11 02:25:20'),(124,1,378,0,'2005-04-12 00:26:56'),(125,1,298,0,'2005-04-13 02:07:12'),(126,1,141,0,'2005-04-14 00:03:52'),(127,1,420,0,'2005-04-15 00:07:26'),(128,1,258,0,'2005-04-16 00:27:13'),(129,1,294,0,'2005-04-17 00:27:16'),(130,1,126,0,'2005-04-18 02:11:09'),(131,1,423,0,'2005-04-19 01:34:53'),(132,1,849,0,'2005-04-20 00:01:32'),(133,1,365,0,'2005-04-21 00:35:59'),(134,1,259,0,'2005-04-22 00:29:52'),(135,1,206,0,'2005-04-23 00:35:25'),(136,1,496,0,'2005-04-24 00:31:44'),(137,1,451,0,'2005-04-25 00:01:26'),(138,1,456,0,'2005-04-26 00:00:49'),(139,1,228,0,'2005-04-27 00:24:40'),(140,1,215,0,'2005-04-28 01:12:09'),(141,1,272,0,'2005-04-29 00:10:18'),(142,1,179,0,'2005-04-30 00:04:56'),(143,1,294,0,'2005-05-01 00:05:51'),(144,1,147,0,'2005-05-02 00:35:07'),(145,1,180,0,'2005-05-03 00:12:01'),(146,1,257,0,'2005-05-04 00:00:23'),(147,1,348,0,'2005-05-05 00:00:15'),(148,1,249,0,'2005-05-06 00:03:26'),(149,1,180,0,'2005-05-07 00:01:38'),(150,1,265,0,'2005-05-08 00:01:00'),(151,1,216,0,'2005-05-09 00:06:03'),(152,1,288,0,'2005-05-10 00:13:10'),(153,1,191,0,'2005-05-11 00:01:11'),(154,1,216,0,'2005-05-12 01:59:48'),(155,1,202,0,'2005-05-13 02:01:15'),(156,1,120,0,'2005-05-14 00:18:58'),(157,1,171,0,'2005-05-15 00:46:37'),(158,1,147,0,'2005-05-16 00:36:24'),(159,1,197,0,'2005-05-17 00:18:05'),(160,1,226,0,'2005-05-18 00:11:04'),(161,1,295,0,'2005-05-19 01:17:14'),(162,1,207,0,'2005-05-20 00:00:21'),(163,1,189,0,'2005-05-21 00:06:35'),(164,1,189,0,'2005-05-22 00:01:34'),(165,1,158,0,'2005-05-23 00:41:38'),(166,1,168,0,'2005-05-24 00:09:23'),(167,1,149,0,'2005-05-25 00:18:22'),(168,1,185,0,'2005-05-26 01:08:50'),(169,1,160,0,'2005-05-27 00:15:17'),(170,1,145,0,'2005-05-28 01:51:36'),(171,1,248,0,'2005-05-29 00:03:52'),(172,1,298,0,'2005-05-30 00:02:10'),(173,1,245,0,'2005-05-31 00:08:26'),(174,1,236,0,'2005-06-01 00:03:27'),(175,1,162,0,'2005-06-02 00:14:11'),(176,1,184,0,'2005-06-03 00:39:23'),(177,1,139,0,'2005-06-04 00:10:19'),(178,1,169,0,'2005-06-05 00:10:36'),(179,1,120,0,'2005-06-06 00:01:40'),(180,1,137,0,'2005-06-07 00:01:26'),(181,1,226,0,'2005-06-08 00:25:16'),(182,1,203,0,'2005-06-09 00:16:15'),(183,1,166,0,'2005-06-10 00:07:48'),(184,1,234,0,'2005-06-11 00:14:15'),(185,1,161,0,'2005-06-12 00:20:46'),(186,1,162,0,'2005-06-13 00:00:40'),(187,1,226,0,'2005-06-14 00:02:58'),(188,1,155,0,'2005-06-15 00:19:19'),(189,1,111,0,'2005-06-16 00:00:16'),(190,1,230,0,'2005-06-17 00:05:59'),(191,1,190,0,'2005-06-18 00:14:48'),(192,1,133,0,'2005-06-19 00:00:26'),(193,1,290,0,'2005-06-20 00:48:01'),(194,1,438,0,'2005-06-21 00:01:38'),(195,1,216,0,'2005-06-22 00:06:44'),(196,1,250,3,'2005-06-23 00:10:04'),(197,1,312,0,'2005-06-24 00:14:33'),(198,1,210,0,'2005-06-25 00:29:06'),(199,1,195,0,'2005-06-26 00:13:52'),(200,1,173,0,'2005-06-27 00:13:06'),(201,1,196,0,'2005-06-28 00:00:25'),(202,1,271,0,'2005-06-29 00:06:47'),(203,1,201,0,'2005-06-30 00:14:30'),(204,1,99,0,'2005-07-01 00:06:53'),(205,1,265,0,'2005-07-02 00:15:43'),(206,1,86,0,'2005-07-03 00:34:35'),(207,1,102,0,'2005-07-04 00:11:09'),(208,1,61,0,'2005-07-05 00:06:23'),(209,1,165,0,'2005-07-06 00:55:37'),(210,1,158,0,'2005-07-07 00:02:06'),(211,1,133,0,'2005-07-08 01:12:21'),(212,1,190,0,'2005-07-09 00:16:20'),(213,1,226,0,'2005-07-10 00:07:50'),(214,1,190,0,'2005-07-11 00:05:58'),(215,1,194,0,'2005-07-12 00:21:45'),(216,1,329,0,'2005-07-13 00:22:17'),(217,1,392,0,'2005-07-14 00:00:39'),(218,1,359,0,'2005-07-15 00:01:06'),(219,1,193,0,'2005-07-16 00:05:20'),(220,1,204,0,'2005-07-17 00:22:31'),(221,1,254,0,'2005-07-18 00:06:17'),(222,1,225,0,'2005-07-19 00:13:39'),(223,1,255,0,'2005-07-20 00:05:01'),(224,1,210,0,'2005-07-21 00:05:06'),(225,1,323,0,'2005-07-22 00:05:53'),(226,1,187,0,'2005-07-23 00:08:50'),(227,1,215,0,'2005-07-24 00:02:03'),(228,1,197,0,'2005-07-25 00:00:24'),(229,1,280,0,'2005-07-26 00:00:36'),(230,1,229,0,'2005-07-27 00:15:39'),(231,1,554,0,'2005-07-28 00:15:36'),(232,1,207,0,'2005-07-29 00:07:19'),(233,1,403,0,'2005-07-30 00:01:45'),(234,1,198,0,'2005-07-31 00:01:55'),(235,1,241,0,'2005-08-01 00:22:56'),(236,1,206,0,'2005-08-02 00:24:08'),(237,1,194,0,'2005-08-03 00:23:42'),(238,1,322,0,'2005-08-04 00:01:28'),(239,1,384,0,'2005-08-05 00:33:08'),(240,1,436,0,'2005-08-06 00:00:00'),(241,1,413,0,'2005-08-07 00:03:08'),(242,1,560,0,'2005-08-08 00:02:29'),(243,1,986,0,'2005-08-09 00:23:19'),(244,1,245,0,'2005-08-10 00:01:22'),(245,1,183,0,'2005-08-11 01:22:15'),(246,1,92,0,'2005-08-12 00:09:24'),(247,1,153,0,'2005-08-13 00:15:38'),(248,1,208,0,'2005-08-14 00:25:43'),(249,1,151,0,'2005-08-15 00:15:57'),(250,1,195,0,'2005-08-16 00:37:58'),(251,1,173,0,'2005-08-17 00:07:29'),(252,1,333,0,'2005-08-18 00:00:04'),(253,1,275,0,'2005-08-19 00:00:49'),(254,1,162,0,'2005-08-20 00:01:35'),(255,1,619,0,'2005-08-21 00:20:00'),(256,1,151,0,'2005-08-22 01:29:35'),(257,1,479,0,'2005-08-23 00:16:04'),(258,1,122,0,'2005-08-24 00:05:15'),(259,1,75,0,'2005-08-25 01:33:49'),(260,1,68,0,'2005-08-26 02:24:56'),(261,1,93,0,'2005-08-27 00:34:04'),(262,1,197,0,'2005-08-28 00:16:34'),(263,1,81,0,'2005-08-29 01:37:53'),(264,1,155,0,'2005-08-30 00:03:56'),(265,1,156,0,'2005-08-31 00:02:55'),(266,1,166,0,'2005-09-01 00:57:21'),(267,1,82,0,'2005-09-02 00:52:55'),(268,1,169,0,'2005-09-03 00:13:19'),(269,1,403,0,'2005-09-04 00:00:30'),(270,1,319,0,'2005-09-05 00:11:12'),(271,1,146,0,'2005-09-06 00:05:42'),(272,1,1,0,'2005-09-13 16:01:23'),(273,1,84,0,'2005-09-14 07:15:03'),(274,1,160,0,'2005-09-15 00:13:32'),(275,1,100,0,'2005-09-16 00:06:30'),(276,1,262,0,'2005-09-17 00:57:34'),(277,1,199,1,'2005-09-18 00:10:15'),(278,1,75,0,'2005-09-19 00:10:38'),(279,1,281,0,'2005-09-20 00:04:56'),(280,1,180,0,'2005-09-21 00:20:48'),(281,1,160,0,'2005-09-22 00:31:46'),(282,1,166,0,'2005-09-23 00:05:11'),(283,1,114,0,'2005-09-24 00:01:04'),(284,1,380,0,'2005-09-25 00:33:34'),(285,1,300,0,'2005-09-26 00:07:57'),(286,1,102,0,'2005-09-27 00:02:31'),(287,1,103,0,'2005-09-28 00:16:35'),(288,1,148,0,'2005-09-29 00:24:29'),(289,1,54,0,'2005-09-30 00:18:48'),(290,1,233,0,'2005-10-01 00:41:25'),(291,1,158,0,'2005-10-02 00:23:33'),(292,1,98,0,'2005-10-03 00:14:08'),(293,1,210,1,'2005-10-04 00:32:51'),(294,1,236,0,'2005-10-05 00:17:46'),(295,1,246,0,'2005-10-06 00:15:12'),(296,1,743,0,'2005-10-07 00:12:29'),(297,1,353,0,'2005-10-08 00:14:40'),(298,1,157,0,'2005-10-09 00:38:52'),(299,1,278,0,'2005-10-10 00:00:25'),(300,1,108,0,'2005-10-11 00:27:10'),(301,1,508,0,'2005-10-12 00:02:14'),(302,1,350,0,'2005-10-13 00:23:54'),(303,1,447,0,'2005-10-14 00:00:54'),(304,1,489,0,'2005-10-15 00:02:49'),(305,1,220,0,'2005-10-16 00:11:44'),(306,1,375,0,'2005-10-17 00:00:46'),(307,1,442,0,'2005-10-18 00:04:26'),(308,1,260,0,'2005-10-19 00:17:50'),(309,1,591,3,'2005-10-20 01:29:13'),(310,1,258,0,'2005-10-21 00:02:42'),(311,1,632,0,'2005-10-22 01:49:34'),(312,1,266,0,'2005-10-23 00:57:42'),(313,1,543,0,'2005-10-24 00:00:57'),(314,1,320,0,'2005-10-25 00:20:42'),(315,1,957,0,'2005-10-26 00:06:05'),(316,1,325,2,'2005-10-27 00:09:05'),(317,1,272,0,'2005-10-28 00:36:10'),(318,1,508,0,'2005-10-29 00:14:57'),(319,1,473,0,'2005-10-30 00:46:22'),(320,1,442,0,'2005-10-31 00:04:20'),(321,1,337,0,'2005-11-01 01:05:00'),(322,1,762,0,'2005-11-02 00:07:25'),(323,1,828,0,'2005-11-03 00:02:18'),(324,1,529,0,'2005-11-04 00:33:00'),(325,1,445,0,'2005-11-05 00:07:01'),(326,1,486,0,'2005-11-06 00:06:07'),(327,1,539,0,'2005-11-07 00:16:20'),(328,1,972,0,'2005-11-08 00:00:19'),(329,1,710,0,'2005-11-09 00:15:58'),(330,1,578,0,'2005-11-10 01:31:03'),(331,1,533,0,'2005-11-11 00:06:26'),(332,1,534,0,'2005-11-12 00:56:06'),(333,1,955,0,'2005-11-13 00:11:54'),(334,1,684,0,'2005-11-14 00:02:21'),(335,1,923,0,'2005-11-15 00:08:11'),(336,1,999,0,'2005-11-16 00:01:11'),(337,1,755,1,'2005-11-17 00:05:56'),(338,1,644,0,'2005-11-18 00:00:14'),(339,1,774,0,'2005-11-19 00:05:05'),(340,1,1335,0,'2005-11-20 00:20:36'),(341,1,744,0,'2005-11-21 00:01:49'),(342,1,755,0,'2005-11-22 00:18:18'),(343,1,832,0,'2005-11-23 00:07:14'),(344,1,631,0,'2005-11-24 00:10:05'),(345,1,1375,0,'2005-11-25 00:15:38'),(346,1,836,0,'2005-11-26 00:01:03'),(347,1,962,0,'2005-11-27 00:16:34'),(348,1,2012,2,'2005-11-28 00:08:20'),(349,1,1026,0,'2005-11-29 00:00:54'),(350,1,896,0,'2005-11-30 00:01:13'),(351,1,1166,0,'2005-12-01 00:31:48'),(352,1,783,0,'2005-12-02 00:26:03'),(353,1,1317,0,'2005-12-03 00:02:15'),(354,1,918,0,'2005-12-04 00:07:35'),(355,1,1209,0,'2005-12-05 00:16:54'),(356,1,1369,0,'2005-12-06 00:00:01'),(357,1,1229,0,'2005-12-07 00:09:54'),(358,1,1313,0,'2005-12-08 00:00:48'),(359,1,822,0,'2005-12-09 00:05:33'),(360,1,1246,1,'2005-12-10 00:11:19'),(361,1,1018,0,'2005-12-11 00:07:27'),(362,1,1018,0,'2005-12-12 00:10:15'),(363,1,1018,0,'2005-12-12 00:10:15'),(364,1,1453,0,'2005-12-13 00:11:18'),(365,1,1351,0,'2005-12-14 00:00:49'),(366,1,1330,0,'2005-12-15 00:13:56'),(367,1,1310,0,'2005-12-16 00:03:22'),(368,1,982,0,'2005-12-17 00:13:51'),(369,1,982,0,'2005-12-17 00:13:51'),(370,1,1104,0,'2005-12-18 00:22:51'),(371,1,1104,0,'2005-12-18 00:22:52'),(372,1,841,0,'2005-12-19 00:01:04'),(373,1,1700,0,'2005-12-20 00:00:35'),(374,1,733,0,'2005-12-21 00:19:55'),(375,1,1381,0,'2005-12-22 00:09:07'),(376,1,790,0,'2005-12-23 00:00:53'),(377,1,1243,0,'2005-12-24 00:06:14'),(378,1,600,0,'2005-12-25 00:22:28'),(379,1,1060,0,'2005-12-26 00:28:07'),(380,1,680,0,'2005-12-27 00:00:07'),(381,1,1490,0,'2005-12-28 00:07:17'),(382,1,992,0,'2005-12-29 00:08:46'),(383,1,994,0,'2005-12-30 00:14:13'),(384,1,788,0,'2005-12-31 00:18:04'),(385,1,664,0,'2006-01-01 00:11:12'),(386,1,1222,0,'2006-01-02 00:00:40'),(387,1,1138,0,'2006-01-03 00:03:01'),(388,1,1499,0,'2006-01-04 00:02:22'),(389,1,1182,0,'2006-01-05 00:14:30'),(390,1,2343,0,'2006-01-06 00:00:23'),(391,1,1337,0,'2006-01-07 00:01:14'),(392,1,2078,0,'2006-01-08 00:05:16'),(393,1,1357,0,'2006-01-09 00:00:04'),(394,1,805,0,'2006-01-10 00:07:09'),(395,1,1251,0,'2006-01-11 00:16:11'),(396,1,1924,1,'2006-01-12 00:04:45'),(397,1,1206,3,'2006-01-13 00:15:05'),(398,1,1582,0,'2006-01-14 00:00:37'),(399,1,1408,0,'2006-01-15 00:04:02'),(400,1,1161,0,'2006-01-16 00:05:24'),(401,1,1988,0,'2006-01-17 00:03:26'),(402,1,1053,0,'2006-01-18 00:03:25'),(403,1,863,0,'2006-01-19 00:02:42'),(404,1,940,0,'2006-01-20 00:01:55'),(405,1,983,0,'2006-01-21 00:07:54'),(406,1,1046,0,'2006-01-22 00:25:47'),(407,1,1519,0,'2006-01-23 00:14:51'),(408,1,1411,0,'2006-01-24 00:10:40'),(409,1,1215,0,'2006-01-25 00:09:29'),(410,1,984,0,'2006-01-26 00:04:06'),(411,1,1506,0,'2006-01-27 00:26:20'),(412,1,1304,0,'2006-01-28 00:09:19'),(413,1,2299,0,'2006-01-29 00:00:03'),(414,1,996,0,'2006-01-30 00:00:42'),(415,1,1397,0,'2006-01-31 00:02:39'),(416,1,1390,0,'2006-02-01 00:04:28'),(417,1,1611,0,'2006-02-02 00:07:24'),(418,1,4117,0,'2006-02-03 00:00:00'),(419,1,1393,0,'2006-02-04 00:05:18'),(420,1,1788,0,'2006-02-05 00:10:42'),(421,1,1485,0,'2006-02-06 00:11:38'),(422,1,1495,0,'2006-02-07 00:00:46'),(423,1,1572,0,'2006-02-08 00:00:49'),(424,1,1162,0,'2006-02-09 00:00:03'),(425,1,1257,0,'2006-02-10 00:09:24'),(426,1,1206,0,'2006-02-11 00:00:51'),(427,1,2375,0,'2006-02-12 00:07:37'),(428,1,1186,0,'2006-02-13 00:22:43'),(429,1,2108,0,'2006-02-14 00:00:53'),(430,1,1741,0,'2006-02-15 00:04:03'),(431,1,1746,0,'2006-02-16 00:01:29'),(432,1,2040,0,'2006-02-17 00:00:33'),(433,1,1326,0,'2006-02-18 00:00:46'),(434,1,2185,0,'2006-02-19 00:00:29'),(435,1,1833,0,'2006-02-20 00:06:53'),(436,1,6707,0,'2006-02-21 00:02:07'),(437,1,4185,0,'2006-02-22 00:14:27'),(438,1,399,0,'2006-02-23 00:03:39'),(439,1,2258,0,'2006-02-24 00:00:04'),(440,1,1359,0,'2006-02-25 00:00:45'),(441,1,2035,0,'2006-02-26 00:00:37'),(442,1,14045,14,'2006-02-27 00:00:46'),(443,1,1487,0,'2006-02-28 00:24:14'),(444,1,1701,0,'2006-03-01 00:01:36'),(445,1,1417,0,'2006-03-02 00:03:15'),(446,1,1414,2,'2006-03-03 00:01:56'),(447,1,2196,0,'2006-03-04 00:02:43'),(448,1,2475,1,'2006-03-05 00:00:28'),(449,1,1722,0,'2006-03-06 00:04:41'),(450,1,1633,0,'2006-03-07 00:03:03'),(451,1,2942,0,'2006-03-08 00:00:45'),(452,1,1902,0,'2006-03-09 00:00:10'),(453,1,1601,0,'2006-03-10 00:06:02'),(454,1,1519,0,'2006-03-11 00:04:15'),(455,1,2024,0,'2006-03-12 00:00:44'),(456,1,2048,0,'2006-03-13 00:14:49'),(457,1,1555,0,'2006-03-14 00:04:01'),(458,1,1532,1,'2006-03-15 00:04:32'),(459,1,1889,0,'2006-03-16 00:07:27'),(460,1,2505,0,'2006-03-17 00:00:00'),(461,1,1546,0,'2006-03-18 00:07:16'),(462,1,1672,0,'2006-03-19 00:01:44'),(463,1,1573,0,'2006-03-20 00:20:53'),(464,1,1720,0,'2006-03-21 00:05:58'),(465,1,1635,0,'2006-03-22 00:01:17'),(466,1,1352,0,'2006-03-23 00:02:11'),(467,1,1389,0,'2006-03-24 00:05:18'),(468,1,1118,0,'2006-03-25 00:10:10'),(469,1,1096,0,'2006-03-26 00:06:07'),(470,1,1332,0,'2006-03-27 00:03:06'),(471,1,1171,0,'2006-03-28 00:00:07'),(472,1,1293,0,'2006-03-29 00:02:01'),(473,1,1145,0,'2006-03-30 00:00:57'),(474,1,947,0,'2006-03-31 00:03:32'),(475,1,1038,0,'2006-04-01 00:10:10'),(476,1,1045,0,'2006-04-02 00:02:58'),(477,1,1095,0,'2006-04-03 00:23:19'),(478,1,1056,0,'2006-04-04 00:01:13'),(479,1,1090,0,'2006-04-05 00:01:46'),(480,1,1001,0,'2006-04-06 00:07:30'),(481,1,1754,0,'2006-04-07 00:01:05'),(482,1,2746,0,'2006-04-08 00:00:36'),(483,1,2263,0,'2006-04-09 00:00:09'),(484,1,2087,0,'2006-04-10 00:00:19'),(485,1,2227,0,'2006-04-11 00:00:56'),(486,1,2528,0,'2006-04-12 00:00:59'),(487,1,943,0,'2006-04-13 00:04:26'),(488,1,1786,0,'2006-04-14 00:00:06'),(489,1,768,0,'2006-04-15 00:01:03'),(490,1,381,0,'2006-04-16 00:05:54'),(491,1,473,0,'2006-04-17 00:17:05'),(492,1,527,0,'2006-04-18 00:00:01'),(493,1,674,0,'2006-04-19 00:00:01'),(494,1,759,0,'2006-04-20 00:02:43'),(495,1,835,0,'2006-04-21 00:06:25'),(496,1,790,0,'2006-04-22 00:06:23'),(497,1,1015,0,'2006-04-23 00:04:33'),(498,1,729,0,'2006-04-24 00:01:15'),(499,1,707,0,'2006-04-25 00:02:34'),(500,1,1369,0,'2006-04-26 00:14:49'),(501,1,850,0,'2006-04-27 00:06:09'),(502,1,745,0,'2006-04-28 00:02:01'),(503,1,961,0,'2006-04-29 00:01:49'),(504,1,937,0,'2006-04-30 00:06:48'),(505,1,669,0,'2006-05-01 00:00:27'),(506,1,1260,0,'2006-05-02 00:00:02'),(507,1,1050,0,'2006-05-03 00:03:21'),(508,1,818,0,'2006-05-04 00:07:37'),(509,1,1123,0,'2006-05-05 00:00:01'),(510,1,1260,0,'2006-05-06 00:00:52'),(511,1,1005,0,'2006-05-07 00:07:44'),(512,1,1195,0,'2006-05-08 00:11:58'),(513,1,586,0,'2006-05-09 00:05:19'),(514,1,829,0,'2006-05-10 00:07:36'),(515,1,662,0,'2006-05-11 00:02:40'),(516,1,581,0,'2006-05-12 00:04:03'),(517,1,1038,0,'2006-05-13 00:12:40'),(518,1,574,0,'2006-05-14 00:00:03'),(519,1,730,0,'2006-05-15 00:01:55'),(520,1,779,0,'2006-05-16 00:02:59'),(521,1,778,0,'2006-05-17 00:00:59'),(522,1,1299,0,'2006-05-18 00:08:26'),(523,1,554,0,'2006-05-19 00:04:06'),(524,1,1250,0,'2006-05-20 00:01:41'),(525,1,2903,0,'2006-05-21 00:00:17'),(526,1,3331,0,'2006-05-22 00:00:18'),(527,1,3141,0,'2006-05-23 00:00:15'),(528,1,3892,0,'2006-05-24 00:00:24'),(529,1,3187,1,'2006-05-25 00:00:23'),(530,1,2151,0,'2006-05-26 00:00:07'),(531,1,645,0,'2006-05-27 00:03:35'),(532,1,388,0,'2006-05-28 00:04:13'),(533,1,543,0,'2006-05-29 00:33:26'),(534,1,378,0,'2006-05-30 00:03:59'),(535,1,732,0,'2006-05-31 00:49:36'),(536,1,951,1,'2006-06-01 00:01:54'),(537,1,543,0,'2006-06-02 00:02:47'),(538,1,460,0,'2006-06-03 00:02:23'),(539,1,511,0,'2006-06-04 00:01:23'),(540,1,604,0,'2006-06-05 00:10:19'),(541,1,703,0,'2006-06-06 00:00:05'),(542,1,808,0,'2006-06-07 00:15:19'),(543,1,838,0,'2006-06-08 00:26:22'),(544,1,821,1,'2006-06-09 00:07:00'),(545,1,626,1,'2006-06-10 00:22:22'),(546,1,603,0,'2006-06-11 00:01:46'),(547,1,418,0,'2006-06-12 00:03:34'),(548,1,352,0,'2006-06-13 01:17:13'),(549,1,676,0,'2006-06-14 00:01:12'),(550,1,794,1,'2006-06-15 00:15:08'),(551,1,581,1,'2006-06-16 00:06:56'),(552,1,1607,0,'2006-06-17 00:12:07'),(553,1,3148,1,'2006-06-18 00:00:58'),(554,1,3620,0,'2006-06-19 00:00:02'),(555,1,3103,3,'2006-06-20 00:00:27'),(556,1,2127,1,'2006-06-21 00:01:29'),(557,1,740,0,'2006-06-22 00:07:06'),(558,1,400,0,'2006-06-23 00:01:45'),(559,1,941,3,'2006-06-24 00:00:31'),(560,1,800,0,'2006-06-25 00:09:07'),(561,1,998,0,'2006-06-26 00:01:00'),(562,1,1005,3,'2006-06-27 00:00:53'),(563,1,533,0,'2006-06-28 00:00:00'),(564,1,456,1,'2006-06-29 00:04:03'),(565,1,774,0,'2006-06-30 00:35:32'),(566,1,660,0,'2006-07-01 00:01:25'),(567,1,804,0,'2006-07-02 00:07:50'),(568,1,851,1,'2006-07-03 00:04:07'),(569,1,786,0,'2006-07-04 00:00:59'),(570,1,636,0,'2006-07-05 00:24:39'),(571,1,747,0,'2006-07-06 00:13:30'),(572,1,589,0,'2006-07-07 00:02:21'),(573,1,595,0,'2006-07-08 00:00:02'),(574,1,849,0,'2006-07-09 00:10:17'),(575,1,566,0,'2006-07-10 00:05:32'),(576,1,683,3,'2006-07-11 00:01:49'),(577,1,847,0,'2006-07-12 00:00:43'),(578,1,1380,0,'2006-07-13 00:10:22'),(579,1,4715,0,'2006-07-14 00:00:14'),(580,1,3779,0,'2006-07-15 00:00:04'),(581,1,542,0,'2006-07-16 00:00:02'),(582,1,1307,1,'2006-07-17 00:13:09'),(583,1,1595,3,'2006-07-18 00:00:13'),(584,1,822,0,'2006-07-19 00:19:32'),(585,1,1776,6,'2006-07-20 00:08:53'),(586,1,2338,6,'2006-07-21 00:00:01'),(587,1,2253,6,'2006-07-22 00:05:04'),(588,1,2263,9,'2006-07-23 00:06:06'),(589,1,1344,6,'2006-07-24 00:08:36'),(590,1,1257,0,'2006-07-25 00:00:49'),(591,1,1343,0,'2006-07-26 00:02:02'),(592,1,2464,0,'2006-07-27 00:10:10'),(593,1,1799,1,'2006-07-28 00:01:20'),(594,1,615,0,'2006-07-29 00:00:49'),(595,1,237,0,'2006-07-30 00:26:02'),(596,1,1046,0,'2006-07-31 00:12:33'),(597,1,3915,3,'2006-08-01 00:08:21'),(598,1,4007,0,'2006-08-02 00:00:34'),(599,1,3418,0,'2006-08-03 00:00:03'),(600,1,3445,0,'2006-08-04 00:00:12'),(601,1,1188,0,'2006-08-05 00:02:36'),(602,1,1538,0,'2006-08-06 00:54:56'),(603,1,1433,0,'2006-08-07 00:17:09'),(604,1,1519,0,'2006-08-08 00:00:57'),(605,1,805,0,'2006-08-09 00:17:29'),(606,1,871,0,'2006-08-10 00:10:28'),(607,1,385,0,'2006-08-11 02:14:09'),(608,1,407,0,'2006-08-12 00:33:05'),(609,1,405,0,'2006-08-13 00:16:39'),(610,1,338,0,'2006-08-14 00:02:51'),(611,1,422,0,'2006-08-15 00:01:22'),(612,1,458,0,'2006-08-16 00:03:34'),(613,1,443,1,'2006-08-17 00:27:05'),(614,1,332,0,'2006-08-18 01:43:34'),(615,1,508,0,'2006-08-19 00:11:15'),(616,1,511,0,'2006-08-20 00:16:08'),(617,1,357,0,'2006-08-21 00:00:15'),(618,1,342,0,'2006-08-22 00:20:06'),(619,1,388,0,'2006-08-23 00:00:06'),(620,1,473,0,'2006-08-24 00:02:31'),(621,1,608,0,'2006-08-25 00:16:51'),(622,1,446,0,'2006-08-26 00:19:13'),(623,1,532,0,'2006-08-27 00:03:20'),(624,1,228,0,'2006-08-28 00:21:09'),(625,1,753,3,'2006-08-29 00:12:45'),(626,1,1525,3,'2006-08-30 00:05:22'),(627,1,2199,6,'2006-08-31 00:00:51'),(628,1,483,3,'2006-09-01 00:07:18'),(629,1,711,6,'2006-09-02 00:36:46'),(630,1,3022,4,'2006-09-03 00:03:34'),(631,1,3886,6,'2006-09-04 00:00:02'),(632,1,3658,0,'2006-09-05 00:00:01'),(633,1,2497,0,'2006-09-06 00:00:19'),(634,1,369,0,'2006-09-07 00:12:35'),(635,1,450,0,'2006-09-08 00:00:54'),(636,1,395,0,'2006-09-09 00:02:04'),(637,1,455,0,'2006-09-10 00:01:00'),(638,1,465,0,'2006-09-11 00:19:26'),(639,1,399,0,'2006-09-12 00:39:04'),(640,1,356,0,'2006-09-13 00:10:33'),(641,1,911,0,'2006-09-14 00:46:27'),(642,1,3244,0,'2006-09-15 00:00:15'),(643,1,2576,0,'2006-09-16 00:00:25'),(644,1,2217,0,'2006-09-17 00:00:30'),(645,1,932,0,'2006-09-18 00:03:35'),(646,1,736,0,'2006-09-19 00:02:34'),(647,1,687,0,'2006-09-20 00:00:28'),(648,1,743,3,'2006-09-21 00:01:32'),(649,1,826,3,'2006-09-22 00:06:57'),(650,1,643,0,'2006-09-23 00:06:01'),(651,1,760,0,'2006-09-24 00:02:15'),(652,1,810,0,'2006-09-25 00:00:51'),(653,1,1029,0,'2006-09-26 00:00:25'),(654,1,1066,0,'2006-09-27 00:04:15'),(655,1,1005,0,'2006-09-28 00:02:49'),(656,1,1107,0,'2006-09-29 00:00:00'),(657,1,1416,0,'2006-09-30 00:00:29'),(658,1,1376,0,'2006-10-01 00:00:41'),(659,1,1747,0,'2006-10-02 00:00:50'),(660,1,1191,0,'2006-10-03 00:00:03'),(661,1,1054,0,'2006-10-04 00:00:43'),(662,2,3,0,'2006-10-04 16:01:28'),(663,1,1183,0,'2006-10-05 00:05:47'),(664,1,1519,0,'2006-10-06 00:02:06'),(665,1,1574,0,'2006-10-07 00:01:30'),(666,1,1264,0,'2006-10-08 00:00:44'),(667,1,1714,0,'2006-10-09 00:00:12'),(668,1,2092,0,'2006-10-10 00:01:01'),(669,1,1404,0,'2006-10-11 00:00:20'),(670,1,1248,0,'2006-10-12 00:00:32'),(671,1,1596,0,'2006-10-13 00:02:14'),(672,1,1880,0,'2006-10-14 00:01:49'),(673,1,2402,0,'2006-10-15 00:01:02'),(674,1,2624,0,'2006-10-16 00:00:13'),(675,1,2230,0,'2006-10-17 00:01:04'),(676,1,1989,0,'2006-10-18 00:01:39'),(677,1,2125,0,'2006-10-19 00:01:11'),(678,1,1809,0,'2006-10-20 00:00:00'),(679,1,1693,0,'2006-10-21 00:02:50'),(680,1,2214,0,'2006-10-22 00:01:09'),(681,1,1740,0,'2006-10-23 00:00:52'),(682,1,1638,0,'2006-10-24 00:01:57'),(683,1,1449,0,'2006-10-25 00:03:25'),(684,1,5167,0,'2006-10-26 00:00:14'),(685,1,2136,0,'2006-10-27 00:00:34'),(686,1,1393,0,'2006-10-28 00:04:00'),(687,1,1073,0,'2006-10-29 00:01:30'),(688,1,1616,0,'2006-10-30 00:00:23'),(689,1,1597,0,'2006-10-31 00:06:01'),(690,1,2009,0,'2006-11-01 00:00:13'),(691,1,2244,0,'2006-11-02 00:00:51'),(692,1,1326,0,'2006-11-03 00:00:16'),(693,1,1337,0,'2006-11-04 00:00:18'),(694,1,1402,0,'2006-11-05 00:03:17'),(695,1,1415,0,'2006-11-06 00:00:04'),(696,1,1204,0,'2006-11-07 00:00:50'),(697,1,1313,0,'2006-11-08 00:00:55'),(698,1,1385,0,'2006-11-09 00:11:56'),(699,1,2684,0,'2006-11-10 00:04:33'),(700,1,1275,0,'2006-11-11 00:04:06'),(701,1,2169,0,'2006-11-12 00:01:55'),(702,1,1681,0,'2006-11-13 00:00:26'),(703,1,1328,0,'2006-11-14 00:00:04'),(704,1,1730,0,'2006-11-15 00:00:24'),(705,1,1335,0,'2006-11-16 00:02:15'),(706,1,1098,0,'2006-11-17 00:04:20'),(707,1,1541,0,'2006-11-18 00:14:02'),(708,1,1558,0,'2006-11-19 00:01:29'),(709,1,1512,0,'2006-11-20 00:03:42'),(710,1,1895,0,'2006-11-21 00:02:05'),(711,1,1491,0,'2006-11-22 00:00:22'),(712,1,980,0,'2006-11-23 00:01:04'),(713,1,1012,0,'2006-11-24 00:01:54'),(714,1,1409,0,'2006-11-25 00:00:36'),(715,1,1190,0,'2006-11-26 00:00:50'),(716,1,1219,0,'2006-11-27 00:03:11'),(717,1,1354,0,'2006-11-28 00:03:10'),(718,1,1172,0,'2006-11-29 00:03:57'),(719,1,1701,0,'2006-11-30 00:01:05'),(720,1,2013,0,'2006-12-01 00:00:49'),(721,1,2303,0,'2006-12-02 00:00:51'),(722,1,2083,0,'2006-12-03 00:00:40'),(723,1,1750,0,'2006-12-04 00:00:03'),(724,1,2137,0,'2006-12-05 00:07:18'),(725,1,2083,0,'2006-12-06 00:01:16'),(726,1,1895,0,'2006-12-07 00:00:44'),(727,1,771,0,'2006-12-08 00:00:11'),(728,1,1845,0,'2006-12-09 00:03:49'),(729,1,1473,0,'2006-12-10 00:02:19'),(730,1,1226,0,'2006-12-11 00:01:49'),(731,1,1934,0,'2006-12-12 00:07:20'),(732,1,3417,0,'2006-12-13 00:06:44'),(733,1,1673,0,'2006-12-14 00:01:13'),(734,1,1474,0,'2006-12-15 00:00:22'),(735,1,2129,0,'2006-12-16 00:02:13'),(736,1,1533,0,'2006-12-17 00:00:15'),(737,1,1489,0,'2006-12-18 00:04:26'),(738,1,1377,0,'2006-12-19 00:01:24'),(739,1,1348,0,'2006-12-20 00:02:14'),(740,1,1225,0,'2006-12-21 00:02:14'),(741,1,1009,0,'2006-12-22 00:04:00'),(742,1,1368,0,'2006-12-23 00:05:24'),(743,1,1414,0,'2006-12-24 00:00:07'),(744,1,1381,0,'2006-12-25 00:00:01'),(745,1,1708,0,'2006-12-26 00:01:03'),(746,1,1518,0,'2006-12-27 00:00:34'),(747,1,1446,0,'2006-12-28 00:02:39'),(748,1,1672,0,'2006-12-29 00:01:15'),(749,1,1422,0,'2006-12-30 00:03:20'),(750,1,1113,0,'2006-12-31 00:01:19'),(751,1,1418,0,'2007-01-01 00:00:11'),(752,1,1417,0,'2007-01-02 00:04:06'),(753,1,3239,0,'2007-01-03 00:00:18'),(754,1,1608,0,'2007-01-04 00:02:09'),(755,1,2636,0,'2007-01-05 00:00:00'),(756,1,1519,0,'2007-01-06 00:00:19'),(757,1,3208,0,'2007-01-07 00:03:16'),(758,1,2589,0,'2007-01-08 00:02:31'),(759,1,2513,0,'2007-01-09 00:00:43'),(760,1,1794,0,'2007-01-10 00:00:36'),(761,1,2443,0,'2007-01-11 00:01:37'),(762,1,1681,0,'2007-01-12 00:01:21'),(763,1,1430,0,'2007-01-13 00:03:05'),(764,1,2236,0,'2007-01-14 00:04:44'),(765,1,1756,0,'2007-01-15 00:06:03'),(766,1,2682,0,'2007-01-16 00:01:53'),(767,1,1626,0,'2007-01-17 00:01:12'),(768,1,1475,0,'2007-01-18 00:03:35'),(769,1,940,0,'2007-01-19 00:00:05'),(770,1,1162,0,'2007-01-20 00:00:09'),(771,1,1246,1,'2007-01-21 00:01:45'),(772,1,1624,0,'2007-01-22 00:02:11'),(773,1,2154,0,'2007-01-23 00:00:06'),(774,1,1526,0,'2007-01-24 00:05:14'),(775,1,1711,0,'2007-01-25 00:04:03'),(776,1,2068,0,'2007-01-26 00:00:16'),(777,1,1585,0,'2007-01-27 00:01:26'),(778,1,1748,0,'2007-01-28 00:00:25'),(779,1,2498,0,'2007-01-29 00:05:02'),(780,1,1818,0,'2007-01-30 00:00:35'),(781,1,1677,0,'2007-01-31 00:01:48'),(782,1,1630,0,'2007-02-01 00:00:17'),(783,1,2010,0,'2007-02-02 00:00:36'),(784,1,1805,0,'2007-02-03 00:05:57'),(785,1,1619,0,'2007-02-04 00:00:07'),(786,1,1733,0,'2007-02-05 00:08:18'),(787,1,1553,0,'2007-02-06 00:00:07'),(788,1,1224,0,'2007-02-07 00:07:21'),(789,1,1013,0,'2007-02-08 00:00:06'),(790,1,1554,0,'2007-02-09 00:05:26'),(791,1,1545,0,'2007-02-10 00:06:11'),(792,1,1894,0,'2007-02-11 00:04:02'),(793,1,1811,0,'2007-02-12 00:00:24'),(794,1,1676,0,'2007-02-13 00:02:13'),(795,1,1147,0,'2007-02-14 00:03:34'),(796,1,1120,0,'2007-02-15 00:00:07'),(797,1,1432,0,'2007-02-16 00:00:41'),(798,1,1268,0,'2007-02-17 00:01:43'),(799,1,1287,0,'2007-02-18 00:00:00'),(800,1,1119,0,'2007-02-19 00:00:43'),(801,1,1637,0,'2007-02-20 00:03:37'),(802,1,897,0,'2007-02-21 00:04:20'),(803,1,763,0,'2007-02-22 00:01:14'),(804,1,1302,0,'2007-02-23 00:05:49'),(805,1,744,0,'2007-02-24 00:02:12'),(806,1,994,0,'2007-02-25 00:03:16'),(807,1,1549,0,'2007-02-26 00:03:54'),(808,1,1757,0,'2007-02-27 00:02:54'),(809,1,1688,0,'2007-02-28 00:00:50'),(810,1,1013,0,'2007-03-01 00:00:50'),(811,1,1105,0,'2007-03-02 00:02:49'),(812,1,1204,0,'2007-03-03 00:00:05'),(813,1,1054,0,'2007-03-04 00:00:15'),(814,1,1064,0,'2007-03-05 00:01:19'),(815,1,1788,0,'2007-03-06 00:00:38'),(816,1,1322,0,'2007-03-07 00:00:15'),(817,1,1577,0,'2007-03-08 00:00:12'),(818,1,1329,0,'2007-03-09 00:03:50'),(819,1,1375,0,'2007-03-10 00:00:04'),(820,1,1499,0,'2007-03-11 00:00:36'),(821,1,1676,0,'2007-03-12 00:01:02'),(822,1,1481,0,'2007-03-13 00:01:06'),(823,1,1510,0,'2007-03-14 00:03:57'),(824,1,1463,1,'2007-03-15 00:00:48'),(825,1,1347,0,'2007-03-16 00:00:57'),(826,1,1273,0,'2007-03-17 00:05:25'),(827,1,1250,0,'2007-03-18 00:00:03'),(828,1,1652,0,'2007-03-19 00:01:02'),(829,1,1670,0,'2007-03-20 00:01:23'),(830,1,1701,0,'2007-03-21 00:03:57'),(831,1,1490,0,'2007-03-22 00:00:27'),(832,1,1267,0,'2007-03-23 00:08:51'),(833,1,1393,0,'2007-03-24 00:01:39'),(834,1,1168,0,'2007-03-25 00:00:25'),(835,1,1328,0,'2007-03-26 00:06:03'),(836,1,1827,0,'2007-03-27 00:06:04'),(837,1,1282,0,'2007-03-28 00:01:27'),(838,1,1074,0,'2007-03-29 00:00:58'),(839,1,936,0,'2007-03-30 00:04:47'),(840,1,724,0,'2007-03-31 00:06:28'),(841,1,868,0,'2007-04-01 00:03:24'),(842,1,775,0,'2007-04-02 00:07:08'),(843,1,1056,0,'2007-04-03 00:03:21'),(844,1,1017,0,'2007-04-04 00:02:42'),(845,1,905,0,'2007-04-05 00:00:08'),(846,1,693,0,'2007-04-06 00:02:37'),(847,1,401,0,'2007-04-07 00:00:47'),(848,1,357,0,'2007-04-08 00:06:32'),(849,1,542,0,'2007-04-09 00:00:17'),(850,1,1170,0,'2007-04-10 00:00:42'),(851,1,700,0,'2007-04-11 00:09:58'),(852,1,676,0,'2007-04-12 00:00:29'),(853,1,790,0,'2007-04-13 00:13:18'),(854,1,539,0,'2007-04-14 00:03:56'),(855,1,539,0,'2007-04-15 00:01:07'),(856,1,667,0,'2007-04-16 00:05:35'),(857,1,1080,0,'2007-04-17 00:02:05'),(858,1,768,0,'2007-04-18 00:03:49'),(859,1,719,0,'2007-04-19 00:01:25'),(860,1,1185,0,'2007-04-20 00:06:26'),(861,1,779,0,'2007-04-21 00:00:12'),(862,1,681,0,'2007-04-22 00:01:22'),(863,1,804,0,'2007-04-23 00:01:22'),(864,1,630,0,'2007-04-24 00:02:26'),(865,1,770,0,'2007-04-25 00:01:27'),(866,1,862,0,'2007-04-26 00:03:24'),(867,1,546,0,'2007-04-27 00:02:21'),(868,1,760,0,'2007-04-28 00:01:12'),(869,1,480,0,'2007-04-29 00:00:08'),(870,1,651,0,'2007-04-30 00:00:11'),(871,1,757,0,'2007-05-01 00:01:23'),(872,1,2066,0,'2007-05-02 00:00:52'),(873,1,2037,0,'2007-05-03 00:00:40'),(874,1,1991,0,'2007-05-04 00:02:06'),(875,1,1224,0,'2007-05-05 00:02:02'),(876,1,612,0,'2007-05-06 00:02:58'),(877,1,543,0,'2007-05-07 00:00:05'),(878,1,755,0,'2007-05-08 00:02:10'),(879,1,604,0,'2007-05-09 00:00:23'),(880,1,727,0,'2007-05-10 00:02:07'),(881,1,807,0,'2007-05-11 00:01:18'),(882,1,4833,0,'2007-05-12 00:00:19'),(883,1,5082,0,'2007-05-13 00:00:03'),(884,1,5103,0,'2007-05-14 00:00:04'),(885,1,4491,0,'2007-05-15 00:00:10'),(886,1,3479,0,'2007-05-16 00:00:12'),(887,1,733,0,'2007-05-17 00:02:15'),(888,1,1257,0,'2007-05-18 00:00:21'),(889,1,901,1,'2007-05-19 00:03:32'),(890,1,2745,0,'2007-05-20 00:00:38'),(891,1,4683,0,'2007-05-21 00:00:03'),(892,1,4611,0,'2007-05-22 00:00:06'),(893,1,1669,0,'2007-05-23 00:00:04'),(894,1,586,0,'2007-05-24 00:03:25'),(895,1,729,0,'2007-05-25 00:02:27'),(896,1,2416,0,'2007-05-26 00:05:17'),(897,1,6101,0,'2007-05-27 00:00:22'),(898,1,6905,0,'2007-05-28 00:01:14'),(899,1,819,0,'2007-05-29 00:00:07'),(900,1,820,0,'2007-05-30 00:00:04'),(901,1,853,0,'2007-05-31 00:03:27'),(902,1,1758,0,'2007-06-01 00:00:16'),(903,1,4817,0,'2007-06-02 00:00:24'),(904,1,4543,0,'2007-06-03 00:00:41'),(905,1,4620,0,'2007-06-04 00:01:25'),(906,1,3592,0,'2007-06-05 00:03:23'),(907,1,943,0,'2007-06-06 00:05:26'),(908,1,771,0,'2007-06-07 00:02:46'),(909,1,545,0,'2007-06-08 00:01:51'),(910,1,911,0,'2007-06-09 00:00:00'),(911,1,272,0,'2007-06-10 00:06:41'),(912,1,649,0,'2007-06-11 00:01:24'),(913,1,322,0,'2007-06-12 00:02:25'),(914,1,758,0,'2007-06-13 00:05:39'),(915,1,744,0,'2007-06-14 00:04:59'),(916,1,502,0,'2007-06-15 00:04:16'),(917,1,818,0,'2007-06-16 00:00:49'),(918,1,336,0,'2007-06-17 00:10:50'),(919,1,1003,0,'2007-06-18 00:06:54'),(920,1,711,0,'2007-06-19 00:01:43'),(921,1,842,0,'2007-06-20 00:03:59'),(922,1,893,0,'2007-06-21 00:00:35'),(923,1,637,0,'2007-06-22 00:05:31'),(924,1,688,0,'2007-06-23 00:04:25'),(925,1,614,0,'2007-06-24 00:00:25'),(926,1,614,0,'2007-06-24 00:00:25'),(927,1,720,0,'2007-06-25 00:00:41'),(928,1,795,0,'2007-06-26 00:00:05'),(929,1,736,0,'2007-06-27 00:00:29'),(930,1,787,0,'2007-06-28 00:00:14'),(931,1,792,0,'2007-06-29 00:01:37'),(932,1,916,0,'2007-06-30 00:03:24'),(933,1,738,0,'2007-07-01 00:00:43'),(934,1,854,0,'2007-07-02 00:03:52'),(935,1,913,0,'2007-07-03 00:00:55'),(936,1,855,0,'2007-07-04 00:00:09'),(937,1,1256,0,'2007-07-05 00:05:33'),(938,1,702,0,'2007-07-06 00:01:45'),(939,1,727,0,'2007-07-07 00:05:30'),(940,1,945,0,'2007-07-08 00:02:00'),(941,1,880,0,'2007-07-09 00:09:35'),(942,1,611,0,'2007-07-10 00:03:31'),(943,1,740,0,'2007-07-11 00:02:27'),(944,1,692,0,'2007-07-12 00:03:34'),(945,1,611,0,'2007-07-13 00:05:21'),(946,1,577,0,'2007-07-14 00:00:10'),(947,1,704,0,'2007-07-15 00:01:22'),(948,1,754,0,'2007-07-16 00:03:51'),(949,1,619,0,'2007-07-17 00:01:23'),(950,1,598,0,'2007-07-18 00:01:36'),(951,1,542,0,'2007-07-19 00:04:44'),(952,1,611,0,'2007-07-20 00:06:21'),(953,1,618,0,'2007-07-21 00:01:14'),(954,1,806,0,'2007-07-22 00:07:13'),(955,1,729,0,'2007-07-23 00:03:11'),(956,1,981,0,'2007-07-24 00:00:53'),(957,1,988,0,'2007-07-25 00:00:43'),(958,1,647,0,'2007-07-26 00:03:59'),(959,1,636,0,'2007-07-27 00:04:10'),(960,1,988,0,'2007-07-28 00:02:23'),(961,1,871,0,'2007-07-29 00:11:04'),(962,1,1211,0,'2007-07-30 00:04:06'),(963,1,1014,0,'2007-07-31 00:06:12'),(964,1,730,0,'2007-08-01 00:00:06'),(965,1,994,0,'2007-08-02 00:00:33'),(966,1,801,0,'2007-08-03 00:04:07'),(967,1,655,0,'2007-08-04 00:03:55'),(968,1,953,0,'2007-08-05 00:01:41'),(969,1,1183,0,'2007-08-06 00:03:02'),(970,1,878,0,'2007-08-07 00:00:52'),(971,1,747,0,'2007-08-08 00:02:44'),(972,1,1039,0,'2007-08-09 00:02:31'),(973,1,626,0,'2007-08-10 00:00:52'),(974,1,853,0,'2007-08-11 00:00:11'),(975,1,1232,0,'2007-08-12 00:00:18'),(976,1,1135,1,'2007-08-13 00:00:34'),(977,1,828,0,'2007-08-14 00:01:01'),(978,1,793,0,'2007-08-15 00:06:16'),(979,1,614,0,'2007-08-16 00:05:16'),(980,1,822,0,'2007-08-17 00:00:20'),(981,1,470,0,'2007-08-18 00:00:04'),(982,1,636,0,'2007-08-19 00:00:04'),(983,1,897,0,'2007-08-20 00:05:25'),(984,1,976,0,'2007-08-21 00:01:20'),(985,1,794,0,'2007-08-22 00:09:36'),(986,1,711,0,'2007-08-23 00:00:09'),(987,1,542,0,'2007-08-24 00:02:11'),(988,1,362,0,'2007-08-25 00:18:57'),(989,1,1344,0,'2007-08-26 00:11:31'),(990,1,673,0,'2007-08-27 00:02:05'),(991,1,614,0,'2007-08-28 00:02:07'),(992,1,849,0,'2007-08-29 00:03:15'),(993,1,668,0,'2007-08-30 00:06:34'),(994,1,391,0,'2007-08-31 00:01:21'),(995,1,444,0,'2007-09-01 00:06:58'),(996,1,631,0,'2007-09-02 00:06:05'),(997,1,736,0,'2007-09-03 00:04:57'),(998,1,639,0,'2007-09-04 00:02:26'),(999,1,680,0,'2007-09-05 00:08:07'),(1000,1,966,0,'2007-09-06 00:03:52'),(1001,1,705,0,'2007-09-07 00:00:44'),(1002,1,578,0,'2007-09-08 00:13:35'),(1003,1,892,0,'2007-09-09 00:02:34'),(1004,1,550,0,'2007-09-10 00:01:39'),(1005,1,736,0,'2007-09-11 00:00:41'),(1006,1,750,0,'2007-09-12 00:11:22'),(1007,1,514,0,'2007-09-13 00:01:35'),(1008,1,549,0,'2007-09-14 00:00:12'),(1009,1,569,0,'2007-09-15 00:05:13'),(1010,1,1180,0,'2007-09-16 00:01:16'),(1011,1,1081,0,'2007-09-17 00:15:57'),(1012,1,659,0,'2007-09-18 00:01:48'),(1013,1,956,0,'2007-09-19 00:08:47'),(1014,1,691,0,'2007-09-20 00:02:03'),(1015,1,601,0,'2007-09-21 00:11:47'),(1016,1,475,0,'2007-09-22 00:04:22'),(1017,1,365,0,'2007-09-23 00:18:35'),(1018,1,584,0,'2007-09-24 00:05:39'),(1019,1,287,0,'2007-09-25 00:00:59'),(1020,1,417,0,'2007-09-26 00:03:02'),(1021,1,352,0,'2007-09-27 00:05:41'),(1022,1,409,0,'2007-09-28 00:10:08'),(1023,1,491,0,'2007-09-29 00:23:09'),(1024,1,432,0,'2007-09-30 00:01:32'),(1025,1,859,0,'2007-10-01 00:00:12'),(1026,1,582,0,'2007-10-02 00:00:50'),(1027,1,496,0,'2007-10-03 00:01:35'),(1028,1,526,0,'2007-10-04 00:19:50'),(1029,1,505,0,'2007-10-05 00:04:58'),(1030,1,514,0,'2007-10-06 00:02:12'),(1031,1,594,0,'2007-10-07 00:02:19'),(1032,1,676,0,'2007-10-08 00:00:07'),(1033,1,602,0,'2007-10-09 00:05:59'),(1034,1,431,0,'2007-10-10 00:03:13'),(1035,1,579,0,'2007-10-11 00:09:50'),(1036,1,953,0,'2007-10-12 00:03:51'),(1037,1,390,0,'2007-10-13 00:00:17'),(1038,1,951,1,'2007-10-14 00:05:58'),(1039,1,751,0,'2007-10-15 00:00:49'),(1040,1,339,0,'2007-10-16 00:00:42'),(1041,1,804,0,'2007-10-17 00:00:52'),(1042,1,652,0,'2007-10-18 00:02:06'),(1043,1,583,0,'2007-10-19 00:02:12'),(1044,1,635,0,'2007-10-20 00:04:19'),(1045,1,671,0,'2007-10-21 00:01:35'),(1046,1,291,0,'2007-10-22 00:00:10'),(1047,1,29,0,'2007-10-23 00:05:12'),(1048,1,2,0,'2007-10-25 19:59:50'),(1049,1,2,0,'2008-02-23 23:40:39'),(1050,1,1,0,'2008-03-06 15:38:38'),(1051,1,2,0,'2008-08-23 02:36:07'),(1052,1,2,0,'2008-11-28 06:28:56'),(1053,1,2,0,'2009-05-29 23:18:55'),(1054,1,2,0,'2010-05-14 10:03:53'),(1055,1,12,0,'2010-05-30 06:48:25'),(1056,1,12,0,'2010-08-21 02:46:24'),(1057,1,12,0,'2010-08-27 11:54:23'),(1058,1,12,0,'2010-08-30 11:52:39'),(1059,1,12,0,'2010-09-01 09:02:33'),(1060,1,12,0,'2010-09-07 08:59:46'),(1061,1,12,0,'2010-09-12 10:37:28'),(1062,1,12,0,'2010-09-15 15:37:52'),(1063,1,12,0,'2010-09-20 15:51:01'),(1064,1,12,0,'2010-09-27 08:45:07'),(1065,1,12,0,'2010-10-07 15:07:16');

--
-- Table structure for table `categories`
--

CREATE TABLE `categories` (
  `categories_id` int(11) NOT NULL AUTO_INCREMENT,
  `categories_image` varchar(64) DEFAULT NULL,
  `parent_id` int(11) NOT NULL DEFAULT '0',
  `sort_order` int(3) DEFAULT NULL,
  `date_added` datetime DEFAULT NULL,
  `last_modified` datetime DEFAULT NULL,
  PRIMARY KEY (`categories_id`),
  KEY `idx_categories_parent_id` (`parent_id`)
) ENGINE=MyISAM AUTO_INCREMENT=77 DEFAULT CHARSET=latin1;

--
-- Dumping data for table `categories`
--

INSERT INTO `categories` VALUES (22,'',20,0,'2004-12-23 18:34:54','2004-12-23 18:34:54'),(21,'',20,0,'2004-12-23 18:34:54','2004-12-23 18:34:54'),(47,'',46,0,'2005-10-19 05:11:23',NULL),(30,NULL,3,0,'2005-01-11 06:46:32',NULL),(29,NULL,3,0,'2005-01-11 06:44:32',NULL),(17,'',6,0,'2004-12-23 18:34:54','2004-12-23 18:34:54'),(18,'',17,0,'2004-12-23 18:34:54','2004-12-23 18:34:54'),(34,'most.jpg',0,0,'2005-02-11 23:12:46',NULL),(20,'Oberlady2.jpg',1,0,'2004-12-23 18:34:54','2005-11-02 19:43:21'),(13,'425s.jpg',12,0,'2004-12-23 18:34:54','2006-08-25 07:42:13'),(35,'Sboardcla.jpg',0,0,'2005-02-25 20:43:01','2005-11-15 12:09:35'),(11,'Jr boy.jpg',4,0,'2004-12-23 18:34:54','2005-01-22 12:56:00'),(12,'Boarder.jpg',0,0,'2004-12-23 18:34:54','2005-02-01 19:25:58'),(1,'428s.jpg',0,0,'2004-12-21 17:57:11','2006-08-25 07:30:26'),(2,'Ober kids2.jpg',1,0,'2004-12-21 17:57:11','2005-01-22 12:42:40'),(3,'',2,0,'2004-12-21 17:57:11','2004-12-21 17:57:11'),(4,'444.jpg',1,0,'2004-12-21 18:00:42','2006-09-24 10:05:44'),(5,'Jr girl.jpg',4,0,'2004-12-21 18:00:42','2005-01-22 12:56:12'),(6,'Access.jpg',0,0,'2004-12-21 18:00:42','2005-02-01 19:27:40'),(7,'',6,0,'2004-12-21 18:00:42','2004-12-21 18:00:42'),(8,'',7,0,'2004-12-21 18:00:42','2004-12-21 18:00:42'),(9,'',2,0,'2004-12-21 18:00:42','2004-12-21 18:00:42'),(23,'',7,0,'2004-12-23 18:34:55','2004-12-23 18:34:55'),(24,'',6,0,'2004-12-23 18:34:55','2004-12-23 18:34:55'),(25,'',24,0,'2004-12-23 18:34:55','2004-12-23 18:34:55'),(26,NULL,20,0,'2005-01-03 10:44:17','2005-01-03 10:45:19'),(32,NULL,9,0,'2005-01-13 20:27:44',NULL),(36,NULL,6,3,'2005-02-25 21:00:32','2005-02-25 22:29:13'),(37,NULL,6,0,'2005-02-25 21:25:27',NULL),(38,'Walka.jpg',0,1,'2005-03-02 16:58:52','2006-05-18 14:31:59'),(39,'skiequip3.jpg',0,0,'2005-08-22 07:03:12','2005-11-06 19:22:03'),(46,'Mens1.jpg',1,0,'2005-10-19 05:11:06','2005-10-23 19:42:55'),(41,'',4,0,'2005-10-14 06:40:08',NULL),(42,'',11,0,'2005-10-14 11:15:25',NULL),(43,'',2,0,'2005-10-15 19:21:01',NULL),(44,'',4,0,'2005-10-16 17:14:28',NULL),(45,'',5,0,'2005-10-16 18:49:02',NULL),(48,'',46,0,'2005-10-19 05:11:34',NULL),(49,'',46,0,'2005-10-19 05:11:50',NULL),(50,'',20,4,'2005-10-19 19:33:35','2005-10-19 19:33:48'),(51,'',7,0,'2005-10-23 19:52:24',NULL),(52,'',17,0,'2005-10-23 19:53:58',NULL),(54,'',24,0,'2005-11-04 13:45:19',NULL),(55,'',24,0,'2005-11-08 10:43:52',NULL),(56,'414s.jpg',0,0,'2005-11-09 08:41:38','2006-08-25 07:30:53'),(57,'',46,0,'2005-11-09 09:33:51',NULL),(58,'517s.jpg',12,0,'2005-11-12 06:20:18','2006-08-25 07:55:21'),(59,'490.jpg',12,0,'2005-11-12 06:22:37','2006-08-25 07:48:47'),(60,'481s.jpg',39,0,'2005-11-14 11:37:50','2006-08-25 08:00:39'),(61,'522s.jpg',39,0,'2005-11-16 08:22:42','2006-08-25 07:58:52'),(62,'t_duffel.jpg',0,4,'2005-11-16 12:06:51','2006-04-21 18:15:28'),(63,'',56,0,'2006-04-20 17:56:56',NULL),(64,'',56,0,'2006-04-20 18:19:42',NULL),(65,'',0,4,'2006-04-20 18:36:00','2006-09-22 12:43:29'),(66,'',65,0,'2006-04-20 18:36:34',NULL),(67,'',65,0,'2006-04-20 18:36:51',NULL),(68,'Garyboat.jpg',38,0,'2006-05-18 14:13:16','2006-05-18 14:19:26'),(69,'PFDs.jpg',38,0,'2006-05-18 14:21:26','2006-05-18 14:22:36'),(71,'',11,0,'2006-08-26 14:20:42',NULL),(72,'',9,0,'2006-09-17 16:49:55',NULL),(73,'',17,0,'2006-09-25 08:12:20',NULL),(74,'',13,0,'2006-09-27 10:50:48',NULL),(75,'',13,0,'2006-09-27 10:51:03',NULL);

--
-- Table structure for table `categories_description`
--

CREATE TABLE `categories_description` (
  `categories_id` int(11) NOT NULL DEFAULT '0',
  `language_id` int(11) NOT NULL DEFAULT '1',
  `categories_name` varchar(32) NOT NULL DEFAULT '',
  PRIMARY KEY (`categories_id`,`language_id`),
  KEY `idx_categories_name` (`categories_name`)
) ENGINE=MyISAM DEFAULT CHARSET=latin1;

--
-- Dumping data for table `categories_description`
--

INSERT INTO `categories_description` VALUES (21,1,'Jackets'),(22,1,'Sweaters'),(23,1,'Adult'),(24,1,'Base Layer'),(25,1,'Kids'),(26,1,'Pants'),(71,1,'Pants'),(32,1,'Pants'),(36,1,'Snowboard Tools'),(37,1,'Socks'),(38,1,'Kayaking'),(39,1,'Ski Equipment'),(7,1,'Hats'),(8,1,'Kids'),(9,1,'Boys'),(35,1,'Snowboard Equipment'),(11,1,'Boys'),(12,1,'Snowboard Apparel'),(13,1,'Junior'),(47,1,'Jackets'),(30,1,'Sweaters'),(29,1,'Pants'),(17,1,'Gloves'),(18,1,'Kids'),(34,1,'Gifts'),(20,1,'Ladies'),(1,1,'Ski Apparel'),(2,1,'Preschool'),(3,1,'Girls'),(4,1,'Junior'),(5,1,'Girls'),(6,1,'Winter Accessories'),(46,1,'Men'),(41,1,'Hats & Gloves'),(42,1,'Sweater'),(43,1,'Hats & Gloves'),(44,1,'Base Layer'),(45,1,'Sweaters'),(48,1,'Pants'),(49,1,'Sweaters'),(50,1,'Hats & Gloves'),(51,1,'Juniors'),(52,1,'Juniors'),(54,1,'Ladies'),(55,1,'Mens'),(56,1,'Sportswear'),(57,1,'Hats & Gloves'),(58,1,'Mens'),(59,1,'Ladies'),(60,1,'Womens'),(61,1,'Mens'),(62,1,'Luggage'),(63,1,'Womens Summerwear'),(64,1,'Mens Summerwear'),(65,1,'FootWear'),(66,1,'Mens Footwear'),(67,1,'Ladies Footwear'),(68,1,'Kayak Accessories'),(69,1,'Kayak PFD\'s'),(72,1,'Sweaters'),(73,1,'Adult'),(74,1,'Boys'),(75,1,'Girls');

--
-- Table structure for table `configuration`
--

CREATE TABLE `configuration` (
  `configuration_id` int(11) NOT NULL AUTO_INCREMENT,
  `configuration_title` varchar(64) NOT NULL DEFAULT '',
  `configuration_key` varchar(64) NOT NULL DEFAULT '',
  `configuration_value` varchar(255) NOT NULL DEFAULT '',
  `configuration_description` varchar(255) NOT NULL DEFAULT '',
  `configuration_group_id` int(11) NOT NULL DEFAULT '0',
  `sort_order` int(5) DEFAULT NULL,
  `last_modified` datetime DEFAULT NULL,
  `date_added` datetime NOT NULL DEFAULT '0000-00-00 00:00:00',
  `use_function` varchar(255) DEFAULT NULL,
  `set_function` varchar(255) DEFAULT NULL,
  PRIMARY KEY (`configuration_id`)
) ENGINE=MyISAM AUTO_INCREMENT=358 DEFAULT CHARSET=latin1;

--
-- Dumping data for table `configuration`
--



--
-- Table structure for table `configuration_group`
--

CREATE TABLE `configuration_group` (
  `configuration_group_id` int(11) NOT NULL AUTO_INCREMENT,
  `configuration_group_title` varchar(64) NOT NULL DEFAULT '',
  `configuration_group_description` varchar(255) NOT NULL DEFAULT '',
  `sort_order` int(5) DEFAULT NULL,
  `visible` int(1) DEFAULT '1',
  PRIMARY KEY (`configuration_group_id`)
) ENGINE=MyISAM AUTO_INCREMENT=888002 DEFAULT CHARSET=latin1;

--
-- Dumping data for table `configuration_group`
--

INSERT INTO `configuration_group` VALUES (1,'My Store','General information about my store',1,1),(2,'Minimum Values','The minimum values for functions / data',2,1),(3,'Maximum Values','The maximum values for functions / data',3,1),(4,'Images','Image parameters',4,1),(5,'Customer Details','Customer account configuration',5,1),(6,'Module Options','Hidden from configuration',6,0),(7,'Shipping/Packaging','Shipping options available at my store',7,1),(8,'Product Listing','Product Listing    configuration options',8,1),(9,'Stock','Stock configuration options',9,1),(10,'Logging','Logging configuration options',10,1),(11,'Cache','Caching configuration options',11,1),(12,'E-Mail Options','General setting for E-Mail transport and HTML E-Mails',12,1),(13,'Download','Downloadable products options',13,1),(14,'GZip Compression','GZip compression options',14,1),(15,'Sessions','Session options',15,1),(112,'WYSIWYG Editor 1.7','HTMLArea 1.7 Options',15,1),(888001,'Product Information','Product Information page configuration options',8,1);

--
-- Table structure for table `counter`
--

CREATE TABLE `counter` (
  `startdate` char(8) DEFAULT NULL,
  `counter` int(12) DEFAULT NULL
) ENGINE=MyISAM DEFAULT CHARSET=latin1;

--
-- Dumping data for table `counter`
--

INSERT INTO `counter` VALUES ('20040712',1011286),('20040712',1011286);

--
-- Table structure for table `counter_history`
--

CREATE TABLE `counter_history` (
  `month` char(8) DEFAULT NULL,
  `counter` int(12) DEFAULT NULL
) ENGINE=MyISAM DEFAULT CHARSET=latin1;

--
-- Dumping data for table `counter_history`
--


--
-- Table structure for table `countries`
--

CREATE TABLE `countries` (
  `countries_id` int(11) NOT NULL AUTO_INCREMENT,
  `countries_name` varchar(64) NOT NULL DEFAULT '',
  `countries_iso_code_2` char(2) NOT NULL DEFAULT '',
  `countries_iso_code_3` char(3) NOT NULL DEFAULT '',
  `address_format_id` int(11) NOT NULL DEFAULT '0',
  PRIMARY KEY (`countries_id`),
  KEY `IDX_COUNTRIES_NAME` (`countries_name`)
) ENGINE=MyISAM AUTO_INCREMENT=240 DEFAULT CHARSET=latin1;

--
-- Dumping data for table `countries`
--

INSERT INTO `countries` VALUES (1,'Afghanistan','AF','AFG',1),(2,'Albania','AL','ALB',1),(3,'Algeria','DZ','DZA',1),(4,'American Samoa','AS','ASM',1),(5,'Andorra','AD','AND',1),(6,'Angola','AO','AGO',1),(7,'Anguilla','AI','AIA',1),(8,'Antarctica','AQ','ATA',1),(9,'Antigua and Barbuda','AG','ATG',1),(10,'Argentina','AR','ARG',1),(11,'Armenia','AM','ARM',1),(12,'Aruba','AW','ABW',1),(13,'Australia','AU','AUS',1),(14,'Austria','AT','AUT',5),(15,'Azerbaijan','AZ','AZE',1),(16,'Bahamas','BS','BHS',1),(17,'Bahrain','BH','BHR',1),(18,'Bangladesh','BD','BGD',1),(19,'Barbados','BB','BRB',1),(20,'Belarus','BY','BLR',1),(21,'Belgium','BE','BEL',1),(22,'Belize','BZ','BLZ',1),(23,'Benin','BJ','BEN',1),(24,'Bermuda','BM','BMU',1),(25,'Bhutan','BT','BTN',1),(26,'Bolivia','BO','BOL',1),(27,'Bosnia and Herzegowina','BA','BIH',1),(28,'Botswana','BW','BWA',1),(29,'Bouvet Island','BV','BVT',1),(30,'Brazil','BR','BRA',1),(31,'British Indian Ocean Territory','IO','IOT',1),(32,'Brunei Darussalam','BN','BRN',1),(33,'Bulgaria','BG','BGR',1),(34,'Burkina Faso','BF','BFA',1),(35,'Burundi','BI','BDI',1),(36,'Cambodia','KH','KHM',1),(37,'Cameroon','CM','CMR',1),(38,'Canada','CA','CAN',1),(39,'Cape Verde','CV','CPV',1),(40,'Cayman Islands','KY','CYM',1),(41,'Central African Republic','CF','CAF',1),(42,'Chad','TD','TCD',1),(43,'Chile','CL','CHL',1),(44,'China','CN','CHN',1),(45,'Christmas Island','CX','CXR',1),(46,'Cocos (Keeling) Islands','CC','CCK',1),(47,'Colombia','CO','COL',1),(48,'Comoros','KM','COM',1),(49,'Congo','CG','COG',1),(50,'Cook Islands','CK','COK',1),(51,'Costa Rica','CR','CRI',1),(52,'Cote D\'Ivoire','CI','CIV',1),(53,'Croatia','HR','HRV',1),(54,'Cuba','CU','CUB',1),(55,'Cyprus','CY','CYP',1),(56,'Czech Republic','CZ','CZE',1),(57,'Denmark','DK','DNK',1),(58,'Djibouti','DJ','DJI',1),(59,'Dominica','DM','DMA',1),(60,'Dominican Republic','DO','DOM',1),(61,'East Timor','TP','TMP',1),(62,'Ecuador','EC','ECU',1),(63,'Egypt','EG','EGY',1),(64,'El Salvador','SV','SLV',1),(65,'Equatorial Guinea','GQ','GNQ',1),(66,'Eritrea','ER','ERI',1),(67,'Estonia','EE','EST',1),(68,'Ethiopia','ET','ETH',1),(69,'Falkland Islands (Malvinas)','FK','FLK',1),(70,'Faroe Islands','FO','FRO',1),(71,'Fiji','FJ','FJI',1),(72,'Finland','FI','FIN',1),(73,'France','FR','FRA',1),(74,'France, Metropolitan','FX','FXX',1),(75,'French Guiana','GF','GUF',1),(76,'French Polynesia','PF','PYF',1),(77,'French Southern Territories','TF','ATF',1),(78,'Gabon','GA','GAB',1),(79,'Gambia','GM','GMB',1),(80,'Georgia','GE','GEO',1),(81,'Germany','DE','DEU',5),(82,'Ghana','GH','GHA',1),(83,'Gibraltar','GI','GIB',1),(84,'Greece','GR','GRC',1),(85,'Greenland','GL','GRL',1),(86,'Grenada','GD','GRD',1),(87,'Guadeloupe','GP','GLP',1),(88,'Guam','GU','GUM',1),(89,'Guatemala','GT','GTM',1),(90,'Guinea','GN','GIN',1),(91,'Guinea-bissau','GW','GNB',1),(92,'Guyana','GY','GUY',1),(93,'Haiti','HT','HTI',1),(94,'Heard and Mc Donald Islands','HM','HMD',1),(95,'Honduras','HN','HND',1),(96,'Hong Kong','HK','HKG',1),(97,'Hungary','HU','HUN',1),(98,'Iceland','IS','ISL',1),(99,'India','IN','IND',1),(100,'Indonesia','ID','IDN',1),(101,'Iran (Islamic Republic of)','IR','IRN',1),(102,'Iraq','IQ','IRQ',1),(103,'Ireland','IE','IRL',1),(104,'Israel','IL','ISR',1),(105,'Italy','IT','ITA',1),(106,'Jamaica','JM','JAM',1),(107,'Japan','JP','JPN',1),(108,'Jordan','JO','JOR',1),(109,'Kazakhstan','KZ','KAZ',1),(110,'Kenya','KE','KEN',1),(111,'Kiribati','KI','KIR',1),(112,'Korea, Democratic People\'s Republic of','KP','PRK',1),(113,'Korea, Republic of','KR','KOR',1),(114,'Kuwait','KW','KWT',1),(115,'Kyrgyzstan','KG','KGZ',1),(116,'Lao People\'s Democratic Republic','LA','LAO',1),(117,'Latvia','LV','LVA',1),(118,'Lebanon','LB','LBN',1),(119,'Lesotho','LS','LSO',1),(120,'Liberia','LR','LBR',1),(121,'Libyan Arab Jamahiriya','LY','LBY',1),(122,'Liechtenstein','LI','LIE',1),(123,'Lithuania','LT','LTU',1),(124,'Luxembourg','LU','LUX',1),(125,'Macau','MO','MAC',1),(126,'Macedonia, The Former Yugoslav Republic of','MK','MKD',1),(127,'Madagascar','MG','MDG',1),(128,'Malawi','MW','MWI',1),(129,'Malaysia','MY','MYS',1),(130,'Maldives','MV','MDV',1),(131,'Mali','ML','MLI',1),(132,'Malta','MT','MLT',1),(133,'Marshall Islands','MH','MHL',1),(134,'Martinique','MQ','MTQ',1),(135,'Mauritania','MR','MRT',1),(136,'Mauritius','MU','MUS',1),(137,'Mayotte','YT','MYT',1),(138,'Mexico','MX','MEX',1),(139,'Micronesia, Federated States of','FM','FSM',1),(140,'Moldova, Republic of','MD','MDA',1),(141,'Monaco','MC','MCO',1),(142,'Mongolia','MN','MNG',1),(143,'Montserrat','MS','MSR',1),(144,'Morocco','MA','MAR',1),(145,'Mozambique','MZ','MOZ',1),(146,'Myanmar','MM','MMR',1),(147,'Namibia','NA','NAM',1),(148,'Nauru','NR','NRU',1),(149,'Nepal','NP','NPL',1),(150,'Netherlands','NL','NLD',1),(151,'Netherlands Antilles','AN','ANT',1),(152,'New Caledonia','NC','NCL',1),(153,'New Zealand','NZ','NZL',1),(154,'Nicaragua','NI','NIC',1),(155,'Niger','NE','NER',1),(156,'Nigeria','NG','NGA',1),(157,'Niue','NU','NIU',1),(158,'Norfolk Island','NF','NFK',1),(159,'Northern Mariana Islands','MP','MNP',1),(160,'Norway','NO','NOR',1),(161,'Oman','OM','OMN',1),(162,'Pakistan','PK','PAK',1),(163,'Palau','PW','PLW',1),(164,'Panama','PA','PAN',1),(165,'Papua New Guinea','PG','PNG',1),(166,'Paraguay','PY','PRY',1),(167,'Peru','PE','PER',1),(168,'Philippines','PH','PHL',1),(169,'Pitcairn','PN','PCN',1),(170,'Poland','PL','POL',1),(171,'Portugal','PT','PRT',1),(172,'Puerto Rico','PR','PRI',1),(173,'Qatar','QA','QAT',1),(174,'Reunion','RE','REU',1),(175,'Romania','RO','ROM',1),(176,'Russian Federation','RU','RUS',1),(177,'Rwanda','RW','RWA',1),(178,'Saint Kitts and Nevis','KN','KNA',1),(179,'Saint Lucia','LC','LCA',1),(180,'Saint Vincent and the Grenadines','VC','VCT',1),(181,'Samoa','WS','WSM',1),(182,'San Marino','SM','SMR',1),(183,'Sao Tome and Principe','ST','STP',1),(184,'Saudi Arabia','SA','SAU',1),(185,'Senegal','SN','SEN',1),(186,'Seychelles','SC','SYC',1),(187,'Sierra Leone','SL','SLE',1),(188,'Singapore','SG','SGP',4),(189,'Slovakia (Slovak Republic)','SK','SVK',1),(190,'Slovenia','SI','SVN',1),(191,'Solomon Islands','SB','SLB',1),(192,'Somalia','SO','SOM',1),(193,'South Africa','ZA','ZAF',1),(194,'South Georgia and the South Sandwich Islands','GS','SGS',1),(195,'Spain','ES','ESP',3),(196,'Sri Lanka','LK','LKA',1),(197,'St. Helena','SH','SHN',1),(198,'St. Pierre and Miquelon','PM','SPM',1),(199,'Sudan','SD','SDN',1),(200,'Suriname','SR','SUR',1),(201,'Svalbard and Jan Mayen Islands','SJ','SJM',1),(202,'Swaziland','SZ','SWZ',1),(203,'Sweden','SE','SWE',1),(204,'Switzerland','CH','CHE',1),(205,'Syrian Arab Republic','SY','SYR',1),(206,'Taiwan','TW','TWN',1),(207,'Tajikistan','TJ','TJK',1),(208,'Tanzania, United Republic of','TZ','TZA',1),(209,'Thailand','TH','THA',1),(210,'Togo','TG','TGO',1),(211,'Tokelau','TK','TKL',1),(212,'Tonga','TO','TON',1),(213,'Trinidad and Tobago','TT','TTO',1),(214,'Tunisia','TN','TUN',1),(215,'Turkey','TR','TUR',1),(216,'Turkmenistan','TM','TKM',1),(217,'Turks and Caicos Islands','TC','TCA',1),(218,'Tuvalu','TV','TUV',1),(219,'Uganda','UG','UGA',1),(220,'Ukraine','UA','UKR',1),(221,'United Arab Emirates','AE','ARE',1),(222,'United Kingdom','GB','GBR',1),(223,'United States','US','USA',2),(224,'United States Minor Outlying Islands','UM','UMI',1),(225,'Uruguay','UY','URY',1),(226,'Uzbekistan','UZ','UZB',1),(227,'Vanuatu','VU','VUT',1),(228,'Vatican City State (Holy See)','VA','VAT',1),(229,'Venezuela','VE','VEN',1),(230,'Viet Nam','VN','VNM',1),(231,'Virgin Islands (British)','VG','VGB',1),(232,'Virgin Islands (U.S.)','VI','VIR',1),(233,'Wallis and Futuna Islands','WF','WLF',1),(234,'Western Sahara','EH','ESH',1),(235,'Yemen','YE','YEM',1),(236,'Yugoslavia','YU','YUG',1),(237,'Zaire','ZR','ZAR',1),(238,'Zambia','ZM','ZMB',1),(239,'Zimbabwe','ZW','ZWE',1);

--
-- Table structure for table `coupon_email_track`
--

CREATE TABLE `coupon_email_track` (
  `unique_id` int(11) NOT NULL AUTO_INCREMENT,
  `coupon_id` int(11) NOT NULL DEFAULT '0',
  `customer_id_sent` int(11) NOT NULL DEFAULT '0',
  `sent_firstname` varchar(32) DEFAULT NULL,
  `sent_lastname` varchar(32) DEFAULT NULL,
  `emailed_to` varchar(32) DEFAULT NULL,
  `date_sent` datetime NOT NULL DEFAULT '0000-00-00 00:00:00',
  PRIMARY KEY (`unique_id`)
) ENGINE=MyISAM AUTO_INCREMENT=2 DEFAULT CHARSET=latin1;

--
-- Dumping data for table `coupon_email_track`
--

INSERT INTO `coupon_email_track` VALUES (1,5,0,'Admin',NULL,'ghunter@chartermi.net','2006-10-23 16:39:00');

--
-- Table structure for table `coupon_gv_customer`
--

CREATE TABLE `coupon_gv_customer` (
  `customer_id` int(5) NOT NULL DEFAULT '0',
  `amount` decimal(8,4) NOT NULL DEFAULT '0.0000',
  PRIMARY KEY (`customer_id`),
  KEY `customer_id` (`customer_id`)
) ENGINE=MyISAM DEFAULT CHARSET=latin1;

--
-- Dumping data for table `coupon_gv_customer`
--


--
-- Table structure for table `coupon_gv_queue`
--

CREATE TABLE `coupon_gv_queue` (
  `unique_id` int(5) NOT NULL AUTO_INCREMENT,
  `customer_id` int(5) NOT NULL DEFAULT '0',
  `order_id` int(5) NOT NULL DEFAULT '0',
  `amount` decimal(8,4) NOT NULL DEFAULT '0.0000',
  `date_created` datetime NOT NULL DEFAULT '0000-00-00 00:00:00',
  `ipaddr` varchar(32) NOT NULL DEFAULT '',
  `release_flag` char(1) NOT NULL DEFAULT 'N',
  PRIMARY KEY (`unique_id`),
  KEY `uid` (`unique_id`,`customer_id`,`order_id`)
) ENGINE=MyISAM DEFAULT CHARSET=latin1;

--
-- Dumping data for table `coupon_gv_queue`
--


--
-- Table structure for table `coupon_redeem_track`
--

CREATE TABLE `coupon_redeem_track` (
  `unique_id` int(11) NOT NULL AUTO_INCREMENT,
  `coupon_id` int(11) NOT NULL DEFAULT '0',
  `customer_id` int(11) NOT NULL DEFAULT '0',
  `redeem_date` datetime NOT NULL DEFAULT '0000-00-00 00:00:00',
  `redeem_ip` varchar(32) NOT NULL DEFAULT '',
  `order_id` int(11) NOT NULL DEFAULT '0',
  PRIMARY KEY (`unique_id`)
) ENGINE=MyISAM DEFAULT CHARSET=latin1;

--
-- Dumping data for table `coupon_redeem_track`
--


--
-- Table structure for table `coupons`
--

CREATE TABLE `coupons` (
  `coupon_id` int(11) NOT NULL AUTO_INCREMENT,
  `coupon_type` char(1) NOT NULL DEFAULT 'F',
  `coupon_code` varchar(32) NOT NULL DEFAULT '',
  `coupon_amount` decimal(8,4) NOT NULL DEFAULT '0.0000',
  `coupon_minimum_order` decimal(8,4) NOT NULL DEFAULT '0.0000',
  `coupon_start_date` datetime NOT NULL DEFAULT '0000-00-00 00:00:00',
  `coupon_expire_date` datetime NOT NULL DEFAULT '0000-00-00 00:00:00',
  `uses_per_coupon` int(5) NOT NULL DEFAULT '1',
  `uses_per_user` int(5) NOT NULL DEFAULT '0',
  `restrict_to_products` varchar(255) DEFAULT NULL,
  `restrict_to_categories` varchar(255) DEFAULT NULL,
  `restrict_to_customers` text,
  `coupon_active` char(1) NOT NULL DEFAULT 'Y',
  `date_created` datetime NOT NULL DEFAULT '0000-00-00 00:00:00',
  `date_modified` datetime NOT NULL DEFAULT '0000-00-00 00:00:00',
  PRIMARY KEY (`coupon_id`)
) ENGINE=MyISAM AUTO_INCREMENT=6 DEFAULT CHARSET=latin1;

--
-- Dumping data for table `coupons`
--

INSERT INTO `coupons` VALUES (1,'P','test001',10.0000,0.0000,'2006-09-27 00:00:00','2007-09-27 00:00:00',0,1,'','',NULL,'Y','1969-12-31 00:00:00','2006-09-27 10:47:59'),(4,'S','PREFCUST',0.0000,50.0000,'2006-10-22 00:00:00','2007-10-22 00:00:00',0,1,'','',NULL,'Y','1969-12-31 00:00:00','2006-10-22 14:31:52'),(3,'S','ShipE',0.0000,100.0000,'2006-10-04 00:00:00','2007-10-05 00:00:00',0,1,'','',NULL,'N','1969-12-31 00:00:00','2006-10-04 16:57:03'),(5,'G','638cc1',100.0000,0.0000,'0000-00-00 00:00:00','0000-00-00 00:00:00',1,0,NULL,NULL,NULL,'Y','2006-10-23 16:39:00','0000-00-00 00:00:00');

--
-- Table structure for table `coupons_description`
--

CREATE TABLE `coupons_description` (
  `coupon_id` int(11) NOT NULL DEFAULT '0',
  `language_id` int(11) NOT NULL DEFAULT '0',
  `coupon_name` varchar(32) NOT NULL DEFAULT '',
  `coupon_description` text,
  KEY `coupon_id` (`coupon_id`)
) ENGINE=MyISAM DEFAULT CHARSET=latin1;

--
-- Dumping data for table `coupons_description`
--

INSERT INTO `coupons_description` VALUES (1,1,'Test','This is a test coupon.'),(2,1,'Free Shipping','Use this Coupon to receive free shipping on any order over $100.00'),(3,1,'Free Shipping','Use this Coupon to receive free shipping on any order over $100.00'),(4,1,'Free Shipping','Free Shipping on orders over $50.00');

--
-- Table structure for table `currencies`
--

CREATE TABLE `currencies` (
  `currencies_id` int(11) NOT NULL AUTO_INCREMENT,
  `title` varchar(32) NOT NULL DEFAULT '',
  `code` char(3) NOT NULL DEFAULT '',
  `symbol_left` varchar(12) DEFAULT NULL,
  `symbol_right` varchar(12) DEFAULT NULL,
  `decimal_point` char(1) DEFAULT NULL,
  `thousands_point` char(1) DEFAULT NULL,
  `decimal_places` char(1) DEFAULT NULL,
  `value` float(13,8) DEFAULT NULL,
  `last_updated` datetime DEFAULT NULL,
  PRIMARY KEY (`currencies_id`)
) ENGINE=MyISAM AUTO_INCREMENT=2 DEFAULT CHARSET=latin1;

--
-- Dumping data for table `currencies`
--

INSERT INTO `currencies` VALUES (1,'US Dollar','USD','$','','.',',','2',1.00000000,'2005-01-11 16:45:28');

--
-- Table structure for table `cust_home_page`
--

CREATE TABLE `cust_home_page` (
  `homepage_id` tinyint(4) NOT NULL AUTO_INCREMENT,
  `homepage_text` text NOT NULL,
  PRIMARY KEY (`homepage_id`)
) ENGINE=MyISAM AUTO_INCREMENT=2 DEFAULT CHARSET=latin1;

--
-- Dumping data for table `cust_home_page`
--

INSERT INTO `cust_home_page` VALUES (1,'');

--
-- Table structure for table `customers_basket`
--

CREATE TABLE `customers_basket` (
  `customers_basket_id` int(11) NOT NULL AUTO_INCREMENT,
  `customers_id` int(11) NOT NULL DEFAULT '0',
  `products_id` tinytext NOT NULL,
  `customers_basket_quantity` int(2) NOT NULL DEFAULT '0',
  `final_price` decimal(15,4) NOT NULL DEFAULT '0.0000',
  `customers_basket_date_added` varchar(8) DEFAULT NULL,
  PRIMARY KEY (`customers_basket_id`)
) ENGINE=MyISAM AUTO_INCREMENT=871 DEFAULT CHARSET=latin1;

--
-- Dumping data for table `customers_basket`
--

INSERT INTO `customers_basket` VALUES (28,3,'147',1,0.0000,'20051005'),(14,2,'113{1}78{2}4',1,0.0000,'20050209'),(32,24,'123',2,0.0000,'20051022'),(30,24,'179{1}95{2}22',1,0.0000,'20051022'),(31,24,'132',5,0.0000,'20051022'),(33,24,'133',1,0.0000,'20051022'),(34,24,'131',2,0.0000,'20051022'),(35,24,'138',5,0.0000,'20051022'),(36,24,'130',1,0.0000,'20051022'),(37,24,'127',1,0.0000,'20051022'),(38,24,'73',2,0.0000,'20051022'),(39,24,'124',1,0.0000,'20051022'),(40,24,'122',1,0.0000,'20051022'),(41,24,'125',1,0.0000,'20051022'),(44,25,'240{1}190{2}6',1,0.0000,'20051030'),(45,26,'192{1}125{2}19',1,0.0000,'20051105'),(48,30,'167{1}105{2}6',1,0.0000,'20051111'),(58,38,'464{1}30{2}37',1,0.0000,'20051129'),(57,38,'464{1}30{2}36',1,0.0000,'20051129'),(61,41,'463{1}30{2}37',1,0.0000,'20051130'),(77,54,'373{1}319{2}35',1,0.0000,'20051214'),(78,55,'331{1}280{2}35',1,0.0000,'20051214'),(79,55,'330{1}280{2}35',1,0.0000,'20051214'),(80,55,'329{1}30{2}34',1,0.0000,'20051214'),(81,55,'222{1}164{2}3',1,0.0000,'20051214'),(82,55,'240{1}190{2}3',1,0.0000,'20051214'),(93,64,'402{1}30{2}6',1,0.0000,'20051228'),(89,60,'241{1}193{2}5',1,0.0000,'20051223'),(94,65,'241{1}193{2}4',1,0.0000,'20051231'),(98,67,'198{1}125{2}20',1,0.0000,'20060104'),(99,67,'194{1}115{2}20',1,0.0000,'20060104'),(100,67,'186{1}118{2}20',1,0.0000,'20060104'),(117,77,'395{1}344{2}38',1,0.0000,'20060107'),(178,109,'253{1}122{2}41',1,0.0000,'20060201'),(179,109,'181{1}102{2}28',1,0.0000,'20060201'),(109,71,'406{1}1{2}37',1,0.0000,'20060104'),(113,75,'241{1}193{2}8',1,0.0000,'20060105'),(112,74,'171{1}105{2}3',1,0.0000,'20060105'),(177,109,'253{1}200{2}41',1,0.0000,'20060201'),(118,78,'194{1}125{2}21',1,0.0000,'20060107'),(126,85,'284{1}243{2}35',2,0.0000,'20060109'),(127,85,'284{1}226{2}35',1,0.0000,'20060109'),(857,214,'1062',1,0.0000,'20070513'),(130,88,'203{1}93{2}7',1,0.0000,'20060110'),(131,88,'163{1}39{2}7',1,0.0000,'20060110'),(160,102,'236{1}185{2}20',1,0.0000,'20060124'),(140,93,'185{1}115{2}19',1,0.0000,'20060115'),(139,93,'194{1}115{2}20',1,0.0000,'20060115'),(141,93,'256{1}115{2}41',1,0.0000,'20060115'),(142,93,'260{1}199{2}41',1,0.0000,'20060115'),(143,93,'253{1}200{2}41',1,0.0000,'20060115'),(144,93,'254{1}200{2}41',1,0.0000,'20060115'),(145,93,'385{1}105{2}5',1,0.0000,'20060115'),(164,106,'182{1}114{2}20',1,0.0000,'20060128'),(159,102,'235{1}183{2}21',1,0.0000,'20060124'),(151,96,'408{1}30{2}14',1,0.0000,'20060118'),(168,108,'191{1}120{2}20',1,0.0000,'20060129'),(167,108,'186{1}117{2}20',1,0.0000,'20060129'),(169,108,'194{1}123{2}22',1,0.0000,'20060129'),(170,108,'201{1}123{2}22',1,0.0000,'20060129'),(176,109,'194{1}125{2}28',1,0.0000,'20060201'),(180,110,'241{1}170{2}6',1,0.0000,'20060202'),(196,123,'407{1}347{2}36',1,0.0000,'20060215'),(187,117,'387{1}94{2}3',3,0.0000,'20060205'),(200,122,'240{1}190{2}7',1,0.0000,'20060217'),(215,136,'475{1}30{2}4',1,0.0000,'20060222'),(214,135,'402{1}30{2}213',1,0.0000,'20060222'),(213,135,'388{1}334{2}258',1,0.0000,'20060222'),(621,244,'136{1}370{2}375',1,0.0000,'20061210'),(218,131,'260{1}120{2}42',1,0.0000,'20060301'),(219,140,'474{1}30{2}213',1,0.0000,'20060302'),(220,140,'393{1}339{2}36',1,0.0000,'20060302'),(620,244,'135{1}2{2}372',1,0.0000,'20061210'),(619,243,'615{1}474{2}35',1,0.0000,'20061209'),(706,282,'881{1}252{2}598',1,0.0000,'20070111'),(252,157,'470',1,0.0000,'20060321'),(277,178,'407{1}1{2}35',1,0.0000,'20060417'),(233,146,'414{1}30{2}4',1,0.0000,'20060307'),(246,154,'432',1,0.0000,'20060317'),(727,298,'772{1}398{2}36',1,0.0000,'20070118'),(262,165,'192{1}104{2}21',1,0.0000,'20060326'),(272,172,'470',1,0.0000,'20060331'),(270,170,'194{1}125{2}28',1,0.0000,'20060330'),(286,184,'337{1}265{2}36',1,0.0000,'20060626'),(296,195,'431',1,0.0000,'20060908'),(287,185,'388{1}39{2}258',1,0.0000,'20060702'),(290,187,'480',2,0.0000,'20060706'),(291,188,'361{1}300{2}38',1,0.0000,'20060712'),(292,189,'240{1}190{2}5',1,0.0000,'20060717'),(295,195,'428',1,0.0000,'20060908'),(297,195,'487',1,0.0000,'20060908'),(298,195,'447',1,0.0000,'20060908'),(299,195,'499',1,0.0000,'20060908'),(823,344,'652{1}252{2}37',1,0.0000,'20070312'),(304,198,'427',1,0.0000,'20060917'),(437,200,'150',1,0.0000,'20061004'),(436,200,'343',3,0.0000,'20061004'),(310,200,'398',10,0.0000,'20061001'),(435,200,'346',4,0.0000,'20061004'),(434,200,'370',3,0.0000,'20061004'),(433,200,'350',3,0.0000,'20061004'),(432,200,'371',3,0.0000,'20061004'),(431,200,'501',1,0.0000,'20061004'),(430,200,'499',1,0.0000,'20061004'),(429,200,'138',1,0.0000,'20061004'),(428,200,'498',1,0.0000,'20061004'),(427,200,'431',2,0.0000,'20061004'),(426,200,'543',1,0.0000,'20061004'),(425,200,'497',2,0.0000,'20061004'),(424,200,'437',1,0.0000,'20061004'),(423,200,'489',5,0.0000,'20061004'),(324,200,'459',24,0.0000,'20061001'),(422,200,'471',2,0.0000,'20061004'),(738,303,'735{1}560{2}37',1,0.0000,'20070126'),(419,200,'448',5,0.0000,'20061004'),(418,200,'491',5,0.0000,'20061004'),(417,200,'492',4,0.0000,'20061004'),(416,200,'502',2,0.0000,'20061004'),(415,200,'430',2,0.0000,'20061004'),(739,303,'732',1,0.0000,'20070126'),(723,295,'883{1}639{2}598',1,0.0000,'20070117'),(412,200,'443',4,0.0000,'20061004'),(336,200,'344',8,0.0000,'20061001'),(411,200,'436',1,0.0000,'20061004'),(339,200,'369',5,0.0000,'20061001'),(409,200,'441',5,0.0000,'20061004'),(408,200,'434',1,0.0000,'20061004'),(342,200,'399',6,0.0000,'20061001'),(407,200,'487',5,0.0000,'20061004'),(406,200,'488',5,0.0000,'20061004'),(405,200,'500',1,0.0000,'20061004'),(404,200,'486',3,0.0000,'20061004'),(402,200,'432',1,0.0000,'20061004'),(734,301,'524{1}405{2}5',1,0.0000,'20070124'),(399,200,'123',2,0.0000,'20061003'),(398,200,'124',2,0.0000,'20061003'),(353,200,'444',14,0.0000,'20061001'),(397,200,'446',5,0.0000,'20061003'),(396,200,'494',6,0.0000,'20061003'),(395,200,'137',2,0.0000,'20061003'),(394,200,'125',1,0.0000,'20061003'),(393,200,'294',1,0.0000,'20061003'),(392,200,'668',1,0.0000,'20061003'),(391,200,'447',5,0.0000,'20061003'),(728,299,'849{1}30{2}7',1,0.0000,'20070120'),(389,200,'126',3,0.0000,'20061003'),(363,200,'375',5,0.0000,'20061001'),(365,200,'372',6,0.0000,'20061001'),(366,200,'374',5,0.0000,'20061001'),(367,200,'373',6,0.0000,'20061001'),(387,200,'495',4,0.0000,'20061003'),(386,200,'122',1,0.0000,'20061003'),(385,200,'496',4,0.0000,'20061003'),(384,200,'139',3,0.0000,'20061003'),(383,200,'143',2,0.0000,'20061003'),(811,337,'666{1}501{2}38',1,0.0000,'20070308'),(381,200,'493',7,0.0000,'20061003'),(380,200,'442',8,0.0000,'20061003'),(377,200,'562',2,0.0000,'20061002'),(378,200,'573{1}438{2}38',1,0.0000,'20061003'),(438,200,'348',3,0.0000,'20061004'),(439,200,'148',1,0.0000,'20061004'),(440,200,'149',1,0.0000,'20061004'),(441,200,'147',1,0.0000,'20061004'),(442,200,'347',3,0.0000,'20061004'),(443,200,'345',4,0.0000,'20061004'),(444,200,'427',1,0.0000,'20061004'),(445,200,'428',1,0.0000,'20061004'),(448,201,'493',9,0.0000,'20061006'),(449,201,'500',3,0.0000,'20061006'),(450,201,'130',3,0.0000,'20061006'),(451,201,'143',2,0.0000,'20061006'),(452,201,'495',1,0.0000,'20061006'),(453,201,'133',1,0.0000,'20061006'),(454,201,'448',5,0.0000,'20061006'),(455,201,'447',5,0.0000,'20061006'),(456,201,'125',2,0.0000,'20061006'),(457,201,'494',7,0.0000,'20061006'),(458,201,'499',1,0.0000,'20061006'),(459,201,'139',3,0.0000,'20061006'),(460,201,'434',4,0.0000,'20061006'),(461,201,'444',5,0.0000,'20061006'),(462,201,'427',2,0.0000,'20061006'),(463,201,'498',4,0.0000,'20061006'),(464,201,'446',4,0.0000,'20061006'),(465,201,'131',2,0.0000,'20061006'),(466,201,'489',4,0.0000,'20061006'),(468,201,'668',1,0.0000,'20061007'),(717,289,'675{1}511{2}3',1,0.0000,'20070116'),(470,201,'492',4,0.0000,'20061007'),(471,201,'543',2,0.0000,'20061007'),(472,201,'502',5,0.0000,'20061007'),(473,201,'488',3,0.0000,'20061007'),(474,201,'443',4,0.0000,'20061007'),(476,201,'497',3,0.0000,'20061007'),(477,201,'428',2,0.0000,'20061007'),(478,201,'431',6,0.0000,'20061007'),(480,201,'491',4,0.0000,'20061007'),(481,201,'430',5,0.0000,'20061007'),(817,340,'719{1}539{2}7',2,0.0000,'20070309'),(483,201,'441',2,0.0000,'20061007'),(484,201,'437',4,0.0000,'20061007'),(485,201,'137',3,0.0000,'20061007'),(486,201,'432',2,0.0000,'20061007'),(487,201,'429',2,0.0000,'20061007'),(488,201,'459',2,0.0000,'20061007'),(736,303,'644{1}220{2}42',1,0.0000,'20070126'),(490,201,'436',4,0.0000,'20061007'),(491,201,'496',3,0.0000,'20061007'),(812,337,'652{1}252{2}37',1,0.0000,'20070308'),(493,201,'486',6,0.0000,'20061007'),(737,303,'713{1}220{2}42',1,0.0000,'20070126'),(495,201,'501',1,0.0000,'20061007'),(496,201,'442',3,0.0000,'20061007'),(497,201,'471',3,0.0000,'20061007'),(498,201,'267',1,0.0000,'20061007'),(799,330,'735{1}520{2}35',1,0.0000,'20070227'),(501,201,'487',3,0.0000,'20061007'),(502,201,'149',1,0.0000,'20061007'),(752,312,'960{1}695{2}36',1,0.0000,'20070202'),(504,201,'138',1,0.0000,'20061007'),(505,201,'479',1,0.0000,'20061007'),(506,201,'480',1,0.0000,'20061007'),(507,201,'348',1,0.0000,'20061007'),(508,201,'123',2,0.0000,'20061007'),(509,201,'126',1,0.0000,'20061007'),(510,201,'146',3,0.0000,'20061007'),(511,201,'147',1,0.0000,'20061007'),(512,201,'371',1,0.0000,'20061007'),(513,201,'329',1,0.0000,'20061007'),(514,201,'172',1,0.0000,'20061008'),(515,201,'124',1,0.0000,'20061008'),(516,201,'367',1,0.0000,'20061008'),(517,201,'122',1,0.0000,'20061008'),(518,201,'247',1,0.0000,'20061008'),(519,201,'731',1,0.0000,'20061008'),(521,3,'833{1}410{2}36',1,0.0000,'20061014'),(527,202,'138',1,0.0000,'20061015'),(816,339,'613{1}471{2}37',1,0.0000,'20070309'),(540,207,'459',1,0.0000,'20061020'),(547,3,'868{1}451{2}38',1,0.0000,'20061023'),(556,214,'908{1}659{2}3',1,0.0000,'20061026'),(551,211,'674{1}508{2}5',1,0.0000,'20061024'),(558,216,'325',1,0.0000,'20061029'),(560,216,'444',2,0.0000,'20061029'),(561,216,'497',1,0.0000,'20061029'),(562,216,'313',1,0.0000,'20061029'),(563,216,'139',1,0.0000,'20061029'),(565,216,'427',1,0.0000,'20061029'),(566,217,'436',1,0.0000,'20061030'),(567,217,'485',1,0.0000,'20061030'),(568,217,'501',1,0.0000,'20061030'),(813,337,'983{1}30{2}35',1,0.0000,'20070308'),(570,217,'443',3,0.0000,'20061030'),(571,217,'471',1,0.0000,'20061030'),(572,217,'124',1,0.0000,'20061030'),(814,337,'909{1}663{2}14',2,0.0000,'20070308'),(577,218,'345',1,0.0000,'20061030'),(578,218,'459',1,0.0000,'20061030'),(580,218,'217',1,0.0000,'20061030'),(626,246,'540{1}252{2}14',1,0.0000,'20061212'),(611,236,'719{1}538{2}5',1,0.0000,'20061129'),(602,228,'930{1}672{2}14',1,0.0000,'20061118'),(595,222,'843{1}30{2}37',1,0.0000,'20061110'),(592,46,'122',1,0.0000,'20061108'),(630,250,'735{1}30{2}35',1,0.0000,'20061215'),(631,250,'735{1}520{2}37',1,0.0000,'20061215'),(632,250,'710{1}459{2}42',1,0.0000,'20061215'),(633,250,'598{1}394{2}41',1,0.0000,'20061215'),(634,250,'726{1}549{2}28',1,0.0000,'20061215'),(635,250,'724{1}508{2}18',1,0.0000,'20061215'),(636,250,'725{1}506{2}19',1,0.0000,'20061215'),(637,250,'728{1}552{2}28',1,0.0000,'20061215'),(640,251,'125',1,0.0000,'20061216'),(646,252,'133',1,0.0000,'20061216'),(647,252,'501',1,0.0000,'20061216'),(645,252,'489',1,0.0000,'20061216'),(648,252,'500',1,0.0000,'20061217'),(649,252,'167',1,0.0000,'20061217'),(650,252,'131',1,0.0000,'20061218'),(651,252,'496',1,0.0000,'20061218'),(657,257,'880{1}363{2}598',1,0.0000,'20061222'),(656,256,'604{1}464{2}36',1,0.0000,'20061221'),(671,264,'885{1}438{2}598',1,0.0000,'20061228'),(672,264,'497',1,0.0000,'20061229'),(668,46,'494',1,0.0000,'20061227'),(666,262,'1003{1}30{2}3',1,0.0000,'20061226'),(673,264,'130',1,0.0000,'20061229'),(674,265,'564{1}433{2}14',1,0.0000,'20061230'),(705,282,'881{1}1{2}598',1,0.0000,'20070111'),(702,280,'571{1}30{2}36',1,0.0000,'20070110'),(691,271,'724{1}508{2}20',1,0.0000,'20070104'),(690,271,'724{1}546{2}29',1,0.0000,'20070104'),(712,287,'724{1}508{2}21',1,0.0000,'20070115'),(800,330,'735{1}521{2}36',1,0.0000,'20070227'),(779,320,'875{1}498{2}36',1,0.0000,'20070205'),(780,321,'904{1}283{2}37',1,0.0000,'20070207'),(773,315,'502',1,0.0000,'20070202'),(822,343,'680{1}519{2}213',1,0.0000,'20070311'),(853,360,'735{1}30{2}37',1,0.0000,'20070416'),(852,360,'563{1}30{2}431',2,0.0000,'20070416'),(849,358,'965{1}30{2}36',1,0.0000,'20070322'),(869,370,'1044{1}744{2}54',1,0.0000,'20071005'),(863,366,'139',1,0.0000,'20070730'),(862,365,'496',1,0.0000,'20070723'),(868,370,'1044{1}366{2}54',1,0.0000,'20071005');

--
-- Table structure for table `customers_basket_attributes`
--

CREATE TABLE `customers_basket_attributes` (
  `customers_basket_attributes_id` int(11) NOT NULL AUTO_INCREMENT,
  `customers_id` int(11) NOT NULL DEFAULT '0',
  `products_id` tinytext NOT NULL,
  `products_options_id` int(11) NOT NULL DEFAULT '0',
  `products_options_value_id` int(11) NOT NULL DEFAULT '0',
  PRIMARY KEY (`customers_basket_attributes_id`)
) ENGINE=MyISAM AUTO_INCREMENT=1069 DEFAULT CHARSET=latin1;

--
-- Dumping data for table `customers_basket_attributes`
--

INSERT INTO `customers_basket_attributes` VALUES (23,2,'113{1}78{2}4',2,4),(22,2,'113{1}78{2}4',1,78),(36,26,'192{1}125{2}19',1,125),(35,25,'240{1}190{2}6',2,6),(34,25,'240{1}190{2}6',1,190),(32,24,'179{1}95{2}22',1,95),(33,24,'179{1}95{2}22',2,22),(37,26,'192{1}125{2}19',2,19),(43,30,'167{1}105{2}6',2,6),(42,30,'167{1}105{2}6',1,105),(63,38,'464{1}30{2}37',2,37),(62,38,'464{1}30{2}37',1,30),(61,38,'464{1}30{2}36',2,36),(60,38,'464{1}30{2}36',1,30),(69,41,'463{1}30{2}37',2,37),(68,41,'463{1}30{2}37',1,30),(99,55,'331{1}280{2}35',2,35),(96,54,'373{1}319{2}35',1,319),(97,54,'373{1}319{2}35',2,35),(98,55,'331{1}280{2}35',1,280),(100,55,'330{1}280{2}35',1,280),(101,55,'330{1}280{2}35',2,35),(102,55,'329{1}30{2}34',1,30),(103,55,'329{1}30{2}34',2,34),(104,55,'222{1}164{2}3',1,164),(105,55,'222{1}164{2}3',2,3),(106,55,'240{1}190{2}3',1,190),(107,55,'240{1}190{2}3',2,3),(128,64,'402{1}30{2}6',2,6),(127,64,'402{1}30{2}6',1,30),(120,60,'241{1}193{2}5',2,5),(119,60,'241{1}193{2}5',1,193),(129,65,'241{1}193{2}4',1,193),(130,65,'241{1}193{2}4',2,4),(138,67,'194{1}115{2}20',2,20),(137,67,'194{1}115{2}20',1,115),(136,67,'198{1}125{2}20',2,20),(135,67,'198{1}125{2}20',1,125),(139,67,'186{1}118{2}20',1,118),(140,67,'186{1}118{2}20',2,20),(174,77,'395{1}344{2}38',2,38),(173,77,'395{1}344{2}38',1,344),(294,109,'181{1}102{2}28',2,28),(293,109,'181{1}102{2}28',1,102),(292,109,'253{1}122{2}41',2,41),(291,109,'253{1}122{2}41',1,122),(295,110,'241{1}170{2}6',1,170),(157,71,'406{1}1{2}37',1,1),(158,71,'406{1}1{2}37',2,37),(166,75,'241{1}193{2}8',2,8),(165,75,'241{1}193{2}8',1,193),(164,74,'171{1}105{2}3',2,3),(163,74,'171{1}105{2}3',1,105),(290,109,'253{1}200{2}41',2,41),(289,109,'253{1}200{2}41',1,200),(175,78,'194{1}125{2}21',1,125),(176,78,'194{1}125{2}21',2,21),(188,85,'284{1}243{2}35',2,35),(187,85,'284{1}243{2}35',1,243),(189,85,'284{1}226{2}35',1,226),(190,85,'284{1}226{2}35',2,35),(582,228,'930{1}672{2}14',2,14),(581,228,'930{1}672{2}14',1,672),(195,88,'203{1}93{2}7',1,93),(196,88,'203{1}93{2}7',2,7),(197,88,'163{1}39{2}7',1,39),(198,88,'163{1}39{2}7',2,7),(256,102,'236{1}185{2}20',2,20),(255,102,'236{1}185{2}20',1,185),(216,93,'185{1}115{2}19',2,19),(215,93,'185{1}115{2}19',1,115),(214,93,'194{1}115{2}20',2,20),(213,93,'194{1}115{2}20',1,115),(217,93,'256{1}115{2}41',1,115),(218,93,'256{1}115{2}41',2,41),(219,93,'260{1}199{2}41',1,199),(220,93,'260{1}199{2}41',2,41),(221,93,'253{1}200{2}41',1,200),(222,93,'253{1}200{2}41',2,41),(223,93,'254{1}200{2}41',1,200),(224,93,'254{1}200{2}41',2,41),(225,93,'385{1}105{2}5',1,105),(226,93,'385{1}105{2}5',2,5),(264,106,'182{1}114{2}20',2,20),(263,106,'182{1}114{2}20',1,114),(254,102,'235{1}183{2}21',2,21),(253,102,'235{1}183{2}21',1,183),(238,96,'408{1}30{2}14',2,14),(237,96,'408{1}30{2}14',1,30),(272,108,'191{1}120{2}20',2,20),(271,108,'191{1}120{2}20',1,120),(270,108,'186{1}117{2}20',2,20),(269,108,'186{1}117{2}20',1,117),(273,108,'194{1}123{2}22',1,123),(274,108,'194{1}123{2}22',2,22),(275,108,'201{1}123{2}22',1,123),(276,108,'201{1}123{2}22',2,22),(288,109,'194{1}125{2}28',2,28),(287,109,'194{1}125{2}28',1,125),(296,110,'241{1}170{2}6',2,6),(326,123,'407{1}347{2}36',2,36),(325,123,'407{1}347{2}36',1,347),(308,117,'387{1}94{2}3',2,3),(307,117,'387{1}94{2}3',1,94),(364,136,'475{1}30{2}4',2,4),(334,122,'240{1}190{2}7',2,7),(333,122,'240{1}190{2}7',1,190),(363,136,'475{1}30{2}4',1,30),(362,135,'402{1}30{2}213',2,213),(361,135,'402{1}30{2}213',1,30),(360,135,'388{1}334{2}258',2,258),(359,135,'388{1}334{2}258',1,334),(365,131,'260{1}120{2}42',1,120),(366,131,'260{1}120{2}42',2,42),(367,140,'474{1}30{2}213',1,30),(368,140,'474{1}30{2}213',2,213),(369,140,'393{1}339{2}36',1,339),(370,140,'393{1}339{2}36',2,36),(758,282,'881{1}1{2}598',2,598),(757,282,'881{1}1{2}598',1,1),(473,185,'388{1}39{2}258',2,258),(472,185,'388{1}39{2}258',1,39),(471,184,'337{1}265{2}36',2,36),(458,178,'407{1}1{2}35',2,35),(457,178,'407{1}1{2}35',1,1),(446,170,'194{1}125{2}28',2,28),(445,170,'194{1}125{2}28',1,125),(432,165,'192{1}104{2}21',2,21),(431,165,'192{1}104{2}21',1,104),(470,184,'337{1}265{2}36',1,265),(392,146,'414{1}30{2}4',2,4),(391,146,'414{1}30{2}4',1,30),(479,188,'361{1}300{2}38',2,38),(478,188,'361{1}300{2}38',1,300),(480,189,'240{1}190{2}5',1,190),(481,189,'240{1}190{2}5',2,5),(497,3,'833{1}410{2}36',2,36),(496,3,'833{1}410{2}36',1,410),(492,200,'573{1}438{2}38',1,438),(493,200,'573{1}438{2}38',2,38),(630,246,'540{1}252{2}14',2,14),(629,246,'540{1}252{2}14',1,252),(540,214,'908{1}659{2}3',2,3),(539,214,'908{1}659{2}3',1,659),(530,211,'674{1}508{2}5',2,5),(529,211,'674{1}508{2}5',1,508),(522,3,'868{1}451{2}38',2,38),(521,3,'868{1}451{2}38',1,451),(620,244,'136{1}370{2}375',2,375),(619,244,'136{1}370{2}375',1,370),(618,244,'135{1}2{2}372',2,372),(617,244,'135{1}2{2}372',1,2),(600,236,'719{1}538{2}5',2,5),(599,236,'719{1}538{2}5',1,538),(616,243,'615{1}474{2}35',2,35),(615,243,'615{1}474{2}35',1,474),(570,222,'843{1}30{2}37',2,37),(569,222,'843{1}30{2}37',1,30),(637,250,'735{1}30{2}35',2,35),(636,250,'735{1}30{2}35',1,30),(638,250,'735{1}520{2}37',1,520),(639,250,'735{1}520{2}37',2,37),(640,250,'710{1}459{2}42',1,459),(641,250,'710{1}459{2}42',2,42),(642,250,'598{1}394{2}41',1,394),(643,250,'598{1}394{2}41',2,41),(644,250,'726{1}549{2}28',1,549),(645,250,'726{1}549{2}28',2,28),(646,250,'724{1}508{2}18',1,508),(647,250,'724{1}508{2}18',2,18),(648,250,'725{1}506{2}19',1,506),(649,250,'725{1}506{2}19',2,19),(650,250,'728{1}552{2}28',1,552),(651,250,'728{1}552{2}28',2,28),(667,256,'604{1}464{2}36',2,36),(666,256,'604{1}464{2}36',1,464),(668,257,'880{1}363{2}598',1,363),(669,257,'880{1}363{2}598',2,598),(760,282,'881{1}252{2}598',2,598),(759,282,'881{1}252{2}598',1,252),(694,264,'885{1}438{2}598',2,598),(693,264,'885{1}438{2}598',1,438),(696,265,'564{1}433{2}14',2,14),(695,265,'564{1}433{2}14',1,433),(687,262,'1003{1}30{2}3',2,3),(686,262,'1003{1}30{2}3',1,30),(752,280,'571{1}30{2}36',2,36),(751,280,'571{1}30{2}36',1,30),(730,271,'724{1}508{2}20',2,20),(729,271,'724{1}508{2}20',1,508),(727,271,'724{1}546{2}29',1,546),(728,271,'724{1}546{2}29',2,29),(772,287,'724{1}508{2}21',2,21),(771,287,'724{1}508{2}21',1,508),(782,289,'675{1}511{2}3',2,3),(781,289,'675{1}511{2}3',1,511),(966,337,'909{1}663{2}14',1,663),(965,337,'983{1}30{2}35',2,35),(793,295,'883{1}639{2}598',1,639),(794,295,'883{1}639{2}598',2,598),(804,299,'849{1}30{2}7',2,7),(803,299,'849{1}30{2}7',1,30),(802,298,'772{1}398{2}36',2,36),(801,298,'772{1}398{2}36',1,398),(824,303,'735{1}560{2}37',2,37),(823,303,'735{1}560{2}37',1,560),(822,303,'713{1}220{2}42',2,42),(821,303,'713{1}220{2}42',1,220),(820,303,'644{1}220{2}42',2,42),(819,303,'644{1}220{2}42',1,220),(816,301,'524{1}405{2}5',2,5),(815,301,'524{1}405{2}5',1,405),(963,337,'652{1}252{2}37',2,37),(941,330,'735{1}521{2}36',2,36),(850,312,'960{1}695{2}36',2,36),(849,312,'960{1}695{2}36',1,695),(985,344,'652{1}252{2}37',2,37),(984,344,'652{1}252{2}37',1,252),(983,343,'680{1}519{2}213',2,213),(973,340,'719{1}539{2}7',2,7),(972,340,'719{1}539{2}7',1,539),(971,339,'613{1}471{2}37',2,37),(970,339,'613{1}471{2}37',1,471),(967,337,'909{1}663{2}14',2,14),(964,337,'983{1}30{2}35',1,30),(962,337,'652{1}252{2}37',1,252),(961,337,'666{1}501{2}38',2,38),(960,337,'666{1}501{2}38',1,501),(940,330,'735{1}521{2}36',1,521),(939,330,'735{1}520{2}35',2,35),(938,330,'735{1}520{2}35',1,520),(899,320,'875{1}498{2}36',2,36),(898,320,'875{1}498{2}36',1,498),(901,321,'904{1}283{2}37',2,37),(900,321,'904{1}283{2}37',1,283),(982,343,'680{1}519{2}213',1,519),(1045,360,'735{1}30{2}37',2,37),(1044,360,'735{1}30{2}37',1,30),(1043,360,'563{1}30{2}431',2,431),(1042,360,'563{1}30{2}431',1,30),(1037,358,'965{1}30{2}36',2,36),(1036,358,'965{1}30{2}36',1,30),(1068,370,'1044{1}744{2}54',2,54),(1067,370,'1044{1}744{2}54',1,744),(1066,370,'1044{1}366{2}54',2,54),(1065,370,'1044{1}366{2}54',1,366);

--
-- Table structure for table `customers_info`
--

CREATE TABLE `customers_info` (
  `customers_info_id` int(11) NOT NULL DEFAULT '0',
  `customers_info_date_of_last_logon` datetime DEFAULT NULL,
  `customers_info_number_of_logons` int(5) DEFAULT NULL,
  `customers_info_date_account_created` datetime DEFAULT NULL,
  `customers_info_date_account_last_modified` datetime DEFAULT NULL,
  `global_product_notifications` int(1) DEFAULT '0',
  PRIMARY KEY (`customers_info_id`)
) ENGINE=MyISAM DEFAULT CHARSET=latin1;

--
-- Dumping data for table `customers_info`
--

INSERT INTO `customers_info` VALUES (6,NULL,0,'2005-02-26 20:58:24',NULL,0),(2,'2005-02-10 11:13:56',14,'2004-07-12 10:54:38','2005-02-09 09:55:19',0),(3,'2006-10-23 16:41:38',14,'2005-01-17 15:12:31','2006-10-05 07:14:43',0),(4,NULL,0,'2005-02-07 20:13:49','2005-02-08 09:55:11',0),(5,NULL,0,'2005-02-08 10:48:28',NULL,0),(7,'2005-02-27 19:16:27',1,'2005-02-27 18:50:07',NULL,0),(8,NULL,0,'2005-02-28 01:29:34',NULL,0),(9,NULL,0,'2005-03-03 12:01:08',NULL,0),(10,NULL,0,'2005-03-07 09:59:26',NULL,0),(11,'2006-02-21 09:29:25',3,'2005-03-16 22:41:47',NULL,0),(12,NULL,0,'2005-03-19 14:08:00','2005-03-19 14:08:26',0),(13,NULL,0,'2005-03-31 02:15:02',NULL,0),(14,'2005-04-10 14:52:03',1,'2005-04-10 14:44:34',NULL,0),(15,NULL,0,'2005-04-18 10:54:59',NULL,0),(16,NULL,0,'2005-05-01 19:09:14',NULL,0),(17,NULL,0,'2005-05-18 20:21:21',NULL,0),(18,NULL,0,'2005-07-09 19:08:48',NULL,0),(19,NULL,0,'2005-07-28 17:34:14',NULL,0),(20,'2005-08-10 11:52:00',7,'2005-08-04 18:56:22',NULL,0),(21,NULL,0,'2005-09-15 05:50:13',NULL,0),(22,NULL,0,'2005-09-26 08:41:19',NULL,0),(23,NULL,0,'2005-10-21 15:45:11',NULL,0),(24,NULL,0,'2005-10-22 14:37:01',NULL,0),(25,NULL,0,'2005-10-30 22:17:12',NULL,0),(26,NULL,0,'2005-11-05 13:51:13',NULL,0),(27,NULL,0,'2005-11-08 12:31:46',NULL,0),(28,NULL,0,'2005-11-08 17:28:52',NULL,0),(29,NULL,0,'2005-11-11 08:08:30',NULL,0),(30,NULL,0,'2005-11-11 10:29:56','2005-11-15 11:30:15',0),(31,'2005-12-08 10:39:51',1,'2005-11-16 00:53:19','2005-12-08 10:41:29',0),(32,NULL,0,'2005-11-16 21:57:19',NULL,0),(33,NULL,0,'2005-11-16 23:06:04',NULL,0),(34,NULL,0,'2005-11-21 11:31:15',NULL,0),(35,NULL,0,'2005-11-21 16:07:00',NULL,0),(36,NULL,0,'2005-11-26 19:12:06',NULL,0),(37,NULL,0,'2005-11-27 22:41:03',NULL,0),(38,NULL,0,'2005-11-29 22:21:29',NULL,0),(39,'2005-11-30 11:26:30',1,'2005-11-30 11:08:46',NULL,0),(40,NULL,0,'2005-11-30 18:25:09',NULL,0),(41,NULL,0,'2005-11-30 18:45:46',NULL,0),(42,NULL,0,'2005-12-03 12:43:23',NULL,0),(43,NULL,0,'2005-12-04 16:53:00',NULL,0),(44,NULL,0,'2005-12-05 21:22:58',NULL,0),(45,NULL,0,'2005-12-06 16:57:37',NULL,0),(46,'2007-02-13 23:04:29',10,'2005-12-06 17:40:47',NULL,0),(47,NULL,0,'2005-12-07 13:09:59',NULL,0),(48,'2005-12-11 19:53:41',1,'2005-12-11 19:36:05',NULL,0),(49,NULL,0,'2005-12-12 14:47:57',NULL,0),(50,NULL,0,'2005-12-13 09:37:14',NULL,0),(51,NULL,0,'2005-12-13 09:51:23',NULL,0),(52,'2005-12-20 14:01:36',2,'2005-12-13 09:55:31',NULL,0),(53,'2005-12-14 07:52:27',1,'2005-12-14 07:26:08',NULL,0),(54,NULL,0,'2005-12-14 11:50:56',NULL,0),(55,NULL,0,'2005-12-14 11:54:17',NULL,0),(56,'2005-12-24 21:55:42',1,'2005-12-15 08:34:25',NULL,0),(57,NULL,0,'2005-12-15 22:18:15',NULL,0),(58,'2005-12-29 13:07:08',4,'2005-12-19 15:50:06',NULL,0),(59,'2006-01-02 13:14:36',1,'2005-12-20 20:34:31',NULL,0),(60,NULL,0,'2005-12-23 08:44:19',NULL,0),(61,NULL,0,'2005-12-24 09:47:39',NULL,0),(62,NULL,0,'2005-12-26 15:51:57',NULL,0),(63,NULL,0,'2005-12-27 09:54:11',NULL,0),(64,NULL,0,'2005-12-28 06:30:43',NULL,0),(65,NULL,0,'2005-12-31 12:11:13',NULL,0),(66,NULL,0,'2006-01-04 04:26:57',NULL,0),(67,NULL,0,'2006-01-04 12:37:49',NULL,0),(68,NULL,0,'2006-01-04 18:01:19',NULL,0),(69,'2006-01-09 13:02:10',1,'2006-01-04 18:54:50',NULL,0),(70,'2006-11-13 09:40:10',6,'2006-01-04 19:34:16',NULL,0),(71,NULL,0,'2006-01-04 23:46:04',NULL,0),(72,NULL,0,'2006-01-05 09:53:24',NULL,0),(73,NULL,0,'2006-01-05 10:41:57',NULL,0),(74,NULL,0,'2006-01-05 13:33:58',NULL,0),(75,'2006-01-10 07:55:57',4,'2006-01-05 14:54:55',NULL,0),(76,'2006-01-12 13:44:30',7,'2006-01-07 02:44:39',NULL,0),(77,NULL,0,'2006-01-07 09:19:04',NULL,0),(78,NULL,0,'2006-01-07 15:54:55',NULL,0),(79,'2006-01-07 21:44:33',1,'2006-01-07 18:19:49',NULL,0),(80,'2006-01-11 19:00:05',2,'2006-01-08 11:08:18',NULL,0),(81,NULL,0,'2006-01-08 11:18:00',NULL,0),(82,'2006-02-11 13:14:27',6,'2006-01-08 17:52:48',NULL,0),(83,NULL,0,'2006-01-08 20:38:44',NULL,0),(84,NULL,0,'2006-01-08 22:04:58',NULL,0),(85,NULL,0,'2006-01-09 08:06:51',NULL,0),(86,'2006-01-23 15:45:00',1,'2006-01-09 17:11:00',NULL,0),(87,'2006-11-09 05:37:08',2,'2006-01-10 04:55:56',NULL,0),(88,NULL,0,'2006-01-10 08:06:39',NULL,0),(89,'2006-01-16 10:02:01',4,'2006-01-11 20:13:36',NULL,0),(90,'2006-01-17 10:50:54',1,'2006-01-12 23:26:26','2006-01-17 10:58:10',0),(91,NULL,0,'2006-01-14 11:53:47',NULL,0),(92,NULL,0,'2006-01-15 05:31:48',NULL,0),(93,NULL,0,'2006-01-15 06:36:15',NULL,0),(94,'2006-01-27 16:08:30',1,'2006-01-16 23:42:19',NULL,0),(95,'2006-01-30 06:34:23',1,'2006-01-17 20:23:37',NULL,0),(96,NULL,0,'2006-01-18 14:12:40',NULL,0),(97,NULL,0,'2006-01-19 19:13:24',NULL,0),(98,NULL,0,'2006-01-20 11:09:55',NULL,0),(99,'2006-01-31 15:06:49',2,'2006-01-21 22:19:51',NULL,0),(100,'2006-01-25 01:03:33',3,'2006-01-23 12:59:24',NULL,0),(101,NULL,0,'2006-01-24 06:32:58',NULL,0),(102,NULL,0,'2006-01-24 20:46:57',NULL,0),(103,NULL,0,'2006-01-25 05:23:42',NULL,0),(104,NULL,0,'2006-01-25 21:46:22',NULL,0),(105,NULL,0,'2006-01-28 03:33:24',NULL,0),(106,NULL,0,'2006-01-28 20:27:16',NULL,0),(107,NULL,0,'2006-01-29 16:19:15',NULL,0),(108,'2006-01-30 09:19:25',1,'2006-01-29 18:57:00',NULL,0),(109,NULL,0,'2006-02-01 09:01:16',NULL,0),(110,NULL,0,'2006-02-02 09:22:59',NULL,0),(111,NULL,0,'2006-02-02 13:57:26',NULL,0),(112,'2006-02-09 18:42:55',2,'2006-02-03 07:15:30','2006-02-10 11:32:39',0),(113,'2006-02-18 09:57:01',9,'2006-02-03 14:01:47',NULL,0),(114,'2006-02-07 21:48:21',1,'2006-02-04 11:22:19',NULL,0),(115,NULL,0,'2006-02-04 17:56:08',NULL,0),(116,'2006-02-06 09:11:01',1,'2006-02-05 04:09:45',NULL,0),(117,NULL,0,'2006-02-05 20:55:04',NULL,0),(118,'2006-02-07 07:18:30',1,'2006-02-06 08:38:39',NULL,0),(119,NULL,0,'2006-02-07 18:47:59',NULL,0),(120,NULL,0,'2006-02-09 21:18:33',NULL,0),(121,NULL,0,'2006-02-14 18:51:48',NULL,0),(122,'2006-02-22 10:27:00',6,'2006-02-15 05:56:03',NULL,0),(123,NULL,0,'2006-02-15 06:19:43',NULL,0),(124,NULL,0,'2006-02-16 01:29:10',NULL,0),(125,'2006-02-22 18:11:10',3,'2006-02-16 17:57:55',NULL,0),(126,NULL,0,'2006-02-16 20:11:50',NULL,0),(127,NULL,0,'2006-02-17 10:51:59',NULL,0),(128,NULL,0,'2006-02-18 08:12:47',NULL,0),(129,'2006-03-07 19:33:58',3,'2006-02-18 10:02:45','2006-03-06 12:03:19',0),(130,'2006-02-20 12:59:27',1,'2006-02-20 11:18:13',NULL,0),(131,'2006-03-01 13:30:53',2,'2006-02-20 17:27:49',NULL,0),(132,NULL,0,'2006-02-20 21:25:36',NULL,0),(133,NULL,0,'2006-02-21 06:40:37',NULL,0),(134,'2006-02-21 22:40:28',1,'2006-02-21 18:50:05',NULL,0),(135,NULL,0,'2006-02-22 10:09:39',NULL,0),(136,NULL,0,'2006-02-22 20:24:46',NULL,0),(137,NULL,0,'2006-02-24 05:26:56',NULL,0),(138,NULL,0,'2006-02-24 07:54:05',NULL,0),(139,NULL,0,'2006-02-26 05:34:39',NULL,0),(140,NULL,0,'2006-03-02 09:11:37',NULL,0),(141,NULL,0,'2006-03-02 15:43:53',NULL,0),(142,'2007-01-07 19:36:33',2,'2006-03-03 16:35:56',NULL,0),(143,'2006-03-15 15:19:42',3,'2006-03-06 09:07:51',NULL,0),(144,'2006-04-04 10:46:22',1,'2006-03-06 13:41:48',NULL,0),(145,NULL,0,'2006-03-06 16:22:53',NULL,0),(146,NULL,0,'2006-03-07 17:07:45',NULL,0),(147,NULL,0,'2006-03-08 09:34:47',NULL,0),(148,NULL,0,'2006-03-09 16:56:20',NULL,0),(149,NULL,0,'2006-03-11 12:33:58',NULL,0),(150,NULL,0,'2006-03-12 22:38:00',NULL,0),(151,NULL,0,'2006-03-14 16:00:00',NULL,0),(152,NULL,0,'2006-03-16 08:09:41',NULL,0),(153,NULL,0,'2006-03-16 20:29:13',NULL,0),(154,NULL,0,'2006-03-17 12:21:17',NULL,0),(155,NULL,0,'2006-03-17 16:35:23',NULL,0),(156,'2006-04-03 20:13:25',1,'2006-03-20 12:06:20',NULL,0),(157,NULL,0,'2006-03-21 12:30:20',NULL,0),(158,NULL,0,'2006-03-23 19:22:07',NULL,0),(159,'2006-04-03 11:54:44',1,'2006-03-24 14:03:45',NULL,0),(160,NULL,0,'2006-03-24 14:51:19',NULL,0),(161,NULL,0,'2006-03-24 15:32:14',NULL,0),(162,'2006-03-30 10:55:26',1,'2006-03-24 17:42:14',NULL,0),(163,'2006-03-24 21:08:26',2,'2006-03-24 21:00:49',NULL,0),(164,'2006-03-29 14:52:30',1,'2006-03-25 19:06:05',NULL,0),(165,NULL,0,'2006-03-26 13:54:04',NULL,0),(166,NULL,0,'2006-03-27 08:00:35',NULL,0),(167,NULL,0,'2006-03-28 10:40:17',NULL,0),(168,NULL,0,'2006-03-28 10:50:56',NULL,0),(169,NULL,0,'2006-03-29 13:09:53',NULL,0),(170,NULL,0,'2006-03-30 12:37:20',NULL,0),(171,'2006-04-08 14:59:10',1,'2006-03-31 17:47:15','2006-04-08 15:00:08',0),(172,NULL,0,'2006-03-31 22:17:07',NULL,0),(173,NULL,0,'2006-04-03 21:46:37',NULL,0),(174,NULL,0,'2006-04-10 15:42:57',NULL,0),(175,NULL,0,'2006-04-13 18:22:10',NULL,0),(176,'2006-04-14 23:41:09',1,'2006-04-14 23:38:35',NULL,0),(177,NULL,0,'2006-04-16 04:30:30',NULL,0),(178,'2006-04-18 08:03:38',1,'2006-04-17 23:16:02',NULL,0),(179,NULL,0,'2006-04-19 17:46:51',NULL,0),(180,NULL,0,'2006-04-20 14:01:11',NULL,0),(181,NULL,0,'2006-04-28 12:36:09',NULL,0),(182,NULL,0,'2006-05-06 14:40:23',NULL,0),(183,NULL,0,'2006-05-19 12:44:39',NULL,0),(184,NULL,0,'2006-06-26 20:53:56',NULL,0),(185,NULL,0,'2006-07-02 15:00:10',NULL,0),(186,NULL,0,'2006-07-02 15:12:52',NULL,0),(187,NULL,0,'2006-07-06 12:59:03',NULL,0),(188,NULL,0,'2006-07-12 21:10:51',NULL,0),(189,NULL,0,'2006-07-17 07:34:28',NULL,0),(190,NULL,0,'2006-07-20 09:52:16',NULL,0),(191,NULL,0,'2006-07-22 21:41:08',NULL,0),(192,NULL,0,'2006-07-31 17:38:45',NULL,0),(193,'2006-08-21 09:30:53',3,'2006-08-06 11:21:08',NULL,0),(194,'2006-09-06 00:32:06',1,'2006-09-03 02:27:14',NULL,0),(195,NULL,0,'2006-09-08 06:16:55',NULL,0),(196,NULL,0,'2006-09-08 21:17:47',NULL,0),(197,NULL,0,'2006-09-14 22:52:24',NULL,0),(198,NULL,0,'2006-09-17 09:58:47',NULL,0),(199,'2006-09-23 16:57:13',1,'2006-09-19 19:12:22',NULL,0),(200,'2006-10-01 20:58:40',7,'2006-09-20 15:58:57',NULL,0),(201,NULL,0,'2006-10-06 20:50:52',NULL,0),(202,NULL,0,'2006-10-14 12:39:04',NULL,0),(203,NULL,0,'2006-10-17 01:58:55',NULL,0),(204,NULL,0,'2006-10-17 09:50:11',NULL,0),(205,'2006-10-20 09:51:47',1,'2006-10-19 14:39:20',NULL,0),(206,'2006-10-19 23:50:56',1,'2006-10-19 19:37:22',NULL,0),(207,NULL,0,'2006-10-20 11:50:59',NULL,0),(208,'2006-10-21 20:21:41',1,'2006-10-21 18:17:53',NULL,0),(209,'2006-10-25 13:28:15',2,'2006-10-23 13:31:58',NULL,0),(210,'2006-11-01 11:21:20',3,'2006-10-23 22:32:00',NULL,0),(211,NULL,0,'2006-10-24 10:41:02',NULL,0),(212,'2006-10-24 17:32:26',2,'2006-10-24 14:39:05',NULL,0),(213,NULL,0,'2006-10-24 14:57:12',NULL,0),(214,'2007-05-13 16:52:20',1,'2006-10-26 14:40:37',NULL,0),(215,'2006-11-01 11:22:41',2,'2006-10-28 23:02:03',NULL,0),(216,NULL,0,'2006-10-29 12:36:28',NULL,0),(217,NULL,0,'2006-10-30 13:43:10',NULL,0),(218,NULL,0,'2006-10-30 16:50:07',NULL,0),(219,NULL,0,'2006-11-02 07:46:47',NULL,0),(220,NULL,0,'2006-11-02 19:12:30',NULL,0),(221,NULL,0,'2006-11-06 00:29:37',NULL,0),(222,NULL,0,'2006-11-10 15:09:07',NULL,0),(223,'2006-11-13 17:17:23',1,'2006-11-10 19:05:46',NULL,0),(224,NULL,0,'2006-11-12 15:42:45',NULL,0),(225,NULL,0,'2006-11-14 22:07:35',NULL,0),(226,NULL,0,'2006-11-15 11:51:06',NULL,0),(227,NULL,0,'2006-11-15 11:55:58',NULL,0),(228,NULL,0,'2006-11-18 06:06:43',NULL,0),(229,'2006-12-08 03:20:26',2,'2006-11-20 09:05:06',NULL,0),(230,NULL,0,'2006-11-20 15:33:56',NULL,0),(231,NULL,0,'2006-11-25 21:36:29',NULL,0),(232,'2006-12-16 22:36:42',1,'2006-11-26 14:42:22',NULL,0),(233,'2006-12-01 07:24:01',2,'2006-11-27 08:54:41',NULL,0),(234,'2006-11-29 19:08:36',3,'2006-11-27 21:57:41',NULL,0),(235,NULL,0,'2006-11-29 12:23:17',NULL,0),(236,NULL,0,'2006-11-29 19:07:25',NULL,0),(237,'2006-12-13 11:16:55',3,'2006-11-30 17:42:47',NULL,0),(238,NULL,0,'2006-12-03 11:30:29',NULL,0),(239,NULL,0,'2006-12-05 00:08:55',NULL,0),(240,'2006-12-06 22:33:06',1,'2006-12-06 17:51:03',NULL,0),(241,NULL,0,'2006-12-06 22:11:48',NULL,0),(242,NULL,0,'2006-12-07 11:00:06',NULL,0),(243,NULL,0,'2006-12-09 14:12:26',NULL,0),(244,NULL,0,'2006-12-10 11:22:49',NULL,0),(245,NULL,0,'2006-12-11 19:33:55',NULL,0),(246,NULL,0,'2006-12-12 10:06:24',NULL,0),(247,NULL,0,'2006-12-12 16:12:49',NULL,0),(248,'2006-12-14 13:58:47',1,'2006-12-13 23:07:08',NULL,0),(249,'2006-12-15 08:46:07',1,'2006-12-14 16:37:10',NULL,0),(250,NULL,0,'2006-12-15 18:15:16',NULL,0),(251,NULL,0,'2006-12-15 22:52:35',NULL,0),(252,NULL,0,'2006-12-16 11:17:08',NULL,0),(253,'2006-12-22 12:58:42',2,'2006-12-18 22:37:59',NULL,0),(254,NULL,0,'2006-12-19 14:18:57',NULL,0),(255,NULL,0,'2006-12-20 13:29:58',NULL,0),(256,'2006-12-24 06:43:54',1,'2006-12-21 20:30:05',NULL,0),(257,NULL,0,'2006-12-22 15:47:45',NULL,0),(258,'2006-12-26 15:15:23',2,'2006-12-23 17:05:28',NULL,0),(259,NULL,0,'2006-12-24 22:51:59',NULL,0),(260,'2006-12-28 13:59:30',4,'2006-12-26 02:54:37',NULL,0),(261,'2006-12-27 15:44:12',1,'2006-12-26 11:00:30',NULL,0),(262,NULL,0,'2006-12-26 19:25:06',NULL,0),(263,NULL,0,'2006-12-26 22:20:42',NULL,0),(264,NULL,0,'2006-12-28 13:30:24',NULL,0),(265,NULL,0,'2006-12-30 15:41:13',NULL,0),(266,NULL,0,'2006-12-31 20:46:41',NULL,0),(267,'2007-01-11 19:58:31',4,'2007-01-01 16:37:13',NULL,0),(268,NULL,0,'2007-01-03 15:18:16',NULL,0),(269,NULL,0,'2007-01-03 17:13:18',NULL,0),(270,NULL,0,'2007-01-03 22:34:00',NULL,0),(271,NULL,0,'2007-01-04 10:02:26',NULL,0),(272,NULL,0,'2007-01-05 14:09:40',NULL,0),(273,'2007-01-10 20:10:16',1,'2007-01-06 14:49:53',NULL,0),(274,'2007-01-12 17:30:20',1,'2007-01-06 19:50:16',NULL,0),(275,NULL,0,'2007-01-07 13:41:51',NULL,0),(276,NULL,0,'2007-01-07 19:42:30',NULL,0),(277,NULL,0,'2007-01-08 11:29:31',NULL,0),(278,NULL,0,'2007-01-08 23:23:40',NULL,0),(279,'2007-01-09 19:42:43',1,'2007-01-09 12:09:57',NULL,0),(280,'2007-01-10 10:08:23',1,'2007-01-10 01:06:51',NULL,0),(281,NULL,0,'2007-01-10 12:39:45',NULL,0),(282,NULL,0,'2007-01-10 20:26:51',NULL,0),(283,'2007-01-11 00:42:14',1,'2007-01-11 00:40:48',NULL,0),(284,NULL,0,'2007-01-13 12:45:52',NULL,0),(285,'2007-01-15 23:00:45',1,'2007-01-14 15:40:20',NULL,0),(286,NULL,0,'2007-01-15 09:26:34',NULL,0),(287,NULL,0,'2007-01-15 10:41:24',NULL,0),(288,NULL,0,'2007-01-15 14:25:36',NULL,0),(289,'2007-01-16 17:42:29',9,'2007-01-15 20:38:16',NULL,0),(290,NULL,0,'2007-01-15 20:45:00',NULL,0),(291,NULL,0,'2007-01-16 18:08:48',NULL,0),(292,NULL,0,'2007-01-16 18:17:11',NULL,0),(293,NULL,0,'2007-01-16 18:32:25',NULL,0),(294,'2007-01-20 13:51:44',1,'2007-01-16 22:48:23',NULL,0),(295,NULL,0,'2007-01-17 02:19:12',NULL,0),(296,'2007-01-17 11:12:21',1,'2007-01-17 10:55:54',NULL,0),(297,NULL,0,'2007-01-18 17:24:21',NULL,0),(298,'2007-01-20 11:37:13',4,'2007-01-18 22:52:20',NULL,0),(299,NULL,0,'2007-01-20 05:42:30',NULL,0),(300,NULL,0,'2007-01-20 13:58:27',NULL,0),(301,NULL,0,'2007-01-24 15:12:41',NULL,0),(302,'2007-01-27 02:59:49',3,'2007-01-25 12:13:38','2007-01-25 23:36:23',0),(303,NULL,0,'2007-01-26 15:32:54',NULL,0),(304,NULL,0,'2007-01-26 16:51:40',NULL,0),(305,NULL,0,'2007-01-26 22:17:55',NULL,0),(306,'2007-02-28 12:50:28',20,'2007-01-29 10:21:24',NULL,0),(307,'2007-01-31 18:19:40',1,'2007-01-30 20:11:51',NULL,0),(308,'2007-02-03 14:34:18',1,'2007-01-31 14:35:46',NULL,0),(309,NULL,0,'2007-02-01 16:24:35',NULL,0),(310,'2007-02-13 00:14:28',28,'2007-02-01 17:14:12',NULL,0),(311,NULL,0,'2007-02-01 19:41:55',NULL,0),(312,NULL,0,'2007-02-02 02:53:19',NULL,0),(313,NULL,0,'2007-02-02 13:32:50',NULL,0),(314,'2007-02-07 17:55:22',5,'2007-02-02 16:55:40',NULL,0),(315,NULL,0,'2007-02-02 22:24:16',NULL,0),(316,'2007-02-05 11:58:27',1,'2007-02-03 10:49:41',NULL,0),(317,NULL,0,'2007-02-03 20:29:10','2007-02-03 20:30:10',0),(318,NULL,0,'2007-02-05 09:48:24',NULL,0),(319,'2007-02-06 12:51:23',2,'2007-02-05 15:57:25',NULL,0),(320,'2007-02-08 09:38:12',4,'2007-02-05 17:20:13',NULL,0),(321,NULL,0,'2007-02-07 04:46:58',NULL,0),(322,NULL,0,'2007-02-09 18:19:30',NULL,0),(323,NULL,0,'2007-02-11 19:36:36',NULL,0),(324,NULL,0,'2007-02-16 06:03:40',NULL,0),(325,NULL,0,'2007-02-16 17:35:27',NULL,0),(326,NULL,0,'2007-02-17 09:15:48',NULL,0),(327,NULL,0,'2007-02-19 12:28:01',NULL,0),(328,'2007-02-20 13:15:04',3,'2007-02-20 03:07:06',NULL,0),(329,'2007-02-26 19:19:40',2,'2007-02-26 15:28:42',NULL,0),(330,'2007-02-28 15:31:12',3,'2007-02-27 12:59:32',NULL,0),(331,'2007-03-05 16:53:17',5,'2007-02-27 20:36:39',NULL,0),(332,NULL,0,'2007-03-01 20:39:04',NULL,0),(333,NULL,0,'2007-03-03 09:09:20',NULL,0),(334,'2007-03-27 03:27:52',1,'2007-03-05 22:43:35',NULL,0),(335,NULL,0,'2007-03-06 16:32:06',NULL,0),(336,'2007-03-13 14:42:29',1,'2007-03-07 16:24:26',NULL,0),(337,NULL,0,'2007-03-08 05:04:10',NULL,0),(338,NULL,0,'2007-03-08 20:52:36',NULL,0),(339,NULL,0,'2007-03-09 12:21:16',NULL,0),(340,NULL,0,'2007-03-09 17:28:25',NULL,0),(341,NULL,0,'2007-03-10 13:24:28',NULL,0),(342,NULL,0,'2007-03-10 21:59:39',NULL,0),(343,NULL,0,'2007-03-11 16:07:23',NULL,0),(344,NULL,0,'2007-03-12 19:27:59',NULL,0),(345,NULL,0,'2007-03-13 17:43:37',NULL,0),(346,'2007-03-14 18:08:03',3,'2007-03-14 06:37:33',NULL,0),(347,NULL,0,'2007-03-14 09:16:19',NULL,0),(348,NULL,0,'2007-03-14 13:47:15',NULL,0),(349,NULL,0,'2007-03-16 10:14:17',NULL,0),(350,'2007-03-17 15:25:17',2,'2007-03-16 16:24:29',NULL,0),(351,NULL,0,'2007-03-18 18:19:52',NULL,0),(352,NULL,0,'2007-03-19 11:12:39',NULL,0),(353,NULL,0,'2007-03-19 13:38:49',NULL,0),(354,'2007-03-21 19:16:17',2,'2007-03-19 14:33:05',NULL,0),(355,NULL,0,'2007-03-20 09:09:23',NULL,0),(356,'2007-03-22 15:06:10',1,'2007-03-20 15:58:20',NULL,0),(357,'2007-03-22 13:19:14',1,'2007-03-22 13:14:51',NULL,0),(358,'2007-04-03 12:14:56',2,'2007-03-22 17:00:50','2007-03-31 05:59:55',0),(359,'2007-03-31 16:43:46',1,'2007-03-26 14:37:47',NULL,0),(360,'2007-05-08 19:05:20',2,'2007-04-16 17:22:44',NULL,0),(361,NULL,0,'2007-05-02 14:08:30',NULL,0),(362,NULL,0,'2007-05-06 11:14:07',NULL,0),(363,NULL,0,'2007-07-08 13:53:14',NULL,0),(364,NULL,0,'2007-07-10 11:20:38',NULL,0),(365,NULL,0,'2007-07-23 10:17:22',NULL,0),(366,NULL,0,'2007-07-30 13:56:35',NULL,0),(367,NULL,0,'2007-08-02 14:46:47',NULL,0),(368,'2007-08-15 16:09:53',1,'2007-08-15 16:01:17',NULL,0),(369,'2007-08-29 00:16:28',3,'2007-08-21 03:34:19',NULL,0),(370,NULL,0,'2007-10-05 23:03:02',NULL,0),(371,NULL,0,'2007-10-20 16:21:05',NULL,0);

--
-- Table structure for table `equipment`
--

CREATE TABLE `equipment` (
  `equipment_id` mediumint(9) NOT NULL AUTO_INCREMENT,
  `equipment_name` varchar(255) NOT NULL DEFAULT '',
  `equipment_description` text NOT NULL,
  `equipment_order` mediumint(9) NOT NULL DEFAULT '0',
  `equipment_day1` float NOT NULL DEFAULT '0',
  `equipment_day2` float NOT NULL DEFAULT '0',
  `equipment_day3` float NOT NULL DEFAULT '0',
  `equipment_day4` float NOT NULL DEFAULT '0',
  `equipment_day5` float NOT NULL DEFAULT '0',
  `equipment_type` tinyint(4) NOT NULL DEFAULT '0',
  `equipment_active` tinyint(4) NOT NULL DEFAULT '0',
  `equipment_store` tinyint(4) NOT NULL DEFAULT '0',
  `equipment_noboot` tinyint(1) NOT NULL DEFAULT '0',
  `equipment_nobootcredit` float NOT NULL DEFAULT '0',
  PRIMARY KEY (`equipment_id`)
) ENGINE=MyISAM AUTO_INCREMENT=52 DEFAULT CHARSET=latin1;

--
-- Dumping data for table `equipment`
--

INSERT INTO `equipment` VALUES (20,'1. Sport Package','For the first time or beginner skier - let\'s make it easy for you to love this sport! Included in this package: \r\n<ul>\r\n<li>VOLKL skis\r\n<li>NORDICA, HEAD or Technica ski boots <li>Your choice of poles\r\n</ul>\r\n',0,28,50,75,100,22,0,1,3,1,4),(21,'2. Performance Carver Package','Our most popular rental package for advanced beginner to intermediate skiers. This package is perfect for the advanced beginner looking to take their skiing to the next level. Included in this package: Package includes:\r\n<ul>\r\n<li>VOLKL R1 SHAPED skis: performance shaped skis which will carve and be very stable in all conditions\r\n<li>HEAD, NORDICA or TECHNICA boots: responsive and comfortable\r\n<li>Your choice of poles\r\n</ul>',0,35,64,96,128,29,0,1,3,1,4),(22,'3. Demo Package','Why not rent the best? For the advanced intermediate or aggressive advanced powder hound. Skis are always available to exchange depending on availability -- so for those deep powder days rent the wider skis to get you to the peak. Choose from the latest models of:\r\n<ul>\r\n<li>VOLKL, NORDICA, K2 and HEAD skis: these skis will always make you smile. \r\n<li>Boots from HEAD, NORDICA or TECHNICA\r\n<li>Your choice of poles\r\n</ul>',0,47,88,132,176,40,0,1,3,1,4),(23,'4. Child\'s Shaped Package','Perfect for your kids first time on the slopes! Make sure to grab a helmet for only an extra $5 per day.\r\n<ul>\r\n<li>HEAD skis\r\n<li>HEAD boots\r\n</ul>',0,16,30,45,60,14,0,1,3,1,3),(24,'5. Snowboard Package','Choose from a STEP-IN boot/binding system or a STRAP system (depending on availability.)\r\n<ul>\r\n<li>HEAD snowboards\r\n</ul>',0,33,60,90,120,28,0,1,3,0,0),(25,'2. Performance Package','This package is designed for the skier looking for better performance than a Sport Package will give. This includes experienced skiers, skiers looking to go faster, and athletic individuals. This package includes:\r\n<ul>\r\n<li>VOLKL, HEAD, K2 or NORDICA skis\r\n<li>Performance boots\r\n<li>Performance bindings from MARKER, TYROLIA or LOOK\r\n<li>Your choice of poles\r\n</ul>',0,42,84,117,152,38,0,1,4,1,4),(26,'1.  Adult Alpine Shape Package','This package is a great choice for the skier just starting out or a skier looking to try out a shaped ski. These skis are designed to give you easy turning and a smooth feel on the hill.\r\n<ul>\r\n<li>Skis from FISHER< VOLKL or NORDICA.\r\n<li>Boots from NORDICA, TECHNICA or DOLOMITE\r\n<li>MARKER bindings\r\n<li>Your choice of poles\r\n</ul>',0,33,66,90,120,28,0,1,4,1,4),(27,'3. Junior Alpine Package (12 & under)','Call us or drop in for details.',0,22,44,60,80,18,0,1,4,1,0),(28,'4. Snowboard Package','Our Snowboard packages use Boards outfitted with a special strap bindings from Head. We really feel that you can get a lot better performance from a good strap binding as opposed to a step-in binding.\r\n<ul>\r\n<li>HEAD snowboards\r\n<li>HEAD or BURTON boots\r\n</ul>',0,33,66,90,120,28,0,1,4,1,3),(29,'5. Cross Country Package','Our Petoskey Michigan store is conveniently located in the middle of some of the finest Nordic trails in Michigan. All of our skis use easy to use step-in bindings.\r\n<ul>\r\n<li>FISHER, ROSSIGNOL or KARHU no-wax skis\r\n<li>SALOMON or FISCHER boots\r\n</li>',0,20,40,56,72,16,0,1,4,0,0),(30,'6. Snowshoe Package','This package includes snowshoes from ATLAS or TUBBS. Many customers snowshoe on trails located within minutes of our store.',0,20,40,56,72,16,0,1,4,0,0),(31,'10. Helmet','',0,8,14,21,28,7,1,1,3,0,0),(32,'6. Junior Snowboard Package','Perfect for the younger first time snowboarders. Choose from a STEP-IN boot/binding system or a STRAP system (depending on availability.)\r\n<ul>\r\n<li>HEAD snowboards\r\n</ul>',0,22,40,60,80,18,0,1,3,0,0),(35,'9. Snowshoes','Call us or drop in for details.',0,15,28,42,56,12,0,1,3,1,0),(37,'1. Sport Package','For the first time or beginner skier - let\'s make it easy for you to love this sport! Included in this package:\r\n<ul>\r\n<li>VOLKL skis\r\n<li>NORDICA, HEAD or TECNICA very comfy boots\r\n<li>Your choice of poles\r\n</ul>',0,30,60,90,120,30,0,1,6,0,0),(38,'2. Performance Carver Package','Our most popular rental package for advanced beginner to intermediate skiers. This package is perfect for the advanced beginner looking to take their skiing to the next level. Included in this package:\r\n<ul>\r\n<li>VOLKL R1 SHAPED skis: performance shaped skis which will carve and be very stable in all conditions\r\n<li>HEAD, NORDICA or TECHNICA boots: responsive and comfortable\r\n<li>Your choice of poles\r\n</ul>',0,40,80,120,160,40,0,1,6,0,0),(39,'3. Demo Package','Why not rent the best? For the advanced intermediate or aggressive advanced powder hound. Skis are always available to exchange depending on availability -- so for those deep powder days rent the wider skis to get you to the peak. Choose from the latest models of:\r\n<ul>\r\n<li>VOLKL, NORDICA, K2 and HEAD skis: these skis will always make you smile.\r\n<li>Boots from HEAD, NORDICA or TECHNICA\r\n<li>Your choice of poles\r\n</ul>',0,50,100,150,200,50,0,1,6,0,0),(40,'4. Child\'s Shaped Package','Perfect for your kids first time on the slopes! Make sure to grab a helmet for only an extra $5 per day.\r\n<ul>\r\n<li>HEAD skis\r\n<li>HEAD boots\r\n</ul>',0,28,56,84,112,28,0,1,6,0,0),(41,'5. Snowboard Package','Our Snowboard packages use Boards outfitted with a special strap bindings from Head. We really feel that you can get a lot better performance from a good strap binding as opposed to a step-in binding.\r\n<ul>\r\n<li>HEAD snowboards\r\n<li>HEAD or BURTON boots\r\n</ul>',0,43,86,129,172,43,0,1,6,0,0),(42,'6. Junior Snowboard Package','Perfect for the younger first time snowboarders. Choose from a STEP-IN boot/binding system or a STRAP system (depending on availability.)\r\n<ul>\r\n<li>HEAD snowboards\r\n</ul>',0,30,60,90,120,30,0,1,6,0,0),(43,'8. Helmet','This package includes snowshoes from ATLAS or TUBBS. Many customers snowshoe on trails located within minutes of our store.',0,10,20,27,32,8,0,1,4,0,0),(45,'9 Helmet w/rental pkg.','',0,8,16,23,24,6,0,1,4,0,0),(46,'7. Alpine Boots','',0,16,32,42,56,12,0,1,4,0,0),(47,'9c. Poles','',0,6,12,15,20,4,0,1,4,0,0),(49,'7. Helmet','',0,8,14,21,28,6,0,1,3,0,0),(50,'5a  Snowboard Demo','',0,45,84,126,168,38,0,1,3,0,0),(51,'5a Snowboard Demo','',0,50,100,150,200,50,0,1,6,0,0);

--
-- Table structure for table `equipment_config`
--

CREATE TABLE `equipment_config` (
  `config_id` mediumint(9) NOT NULL DEFAULT '0',
  `config_key` varchar(50) NOT NULL DEFAULT '',
  `config_value` varchar(50) NOT NULL DEFAULT '',
  PRIMARY KEY (`config_id`)
) ENGINE=MyISAM DEFAULT CHARSET=latin1;

--
-- Dumping data for table `equipment_config`
--

INSERT INTO `equipment_config` VALUES (1,'petoskey_season','winter'),(2,'parkcity_season','winter'),(3,'breckenridge_season','winter'),(4,'parkcityd_season','winter');

--
-- Table structure for table `equipment_summer`
--

CREATE TABLE `equipment_summer` (
  `equipment_id` mediumint(9) NOT NULL AUTO_INCREMENT,
  `equipment_name` varchar(255) NOT NULL DEFAULT '',
  `equipment_day1` float NOT NULL DEFAULT '0',
  `equipment_day3` float NOT NULL DEFAULT '0',
  `equipment_week` float NOT NULL DEFAULT '0',
  `equipment_type` tinyint(4) NOT NULL DEFAULT '0',
  `equipment_active` tinyint(4) NOT NULL DEFAULT '0',
  `equipment_store` tinyint(4) NOT NULL DEFAULT '0',
  PRIMARY KEY (`equipment_id`)
) ENGINE=MyISAM AUTO_INCREMENT=40 DEFAULT CHARSET=latin1;

--
-- Dumping data for table `equipment_summer`
--

INSERT INTO `equipment_summer` VALUES (32,'6. Bicycle',25,60,125,0,1,4),(33,'7. Trail-A-Bike/Trailer',25,60,125,0,1,4),(34,'8. Helmet',6,6,6,1,1,4),(36,'1. Kayak',40,100,180,0,1,4),(37,'2. Kayak Demo',58,140,260,0,1,4),(38,'3. Kayak Performance Demo',68,160,320,0,1,4),(39,'5. Additional Paddle or PFD',5,5,5,1,1,4);

--
-- Table structure for table `geo_zones`
--

CREATE TABLE `geo_zones` (
  `geo_zone_id` int(11) NOT NULL AUTO_INCREMENT,
  `geo_zone_name` varchar(32) NOT NULL DEFAULT '',
  `geo_zone_description` varchar(255) NOT NULL DEFAULT '',
  `last_modified` datetime DEFAULT NULL,
  `date_added` datetime NOT NULL DEFAULT '0000-00-00 00:00:00',
  PRIMARY KEY (`geo_zone_id`)
) ENGINE=MyISAM AUTO_INCREMENT=5 DEFAULT CHARSET=latin1;

--
-- Dumping data for table `geo_zones`
--

INSERT INTO `geo_zones` VALUES (2,'Michigan','',NULL,'2004-12-23 23:00:16'),(3,'Colorado','',NULL,'2004-12-23 23:00:30'),(4,'Utah','',NULL,'2004-12-23 23:00:40');

--
-- Table structure for table `information`
--

CREATE TABLE `information` (
  `information_id` tinyint(3) unsigned NOT NULL AUTO_INCREMENT,
  `visible` enum('1','0') NOT NULL DEFAULT '1',
  `v_order` tinyint(3) unsigned NOT NULL DEFAULT '0',
  `info_title` varchar(255) NOT NULL DEFAULT '',
  `description` text NOT NULL,
  `languages_id` int(11) NOT NULL DEFAULT '0',
  PRIMARY KEY (`information_id`,`languages_id`)
) ENGINE=MyISAM DEFAULT CHARSET=latin1;

--
-- Dumping data for table `information`
--


--
-- Table structure for table `languages`
--

CREATE TABLE `languages` (
  `languages_id` int(11) NOT NULL AUTO_INCREMENT,
  `name` varchar(32) NOT NULL DEFAULT '',
  `code` char(2) NOT NULL DEFAULT '',
  `image` varchar(64) DEFAULT NULL,
  `directory` varchar(32) DEFAULT NULL,
  `sort_order` int(3) DEFAULT NULL,
  PRIMARY KEY (`languages_id`),
  KEY `IDX_LANGUAGES_NAME` (`name`)
) ENGINE=MyISAM AUTO_INCREMENT=2 DEFAULT CHARSET=latin1;

--
-- Dumping data for table `languages`
--

INSERT INTO `languages` VALUES (1,'English','en','icon.gif','english',1);

--
-- Table structure for table `manufacturers`
--

CREATE TABLE `manufacturers` (
  `manufacturers_id` int(11) NOT NULL AUTO_INCREMENT,
  `manufacturers_name` varchar(32) NOT NULL DEFAULT '',
  `manufacturers_image` varchar(64) DEFAULT NULL,
  `date_added` datetime DEFAULT NULL,
  `last_modified` datetime DEFAULT NULL,
  PRIMARY KEY (`manufacturers_id`),
  KEY `IDX_MANUFACTURERS_NAME` (`manufacturers_name`)
) ENGINE=MyISAM AUTO_INCREMENT=67 DEFAULT CHARSET=latin1;

--
-- Dumping data for table `manufacturers`
--

INSERT INTO `manufacturers` VALUES (9,'Marker','marker.jpg','2004-12-23 18:34:54','2005-01-14 17:26:05'),(8,'Nils','nilslogo.gif','2004-12-23 18:34:54','2005-01-11 16:31:44'),(1,'Obermeyer','oberlogo.gif','2004-12-21 17:57:11','2005-01-11 16:51:09'),(2,'Helmet Hedz','','2004-12-21 18:00:42','2004-12-21 18:00:42'),(51,'Spyder','bg_main.jpg','2006-11-13 15:47:40',NULL),(4,'Bula','','2004-12-21 18:00:42','2004-12-21 18:00:42'),(5,'Burton','Burton.jpg','2004-12-23 18:34:54','2005-01-14 17:25:37'),(6,'Volkl','Volkl.jpg','2004-12-23 18:34:54','2005-01-14 17:26:50'),(7,'Isis','isislogo.jpg','2004-12-23 18:34:54','2005-01-13 22:46:19'),(10,'Bogner','Bognerlogo.jpg','2005-02-08 14:48:20','2005-02-09 14:55:17'),(11,'Skea',NULL,'2005-02-08 15:08:47',NULL),(12,'SnoSkin',NULL,'2005-02-08 16:22:27',NULL),(13,'Falke','Falkelogo.jpg','2005-02-25 20:36:04','2005-02-25 22:17:40'),(14,'Ride',NULL,'2005-02-25 20:40:51',NULL),(15,'Bakoda','bakodalogo.jpg','2005-02-25 20:55:31','2005-02-25 22:22:32'),(17,'Lotus Designs',NULL,'2005-03-02 16:59:59',NULL),(18,'Suunto',NULL,'2005-03-07 16:46:54',NULL),(19,'ARC\'TERYX','arc_logo_white.gif','2005-10-19 20:57:29',NULL),(23,'Kjus','Logosb.jpg','2005-10-29 09:57:55',NULL),(24,'Descente','Deslogo2.jpg','2005-11-01 11:42:07','2005-11-01 11:46:50'),(25,'Patagonia','PATAGLOGOs.jpg','2005-11-02 09:19:51','2005-11-14 06:45:00'),(26,'Rossignol - Pucci','','2005-11-02 11:26:53','2005-11-02 11:27:50'),(27,'686 Clothing','686Logos.jpg','2005-11-06 10:51:28','2005-11-14 06:33:21'),(28,'DNA','logo_main_308_DNA.gif','2005-11-06 11:17:06',NULL),(29,'Orage','Untitled-2.jpg','2005-11-06 12:00:39',NULL),(30,'Metropolis','Metroplogos.jpg','2005-11-09 19:42:55','2005-11-14 06:40:03'),(31,'Disigna','Logos.jpg','2005-11-13 13:43:33','2005-11-14 05:57:59'),(32,'SKJaeveland','','2005-11-13 14:32:10',NULL),(33,'Helly Hansen','','2005-11-13 15:46:21',NULL),(34,'K2','','2005-11-14 11:45:13',NULL),(35,'Head','','2005-11-14 14:04:18',NULL),(36,'Nordica','','2005-11-14 14:04:50',NULL),(37,'Dynastar','','2005-11-14 14:05:13',NULL),(38,'SmartWool','','2005-11-18 05:26:36',NULL),(39,'Yaktrax','','2005-11-27 20:12:41',NULL),(40,'LuckyBums','','2005-11-27 20:24:55',NULL),(41,'DryGuy','','2005-11-27 20:33:10',NULL),(42,'KUHL','kuhl_sticker.jpg','2006-04-20 17:58:38',NULL),(43,'KEEN','home_logo.gif','2006-04-20 18:40:41',NULL),(44,'Perception','ls_sans.gif','2006-05-18 08:45:04',NULL),(45,'Hurricane Kayaks','','2006-05-18 08:47:37',NULL),(46,'Heritage Kayaks','Heritage logo s.jpg','2006-05-18 08:49:48','2006-05-18 08:50:49'),(47,'Wilderness Systems','confluence_1x2.jpg','2006-05-18 08:53:11',NULL),(48,'Rack and Roll','Rackandroll.jpg','2006-05-20 09:14:29',NULL),(49,'Snow Angel','','2006-10-31 11:50:05',NULL),(52,'Psolar','','2006-11-16 11:19:23',NULL),(53,'Neve','','2006-11-21 21:01:22',NULL),(54,'Regina','','2006-11-22 11:43:09',NULL),(55,'Tecnica','','2006-11-22 11:50:15',NULL),(56,'Merril','','2006-11-22 11:59:04',NULL),(57,'Boeri','','2006-11-22 13:11:09',NULL),(58,'Axis','','2006-12-04 15:38:19','2006-12-04 15:39:17'),(59,'Walk-EZ','','2006-12-14 10:21:41',NULL),(60,'Prana','','2007-03-30 09:34:38',NULL),(61,'Horny Toad','','2007-04-20 11:24:13',NULL),(62,'Roxy','','2007-05-07 09:57:40',NULL),(63,'North Water','','2007-05-09 14:31:43',NULL),(64,'Merrel','','2007-05-30 11:33:47',NULL),(65,'Merrel','','2007-05-30 11:33:47',NULL),(66,'Merrell','','2007-05-30 11:37:27',NULL);

--
-- Table structure for table `manufacturers_info`
--

CREATE TABLE `manufacturers_info` (
  `manufacturers_id` int(11) NOT NULL DEFAULT '0',
  `languages_id` int(11) NOT NULL DEFAULT '0',
  `manufacturers_url` varchar(255) NOT NULL DEFAULT '',
  `url_clicked` int(5) NOT NULL DEFAULT '0',
  `date_last_click` datetime DEFAULT NULL,
  PRIMARY KEY (`manufacturers_id`,`languages_id`)
) ENGINE=MyISAM DEFAULT CHARSET=latin1;

--
-- Dumping data for table `manufacturers_info`
--

INSERT INTO `manufacturers_info` VALUES (10,1,'',0,NULL),(11,1,'',0,NULL),(12,1,'',0,NULL),(13,1,'',0,NULL),(14,1,'',0,NULL),(15,1,'',0,NULL),(17,1,'',0,NULL),(18,1,'',0,NULL),(19,1,'',0,NULL),(24,1,'',0,NULL),(23,1,'',0,NULL),(25,1,'',0,NULL),(26,1,'',0,NULL),(27,1,'',0,NULL),(28,1,'',0,NULL),(29,1,'',0,NULL),(30,1,'',0,NULL),(31,1,'',0,NULL),(32,1,'',0,NULL),(33,1,'',0,NULL),(34,1,'',0,NULL),(35,1,'',0,NULL),(36,1,'',0,NULL),(37,1,'',0,NULL),(38,1,'',0,NULL),(39,1,'',0,NULL),(40,1,'',0,NULL),(41,1,'',0,NULL),(42,1,'',0,NULL),(43,1,'',0,NULL),(44,1,'',0,NULL),(45,1,'',0,NULL),(46,1,'',0,NULL),(47,1,'',0,NULL),(48,1,'',0,NULL),(49,1,'',0,NULL),(51,1,'',0,NULL),(52,1,'',0,NULL),(53,1,'',0,NULL),(54,1,'',0,NULL),(55,1,'',0,NULL),(56,1,'',0,NULL),(57,1,'',0,NULL),(58,1,'',0,NULL),(59,1,'',0,NULL),(60,1,'',0,NULL),(61,1,'',0,NULL),(62,1,'',0,NULL),(63,1,'',0,NULL),(64,1,'',0,NULL),(65,1,'',0,NULL),(66,1,'',0,NULL);

--
-- Table structure for table `meta_tags`
--

CREATE TABLE `meta_tags` (
  `meta_id` int(11) NOT NULL AUTO_INCREMENT,
  `categories_id` int(11) NOT NULL DEFAULT '0',
  `manufacturers_id` int(11) NOT NULL DEFAULT '0',
  `keywords` varchar(255) NOT NULL DEFAULT '',
  `description` varchar(255) NOT NULL DEFAULT '',
  `title` varchar(255) NOT NULL DEFAULT '',
  PRIMARY KEY (`meta_id`)
) ENGINE=MyISAM AUTO_INCREMENT=79 DEFAULT CHARSET=latin1;

--
-- Dumping data for table `meta_tags`
--

INSERT INTO `meta_tags` VALUES (13,26,0,'','',''),(15,0,7,'','',''),(14,27,0,'','',''),(63,0,51,'','',''),(21,0,6,'','',''),(22,0,10,'','',''),(16,0,8,'','',''),(17,0,1,'','',''),(18,0,5,'','',''),(19,0,9,'','',''),(23,0,11,'','',''),(24,0,12,'','',''),(25,0,13,'','',''),(26,0,14,'','',''),(27,0,15,'','',''),(29,0,17,'','',''),(30,0,18,'','',''),(31,0,19,'','',''),(36,0,24,'','',''),(35,0,23,'','','Kjus'),(37,0,25,'','',''),(38,0,26,'','',''),(39,0,27,'','',''),(40,0,28,'','',''),(41,0,29,'','',''),(42,0,30,'','',''),(43,0,31,'','',''),(44,0,32,'','',''),(45,0,33,'','',''),(46,0,34,'K2','K2','K2'),(47,0,35,'','',''),(48,0,36,'','',''),(49,0,37,'','',''),(50,0,38,'','',''),(51,0,39,'','',''),(52,0,40,'','',''),(53,0,41,'','',''),(54,0,42,'','',''),(55,0,43,'','',''),(56,0,44,'','',''),(57,0,45,'','',''),(58,0,46,'','',''),(59,0,47,'','',''),(60,0,48,'','',''),(61,0,49,'','',''),(64,0,52,'','',''),(65,0,53,'','',''),(66,0,54,'','',''),(67,0,55,'','',''),(68,0,56,'','',''),(69,0,57,'','',''),(70,0,58,'','',''),(71,0,59,'','',''),(72,0,60,'','',''),(73,0,61,'','',''),(74,0,62,'','',''),(75,0,63,'','',''),(76,0,64,'','',''),(77,0,65,'','',''),(78,0,66,'','','');

--
-- Table structure for table `newsletters`
--

CREATE TABLE `newsletters` (
  `newsletters_id` int(11) NOT NULL AUTO_INCREMENT,
  `title` varchar(255) NOT NULL DEFAULT '',
  `content` text NOT NULL,
  `module` varchar(255) NOT NULL DEFAULT '',
  `date_added` datetime NOT NULL DEFAULT '0000-00-00 00:00:00',
  `date_sent` datetime DEFAULT NULL,
  `status` int(1) DEFAULT NULL,
  `locked` int(1) DEFAULT '0',
  PRIMARY KEY (`newsletters_id`)
) ENGINE=MyISAM DEFAULT CHARSET=latin1;

--
-- Dumping data for table `newsletters`
--


--
-- Table structure for table `orders_products`
--

CREATE TABLE `orders_products` (
  `orders_products_id` int(11) NOT NULL AUTO_INCREMENT,
  `orders_id` int(11) NOT NULL DEFAULT '0',
  `products_id` int(11) NOT NULL DEFAULT '0',
  `products_model` varchar(12) DEFAULT NULL,
  `products_name` varchar(64) NOT NULL DEFAULT '',
  `products_price` decimal(15,4) NOT NULL DEFAULT '0.0000',
  `final_price` decimal(15,4) NOT NULL DEFAULT '0.0000',
  `products_tax` decimal(7,4) NOT NULL DEFAULT '0.0000',
  `products_quantity` int(2) NOT NULL DEFAULT '0',
  `products_stock_attributes` varchar(255) DEFAULT NULL,
  PRIMARY KEY (`orders_products_id`)
) ENGINE=MyISAM AUTO_INCREMENT=410 DEFAULT CHARSET=latin1;

--
-- Dumping data for table `orders_products`
--

INSERT INTO `orders_products` VALUES (14,11,62,'155155','Team Pro Fleece',55.9650,55.9650,21.5000,1,NULL),(15,12,82,'2404','Leslie Down Jacket',164.5000,164.5000,21.5000,1,NULL),(16,13,119,'9165','Bogner Zilla Fleece Hat',39.0000,39.0000,0.0000,1,NULL),(19,16,45,'44400','System Insulator Jacket',55.6500,55.6500,0.0000,1,NULL),(20,17,37,'41522','Challenge Jacket',90.6500,90.6500,0.0000,1,NULL),(23,20,81,'2005','Niobe Down Jacket',115.5000,115.5000,0.0000,1,NULL),(22,19,101,'3160','Bogner Vivi Down Vest',209.3000,209.3000,0.0000,1,NULL),(8,8,81,'2005','Niobe Down Jacket',132.0000,132.0000,21.5000,1,NULL),(9,9,73,'3300','Nitro Jacket',108.7500,108.7500,21.5000,1,NULL),(10,9,63,'155152','Team Pant',119.2500,119.2500,21.5000,1,NULL),(11,9,62,'155155','Team Pro Fleece',59.9625,59.9625,21.5000,1,NULL),(12,10,96,'41426','Twist Jacket',76.6500,76.6500,21.5000,1,NULL),(13,10,92,'41391','Star Vest pink',55.6500,55.6500,21.5000,1,NULL),(24,21,136,'SK 1 silk','Falke SK 1 Adult Ski Sock w/ Silk',24.9500,24.9500,0.0000,1,NULL),(25,22,32,'45508','Piper Pant',41.6500,41.6500,0.0000,1,NULL),(26,23,142,'Sea Sherman','Lotus Sea Sherman PFD Yellow',96.2500,96.2500,0.0000,1,NULL),(27,24,147,'Dye Marker','Orion Fluoresceint Dye Marker',7.5000,7.5000,0.0000,1,NULL),(28,25,137,'locean','Lotus Locean Womens PFD',111.6500,111.6500,0.0000,1,NULL),(29,26,135,'SK 4','Falke Pro Race Ski Sock',24.5000,24.5000,0.0000,1,NULL),(30,27,181,'51531','Optimus Down Jacket',129.5000,129.5000,0.0000,1,'1-112,2-20'),(31,28,257,'58526','Obermeyer Jester Fleece Hat',22.0000,22.0000,6.0000,1,'1-205,2-41'),(36,32,152,'51424','Obermeyer Cirque Jacket',119.5000,119.5000,0.0000,1,'1-91,2-6'),(33,30,240,'6901','Spyder Girls Destiny Jacket',150.0000,150.0000,0.0000,1,'1-191,2-7'),(34,30,222,'3505','Spyder Girls Circuit Pant',99.9500,99.9500,0.0000,1,'1-163,2-7'),(35,31,166,'55402','Obermeyer Competition Pant',119.5000,119.5000,0.0000,1,'1-30,2-14'),(49,43,464,'','Marker Montana Leather Glove',69.0000,69.0000,0.0000,1,'1-367,2-37'),(48,42,240,'6901','Spyder Girls Destiny Jacket',150.0000,150.0000,0.0000,1,'1-190,2-6'),(39,34,395,'','Patagonia Mens Retro Rythem Hoody',185.0000,185.0000,0.0000,1,'1-344,2-36'),(40,35,135,'SK 4','Falke Pro Race Ski Sock',25.9500,25.9500,0.0000,1,'1-370,2-374'),(41,36,395,'','Patagonia Mens Retro Rythem Hoody',185.0000,185.0000,0.0000,1,'1-344,2-37'),(42,37,232,'3651','Spyder Mini Pro Jacket',130.0000,130.0000,0.0000,1,'1-153,2-22'),(43,38,203,'','Obermeyer Wildcat Pant',79.5000,79.5000,0.0000,1,'1-30,2-3'),(44,38,203,'','Obermeyer Wildcat Pant',79.5000,79.5000,0.0000,1,'1-30,2-14'),(45,39,124,'','Most Difficult Ski Slope Sign',25.0000,25.0000,0.0000,1,''),(47,41,257,'58526','Obermeyer Jester Fleece Hat',22.0000,22.0000,0.0000,1,'1-206,2-41'),(50,44,263,'6702','Spyder Venom Light Weight Jacket',55.0000,55.0000,0.0000,1,'1-30,2-4'),(51,45,406,'','686 KINGS Mens Jacket',200.0000,200.0000,0.0000,1,'1-1,2-36'),(52,46,263,'6702','Spyder Venom Light Weight Jacket',55.0000,55.0000,0.0000,1,'1-30,2-3'),(53,46,263,'6702','Spyder Venom Light Weight Jacket',55.0000,55.0000,0.0000,1,'1-215,2-5'),(54,47,206,'3005','Spyder Kyd\'s Killington Bib Pant',195.0000,195.0000,0.0000,1,'1-135,2-6'),(55,48,229,'3855','Spyder Kyd\'s Stynger Hat',25.0000,25.0000,6.0000,1,'1-177'),(56,49,136,'SK 1 silk','Falke SK 1 Adult Ski Sock w/ Silk',25.9500,25.9500,0.0000,1,'1-369,2-375'),(57,49,135,'SK 4','Falke Pro Race Ski Sock',25.9500,25.9500,0.0000,1,'1-369,2-375'),(58,50,463,'9303','Marker Spring Gloves',40.0000,40.0000,6.0000,1,'1-30,2-36'),(59,51,135,'SK 4','Falke Pro Race Ski Sock',25.9500,25.9500,0.0000,1,'1-369,2-374'),(60,51,135,'SK 4','Falke Pro Race Ski Sock',25.9500,25.9500,0.0000,1,'1-369,2-373'),(61,52,463,'9303','Marker Spring Gloves',40.0000,40.0000,0.0000,1,'1-30,2-37'),(64,55,135,'SK 4','Falke Pro Race Ski Sock',25.9500,25.9500,0.0000,1,'1-2,2-373'),(63,54,395,'','Patagonia Mens Retro Rythem Hoody',185.0000,185.0000,0.0000,1,'1-343,2-37'),(65,55,135,'SK 4','Falke Pro Race Ski Sock',25.9500,25.9500,0.0000,1,'1-370,2-373'),(66,56,463,'9303','Marker Spring Gloves',40.0000,40.0000,0.0000,1,'1-365,2-37'),(67,57,168,'51302','Obermeyer Aura Girls Jacket',104.6250,104.6300,0.0000,1,'1-104,2-3'),(85,68,184,'55500','Obermeyer Chill Factor Bib',71.2500,71.2500,0.0000,1,'1-112,2-29'),(69,57,234,'3750','Spyder Bitsy Charge Jacket',97.5000,97.5000,0.0000,1,'1-182,2-28'),(70,58,241,'3902','Spyder Girls Nirvana Jacket',123.7500,123.7500,0.0000,1,'1-170,2-3'),(111,86,409,'LJL703f','Metropolis Dariana Ladies Jacket',379.0000,379.0000,0.0000,1,'1-346,2-14'),(82,66,402,'LPL700','Metropolis Stella Ladies Pant',179.0000,179.0000,0.0000,1,'1-30,2-6'),(112,87,241,'3902','Spyder Girls Nirvana Jacket',123.7500,123.7500,0.0000,1,'1-170,2-6'),(79,63,359,'','686 DX-LIMITED Mens Jacket',290.0000,290.0000,0.0000,1,NULL),(92,72,388,'51103','Obermeyer Ladies Dharma Jacket',168.7500,168.7500,8.1500,1,'1-109,2-14'),(78,57,235,'3751','Spyder Bitsy Power Jacket',93.7500,93.7500,0.0000,1,NULL),(128,102,473,'55128','Obermeyer Ladies Miradella Pant',112.1250,112.1250,0.0000,1,'1-30,2-6'),(119,94,395,'','Patagonia Mens Retro Rythem Hoody',185.0000,185.0000,8.1500,1,'1-342,2-35'),(108,83,452,'','Marker Voyager Boot Bag / Boot Backpack',75.0000,75.0000,0.0000,1,''),(90,71,388,'51103','Obermeyer Ladies Dharma Jacket',168.7500,168.7500,0.0000,1,'1-39,2-258'),(91,71,402,'LPL700','Metropolis Stella Ladies Pant',179.0000,179.0000,0.0000,1,'1-349,2-258'),(93,72,387,'55133','Obermeyer Ladies Dynasty Pant',97.1250,112.6250,8.1500,1,'1-94,2-14'),(94,73,319,'2625F','Nils Sivan Fox Hooded Jacket',495.0000,495.0000,0.0000,1,'1-269,2-4'),(95,73,319,'2625F','Nils Sivan Fox Hooded Jacket',495.0000,495.0000,0.0000,1,'1-270,2-4'),(101,79,463,'9303','Marker Spring Gloves',40.0000,40.0000,0.0000,1,'1-365,2-36'),(97,75,395,'','Patagonia Mens Retro Rythem Hoody',185.0000,185.0000,0.0000,1,'1-343,2-37'),(98,76,388,'51103','Obermeyer Ladies Dharma Jacket',168.7500,168.7500,0.0000,1,'1-348,2-3'),(100,78,194,'51567','Obermeyer Diva II Jacket',82.5000,82.5000,0.0000,1,'1-123,2-29'),(102,80,135,'SK 4','Falke Pro Race Ski Sock',25.9500,25.9500,0.0000,2,'1-369,2-374'),(103,80,136,'SK 1 silk','Falke SK 1 Adult Ski Sock w/ Silk',25.9500,25.9500,0.0000,1,'1-370,2-372'),(104,81,218,'3302','Spyder Kyd\'s Pro Jacket',112.5000,112.5000,0.0000,1,'1-153,2-3'),(105,81,233,'3655','Spyder Mini Turbo Pant',71.2500,71.2500,0.0000,1,'1-156,2-29'),(106,82,136,'SK 1 silk','Falke SK 1 Adult Ski Sock w/ Silk',25.9500,25.9500,0.0000,1,'1-369,2-376'),(107,82,136,'SK 1 silk','Falke SK 1 Adult Ski Sock w/ Silk',25.9500,25.9500,0.0000,1,'1-370,2-376'),(116,91,155,'54400','Obermeyer Jr. System Insulator Jacket',59.6250,59.6300,0.0000,1,'1-30,2-4'),(114,89,387,'55133','Obermeyer Ladies Dynasty Pant',97.1250,112.6250,0.0000,1,'1-94,2-3'),(115,90,263,'6702','Spyder Venom Light Weight Jacket',110.0000,110.0000,0.0000,1,'1-214,2-4'),(120,95,302,'6604','Spyder Ladies Nirvana Down Jacket',250.0000,250.0000,0.0000,1,'1-215,2-3'),(164,125,194,'51567','Obermeyer Diva II Jacket',82.5000,82.5000,6.0000,1,'1-123,2-28'),(127,101,473,'55128','Obermeyer Ladies Miradella Pant',112.1250,112.1250,0.0000,1,'1-30,2-385'),(125,99,240,'6901','Spyder Girls Destiny Jacket',112.5000,112.5000,0.0000,1,'1-190,2-7'),(130,104,136,'SK 1 silk','Falke SK 1 Adult Ski Sock w/ Silk',25.9500,25.9500,0.0000,2,'1-369,2-375'),(167,122,194,'51567','Obermeyer Diva II Jacket',82.5000,82.5000,6.0000,1,NULL),(163,125,201,'55509','Obermeyer All Sports Overall',59.6250,59.6250,6.0000,1,'1-123,2-28'),(169,128,464,'','Marker Montana Leather Glove',69.0000,69.0000,6.0000,1,'1-30,2-36'),(137,107,235,'3751','Spyder Bitsy Power Jacket',93.7500,93.7500,0.0000,1,'1-184,2-28'),(134,106,303,'2105','Spyder Ladies Duchess Jacket',412.5000,412.5000,0.0000,1,'1-189,2-5'),(135,106,328,'RL5EL73','Rossignol - Pucci Sestriere Sweater',140.0000,140.0000,0.0000,1,NULL),(170,129,179,'55504','Obermeyer Jabber Overall',56.2500,56.2500,6.0000,1,'1-30,2-20'),(171,129,177,'51521','Obermeyer Iceberg Jacket',74.6250,74.6250,6.0000,1,'1-95,2-20'),(172,130,464,'','Marker Montana Leather Glove',69.0000,69.0000,0.0000,1,'1-30,2-35'),(146,111,200,'55510','Obermeyer Smarty Pants',52.1250,52.1250,0.0000,1,'1-104,2-22'),(147,111,192,'51507','Obermeyer Little Genie Jacket',97.1250,97.1250,0.0000,1,'1-104,2-22'),(148,112,201,'55509','Obermeyer All Sports Overall',59.6250,59.6250,0.0000,1,'1-123,2-22'),(175,133,135,'SK 4','Falke Pro Race Ski Sock',25.9500,25.9500,8.1500,1,'1-369,2-375'),(154,117,318,'D6-9641','Descente Ladies Mid Jacket',202.5000,202.5000,0.0000,1,'1-30,2-36'),(174,132,340,'','Patagonia Mens Down Sweater',165.0000,165.0000,0.0000,1,'1-271,2-34'),(166,124,395,'','Patagonia Mens Retro Rythem Hoody',185.0000,185.0000,0.0000,1,NULL),(176,133,135,'SK 4','Falke Pro Race Ski Sock',25.9500,25.9500,8.1500,1,NULL),(178,135,200,'55510','Obermeyer Smarty Pants',52.1250,52.1250,0.0000,1,'1-104,2-21'),(182,137,189,'55505','Obermeyer Gumdrop Pant',44.6250,44.6300,0.0000,1,'1-120,2-21'),(184,138,478,'7859j','Descente 2006/07 NASTAR GS SUIT JR',290.0000,290.0000,0.0000,1,'2-5'),(183,137,191,'55506','Obermeyer Sugar Plum Bib',67.1250,67.1300,0.0000,1,NULL),(185,139,122,'','Easy Ski Slope Sign',25.0000,25.0000,7.3500,1,''),(186,140,131,'405430','Burton Nugget Tool',13.9500,13.9500,0.0000,1,''),(187,141,346,'','Patagonia Ladies Hipster',18.0000,18.0000,0.0000,1,'1-292,2-34'),(188,141,346,'','Patagonia Ladies Hipster',18.0000,18.0000,0.0000,1,'1-291,2-34'),(189,141,346,'','Patagonia Ladies Hipster',18.0000,18.0000,0.0000,1,'1-290,2-35'),(190,142,537,'61301','Obermeyer La Jolla Down Jacket',160.0000,175.0000,0.0000,1,'1-414,2-6'),(191,143,616,'','Burton Ronin 3L Vent Pant',250.0000,250.0000,6.0000,1,'1-477,2-36'),(196,146,520,'68404','Obermeyer Cutter Jr Hat',20.0000,20.0000,6.0000,1,'1-406'),(195,146,752,'3852','Spyder Kyd\'s Graduation Hat',25.0000,25.0000,6.0000,1,'1-575,2-54'),(194,145,449,'','Head Big Easy Snowblade w/Releasable Binding',240.0000,240.0000,0.0000,1,''),(197,146,826,'69122','Obermeyer Womens UG Micro Zip-T',50.0000,50.0000,6.0000,1,'1-252,2-35'),(198,146,588,'','Burton Ladies Expedition 1/4 Zip Top',65.0000,65.0000,6.0000,1,'1-448,2-35'),(199,146,647,'','Burton Mens Compression Shirt',70.0000,70.0000,6.0000,1,'1-30,2-35'),(200,147,616,'','Burton Ronin 3L Vent Pant',250.0000,250.0000,0.0000,1,'1-475,2-38'),(201,148,550,'61375','Obermeyer 7th Heaven Girls Jacket',150.0000,150.0000,0.0000,1,'1-248,2-14'),(209,152,817,'67137','Obermeyer Womens Faith Soft Shell',200.0000,200.0000,0.0000,1,'1-632,2-258'),(208,148,547,'68305','Obermeyer Snowdrift Knit Hat',20.0000,20.0000,0.0000,1,NULL),(204,150,674,'','Spyder Kyd&#39;s Leader Jacket',175.0000,175.0000,0.0000,1,'1-523,2-7'),(205,151,677,'61566','Obermeyer Girls Keiko Jacket',130.0000,130.0000,0.0000,1,'1-512,2-431'),(206,151,681,'65501','Obermeyer Girls Sachi Pant',75.0000,75.0000,0.0000,1,'1-520,2-431'),(207,151,713,'68522','Obermeyer Girls Ruby Fleece Hat',25.0000,25.0000,0.0000,1,'1-488,2-42'),(210,152,817,'67137','Obermeyer Womens Faith Soft Shell',200.0000,200.0000,0.0000,1,'1-410,2-213'),(211,153,813,'65105','Obermeyer Womens Moorea Pant',130.0000,145.0000,0.0000,1,'1-414,2-213'),(212,154,817,'67137','Obermeyer Womens Faith Soft Shell',200.0000,200.0000,0.0000,1,'1-427,2-258'),(213,155,742,'157015','Volkl Mens Speed Jacket',470.0000,470.0000,0.0000,1,'1-30,2-37'),(214,156,896,'8610','Descente Mens Swiss Team Mid Jacket',280.0000,280.0000,0.0000,1,'1-30,2-38'),(215,157,602,'61523','Obermeyer Girls Starlight Down Jacket',130.0000,130.0000,6.0000,1,'1-452,2-3'),(216,157,637,'65508','Obermeyer Girls Starbright Bib',90.0000,90.0000,6.0000,1,'1-452,2-3'),(217,157,602,'61523','Obermeyer Girls Starlight Down Jacket',130.0000,130.0000,6.0000,1,'1-455,2-3'),(218,157,637,'65508','Obermeyer Girls Starbright Bib',90.0000,90.0000,6.0000,1,'1-455,2-3'),(219,157,644,'68501','Obermeyer Girls Pop Knit Hat',25.0000,25.0000,6.0000,1,'1-487,2-42'),(220,157,644,'68501','Obermeyer Girls Pop Knit Hat',25.0000,25.0000,6.0000,1,'1-457,2-42'),(221,158,671,'3150','Spyder Kyds US Team Jacket',275.0000,275.0000,0.0000,1,'1-505,2-130'),(222,158,478,'7859j','Descente 2006/07 NASTAR GS SUIT JR',290.0000,290.0000,0.0000,1,'2-7'),(223,158,478,'7859j','Descente 2006/07 NASTAR GS SUIT JR',290.0000,290.0000,0.0000,1,'2-8'),(224,159,503,'61430','Obermeyer Chute Boys Jacket',130.0000,130.0000,0.0000,1,'1-395,2-4'),(225,160,748,'3757','Spyder Girls Bitsy Trek Pant',75.0000,75.0000,0.0000,1,'1-558,2-21'),(226,161,816,'65173','Obermeyer Womens OBT II Stretch Pant',230.0000,230.0000,0.0000,1,'1-30,2-611'),(227,162,750,'6902','Spyder Girl\'s Nirvana Down Jacket',165.0000,165.0000,0.0000,1,'1-573,2-4'),(228,163,749,'6900','Spyder Girl\'s Destiny Jacket',150.0000,150.0000,6.0000,1,'1-569,2-7'),(229,164,926,'2206','Spyder Womens Duchess Jacket',550.0000,550.0000,0.0000,1,'1-667,2-6'),(230,165,966,'6001','Spyder Mens Apogee Jacket',700.0000,700.0000,0.0000,1,'1-30,2-38'),(231,166,718,'3500','Spyder Girl&#39;s Charge Jacket',175.0000,175.0000,0.0000,1,'1-539,2-4'),(232,167,718,'3500','Spyder Girl\'s Charge Jacket',175.0000,175.0000,0.0000,1,'1-538,2-4'),(233,168,802,'61202','Obermeyer Mens Highline Jacket',300.0000,300.0000,0.0000,1,'1-394,2-37'),(234,169,930,'6500','Spyder Womens Apogee Jacket',600.0000,600.0000,0.0000,1,'1-672,2-14'),(235,170,524,'61421','Obermeyer Talon Jacket',150.0000,150.0000,0.0000,1,'1-402,2-4'),(236,171,716,'3405','Spyder Girl\'s Ruby Pant',150.0000,150.0000,0.0000,1,'1-252,2-3'),(237,172,867,'B7596103','Burton Mens Dropout Full-Zip Hoodie',40.0000,40.0000,0.0000,1,'1-472,2-35'),(245,178,944,'4300','Spyder Mens X-Static Resort Dry W.E.B. T-Neck',105.0000,105.0000,0.0000,1,'1-1,2-36'),(244,177,671,'3150','Spyder Kyds US Team Jacket',275.0000,275.0000,0.0000,1,'1-506,2-8'),(246,179,585,'65504','Obermeyer boys Coaster Bib',80.0000,80.0000,0.0000,1,'1-397,2-429'),(243,173,542,'61400','Obermeyer Magic Girls Down Jacket',99.5000,99.5000,0.0000,1,NULL),(247,179,636,'65506','Obermeyer Girls Snoverall Bib',70.0000,70.0000,0.0000,1,'1-106,2-430'),(248,175,524,'61421','Obermeyer Talon Jacket',150.0000,150.0000,0.0000,1,NULL),(249,180,652,'','Burton Boys White Collection Asym Jacket',140.0000,140.0000,7.3500,1,'1-252,2-38'),(250,181,541,'65301','Obermeyer Malibu Girls Pant',100.0000,100.0000,0.0000,1,'1-252,2-14'),(251,182,537,'61301','Obermeyer La Jolla Down Jacket',160.0000,160.0000,0.0000,1,'1-252,2-14'),(252,183,538,'61322','Obermeyer Waimea Girls Jacket',160.0000,160.0000,0.0000,1,'1-252,2-14'),(253,184,930,'6500','Spyder Womens Apogee Jacket',600.0000,600.0000,0.0000,1,'1-30,2-3'),(254,185,889,'Gift','Gift Certificate',50.0000,50.0000,0.0000,2,'2-644'),(255,186,916,'16498','Falke Mens SK 4 Pro Race Ski Sock',25.9500,25.9500,0.0000,1,'1-30,2-376'),(256,186,917,'5410','Falke Mens Wa 2 Walking Sock',16.9500,16.9500,0.0000,1,'1-648,2-376'),(257,187,1004,'1','Metropolis Ladies Laure Jacket',469.0000,469.0000,0.0000,1,'1-30,2-14'),(258,188,862,'64291','Obermeyer Mens Grid Vest',80.0000,80.0000,0.0000,1,'1-30,2-36'),(259,189,987,'602','Neve Yvonne Ladies Sweater',125.0000,125.0000,0.0000,1,'1-711,2-35'),(260,190,908,'5651','DNA Ladies Lisa Marie Jacket',280.0000,280.0000,8.1500,1,'1-30,2-7'),(261,191,1013,'000659','Walk-EZ Ski-Shuttle',59.9500,59.9500,0.0000,1,'1-30,2-598'),(262,192,574,'','Burton Concert Ladies Jacket',130.0000,130.0000,8.1500,1,'1-439,2-38'),(263,193,542,'61400','Obermeyer Magic Girls Down Jacket',74.6250,74.6300,8.1500,1,'1-411,2-36'),(264,193,542,'61400','Obermeyer Magic Girls Down Jacket',74.6250,74.6300,8.1500,1,'1-416,2-35'),(268,196,879,'B7J671','Burton Mens Slide Style Cap',25.0000,25.0000,0.0000,1,'1-30,2-598'),(267,195,889,'Gift','Gift Certificate',50.0000,150.0000,0.0000,1,'2-646'),(269,197,674,'','Spyder Kyd\'s Leader Jacket',131.2500,131.2500,0.0000,1,'1-525,2-8'),(270,198,724,'3603','Spyder Boy\'s Mini Challenger Jacket',97.5000,97.5000,0.0000,1,'1-546,2-21'),(271,198,725,'3605','Spyder Boy\'s Mini Expedition Pant',80.0000,80.0000,0.0000,1,'1-547,2-21'),(272,199,690,'3205','Spyder Kyd\'s Force Pant',108.0000,108.0000,0.0000,1,'1-529,2-4'),(273,200,601,'61567','Obermeyer Girls Moonbeam Jacket',86.2500,86.2500,0.0000,1,'1-462,2-431'),(274,201,983,'6343','Marker Womens Power Zip-T',75.0000,75.0000,6.0000,1,'1-30,2-37'),(275,202,987,'602','Neve Yvonne Ladies Sweater',125.0000,125.0000,0.0000,1,'1-712,2-35'),(276,203,749,'6900','Spyder Girl\'s Destiny Jacket',112.5000,112.5000,8.1500,1,'1-569,2-6'),(277,204,526,'62423','Obermeyer Goshawk Shell',112.5000,112.5000,0.0000,1,'1-407,2-6'),(278,205,540,'65300','Obermeyer Venture Pant',80.0000,80.0000,0.0000,1,'1-252,2-14'),(279,206,1013,'000659','Walk-EZ Ski-Shuttle',59.9500,59.9500,8.1500,1,'1-62,2-598'),(280,207,636,'65506','Obermeyer Girls Snoverall Bib',56.0000,56.0000,0.0000,1,'1-459,2-430'),(281,208,541,'65301','Obermeyer Malibu Girls Pant',80.0000,95.0000,0.0000,1,'1-415,2-5'),(282,209,601,'61567','Obermeyer Girls Moonbeam Jacket',86.2500,86.2500,0.0000,1,'1-459,2-3'),(284,210,719,'3501','Spyder Girl\'s Power Jacket',123.7500,123.7500,0.0000,1,'1-538,2-6'),(285,211,571,'','Burton Dutchess Insulated Jacket',200.0000,200.0000,0.0000,1,'1-30,2-37'),(286,212,723,'3600','Spyder Boy&#39;s Mini Leader Jacket',105.0000,105.0000,0.0000,1,'1-508,2-29'),(287,213,541,'65301','Obermeyer Malibu Girls Pant',80.0000,80.0000,0.0000,1,'1-106,2-4'),(288,214,933,'1304','Spyder Mens Titan Jacket',365.0000,365.0000,0.0000,1,'1-674,2-37'),(289,215,723,'3600','Spyder Boy\'s Mini Leader Jacket',105.0000,105.0000,0.0000,1,'1-508,2-21'),(290,216,677,'61566','Obermeyer Girls Keiko Jacket',97.5000,107.5000,0.0000,1,'1-512,2-430'),(291,217,972,'4403','Spyder Mens Varsity Zip-T Neck',59.0000,59.0000,0.0000,1,'1-705,2-37'),(306,228,710,'68531','Obermeyer Girls Pippi Fleece Hat',20.0000,20.0000,0.0000,1,'1-487,2-42'),(305,228,643,'66500','Obermeyer Girls Stardust Hoodie',70.0000,70.0000,0.0000,1,'1-491,2-38'),(304,228,710,'68531','Obermeyer Girls Pippi Fleece Hat',20.0000,20.0000,0.0000,1,'1-461,2-42'),(303,228,643,'66500','Obermeyer Girls Stardust Hoodie',70.0000,70.0000,0.0000,1,'1-487,2-38'),(302,227,661,'','Burton Womens Baker Mitt & Under Mitt',50.0000,50.0000,6.0000,1,'1-451,2-38'),(298,223,723,'3600','Spyder Boy&#39;s Mini Leader Jacket',105.0000,105.0000,0.0000,1,'1-508,2-28'),(308,230,751,'6905','Spyder Girl\'s Spirit Pant',80.0000,80.0000,0.0000,1,'1-574,2-7'),(307,229,886,'B7J241','Burton Surplus Beanie',25.0000,25.0000,0.0000,1,'1-463,2-598'),(309,231,636,'65506','Obermeyer Girls Snoverall Bib',56.0000,56.0000,0.0000,1,'1-489,2-430'),(310,231,601,'61567','Obermeyer Girls Moonbeam Jacket',86.2500,86.2500,0.0000,1,'1-459,2-430'),(311,231,710,'68531','Obermeyer Girls Pippi Fleece Hat',20.0000,20.0000,0.0000,1,'1-459,2-41'),(312,232,548,'61306','Obermeyer Apres-Vous Girls Jacket',105.0000,105.0000,0.0000,1,'1-248,2-3'),(313,233,727,'3701','Spyder Girls Bitsy Duchess Jacket',131.2500,131.2500,0.0000,1,'1-550,2-22'),(314,234,724,'3603','Spyder Boy&#39;s Mini Challenger Jacket',97.5000,97.5000,0.0000,1,'1-546,2-28'),(328,240,637,'65508','Obermeyer Girls Starbright Bib',72.0000,72.0000,0.0000,1,'1-452,2-430'),(327,240,600,'61522','Obermeyer Girls Little Dipper Jacket',75.0000,75.0000,0.0000,1,'1-452,2-430'),(326,236,779,'65226','Obermeyer Mens Revert Pant',140.0000,165.0000,0.0000,1,NULL),(318,237,837,'68176','Obermeyer Womens Alpine Glove',35.0000,35.0000,0.0000,1,'1-252,2-36'),(319,238,889,'Gift','Gift Certificate',50.0000,100.0000,0.0000,3,'2-645'),(320,239,535,'61321','Obermeyer Solana Girls Jacket',105.0000,105.0000,0.0000,1,'1-252,2-6'),(321,239,749,'6900','Spyder Girl\'s Destiny Jacket',112.5000,112.5000,0.0000,1,'1-569,2-5'),(322,239,722,'3832','Spyder Girl\'s Glam Cotton T-Neck',45.0000,45.0000,0.0000,1,'1-542,2-37'),(323,239,554,'66301','Obermeyer Blizzard Girls Sweater',60.0000,60.0000,0.0000,1,'1-410,2-37'),(324,239,851,'66167','Obermeyer Womens Paige Sweater',100.0000,100.0000,0.0000,1,'1-416,2-35'),(325,239,718,'3500','Spyder Girl\'s Charge Jacket',131.2500,131.2500,0.0000,1,'1-538,2-6'),(329,240,735,'68586','Obermeyer Thumbs-Up Mitten',20.0000,20.0000,0.0000,2,'1-2,2-37'),(330,240,598,'68523','Obermeyer Orbit Fleece Hat',10.0000,10.0000,0.0000,1,'1-2,2-41'),(331,240,644,'68501','Obermeyer Girls Pop Knit Hat',25.0000,25.0000,0.0000,1,'1-457,2-41'),(332,240,687,'67550','Obermeyer Girls Solstice Fleece Jacket',45.0000,45.0000,0.0000,1,'1-457,2-36'),(333,240,568,'68510','Obermeyer Apex Knit Hat',20.0000,20.0000,0.0000,1,'1-2,2-41'),(334,240,556,'61576','Obermeyer X-treme Boys Jacket',90.0000,90.0000,0.0000,1,'1-2,2-430'),(335,240,564,'65518','Obermeyer Boys Whipper Overall',64.0000,64.0000,0.0000,1,'1-2,2-430'),(336,240,735,'68586','Obermeyer Thumbs-Up Mitten',20.0000,20.0000,0.0000,2,'1-2,2-36'),(337,240,691,'68507','Obermeyer Girls Brimmer Hat',20.0000,20.0000,0.0000,1,'1-457,2-41'),(338,241,571,'','Burton Dutchess Insulated Jacket',200.0000,200.0000,0.0000,1,'1-30,2-36'),(339,242,864,'67236','Obermeyer Mens Nucleus Insulator',140.0000,140.0000,0.0000,1,'1-30,2-37'),(340,243,849,'65185','Obermeyer Womens Bond II Stretch Pant',190.0000,190.0000,0.0000,1,'1-30,2-14'),(341,244,888,'B7J291','Burton Welsh Headphone Beanie',45.0000,45.0000,0.0000,1,'1-481,2-598'),(342,245,875,'B79302','Burton Ladies Gore Mitt',60.0000,60.0000,0.0000,1,'1-498,2-36'),(343,246,602,'61523','Obermeyer Girls Starlight Down Jacket',78.0000,78.0000,0.0000,1,'1-454,2-430'),(344,247,601,'61567','Obermeyer Girls Moonbeam Jacket',69.0000,69.0000,6.0000,1,'1-459,2-430'),(345,248,601,'61522','Obermeyer Girls Little Dipper Jacket',69.0000,60.0000,0.0000,1,'1-458,2-430'),(346,248,636,'65506','Obermeyer Girls Snoverall Bib',42.0000,42.0000,0.0000,1,'1-459,2-14'),(347,249,573,'','Burton Chopper Ladies Jacket',160.0000,160.0000,0.0000,1,'1-252,2-36'),(348,250,601,'61567','Obermeyer Girls Moonbeam Jacket',69.0000,69.0000,8.2750,1,'1-461,2-213'),(349,251,556,'61576','Obermeyer X-treme Boys Jacket',72.0000,72.0000,0.0000,1,'1-2,2-213'),(350,251,565,'65519','Obermeyer Chill Factor Boys Bib',60.0000,60.0000,0.0000,1,'1-30,2-213'),(352,253,560,'61506','Obermeyer X-2 Boys Suit',84.0000,84.0000,0.0000,1,'1-394,2-429'),(353,253,560,'61506','Obermeyer X-2 Boys Suit',84.0000,84.0000,0.0000,1,'1-408,2-429'),(356,255,881,'B7J641','Burton Mens Pinhead Cap',25.0000,25.0000,0.0000,1,'1-298,2-598'),(355,254,600,'61522','Obermeyer Girls Little Dipper Jacket',60.0000,60.0000,0.0000,1,NULL),(357,256,676,'61525','Obermeyer Girls Mai Jakcet',78.0000,88.0000,0.0000,1,'1-509,2-213'),(358,256,676,'61525','Obermeyer Girls Mai Jakcet',78.0000,88.0000,0.0000,1,'1-510,2-430'),(359,257,934,'1105','Spyder Mens Davos Pant',490.0000,490.0000,8.2750,1,'1-673,2-37'),(360,256,735,'68586','Obermeyer Thumbs-Up Mitten',20.0000,20.0000,0.0000,1,NULL),(361,256,735,'68586','Obermeyer Thumbs-Up Mitten',20.0000,20.0000,0.0000,1,NULL),(362,258,556,'61576','Obermeyer X-treme Boys Jacket',72.0000,72.0000,0.0000,1,'1-407,2-14'),(363,259,680,'65502','Obermeyer Girls Hana Bib',57.0000,57.0000,0.0000,1,'1-352,2-3'),(364,260,680,'65502','Obermeyer Girls Hana Bib',57.0000,57.0000,0.0000,1,'1-352,2-213'),(365,261,601,'61567','Obermeyer Girls Moonbeam Jacket',69.0000,69.0000,0.0000,1,'1-461,2-430'),(366,262,749,'6900','Spyder Girl\'s Destiny Jacket',90.0000,90.0000,6.0000,1,'1-569,2-3'),(367,263,749,'6900','Spyder Girl\'s Destiny Jacket',90.0000,90.0000,0.0000,1,'1-569,2-4'),(368,264,750,'6902','Spyder Girl\'s Nirvana Down Jacket',99.0000,99.0000,0.0000,1,'1-572,2-4'),(369,265,576,'61501','Obermeyer boys G-Force Jacket',66.0000,66.0000,0.0000,1,'1-395,2-14'),(370,265,560,'63506','Obermeyer X-2 Boys Suit',84.0000,84.0000,0.0000,1,'1-394,2-431'),(371,265,556,'3600','Spyder Mini Leader',72.0000,70.0000,0.0000,1,'1-394,2-213'),(379,270,710,'68531','Obermeyer Girls Pippi Fleece Hat',20.0000,20.0000,0.0000,1,'1-487,2-41'),(378,270,601,'61567','Obermeyer Girls Moonbeam Jacket',69.0000,69.0000,0.0000,1,'1-462,2-430'),(377,270,636,'65506','Obermeyer Girls Snoverall Bib',42.0000,42.0000,0.0000,1,'1-455,2-430'),(375,268,885,'','Burton Sparta Beanie',20.0000,20.0000,0.0000,1,'1-30,2-598'),(376,269,674,'','Spyder Kyd\'s Leader Jacket',105.0000,105.0000,0.0000,1,'1-508,2-3'),(380,271,692,'3209','Spyder Kyd\'s Force \"Plus\" Pant',87.0000,87.0000,0.0000,1,'1-530,2-96'),(381,272,680,'65502','Obermeyer Girls Hana Bib',57.0000,57.0000,6.0000,1,'1-352,2-431'),(382,273,644,'68501','Obermeyer Girls Pop Knit Hat',25.0000,25.0000,0.0000,1,'1-352,2-41'),(383,273,676,'61525','Obermeyer Girls Mai Jakcet',78.0000,78.0000,0.0000,1,'1-512,2-430'),(384,273,680,'65502','Obermeyer Girls Hana Bib',57.0000,57.0000,0.0000,1,'1-352,2-14'),(385,273,735,'68586','Obermeyer Thumbs-Up Mitten',20.0000,20.0000,0.0000,1,'1-520,2-36'),(386,274,637,'65508','Obermeyer Girls Starbright Bib',54.0000,54.0000,0.0000,1,'1-456,2-213'),(387,274,602,'61523','Obermeyer Girls Starlight Down Jacket',78.0000,78.0000,0.0000,1,'1-456,2-213'),(388,275,601,'61567','Obermeyer Girls Moonbeam Jacket',69.0000,69.0000,0.0000,1,'1-462,2-14'),(389,276,601,'61567','Obermeyer Girls Moonbeam Jacket',69.0000,69.0000,0.0000,1,'1-458,2-14'),(393,278,749,'6900','Spyder Girl\'s Destiny Jacket',90.0000,90.0000,0.0000,1,'1-568,2-6'),(392,277,504,'61432','Obermeyer Palisade Boys Jacket',90.0000,90.0000,0.0000,1,'1-30,2-8'),(394,279,699,'65431','Obermeyer Cargo II Pant',36.0000,36.0000,0.0000,1,'1-30,2-3'),(395,279,699,'65431','Obermeyer Cargo II Pant',36.0000,36.0000,0.0000,1,'1-30,2-5'),(396,280,636,'65506','Obermeyer Girls Snoverall Bib',42.0000,42.0000,0.0000,1,'1-455,2-3'),(397,281,636,'65506','Obermeyer Girls Snoverall Bib',42.0000,42.0000,0.0000,1,'1-455,2-14'),(398,282,478,'7859j','Descente 2006/07 NASTAR GS SUIT JR',203.0000,203.0000,0.0000,1,'2-6'),(400,283,636,'65506','Obermeyer Girls Snoverall Bib',42.0000,42.0000,0.0000,1,NULL),(401,284,557,'61528','Obermeyer X-LR8 Boys Jacket',78.0000,78.0000,0.0000,1,'1-296,2-213'),(402,284,559,'61529','Obermeyer Optim-X Boys Down Jacket',78.0000,78.0000,0.0000,1,'1-407,2-14'),(403,284,565,'65519','Obermeyer Chill Factor Boys Bib',60.0000,60.0000,0.0000,1,'1-283,2-14'),(404,285,637,'65508','Obermeyer Girls Starbright Bib',54.0000,54.0000,0.0000,1,'1-489,2-431'),(405,286,1034,'34411','Prana Womens Sugar Mini Skirt',48.0000,48.0000,0.0000,1,'1-30,2-35'),(406,287,628,'','Burton Lightweight Boxer',25.0000,25.0000,0.0000,1,'1-30,2-37'),(407,287,628,'','Burton Lightweight Boxer',25.0000,25.0000,0.0000,1,'1-484,2-37'),(408,288,877,'B7V083','Burton Mens Crackle Wallet',0.0000,0.0000,7.3500,1,'1-451'),(409,289,133,'','Burton Kron Tool',24.9500,24.9500,0.0000,1,'');

--
-- Table structure for table `orders_products_attributes`
--

CREATE TABLE `orders_products_attributes` (
  `orders_products_attributes_id` int(11) NOT NULL AUTO_INCREMENT,
  `orders_id` int(11) NOT NULL DEFAULT '0',
  `orders_products_id` int(11) NOT NULL DEFAULT '0',
  `products_options` varchar(32) NOT NULL DEFAULT '',
  `products_options_values` varchar(32) NOT NULL DEFAULT '',
  `options_values_price` decimal(15,4) NOT NULL DEFAULT '0.0000',
  `price_prefix` char(1) NOT NULL DEFAULT '',
  PRIMARY KEY (`orders_products_attributes_id`)
) ENGINE=MyISAM AUTO_INCREMENT=763 DEFAULT CHARSET=latin1;

--
-- Dumping data for table `orders_products_attributes`
--

INSERT INTO `orders_products_attributes` VALUES (1,8,8,'Color','Burnt Rock',0.0000,'+'),(2,8,8,'Size','10',0.0000,'+'),(3,9,10,'Size','S',0.0000,'+'),(4,9,10,'Color','Anthracite',0.0000,'+'),(5,9,11,'Size','L',0.0000,'+'),(6,9,11,'Color','Red',0.0000,'+'),(7,10,12,'Size','16',0.0000,'+'),(8,10,13,'Size','08',0.0000,'+'),(9,10,13,'Color','Sachet',0.0000,'+'),(10,11,14,'Size','L',0.0000,'+'),(11,11,14,'Color','Red',0.0000,'+'),(12,12,15,'Color','Iris',0.0000,'+'),(13,12,15,'Size','08',0.0000,'+'),(17,16,19,'Color','True Red',0.0000,'+'),(16,16,19,'Size','8',0.0000,'+'),(18,17,20,'Size','7',0.0000,'+'),(19,17,20,'Color','Linen',0.0000,'+'),(25,20,23,'Color','Mullberry',0.0000,'+'),(24,20,23,'Size','16',0.0000,'+'),(22,19,22,'Size','10',0.0000,'+'),(23,19,22,'Color','641-Candy',0.0000,'+'),(26,21,24,'Size','M 12.5-13.5',0.0000,'+'),(27,21,24,'Color','Navy',0.0000,'+'),(28,22,25,'Size','4',0.0000,'+'),(29,22,25,'Color','Ribbon Pink',0.0000,'+'),(30,23,26,'Size','XL',0.0000,'+'),(31,23,26,'Color','Yellow',0.0000,'+'),(32,26,29,'Color','Yellow',0.0000,'+'),(33,26,29,'Size','W 8-9',0.0000,'+'),(34,27,30,'Size','4t',0.0000,'+'),(35,27,30,'Color','Regal Red',0.0000,'+'),(36,28,31,'Color','Ice  Gecko/Blk/Gran',0.0000,'+'),(37,28,31,'Size','S/M',0.0000,'+'),(47,32,36,'Color','Ink',0.0000,'+'),(46,32,36,'Size','14',0.0000,'+'),(40,30,33,'Color','D1  Sno/Lav/Fla',0.0000,'+'),(41,30,33,'Size','16',0.0000,'+'),(42,30,34,'Color','A1  Red/Wht',0.0000,'+'),(43,30,34,'Size','16',0.0000,'+'),(44,31,35,'Size','06',0.0000,'+'),(45,31,35,'Color','Black',0.0000,'+'),(68,43,49,'Color','Natural',0.0000,'+'),(67,42,48,'Color','C  Blk/Sno/Sno',0.0000,'+'),(66,42,48,'Size','14',0.0000,'+'),(52,34,39,'Color','175 Retro Khaki',0.0000,'+'),(53,34,39,'Size','M',0.0000,'+'),(54,35,40,'Size','42-43',0.0000,'+'),(55,35,40,'Color','Red/Gry',0.0000,'+'),(56,36,41,'Color','175 Retro Khaki',0.0000,'+'),(57,36,41,'Size','L',0.0000,'+'),(58,37,42,'Size','7t',0.0000,'+'),(59,37,42,'Color','A  Red/Blk',0.0000,'+'),(60,38,43,'Size','08',0.0000,'+'),(61,38,43,'Color','Black',0.0000,'+'),(62,38,44,'Color','Black',0.0000,'+'),(63,38,44,'Size','06',0.0000,'+'),(64,41,47,'Color','Black  RRd/Ice/Gran',0.0000,'+'),(65,41,47,'Size','S/M',0.0000,'+'),(69,43,49,'Size','L',0.0000,'+'),(70,44,50,'Size','10',0.0000,'+'),(71,44,50,'Color','Black',0.0000,'+'),(72,45,51,'Size','M',0.0000,'+'),(73,45,51,'Color','Red',0.0000,'+'),(74,46,52,'Size','08',0.0000,'+'),(75,46,52,'Color','Black',0.0000,'+'),(76,46,53,'Color','Snow',0.0000,'+'),(77,46,53,'Size','12',0.0000,'+'),(78,47,54,'Size','14',0.0000,'+'),(79,47,54,'Color','G  Blk/Blk/Blk/Blk',0.0000,'+'),(80,48,55,'Color','C  Blk/Stl/Wht/Red',0.0000,'+'),(81,49,56,'Color','Blk/Gry',0.0000,'+'),(82,49,56,'Size','44-45',0.0000,'+'),(83,49,57,'Color','Blk/Gry',0.0000,'+'),(84,49,57,'Size','44-45',0.0000,'+'),(85,50,58,'Size','M',0.0000,'+'),(86,50,58,'Color','Black',0.0000,'+'),(87,51,59,'Size','42-43',0.0000,'+'),(88,51,59,'Color','Blk/Gry',0.0000,'+'),(89,51,60,'Size','39-41',0.0000,'+'),(90,51,60,'Color','Blk/Gry',0.0000,'+'),(91,52,61,'Size','L',0.0000,'+'),(92,52,61,'Color','Black',0.0000,'+'),(98,55,64,'Size','39-41',0.0000,'+'),(97,55,64,'Color','Yellow',0.0000,'+'),(95,54,63,'Size','L',0.0000,'+'),(96,54,63,'Color','466 Velvet Brown Heather',0.0000,'+'),(99,55,65,'Color','Red/Gry',0.0000,'+'),(100,55,65,'Size','39-41',0.0000,'+'),(101,56,66,'Color','Gray',0.0000,'+'),(102,56,66,'Size','L',0.0000,'+'),(103,57,67,'Size','08',0.0000,'+'),(104,57,67,'Color','Mocha Denim',0.0000,'+'),(192,87,112,'Color','C  Black',0.0000,'+'),(107,57,69,'Color','E  Kwi/Tur/Bbd/Wht',0.0000,'+'),(108,57,69,'Size','6t',0.0000,'+'),(109,58,70,'Color','C  Black',0.0000,'+'),(110,58,70,'Size','08',0.0000,'+'),(191,87,112,'Size','14',0.0000,'+'),(190,86,111,'Color','Bisque',0.0000,'+'),(134,66,82,'Size','14',0.0000,'+'),(133,66,82,'Color','Black',0.0000,'+'),(128,63,79,'Color','Gunmetal',0.0000,'+'),(127,63,79,'Size','XL',0.0000,'+'),(154,72,92,'Color','Papaya',0.0000,'+'),(153,72,92,'Size','06',0.0000,'+'),(125,57,78,'Size','6t',0.0000,'+'),(126,57,78,'Color','A  Mag/Cot/Wht',0.0000,'+'),(189,86,111,'Size','06',0.0000,'+'),(139,68,85,'Size','8t',0.0000,'+'),(140,68,85,'Color','Regal Red',0.0000,'+'),(200,91,116,'Size','10',0.0000,'+'),(205,94,119,'Size','S',0.0000,'+'),(223,102,128,'Size','14',0.0000,'+'),(224,102,128,'Color','Black',0.0000,'+'),(150,71,90,'Color','Linen',0.0000,'+'),(149,71,90,'Size','02',0.0000,'+'),(151,71,91,'Size','02',0.0000,'+'),(152,71,91,'Color','Winter Moth',0.0000,'+'),(155,72,93,'Size','06',0.0000,'+'),(156,72,93,'Color','Linen Blizzard print',15.5000,'+'),(157,73,94,'Size','10',0.0000,'+'),(158,73,94,'Color','Champagne',0.0000,'+'),(159,73,95,'Size','10',0.0000,'+'),(160,73,95,'Color','Pewter',0.0000,'+'),(172,79,101,'Color','Gray',0.0000,'+'),(171,79,101,'Size','M',0.0000,'+'),(163,75,97,'Size','L',0.0000,'+'),(164,75,97,'Color','466 Velvet Brown Heather',0.0000,'+'),(165,76,98,'Size','08',0.0000,'+'),(166,76,98,'Color','Mocha',0.0000,'+'),(170,78,100,'Color','Violet',0.0000,'+'),(169,78,100,'Size','8t',0.0000,'+'),(173,80,102,'Color','Blk/Gry',0.0000,'+'),(174,80,102,'Size','41-42',0.0000,'+'),(175,80,103,'Color','Blk/Gry',0.0000,'+'),(176,80,103,'Size','37-38',0.0000,'+'),(177,81,104,'Color','A  Red/Blk',0.0000,'+'),(178,81,104,'Size','08',0.0000,'+'),(179,81,105,'Color','A  Blk/Red/Stl',0.0000,'+'),(180,81,105,'Size','8t',0.0000,'+'),(181,82,106,'Size','46-48',0.0000,'+'),(182,82,106,'Color','Blk/Gry',0.0000,'+'),(183,82,107,'Size','46-48',0.0000,'+'),(184,82,107,'Color','Red/Gry',0.0000,'+'),(199,91,116,'Color','Black',0.0000,'+'),(195,89,114,'Size','08',0.0000,'+'),(196,89,114,'Color','Linen Blizzard print',15.5000,'+'),(197,90,115,'Size','10',0.0000,'+'),(198,90,115,'Color','Poppy',0.0000,'+'),(222,101,127,'Color','Black',0.0000,'+'),(206,94,119,'Color','461 Loden Heather',0.0000,'+'),(207,95,120,'Size','08',0.0000,'+'),(208,95,120,'Color','Snow',0.0000,'+'),(303,128,169,'Size','M',0.0000,'+'),(221,101,127,'Size','06 Petite',0.0000,'+'),(294,125,164,'Color','Violet',0.0000,'+'),(292,125,163,'Color','Violet',0.0000,'+'),(217,99,125,'Size','16',0.0000,'+'),(218,99,125,'Color','C  Blk/Sno/Sno',0.0000,'+'),(306,129,170,'Color','Black',0.0000,'+'),(304,128,169,'Color','Black',0.0000,'+'),(227,104,130,'Size','44-45',0.0000,'+'),(228,104,130,'Color','Blk/Gry',0.0000,'+'),(293,125,164,'Size','6t',0.0000,'+'),(242,107,137,'Color','D  Tur/Bbd/Mag',0.0000,'+'),(241,107,137,'Size','6t',0.0000,'+'),(305,129,170,'Size','4t',0.0000,'+'),(235,106,134,'Color','E  Blk/Blk',0.0000,'+'),(236,106,134,'Size','12',0.0000,'+'),(237,106,135,'Size','ML',0.0000,'+'),(238,106,135,'Color','Lagon',0.0000,'+'),(291,125,163,'Size','6t',0.0000,'+'),(307,129,171,'Size','4t',0.0000,'+'),(308,129,171,'Color','Salsa',0.0000,'+'),(313,132,174,'Size','XS',0.0000,'+'),(310,130,172,'Color','Black',0.0000,'+'),(309,130,172,'Size','S',0.0000,'+'),(257,111,146,'Size','7t',0.0000,'+'),(258,111,146,'Color','Mocha Denim',0.0000,'+'),(259,111,147,'Size','7t',0.0000,'+'),(260,111,147,'Color','Mocha Denim',0.0000,'+'),(261,112,148,'Size','7t',0.0000,'+'),(262,112,148,'Color','Violet',0.0000,'+'),(299,122,167,'Size','8t',0.0000,'+'),(300,122,167,'Color','Violet',0.0000,'+'),(273,117,154,'Size','12',0.0000,'+'),(274,117,154,'Color','Black',0.0000,'+'),(315,133,175,'Size','44-45',0.0000,'+'),(314,132,174,'Color','823 Fire',0.0000,'+'),(298,124,166,'Color','461 Loden Heather',0.0000,'+'),(297,124,166,'Size','S',0.0000,'+'),(316,133,175,'Color','Blk/Gry',0.0000,'+'),(317,133,176,'Size','44-45',0.0000,'+'),(318,133,176,'Color','Yellow',0.0000,'+'),(322,135,178,'Color','Mocha Denim',0.0000,'+'),(321,135,178,'Size','5t',0.0000,'+'),(329,137,182,'Size','5t',0.0000,'+'),(333,138,184,'Size','12',0.0000,'+'),(330,137,182,'Color','Lemon Chiffon',0.0000,'+'),(331,137,183,'Size','5t',0.0000,'+'),(332,137,183,'Color','Lemon Chiffon',0.0000,'+'),(334,141,187,'Color','831 Bird Floral Midblue',0.0000,'+'),(335,141,187,'Size','XS',0.0000,'+'),(336,141,188,'Color','843 Kira Stripe Adzuki Red',0.0000,'+'),(337,141,188,'Size','XS',0.0000,'+'),(338,141,189,'Color','847 Kira Stripe Midblue',0.0000,'+'),(339,141,189,'Size','S',0.0000,'+'),(340,142,190,'Size','14',0.0000,'+'),(341,142,190,'Color','Akala Pink Print',15.0000,'+'),(342,143,191,'Size','M',0.0000,'+'),(343,143,191,'Color','Moab Micro Pinstripe',0.0000,'+'),(344,146,195,'Color','17  Blk/Pat',0.0000,'+'),(345,146,195,'Size','OSFA',0.0000,'+'),(346,146,196,'Color','Olympic',0.0000,'+'),(347,146,197,'Color','White',0.0000,'+'),(348,146,197,'Size','S',0.0000,'+'),(349,146,198,'Color','Petal Pink',0.0000,'+'),(350,146,198,'Size','S',0.0000,'+'),(351,146,199,'Color','Black',0.0000,'+'),(352,146,199,'Size','S',0.0000,'+'),(353,147,200,'Size','XL',0.0000,'+'),(354,147,200,'Color','Graphite Micro Pinstripe',0.0000,'+'),(355,148,201,'Size','06',0.0000,'+'),(356,148,201,'Color','Violet',0.0000,'+'),(371,152,209,'Color','Black/Grotto',0.0000,'+'),(370,152,209,'Size','02',0.0000,'+'),(369,148,208,'Color','Violet',0.0000,'+'),(361,150,204,'Size','18',0.0000,'+'),(362,150,204,'Color','816 Flame/Blk/Wht',0.0000,'+'),(363,151,205,'Size','07',0.0000,'+'),(364,151,205,'Color','Orchid/ Orchid Blossom Print',0.0000,'+'),(365,151,206,'Size','07',0.0000,'+'),(366,151,206,'Color','Orchid Blossom Print',0.0000,'+'),(367,151,207,'Size','L/XL',0.0000,'+'),(368,151,207,'Color','Orchid Mist',0.0000,'+'),(372,152,210,'Size','04',0.0000,'+'),(373,152,210,'Color','Sky',0.0000,'+'),(374,153,211,'Size','04',0.0000,'+'),(375,153,211,'Color','Akala Pink Print',15.0000,'+'),(376,154,212,'Size','02',0.0000,'+'),(377,154,212,'Color','Black/White',0.0000,'+'),(378,155,213,'Size','L',0.0000,'+'),(379,155,213,'Color','Black',0.0000,'+'),(380,156,214,'Size','XL',0.0000,'+'),(381,156,214,'Color','Black',0.0000,'+'),(382,157,215,'Size','08',0.0000,'+'),(383,157,215,'Color','Buttercup',0.0000,'+'),(384,157,216,'Color','Buttercup',0.0000,'+'),(385,157,216,'Size','08',0.0000,'+'),(386,157,217,'Color','Little Girl Blue',0.0000,'+'),(387,157,217,'Size','08',0.0000,'+'),(388,157,218,'Color','Little Girl Blue',0.0000,'+'),(389,157,218,'Size','08',0.0000,'+'),(390,157,219,'Color','Seaspray',0.0000,'+'),(391,157,219,'Size','L/XL',0.0000,'+'),(392,157,220,'Color','Angel Hair',0.0000,'+'),(393,157,220,'Size','L/XL',0.0000,'+'),(394,158,221,'Size','20',0.0000,'+'),(395,158,221,'Color','001 Blk/Blk/Arm',0.0000,'+'),(396,158,222,'Size','16',0.0000,'+'),(397,158,223,'Size','18',0.0000,'+'),(398,159,224,'Size','10',0.0000,'+'),(399,159,224,'Color','Glacier',0.0000,'+'),(400,160,225,'Size','5t',0.0000,'+'),(401,160,225,'Color','682  Pink Print',0.0000,'+'),(402,161,226,'Size','12 short',0.0000,'+'),(403,161,226,'Color','Black',0.0000,'+'),(404,162,227,'Size','10',0.0000,'+'),(405,162,227,'Color','441  Bluestar',0.0000,'+'),(406,163,228,'Size','16',0.0000,'+'),(407,163,228,'Color','449  Blu/Brp/Sno',0.0000,'+'),(408,164,229,'Size','14',0.0000,'+'),(409,164,229,'Color','Tobacco',0.0000,'+'),(410,165,230,'Size','XL',0.0000,'+'),(411,165,230,'Color','Black',0.0000,'+'),(412,166,231,'Size','10',0.0000,'+'),(413,166,231,'Color','100  Wht/Bel/Alo',0.0000,'+'),(414,167,232,'Size','10',0.0000,'+'),(415,167,232,'Color','443  Bel/Sur/Wht',0.0000,'+'),(416,168,233,'Size','L',0.0000,'+'),(417,168,233,'Color','True Red',0.0000,'+'),(418,169,234,'Size','06',0.0000,'+'),(419,169,234,'Color','Pomegranate',0.0000,'+'),(420,170,235,'Size','10',0.0000,'+'),(421,170,235,'Color','Black/Orange',0.0000,'+'),(422,171,236,'Size','08',0.0000,'+'),(423,171,236,'Color','White',0.0000,'+'),(424,172,237,'Size','S',0.0000,'+'),(425,172,237,'Color','Burnt Adobe',0.0000,'+'),(438,177,244,'Size','18',0.0000,'+'),(442,179,246,'Size','03',0.0000,'+'),(441,178,245,'Color','Red',0.0000,'+'),(440,178,245,'Size','M',0.0000,'+'),(439,177,244,'Color','600 Red/Red/Blk',0.0000,'+'),(437,173,243,'Size','XL',0.0000,'+'),(436,173,243,'Color','Chive',0.0000,'+'),(443,179,246,'Color','Dark Olive',0.0000,'+'),(444,179,247,'Size','05',0.0000,'+'),(445,179,247,'Color','Cream',0.0000,'+'),(446,175,248,'Color','Black/Olympic',0.0000,'+'),(447,175,248,'Size','06',0.0000,'+'),(448,180,249,'Size','XL',0.0000,'+'),(449,180,249,'Color','White',0.0000,'+'),(450,181,250,'Size','06',0.0000,'+'),(451,181,250,'Color','White',0.0000,'+'),(452,182,251,'Color','White',0.0000,'+'),(453,182,251,'Size','06',0.0000,'+'),(454,183,252,'Color','White',0.0000,'+'),(455,183,252,'Size','06',0.0000,'+'),(456,184,253,'Color','Black',0.0000,'+'),(457,184,253,'Size','08',0.0000,'+'),(458,185,254,'Size','$50.00',0.0000,'+'),(459,186,255,'Color','Black',0.0000,'+'),(460,186,255,'Size','46-48',0.0000,'+'),(461,186,256,'Color','Tan',0.0000,'+'),(462,186,256,'Size','46-48',0.0000,'+'),(463,187,257,'Color','Black',0.0000,'+'),(464,187,257,'Size','06',0.0000,'+'),(465,188,258,'Size','M',0.0000,'+'),(466,188,258,'Color','Black',0.0000,'+'),(467,189,259,'Size','S',0.0000,'+'),(468,189,259,'Color','Apricot',0.0000,'+'),(469,190,260,'Size','16',0.0000,'+'),(470,190,260,'Color','Black',0.0000,'+'),(471,191,261,'Color','Black',0.0000,'+'),(472,191,261,'Size','One Size Fits All',0.0000,'+'),(473,192,262,'Size','XL',0.0000,'+'),(474,192,262,'Color','Equestrian Roasted Brown',0.0000,'+'),(475,193,263,'Color','Key Lime',0.0000,'+'),(476,193,263,'Size','M',0.0000,'+'),(477,193,264,'Color','Grotto',0.0000,'+'),(478,193,264,'Size','S',0.0000,'+'),(485,196,268,'Color','Black',0.0000,'+'),(484,196,268,'Size','One Size Fits All',0.0000,'+'),(483,195,267,'Size','$150.00',100.0000,'+'),(486,197,269,'Size','18',0.0000,'+'),(487,197,269,'Color','100 Wht/Red/Blk',0.0000,'+'),(488,198,270,'Size','5t',0.0000,'+'),(489,198,270,'Color','498  Pat/Blk/Igu',0.0000,'+'),(490,198,271,'Color','018 Blk/Pat',0.0000,'+'),(491,198,271,'Size','5t',0.0000,'+'),(492,199,272,'Color','017 Bllk/Blk/Blk',0.0000,'+'),(493,199,272,'Size','10',0.0000,'+'),(494,200,273,'Size','07',0.0000,'+'),(495,200,273,'Color','seaspray',0.0000,'+'),(496,201,274,'Size','L',0.0000,'+'),(497,201,274,'Color','Black',0.0000,'+'),(498,202,275,'Size','S',0.0000,'+'),(499,202,275,'Color','Light Blue',0.0000,'+'),(500,203,276,'Size','14',0.0000,'+'),(501,203,276,'Color','449  Blu/Brp/Sno',0.0000,'+'),(502,204,277,'Size','14',0.0000,'+'),(503,204,277,'Color','Kryptonite',0.0000,'+'),(504,205,278,'Size','06',0.0000,'+'),(505,205,278,'Color','White',0.0000,'+'),(506,206,279,'Size','One Size Fits All',0.0000,'+'),(507,206,279,'Color','Blue',0.0000,'+'),(508,207,280,'Size','05',0.0000,'+'),(509,207,280,'Color','Peppermint',0.0000,'+'),(510,208,281,'Size','12',0.0000,'+'),(511,208,281,'Color','Akala Blue Print',15.0000,'+'),(512,209,282,'Size','08',0.0000,'+'),(513,209,282,'Color','Peppermint',0.0000,'+'),(517,210,284,'Color','443  Bel/Sur/Wht',0.0000,'+'),(516,210,284,'Size','14',0.0000,'+'),(518,211,285,'Size','L',0.0000,'+'),(519,211,285,'Color','Black',0.0000,'+'),(520,212,286,'Size','7t',0.0000,'+'),(521,212,286,'Color','600  Red/Blk/Wht',0.0000,'+'),(522,213,287,'Size','10',0.0000,'+'),(523,213,287,'Color','Cream',0.0000,'+'),(524,214,288,'Color','Patriot',0.0000,'+'),(525,214,288,'Size','L',0.0000,'+'),(526,215,289,'Size','5t',0.0000,'+'),(527,215,289,'Color','600  Red/Blk/Wht',0.0000,'+'),(528,216,290,'Size','05',0.0000,'+'),(529,216,290,'Color','Orchid/ Orchid Blossom Print',10.0000,'+'),(530,217,291,'Size','L',0.0000,'+'),(531,217,291,'Color','Black/Red',0.0000,'+'),(560,228,306,'Color','Seaspray',0.0000,'+'),(559,228,305,'Size','XL',0.0000,'+'),(558,228,305,'Color','Cream/Pansy/Seaspr',0.0000,'+'),(557,228,304,'Size','L/XL',0.0000,'+'),(556,228,304,'Color','Pansy',0.0000,'+'),(555,228,303,'Size','XL',0.0000,'+'),(554,228,303,'Color','Seaspray',0.0000,'+'),(553,227,302,'Size','XL',0.0000,'+'),(552,227,302,'Color','Roasted Brown',0.0000,'+'),(544,223,298,'Color','700 Yellow/Black/White',0.0000,'+'),(545,223,298,'Size','6t',0.0000,'+'),(563,229,307,'Color','LA Gray',0.0000,'+'),(562,229,307,'Size','One Size Fits All',0.0000,'+'),(561,228,306,'Size','L/XL',0.0000,'+'),(564,230,308,'Size','16',0.0000,'+'),(565,230,308,'Color','314  Tea Green Print',0.0000,'+'),(566,231,309,'Size','05',0.0000,'+'),(567,231,309,'Color','Rasberry',0.0000,'+'),(568,231,310,'Color','Peppermint',0.0000,'+'),(569,231,310,'Size','05',0.0000,'+'),(570,231,311,'Size','S/M',0.0000,'+'),(571,231,311,'Color','Peppermint',0.0000,'+'),(572,232,312,'Size','08',0.0000,'+'),(573,232,312,'Color','Blueberry',0.0000,'+'),(574,233,313,'Size','8t',0.0000,'+'),(575,233,313,'Color','100   Wht/Tfp/Wht',0.0000,'+'),(576,234,314,'Size','5t',0.0000,'+'),(577,234,314,'Color','498  Pat/Blk/Igu',0.0000,'+'),(602,240,327,'Color','Buttercup',0.0000,'+'),(601,240,327,'Size','05',0.0000,'+'),(600,236,326,'Size','XXL',10.0000,'+'),(599,236,326,'Color','Burlap Print',15.0000,'+'),(584,237,318,'Color','White',0.0000,'+'),(585,237,318,'Size','M',0.0000,'+'),(586,238,319,'Size','$100.00',50.0000,'+'),(587,239,320,'Size','14',0.0000,'+'),(588,239,320,'Color','White',0.0000,'+'),(589,239,321,'Color','449  Blu/Brp/Sno',0.0000,'+'),(590,239,321,'Size','12',0.0000,'+'),(591,239,322,'Color','443  Belize',0.0000,'+'),(592,239,322,'Size','L',0.0000,'+'),(593,239,323,'Color','Sky',0.0000,'+'),(594,239,323,'Size','L',0.0000,'+'),(595,239,324,'Color','Grotto',0.0000,'+'),(596,239,324,'Size','S',0.0000,'+'),(597,239,325,'Color','443  Bel/Sur/Wht',0.0000,'+'),(598,239,325,'Size','14',0.0000,'+'),(603,240,328,'Color','Buttercup',0.0000,'+'),(604,240,328,'Size','05',0.0000,'+'),(605,240,329,'Size','L',0.0000,'+'),(606,240,329,'Color','Yellow',0.0000,'+'),(607,240,330,'Size','S/M',0.0000,'+'),(608,240,330,'Color','Yellow',0.0000,'+'),(609,240,331,'Size','S/M',0.0000,'+'),(610,240,331,'Color','Angel Hair',0.0000,'+'),(611,240,332,'Size','M',0.0000,'+'),(612,240,332,'Color','Angel Hair',0.0000,'+'),(613,240,333,'Color','Yellow',0.0000,'+'),(614,240,333,'Size','S/M',0.0000,'+'),(615,240,334,'Color','Yellow',0.0000,'+'),(616,240,334,'Size','05',0.0000,'+'),(617,240,335,'Color','Yellow',0.0000,'+'),(618,240,335,'Size','05',0.0000,'+'),(619,240,336,'Color','Yellow',0.0000,'+'),(620,240,336,'Size','M',0.0000,'+'),(621,240,337,'Color','Angel Hair',0.0000,'+'),(622,240,337,'Size','S/M',0.0000,'+'),(623,241,338,'Size','M',0.0000,'+'),(624,241,338,'Color','Black',0.0000,'+'),(625,242,339,'Size','L',0.0000,'+'),(626,242,339,'Color','Black',0.0000,'+'),(627,243,340,'Size','06',0.0000,'+'),(628,243,340,'Color','Black',0.0000,'+'),(629,244,341,'Size','One Size Fits All',0.0000,'+'),(630,244,341,'Color','Dune',0.0000,'+'),(631,245,342,'Size','M',0.0000,'+'),(632,245,342,'Color','Amethyst',0.0000,'+'),(633,246,343,'Size','05',0.0000,'+'),(634,246,343,'Color','Rasberry/Pepmint',0.0000,'+'),(635,247,344,'Size','05',0.0000,'+'),(636,247,344,'Color','Peppermint',0.0000,'+'),(637,248,345,'Size','05',0.0000,'+'),(638,248,345,'Color','Purplicious',0.0000,'+'),(639,248,346,'Size','06',0.0000,'+'),(640,248,346,'Color','Purplicious',0.0000,'+'),(641,249,347,'Size','M',0.0000,'+'),(642,249,347,'Color','White',0.0000,'+'),(643,250,348,'Size','04',0.0000,'+'),(644,250,348,'Color','Pansy',0.0000,'+'),(645,251,349,'Size','04',0.0000,'+'),(646,251,349,'Color','Yellow',0.0000,'+'),(647,251,350,'Size','04',0.0000,'+'),(648,251,350,'Color','Silver',0.0000,'+'),(651,253,352,'Color','True Red',0.0000,'+'),(652,253,352,'Size','03',0.0000,'+'),(653,253,353,'Size','03',0.0000,'+'),(654,253,353,'Color','Kryptonite',0.0000,'+'),(660,255,356,'Size','One Size Fits All',0.0000,'+'),(659,255,356,'Color','Khaki',0.0000,'+'),(657,254,355,'Size','08',0.0000,'+'),(658,254,355,'Color','Little Girl Blue',0.0000,'+'),(661,256,357,'Size','06',0.0000,'+'),(662,256,357,'Color','Orchid Blossom Print/Orchid Mist',10.0000,'+'),(663,256,358,'Size','05',0.0000,'+'),(664,256,358,'Color','Seaspray Blossom Print/Seaspray',10.0000,'+'),(665,257,359,'Size','L',0.0000,'+'),(666,257,359,'Color','Lichen',0.0000,'+'),(667,256,360,'Size','L',0.0000,'+'),(668,256,360,'Color','Seaspray Blossom Print',0.0000,'+'),(669,256,361,'Size','L',0.0000,'+'),(670,256,361,'Color','Orchid Blossom Print',0.0000,'+'),(671,258,362,'Size','06',0.0000,'+'),(672,258,362,'Color','Kryptonite',0.0000,'+'),(673,259,363,'Size','08',0.0000,'+'),(674,259,363,'Color','Orchid',0.0000,'+'),(675,260,364,'Size','04',0.0000,'+'),(676,260,364,'Color','Orchid',0.0000,'+'),(677,261,365,'Size','05',0.0000,'+'),(678,261,365,'Color','Pansy',0.0000,'+'),(679,262,366,'Size','08',0.0000,'+'),(680,262,366,'Color','449  Blu/Brp/Sno',0.0000,'+'),(681,263,367,'Size','10',0.0000,'+'),(682,263,367,'Color','449  Blu/Brp/Sno',0.0000,'+'),(683,264,368,'Size','10',0.0000,'+'),(684,264,368,'Color','102  Snow',0.0000,'+'),(685,265,369,'Size','06',0.0000,'+'),(686,265,369,'Color','Black',0.0000,'+'),(687,265,370,'Size','07',0.0000,'+'),(688,265,370,'Color','True Red',0.0000,'+'),(689,265,371,'Color','333',0.0000,'+'),(690,265,371,'Size','04',0.0000,'+'),(705,270,379,'Color','Seaspray',0.0000,'+'),(704,270,378,'Color','seaspray',0.0000,'+'),(703,270,378,'Size','05',0.0000,'+'),(702,270,377,'Color','Little Girl Blue',0.0000,'+'),(701,270,377,'Size','05',0.0000,'+'),(697,268,375,'Size','One Size Fits All',0.0000,'+'),(698,268,375,'Color','Black',0.0000,'+'),(699,269,376,'Size','08',0.0000,'+'),(700,269,376,'Color','600  Red/Blk/Wht',0.0000,'+'),(706,270,379,'Size','S/M',0.0000,'+'),(707,271,380,'Size','10 Husky',0.0000,'+'),(708,271,380,'Color','001  Blk/Blk/Blk',0.0000,'+'),(709,272,381,'Size','07',0.0000,'+'),(710,272,381,'Color','Orchid',0.0000,'+'),(711,273,382,'Size','S/M',0.0000,'+'),(712,273,382,'Color','Orchid',0.0000,'+'),(713,273,383,'Size','05',0.0000,'+'),(714,273,383,'Color','Orchid/ Orchid Blossom Print',0.0000,'+'),(715,273,384,'Size','06',0.0000,'+'),(716,273,384,'Color','Orchid',0.0000,'+'),(717,273,385,'Color','Orchid Blossom Print',0.0000,'+'),(718,273,385,'Size','M',0.0000,'+'),(719,274,386,'Size','04',0.0000,'+'),(720,274,386,'Color','Purplicious',0.0000,'+'),(721,274,387,'Size','04',0.0000,'+'),(722,274,387,'Color','Purplicious',0.0000,'+'),(723,275,388,'Size','06',0.0000,'+'),(724,275,388,'Color','seaspray',0.0000,'+'),(725,276,389,'Size','06',0.0000,'+'),(726,276,389,'Color','Creamsicle',0.0000,'+'),(734,278,393,'Color','332  Alo/Gnt/Sno',0.0000,'+'),(733,278,393,'Size','14',0.0000,'+'),(732,277,392,'Color','Black',0.0000,'+'),(731,277,392,'Size','18',0.0000,'+'),(735,279,394,'Size','08',0.0000,'+'),(736,279,394,'Color','Black',0.0000,'+'),(737,279,395,'Size','12',0.0000,'+'),(738,279,395,'Color','Black',0.0000,'+'),(739,280,396,'Size','08',0.0000,'+'),(740,280,396,'Color','Little Girl Blue',0.0000,'+'),(741,281,397,'Size','06',0.0000,'+'),(742,281,397,'Color','Little Girl Blue',0.0000,'+'),(743,282,398,'Size','14',0.0000,'+'),(746,283,400,'Size','05',0.0000,'+'),(747,283,400,'Color','Purplicious',0.0000,'+'),(748,284,401,'Color','Orange',0.0000,'+'),(749,284,401,'Size','04',0.0000,'+'),(750,284,402,'Color','Kryptonite',0.0000,'+'),(751,284,402,'Size','06',0.0000,'+'),(752,284,403,'Color','Silver',0.0000,'+'),(753,284,403,'Size','06',0.0000,'+'),(754,285,404,'Size','07',0.0000,'+'),(755,285,404,'Color','Rasberry',0.0000,'+'),(756,286,405,'Size','S',0.0000,'+'),(757,286,405,'Color','Black',0.0000,'+'),(758,287,406,'Size','L',0.0000,'+'),(759,287,406,'Color','Black',0.0000,'+'),(760,287,407,'Size','L',0.0000,'+'),(761,287,407,'Color','Silver Spoon',0.0000,'+'),(762,288,408,'Color','Roasted Brown',0.0000,'+');

--
-- Table structure for table `orders_products_download`
--

CREATE TABLE `orders_products_download` (
  `orders_products_download_id` int(11) NOT NULL AUTO_INCREMENT,
  `orders_id` int(11) NOT NULL DEFAULT '0',
  `orders_products_id` int(11) NOT NULL DEFAULT '0',
  `orders_products_filename` varchar(255) NOT NULL DEFAULT '',
  `download_maxdays` int(2) NOT NULL DEFAULT '0',
  `download_count` int(2) NOT NULL DEFAULT '0',
  PRIMARY KEY (`orders_products_download_id`)
) ENGINE=MyISAM DEFAULT CHARSET=latin1;

--
-- Dumping data for table `orders_products_download`
--


--
-- Table structure for table `orders_status`
--

CREATE TABLE `orders_status` (
  `orders_status_id` int(11) NOT NULL DEFAULT '0',
  `language_id` int(11) NOT NULL DEFAULT '1',
  `orders_status_name` varchar(32) NOT NULL DEFAULT '',
  PRIMARY KEY (`orders_status_id`,`language_id`),
  KEY `idx_orders_status_name` (`orders_status_name`)
) ENGINE=MyISAM DEFAULT CHARSET=latin1;

--
-- Dumping data for table `orders_status`
--

INSERT INTO `orders_status` VALUES (1,1,'Pending'),(2,1,'Processing'),(3,1,'Shipped'),(0,1,'Cancelled');

--
-- Table structure for table `orders_status_history`
--

CREATE TABLE `orders_status_history` (
  `orders_status_history_id` int(11) NOT NULL AUTO_INCREMENT,
  `orders_id` int(11) NOT NULL DEFAULT '0',
  `orders_status_id` int(5) NOT NULL DEFAULT '0',
  `date_added` datetime NOT NULL DEFAULT '0000-00-00 00:00:00',
  `customer_notified` int(1) DEFAULT '0',
  `comments` text,
  PRIMARY KEY (`orders_status_history_id`)
) ENGINE=MyISAM AUTO_INCREMENT=917 DEFAULT CHARSET=latin1;

--
-- Dumping data for table `orders_status_history`
--

INSERT INTO `orders_status_history` VALUES (11,11,1,'2005-02-08 10:49:52',1,''),(12,12,1,'2005-02-08 10:51:21',1,''),(13,13,1,'2005-02-09 11:50:22',1,'This is a test order.'),(28,16,1,'2005-02-26 21:00:33',1,'if this color is not available please call me to sub a differnet boys color'),(8,8,1,'2005-01-17 15:16:12',1,''),(9,9,1,'2005-02-03 14:13:51',1,'This is a test order.'),(10,10,1,'2005-02-07 20:19:40',1,''),(15,8,2,'2005-02-10 10:41:01',1,''),(16,10,2,'2005-02-10 10:41:48',1,'Test'),(19,10,3,'2005-02-10 13:25:41',1,''),(20,11,2,'2005-02-10 13:31:32',1,'Funny but when I tried the credit card # it worked.  Are you sure that it wasn\'t you.'),(22,11,3,'2005-02-10 20:45:35',1,'Your order shipped 02/10/05 FedEx Ground #xxxxxxxxxxxxx\r\nYou may track it at http://www.fedex.com/Tracking?cntry_code=us&link=4'),(23,10,3,'2005-02-10 20:47:14',1,'Your order shipped 02/10/05 FedEx Ground #xxxxxxxxxxxxxx\r\nThe order may be tracked at http://www.fedex.com/Tracking?cntry_code=us&link=4'),(29,17,1,'2005-02-27 18:50:56',1,''),(30,16,2,'2005-02-27 20:09:34',1,''),(31,17,2,'2005-02-27 21:17:11',1,''),(25,8,3,'2005-02-11 08:51:30',1,''),(26,9,3,'2005-02-11 08:52:36',0,''),(27,12,3,'2005-02-11 08:53:36',1,''),(39,13,3,'2005-03-03 19:53:28',0,''),(40,20,1,'2005-03-07 10:01:03',1,''),(41,20,1,'2005-03-07 11:41:26',1,'Victoria,  Thanks for the order.  I was out of stock but was able to find you one.  It is being drop-shipped directly to you today.  Thanks again, if you have any questions feel free to contact me at ghunter@bahnhof.com or 800-253-7078.  \r\n\r\nGary Hunter'),(34,17,2,'2005-02-28 12:26:08',1,'Thanks for your order.  It was shipped FedEx Ground 02/28/05 Tracking # 144056010007501  You can track your order’s progress at: http://www.fedex.com/Tracking?link=1&cntry_code=us&lid=//Track//Pack+Track+Corp\r\n\r\nIf you have any questions please call 800-253-7078.  Thank you'),(35,17,3,'2005-02-28 12:26:15',1,''),(36,16,3,'2005-02-28 12:28:39',1,'Thanks for your order.  We did sub the Black as per your conversation with Diane.  It was shipped FedEx Ground 02/28/05 Tracking # 144056010007518.  You can track your order’s progress at: http://www.fedex.com/Tracking?link=1&cntry_code=us&lid=//Track//Pack+Track+Corp\r\n\r\nIf you have any questions please call 800-253-7078.  Thank you'),(37,19,1,'2005-03-03 12:03:15',1,''),(38,19,3,'2005-03-03 14:58:19',1,'Thank you for your order. It will shipped today from our Park City, UT store. Your FED EX tracking # is 144056000009577\r\nIf you have any questions please contact me @ 800-253-7078\r\nSincerely,\r\nMelissa Kruskie'),(42,20,3,'2005-03-07 11:41:34',1,''),(43,21,1,'2005-03-16 22:49:20',1,''),(44,21,2,'2005-03-17 07:58:35',1,'Hi Thomas,  Thanks for your order, I am out of the  SK1 in navy in your size.  I do have it in Black/Gray.  I don\'t have this color on-line as I have very few sizes.  Let me know if it is OK to sub this for you.  e-mail me at ghunter@bahnhof.com or call 800-253-7078 and leave a message with Missy.  Thanks Gary...'),(45,21,3,'2005-03-17 13:42:01',1,'Thanks Tom.  Your order is shipping today FedEx Ground #144056010007716  Thanks Gary'),(46,22,1,'2005-03-31 02:16:26',1,''),(47,22,2,'2005-03-31 08:45:08',1,'Thanks For your order, I will e-mail your tracking # later today.  Thanks Gary'),(48,22,3,'2005-03-31 12:02:38',1,'Your order shipped today FedEx Ground #144056010007792.  Thanks'),(49,23,1,'2005-04-10 14:55:09',1,''),(50,23,2,'2005-04-12 10:04:21',1,'Thanks for your order.  It will be shipped today.  Gary'),(51,23,3,'2005-04-13 18:11:15',1,'Hi Jason.  Your PFD shipped FedEx Ground.  #144056010007921  Thanks Gary'),(52,24,1,'2005-05-18 20:25:25',1,'Please send us immediately.'),(53,24,2,'2005-05-21 10:01:07',1,'Sorry about the delay.  I am not really set up to ship to Japan but it looks like I can ship a small order to you via USPS for $13.00 which would make your total $20.50.  Please let me know if you want your order sent.  Thanks Gary'),(54,24,3,'2005-05-24 12:33:55',1,'your order was shipped USPS.  It should arrive in 6-10 buisness days.  your card was charged $20.50.  Thanks Gary'),(55,25,1,'2005-08-04 19:07:39',1,''),(56,25,3,'2005-08-08 12:11:31',1,'Your PFD was shipped today, Monday 08/08/05 by FedEx Ground.  The tracking # is 144056010008652 .  Thanks for your order.  Gary'),(57,26,1,'2005-09-26 08:54:13',1,''),(58,26,2,'2005-09-29 05:32:17',1,'Hi Jules,  Sorry about the delay in responding but we changed mail servers this week and had some problems.  I am out of the yellow color in these sock but do have black.  Please let me know if those are OK.  \r\nThanks  \r\nGary Hunter'),(59,26,3,'2005-09-30 13:56:27',1,'Jules, I only had 1 pair that size, that model left in any store.  I do have shipments scheduled in during Oct.  I have sent the pair of black from our Park City store.  I will e-mail you when the others come in.  Thanks Gary'),(60,27,1,'2005-10-21 15:49:12',1,''),(61,27,2,'2005-10-22 11:45:28',1,'Your jacket will ship Monday FedEx.  I will e-mail a tracking # Monday.  Thanks Gary'),(62,27,3,'2005-10-25 09:30:39',1,''),(63,28,1,'2005-11-08 12:33:55',1,''),(64,28,2,'2005-11-09 12:32:15',1,'Brandi, thanks for your order.  I am waiting for a couple of these hats from Obermeyer, we have received shipping confirmation and will forward it as soon as it hits our warehouse.  Feel free to contact me with any questions.  Thanks Gary'),(76,32,2,'2005-11-22 10:11:02',1,'Thanks for the order.  We are out of the Ink color but Obermeyer had a few left.  I have ordered one for you.  Unfortunately Obermeyer will not drop ship so it is coming to our warehouse where we will immediatly send it to you.  I will send a tracking # as soon as we get it.  Thanks Gary Hunter'),(75,32,1,'2005-11-21 16:08:02',1,''),(68,30,1,'2005-11-16 01:04:14',1,'SHIP TO:\r\nJohn Wilkins\r\n5307 Willow Ct #311\r\nAgoura Hills, CA 91301\r\n818-665-6597'),(69,30,2,'2005-11-16 07:12:16',1,''),(70,30,2,'2005-11-16 10:11:10',1,'Hi John,  Thanks for the order, I do have both pieces in stock.  Please mail the check today.  I can only hold these items for a week while waiting for the check  to arrive.  I have only one of each left in stock.  You can also call 800-253-7078 and I can process a credit card over the phone.  The order will ship out of 2 different stores.\r\n\r\nThanks Gary Hunter\r\nBahnhof Sport\r\nPO Box 677\r\nPetoskey, Mi\r\n49770'),(71,28,3,'2005-11-16 11:18:45',1,'Shipped 11/15/05 Fedex Ground #144056010010273'),(72,30,3,'2005-11-16 14:27:25',1,'Your order will ship 11/17/05 FedEx Ground\r\nPark City box #144056000007412 Pants\r\nBreckenridge Box #288508310001978 Jacket\r\nThanks Gary Hunter'),(73,31,1,'2005-11-16 22:00:55',1,''),(74,31,2,'2005-11-17 06:51:52',1,'Hi Erica, \r\nThanks for the order.  I did not have a size 6 in any of our locations but I was able to get 1 of the last 2 that Obermeyer had in their warehouse.  We will ship it from our Colorado Store as it will save a few days of shipping time from Obermeyer to us and from us to you.  I will send a tracking # as soon as I have one. \r\n\r\nThanks Gary Hunter'),(106,42,3,'2005-12-12 11:22:51',0,''),(107,38,3,'2005-12-12 14:41:04',1,'Pants will be shipped 12-13-05. Fedex tracking # 144056010010839.  Thank you for your order!  Sandie'),(103,42,1,'2005-12-11 19:57:37',1,''),(104,42,2,'2005-12-12 08:16:18',1,''),(105,42,2,'2005-12-12 11:20:50',1,'Your order has shipped.  Tracking number is Fedex 144056010010815.  Thank you for your order.  Sandie'),(102,41,3,'2005-12-08 09:07:04',1,'Your package has been shipped Fed. Ex ground, Tracking# 144056010010754.\r\nThank you for your order,\r\nLinda'),(80,31,3,'2005-11-29 09:28:43',1,'shipped FedEx ground Wed. Nov. 23rd. 144056010010372'),(81,34,1,'2005-11-30 11:16:13',1,''),(82,34,2,'2005-11-30 12:22:18',1,'Hi Jeff,  Thanks for the order, Unfortunately I am out of the medium in that color.  I do have in stock in this store the jacket in color #461 LAX and #466 VCX which could be shipped ASAP if they worked for you.  I did talk to Patagonia to order it but they are out of stock. They are scheduled to receive more at Christmas.  Being realistic, they probably won\'t be able to ship until Jan 1 because of the holidays.  If you would like I will order it and and have them ship it directly to you when they receive it.  Please let me know what you would like me to do.  Respond by e-mail or call 800-253-7078 and ask for Gary or Missy'),(83,32,3,'2005-11-30 13:34:08',1,'Your order was shipped FedEx Ground. #144056010010563      Thanks Gary'),(84,35,1,'2005-11-30 18:32:13',1,''),(85,35,2,'2005-11-30 19:04:58',1,''),(86,35,2,'2005-12-01 06:51:07',1,'Hi Lorna.  Thanks for the order.  I am out of the Pro Race in Red in your size.  I do have it in  Black/Grey.  Please let me know if it is OK to substitute color.  You can respond by e-mail or call 800-253-7078.  Leave a message for me.  Thanks Gary Hunter'),(87,36,1,'2005-12-03 12:54:30',1,''),(88,36,2,'2005-12-03 13:37:51',1,'Hi Heather,  Thanks for the order.  We will send it Monday.  I will send the tracking # Monday as soon as I get it from shipping.  Thanks Gary Hunter'),(89,37,1,'2005-12-04 16:56:24',1,''),(90,37,2,'2005-12-05 10:27:32',1,'Susan, thanks for the order.  It will ship from our Colorado store today.  I will send you a tracking # as soon as they get it to me.  Thanks Gary Hunter'),(91,35,3,'2005-12-05 12:30:41',1,'Shipped 12/05/05 FedEx Ground #144056010010617'),(92,36,3,'2005-12-05 12:33:01',1,'Shipped 12/05/05  FedEx Ground #144056010010624'),(93,37,3,'2005-12-05 13:47:24',1,'Shipped FedEx Ground  12/05/05  #288508310002159  Thanks Gary'),(94,34,2,'2005-12-05 14:00:09',0,'Ordered 12/05/05 confirmation #99108'),(95,38,1,'2005-12-05 21:24:57',1,''),(96,38,2,'2005-12-06 09:11:37',1,'Hi Heath,  We were out of these sizes but I have them coming from Obermeyer.  I will send them to you as soon as they arrive.  Thanks Gary Hunter'),(97,39,1,'2005-12-06 16:59:36',1,''),(99,41,1,'2005-12-07 13:13:10',1,''),(100,41,2,'2005-12-07 14:22:19',1,''),(101,39,2,'2005-12-07 14:25:47',1,'Hi Paula,  I am sold out of the \"Most Difficult \" sign.  It has been a hot item.  I am trying to get more, the supplier is local so I hope to have it in the next day or so.  I will let you know the status.  I do have the \"More Difficult\" in stock.  Thanks Gary Hunter'),(108,43,1,'2005-12-12 14:50:47',1,''),(109,43,2,'2005-12-12 15:03:07',1,''),(110,43,3,'2005-12-12 16:53:11',1,'Your gloves are shipping by FedEx Ground from our Utah store.  Tracking # 144056000007696.  Thanks Gary Hunter'),(111,39,3,'2005-12-13 09:41:46',1,'The Fedex tracking number is #144056010010860.  It is going out today 12-13-05. Thank you for your order. Sandie'),(112,44,1,'2005-12-13 09:41:48',1,''),(113,45,1,'2005-12-13 09:55:52',1,'Christmas Present!!! Please get to me by Christmas!!!'),(114,46,1,'2005-12-13 09:56:42',1,''),(115,45,2,'2005-12-13 10:20:28',1,''),(116,46,2,'2005-12-13 10:58:55',1,''),(117,44,2,'2005-12-13 10:59:22',1,''),(118,45,3,'2005-12-13 12:25:03',1,'Your item has been shipped Fed. Ex. ground.  The following number is your tracking number 144056010010938.\r\nThank you for your order'),(119,44,3,'2005-12-13 12:47:27',1,'Michelle, your order has been shipped out Fed.Ex. ground with the following tracking # 144056010010952.  The price of the Venom jacket was incorrect, but we have honored that price. \r\nThank you for your order.'),(120,46,3,'2005-12-13 12:48:32',1,'The jacket was mispriced but, we honored the on line price.  The white jacket is not available.  The fedex tracking  number is #144056010010945.  Thank you for your order.  Sandie'),(121,47,1,'2005-12-14 07:58:01',1,''),(122,47,2,'2005-12-14 09:00:47',1,''),(123,47,3,'2005-12-14 11:29:35',1,'Your order was shipped today 12/14/05 by Fed. Ex. ground, tracking #144056010010976.\r\nThank you for your order.'),(124,46,3,'2005-12-14 11:34:12',1,'Both of your jackets were shipped together today 12/14/05 Fed. Ex. ground, tracking #14056010011010.  Please disregard the  tracking number from yesterday.\r\nThank you again for your order.'),(125,48,1,'2005-12-15 08:44:00',1,''),(126,48,2,'2005-12-15 10:14:24',1,''),(127,48,3,'2005-12-15 11:10:36',1,'Your Fedex tracking number is #144056010011065.  Thank you for your order. Sandie'),(128,49,1,'2005-12-15 22:24:52',1,''),(129,49,2,'2005-12-16 07:16:56',1,''),(130,49,3,'2005-12-16 10:01:32',1,'Your order was shipped today 12/16/06 Fed. Ex. Ground, tracking # 144056010011096.\r\nThank you  for your order'),(131,50,1,'2005-12-19 15:51:28',1,''),(132,50,3,'2005-12-20 15:30:44',1,'Shipping from our Park City store  FedEx #144056000003087\r\n\r\nThanks Gary'),(133,51,1,'2005-12-20 20:36:58',1,''),(134,51,2,'2005-12-21 07:26:30',1,''),(135,51,3,'2005-12-21 10:32:40',1,'Your order was shipped today 12/21/05 Fed. Ex. Ground, tracking# 144056010011201.\r\nThank you for your order.'),(136,52,1,'2005-12-24 09:48:55',1,''),(137,52,2,'2005-12-26 12:52:06',1,'Shipping from our Park City store.'),(153,57,2,'2006-01-05 14:42:14',1,'Hi Kara,  Thanks for the order, We have the spyder jacket in color E (Kiwi) in stock,  The color A is out of stock in our stores and Spyder is sold out of it for the season.  The same is true for the Obermeyer jacket,  I can\'t get a size 8 but I do have a 10 in stock.  Obermeyer is also out.  Let me know if I should ship just the Spyder  in Kiwi and if the Obermeyer would work.  thanks Gary Hunter'),(139,54,1,'2005-12-27 09:56:40',1,''),(140,54,2,'2005-12-27 12:57:51',1,''),(141,52,3,'2005-12-27 13:02:37',1,'Shipped FedEx #144056000003155\r\nThanks Gary'),(147,55,1,'2006-01-02 13:18:43',1,''),(148,55,2,'2006-01-03 07:16:29',1,''),(149,55,3,'2006-01-03 08:52:03',1,'Thank you for your order.  Yor Fedex tracking number is 144056010011454.'),(150,56,1,'2006-01-04 18:03:53',1,''),(151,57,1,'2006-01-04 19:04:58',1,''),(152,58,1,'2006-01-05 10:44:27',1,''),(143,54,3,'2005-12-28 10:11:49',1,'Your order was shipped out today 12/28/05 Fed. Ex. Ground, tracking # 144056010011348.\r\nThank you for your order.'),(144,34,2,'2005-12-28 13:59:48',1,'Hi Jeff,  We checked with Patigonia on the status of your jacket today and they told us that the updated ship date is Jan. 10th.  Unfortunately that isn\'t what they told us originally.  If you have any questions call me at 800-253-7078 or e-mail me.  Thanks Gary'),(145,34,2,'2005-12-29 13:32:58',1,'Hi Jeff,  We are shipping you a Patagonia Retro-X jacket in a mens L, Natural as we talked about on the phone.  I will forward the tracking # as soon as I receive it.  Thanks Gary'),(146,34,3,'2005-12-29 14:00:08',1,'The tracking # is 288508310002500. It is being shipped by Fedex.  Thank you for your order and your patience, Gary'),(154,56,2,'2006-01-05 14:42:27',1,''),(155,58,2,'2006-01-05 14:57:19',1,''),(156,58,2,'2006-01-06 09:00:55',1,'Hi Leigh,  I have the size 8 in stock but not the 10.  Should I send just the size 8?  E-mail me or call 800-253-7078 and talk to Gary or Missy.  Thanks Gary Hunter'),(157,56,3,'2006-01-06 12:57:00',1,'Thank you for your order.  Your Fedex tracking number is 288508310002579.'),(158,59,1,'2006-01-07 02:47:47',1,''),(159,59,2,'2006-01-07 10:28:55',1,'Hi Todd,  Thanks for the order,  I am out of the Ink color in a 16 but I do have it in Black.  Obermeyer is out of it also.  E-mail me to let me know if you are interested in the Black or should I cancel the order.  You can also call 800-253-7078 and ask for Gary or Missy.  Thanks Gary'),(161,59,2,'2006-01-08 07:12:54',0,'The order data has been modified'),(162,61,1,'2006-01-08 11:17:30',1,''),(255,90,3,'2006-02-08 12:02:54',1,'Thank you for your order.  Your Fedex tracking number is 144056010012857.'),(164,63,1,'2006-01-08 17:55:40',1,''),(166,57,2,'2006-01-09 08:39:42',0,'The order data has been modified'),(167,57,2,'2006-01-09 08:40:06',0,'The order data has been modified'),(168,57,2,'2006-01-09 08:56:07',1,'Ok Kara,  We are going to make this as complicated as possible.  The Aura is shipping from Michigan, The Charge is shipping from Colorado, and the Power from Utah.  We will send you 3 tracking #\'s later today or tomorrow morning as soon as we get them from the stores.  Thanks Gary'),(169,61,2,'2006-01-09 11:37:13',1,''),(170,59,3,'2006-01-09 11:40:03',1,'Thank you for your order!  Your Fedex tracking number is 144056010011911.'),(171,61,3,'2006-01-09 11:41:04',1,'Thank you for your order!  Your Fedex tracking number is 144056010011881.'),(172,57,3,'2006-01-09 11:42:17',1,'Thank you for your order!  Your Fedex tracking numbers are\r\n144056000003346 and 144056010011874.'),(256,87,3,'2006-02-08 13:21:10',1,'Thank you for your order.  The Fedex tracking number is 288508310002852.'),(174,63,2,'2006-01-09 12:50:12',1,'Hi Charles,  Thanks for your order.  I am sorry but we are sold out of both colors in XL.  686 is sold out of Khaki but I can order you the Gunmetal in a XL.  Let me know by e-mail or call 800-253-7078.  Thanks Gary Hunter'),(175,58,2,'2006-01-09 13:33:36',0,'The order data has been modified'),(177,63,2,'2006-01-09 16:35:22',0,'The order data has been modified'),(203,72,2,'2006-01-20 09:28:38',1,'Hi Lynda,  Thanks for your order.  It will ship from our Breckenrige store.  Gary Hunter'),(179,63,2,'2006-01-10 08:41:09',0,'Ordering XL Gunmetal per phone conversation of 01/08/06.  Gary'),(201,71,3,'2006-01-19 09:04:59',1,'Thank you for your order.  Your Fedex tracking number is 288508310002739.'),(202,72,1,'2006-01-19 19:18:12',1,''),(181,58,3,'2006-01-10 12:11:48',1,'Your order was shipped out today 1/10/06 Fed. Ex. Ground,\r\ntracking# 140056010011980.\r\n\r\nThank you for your order.'),(185,66,1,'2006-01-13 19:39:22',1,''),(186,66,2,'2006-01-14 07:53:24',1,''),(187,66,2,'2006-01-14 08:08:53',1,'Hi Claudia,  Thanks for your order.  Your pants will ship Monday.  We will send you a tracking # as soon as we have it.  Thanks Gary'),(242,86,1,'2006-02-04 18:00:05',1,''),(243,86,2,'2006-02-04 19:13:25',1,''),(244,87,1,'2006-02-05 04:15:23',1,''),(245,87,2,'2006-02-05 09:51:56',1,''),(246,86,3,'2006-02-06 12:25:30',1,'Thank you for your order.  Your Fedex tracking number is 144056010012710.'),(190,68,1,'2006-01-15 05:35:00',1,''),(191,68,2,'2006-01-16 06:42:09',1,''),(192,66,2,'2006-01-16 07:46:53',1,'Thank you for your order.  Your Fedex tracking number is 288508310002661.'),(193,66,3,'2006-01-16 07:47:06',0,''),(194,68,3,'2006-01-16 11:24:15',1,'Your item was shipped today 1/16/06 Fed. Ex. Ground, tracking# 144056010012154.\r\n\r\nThank you for your order.'),(236,83,2,'2006-02-02 17:30:01',1,'Hi Yvonne,  Your order came in to late to ship it today from Michigan but We will ship it from our Park City store tomorrow.  We will send a tracking # as soon as I get it.  Thanks Gary'),(197,63,3,'2006-01-17 11:03:35',1,'Your order is being shipped today 1/17/06 Fed. Ex. Ground, Tracking# 144056010012215.\r\n\r\nThank you for your order.'),(232,82,3,'2006-02-01 09:01:34',1,'Thank you for your order.  Your Fedex tracking number is 144056010012581.'),(233,80,3,'2006-02-01 09:02:38',1,'Thank you for your order.  Your Fedex tracking number is 144056010012574.'),(234,81,3,'2006-02-01 09:03:18',1,'Thank you for your order.  Your Fedex tracking number is 144056010012598.'),(235,83,1,'2006-02-02 13:59:40',1,'PLEASE SEND TODAY IF U COULD..WUD LIKE TO RECEIVE BY NEXT THURSDAY LATEST.....'),(199,71,1,'2006-01-17 20:31:36',1,''),(200,71,2,'2006-01-18 08:59:28',1,'Thanks for your order.  It will ship today from Breckenridge, Co.'),(204,72,3,'2006-01-20 11:55:54',1,'Thank you for your order.  Your Fedex tracking number is 288508310002760.'),(205,73,1,'2006-01-21 22:21:34',1,''),(206,73,2,'2006-01-22 06:57:23',1,''),(207,73,3,'2006-01-23 10:32:10',1,'Thank you for your order.  Your Fedex tracking numbers are 144056000003582 and 144056010012314.  One of the jackets was in Michigan and one was in Utah.'),(209,75,1,'2006-01-23 15:48:00',1,''),(210,75,2,'2006-01-23 16:08:35',1,''),(211,76,1,'2006-01-24 06:33:55',1,''),(212,76,2,'2006-01-24 08:36:18',1,''),(219,78,2,'2006-01-26 07:25:02',1,''),(217,76,3,'2006-01-25 13:42:44',1,'Thank you for your order.  Your Fedex tracking number is 288508310002784.'),(218,78,1,'2006-01-25 21:48:23',1,''),(221,79,1,'2006-01-28 03:37:13',1,''),(222,79,2,'2006-01-28 09:10:52',1,''),(223,80,1,'2006-01-29 16:23:28',1,''),(224,80,2,'2006-01-30 15:46:46',1,'Hi Ron, Thanks for the order.  I am out of the SK1 in red but I do have it in Black/grey size 37/38.  I am totaly out of the Pro Race in a 42/43 but I do have it in 44/45 in Yellow/Grey and Black/Grey.  I also have the SK2 in Black/Grey size 42/43.  The SK2 is a slightly heavier, mid volume sock than the Pro Race.  Please e-mail me to let me know if any of these choices will work for you.  You can also call 800-253-7078.  Thanks Gary'),(216,75,3,'2006-01-25 09:56:55',1,'Your order is being shipped today 1/25/06 Fed.Ex. Ground, tracking #144056010012345.\r\n\r\nThank you for your order.'),(220,78,3,'2006-01-26 07:57:30',1,'YOUR ORDER IS BEING SHIPPED OUT TODAY 1/26/06 FED.EX. GROUND, TRACKING #144056010012376.\r\n\r\nTHANK YOU FOR YOUR ORDER.'),(225,79,3,'2006-01-31 08:38:16',1,'Your item was shipped on 1/30/06 Fed. Ex. Ground, tracking# 288508310002821.\r\n\r\nThank you for your order.'),(226,80,2,'2006-01-31 14:49:36',0,'The order data has been modified'),(227,80,2,'2006-01-31 14:49:47',0,'The order data has been modified'),(228,81,1,'2006-01-31 19:45:01',1,''),(229,82,1,'2006-01-31 21:23:38',1,''),(230,81,2,'2006-02-01 07:12:20',1,''),(231,82,2,'2006-02-01 07:12:35',1,''),(238,83,3,'2006-02-03 11:45:34',1,'Thank you for your order.  Your Fedex tracking number is 144056000003728.'),(263,91,3,'2006-02-10 11:47:32',1,'Your order is being shipped out today Feb. 10th Fed. Ex. Ground, tracking # 144056010012895.\r\n\r\nThank you for your order.'),(265,79,3,'2006-02-13 09:40:32',1,'Hi Wallace,  We just received the order of Marker Gloves we shipped you.  It was marked refused,  Was there a problem?  Thanks Gary'),(304,104,3,'2006-02-21 13:12:01',1,'Thank you for your order.  Your Fedex tracking number is 144056010013199.'),(305,102,3,'2006-02-21 13:12:53',1,'Thank you for your order.  Your Fedex tracking number is 288508310002982.'),(257,91,1,'2006-02-09 18:54:05',1,''),(258,92,1,'2006-02-09 21:23:41',1,''),(259,92,2,'2006-02-10 07:57:49',1,''),(260,91,2,'2006-02-10 07:58:07',1,''),(261,92,3,'2006-02-10 09:24:38',1,'Your order is being shipped out today Feb. 10th Fed. Ex. Ground, tracking #144056010012871.\r\n\r\nThank you for your order.'),(253,90,2,'2006-02-08 07:28:07',1,''),(254,89,3,'2006-02-08 12:01:30',1,'Thank you for your order.  Your Fedex tracking number is 144056010012840.'),(250,89,1,'2006-02-07 19:01:08',1,''),(251,90,1,'2006-02-07 21:51:58',1,''),(252,89,2,'2006-02-08 07:26:53',1,''),(262,91,2,'2006-02-10 11:31:30',0,'The order data has been modified'),(309,108,1,'2006-02-26 05:37:05',1,''),(310,108,2,'2006-02-27 09:10:02',1,''),(311,108,3,'2006-02-27 12:34:39',1,'Thank you for your order.  Your Fedex tracking number is 288508310003057.'),(267,94,1,'2006-02-14 18:54:05',1,''),(268,95,1,'2006-02-15 05:58:38',1,''),(269,94,2,'2006-02-15 06:49:54',1,''),(270,95,2,'2006-02-15 07:02:31',1,''),(271,95,2,'2006-02-15 07:22:56',1,'Hi Shannon, Thanks for the order.  I do have your jacket, unfortunately your credit card was declined.  Please e-mail or call 800-253-7078 or 231-347-2112 and ask for Gary or Missy with a new Credit Card number.  Thanks Gary'),(272,75,3,'2006-02-15 07:28:11',0,'returned 02/15/06'),(273,94,3,'2006-02-15 10:18:44',1,'YOUR ORDER IS BEING SHIPPED OUT TODAY FEB. 15TH FED.EX. GROUND, TRACKING# 144056010013007.\r\n\r\nTHANK YOU FOR YOUR ORDER.'),(288,95,3,'2006-02-20 10:12:48',1,'Thank you for your order.  Your Fedex tracking number is 144056010013069.'),(289,101,3,'2006-02-20 10:19:28',1,'Thank you for your order.  Your Fedex tracking number is 144056010013076.'),(285,101,1,'2006-02-18 10:03:40',1,''),(286,101,2,'2006-02-18 13:18:29',1,''),(287,99,3,'2006-02-20 09:56:29',1,'Thank you for your order.  Your Fedex tracking number is 144056010013045'),(314,107,3,'2006-03-02 10:33:07',1,'Thank you for your order.  Your Fedex tracking number is 144056010013342.'),(279,99,1,'2006-02-17 10:57:27',1,''),(280,99,2,'2006-02-17 12:20:33',1,''),(290,102,1,'2006-02-20 13:00:28',1,''),(312,107,2,'2006-02-28 15:34:36',0,'The order data has been modified'),(313,107,2,'2006-02-28 15:35:18',0,'The order data has been modified'),(292,102,2,'2006-02-20 16:00:47',1,''),(364,128,1,'2006-03-28 10:54:12',1,''),(294,104,1,'2006-02-20 20:07:32',1,''),(308,102,3,'2006-02-24 09:15:03',1,'Hi Barbara, Sorry about the over-charge.  I just rang a credit thru for $63.43 on your card.  Thanks Gary'),(296,106,1,'2006-02-21 06:45:59',1,'I NEED TO HAVE THIS BY THURSDAY FEBRUARY 23 IF NOT BY THEN I WILL BE OUT OF TOWN SO YOU WILL NEED TO LET ME KNOW HOW SOON I CAN RECEIVE THIS. CAN I GET THIS OVER NIGHT?'),(365,128,2,'2006-03-28 12:17:09',1,''),(298,104,2,'2006-02-21 06:51:34',1,''),(299,106,2,'2006-02-21 07:12:59',1,'Hi Sandra,  Thanks for the order.  I am sold out of the Pucci jacket.  It looks like I do have the sweater & Spyder jacket.  I need to confirm with the store that they still have it.  They open in 2 hours, It can be shipped today, FedEx 1-day will run $42.00.  Do still want the Spyder jacket and Pucci Sweater without the Pucci jacket?  Thanks Gary'),(300,106,2,'2006-02-21 10:11:28',0,'The order data has been modified'),(301,106,2,'2006-02-21 10:12:09',0,'The order data has been modified'),(371,130,2,'2006-04-01 07:32:31',1,'We are currently processing your order and will notify you of availability.\r\nThank you,\r\nMissy Kruskie\r\nBahnhof Sports'),(372,130,2,'2006-04-01 09:30:14',1,'Dear Diane,\r\nWe do have the Marker Montana Glove, Size Small, Color Black in stock. You will receive a confirmation email when it has shipped with the Fed Ex tracking #. \r\nThank you,\r\nMissy Kruskie\r\nBahnhof Sport\r\n800-253-7078'),(306,107,1,'2006-02-21 22:43:41',1,''),(307,107,2,'2006-02-22 07:42:41',1,'Thanks for your order.  I am out of the size 3 jacket, I do have a 4 in stock as well as the size 6.  Please call 800-253-7078 or e-mail me if the 4 will work or what I should do with the order.  Thanks Gary'),(329,106,3,'2006-03-13 09:48:17',0,''),(370,130,1,'2006-03-31 17:48:58',1,''),(362,122,2,'2006-03-28 09:14:07',0,'The order data has been modified'),(333,117,1,'2006-03-16 20:30:46',1,''),(318,111,1,'2006-03-06 16:26:23',1,''),(319,111,2,'2006-03-07 08:55:52',1,'Hi Cliff.  Thanks for your order.  I do have the jacket in stock but am out of the size 7 pant.  I do have a size 8 in stock.  Please e-mail us or call 800-253-7078 to let us know if this would work or if we should cancel the order.  Please ask for Gary or Missy.  Thanks Gary'),(320,111,3,'2006-03-07 12:11:34',1,'Your order was shipped today 3/7/06 Fed. Ex. Ground,\r\ntracking# 144056010013403.\r\n\r\nThank you for your order.'),(321,79,3,'2006-03-08 07:17:56',1,'Hi Wallace,  As you can see from the above e-mails which were sent to you,  We shipped the gloves the 31st and they were returned to us refused.  I had e-mailed you asking what was wrong but heard no reply.  Normally we would have issued a credit a few days later if we didn\'t hear back from you but for some reason we didn\'t.  It looks like I have 1 pair left in one of our stores which will open in 2 hours.  I will check that they are still there and have them shipped to you.  I have e-mailed a tracking record from FedEx.\r\n Thanks Gary  800-253-7078'),(322,112,1,'2006-03-08 09:36:15',1,''),(323,112,2,'2006-03-09 07:18:30',1,''),(324,112,3,'2006-03-09 11:16:47',1,'Thank you for your order.  Your Fedex tracking number is 144056010013427.'),(351,122,3,'2006-03-26 07:26:26',1,'Hi Julia,  Thanks for your order.  I am sorry but I am sold out of this jacket in an 8 in any color. You can call 800-253-7078 and we may be able to find other options that would work for you.  We may have the Piper pants and the Diva II jacket in an 8.  Our western stores ar not open yet to check for sure.  You can call 800-253-7078 or e-mail me to let me know if I should cancel the order or if you are interested in another choice. Thanks Gary'),(338,117,2,'2006-03-18 13:56:31',1,'Hi Louisa,  Thanks for your order.  Unfortunately I am out of stock for all 3 pieces that you ordered.  In the Descente jacket I do have a size 12 which would be a large.  If you would like this please e-mail me or give me a  call at 800-253-7078 to let me know if that would work or if I should cancel your order.  Thanks Gary'),(346,122,1,'2006-03-24 14:05:53',1,''),(348,124,1,'2006-03-24 17:44:12',1,''),(349,125,1,'2006-03-25 19:07:20',1,''),(350,124,2,'2006-03-26 07:16:08',1,'Hi David,  Thanks for your order.  I am sorry but I am out of the brown.  I do have a small in the Green color.  Please call 800-253-7078 or e-mail me to let me know if I should cancel the order or if you are interested in the green?  Thanks Gary'),(360,125,3,'2006-03-28 09:11:07',1,'Your Fedex tracking numbers are 144056010013724 for the pants and 288508310003217 for the jacket.  Thank you for your order.'),(361,124,3,'2006-03-28 09:12:33',1,'Thank you for your order.  Your Fedex tracking number is 144056010013717.'),(340,117,2,'2006-03-18 14:02:59',0,'The order data has been modified'),(341,117,3,'2006-03-20 11:33:39',1,'Thank you for your order.  Your Fedex tracking number is 288508310003132.'),(352,122,2,'2006-03-26 07:26:34',1,''),(353,122,2,'2006-03-26 07:27:15',1,'Sorry it got marked shipped by mistake.  Gary'),(356,124,2,'2006-03-27 13:17:30',0,'The order data has been modified'),(357,124,2,'2006-03-27 13:18:00',0,'The order data has been modified per customer'),(358,125,2,'2006-03-27 13:58:26',1,'Pants shipping from Michigan\r\nJacket shipping from Colorado'),(373,128,3,'2006-04-03 10:06:10',1,'Thank you for your order.  Your Fede tracking number is 288508310003224.'),(367,129,1,'2006-03-29 14:58:42',1,''),(368,129,2,'2006-03-29 15:12:16',1,''),(369,129,3,'2006-03-30 08:17:21',1,'Thank you for your order.  Your Fedex tracking number is 144056010013748.'),(374,122,3,'2006-04-03 10:13:33',1,'Thank you for your order.  Your Fedex tracking number is 144056000004411.'),(376,132,1,'2006-04-03 22:04:01',1,''),(377,132,2,'2006-04-04 07:06:29',1,'Hi Rachel,\r\nThis item is available and we are currently processing your order. You will receive an email confirmation when it has shipped along with a tracking number.\r\nThank you,\r\nMissy Kruskie'),(378,132,3,'2006-04-04 09:51:16',1,'Thank you for your order.  Your Fedex tracking number is 144056010013847.'),(379,130,3,'2006-04-04 09:52:10',1,'Thank you for your order.  Your Fedex tracking number is 288508310003255.'),(382,133,1,'2006-04-10 15:47:51',1,'PLEASE NOTE: I HAVE REQUESTED ONE PAIR OF THE BLACK/GREY & ONE PAIR OF THE BLACK/RED; NOT TWO OF THE SAME!!!!!!!!!!!!!!!!'),(383,133,2,'2006-04-11 06:30:07',1,'Hello Gregg,\r\nI do not have any BLACK/RED Falke Pro Race Ski Socks size 44-45 in stock and will not be getting anymore until next fall. I do have BLACK/GREY and/or BLACK/YELLOW.\r\nPlease let me know what colors you would like.\r\nThank you,\r\nMissy Kruskie\r\nBahnhof Sport\r\n800-253-7078'),(384,133,2,'2006-04-11 11:04:48',0,'The order data has been modified'),(385,133,3,'2006-04-13 11:47:01',1,'Your order was shipped out today 4/13/06 Fed. Ex. Ground, tracking# 144056010013922.\r\n\r\nThank you for your order.'),(390,135,2,'2006-04-21 06:04:14',1,''),(391,135,3,'2006-04-21 10:09:49',1,'Thank you for your order.  Your Fedex tracking number is 144056010014042.'),(389,135,1,'2006-04-19 17:48:00',1,''),(394,137,1,'2006-05-06 14:42:08',1,''),(395,137,2,'2006-05-08 05:13:07',1,'Hi Jill,  Thanks for your order.   I am out of the Sugar Plum bib in the bluebell color, I do have it in Lemon Chiffon.  I have the Gumdrop Pant in Lemon Chiffon.  Shall I send just the Gumdrop pant or would you like the Sugar Plum bib in the Lemon Chiffon also?  Thanks Gary'),(396,137,2,'2006-05-09 05:30:52',0,'The order data has been modified'),(397,137,2,'2006-05-09 05:31:05',0,'The order data has been modified'),(398,138,1,'2006-05-19 12:49:28',1,''),(399,138,2,'2006-05-20 09:07:35',1,''),(400,138,3,'2006-05-22 10:32:01',1,'Thank you for your order.  Your Fedex tracking number is 144056010014233.'),(401,137,3,'2006-06-16 12:53:23',0,'Package was shipped 5/10/06, tracking #144056010014219'),(402,139,1,'2006-08-27 21:26:33',1,'THIS IS A TEST ORDER, DO NOT PROCESS!!!'),(403,139,0,'2006-08-29 07:28:42',0,'This order has been cancelled because I\\\'m testing.'),(404,139,0,'2006-08-29 07:28:42',1,'This order has been cancelled because I\\\'m testing.'),(405,140,1,'2006-09-06 00:35:29',1,''),(406,140,0,'2006-09-06 07:51:10',1,'I am sorry Josh but at this time we are not able to ship outside the US.  I will cancel your order.  Gary'),(407,141,1,'2006-09-08 21:19:47',1,''),(408,141,0,'2006-09-11 13:51:03',1,'Hi Mary,  Thanks for your order,  Unfortunately we are sold out of the Hipster.  We are in the process of adding new items as they arrive.  I will cancel your order but please check back as we add new items.  Gary'),(409,142,1,'2006-09-20 16:01:40',1,''),(410,142,2,'2006-09-21 06:24:38',1,''),(411,142,3,'2006-09-29 15:42:36',1,'Your order has shipped.  Tour Fedex tracking number is 288508310004078.  Thank you for your order.'),(412,143,1,'2006-10-06 20:57:53',1,''),(413,143,2,'2006-10-07 13:46:17',1,'Hi Paul.  Thanks for the order.  Unfortunately It doesn\'t look like I will be getting that color in stock at all.  We havn\'t received that color and Burton is showing that they are sold-out of them.  I can get the Grey Pinstripe ( They have a few pair left.)  or I have the 3L pant in stock in the grey.  I will hold on the order until I here from you.  E-mail me or call 231-347-2112 or 800-253-7078.  Gary'),(414,143,0,'2006-10-09 16:31:11',0,''),(420,146,2,'2006-10-17 13:56:45',1,'Hi  Renee,m  Thanks for your order.  The Graduation hat, Micro zip-T & Burton 1/4 zip top are shipping from our Park City, Ut. store.  The Cutter hat & Compression shirt are on the way from the Manufacturer to our Mich store and will be shipped to you as soon as they arrive.  Probably 7-10 days.  Thanks Gary'),(416,145,1,'2006-10-14 12:41:20',1,''),(417,145,2,'2006-10-14 12:48:46',1,'Looking for a good bag'),(419,146,1,'2006-10-17 02:06:00',1,''),(421,147,1,'2006-10-19 14:41:11',1,''),(422,148,1,'2006-10-19 23:51:50',1,''),(423,147,0,'2006-10-20 07:44:10',1,'Hi Richard,  Thanks for your order but at this time we are unable to ship outside the United States.  I will cancel your order.  Thanks Gary.'),(424,148,2,'2006-10-20 11:16:03',1,'Hi Janice,  Thanks for the order.  I am sorry but We are out of that jacket as is Obermeyer in that color.  They do have a FEW size 8 in Bluberry. They also have size 6 in White, Citron, & Violet.  Feel free to e-mail me or call 800-253-7078.  You can ask for Gary or Missy.  We can go over what other choices are avalible.  Thanks Gary'),(425,147,2,'2006-10-20 16:32:46',1,'Richard,  I did some checking and I can get you the pant.  I am out of the XL but Burton still has a couple left which I can get if you still want it.  Shipping will be a little more but I will ship it USPS which has been good before.  Please let me know ASAP.  Thanks Gary'),(426,149,1,'2006-10-21 20:28:39',1,''),(427,149,2,'2006-10-22 08:58:00',1,''),(428,149,2,'2006-10-23 14:19:33',1,'Holly, Thanks for your order.  Your jacket is in stock. 686 has not shipped any Agenda pants in black yet but they told me today that they will ship to us by 10/25/06 (3 days).  we should have it around 11/01/06.  We will ship the jacket Tuesday and ship the pant as soon as it arrives.  Thanks Gary'),(429,150,1,'2006-10-23 14:32:29',1,'If this color/sz is not available, please contact me with colors in stock in size 16 and 18.'),(430,150,2,'2006-10-23 16:02:38',0,'The order data has been modified\r\nswitching to size 18  Gary'),(431,150,2,'2006-10-23 16:02:38',1,'The order data has been modified\r\nswitching to size 18  Gary'),(432,150,2,'2006-10-23 16:02:47',0,'The order data has been modified'),(433,151,1,'2006-10-23 23:21:06',1,''),(434,151,2,'2006-10-24 09:42:27',1,'Hi Jessica,  Thanks for your order.  Unfortunately the credit card was declined.  Please e-mail or call 800-253-7078, ask for Gary or Missy.  I am out of the Jacket but Obermeyer has 2 left as of this morning so it is important that we get one ordered ASAP.  Thanks Gary'),(435,151,2,'2006-10-24 11:12:18',0,'The order data has been modified\r\n\r\nItems ordered , Shipped to Breck fro re-shipment'),(436,148,2,'2006-10-24 12:49:30',0,'The order data has been modified'),(437,148,2,'2006-10-24 12:58:33',0,'The order data has been modified'),(438,145,3,'2006-10-24 14:10:47',0,''),(439,152,1,'2006-10-24 14:40:00',1,''),(440,153,1,'2006-10-24 15:02:57',1,''),(441,154,1,'2006-10-24 15:46:35',1,''),(442,153,2,'2006-10-24 16:43:15',1,'Shipping from Breckenridge'),(443,154,0,'2006-10-24 16:46:33',0,''),(444,152,2,'2006-10-24 16:58:45',1,'Product ordered from Obermeyer.  Will send tracking # as soon as they arrive.  Thanks Gary'),(445,153,3,'2006-10-25 14:07:50',1,'Shipped FedEx Ground  #288508310004498  10/24'),(446,154,0,'2006-10-25 14:15:54',1,'Hi Kelli, Sorry, that\'s what I was asking about when I talked to you yesterday.  (2 or 3 jackets.)  Obermeyer is sold out of the Black/White  in a 2 for the season.  Thanks Gary'),(447,150,3,'2006-10-25 14:22:38',1,'Your order was shipped on 10/24/06 Fed. Ex. Ground, tracking # 1400560 00013376.\r\nThank you for your order.'),(448,155,1,'2006-10-29 08:33:13',1,''),(449,155,2,'2006-10-29 18:00:05',1,''),(450,155,2,'2006-10-30 08:21:35',0,'The order data has been modified'),(451,147,0,'2006-10-30 09:17:18',0,''),(452,155,2,'2006-10-30 12:59:01',1,'Your order is being shipped out today 10/30/06 by Fed.Ex. Ground.  Your tracking number is 144056010016633.\r\n\r\nThank you for your order!'),(453,155,3,'2006-10-30 13:03:32',1,''),(454,156,1,'2006-10-30 16:53:49',1,''),(455,151,3,'2006-11-01 11:20:23',1,'Your order is being shipped in full today 11/1/06 by Fed. Ex. Ground, tracking # 144056010016695.\r\n\r\nThank you for your order!'),(456,156,1,'2006-11-01 13:20:38',1,'Nick, thanks for the order.  That jacket wasn\'t supposed to be listed on-line as we are sold and will not have it in the near future.  I will cancel your order.  Thanks Gary'),(457,156,0,'2006-11-01 13:20:53',0,''),(458,148,3,'2006-11-01 14:16:51',1,'The balance of your order is being shipped 11/2/06 by Fed. Ex. Gound, tracking # 144056010016787.\r\n\r\nThank you for your order!'),(459,146,3,'2006-11-01 14:23:10',1,'The balance of your order is being shipped 11/2/06 Fed. Ex. Ground, tracking# 140056010016794.\r\n\r\nThank you for your order!'),(460,157,1,'2006-11-02 07:47:30',1,''),(461,157,2,'2006-11-02 09:12:46',1,''),(462,157,2,'2006-11-02 11:08:40',1,'Christine the Starlight Down Jacket and bib in blue is being shipped out today 11/2/06 Fed. Ex. Ground, tracking # 144056010016824.  The balance of your order is being shipped from the manufacture to us.  We will then immediately ship the balance of your order to you.\r\n\r\nThank you for your order!'),(463,158,1,'2006-11-02 19:17:38',1,'Ship to is 205 Main Street, Andover, NH 03216 USA\r\n\r\nBill to is PO Box 479, Andover, NH 03216\r\n\r\nPlease ship 2nd day air and add charges to bill.'),(464,158,2,'2006-11-02 20:10:57',1,'Hi John,  Thanks for the order.  I have both of the GS suits in stock and can 2nd day them Friday.  I am out of the jacket but Spyder does have it in stock.  I can order it in the morning, however Spyder will not drop ship straight to you, they will only ship thru us.  Do you want it shipped 2nd day also? Let me know.  You can also call me first thing Friday at 800-253-7078.  They only have a few of those jackets left so we need to jump on one ASAP.  Thanks Gary'),(465,158,2,'2006-11-03 09:58:20',0,'The order data has been modified'),(466,158,2,'2006-11-03 11:46:03',1,'John, your 2 Nastar GS suits are being shipped out today Fed. Ex. 2 day, tracking# 799531415240.\r\n\r\nThank you for your order!'),(467,159,1,'2006-11-06 00:33:20',1,''),(468,159,2,'2006-11-06 12:04:21',1,''),(469,148,3,'2006-11-08 18:18:01',1,'Hi Janice,  We have been unable to get in contact w/ our rep, she has been traveling.  We should hear from her tommorrow.  We will give you a call or e-mail as soon as we do.  Thanks Gary.'),(470,160,1,'2006-11-09 05:37:47',1,''),(471,160,2,'2006-11-09 06:40:12',1,''),(472,157,3,'2006-11-09 15:24:08',1,'The balance of your order will ship out tomorrow 11-10-06.  The fedex tracking number is 144056010017043.  Thank you for your order.'),(473,160,3,'2006-11-09 16:02:17',1,'Your order will be shipped tomorrow, 11-10-06.  The Fedex tracking number is 144056010017050.  Thank you for your order.'),(474,161,1,'2006-11-10 15:10:48',1,''),(475,162,1,'2006-11-10 19:06:41',1,''),(476,161,2,'2006-11-11 10:36:05',1,'Hi Betty, Thanks for the order.  We are out of the 12S but Obermeyer is sending us one which should be shipped to you next week.  Thanks Gary'),(477,162,2,'2006-11-11 10:37:32',1,''),(478,163,1,'2006-11-12 15:44:36',1,''),(479,163,2,'2006-11-13 08:38:04',1,''),(480,164,1,'2006-11-13 09:41:12',1,''),(481,163,3,'2006-11-13 11:59:48',1,'Your order has been shipped.  The fedex tracking number is 144056010017142.  Thank you for your order.'),(482,164,2,'2006-11-13 15:13:22',1,''),(483,162,3,'2006-11-13 15:27:08',1,'Your order has been shipped.  The Fedex tracking number is 144056010017166.  Thank you for your order.'),(484,159,3,'2006-11-14 08:49:25',1,'Your order has been shipped Fed. Ex. Ground, \r\ntracking # 288508310004580.\r\n\r\nThank you for your order!'),(485,152,2,'2006-11-14 09:02:37',1,'Your Obermeyer Womens Faith Soft Shell size 4 in the color sky is being shipped out today 11/14/06 be Fed. Ex. Ground, tracking # 144056010017180.  Your size 2 in black is on backorder until the first part of December.  We will ship it to you as soon as it arrives from Obermeyer.\r\n\r\nThank You!'),(486,149,3,'2006-11-14 12:02:28',1,'Your pants have been shipped.  The Fedex tracking number is 144056010017197.  Thank you for your order.'),(487,164,3,'2006-11-14 14:40:48',1,'Your item is being shipped out today Nov. 14, 2006 Fed. Ex. Ground, tracking# 1440560013642.\r\n\r\nThank you for your order!'),(488,165,1,'2006-11-14 22:08:04',1,''),(489,166,1,'2006-11-15 11:59:49',1,''),(490,165,2,'2006-11-15 13:14:43',1,''),(491,166,2,'2006-11-15 14:56:11',0,'The order data has been modified'),(492,166,2,'2006-11-15 14:56:11',0,'The order data has been modified'),(493,166,3,'2006-11-15 16:40:40',1,'Tracking # 144056000013673  FedEx Ground from our Park City store,  Thanks for the order,   Gary'),(494,165,3,'2006-11-16 08:51:19',1,'Your item was shipped out on 11/15/06 Fed. Ex. Ground, tracking# 144056000013666.\r\n\r\nThank  you for your order!'),(495,167,1,'2006-11-20 09:10:16',1,''),(496,167,2,'2006-11-20 13:39:39',1,''),(497,168,1,'2006-11-20 15:38:46',1,'To Gary - As we discussed, I have a credit receipt of $275.57. It is invoice #10600 on 4/10/2006 from your Main Street Park City Store. Please use this against the balance. Thanks, Phil'),(498,168,2,'2006-11-20 17:58:16',1,'Hi Phil.  We are out of the jacket in a large but Obermeyer has it and is shipping one ASAP.  We will ship it to you as soon as it arrives.  Thanks Gary'),(499,161,3,'2006-11-21 16:10:55',1,'shipped 11/17/2006 FedExGround #288508310004665'),(500,167,3,'2006-11-22 11:59:54',1,'Your order was shipped 11/20/06 by Fed. Ex. Ground, tracking# 144056000013727.\r\n\r\nThank you for your order!'),(501,169,1,'2006-11-25 21:49:54',1,''),(502,169,2,'2006-11-25 23:23:02',1,''),(503,170,1,'2006-11-26 14:44:22',1,''),(504,170,2,'2006-11-26 16:24:03',1,'Laurie Thanks for your order. Unfortunately we are out of stock in the Talon size 10 in orange as is Obermeyer.  Between  our stock and Obermeyers warehouse we can supply any of the other colors in a size 10.  Please let me know by email or call 800-253-7078 on Monday.  Thanks Gary'),(505,169,3,'2006-11-27 12:06:34',1,'Your Spyder jacket is being shipped out today Fed. Ex. Ground, tracking# 144056010017517.\r\n\r\nThank you for your order!'),(506,158,2,'2006-11-27 12:14:39',1,'John, I called Spyder to get an update on your order.  The Kyds US Team Jacket is on backorder until 12/15/06.  As soon as it arrives we will ship it to you 2nd day air.  If you have any questions or concerns please call Gary at 800-253-7078.  Thank  you, Linda'),(507,171,1,'2006-11-27 22:01:01',1,'need before christmas'),(508,168,3,'2006-11-28 10:30:26',1,'Your order is shipping today.  The Fedex tracking number is 144056010017562.  Thank you for your order.'),(509,171,2,'2006-11-28 13:21:47',1,''),(510,171,3,'2006-11-28 13:39:15',1,'Your order is shipping today.  The Fedex tracking number is 144056000013871.  Thank you for your order.'),(511,172,1,'2006-11-29 12:27:53',1,''),(512,172,2,'2006-11-30 09:42:09',0,'We are out of the hat , sending the sweatshirt USPS.'),(513,172,2,'2006-11-30 09:42:09',0,'We are out of the hat , sending the sweatshirt USPS.'),(514,172,2,'2006-11-30 09:49:05',0,'The order data has been modified'),(515,172,2,'2006-11-30 09:50:20',1,'Sorry Enzo, at this time we are unable to ship outside the US.  Thanks Gary'),(516,172,0,'2006-11-30 14:33:18',1,''),(517,173,1,'2006-11-30 17:47:08',1,''),(518,174,1,'2006-12-01 07:26:45',1,''),(519,174,2,'2006-12-01 12:26:35',1,'Hi Gretchen,  Thanks for the order.  I am sold out of that jacket but Spyder had it. We will ship it to you as soon as we receive it.  It should ship from them today.  Thanks Gary'),(520,173,2,'2006-12-01 14:27:55',1,'Hi Jeanne, Thanks for the order.  Unfortunately We are out of the Blueberry as well as Obermeyer.  I do have it in White, Grotto/ and Violet in stock.  Please let me know if any of those would work or if I should cancel the order.  You can email me or call 800-253-7078 ands ask for Gary or Missy.  \r\n\r\nThanks Gary'),(521,175,1,'2006-12-03 11:36:37',1,'Merry Christmas, Zach From Grandma Illinois'),(522,175,2,'2006-12-04 10:54:46',1,''),(523,176,1,'2006-12-05 00:10:20',1,''),(524,176,1,'2006-12-05 09:41:48',0,'The order data has been modified'),(525,176,2,'2006-12-05 09:42:32',0,'The order data has been modified'),(526,176,2,'2006-12-05 09:42:32',0,'The order data has been modified'),(527,176,0,'2006-12-05 09:43:30',0,''),(528,176,2,'2006-12-05 09:44:03',1,''),(529,176,3,'2006-12-05 12:12:54',1,'You order has shipped.  The Fedex tracking number is 144056010017777.  Thank you for your order.'),(530,173,2,'2006-12-06 13:03:29',0,'The order data has been modified'),(531,173,2,'2006-12-06 13:10:47',0,'The order data has been modified'),(532,173,2,'2006-12-06 13:11:36',0,'The order data has been modified'),(533,173,2,'2006-12-06 13:11:46',0,'The order data has been modified'),(534,173,3,'2006-12-06 15:57:00',1,'Your order has shipped.  The Fedex tracking number is 144056000014045.  Thank you for your order.'),(535,177,1,'2006-12-06 17:55:44',1,''),(536,178,1,'2006-12-06 22:14:03',1,''),(537,177,1,'2006-12-07 09:55:24',1,'Hello Gerard,\r\nThank you for your order, unfortunately we no longer have the Team Jacket in stock, however we do have a Spyder Leader Jacket in a color very close to what you ordered. Please check it out on our website and let us know if that would work for you. Sorry for the inconvenience.\r\n-Betsy Ray\r\n Bahnhof Sport'),(538,178,2,'2006-12-07 10:25:53',1,''),(539,179,1,'2006-12-07 11:01:44',1,''),(540,177,0,'2006-12-07 13:18:57',1,''),(541,179,1,'2006-12-07 14:12:27',1,'Hello Patricia,\r\nThank you for your order. Unfortunately we do not have the colors you requested in those sizes. We do however have the sizes in a variety of different colors. In the snoverall we have rasberry, little girl blue, and puplicious. In the coaster bib we have glacier in stock and Obermeyer has Granite and possibly flash and true red in stock. Please let us know if one of these other colors works for you. Thank you and sorry for the inconvenience.\r\n-Betsy Ray\r\n Bahnhof Sport\r\n 231-347-2112'),(542,179,2,'2006-12-08 19:40:27',0,''),(543,174,3,'2006-12-11 13:29:25',1,'Yor order has shipped.  The Fed ex tracking number is 144056010017999.  Thank you for your order.'),(544,175,3,'2006-12-11 13:29:48',1,'Your item is being shipped out today to Zach by Fed. Ex. Ground, tracking# 144056010017982.\r\n\r\nThank you for your order!'),(545,180,1,'2006-12-11 19:35:41',1,''),(546,181,1,'2006-12-12 10:11:19',1,'Please ship by express air parcel post or fastest method'),(547,182,1,'2006-12-12 10:13:27',1,'Please ship by fastest method eg express air parcel post.'),(548,183,1,'2006-12-12 10:17:21',1,'Please ship by fastest method eg air parcel post'),(549,183,0,'2006-12-12 16:37:43',1,''),(550,182,0,'2006-12-12 16:39:09',1,''),(551,181,0,'2006-12-12 16:39:30',1,''),(552,180,0,'2006-12-12 16:50:14',1,'Hi Patrice,  Thanks for your order.  I am sorry but I am out of the XL as is Burton.  I will Cancel your order.  Thanks Gary'),(553,184,1,'2006-12-13 23:12:19',1,'Please let me know what \"best way\" means-is it Express? 3 Day? I would like it as quickly as possible, so just let me know. Thanks!'),(554,184,2,'2006-12-14 10:31:45',1,'The jacket is shipping from our Park City, Utah store today by FedEx Ground.  We will e-mail a tracking # as soon as they get it to us.  I would guess it will be 2-3 days .  Thanks Gary'),(555,184,2,'2006-12-14 13:51:56',0,'The order data has been modified'),(556,184,3,'2006-12-14 13:54:21',1,'Shipped FedEx Ground tracking number# 144056000014205  12/14/06.  Thanks Gary'),(557,185,1,'2006-12-15 08:49:24',1,''),(558,185,3,'2006-12-15 17:50:18',1,'Mailing 2 certificates to Kevin.  Thanks Gary'),(559,186,1,'2006-12-15 22:53:20',1,''),(560,186,2,'2006-12-16 10:15:43',1,''),(561,187,1,'2006-12-16 11:41:04',1,'Hi Gary, as discussed shipping charges to Brisbane Australia will be 40- 60 US dollars.\r\nHoping to receive within 2 weeks.\r\nthanks for your help.\r\nScott'),(562,187,2,'2006-12-16 11:53:45',1,''),(563,187,2,'2006-12-18 11:03:08',0,'The order data has been modified.  Hi Scott,  The shipping was more than I thought that it would be.  Ended up at $55.00.  thanks Gary'),(564,186,3,'2006-12-18 11:51:49',1,'Your items are being shipped out today Fed. Ex. Ground, tracking# 144056010018187.\r\n\r\nThank you for your order!'),(565,188,1,'2006-12-18 22:42:12',1,''),(566,189,1,'2006-12-19 14:19:46',1,''),(567,187,3,'2006-12-19 14:34:33',1,'Your order has shipped.   The postal dispatch not number is CP213887871US.  Thank you for your order.'),(568,188,2,'2006-12-19 15:42:35',1,''),(569,189,2,'2006-12-19 17:11:41',1,'Hi Christine,  Thanks for the order.  We are out of the small in the Yvonne small sweater.  I called Neve and they are sold out also.  They do have it in a medium in the Apricot or in small in Chartreuse (green).  Please e-mail me or call 800-253-7078 to let me know if one of those choices will work or if I should cancel the order.  Thanks Gary'),(570,189,0,'2006-12-20 08:51:33',1,''),(571,179,0,'2006-12-20 08:54:28',0,'No response'),(572,188,3,'2006-12-20 09:41:36',1,'Your order has shipped.  The Fedex tracking number is 288508310005150.  Thank you for your order.'),(573,190,1,'2006-12-20 13:48:08',1,''),(574,190,2,'2006-12-20 19:54:31',1,'Hi Lisa, Thanks for the order.  Unfortunately I am out of the 16.  I checked with Descente and they are completly sold out of 16\'s also.  I will cancel this order.  If you have any questions please e-mail me or call 800-253-7078 and ask for Gary or Missy.  Thanks Gary'),(575,190,0,'2006-12-20 19:54:41',0,''),(576,178,0,'2006-12-20 19:55:18',0,''),(577,191,1,'2006-12-23 17:12:25',1,''),(578,191,2,'2006-12-23 17:58:27',1,''),(579,192,1,'2006-12-24 22:59:37',1,''),(580,192,2,'2006-12-25 14:17:37',1,''),(581,193,1,'2006-12-26 10:21:26',1,'Please send it overnight.'),(582,194,1,'2006-12-26 11:05:23',1,''),(583,191,3,'2006-12-26 12:15:34',1,'Thank you for your order.  Your Fedex tracking number is 144056010018422.'),(584,192,3,'2006-12-26 13:14:33',1,'Your package is being shipped out today Fed. Ex. Ground, tracking# 144056010018521.\r\n\r\nThank you for your order!'),(585,193,2,'2006-12-26 13:26:57',0,'The order data has been modified\r\nWe are out of the M Blueberry. am shipping the other jackets today.'),(586,193,2,'2006-12-26 13:26:57',1,'The order data has been modified\r\nWe are out of the M Blueberry. am shipping the other jackets today.'),(587,195,1,'2006-12-26 22:25:06',1,''),(588,193,3,'2006-12-27 10:14:47',1,'Your two Obermeyer jackets shipped out 12/26/06 Fed. Ex. Standard Overnight, tracking# 791197679433.\r\n\r\nThank you for your order!'),(589,158,2,'2006-12-27 14:13:02',1,'John, I heard back from Spyder.  They told me that the jacket is currently in customs and should be at the warehouse the middle of this week (today or tomorrow).  We will call them again tomorrow for an update.  Thanks Gary'),(590,194,0,'2006-12-28 08:40:06',1,'Hi Kathleen, Thanks for your order.  Unfortunately We are out of the Golden eagle jacket in everything but Kryptonite.  I will cancel your order.  If you have any questions please call 800-253-7078 and ask for Missy or Gary.  Thanks Gary'),(591,196,1,'2006-12-28 13:43:48',1,''),(592,195,2,'2006-12-28 19:29:35',1,''),(593,196,2,'2006-12-30 14:37:49',1,'Hi Philip,  Thanks for the order, Unfortunately I am sold out of the black color.  I do have one Grey left.l  Please e-mail me if that would work or if I should cancel it.  Thanks Gary'),(594,196,0,'2006-12-30 19:49:55',0,''),(595,197,1,'2006-12-31 20:50:15',1,''),(596,198,1,'2007-01-01 16:38:42',1,''),(597,199,1,'2007-01-01 16:58:50',1,'Please see e-mail sent earlier today about some pricing and availability on some girls apparel. Also, I just ordered a kids Spyder jacket and pants in size 5t. Feel free to ship these orders together.'),(598,158,3,'2007-01-02 13:28:48',1,'John, I shipped out your US Team Jacket today Fed. Ex. Priority Overnight, tracking# 792908699236.\r\n\r\nThank you for your order, and your patience!!\r\nLinda'),(599,199,1,'2007-01-03 10:46:06',1,'Mr Carroll,\r\nThank you for your order. I am sorry but I do not have the force pant in stock any longer and after the holiday rush, Spyder is sold out as well.  I do not have the Expedition pant either, but I do have it in colors 600 which is a True Red and 019 which is black/white/white, which is close to what you requested.  I do have your  Mini Challenger Jacket in the size and color you ordered. Please let me know if you are interested in one of the other colors in the Expedition pant and we can continue to process your order. \r\nThank you,\r\nBetsy Ray\r\nBahnof Sport\r\nBetsy@bahnhof.com'),(600,197,1,'2007-01-03 10:51:11',1,'Hello Wendy,\r\nThank you for your order. Unfortunately I am sold out in color 100 in size 18. I do have color 001 which is a blk/red/red. Please let me know if you would like to continure this order with that color.\r\nThank You,\r\nBetsy Ray\r\nBahnhof Sport\r\nbetsy@bahnhof.com'),(601,200,1,'2007-01-03 15:19:27',1,''),(602,201,1,'2007-01-03 17:17:19',1,''),(603,200,2,'2007-01-03 17:24:47',1,'Hi Jill.  Thanks for the order.  Unfortunately I am out of the seaspray color.  I do have a 7 in the pepermint color.  I will cancel your order.  If you are interested in the Pepermint please e-mail me.  Thanks Gary'),(604,200,0,'2007-01-03 17:25:01',0,''),(605,199,0,'2007-01-03 17:25:30',1,''),(606,198,0,'2007-01-03 17:25:47',0,''),(607,197,0,'2007-01-03 17:26:07',0,''),(608,201,2,'2007-01-03 18:17:59',1,'Thanks Shirley,  It will ship from Park City Thursday.  I was out of that size here.  Gary'),(609,202,1,'2007-01-03 22:35:14',1,''),(610,201,3,'2007-01-04 10:08:54',1,'Your order has shipped.  The Fedex tracking number is 144056000014540.  Thank you for your order.'),(611,203,1,'2007-01-05 14:16:23',1,''),(612,204,1,'2007-01-06 14:51:57',1,''),(613,203,2,'2007-01-06 16:01:06',1,''),(614,202,2,'2007-01-06 16:01:24',1,''),(615,205,1,'2007-01-06 19:52:56',1,''),(616,205,2,'2007-01-06 20:50:59',1,''),(617,204,2,'2007-01-06 20:53:55',1,'Hi Ken.  Thanks for your order, unfortunately I am out of the Goshawk Shell in that size.  I will cancel your order.  Thanks Gary'),(618,204,0,'2007-01-06 20:54:00',0,''),(619,206,1,'2007-01-07 13:48:42',1,'This needs to be sent via Fed EX or UPS to my home address, as we do not receive postal delivery to our home. Home address: 465 w coyote drive, silverthorne, colorado 80498'),(620,207,1,'2007-01-07 19:40:47',1,''),(621,208,1,'2007-01-07 19:45:02',1,''),(622,208,2,'2007-01-08 09:33:12',1,''),(623,207,2,'2007-01-08 09:33:24',1,''),(624,206,2,'2007-01-08 09:34:05',1,''),(625,209,1,'2007-01-08 11:33:02',1,''),(626,202,3,'2007-01-08 11:47:08',1,'Your order has shipped.  The Fedex tracking number is 144056000014618.  Thank you for your order.'),(627,206,3,'2007-01-08 13:42:47',1,'Your order is being shipped out today Fed. Ex. Ground, tracking# 144056010018828.\r\n\r\nThank you for your order!'),(628,207,3,'2007-01-08 13:44:36',1,'Your order is being shipped out today Fed. Ex. Ground, tracking# 144056000014632.\r\n\r\nThank you for your order!'),(629,208,3,'2007-01-08 13:45:45',1,'Your order is being shipped out today Fed. Ex. Ground, tracking # 144056000014649.\r\n\r\nThank you for your order!'),(630,209,1,'2007-01-08 15:44:40',0,'The order data has been modified'),(631,209,2,'2007-01-08 15:48:13',1,'Hi Tara, Thanks for the order.  I do have the Jacket in stock but we sold the last hat in that size yesterday.  We are shipping the Jacket Tuesday from our Michigan Store.  Tracking # to follow.  Thanks Gary'),(632,210,1,'2007-01-08 23:38:40',1,'Would make sure color and size. Thank you!!!'),(633,210,2,'2007-01-09 11:01:30',1,''),(634,209,3,'2007-01-09 11:52:03',1,'Your item is being shipped out today Fed. Ex. Ground, tracking# 144056010018927.\r\n\r\nThank you for your order!'),(635,211,1,'2007-01-09 12:13:28',1,''),(636,210,3,'2007-01-10 08:59:24',1,'Your order has shipped.  The Fedex tracking number is 288508310005341.  Thank you for your order.'),(637,212,1,'2007-01-10 12:41:13',1,''),(638,212,1,'2007-01-10 16:09:22',1,'Hello Sandy,\r\nThank you for choosing Bahnhof Sport. Unfortunately we are out of the Boy\'s Mini Leader Jacket in that size and color. We are in the process of updating our websites inventory, sorry for the inconvenience.\r\nThank You,\r\nBetsy Ray\r\nBahnhof Sport\r\nbetsy@bahnhof.com'),(639,211,1,'2007-01-10 16:11:09',1,'Hello Allan,\r\nThank you for choosing Bahnhof. Unfortunately we are out of the Dutchess jacket in that size and color. Please exuse the inconvenience, we are in the middle of updating our website\'s inventory. Please let me know if you have any further questions.\r\nThank You,\r\nBetsy Ray\r\nBahnhof Sport\r\nbetsy@bahnhof.com'),(640,212,1,'2007-01-10 16:29:11',0,'The order data has been modified'),(641,212,2,'2007-01-10 16:34:29',1,'Hi Sandy,  The 7t will ship from our Breckenridge , Colorado store Thursday.  We will send a tracking #.  Thanks Gary'),(642,213,1,'2007-01-10 20:33:57',1,''),(643,214,1,'2007-01-11 00:49:37',1,''),(644,213,2,'2007-01-11 06:56:52',1,'Hi Tammy.  I am sorry but I am totally sold out of the cream colored pant.  I do have both the Blue print and the Pink print in size 10.  I will cancel your order.  If you have any questions please e-mail me or call 800-253-7078 and ask for Gary or Missy.  Thanks Gary'),(645,213,0,'2007-01-11 06:57:04',0,''),(646,214,2,'2007-01-11 08:50:01',1,'Hi Ken, Thanks for your order, Unfortunately your card was declined.  I have the jacket on hold with your name, you can e-mail or call 800-253-7078 with a differant card #.  You can ask for Missy or Gary.  Thanks Gary'),(647,212,3,'2007-01-11 09:02:46',1,'Your order has shipped.  The Fedex tracking number is 288508310005372.  Thank you for your order.'),(648,205,3,'2007-01-11 11:20:24',1,'Your item was shipped out 1/8/07 Fed. Ex. Ground, tracking# 144056000014625.  Your package is scheduled to be delivered today 1/11/07.\r\n\r\nThank you for  your order!'),(649,215,1,'2007-01-11 20:01:14',1,'I spoke with Betsy about a previous order. We have since exchanged some e-mails about my desire to get this jacket and wanted to make sure I got it before it sold so I am completng this online order. Please check with her to make sure that she has not already arranged for the shipping of this jacket... I only need one! Thank you. Pat'),(650,211,0,'2007-01-12 10:01:58',0,''),(651,214,3,'2007-01-12 13:49:13',1,'Your order is being shipped out today Fed. Ex. Ground, tracking# 144056010019153.\r\n\r\nThank you for  your order!'),(652,215,2,'2007-01-12 14:00:21',1,''),(653,215,3,'2007-01-12 15:58:40',1,'Your order has shipped.  The Fedex tracking number is 144056000014724.  Thank you for your order.'),(654,216,1,'2007-01-13 12:47:31',1,''),(655,217,1,'2007-01-14 15:41:37',1,''),(656,218,1,'2007-01-15 09:27:31',1,''),(657,216,2,'2007-01-15 10:31:42',1,'Hi Pamela, I am sorry but we are sold out of the Keiko jacket.  We are working on keeping the web inventory up to date.  If you have any question please e-mail us or call 800-253-7078.  I will cancel this order.  Thanks Gary'),(658,216,0,'2007-01-15 10:31:55',0,''),(659,218,2,'2007-01-15 11:00:04',1,'Hi John, Unfortunately I am out of the size 8 in the Optim-X jacket  in all colors.  I will cancel this order.  If you have any questions please call 800-253-7078 or e-mail me.  Thanks Gary Hunter'),(660,218,0,'2007-01-15 11:00:14',0,''),(661,217,2,'2007-01-15 11:03:43',1,'Hi Maurizio, Unfortunately I am out of the size L in the Varsity Zip-T in Black/Iron, I do have it in White or Black/red. I will cancel this order. If you would like one of those colors or have any questions, please call 800-253-7078 or e-mail me. Thanks Gary Hunter'),(662,217,0,'2007-01-15 11:03:49',0,''),(663,219,1,'2007-01-15 14:28:18',1,''),(664,219,2,'2007-01-15 17:23:33',1,'Hi Joan, Thanks for your order.  Unfortunately we are completely sold out of the Moorea pant in size 12.  I apologize; I will cancel your order.  If you have any questions please call 800-253-7078 or e-mail me.  Thanks Gary Hunter'),(665,219,0,'2007-01-15 17:23:38',0,''),(666,220,1,'2007-01-15 20:43:47',1,''),(667,221,1,'2007-01-15 20:46:00',1,''),(668,222,1,'2007-01-15 23:08:18',1,''),(669,220,1,'2007-01-16 13:41:36',0,'The order data has been modified'),(670,220,1,'2007-01-16 13:42:13',0,'The order data has been modified'),(671,220,1,'2007-01-16 13:44:52',0,'The order data has been modified'),(672,220,1,'2007-01-16 14:00:39',0,'The order data has been modified'),(673,220,3,'2007-01-16 14:14:16',1,'Tracking # FedEx 791210748405'),(674,221,2,'2007-01-16 15:20:37',1,'Hi Lillian, Thanks for your order, I am sorry but we are sold out of the Flame color.  I have one size 18 left in color 001 (Blue/Black).  I will cancel your order.  Feel free to contact me by e-mail or call 800-253-7078 if the blue will work.  Gary Hunter'),(675,221,0,'2007-01-16 15:20:44',0,''),(676,217,0,'2007-01-16 15:31:12',1,'Hi Maurizio,  Since I e-mailed you yesterday morning my ParkCity store sold the Large White Zip -T.  All I have left in L is one Black/ Red.  I put a 24 hour hold on it in case it will work for you.  Feel free to e-mail me or call 800-253-7078  Thanks Gary Hunter'),(677,222,0,'2007-01-16 15:31:32',0,''),(678,223,1,'2007-01-16 18:10:10',1,'Thanks!'),(679,224,1,'2007-01-16 18:20:19',1,''),(680,224,2,'2007-01-16 18:27:58',1,'Hi Chelsea, Thanks for your order. Unfortunately I am compleatly sold out of the Whipper Overall.  I am sorry that it showed on the site as in stock.  It shouldn\'t have shown up.  I will cancel your order.  Thanks Gary'),(681,224,0,'2007-01-16 18:28:07',0,''),(682,223,2,'2007-01-16 18:33:43',1,'Hi Kristin.  Thanks for your order.  Unfortunately I am out of the Red/Blk/White size 6 but I do have a 6 in color 700 Yellow/Black/White.  Please e-mail me or call 800-253-7078 if this would work for you.  I will cancel this order.  Thanks Gary Hunter'),(683,223,0,'2007-01-16 18:33:49',0,''),(684,225,1,'2007-01-16 18:34:58',1,''),(685,226,1,'2007-01-17 10:58:48',1,''),(686,226,1,'2007-01-17 11:05:40',1,'Hello Marjorie,\r\nThank you for your order. Unfortunately we do not have anything left in a size 20 and I know that Spyder is sold out as well. Sorry for the inconvenience. Let me know if you have any further questions.\r\nBetsy Ray\r\nBahnhof Sport\r\nbetsy@bahnhof.com'),(687,226,0,'2007-01-17 11:36:03',1,''),(688,225,2,'2007-01-17 11:36:22',1,''),(689,223,0,'2007-01-17 11:37:42',0,'The order data has been modified'),(690,223,2,'2007-01-17 11:39:09',0,''),(691,225,3,'2007-01-17 13:18:24',1,'Your order has shipped.  The Fedex tracking number is 144056010019221.  Thank you for your order.'),(692,217,2,'2007-01-17 15:02:24',0,''),(693,217,2,'2007-01-17 15:02:50',0,'The order data has been modified'),(694,217,2,'2007-01-17 15:04:54',0,'The order data has been modified'),(695,217,2,'2007-01-17 15:12:20',1,'Mr Marchese,\r\nThank you for your order, unfortunately your credit card has been declined. Do you have another you would like me to put it on?\r\nThank You,\r\nBetsy Ray\r\nBahnhof Sport'),(696,223,3,'2007-01-18 09:24:59',1,'Your order has shipped.  The Fedex tracking number is 288508310005402.  Thank you for your order.'),(697,227,1,'2007-01-18 17:41:21',1,''),(698,227,2,'2007-01-19 19:28:43',1,'Hi Janet, Thanks for your order.  Unfortunately I am out of the ladies Baker Mitt in both L & XL.  the closest that I have is a Ladies Medium.  I will cancel this order.  If you have any questions please e-mail me or call 800-253-7078.  Thanks Gary Hunter'),(699,227,0,'2007-01-19 19:28:50',0,''),(700,152,0,'2007-01-19 19:29:31',0,''),(701,152,3,'2007-01-19 19:29:40',0,''),(702,170,0,'2007-01-19 19:30:06',0,''),(703,195,3,'2007-01-19 19:30:25',0,''),(704,228,1,'2007-01-20 13:57:29',1,''),(705,229,1,'2007-01-20 14:00:14',1,''),(706,228,2,'2007-01-20 17:09:43',1,'Pansy hat shipping from our Park City UT store.  Sweaters & Seaspray hat shipping from Michigan Store'),(707,229,2,'2007-01-20 17:14:52',1,'Hi Michael,  Thanks for the order.  Unfortunately I am out of the LA Gray color.  I do have one left in green.  I will cancel this order,  If you have any questions or if you would like the green please e-mail me or call 800-253-7078.  Thanks Gary'),(708,229,3,'2007-01-20 17:14:58',0,''),(709,228,3,'2007-01-22 12:12:43',1,'Your order has shipped.  The Fedex tracking numbers are 288508310005440 and 144056010019290.  Thank you for your order.'),(710,230,1,'2007-01-25 12:19:12',1,''),(711,230,2,'2007-01-26 10:28:02',1,''),(712,231,1,'2007-01-26 17:03:40',1,''),(713,232,1,'2007-01-26 22:18:50',1,''),(714,230,3,'2007-01-27 12:03:22',1,'Your order will be shipping out on Monday Feb. 29th by Fed. Ex. Ground, tracking # 288508310005464.\r\n\r\nThank you for your order!'),(715,232,2,'2007-01-27 14:15:39',1,'Hi Donna,  Thanks for your order.  Unfortunately I am sold out of the Blueberry color.  I do have it in the Groto color.  I will cancel this order.  If you have any questions please e-mail me or call 800-253-7078 ands ask for Gary.  Thanks Gary'),(716,232,0,'2007-01-27 14:15:48',0,''),(717,231,2,'2007-01-27 15:07:02',1,'Hi Katherine.  Thanks for the order.  First in reply to your questions;  This year Obermeyer runs a little generous,  if your child were just turning 3, usually it is safe to buy a 4 and it will probably fit next year.  The Mittens age 4-5 med, 6-7 large, 7-8 XL.  Now for the stock, we are getting thin with this on-line sale.  I do have a size 5 Moonbeam jacket in pepermint.  I am out of a size 5 pant that will match that jacket.  It looks like Obermeyer has the pant in rasberry but If I order it it wouldn\'t be on sale and we wouldn\'t be able to take a return on it.  I do have the Mittens on Medium, and the hat in a L/XL.  I will hold on this order.  Let me know if you want the jacket shipped or any of the other stuff.  Please feel free to call 800-253-7078 and talk to Missy or Betsy, they can help you put together a outfit & help with the sizing.  You can comunicate with me by e-mail or the 800 number.  Thanks Gary Hunter'),(718,231,3,'2007-01-29 15:07:45',1,'Your order will ship tomorrow 1-30-07.  The Fedex tracking number is 144056010019368.  Thank you for your order.'),(719,203,3,'2007-01-29 15:12:03',0,''),(720,217,0,'2007-01-29 17:10:42',0,''),(721,233,1,'2007-01-30 20:30:32',1,''),(722,233,2,'2007-01-31 11:12:32',0,'The order data has been modified'),(723,233,2,'2007-01-31 11:12:32',0,'The order data has been modified'),(724,234,1,'2007-01-31 14:42:03',1,''),(725,233,3,'2007-01-31 15:36:22',1,'Your order has shipped.  The Fedex tracking number is 144056000014786.  Thank you for your order.'),(726,234,2,'2007-01-31 18:29:03',1,'Hi Jennifer.  Thanks for your order.  Unfortunately  I am out of the size 6 in that color.  I do have it in a 5 or a 7 in color 498 .  I am sold out of the 6 in all colors.  I will cancel this order, if the 5 or 7 would work please e-mail me.  Thanks Gary'),(727,234,0,'2007-01-31 18:29:09',0,''),(728,235,1,'2007-02-01 16:27:01',1,''),(729,236,1,'2007-02-01 17:17:02',1,'I cant believe you acctually have XXL! Thanks for carrying this size!'),(730,237,1,'2007-02-01 19:55:43',1,'I only want to place the order if I can get it by Thursday, Feb 8th. Please let me know. 909-798-1530'),(731,238,1,'2007-02-02 13:34:57',1,''),(732,239,1,'2007-02-02 16:56:53',1,''),(733,235,2,'2007-02-02 17:40:09',1,''),(734,237,2,'2007-02-02 17:42:58',1,'Hi Rena.  Thanks for your order.  Unfortunately I am out of the Lagoon shell.  I checked with Obermeyer and they are out also.  I will cancel your order.  thanks Gary'),(735,237,0,'2007-02-02 17:43:55',0,''),(736,236,2,'2007-02-02 17:44:44',1,''),(737,236,2,'2007-02-02 17:56:49',1,'Hi Kathy.  Thanks For your order.  Unfortunately I am out of the XXL.  I checked with Obermeyer to get you one but they are out also.  They do have it in black, burlap print, & true red the quantities are real low (1 or 2).  I will cancel this order,  If you want me to order one of these please e-mail me or call 800-253-7078.  Sorry/Thanks Gary Hunter'),(738,236,2,'2007-02-02 17:57:44',1,'Oops Matthew'),(739,236,0,'2007-02-02 17:57:51',0,''),(740,239,2,'2007-02-02 18:43:19',1,'Hi Lisa.  Thanks for the order.  Unfortunately I am out of some of the pieces you ordered.  I have the Solana Jacket in White and the Paige Sweater in Grotto & Glam Cotton T on Belize.   I am totaly sold out of the Charge jacket in 14 and the Blizzard sweater, I have the Destiny Jacket in 332 green and 831 creamsicle.  Please e-mail me or call 800-253-7078 and let me know if one of those colors would work or if I should send just the 3 pieces I do have in stock.  You can talk to Gary or Missy.  Thanks Gary'),(741,238,2,'2007-02-02 18:48:26',1,'Hi Joanne,  Thanks for your order of 3/$100 gift certificates.  What are the names of the recipients?  I will mail them to you but we track them in our computer system.  Names and address please.  Thanks Gary Hunter'),(742,234,0,'2007-02-02 19:09:01',0,'Switching to 5 per Jennifer'),(743,234,2,'2007-02-02 19:09:24',1,''),(744,236,0,'2007-02-02 19:20:06',0,'The order data has been modified'),(745,236,0,'2007-02-02 19:21:43',0,'The order data has been modified'),(746,240,1,'2007-02-02 22:28:37',1,'Please call if you have any problems with these sizes or colors. thank you. Please ship what you have. Will you be getting any more gloves in yellow? if not then please cancel the gloves. thank you.'),(747,241,1,'2007-02-03 10:52:08',1,''),(748,242,1,'2007-02-03 20:31:15',1,''),(749,243,1,'2007-02-05 10:05:56',1,''),(750,234,3,'2007-02-05 10:18:20',1,'Your order has shipped.  The Fedex tracking number is 288508310005525.  Thank you for your order.'),(751,235,3,'2007-02-05 10:19:11',1,'Your order has shipped.  The Fedex tracking number is 288508310005518.  Thank you for your order.'),(752,240,0,'2007-02-05 10:31:58',0,''),(753,242,2,'2007-02-05 10:40:25',1,'Hi John.  Thanks for your order, Unfortunately I am sold out of the Nucleus Insulator.  I am sorry, it should not have shown up on the website.  I will cancel this order.  If you have any questions please e-mail me or call 800-253-7078.  Thanks Gary Hunter'),(754,242,0,'2007-02-05 10:40:30',0,''),(755,243,2,'2007-02-05 10:52:57',0,'Free shipping applies to orders shipped within the 48 states.  Shipping has been adjusted.'),(756,243,2,'2007-02-05 10:52:57',1,'Free shipping applies to orders shipped within the 48 states.  Shipping has been adjusted.'),(757,243,2,'2007-02-05 10:54:57',0,'I am sorry I sent the message to you by mistake.  Your pant should ship today.  Thanks Gary Hunter'),(758,243,2,'2007-02-05 10:55:35',0,'The order data has been modified'),(759,243,2,'2007-02-05 10:55:44',0,'The order data has been modified'),(760,243,2,'2007-02-05 10:56:02',0,'The order data has been modified'),(761,243,1,'2007-02-05 10:56:40',1,''),(762,243,2,'2007-02-05 10:56:51',0,''),(763,243,3,'2007-02-05 13:41:49',1,'Your order has shipped.  The fedex tracking number is 144056010019498.  Thank you for your order.'),(764,241,2,'2007-02-05 17:23:28',1,'Hi Olivia,  Thanks for the order.  Unfortunately we have sold out of the Dutchess jacket in medium.  All that I have left is 1 small in black.  I will cancel this order.  If you have any questions please call 800-253-7078 or e-mail me.  Thanks Gary'),(765,241,0,'2007-02-05 17:23:35',0,''),(766,244,1,'2007-02-05 17:27:13',1,'If the shipping method does not accept P.O. Boxes, please instead ship to:\r\nRaphael Bonvillian\r\n68 High Street\r\nJonathan Edwards Master\'s Office\r\nNew Haven, CT 06520\r\nUSA'),(767,245,1,'2007-02-05 18:18:48',1,''),(768,245,2,'2007-02-06 11:34:26',1,''),(769,244,2,'2007-02-06 11:34:42',1,''),(770,244,3,'2007-02-06 15:28:14',1,'Your order has shipped.  The Fedex tracking number is 144056010019559.  Thank you for your order.'),(771,245,3,'2007-02-06 15:29:09',1,'Your order has shipped.  The Fedex tracking number is 144056010019535.  Thank you for your order.'),(772,246,1,'2007-02-09 18:20:49',1,''),(773,247,1,'2007-02-11 19:40:46',1,''),(774,246,2,'2007-02-12 09:52:43',1,'Hi John,  Thanks for your order.  Unfortunately we are sold out of the Rasberry color.  I do have 1 size 5 left in Purple.  I will cancel this order.  If you would like the Purple, please call 800-253-7078 or e-mail me.  Thanks Gary'),(775,246,0,'2007-02-12 09:52:49',0,''),(776,247,2,'2007-02-12 11:16:19',1,''),(777,239,3,'2007-02-12 11:35:26',1,'Your order has been shipped.  In order to fill your order completely, we have shipped your merchandise from three different locations.  So you will receive three different packages Fed. Ex. Ground, tracking #\'s 144056010019641, \r\n#144056000010580 and #288508310005570.\r\n\r\nThank you for your order!!'),(778,248,1,'2007-02-12 23:00:38',1,''),(779,247,3,'2007-02-13 09:24:12',1,'Your order has shipped.  The Fedex tracking number is 288508310005600.  Thank you for your order.'),(780,248,0,'2007-02-13 14:20:56',0,'Hi Audra,  I was just going thru your order and getting ready to e-mail you.  I do have the jacket but I do not have the pant left.  I had called the stores and had them look on the racks to see if there was another pant that would match this jacket.  It looks like we are sold out of any pant to match in a 5 or 6.  & is the closest which would be to big.  Please let me know if you would like the jacket or if I should cancel the order.\r\n\r\nThanks\r\n\r\nGary Hunter\r\nBahnhof Sport\r\nPetoskey, Mi 49770\r\n231-347-2112\r\n800-253-7078\r\nmailto:ghunter@bahnhof.com'),(781,248,0,'2007-02-13 15:07:52',0,'The order data has been modified'),(782,248,2,'2007-02-13 15:08:25',1,''),(783,248,3,'2007-02-15 11:10:33',1,'Your merchandise was shipped out 2/14/07 Fed. Ex. Ground, tracking# 144056010019771.\r\n\r\nThank you for your order!'),(784,249,1,'2007-02-16 06:05:34',1,''),(785,249,2,'2007-02-16 07:21:10',1,'Hi Lauren.  Thanks for your order.  Unfortunately I am sold out of the Medium in the Chopper jacket.  I do have the White in a small and the green in small and large.  I will cancel this order.  Please e-mail me or call if you have any questions.  Thanks \r\nGary Hunter\r\nBahnhof Sport\r\n231-347-2112  800-253-7078\r\nmailto:ghunter@bahnhof.com'),(786,249,0,'2007-02-16 07:21:15',0,''),(787,250,1,'2007-02-16 17:40:12',1,''),(788,250,2,'2007-02-16 21:21:47',1,''),(789,251,1,'2007-02-17 09:17:14',1,''),(790,238,3,'2007-02-17 16:28:03',1,''),(791,251,2,'2007-02-17 16:59:14',1,'Hi Doug.  Thanks for the order.  I do have the jacket in stock but sold the last Chil Factor black size 4 pant yesterday.  I do have it in the black/silver color which does match the yelllow jacket (the jacket has some silver trim).  I do have the Whipper Pant in Yellow which matches the jacket ($80.00/$48.00)http://www.bahnhof.com/store/product_info.php/products_id/564\r\n and the Black Flight Pant ($60.00/$36.00)\r\nhttp://www.bahnhof.com/store/product_info.php/products_id/584\r\nI also have the Chill Factor Bla-ck Bib in a 5.\r\nPlease let me know if you would like just the jacket or if one of the pants would work.  \r\nThanks\r\n\r\nGary Hunter\r\nBahnhof Sport\r\nPetoskey, Mi 49770\r\n231-347-2112\r\n800-253-7078\r\nmailto:ghunter@bahnhof.com'),(792,250,3,'2007-02-19 09:50:12',1,'Your order has shipped.  The Fedex tracking number is 288508310005686.  Thank you for your order.'),(793,252,1,'2007-02-19 12:33:33',1,'Please Mark for my attention'),(794,252,1,'2007-02-19 13:00:46',0,'The order data has been modified'),(795,252,2,'2007-02-19 13:01:37',1,''),(796,252,2,'2007-02-19 13:29:46',1,'Hi Annie,  Your credit card was declined, It is probably because the charge is occuring in the US.  You may need to call your bank and let them know that it is a valid charge.  I will wait to send it thru again until you contact me.  \r\n\r\nThanks \r\nGary Hunter\r\nBahnhof Sport\r\n800-253-7078  231-347-2112\r\nmailto:ghunter@bahnhof.com'),(797,251,2,'2007-02-19 16:29:30',0,'The order data has been modified'),(798,253,1,'2007-02-20 05:12:22',1,''),(799,251,3,'2007-02-20 09:59:21',1,'Your order will be shipped today 2-20-07.  The Fedex tracking number is 288508310005709.  Thank you for your order.'),(800,253,2,'2007-02-20 14:31:49',1,'Thanks for the order.  Unfortunately I am out of the Granite color.  I do have a 3 in the Kryptonite color.  Please e-mail me, should I send just the Red suit, or would the Kryptonite work in place of the Granite.\r\nThanks \r\nGary Hunter\r\n231-347-2112  800-253-7078'),(801,253,2,'2007-02-20 15:34:44',0,'The order data has been modified'),(802,253,2,'2007-02-20 16:00:41',1,'These will ship tomorrow.  The Kryptonite will ship from Petoskey Michigan and the red from Breckenridga Colorado.  We will send tracking #\'s.  Thanks Gary'),(803,252,3,'2007-02-21 10:04:35',1,'Your merchandise was shipped 2/20/07 by United States Postal Service, tracking number while in the US is  as follows, #CP037927645US.\r\n\r\nThank you for your order!'),(804,253,3,'2007-02-22 09:31:06',1,'Thank you for your order.  The Fedex shipping numbers are 288508310005716 and 144056010019924.'),(805,254,1,'2007-02-23 18:40:36',1,''),(806,254,1,'2007-02-23 18:56:01',0,'The order data has been modified'),(807,254,2,'2007-02-23 18:57:31',1,'Switching to Blue.  Will ship Monday.  Thanks Gary'),(808,255,1,'2007-02-26 15:32:49',1,''),(809,255,2,'2007-02-26 17:37:14',1,'Hi Jannie,  Thanks for the order, Unfortunately I am sold out of this hat.  I will cancel this order.  Please feel free to call or e-mail me if you have any questions. \r\nThanks\r\nGary Hunter\r\n800-253-7078\r\nghunter@bahnhof.com'),(810,255,0,'2007-02-26 17:37:29',0,''),(811,256,1,'2007-02-27 13:49:25',1,''),(812,257,1,'2007-02-27 20:38:09',1,''),(813,257,1,'2007-02-28 10:51:30',0,'The order data has been modified'),(814,257,1,'2007-02-28 10:52:07',0,'The order data has been modified'),(815,257,2,'2007-02-28 10:56:12',1,''),(816,256,2,'2007-02-28 11:09:57',1,'Hi Suzanne,  Thanks for the order.  I do have the sive 5  seaspray print in stock but I am sold out of the size 4 in all colors. I do have 1 size 5 orchard blossom left.  Please e-mail me or call 800-253-7078 and let me know if that would work for the second jacket or if I should ship just the size 5 Seaspray Print.  Thanks\r\nGary Hunter\r\n800-253-7078\r\nghunter@bahnhof.com'),(817,254,3,'2007-02-28 12:19:03',1,'Your item was shipped Monday 2/26/07 by Fed. Ex. Ground, tracking# 144056010020029.\r\n\r\nThank you for your order!'),(818,256,2,'2007-02-28 13:30:45',0,'The order data has been modified'),(819,256,2,'2007-02-28 13:32:39',1,'Thanks Suzanne,  Your order will ship Thursday.  Gary'),(820,257,3,'2007-02-28 14:58:09',1,'Your order has shipped. The Fedex tracking number is 144056000014946.  Thank you for your order.'),(821,256,3,'2007-02-28 14:59:57',1,'Your order has shipped.  The fedex tracking number is 144056010020081.  Thank you for your order.'),(822,258,1,'2007-03-01 20:40:17',1,''),(823,258,3,'2007-03-02 13:18:09',1,'Your order has shipped.  The Fedex tracking number is 144056000014953.  Thank you for your order.'),(824,259,1,'2007-03-03 09:11:22',1,''),(825,259,2,'2007-03-03 10:44:17',1,''),(826,259,3,'2007-03-05 12:12:36',1,'Your merchandise is being shipped out today Fed. Ex. Ground, tracking# 144056010020128.\r\n\r\nThank you for your order!'),(827,260,1,'2007-03-05 22:46:21',1,''),(828,260,2,'2007-03-06 16:29:14',1,'Thanks for your order.  Unfortunately I am sold out of the size 4 Orchard.  I do have a size 4 Seaspray left.  I will cancel this order. Please e-mail me or call 800-253-7078 if the Seaspray would work.  Thanks Gary'),(829,260,0,'2007-03-06 16:29:21',0,''),(830,261,1,'2007-03-06 16:39:24',1,''),(831,262,1,'2007-03-07 16:26:04',1,''),(832,262,2,'2007-03-08 15:10:48',1,''),(833,261,2,'2007-03-08 15:14:46',1,'Hi David,  Thanks for your order.  Unfortunately we are sold out of the Pansy color. I do have a size 5 in the Seaspray left.   I will cancel this order.  If you are interested in the Seaspray please e-mail me or call 800-253-7078, You can talk to Missy or Gary.  Thanks Gary'),(834,261,0,'2007-03-08 15:14:53',0,''),(835,262,3,'2007-03-08 16:04:39',1,'Your order has shipped.  The Fedex tracking number is 288508310005891.  It is shipping from our Colorado store.  Thank you for your order.'),(836,263,1,'2007-03-08 20:54:48',1,''),(837,263,2,'2007-03-09 11:01:32',1,''),(838,264,1,'2007-03-10 13:27:23',1,''),(839,265,1,'2007-03-10 22:09:13',1,''),(840,263,3,'2007-03-12 09:06:12',1,'Your order shipped 3/9/07.  The Fedex tracking number is 288508310005914.  Thank you for your order.'),(841,264,2,'2007-03-12 16:20:10',1,'Hi Theresa,  Thanks for the order.  Unfortunately we are sold out of the Nirvana in size 10.  I will cancel this order.  Please e-mail or call 800-253-7078 if you have any questions.  Thanks Gary Hunter'),(842,264,0,'2007-03-12 16:20:18',0,''),(843,265,2,'2007-03-12 16:47:09',1,'Hi Tamara,  Thanks for your order.  I have the X-2 Suit in a size 7 True Red.  Unfortunately I am out of the G-Force Jacket in Glacier, I do have it in Black with Grey trim.  I am also out of the X-treme jacket in size 4 but I do have it in Size 5 True Red.  Please e-mail me or call to let me know if I should ship the suit by it self or if there are substitutions you wouuld like shipped.  Thanks Gary Hunter  800-253-7078'),(844,266,1,'2007-03-13 17:45:11',1,''),(845,267,1,'2007-03-14 09:19:55',1,''),(846,266,2,'2007-03-14 09:52:59',1,'Hi Julie,  Your pants will ship from our Michigan Store, The jacket from Breckenridge Colorado.'),(847,267,2,'2007-03-14 09:58:40',1,'Tyler, Thanks for your order.  Unfortunately I am sold out of this jacket.  I will cancel this order.  If you have any questions please e-mail me or call 800-253-7078.  Thanks Gary Hunter'),(848,267,0,'2007-03-14 09:58:45',0,''),(849,268,1,'2007-03-14 11:46:47',1,''),(850,269,1,'2007-03-14 13:49:18',1,''),(851,265,2,'2007-03-14 13:50:56',0,'The order data has been modified'),(852,265,2,'2007-03-14 13:51:23',0,'The order data has been modified'),(853,269,2,'2007-03-14 14:40:11',1,'Hi Isela, Thanks for the order,  Unfortunately I am out of any Spyder jackets in size 8.  My stock has gotten so low that I have taken the boys jackets off line.  I will cancel this order.  Thanks Gary Hunter\r\n800-253-7078'),(854,269,0,'2007-03-14 14:40:17',0,''),(855,268,2,'2007-03-14 14:44:05',1,'Hi Yoji, Thanks for the order, Unfortunately I am sold out of the Burton Sparta Beanie.. I will cancel this order. Thanks Gary Hunter\r\n800-253-7078'),(856,268,0,'2007-03-14 14:57:49',0,''),(857,265,3,'2007-03-14 15:00:58',1,'Package From Petoskey, Michigan FedEx 7902 0173 2953\r\nPackage from Breckenridge, Colorado FedEx 8500 1791 8384 .  Both 2-day Thanks\r\n Gary'),(858,266,3,'2007-03-15 11:01:05',1,'Your order has shipped.  The Fedex tracking numbers are 288508310005976 and 144056010020210.  Thank you for your order.'),(859,270,1,'2007-03-16 10:19:11',1,'please add a pair of obermyer gloves or mittens to fit a 4 year old girl that will go with this order'),(860,270,2,'2007-03-16 17:16:49',1,'Hi Genevieve,  Thanks for your order,  Unfortunately I am out of the  jacket and pants in size 5,  I do have your choices in size 6.  I do have the Little Dipper jacket in a 5 in purple with the purple pants to match.  Please e-mail me or call 800-253-7078 to let me know if either choice will work or if I need to cancel your order.  Thanks Gary Hunter'),(861,271,1,'2007-03-17 15:26:17',1,''),(862,271,2,'2007-03-17 15:41:13',1,'Hi Victoria.  Thanks for your order.  Unfortunately I am sold out of that pant.  I will cancel your order.  If you have any questions please e-mail or call me at 800-253-7078.  Thanks Gary'),(863,271,0,'2007-03-17 15:41:20',0,''),(864,272,1,'2007-03-18 18:25:48',1,''),(865,272,2,'2007-03-19 08:20:50',1,''),(866,273,1,'2007-03-19 11:14:14',1,''),(867,272,3,'2007-03-19 13:10:20',1,'Your order has shipped.  The Fedex tracking number is 144056010020265.  Thank you for your order.'),(868,274,1,'2007-03-19 13:42:10',1,''),(869,275,1,'2007-03-20 09:12:58',1,''),(870,276,1,'2007-03-20 10:34:16',1,''),(871,273,2,'2007-03-20 14:30:11',1,'Hi Lori,  Thanks for your order.  I am sorry but we are sold out of size 5 Orchid blossom print jacket.  I do have 1 size 5 left in Orchid color w/the print trim.  The same color comdo as the pants.  I am out of the gloves and the hat.  Please e-mail me or call 800-253-7078 and let me know if the jacket will work for you.  Thanks Gary'),(872,274,2,'2007-03-20 15:13:44',1,'Hi Martin.  Thanks for your order.  Unfortunately I am sold out of the size 4.  I do have the jacket and pants in a 5.  Please e-mail me or call 800-253-7078 and let me know if the 5 would work or if I should cancel your order.  Thanks Gary Hunter'),(873,275,2,'2007-03-20 15:14:20',1,''),(874,276,2,'2007-03-20 15:17:16',1,'Hi Jennifer.  Thanks for your order.  I am  shipping the jacket from our Utah store. Unfortunately I am sold out of the hat and gloves and will cancel that part of the order.  Thanks Gary Hunter'),(875,276,2,'2007-03-20 15:17:30',0,'The order data has been modified'),(876,277,1,'2007-03-20 15:59:02',1,''),(877,275,3,'2007-03-21 10:57:34',1,'Your order has shipped.  The Fedex tracking number is 288508310006034.  Thank you for your order.'),(878,276,3,'2007-03-21 14:39:14',1,'Your order has shipped.  The Fedex tracking number is 144056000015073.  Thank you for your order.'),(879,277,1,'2007-03-21 14:49:41',1,'Hello Margaret,\r\nThank you for your order, unfortunately we are sold out of size 18 in boys jackets. We are in the process of updating our inventory. Sorry for the inconvenience.\r\nThank You,\r\nBetsy Ray\r\nBahnhof Sport'),(880,277,0,'2007-03-22 06:06:46',0,''),(881,278,1,'2007-03-22 13:16:54',1,''),(882,279,1,'2007-03-22 13:20:20',1,''),(883,273,0,'2007-03-23 07:34:34',0,''),(884,278,2,'2007-03-23 07:50:17',1,''),(885,278,3,'2007-03-23 13:54:52',1,'Your order is being shipped out today Fed. Ex. Ground, tracking# 144056010020296.\r\n\r\nThank you for your order!'),(886,279,2,'2007-03-23 16:05:17',1,'Hi Susan,  Thanks for your order.  Unfortunately I am out of both pants. I do have a black in a 12 husky but no 8\'s.  I do have both sizes in the Kaki color.  Please e-mail me or call 800-253-7078 if you would like either of these choices.  Otherwise I will cancel this order.  Thanks Gary Hunter'),(887,279,0,'2007-03-23 16:05:23',0,''),(888,280,1,'2007-03-26 14:39:02',1,''),(889,280,3,'2007-03-27 11:58:35',1,'Your order has shipped. The Fedex tracking number is 144056010020302.  Thank you for your order.'),(890,281,1,'2007-03-31 16:45:28',1,''),(891,281,2,'2007-04-01 10:41:41',1,''),(892,281,3,'2007-04-02 13:00:27',1,'Your order has shipped.  The Fedex tracking number is 144056010020340.  Thank you for your order.'),(893,282,1,'2007-05-02 14:16:37',1,''),(894,282,2,'2007-05-04 10:50:12',1,''),(895,282,3,'2007-05-04 14:29:12',1,'Your order has shipped.  The fedex tracking number is 144056010020470.  Thank you for your order.'),(896,274,0,'2007-05-04 14:49:22',0,''),(897,270,0,'2007-05-04 14:49:47',0,''),(898,283,1,'2007-05-06 11:15:21',1,''),(899,283,2,'2007-05-07 13:16:25',1,'Hi Rand, Thanks for your order.  Unfortunately We are out of the size 5 In Purple.  I do have that pant in Rasberry, and the Snoverall in Purple.  Please e-mail me or call 800-253-7078 and let me know if either choice would work or if I should cancel your order.  Thanks Gary'),(900,283,2,'2007-05-07 15:54:12',0,'The order data has been modified'),(901,283,3,'2007-05-08 09:31:29',1,'Your order has shipped.  The Fedex tracking number is 288508310006287.  Thank you for your order.'),(902,284,1,'2007-07-08 14:03:03',1,'I live in Alaska. Please notify my via email or phone if shipping will be greater than $25.00\r\nThank you.'),(903,284,1,'2007-07-09 16:33:22',1,'Hi Nicole,\r\nThank you for your order, unfortunately all I have left in stock is the Optim-x Jacket. Please notify me if you want me to fill the order with what I have available. \r\nThank You,\r\nBetsy Ray\r\nBahnhof Sport'),(904,285,1,'2007-07-10 11:23:43',1,''),(905,285,2,'2007-07-14 16:57:17',1,''),(906,285,3,'2007-07-16 12:17:00',1,'Your order has shipped. The Fedex tracking number is 144056010020838.  Thank you for your order.'),(907,284,0,'2007-07-30 15:38:51',0,'No Responce from cust'),(908,286,1,'2007-08-02 14:48:37',1,''),(909,286,2,'2007-08-06 12:48:48',1,''),(910,286,3,'2007-08-08 15:53:43',1,'Your order was shipped 8/7/07 by Fed. Ex. Ground, tracking# 288508310006881.\r\n\r\nThank you for your order!'),(911,287,1,'2007-08-15 16:11:04',1,''),(912,287,2,'2007-08-17 15:31:33',1,'Hello, Thanks for your order.  I am sorry but at this time we are unable to ship out of the US.  Thanks Gary'),(913,287,0,'2007-08-17 15:31:41',0,''),(914,288,1,'2007-08-21 03:37:59',1,''),(915,288,0,'2007-09-16 08:40:25',0,''),(916,289,1,'2007-10-20 16:21:45',1,'');

--
-- Table structure for table `orders_total`
--

CREATE TABLE `orders_total` (
  `orders_total_id` int(10) unsigned NOT NULL AUTO_INCREMENT,
  `orders_id` int(11) NOT NULL DEFAULT '0',
  `title` varchar(255) NOT NULL DEFAULT '',
  `text` varchar(255) NOT NULL DEFAULT '',
  `value` decimal(15,4) NOT NULL DEFAULT '0.0000',
  `class` varchar(32) NOT NULL DEFAULT '',
  `sort_order` int(11) NOT NULL DEFAULT '0',
  PRIMARY KEY (`orders_total_id`),
  KEY `idx_orders_total_orders_id` (`orders_id`)
) ENGINE=MyISAM AUTO_INCREMENT=893 DEFAULT CHARSET=latin1;

--
-- Dumping data for table `orders_total`
--

INSERT INTO `orders_total` VALUES (48,22,'Sub-Total:','$41.65',41.6500,'ot_subtotal',1),(49,22,'Table Rate (Best Way):','$7.99',7.9900,'ot_shipping',2),(47,21,'Total:','<b>$32.94</b>',32.9400,'ot_total',4),(41,19,'Total:','<b>$221.25</b>',221.2500,'ot_total',4),(45,21,'Sub-Total:','$24.95',24.9500,'ot_subtotal',1),(46,21,'Table Rate (Best Way):','$7.99',7.9900,'ot_shipping',2),(30,16,'Sub-Total:','$55.65',55.6500,'ot_subtotal',1),(31,16,'Table Rate (Best Way):','$7.99',7.9900,'ot_shipping',2),(32,16,'Total:','<b>$63.64</b>',63.6400,'ot_total',4),(33,17,'Sub-Total:','$90.65',90.6500,'ot_subtotal',1),(34,17,'Table Rate (Best Way):','$9.99',9.9900,'ot_shipping',2),(35,17,'Total:','<b>$100.64</b>',100.6400,'ot_total',4),(44,20,'Total:','<b>$125.49</b>',125.4900,'ot_total',4),(43,20,'Table Rate (Best Way):','$9.99',9.9900,'ot_shipping',2),(42,20,'Sub-Total:','$115.50',115.5000,'ot_subtotal',1),(39,19,'Sub-Total:','$209.30',209.3000,'ot_subtotal',1),(40,19,'Table Rate (Best Way):','$11.95',11.9500,'ot_shipping',2),(50,22,'Total:','<b>$49.64</b>',49.6400,'ot_total',4),(51,23,'Sub-Total:','$96.25',96.2500,'ot_subtotal',1),(52,23,'Table Rate (Best Way):','$9.99',9.9900,'ot_shipping',2),(53,23,'Total:','<b>$106.24</b>',106.2400,'ot_total',4),(54,24,'Sub-Total:','$7.50',7.5000,'ot_subtotal',1),(55,24,'Table Rate (Best Way):','$7.99',7.9900,'ot_shipping',2),(56,24,'Total:','<b>$15.49</b>',15.4900,'ot_total',4),(57,25,'Sub-Total:','$111.65',111.6500,'ot_subtotal',1),(58,25,'Table Rate (Best Way):','$9.99',9.9900,'ot_shipping',2),(59,25,'Total:','<b>$121.64</b>',121.6400,'ot_total',4),(60,26,'Sub-Total:','$24.50',24.5000,'ot_subtotal',1),(61,26,'Table Rate (Best Way):','$7.99',7.9900,'ot_shipping',2),(62,26,'Total:','<b>$32.49</b>',32.4900,'ot_total',4),(63,27,'Sub-Total:','$129.50',129.5000,'ot_subtotal',1),(64,27,'Table Rate (Best Way):','$11.95',11.9500,'ot_shipping',2),(65,27,'Total:','<b>$141.45</b>',141.4500,'ot_total',4),(66,28,'Sub-Total:','$22.00',22.0000,'ot_subtotal',1),(67,28,'Table Rate (Best Way):','$7.99',7.9900,'ot_shipping',2),(68,28,'MI TAX 6.0%:','$1.80',1.8000,'ot_tax',3),(69,28,'Total:','<b>$31.79</b>',31.7900,'ot_total',4),(82,32,'Total:','<b>$130.49</b>',130.4900,'ot_total',4),(81,32,'Table Rate (Best Way):','$10.99',10.9900,'ot_shipping',2),(80,32,'Sub-Total:','$119.50',119.5000,'ot_subtotal',1),(74,30,'Sub-Total:','$249.95',249.9500,'ot_subtotal',1),(75,30,'Table Rate (Best Way):','$12.99',12.9900,'ot_shipping',2),(76,30,'Total:','<b>$262.94</b>',262.9400,'ot_total',4),(77,31,'Sub-Total:','$119.50',119.5000,'ot_subtotal',1),(78,31,'Table Rate (Best Way):','$10.99',10.9900,'ot_shipping',2),(79,31,'Total:','<b>$130.49</b>',130.4900,'ot_total',4),(114,42,'Total:','<b>$162.99</b>',162.9900,'ot_total',4),(113,42,'Table Rate (Best Way):','$12.99',12.9900,'ot_shipping',2),(112,42,'Sub-Total:','$150.00',150.0000,'ot_subtotal',1),(87,34,'Sub-Total:','$185.00',185.0000,'ot_subtotal',1),(88,34,'Table Rate (Best Way):','$12.99',12.9900,'ot_shipping',2),(89,34,'Total:','<b>$197.99</b>',197.9900,'ot_total',4),(90,35,'Sub-Total:','$25.95',25.9500,'ot_subtotal',1),(91,35,'Table Rate (Best Way):','$7.99',7.9900,'ot_shipping',2),(92,35,'Total:','<b>$33.94</b>',33.9400,'ot_total',4),(93,36,'Sub-Total:','$185.00',185.0000,'ot_subtotal',1),(94,36,'Table Rate (Best Way):','$12.99',12.9900,'ot_shipping',2),(95,36,'Total:','<b>$197.99</b>',197.9900,'ot_total',4),(96,37,'Sub-Total:','$130.00',130.0000,'ot_subtotal',1),(97,37,'Table Rate (Best Way):','$12.99',12.9900,'ot_shipping',2),(98,37,'Total:','<b>$142.99</b>',142.9900,'ot_total',4),(99,38,'Sub-Total:','$159.00',159.0000,'ot_subtotal',1),(100,38,'Table Rate (Best Way):','$12.99',12.9900,'ot_shipping',2),(101,38,'Total:','<b>$171.99</b>',171.9900,'ot_total',4),(102,39,'Sub-Total:','$25.00',25.0000,'ot_subtotal',1),(103,39,'Table Rate (Best Way):','$7.99',7.9900,'ot_shipping',2),(104,39,'Total:','<b>$32.99</b>',32.9900,'ot_total',4),(111,41,'Total:','<b>$29.99</b>',29.9900,'ot_total',4),(110,41,'Table Rate (Best Way):','$7.99',7.9900,'ot_shipping',2),(109,41,'Sub-Total:','$22.00',22.0000,'ot_subtotal',1),(115,43,'Sub-Total:','$69.00',69.0000,'ot_subtotal',1),(116,43,'Table Rate (Best Way):','$7.99',7.9900,'ot_shipping',2),(117,43,'Total:','<b>$76.99</b>',76.9900,'ot_total',4),(118,44,'Sub-Total:','$55.00',55.0000,'ot_subtotal',1),(119,44,'Table Rate (Best Way):','$7.99',7.9900,'ot_shipping',2),(120,44,'Total:','<b>$62.99</b>',62.9900,'ot_total',4),(121,45,'Sub-Total:','$200.00',200.0000,'ot_subtotal',1),(122,45,'Table Rate (Best Way):','$12.99',12.9900,'ot_shipping',2),(123,45,'Total:','<b>$212.99</b>',212.9900,'ot_total',4),(124,46,'Sub-Total:','$110.00',110.0000,'ot_subtotal',1),(125,46,'Table Rate (Best Way):','$10.99',10.9900,'ot_shipping',2),(126,46,'Total:','<b>$120.99</b>',120.9900,'ot_total',4),(127,47,'Sub-Total:','$195.00',195.0000,'ot_subtotal',1),(128,47,'Table Rate (Best Way):','$12.99',12.9900,'ot_shipping',2),(129,47,'Total:','<b>$207.99</b>',207.9900,'ot_total',4),(130,48,'Sub-Total:','$25.00',25.0000,'ot_subtotal',1),(131,48,'Table Rate (Best Way):','$7.99',7.9900,'ot_shipping',2),(132,48,'MI TAX 6.0%:','$1.98',1.9800,'ot_tax',3),(133,48,'Total:','<b>$34.97</b>',34.9700,'ot_total',4),(134,49,'Sub-Total:','$51.90',51.9000,'ot_subtotal',1),(135,49,'Table Rate (Best Way):','$7.99',7.9900,'ot_shipping',2),(136,49,'Total:','<b>$59.89</b>',59.8900,'ot_total',4),(137,50,'Sub-Total:','$40.00',40.0000,'ot_subtotal',1),(138,50,'Table Rate (Best Way):','$7.99',7.9900,'ot_shipping',2),(139,50,'MI TAX 6.0%:','$2.88',2.8800,'ot_tax',3),(140,50,'Total:','<b>$50.87</b>',50.8700,'ot_total',4),(141,51,'Sub-Total:','$51.90',51.9000,'ot_subtotal',1),(142,51,'Table Rate (Best Way):','$7.99',7.9900,'ot_shipping',2),(143,51,'Total:','<b>$59.89</b>',59.8900,'ot_total',4),(144,52,'Sub-Total:','$40.00',40.0000,'ot_subtotal',1),(145,52,'Table Rate (Best Way):','$7.99',7.9900,'ot_shipping',2),(146,52,'Total:','<b>$47.99</b>',47.9900,'ot_total',4),(155,55,'Total:','<b>$59.89</b>',59.8900,'ot_total',4),(154,55,'Table Rate (Best Way):','$7.99',7.9900,'ot_shipping',2),(153,55,'Sub-Total:','$51.90',51.9000,'ot_subtotal',1),(150,54,'Sub-Total:','$185.00',185.0000,'ot_subtotal',1),(151,54,'Table Rate (Best Way):','$12.99',12.9900,'ot_shipping',2),(152,54,'Total:','<b>$197.99</b>',197.9900,'ot_total',4),(156,56,'Sub-Total:','$40.00',40.0000,'ot_subtotal',1),(157,56,'Table Rate (Best Way):','$7.99',7.9900,'ot_shipping',2),(158,56,'Total:','<b>$47.99</b>',47.9900,'ot_total',4),(159,57,'Sub-Total:','$295.88',295.8800,'ot_subtotal',1),(160,57,'Table Rate (Best Way):','$12.99',12.9900,'ot_shipping',2),(161,57,'Total:','<b>$308.87</b>',308.8700,'ot_total',3),(162,58,'Sub-Total:','$123.75',123.7500,'ot_subtotal',1),(163,58,'Table Rate (Best Way):','$12.99',12.9900,'ot_shipping',2),(164,58,'Total:','<b>$136.74</b>',136.7400,'ot_total',3),(165,59,'Sub-Total:','$89.63',89.6300,'ot_subtotal',1),(166,59,'Table Rate (Best Way):','$10.99',10.9900,'ot_shipping',2),(167,59,'Total:','<b>$100.62</b>',100.6200,'ot_total',3),(187,66,'Table Rate (Best Way):','$12.99',12.9900,'ot_shipping',2),(207,72,'Colorado tax:','$23.99',23.9924,'ot_tax',3),(171,61,'Sub-Total:','$99.50',99.5000,'ot_subtotal',1),(172,61,'Table Rate (Best Way):','$10.99',10.9900,'ot_shipping',2),(173,61,'Total:','<b>$110.49</b>',110.4900,'ot_total',4),(205,72,'Sub-Total:','$281.38',281.3800,'ot_subtotal',1),(206,72,'Table Rate (Best Way):','$12.99',12.9900,'ot_shipping',2),(177,63,'Sub-Total:','$290.00',290.0000,'ot_subtotal',1),(178,63,'Table Rate (Best Way):','$12.99',12.9900,'ot_shipping',2),(179,63,'Total:','<b>$302.99</b>',302.9900,'ot_total',3),(188,66,'Total:','<b>$191.99</b>',191.9900,'ot_total',4),(186,66,'Sub-Total:','$179.00',179.0000,'ot_subtotal',1),(250,86,'Total:','<b>$391.99</b>',391.9900,'ot_total',4),(249,86,'Table Rate (Best Way):','$12.99',12.9900,'ot_shipping',2),(248,86,'Sub-Total:','$379.00',379.0000,'ot_subtotal',1),(192,68,'Sub-Total:','$71.25',71.2500,'ot_subtotal',1),(193,68,'Table Rate (Best Way):','$7.99',7.9900,'ot_shipping',2),(194,68,'Total:','<b>$79.24</b>',79.2400,'ot_total',4),(241,83,'Total:','<b>$85.99</b>',85.9900,'ot_total',4),(240,83,'Table Rate (Best Way):','$10.99',10.9900,'ot_shipping',2),(239,83,'Sub-Total:','$75.00',75.0000,'ot_subtotal',1),(204,71,'Total:','<b>$360.74</b>',360.7400,'ot_total',4),(203,71,'Table Rate (Best Way):','$12.99',12.9900,'ot_shipping',2),(202,71,'Sub-Total:','$347.75',347.7500,'ot_subtotal',1),(208,72,'Total:','<b>$318.36</b>',318.3624,'ot_total',4),(209,73,'Sub-Total:','$990.00',990.0000,'ot_subtotal',1),(210,73,'Table Rate (Best Way):','$24.99',24.9900,'ot_shipping',2),(211,73,'Total:','<b>$1,014.99</b>',1014.9900,'ot_total',4),(229,79,'Total:','<b>$47.99</b>',47.9900,'ot_total',4),(228,79,'Table Rate (Best Way):','$7.99',7.9900,'ot_shipping',2),(227,79,'Sub-Total:','$40.00',40.0000,'ot_subtotal',1),(215,75,'Sub-Total:','$185.00',185.0000,'ot_subtotal',1),(216,75,'Table Rate (Best Way):','$12.99',12.9900,'ot_shipping',2),(217,75,'Total:','<b>$197.99</b>',197.9900,'ot_total',4),(218,76,'Sub-Total:','$168.75',168.7500,'ot_subtotal',1),(219,76,'Table Rate (Best Way):','$12.99',12.9900,'ot_shipping',2),(220,76,'Total:','<b>$181.74</b>',181.7400,'ot_total',4),(225,78,'Table Rate (Best Way):','$10.99',10.9900,'ot_shipping',2),(224,78,'Sub-Total:','$82.50',82.5000,'ot_subtotal',1),(226,78,'Total:','<b>$93.49</b>',93.4900,'ot_total',4),(230,80,'Sub-Total:','$77.85',77.8500,'ot_subtotal',1),(231,80,'Table Rate (Best Way):','$10.99',10.9900,'ot_shipping',2),(232,80,'Total:','<b>$88.84</b>',88.8400,'ot_total',3),(233,81,'Sub-Total:','$183.75',183.7500,'ot_subtotal',1),(234,81,'Table Rate (Best Way):','$12.99',12.9900,'ot_shipping',2),(235,81,'Total:','<b>$196.74</b>',196.7400,'ot_total',4),(236,82,'Sub-Total:','$51.90',51.9000,'ot_subtotal',1),(237,82,'Table Rate (Best Way):','$7.99',7.9900,'ot_shipping',2),(238,82,'Total:','<b>$59.89</b>',59.8900,'ot_total',4),(316,107,'Total:','<b>$115.75</b>',115.7500,'ot_total',3),(315,107,'3-Day FedEx','$22.00',22.0000,'ot_shipping',2),(314,107,'Sub-Total:','$93.75',93.7500,'ot_subtotal',1),(268,92,'Colorado tax:','$6.27',6.2735,'ot_tax',3),(267,92,'Table Rate (Best Way):','$7.99',7.9900,'ot_shipping',2),(266,92,'Sub-Total:','$69.00',69.0000,'ot_subtotal',1),(251,87,'Sub-Total:','$123.75',123.7500,'ot_subtotal',1),(252,87,'Table Rate (Best Way):','$10.99',10.9900,'ot_shipping',2),(253,87,'Total:','<b>$134.74</b>',134.7400,'ot_total',4),(265,91,'Total:','<b>$67.62</b>',67.6200,'ot_total',3),(264,91,'Table Rate (Best Way):','$7.99',7.9900,'ot_shipping',2),(263,91,'Sub-Total:','$59.63',59.6300,'ot_subtotal',1),(257,89,'Sub-Total:','$112.63',112.6300,'ot_subtotal',1),(258,89,'Table Rate (Best Way):','$10.99',10.9900,'ot_shipping',2),(259,89,'Total:','<b>$123.62</b>',123.6200,'ot_total',4),(260,90,'Sub-Total:','$110.00',110.0000,'ot_subtotal',1),(261,90,'Table Rate (Best Way):','$10.99',10.9900,'ot_shipping',2),(262,90,'Total:','<b>$120.99</b>',120.9900,'ot_total',4),(269,92,'Total:','<b>$83.26</b>',83.2635,'ot_total',4),(273,94,'Sub-Total:','$185.00',185.0000,'ot_subtotal',1),(274,94,'Table Rate (Best Way):','$12.99',12.9900,'ot_shipping',2),(275,94,'Colorado tax:','$16.14',16.1375,'ot_tax',3),(276,94,'Total:','<b>$214.13</b>',214.1275,'ot_total',4),(277,95,'Sub-Total:','$250.00',250.0000,'ot_subtotal',1),(278,95,'Table Rate (Best Way):','$12.99',12.9900,'ot_shipping',2),(279,95,'Total:','<b>$262.99</b>',262.9900,'ot_total',4),(300,102,'Total:','<b>$123.12</b>',123.1200,'ot_total',4),(299,102,'Table Rate (Best Way):','$10.99',10.9900,'ot_shipping',2),(298,102,'Sub-Total:','$112.13',112.1300,'ot_subtotal',1),(297,101,'Total:','<b>$123.12</b>',123.1200,'ot_total',4),(296,101,'Table Rate (Best Way):','$10.99',10.9900,'ot_shipping',2),(295,101,'Sub-Total:','$112.13',112.1300,'ot_subtotal',1),(383,128,'Sub-Total:','$69.00',69.0000,'ot_subtotal',1),(393,130,'Total:','<b>$76.99</b>',76.9900,'ot_total',4),(289,99,'Sub-Total:','$112.50',112.5000,'ot_subtotal',1),(290,99,'Table Rate (Best Way):','$10.99',10.9900,'ot_shipping',2),(291,99,'Total:','<b>$123.49</b>',123.4900,'ot_total',4),(386,128,'Total:','<b>$81.61</b>',81.6100,'ot_total',4),(385,128,'MI TAX 6.0%:','$4.62',4.6200,'ot_tax',3),(384,128,'Table Rate (Best Way):','$7.99',7.9900,'ot_shipping',2),(305,104,'Sub-Total:','$51.90',51.9000,'ot_subtotal',1),(306,104,'Table Rate (Best Way):','$7.99',7.9900,'ot_shipping',2),(307,104,'Total:','<b>$59.89</b>',59.8900,'ot_total',4),(319,108,'Total:','<b>$85.99</b>',85.9900,'ot_total',4),(318,108,'Table Rate (Best Way):','$10.99',10.9900,'ot_shipping',2),(317,108,'Sub-Total:','$75.00',75.0000,'ot_subtotal',1),(311,106,'Sub-Total:','$552.50',552.5000,'ot_subtotal',1),(312,106,'FedEx 1-Day','$42.00',42.0000,'ot_shipping',2),(313,106,'Total:','<b>$594.50</b>',594.5000,'ot_total',3),(397,132,'Sub-Total:','$165.00',165.0000,'ot_subtotal',1),(364,122,'Total:','<b>$98.44</b>',98.4400,'ot_total',4),(326,111,'Sub-Total:','$149.26',149.2600,'ot_subtotal',1),(327,111,'Table Rate (Best Way):','$12.99',12.9900,'ot_shipping',2),(328,111,'Total:','<b>$162.25</b>',162.2500,'ot_total',4),(329,112,'Sub-Total:','$59.63',59.6300,'ot_subtotal',1),(330,112,'Table Rate (Best Way):','$7.99',7.9900,'ot_shipping',2),(331,112,'Total:','<b>$67.62</b>',67.6200,'ot_total',4),(347,117,'Total:','<b>$227.49</b>',227.4900,'ot_total',3),(392,130,'Table Rate (Best Way):','$7.99',7.9900,'ot_shipping',2),(391,130,'Sub-Total:','$69.00',69.0000,'ot_subtotal',1),(345,117,'Sub-Total:','$202.50',202.5000,'ot_subtotal',1),(346,117,'Table Rate (Best Way):','$24.99',24.9900,'ot_shipping',2),(371,124,'Total:','<b>$197.99</b>',197.9900,'ot_total',3),(370,124,'Table Rate (Best Way):','$12.99',12.9900,'ot_shipping',2),(369,124,'Sub-Total:','$185.00',185.0000,'ot_subtotal',1),(361,122,'Sub-Total:','$82.50',82.5000,'ot_subtotal',1),(362,122,'Table Rate (Best Way):','$10.99',10.9900,'ot_shipping',2),(363,122,'MI TAX 6.0%:','$4.95',4.9500,'ot_tax',3),(372,125,'Sub-Total:','$142.13',142.1300,'ot_subtotal',1),(373,125,'Table Rate (Best Way):','$12.99',12.9900,'ot_shipping',2),(374,125,'MI TAX 6.0%:','$9.31',9.3078,'ot_tax',3),(375,125,'Total:','<b>$164.43</b>',164.4278,'ot_total',4),(398,132,'Table Rate (Best Way):','$12.99',12.9900,'ot_shipping',2),(387,129,'Sub-Total:','$130.88',130.8800,'ot_subtotal',1),(388,129,'Table Rate (Best Way):','$12.99',12.9900,'ot_shipping',2),(389,129,'MI TAX 6.0%:','$8.63',8.6328,'ot_tax',3),(390,129,'Total:','<b>$152.50</b>',152.5028,'ot_total',4),(399,132,'Total:','<b>$177.99</b>',177.9900,'ot_total',4),(400,133,'Sub-Total:','$51.90',51.9000,'ot_subtotal',1),(401,133,'Table Rate (Best Way):','$7.99',7.9900,'ot_shipping',2),(402,133,'Colorado tax:','$4.23',4.2298,'ot_tax',3),(403,133,'Total:','<b>$64.12</b>',64.1198,'ot_total',4),(409,135,'Total:','<b>$60.12</b>',60.1200,'ot_total',4),(408,135,'Table Rate (Best Way):','$7.99',7.9900,'ot_shipping',2),(407,135,'Sub-Total:','$52.13',52.1300,'ot_subtotal',1),(415,137,'Total:','<b>$122.75</b>',122.7500,'ot_total',3),(414,137,'Table Rate (Best Way):','$10.99',10.9900,'ot_shipping',2),(413,137,'Sub-Total:','$111.76',111.7600,'ot_subtotal',1),(416,138,'Sub-Total:','$290.00',290.0000,'ot_subtotal',1),(417,138,'Table Rate (Best Way):','$12.99',12.9900,'ot_shipping',2),(418,138,'Total:','<b>$302.99</b>',302.9900,'ot_total',4),(419,139,'Sub-Total:','$25.00',25.0000,'ot_subtotal',1),(420,139,'Table Rate (Best Way):','$7.99',7.9900,'ot_shipping',2),(421,139,'UT Tax 7.35%:','$1.84',1.8375,'ot_tax',3),(422,139,'Total:','<b>$34.83</b>',34.8275,'ot_total',4),(423,140,'Sub-Total:','$13.95',13.9500,'ot_subtotal',1),(424,140,'Table Rate (Best Way):','$7.99',7.9900,'ot_shipping',2),(425,140,'Total:','<b>$21.94</b>',21.9400,'ot_total',4),(426,141,'Sub-Total:','$54.00',54.0000,'ot_subtotal',1),(427,141,'Table Rate (Best Way):','$7.99',7.9900,'ot_shipping',2),(428,141,'Total:','<b>$61.99</b>',61.9900,'ot_total',4),(429,142,'Sub-Total:','$175.00',175.0000,'ot_subtotal',1),(430,142,'Table Rate (Best Way):','$12.99',12.9900,'ot_shipping',2),(431,142,'Total:','<b>$187.99</b>',187.9900,'ot_total',4),(432,143,'Sub-Total:','$250.00',250.0000,'ot_subtotal',100),(433,143,'Table Rate (Best Way):','$12.99',12.9900,'ot_shipping',300),(434,143,'MI TAX 6.0%:','$15.78',15.7800,'ot_tax',400),(435,143,'Total:','<b>$278.77</b>',278.7700,'ot_total',1000),(445,146,'MI TAX 6.0%:','$14.58',14.5800,'ot_tax',400),(444,146,'Table Rate (Best Way):','$12.99',12.9900,'ot_shipping',300),(443,146,'Sub-Total:','$230.00',230.0000,'ot_subtotal',100),(440,145,'Sub-Total:','$240.00',240.0000,'ot_subtotal',100),(441,145,'Table Rate (Best Way):','$12.99',12.9900,'ot_shipping',300),(442,145,'Total:','<b>$252.99</b>',252.9900,'ot_total',1000),(446,146,'Total:','<b>$257.57</b>',257.5700,'ot_total',1000),(447,147,'Sub-Total:','$250.00',250.0000,'ot_subtotal',100),(448,147,'Table Rate (Best Way):','$12.99',12.9900,'ot_shipping',300),(449,147,'Total:','<b>$262.99</b>',262.9900,'ot_total',1000),(450,148,'Sub-Total:','$170.00',170.0000,'ot_subtotal',1),(451,148,'Table Rate (Best Way):','$12.99',12.9900,'ot_shipping',2),(452,148,'Total:','<b>$182.99</b>',182.9900,'ot_total',3),(453,149,'Sub-Total:','$360.00',360.0000,'ot_subtotal',100),(454,149,'Table Rate (Best Way):','$12.99',12.9900,'ot_shipping',300),(455,149,'Colorado tax:','$30.40',30.4000,'ot_tax',400),(456,149,'Total:','<b>$403.39</b>',403.3900,'ot_total',1000),(457,150,'Sub-Total:','$175.00',175.0000,'ot_subtotal',1),(458,150,'Table Rate (Best Way):','$12.99',12.9900,'ot_shipping',2),(459,150,'Total:','<b>$187.99</b>',187.9900,'ot_total',3),(460,151,'Sub-Total:','$230.00',230.0000,'ot_subtotal',1),(461,151,'Table Rate (Best Way):','$12.99',12.9900,'ot_shipping',2),(462,151,'Total:','<b>$242.99</b>',242.9900,'ot_total',3),(463,152,'Sub-Total:','$400.00',400.0000,'ot_subtotal',100),(464,152,'Table Rate (Best Way):','$12.99',12.9900,'ot_shipping',300),(465,152,'Total:','<b>$412.99</b>',412.9900,'ot_total',1000),(466,153,'Sub-Total:','$145.00',145.0000,'ot_subtotal',100),(467,153,'Table Rate (Best Way):','$12.99',12.9900,'ot_shipping',300),(468,153,'Total:','<b>$157.99</b>',157.9900,'ot_total',1000),(469,154,'Sub-Total:','$200.00',200.0000,'ot_subtotal',100),(470,154,'Table Rate (Best Way):','$12.99',12.9900,'ot_shipping',300),(471,154,'Total:','<b>$212.99</b>',212.9900,'ot_total',1000),(472,155,'Sub-Total:','$470.00',470.0000,'ot_subtotal',1),(473,155,'Table Rate (Best Way):','$12.99',12.9900,'ot_shipping',2),(474,155,'Total:','<b>$482.99</b>',482.9900,'ot_total',3),(475,156,'Sub-Total:','$280.00',280.0000,'ot_subtotal',100),(476,156,'Table Rate (Best Way):','$12.99',12.9900,'ot_shipping',300),(477,156,'Total:','<b>$292.99</b>',292.9900,'ot_total',1000),(478,157,'Sub-Total:','$490.00',490.0000,'ot_subtotal',100),(479,157,'Table Rate (Best Way):','$24.99',24.9900,'ot_shipping',300),(480,157,'MI TAX 6.0%:','$30.90',30.9000,'ot_tax',400),(481,157,'Total:','<b>$545.89</b>',545.8900,'ot_total',1000),(482,158,'Sub-Total:','$855.00',855.0000,'ot_subtotal',1),(483,158,'Table Rate (Best Way):','$39.99',39.9900,'ot_shipping',2),(484,158,'Total:','<b>$894.99</b>',894.9900,'ot_total',3),(485,159,'Sub-Total:','$130.00',130.0000,'ot_subtotal',100),(486,159,'Table Rate (Best Way):','$12.99',12.9900,'ot_shipping',300),(487,159,'Total:','<b>$142.99</b>',142.9900,'ot_total',1000),(488,160,'Sub-Total:','$75.00',75.0000,'ot_subtotal',100),(489,160,'Free Shipping (For orders of $50.00 or more within the continental United States.):','$0.00',0.0000,'ot_shipping',300),(490,160,'Total:','<b>$75.00</b>',75.0000,'ot_total',1000),(491,161,'Sub-Total:','$230.00',230.0000,'ot_subtotal',100),(492,161,'Free Shipping (For orders of $50.00 or more within the continental United States.):','$0.00',0.0000,'ot_shipping',300),(493,161,'Total:','<b>$230.00</b>',230.0000,'ot_total',1000),(494,162,'Sub-Total:','$165.00',165.0000,'ot_subtotal',100),(495,162,'Free Shipping (For orders of $50.00 or more within the continental United States.):','$0.00',0.0000,'ot_shipping',300),(496,162,'Total:','<b>$165.00</b>',165.0000,'ot_total',1000),(497,163,'Sub-Total:','$150.00',150.0000,'ot_subtotal',100),(498,163,'Free Shipping (For orders of $50.00 or more within the continental United States.):','$0.00',0.0000,'ot_shipping',300),(499,163,'MI TAX 6.0%:','$9.00',9.0000,'ot_tax',400),(500,163,'Total:','<b>$159.00</b>',159.0000,'ot_total',1000),(501,164,'Sub-Total:','$550.00',550.0000,'ot_subtotal',100),(502,164,'Free Shipping (For orders of $50.00 or more within the continental United States.):','$0.00',0.0000,'ot_shipping',300),(503,164,'Total:','<b>$550.00</b>',550.0000,'ot_total',1000),(504,165,'Sub-Total:','$700.00',700.0000,'ot_subtotal',100),(505,165,'Free Shipping (For orders of $50.00 or more within the continental United States.):','$0.00',0.0000,'ot_shipping',300),(506,165,'Total:','<b>$700.00</b>',700.0000,'ot_total',1000),(507,166,'Sub-Total:','$175.00',175.0000,'ot_subtotal',1),(508,166,'Free Shipping','$0.00',0.0000,'ot_shipping',2),(509,166,'Total:','<b>$175.00</b>',175.0000,'ot_total',3),(510,167,'Sub-Total:','$175.00',175.0000,'ot_subtotal',100),(511,167,'Free Shipping (For orders of $50.00 or more within the continental United States.):','$0.00',0.0000,'ot_shipping',300),(512,167,'Total:','<b>$175.00</b>',175.0000,'ot_total',1000),(513,168,'Sub-Total:','$300.00',300.0000,'ot_subtotal',100),(514,168,'Free Shipping (For orders of $50.00 or more within the continental United States.):','$0.00',0.0000,'ot_shipping',300),(515,168,'Total:','<b>$300.00</b>',300.0000,'ot_total',1000),(516,169,'Sub-Total:','$600.00',600.0000,'ot_subtotal',100),(517,169,'Free Shipping (For orders of $50.00 or more within the continental United States.):','$0.00',0.0000,'ot_shipping',300),(518,169,'Total:','<b>$600.00</b>',600.0000,'ot_total',1000),(519,170,'Sub-Total:','$150.00',150.0000,'ot_subtotal',100),(520,170,'Free Shipping (For orders of $50.00 or more within the continental United States.):','$0.00',0.0000,'ot_shipping',300),(521,170,'Total:','<b>$150.00</b>',150.0000,'ot_total',1000),(522,171,'Sub-Total:','$150.00',150.0000,'ot_subtotal',100),(523,171,'Table Rate (Best Way):','$12.99',12.9900,'ot_shipping',300),(524,171,'Total:','<b>$162.99</b>',162.9900,'ot_total',1000),(525,172,'Sub-Total:','$40.00',40.0000,'ot_subtotal',1),(526,172,'Table Rate (Best Way):','$21.00',21.0000,'ot_shipping',2),(527,172,'Total:','<b>$61.00</b>',61.0000,'ot_total',3),(528,173,'Sub-Total:','$99.50',99.5000,'ot_subtotal',1),(529,173,'Free Shipping (For orders of $50.00 or more within the continental United States.):','$0.00',0.0000,'ot_shipping',2),(530,173,'Total:','<b>$99.50</b>',99.5000,'ot_total',3),(531,174,'Sub-Total:','$165.00',165.0000,'ot_subtotal',100),(532,174,'Free Shipping (For orders of $50.00 or more within the continental United States.):','$0.00',0.0000,'ot_shipping',300),(533,174,'Total:','<b>$165.00</b>',165.0000,'ot_total',1000),(534,175,'Sub-Total:','150,00 USD',150.0000,'ot_subtotal',100),(535,175,'Free Shipping (For orders of $50.00 or more within the continental United States.):','$0.00',0.0000,'ot_shipping',300),(536,175,'Total:','<b>150,00 USD</b>',150.0000,'ot_total',1000),(537,176,'Sub-Total:','$165.00',165.0000,'ot_subtotal',1),(538,176,'Free Shipping (For orders of $50.00 or more within the continental United States.):','$0.00',0.0000,'ot_shipping',2),(539,176,'Total:','<b>$165.00</b>',165.0000,'ot_total',3),(540,177,'Sub-Total:','$275.00',275.0000,'ot_subtotal',100),(541,177,'Free Shipping (For orders of $50.00 or more within the continental United States.):','$0.00',0.0000,'ot_shipping',300),(542,177,'Total:','<b>$275.00</b>',275.0000,'ot_total',1000),(543,178,'Sub-Total:','$105.00',105.0000,'ot_subtotal',100),(544,178,'Free Shipping (For orders of $50.00 or more within the continental United States.):','$0.00',0.0000,'ot_shipping',300),(545,178,'Total:','<b>$105.00</b>',105.0000,'ot_total',1000),(546,179,'Sub-Total:','$150.00',150.0000,'ot_subtotal',100),(547,179,'Free Shipping (For orders of $50.00 or more within the continental United States.):','$0.00',0.0000,'ot_shipping',300),(548,179,'Total:','<b>$150.00</b>',150.0000,'ot_total',1000),(549,180,'Sub-Total:','$140.00',140.0000,'ot_subtotal',100),(550,180,'Free Shipping (For orders of $50.00 or more within the continental United States.):','$0.00',0.0000,'ot_shipping',300),(551,180,'UT Tax 7.35%:','$10.29',10.2900,'ot_tax',400),(552,180,'Total:','<b>$150.29</b>',150.2900,'ot_total',1000),(553,181,'Sub-Total:','$100.00',100.0000,'ot_subtotal',100),(554,181,'Table Rate (Best Way):','$10.99',10.9900,'ot_shipping',300),(555,181,'Total:','<b>$110.99</b>',110.9900,'ot_total',1000),(556,182,'Sub-Total:','$160.00',160.0000,'ot_subtotal',100),(557,182,'Table Rate (Best Way):','$12.99',12.9900,'ot_shipping',300),(558,182,'Total:','<b>$172.99</b>',172.9900,'ot_total',1000),(559,183,'Sub-Total:','$160.00',160.0000,'ot_subtotal',100),(560,183,'Free Shipping (For orders of $50.00 or more within the continental United States.):','$0.00',0.0000,'ot_shipping',300),(561,183,'Total:','<b>$160.00</b>',160.0000,'ot_total',1000),(562,184,'Sub-Total:','$600.00',600.0000,'ot_subtotal',1),(563,184,'Table Rate (Best Way):','$24.99',24.9900,'ot_shipping',300),(564,184,'Total:','<b>$600.00</b>',600.0000,'ot_total',2),(565,185,'Sub-Total:','$100.00',100.0000,'ot_subtotal',100),(566,185,'Free Shipping (For orders of $50.00 or more within the continental United States.):','$0.00',0.0000,'ot_shipping',300),(567,185,'Total:','<b>$100.00</b>',100.0000,'ot_total',1000),(568,186,'Sub-Total:','$42.90',42.9000,'ot_subtotal',100),(569,186,'Table Rate (Best Way):','$7.99',7.9900,'ot_shipping',300),(570,186,'Total:','<b>$50.89</b>',50.8900,'ot_total',1000),(571,187,'Sub-Total:','$469.00',469.0000,'ot_subtotal',1),(572,187,'Table Rate (Best Way):','$55.00',55.0000,'ot_shipping',2),(573,187,'Total:','<b>$524.00</b>',524.0000,'ot_total',3),(574,188,'Sub-Total:','$80.00',80.0000,'ot_subtotal',100),(575,188,'Free Shipping (For orders of $50.00 or more within the continental United States.):','$0.00',0.0000,'ot_shipping',300),(576,188,'Total:','<b>$80.00</b>',80.0000,'ot_total',1000),(577,189,'Sub-Total:','$125.00',125.0000,'ot_subtotal',100),(578,189,'Free Shipping (For orders of $50.00 or more within the continental United States.):','$0.00',0.0000,'ot_shipping',300),(579,189,'Total:','<b>$125.00</b>',125.0000,'ot_total',1000),(580,190,'Sub-Total:','$280.00',280.0000,'ot_subtotal',100),(581,190,'Free Shipping (For orders of $50.00 or more within the continental United States.):','$0.00',0.0000,'ot_shipping',300),(582,190,'Colorado tax:','$22.82',22.8200,'ot_tax',400),(583,190,'Total:','<b>$302.82</b>',302.8200,'ot_total',1000),(584,191,'Sub-Total:','$59.95',59.9500,'ot_subtotal',100),(585,191,'Free Shipping (For orders of $50.00 or more within the continental United States.):','$0.00',0.0000,'ot_shipping',300),(586,191,'Total:','<b>$59.95</b>',59.9500,'ot_total',1000),(587,192,'Sub-Total:','$130.00',130.0000,'ot_subtotal',100),(588,192,'Free Shipping (For orders of $50.00 or more within the continental United States.):','$0.00',0.0000,'ot_shipping',300),(589,192,'Colorado tax:','$10.60',10.5950,'ot_tax',400),(590,192,'Total:','<b>$140.60</b>',140.5950,'ot_total',1000),(591,193,'Sub-Total:','$149.26',149.2600,'ot_subtotal',1),(592,193,'FedEx Overnight:','$62.99',62.9900,'ot_shipping',2),(593,193,'Colorado tax:','$12.16',12.1646,'ot_tax',3),(594,193,'Total:','<b>$224.41</b>',224.4146,'ot_total',4),(595,194,'Sub-Total:','$123.75',123.7500,'ot_subtotal',100),(596,194,'Free Shipping (For orders of $50.00 or more within the continental United States.):','$0.00',0.0000,'ot_shipping',300),(597,194,'Total:','<b>$123.75</b>',123.7500,'ot_total',1000),(598,195,'Sub-Total:','$150.00',150.0000,'ot_subtotal',100),(599,195,'Free Shipping (For orders of $50.00 or more within the continental United States.):','$0.00',0.0000,'ot_shipping',300),(600,195,'Total:','<b>$150.00</b>',150.0000,'ot_total',1000),(601,196,'Sub-Total:','$25.00',25.0000,'ot_subtotal',100),(602,196,'Table Rate (Best Way):','$7.99',7.9900,'ot_shipping',300),(603,196,'Total:','<b>$32.99</b>',32.9900,'ot_total',1000),(604,197,'Sub-Total:','$131.25',131.2500,'ot_subtotal',100),(605,197,'Free Shipping (For orders of $50.00 or more within the continental United States.):','$0.00',0.0000,'ot_shipping',300),(606,197,'Total:','<b>$131.25</b>',131.2500,'ot_total',1000),(607,198,'Sub-Total:','$177.50',177.5000,'ot_subtotal',100),(608,198,'Free Shipping (For orders of $50.00 or more within the continental United States.):','$0.00',0.0000,'ot_shipping',300),(609,198,'Total:','<b>$177.50</b>',177.5000,'ot_total',1000),(610,199,'Sub-Total:','$108.00',108.0000,'ot_subtotal',100),(611,199,'Free Shipping (For orders of $50.00 or more within the continental United States.):','$0.00',0.0000,'ot_shipping',300),(612,199,'Total:','<b>$108.00</b>',108.0000,'ot_total',1000),(613,200,'Sub-Total:','$86.25',86.2500,'ot_subtotal',100),(614,200,'Free Shipping (For orders of $50.00 or more within the continental United States.):','$0.00',0.0000,'ot_shipping',300),(615,200,'Total:','<b>$86.25</b>',86.2500,'ot_total',1000),(616,201,'Sub-Total:','$75.00',75.0000,'ot_subtotal',100),(617,201,'Free Shipping (For orders of $50.00 or more within the continental United States.):','$0.00',0.0000,'ot_shipping',300),(618,201,'MI TAX 6.0%:','$4.50',4.5000,'ot_tax',400),(619,201,'Total:','<b>$79.50</b>',79.5000,'ot_total',1000),(620,202,'Sub-Total:','$125.00',125.0000,'ot_subtotal',100),(621,202,'Free Shipping (For orders of $50.00 or more within the continental United States.):','$0.00',0.0000,'ot_shipping',300),(622,202,'Total:','<b>$125.00</b>',125.0000,'ot_total',1000),(623,203,'Sub-Total:','$112.50',112.5000,'ot_subtotal',100),(624,203,'Free Shipping (For orders of $50.00 or more within the continental United States.):','$0.00',0.0000,'ot_shipping',300),(625,203,'Colorado tax:','$9.17',9.1687,'ot_tax',400),(626,203,'Total:','<b>$121.67</b>',121.6687,'ot_total',1000),(627,204,'Sub-Total:','$112.50',112.5000,'ot_subtotal',100),(628,204,'Free Shipping (For orders of $50.00 or more within the continental United States.):','$0.00',0.0000,'ot_shipping',300),(629,204,'Total:','<b>$112.50</b>',112.5000,'ot_total',1000),(630,205,'Sub-Total:','$80.00',80.0000,'ot_subtotal',100),(631,205,'Free Shipping (For orders of $50.00 or more within the continental United States.):','$0.00',0.0000,'ot_shipping',300),(632,205,'Total:','<b>$80.00</b>',80.0000,'ot_total',1000),(633,206,'Sub-Total:','$59.95',59.9500,'ot_subtotal',100),(634,206,'Free Shipping (For orders of $50.00 or more within the continental United States.):','$0.00',0.0000,'ot_shipping',300),(635,206,'Colorado tax:','$4.89',4.8859,'ot_tax',400),(636,206,'Total:','<b>$64.84</b>',64.8359,'ot_total',1000),(637,207,'Sub-Total:','$56.00',56.0000,'ot_subtotal',100),(638,207,'Free Shipping (For orders of $50.00 or more within the continental United States.):','$0.00',0.0000,'ot_shipping',300),(639,207,'Total:','<b>$56.00</b>',56.0000,'ot_total',1000),(640,208,'Sub-Total:','$95.00',95.0000,'ot_subtotal',100),(641,208,'Free Shipping (For orders of $50.00 or more within the continental United States.):','$0.00',0.0000,'ot_shipping',300),(642,208,'Total:','<b>$95.00</b>',95.0000,'ot_total',1000),(643,209,'Sub-Total:','$86.25',86.2500,'ot_subtotal',1),(644,209,'Free Shipping (For orders of $50.00 or more within the continental United States.):','$0.00',0.0000,'ot_shipping',2),(645,209,'Total:','<b>$86.25</b>',86.2500,'ot_total',3),(646,210,'Sub-Total:','$123.75',123.7500,'ot_subtotal',100),(647,210,'Free Shipping (For orders of $50.00 or more within the continental United States.):','$0.00',0.0000,'ot_shipping',300),(648,210,'Total:','<b>$123.75</b>',123.7500,'ot_total',1000),(649,211,'Sub-Total:','$200.00',200.0000,'ot_subtotal',100),(650,211,'Free Shipping (For orders of $50.00 or more within the continental United States.):','$0.00',0.0000,'ot_shipping',300),(651,211,'Total:','<b>$200.00</b>',200.0000,'ot_total',1000),(652,212,'Sub-Total:','$105.00',105.0000,'ot_subtotal',1),(653,212,'Free Shipping (For orders of $50.00 or more within the continental United States.):','$0.00',0.0000,'ot_shipping',2),(654,212,'Total:','<b>$105.00</b>',105.0000,'ot_total',3),(655,213,'Sub-Total:','$80.00',80.0000,'ot_subtotal',100),(656,213,'Free Shipping (For orders of $50.00 or more within the continental United States.):','$0.00',0.0000,'ot_shipping',300),(657,213,'Total:','<b>$80.00</b>',80.0000,'ot_total',1000),(658,214,'Sub-Total:','$365.00',365.0000,'ot_subtotal',100),(659,214,'Free Shipping (For orders of $50.00 or more within the continental United States.):','$0.00',0.0000,'ot_shipping',300),(660,214,'Total:','<b>$365.00</b>',365.0000,'ot_total',1000),(661,215,'Sub-Total:','$105.00',105.0000,'ot_subtotal',100),(662,215,'Free Shipping (For orders of $50.00 or more within the continental United States.):','$0.00',0.0000,'ot_shipping',300),(663,215,'Total:','<b>$105.00</b>',105.0000,'ot_total',1000),(664,216,'Sub-Total:','$107.50',107.5000,'ot_subtotal',100),(665,216,'Free Shipping (For orders of $50.00 or more within the continental United States.):','$0.00',0.0000,'ot_shipping',300),(666,216,'Total:','<b>$107.50</b>',107.5000,'ot_total',1000),(667,217,'Sub-Total:','$59.00',59.0000,'ot_subtotal',1),(668,217,'2 day:','$19.00',19.0000,'ot_shipping',2),(697,227,'Sub-Total:','$50.00',50.0000,'ot_subtotal',100),(669,217,'Total:','<b>$78.00</b>',78.0000,'ot_total',3),(670,218,'Sub-Total:','$97.50',97.5000,'ot_subtotal',100),(671,218,'Free Shipping (For orders of $50.00 or more within the continental United States.):','$0.00',0.0000,'ot_shipping',300),(672,218,'Total:','<b>$97.50</b>',97.5000,'ot_total',1000),(673,219,'Sub-Total:','$130.00',130.0000,'ot_subtotal',100),(674,219,'Free Shipping (For orders of $50.00 or more within the continental United States.):','$0.00',0.0000,'ot_shipping',300),(675,219,'Total:','<b>$130.00</b>',130.0000,'ot_total',1000),(676,220,'Sub-Total:','$132.50',132.5000,'ot_subtotal',1),(677,220,'Table Rate 2-Day :','$23.99',23.9900,'ot_shipping',2),(678,220,'Total:','<b>$156.49</b>',156.4900,'ot_total',3),(679,221,'Sub-Total:','$131.25',131.2500,'ot_subtotal',100),(680,221,'Free Shipping (For orders of $50.00 or more within the continental United States.):','$0.00',0.0000,'ot_shipping',300),(681,221,'Total:','<b>$131.25</b>',131.2500,'ot_total',1000),(682,222,'Sub-Total:','$59.00',59.0000,'ot_subtotal',100),(683,222,'Free Shipping (For orders of $50.00 or more within the continental United States.):','$0.00',0.0000,'ot_shipping',300),(684,222,'Total:','<b>$59.00</b>',59.0000,'ot_total',1000),(685,223,'Sub-Total:','$105.00',105.0000,'ot_subtotal',1),(686,223,'Free Shipping (For orders of $50.00 or more within the continental United States.):','$0.00',0.0000,'ot_shipping',2),(687,223,'Total:','<b>$105.00</b>',105.0000,'ot_total',3),(688,224,'Sub-Total:','$64.00',64.0000,'ot_subtotal',100),(689,224,'Free Shipping (For orders of $50.00 or more within the continental United States.):','$0.00',0.0000,'ot_shipping',300),(690,224,'Total:','<b>$64.00</b>',64.0000,'ot_total',1000),(691,225,'Sub-Total:','$123.75',123.7500,'ot_subtotal',100),(692,225,'Free Shipping (For orders of $50.00 or more within the continental United States.):','$0.00',0.0000,'ot_shipping',300),(693,225,'Total:','<b>$123.75</b>',123.7500,'ot_total',1000),(694,226,'Sub-Total:','$131.25',131.2500,'ot_subtotal',100),(695,226,'Free Shipping (For orders of $50.00 or more within the continental United States.):','$0.00',0.0000,'ot_shipping',300),(696,226,'Total:','<b>$131.25</b>',131.2500,'ot_total',1000),(698,227,'Free Shipping (For orders of $50.00 or more within the continental United States.):','$0.00',0.0000,'ot_shipping',300),(699,227,'MI TAX 6.0%:','$3.00',3.0000,'ot_tax',400),(700,227,'Total:','<b>$53.00</b>',53.0000,'ot_total',1000),(701,228,'Sub-Total:','$180.00',180.0000,'ot_subtotal',100),(702,228,'Free Shipping (For orders of $50.00 or more within the continental United States.):','$0.00',0.0000,'ot_shipping',300),(703,228,'Total:','<b>$180.00</b>',180.0000,'ot_total',1000),(704,229,'Sub-Total:','$25.00',25.0000,'ot_subtotal',100),(705,229,'Table Rate (Best Way):','$7.99',7.9900,'ot_shipping',300),(706,229,'Total:','<b>$32.99</b>',32.9900,'ot_total',1000),(707,230,'Sub-Total:','$80.00',80.0000,'ot_subtotal',100),(708,230,'Free Shipping (For orders of $50.00 or more within the continental United States.):','$0.00',0.0000,'ot_shipping',300),(709,230,'Total:','<b>$80.00</b>',80.0000,'ot_total',1000),(710,231,'Sub-Total:','$162.25',162.2500,'ot_subtotal',100),(711,231,'Free Shipping (For orders of $50.00 or more within the continental United States.):','$0.00',0.0000,'ot_shipping',300),(712,231,'Total:','<b>$162.25</b>',162.2500,'ot_total',1000),(713,232,'Sub-Total:','$105.00',105.0000,'ot_subtotal',100),(714,232,'Free Shipping (For orders of $50.00 or more within the continental United States.):','$0.00',0.0000,'ot_shipping',300),(715,232,'Total:','<b>$105.00</b>',105.0000,'ot_total',1000),(716,233,'Sub-Total:','$131.25',131.2500,'ot_subtotal',1),(717,233,'Free Shipping (For orders of $50.00 or more within the continental United States.):','$0.00',0.0000,'ot_shipping',2),(718,233,'Total:','<b>$131.25</b>',131.2500,'ot_total',3),(719,234,'Sub-Total:','$97.50',97.5000,'ot_subtotal',1),(720,234,'Free Shipping (For orders of $50.00 or more within the continental United States.):','$0.00',0.0000,'ot_shipping',2),(721,234,'Total:','<b>$97.50</b>',97.5000,'ot_total',3),(722,235,'Sub-Total:','$125.00',125.0000,'ot_subtotal',100),(723,235,'Free Shipping (For orders of $50.00 or more within the continental United States.):','$0.00',0.0000,'ot_shipping',300),(724,235,'Total:','<b>$125.00</b>',125.0000,'ot_total',1000),(725,236,'Sub-Total:','$165.00',165.0000,'ot_subtotal',1),(726,236,'Table Rate (Best Way):','$0.00',0.0000,'ot_shipping',3),(727,236,'Total:','<b>$165.00</b>',165.0000,'ot_total',2),(728,237,'Sub-Total:','$235.00',235.0000,'ot_subtotal',100),(729,237,'Table Rate (Best Way):','$12.99',12.9900,'ot_shipping',300),(730,237,'Total:','<b>$247.99</b>',247.9900,'ot_total',1000),(731,238,'Sub-Total:','$300.00',300.0000,'ot_subtotal',100),(732,238,'Free Shipping (For orders of $50.00 or more within the continental United States.):','$0.00',0.0000,'ot_shipping',300),(733,238,'Total:','<b>$300.00</b>',300.0000,'ot_total',1000),(734,239,'Sub-Total:','$553.75',553.7500,'ot_subtotal',100),(735,239,'Free Shipping (For orders of $50.00 or more within the continental United States.):','$0.00',0.0000,'ot_shipping',300),(736,239,'Total:','<b>$553.75</b>',553.7500,'ot_total',1000),(737,240,'Sub-Total:','$501.00',501.0000,'ot_subtotal',100),(738,240,'Free Shipping (For orders of $50.00 or more within the continental United States.):','$0.00',0.0000,'ot_shipping',300),(739,240,'Total:','<b>$501.00</b>',501.0000,'ot_total',1000),(740,241,'Sub-Total:','$200.00',200.0000,'ot_subtotal',100),(741,241,'Free Shipping (For orders of $50.00 or more within the continental United States.):','$0.00',0.0000,'ot_shipping',300),(742,241,'Total:','<b>$200.00</b>',200.0000,'ot_total',1000),(743,242,'Sub-Total:','$140.00',140.0000,'ot_subtotal',100),(744,242,'Free Shipping (For orders of $50.00 or more within the continental United States.):','$0.00',0.0000,'ot_shipping',300),(745,242,'Total:','<b>$140.00</b>',140.0000,'ot_total',1000),(746,243,'Sub-Total:','$190.00',190.0000,'ot_subtotal',1),(747,243,'Free Shipping (For orders of $50.00 or more within the continental United States.):','$0.00',0.0000,'ot_shipping',2),(748,243,'Total:','<b>$190.00</b>',190.0000,'ot_total',3),(749,244,'Sub-Total:','$45.00',45.0000,'ot_subtotal',100),(750,244,'Table Rate (Best Way):','$7.99',7.9900,'ot_shipping',300),(751,244,'Total:','<b>$52.99</b>',52.9900,'ot_total',1000),(752,245,'Sub-Total:','$60.00',60.0000,'ot_subtotal',100),(753,245,'Free Shipping (For orders of $50.00 or more within the continental United States.):','$0.00',0.0000,'ot_shipping',300),(754,245,'Total:','<b>$60.00</b>',60.0000,'ot_total',1000),(755,246,'Sub-Total:','$78.00',78.0000,'ot_subtotal',100),(756,246,'Free Shipping (For orders of $50.00 or more within the continental United States.):','$0.00',0.0000,'ot_shipping',300),(757,246,'Total:','<b>$78.00</b>',78.0000,'ot_total',1000),(758,247,'Sub-Total:','$69.00',69.0000,'ot_subtotal',100),(759,247,'Free Shipping (For orders of $50.00 or more within the continental United States.):','$0.00',0.0000,'ot_shipping',300),(760,247,'MI TAX 6.0%:','$4.14',4.1400,'ot_tax',400),(761,247,'Total:','<b>$73.14</b>',73.1400,'ot_total',1000),(762,248,'Sub-Total:','$102.00',102.0000,'ot_subtotal',1),(763,248,'Free Shipping (For orders of $50.00 or more within the continental United States.):','$0.00',0.0000,'ot_shipping',2),(764,248,'Total:','<b>$102.00</b>',102.0000,'ot_total',3),(765,249,'Sub-Total:','$160.00',160.0000,'ot_subtotal',100),(766,249,'Table Rate (Best Way):','$12.99',12.9900,'ot_shipping',300),(767,249,'Total:','<b>$172.99</b>',172.9900,'ot_total',1000),(768,250,'Sub-Total:','$69.00',69.0000,'ot_subtotal',100),(769,250,'Free Shipping (For orders of $50.00 or more within the continental United States.):','$0.00',0.0000,'ot_shipping',300),(770,250,'Colorado tax:','$5.71',5.7097,'ot_tax',400),(771,250,'Total:','<b>$74.71</b>',74.7097,'ot_total',1000),(772,251,'Sub-Total:','$132.00',132.0000,'ot_subtotal',1),(773,251,'Free Shipping (For orders of $50.00 or more within the continental United States.):','$0.00',0.0000,'ot_shipping',2),(774,251,'Total:','<b>$132.00</b>',132.0000,'ot_total',3),(775,252,'Sub-Total:','$550.00',550.0000,'ot_subtotal',1),(776,252,'Free Shipping (For orders of $50.00 or more within the continental United States.):','$25.00',25.0000,'ot_shipping',2),(777,252,'Total:','<b>$575.00</b>',575.0000,'ot_total',3),(778,253,'Sub-Total:','$168.00',168.0000,'ot_subtotal',1),(779,253,'Free Shipping (For orders of $50.00 or more within the continental United States.):','$0.00',0.0000,'ot_shipping',2),(780,253,'Total:','<b>$168.00</b>',168.0000,'ot_total',3),(781,254,'Sub-Total:','$60.00',60.0000,'ot_subtotal',1),(782,254,'Free Shipping (For orders of $50.00 or more within the continental United States.):','$0.00',0.0000,'ot_shipping',2),(783,254,'Total:','<b>$60.00</b>',60.0000,'ot_total',3),(784,255,'Sub-Total:','$25.00',25.0000,'ot_subtotal',100),(785,255,'Table Rate (Best Way):','$7.99',7.9900,'ot_shipping',300),(786,255,'Total:','<b>$32.99</b>',32.9900,'ot_total',1000),(787,256,'Sub-Total:','$216.00',216.0000,'ot_subtotal',1),(788,256,'Free Shipping (For orders of $50.00 or more within the continental United States.):','$0.00',0.0000,'ot_shipping',2),(789,256,'Total:','<b>$216.00</b>',216.0000,'ot_total',3),(790,257,'Sub-Total:','$490.00',490.0000,'ot_subtotal',1),(791,257,'Table Rate (Best Way):','$0.00',0.0000,'ot_shipping',4),(792,257,'Colorado tax:','$40.55',40.5475,'ot_tax',2),(793,257,'Total:','<b>$530.55</b>',530.5475,'ot_total',3),(794,258,'Sub-Total:','$72.00',72.0000,'ot_subtotal',100),(795,258,'Free Shipping (For orders of $50.00 or more within the continental United States.):','$0.00',0.0000,'ot_shipping',300),(796,258,'Total:','<b>$72.00</b>',72.0000,'ot_total',1000),(797,259,'Sub-Total:','$57.00',57.0000,'ot_subtotal',100),(798,259,'Free Shipping (For orders of $50.00 or more within the continental United States.):','$0.00',0.0000,'ot_shipping',300),(799,259,'Total:','<b>$57.00</b>',57.0000,'ot_total',1000),(800,260,'Sub-Total:','$57.00',57.0000,'ot_subtotal',100),(801,260,'Free Shipping (For orders of $50.00 or more within the continental United States.):','$0.00',0.0000,'ot_shipping',300),(802,260,'Total:','<b>$57.00</b>',57.0000,'ot_total',1000),(803,261,'Sub-Total:','$69.00',69.0000,'ot_subtotal',100),(804,261,'Free Shipping (For orders of $50.00 or more within the continental United States.):','$0.00',0.0000,'ot_shipping',300),(805,261,'Total:','<b>$69.00</b>',69.0000,'ot_total',1000),(806,262,'Sub-Total:','$90.00',90.0000,'ot_subtotal',100),(807,262,'Free Shipping (For orders of $50.00 or more within the continental United States.):','$0.00',0.0000,'ot_shipping',300),(808,262,'MI TAX 6.0%:','$5.40',5.4000,'ot_tax',400),(809,262,'Total:','<b>$95.40</b>',95.4000,'ot_total',1000),(810,263,'Sub-Total:','$90.00',90.0000,'ot_subtotal',100),(811,263,'Free Shipping (For orders of $50.00 or more within the continental United States.):','$0.00',0.0000,'ot_shipping',300),(812,263,'Total:','<b>$90.00</b>',90.0000,'ot_total',1000),(813,264,'Sub-Total:','$99.00',99.0000,'ot_subtotal',100),(814,264,'Free Shipping (For orders of $50.00 or more within the continental United States.):','$0.00',0.0000,'ot_shipping',300),(815,264,'Total:','<b>$99.00</b>',99.0000,'ot_total',1000),(816,265,'Sub-Total:','$220.00',220.0000,'ot_subtotal',1),(817,265,'Free Shipping (For orders of $50.00 or more within the continental United States.):','$12.00',12.0000,'ot_shipping',2),(818,265,'Total:','<b>$232.00</b>',232.0000,'ot_total',3),(819,266,'Sub-Total:','$111.00',111.0000,'ot_subtotal',100),(820,266,'Free Shipping (For orders of $50.00 or more within the continental United States.):','$0.00',0.0000,'ot_shipping',300),(821,266,'Total:','<b>$111.00</b>',111.0000,'ot_total',1000),(822,267,'Sub-Total:','$140.00',140.0000,'ot_subtotal',100),(823,267,'Free Shipping (For orders of $50.00 or more within the continental United States.):','$0.00',0.0000,'ot_shipping',300),(824,267,'Total:','<b>$140.00</b>',140.0000,'ot_total',1000),(825,268,'Sub-Total:','$20.00',20.0000,'ot_subtotal',100),(826,268,'Table Rate (Best Way):','$7.99',7.9900,'ot_shipping',300),(827,268,'Total:','<b>$27.99</b>',27.9900,'ot_total',1000),(828,269,'Sub-Total:','$105.00',105.0000,'ot_subtotal',100),(829,269,'Free Shipping (For orders of $50.00 or more within the continental United States.):','$0.00',0.0000,'ot_shipping',300),(830,269,'Total:','<b>$105.00</b>',105.0000,'ot_total',1000),(831,270,'Sub-Total:','$131.00',131.0000,'ot_subtotal',100),(832,270,'Free Shipping (For orders of $50.00 or more within the continental United States.):','$0.00',0.0000,'ot_shipping',300),(833,270,'Total:','<b>$131.00</b>',131.0000,'ot_total',1000),(834,271,'Sub-Total:','$87.00',87.0000,'ot_subtotal',100),(835,271,'Free Shipping (For orders of $50.00 or more within the continental United States.):','$0.00',0.0000,'ot_shipping',300),(836,271,'Total:','<b>$87.00</b>',87.0000,'ot_total',1000),(837,272,'Sub-Total:','$57.00',57.0000,'ot_subtotal',100),(838,272,'Free Shipping (For orders of $50.00 or more within the continental United States.):','$0.00',0.0000,'ot_shipping',300),(839,272,'MI TAX 6.0%:','$3.42',3.4200,'ot_tax',400),(840,272,'Total:','<b>$60.42</b>',60.4200,'ot_total',1000),(841,273,'Sub-Total:','$180.00',180.0000,'ot_subtotal',100),(842,273,'Free Shipping (For orders of $50.00 or more within the continental United States.):','$0.00',0.0000,'ot_shipping',300),(843,273,'Total:','<b>$180.00</b>',180.0000,'ot_total',1000),(844,274,'Sub-Total:','$132.00',132.0000,'ot_subtotal',100),(845,274,'Free Shipping (For orders of $50.00 or more within the continental United States.):','$0.00',0.0000,'ot_shipping',300),(846,274,'Total:','<b>$132.00</b>',132.0000,'ot_total',1000),(847,275,'Sub-Total:','$69.00',69.0000,'ot_subtotal',100),(848,275,'Free Shipping (For orders of $50.00 or more within the continental United States.):','$0.00',0.0000,'ot_shipping',300),(849,275,'Total:','<b>$69.00</b>',69.0000,'ot_total',1000),(850,276,'Sub-Total:','$69.00',69.0000,'ot_subtotal',1),(851,276,'Free Shipping (For orders of $50.00 or more within the continental United States.):','$0.00',0.0000,'ot_shipping',2),(852,276,'Total:','<b>$69.00</b>',69.0000,'ot_total',3),(853,277,'Sub-Total:','$90.00',90.0000,'ot_subtotal',100),(854,277,'Free Shipping (For orders of $50.00 or more within the continental United States.):','$0.00',0.0000,'ot_shipping',300),(855,277,'Total:','<b>$90.00</b>',90.0000,'ot_total',1000),(856,278,'Sub-Total:','$90.00',90.0000,'ot_subtotal',100),(857,278,'Free Shipping (For orders of $50.00 or more within the continental United States.):','$0.00',0.0000,'ot_shipping',300),(858,278,'Total:','<b>$90.00</b>',90.0000,'ot_total',1000),(859,279,'Sub-Total:','$72.00',72.0000,'ot_subtotal',100),(860,279,'Free Shipping (For orders of $50.00 or more within the continental United States.):','$0.00',0.0000,'ot_shipping',300),(861,279,'Total:','<b>$72.00</b>',72.0000,'ot_total',1000),(862,280,'Sub-Total:','$42.00',42.0000,'ot_subtotal',100),(863,280,'Table Rate (Best Way):','$7.99',7.9900,'ot_shipping',300),(864,280,'Total:','<b>$49.99</b>',49.9900,'ot_total',1000),(865,281,'Sub-Total:','$42.00',42.0000,'ot_subtotal',100),(866,281,'Table Rate (Best Way):','$7.99',7.9900,'ot_shipping',300),(867,281,'Total:','<b>$49.99</b>',49.9900,'ot_total',1000),(868,282,'Sub-Total:','$203.00',203.0000,'ot_subtotal',100),(869,282,'Free Shipping (For orders of $50.00 or more within the continental United States.):','$0.00',0.0000,'ot_shipping',300),(870,282,'Total:','<b>$203.00</b>',203.0000,'ot_total',1000),(871,283,'Sub-Total:','$42.00',42.0000,'ot_subtotal',1),(872,283,'Free Shipping (For orders of $50.00 or more within the continental United States.):','$0.00',0.0000,'ot_shipping',2),(873,283,'Total:','<b>$42.00</b>',42.0000,'ot_total',3),(874,284,'Sub-Total:','$216.00',216.0000,'ot_subtotal',100),(875,284,'Free Shipping (For orders of $50.00 or more within the continental United States.):','$0.00',0.0000,'ot_shipping',300),(876,284,'Total:','<b>$216.00</b>',216.0000,'ot_total',1000),(877,285,'Sub-Total:','$54.00',54.0000,'ot_subtotal',100),(878,285,'Free Shipping (For orders of $50.00 or more within the continental United States.):','$0.00',0.0000,'ot_shipping',300),(879,285,'Total:','<b>$54.00</b>',54.0000,'ot_total',1000),(880,286,'Sub-Total:','$48.00',48.0000,'ot_subtotal',100),(881,286,'Table Rate (Best Way):','$7.99',7.9900,'ot_shipping',300),(882,286,'Total:','<b>$55.99</b>',55.9900,'ot_total',1000),(883,287,'Sub-Total:','$50.00',50.0000,'ot_subtotal',100),(884,287,'Table Rate (Best Way):','$7.99',7.9900,'ot_shipping',300),(885,287,'Total:','<b>$57.99</b>',57.9900,'ot_total',1000),(886,288,'Sub-Total:','$0.00',0.0000,'ot_subtotal',100),(887,288,'Table Rate (Best Way):','$7.99',7.9900,'ot_shipping',300),(888,288,'UT Tax 7.35%:','$0.59',0.5900,'ot_tax',400),(889,288,'Total:','<b>$8.58</b>',8.5800,'ot_total',1000),(890,289,'Sub-Total:','$24.95',24.9500,'ot_subtotal',100),(891,289,'Table Rate (Best Way):','$7.99',7.9900,'ot_shipping',300),(892,289,'Total:','<b>$32.94</b>',32.9400,'ot_total',1000);

--
-- Table structure for table `phplist_admin_attribute`
--

CREATE TABLE `phplist_admin_attribute` (
  `adminattributeid` int(11) NOT NULL DEFAULT '0',
  `adminid` int(11) NOT NULL DEFAULT '0',
  `value` varchar(255) DEFAULT NULL,
  PRIMARY KEY (`adminattributeid`,`adminid`)
) ENGINE=MyISAM DEFAULT CHARSET=latin1;

--
-- Dumping data for table `phplist_admin_attribute`
--


--
-- Table structure for table `phplist_admin_task`
--

CREATE TABLE `phplist_admin_task` (
  `adminid` int(11) NOT NULL DEFAULT '0',
  `taskid` int(11) NOT NULL DEFAULT '0',
  `level` int(11) DEFAULT NULL,
  PRIMARY KEY (`adminid`,`taskid`)
) ENGINE=MyISAM DEFAULT CHARSET=latin1;

--
-- Dumping data for table `phplist_admin_task`
--

INSERT INTO `phplist_admin_task` VALUES (0,41,0),(0,42,0),(0,43,0),(0,44,0),(0,45,4),(0,46,4),(0,47,4),(0,48,4),(0,49,4),(0,50,4);

--
-- Table structure for table `phplist_adminattribute`
--

CREATE TABLE `phplist_adminattribute` (
  `id` int(11) NOT NULL AUTO_INCREMENT,
  `name` varchar(255) NOT NULL DEFAULT '',
  `type` varchar(30) DEFAULT NULL,
  `listorder` int(11) DEFAULT NULL,
  `default_value` varchar(255) DEFAULT NULL,
  `required` tinyint(4) DEFAULT NULL,
  `tablename` varchar(255) DEFAULT NULL,
  PRIMARY KEY (`id`)
) ENGINE=MyISAM DEFAULT CHARSET=latin1;

--
-- Dumping data for table `phplist_adminattribute`
--


--
-- Table structure for table `phplist_attachment`
--

CREATE TABLE `phplist_attachment` (
  `id` int(11) NOT NULL AUTO_INCREMENT,
  `filename` varchar(255) DEFAULT NULL,
  `remotefile` varchar(255) DEFAULT NULL,
  `mimetype` varchar(255) DEFAULT NULL,
  `description` text,
  `size` int(11) DEFAULT NULL,
  PRIMARY KEY (`id`)
) ENGINE=MyISAM DEFAULT CHARSET=latin1;

--
-- Dumping data for table `phplist_attachment`
--


--
-- Table structure for table `phplist_bounce`
--

CREATE TABLE `phplist_bounce` (
  `id` int(11) NOT NULL AUTO_INCREMENT,
  `date` datetime DEFAULT NULL,
  `header` text,
  `data` blob,
  `status` varchar(255) DEFAULT NULL,
  `comment` text,
  PRIMARY KEY (`id`),
  KEY `dateindex` (`date`)
) ENGINE=MyISAM AUTO_INCREMENT=233 DEFAULT CHARSET=latin1;

--
-- Dumping data for table `phplist_bounce`
--


--
-- Table structure for table `phplist_config`
--

CREATE TABLE `phplist_config` (
  `item` varchar(35) NOT NULL DEFAULT '',
  `value` longtext,
  `editable` tinyint(4) DEFAULT '1',
  `type` varchar(25) DEFAULT NULL,
  PRIMARY KEY (`item`)
) ENGINE=MyISAM DEFAULT CHARSET=latin1;

--
-- Dumping data for table `phplist_config`
--


--
-- Table structure for table `phplist_eventlog`
--

CREATE TABLE `phplist_eventlog` (
  `id` int(11) NOT NULL AUTO_INCREMENT,
  `entered` datetime DEFAULT NULL,
  `page` varchar(100) DEFAULT NULL,
  `entry` text,
  PRIMARY KEY (`id`)
) ENGINE=MyISAM AUTO_INCREMENT=39 DEFAULT CHARSET=latin1;

--
-- Dumping data for table `phplist_eventlog`
--



