(923,444,'_wp_attachment_backup_sizes','a:1:{s:15:\"resized-500x450\";a:5:{s:4:\"path\";s:75:\"/home/casperel/public_html/newsite/wp-content/uploads/2015/01/5-500x450.jpg\";s:4:\"file\";s:13:\"5-500x450.jpg\";s:5:\"width\";i:500;s:6:\"height\";i:450;s:9:\"mime-type\";s:10:\"image/jpeg\";}}'),(924,442,'_wp_attachment_backup_sizes','a:1:{s:15:\"resized-371x334\";a:5:{s:4:\"path\";s:75:\"/home/casperel/public_html/newsite/wp-content/uploads/2015/01/3-371x334.jpg\";s:4:\"file\";s:13:\"3-371x334.jpg\";s:5:\"width\";i:371;s:6:\"height\";i:334;s:9:\"mime-type\";s:10:\"image/jpeg\";}}'),(925,441,'_wp_attachment_backup_sizes','a:1:{s:15:\"resized-371x334\";a:5:{s:4:\"path\";s:75:\"/home/casperel/public_html/newsite/wp-content/uploads/2015/01/2-371x334.jpg\";s:4:\"file\";s:13:\"2-371x334.jpg\";s:5:\"width\";i:371;s:6:\"height\";i:334;s:9:\"mime-type\";s:10:\"image/jpeg\";}}'),(926,440,'_wp_attachment_backup_sizes','a:1:{s:15:\"resized-371x334\";a:5:{s:4:\"path\";s:75:\"/home/casperel/public_html/newsite/wp-content/uploads/2015/01/1-371x334.jpg\";s:4:\"file\";s:13:\"1-371x334.jpg\";s:5:\"width\";i:371;s:6:\"height\";i:334;s:9:\"mime-type\";s:10:\"image/jpeg\";}}'),(927,444,'ml-slider_crop_position','center-center'),(928,444,'_wp_attachment_image_alt',''),(929,443,'ml-slider_crop_position','center-center'),(930,443,'_wp_attachment_image_alt',''),(931,442,'ml-slider_crop_position','center-center'),(932,442,'_wp_attachment_image_alt',''),(933,441,'ml-slider_crop_position','center-center'),(934,441,'_wp_attachment_image_alt',''),(935,440,'ml-slider_crop_position','center-center'),(936,440,'_wp_attachment_image_alt',''),(939,447,'panels_data','a:3:{s:7:\"widgets\";a:1:{i:0;a:4:{s:5:\"title\";s:0:\"\";s:4:\"text\";s:3698:\"This piece was commissioned by The Clock Tower Gallery for a concert series called Moral Kombat. I designed and built this piece with collaborator Chris Scully.\n\nThe Moral Kombat series was conceived of and run by sound artist Lucas Crane and is described nicely on the Clock Tower website:\n“Moral Kombat is a bi-monthly performance series, curated by former AIR artist in residence G Lucas Crane, that pairs audio artists together in a sound battle in the Clocktower. An inquiry into the impossibility of assigning objective value to music, this series poses the questions: “Who plays the most moral music? Who’s improvisation was conducted with the highest level of moral content?” Questions answered by the equally thought provoking Moral Magistrate, an interactive light sculpture that utilizes long forgot World War I technology to interpret and communicate messages of fate.”\n\nI was excited to be invited to take part in the final Moral Combat performance. An appropriately epic end to the show pitting show conciever vs magistrate creator. \n\nWhat does it do?\n\nThe Moral Magistrate is designed to record audio data from two musicians, process that data and determine which performance (and hence performer) had greater moral content. Rather than focusing on HOW it does this we have tried to turn the audiences attention to the questions a device like this introduces. What is morality? Is our inner moral character reflected in what we do (like perform music)? Can technology quantify the intangible? How much is this technology forming our world and our conceptions of reality and even spirituality?\n\nThe stages of the moral assessment process are represented through 3 modes which utilize sound and light cues.\n\n1. The first mode is data collection. During this period the musicians perform and the lights on the magistrate face light up one at a time until they are all lit indicating that data is being collected and stored.\n\n2. Next is data processing. This mode is activated once the performance is over and the memory bank is full. When activated the lights blink in seemingly random patterns as data is accessed and assimilated. This sequence is accompanied by a pattern of random tones. A progress bar at the bottom of the light grid fills until the process is complete.\n\n3. The final mode is moral proclamation. Once the most moral performance is determined, the magistrate will activate a light facing the performer.\n\nTheory:\n\nThe goal of the moral magistrate was to make a device which used sound and light as a dramatic performance prop in such a way that would draw the viewer into thinking that something complex was happening. I was initially going for the ubiquitous early sci-fi “flashing light” computer look which says to the viewer “something technical is going on”. Its a bit over the top in its gratuitous use of flashing lights and blipping sounds but not entirely unbelievable as a real tool. It had to be interesting to look at (handsome design, flashing lights), draw in the audience (uses progress bars to build anticipation) and allow people to think that maybe its actually real. I think that people are general willing to believe that technology can do anything. So that last part was taken care of for me. The intention wasn’t to trick people as much as it was to encourage a certain line of questioning. Someone at some point designed a device which could quantify morality. What does this mean?\n\nConstruction:\n\nThe magistrate was built into the housing of an old test oscillator and was designed to retain the aesthetic quality of that mid century testing device. The faceplate was designed in auto cad and custom milled out of aluminum.\";s:6:\"filter\";b:1;s:11:\"panels_info\";a:5:{s:5:\"class\";s:14:\"WP_Widget_Text\";s:4:\"grid\";i:0;s:4:\"cell\";i:0;s:2:\"id\";i:0;s:5:\"style\";a:2:{s:27:\"background_image_attachment\";b:0;s:18:\"background_display\";s:4:\"tile\";}}}}s:5:\"grids\";a:1:{i:0;a:2:{s:5:\"cells\";i:1;s:5:\"style\";a:0:{}}}s:10:\"grid_cells\";a:1:{i:0;a:2:{s:4:\"grid\";i:0;s:6:\"weight\";i:1;}}}'),(941,448,'panels_data','a:3:{s:7:\"widgets\";a:4:{i:0;a:4:{s:5:\"title\";s:10:\"BIT BENDER\";s:4:\"text\";s:362:\"BitBender is an interactive installation which invites viewers to play games while also generating complex sounds and interlinked video glitch effects by manipulating a custom joystick. It was commissioned by the Contemporary Gallery at Georgia Southern University and has been shown at the Contemporary Gallery and The Clock Tower Gallery in Manhattan New York.\";s:6:\"filter\";b:0;s:11:\"panels_info\";a:6:{s:5:\"class\";s:14:\"WP_Widget_Text\";s:3:\"raw\";b:0;s:4:\"grid\";i:0;s:4:\"cell\";i:0;s:2:\"id\";i:0;s:5:\"style\";a:1:{s:18:\"background_display\";s:4:\"tile\";}}}i:1;a:3:{s:3:\"src\";s:84:\"http://newsite.casperelectronics.com/wp-content/uploads/2015/01/marioBit-300x199.jpg\";s:4:\"href\";s:49:\"http://newsite.casperelectronics.com/?page_id=245\";s:11:\"panels_info\";a:6:{s:5:\"class\";s:31:\"SiteOrigin_Panels_Widgets_Image\";s:3:\"raw\";b:0;s:4:\"grid\";i:0;s:4:\"cell\";i:1;s:2:\"id\";i:1;s:5:\"style\";a:1:{s:18:\"background_display\";s:4:\"tile\";}}}i:2;a:3:{s:3:\"src\";s:75:\"http://newsite.casperelectronics.com/wp-content/uploads/2015/01/Kosmos1.jpg\";s:4:\"href\";s:50:\"http://newsite.casperelectronics.com/?page_id=282 \";s:11:\"panels_info\";a:5:{s:5:\"class\";s:31:\"SiteOrigin_Panels_Widgets_Image\";s:4:\"grid\";i:1;s:4:\"cell\";i:0;s:2:\"id\";i:2;s:5:\"style\";a:2:{s:27:\"background_image_attachment\";b:0;s:18:\"background_display\";s:4:\"tile\";}}}i:3;a:4:{s:5:\"title\";s:6:\"KOSMOS\";s:4:\"text\";s:221:\"Kosmos is an interactive sound and light installation displayed at the Contemporary Artists Center in Troy NY for nearly two years. It was designed by myself and Ed Bear and is a continuation of my exploration of the ORB.\";s:6:\"filter\";b:0;s:11:\"panels_info\";a:6:{s:5:\"class\";s:14:\"WP_Widget_Text\";s:3:\"raw\";b:0;s:4:\"grid\";i:1;s:4:\"cell\";i:1;s:2:\"id\";i:3;s:5:\"style\";a:1:{s:18:\"background_display\";s:4:\"tile\";}}}}s:5:\"grids\";a:2:{i:0;a:2:{s:5:\"cells\";i:2;s:5:\"style\";a:4:{s:13:\"bottom_margin\";s:4:\"25px\";s:7:\"padding\";s:5:\"200px\";s:11:\"row_stretch\";s:4:\"full\";s:18:\"background_display\";s:4:\"tile\";}}i:1;a:2:{s:5:\"cells\";i:2;s:5:\"style\";a:4:{s:13:\"bottom_margin\";s:4:\"25px\";s:7:\"padding\";s:5:\"200px\";s:11:\"row_stretch\";s:4:\"full\";s:18:\"background_display\";s:4:\"tile\";}}}s:10:\"grid_cells\";a:4:{i:0;a:2:{s:4:\"grid\";i:0;s:6:\"weight\";d:0.5;}i:1;a:2:{s:4:\"grid\";i:0;s:6:\"weight\";d:0.5;}i:2;a:2:{s:4:\"grid\";i:1;s:6:\"weight\";d:0.5;}i:3;a:2:{s:4:\"grid\";i:1;s:6:\"weight\";d:0.5;}}}'),(942,449,'panels_data','a:3:{s:7:\"widgets\";a:2:{i:0;a:5:{s:4:\"type\";s:6:\"visual\";s:5:\"title\";s:0:\"\";s:4:\"text\";s:26:\"<p>[metaslider id=432]</p>\";s:6:\"filter\";s:1:\"1\";s:11:\"panels_info\";a:5:{s:5:\"class\";s:30:\"WP_Widget_Black_Studio_TinyMCE\";s:4:\"grid\";i:0;s:4:\"cell\";i:1;s:2:\"id\";i:0;s:5:\"style\";a:2:{s:27:\"background_image_attachment\";b:0;s:18:\"background_display\";s:4:\"tile\";}}}i:1;a:4:{s:5:\"title\";s:0:\"\";s:4:\"text\";s:3698:\"This piece was commissioned by The Clock Tower Gallery for a concert series called Moral Kombat. I designed and built this piece with collaborator Chris Scully.\n\nThe Moral Kombat series was conceived of and run by sound artist Lucas Crane and is described nicely on the Clock Tower website:\n“Moral Kombat is a bi-monthly performance series, curated by former AIR artist in residence G Lucas Crane, that pairs audio artists together in a sound battle in the Clocktower. An inquiry into the impossibility of assigning objective value to music, this series poses the questions: “Who plays the most moral music? Who’s improvisation was conducted with the highest level of moral content?” Questions answered by the equally thought provoking Moral Magistrate, an interactive light sculpture that utilizes long forgot World War I technology to interpret and communicate messages of fate.”\n\nI was excited to be invited to take part in the final Moral Combat performance. An appropriately epic end to the show pitting show conciever vs magistrate creator. \n\nWhat does it do?\n\nThe Moral Magistrate is designed to record audio data from two musicians, process that data and determine which performance (and hence performer) had greater moral content. Rather than focusing on HOW it does this we have tried to turn the audiences attention to the questions a device like this introduces. What is morality? Is our inner moral character reflected in what we do (like perform music)? Can technology quantify the intangible? How much is this technology forming our world and our conceptions of reality and even spirituality?\n\nThe stages of the moral assessment process are represented through 3 modes which utilize sound and light cues.\n\n1. The first mode is data collection. During this period the musicians perform and the lights on the magistrate face light up one at a time until they are all lit indicating that data is being collected and stored.\n\n2. Next is data processing. This mode is activated once the performance is over and the memory bank is full. When activated the lights blink in seemingly random patterns as data is accessed and assimilated. This sequence is accompanied by a pattern of random tones. A progress bar at the bottom of the light grid fills until the process is complete.\n\n3. The final mode is moral proclamation. Once the most moral performance is determined, the magistrate will activate a light facing the performer.\n\nTheory:\n\nThe goal of the moral magistrate was to make a device which used sound and light as a dramatic performance prop in such a way that would draw the viewer into thinking that something complex was happening. I was initially going for the ubiquitous early sci-fi “flashing light” computer look which says to the viewer “something technical is going on”. Its a bit over the top in its gratuitous use of flashing lights and blipping sounds but not entirely unbelievable as a real tool. It had to be interesting to look at (handsome design, flashing lights), draw in the audience (uses progress bars to build anticipation) and allow people to think that maybe its actually real. I think that people are general willing to believe that technology can do anything. So that last part was taken care of for me. The intention wasn’t to trick people as much as it was to encourage a certain line of questioning. Someone at some point designed a device which could quantify morality. What does this mean?\n\nConstruction:\n\nThe magistrate was built into the housing of an old test oscillator and was designed to retain the aesthetic quality of that mid century testing device. The faceplate was designed in auto cad and custom milled out of aluminum.\";s:6:\"filter\";b:1;s:11:\"panels_info\";a:6:{s:5:\"class\";s:14:\"WP_Widget_Text\";s:3:\"raw\";b:0;s:4:\"grid\";i:1;s:4:\"cell\";i:0;s:2:\"id\";i:1;s:5:\"style\";a:1:{s:18:\"background_display\";s:4:\"tile\";}}}}s:5:\"grids\";a:2:{i:0;a:2:{s:5:\"cells\";i:3;s:5:\"style\";a:0:{}}i:1;a:2:{s:5:\"cells\";i:1;s:5:\"style\";a:0:{}}}s:10:\"grid_cells\";a:4:{i:0;a:2:{s:4:\"grid\";i:0;s:6:\"weight\";d:0.333333333333333314829616256247390992939472198486328125;}i:1;a:2:{s:4:\"grid\";i:0;s:6:\"weight\";d:0.333333333333333314829616256247390992939472198486328125;}i:2;a:2:{s:4:\"grid\";i:0;s:6:\"weight\";d:0.333333333333333314829616256247390992939472198486328125;}i:3;a:2:{s:4:\"grid\";i:1;s:6:\"weight\";i:1;}}}'),(943,450,'panels_data','a:3:{s:7:\"widgets\";a:2:{i:0;a:5:{s:4:\"type\";s:6:\"visual\";s:5:\"title\";s:0:\"\";s:4:\"text\";s:26:\"<p>[metaslider id=432]</p>\";s:6:\"filter\";s:1:\"1\";s:11:\"panels_info\";a:6:{s:5:\"class\";s:30:\"WP_Widget_Black_Studio_TinyMCE\";s:3:\"raw\";b:0;s:4:\"grid\";i:0;s:4:\"cell\";i:0;s:2:\"id\";i:0;s:5:\"style\";a:1:{s:18:\"background_display\";s:4:\"tile\";}}}i:1;a:4:{s:5:\"title\";s:0:\"\";s:4:\"text\";s:3698:\"This piece was commissioned by The Clock Tower Gallery for a concert series called Moral Kombat. I designed and built this piece with collaborator Chris Scully.\n\nThe Moral Kombat series was conceived of and run by sound artist Lucas Crane and is described nicely on the Clock Tower website:\n“Moral Kombat is a bi-monthly performance series, curated by former AIR artist in residence G Lucas Crane, that pairs audio artists together in a sound battle in the Clocktower. An inquiry into the impossibility of assigning objective value to music, this series poses the questions: “Who plays the most moral music? Who’s improvisation was conducted with the highest level of moral content?” Questions answered by the equally thought provoking Moral Magistrate, an interactive light sculpture that utilizes long forgot World War I technology to interpret and communicate messages of fate.”\n\nI was excited to be invited to take part in the final Moral Combat performance. An appropriately epic end to the show pitting show conciever vs magistrate creator. \n\nWhat does it do?\n\nThe Moral Magistrate is designed to record audio data from two musicians, process that data and determine which performance (and hence performer) had greater moral content. Rather than focusing on HOW it does this we have tried to turn the audiences attention to the questions a device like this introduces. What is morality? Is our inner moral character reflected in what we do (like perform music)? Can technology quantify the intangible? How much is this technology forming our world and our conceptions of reality and even spirituality?\n\nThe stages of the moral assessment process are represented through 3 modes which utilize sound and light cues.\n\n1. The first mode is data collection. During this period the musicians perform and the lights on the magistrate face light up one at a time until they are all lit indicating that data is being collected and stored.\n\n2. Next is data processing. This mode is activated once the performance is over and the memory bank is full. When activated the lights blink in seemingly random patterns as data is accessed and assimilated. This sequence is accompanied by a pattern of random tones. A progress bar at the bottom of the light grid fills until the process is complete.\n\n3. The final mode is moral proclamation. Once the most moral performance is determined, the magistrate will activate a light facing the performer.\n\nTheory:\n\nThe goal of the moral magistrate was to make a device which used sound and light as a dramatic performance prop in such a way that would draw the viewer into thinking that something complex was happening. I was initially going for the ubiquitous early sci-fi “flashing light” computer look which says to the viewer “something technical is going on”. Its a bit over the top in its gratuitous use of flashing lights and blipping sounds but not entirely unbelievable as a real tool. It had to be interesting to look at (handsome design, flashing lights), draw in the audience (uses progress bars to build anticipation) and allow people to think that maybe its actually real. I think that people are general willing to believe that technology can do anything. So that last part was taken care of for me. The intention wasn’t to trick people as much as it was to encourage a certain line of questioning. Someone at some point designed a device which could quantify morality. What does this mean?\n\nConstruction:\n\nThe magistrate was built into the housing of an old test oscillator and was designed to retain the aesthetic quality of that mid century testing device. The faceplate was designed in auto cad and custom milled out of aluminum.\";s:6:\"filter\";b:1;s:11:\"panels_info\";a:6:{s:5:\"class\";s:14:\"WP_Widget_Text\";s:3:\"raw\";b:0;s:4:\"grid\";i:1;s:4:\"cell\";i:0;s:2:\"id\";i:1;s:5:\"style\";a:1:{s:18:\"background_display\";s:4:\"tile\";}}}}s:5:\"grids\";a:2:{i:0;a:2:{s:5:\"cells\";i:2;s:5:\"style\";a:0:{}}i:1;a:2:{s:5:\"cells\";i:1;s:5:\"style\";a:0:{}}}s:10:\"grid_cells\";a:3:{i:0;a:2:{s:4:\"grid\";i:0;s:6:\"weight\";d:0.5;}i:1;a:2:{s:4:\"grid\";i:0;s:6:\"weight\";d:0.5;}i:2;a:2:{s:4:\"grid\";i:1;s:6:\"weight\";i:1;}}}'),(944,451,'panels_data','a:3:{s:7:\"widgets\";a:2:{i:0;a:5:{s:4:\"type\";s:6:\"visual\";s:5:\"title\";s:0:\"\";s:4:\"text\";s:26:\"<p>[metaslider id=432]</p>\";s:6:\"filter\";s:1:\"1\";s:11:\"panels_info\";a:6:{s:5:\"class\";s:30:\"WP_Widget_Black_Studio_TinyMCE\";s:3:\"raw\";b:0;s:4:\"grid\";i:0;s:4:\"cell\";i:0;s:2:\"id\";i:0;s:5:\"style\";a:1:{s:18:\"background_display\";s:4:\"tile\";}}}i:1;a:4:{s:5:\"title\";s:0:\"\";s:4:\"text\";s:3698:\"This piece was commissioned by The Clock Tower Gallery for a concert series called Moral Kombat. I designed and built this piece with collaborator Chris Scully.\n\nThe Moral Kombat series was conceived of and run by sound artist Lucas Crane and is described nicely on the Clock Tower website:\n“Moral Kombat is a bi-monthly performance series, curated by former AIR artist in residence G Lucas Crane, that pairs audio artists together in a sound battle in the Clocktower. An inquiry into the impossibility of assigning objective value to music, this series poses the questions: “Who plays the most moral music? Who’s improvisation was conducted with the highest level of moral content?” Questions answered by the equally thought provoking Moral Magistrate, an interactive light sculpture that utilizes long forgot World War I technology to interpret and communicate messages of fate.”\n\nI was excited to be invited to take part in the final Moral Combat performance. An appropriately epic end to the show pitting show conciever vs magistrate creator. \n\nWhat does it do?\n\nThe Moral Magistrate is designed to record audio data from two musicians, process that data and determine which performance (and hence performer) had greater moral content. Rather than focusing on HOW it does this we have tried to turn the audiences attention to the questions a device like this introduces. What is morality? Is our inner moral character reflected in what we do (like perform music)? Can technology quantify the intangible? How much is this technology forming our world and our conceptions of reality and even spirituality?\n\nThe stages of the moral assessment process are represented through 3 modes which utilize sound and light cues.\n\n1. The first mode is data collection. During this period the musicians perform and the lights on the magistrate face light up one at a time until they are all lit indicating that data is being collected and stored.\n\n2. Next is data processing. This mode is activated once the performance is over and the memory bank is full. When activated the lights blink in seemingly random patterns as data is accessed and assimilated. This sequence is accompanied by a pattern of random tones. A progress bar at the bottom of the light grid fills until the process is complete.\n\n3. The final mode is moral proclamation. Once the most moral performance is determined, the magistrate will activate a light facing the performer.\n\nTheory:\n\nThe goal of the moral magistrate was to make a device which used sound and light as a dramatic performance prop in such a way that would draw the viewer into thinking that something complex was happening. I was initially going for the ubiquitous early sci-fi “flashing light” computer look which says to the viewer “something technical is going on”. Its a bit over the top in its gratuitous use of flashing lights and blipping sounds but not entirely unbelievable as a real tool. It had to be interesting to look at (handsome design, flashing lights), draw in the audience (uses progress bars to build anticipation) and allow people to think that maybe its actually real. I think that people are general willing to believe that technology can do anything. So that last part was taken care of for me. The intention wasn’t to trick people as much as it was to encourage a certain line of questioning. Someone at some point designed a device which could quantify morality. What does this mean?\n\nConstruction:\n\nThe magistrate was built into the housing of an old test oscillator and was designed to retain the aesthetic quality of that mid century testing device. The faceplate was designed in auto cad and custom milled out of aluminum.\";s:6:\"filter\";b:1;s:11:\"panels_info\";a:6:{s:5:\"class\";s:14:\"WP_Widget_Text\";s:3:\"raw\";b:0;s:4:\"grid\";i:1;s:4:\"cell\";i:0;s:2:\"id\";i:1;s:5:\"style\";a:1:{s:18:\"background_display\";s:4:\"tile\";}}}}s:5:\"grids\";a:2:{i:0;a:2:{s:5:\"cells\";i:1;s:5:\"style\";a:0:{}}i:1;a:2:{s:5:\"cells\";i:1;s:5:\"style\";a:0:{}}}s:10:\"grid_cells\";a:2:{i:0;a:2:{s:4:\"grid\";i:0;s:6:\"weight\";i:1;}i:1;a:2:{s:4:\"grid\";i:1;s:6:\"weight\";i:1;}}}'),(946,452,'ml-slider_settings','a:35:{s:4:\"type\";s:4:\"nivo\";s:6:\"random\";s:5:\"false\";s:8:\"cssClass\";s:0:\"\";s:8:\"printCss\";s:4:\"true\";s:7:\"printJs\";s:4:\"true\";s:5:\"width\";s:3:\"500\";s:6:\"height\";s:3:\"450\";s:3:\"spw\";s:1:\"7\";s:3:\"sph\";s:1:\"5\";s:5:\"delay\";s:4:\"1000\";s:6:\"sDelay\";i:30;s:7:\"opacity\";d:0.6999999999999999555910790149937383830547332763671875;s:10:\"titleSpeed\";i:500;s:6:\"effect\";s:4:\"fade\";s:10:\"navigation\";s:5:\"false\";s:5:\"links\";s:4:\"true\";s:10:\"hoverPause\";s:4:\"true\";s:5:\"theme\";s:7:\"default\";s:9:\"direction\";s:10:\"horizontal\";s:7:\"reverse\";s:5:\"false\";s:14:\"animationSpeed\";s:3:\"100\";s:8:\"prevText\";s:1:\"<\";s:8:\"nextText\";s:1:\">\";s:6:\"slices\";s:2:\"15\";s:6:\"center\";s:5:\"false\";s:9:\"smartCrop\";s:4:\"true\";s:12:\"carouselMode\";s:5:\"false\";s:14:\"carouselMargin\";s:1:\"5\";s:6:\"easing\";s:6:\"linear\";s:8:\"autoPlay\";s:5:\"false\";s:11:\"thumb_width\";i:150;s:12:\"thumb_height\";i:100;s:9:\"fullWidth\";s:5:\"false\";s:10:\"noConflict\";s:5:\"false\";s:12:\"smoothHeight\";s:5:\"false\";}'),(947,453,'_wp_attached_file','2015/01/bench.jpg'),(948,453,'_wp_attachment_metadata','a:5:{s:5:\"width\";i:332;s:6:\"height\";i:500;s:4:\"file\";s:17:\"2015/01/bench.jpg\";s:5:\"sizes\";a:8:{s:9:\"thumbnail\";a:4:{s:4:\"file\";s:17:\"bench-150x150.jpg\";s:5:\"width\";i:150;s:6:\"height\";i:150;s:9:\"mime-type\";s:10:\"image/jpeg\";}s:6:\"medium\";a:4:{s:4:\"file\";s:17:\"bench-199x300.jpg\";s:5:\"width\";i:199;s:6:\"height\";i:300;s:9:\"mime-type\";s:10:\"image/jpeg\";}s:14:\"post-thumbnail\";a:4:{s:4:\"file\";s:17:\"bench-332x380.jpg\";s:5:\"width\";i:332;s:6:\"height\";i:380;s:9:\"mime-type\";s:10:\"image/jpeg\";}s:28:\"vantage-thumbnail-no-sidebar\";a:4:{s:4:\"file\";s:17:\"bench-332x380.jpg\";s:5:\"width\";i:332;s:6:\"height\";i:380;s:9:\"mime-type\";s:10:\"image/jpeg\";}s:13:\"vantage-slide\";a:4:{s:4:\"file\";s:17:\"bench-332x480.jpg\";s:5:\"width\";i:332;s:6:\"height\";i:480;s:9:\"mime-type\";s:10:\"image/jpeg\";}s:16:\"vantage-carousel\";a:4:{s:4:\"file\";s:17:\"bench-272x182.jpg\";s:5:\"width\";i:272;s:6:\"height\";i:182;s:9:\"mime-type\";s:10:\"image/jpeg\";}s:17:\"vantage-grid-loop\";a:4:{s:4:\"file\";s:17:\"bench-332x272.jpg\";s:5:\"width\";i:332;s:6:\"height\";i:272;s:9:\"mime-type\";s:10:\"image/jpeg\";}s:20:\"sow-carousel-default\";a:4:{s:4:\"file\";s:17:\"bench-272x182.jpg\";s:5:\"width\";i:272;s:6:\"height\";i:182;s:9:\"mime-type\";s:10:\"image/jpeg\";}}s:10:\"image_meta\";a:11:{s:8:\"aperture\";d:3.79999999999999982236431605997495353221893310546875;s:6:\"credit\";s:0:\"\";s:6:\"camera\";s:9:\"NIKON D40\";s:7:\"caption\";s:0:\"\";s:17:\"created_timestamp\";i:1251281638;s:9:\"copyright\";s:0:\"\";s:12:\"focal_length\";s:2:\"22\";s:3:\"iso\";s:3:\"400\";s:13:\"shutter_speed\";s:4:\"0.04\";s:5:\"title\";s:0:\"\";s:11:\"orientation\";i:1;}}'),(949,454,'_wp_attached_file','2015/01/lid.jpg'),(950,454,'_wp_attachment_metadata','a:5:{s:5:\"width\";i:500;s:6:\"height\";i:332;s:4:\"file\";s:15:\"2015/01/lid.jpg\";s:5:\"sizes\";a:5:{s:9:\"thumbnail\";a:4:{s:4:\"file\";s:15:\"lid-150x150.jpg\";s:5:\"width\";i:150;s:6:\"height\";i:150;s:9:\"mime-type\";s:10:\"image/jpeg\";}s:6:\"medium\";a:4:{s:4:\"file\";s:15:\"lid-300x199.jpg\";s:5:\"width\";i:300;s:6:\"height\";i:199;s:9:\"mime-type\";s:10:\"image/jpeg\";}s:16:\"vantage-carousel\";a:4:{s:4:\"file\";s:15:\"lid-272x182.jpg\";s:5:\"width\";i:272;s:6:\"height\";i:182;s:9:\"mime-type\";s:10:\"image/jpeg\";}s:17:\"vantage-grid-loop\";a:4:{s:4:\"file\";s:15:\"lid-436x272.jpg\";s:5:\"width\";i:436;s:6:\"height\";i:272;s:9:\"mime-type\";s:10:\"image/jpeg\";}s:20:\"sow-carousel-default\";a:4:{s:4:\"file\";s:15:\"lid-272x182.jpg\";s:5:\"width\";i:272;s:6:\"height\";i:182;s:9:\"mime-type\";s:10:\"image/jpeg\";}}s:10:\"image_meta\";a:11:{s:8:\"aperture\";d:4.20000000000000017763568394002504646778106689453125;s:6:\"credit\";s:0:\"\";s:6:\"camera\";s:9:\"NIKON D40\";s:7:\"caption\";s:0:\"\";s:17:\"created_timestamp\";i:1251714228;s:9:\"copyright\";s:0:\"\";s:12:\"focal_length\";s:2:\"26\";s:3:\"iso\";s:3:\"800\";s:13:\"shutter_speed\";s:5:\"0.005\";s:5:\"title\";s:0:\"\";s:11:\"orientation\";i:1;}}'),(951,455,'_wp_attached_file','2015/01/nintendo1.jpg'),(952,455,'_wp_attachment_metadata','a:5:{s:5:\"width\";i:500;s:6:\"height\";i:332;s:4:\"file\";s:21:\"2015/01/nintendo1.jpg\";s:5:\"sizes\";a:5:{s:9:\"thumbnail\";a:4:{s:4:\"file\";s:21:\"nintendo1-150x150.jpg\";s:5:\"width\";i:150;s:6:\"height\";i:150;s:9:\"mime-type\";s:10:\"image/jpeg\";}s:6:\"medium\";a:4:{s:4:\"file\";s:21:\"nintendo1-300x199.jpg\";s:5:\"width\";i:300;s:6:\"height\";i:199;s:9:\"mime-type\";s:10:\"image/jpeg\";}s:16:\"vantage-carousel\";a:4:{s:4:\"file\";s:21:\"nintendo1-272x182.jpg\";s:5:\"width\";i:272;s:6:\"height\";i:182;s:9:\"mime-type\";s:10:\"image/jpeg\";}s:17:\"vantage-grid-loop\";a:4:{s:4:\"file\";s:21:\"nintendo1-436x272.jpg\";s:5:\"width\";i:436;s:6:\"height\";i:272;s:9:\"mime-type\";s:10:\"image/jpeg\";}s:20:\"sow-carousel-default\";a:4:{s:4:\"file\";s:21:\"nintendo1-272x182.jpg\";s:5:\"width\";i:272;s:6:\"height\";i:182;s:9:\"mime-type\";s:10:\"image/jpeg\";}}s:10:\"image_meta\";a:11:{s:8:\"aperture\";d:4.79999999999999982236431605997495353221893310546875;s:6:\"credit\";s:0:\"\";s:6:\"camera\";s:9:\"NIKON D40\";s:7:\"caption\";s:0:\"\";s:17:\"created_timestamp\";i:1251714008;s:9:\"copyright\";s:0:\"\";s:12:\"focal_length\";s:2:\"38\";s:3:\"iso\";s:3:\"800\";s:13:\"shutter_speed\";s:7:\"0.00625\";s:5:\"title\";s:0:\"\";s:11:\"orientation\";i:1;}}'),(953,456,'_wp_attached_file','2015/01/ribbon.jpg'),(954,456,'_wp_attachment_metadata','a:5:{s:5:\"width\";i:400;s:6:\"height\";i:265;s:4:\"file\";s:18:\"2015/01/ribbon.jpg\";s:5:\"sizes\";a:4:{s:9:\"thumbnail\";a:4:{s:4:\"file\";s:18:\"ribbon-150x150.jpg\";s:5:\"width\";i:150;s:6:\"height\";i:150;s:9:\"mime-type\";s:10:\"image/jpeg\";}s:6:\"medium\";a:4:{s:4:\"file\";s:18:\"ribbon-300x198.jpg\";s:5:\"width\";i:300;s:6:\"height\";i:198;s:9:\"mime-type\";s:10:\"image/jpeg\";}s:16:\"vantage-carousel\";a:4:{s:4:\"file\";s:18:\"ribbon-272x182.jpg\";s:5:\"width\";i:272;s:6:\"height\";i:182;s:9:\"mime-type\";s:10:\"image/jpeg\";}s:20:\"sow-carousel-default\";a:4:{s:4:\"file\";s:18:\"ribbon-272x182.jpg\";s:5:\"width\";i:272;s:6:\"height\";i:182;s:9:\"mime-type\";s:10:\"image/jpeg\";}}s:10:\"image_meta\";a:11:{s:8:\"aperture\";i:0;s:6:\"credit\";s:0:\"\";s:6:\"camera\";s:0:\"\";s:7:\"caption\";s:0:\"\";s:17:\"created_timestamp\";i:0;s:9:\"copyright\";s:0:\"\";s:12:\"focal_length\";i:0;s:3:\"iso\";i:0;s:13:\"shutter_speed\";i:0;s:5:\"title\";s:0:\"\";s:11:\"orientation\";i:1;}}'),(955,457,'_wp_attached_file','2015/01/bench2.jpg'),(956,457,'_wp_attachment_metadata','a:5:{s:5:\"width\";i:500;s:6:\"height\";i:332;s:4:\"file\";s:18:\"2015/01/bench2.jpg\";s:5:\"sizes\";a:5:{s:9:\"thumbnail\";a:4:{s:4:\"file\";s:18:\"bench2-150x150.jpg\";s:5:\"width\";i:150;s:6:\"height\";i:150;s:9:\"mime-type\";s:10:\"image/jpeg\";}s:6:\"medium\";a:4:{s:4:\"file\";s:18:\"bench2-300x199.jpg\";s:5:\"width\";i:300;s:6:\"height\";i:199;s:9:\"mime-type\";s:10:\"image/jpeg\";}s:16:\"vantage-carousel\";a:4:{s:4:\"file\";s:18:\"bench2-272x182.jpg\";s:5:\"width\";i:272;s:6:\"height\";i:182;s:9:\"mime-type\";s:10:\"image/jpeg\";}s:17:\"vantage-grid-loop\";a:4:{s:4:\"file\";s:18:\"bench2-436x272.jpg\";s:5:\"width\";i:436;s:6:\"height\";i:272;s:9:\"mime-type\";s:10:\"image/jpeg\";}s:20:\"sow-carousel-default\";a:4:{s:4:\"file\";s:18:\"bench2-272x182.jpg\";s:5:\"width\";i:272;s:6:\"height\";i:182;s:9:\"mime-type\";s:10:\"image/jpeg\";}}s:10:\"image_meta\";a:11:{s:8:\"aperture\";d:3.79999999999999982236431605997495353221893310546875;s:6:\"credit\";s:0:\"\";s:6:\"camera\";s:9:\"NIKON D40\";s:7:\"caption\";s:0:\"\";s:17:\"created_timestamp\";i:1251282933;s:9:\"copyright\";s:0:\"\";s:12:\"focal_length\";s:2:\"23\";s:3:\"iso\";s:3:\"800\";s:13:\"shutter_speed\";s:15:\"0.0166666666667\";s:5:\"title\";s:0:\"\";s:11:\"orientation\";i:1;}}'),(957,458,'_wp_attached_file','2015/01/board2.jpg'),(958,458,'_wp_attachment_metadata','a:5:{s:5:\"width\";i:500;s:6:\"height\";i:332;s:4:\"file\";s:18:\"2015/01/board2.jpg\";s:5:\"sizes\";a:5:{s:9:\"thumbnail\";a:4:{s:4:\"file\";s:18:\"board2-150x150.jpg\";s:5:\"width\";i:150;s:6:\"height\";i:150;s:9:\"mime-type\";s:10:\"image/jpeg\";}s:6:\"medium\";a:4:{s:4:\"file\";s:18:\"board2-300x199.jpg\";s:5:\"width\";i:300;s:6:\"height\";i:199;s:9:\"mime-type\";s:10:\"image/jpeg\";}s:16:\"vantage-carousel\";a:4:{s:4:\"file\";s:18:\"board2-272x182.jpg\";s:5:\"width\";i:272;s:6:\"height\";i:182;s:9:\"mime-type\";s:10:\"image/jpeg\";}s:17:\"vantage-grid-loop\";a:4:{s:4:\"file\";s:18:\"board2-436x272.jpg\";s:5:\"width\";i:436;s:6:\"height\";i:272;s:9:\"mime-type\";s:10:\"image/jpeg\";}s:20:\"sow-carousel-default\";a:4:{s:4:\"file\";s:18:\"board2-272x182.jpg\";s:5:\"width\";i:272;s:6:\"height\";i:182;s:9:\"mime-type\";s:10:\"image/jpeg\";}}s:10:\"image_meta\";a:11:{s:8:\"aperture\";d:4.20000000000000017763568394002504646778106689453125;s:6:\"credit\";s:0:\"\";s:6:\"camera\";s:9:\"NIKON D40\";s:7:\"caption\";s:0:\"\";s:17:\"created_timestamp\";i:1251714643;s:9:\"copyright\";s:0:\"\";s:12:\"focal_length\";s:2:\"26\";s:3:\"iso\";s:3:\"800\";s:13:\"shutter_speed\";s:5:\"0.008\";s:5:\"title\";s:0:\"\";s:11:\"orientation\";i:1;}}'),(959,459,'_wp_attached_file','2015/01/brain.jpg'),(960,459,'_wp_attachment_metadata','a:5:{s:5:\"width\";i:500;s:6:\"height\";i:332;s:4:\"file\";s:17:\"2015/01/brain.jpg\";s:5:\"sizes\";a:5:{s:9:\"thumbnail\";a:4:{s:4:\"file\";s:17:\"brain-150x150.jpg\";s:5:\"width\";i:150;s:6:\"height\";i:150;s:9:\"mime-type\";s:10:\"image/jpeg\";}s:6:\"medium\";a:4:{s:4:\"file\";s:17:\"brain-300x199.jpg\";s:5:\"width\";i:300;s:6:\"height\";i:199;s:9:\"mime-type\";s:10:\"image/jpeg\";}s:16:\"vantage-carousel\";a:4:{s:4:\"file\";s:17:\"brain-272x182.jpg\";s:5:\"width\";i:272;s:6:\"height\";i:182;s:9:\"mime-type\";s:10:\"image/jpeg\";}s:17:\"vantage-grid-loop\";a:4:{s:4:\"file\";s:17:\"brain-436x272.jpg\";s:5:\"width\";i:436;s:6:\"height\";i:272;s:9:\"mime-type\";s:10:\"image/jpeg\";}s:20:\"sow-carousel-default\";a:4:{s:4:\"file\";s:17:\"brain-272x182.jpg\";s:5:\"width\";i:272;s:6:\"height\";i:182;s:9:\"mime-type\";s:10:\"image/jpeg\";}}s:10:\"image_meta\";a:11:{s:8:\"aperture\";d:4.20000000000000017763568394002504646778106689453125;s:6:\"credit\";s:0:\"\";s:6:\"camera\";s:9:\"NIKON D40\";s:7:\"caption\";s:0:\"\";s:17:\"created_timestamp\";i:1251714448;s:9:\"copyright\";s:0:\"\";s:12:\"focal_length\";s:2:\"26\";s:3:\"iso\";s:3:\"800\";s:13:\"shutter_speed\";s:6:\"0.0125\";s:5:\"title\";s:0:\"\";s:11:\"orientation\";i:1;}}'),(961,460,'_wp_attached_file','2015/01/inside.jpg'),(962,460,'_wp_attachment_metadata','a:5:{s:5:\"width\";i:500;s:6:\"height\";i:332;s:4:\"file\";s:18:\"2015/01/inside.jpg\";s:5:\"sizes\";a:5:{s:9:\"thumbnail\";a:4:{s:4:\"file\";s:18:\"inside-150x150.jpg\";s:5:\"width\";i:150;s:6:\"height\";i:150;s:9:\"mime-type\";s:10:\"image/jpeg\";}s:6:\"medium\";a:4:{s:4:\"file\";s:18:\"inside-300x199.jpg\";s:5:\"width\";i:300;s:6:\"height\";i:199;s:9:\"mime-type\";s:10:\"image/jpeg\";}s:16:\"vantage-carousel\";a:4:{s:4:\"file\";s:18:\"inside-272x182.jpg\";s:5:\"width\";i:272;s:6:\"height\";i:182;s:9:\"mime-type\";s:10:\"image/jpeg\";}s:17:\"vantage-grid-loop\";a:4:{s:4:\"file\";s:18:\"inside-436x272.jpg\";s:5:\"width\";i:436;s:6:\"height\";i:272;s:9:\"mime-type\";s:10:\"image/jpeg\";}s:20:\"sow-carousel-default\";a:4:{s:4:\"file\";s:18:\"inside-272x182.jpg\";s:5:\"width\";i:272;s:6:\"height\";i:182;s:9:\"mime-type\";s:10:\"image/jpeg\";}}s:10:\"image_meta\";a:11:{s:8:\"aperture\";d:4.20000000000000017763568394002504646778106689453125;s:6:\"credit\";s:0:\"\";s:6:\"camera\";s:9:\"NIKON D40\";s:7:\"caption\";s:0:\"\";s:17:\"created_timestamp\";i:1251714096;s:9:\"copyright\";s:0:\"\";s:12:\"focal_length\";s:2:\"26\";s:3:\"iso\";s:3:\"800\";s:13:\"shutter_speed\";s:7:\"0.00625\";s:5:\"title\";s:0:\"\";s:11:\"orientation\";i:1;}}'),(963,453,'ml-slider_type','image'),(964,454,'ml-slider_type','image'),(965,455,'ml-slider_type','image'),(966,456,'ml-slider_type','image'),(967,457,'ml-slider_type','image'),(968,458,'ml-slider_type','image'),(969,459,'ml-slider_type','image'),(970,460,'ml-slider_type','image'),(971,453,'_wp_attachment_backup_sizes','a:2:{s:15:\"resized-332x298\";a:5:{s:4:\"path\";s:79:\"/home/casperel/public_html/newsite/wp-content/uploads/2015/01/bench-332x298.jpg\";s:4:\"file\";s:17:\"bench-332x298.jpg\";s:5:\"width\";i:332;s:6:\"height\";i:298;s:9:\"mime-type\";s:10:\"image/jpeg\";}s:15:\"resized-332x304\";a:5:{s:4:\"path\";s:79:\"/home/casperel/public_html/newsite/wp-content/uploads/2015/01/bench-332x304.jpg\";s:4:\"file\";s:17:\"bench-332x304.jpg\";s:5:\"width\";i:332;s:6:\"height\";i:304;s:9:\"mime-type\";s:10:\"image/jpeg\";}}'),(972,454,'_wp_attachment_backup_sizes','a:2:{s:15:\"resized-368x332\";a:5:{s:4:\"path\";s:77:\"/home/casperel/public_html/newsite/wp-content/uploads/2015/01/lid-368x332.jpg\";s:4:\"file\";s:15:\"lid-368x332.jpg\";s:5:\"width\";i:368;s:6:\"height\";i:332;s:9:\"mime-type\";s:10:\"image/jpeg\";}s:15:\"resized-362x332\";a:5:{s:4:\"path\";s:77:\"/home/casperel/public_html/newsite/wp-content/uploads/2015/01/lid-362x332.jpg\";s:4:\"file\";s:15:\"lid-362x332.jpg\";s:5:\"width\";i:362;s:6:\"height\";i:332;s:9:\"mime-type\";s:10:\"image/jpeg\";}}'),(973,455,'_wp_attachment_backup_sizes','a:2:{s:15:\"resized-368x332\";a:5:{s:4:\"path\";s:83:\"/home/casperel/public_html/newsite/wp-content/uploads/2015/01/nintendo1-368x332.jpg\";s:4:\"file\";s:21:\"nintendo1-368x332.jpg\";s:5:\"width\";i:368;s:6:\"height\";i:332;s:9:\"mime-type\";s:10:\"image/jpeg\";}s:15:\"resized-362x332\";a:5:{s:4:\"path\";s:83:\"/home/casperel/public_html/newsite/wp-content/uploads/2015/01/nintendo1-362x332.jpg\";s:4:\"file\";s:21:\"nintendo1-362x332.jpg\";s:5:\"width\";i:362;s:6:\"height\";i:332;s:9:\"mime-type\";s:10:\"image/jpeg\";}}'),(974,456,'_wp_attachment_backup_sizes','a:2:{s:15:\"resized-294x265\";a:5:{s:4:\"path\";s:80:\"/home/casperel/public_html/newsite/wp-content/uploads/2015/01/ribbon-294x265.jpg\";s:4:\"file\";s:18:\"ribbon-294x265.jpg\";s:5:\"width\";i:294;s:6:\"height\";i:265;s:9:\"mime-type\";s:10:\"image/jpeg\";}s:15:\"resized-289x265\";a:5:{s:4:\"path\";s:80:\"/home/casperel/public_html/newsite/wp-content/uploads/2015/01/ribbon-289x265.jpg\";s:4:\"file\";s:18:\"ribbon-289x265.jpg\";s:5:\"width\";i:289;s:6:\"height\";i:265;s:9:\"mime-type\";s:10:\"image/jpeg\";}}'),(975,457,'_wp_attachment_backup_sizes','a:2:{s:15:\"resized-368x332\";a:5:{s:4:\"path\";s:80:\"/home/casperel/public_html/newsite/wp-content/uploads/2015/01/bench2-368x332.jpg\";s:4:\"file\";s:18:\"bench2-368x332.jpg\";s:5:\"width\";i:368;s:6:\"height\";i:332;s:9:\"mime-type\";s:10:\"image/jpeg\";}s:15:\"resized-362x332\";a:5:{s:4:\"path\";s:80:\"/home/casperel/public_html/newsite/wp-content/uploads/2015/01/bench2-362x332.jpg\";s:4:\"file\";s:18:\"bench2-362x332.jpg\";s:5:\"width\";i:362;s:6:\"height\";i:332;s:9:\"mime-type\";s:10:\"image/jpeg\";}}'),(976,458,'_wp_attachment_backup_sizes','a:2:{s:15:\"resized-368x332\";a:5:{s:4:\"path\";s:80:\"/home/casperel/public_html/newsite/wp-content/uploads/2015/01/board2-368x332.jpg\";s:4:\"file\";s:18:\"board2-368x332.jpg\";s:5:\"width\";i:368;s:6:\"height\";i:332;s:9:\"mime-type\";s:10:\"image/jpeg\";}s:15:\"resized-362x332\";a:5:{s:4:\"path\";s:80:\"/home/casperel/public_html/newsite/wp-content/uploads/2015/01/board2-362x332.jpg\";s:4:\"file\";s:18:\"board2-362x332.jpg\";s:5:\"width\";i:362;s:6:\"height\";i:332;s:9:\"mime-type\";s:10:\"image/jpeg\";}}'),(977,459,'_wp_attachment_backup_sizes','a:2:{s:15:\"resized-368x332\";a:5:{s:4:\"path\";s:79:\"/home/casperel/public_html/newsite/wp-content/uploads/2015/01/brain-368x332.jpg\";s:4:\"file\";s:17:\"brain-368x332.jpg\";s:5:\"width\";i:368;s:6:\"height\";i:332;s:9:\"mime-type\";s:10:\"image/jpeg\";}s:15:\"resized-362x332\";a:5:{s:4:\"path\";s:79:\"/home/casperel/public_html/newsite/wp-content/uploads/2015/01/brain-362x332.jpg\";s:4:\"file\";s:17:\"brain-362x332.jpg\";s:5:\"width\";i:362;s:6:\"height\";i:332;s:9:\"mime-type\";s:10:\"image/jpeg\";}}'),(978,460,'_wp_attachment_backup_sizes','a:2:{s:15:\"resized-368x332\";a:5:{s:4:\"path\";s:80:\"/home/casperel/public_html/newsite/wp-content/uploads/2015/01/inside-368x332.jpg\";s:4:\"file\";s:18:\"inside-368x332.jpg\";s:5:\"width\";i:368;s:6:\"height\";i:332;s:9:\"mime-type\";s:10:\"image/jpeg\";}s:15:\"resized-362x332\";a:5:{s:4:\"path\";s:80:\"/home/casperel/public_html/newsite/wp-content/uploads/2015/01/inside-362x332.jpg\";s:4:\"file\";s:18:\"inside-362x332.jpg\";s:5:\"width\";i:362;s:6:\"height\";i:332;s:9:\"mime-type\";s:10:\"image/jpeg\";}}'),(979,453,'ml-slider_crop_position','center-center'),(980,453,'_wp_attachment_image_alt',''),(981,454,'ml-slider_crop_position','center-center'),(982,454,'_wp_attachment_image_alt',''),(983,455,'ml-slider_crop_position','center-center'),(984,455,'_wp_attachment_image_alt',''),(985,456,'ml-slider_crop_position','center-center'),(986,456,'_wp_attachment_image_alt',''),(987,457,'ml-slider_crop_position','center-center'),(988,457,'_wp_attachment_image_alt',''),(989,458,'ml-slider_crop_position','center-center'),(990,458,'_wp_attachment_image_alt',''),(991,459,'ml-slider_crop_position','center-center'),(992,459,'_wp_attachment_image_alt',''),(993,460,'ml-slider_crop_position','center-center'),(994,460,'_wp_attachment_image_alt',''),(997,461,'panels_data','a:3:{s:7:\"widgets\";a:6:{i:0;a:4:{s:5:\"title\";s:10:\"BIT BENDER\";s:4:\"text\";s:362:\"BitBender is an interactive installation which invites viewers to play games while also generating complex sounds and interlinked video glitch effects by manipulating a custom joystick. It was commissioned by the Contemporary Gallery at Georgia Southern University and has been shown at the Contemporary Gallery and The Clock Tower Gallery in Manhattan New York.\";s:6:\"filter\";b:0;s:11:\"panels_info\";a:6:{s:5:\"class\";s:14:\"WP_Widget_Text\";s:3:\"raw\";b:0;s:4:\"grid\";i:0;s:4:\"cell\";i:0;s:2:\"id\";i:0;s:5:\"style\";a:1:{s:18:\"background_display\";s:4:\"tile\";}}}i:1;a:3:{s:3:\"src\";s:84:\"http://newsite.casperelectronics.com/wp-content/uploads/2015/01/marioBit-300x199.jpg\";s:4:\"href\";s:49:\"http://newsite.casperelectronics.com/?page_id=245\";s:11:\"panels_info\";a:6:{s:5:\"class\";s:31:\"SiteOrigin_Panels_Widgets_Image\";s:3:\"raw\";b:0;s:4:\"grid\";i:0;s:4:\"cell\";i:1;s:2:\"id\";i:1;s:5:\"style\";a:1:{s:18:\"background_display\";s:4:\"tile\";}}}i:2;a:3:{s:3:\"src\";s:75:\"http://newsite.casperelectronics.com/wp-content/uploads/2015/01/Kosmos1.jpg\";s:4:\"href\";s:50:\"http://newsite.casperelectronics.com/?page_id=282 \";s:11:\"panels_info\";a:6:{s:5:\"class\";s:31:\"SiteOrigin_Panels_Widgets_Image\";s:3:\"raw\";b:0;s:4:\"grid\";i:1;s:4:\"cell\";i:0;s:2:\"id\";i:2;s:5:\"style\";a:1:{s:18:\"background_display\";s:4:\"tile\";}}}i:3;a:4:{s:5:\"title\";s:6:\"KOSMOS\";s:4:\"text\";s:221:\"Kosmos is an interactive sound and light installation displayed at the Contemporary Artists Center in Troy NY for nearly two years. It was designed by myself and Ed Bear and is a continuation of my exploration of the ORB.\";s:6:\"filter\";b:0;s:11:\"panels_info\";a:6:{s:5:\"class\";s:14:\"WP_Widget_Text\";s:3:\"raw\";b:0;s:4:\"grid\";i:1;s:4:\"cell\";i:1;s:2:\"id\";i:3;s:5:\"style\";a:1:{s:18:\"background_display\";s:4:\"tile\";}}}i:4;a:4:{s:5:\"title\";s:16:\"Moral Magistrate\";s:4:\"text\";s:540:\"The Moral Magistrate is designed to record audio data from two musicians, process that data and determine which performance (and hence performer) had greater moral content. Rather than focusing on HOW it does this we have tried to turn the audiences attention to the questions a device like this introduces. What is morality? Is our inner moral character reflected in what we do (like perform music)? Can technology quantify the intangible? How much is this technology forming our world and our conceptions of reality and even spirituality?\";s:11:\"panels_info\";a:5:{s:5:\"class\";s:14:\"WP_Widget_Text\";s:4:\"grid\";i:2;s:4:\"cell\";i:0;s:2:\"id\";i:4;s:5:\"style\";a:2:{s:27:\"background_image_attachment\";b:0;s:18:\"background_display\";s:4:\"tile\";}}s:6:\"filter\";b:0;}i:5;a:3:{s:3:\"src\";s:69:\"http://newsite.casperelectronics.com/wp-content/uploads/2015/01/5.jpg\";s:4:\"href\";s:49:\"http://newsite.casperelectronics.com/?page_id=247\";s:11:\"panels_info\";a:5:{s:5:\"class\";s:31:\"SiteOrigin_Panels_Widgets_Image\";s:4:\"grid\";i:2;s:4:\"cell\";i:1;s:2:\"id\";i:5;s:5:\"style\";a:2:{s:27:\"background_image_attachment\";b:0;s:18:\"background_display\";s:4:\"tile\";}}}}s:5:\"grids\";a:3:{i:0;a:2:{s:5:\"cells\";i:2;s:5:\"style\";a:4:{s:13:\"bottom_margin\";s:4:\"25px\";s:7:\"padding\";s:5:\"200px\";s:11:\"row_stretch\";s:4:\"full\";s:18:\"background_display\";s:4:\"tile\";}}i:1;a:2:{s:5:\"cells\";i:2;s:5:\"style\";a:4:{s:13:\"bottom_margin\";s:4:\"25px\";s:7:\"padding\";s:5:\"200px\";s:11:\"row_stretch\";s:4:\"full\";s:18:\"background_display\";s:4:\"tile\";}}i:2;a:2:{s:5:\"cells\";i:2;s:5:\"style\";a:4:{s:13:\"bottom_margin\";s:4:\"25px\";s:7:\"padding\";s:5:\"200px\";s:11:\"row_stretch\";s:4:\"full\";s:18:\"background_display\";s:4:\"tile\";}}}s:10:\"grid_cells\";a:6:{i:0;a:2:{s:4:\"grid\";i:0;s:6:\"weight\";d:0.5;}i:1;a:2:{s:4:\"grid\";i:0;s:6:\"weight\";d:0.5;}i:2;a:2:{s:4:\"grid\";i:1;s:6:\"weight\";d:0.5;}i:3;a:2:{s:4:\"grid\";i:1;s:6:\"weight\";d:0.5;}i:4;a:2:{s:4:\"grid\";i:2;s:6:\"weight\";d:0.5;}i:5;a:2:{s:4:\"grid\";i:2;s:6:\"weight\";d:0.5;}}}'),(998,464,'panels_data','a:3:{s:7:\"widgets\";a:3:{i:0;a:2:{s:5:\"video\";s:66:\"http://www.youtube.com/watch?feature=player_embedded&v=kHMf14CHWHI\";s:11:\"panels_info\";a:5:{s:5:\"class\";s:39:\"SiteOrigin_Panels_Widgets_EmbeddedVideo\";s:4:\"grid\";i:0;s:4:\"cell\";i:0;s:2:\"id\";i:0;s:5:\"style\";a:2:{s:27:\"background_image_attachment\";b:0;s:18:\"background_display\";s:4:\"tile\";}}}i:1;a:5:{s:4:\"type\";s:6:\"visual\";s:5:\"title\";s:0:\"\";s:4:\"text\";s:26:\"<p>[metaslider id=452]</p>\";s:6:\"filter\";s:1:\"1\";s:11:\"panels_info\";a:5:{s:5:\"class\";s:30:\"WP_Widget_Black_Studio_TinyMCE\";s:4:\"grid\";i:0;s:4:\"cell\";i:1;s:2:\"id\";i:1;s:5:\"style\";a:2:{s:27:\"background_image_attachment\";b:0;s:18:\"background_display\";s:4:\"tile\";}}}i:2;a:4:{s:5:\"title\";s:0:\"\";s:4:\"text\";s:0:\"\";s:11:\"panels_info\";a:4:{s:5:\"class\";s:14:\"WP_Widget_Text\";s:4:\"grid\";i:1;s:4:\"cell\";i:0;s:2:\"id\";i:2;}s:6:\"filter\";b:0;}}s:5:\"grids\";a:2:{i:0;a:2:{s:5:\"cells\";i:2;s:5:\"style\";a:0:{}}i:1;a:2:{s:5:\"cells\";i:1;s:5:\"style\";a:0:{}}}s:10:\"grid_cells\";a:3:{i:0;a:2:{s:4:\"grid\";i:0;s:6:\"weight\";d:0.5;}i:1;a:2:{s:4:\"grid\";i:0;s:6:\"weight\";d:0.5;}i:2;a:2:{s:4:\"grid\";i:1;s:6:\"weight\";i:1;}}}'),(1000,251,'_oembed_b5496a119ea9d660c55d17c670e92bd7','<iframe width=\"720\" height=\"540\" src=\"http://www.youtube.com/embed/kHMf14CHWHI?feature=oembed\" frameborder=\"0\" allowfullscreen></iframe>'),(1001,251,'_oembed_time_b5496a119ea9d660c55d17c670e92bd7','1421157879'),(1003,465,'panels_data','a:3:{s:7:\"widgets\";a:3:{i:0;a:2:{s:5:\"video\";s:66:\"http://www.youtube.com/watch?feature=player_embedded&v=kHMf14CHWHI\";s:11:\"panels_info\";a:6:{s:5:\"class\";s:39:\"SiteOrigin_Panels_Widgets_EmbeddedVideo\";s:3:\"raw\";b:0;s:4:\"grid\";i:0;s:4:\"cell\";i:0;s:2:\"id\";i:0;s:5:\"style\";a:1:{s:18:\"background_display\";s:4:\"tile\";}}}i:1;a:5:{s:4:\"type\";s:6:\"visual\";s:5:\"title\";s:0:\"\";s:4:\"text\";s:26:\"<p>[metaslider id=452]</p>\";s:6:\"filter\";s:1:\"1\";s:11:\"panels_info\";a:6:{s:5:\"class\";s:30:\"WP_Widget_Black_Studio_TinyMCE\";s:3:\"raw\";b:0;s:4:\"grid\";i:0;s:4:\"cell\";i:1;s:2:\"id\";i:1;s:5:\"style\";a:1:{s:18:\"background_display\";s:4:\"tile\";}}}i:2;a:4:{s:5:\"title\";s:8:\"Nintendo\";s:4:\"text\";s:2649:\"This is a modified Nintendo video game console. It is a very simple bend and is a lot of fun to play with. To bend this unit I simply added a patch bay to a handful of points on the video processing chips. The Display can be tweaked by either connecting points together or by feeding in external signals, like audio or voltages from my modular synthesizer. the video shown above is an example of how the visuals can be controlled using clock signals from my modular synth.\n\nI connected the patch bay to the circuit using a connection terminal and ribbon cable. This allowed me to wire up the lid and board separately and plug them together when I was done. It made the whole job a lot easier. It also allows me to remove the lid completely from the unit if it needs to be serviced.\n\nAbove is a picture of the control panel. \n- On the left is a 21 point patch bay. Each point is simply wired to a pin on one of the ICs on the nintendo circuit board.\n\n- To the right of the patch bay are 3 green points. These are connected to ground. Most of the points on the patchbay respond well when attached to ground.\n\n- In the center of the control panel are a few patchable potentiometers with activation switches and buttons. This allows you to patch points together through adjustments which will vary the amount of video glitching as they are adjusted. I used two 500ohm pots and two 10 turn 100ohm pots.\n\n- On the right are three external signal input jacks. Audio signals or voltages from analog synths or micro controllers can be used. Really cool effects can be achieved by feeding high frequency wave forms (like the output of a 555 timer) into some patch points. It gets interesting when the frequency of the incoming wave matches up with the scan frequency of the display. You can get some cool scrolling patterns by doing this.\nI imagine there is some danger involved in plugging random voltages into the nintendo circuit board….. but so far there haven’t been any problems. I suspect that running each input through some sort of op amp buffer would be a good idea.\nEach input goes through a potentiometer for limiting the signal as well as a switch and pushbutton for turning the signal on and off.\n\nThe row of pins boxed in RED above are where most of the interesting effects are. There is one point below the others also boxed in RED. When this point is connected to ground, the graphics are dramatically simplified and become colorful block patterns. This is my favorite effect so far.\nThere are many more points that can be patched together, but I’ve found that the general range of effects can be achieved using the points shown above.\n\";s:6:\"filter\";b:1;s:11:\"panels_info\";a:5:{s:5:\"class\";s:14:\"WP_Widget_Text\";s:4:\"grid\";i:1;s:4:\"cell\";i:0;s:2:\"id\";i:2;s:5:\"style\";a:2:{s:27:\"background_image_attachment\";b:0;s:18:\"background_display\";s:4:\"tile\";}}}}s:5:\"grids\";a:2:{i:0;a:2:{s:5:\"cells\";i:2;s:5:\"style\";a:0:{}}i:1;a:2:{s:5:\"cells\";i:1;s:5:\"style\";a:0:{}}}s:10:\"grid_cells\";a:3:{i:0;a:2:{s:4:\"grid\";i:0;s:6:\"weight\";d:0.5;}i:1;a:2:{s:4:\"grid\";i:0;s:6:\"weight\";d:0.5;}i:2;a:2:{s:4:\"grid\";i:1;s:6:\"weight\";i:1;}}}'),(1004,466,'ml-slider_settings','a:35:{s:4:\"type\";s:4:\"nivo\";s:6:\"random\";s:5:\"false\";s:8:\"cssClass\";s:0:\"\";s:8:\"printCss\";s:4:\"true\";s:7:\"printJs\";s:4:\"true\";s:5:\"width\";s:3:\"500\";s:6:\"height\";s:3:\"700\";s:3:\"spw\";s:1:\"7\";s:3:\"sph\";s:1:\"5\";s:5:\"delay\";s:4:\"1000\";s:6:\"sDelay\";i:30;s:7:\"opacity\";d:0.6999999999999999555910790149937383830547332763671875;s:10:\"titleSpeed\";i:500;s:6:\"effect\";s:4:\"fade\";s:10:\"navigation\";s:5:\"false\";s:5:\"links\";s:4:\"true\";s:10:\"hoverPause\";s:4:\"true\";s:5:\"theme\";s:7:\"default\";s:9:\"direction\";s:10:\"horizontal\";s:7:\"reverse\";s:5:\"false\";s:14:\"animationSpeed\";s:3:\"100\";s:8:\"prevText\";s:1:\"<\";s:8:\"nextText\";s:1:\">\";s:6:\"slices\";s:2:\"15\";s:6:\"center\";s:5:\"false\";s:9:\"smartCrop\";s:4:\"true\";s:12:\"carouselMode\";s:5:\"false\";s:14:\"carouselMargin\";s:1:\"5\";s:6:\"easing\";s:6:\"linear\";s:8:\"autoPlay\";s:5:\"false\";s:11:\"thumb_width\";i:150;s:12:\"thumb_height\";i:100;s:9:\"fullWidth\";s:5:\"false\";s:10:\"noConflict\";s:5:\"false\";s:12:\"smoothHeight\";s:5:\"false\";}'),(1005,467,'_wp_attached_file','2015/01/DSC_0025.jpg'),(1006,467,'_wp_attachment_metadata','a:5:{s:5:\"width\";i:500;s:6:\"height\";i:407;s:4:\"file\";s:20:\"2015/01/DSC_0025.jpg\";s:5:\"sizes\";a:7:{s:9:\"thumbnail\";a:4:{s:4:\"file\";s:20:\"DSC_0025-150x150.jpg\";s:5:\"width\";i:150;s:6:\"height\";i:150;s:9:\"mime-type\";s:10:\"image/jpeg\";}s:6:\"medium\";a:4:{s:4:\"file\";s:20:\"DSC_0025-300x244.jpg\";s:5:\"width\";i:300;s:6:\"height\";i:244;s:9:\"mime-type\";s:10:\"image/jpeg\";}s:14:\"post-thumbnail\";a:4:{s:4:\"file\";s:20:\"DSC_0025-500x380.jpg\";s:5:\"width\";i:500;s:6:\"height\";i:380;s:9:\"mime-type\";s:10:\"image/jpeg\";}s:28:\"vantage-thumbnail-no-sidebar\";a:4:{s:4:\"file\";s:20:\"DSC_0025-500x380.jpg\";s:5:\"width\";i:500;s:6:\"height\";i:380;s:9:\"mime-type\";s:10:\"image/jpeg\";}s:16:\"vantage-carousel\";a:4:{s:4:\"file\";s:20:\"DSC_0025-272x182.jpg\";s:5:\"width\";i:272;s:6:\"height\";i:182;s:9:\"mime-type\";s:10:\"image/jpeg\";}s:17:\"vantage-grid-loop\";a:4:{s:4:\"file\";s:20:\"DSC_0025-436x272.jpg\";s:5:\"width\";i:436;s:6:\"height\";i:272;s:9:\"mime-type\";s:10:\"image/jpeg\";}s:20:\"sow-carousel-default\";a:4:{s:4:\"file\";s:20:\"DSC_0025-272x182.jpg\";s:5:\"width\";i:272;s:6:\"height\";i:182;s:9:\"mime-type\";s:10:\"image/jpeg\";}}s:10:\"image_meta\";a:11:{s:8:\"aperture\";d:4;s:6:\"credit\";s:0:\"\";s:6:\"camera\";s:9:\"NIKON D80\";s:7:\"caption\";s:0:\"\";s:17:\"created_timestamp\";i:1236235956;s:9:\"copyright\";s:0:\"\";s:12:\"focal_length\";s:2:\"18\";s:3:\"iso\";s:3:\"100\";s:13:\"shutter_speed\";s:5:\"0.008\";s:5:\"title\";s:0:\"\";s:11:\"orientation\";i:1;}}'),(1007,468,'_wp_attached_file','2015/01/DSC_0034.jpg'),(1008,468,'_wp_attachment_metadata','a:5:{s:5:\"width\";i:500;s:6:\"height\";i:364;s:4:\"file\";s:20:\"2015/01/DSC_0034.jpg\";s:5:\"sizes\";a:5:{s:9:\"thumbnail\";a:4:{s:4:\"file\";s:20:\"DSC_0034-150x150.jpg\";s:5:\"width\";i:150;s:6:\"height\";i:150;s:9:\"mime-type\";s:10:\"image/jpeg\";}s:6:\"medium\";a:4:{s:4:\"file\";s:20:\"DSC_0034-300x218.jpg\";s:5:\"width\";i:300;s:6:\"height\";i:218;s:9:\"mime-type\";s:10:\"image/jpeg\";}s:16:\"vantage-carousel\";a:4:{s:4:\"file\";s:20:\"DSC_0034-272x182.jpg\";s:5:\"width\";i:272;s:6:\"height\";i:182;s:9:\"mime-type\";s:10:\"image/jpeg\";}s:17:\"vantage-grid-loop\";a:4:{s:4:\"file\";s:20:\"DSC_0034-436x272.jpg\";s:5:\"width\";i:436;s:6:\"height\";i:272;s:9:\"mime-type\";s:10:\"image/jpeg\";}s:20:\"sow-carousel-default\";a:4:{s:4:\"file\";s:20:\"DSC_0034-272x182.jpg\";s:5:\"width\";i:272;s:6:\"height\";i:182;s:9:\"mime-type\";s:10:\"image/jpeg\";}}s:10:\"image_meta\";a:11:{s:8:\"aperture\";d:4;s:6:\"credit\";s:0:\"\";s:6:\"camera\";s:9:\"NIKON D80\";s:7:\"caption\";s:0:\"\";s:17:\"created_timestamp\";i:1236236114;s:9:\"copyright\";s:0:\"\";s:12:\"focal_length\";s:2:\"20\";s:3:\"iso\";s:4:\"1250\";s:13:\"shutter_speed\";s:4:\"0.05\";s:5:\"title\";s:0:\"\";s:11:\"orientation\";i:1;}}'),(1009,469,'_wp_attached_file','2015/01/IMG_2364.jpg'),(1010,469,'_wp_attachment_metadata','a:5:{s:5:\"width\";i:373;s:6:\"height\";i:500;s:4:\"file\";s:20:\"2015/01/IMG_2364.jpg\";s:5:\"sizes\";a:8:{s:9:\"thumbnail\";a:4:{s:4:\"file\";s:20:\"IMG_2364-150x150.jpg\";s:5:\"width\";i:150;s:6:\"height\";i:150;s:9:\"mime-type\";s:10:\"image/jpeg\";}s:6:\"medium\";a:4:{s:4:\"file\";s:20:\"IMG_2364-223x300.jpg\";s:5:\"width\";i:223;s:6:\"height\";i:300;s:9:\"mime-type\";s:10:\"image/jpeg\";}s:14:\"post-thumbnail\";a:4:{s:4:\"file\";s:20:\"IMG_2364-373x380.jpg\";s:5:\"width\";i:373;s:6:\"height\";i:380;s:9:\"mime-type\";s:10:\"image/jpeg\";}s:28:\"vantage-thumbnail-no-sidebar\";a:4:{s:4:\"file\";s:20:\"IMG_2364-373x380.jpg\";s:5:\"width\";i:373;s:6:\"height\";i:380;s:9:\"mime-type\";s:10:\"image/jpeg\";}s:13:\"vantage-slide\";a:4:{s:4:\"file\";s:20:\"IMG_2364-373x480.jpg\";s:5:\"width\";i:373;s:6:\"height\";i:480;s:9:\"mime-type\";s:10:\"image/jpeg\";}s:16:\"vantage-carousel\";a:4:{s:4:\"file\";s:20:\"IMG_2364-272x182.jpg\";s:5:\"width\";i:272;s:6:\"height\";i:182;s:9:\"mime-type\";s:10:\"image/jpeg\";}s:17:\"vantage-grid-loop\";a:4:{s:4:\"file\";s:20:\"IMG_2364-373x272.jpg\";s:5:\"width\";i:373;s:6:\"height\";i:272;s:9:\"mime-type\";s:10:\"image/jpeg\";}s:20:\"sow-carousel-default\";a:4:{s:4:\"file\";s:20:\"IMG_2364-272x182.jpg\";s:5:\"width\";i:272;s:6:\"height\";i:182;s:9:\"mime-type\";s:10:\"image/jpeg\";}}s:10:\"image_meta\";a:11:{s:8:\"aperture\";i:0;s:6:\"credit\";s:0:\"\";s:6:\"camera\";s:0:\"\";s:7:\"caption\";s:0:\"\";s:17:\"created_timestamp\";i:0;s:9:\"copyright\";s:0:\"\";s:12:\"focal_length\";i:0;s:3:\"iso\";i:0;s:13:\"shutter_speed\";i:0;s:5:\"title\";s:0:\"\";s:11:\"orientation\";i:1;}}'),(1011,467,'ml-slider_type','image'),(1012,468,'ml-slider_type','image'),(1013,469,'ml-slider_type','image'),(1014,467,'_wp_attachment_backup_sizes','a:3:{s:15:\"resized-452x407\";a:5:{s:4:\"path\";s:82:\"/home/casperel/public_html/newsite/wp-content/uploads/2015/01/DSC_0025-452x407.jpg\";s:4:\"file\";s:20:\"DSC_0025-452x407.jpg\";s:5:\"width\";i:452;s:6:\"height\";i:407;s:9:\"mime-type\";s:10:\"image/jpeg\";}s:15:\"resized-407x407\";a:5:{s:4:\"path\";s:82:\"/home/casperel/public_html/newsite/wp-content/uploads/2015/01/DSC_0025-407x407.jpg\";s:4:\"file\";s:20:\"DSC_0025-407x407.jpg\";s:5:\"width\";i:407;s:6:\"height\";i:407;s:9:\"mime-type\";s:10:\"image/jpeg\";}s:15:\"resized-290x407\";a:5:{s:4:\"path\";s:82:\"/home/casperel/public_html/newsite/wp-content/uploads/2015/01/DSC_0025-290x407.jpg\";s:4:\"file\";s:20:\"DSC_0025-290x407.jpg\";s:5:\"width\";i:290;s:6:\"height\";i:407;s:9:\"mime-type\";s:10:\"image/jpeg\";}}'),(1015,468,'_wp_attachment_backup_sizes','a:3:{s:15:\"resized-404x364\";a:5:{s:4:\"path\";s:82:\"/home/casperel/public_html/newsite/wp-content/uploads/2015/01/DSC_0034-404x364.jpg\";s:4:\"file\";s:20:\"DSC_0034-404x364.jpg\";s:5:\"width\";i:404;s:6:\"height\";i:364;s:9:\"mime-type\";s:10:\"image/jpeg\";}s:15:\"resized-364x364\";a:5:{s:4:\"path\";s:82:\"/home/casperel/public_html/newsite/wp-content/uploads/2015/01/DSC_0034-364x364.jpg\";s:4:\"file\";s:20:\"DSC_0034-364x364.jpg\";s:5:\"width\";i:364;s:6:\"height\";i:364;s:9:\"mime-type\";s:10:\"image/jpeg\";}s:15:\"resized-260x364\";a:5:{s:4:\"path\";s:82:\"/home/casperel/public_html/newsite/wp-content/uploads/2015/01/DSC_0034-260x364.jpg\";s:4:\"file\";s:20:\"DSC_0034-260x364.jpg\";s:5:\"width\";i:260;s:6:\"height\";i:364;s:9:\"mime-type\";s:10:\"image/jpeg\";}}'),(1016,469,'_wp_attachment_backup_sizes','a:3:{s:15:\"resized-373x335\";a:5:{s:4:\"path\";s:82:\"/home/casperel/public_html/newsite/wp-content/uploads/2015/01/IMG_2364-373x335.jpg\";s:4:\"file\";s:20:\"IMG_2364-373x335.jpg\";s:5:\"width\";i:373;s:6:\"height\";i:335;s:9:\"mime-type\";s:10:\"image/jpeg\";}s:15:\"resized-373x373\";a:5:{s:4:\"path\";s:82:\"/home/casperel/public_html/newsite/wp-content/uploads/2015/01/IMG_2364-373x373.jpg\";s:4:\"file\";s:20:\"IMG_2364-373x373.jpg\";s:5:\"width\";i:373;s:6:\"height\";i:373;s:9:\"mime-type\";s:10:\"image/jpeg\";}s:15:\"resized-357x500\";a:5:{s:4:\"path\";s:82:\"/home/casperel/public_html/newsite/wp-content/uploads/2015/01/IMG_2364-357x500.jpg\";s:4:\"file\";s:20:\"IMG_2364-357x500.jpg\";s:5:\"width\";i:357;s:6:\"height\";i:500;s:9:\"mime-type\";s:10:\"image/jpeg\";}}'),(1017,469,'ml-slider_crop_position','center-center'),(1018,469,'_wp_attachment_image_alt',''),(1019,467,'ml-slider_crop_position','center-center'),(1020,467,'_wp_attachment_image_alt',''),(1021,468,'ml-slider_crop_position','center-center'),(1022,468,'_wp_attachment_image_alt',''),(1024,472,'panels_data','a:3:{s:7:\"widgets\";a:8:{i:0;a:4:{s:5:\"title\";s:10:\"BIT BENDER\";s:4:\"text\";s:362:\"BitBender is an interactive installation which invites viewers to play games while also generating complex sounds and interlinked video glitch effects by manipulating a custom joystick. It was commissioned by the Contemporary Gallery at Georgia Southern University and has been shown at the Contemporary Gallery and The Clock Tower Gallery in Manhattan New York.\";s:6:\"filter\";b:0;s:11:\"panels_info\";a:6:{s:5:\"class\";s:14:\"WP_Widget_Text\";s:3:\"raw\";b:0;s:4:\"grid\";i:0;s:4:\"cell\";i:0;s:2:\"id\";i:0;s:5:\"style\";a:1:{s:18:\"background_display\";s:4:\"tile\";}}}i:1;a:3:{s:3:\"src\";s:84:\"http://newsite.casperelectronics.com/wp-content/uploads/2015/01/marioBit-300x199.jpg\";s:4:\"href\";s:49:\"http://newsite.casperelectronics.com/?page_id=245\";s:11:\"panels_info\";a:6:{s:5:\"class\";s:31:\"SiteOrigin_Panels_Widgets_Image\";s:3:\"raw\";b:0;s:4:\"grid\";i:0;s:4:\"cell\";i:1;s:2:\"id\";i:1;s:5:\"style\";a:1:{s:18:\"background_display\";s:4:\"tile\";}}}i:2;a:3:{s:3:\"src\";s:75:\"http://newsite.casperelectronics.com/wp-content/uploads/2015/01/Kosmos1.jpg\";s:4:\"href\";s:50:\"http://newsite.casperelectronics.com/?page_id=282 \";s:11:\"panels_info\";a:6:{s:5:\"class\";s:31:\"SiteOrigin_Panels_Widgets_Image\";s:3:\"raw\";b:0;s:4:\"grid\";i:1;s:4:\"cell\";i:0;s:2:\"id\";i:2;s:5:\"style\";a:1:{s:18:\"background_display\";s:4:\"tile\";}}}i:3;a:4:{s:5:\"title\";s:6:\"KOSMOS\";s:4:\"text\";s:221:\"Kosmos is an interactive sound and light installation displayed at the Contemporary Artists Center in Troy NY for nearly two years. It was designed by myself and Ed Bear and is a continuation of my exploration of the ORB.\";s:6:\"filter\";b:0;s:11:\"panels_info\";a:6:{s:5:\"class\";s:14:\"WP_Widget_Text\";s:3:\"raw\";b:0;s:4:\"grid\";i:1;s:4:\"cell\";i:1;s:2:\"id\";i:3;s:5:\"style\";a:1:{s:18:\"background_display\";s:4:\"tile\";}}}i:4;a:4:{s:5:\"title\";s:16:\"Moral Magistrate\";s:4:\"text\";s:540:\"The Moral Magistrate is designed to record audio data from two musicians, process that data and determine which performance (and hence performer) had greater moral content. Rather than focusing on HOW it does this we have tried to turn the audiences attention to the questions a device like this introduces. What is morality? Is our inner moral character reflected in what we do (like perform music)? Can technology quantify the intangible? How much is this technology forming our world and our conceptions of reality and even spirituality?\";s:6:\"filter\";b:0;s:11:\"panels_info\";a:6:{s:5:\"class\";s:14:\"WP_Widget_Text\";s:3:\"raw\";b:0;s:4:\"grid\";i:2;s:4:\"cell\";i:0;s:2:\"id\";i:4;s:5:\"style\";a:1:{s:18:\"background_display\";s:4:\"tile\";}}}i:5;a:3:{s:3:\"src\";s:69:\"http://newsite.casperelectronics.com/wp-content/uploads/2015/01/5.jpg\";s:4:\"href\";s:49:\"http://newsite.casperelectronics.com/?page_id=247\";s:11:\"panels_info\";a:6:{s:5:\"class\";s:31:\"SiteOrigin_Panels_Widgets_Image\";s:3:\"raw\";b:0;s:4:\"grid\";i:2;s:4:\"cell\";i:1;s:2:\"id\";i:5;s:5:\"style\";a:1:{s:18:\"background_display\";s:4:\"tile\";}}}i:6;a:3:{s:3:\"src\";s:77:\"http://newsite.casperelectronics.com/wp-content/uploads/2015/01/nintendo1.jpg\";s:4:\"href\";s:49:\"http://newsite.casperelectronics.com/?page_id=251\";s:11:\"panels_info\";a:5:{s:5:\"class\";s:31:\"SiteOrigin_Panels_Widgets_Image\";s:4:\"grid\";i:3;s:4:\"cell\";i:0;s:2:\"id\";i:6;s:5:\"style\";a:2:{s:27:\"background_image_attachment\";b:0;s:18:\"background_display\";s:4:\"tile\";}}}i:7;a:4:{s:5:\"title\";s:8:\"Nintendo\";s:4:\"text\";s:357:\"This is a modified Nintendo video game console. It is a very simple bend and is a lot of fun to play with. To bend this unit I simply added a patch bay to a handful of points on the video processing chips. The Display can be tweaked by either connecting points together or by feeding in external signals, like audio or voltages from my modular synthesizer. \";s:11:\"panels_info\";a:5:{s:5:\"class\";s:14:\"WP_Widget_Text\";s:4:\"grid\";i:3;s:4:\"cell\";i:1;s:2:\"id\";i:7;s:5:\"style\";a:2:{s:27:\"background_image_attachment\";b:0;s:18:\"background_display\";s:4:\"tile\";}}s:6:\"filter\";b:0;}}s:5:\"grids\";a:4:{i:0;a:2:{s:5:\"cells\";i:2;s:5:\"style\";a:4:{s:13:\"bottom_margin\";s:4:\"25px\";s:7:\"padding\";s:5:\"200px\";s:11:\"row_stretch\";s:4:\"full\";s:18:\"background_display\";s:4:\"tile\";}}i:1;a:2:{s:5:\"cells\";i:2;s:5:\"style\";a:4:{s:13:\"bottom_margin\";s:4:\"25px\";s:7:\"padding\";s:5:\"200px\";s:11:\"row_stretch\";s:4:\"full\";s:18:\"background_display\";s:4:\"tile\";}}i:2;a:2:{s:5:\"cells\";i:2;s:5:\"style\";a:4:{s:13:\"bottom_margin\";s:4:\"25px\";s:7:\"padding\";s:5:\"200px\";s:11:\"row_stretch\";s:4:\"full\";s:18:\"background_display\";s:4:\"tile\";}}i:3;a:2:{s:5:\"cells\";i:2;s:5:\"style\";a:4:{s:13:\"bottom_margin\";s:4:\"25px\";s:7:\"padding\";s:5:\"200px\";s:11:\"row_stretch\";s:4:\"full\";s:18:\"background_display\";s:4:\"tile\";}}}s:10:\"grid_cells\";a:8:{i:0;a:2:{s:4:\"grid\";i:0;s:6:\"weight\";d:0.5;}i:1;a:2:{s:4:\"grid\";i:0;s:6:\"weight\";d:0.5;}i:2;a:2:{s:4:\"grid\";i:1;s:6:\"weight\";d:0.5;}i:3;a:2:{s:4:\"grid\";i:1;s:6:\"weight\";d:0.5;}i:4;a:2:{s:4:\"grid\";i:2;s:6:\"weight\";d:0.5;}i:5;a:2:{s:4:\"grid\";i:2;s:6:\"weight\";d:0.5;}i:6;a:2:{s:4:\"grid\";i:3;s:6:\"weight\";d:0.5;}i:7;a:2:{s:4:\"grid\";i:3;s:6:\"weight\";d:0.5;}}}'),(1026,473,'panels_data','a:3:{s:7:\"widgets\";a:10:{i:0;a:4:{s:5:\"title\";s:10:\"BIT BENDER\";s:4:\"text\";s:362:\"BitBender is an interactive installation which invites viewers to play games while also generating complex sounds and interlinked video glitch effects by manipulating a custom joystick. It was commissioned by the Contemporary Gallery at Georgia Southern University and has been shown at the Contemporary Gallery and The Clock Tower Gallery in Manhattan New York.\";s:6:\"filter\";b:0;s:11:\"panels_info\";a:6:{s:5:\"class\";s:14:\"WP_Widget_Text\";s:3:\"raw\";b:0;s:4:\"grid\";i:0;s:4:\"cell\";i:0;s:2:\"id\";i:0;s:5:\"style\";a:1:{s:18:\"background_display\";s:4:\"tile\";}}}i:1;a:3:{s:3:\"src\";s:84:\"http://newsite.casperelectronics.com/wp-content/uploads/2015/01/marioBit-300x199.jpg\";s:4:\"href\";s:49:\"http://newsite.casperelectronics.com/?page_id=245\";s:11:\"panels_info\";a:6:{s:5:\"class\";s:31:\"SiteOrigin_Panels_Widgets_Image\";s:3:\"raw\";b:0;s:4:\"grid\";i:0;s:4:\"cell\";i:1;s:2:\"id\";i:1;s:5:\"style\";a:1:{s:18:\"background_display\";s:4:\"tile\";}}}i:2;a:3:{s:3:\"src\";s:75:\"http://newsite.casperelectronics.com/wp-content/uploads/2015/01/Kosmos1.jpg\";s:4:\"href\";s:50:\"http://newsite.casperelectronics.com/?page_id=282 \";s:11:\"panels_info\";a:6:{s:5:\"class\";s:31:\"SiteOrigin_Panels_Widgets_Image\";s:3:\"raw\";b:0;s:4:\"grid\";i:1;s:4:\"cell\";i:0;s:2:\"id\";i:2;s:5:\"style\";a:1:{s:18:\"background_display\";s:4:\"tile\";}}}i:3;a:4:{s:5:\"title\";s:6:\"KOSMOS\";s:4:\"text\";s:221:\"Kosmos is an interactive sound and light installation displayed at the Contemporary Artists Center in Troy NY for nearly two years. It was designed by myself and Ed Bear and is a continuation of my exploration of the ORB.\";s:6:\"filter\";b:0;s:11:\"panels_info\";a:6:{s:5:\"class\";s:14:\"WP_Widget_Text\";s:3:\"raw\";b:0;s:4:\"grid\";i:1;s:4:\"cell\";i:1;s:2:\"id\";i:3;s:5:\"style\";a:1:{s:18:\"background_display\";s:4:\"tile\";}}}i:4;a:4:{s:5:\"title\";s:16:\"Moral Magistrate\";s:4:\"text\";s:540:\"The Moral Magistrate is designed to record audio data from two musicians, process that data and determine which performance (and hence performer) had greater moral content. Rather than focusing on HOW it does this we have tried to turn the audiences attention to the questions a device like this introduces. What is morality? Is our inner moral character reflected in what we do (like perform music)? Can technology quantify the intangible? How much is this technology forming our world and our conceptions of reality and even spirituality?\";s:6:\"filter\";b:0;s:11:\"panels_info\";a:6:{s:5:\"class\";s:14:\"WP_Widget_Text\";s:3:\"raw\";b:0;s:4:\"grid\";i:2;s:4:\"cell\";i:0;s:2:\"id\";i:4;s:5:\"style\";a:1:{s:18:\"background_display\";s:4:\"tile\";}}}i:5;a:3:{s:3:\"src\";s:69:\"http://newsite.casperelectronics.com/wp-content/uploads/2015/01/5.jpg\";s:4:\"href\";s:49:\"http://newsite.casperelectronics.com/?page_id=247\";s:11:\"panels_info\";a:6:{s:5:\"class\";s:31:\"SiteOrigin_Panels_Widgets_Image\";s:3:\"raw\";b:0;s:4:\"grid\";i:2;s:4:\"cell\";i:1;s:2:\"id\";i:5;s:5:\"style\";a:1:{s:18:\"background_display\";s:4:\"tile\";}}}i:6;a:3:{s:3:\"src\";s:77:\"http://newsite.casperelectronics.com/wp-content/uploads/2015/01/nintendo1.jpg\";s:4:\"href\";s:49:\"http://newsite.casperelectronics.com/?page_id=251\";s:11:\"panels_info\";a:6:{s:5:\"class\";s:31:\"SiteOrigin_Panels_Widgets_Image\";s:3:\"raw\";b:0;s:4:\"grid\";i:3;s:4:\"cell\";i:0;s:2:\"id\";i:6;s:5:\"style\";a:1:{s:18:\"background_display\";s:4:\"tile\";}}}i:7;a:4:{s:5:\"title\";s:8:\"Nintendo\";s:4:\"text\";s:357:\"This is a modified Nintendo video game console. It is a very simple bend and is a lot of fun to play with. To bend this unit I simply added a patch bay to a handful of points on the video processing chips. The Display can be tweaked by either connecting points together or by feeding in external signals, like audio or voltages from my modular synthesizer. \";s:6:\"filter\";b:0;s:11:\"panels_info\";a:6:{s:5:\"class\";s:14:\"WP_Widget_Text\";s:3:\"raw\";b:0;s:4:\"grid\";i:3;s:4:\"cell\";i:1;s:2:\"id\";i:7;s:5:\"style\";a:1:{s:18:\"background_display\";s:4:\"tile\";}}}i:8;a:4:{s:5:\"title\";s:6:\"Murals\";s:4:\"text\";s:81:\"Murals from the old and NEW diy show space Silent Barn in brooklyn New York 2013.\";s:11:\"panels_info\";a:5:{s:5:\"class\";s:14:\"WP_Widget_Text\";s:4:\"grid\";i:4;s:4:\"cell\";i:0;s:2:\"id\";i:8;s:5:\"style\";a:2:{s:27:\"background_image_attachment\";b:0;s:18:\"background_display\";s:4:\"tile\";}}s:6:\"filter\";b:0;}i:9;a:3:{s:3:\"src\";s:76:\"http://newsite.casperelectronics.com/wp-content/uploads/2015/01/IMG_2364.jpg\";s:4:\"href\";s:49:\"http://newsite.casperelectronics.com/?page_id=249\";s:11:\"panels_info\";a:5:{s:5:\"class\";s:31:\"SiteOrigin_Panels_Widgets_Image\";s:4:\"grid\";i:4;s:4:\"cell\";i:1;s:2:\"id\";i:9;s:5:\"style\";a:2:{s:27:\"background_image_attachment\";b:0;s:18:\"background_display\";s:4:\"tile\";}}}}s:5:\"grids\";a:5:{i:0;a:2:{s:5:\"cells\";i:2;s:5:\"style\";a:4:{s:13:\"bottom_margin\";s:4:\"25px\";s:7:\"padding\";s:5:\"200px\";s:11:\"row_stretch\";s:4:\"full\";s:18:\"background_display\";s:4:\"tile\";}}i:1;a:2:{s:5:\"cells\";i:2;s:5:\"style\";a:4:{s:13:\"bottom_margin\";s:4:\"25px\";s:7:\"padding\";s:5:\"200px\";s:11:\"row_stretch\";s:4:\"full\";s:18:\"background_display\";s:4:\"tile\";}}i:2;a:2:{s:5:\"cells\";i:2;s:5:\"style\";a:4:{s:13:\"bottom_margin\";s:4:\"25px\";s:7:\"padding\";s:5:\"200px\";s:11:\"row_stretch\";s:4:\"full\";s:18:\"background_display\";s:4:\"tile\";}}i:3;a:2:{s:5:\"cells\";i:2;s:5:\"style\";a:4:{s:13:\"bottom_margin\";s:4:\"25px\";s:7:\"padding\";s:5:\"200px\";s:11:\"row_stretch\";s:4:\"full\";s:18:\"background_display\";s:4:\"tile\";}}i:4;a:2:{s:5:\"cells\";i:2;s:5:\"style\";a:4:{s:13:\"bottom_margin\";s:4:\"25px\";s:7:\"padding\";s:5:\"200px\";s:11:\"row_stretch\";s:4:\"full\";s:18:\"background_display\";s:4:\"tile\";}}}s:10:\"grid_cells\";a:10:{i:0;a:2:{s:4:\"grid\";i:0;s:6:\"weight\";d:0.5;}i:1;a:2:{s:4:\"grid\";i:0;s:6:\"weight\";d:0.5;}i:2;a:2:{s:4:\"grid\";i:1;s:6:\"weight\";d:0.5;}i:3;a:2:{s:4:\"grid\";i:1;s:6:\"weight\";d:0.5;}i:4;a:2:{s:4:\"grid\";i:2;s:6:\"weight\";d:0.5;}i:5;a:2:{s:4:\"grid\";i:2;s:6:\"weight\";d:0.5;}i:6;a:2:{s:4:\"grid\";i:3;s:6:\"weight\";d:0.5;}i:7;a:2:{s:4:\"grid\";i:3;s:6:\"weight\";d:0.5;}i:8;a:2:{s:4:\"grid\";i:4;s:6:\"weight\";d:0.5;}i:9;a:2:{s:4:\"grid\";i:4;s:6:\"weight\";d:0.5;}}}'),(1027,475,'_wp_attached_file','2015/01/acapela.jpg'),(1028,475,'_wp_attachment_metadata','a:5:{s:5:\"width\";i:500;s:6:\"height\";i:333;s:4:\"file\";s:19:\"2015/01/acapela.jpg\";s:5:\"sizes\";a:5:{s:9:\"thumbnail\";a:4:{s:4:\"file\";s:19:\"acapela-150x150.jpg\";s:5:\"width\";i:150;s:6:\"height\";i:150;s:9:\"mime-type\";s:10:\"image/jpeg\";}s:6:\"medium\";a:4:{s:4:\"file\";s:19:\"acapela-300x199.jpg\";s:5:\"width\";i:300;s:6:\"height\";i:199;s:9:\"mime-type\";s:10:\"image/jpeg\";}s:16:\"vantage-carousel\";a:4:{s:4:\"file\";s:19:\"acapela-272x182.jpg\";s:5:\"width\";i:272;s:6:\"height\";i:182;s:9:\"mime-type\";s:10:\"image/jpeg\";}s:17:\"vantage-grid-loop\";a:4:{s:4:\"file\";s:19:\"acapela-436x272.jpg\";s:5:\"width\";i:436;s:6:\"height\";i:272;s:9:\"mime-type\";s:10:\"image/jpeg\";}s:20:\"sow-carousel-default\";a:4:{s:4:\"file\";s:19:\"acapela-272x182.jpg\";s:5:\"width\";i:272;s:6:\"height\";i:182;s:9:\"mime-type\";s:10:\"image/jpeg\";}}s:10:\"image_meta\";a:11:{s:8:\"aperture\";i:0;s:6:\"credit\";s:0:\"\";s:6:\"camera\";s:0:\"\";s:7:\"caption\";s:0:\"\";s:17:\"created_timestamp\";i:0;s:9:\"copyright\";s:0:\"\";s:12:\"focal_length\";i:0;s:3:\"iso\";i:0;s:13:\"shutter_speed\";i:0;s:5:\"title\";s:0:\"\";s:11:\"orientation\";i:1;}}'),(1029,476,'_wp_attached_file','2015/01/download.jpg'),(1030,476,'_wp_attachment_metadata','a:5:{s:5:\"width\";i:361;s:6:\"height\";i:471;s:4:\"file\";s:20:\"2015/01/download.jpg\";s:5:\"sizes\";a:7:{s:9:\"thumbnail\";a:4:{s:4:\"file\";s:20:\"download-150x150.jpg\";s:5:\"width\";i:150;s:6:\"height\";i:150;s:9:\"mime-type\";s:10:\"image/jpeg\";}s:6:\"medium\";a:4:{s:4:\"file\";s:20:\"download-229x300.jpg\";s:5:\"width\";i:229;s:6:\"height\";i:300;s:9:\"mime-type\";s:10:\"image/jpeg\";}s:14:\"post-thumbnail\";a:4:{s:4:\"file\";s:20:\"download-361x380.jpg\";s:5:\"width\";i:361;s:6:\"height\";i:380;s:9:\"mime-type\";s:10:\"image/jpeg\";}s:28:\"vantage-thumbnail-no-sidebar\";a:4:{s:4:\"file\";s:20:\"download-361x380.jpg\";s:5:\"width\";i:361;s:6:\"height\";i:380;s:9:\"mime-type\";s:10:\"image/jpeg\";}s:16:\"vantage-carousel\";a:4:{s:4:\"file\";s:20:\"download-272x182.jpg\";s:5:\"width\";i:272;s:6:\"height\";i:182;s:9:\"mime-type\";s:10:\"image/jpeg\";}s:17:\"vantage-grid-loop\";a:4:{s:4:\"file\";s:20:\"download-361x272.jpg\";s:5:\"width\";i:361;s:6:\"height\";i:272;s:9:\"mime-type\";s:10:\"image/jpeg\";}s:20:\"sow-carousel-default\";a:4:{s:4:\"file\";s:20:\"download-272x182.jpg\";s:5:\"width\";i:272;s:6:\"height\";i:182;s:9:\"mime-type\";s:10:\"image/jpeg\";}}s:10:\"image_meta\";a:11:{s:8:\"aperture\";i:0;s:6:\"credit\";s:0:\"\";s:6:\"camera\";s:0:\"\";s:7:\"caption\";s:0:\"\";s:17:\"created_timestamp\";i:0;s:9:\"copyright\";s:0:\"\";s:12:\"focal_length\";i:0;s:3:\"iso\";i:0;s:13:\"shutter_speed\";i:0;s:5:\"title\";s:0:\"\";s:11:\"orientation\";i:1;}}'),(1031,477,'_wp_attached_file','2015/01/EM17_Wedding_002.jpg'),(1032,477,'_wp_attachment_metadata','a:5:{s:5:\"width\";i:500;s:6:\"height\";i:333;s:4:\"file\";s:28:\"2015/01/EM17_Wedding_002.jpg\";s:5:\"sizes\";a:5:{s:9:\"thumbnail\";a:4:{s:4:\"file\";s:28:\"EM17_Wedding_002-150x150.jpg\";s:5:\"width\";i:150;s:6:\"height\";i:150;s:9:\"mime-type\";s:10:\"image/jpeg\";}s:6:\"medium\";a:4:{s:4:\"file\";s:28:\"EM17_Wedding_002-300x199.jpg\";s:5:\"width\";i:300;s:6:\"height\";i:199;s:9:\"mime-type\";s:10:\"image/jpeg\";}s:16:\"vantage-carousel\";a:4:{s:4:\"file\";s:28:\"EM17_Wedding_002-272x182.jpg\";s:5:\"width\";i:272;s:6:\"height\";i:182;s:9:\"mime-type\";s:10:\"image/jpeg\";}s:17:\"vantage-grid-loop\";a:4:{s:4:\"file\";s:28:\"EM17_Wedding_002-436x272.jpg\";s:5:\"width\";i:436;s:6:\"height\";i:272;s:9:\"mime-type\";s:10:\"image/jpeg\";}s:20:\"sow-carousel-default\";a:4:{s:4:\"file\";s:28:\"EM17_Wedding_002-272x182.jpg\";s:5:\"width\";i:272;s:6:\"height\";i:182;s:9:\"mime-type\";s:10:\"image/jpeg\";}}s:10:\"image_meta\";a:11:{s:8:\"aperture\";d:5.5999999999999996447286321199499070644378662109375;s:6:\"credit\";s:16:\"Patrick O\'Rourke\";s:6:\"camera\";s:19:\"Canon EOS REBEL T1i\";s:7:\"caption\";s:0:\"\";s:17:\"created_timestamp\";i:1295907540;s:9:\"copyright\";s:0:\"\";s:12:\"focal_length\";s:2:\"55\";s:3:\"iso\";s:4:\"3200\";s:13:\"shutter_speed\";s:15:\"0.0666666666667\";s:5:\"title\";s:45:\"Bob Lovell and Dawn Desjardins Wedding, EM 17\";s:11:\"orientation\";i:1;}}'),(1033,478,'_wp_attached_file','2015/01/IMG_1030-300x200.jpg'),(1034,478,'_wp_attachment_metadata','a:5:{s:5:\"width\";i:500;s:6:\"height\";i:333;s:4:\"file\";s:28:\"2015/01/IMG_1030-300x200.jpg\";s:5:\"sizes\";a:5:{s:9:\"thumbnail\";a:4:{s:4:\"file\";s:28:\"IMG_1030-300x200-150x150.jpg\";s:5:\"width\";i:150;s:6:\"height\";i:150;s:9:\"mime-type\";s:10:\"image/jpeg\";}s:6:\"medium\";a:4:{s:4:\"file\";s:28:\"IMG_1030-300x200-300x199.jpg\";s:5:\"width\";i:300;s:6:\"height\";i:199;s:9:\"mime-type\";s:10:\"image/jpeg\";}s:16:\"vantage-carousel\";a:4:{s:4:\"file\";s:28:\"IMG_1030-300x200-272x182.jpg\";s:5:\"width\";i:272;s:6:\"height\";i:182;s:9:\"mime-type\";s:10:\"image/jpeg\";}s:17:\"vantage-grid-loop\";a:4:{s:4:\"file\";s:28:\"IMG_1030-300x200-436x272.jpg\";s:5:\"width\";i:436;s:6:\"height\";i:272;s:9:\"mime-type\";s:10:\"image/jpeg\";}s:20:\"sow-carousel-default\";a:4:{s:4:\"file\";s:28:\"IMG_1030-300x200-272x182.jpg\";s:5:\"width\";i:272;s:6:\"height\";i:182;s:9:\"mime-type\";s:10:\"image/jpeg\";}}s:10:\"image_meta\";a:11:{s:8:\"aperture\";d:3.5;s:6:\"credit\";s:0:\"\";s:6:\"camera\";s:19:\"Canon EOS REBEL T2i\";s:7:\"caption\";s:0:\"\";s:17:\"created_timestamp\";i:1302235536;s:9:\"copyright\";s:0:\"\";s:12:\"focal_length\";s:2:\"20\";s:3:\"iso\";s:4:\"3200\";s:13:\"shutter_speed\";s:4:\"0.04\";s:5:\"title\";s:0:\"\";s:11:\"orientation\";i:1;}}'),(1035,479,'_wp_attached_file','2015/01/specter2.jpg'),(1036,479,'_wp_attachment_metadata','a:5:{s:5:\"width\";i:322;s:6:\"height\";i:500;s:4:\"file\";s:20:\"2015/01/specter2.jpg\";s:5:\"sizes\";a:8:{s:9:\"thumbnail\";a:4:{s:4:\"file\";s:20:\"specter2-150x150.jpg\";s:5:\"width\";i:150;s:6:\"height\";i:150;s:9:\"mime-type\";s:10:\"image/jpeg\";}s:6:\"medium\";a:4:{s:4:\"file\";s:20:\"specter2-193x300.jpg\";s:5:\"width\";i:193;s:6:\"height\";i:300;s:9:\"mime-type\";s:10:\"image/jpeg\";}s:14:\"post-thumbnail\";a:4:{s:4:\"file\";s:20:\"specter2-322x380.jpg\";s:5:\"width\";i:322;s:6:\"height\";i:380;s:9:\"mime-type\";s:10:\"image/jpeg\";}s:28:\"vantage-thumbnail-no-sidebar\";a:4:{s:4:\"file\";s:20:\"specter2-322x380.jpg\";s:5:\"width\";i:322;s:6:\"height\";i:380;s:9:\"mime-type\";s:10:\"image/jpeg\";}s:13:\"vantage-slide\";a:4:{s:4:\"file\";s:20:\"specter2-322x480.jpg\";s:5:\"width\";i:322;s:6:\"height\";i:480;s:9:\"mime-type\";s:10:\"image/jpeg\";}s:16:\"vantage-carousel\";a:4:{s:4:\"file\";s:20:\"specter2-272x182.jpg\";s:5:\"width\";i:272;s:6:\"height\";i:182;s:9:\"mime-type\";s:10:\"image/jpeg\";}s:17:\"vantage-grid-loop\";a:4:{s:4:\"file\";s:20:\"specter2-322x272.jpg\";s:5:\"width\";i:322;s:6:\"height\";i:272;s:9:\"mime-type\";s:10:\"image/jpeg\";}s:20:\"sow-carousel-default\";a:4:{s:4:\"file\";s:20:\"specter2-272x182.jpg\";s:5:\"width\";i:272;s:6:\"height\";i:182;s:9:\"mime-type\";s:10:\"image/jpeg\";}}s:10:\"image_meta\";a:11:{s:8:\"aperture\";i:0;s:6:\"credit\";s:0:\"\";s:6:\"camera\";s:0:\"\";s:7:\"caption\";s:0:\"\";s:17:\"created_timestamp\";i:0;s:9:\"copyright\";s:0:\"\";s:12:\"focal_length\";i:0;s:3:\"iso\";i:0;s:13:\"shutter_speed\";i:0;s:5:\"title\";s:0:\"\";s:11:\"orientation\";i:1;}}'),(1037,480,'_wp_attached_file','2015/01/the-orb.jpg'),(1038,480,'_wp_attachment_metadata','a:5:{s:5:\"width\";i:500;s:6:\"height\";i:333;s:4:\"file\";s:19:\"2015/01/the-orb.jpg\";s:5:\"sizes\";a:5:{s:9:\"thumbnail\";a:4:{s:4:\"file\";s:19:\"the-orb-150x150.jpg\";s:5:\"width\";i:150;s:6:\"height\";i:150;s:9:\"mime-type\";s:10:\"image/jpeg\";}s:6:\"medium\";a:4:{s:4:\"file\";s:19:\"the-orb-300x199.jpg\";s:5:\"width\";i:300;s:6:\"height\";i:199;s:9:\"mime-type\";s:10:\"image/jpeg\";}s:16:\"vantage-carousel\";a:4:{s:4:\"file\";s:19:\"the-orb-272x182.jpg\";s:5:\"width\";i:272;s:6:\"height\";i:182;s:9:\"mime-type\";s:10:\"image/jpeg\";}s:17:\"vantage-grid-loop\";a:4:{s:4:\"file\";s:19:\"the-orb-436x272.jpg\";s:5:\"width\";i:436;s:6:\"height\";i:272;s:9:\"mime-type\";s:10:\"image/jpeg\";}s:20:\"sow-carousel-default\";a:4:{s:4:\"file\";s:19:\"the-orb-272x182.jpg\";s:5:\"width\";i:272;s:6:\"height\";i:182;s:9:\"mime-type\";s:10:\"image/jpeg\";}}s:10:\"image_meta\";a:11:{s:8:\"aperture\";i:0;s:6:\"credit\";s:0:\"\";s:6:\"camera\";s:0:\"\";s:7:\"caption\";s:0:\"\";s:17:\"created_timestamp\";i:0;s:9:\"copyright\";s:0:\"\";s:12:\"focal_length\";i:0;s:3:\"iso\";i:0;s:13:\"shutter_speed\";i:0;s:5:\"title\";s:0:\"\";s:11:\"orientation\";i:1;}}'),(1039,481,'ml-slider_settings','a:35:{s:4:\"type\";s:4:\"nivo\";s:6:\"random\";s:5:\"false\";s:8:\"cssClass\";s:0:\"\";s:8:\"printCss\";s:4:\"true\";s:7:\"printJs\";s:4:\"true\";s:5:\"width\";s:3:\"500\";s:6:\"height\";s:3:\"400\";s:3:\"spw\";s:1:\"7\";s:3:\"sph\";s:1:\"5\";s:5:\"delay\";s:4:\"1000\";s:6:\"sDelay\";i:30;s:7:\"opacity\";d:0.6999999999999999555910790149937383830547332763671875;s:10:\"titleSpeed\";i:500;s:6:\"effect\";s:4:\"fade\";s:10:\"navigation\";s:5:\"false\";s:5:\"links\";s:4:\"true\";s:10:\"hoverPause\";s:4:\"true\";s:5:\"theme\";s:7:\"default\";s:9:\"direction\";s:10:\"horizontal\";s:7:\"reverse\";s:5:\"false\";s:14:\"animationSpeed\";s:3:\"100\";s:8:\"prevText\";s:1:\"<\";s:8:\"nextText\";s:1:\">\";s:6:\"slices\";s:2:\"15\";s:6:\"center\";s:5:\"false\";s:9:\"smartCrop\";s:4:\"true\";s:12:\"carouselMode\";s:5:\"false\";s:14:\"carouselMargin\";s:1:\"5\";s:6:\"easing\";s:6:\"linear\";s:8:\"autoPlay\";s:5:\"false\";s:11:\"thumb_width\";i:150;s:12:\"thumb_height\";i:100;s:9:\"fullWidth\";s:5:\"false\";s:10:\"noConflict\";s:5:\"false\";s:12:\"smoothHeight\";s:5:\"false\";}'),(1040,479,'ml-slider_type','image'),(1041,480,'ml-slider_type','image'),(1042,478,'ml-slider_type','image'),(1043,477,'ml-slider_type','image'),(1044,476,'ml-slider_type','image'),(1045,475,'ml-slider_type','image'),(1046,479,'_wp_attachment_backup_sizes','a:4:{s:15:\"resized-322x149\";a:5:{s:4:\"path\";s:82:\"/home/casperel/public_html/newsite/wp-content/uploads/2015/01/specter2-322x149.jpg\";s:4:\"file\";s:20:\"specter2-322x149.jpg\";s:5:\"width\";i:322;s:6:\"height\";i:149;s:9:\"mime-type\";s:10:\"image/jpeg\";}s:15:\"resized-322x322\";a:5:{s:4:\"path\";s:82:\"/home/casperel/public_html/newsite/wp-content/uploads/2015/01/specter2-322x322.jpg\";s:4:\"file\";s:20:\"specter2-322x322.jpg\";s:5:\"width\";i:322;s:6:\"height\";i:322;s:9:\"mime-type\";s:10:\"image/jpeg\";}s:15:\"resized-322x230\";a:5:{s:4:\"path\";s:82:\"/home/casperel/public_html/newsite/wp-content/uploads/2015/01/specter2-322x230.jpg\";s:4:\"file\";s:20:\"specter2-322x230.jpg\";s:5:\"width\";i:322;s:6:\"height\";i:230;s:9:\"mime-type\";s:10:\"image/jpeg\";}s:15:\"resized-322x257\";a:5:{s:4:\"path\";s:82:\"/home/casperel/public_html/newsite/wp-content/uploads/2015/01/specter2-322x257.jpg\";s:4:\"file\";s:20:\"specter2-322x257.jpg\";s:5:\"width\";i:322;s:6:\"height\";i:257;s:9:\"mime-type\";s:10:\"image/jpeg\";}}'),(1047,480,'_wp_attachment_backup_sizes','a:4:{s:15:\"resized-500x231\";a:5:{s:4:\"path\";s:81:\"/home/casperel/public_html/newsite/wp-content/uploads/2015/01/the-orb-500x231.jpg\";s:4:\"file\";s:19:\"the-orb-500x231.jpg\";s:5:\"width\";i:500;s:6:\"height\";i:231;s:9:\"mime-type\";s:10:\"image/jpeg\";}s:15:\"resized-333x333\";a:5:{s:4:\"path\";s:81:\"/home/casperel/public_html/newsite/wp-content/uploads/2015/01/the-orb-333x333.jpg\";s:4:\"file\";s:19:\"the-orb-333x333.jpg\";s:5:\"width\";i:333;s:6:\"height\";i:333;s:9:\"mime-type\";s:10:\"image/jpeg\";}s:15:\"resized-466x333\";a:5:{s:4:\"path\";s:81:\"/home/casperel/public_html/newsite/wp-content/uploads/2015/01/the-orb-466x333.jpg\";s:4:\"file\";s:19:\"the-orb-466x333.jpg\";s:5:\"width\";i:466;s:6:\"height\";i:333;s:9:\"mime-type\";s:10:\"image/jpeg\";}s:15:\"resized-416x333\";a:5:{s:4:\"path\";s:81:\"/home/casperel/public_html/newsite/wp-content/uploads/2015/01/the-orb-416x333.jpg\";s:4:\"file\";s:19:\"the-orb-416x333.jpg\";s:5:\"width\";i:416;s:6:\"height\";i:333;s:9:\"mime-type\";s:10:\"image/jpeg\";}}'),(1048,478,'_wp_attachment_backup_sizes','a:4:{s:15:\"resized-500x231\";a:5:{s:4:\"path\";s:90:\"/home/casperel/public_html/newsite/wp-content/uploads/2015/01/IMG_1030-300x200-500x231.jpg\";s:4:\"file\";s:28:\"IMG_1030-300x200-500x231.jpg\";s:5:\"width\";i:500;s:6:\"height\";i:231;s:9:\"mime-type\";s:10:\"image/jpeg\";}s:15:\"resized-333x333\";a:5:{s:4:\"path\";s:90:\"/home/casperel/public_html/newsite/wp-content/uploads/2015/01/IMG_1030-300x200-333x333.jpg\";s:4:\"file\";s:28:\"IMG_1030-300x200-333x333.jpg\";s:5:\"width\";i:333;s:6:\"height\";i:333;s:9:\"mime-type\";s:10:\"image/jpeg\";}s:15:\"resized-466x333\";a:5:{s:4:\"path\";s:90:\"/home/casperel/public_html/newsite/wp-content/uploads/2015/01/IMG_1030-300x200-466x333.jpg\";s:4:\"file\";s:28:\"IMG_1030-300x200-466x333.jpg\";s:5:\"width\";i:466;s:6:\"height\";i:333;s:9:\"mime-type\";s:10:\"image/jpeg\";}s:15:\"resized-416x333\";a:5:{s:4:\"path\";s:90:\"/home/casperel/public_html/newsite/wp-content/uploads/2015/01/IMG_1030-300x200-416x333.jpg\";s:4:\"file\";s:28:\"IMG_1030-300x200-416x333.jpg\";s:5:\"width\";i:416;s:6:\"height\";i:333;s:9:\"mime-type\";s:10:\"image/jpeg\";}}'),(1049,477,'_wp_attachment_backup_sizes','a:4:{s:15:\"resized-500x231\";a:5:{s:4:\"path\";s:90:\"/home/casperel/public_html/newsite/wp-content/uploads/2015/01/EM17_Wedding_002-500x231.jpg\";s:4:\"file\";s:28:\"EM17_Wedding_002-500x231.jpg\";s:5:\"width\";i:500;s:6:\"height\";i:231;s:9:\"mime-type\";s:10:\"image/jpeg\";}s:15:\"resized-333x333\";a:5:{s:4:\"path\";s:90:\"/home/casperel/public_html/newsite/wp-content/uploads/2015/01/EM17_Wedding_002-333x333.jpg\";s:4:\"file\";s:28:\"EM17_Wedding_002-333x333.jpg\";s:5:\"width\";i:333;s:6:\"height\";i:333;s:9:\"mime-type\";s:10:\"image/jpeg\";}s:15:\"resized-466x333\";a:5:{s:4:\"path\";s:90:\"/home/casperel/public_html/newsite/wp-content/uploads/2015/01/EM17_Wedding_002-466x333.jpg\";s:4:\"file\";s:28:\"EM17_Wedding_002-466x333.jpg\";s:5:\"width\";i:466;s:6:\"height\";i:333;s:9:\"mime-type\";s:10:\"image/jpeg\";}s:15:\"resized-416x333\";a:5:{s:4:\"path\";s:90:\"/home/casperel/public_html/newsite/wp-content/uploads/2015/01/EM17_Wedding_002-416x333.jpg\";s:4:\"file\";s:28:\"EM17_Wedding_002-416x333.jpg\";s:5:\"width\";i:416;s:6:\"height\";i:333;s:9:\"mime-type\";s:10:\"image/jpeg\";}}'),(1050,476,'_wp_attachment_backup_sizes','a:4:{s:15:\"resized-361x167\";a:5:{s:4:\"path\";s:82:\"/home/casperel/public_html/newsite/wp-content/uploads/2015/01/download-361x167.jpg\";s:4:\"file\";s:20:\"download-361x167.jpg\";s:5:\"width\";i:361;s:6:\"height\";i:167;s:9:\"mime-type\";s:10:\"image/jpeg\";}s:15:\"resized-361x361\";a:5:{s:4:\"path\";s:82:\"/home/casperel/public_html/newsite/wp-content/uploads/2015/01/download-361x361.jpg\";s:4:\"file\";s:20:\"download-361x361.jpg\";s:5:\"width\";i:361;s:6:\"height\";i:361;s:9:\"mime-type\";s:10:\"image/jpeg\";}s:15:\"resized-361x257\";a:5:{s:4:\"path\";s:82:\"/home/casperel/public_html/newsite/wp-content/uploads/2015/01/download-361x257.jpg\";s:4:\"file\";s:20:\"download-361x257.jpg\";s:5:\"width\";i:361;s:6:\"height\";i:257;s:9:\"mime-type\";s:10:\"image/jpeg\";}s:15:\"resized-361x288\";a:5:{s:4:\"path\";s:82:\"/home/casperel/public_html/newsite/wp-content/uploads/2015/01/download-361x288.jpg\";s:4:\"file\";s:20:\"download-361x288.jpg\";s:5:\"width\";i:361;s:6:\"height\";i:288;s:9:\"mime-type\";s:10:\"image/jpeg\";}}'),(1051,475,'_wp_attachment_backup_sizes','a:4:{s:15:\"resized-500x231\";a:5:{s:4:\"path\";s:81:\"/home/casperel/public_html/newsite/wp-content/uploads/2015/01/acapela-500x231.jpg\";s:4:\"file\";s:19:\"acapela-500x231.jpg\";s:5:\"width\";i:500;s:6:\"height\";i:231;s:9:\"mime-type\";s:10:\"image/jpeg\";}s:15:\"resized-333x333\";a:5:{s:4:\"path\";s:81:\"/home/casperel/public_html/newsite/wp-content/uploads/2015/01/acapela-333x333.jpg\";s:4:\"file\";s:19:\"acapela-333x333.jpg\";s:5:\"width\";i:333;s:6:\"height\";i:333;s:9:\"mime-type\";s:10:\"image/jpeg\";}s:15:\"resized-466x333\";a:5:{s:4:\"path\";s:81:\"/home/casperel/public_html/newsite/wp-content/uploads/2015/01/acapela-466x333.jpg\";s:4:\"file\";s:19:\"acapela-466x333.jpg\";s:5:\"width\";i:466;s:6:\"height\";i:333;s:9:\"mime-type\";s:10:\"image/jpeg\";}s:15:\"resized-416x333\";a:5:{s:4:\"path\";s:81:\"/home/casperel/public_html/newsite/wp-content/uploads/2015/01/acapela-416x333.jpg\";s:4:\"file\";s:19:\"acapela-416x333.jpg\";s:5:\"width\";i:416;s:6:\"height\";i:333;s:9:\"mime-type\";s:10:\"image/jpeg\";}}'),(1052,480,'ml-slider_crop_position','center-center'),(1053,480,'_wp_attachment_image_alt',''),(1054,479,'ml-slider_crop_position','center-center'),(1055,479,'_wp_attachment_image_alt',''),(1056,478,'ml-slider_crop_position','center-center'),(1057,478,'_wp_attachment_image_alt',''),(1058,477,'ml-slider_crop_position','center-center'),(1059,477,'_wp_attachment_image_alt',''),(1060,476,'ml-slider_crop_position','center-center'),(1061,476,'_wp_attachment_image_alt',''),(1062,475,'ml-slider_crop_position','center-center'),(1063,475,'_wp_attachment_image_alt',''),(1064,483,'panels_data','a:3:{s:7:\"widgets\";a:4:{i:0;a:2:{s:5:\"video\";s:66:\"http://www.youtube.com/watch?feature=player_embedded&v=RzW-kj36llQ\";s:11:\"panels_info\";a:5:{s:5:\"class\";s:39:\"SiteOrigin_Panels_Widgets_EmbeddedVideo\";s:4:\"grid\";i:0;s:4:\"cell\";i:0;s:2:\"id\";i:0;s:5:\"style\";a:2:{s:27:\"background_image_attachment\";b:0;s:18:\"background_display\";s:4:\"tile\";}}}i:1;a:2:{s:5:\"video\";s:66:\"http://www.youtube.com/watch?feature=player_embedded&v=IlWriYM1BeQ\";s:11:\"panels_info\";a:5:{s:5:\"class\";s:39:\"SiteOrigin_Panels_Widgets_EmbeddedVideo\";s:4:\"grid\";i:0;s:4:\"cell\";i:0;s:2:\"id\";i:1;s:5:\"style\";a:2:{s:27:\"background_image_attachment\";b:0;s:18:\"background_display\";s:4:\"tile\";}}}i:2;a:2:{s:5:\"video\";s:66:\"http://www.youtube.com/watch?feature=player_embedded&v=aVmIxDanbXo\";s:11:\"panels_info\";a:5:{s:5:\"class\";s:39:\"SiteOrigin_Panels_Widgets_EmbeddedVideo\";s:4:\"grid\";i:0;s:4:\"cell\";i:1;s:2:\"id\";i:2;s:5:\"style\";a:2:{s:27:\"background_image_attachment\";b:0;s:18:\"background_display\";s:4:\"tile\";}}}i:3;a:5:{s:4:\"type\";s:6:\"visual\";s:5:\"title\";s:0:\"\";s:4:\"text\";s:26:\"<p>[metaslider id=481]</p>\";s:6:\"filter\";s:1:\"1\";s:11:\"panels_info\";a:5:{s:5:\"class\";s:30:\"WP_Widget_Black_Studio_TinyMCE\";s:4:\"grid\";i:0;s:4:\"cell\";i:1;s:2:\"id\";i:3;s:5:\"style\";a:2:{s:27:\"background_image_attachment\";b:0;s:18:\"background_display\";s:4:\"tile\";}}}}s:5:\"grids\";a:1:{i:0;a:2:{s:5:\"cells\";i:2;s:5:\"style\";a:0:{}}}s:10:\"grid_cells\";a:2:{i:0;a:2:{s:4:\"grid\";i:0;s:6:\"weight\";d:0.5;}i:1;a:2:{s:4:\"grid\";i:0;s:6:\"weight\";d:0.5;}}}'),(1066,484,'panels_data','a:3:{s:7:\"widgets\";a:12:{i:0;a:4:{s:5:\"title\";s:10:\"BIT BENDER\";s:4:\"text\";s:362:\"BitBender is an interactive installation which invites viewers to play games while also generating complex sounds and interlinked video glitch effects by manipulating a custom joystick. It was commissioned by the Contemporary Gallery at Georgia Southern University and has been shown at the Contemporary Gallery and The Clock Tower Gallery in Manhattan New York.\";s:6:\"filter\";b:0;s:11:\"panels_info\";a:6:{s:5:\"class\";s:14:\"WP_Widget_Text\";s:3:\"raw\";b:0;s:4:\"grid\";i:0;s:4:\"cell\";i:0;s:2:\"id\";i:0;s:5:\"style\";a:1:{s:18:\"background_display\";s:4:\"tile\";}}}i:1;a:3:{s:3:\"src\";s:84:\"http://newsite.casperelectronics.com/wp-content/uploads/2015/01/marioBit-300x199.jpg\";s:4:\"href\";s:49:\"http://newsite.casperelectronics.com/?page_id=245\";s:11:\"panels_info\";a:6:{s:5:\"class\";s:31:\"SiteOrigin_Panels_Widgets_Image\";s:3:\"raw\";b:0;s:4:\"grid\";i:0;s:4:\"cell\";i:1;s:2:\"id\";i:1;s:5:\"style\";a:1:{s:18:\"background_display\";s:4:\"tile\";}}}i:2;a:3:{s:3:\"src\";s:75:\"http://newsite.casperelectronics.com/wp-content/uploads/2015/01/Kosmos1.jpg\";s:4:\"href\";s:50:\"http://newsite.casperelectronics.com/?page_id=282 \";s:11:\"panels_info\";a:6:{s:5:\"class\";s:31:\"SiteOrigin_Panels_Widgets_Image\";s:3:\"raw\";b:0;s:4:\"grid\";i:1;s:4:\"cell\";i:0;s:2:\"id\";i:2;s:5:\"style\";a:1:{s:18:\"background_display\";s:4:\"tile\";}}}i:3;a:4:{s:5:\"title\";s:6:\"KOSMOS\";s:4:\"text\";s:221:\"Kosmos is an interactive sound and light installation displayed at the Contemporary Artists Center in Troy NY for nearly two years. It was designed by myself and Ed Bear and is a continuation of my exploration of the ORB.\";s:6:\"filter\";b:0;s:11:\"panels_info\";a:6:{s:5:\"class\";s:14:\"WP_Widget_Text\";s:3:\"raw\";b:0;s:4:\"grid\";i:1;s:4:\"cell\";i:1;s:2:\"id\";i:3;s:5:\"style\";a:1:{s:18:\"background_display\";s:4:\"tile\";}}}i:4;a:4:{s:5:\"title\";s:16:\"Moral Magistrate\";s:4:\"text\";s:540:\"The Moral Magistrate is designed to record audio data from two musicians, process that data and determine which performance (and hence performer) had greater moral content. Rather than focusing on HOW it does this we have tried to turn the audiences attention to the questions a device like this introduces. What is morality? Is our inner moral character reflected in what we do (like perform music)? Can technology quantify the intangible? How much is this technology forming our world and our conceptions of reality and even spirituality?\";s:6:\"filter\";b:0;s:11:\"panels_info\";a:6:{s:5:\"class\";s:14:\"WP_Widget_Text\";s:3:\"raw\";b:0;s:4:\"grid\";i:2;s:4:\"cell\";i:0;s:2:\"id\";i:4;s:5:\"style\";a:1:{s:18:\"background_display\";s:4:\"tile\";}}}i:5;a:3:{s:3:\"src\";s:69:\"http://newsite.casperelectronics.com/wp-content/uploads/2015/01/5.jpg\";s:4:\"href\";s:49:\"http://newsite.casperelectronics.com/?page_id=247\";s:11:\"panels_info\";a:6:{s:5:\"class\";s:31:\"SiteOrigin_Panels_Widgets_Image\";s:3:\"raw\";b:0;s:4:\"grid\";i:2;s:4:\"cell\";i:1;s:2:\"id\";i:5;s:5:\"style\";a:1:{s:18:\"background_display\";s:4:\"tile\";}}}i:6;a:3:{s:3:\"src\";s:77:\"http://newsite.casperelectronics.com/wp-content/uploads/2015/01/nintendo1.jpg\";s:4:\"href\";s:49:\"http://newsite.casperelectronics.com/?page_id=251\";s:11:\"panels_info\";a:6:{s:5:\"class\";s:31:\"SiteOrigin_Panels_Widgets_Image\";s:3:\"raw\";b:0;s:4:\"grid\";i:3;s:4:\"cell\";i:0;s:2:\"id\";i:6;s:5:\"style\";a:1:{s:18:\"background_display\";s:4:\"tile\";}}}i:7;a:4:{s:5:\"title\";s:8:\"Nintendo\";s:4:\"text\";s:357:\"This is a modified Nintendo video game console. It is a very simple bend and is a lot of fun to play with. To bend this unit I simply added a patch bay to a handful of points on the video processing chips. The Display can be tweaked by either connecting points together or by feeding in external signals, like audio or voltages from my modular synthesizer. \";s:6:\"filter\";b:0;s:11:\"panels_info\";a:6:{s:5:\"class\";s:14:\"WP_Widget_Text\";s:3:\"raw\";b:0;s:4:\"grid\";i:3;s:4:\"cell\";i:1;s:2:\"id\";i:7;s:5:\"style\";a:1:{s:18:\"background_display\";s:4:\"tile\";}}}i:8;a:4:{s:5:\"title\";s:6:\"Murals\";s:4:\"text\";s:81:\"Murals from the old and NEW diy show space Silent Barn in brooklyn New York 2013.\";s:6:\"filter\";b:0;s:11:\"panels_info\";a:6:{s:5:\"class\";s:14:\"WP_Widget_Text\";s:3:\"raw\";b:0;s:4:\"grid\";i:4;s:4:\"cell\";i:0;s:2:\"id\";i:8;s:5:\"style\";a:1:{s:18:\"background_display\";s:4:\"tile\";}}}i:9;a:3:{s:3:\"src\";s:76:\"http://newsite.casperelectronics.com/wp-content/uploads/2015/01/IMG_2364.jpg\";s:4:\"href\";s:49:\"http://newsite.casperelectronics.com/?page_id=249\";s:11:\"panels_info\";a:6:{s:5:\"class\";s:31:\"SiteOrigin_Panels_Widgets_Image\";s:3:\"raw\";b:0;s:4:\"grid\";i:4;s:4:\"cell\";i:1;s:2:\"id\";i:9;s:5:\"style\";a:1:{s:18:\"background_display\";s:4:\"tile\";}}}i:10;a:3:{s:3:\"src\";s:77:\"http://newsite.casperelectronics.com/wp-content/uploads/2015/01/nintendo1.jpg\";s:4:\"href\";s:49:\"http://newsite.casperelectronics.com/?page_id=251\";s:11:\"panels_info\";a:6:{s:5:\"class\";s:31:\"SiteOrigin_Panels_Widgets_Image\";s:3:\"raw\";b:0;s:4:\"grid\";i:5;s:4:\"cell\";i:0;s:2:\"id\";i:10;s:5:\"style\";a:1:{s:18:\"background_display\";s:4:\"tile\";}}}i:11;a:4:{s:5:\"title\";s:7:\"Specter\";s:4:\"text\";s:0:\"\";s:11:\"panels_info\";a:5:{s:5:\"class\";s:14:\"WP_Widget_Text\";s:4:\"grid\";i:5;s:4:\"cell\";i:1;s:2:\"id\";i:11;s:5:\"style\";a:2:{s:27:\"background_image_attachment\";b:0;s:18:\"background_display\";s:4:\"tile\";}}s:6:\"filter\";b:0;}}s:5:\"grids\";a:6:{i:0;a:2:{s:5:\"cells\";i:2;s:5:\"style\";a:4:{s:13:\"bottom_margin\";s:4:\"25px\";s:7:\"padding\";s:5:\"200px\";s:11:\"row_stretch\";s:4:\"full\";s:18:\"background_display\";s:4:\"tile\";}}i:1;a:2:{s:5:\"cells\";i:2;s:5:\"style\";a:4:{s:13:\"bottom_margin\";s:4:\"25px\";s:7:\"padding\";s:5:\"200px\";s:11:\"row_stretch\";s:4:\"full\";s:18:\"background_display\";s:4:\"tile\";}}i:2;a:2:{s:5:\"cells\";i:2;s:5:\"style\";a:4:{s:13:\"bottom_margin\";s:4:\"25px\";s:7:\"padding\";s:5:\"200px\";s:11:\"row_stretch\";s:4:\"full\";s:18:\"background_display\";s:4:\"tile\";}}i:3;a:2:{s:5:\"cells\";i:2;s:5:\"style\";a:4:{s:13:\"bottom_margin\";s:4:\"25px\";s:7:\"padding\";s:5:\"200px\";s:11:\"row_stretch\";s:4:\"full\";s:18:\"background_display\";s:4:\"tile\";}}i:4;a:2:{s:5:\"cells\";i:2;s:5:\"style\";a:4:{s:13:\"bottom_margin\";s:4:\"25px\";s:7:\"padding\";s:5:\"200px\";s:11:\"row_stretch\";s:4:\"full\";s:18:\"background_display\";s:4:\"tile\";}}i:5;a:2:{s:5:\"cells\";i:2;s:5:\"style\";a:4:{s:13:\"bottom_margin\";s:4:\"25px\";s:7:\"padding\";s:5:\"200px\";s:11:\"row_stretch\";s:4:\"full\";s:18:\"background_display\";s:4:\"tile\";}}}s:10:\"grid_cells\";a:12:{i:0;a:2:{s:4:\"grid\";i:0;s:6:\"weight\";d:0.5;}i:1;a:2:{s:4:\"grid\";i:0;s:6:\"weight\";d:0.5;}i:2;a:2:{s:4:\"grid\";i:1;s:6:\"weight\";d:0.5;}i:3;a:2:{s:4:\"grid\";i:1;s:6:\"weight\";d:0.5;}i:4;a:2:{s:4:\"grid\";i:2;s:6:\"weight\";d:0.5;}i:5;a:2:{s:4:\"grid\";i:2;s:6:\"weight\";d:0.5;}i:6;a:2:{s:4:\"grid\";i:3;s:6:\"weight\";d:0.5;}i:7;a:2:{s:4:\"grid\";i:3;s:6:\"weight\";d:0.5;}i:8;a:2:{s:4:\"grid\";i:4;s:6:\"weight\";d:0.5;}i:9;a:2:{s:4:\"grid\";i:4;s:6:\"weight\";d:0.5;}i:10;a:2:{s:4:\"grid\";i:5;s:6:\"weight\";d:0.5;}i:11;a:2:{s:4:\"grid\";i:5;s:6:\"weight\";d:0.5;}}}'),(1068,253,'_oembed_0f0f548db30831751057a67738a12649','<iframe width=\"720\" height=\"405\" src=\"http://www.youtube.com/embed/RzW-kj36llQ?feature=oembed\" frameborder=\"0\" allowfullscreen></iframe>'),(1069,253,'_oembed_time_0f0f548db30831751057a67738a12649','1421159566'),(1070,253,'_oembed_2f2ca5afc022798c03d7fa58c32c216d','<iframe width=\"720\" height=\"540\" src=\"http://www.youtube.com/embed/IlWriYM1BeQ?feature=oembed\" frameborder=\"0\" allowfullscreen></iframe>'),(1071,253,'_oembed_time_2f2ca5afc022798c03d7fa58c32c216d','1421159566'),(1072,253,'_oembed_3099766dbf9789829207a6c1ce0444d2','<iframe width=\"720\" height=\"405\" src=\"http://www.youtube.com/embed/aVmIxDanbXo?feature=oembed\" frameborder=\"0\" allowfullscreen></iframe>'),(1073,253,'_oembed_time_3099766dbf9789829207a6c1ce0444d2','1421159566'),(1074,111,'_edit_lock','1425664433:2'),(1075,111,'vantage_metaslider_slider',''),(1076,111,'vantage_menu_icon',''),(1077,111,'panels_data','a:3:{s:7:\"widgets\";a:2:{i:0;a:5:{s:4:\"type\";s:6:\"visual\";s:5:\"title\";s:0:\"\";s:4:\"text\";s:858:\"<h2 style=\"text-align: center;\"> </h2><h2><span style=\"text-decoration: underline;\"><a href=\"http://rhizome.org/editorial/2011/jun/27/homebrew-electronics-studio-visit-pete-edwards-cas/\" target=\"_blank\">Rhizome Interview</a></span></h2><h2><a href=\"http://www.troyrecord.com/general-news/20100620/five-questions-pete-edwards\" target=\"_blank\">The Record News</a></h2><h2><a href=\"http://www.troyrecord.com/general-news/20090909/video-bending-sound-on-fulton-street\" target=\"_blank\">The Record News, Bending Sound on Fulton Street</a></h2><h2><a href=\"http://metroland.net/back_issues/vol32_no35/listen_here.html\" target=\"_blank\">Metroland</a></h2><h2><a href=\"http://www.eldiario.es/hojaderouter/tecnologia/circuit_bending-Casper_Electronics-instrumentos-electronica_0_295020513.html\" target=\"_blank\">Hojaderouter.com (ES)</a></h2><p> </p><p> </p><p> </p>\";s:6:\"filter\";s:1:\"1\";s:11:\"panels_info\";a:6:{s:5:\"class\";s:30:\"WP_Widget_Black_Studio_TinyMCE\";s:3:\"raw\";b:0;s:4:\"grid\";i:0;s:4:\"cell\";i:0;s:2:\"id\";i:0;s:5:\"style\";a:1:{s:18:\"background_display\";s:4:\"tile\";}}}i:1;a:5:{s:4:\"type\";s:6:\"visual\";s:5:\"title\";s:0:\"\";s:4:\"text\";s:348:\"<h2>WNYC Radio Interview w/ Brian Lehrer (Year?)</h2><p> </p><p>[audio mp3=\"http://newsite.casperelectronics.com/wp-content/uploads/2015/01/WNYC-48.mp3\"][/audio]</p><p> </p><p> </p><p> </p><p> </p><h2>NPR Radio Interview (2007)</h2><p>[audio mp3=\"http://newsite.casperelectronics.com/wp-content/uploads/2015/01/NPR-April-2007.mp3\"][/audio]</p>\";s:6:\"filter\";s:1:\"1\";s:11:\"panels_info\";a:6:{s:5:\"class\";s:30:\"WP_Widget_Black_Studio_TinyMCE\";s:3:\"raw\";b:0;s:4:\"grid\";i:0;s:4:\"cell\";i:1;s:2:\"id\";i:1;s:5:\"style\";a:1:{s:18:\"background_display\";s:4:\"tile\";}}}}s:5:\"grids\";a:2:{i:0;a:2:{s:5:\"cells\";i:2;s:5:\"style\";a:1:{s:18:\"background_display\";s:4:\"tile\";}}i:1;a:2:{s:5:\"cells\";i:2;s:5:\"style\";a:0:{}}}s:10:\"grid_cells\";a:4:{i:0;a:2:{s:4:\"grid\";i:0;s:6:\"weight\";d:0.5;}i:1;a:2:{s:4:\"grid\";i:0;s:6:\"weight\";d:0.5;}i:2;a:2:{s:4:\"grid\";i:1;s:6:\"weight\";d:0.5;}i:3;a:2:{s:4:\"grid\";i:1;s:6:\"weight\";d:0.5;}}}'),(1078,487,'_wp_attached_file','2015/01/NPR-April-2007.mp3'),(1079,487,'_wp_attachment_metadata','a:19:{s:10:\"dataformat\";s:3:\"mp3\";s:8:\"channels\";i:1;s:11:\"sample_rate\";i:22050;s:7:\"bitrate\";i:56000;s:11:\"channelmode\";s:4:\"mono\";s:12:\"bitrate_mode\";s:3:\"cbr\";s:8:\"lossless\";b:0;s:15:\"encoder_options\";s:5:\"CBR56\";s:17:\"compression_ratio\";d:0.15873015873015872134743631249875761568546295166015625;s:10:\"fileformat\";s:3:\"mp3\";s:8:\"filesize\";i:2161938;s:9:\"mime_type\";s:10:\"audio/mpeg\";s:6:\"length\";i:309;s:16:\"length_formatted\";s:4:\"5:08\";s:5:\"genre\";s:5:\"Other\";s:5:\"title\";s:32:\"Peter Edwards on NPR, April 2007\";s:7:\"comment\";s:222:\"Gadget Gurus Go Wild at Bent Festival\r\nby Lars Hoel - Weekend Edition Sunday, April 29, 2007 -  The Bent Festival in New York City is a circuit-bending convention where adventurous geeks rewire toys and electronic gadgets.\";s:6:\"artist\";s:0:\"\";s:5:\"album\";s:0:\"\";}'),(1080,488,'_wp_attached_file','2015/01/WNYC-48.mp3'),(1081,488,'_wp_attachment_metadata','a:19:{s:10:\"dataformat\";s:3:\"mp3\";s:8:\"channels\";i:1;s:11:\"sample_rate\";i:22050;s:7:\"bitrate\";i:48000;s:11:\"channelmode\";s:4:\"mono\";s:12:\"bitrate_mode\";s:3:\"cbr\";s:8:\"lossless\";b:0;s:15:\"encoder_options\";s:5:\"CBR48\";s:17:\"compression_ratio\";d:0.1360544217687074952660708504481590352952480316162109375;s:10:\"fileformat\";s:3:\"mp3\";s:8:\"filesize\";i:4518340;s:9:\"mime_type\";s:10:\"audio/mpeg\";s:6:\"length\";i:753;s:16:\"length_formatted\";s:5:\"12:32\";s:5:\"genre\";s:5:\"Other\";s:5:\"title\";s:31:\"Peter Edwards on WNYC, May 2008\";s:7:\"comment\";s:293:\"Don\'t Call It a Hobby - Friday, May 09, 2008 - Circuit Bending is more than making noise with plastic toys-- its serious business. The founder of casper electronics has created electronic circuit-bent instruments for the likes of Danny Elfman of Oingo Boingo, and rapper Rahzel of the Roots.\";s:6:\"artist\";s:0:\"\";s:5:\"album\";s:0:\"\";}'),(1082,489,'panels_data','a:3:{s:7:\"widgets\";a:1:{i:0;a:5:{s:4:\"type\";s:6:\"visual\";s:5:\"title\";s:0:\"\";s:4:\"text\";s:870:\"<h2 style=\"text-align: center;\">PRESS</h2><p> </p><h2><span style=\"text-decoration: underline;\"><a href=\"http://rhizome.org/editorial/2011/jun/27/homebrew-electronics-studio-visit-pete-edwards-cas/\" target=\"_blank\">Rhizome Interview</a></span></h2><h2><a href=\"http://www.troyrecord.com/general-news/20100620/five-questions-pete-edwards\" target=\"_blank\">The Record News</a></h2><h2><a href=\"http://www.troyrecord.com/general-news/20090909/video-bending-sound-on-fulton-street\" target=\"_blank\">The Record News, Bending Sound on Fulton Street</a></h2><h2><a href=\"http://metroland.net/back_issues/vol32_no35/listen_here.html\" target=\"_blank\">Metroland</a></h2><h2><a href=\"http://www.eldiario.es/hojaderouter/tecnologia/circuit_bending-Casper_Electronics-instrumentos-electronica_0_295020513.html\" target=\"_blank\">Hojaderouter.com (ES)</a></h2><p> </p><p> </p><p> </p>\";s:6:\"filter\";s:1:\"1\";s:11:\"panels_info\";a:5:{s:5:\"class\";s:30:\"WP_Widget_Black_Studio_TinyMCE\";s:4:\"grid\";i:0;s:4:\"cell\";i:0;s:2:\"id\";i:0;s:5:\"style\";a:2:{s:27:\"background_image_attachment\";b:0;s:18:\"background_display\";s:4:\"tile\";}}}}s:5:\"grids\";a:2:{i:0;a:2:{s:5:\"cells\";i:1;s:5:\"style\";a:0:{}}i:1;a:2:{s:5:\"cells\";i:2;s:5:\"style\";a:0:{}}}s:10:\"grid_cells\";a:3:{i:0;a:2:{s:4:\"grid\";i:0;s:6:\"weight\";i:1;}i:1;a:2:{s:4:\"grid\";i:1;s:6:\"weight\";d:0.5;}i:2;a:2:{s:4:\"grid\";i:1;s:6:\"weight\";d:0.5;}}}'),(1083,490,'panels_data','a:3:{s:7:\"widgets\";a:2:{i:0;a:5:{s:4:\"type\";s:6:\"visual\";s:5:\"title\";s:0:\"\";s:4:\"text\";s:870:\"<h2 style=\"text-align: center;\">PRESS</h2><p> </p><h2><span style=\"text-decoration: underline;\"><a href=\"http://rhizome.org/editorial/2011/jun/27/homebrew-electronics-studio-visit-pete-edwards-cas/\" target=\"_blank\">Rhizome Interview</a></span></h2><h2><a href=\"http://www.troyrecord.com/general-news/20100620/five-questions-pete-edwards\" target=\"_blank\">The Record News</a></h2><h2><a href=\"http://www.troyrecord.com/general-news/20090909/video-bending-sound-on-fulton-street\" target=\"_blank\">The Record News, Bending Sound on Fulton Street</a></h2><h2><a href=\"http://metroland.net/back_issues/vol32_no35/listen_here.html\" target=\"_blank\">Metroland</a></h2><h2><a href=\"http://www.eldiario.es/hojaderouter/tecnologia/circuit_bending-Casper_Electronics-instrumentos-electronica_0_295020513.html\" target=\"_blank\">Hojaderouter.com (ES)</a></h2><p> </p><p> </p><p> </p>\";s:6:\"filter\";s:1:\"1\";s:11:\"panels_info\";a:6:{s:5:\"class\";s:30:\"WP_Widget_Black_Studio_TinyMCE\";s:3:\"raw\";b:0;s:4:\"grid\";i:0;s:4:\"cell\";i:0;s:2:\"id\";i:0;s:5:\"style\";a:1:{s:18:\"background_display\";s:4:\"tile\";}}}i:1;a:5:{s:4:\"type\";s:6:\"visual\";s:5:\"title\";s:0:\"\";s:4:\"text\";s:110:\"<p>[sc_embed_player fileurl=\"http://newsite.casperelectronics.com/wp-content/uploads/2015/01/WNYC-48.mp3\"]</p>\";s:6:\"filter\";s:1:\"1\";s:11:\"panels_info\";a:5:{s:5:\"class\";s:30:\"WP_Widget_Black_Studio_TinyMCE\";s:4:\"grid\";i:1;s:4:\"cell\";i:0;s:2:\"id\";i:1;s:5:\"style\";a:2:{s:27:\"background_image_attachment\";b:0;s:18:\"background_display\";s:4:\"tile\";}}}}s:5:\"grids\";a:2:{i:0;a:2:{s:5:\"cells\";i:1;s:5:\"style\";a:0:{}}i:1;a:2:{s:5:\"cells\";i:2;s:5:\"style\";a:0:{}}}s:10:\"grid_cells\";a:3:{i:0;a:2:{s:4:\"grid\";i:0;s:6:\"weight\";i:1;}i:1;a:2:{s:4:\"grid\";i:1;s:6:\"weight\";d:0.5;}i:2;a:2:{s:4:\"grid\";i:1;s:6:\"weight\";d:0.5;}}}'),(1084,485,'panels_data','a:3:{s:7:\"widgets\";a:2:{i:0;a:5:{s:4:\"type\";s:6:\"visual\";s:5:\"title\";s:0:\"\";s:4:\"text\";s:870:\"<h2 style=\"text-align: center;\">PRESS</h2><p> </p><h2><span style=\"text-decoration: underline;\"><a href=\"http://rhizome.org/editorial/2011/jun/27/homebrew-electronics-studio-visit-pete-edwards-cas/\" target=\"_blank\">Rhizome Interview</a></span></h2><h2><a href=\"http://www.troyrecord.com/general-news/20100620/five-questions-pete-edwards\" target=\"_blank\">The Record News</a></h2><h2><a href=\"http://www.troyrecord.com/general-news/20090909/video-bending-sound-on-fulton-street\" target=\"_blank\">The Record News, Bending Sound on Fulton Street</a></h2><h2><a href=\"http://metroland.net/back_issues/vol32_no35/listen_here.html\" target=\"_blank\">Metroland</a></h2><h2><a href=\"http://www.eldiario.es/hojaderouter/tecnologia/circuit_bending-Casper_Electronics-instrumentos-electronica_0_295020513.html\" target=\"_blank\">Hojaderouter.com (ES)</a></h2><p> </p><p> </p><p> </p>\";s:6:\"filter\";s:1:\"1\";s:11:\"panels_info\";a:6:{s:5:\"class\";s:30:\"WP_Widget_Black_Studio_TinyMCE\";s:3:\"raw\";b:0;s:4:\"grid\";i:0;s:4:\"cell\";i:0;s:2:\"id\";i:0;s:5:\"style\";a:1:{s:18:\"background_display\";s:4:\"tile\";}}}i:1;a:5:{s:4:\"type\";s:6:\"visual\";s:5:\"title\";s:0:\"\";s:4:\"text\";s:321:\"<h2>WNYC Radio Interview w/ Brian Lehrer (Year?)</h2><p> </p><p>[audio mp3=\"http://newsite.casperelectronics.com/wp-content/uploads/2015/01/WNYC-48.mp3\"][/audio]</p><p> </p><h2>NPR Radio Interview (2007)</h2><p>[audio mp3=\"http://newsite.casperelectronics.com/wp-content/uploads/2015/01/NPR-April-2007.mp3\"][/audio]</p>\";s:6:\"filter\";s:1:\"1\";s:11:\"panels_info\";a:5:{s:5:\"class\";s:30:\"WP_Widget_Black_Studio_TinyMCE\";s:4:\"grid\";i:1;s:4:\"cell\";i:0;s:2:\"id\";i:1;s:5:\"style\";a:2:{s:27:\"background_image_attachment\";b:0;s:18:\"background_display\";s:4:\"tile\";}}}}s:5:\"grids\";a:2:{i:0;a:2:{s:5:\"cells\";i:1;s:5:\"style\";a:0:{}}i:1;a:2:{s:5:\"cells\";i:2;s:5:\"style\";a:0:{}}}s:10:\"grid_cells\";a:3:{i:0;a:2:{s:4:\"grid\";i:0;s:6:\"weight\";i:1;}i:1;a:2:{s:4:\"grid\";i:1;s:6:\"weight\";d:0.5;}i:2;a:2:{s:4:\"grid\";i:1;s:6:\"weight\";d:0.5;}}}'),(1085,485,'panels_data','a:3:{s:7:\"widgets\";a:2:{i:0;a:5:{s:4:\"type\";s:6:\"visual\";s:5:\"title\";s:0:\"\";s:4:\"text\";s:870:\"<h2 style=\"text-align: center;\">PRESS</h2><p> </p><h2><span style=\"text-decoration: underline;\"><a href=\"http://rhizome.org/editorial/2011/jun/27/homebrew-electronics-studio-visit-pete-edwards-cas/\" target=\"_blank\">Rhizome Interview</a></span></h2><h2><a href=\"http://www.troyrecord.com/general-news/20100620/five-questions-pete-edwards\" target=\"_blank\">The Record News</a></h2><h2><a href=\"http://www.troyrecord.com/general-news/20090909/video-bending-sound-on-fulton-street\" target=\"_blank\">The Record News, Bending Sound on Fulton Street</a></h2><h2><a href=\"http://metroland.net/back_issues/vol32_no35/listen_here.html\" target=\"_blank\">Metroland</a></h2><h2><a href=\"http://www.eldiario.es/hojaderouter/tecnologia/circuit_bending-Casper_Electronics-instrumentos-electronica_0_295020513.html\" target=\"_blank\">Hojaderouter.com (ES)</a></h2><p> </p><p> </p><p> </p>\";s:6:\"filter\";s:1:\"1\";s:11:\"panels_info\";a:6:{s:5:\"class\";s:30:\"WP_Widget_Black_Studio_TinyMCE\";s:3:\"raw\";b:0;s:4:\"grid\";i:0;s:4:\"cell\";i:0;s:2:\"id\";i:0;s:5:\"style\";a:1:{s:18:\"background_display\";s:4:\"tile\";}}}i:1;a:5:{s:4:\"type\";s:6:\"visual\";s:5:\"title\";s:0:\"\";s:4:\"text\";s:321:\"<h2>WNYC Radio Interview w/ Brian Lehrer (Year?)</h2><p> </p><p>[audio mp3=\"http://newsite.casperelectronics.com/wp-content/uploads/2015/01/WNYC-48.mp3\"][/audio]</p><p> </p><h2>NPR Radio Interview (2007)</h2><p>[audio mp3=\"http://newsite.casperelectronics.com/wp-content/uploads/2015/01/NPR-April-2007.mp3\"][/audio]</p>\";s:6:\"filter\";s:1:\"1\";s:11:\"panels_info\";a:5:{s:5:\"class\";s:30:\"WP_Widget_Black_Studio_TinyMCE\";s:4:\"grid\";i:1;s:4:\"cell\";i:0;s:2:\"id\";i:1;s:5:\"style\";a:2:{s:27:\"background_image_attachment\";b:0;s:18:\"background_display\";s:4:\"tile\";}}}}s:5:\"grids\";a:2:{i:0;a:2:{s:5:\"cells\";i:1;s:5:\"style\";a:0:{}}i:1;a:2:{s:5:\"cells\";i:2;s:5:\"style\";a:0:{}}}s:10:\"grid_cells\";a:3:{i:0;a:2:{s:4:\"grid\";i:0;s:6:\"weight\";i:1;}i:1;a:2:{s:4:\"grid\";i:1;s:6:\"weight\";d:0.5;}i:2;a:2:{s:4:\"grid\";i:1;s:6:\"weight\";d:0.5;}}}'),(1086,491,'panels_data','a:3:{s:7:\"widgets\";a:2:{i:0;a:5:{s:4:\"type\";s:6:\"visual\";s:5:\"title\";s:0:\"\";s:4:\"text\";s:870:\"<h2 style=\"text-align: center;\">PRESS</h2><p> </p><h2><span style=\"text-decoration: underline;\"><a href=\"http://rhizome.org/editorial/2011/jun/27/homebrew-electronics-studio-visit-pete-edwards-cas/\" target=\"_blank\">Rhizome Interview</a></span></h2><h2><a href=\"http://www.troyrecord.com/general-news/20100620/five-questions-pete-edwards\" target=\"_blank\">The Record News</a></h2><h2><a href=\"http://www.troyrecord.com/general-news/20090909/video-bending-sound-on-fulton-street\" target=\"_blank\">The Record News, Bending Sound on Fulton Street</a></h2><h2><a href=\"http://metroland.net/back_issues/vol32_no35/listen_here.html\" target=\"_blank\">Metroland</a></h2><h2><a href=\"http://www.eldiario.es/hojaderouter/tecnologia/circuit_bending-Casper_Electronics-instrumentos-electronica_0_295020513.html\" target=\"_blank\">Hojaderouter.com (ES)</a></h2><p> </p><p> </p><p> </p>\";s:6:\"filter\";s:1:\"1\";s:11:\"panels_info\";a:6:{s:5:\"class\";s:30:\"WP_Widget_Black_Studio_TinyMCE\";s:3:\"raw\";b:0;s:4:\"grid\";i:0;s:4:\"cell\";i:0;s:2:\"id\";i:0;s:5:\"style\";a:1:{s:18:\"background_display\";s:4:\"tile\";}}}i:1;a:5:{s:4:\"type\";s:6:\"visual\";s:5:\"title\";s:0:\"\";s:4:\"text\";s:321:\"<h2>WNYC Radio Interview w/ Brian Lehrer (Year?)</h2><p> </p><p>[audio mp3=\"http://newsite.casperelectronics.com/wp-content/uploads/2015/01/WNYC-48.mp3\"][/audio]</p><p> </p><h2>NPR Radio Interview (2007)</h2><p>[audio mp3=\"http://newsite.casperelectronics.com/wp-content/uploads/2015/01/NPR-April-2007.mp3\"][/audio]</p>\";s:6:\"filter\";s:1:\"1\";s:11:\"panels_info\";a:5:{s:5:\"class\";s:30:\"WP_Widget_Black_Studio_TinyMCE\";s:4:\"grid\";i:1;s:4:\"cell\";i:0;s:2:\"id\";i:1;s:5:\"style\";a:2:{s:27:\"background_image_attachment\";b:0;s:18:\"background_display\";s:4:\"tile\";}}}}s:5:\"grids\";a:2:{i:0;a:2:{s:5:\"cells\";i:1;s:5:\"style\";a:0:{}}i:1;a:2:{s:5:\"cells\";i:2;s:5:\"style\";a:0:{}}}s:10:\"grid_cells\";a:3:{i:0;a:2:{s:4:\"grid\";i:0;s:6:\"weight\";i:1;}i:1;a:2:{s:4:\"grid\";i:1;s:6:\"weight\";d:0.5;}i:2;a:2:{s:4:\"grid\";i:1;s:6:\"weight\";d:0.5;}}}'),(1087,492,'panels_data','a:3:{s:7:\"widgets\";a:2:{i:0;a:5:{s:4:\"type\";s:6:\"visual\";s:5:\"title\";s:0:\"\";s:4:\"text\";s:858:\"<h2 style=\"text-align: center;\"> </h2><h2><span style=\"text-decoration: underline;\"><a href=\"http://rhizome.org/editorial/2011/jun/27/homebrew-electronics-studio-visit-pete-edwards-cas/\" target=\"_blank\">Rhizome Interview</a></span></h2><h2><a href=\"http://www.troyrecord.com/general-news/20100620/five-questions-pete-edwards\" target=\"_blank\">The Record News</a></h2><h2><a href=\"http://www.troyrecord.com/general-news/20090909/video-bending-sound-on-fulton-street\" target=\"_blank\">The Record News, Bending Sound on Fulton Street</a></h2><h2><a href=\"http://metroland.net/back_issues/vol32_no35/listen_here.html\" target=\"_blank\">Metroland</a></h2><h2><a href=\"http://www.eldiario.es/hojaderouter/tecnologia/circuit_bending-Casper_Electronics-instrumentos-electronica_0_295020513.html\" target=\"_blank\">Hojaderouter.com (ES)</a></h2><p> </p><p> </p><p> </p>\";s:6:\"filter\";s:1:\"1\";s:11:\"panels_info\";a:5:{s:5:\"class\";s:30:\"WP_Widget_Black_Studio_TinyMCE\";s:4:\"grid\";i:0;s:4:\"cell\";i:1;s:2:\"id\";i:0;s:5:\"style\";a:2:{s:27:\"background_image_attachment\";b:0;s:18:\"background_display\";s:4:\"tile\";}}}i:1;a:5:{s:4:\"type\";s:6:\"visual\";s:5:\"title\";s:0:\"\";s:4:\"text\";s:321:\"<h2>WNYC Radio Interview w/ Brian Lehrer (Year?)</h2><p> </p><p>[audio mp3=\"http://newsite.casperelectronics.com/wp-content/uploads/2015/01/WNYC-48.mp3\"][/audio]</p><p> </p><h2>NPR Radio Interview (2007)</h2><p>[audio mp3=\"http://newsite.casperelectronics.com/wp-content/uploads/2015/01/NPR-April-2007.mp3\"][/audio]</p>\";s:6:\"filter\";s:1:\"1\";s:11:\"panels_info\";a:6:{s:5:\"class\";s:30:\"WP_Widget_Black_Studio_TinyMCE\";s:3:\"raw\";b:0;s:4:\"grid\";i:0;s:4:\"cell\";i:1;s:2:\"id\";i:1;s:5:\"style\";a:1:{s:18:\"background_display\";s:4:\"tile\";}}}}s:5:\"grids\";a:2:{i:0;a:2:{s:5:\"cells\";i:3;s:5:\"style\";a:2:{s:27:\"background_image_attachment\";b:0;s:18:\"background_display\";s:4:\"tile\";}}i:1;a:2:{s:5:\"cells\";i:2;s:5:\"style\";a:0:{}}}s:10:\"grid_cells\";a:5:{i:0;a:2:{s:4:\"grid\";i:0;s:6:\"weight\";d:0.333333333333333314829616256247390992939472198486328125;}i:1;a:2:{s:4:\"grid\";i:0;s:6:\"weight\";d:0.333333333333333314829616256247390992939472198486328125;}i:2;a:2:{s:4:\"grid\";i:0;s:6:\"weight\";d:0.333333333333333314829616256247390992939472198486328125;}i:3;a:2:{s:4:\"grid\";i:1;s:6:\"weight\";d:0.5;}i:4;a:2:{s:4:\"grid\";i:1;s:6:\"weight\";d:0.5;}}}'),(1088,493,'panels_data','a:3:{s:7:\"widgets\";a:2:{i:0;a:5:{s:4:\"type\";s:6:\"visual\";s:5:\"title\";s:0:\"\";s:4:\"text\";s:858:\"<h2 style=\"text-align: center;\"> </h2><h2><span style=\"text-decoration: underline;\"><a href=\"http://rhizome.org/editorial/2011/jun/27/homebrew-electronics-studio-visit-pete-edwards-cas/\" target=\"_blank\">Rhizome Interview</a></span></h2><h2><a href=\"http://www.troyrecord.com/general-news/20100620/five-questions-pete-edwards\" target=\"_blank\">The Record News</a></h2><h2><a href=\"http://www.troyrecord.com/general-news/20090909/video-bending-sound-on-fulton-street\" target=\"_blank\">The Record News, Bending Sound on Fulton Street</a></h2><h2><a href=\"http://metroland.net/back_issues/vol32_no35/listen_here.html\" target=\"_blank\">Metroland</a></h2><h2><a href=\"http://www.eldiario.es/hojaderouter/tecnologia/circuit_bending-Casper_Electronics-instrumentos-electronica_0_295020513.html\" target=\"_blank\">Hojaderouter.com (ES)</a></h2><p> </p><p> </p><p> </p>\";s:6:\"filter\";s:1:\"1\";s:11:\"panels_info\";a:6:{s:5:\"class\";s:30:\"WP_Widget_Black_Studio_TinyMCE\";s:3:\"raw\";b:0;s:4:\"grid\";i:0;s:4:\"cell\";i:0;s:2:\"id\";i:0;s:5:\"style\";a:1:{s:18:\"background_display\";s:4:\"tile\";}}}i:1;a:5:{s:4:\"type\";s:6:\"visual\";s:5:\"title\";s:0:\"\";s:4:\"text\";s:321:\"<h2>WNYC Radio Interview w/ Brian Lehrer (Year?)</h2><p> </p><p>[audio mp3=\"http://newsite.casperelectronics.com/wp-content/uploads/2015/01/WNYC-48.mp3\"][/audio]</p><p> </p><h2>NPR Radio Interview (2007)</h2><p>[audio mp3=\"http://newsite.casperelectronics.com/wp-content/uploads/2015/01/NPR-April-2007.mp3\"][/audio]</p>\";s:6:\"filter\";s:1:\"1\";s:11:\"panels_info\";a:6:{s:5:\"class\";s:30:\"WP_Widget_Black_Studio_TinyMCE\";s:3:\"raw\";b:0;s:4:\"grid\";i:0;s:4:\"cell\";i:0;s:2:\"id\";i:1;s:5:\"style\";a:1:{s:18:\"background_display\";s:4:\"tile\";}}}}s:5:\"grids\";a:2:{i:0;a:2:{s:5:\"cells\";i:2;s:5:\"style\";a:2:{s:27:\"background_image_attachment\";b:0;s:18:\"background_display\";s:4:\"tile\";}}i:1;a:2:{s:5:\"cells\";i:2;s:5:\"style\";a:0:{}}}s:10:\"grid_cells\";a:4:{i:0;a:2:{s:4:\"grid\";i:0;s:6:\"weight\";d:0.5;}i:1;a:2:{s:4:\"grid\";i:0;s:6:\"weight\";d:0.5;}i:2;a:2:{s:4:\"grid\";i:1;s:6:\"weight\";d:0.5;}i:3;a:2:{s:4:\"grid\";i:1;s:6:\"weight\";d:0.5;}}}'),(1089,53,'_edit_lock','1421162554:2'),(1090,53,'vantage_metaslider_slider',''),(1091,53,'vantage_menu_icon',''),(1092,53,'panels_data','a:3:{s:7:\"widgets\";a:1:{i:0;a:5:{s:6:\"filter\";s:1:\"1\";s:4:\"text\";s:203:\"<h1 style=\"text-align: center;\"> </h1><h1 style=\"text-align: center;\"><a href=\"https://docs.google.com/file/d/0B4mpBzYNr4VKbE95cjY3cEt0ZEhTMDlrNWFveWV5Nm5hS2dV/edit\">Collaborating with Circuits</a></h1>\";s:5:\"title\";s:0:\"\";s:4:\"type\";s:6:\"visual\";s:11:\"panels_info\";a:5:{s:5:\"class\";s:30:\"WP_Widget_Black_Studio_TinyMCE\";s:3:\"raw\";b:0;s:4:\"grid\";i:0;s:4:\"cell\";i:0;s:2:\"id\";i:0;}}}s:5:\"grids\";a:1:{i:0;a:2:{s:5:\"cells\";i:1;s:5:\"style\";a:2:{s:27:\"background_image_attachment\";b:0;s:18:\"background_display\";s:4:\"tile\";}}}s:10:\"grid_cells\";a:1:{i:0;a:2:{s:4:\"grid\";i:0;s:6:\"weight\";i:1;}}}'),(1093,495,'panels_data','a:3:{s:7:\"widgets\";a:1:{i:0;a:5:{s:6:\"filter\";s:1:\"1\";s:4:\"text\";s:203:\"<h1 style=\"text-align: center;\"> </h1><h1 style=\"text-align: center;\"><a href=\"https://docs.google.com/file/d/0B4mpBzYNr4VKbE95cjY3cEt0ZEhTMDlrNWFveWV5Nm5hS2dV/edit\">Collaborating with Circuits</a></h1>\";s:5:\"title\";s:0:\"\";s:4:\"type\";s:6:\"visual\";s:11:\"panels_info\";a:5:{s:5:\"class\";s:30:\"WP_Widget_Black_Studio_TinyMCE\";s:3:\"raw\";b:0;s:4:\"grid\";i:0;s:4:\"cell\";i:0;s:2:\"id\";i:0;}}}s:5:\"grids\";a:1:{i:0;a:2:{s:5:\"cells\";i:2;s:5:\"style\";a:2:{s:27:\"background_image_attachment\";b:0;s:18:\"background_display\";s:4:\"tile\";}}}s:10:\"grid_cells\";a:2:{i:0;a:2:{s:4:\"grid\";i:0;s:6:\"weight\";d:0.5;}i:1;a:2:{s:4:\"grid\";i:0;s:6:\"weight\";d:0.5;}}}'),(1094,496,'panels_data','a:3:{s:7:\"widgets\";a:3:{i:0;a:2:{s:5:\"video\";s:58:\"http://www.youtube.com/watch?v=jjOXGbNCjyE&list=WL&index=5\";s:4:\"info\";a:4:{s:4:\"grid\";s:1:\"0\";s:4:\"cell\";s:1:\"0\";s:2:\"id\";s:1:\"2\";s:5:\"class\";s:39:\"SiteOrigin_Panels_Widgets_EmbeddedVideo\";}}i:1;a:1:{s:4:\"info\";a:4:{s:4:\"grid\";s:1:\"0\";s:4:\"cell\";s:1:\"0\";s:2:\"id\";s:1:\"1\";s:5:\"class\";s:39:\"SiteOrigin_Panels_Widgets_EmbeddedVideo\";}}i:2;a:6:{s:3:\"ids\";s:3:\"234\";s:4:\"size\";s:6:\"medium\";s:4:\"type\";s:0:\"\";s:7:\"columns\";s:1:\"3\";s:4:\"link\";s:4:\"none\";s:4:\"info\";a:4:{s:4:\"grid\";s:1:\"0\";s:4:\"cell\";s:1:\"0\";s:2:\"id\";s:1:\"3\";s:5:\"class\";s:33:\"SiteOrigin_Panels_Widgets_Gallery\";}}}s:5:\"grids\";a:1:{i:0;a:2:{s:5:\"cells\";s:1:\"1\";s:5:\"style\";a:7:{s:5:\"class\";s:0:\"\";s:10:\"top_border\";s:0:\"\";s:13:\"bottom_border\";s:0:\"\";s:10:\"background\";s:0:\"\";s:16:\"background_image\";s:0:\"\";s:23:\"background_image_repeat\";s:0:\"\";s:9:\"no_margin\";s:0:\"\";}}}s:10:\"grid_cells\";a:1:{i:0;a:2:{s:6:\"weight\";s:1:\"1\";s:4:\"grid\";s:1:\"0\";}}}'),(1095,379,'panels_data','a:3:{s:7:\"widgets\";a:6:{i:0;a:3:{s:3:\"src\";s:81:\"http://newsite.casperelectronics.com/wp-content/uploads/2014/12/twitter_small.png\";s:4:\"href\";s:33:\"https://twitter.com/casperelectro\";s:11:\"panels_info\";a:6:{s:5:\"class\";s:31:\"SiteOrigin_Panels_Widgets_Image\";s:3:\"raw\";b:0;s:4:\"grid\";i:0;s:4:\"cell\";i:0;s:2:\"id\";i:0;s:5:\"style\";a:1:{s:18:\"background_display\";s:4:\"tile\";}}}i:1;a:3:{s:3:\"src\";s:94:\"http://newsite.casperelectronics.com/wp-content/uploads/2015/01/iconmonstr-facebook-4-icon.png\";s:4:\"href\";s:62:\"https://www.facebook.com/pages/casper-electronics/378905746203\";s:11:\"panels_info\";a:6:{s:5:\"class\";s:31:\"SiteOrigin_Panels_Widgets_Image\";s:3:\"raw\";b:0;s:4:\"grid\";i:0;s:4:\"cell\";i:1;s:2:\"id\";i:1;s:5:\"style\";a:1:{s:18:\"background_display\";s:4:\"tile\";}}}i:2;a:3:{s:3:\"src\";s:74:\"http://newsite.casperelectronics.com/wp-content/uploads/2015/01/images.jpg\";s:4:\"href\";s:29:\"http://casperelectronics.com/\";s:11:\"panels_info\";a:6:{s:5:\"class\";s:31:\"SiteOrigin_Panels_Widgets_Image\";s:3:\"raw\";b:0;s:4:\"grid\";i:0;s:4:\"cell\";i:2;s:2:\"id\";i:2;s:5:\"style\";a:1:{s:18:\"background_display\";s:4:\"tile\";}}}i:3;a:3:{s:3:\"src\";s:85:\"http://newsite.casperelectronics.com/wp-content/uploads/2015/01/74-soundcloud-128.png\";s:4:\"href\";s:40:\"https://soundcloud.com/casperelectronics\";s:11:\"panels_info\";a:5:{s:5:\"class\";s:31:\"SiteOrigin_Panels_Widgets_Image\";s:3:\"raw\";b:0;s:4:\"grid\";i:0;s:4:\"cell\";i:3;s:2:\"id\";i:3;}}i:4;a:3:{s:3:\"src\";s:99:\"http://newsite.casperelectronics.com/wp-content/uploads/2015/01/social-youtube-circle_318-26588.png\";s:4:\"href\";s:56:\"https://www.youtube.com/channel/UC-optxul3FrunxcuQlMYbrg\";s:11:\"panels_info\";a:6:{s:5:\"class\";s:31:\"SiteOrigin_Panels_Widgets_Image\";s:3:\"raw\";b:0;s:4:\"grid\";i:0;s:4:\"cell\";i:4;s:2:\"id\";i:4;s:5:\"style\";a:1:{s:18:\"background_display\";s:4:\"tile\";}}}i:5;a:3:{s:3:\"src\";s:95:\"http://newsite.casperelectronics.com/wp-content/uploads/2015/01/instagram_circle_black-5121.png\";s:4:\"href\";s:38:\"http://instagram.com/casperelectronics\";s:11:\"panels_info\";a:6:{s:5:\"class\";s:31:\"SiteOrigin_Panels_Widgets_Image\";s:3:\"raw\";b:0;s:4:\"grid\";i:0;s:4:\"cell\";i:5;s:2:\"id\";i:5;s:5:\"style\";a:1:{s:18:\"background_display\";s:4:\"tile\";}}}}s:5:\"grids\";a:1:{i:0;a:2:{s:5:\"cells\";i:6;s:5:\"style\";a:2:{s:11:\"row_stretch\";s:14:\"full-stretched\";s:18:\"background_display\";s:4:\"tile\";}}}s:10:\"grid_cells\";a:6:{i:0;a:2:{s:4:\"grid\";i:0;s:6:\"weight\";d:0.166666666666666685170383743752609007060527801513671875;}i:1;a:2:{s:4:\"grid\";i:0;s:6:\"weight\";d:0.166666666666666685170383743752609007060527801513671875;}i:2;a:2:{s:4:\"grid\";i:0;s:6:\"weight\";d:0.166666666666666685170383743752609007060527801513671875;}i:3;a:2:{s:4:\"grid\";i:0;s:6:\"weight\";d:0.166666666666666685170383743752609007060527801513671875;}i:4;a:2:{s:4:\"grid\";i:0;s:6:\"weight\";d:0.166666666666666685170383743752609007060527801513671875;}i:5;a:2:{s:4:\"grid\";i:0;s:6:\"weight\";d:0.166666666666666685170383743752609007060527801513671875;}}}'),(1096,379,'panels_data','a:3:{s:7:\"widgets\";a:6:{i:0;a:3:{s:3:\"src\";s:81:\"http://newsite.casperelectronics.com/wp-content/uploads/2014/12/twitter_small.png\";s:4:\"href\";s:33:\"https://twitter.com/casperelectro\";s:11:\"panels_info\";a:5:{s:5:\"class\";s:31:\"SiteOrigin_Panels_Widgets_Image\";s:4:\"grid\";i:0;s:4:\"cell\";i:0;s:2:\"id\";i:0;s:5:\"style\";a:3:{s:10:\"widget_css\";s:19:\"text-align: center;\";s:27:\"background_image_attachment\";b:0;s:18:\"background_display\";s:6:\"center\";}}}i:1;a:3:{s:3:\"src\";s:94:\"http://newsite.casperelectronics.com/wp-content/uploads/2015/01/iconmonstr-facebook-4-icon.png\";s:4:\"href\";s:62:\"https://www.facebook.com/pages/casper-electronics/378905746203\";s:11:\"panels_info\";a:5:{s:5:\"class\";s:31:\"SiteOrigin_Panels_Widgets_Image\";s:4:\"grid\";i:0;s:4:\"cell\";i:1;s:2:\"id\";i:1;s:5:\"style\";a:3:{s:10:\"widget_css\";s:19:\"text-align: center;\";s:27:\"background_image_attachment\";b:0;s:18:\"background_display\";s:6:\"center\";}}}i:2;a:3:{s:3:\"src\";s:74:\"http://newsite.casperelectronics.com/wp-content/uploads/2015/01/images.jpg\";s:4:\"href\";s:29:\"http://casperelectronics.com/\";s:11:\"panels_info\";a:5:{s:5:\"class\";s:31:\"SiteOrigin_Panels_Widgets_Image\";s:4:\"grid\";i:0;s:4:\"cell\";i:2;s:2:\"id\";i:2;s:5:\"style\";a:3:{s:10:\"widget_css\";s:19:\"text-align: center;\";s:27:\"background_image_attachment\";b:0;s:18:\"background_display\";s:4:\"tile\";}}}i:3;a:3:{s:3:\"src\";s:85:\"http://newsite.casperelectronics.com/wp-content/uploads/2015/01/74-soundcloud-128.png\";s:4:\"href\";s:40:\"https://soundcloud.com/casperelectronics\";s:11:\"panels_info\";a:5:{s:5:\"class\";s:31:\"SiteOrigin_Panels_Widgets_Image\";s:4:\"grid\";i:0;s:4:\"cell\";i:3;s:2:\"id\";i:3;s:5:\"style\";a:3:{s:10:\"widget_css\";s:19:\"text-align: center;\";s:27:\"background_image_attachment\";b:0;s:18:\"background_display\";s:4:\"tile\";}}}i:4;a:3:{s:3:\"src\";s:99:\"http://newsite.casperelectronics.com/wp-content/uploads/2015/01/social-youtube-circle_318-26588.png\";s:4:\"href\";s:56:\"https://www.youtube.com/channel/UC-optxul3FrunxcuQlMYbrg\";s:11:\"panels_info\";a:5:{s:5:\"class\";s:31:\"SiteOrigin_Panels_Widgets_Image\";s:4:\"grid\";i:0;s:4:\"cell\";i:4;s:2:\"id\";i:4;s:5:\"style\";a:3:{s:10:\"widget_css\";s:19:\"text-align: center;\";s:27:\"background_image_attachment\";b:0;s:18:\"background_display\";s:4:\"tile\";}}}i:5;a:3:{s:3:\"src\";s:95:\"http://newsite.casperelectronics.com/wp-content/uploads/2015/01/instagram_circle_black-5121.png\";s:4:\"href\";s:38:\"http://instagram.com/casperelectronics\";s:11:\"panels_info\";a:5:{s:5:\"class\";s:31:\"SiteOrigin_Panels_Widgets_Image\";s:4:\"grid\";i:0;s:4:\"cell\";i:5;s:2:\"id\";i:5;s:5:\"style\";a:3:{s:10:\"widget_css\";s:19:\"text-align: center;\";s:27:\"background_image_attachment\";b:0;s:18:\"background_display\";s:4:\"tile\";}}}}s:5:\"grids\";a:1:{i:0;a:2:{s:5:\"cells\";i:6;s:5:\"style\";a:2:{s:11:\"row_stretch\";s:14:\"full-stretched\";s:18:\"background_display\";s:4:\"tile\";}}}s:10:\"grid_cells\";a:6:{i:0;a:2:{s:4:\"grid\";i:0;s:6:\"weight\";d:0.166666666666666685170383743752609007060527801513671875;}i:1;a:2:{s:4:\"grid\";i:0;s:6:\"weight\";d:0.166666666666666685170383743752609007060527801513671875;}i:2;a:2:{s:4:\"grid\";i:0;s:6:\"weight\";d:0.166666666666666685170383743752609007060527801513671875;}i:3;a:2:{s:4:\"grid\";i:0;s:6:\"weight\";d:0.166666666666666685170383743752609007060527801513671875;}i:4;a:2:{s:4:\"grid\";i:0;s:6:\"weight\";d:0.166666666666666685170383743752609007060527801513671875;}i:5;a:2:{s:4:\"grid\";i:0;s:6:\"weight\";d:0.166666666666666685170383743752609007060527801513671875;}}}'),(1097,497,'_wp_attached_file','2015/03/rocky-top-soap-shop.zip'),(1098,497,'_wp_attachment_context','upgrader');

--
-- Table structure for table `wp_nextsiteterm_relationships`
--

CREATE TABLE `wp_nextsiteterm_relationships` (
  `object_id` bigint(20) unsigned NOT NULL DEFAULT '0',
  `term_taxonomy_id` bigint(20) unsigned NOT NULL DEFAULT '0',
  `term_order` int(11) NOT NULL DEFAULT '0',
  PRIMARY KEY (`object_id`,`term_taxonomy_id`),
  KEY `term_taxonomy_id` (`term_taxonomy_id`)
) ENGINE=InnoDB DEFAULT CHARSET=utf8;

--
-- Dumping data for table `wp_nextsiteterm_relationships`
--

INSERT INTO `wp_nextsiteterm_relationships` VALUES (1,1,0),(27,2,0),(54,2,0),(55,2,0),(56,2,0),(57,2,0),(58,2,0),(69,1,0),(69,3,0),(112,2,0),(113,2,0),(123,1,0),(196,1,0),(198,2,0),(199,2,0),(200,2,0),(204,4,0),(204,5,0),(220,2,0),(271,5,0),(272,5,0),(272,9,0),(325,7,0),(329,7,0),(331,7,0),(332,7,0),(334,7,0),(335,7,0),(336,7,0),(343,8,0),(344,8,0),(345,8,0),(346,8,0),(348,8,0),(349,8,0),(419,10,0),(425,11,0),(437,12,0),(439,12,0),(440,12,0),(441,12,0),(442,12,0),(443,12,0),(444,12,0),(453,13,0),(454,13,0),(455,13,0),(456,13,0),(457,13,0),(458,13,0),(459,13,0),(460,13,0),(467,14,0),(468,14,0),(469,14,0),(475,15,0),(476,15,0),(477,15,0),(478,15,0),(479,15,0),(480,15,0);

--
-- Table structure for table `wp_nextsiteterm_taxonomy`
--

CREATE TABLE `wp_nextsiteterm_taxonomy` (
  `term_taxonomy_id` bigint(20) unsigned NOT NULL AUTO_INCREMENT,
  `term_id` bigint(20) unsigned NOT NULL DEFAULT '0',
  `taxonomy` varchar(32) NOT NULL DEFAULT '',
  `description` longtext NOT NULL,
  `parent` bigint(20) unsigned NOT NULL DEFAULT '0',
  `count` bigint(20) NOT NULL DEFAULT '0',
  PRIMARY KEY (`term_taxonomy_id`),
  UNIQUE KEY `term_id_taxonomy` (`term_id`,`taxonomy`),
  KEY `taxonomy` (`taxonomy`)
) ENGINE=InnoDB AUTO_INCREMENT=16 DEFAULT CHARSET=utf8;

--
-- Dumping data for table `wp_nextsiteterm_taxonomy`
--

INSERT INTO `wp_nextsiteterm_taxonomy` VALUES (1,1,'category','',0,1),(2,2,'nav_menu','',0,12),(3,3,'post_format','',0,0),(4,4,'ml-slider','',0,0),(5,5,'ml-slider','',0,0),(6,6,'ml-slider','',0,0),(7,7,'ml-slider','',0,0),(8,8,'ml-slider','',0,0),(9,9,'ml-slider','',0,0),(10,10,'ml-slider','',0,0),(11,11,'ml-slider','',0,0),(12,12,'ml-slider','',0,0),(13,13,'ml-slider','',0,0),(14,14,'ml-slider','',0,0),(15,15,'ml-slider','',0,0);

--
-- Table structure for table `wp_nextsiteterms`
--

CREATE TABLE `wp_nextsiteterms` (
  `term_id` bigint(20) unsigned NOT NULL AUTO_INCREMENT,
  `name` varchar(200) NOT NULL DEFAULT '',
  `slug` varchar(200) NOT NULL DEFAULT '',
  `term_group` bigint(10) NOT NULL DEFAULT '0',
  PRIMARY KEY (`term_id`),
  UNIQUE KEY `slug` (`slug`),
  KEY `name` (`name`)
) ENGINE=InnoDB AUTO_INCREMENT=16 DEFAULT CHARSET=utf8;

--
-- Dumping data for table `wp_nextsiteterms`
--

INSERT INTO `wp_nextsiteterms` VALUES (1,'Uncategorized','uncategorized',0),(2,'Main','main',0),(3,'Image','post-format-image',0),(4,'205','205',0),(5,'210','210',0),(6,'244','244',0),(7,'274','274',0),(8,'399','399',0),(9,'408','408',0),(10,'418','418',0),(11,'424','424',0),(12,'432','432',0),(13,'452','452',0),(14,'466','466',0),(15,'481','481',0);

--
-- Table structure for table `wp_nextsiteusermeta`
--

CREATE TABLE `wp_nextsiteusermeta` (
  `umeta_id` bigint(20) unsigned NOT NULL AUTO_INCREMENT,
  `user_id` bigint(20) unsigned NOT NULL DEFAULT '0',
  `meta_key` varchar(255) DEFAULT NULL,
  `meta_value` longtext,
  PRIMARY KEY (`umeta_id`),
  KEY `user_id` (`user_id`),
  KEY `meta_key` (`meta_key`)
) ENGINE=InnoDB AUTO_INCREMENT=55 DEFAULT CHARSET=utf8;

--
-- Dumping data for table `wp_nextsiteusermeta`
--

INSERT INTO `wp_nextsiteusermeta` VALUES (1,1,'nickname','PeterEdwards'),(2,1,'first_name',''),(3,1,'last_name',''),(4,1,'description',''),(5,1,'rich_editing','true'),(6,1,'comment_shortcuts','false'),(7,1,'admin_color','fresh'),(8,1,'use_ssl','0'),(9,1,'show_admin_bar_front','true'),(10,1,'wp_nextsitecapabilities','a:1:{s:13:\"administrator\";b:1;}'),(11,1,'wp_nextsiteuser_level','10'),(12,1,'dismissed_wp_pointers','wp350_media,wp360_revisions,wp360_locks,wp390_widgets'),(13,1,'show_welcome_panel','1'),(14,1,'session_tokens','a:1:{s:64:\"09966e555283b535a30500b50165d323e8b0ec98e1e0091128dc7438ecb29044\";i:1410548745;}'),(15,1,'wp_nextsitedashboard_quick_press_last_post_id','3'),(16,1,'wporg_favorites',''),(17,2,'nickname','cybil-scott'),(18,2,'first_name','Cybil'),(19,2,'last_name','Scott'),(20,2,'description',''),(21,2,'rich_editing','true'),(22,2,'comment_shortcuts','false'),(23,2,'admin_color','fresh'),(24,2,'use_ssl','0'),(25,2,'show_admin_bar_front','true'),(26,2,'wp_nextsitecapabilities','a:1:{s:13:\"administrator\";b:1;}'),(27,2,'wp_nextsiteuser_level','10'),(28,2,'dismissed_wp_pointers','wp350_media,wp360_revisions,wp360_locks,wp390_widgets'),(29,3,'nickname','MarkJM'),(30,3,'first_name','Mark'),(31,3,'last_name',''),(32,3,'description',''),(33,3,'rich_editing','true'),(34,3,'comment_shortcuts','false'),(35,3,'admin_color','fresh'),(36,3,'use_ssl','0'),(37,3,'show_admin_bar_front','true'),(38,3,'wp_nextsitecapabilities','a:1:{s:13:\"administrator\";b:1;}'),(39,3,'wp_nextsiteuser_level','10'),(40,3,'dismissed_wp_pointers','wp350_media,wp360_revisions,wp360_locks,wp390_widgets'),(41,1,'nav_menu_recently_edited','2'),(42,1,'managenav-menuscolumnshidden','a:4:{i:0;s:11:\"link-target\";i:1;s:11:\"css-classes\";i:2;s:3:\"xfn\";i:3;s:11:\"description\";}'),(43,1,'metaboxhidden_nav-menus','a:3:{i:0;s:8:\"add-post\";i:1;s:12:\"add-post_tag\";i:2;s:15:\"add-post_format\";}'),(44,1,'wp_nextsiteuser-settings','siteorigin_settings_tab=2&libraryContent=browse&editor=tinymce'),(45,1,'wp_nextsiteuser-settings-time','1410380414'),(46,2,'session_tokens','a:1:{s:64:\"cb278d76115f86038f550742f0589d4d4ef8cd00382a257592505d1ac96dcbb6\";i:1426868900;}'),(47,2,'wp_nextsitedashboard_quick_press_last_post_id','218'),(48,2,'nav_menu_recently_edited','2'),(49,2,'managenav-menuscolumnshidden','a:4:{i:0;s:11:\"link-target\";i:1;s:11:\"css-classes\";i:2;s:3:\"xfn\";i:3;s:11:\"description\";}'),(50,2,'metaboxhidden_nav-menus','a:6:{i:0;s:8:\"add-post\";i:1;s:15:\"add-ai1ec_event\";i:2;s:12:\"add-post_tag\";i:3;s:15:\"add-post_format\";i:4;s:21:\"add-events_categories\";i:5;s:15:\"add-events_tags\";}'),(51,2,'wp_nextsiteuser-settings','editor=tinymce&siteorigin_settings_tab=3&libraryContent=browse&hidetb=1&wplink=0'),(52,2,'wp_nextsiteuser-settings-time','1421178027'),(53,2,'closedpostboxes_page','a:1:{i:0;s:9:\"authordiv\";}'),(54,2,'metaboxhidden_page','a:1:{i:0;s:10:\"postcustom\";}');


