(1053,203,'The Mathematical Atlas: A Gateway to Modern Mathematics','This searchable site provides a collection of articles about the many subfields of math and includes definitions, brief biographies, and explanations. Each topic includes a history, related areas, and subfields as well as related print and Internet resources. It also includes an introduction to the Mathematics Subject Classification (MSC) scheme on which the site\'s arrangement is based.','http://www.math-atlas.org/','http://www.math.niu.edu/cgi-bin/ffw.cgi/known-math?&go=Search&key={$formKeywords}',NULL,0),(1054,203,'MathForum\'s Search All Epigone Discussions','MathForum\'s Search All Epigone Discussions provides resources, materials, activities, person-to-person interactions, and educational products and services that enrich and support teaching and learning in an increasingly technological world. The Math Forum\'s Epigone discussion archives include mathematics and math education-related newsgroups, mailing lists, and Web-based discussions.','http://mathforum.com/discussions/epi-search/all.html','http://mathforum.org/search/results.html?bool_type=and&whole_words=yes&match_case=no&ctrlfile=/var/www/search/ctrl/all.search.ctrl&textsearch={$formKeywords}',NULL,1),(1055,203,'AMS Meetings & Conferences','Meetings & Conferences, provided by the American Mathematical Society (AMS), contains a comprehensive list of important meetings information.','http://www.ams.org/meetings/','http://www.google.com/search?q=site%3Awww.ams.org%2Fmeetings%2F+{$formKeywords}',NULL,2),(1056,204,'National Science Digital Library','The National Science Digital Library (NSDL) was created by the National Science Foundation to provide organized access to high quality resources and tools that support innovations in teaching and learning at all levels of science, technology, engineering, and mathematics education.','http://nsdl.org/about','http://nsdl.org/search/?','formview=searchresults&verb=Search&s=0&n=10&boost%5B%5D=compoundTitle&boost%5B%5D=compoundDescription&q={$formKeywords}',0),(1057,204,'MSTE','MSTE serves as a model-builder for innovative, standards-based, technology-intensive mathematics and science instruction at the K-16 levels.','http://www.mste.uiuc.edu/','http://www.google.com/custom?ie=UTF-8&oe=UTF-8&sa=&cof=GALT%3A%2393AAC6%3BS%3Ahttp%3A%2F%2Fwww.mste.uiuc.edu%2F%3BGL%3A1%3BVLC%3Aorange%3BAH%3Acenter%3BBGC%3A%233d4b66%3BLH%3A255%3BLC%3Aorange%3BGFNT%3A%2393AAC6%3BL%3Ahttp%3A%2F%2Fwww.mste.uiuc.edu%2Fimages%2Fmstelogo.gif%3BALC%3A%23d3d3d3%3BLW%3A600%3BT%3A%23FFFFFF%3BGIMP%3A%2393AAC6%3BAWFID%3A174a51c6937b9927%3B&domains=http%3A%2F%2Fwww.mste.uiuc.edu%2F&sitesearch=http%3A%2F%2Fwww.mste.uiuc.edu%2F&q={$formKeywords}',NULL,1),(1058,204,'Illuminations','This site is to improve the teaching and learning of mathematics. This site offers interactive lessons for students, lesson plans for teachers, and math applets, all arranged by grade level. Includes a large collection of Web resources, arranged by concept and grade, and the standards for teaching math. From the National Council of Teachers of Mathematics (NCTM).','http://illuminations.nctm.org/','http://marcopolosearch.org/MPSearch/Search_Results.asp?orgn_id=6&log_type=1&hdnFilter=&hdnPerPage=15&selUsing=all&txtSearchFor={$formKeywords}',NULL,2),(1059,204,'MarcoPolo Internet Content for the Classroom','MarcoPolo Internet Content for the Classroom is a consortium of premier national education organizations, state education agencies and the MarcoPolo Education Foundation dedicated to providing the highest quality Internet content and professional development to teachers and students throughout the United States. Subjects include: Arts, Economics, Foreign Language, Geography, Language Arts, Mathematics, Philosophy & Religion, Science, and Social Studies.','http://www.marcopolo-education.org/home.aspx','http://www.marcopolosearch.org/mpsearch/Search_Results.asp?orgn_id=2&log_type=1&hdnFilter=&hdnPerPage=15&selUsing=all&txtSearchFor={$formKeywords}',NULL,3),(1060,204,'The Math Forum','The Math Forum gateway provides easy access to high quality resources for mathematicians and math teachers, and it provides resources that cover the use and administration of Internet sites as well as other educational resources. Among its features are the following: five ways to search with well written instructions for using each type; interactive sites; multilingual sites; choice of resource listings by knowledge levels from elementary to research level; and resources displayed in either an outline form or as an annotated listing with the ability to switch back and forth between the two.','http://mathforum.org/grepform.html','http://mathforum.org/search/results.html?bool_type=and&whole_words=yes&match_case=no&ctrlfile=%2Fvar%2Fwww%2Fsearch%2Fctrl%2Fall.search.ctrl&textsearch={$formKeywords}',NULL,4),(1061,204,'PBS Mathline','PBS Mathline features a specific math topic for teachers of grades K-12. Each month an in-depth article is linked to related resources, and daily facts related to the topic. PBS Mathline also offers an extensive professional development program.','http://www.pbs.org/teachersource/math.htm','http://www.pbs.org/teachersource/search/standards_results.shtm?start=1&end=20&subjects=NULL&grades=NULL&query={$formKeywords}',NULL,5),(1062,204,'Science, Mathematics, Engineering and Technology Education (SMETE)','Science, Mathematics, Engineering and Technology Education (SMETE) contains a searchable working prototype of a National Science, Mathematics, Engineering, and Technology Education Digital Library.','http://www.smete.org/','http://www.smete.org/smete/?path=/public/find/search_results.jhtml&_DARGS=/smete/public/find/index_body.jhtml&/smete/forms/FindLearningObjects.operation=search&_D:/smete/forms/FindLearningObjects.operation=%20&_D:/smete/forms/FindLearningObjects.keyword=%20&/smete/forms/FindLearningObjects.learningResourceType=&_D:/smete/forms/FindLearningObjects.learningResourceType=%20&/smete/forms/FindLearningObjects.grade=0-Any&_D:/smete/forms/FindLearningObjects.grade=%20&/smete/forms/FindLearningObjects.title=&_D:/smete/forms/FindLearningObjects.title=%20&/smete/forms/FindLearningObjects.author=&_D:/smete/forms/FindLearningObjects.author=%20&/smete/forms/FindLearningObjects.hostCollection=&_D:/smete/forms/FindLearningObjects.hostCollection=%20&/smete/forms/FindLearningObjects.afterYear=&_D:/smete/forms/FindLearningObjects.afterYear=%20&/smete/forms/FindLearningObjects.beforeYear=&_D:/smete/forms/FindLearningObjects.beforeYear=%20&&/smete/forms/FindLearningObjects.keyword={$formKeywords}',NULL,6),(1063,204,'Ask Dr. Math','Search the archives for elementary through college level questions and answers. Sponsored by Drexel University.','http://www.mathforum.org/library/drmath/','http://mathforum.org/library/drmath/results.html?textsearch_bool_type=and&textsearch_whole_words=no&textsearch={$formKeywords}',NULL,7),(1064,205,'Access to Australian Government Information and Services','The Australian Government Entry Point offers comprehensive and integrated access to Australian Government information and services.  You will find a concentrated body of Australian Government information through this site. <a href=\"http://www.australia.gov.au\">www.australia.gov.au</a> currently signposts over 700 Australian Government web sites, indexes more than 5,000,000 pages and uses both metadata and full text indexing to ensure it is a comprehensive government portal.','http://www.fed.gov.au','http://govsearch.australia.gov.au/search/search.cgi?collection=gov&form=au&query=&query_phrase=&query_or=&query_not=&meta_f_sand=&scope=&fscope=512&num_ranks=20&chksummary=chksummary&query_and={$formKeywords}',NULL,0),(1065,205,'The Government of Canada','You can search across all government departments federal departments and agencies as well as provincial, territorial and municipal governments. There is a Departments and Agencies link, and the A to Z Index offers a keyword search to programmes and services. \n\nA recent development on Departmental sites is the inclusion of a \"Proactive Disclosure\" page, which outlines travel and hospitality expenses, disclosure of contracts, grants and awards. \n\nThe About Canada page includes links to Departments and Agencies, Structure of the Canadian Government, Commissions of Inquiry and more. \n\nIn addition to Department web sites, the government has been creating Portals which bring together information from across federal and provincial sources, and non-governmental organizations as well.','http://www.canada.gc.ca/main_e.html','http://search-recherche.gc.ca/cgi-bin/query?mss=canada%2Fen%2Fsimple&pg=q&enc=iso88591&site=main&bridge=&stt=&lowercaseq=&what=web&user=searchintranet&browser=N6E&kl=XX&op=a&q={$formKeywords}',NULL,1),(1066,205,'Directgov','Directgov is a government service giving people access to the latest and widest range of public service information in one place on the Web and on Digital TV. Directgov uses the specifications formulated and consulted on through UK GovTalk.','http://www.direct.gov.uk','http://www.direct.gov.uk/AdvancedSearch/SearchResults/fs/en?NP=1&PO1=C&PI1=W&PF1=A&PG=1&RP=20&SC=__dgov_site&Z=1&PT1={$formKeywords}',NULL,2),(1067,205,'Info4local.gov.uk','Information for local government from central government.  This site gives local authorities a quick and easy way to find relevant information on the web sites of central government departments, agencies and public bodies. It includes extensive information on implementing electronic government.','http://www.info4local.gov.uk','http://www.info4local.gov.uk/?view=Search+results&subjects=all&departmentsIds=0&informationTypesIds=all&query={$formKeywords}',NULL,3),(1068,205,'The New Zealand government portal','The New Zealand government portal is a website providing search capability for, and links into the online and offline information and services of most government agencies.  This site is managed and maintained by the State Services Commission, a New Zealand government department.','http://www.govt.nz','http://www.govt.nz/search?type=spider&t=spider&q={$formKeywords}',NULL,4),(1069,205,'Europa','Current information on the member countries of the European Union, including statistical data, policies, news, official documents, legal texts, and other publications.','http://europa.eu.int/index_en.htm','http://europa.eu.int/geninfo/query/resultaction.jsp?page=1','Collection=EuropaFull&ResultTemplate=/result_en.jsp&ResultCount=25&qtype=simple&ResultMaxDocs=200&DefaultLG=en&QueryText={$formKeywords}',5),(1070,205,'The Global Legal Information Network (GLIN)','The Global Legal Information Network (GLIN) is a database of laws, regulations, judicial decisions, and other complementary legal sources contributed by governmental agencies and international organizations. These GLIN members contribute the official full texts of published documents to the database in their original language. Each document is accompanied by a summary in English and subject terms selected from the multilingual index to GLIN.','http://www.glin.gov','http://www.glin.gov/search.do?refineQuery=&offset=0&refineQueryType=&fromSearch=true&queryType=ALL&searchBtn=Search&includeAllFields=on&searchAll=on&sumLanguage=any&pubLanguage=any&pubJurisdiction=any&publicationJurisdictionExclude=false&searchPublicationDate=true&dateFromDay=01&dateFromMonth=01&dateFromYear=&dateToDay=01&dateToMonth=01&dateToYear=&subjTerm=&subjTermConjunction%5B0%5D=AND&subjTerm=&subjTermConjunction%5B1%5D=AND&subjTerm=&subjTermConjunction%5B2%5D=AND&subjTerm=&subjTermConjunction%5B3%5D=AND&subjTerm=&searchOrder=default&hitsPerPage=10&showSummary=on&queryString={$formKeywords}',NULL,6),(1071,205,'FirstGov','FirstGov (U.S. federal and state) is a public-private partnership, led by a cross-agency board.','http://www.firstgov.gov/','http://www.firstgov.gov/fgsearch/index.jsp?db=www&st=AS&ms0=should&mt0=all&rn=2&parsed=true&x=2&y=8&mw0={$formKeywords}',NULL,7),(1072,205,'Canada Sites','Canada Sites provides an information and services gateway run by the Government of Canada and each of the provinces.','http://www.canada.gc.ca/main_e.html','http://search-recherche.gc.ca/cgi-bin/query?mss=canada%2Fen%2Fsimple.html&enc=iso88591&pg=q&kl=en&site=main&q={$formKeywords}',NULL,8),(1073,206,'Google News','Search news reports using the popular search engine Google\'s news feature.','http://news.google.com/','http://news.google.com/news?hl=en&q={$formKeywords}',NULL,0),(1074,206,'Notice of the American Mathematical Society','Notices of the American Mathematical Society is one of the world\'s most widely read periodicals for professional mathematicians.','http://www.ams.org/noticessearch/','http://www.google.com/custom?sa=Search+Notices&cof=S%3Ahttp%3A%2F%2Fwww.ams.org%2Fnotices%3BGL%3A0%3BVLC%3A%23004080%3BAH%3Aleft%3BBGC%3A%23ffffff%3BLH%3A55%3BLC%3A+%23004080%3BL%3Ahttp%3A%2F%2Fwww.ams.org%2Fimages%2Fnotices-search-banner.gif%3BALC%3A%23ff2b2b%3BLW%3A1200%3BT%3A%23000000%3BAWFID%3A39742761a368da0f%3B&domains=www.ams.org%2Fnotices&sitesearch=www.ams.org%2Fnotices&q={$formKeywords}',NULL,1),(1075,206,'Nature Science Update','Nature Science Update provides daily news stories written by the editors of the Nature Journal.','http://www.nature.com/nsu/','http://search.nature.com/search/?sp-x-9=cat&sp-q-9=NEWS&submit=go&sp-a=sp1001702d&sp-sfvl-field=subject%7Cujournal&sp-t=results&sp-x-1=ujournal&sp-p-1=phrase&sp-p=all&sp-q={$formKeywords}',NULL,2),(1076,206,'Science News Online','Science News Online is one of the most useful science news magazines is now online. The 75 year old weekly is putting a generous number of full-text articles on the Web each week. They\'ve archived them back to 1994.','http://www.sciencenews.org/search.asp','http://www.sciencenews.org/pages/search_results.asp?search={$formKeywords}',NULL,3),(1077,206,'Scientific American Archive','Scientific American Archive is the online science and technology resource offering access to every page and every issue of Scientific American magazine from 1993 to the present.','http://www.sciamdigital.com/','http://www.sciamdigital.com/index.cfm?fa=Search.ViewSearchForItemResultList&AUTHOR_CHAR=&TITLE_CHAR=&FullText_CHAR={$formKeywords}',NULL,4),(1078,206,'Newsdirectory','Newsdirectory is a comprehensive and searchable guide to the world\'s English-language online media. Currently over 8,000 newspapers and magazines are listed, as well as more than 1,000 U.S. television broadcasters.','http://www.newsdirectory.com/','http://www.newsdirectory.com/hbSearch.php','s={$formKeywords}& submit=Go',5),(1079,207,'Google','Search using the popular Google search engine.','http://www.google.com/','http://www.google.com/search?q={$formKeywords}',NULL,0),(1080,207,'Google Scholar','Google Scholar enables specific searches of scholarly literature, including peer-reviewed papers, theses, books, pre-prints, abstracts, and technical reports. Content includes a range of publishers and aggregators with whom Google already has standing arrangements, e.g., the Association for Computing Machinery, IEEE, OCLC\'s Open WorldCat library locator service, etc. Result displays will show different version clusters, citation analysis, and library location (currently books only).','http://scholar.google.com','http://scholar.google.com/scholar?ie=UTF-8&oe=UTF-8&hl=en&q={$formKeywords}',NULL,1),(1081,207,'Clusty the Clustering Engine','This search tool from Vivismo offers clustered results for a selection of searches.  Metasearch the whole web, or use tabs to search for news, gossip, images, orproducts via Bizrate or eBay.','http://clusty.com/about','http://clusty.com/search?query={$formKeywords}',NULL,2),(1082,207,'Vivisimo','The award-winning Vivisimo clustering technology, developed by Carnegie Mellon research scientists, is unlocking the value of stored information at Fortune 500 companies, top websites, prestigious publishers and government agencies by categorizing research results on the fly into meaningful orders, thus achieving breakthrough improvement in access to relevant information.','http://vivisimo.com','http://vivisimo.com/search?tb=homepage&v%3Asources=Web&query={$formKeywords}',NULL,3),(1083,208,'Google Scholar','Google Scholar enables specific searches of scholarly literature, including peer-reviewed papers, theses, books, pre-prints, abstracts, and technical reports. Content includes a range of publishers and aggregators with whom Google already has standing arrangements, e.g., the Association for Computing Machinery, IEEE, OCLC\'s Open WorldCat library locator service, etc. Result displays will show different version clusters, citation analysis, and library location (currently books only).','http://scholar.google.com','http://scholar.google.com/scholar?ie=UTF-8&oe=UTF-8&hl=eng&as_sauthors={$formKeywords}',NULL,0),(1084,208,'Intute: Science, Engineering & Technology','Intute: Science, Engineering & Technology is a free online service providing you with access to the very best Web resources for education and research, evaluated and selected by a network of subject specialists. It covers the physical sciences, engineering, computing, geography, mathematics and environmental science. The database currently contains 33349 records.','http://www.intute.ac.uk/sciences/','http://www.intute.ac.uk/sciences/cgi-bin/search.pl?submit.x=0&submit.y=0&submit=Go&limit=0&subject=sciences&term1={$formKeywords}',NULL,1),(1085,208,'OAIster (Open Archives Initiative research databases)','OAIster is a project of the University of Michigan Digital Library Production Services, and provides searching a wide variety of collections from a wide variety of institutions. These institutions have made the records of their digital resources available to access, and the project team has gathered and aggregated them into the OAIster service.','http://oaister.umdl.umich.edu/','http://oaister.umdl.umich.edu/cgi/b/bib/bib-idx?type=boolean&size=10&c=oaister&q1=&rgn1=entire+record&op2=and&q2=&rgn2=entire+record&op3=And&q3=&rgn3=title&op4=And&rgn4=author&op5=And&q5=&rgn5=subject&op6=And&rgn6=norm&q6=all+types&sort=author%2Fcreator&submit2=search&q4={$formKeywords}',NULL,2),(1086,208,'DOE Information Bridge','The Information Bridge provides the open source to full-text and bibliographic records of Department of Energy (DOE) research and development reports in physics, chemistry, materials, biology, environmental sciences, energy technologies, engineering, computer and information science, renewable energy, and other topics.','http://www.osti.gov/bridge/index.jsp','http://www.osti.gov/bridge/basicsearch.jsp?act=Search&formname=basicsearch.jsp&review=1&SortBy=RELV&SortOrder=DESC&querytype=search&searchFor={$formKeywords}',NULL,3),(1087,208,'Public Knowledge Project Open Archives Harvester','The PKP Open Archives Harvester is a free metadata indexing system developed by the Public Knowledge Project through its federally funded efforts to expand and improve access to research. The PKP OAI Harvester allows you to create a searchable index of the metadata from Open Archives Initiative-compliant archives, such as sites using Open Journal Systems or Open Conference Systems.','http://pkp.sfu.ca/harvester/','http://pkp.sfu.ca/harvester/search.php?limit=author&query={$formKeywords}',NULL,4),(1088,208,'National Environmental Publications Internet Site (NEPIS)','The National Environmental Publications Information System began in 1997, to offer over 9,000 full text, online documents of the United States Environmental Protection Agency. Documents that are not available online can be ordered from the agency through NEPIS.','http://nepis.epa.gov/','http://nepis.epa.gov/Exe/ZyNET.exe?User=ANONYMOUS&Password=anonymous&Client=EPA&SearchBack=ZyActionL&SortMethod=h&SortMethod=-&MaximumDocuments=15&Display=hpfr&ImageQuality=r85g16%2Fr85g16%2Fx150y150g16%2Fi500&DefSeekPage=x&ZyAction=ZyActionS&Toc=&TocEntry=&QField=&QFieldYear=&QFieldMonth=&QFieldDay=&UseQField=&Docs=&IntQFieldOp=0&ExtQFieldOp=0&File=&SeekPage=&Back=ZyActionL&BackDesc=Contents+page&MaximumPages=1&ZyEntry=0&TocRestrict=n&SearchMethod=1&Time=&FuzzyDegree=0&Index=National+Environmental+Publications+Info&Query={$formKeywords}',NULL,5),(1089,209,'Google','Search for definitions using the popular Google search engine.','http://www.google.com/','http://www.google.com/search?hl=en&q=define%3A{$formKeywords}',NULL,0),(1090,209,'NAL Agricultural Thesaurus','NAL Agricultural Thesaurus was created to meet the needs of the United States Department of Agriculture (USDA), Agricultural Research Service (ARS), for an agricultural thesaurus. NAL Agricultural Thesaurus is for anyone describing, organizing and classifying agricultural resources such as: books, articles, catalogs, databases, patents, games, educational materials, pictures, slides, film, videotapes, software, other electronic media, or websites. It is organized into 17 subject categories.','http://agclass.nal.usda.gov/agt/agt.htm','http://search.nal.usda.gov/query.html?charset=iso-8859-1&ht=0&qp=&qs=-url%3Atektran&qc=-&pw=100%25&ws=0&la=en&qm=0&st=1&nh=10&lk=1&rf=0&oq=&rq=0&si=1&x=15&y=8&qt={$formKeywords}',NULL,1),(1091,209,'Merriam-Webster Online','A dictionary based on the Webster 10th Collegiate edition, 1993, with updates added annually. More than 160,000 entries. Each word is accompanied by definition, pronunciation, usage, grammatical function, and a brief etymology. Includes a thesaurus. Misspellings return suggested spellings. The dictionary\'s search system supports internal wildcards and right hand truncation searching. Includes an extensive pronunciation guide and sound files for the pronunciation of many terms.','http://www.merriam-webster.com/','http://www.merriam-webster.com/cgi-bin/dictionary?book=Dictionary&va={$formKeywords}',NULL,2),(1092,209,'OneLook Dictionaries','OneLook is a meta-dictionary. Enter an English language word or acronym, and OneLook will search its index of 5,292,362 words in 934 dictionaries indexed in general and special interest dictionaries for the definition.','http://www.onelook.com/index.html','http://www.onelook.com/?ls=a&w={$formKeywords}',NULL,3),(1093,209,'Wikipedia: The Free Encyclopedia','\"Wikipedia is a free content encyclopedia that is being written collaboratively by contributors from all around the world. The site is a WikiWiki, meaning that anyone ... can edit any article. ...\" Without editorial oversight, the quality of the content on this site varies dramatically, but it is worth exploring. The English version has hundreds of thousands of entries. Spanish, French, and Esperanto are among the several other languages offered.','http://en.wikipedia.org/wiki/Main_Page','http://en.wikipedia.org/wiki/Special:Search?go=Go&fulltext=Search&search={$formKeywords}',NULL,4),(1094,209,'Infoplease.com','This site includes contents of the Information Please Almanacs, a biography database, a dictionary, an atlas, and articles from the Columbia Encyclopedia. You can search these ready reference works together or separately or browse the Almanacs. There are feature stories each week covering topics in the news, with links to pertinent Almanac content and other Web resources.','http://www.infoplease.com','http://www.infoplease.com/search?fr=iptn&in=all&x=0&y=0&query={$formKeywords}',NULL,5),(1095,210,'DOE Information Bridge','The Information Bridge provides the open source to full-text and bibliographic records of Department of Energy (DOE) research and development reports in physics, chemistry, materials, biology, environmental sciences, energy technologies, engineering, computer and information science, renewable energy, and other topics.','http://www.osti.gov/bridge/index.jsp','http://www.osti.gov/bridge/basicsearch.jsp?act=Search&formname=basicsearch.jsp&review=1&SortBy=RELV&SortOrder=DESC&querytype=search&searchFor={$formKeywords}',NULL,0),(1096,210,'Intute: Science, Engineering & Technology','Intute: Science, Engineering and Technology is a free online service providing you with access to the very best Web resources for education and research, evaluated and selected by a network of subject specialists. It covers the physical sciences, engineering, computing, geography, mathematics and environmental science. The database currently contains 33349 records.','http://www.intute.ac.uk/sciences/','http://www.intute.ac.uk/sciences/cgi-bin/search.pl?submit.x=0&submit.y=0&submit=Go&limit=0&subject=sciences&term1={$formKeywords}',NULL,1),(1097,210,'National Environmental Publications Internet Site (NEPIS)','The National Environmental Publications Information System began in 1997, to offer over 9,000 full text, online documents of the United States Environmental Protection Agency. Documents that are not available online can be ordered from the agency through NEPIS.','http://nepis.epa.gov/','http://nepis.epa.gov/Exe/ZyNET.exe?User=ANONYMOUS&Password=anonymous&Client=EPA&SearchBack=ZyActionL&SortMethod=h&SortMethod=-&MaximumDocuments=15&Display=hpfr&ImageQuality=r85g16%2Fr85g16%2Fx150y150g16%2Fi500&DefSeekPage=x&ZyAction=ZyActionS&Toc=&TocEntry=&QField=&QFieldYear=&QFieldMonth=&QFieldDay=&UseQField=&Docs=&IntQFieldOp=0&ExtQFieldOp=0&File=&SeekPage=&Back=ZyActionL&BackDesc=Contents+page&MaximumPages=1&ZyEntry=0&TocRestrict=n&SearchMethod=1&Time=&FuzzyDegree=0&Index=National+Environmental+Publications+Info&Query={$formKeywords}',NULL,2),(1098,210,'National Library for the Environment','A universal, timely, and easy-to-use single-point entry to quality environmental data and information for the use of all participants in the environmental enterprise.','http://www.ncseonline.org/nle/index.cfm?&CFID=8843778&CFTOKEN=66834254','http://www.ncseonline.org/NLE/CRS/detail.cfm?quickKeyword={$formKeywords}',NULL,3),(1099,211,'Access to Australian Government Information and Services','The Australian Government Entry Point offers comprehensive and integrated access to Australian Government information and services.  You will find a concentrated body of Australian Government information through this site. <a href=\"http://www.australia.gov.au\">www.australia.gov.au</a> currently signposts over 700 Australian Government web sites, indexes more than 5,000,000 pages and uses both metadata and full text indexing to ensure it is a comprehensive government portal.','http://www.fed.gov.au','http://govsearch.australia.gov.au/search/search.cgi?collection=gov&form=au&query=&query_phrase=&query_or=&query_not=&meta_f_sand=&scope=&fscope=512&num_ranks=20&chksummary=chksummary&query_and={$formKeywords}',NULL,0),(1100,211,'The Government of Canada','You can search across all government departments federal departments and agencies as well as provincial, territorial and municipal governments. There is a Departments and Agencies link, and the A to Z Index offers a keyword search to programmes and services. \n\nA recent development on Departmental sites is the inclusion of a \"Proactive Disclosure\" page, which outlines travel and hospitality expenses, disclosure of contracts, grants and awards. \n\nThe About Canada page includes links to Departments and Agencies, Structure of the Canadian Government, Commissions of Inquiry and more. \n\nIn addition to Department web sites, the government has been creating Portals which bring together information from across federal and provincial sources, and non-governmental organizations as well.','http://www.canada.gc.ca/main_e.html','http://search-recherche.gc.ca/cgi-bin/query?mss=canada%2Fen%2Fsimple&pg=q&enc=iso88591&site=main&bridge=&stt=&lowercaseq=&what=web&user=searchintranet&browser=N6E&kl=XX&op=a&q={$formKeywords}',NULL,1),(1101,211,'Directgov','Directgov is a government service giving people access to the latest and widest range of public service information in one place on the Web and on Digital TV. Directgov uses the specifications formulated and consulted on through UK GovTalk.','http://www.direct.gov.uk','http://www.direct.gov.uk/AdvancedSearch/SearchResults/fs/en?NP=1&PO1=C&PI1=W&PF1=A&PG=1&RP=20&SC=__dgov_site&Z=1&PT1={$formKeywords}',NULL,2),(1102,211,'Info4local.gov.uk','Information for local government from central government.  This site gives local authorities a quick and easy way to find relevant information on the web sites of central government departments, agencies and public bodies. It includes extensive information on implementing electronic government.','http://www.info4local.gov.uk','http://www.info4local.gov.uk/?view=Search+results&subjects=all&departmentsIds=0&informationTypesIds=all&query={$formKeywords}',NULL,3),(1103,211,'The New Zealand government portal','The New Zealand government portal is a website providing search capability for, and links into the online and offline information and services of most government agencies.  This site is managed and maintained by the State Services Commission, a New Zealand government department.','http://www.govt.nz','http://www.govt.nz/search?type=spider&t=spider&q={$formKeywords}',NULL,4),(1104,211,'Europa','Current information on the member countries of the European Union, including statistical data, policies, news, official documents, legal texts, and other publications.','http://europa.eu.int/index_en.htm','http://europa.eu.int/geninfo/query/resultaction.jsp?page=1','Collection=EuropaFull&ResultTemplate=/result_en.jsp&ResultCount=25&qtype=simple&ResultMaxDocs=200&DefaultLG=en&QueryText={$formKeywords}',5),(1105,211,'The Global Legal Information Network (GLIN)','The Global Legal Information Network (GLIN) is a database of laws, regulations, judicial decisions, and other complementary legal sources contributed by governmental agencies and international organizations. These GLIN members contribute the official full texts of published documents to the database in their original language. Each document is accompanied by a summary in English and subject terms selected from the multilingual index to GLIN.','http://www.glin.gov','http://www.glin.gov/search.do?refineQuery=&offset=0&refineQueryType=&fromSearch=true&queryType=ALL&searchBtn=Search&includeAllFields=on&searchAll=on&sumLanguage=any&pubLanguage=any&pubJurisdiction=any&publicationJurisdictionExclude=false&searchPublicationDate=true&dateFromDay=01&dateFromMonth=01&dateFromYear=&dateToDay=01&dateToMonth=01&dateToYear=&subjTerm=&subjTermConjunction%5B0%5D=AND&subjTerm=&subjTermConjunction%5B1%5D=AND&subjTerm=&subjTermConjunction%5B2%5D=AND&subjTerm=&subjTermConjunction%5B3%5D=AND&subjTerm=&searchOrder=default&hitsPerPage=10&showSummary=on&queryString={$formKeywords}',NULL,6),(1106,212,'EnviroLink','The EnviroLink Network has served as the online clearinghouse for environmental information since 1991.','http://www.envirolink.org/','http://www.envirolink.org/newsearch.html?searchfor={$formKeywords}',NULL,0),(1107,213,'Google Print','Google is working with libraries at the University of Michigan, Harvard University, Stanford University, Oxford University and the New York Public Library to digitize books in their collections and make them accessible via Google Print, a massive scanning project that will bring millions of volumes of printed books into the Google Print database.  Click a book title and you\'ll see the page of the book that has your search terms, your can search for more information within that specific book, find reviews, find related information, learn about the publisher, buy this book, and find nearby libraries that have it.','http://print.google.com','http://print.google.com/print?q={$formKeywords}',NULL,0),(1108,213,'Online books Page','Online books Page, edited by John Mark Ockerbloom, at the University of Pennsylvania.  This is an excellent starting point in the search for full-text books on the Internet. Over 20,000 English works in various formats available online at different sites. Entries may be searched by author or title. An interesting feature allows browsing by Library of Congress call number categories. New listings are added regularly and are listed on a separate web page at <a href=\"http://onlinebooks.library.upenn.edu/new.html\">http://onlinebooks.library.upenn.edu/new.html</a>.','http://digital.library.upenn.edu/books/','http://onlinebooks.library.upenn.edu/webbin/book/search?tmode=words&title={$formKeywords}',NULL,1),(1109,213,'Books-On-Line','A collection of over 32935 titles, although some are only excerpts. Browse by subject or search by author or title. Not all items are free.','http://www.books-on-line.com/','http://www.books-on-line.com/bol/KeyWordSearch.cfm?RowCount=50&Searchquery={$formKeywords}',NULL,2),(1110,213,'Universal Library','The Universal Library is considerably more involved, and more ambitious -- it has amassed a collection of 100,000 e-books (some of them from Project Gutenberg), and is aiming for 1 million e-books by the end of 2006.','http://tera-3.ul.cs.cmu.edu/','http://tera-3.ul.cs.cmu.edu/cgi-bin/DBscripts/advsearch_db.cgi?perPage=25&listStart=0&author1=&subject1=Any&year1=&year2=&language1=Any&scentre=Any&search=Search&title1={$formKeywords}',NULL,3),(1111,214,'MInd: the Meetings Index','Use this service to identify and locate the organizers and sponsors for future conferences, congresses, meetings and symposia, as well as conference proceedings (for future and past conferences).','http://www.interdok.com/mind/','http://www.google.com/search?q=site%3Ainterdok.com+mind+{$formKeywords}',NULL,0),(1112,215,'Climate Data Inventories','Climate data inventories comprises a partial inventory of NCDC data sets and a complete list of weather observation stations, including inventory/station lists for U.S. and global surface data and inventory/station lists for U.S. and global upper air data.','http://lwf.ncdc.noaa.gov/oa/climate/climateinventories.html','http://crawl.ncdc.noaa.gov/search?site=ncdc&output=xml_no_dtd&client=ncdc&lr=&proxystylesheet=ncdc&oe=&q={$formKeywords}',NULL,0),(1113,215,'U.S. Geological Survey','The U.S. Geological Survey provides information to describe and understand the Earth. This information is used to: minimize loss of life and property from natural disasters; manage water, biological, energy, and mineral resources; enhance and protect the quality of life; and contribute to wise economic and physical development. This site describes its programs, projects, publications, research, jobs, library, and educational resources. It also provides links to news releases.','http://www.usgs.gov/','http://search.usgs.gov/query.html?col=usgs&col=top2000&ht=0&qp&qs=&qc=&pw=100%25&ws=1&la=&qm=0&st=1&nh=10&lk=1&rf=0&oq=&rq=0&si=0=&qt={$formKeywords}',NULL,1),(1114,216,'Ingenta','Ingenta restricts access to full text articles. Although access to the full text costs money, the site can be used as a free index.','http://www.ingenta.com/','http://www.ingenta.com/isis/searching/Search/ingenta?database=1&title={$formKeywords}',NULL,0),(1115,216,'ebrary','Independent researchers who do not have access to ebrary?s databases through their library may now set up an individual account for as little as $5. ebrary Discover spans multiple academic disciplines and provides anytime, anywhere access to over 20,000 authoritative titles including books in full-text, sheet music, reports and other authoritative documents from more than 175 leading publishers such as Cambridge University Press, Random House, Inc., and The McGraw-Hill Companies.','http://www.ebrary.com/corp/content.htm','http://shop.ebrary.com/Top?layout=search&f00=text&p01=&f01=subject&d=journal&l=en&sch=%A0%A0%A0%A0%A0Search%A0%A0%A0%A0%A0&frm=adv.x&p00={$formKeywords}',NULL,1),(1116,216,'Questia','Questia provides access to over 47,000 books and 375,000 journal, magazine, and newspaper articles. All books and articles are available in their entirety - search every page. The subscription rate is ranging from 19.05 per month to 119.95 per year.','http://www.questia.com/','http://www.questia.com/SM.qst?act=search&keywordsSearchType=1000&mediaType=book&mediaType=journal&mediaType=magazine&mediaType=newspaper&mediaType=encyclopedia&mediaType=startpage&keywords={$formKeywords}',NULL,2),(1117,216,'Wiley InterScience Pay-per-view Service','Wiley InterScience Pay-per-view affords instant, full-text access to an extensive collection of journal articles or book chapters available on Wiley InterScience without the need for a subscription. This service allows anyone to purchase access to individual journal articles or book chapters directly by using a credit card. Access is instant and available for 24 hours.','http://www3.interscience.wiley.com/aboutus/ppv-articleselect.html','http://www3.interscience.wiley.com/search/allsearch','allContentSearchForm=&mode=quicksearch&WISindexid1=WISall&WISsearch1={$formKeywords}',3),(1118,217,'Google News','Search news reports using the popular search engine Google\'s news feature.','http://news.google.com/','http://news.google.com/news?hl=en&q={$formKeywords}',NULL,0),(1119,217,'Globe and Mail','Globe and Mail, Toronto (last seven days)','http://www.globeandmail.com/','http://www.globeandmail.com/servlet/HTMLTemplate/search?tf=tgam/search/tgam/SearchResults.html&cf=tgam/search/tgam/SearchResults.cfg&current_row=1&start_row=1&num_rows=10&keywords={$formKeywords}',NULL,1),(1120,217,'People\'s Daily','People\'s Daily, China (January 1999-)','http://english.peopledaily.com.cn/','http://search.people.com.cn/was40/people/GB/english_index.jsp?type=1&channel=&Content=&searchword={$formKeywords}',NULL,2),(1121,217,'Mail & Guardian Newspaper','Mail & Guardian Newspaper, South Africa (1994-)','http://www.mg.co.za/','http://www.mg.co.za/mg_search_results.aspx?PrintEdition=PrintEdition&DailyNews=DailyNews&SearchSection=&StartDay=&StartMonth=&StartYear=&EndDay=&EndMonth=&EndYear=&keywords={$formKeywords}',NULL,3),(1122,217,'National Public Radio','National Public Radio, United States (unlimited)','http://www.npr.org/archives/','http://www.npr.org/search.php?text={$formKeywords}',NULL,4),(1123,217,'New York Times','New York Times, New York (last seven days)','http://www.nytimes.com/','http://query.nytimes.com/search/query?date=past30days&submit.x=11&submit.y=12&query={$formKeywords}',NULL,5),(1124,217,'The Japan Times Online','The Japan Times Online, Japan (January 1999-)','http://www.japantimes.co.jp/','http://www.google.co.jp/custom?domains=japantimes.co.jp&client=pub-4223870936880387&forid=1&ie=Shift_JIS&oe=Shift_JIS&term1=&cof=GALT%3A%23008000%3BGL%3A1%3BDIV%3A%23336699%3BVLC%3A663399%3BAH%3Acenter%3BBGC%3AFFFFFF%3BLBGC%3AFFFFFF%3BALC%3A0000FF%3BLC%3A0000FF%3BT%3A000000%3BGFNT%3A0000FF%3BGIMP%3A0000FF%3BLH%3A60%3BLW%3A200%3BL%3Ahttp%3A%2F%2Fwww.japantimes.co.jp%2Fimages%2Fheader_title.gif%3BS%3Ahttp%3A%2F%2Fwww.japantimes.co.jp%2F%3BFORID%3A1%3B&hl=ja&advancesearch=&q={$formKeywords}',NULL,6),(1125,217,'The Moscow Times','The Moscow Times, Russia (1994-)','http://www.moscowtimes.ru/doc/Search.html','http://www.moscowtimes.ru/cgi-bin/search?config=&exclude=&method=and&format=long&sort=score&matchesperpage=10&words={$formKeywords}',NULL,7),(1126,217,'Washington Post','Washington Post, Washington, DC (last two weeks)','http://www.washingtonpost.com/','http://www.washingtonpost.com/cgi-bin/search99.pl?searchsection=news&searchdatabase=news&x=11&y=8&searchtext={$formKeywords}',NULL,8),(1127,217,'Newsdirectory','Newsdirectory is a comprehensive and searchable guide to the world\'s English-language online media. Currently over 8,000 newspapers and magazines are listed, as well as more than 1,000 U.S. television broadcasters.','http://www.newsdirectory.com/','http://www.newsdirectory.com/hbSearch.php','s={$formKeywords}& submit=Go',9),(1128,218,'Google','Search using the popular Google search engine.','http://www.google.com/','http://www.google.com/search?q={$formKeywords}',NULL,0),(1129,218,'Google Scholar','Google Scholar enables specific searches of scholarly literature, including peer-reviewed papers, theses, books, pre-prints, abstracts, and technical reports. Content includes a range of publishers and aggregators with whom Google already has standing arrangements, e.g., the Association for Computing Machinery, IEEE, OCLC\'s Open WorldCat library locator service, etc. Result displays will show different version clusters, citation analysis, and library location (currently books only).','http://scholar.google.com','http://scholar.google.com/scholar?ie=UTF-8&oe=UTF-8&hl=en&q={$formKeywords}',NULL,1),(1130,218,'Clusty the Clustering Engine','This search tool from Vivismo offers clustered results for a selection of searches.  Metasearch the whole web, or use tabs to search for news, gossip, images, orproducts via Bizrate or eBay.','http://clusty.com/about','http://clusty.com/search?query={$formKeywords}',NULL,2),(1131,218,'Vivisimo','The award-winning Vivisimo clustering technology, developed by Carnegie Mellon research scientists, is unlocking the value of stored information at Fortune 500 companies, top websites, prestigious publishers and government agencies by categorizing research results on the fly into meaningful orders, thus achieving breakthrough improvement in access to relevant information.','http://vivisimo.com','http://vivisimo.com/search?tb=homepage&v%3Asources=Web&query={$formKeywords}',NULL,3),(1132,219,'Google Scholar','Google Scholar enables specific searches of scholarly literature, including peer-reviewed papers, theses, books, pre-prints, abstracts, and technical reports. Content includes a range of publishers and aggregators with whom Google already has standing arrangements, e.g., the Association for Computing Machinery, IEEE, OCLC\'s Open WorldCat library locator service, etc. Result displays will show different version clusters, citation analysis, and library location (currently books only).','http://scholar.google.com','http://scholar.google.com/scholar?ie=UTF-8&oe=UTF-8&hl=eng&as_sauthors={$formKeywords}',NULL,0),(1133,219,'OAIster (Open Archives Initiative research databases)','OAIster is a project of the University of Michigan Digital Library Production Services, and provides searching a wide variety of collections from a wide variety of institutions. These institutions have made the records of their digital resources available to access, and the project team has gathered and aggregated them into the OAIster service.','http://oaister.umdl.umich.edu/','http://oaister.umdl.umich.edu/cgi/b/bib/bib-idx?type=boolean&size=10&c=oaister&q1=&rgn1=entire+record&op2=and&q2=&rgn2=entire+record&op3=And&q3=&rgn3=title&op4=And&rgn4=author&op5=And&q5=&rgn5=subject&op6=And&rgn6=norm&q6=all+types&sort=author%2Fcreator&submit2=search&q4={$formKeywords}',NULL,1),(1134,219,'Public Knowledge Project Open Archives Harvester','The PKP Open Archives Harvester is a free metadata indexing system developed by the Public Knowledge Project through its federally funded efforts to expand and improve access to research. The PKP OAI Harvester allows you to create a searchable index of the metadata from Open Archives Initiative-compliant archives, such as sites using Open Journal Systems or Open Conference Systems.','http://pkp.sfu.ca/harvester/','http://pkp.sfu.ca/harvester/search.php?limit=author&query={$formKeywords}',NULL,2),(1135,219,'Find articles','Provides citations, abstracts and fulltext articles for over 300 magazines and journals on topics such as business, health, society, entertainment and sports.','http://www.findarticles.com/PI/index.jhtml','http://www.findarticles.com/cf_0/PI/search.jhtml?magR=all+magazines&key={$formKeywords}',NULL,3),(1136,219,'H-Net Reviews','H-Net Reviews in the Humanities and Social Sciences is an online scholarly review resource. reviews are published online via discussion networks and the H-Net web site. This permits our reviews to reach scholars with a speed unmatched in any other medium. It also makes a new kind of interactivity possible, as reviewers, authors and readers engage in discussions of the reviews online. Through the power of e-mail and the web H-Net has helped pioneer online scholarly reviewing.','http://www2.h-net.msu.edu/reviews/','http://www2.h-net.msu.edu/reviews/search.cgi?maxlines=25&maxfiles=25&all=all&query={$formKeywords}',NULL,4),(1137,219,'Intute: Social Sciences','Intute: Social Sciences is a free online service providing you with access to the very best Web resources for education and research, evaluated and selected by a network of subject specialists.','http://www.intute.ac.uk/socialsciences//','http://www.intute.ac.uk/socialsciences/cgi-bin/search.pl?submit.x=0&submit.y=0&submit=Go&limit=0&subject=socialsciences&term1={$formKeywords}',NULL,5),(1138,219,'SocioSite','SocioSite gives access to the worldwide scene of social sciences. The intention is to provide a comprehensive listing of all sociology resources on the Internet.','http://www.pscw.uva.nl/sociosite/','http://www.google.com/u/sociosite?sa=sociosite&domains=www2.fmg.uva.nl&sitesearch=www2.fmg.uva.nl&hq=inurl:www2.fmg.uva.nl/sociosite&q={$formKeywords}',NULL,6),(1139,219,'Voice of the Shuttle','Voice of the Shuttle emphasizes both primary and secondary (or theoretical) resources of American literature, including links of syllabi, electronic journals and newsgroups.','http://vos.ucsb.edu/','http://vos.ucsb.edu/search-results.asp?Submit=Go&search={$formKeywords}',NULL,7),(1140,220,'Google','Search for definitions using the popular Google search engine.','http://www.google.com/','http://www.google.com/search?hl=en&q=define%3A{$formKeywords}',NULL,0),(1141,220,'Online Dictionary of the Social Sciences','Online Dictionary of the Social Sciences is a searchable dictionary of terms commonly used in the social sciences. Both phrase and keyword searches are facilitated.','http://bitbucket.icaap.org/','http://bitbucket.icaap.org/dict.pl?fuzzy={$formKeywords}',NULL,1),(1142,220,'OneLook Dictionaries','OneLook is a meta-dictionary. Enter an English language word or acronym, and OneLook will search its index of 5,292,362 words in 934 dictionaries indexed in general and special interest dictionaries for the definition.','http://www.onelook.com/index.html','http://www.onelook.com/?ls=a&w={$formKeywords}',NULL,2),(1143,220,'Merriam-Webster Online','A dictionary based on the Webster 10th Collegiate edition, 1993, with updates added annually. More than 160,000 entries. Each word is accompanied by definition, pronunciation, usage, grammatical function, and a brief etymology. Includes a thesaurus. Misspellings return suggested spellings. The dictionary\'s search system supports internal wildcards and right hand truncation searching. Includes an extensive pronunciation guide and sound files for the pronunciation of many terms.','http://www.merriam-webster.com/','http://www.merriam-webster.com/cgi-bin/dictionary?book=Dictionary&va={$formKeywords}',NULL,3),(1144,220,'Wikipedia: The Free Encyclopedia','\"Wikipedia is a free content encyclopedia that is being written collaboratively by contributors from all around the world. The site is a WikiWiki, meaning that anyone ... can edit any article. ...\" Without editorial oversight, the quality of the content on this site varies dramatically, but it is worth exploring. The English version has hundreds of thousands of entries. Spanish, French, and Esperanto are among the several other languages offered.','http://en.wikipedia.org/wiki/Main_Page','http://en.wikipedia.org/wiki/Special:Search?go=Go&fulltext=Search&search={$formKeywords}',NULL,4),(1145,220,'Infoplease.com','This site includes contents of the Information Please Almanacs, a biography database, a dictionary, an atlas, and articles from the Columbia Encyclopedia. You can search these ready reference works together or separately or browse the Almanacs. There are feature stories each week covering topics in the news, with links to pertinent Almanac content and other Web resources.','http://www.infoplease.com','http://www.infoplease.com/search?fr=iptn&in=all&x=0&y=0&query={$formKeywords}',NULL,5),(1146,221,'CIAO (Columbia International Affairs Online)','Established as a collaboration between the Columbia University libraries and Columbia University Press with a grant from the Andrew W. Mellon Foundation, CIAO comprises a collection of theory and research materials in the field of international affairs. Working papers from university research institutes, policy briefs, country data, journal abstracts, and conference proceedings, all from 1991 - present, are among the materials available from this resource.','http://www.ciaonet.org/','http://usearch.cc.columbia.edu/ciao/query.html?qp=url%3Awps&qp=url%3Aolj&qp=url%3Apbei&qp=url%3Abook&qp=url%3Acasestudy&op1=%2B&fl1=&ty1=w&tx1=&dt=in&inthe=2147483647&op0=&fl0=&ty0=w&qt=&ht=0&qp=&qs=&col=ciao&qc=ciao&pw=100%25&ws=0&la=en&qm=0&st=1&nh=25&lk=1&rf=0&oq=&rq=0&si=0&ql=a&x=34&y=8&tx0={$formKeywords}',NULL,0),(1147,221,'Find articles','Provides citations, abstracts and fulltext articles for over 300 magazines and journals on topics such as business, health, society, entertainment and sports.','http://www.findarticles.com/PI/index.jhtml','http://www.findarticles.com/cf_0/PI/search.jhtml?magR=all+magazines&key={$formKeywords}',NULL,1),(1148,221,'H-Net Reviews','H-Net Reviews in the Humanities and Social Sciences is an online scholarly review resource. reviews are published online via discussion networks and the H-Net web site. This permits our reviews to reach scholars with a speed unmatched in any other medium. It also makes a new kind of interactivity possible, as reviewers, authors and readers engage in discussions of the reviews online. Through the power of e-mail and the web H-Net has helped pioneer online scholarly reviewing.','http://www2.h-net.msu.edu/reviews/','http://www2.h-net.msu.edu/reviews/search.cgi?maxlines=25&maxfiles=25&all=all&query={$formKeywords}',NULL,2),(1149,221,'Intute: Social Sciences','Intute: Social Sciences is a free online service providing you with access to the very best Web resources for education and research, evaluated and selected by a network of subject specialists.','http://www.intute.ac.uk/socialsciences//','http://www.intute.ac.uk/socialsciences/cgi-bin/search.pl?submit.x=0&submit.y=0&submit=Go&limit=0&subject=socialsciences&term1={$formKeywords}',NULL,3),(1150,221,'SocioSite','SocioSite gives access to the worldwide scene of social sciences. The intention is to provide a comprehensive listing of all sociology resources on the Internet.','http://www.pscw.uva.nl/sociosite/','http://www.google.com/u/sociosite?sa=sociosite&domains=www2.fmg.uva.nl&sitesearch=www2.fmg.uva.nl&hq=inurl:www2.fmg.uva.nl/sociosite&q={$formKeywords}',NULL,4),(1151,221,'Voice of the Shuttle','Voice of the Shuttle emphasizes both primary and secondary (or theoretical) resources of American literature, including links of syllabi, electronic journals and newsgroups.','http://vos.ucsb.edu/','http://vos.ucsb.edu/search-results.asp?Submit=Go&search={$formKeywords}',NULL,5),(1152,222,'Anthropology Review Databases (ARD)','The Anthropology Review Databases is intended to improve the level of access of anthropologists to anthropological literature by making them more aware of what is being published and helping them to evaluate its relevance to their own interests.','http://wings.buffalo.edu/ARD/','http://wings.buffalo.edu/ARD/cgi/search.cgi?authors=&subject=&date1=&date2=&medium=&reviewer=&title={$formKeywords}',NULL,0),(1153,222,'Books-on-Law','Books-on-Law reviewing new and forthcoming scholarly and trade books related to law; from JURIST: The Law Professors\' Network','http://jurist.law.pitt.edu/lawbooks/','http://search.freefind.com/find.html?id=9814374&pageid=r&mode=ALL&query={$formKeywords}',NULL,1),(1154,222,'Law and Politics Book reviews','The Law and Politics Book reviews is sponsored by the Law and Courts Section of the American Political Science Association. The electronic medium enables us to review almost every book about the legal process and politics, to do longer reviews than are usually published, and to make the reviews available within six months of our receipt of the book.','http://www.bsos.umd.edu/gvpt/lpbr/','http://www.searchum.umd.edu/search?btnG=Search&output=xml_no_dtd&proxystylesheet=UMCP&as_sitesearch=http://www.bsos.umd.edu/gvpt/lpbr&client=UMCP&site=UMCP&q={$formKeywords}',NULL,2),(1155,223,'Ingenta','Ingenta restricts access to full text articles. Although access to the full text costs money, the site can be used as a free index.','http://www.ingenta.com/','http://www.ingenta.com/isis/searching/Search/ingenta?database=1&title={$formKeywords}',NULL,0),(1156,223,'ebrary','Independent researchers who do not have access to ebrary?s databases through their library may now set up an individual account for as little as $5. ebrary Discover spans multiple academic disciplines and provides anytime, anywhere access to over 20,000 authoritative titles including books in full-text, sheet music, reports and other authoritative documents from more than 175 leading publishers such as Cambridge University Press, Random House, Inc., and The McGraw-Hill Companies.','http://www.ebrary.com/corp/content.htm','http://shop.ebrary.com/Top?layout=search&f00=text&p01=&f01=subject&d=journal&l=en&sch=%A0%A0%A0%A0%A0Search%A0%A0%A0%A0%A0&frm=adv.x&p00={$formKeywords}',NULL,1),(1157,223,'Questia','Questia provides access to over 47,000 books and 375,000 journal, magazine, and newspaper articles. All books and articles are available in their entirety - search every page. The subscription rate is ranging from 19.05 per month to 119.95 per year.','http://www.questia.com/','http://www.questia.com/SM.qst?act=search&keywordsSearchType=1000&mediaType=book&mediaType=journal&mediaType=magazine&mediaType=newspaper&mediaType=encyclopedia&mediaType=startpage&keywords={$formKeywords}',NULL,2),(1158,223,'Wiley InterScience Pay-per-view Service','Wiley InterScience Pay-per-view affords instant, full-text access to an extensive collection of journal articles or book chapters available on Wiley InterScience without the need for a subscription. This service allows anyone to purchase access to individual journal articles or book chapters directly by using a credit card. Access is instant and available for 24 hours.','http://www3.interscience.wiley.com/aboutus/ppv-articleselect.html','http://www3.interscience.wiley.com/search/allsearch','allContentSearchForm=&mode=quicksearch&WISindexid1=WISall&WISsearch1={$formKeywords}',3),(1159,224,'The Gallup Organization','The Gallup site allows for topic keyword searches and also has a topic index, listing major issues such as Abortion, Campaign Finance, Illegal Drugs, and Taxes, with retrospective poll results, sometimes dating back to the 1950s, included for each.','http://www.gallup.com/','http://www.gallup.com/search/results.aspx?SearchConType=&SearchTypeAll=any&SearchTypeExa=any&SearchTypeAny=any&SearchTypeNon=any&SearchTextExa=&SearchTextAny=&SearchTextNon=&SearchSiteInd=&SearchSiteAll=&SearchDateBef=&SearchDateAft=&SearchDateBMo=&SearchDateAMo=&SearchDateBDa=&SearchDateADa=&SearchDateBYe=&SearchDateAYe=&SearchTextAll={$formKeywords}',NULL,0),(1160,224,'Public Agenda Online','Sponsored by fourteen public service-oriented foundations, Public Agenda Online offers 21 issue guides for such topics as Abortion, Crime, the Federal Budget, Race, and Welfare. Analytical essays, summaries of news articles, and graphs representing poll results enhance Public Agenda\'s extensive coverage of each topic.','http://www.publicagenda.org/','http://www.publicagenda.org/search/search_details.cfm','StartRow=1&searchstring={$formKeywords}',1),(1161,224,'PollingReport.com','PollingReport.com is an independent, nonpartisan resource on trends in American public opinion.','http://www.pollingreport.com/','http://www.pollingreport.com/_vti_bin/shtml.exe/search.htm','VTI-GROUP=0&search={$formKeywords}',2),(1162,225,'Inter-university Consortium for Political and Social Research (ICPSR)','Inter-university Consortium for Political and Social Research (ICPSR) contains social data archives include nearly 5,000 titles and over 45,000 individual files over 300 institutions in the world.','http://www.icpsr.umich.edu/','http://search.icpsr.umich.edu/ICPSR/query.html?nh=25&rf=3&ws=0&op0=%2B&fl0=&ty0=w&col=abstract&col=series&col=uncat&op1=-&tx1=restricted&ty1=w&fl1=availability%3A&op2=%2B&tx2=ICPSR&ty2=w&fl2=archive%3A&tx0={$formKeywords}',NULL,0),(1163,225,'The OECD Statistics Portal','The OECD Statistics Portal collects the statistics needed for its analytical work from statistical agencies of its Member countries. The OECD promotes and develops international statistical standards and co-ordinates statistical activities with other international agencies.','http://www.oecd.org/statsportal/0,2639,en_2825_293564_1_1_1_1_1,00.html','http://www.oecd.org/searchResult/0,2665,en_2825_293564_1_1_1_1_1,00.html?searchText=&fpDepartment=293564&fpSearchExact=3&fpSearchText={$formKeywords}',NULL,1),(1164,225,'Australian Social Science Data Archive','ASSDA is a member of the International Federation of Data Organisations (IFDO) through which it maintains contacts with data organisations abroad actively engaged in providing the social science community with computerised data and documentation. Links to other data archives.','http://assda.anu.edu.au/','http://assda.anu.edu.au/htdig/htsearch?method=and&format=builtin-long&sort=score&config=assda&restrict=http://assda.anu.edu.au/&exclude=&words={$formKeywords}',NULL,2),(1165,225,'UK Data Archive','The Data Archive at the University of Essex houses the largest collection of accessible computer-readable data in the social sciences and humanities in the United Kingdom. It is a national resource centre, disseminating data throughout the United Kingdom and, by arrangement with other national archives, internationally. Founded in 1967, it now houses approximately seven thousand datasets of interest to researchers in all sectors and from many different disciplines.','http://www.data-archive.ac.uk/','http://www.data-archive.ac.uk/search/allSearch.asp?ct=xmlAll&zoom_and=1&q1={$formKeywords}',NULL,3),(1166,225,'Social Science Data on the Internet','Social Science Data on the Internet is an extensive collection of 873 Internet sites of numeric social science statistical data, data catalogs, data libraries, social science gateways, and financial and economic census files.','http://odwin.ucsd.edu/idata/','http://odwin.ucsd.edu/cgi-bin/easy_search2?print=notitle&file+Data+on+the+Net=%2Fdata%2Fdata.html&amp;skip=search.html&header=%2Fheader%2Fheader&search={$formKeywords}',NULL,4),(1167,226,'CTheory (Requires registration)','An international, electronic review of books on theory, technology and culture. Sponsored by the Canadian Journal of Political and Social Theory, reviews are posted periodically of key books in contemporary discourse as well as theorisations of major \"event-scenes\" in the mediascape.','http://www.ctheory.net/','http://www.google.com/search?q=site%3Awww.ctheory.net+{$formKeywords}',NULL,0),(1168,227,'Google Print','Google is working with libraries at the University of Michigan, Harvard University, Stanford University, Oxford University and the New York Public Library to digitize books in their collections and make them accessible via Google Print, a massive scanning project that will bring millions of volumes of printed books into the Google Print database.  Click a book title and you\'ll see the page of the book that has your search terms, your can search for more information within that specific book, find reviews, find related information, learn about the publisher, buy this book, and find nearby libraries that have it.','http://print.google.com','http://print.google.com/print?q={$formKeywords}',NULL,0),(1169,227,'Online books Page','Online books Page, edited by John Mark Ockerbloom, at the University of Pennsylvania.  This is an excellent starting point in the search for full-text books on the Internet. Over 20,000 English works in various formats available online at different sites. Entries may be searched by author or title. An interesting feature allows browsing by Library of Congress call number categories. New listings are added regularly and are listed on a separate web page at <a href=\"http://onlinebooks.library.upenn.edu/new.html\">http://onlinebooks.library.upenn.edu/new.html</a>.','http://digital.library.upenn.edu/books/','http://onlinebooks.library.upenn.edu/webbin/book/search?tmode=words&title={$formKeywords}',NULL,1),(1170,227,'Books-On-Line','A collection of over 32935 titles, although some are only excerpts. Browse by subject or search by author or title. Not all items are free.','http://www.books-on-line.com/','http://www.books-on-line.com/bol/KeyWordSearch.cfm?RowCount=50&Searchquery={$formKeywords}',NULL,2),(1171,227,'Universal Library','The Universal Library is considerably more involved, and more ambitious -- it has amassed a collection of 100,000 e-books (some of them from Project Gutenberg), and is aiming for 1 million e-books by the end of 2006.','http://tera-3.ul.cs.cmu.edu/','http://tera-3.ul.cs.cmu.edu/cgi-bin/DBscripts/advsearch_db.cgi?perPage=25&listStart=0&author1=&subject1=Any&year1=&year2=&language1=Any&scentre=Any&search=Search&title1={$formKeywords}',NULL,3),(1172,228,'Country Studies: Area Handbook Series','From the Library of Congress, this site provides extensive information on foreign countries.  The Country Studies Series presents a description and analysis of the historical setting and the social, economic, political, and national security systems and institutions of countries throughout the world.','http://lcweb2.loc.gov/frd/cs/cshome.html','http://search.loc.gov:8765/query.html?col=loc&qp=url%3A%2Frr%2Ffrd%2F&submit.x=11&submit.y=9&qt={$formKeywords}',NULL,0),(1173,228,'International Monetary Fund (IMF)','International Monetary Fund (IMF). Searchable and browsable database of IMF publications, including IMF Country Reports, Working Papers, Occasional Papers, and Policy Discussion Papers. Some reports listed on the site are not full-text but are available in print in the UCB main library.','http://www.imf.org/external/pubind.htm','http://www.imf.org/external/pubs/cat/shortres.cfm?auth_ed=&subject=&ser_note=All&datecrit=During&YEAR=Year&Lang_F=All&brtype=Date&submit=Search&TITLE={$formKeywords}',NULL,1),(1174,228,'Inter-American Development Bank Project Documents','Inter-American Development Bank Project Documents. Project documents from the Inter-American Development Bank, browseable by country and economic sector. Includes both proposed and approved projects.','http://www.iadb.org/exr/pic/index.cfm?language=english','http://search.iadb.org/search.asp?ServerKey=Primary&collection=newcoll&language=English&ResultTemplate=default1.hts&ResultStyle=normal&ViewTemplate=docview.hts&Querytext={$formKeywords}',NULL,2),(1175,228,'CIA World Fact Book','Unclassified since 1971, The Central Intelligence Agency\'s annual World Fact Book provides a reliable resource for information on independent states, dependencies, areas of special sovereignty, uninhabitable regions, and oceans (a total of 267 entries). Each entry typically includes concise physical and demographic statistics, an economic overview, as well as communications, transportation, and military information.','https://www.cia.gov/library/publications/the-world-factbook/index.html','https://www.cia.gov/search?NS-search-page=results&NS-tocstart-pat=/text/HTML-advquery-tocstart.pat','NS-search-type=NS-boolean-query&NS-max-records=20&NS-sort-by=&NS-max-records=20&NS-collection=Everything&NS-query={$formKeywords}',3),(1176,229,'Australian Social Science Data Archive','ASSDA is a member of the International Federation of Data Organisations (IFDO) through which it maintains contacts with data organisations abroad actively engaged in providing the social science community with computerised data and documentation. Links to other data archives.','http://assda.anu.edu.au/','http://assda.anu.edu.au/htdig/htsearch?method=and&format=builtin-long&sort=score&config=assda&restrict=http://assda.anu.edu.au/&exclude=&words={$formKeywords}',NULL,0),(1177,229,'Social Science Research Network - SSRN (Austin, Texas, USA)','Social Science Research Network (SSRN) is devoted to the rapid worldwide dissemination of social science research and is composed of a number of specialized research networks in each of the social sciences.','http://www.ssrn.com/','http://papers.ssrn.com/sol3/results.cfm','searchTitle=Title&searchAbstract=Abstract&txtAuthorsFName=&txtAuthorsLName=&optionDateLimit=0&Form_Name=Abstract_Search&txtKey_Words={$formKeywords}',1),(1178,229,'SocioSite','SocioSite is a multi-purpose guide for sociologists. Based in the Netherlands, it includes useful links to sites around the world.','http://www2.fmg.uva.nl/sociosite/','http://www.google.com/search?q=site:www2%2Efmg%2Euva%2Enl%2Fsociosite%2F+',NULL,2),(1179,229,'Statistical Resources on the Web','This site, created and maintained by University of Michigan Documents Center, is organized by broad subject area, such as Foreign or Statistics, in order to facilitate research.','http://www.lib.umich.edu/govdocs/statsnew.html','http://www.google.com/u/umlib?hl=en&lr=&ie=ISO-8859-1&domains=www.lib.umich.edu&sitesearch=www.lib.umich.edu&q=inurl%3Agovdocs+-govdocs%2Fadnotes%2F+%0D%0A-govdocs%2Fgodort%2F&q={$formKeywords}',NULL,3),(1180,230,'H-Net Humanities and Social Sciences Online','H-Net Humanities and Social Sciences Online provides information and resources for all those interested in the Humanities and Social Sciences.','http://www.h-net.msu.edu/','http://www.h-net.org/logsearch/index.cgi?type=keyword&order=relevance&list=All+lists&hitlimit=25&smonth=00&syear=1989&emonth=11&eyear=2004&phrase={$formKeywords}',NULL,0),(1181,230,'Intute: Social Sciences - Conferences and Events','Intute: Social Sciences - Conferences and Events provides search of conferences and events for social sciences.','http://www.intute.ac.uk/socialsciences/conferences.html','http://www.intute.ac.uk/socialsciences/cgi-bin/conferences.pl?type=All+events&subject=All%7CAll+subjects&submit.x=0&submit.y=0&submit=Go&term={$formKeywords}',NULL,1),(1182,230,'Sociology Online','Sociology Online is a site for students of sociology, criminology and social theory. The site has slideshows, quizzes, and documents, as well as a Socio-News page.','http://www.sociologyonline.co.uk/','http://ccgi.sociologyonline.force9.co.uk/cgi-bin/site/searchnews.pl?dosearch','match=keywords&searchin=(All)&author=(All)&category=(All)&newsfrom=(All)&resultnumber=10&sort=new&multipage=on&linkcompression=10&highlight=on&searchquery={$formKeywords}',2),(1183,231,'The Australasian Legal Information Institute (AustLII)','Australasian Legal Information Institute (AustLII) provides free Internet access to Australian legal materials. AustLII\'s broad public policy agenda is to improve access to justice through better access to information. To that end, it has become one of the largest sources of legal materials on the net, with over seven gigabytes of raw text materials and over 1.5 million searchable documents.','http://www.austlii.org/','http://www.austlii.edu.au/cgi-bin/sinocgi.cgi?method=any&meta=%2Fau&results=50&submit=Search&rank=on&callback=on&query={$formKeywords}',NULL,0),(1184,231,'The Legal Information Institute (US)','Legal Information Institute (US) is an extensive materials on the law that has overviews of more than 100 legal topics, including: links to the laws and related Web resources; Constitutions & Codes has both state and federal; Court Opinions, available judicial opinion, federal and state; Law by Source, federal, state, and international; Current Awareness includes Eye on the Courts (news on important court decisions); Directories, links to organizations and journals (law reviews); as well as directories of judges, lawyers, and law schools.','http://www.law.cornell.edu/','http://www.law.cornell.edu/wex/index.php/Special:Search?fulltext=Search&search={$formKeywords}',NULL,1),(1185,231,'The British and Irish Legal Information Institute (BAILII)','British and Irish Legal Information Institute (BAILII) provides access to the most comprehensive set of British and Irish primary legal materials that are available for free and in one place on the Internet. As of September 2001, BAILII included 19 databases covering 5 jurisdictions. The system contains over two gigabytes of legal materials and around 275,000 searchable documents with about 10 million internal hypertext links.','http://www.bailii.org/','http://www.bailii.org/cgi-bin/sino_search_1.cgi?sort=rank&method=boolean&highlight=1&mask_path=/&query={$formKeywords}',NULL,2),(1186,231,'CanLII','CanLII is a permanent resource in Canadian Law that was initially built as a prototype site in the field of public and free distribution of Canadian primary legal material.','http://www.canlii.org/en/index.html','http://www.canlii.org/eliisa/search.do?language=en&searchTitle=Search+all+CanLII+Databases&searchPage=eliisa%2FmainPageSearch.vm&id=&startDate=&endDate=&legislation=legislation&caselaw=courts&boardTribunal=tribunals&text={$formKeywords}',NULL,3),(1187,231,'The World Legal Information Institute (WorldLII)','The World Legal Information Institute (WorldLII) is a free, independent and non-profit global legal research facility.','http://www.worldlii.org/','http://www.worldlii.org/form/search/?method=any&meta=%2Fworldlii&results=50&submit=Search&rank=on&callback=on&query={$formKeywords}',NULL,4),(1188,231,'FindLaw','FindLaw is one of the best examples of a subject-specific metasite. More than just an extremely well-organized directory of selected Internet law resources, FindLaw also offers a search tool for legal Web pages, the largest free database of full-text Supreme Court cases, a search engine and directory of online law reviews, a collection of state codes, interactive continuing education courses, and legal online discussions.','http://www.findlaw.com/','http://lawcrawler.findlaw.com/scripts/lc.pl?submit=search&sites=findlaw.com&entry={$formKeywords}',NULL,5),(1189,231,'Jurist: The Law Professors\' Network','Jurist-Law professors on the web provides links to the home pages of over fifty law professors, to over fifty pre- and post-prints of articles (in nine subjects from business law to regulation), and to twenty meta-pages, maintained by law professors, on topics from administrative to tax law. Also included are a large list of online law course pages, three lectures, and pointers to other resources. Essentially an annotated tour through the law resources of the Internet conducted by professors of law.','http://www.law.pitt.edu/hibbitts/jurist.htm','http://www.picosearch.com/cgi-bin/ts.pl?index=110412&opt=ALL&SEARCH=Search+JURIST+5000&query={$formKeywords}',NULL,6),(1190,232,'Access to Australian Government Information and Services','The Australian Government Entry Point offers comprehensive and integrated access to Australian Government information and services.  You will find a concentrated body of Australian Government information through this site. <a href=\"http://www.australia.gov.au\">www.australia.gov.au</a> currently signposts over 700 Australian Government web sites, indexes more than 5,000,000 pages and uses both metadata and full text indexing to ensure it is a comprehensive government portal.','http://www.fed.gov.au','http://govsearch.australia.gov.au/search/search.cgi?collection=gov&form=au&query=&query_phrase=&query_or=&query_not=&meta_f_sand=&scope=&fscope=512&num_ranks=20&chksummary=chksummary&query_and={$formKeywords}',NULL,0),(1191,232,'Government of Canada Publicatons','The Government of Canada Publications Web site provides a single window access to free and priced publications authored by Government of Canada departments. The database does not have every publication published from all departments. It does however, have over 100,000 publications listed and this number is increasing on a daily basis as this site continues to collaborate with author departments.','http://publications.gc.ca/helpAndInfo/abtpbs-e.htm','http://publications.gc.ca/control/quickPublicSearch?searchAction=2&termValue={$formKeywords}',NULL,1),(1192,232,'The Government of Canada','You can search across all government departments federal departments and agencies as well as provincial, territorial and municipal governments. There is a Departments and Agencies link, and the A to Z Index offers a keyword search to programmes and services. \n\nA recent development on Departmental sites is the inclusion of a \"Proactive Disclosure\" page, which outlines travel and hospitality expenses, disclosure of contracts, grants and awards. \n\nThe About Canada page includes links to Departments and Agencies, Structure of the Canadian Government, Commissions of Inquiry and more. \n\nIn addition to Department web sites, the government has been creating Portals which bring together information from across federal and provincial sources, and non-governmental organizations as well.','http://www.canada.gc.ca/main_e.html','http://search-recherche.gc.ca/cgi-bin/query?mss=canada%2Fen%2Fsimple.html&enc=iso88591&pg=q&kl=en&site=main&q={$formKeywords}',NULL,2),(1193,232,'Directgov','Directgov is a government service giving people access to the latest and widest range of public service information in one place on the Web and on Digital TV. Directgov uses the specifications formulated and consulted on through UK GovTalk.','http://www.direct.gov.uk','http://www.direct.gov.uk/AdvancedSearch/SearchResults/fs/en?NP=1&PO1=C&PI1=W&PF1=A&PG=1&RP=20&SC=__dgov_site&Z=1&PT1={$formKeywords}',NULL,3),(1194,232,'FirstGov','FirstGov (U.S. federal and state) is a public-private partnership, led by a cross-agency board.','http://www.firstgov.gov/','http://www.firstgov.gov/fgsearch/index.jsp?db=www-fed-all&st=AS&ms0=should&mt0=all&rn=2&parsed=true&x=5&y=16&mw0={$formKeywords}',NULL,4),(1195,232,'Info4local.gov.uk','Information for local government from central government.  This site gives local authorities a quick and easy way to find relevant information on the web sites of central government departments, agencies and public bodies. It includes extensive information on implementing electronic government.','http://www.info4local.gov.uk','http://www.info4local.gov.uk/?view=Search+results&subjects=all&departmentsIds=0&informationTypesIds=all&query={$formKeywords}',NULL,5),(1196,232,'The New Zealand government portal','The New Zealand government portal is a website providing search capability for, and links into the online and offline information and services of most government agencies.  This site is managed and maintained by the State Services Commission, a New Zealand government department.','http://www.govt.nz','http://www.govt.nz/search?type=spider&t=spider&q={$formKeywords}',NULL,6),(1197,232,'Europa','Current information on the member countries of the European Union, including statistical data, policies, news, official documents, legal texts, and other publications.','http://europa.eu.int/index_en.htm','http://europa.eu.int/geninfo/query/resultaction.jsp?page=1','Collection=EuropaFull&ResultTemplate=/result_en.jsp&ResultCount=25&qtype=simple&ResultMaxDocs=200&DefaultLG=en&QueryText={$formKeywords}',7),(1198,232,'The Global Legal Information Network (GLIN)','The Global Legal Information Network (GLIN) is a database of laws, regulations, judicial decisions, and other complementary legal sources contributed by governmental agencies and international organizations. These GLIN members contribute the official full texts of published documents to the database in their original language. Each document is accompanied by a summary in English and subject terms selected from the multilingual index to GLIN.','http://www.glin.gov','http://www.glin.gov/search.do?refineQuery=&offset=0&refineQueryType=&fromSearch=true&queryType=ALL&searchBtn=Search&includeAllFields=on&searchAll=on&sumLanguage=any&pubLanguage=any&pubJurisdiction=any&publicationJurisdictionExclude=false&searchPublicationDate=true&dateFromDay=01&dateFromMonth=01&dateFromYear=&dateToDay=01&dateToMonth=01&dateToYear=&subjTerm=&subjTermConjunction%5B0%5D=AND&subjTerm=&subjTermConjunction%5B1%5D=AND&subjTerm=&subjTermConjunction%5B2%5D=AND&subjTerm=&subjTermConjunction%5B3%5D=AND&subjTerm=&searchOrder=default&hitsPerPage=10&showSummary=on&queryString={$formKeywords}',NULL,8),(1199,232,'Eur-Lex -- The portal to European Union law','Eur-Lex (European Union Law). Free service with access to the The Official Journal of the European Union, full-text of EU Treaties, consolidated versions of existing legislation and recent judgments by the Court of Justice.','http://europa.eu.int/eur-lex/en/index.html','http://europa.eu.int/search/s97.vts?Action=FilterSearch&COLLECTION=EURLEXfiles&Filter=EUROPA_filter.hts&ResultTemplate=eur-lex_res-en.hts&QueryMode=Simple&SearchPage=%2Feur-lex%2Fen%2Findex.html&SearchIn=http%3A%2F%2Feuropa.eu.int%2Feur-lex%2Fen&SortField=Score&SortOrder=desc&StartDate=&HTMLonly=&ResultCount=25&queryText={$formKeywords}',NULL,9),(1200,232,'Rulers','This site contains lists of heads of state and heads of government (and, in certain cases, de facto leaders not occupying either of those formal positions) of all countries and territories, going back to about 1700 in most cases. Also included are the subdivisions of various countries, recent foreign ministers of all countries, and a selection of international organizations, religious leaders and a chronicle of relevant events since 1996.','http://www.rulers.org/','http://www.google.com/search?q=site%3Arulers.org&q={$formKeywords}',NULL,10),(1201,232,'Thomas Legislative Information on the Internet','Through Thomas, the Library of Congress offers the text of bills in the United States Congress, the full text of the Congressional Record, House and Senate committee reports, and historical documents.','http://thomas.loc.gov/','http://thomas.loc.gov/cgi-bin/thomas','congress=109&database=text&MaxDocs=1000&querytype=phrase&Search=SEARCH&query={$formKeywords}',11),(1202,233,'Google News','Search news reports using the popular search engine Google\'s news feature.','http://news.google.com/','http://news.google.com/news?hl=en&q={$formKeywords}',NULL,0),(1203,233,'Globe and Mail','Globe and Mail, Toronto (last seven days)','http://www.globeandmail.com/','http://www.globeandmail.com/servlet/HTMLTemplate/search?tf=tgam/search/tgam/SearchResults.html&cf=tgam/search/tgam/SearchResults.cfg&current_row=1&start_row=1&num_rows=10&keywords={$formKeywords}',NULL,1),(1204,233,'People\'s Daily','People\'s Daily, China (January 1999-)','http://english.peopledaily.com.cn/','http://search.people.com.cn/was40/people/GB/english_index.jsp?type=1&channel=&Content=&searchword={$formKeywords}',NULL,2),(1205,233,'Mail & Guardian Newspaper','Mail & Guardian Newspaper, South Africa (1994-)','http://www.mg.co.za/','http://www.mg.co.za/mg_search_results.aspx?PrintEdition=PrintEdition&DailyNews=DailyNews&SearchSection=&StartDay=&StartMonth=&StartYear=&EndDay=&EndMonth=&EndYear=&keywords={$formKeywords}',NULL,3),(1206,233,'National Public Radio','National Public Radio, United States (unlimited)','http://www.npr.org/archives/','http://www.npr.org/search.php?text={$formKeywords}',NULL,4),(1207,233,'New York Times','New York Times, New York (last seven days)','http://www.nytimes.com/','http://query.nytimes.com/search/query?date=site1week&submit.x=1&submit.y=9&query={$formKeywords}',NULL,5),(1208,233,'The Japan Times Online','The Japan Times Online, Japan (January 1999-)','http://www.japantimes.co.jp/','http://www.google.co.jp/custom?domains=japantimes.co.jp&client=pub-4223870936880387&forid=1&ie=Shift_JIS&oe=Shift_JIS&term1=&cof=GALT%3A%23008000%3BGL%3A1%3BDIV%3A%23336699%3BVLC%3A663399%3BAH%3Acenter%3BBGC%3AFFFFFF%3BLBGC%3AFFFFFF%3BALC%3A0000FF%3BLC%3A0000FF%3BT%3A000000%3BGFNT%3A0000FF%3BGIMP%3A0000FF%3BLH%3A60%3BLW%3A200%3BL%3Ahttp%3A%2F%2Fwww.japantimes.co.jp%2Fimages%2Fheader_title.gif%3BS%3Ahttp%3A%2F%2Fwww.japantimes.co.jp%2F%3BFORID%3A1%3B&hl=ja&advancesearch=&q={$formKeywords}',NULL,6),(1209,233,'The Moscow Times','The Moscow Times, Russia (1994-)','http://www.moscowtimes.ru/doc/Search.html','http://www.moscowtimes.ru/cgi-bin/search?config=&exclude=&method=and&format=long&sort=score&matchesperpage=10&words={$formKeywords}',NULL,7),(1210,233,'Washington Post','Washington Post, Washington, DC (last two weeks)','http://www.washingtonpost.com/','http://www.washingtonpost.com/cgi-bin/search99.pl?searchsection=news&searchdatabase=news&x=11&y=8&searchtext={$formKeywords}',NULL,8),(1211,233,'Newsdirectory','Newsdirectory is a comprehensive and searchable guide to the world\'s English-language online media. Currently over 8,000 newspapers and magazines are listed, as well as more than 1,000 U.S. television broadcasters.','http://www.newsdirectory.com/','http://www.newsdirectory.com/hbSearch.php','s={$formKeywords}& submit=Go',9),(1212,234,'Google','Search using the popular Google search engine.','http://www.google.com/','http://www.google.com/search?q={$formKeywords}',NULL,0),(1213,234,'Google Scholar','Google Scholar enables specific searches of scholarly literature, including peer-reviewed papers, theses, books, pre-prints, abstracts, and technical reports. Content includes a range of publishers and aggregators with whom Google already has standing arrangements, e.g., the Association for Computing Machinery, IEEE, OCLC\'s Open WorldCat library locator service, etc. Result displays will show different version clusters, citation analysis, and library location (currently books only).','http://scholar.google.com','http://scholar.google.com/scholar?ie=UTF-8&oe=UTF-8&hl=en&q={$formKeywords}',NULL,1),(1214,234,'Clusty the Clustering Engine','This search tool from Vivismo offers clustered results for a selection of searches.  Metasearch the whole web, or use tabs to search for news, gossip, images, orproducts via Bizrate or eBay.','http://clusty.com/about','http://clusty.com/search?query={$formKeywords}',NULL,2),(1215,234,'Vivisimo','The award-winning Vivisimo clustering technology, developed by Carnegie Mellon research scientists, is unlocking the value of stored information at Fortune 500 companies, top websites, prestigious publishers and government agencies by categorizing research results on the fly into meaningful orders, thus achieving breakthrough improvement in access to relevant information.','http://vivisimo.com','http://vivisimo.com/search?tb=homepage&v%3Asources=Web&query={$formKeywords}',NULL,3),(1216,235,'Google Scholar','Google Scholar enables specific searches of scholarly literature, including peer-reviewed papers, theses, books, pre-prints, abstracts, and technical reports. Content includes a range of publishers and aggregators with whom Google already has standing arrangements, e.g., the Association for Computing Machinery, IEEE, OCLC\'s Open WorldCat library locator service, etc. Result displays will show different version clusters, citation analysis, and library location (currently books only).','http://scholar.google.com','http://scholar.google.com/scholar?ie=UTF-8&oe=UTF-8&hl=eng&as_sauthors={$formKeywords}',NULL,0),(1217,235,'Intute: Social Sciences','Intute is a free online service providing you with access to the very best Web resources for education and research, evaluated and selected by a network of subject specialists.','http://www.intute.ac.uk/socialsciences//','http://www.intute.ac.uk/socialsciences/cgi-bin/search.pl?submit.x=0&submit.y=0&submit=Go&limit=0&subject=socialsciences&term1={$formKeywords}',NULL,1),(1218,235,'Intute: Repository Search','Use this service to find descriptions from over 152,000 working papers, journal articles, reports, conference papers, and other scholarly items that have been deposited into UK eprints repositories. Search results will link to original items where these have been made available by the originating institution.','http://irs.ukoln.ac.uk/','http://irs.ukoln.ac.uk/search/?view=&submit.x=0&submit.y=0&submit=Go&query={$formKeywords}',NULL,2),(1219,235,'OAIster (Open Archives Initiative research databases)','OAIster is a project of the University of Michigan Digital Library Production Services, and provides searching a wide variety of collections from a wide variety of institutions. These institutions have made the records of their digital resources available to access, and the project team has gathered and aggregated them into the OAIster service.','http://oaister.umdl.umich.edu/','http://oaister.umdl.umich.edu/cgi/b/bib/bib-idx?type=boolean&size=10&c=oaister&q1=&rgn1=entire+record&op2=and&q2=&rgn2=entire+record&op3=And&q3=&rgn3=title&op4=And&rgn4=author&op5=And&q5=&rgn5=subject&op6=And&rgn6=norm&q6=all+types&sort=author%2Fcreator&submit2=search&q4={$formKeywords}',NULL,3),(1220,235,'Public Knowledge Project Open Archives Harvester','The PKP Open Archives Harvester is a free metadata indexing system developed by the Public Knowledge Project through its federally funded efforts to expand and improve access to research. The PKP OAI Harvester allows you to create a searchable index of the metadata from Open Archives Initiative-compliant archives, such as sites using Open Journal Systems or Open Conference Systems.','http://pkp.sfu.ca/harvester/','http://pkp.sfu.ca/harvester/search.php?limit=author&query={$formKeywords}',NULL,4),(1221,235,'IDEAc','IDEA: the complete RePEc database at your disposal. Working papers, journal articles, software components, author information, directory of institutions.','http://ideas.repec.org/','http://ideas.repec.org/cgi-bin/htsearch?restrict=http://ideas.repec.org/p/&config=htdig&restrict=&exclude=&sort=score&format=long&method=and&search_algorithm=exact:1&words={$formKeywords}',NULL,5),(1222,235,'World Bank Group Documents & Reports','The World Bank Group makes more than 14,000 documents available through the Documents & Reports website. Documents include Project appraisal reports, Economic and Sector Works, Evaluation reports and studies and working papers.','http://www-wds.worldbank.org/','http://www-wds.worldbank.org/servlet/WDS_IBank_Servlet?all=&stype=AllWords&dname=&rc=&ss=&dt=&dr=range&bdt=&edt=&rno=&lno=&cno=&pid=&tno=&sortby=D&sortcat=D&psz=20&x=34&y=8&ptype=advSrch&pcont=results&auth={$formKeywords}',NULL,6),(1223,235,'NBER','NBER (The National Bureau of Economic Research, Inc) is a private, nonprofit, nonpartisan research organization dedicated to promoting a greater understanding of how the economy works. Nearly 500 NBER Working papers are published each year, and many subsequently appear in scholarly journals.','http://papers.nber.org/','http://papers.nber.org/papers?module=search&action=query&default_conjunction=and&keywords={$formKeywords}',NULL,7),(1224,236,'Google','Search for definitions using the popular Google search engine.','http://www.google.com/','http://www.google.com/search?hl=en&q=define%3A{$formKeywords}',NULL,0),(1225,236,'Online Glossary of Research Economics','An online glossary of terms in research economics.','http://econterms.com/','http://econterms.com/glossary.cgi?query={$formKeywords}',NULL,1),(1226,236,'Merriam-Webster Online','A dictionary based on the Webster 10th Collegiate edition, 1993, with updates added annually. More than 160,000 entries. Each word is accompanied by definition, pronunciation, usage, grammatical function, and a brief etymology. Includes a thesaurus. Misspellings return suggested spellings. The dictionary\'s search system supports internal wildcards and right hand truncation searching. Includes an extensive pronunciation guide and sound files for the pronunciation of many terms.','http://www.merriam-webster.com/','http://www.merriam-webster.com/cgi-bin/dictionary?book=Dictionary&va={$formKeywords}',NULL,2),(1227,236,'OneLook Dictionaries','OneLook is a meta-dictionary. Enter an English language word or acronym, and OneLook will search its index of 5,292,362 words in 934 dictionaries indexed in general and special interest dictionaries for the definition.','http://www.onelook.com/index.html','http://www.onelook.com/?ls=a&w={$formKeywords}',NULL,3),(1228,236,'AmosWeb GLOSS*arama','The AmosWEB GLOSS*arama, a glossary for principles students, is a searchable database of 1800 economic terms and concepts.','http://amosweb.com/gls/','http://amosweb.com/cgi-bin/gls.pl?fcd=dsp&key={$formKeywords}',NULL,4),(1229,236,'Concise Encyclopedia of Economics (CEE)','Concise Encyclopedia of Economics (CEE) - tutorials on various economic topics','http://www.econlib.org/library/CEE.html','http://www.econlib.org/cgi-bin/search.pl?results=0&book=Encyclopedia&andor=and&sensitive=no&query={$formKeywords}',NULL,5),(1230,236,'EH.Net Encyclopedia of Economic and Business History','Directed by a distinguished board, articles in this encyclopedia on both business and economic history \"are written by experts, screened by a group of authorities, and carefully edited.\"','http://eh.net/encyclopedia/','http://eh.net/encyclopedia/search/?Search.x=37&Search.y=10& q={$formKeywords}',NULL,6),(1231,236,'Wikipedia: The Free Encyclopedia','\"Wikipedia is a free content encyclopedia that is being written collaboratively by contributors from all around the world. The site is a WikiWiki, meaning that anyone ... can edit any article. ...\" Without editorial oversight, the quality of the content on this site varies dramatically, but it is worth exploring. The English version has hundreds of thousands of entries. Spanish, French, and Esperanto are among the several other languages offered.','http://en.wikipedia.org/wiki/Main_Page','http://en.wikipedia.org/wiki/Special:Search?go=Go&fulltext=Search&search={$formKeywords}',NULL,7),(1232,236,'Infoplease.com','This site includes contents of the Information Please Almanacs, a biography database, a dictionary, an atlas, and articles from the Columbia Encyclopedia. You can search these ready reference works together or separately or browse the Almanacs. There are feature stories each week covering topics in the news, with links to pertinent Almanac content and other Web resources.','http://www.infoplease.com','http://www.infoplease.com/search?fr=iptn&in=all&x=0&y=0&query={$formKeywords}',NULL,8),(1233,236,'bizterms.net','Bizterms.net provides a comprehensive dictionary of business and financial terms. Start browsing for your financial term, either by search, most popular terms, random term or simply view terms by letter.','http://www.bizterms.net','http://www.bizterms.net/index.php','query={$formKeywords}',9),(1234,237,'Google Print','Google is working with libraries at the University of Michigan, Harvard University, Stanford University, Oxford University and the New York Public Library to digitize books in their collections and make them accessible via Google Print, a massive scanning project that will bring millions of volumes of printed books into the Google Print database.  Click a book title and you\'ll see the page of the book that has your search terms, your can search for more information within that specific book, find reviews, find related information, learn about the publisher, buy this book, and find nearby libraries that have it.','http://print.google.com','http://print.google.com/print?q={$formKeywords}',NULL,0),(1235,237,'Online books Page','Online books Page, edited by John Mark Ockerbloom, at the University of Pennsylvania.  This is an excellent starting point in the search for full-text books on the Internet. Over 20,000 English works in various formats available online at different sites. Entries may be searched by author or title. An interesting feature allows browsing by Library of Congress call number categories. New listings are added regularly and are listed on a separate web page at <a href=\"http://onlinebooks.library.upenn.edu/new.html\">http://onlinebooks.library.upenn.edu/new.html</a>.','http://digital.library.upenn.edu/books/','http://onlinebooks.library.upenn.edu/webbin/book/search?tmode=words&title={$formKeywords}',NULL,1),(1236,237,'Books-On-Line','A collection of over 32935 titles, although some are only excerpts. Browse by subject or search by author or title. Not all items are free.','http://www.books-on-line.com/','http://www.books-on-line.com/bol/KeyWordSearch.cfm?RowCount=50&Searchquery={$formKeywords}',NULL,2),(1237,237,'Universal Library','The Universal Library is considerably more involved, and more ambitious -- it has amassed a collection of 100,000 e-books (some of them from Project Gutenberg), and is aiming for 1 million e-books by the end of 2006.','http://tera-3.ul.cs.cmu.edu/','http://tera-3.ul.cs.cmu.edu/cgi-bin/DBscripts/advsearch_db.cgi?perPage=25&listStart=0&author1=&subject1=Any&year1=&year2=&language1=Any&scentre=Any&search=Search&title1={$formKeywords}',NULL,3),(1238,238,'EconPapers','EconPapers use the RePEc bibliographic and author data, providing access to the largest collection of online Economics working papers and journal articles.  As of May 2006, there is a total of 375,364 searchable working papers, articles and software items with 273,186 items available on-line. \n\nThe majority of the full text files are freely available, but some (typically journal articles) require that you or your organization subscribe to the service providing the full text file.','http://econpapers.repec.org/about.htm','http://econpapers.repec.org/scripts/search.asp?ft={$formKeywords}',NULL,0),(1239,238,'NBER','NBER (The National Bureau of Economic Research, Inc) is a private, nonprofit, nonpartisan research organization dedicated to promoting a greater understanding of how the economy works. Nearly 500 NBER Working papers are published each year, and many subsequently appear in scholarly journals.','http://papers.nber.org/','http://papers.nber.org/papers?module=search&action=query&default_conjunction=and&keywords={$formKeywords}',NULL,1),(1240,239,'EDIRC','EDIRC: Economics Departments, Institutes and Research Centers in the World currently contains 6,321 institutions in 207 countries and territories.','http://edirc.repec.org/','http://edirc.repec.org/cgi-bin/search.cgi?boolean=AND&keyword1={$formKeywords}',NULL,0),(1241,239,'Intute: Social Sciences','Intute is a free online service providing you with access to the very best Web resources for education and research, evaluated and selected by a network of subject specialists.','http://www.intute.ac.uk/socialsciences//','http://www.intute.ac.uk/socialsciences/cgi-bin/search.pl?submit.x=0&submit.y=0&submit=Go&limit=0&subject=socialsciences&term1={$formKeywords}',NULL,1),(1242,239,'Intute: Repository Search','Use this service to find descriptions from over 152,000 working papers, journal articles, reports, conference papers, and other scholarly items that have been deposited into UK eprints repositories. Search results will link to original items where these have been made available by the originating institution.','http://irs.ukoln.ac.uk/','http://irs.ukoln.ac.uk/search/?view=&submit.x=0&submit.y=0&submit=Go&query={$formKeywords}',NULL,2),(1243,239,'World Bank Group Documents & Reports','The World Bank Group makes more than 14,000 documents available through the Documents & Reports website. Documents include Project appraisal reports, Economic and Sector Works, Evaluation reports and studies and working papers.','http://www-wds.worldbank.org/','http://www-wds.worldbank.org/servlet/WDS_IBank_Servlet?stype=AllWords&ptype=sSrch&pcont=results&sortby=D&sortcat=D&x=17&y=3&all={$formKeywords}',NULL,3),(1244,240,'WebEC: World Wide Web Resources in Economics','WebEC provides links to a variety of resources on economics. Topics include: economics and teaching; methodology and history; mathematical and quantitative methods; economics and computing; economics data; microeconomics; macroeconomics; international economics; financial economics; public economics; health, education and welfare; labor and demographics; law and economics; industrial organization; business economics; economic history; development, technological change and growth; economic systems; agriculture and natural resources; regional economics; and economics of networks.','http://www.helsinki.fi/WebEc/','http://www.google.com/search?hl=en&lr=&q=site%3Awww.helsinki.fi%2F WebEc%2F+{$formKeywords}',NULL,0),(1245,241,'Office for National Statistics (UK)','National Statistics is the official UK statistics site. You can view and download a wealth of economic and social data free.','http://www.statistics.gov.uk/','http://www.statistics.gov.uk/CCI/SearchRes.asp?term={$formKeywords}',NULL,0),(1246,241,'Statistics Canada','Statistics Canada is the official source for Canadian social and economic statistics and products.','http://www.statcan.ca/','http://www.statcan.ca:8081/english/clf/query.html?GO%21=GO%21&ht=0&qp=&qs=&qc=0&pw=100%25&la=en&qm=1&st=1&oq=&rq=0&si=0&rf=0&col=alle&qt={$formKeywords}',NULL,1),(1247,242,'Ingenta','Ingenta restricts access to full text articles. Although access to the full text costs money, the site can be used as a free index.','http://www.ingenta.com/','http://www.ingenta.com/isis/searching/Search/ingenta?database=1&title={$formKeywords}',NULL,0),(1248,242,'ebrary','Independent researchers who do not have access to ebrary_ databases through their library may now set up an individual account for as little as $5. ebrary Discover spans multiple academic disciplines and provides anytime, anywhere access to over 20,000 authoritative titles including books in full-text, sheet music, reports and other authoritative documents from more than 175 leading publishers such as Cambridge University Press, Random House, Inc., and The McGraw-Hill Companies.','http://www.ebrary.com/corp/content.htm','http://shop.ebrary.com/Top?layout=search&f00=text&p01=&f01=subject&d=journal&l=en&sch=%A0%A0%A0%A0%A0Search%A0%A0%A0%A0%A0&frm=adv.x&p00={$formKeywords}',NULL,1),(1249,242,'Questia','Questia provides access to over 47,000 books and 375,000 journal, magazine, and newspaper articles. All books and articles are available in their entirety - search every page.  The subscription rate is ranging from 19.05 per month to 119.95 per year.','http://www.questia.com/','http://www.questia.com/SM.qst?act=search&keywordsSearchType=1000&mediaType=book&mediaType=journal&mediaType=magazine&mediaType=newspaper&mediaType=encyclopedia&mediaType=startpage&keywords={$formKeywords}',NULL,2),(1250,242,'Wiley InterScience Pay-per-view Service','Wiley InterScience Pay-per-view affords instant, full-text access to an extensive collection of journal articles or book chapters available on Wiley InterScience without the need for a subscription. This service allows anyone to purchase access to individual journal articles or book chapters directly by using a credit card. Access is instant and available for 24 hours.','http://www3.interscience.wiley.com/aboutus/ppv-articleselect.html','http://www3.interscience.wiley.com/search/allsearch','allContentSearchForm=&mode=quicksearch&WISindexid1=WISall&WISsearch1={$formKeywords}',3),(1251,243,'H-Net','H-Net Humanities and Social Sciences Online provides information and resources for all those interested in the Humanities and Social Sciences.','http://www2.h-net.msu.edu/lists/','http://www2.h-net.msu.edu/logsearch/index.cgi?type=keyword&list=All+lists&hitlimit=100&field=&nojg=on&smonth=00&syear=1989&emonth=11&eyear=2004&order=relevance&phrase={$formKeywords}',NULL,0),(1252,243,'Intute: Social Sciences - Conferences and Events','Providing search of conferences and events for social sciences.','http://www.intute.ac.uk/socialsciences/conferences.html','http://www.intute.ac.uk/socialsciences/cgi-bin/conferences.pl?type=All+events&subject=All%7CAll+subjects&submit.x=0&submit.y=0&submit=Go&term={$formKeywords}',NULL,1),(1253,243,'INOMICS','INOMICS provides searches in indexes of other Web pages related to Economics.','http://www.conference-board.org/','http://www.conference-board.org/cgi-bin/MsmFind.exe?AND_ON=N&ALLCATS=X&AGE_WGT=0&EN=X&ES=X&NO_DL=X&x=57&y=11&QUERY={$formKeywords}',NULL,2),(1254,244,'Tutor 2U Economics','Tutor 2U Economics includes study resources, revision guides, relevant links, an updated dataroom, and a discussion forum.','http://www.tutor2u.com/','http://www.tutor2u.net/search.asp?func=search&tree=0&submit=Search+Tutor2u&myquery={$formKeywords}',NULL,0),(1255,244,'biz/ed','Business Education on the Internet (biz/ed) is a free information service available via the World-Wide Web which allows users to search and retrieve targeted information about business and economics held on computers around the world. The service offers a one-stop information gateway for the one million economics, business and management students and staff as well as the general public in the UK and overseas.','http://www.bized.co.uk/','http://www.bized.co.uk/cgi-bin/htsearch?config=htdig&method=and&sort=score&format=builtin-long&restrict=&exclude=&words={$formKeywords}',NULL,1),(1256,244,'EcEdWeb','Economic Education Website: The purpose of the Economic Education Website is to provide support for economic education in all forms and at all levels.','http://ecedweb.unomaha.edu/search.cfm','http://www.google.com/u/ecedweb?q={$formKeywords}',NULL,2),(1257,245,'Access to Australian Government Information and Services','The Australian Government Entry Point offers comprehensive and integrated access to Australian Government information and services.  You will find a concentrated body of Australian Government information through this site. <a href=\"http://www.australia.gov.au\">www.australia.gov.au</a> currently signposts over 700 Australian Government web sites, indexes more than 5,000,000 pages and uses both metadata and full text indexing to ensure it is a comprehensive government portal.','http://www.fed.gov.au','http://govsearch.australia.gov.au/search/search.cgi?collection=gov&form=au&query=&query_phrase=&query_or=&query_not=&meta_f_sand=&scope=&fscope=512&num_ranks=20&chksummary=chksummary&query_and={$formKeywords}',NULL,0),(1258,245,'The Government of Canada','You can search across all government departments federal departments and agencies as well as provincial, territorial and municipal governments. There is a Departments and Agencies link, and the A to Z Index offers a keyword search to programmes and services. \n\nA recent development on Departmental sites is the inclusion of a \"Proactive Disclosure\" page, which outlines travel and hospitality expenses, disclosure of contracts, grants and awards. \n\nThe About Canada page includes links to Departments and Agencies, Structure of the Canadian Government, Commissions of Inquiry and more. \n\nIn addition to Department web sites, the government has been creating Portals which bring together information from across federal and provincial sources, and non-governmental organizations as well.','http://www.canada.gc.ca/main_e.html','http://search-recherche.gc.ca/cgi-bin/query?mss=canada%2Fen%2Fsimple&pg=q&enc=iso88591&site=main&bridge=&stt=&lowercaseq=&what=web&user=searchintranet&browser=N6E&kl=XX&op=a&q={$formKeywords}',NULL,1),(1259,245,'Directgov','Directgov is a government service giving people access to the latest and widest range of public service information in one place on the Web and on Digital TV. Directgov uses the specifications formulated and consulted on through UK GovTalk.','http://www.direct.gov.uk','http://www.direct.gov.uk/AdvancedSearch/SearchResults/fs/en?NP=1&PO1=C&PI1=W&PF1=A&PG=1&RP=20&SC=__dgov_site&Z=1&PT1={$formKeywords}',NULL,2),(1260,245,'Info4local.gov.uk','Information for local government from central government.  This site gives local authorities a quick and easy way to find relevant information on the web sites of central government departments, agencies and public bodies. It includes extensive information on implementing electronic government.','http://www.info4local.gov.uk','http://www.info4local.gov.uk/?view=Search+results&subjects=all&departmentsIds=0&informationTypesIds=all&query={$formKeywords}',NULL,3),(1261,245,'The New Zealand government portal','The New Zealand government portal is a website providing search capability for, and links into the online and offline information and services of most government agencies.  This site is managed and maintained by the State Services Commission, a New Zealand government department.','http://www.govt.nz','http://www.govt.nz/search?type=spider&t=spider&q={$formKeywords}',NULL,4),(1262,245,'Europa','Current information on the member countries of the European Union, including statistical data, policies, news, official documents, legal texts, and other publications.','http://europa.eu.int/index_en.htm','http://europa.eu.int/geninfo/query/resultaction.jsp?page=1','Collection=EuropaFull&ResultTemplate=/result_en.jsp&ResultCount=25&qtype=simple&ResultMaxDocs=200&DefaultLG=en&QueryText={$formKeywords}',5),(1263,245,'The Global Legal Information Network (GLIN)','The Global Legal Information Network (GLIN) is a database of laws, regulations, judicial decisions, and other complementary legal sources contributed by governmental agencies and international organizations. These GLIN members contribute the official full texts of published documents to the database in their original language. Each document is accompanied by a summary in English and subject terms selected from the multilingual index to GLIN.','http://www.glin.gov','http://www.glin.gov/search.do?refineQuery=&offset=0&refineQueryType=&fromSearch=true&queryType=ALL&searchBtn=Search&includeAllFields=on&searchAll=on&sumLanguage=any&pubLanguage=any&pubJurisdiction=any&publicationJurisdictionExclude=false&searchPublicationDate=true&dateFromDay=01&dateFromMonth=01&dateFromYear=&dateToDay=01&dateToMonth=01&dateToYear=&subjTerm=&subjTermConjunction%5B0%5D=AND&subjTerm=&subjTermConjunction%5B1%5D=AND&subjTerm=&subjTermConjunction%5B2%5D=AND&subjTerm=&subjTermConjunction%5B3%5D=AND&subjTerm=&searchOrder=default&hitsPerPage=10&showSummary=on&queryString={$formKeywords}',NULL,6),(1264,245,'The OECD (Organisation for Economic Co-operation and Development)','The OECD groups 30 member countries sharing a commitment to democratic government and the market economy. With active relationships with some 70 other countries, NGOs and civil society, it has a global reach. Best known for its publications and its statistics, its work covers economic and social issues from macroeconomics, to trade, education, development and science and innovation.','http://www.oecd.org/home/','http://www.oecd.org/searchResult/0,2665,en_2649_201185_1_1_1_1_1,00.html?fpSearchExact=3&fpSearchText={$formKeywords}',NULL,7),(1265,245,'FirstGov','FirstGov (U.S. federal and state) is a public-private partnership, led by a cross-agency board.','http://www.firstgov.gov/','http://www.firstgov.gov/fgsearch/index.jsp?db=www&st=AS&ms0=should&mt0=all&rn=2&parsed=true&x=2&y=8&mw0={$formKeywords}',NULL,8),(1266,245,'Canada Sites','Canada Sites provides an information and services gateway run by the Government of Canada and each of the provinces.','http://www.canada.gc.ca/main_e.html','http://search-recherche.gc.ca/cgi-bin/query?mss=canada%2Fen%2Fsimple.html&enc=iso88591&pg=q&kl=en&site=main&q={$formKeywords}',NULL,9),(1267,246,'Google News','Search news reports using the popular search engine Google\'s news feature.','http://news.google.com/','http://news.google.com/news?hl=en&q={$formKeywords}',NULL,0),(1268,246,'The Economist','The Economist is the online version of the famous magazine with articles and a searchable archive.','http://www.economist.com/','http://www.economist.com/search/search.cfm?cb=46&area=1&page=index&keywords=1&frommonth=01&fromyear=1997&tomonth=02&toyear=2002&rv=2&qr={$formKeywords}',NULL,1),(1269,246,'People\'s Daily','People\'s Daily, China (January 1999-)','http://english.peopledaily.com.cn/','http://search.people.com.cn/was40/people/GB/english_index.jsp?type=1&channel=&Content=&searchword={$formKeywords}',NULL,2),(1270,246,'Globe and Mail','Globe and Mail, Toronto (last seven days)','http://www.globeandmail.com/','http://www.globeandmail.com/servlet/HTMLTemplate/search?tf=tgam/search/tgam/SearchResults.html&cf=tgam/search/tgam/SearchResults.cfg&current_row=1&start_row=1&num_rows=10&keywords={$formKeywords}',NULL,3),(1271,246,'Mail & Guardian Newspaper','Mail & Guardian Newspaper, South Africa (1994-)','http://www.mg.co.za/','http://www.mg.co.za/mg_search_results.aspx?PrintEdition=PrintEdition&DailyNews=DailyNews&SearchSection=&StartDay=&StartMonth=&StartYear=&EndDay=&EndMonth=&EndYear=&keywords={$formKeywords}',NULL,4),(1272,246,'National Public Radio','National Public Radio, United States (unlimited)','http://www.npr.org/archives/','http://www.npr.org/search.php?text={$formKeywords}',NULL,5),(1273,246,'New York Times','New York Times, New York (last seven days)','http://www.nytimes.com/','http://query.nytimes.com/search/query?date=site1week&submit.x=1&submit.y=9&query={$formKeywords}',NULL,6),(1274,246,'The Japan Times Online','The Japan Times Online, Japan (January 1999-)','http://www.japantimes.co.jp/','http://www.google.co.jp/custom?domains=japantimes.co.jp&client=pub-4223870936880387&forid=1&ie=Shift_JIS&oe=Shift_JIS&term1=&cof=GALT%3A%23008000%3BGL%3A1%3BDIV%3A%23336699%3BVLC%3A663399%3BAH%3Acenter%3BBGC%3AFFFFFF%3BLBGC%3AFFFFFF%3BALC%3A0000FF%3BLC%3A0000FF%3BT%3A000000%3BGFNT%3A0000FF%3BGIMP%3A0000FF%3BLH%3A60%3BLW%3A200%3BL%3Ahttp%3A%2F%2Fwww.japantimes.co.jp%2Fimages%2Fheader_title.gif%3BS%3Ahttp%3A%2F%2Fwww.japantimes.co.jp%2F%3BFORID%3A1%3B&hl=ja&advancesearch=&q={$formKeywords}',NULL,7),(1275,246,'The Moscow Times','The Moscow Times, Russia (1994-)','http://www.moscowtimes.ru/doc/Search.html','http://www.moscowtimes.ru/cgi-bin/search?config=&exclude=&method=and&format=long&sort=score&matchesperpage=10&words={$formKeywords}',NULL,8),(1276,246,'Washington Post','Washington Post, Washington, DC (last two weeks)','http://www.washingtonpost.com/','http://www.washingtonpost.com/cgi-bin/search99.pl?searchsection=news&searchdatabase=news&x=11&y=8&searchtext={$formKeywords}',NULL,9),(1277,246,'Newsdirectory','Newsdirectory is a comprehensive and searchable guide to the world\'s English-language online media. Currently over 8,000 newspapers and magazines are listed, as well as more than 1,000 U.S. television broadcasters.','http://www.newsdirectory.com/','http://www.newsdirectory.com/hbSearch.php','s={$formKeywords}& submit=Go',10),(1278,247,'Google','Search using the popular Google search engine.','http://www.google.com/','http://www.google.com/search?q={$formKeywords}',NULL,0),(1279,247,'Google Scholar','Google Scholar enables specific searches of scholarly literature, including peer-reviewed papers, theses, books, pre-prints, abstracts, and technical reports. Content includes a range of publishers and aggregators with whom Google already has standing arrangements, e.g., the Association for Computing Machinery, IEEE, OCLC\'s Open WorldCat library locator service, etc. Result displays will show different version clusters, citation analysis, and library location (currently books only).','http://scholar.google.com','http://scholar.google.com/scholar?ie=UTF-8&oe=UTF-8&hl=en&q={$formKeywords}',NULL,1),(1280,247,'Clusty the Clustering Engine','This search tool from Vivismo offers clustered results for a selection of searches.  Metasearch the whole web, or use tabs to search for news, gossip, images, orproducts via Bizrate or eBay.','http://clusty.com/about','http://clusty.com/search?query={$formKeywords}',NULL,2),(1281,247,'Vivisimo','The award-winning Vivisimo clustering technology, developed by Carnegie Mellon research scientists, is unlocking the value of stored information at Fortune 500 companies, top websites, prestigious publishers and government agencies by categorizing research results on the fly into meaningful orders, thus achieving breakthrough improvement in access to relevant information.','http://vivisimo.com','http://vivisimo.com/search?tb=homepage&v%3Asources=Web&query={$formKeywords}',NULL,3);

--
-- Table structure for table `rt_versions`
--

CREATE TABLE `rt_versions` (
  `version_id` bigint(20) NOT NULL AUTO_INCREMENT,
  `journal_id` bigint(20) NOT NULL,
  `version_key` varchar(40) NOT NULL,
  `locale` varchar(5) DEFAULT 'en_US',
  `title` varchar(120) NOT NULL,
  `description` text,
  PRIMARY KEY (`version_id`),
  KEY `rt_versions_journal_id` (`journal_id`),
  KEY `rt_versions_version_key` (`version_key`)
) ENGINE=MyISAM AUTO_INCREMENT=20 DEFAULT CHARSET=latin1;

--
-- Dumping data for table `rt_versions`
--

INSERT INTO `rt_versions` VALUES (1,1,'Biology','en_US','Biology','The Reading Tools can help readers of this study consult a wide range of related resources that can provide a context for interpreting, situating and evaluating the study.'),(2,1,'Astrophysics','en_US','Astrophysics','The Reading Tools can help readers of this study consult a wide range of related resources that can provide a context for interpreting, situating and evaluating the study.'),(3,1,'Generic','en_US','Generic','The Reading Tools can help readers of this study consult a wide range of related resources that can provide a context for interpreting, situating and evaluating the study.'),(4,1,'Art_Architecture','en_US','Art & Architecture','The Reading Tools can help readers of this study consult a wide range of related resources that can provide a context for interpreting, situating and evaluating the study.'),(5,1,'Humanities','en_US','Humanities','The Reading Tools can help readers of this study consult a wide range of related resources that can provide a context for interpreting, situating and evaluating the study.'),(6,1,'Business','en_US','Business','The Reading Tools can help readers of this study consult a wide range of related resources that can provide a context for interpreting, situating and evaluating the study.'),(7,1,'General_Science','en_US','General Science','The Reading Tools can help readers of this study consult a wide range of related resources that can provide a context for interpreting, situating and evaluating the study.'),(8,1,'Cognitive_Science','en_US','Cognitive Science','The Reading Tools can help readers of this study consult a wide range of related resources that can provide a context for interpreting, situating and evaluating the study.'),(9,1,'Music','en_US','Music','The Reading Tools can help readers of this study consult a wide range of related resources that can provide a context for interpreting, situating and evaluating the study.'),(10,1,'Education','en_US','Education','The Reading Tools can help readers of this study consult a wide range of related resources that can provide a context for interpreting, situating and evaluating the study.'),(11,1,'Life_Sciences','en_US','Life Sciences','The Reading Tools can help readers of this study consult a wide range of related resources that can provide a context for interpreting, situating and evaluating the study.'),(12,1,'Chemistry','en_US','Chemistry','The Reading Tools can help readers of this study consult a wide range of related resources that can provide a context for interpreting, situating and evaluating the study.'),(13,1,'Computer_Science','en_US','Computer Science','The Reading Tools can help readers of this study consult a wide range of related resources that can provide a context for interpreting, situating and evaluating the study.'),(14,1,'Agriculture','en_US','Agriculture','The Reading Tools can help readers of this study consult a wide range of related resources that can provide a context for interpreting, situating and evaluating the study.'),(15,1,'Physics','en_US','Physics','The Reading Tools can help readers of this study consult a wide range of related resources that can provide a context for interpreting, situating and evaluating the study.'),(16,1,'Mathematics','en_US','Mathematics','The Reading Tools can help readers of this study consult a wide range of related resources that can provide a context for interpreting, situating and evaluating the study.'),(17,1,'Environment','en_US','Environment','The Reading Tools can help readers of this study consult a wide range of related resources that can provide a context for interpreting, situating and evaluating the study.'),(18,1,'Social_Sciences','en_US','Social Sciences','The Reading Tools can help readers of this study consult a wide range of related resources that can provide a context for interpreting, situating and evaluating the study.'),(19,1,'Economics','en_US','Economics','The Reading Tools can help readers of this study consult a wide range of related resources that can provide a context for interpreting, situating and evaluating the study.');

--
-- Table structure for table `scheduled_tasks`
--

CREATE TABLE `scheduled_tasks` (
  `class_name` varchar(255) NOT NULL,
  `last_run` datetime DEFAULT NULL,
  UNIQUE KEY `scheduled_tasks_pkey` (`class_name`)
) ENGINE=MyISAM DEFAULT CHARSET=latin1;

--
-- Dumping data for table `scheduled_tasks`
--


--
-- Table structure for table `section_editors`
--

CREATE TABLE `section_editors` (
  `journal_id` bigint(20) NOT NULL,
  `section_id` bigint(20) NOT NULL,
  `user_id` bigint(20) NOT NULL,
  `can_edit` tinyint(4) NOT NULL DEFAULT '1',
  `can_review` tinyint(4) NOT NULL DEFAULT '1',
  UNIQUE KEY `section_editors_pkey` (`journal_id`,`section_id`,`user_id`),
  KEY `section_editors_journal_id` (`journal_id`),
  KEY `section_editors_section_id` (`section_id`),
  KEY `section_editors_user_id` (`user_id`)
) ENGINE=MyISAM DEFAULT CHARSET=latin1;

--
-- Dumping data for table `section_editors`
--


--
-- Table structure for table `section_settings`
--

CREATE TABLE `section_settings` (
  `section_id` bigint(20) NOT NULL,
  `locale` varchar(5) NOT NULL DEFAULT '',
  `setting_name` varchar(255) NOT NULL,
  `setting_value` text,
  `setting_type` varchar(6) NOT NULL,
  UNIQUE KEY `section_settings_pkey` (`section_id`,`locale`,`setting_name`),
  KEY `section_settings_section_id` (`section_id`)
) ENGINE=MyISAM DEFAULT CHARSET=latin1;

--
-- Dumping data for table `section_settings`
--

INSERT INTO `section_settings` VALUES (1,'en_US','title','360: Analysis and Discussion in the Round','string'),(1,'en_US','abbrev','360','string'),(1,'en_US','policy','Invited contributors each write pieces on the same topic from a different perspective: student, teacher, librarian, curator, public user, IT professional, designer.&nbsp;','string'),(1,'en_US','identifyType','','string'),(2,'en_US','title','Archives, Remixed','string'),(2,'en_US','abbrev','Remixed','string'),(2,'en_US','policy','<p>Scholarly essays or multi-media presentations that analyze, use, theorize, create, find ways through, or reconstitute particular archives, objects or exhibits, co-authored or authored by a single scholar.<em></em></p>','string'),(2,'en_US','identifyType','','string'),(3,'en_US','title','Life in the Archives','string'),(3,'en_US','abbrev','Life','string'),(3,'en_US','policy','<p>Contributions in this space are social rather than strictly scholarly although they do facilitate scholarly exchange about best practices when visiting archives, the locations of particular collections, and narratives of encounters with particular archives. The content in this section would be ongoing and developing rather than fixed or &ldquo;published&rdquo; or finished.&nbsp;</p>','string'),(3,'en_US','identifyType','','string');

--
-- Table structure for table `sections`
--

CREATE TABLE `sections` (
  `section_id` bigint(20) NOT NULL AUTO_INCREMENT,
  `journal_id` bigint(20) NOT NULL,
  `review_form_id` bigint(20) DEFAULT NULL,
  `seq` double NOT NULL DEFAULT '0',
  `editor_restricted` tinyint(4) NOT NULL DEFAULT '0',
  `meta_indexed` tinyint(4) NOT NULL DEFAULT '0',
  `meta_reviewed` tinyint(4) NOT NULL DEFAULT '1',
  `abstracts_not_required` tinyint(4) NOT NULL DEFAULT '0',
  `hide_title` tinyint(4) NOT NULL DEFAULT '0',
  `hide_author` tinyint(4) NOT NULL DEFAULT '0',
  `hide_about` tinyint(4) NOT NULL DEFAULT '0',
  `disable_comments` tinyint(4) NOT NULL DEFAULT '0',
  `abstract_word_count` bigint(20) DEFAULT NULL,
  PRIMARY KEY (`section_id`),
  KEY `sections_journal_id` (`journal_id`)
) ENGINE=MyISAM AUTO_INCREMENT=4 DEFAULT CHARSET=latin1;

--
-- Dumping data for table `sections`
--

INSERT INTO `sections` VALUES (1,1,NULL,1,0,1,0,1,0,0,0,0,0),(2,1,NULL,2,0,1,1,0,0,0,0,0,0),(3,1,NULL,3,0,1,0,0,0,0,0,0,0);

--
-- Table structure for table `sessions`
--

CREATE TABLE `sessions` (
  `session_id` varchar(40) NOT NULL,
  `user_id` bigint(20) DEFAULT NULL,
  `ip_address` varchar(39) NOT NULL,
  `user_agent` varchar(255) DEFAULT NULL,
  `created` bigint(20) NOT NULL DEFAULT '0',
  `last_used` bigint(20) NOT NULL DEFAULT '0',
  `remember` tinyint(4) NOT NULL DEFAULT '0',
  `data` text,
  `acting_as` bigint(20) NOT NULL DEFAULT '0',
  UNIQUE KEY `sessions_pkey` (`session_id`),
  KEY `sessions_user_id` (`user_id`)
) ENGINE=MyISAM DEFAULT CHARSET=latin1;

--
-- Dumping data for table `sessions`
--

INSERT INTO `sessions` VALUES ('73c38f3f3ac4503d50a90248f4128a78',NULL,'66.249.73.180','Googlebot/2.1 (+http://www.google.com/bot.html)',1373440617,1373440617,0,'',0),('ba1eba5ac8e8e860dd2396e404d3e7ee',NULL,'66.249.73.180','Googlebot/2.1 (+http://www.google.com/bot.html)',1373440633,1373440633,0,'',0),('60fe45e7262cff4a63597afd4f5d47c3',NULL,'66.249.73.180','Googlebot/2.1 (+http://www.google.com/bot.html)',1373441299,1373441299,0,'',0),('9540518e53f1095e409c4adbd82071ff',NULL,'66.249.73.180','Mozilla/5.0 (compatible; Googlebot/2.1; +http://www.google.com/bot.html)',1373441936,1373441936,0,'',0),('65ae0d15b1888cd40cfa9fe5c705724c',NULL,'66.249.73.180','Mozilla/5.0 (compatible; Googlebot/2.1; +http://www.google.com/bot.html)',1373441937,1373441937,0,'',0),('3aaf880005938439ae3e89406c995cf7',NULL,'66.249.73.180','Googlebot/2.1 (+http://www.google.com/bot.html)',1373443251,1373443251,0,'',0),('7dbac2a910f30927a07a1b60f5b41856',NULL,'66.249.73.180','Mozilla/5.0 (compatible; Googlebot/2.1; +http://www.google.com/bot.html)',1373466206,1373466206,0,'',0),('dbeb60e9a2a0d8cb5940c6daf5373897',NULL,'66.249.73.180','Mozilla/5.0 (compatible; Googlebot/2.1; +http://www.google.com/bot.html)',1373466624,1373466624,0,'',0),('72ec0af06df7d3ea1dc9812a154ab009',NULL,'157.55.33.22','Mozilla/5.0 (compatible; bingbot/2.0; +http://www.bing.com/bingbot.htm)',1373496884,1373496884,0,'',0),('5b656bc0b68fefc3831eaafb2cdfca55',NULL,'208.115.111.74','Mozilla/5.0 (compatible; Ezooms/1.0; ezooms.bot@gmail.com)',1373510604,1373510604,0,'',0),('6e6250f96433d1b5922847141621f888',NULL,'66.249.73.180','Googlebot/2.1 (+http://www.google.com/bot.html)',1373538163,1373538163,0,'',0),('2c7d9177603ac3fb1507c684b1a1114d',NULL,'66.249.73.180','Googlebot/2.1 (+http://www.google.com/bot.html)',1373539967,1373539967,0,'',0),('70ec2635df6f3f6b72e562ee2a287626',NULL,'66.249.73.180','Googlebot/2.1 (+http://www.google.com/bot.html)',1373540073,1373540073,0,'',0),('050d5864832f85d2d63541f0beeaf3a5',NULL,'66.249.73.180','Googlebot/2.1 (+http://www.google.com/bot.html)',1373540089,1373540089,0,'',0),('cc89d742c9c0b0ac8ed03c3bc89470d7',NULL,'66.249.73.180','Googlebot/2.1 (+http://www.google.com/bot.html)',1373540406,1373540406,0,'',0),('622dfea0de4065cc3b1a2a3ec9857365',NULL,'66.249.73.180','Googlebot/2.1 (+http://www.google.com/bot.html)',1373579828,1373579828,0,'',0),('2b69e5eb90d9ffb8a0a4c5ad13eb4f6c',NULL,'66.249.73.180','Googlebot/2.1 (+http://www.google.com/bot.html)',1373579842,1373579842,0,'',0),('ad49c3c75332d81916b83cfc41801ac2',NULL,'66.249.73.180','Googlebot/2.1 (+http://www.google.com/bot.html)',1373579857,1373579857,0,'',0),('be797ebc301f8038883e547bf8f49a63',NULL,'66.249.73.180','Googlebot/2.1 (+http://www.google.com/bot.html)',1373579907,1373579907,0,'',0),('7885a920fd88b6f868df61e0c56a2623',NULL,'66.249.73.180','Googlebot/2.1 (+http://www.google.com/bot.html)',1373581815,1373581815,0,'',0),('e12a74b66fea497a16bacb399ffed545',NULL,'66.249.73.180','Googlebot/2.1 (+http://www.google.com/bot.html)',1373581831,1373581831,0,'',0),('2eeea5a34f5df4567716e1a766985e15',NULL,'66.249.73.180','Googlebot/2.1 (+http://www.google.com/bot.html)',1373582538,1373582538,0,'',0),('d1af44b6a9a76c339b8e175d376e4c91',NULL,'208.115.111.74','Mozilla/5.0 (compatible; Ezooms/1.0; ezooms.bot@gmail.com)',1373582626,1373582626,0,'',0),('479814fc559775c8d904c2e5b99a259c',NULL,'208.115.111.74','Mozilla/5.0 (compatible; Ezooms/1.0; ezooms.bot@gmail.com)',1373582656,1373582656,0,'',0),('a13f15aef980199676100054f2b2af6e',NULL,'208.115.111.74','Mozilla/5.0 (compatible; Ezooms/1.0; ezooms.bot@gmail.com)',1373597435,1373597435,0,'',0),('05fa44b200e05ddd65b3f29530a4a303',NULL,'208.115.113.90','Mozilla/5.0 (compatible; Ezooms/1.0; ezooms.bot@gmail.com)',1373648753,1373648753,0,'',0),('4983f4e92eb4ebd8454826e3ad11d5ac',NULL,'208.115.113.90','Mozilla/5.0 (compatible; Ezooms/1.0; ezooms.bot@gmail.com)',1373233039,1373233039,0,'',0),('e062afdfdf74a43d7ac9e5dd1e12add3',NULL,'110.84.211.153','Opera/9.80 (Windows NT 5.1; MRA 6.0 (build 5831)) Presto/2.12.388 Version/12.10',1373278864,1373278867,0,'',0),('bfd967bef3aebe0d12221cfc890f281a',NULL,'66.249.73.180','Googlebot/2.1 (+http://www.google.com/bot.html)',1373312550,1373312550,0,'',0),('f63b4c58bb8767ed1bf6a604598178da',NULL,'66.249.73.180','Googlebot/2.1 (+http://www.google.com/bot.html)',1373312563,1373312563,0,'',0),('1c53f0034807a32bd50b9df792c900b7',NULL,'66.249.73.180','Googlebot/2.1 (+http://www.google.com/bot.html)',1373313517,1373313517,0,'',0),('c95aca6cf80cd3cfa5515ced5fce1833',NULL,'66.249.73.180','Googlebot/2.1 (+http://www.google.com/bot.html)',1373440446,1373440446,0,'',0),('8e4100f8c361c35f47f140c0cf9ad41f',NULL,'66.249.73.180','Googlebot/2.1 (+http://www.google.com/bot.html)',1373439606,1373439606,0,'',0),('9e9d4a2f4c23f879ac2038abd6a1f684',NULL,'208.115.111.74','Mozilla/5.0 (compatible; Ezooms/1.0; ezooms.bot@gmail.com)',1373395553,1373395553,0,'',0),('2f5ca18337786e4e1ad0c0527b75979b',NULL,'208.115.111.74','Mozilla/5.0 (compatible; Ezooms/1.0; ezooms.bot@gmail.com)',1373395599,1373395599,0,'',0),('de05f5893866f1a80e7afcb3c30c5d4c',NULL,'222.197.188.39','Opera/9.80 (Windows NT 6.1; U; YB/3.5.1; ru) Presto/2.6.30 Version/10.63',1373400269,1373400269,0,'',0),('9f3cb20975b484c90252f0f042d1d6ba',NULL,'198.200.51.26','Mozilla/5.0 (Windows NT 6.1; WOW64; rv:9.0.1) Gecko/20100101 Firefox/9.0.1',1373437947,1373437947,0,'',0),('08fb31e3b87a80662a0218fe647283b9',NULL,'66.249.73.180','Googlebot/2.1 (+http://www.google.com/bot.html)',1373439622,1373439622,0,'',0),('b85952f43fbfd582a935611b4f8a7d33',NULL,'66.249.73.180','Googlebot/2.1 (+http://www.google.com/bot.html)',1373314781,1373314781,0,'',0),('3befd8ce82b510bb5fbb70847e4d75f6',NULL,'66.249.73.180','Googlebot/2.1 (+http://www.google.com/bot.html)',1373314858,1373314858,0,'',0),('ee24607461157479a017d9064d3e50ba',NULL,'157.56.93.41','Mozilla/5.0 (compatible; bingbot/2.0; +http://www.bing.com/bingbot.htm)',1373374606,1373374606,0,'',0),('9f5c91c5ea6eb183870c47ae9ace1bf8',NULL,'157.56.93.41','Mozilla/5.0 (compatible; bingbot/2.0; +http://www.bing.com/bingbot.htm)',1373382852,1373382852,0,'',0),('363bea000c30e1cddffdd62e0a04258f',NULL,'66.249.73.180','Googlebot/2.1 (+http://www.google.com/bot.html)',1373313534,1373313534,0,'',0),('66c8170038e8d1f071e06f341cd0c16e',NULL,'66.249.73.180','Googlebot/2.1 (+http://www.google.com/bot.html)',1373313546,1373313546,0,'',0);

--
-- Table structure for table `signoffs`
--

CREATE TABLE `signoffs` (
  `signoff_id` bigint(20) NOT NULL AUTO_INCREMENT,
  `symbolic` varchar(32) NOT NULL,
  `assoc_type` bigint(20) NOT NULL DEFAULT '0',
  `assoc_id` bigint(20) NOT NULL DEFAULT '0',
  `user_id` bigint(20) NOT NULL,
  `file_id` bigint(20) DEFAULT NULL,
  `file_revision` bigint(20) DEFAULT NULL,
  `date_notified` datetime DEFAULT NULL,
  `date_underway` datetime DEFAULT NULL,
  `date_completed` datetime DEFAULT NULL,
  `date_acknowledged` datetime DEFAULT NULL,
  `stage_id` bigint(20) DEFAULT NULL,
  `user_group_id` bigint(20) DEFAULT NULL,
  PRIMARY KEY (`signoff_id`),
  UNIQUE KEY `signoff_symbolic` (`assoc_type`,`assoc_id`,`symbolic`,`user_id`,`stage_id`,`user_group_id`)
) ENGINE=MyISAM AUTO_INCREMENT=50 DEFAULT CHARSET=latin1;

--
-- Dumping data for table `signoffs`
--

INSERT INTO `signoffs` VALUES (1,'SIGNOFF_COPYEDITING_INITIAL',257,1,0,NULL,NULL,NULL,NULL,NULL,NULL,NULL,NULL),(2,'SIGNOFF_COPYEDITING_AUTHOR',257,1,12,NULL,NULL,NULL,NULL,NULL,NULL,NULL,NULL),(3,'SIGNOFF_COPYEDITING_FINAL',257,1,0,NULL,NULL,NULL,NULL,NULL,NULL,NULL,NULL),(4,'SIGNOFF_LAYOUT',257,1,0,NULL,NULL,NULL,NULL,NULL,NULL,NULL,NULL),(5,'SIGNOFF_PROOFREADING_AUTHOR',257,1,12,NULL,NULL,NULL,NULL,NULL,NULL,NULL,NULL),(6,'SIGNOFF_PROOFREADING_PROOFREADER',257,1,0,NULL,NULL,NULL,NULL,NULL,NULL,NULL,NULL),(7,'SIGNOFF_PROOFREADING_LAYOUT',257,1,0,NULL,NULL,NULL,NULL,NULL,NULL,NULL,NULL),(8,'SIGNOFF_COPYEDITING_INITIAL',257,2,21,15,4,'2012-01-31 18:34:22','2012-02-01 18:58:13',NULL,NULL,NULL,NULL),(9,'SIGNOFF_COPYEDITING_AUTHOR',257,2,19,NULL,NULL,NULL,NULL,NULL,NULL,NULL,NULL),(10,'SIGNOFF_COPYEDITING_FINAL',257,2,0,NULL,NULL,NULL,NULL,NULL,NULL,NULL,NULL),(11,'SIGNOFF_LAYOUT',257,2,0,48,NULL,NULL,NULL,NULL,NULL,NULL,NULL),(12,'SIGNOFF_PROOFREADING_AUTHOR',257,2,19,NULL,NULL,NULL,NULL,NULL,NULL,NULL,NULL),(13,'SIGNOFF_PROOFREADING_PROOFREADER',257,2,0,NULL,NULL,NULL,NULL,NULL,NULL,NULL,NULL),(14,'SIGNOFF_PROOFREADING_LAYOUT',257,2,10,NULL,NULL,'2012-02-07 23:13:34',NULL,NULL,NULL,NULL,NULL),(15,'SIGNOFF_COPYEDITING_INITIAL',257,3,21,49,1,'2012-02-22 00:47:28',NULL,NULL,NULL,NULL,NULL),(16,'SIGNOFF_COPYEDITING_AUTHOR',257,3,18,NULL,NULL,NULL,NULL,NULL,NULL,NULL,NULL),(17,'SIGNOFF_COPYEDITING_FINAL',257,3,0,NULL,NULL,NULL,NULL,NULL,NULL,NULL,NULL),(18,'SIGNOFF_LAYOUT',257,3,0,NULL,NULL,NULL,NULL,NULL,NULL,NULL,NULL),(19,'SIGNOFF_PROOFREADING_AUTHOR',257,3,18,NULL,NULL,NULL,NULL,NULL,NULL,NULL,NULL),(20,'SIGNOFF_PROOFREADING_PROOFREADER',257,3,0,NULL,NULL,NULL,NULL,NULL,NULL,NULL,NULL),(21,'SIGNOFF_PROOFREADING_LAYOUT',257,3,0,NULL,NULL,NULL,NULL,NULL,NULL,NULL,NULL),(22,'SIGNOFF_COPYEDITING_INITIAL',257,4,21,23,2,'2012-01-24 22:41:12','2012-01-26 12:02:42',NULL,NULL,NULL,NULL),(23,'SIGNOFF_COPYEDITING_AUTHOR',257,4,16,NULL,NULL,NULL,NULL,NULL,NULL,NULL,NULL),(24,'SIGNOFF_COPYEDITING_FINAL',257,4,0,NULL,NULL,NULL,NULL,NULL,NULL,NULL,NULL),(25,'SIGNOFF_LAYOUT',257,4,0,NULL,NULL,NULL,NULL,NULL,NULL,NULL,NULL),(26,'SIGNOFF_PROOFREADING_AUTHOR',257,4,16,NULL,NULL,NULL,NULL,NULL,NULL,NULL,NULL),(27,'SIGNOFF_PROOFREADING_PROOFREADER',257,4,0,NULL,NULL,NULL,NULL,NULL,NULL,NULL,NULL),(28,'SIGNOFF_PROOFREADING_LAYOUT',257,4,0,NULL,NULL,NULL,NULL,NULL,NULL,NULL,NULL),(29,'SIGNOFF_COPYEDITING_INITIAL',257,5,21,28,5,'2012-01-31 18:24:58','2012-02-01 18:59:31',NULL,NULL,NULL,NULL),(30,'SIGNOFF_COPYEDITING_AUTHOR',257,5,20,NULL,NULL,NULL,NULL,NULL,NULL,NULL,NULL),(31,'SIGNOFF_COPYEDITING_FINAL',257,5,0,NULL,NULL,NULL,NULL,NULL,NULL,NULL,NULL),(32,'SIGNOFF_LAYOUT',257,5,0,NULL,NULL,NULL,NULL,NULL,NULL,NULL,NULL),(33,'SIGNOFF_PROOFREADING_AUTHOR',257,5,20,NULL,NULL,NULL,NULL,NULL,NULL,NULL,NULL),(34,'SIGNOFF_PROOFREADING_PROOFREADER',257,5,0,NULL,NULL,NULL,NULL,NULL,NULL,NULL,NULL),(35,'SIGNOFF_PROOFREADING_LAYOUT',257,5,0,NULL,NULL,NULL,NULL,NULL,NULL,NULL,NULL),(36,'SIGNOFF_COPYEDITING_INITIAL',257,6,21,37,2,'2012-01-31 18:23:31','2012-02-01 18:56:50',NULL,NULL,NULL,NULL),(37,'SIGNOFF_COPYEDITING_AUTHOR',257,6,17,NULL,NULL,NULL,NULL,NULL,NULL,NULL,NULL),(38,'SIGNOFF_COPYEDITING_FINAL',257,6,0,NULL,NULL,NULL,NULL,NULL,NULL,NULL,NULL),(39,'SIGNOFF_LAYOUT',257,6,0,NULL,NULL,NULL,NULL,NULL,NULL,NULL,NULL),(40,'SIGNOFF_PROOFREADING_AUTHOR',257,6,17,NULL,NULL,NULL,NULL,NULL,NULL,NULL,NULL),(41,'SIGNOFF_PROOFREADING_PROOFREADER',257,6,0,NULL,NULL,NULL,NULL,NULL,NULL,NULL,NULL),(42,'SIGNOFF_PROOFREADING_LAYOUT',257,6,0,NULL,NULL,NULL,NULL,NULL,NULL,NULL,NULL),(43,'SIGNOFF_COPYEDITING_INITIAL',257,7,10,46,1,'2012-02-04 15:41:13','2012-02-04 15:41:24',NULL,NULL,NULL,NULL),(44,'SIGNOFF_COPYEDITING_AUTHOR',257,7,10,NULL,NULL,NULL,NULL,NULL,NULL,NULL,NULL),(45,'SIGNOFF_COPYEDITING_FINAL',257,7,0,NULL,NULL,NULL,NULL,NULL,NULL,NULL,NULL),(46,'SIGNOFF_LAYOUT',257,7,0,NULL,NULL,NULL,NULL,NULL,NULL,NULL,NULL),(47,'SIGNOFF_PROOFREADING_AUTHOR',257,7,10,NULL,NULL,NULL,NULL,NULL,NULL,NULL,NULL),(48,'SIGNOFF_PROOFREADING_PROOFREADER',257,7,0,NULL,NULL,NULL,NULL,NULL,NULL,NULL,NULL),(49,'SIGNOFF_PROOFREADING_LAYOUT',257,7,0,NULL,NULL,NULL,NULL,NULL,NULL,NULL,NULL);

--
-- Table structure for table `site`
--

CREATE TABLE `site` (
  `redirect` bigint(20) NOT NULL DEFAULT '0',
  `primary_locale` varchar(5) NOT NULL,
  `min_password_length` tinyint(4) NOT NULL DEFAULT '6',
  `installed_locales` varchar(255) NOT NULL DEFAULT 'en_US',
  `supported_locales` varchar(255) DEFAULT NULL,
  `original_style_file_name` varchar(255) DEFAULT NULL
) ENGINE=MyISAM DEFAULT CHARSET=latin1;

--
-- Dumping data for table `site`
--

INSERT INTO `site` VALUES (1,'en_US',6,'en_US','en_US',NULL);

--
-- Table structure for table `site_settings`
--

CREATE TABLE `site_settings` (
  `setting_name` varchar(255) NOT NULL,
  `locale` varchar(5) NOT NULL DEFAULT '',
  `setting_value` text,
  `setting_type` varchar(6) NOT NULL,
  UNIQUE KEY `site_settings_pkey` (`setting_name`,`locale`)
) ENGINE=MyISAM DEFAULT CHARSET=latin1;

--
-- Dumping data for table `site_settings`
--

INSERT INTO `site_settings` VALUES ('title','en_US','Archive - OJS','string'),('contactName','en_US','Archive Journal Editors','string'),('contactEmail','en_US','archivex@archivejournal.net','string'),('about','en_US','<div><span id=\"internal-source-marker_0.8347435165196657\">The Archive Journal was started in 2011 as an intellectual meeting-ground for a critical discussion about the use and theory of archives and special collections in higher education, and as a space to reflect on the investment of the academic community in the preservation, use, and digitization of materials in special collections. </span></div>','string');

--
-- Table structure for table `static_page_settings`
--

CREATE TABLE `static_page_settings` (
  `static_page_id` bigint(20) NOT NULL,
  `locale` varchar(5) NOT NULL DEFAULT '',
  `setting_name` varchar(255) NOT NULL,
  `setting_value` longtext,
  `setting_type` varchar(6) NOT NULL,
  UNIQUE KEY `static_page_settings_pkey` (`static_page_id`,`locale`,`setting_name`),
  KEY `static_page_settings_static_page_id` (`static_page_id`)
) ENGINE=MyISAM DEFAULT CHARSET=latin1;

--
-- Dumping data for table `static_page_settings`
--


--
-- Table structure for table `static_pages`
--

CREATE TABLE `static_pages` (
  `static_page_id` bigint(20) NOT NULL AUTO_INCREMENT,
  `path` varchar(255) NOT NULL,
  `journal_id` bigint(20) NOT NULL,
  PRIMARY KEY (`static_page_id`)
) ENGINE=MyISAM DEFAULT CHARSET=latin1;

--
-- Dumping data for table `static_pages`
--


--
-- Table structure for table `subscription_type_settings`
--

CREATE TABLE `subscription_type_settings` (
  `type_id` bigint(20) NOT NULL,
  `locale` varchar(5) NOT NULL DEFAULT '',
  `setting_name` varchar(255) NOT NULL,
  `setting_value` text,
  `setting_type` varchar(6) NOT NULL,
  UNIQUE KEY `subscription_type_settings_pkey` (`type_id`,`locale`,`setting_name`),
  KEY `subscription_type_settings_type_id` (`type_id`)
) ENGINE=MyISAM DEFAULT CHARSET=latin1;

--
-- Dumping data for table `subscription_type_settings`
--


--
-- Table structure for table `subscription_types`
--

CREATE TABLE `subscription_types` (
  `type_id` bigint(20) NOT NULL AUTO_INCREMENT,
  `journal_id` bigint(20) NOT NULL,
  `cost` double NOT NULL,
  `currency_code_alpha` varchar(3) NOT NULL,
  `non_expiring` tinyint(4) NOT NULL DEFAULT '0',
  `duration` smallint(6) DEFAULT NULL,
  `format` smallint(6) NOT NULL,
  `institutional` tinyint(4) NOT NULL DEFAULT '0',
  `membership` tinyint(4) NOT NULL DEFAULT '0',
  `disable_public_display` tinyint(4) NOT NULL,
  `seq` double NOT NULL,
  PRIMARY KEY (`type_id`)
) ENGINE=MyISAM DEFAULT CHARSET=latin1;

--
-- Dumping data for table `subscription_types`
--


--
-- Table structure for table `subscriptions`
--

CREATE TABLE `subscriptions` (
  `subscription_id` bigint(20) NOT NULL AUTO_INCREMENT,
  `journal_id` bigint(20) NOT NULL,
  `user_id` bigint(20) NOT NULL,
  `type_id` bigint(20) NOT NULL,
  `date_start` date DEFAULT NULL,
  `date_end` datetime DEFAULT NULL,
  `status` tinyint(4) NOT NULL DEFAULT '1',
  `membership` varchar(40) DEFAULT NULL,
  `reference_number` varchar(40) DEFAULT NULL,
  `notes` text,
  PRIMARY KEY (`subscription_id`)
) ENGINE=MyISAM DEFAULT CHARSET=latin1;

--
-- Dumping data for table `subscriptions`
--


--
-- Table structure for table `temporary_files`
--

CREATE TABLE `temporary_files` (
  `file_id` bigint(20) NOT NULL AUTO_INCREMENT,
  `user_id` bigint(20) NOT NULL,
  `file_name` varchar(90) NOT NULL,
  `file_type` varchar(255) DEFAULT NULL,
  `file_size` bigint(20) NOT NULL,
  `original_file_name` varchar(127) DEFAULT NULL,
  `date_uploaded` datetime NOT NULL,
  PRIMARY KEY (`file_id`),
  KEY `temporary_files_user_id` (`user_id`)
) ENGINE=MyISAM DEFAULT CHARSET=latin1;

--
-- Dumping data for table `temporary_files`
--


--
-- Table structure for table `theses`
--

CREATE TABLE `theses` (
  `thesis_id` bigint(20) NOT NULL AUTO_INCREMENT,
  `journal_id` bigint(20) NOT NULL,
  `status` smallint(6) NOT NULL,
  `degree` smallint(6) NOT NULL,
  `degree_name` varchar(255) DEFAULT NULL,
  `department` varchar(255) NOT NULL,
  `university` varchar(255) NOT NULL,
  `date_approved` datetime NOT NULL,
  `title` varchar(255) NOT NULL,
  `url` text,
  `abstract` text,
  `comment` text,
  `student_first_name` varchar(40) NOT NULL,
  `student_middle_name` varchar(40) DEFAULT NULL,
  `student_last_name` varchar(90) NOT NULL,
  `student_email` varchar(90) NOT NULL,
  `student_email_publish` tinyint(4) DEFAULT '0',
  `student_bio` text,
  `supervisor_first_name` varchar(40) NOT NULL,
  `supervisor_middle_name` varchar(40) DEFAULT NULL,
  `supervisor_last_name` varchar(90) NOT NULL,
  `supervisor_email` varchar(90) NOT NULL,
  `discipline` varchar(255) DEFAULT NULL,
  `subject_class` varchar(255) DEFAULT NULL,
  `subject` varchar(255) DEFAULT NULL,
  `coverage_geo` varchar(255) DEFAULT NULL,
  `coverage_chron` varchar(255) DEFAULT NULL,
  `coverage_sample` varchar(255) DEFAULT NULL,
  `method` varchar(255) DEFAULT NULL,
  `language` varchar(10) DEFAULT 'en',
  `date_submitted` datetime NOT NULL,
  PRIMARY KEY (`thesis_id`),
  KEY `theses_journal_id` (`journal_id`)
) ENGINE=MyISAM DEFAULT CHARSET=latin1;

--
-- Dumping data for table `theses`
--


--
-- Table structure for table `user_settings`
--

CREATE TABLE `user_settings` (
  `user_id` bigint(20) NOT NULL,
  `locale` varchar(5) NOT NULL DEFAULT '',
  `setting_name` varchar(255) NOT NULL,
  `assoc_type` bigint(20) DEFAULT '0',
  `assoc_id` bigint(20) DEFAULT '0',
  `setting_value` text,
  `setting_type` varchar(6) NOT NULL,
  UNIQUE KEY `user_settings_pkey` (`user_id`,`locale`,`setting_name`,`assoc_type`,`assoc_id`),
  KEY `user_settings_user_id` (`user_id`)
) ENGINE=MyISAM DEFAULT CHARSET=latin1;

--
-- Dumping data for table `user_settings`
--

INSERT INTO `user_settings` VALUES (2,'en_US','biography',0,0,'English Department, PhD Candidate','string'),(2,'en_US','signature',0,0,'','string'),(3,'en_US','biography',0,0,'','string'),(3,'en_US','signature',0,0,'','string'),(4,'en_US','biography',0,0,'','string'),(4,'en_US','signature',0,0,'','string'),(5,'en_US','biography',0,0,'','string'),(5,'en_US','signature',0,0,'','string'),(6,'en_US','signature',0,0,'AEV High Steer','string'),(7,'en_US','signature',0,0,'Saginaw crossover','string'),(8,'en_US','biography',0,0,'','string'),(8,'en_US','signature',0,0,'Autumn Womack','string'),(9,'en_US','biography',0,0,'<p>Tenured Assistant Professor</p><p>Department of English &amp; Comparative Literature</p>','string'),(9,'en_US','signature',0,0,'Katherine D. Harris, Ph.D.','string'),(10,'en_US','biography',0,0,'','string'),(10,'en_US','signature',0,0,'','string'),(10,'en_US','gossip',0,0,'','string'),(10,'en_US','affiliation',0,0,'Louisiana State University','string'),(11,'en_US','biography',0,0,'','string'),(11,'en_US','signature',0,0,'','string'),(11,'en_US','gossip',0,0,'','string'),(11,'en_US','affiliation',0,0,'','string'),(12,'en_US','biography',0,0,'','string'),(12,'en_US','signature',0,0,'','string'),(12,'en_US','gossip',0,0,'','string'),(12,'en_US','affiliation',0,0,'','string'),(5,'','filterEditor',256,1,'0','int'),(5,'','filterSection',256,1,'0','int'),(10,'','filterEditor',256,1,'0','int'),(10,'','filterSection',256,1,'1','int'),(13,'en_US','biography',0,0,'','string'),(13,'en_US','signature',0,0,'','string'),(13,'en_US','gossip',0,0,'','string'),(13,'en_US','affiliation',0,0,'','string'),(14,'en_US','biography',0,0,'','string'),(14,'en_US','signature',0,0,'','string'),(14,'en_US','gossip',0,0,'','string'),(14,'en_US','affiliation',0,0,'','string'),(15,'en_US','biography',0,0,'','string'),(15,'en_US','signature',0,0,'','string'),(15,'en_US','gossip',0,0,'','string'),(15,'en_US','affiliation',0,0,'','string'),(16,'en_US','biography',0,0,'','string'),(16,'en_US','signature',0,0,'','string'),(16,'en_US','gossip',0,0,'','string'),(16,'en_US','affiliation',0,0,'','string'),(17,'en_US','biography',0,0,'','string'),(17,'en_US','signature',0,0,'','string'),(17,'en_US','gossip',0,0,'','string'),(17,'en_US','affiliation',0,0,'','string'),(18,'en_US','biography',0,0,'','string'),(18,'en_US','signature',0,0,'','string'),(18,'en_US','gossip',0,0,'','string'),(18,'en_US','affiliation',0,0,'','string'),(19,'en_US','biography',0,0,'','string'),(19,'en_US','signature',0,0,'','string'),(19,'en_US','gossip',0,0,'','string'),(19,'en_US','affiliation',0,0,'','string'),(20,'en_US','biography',0,0,'','string'),(20,'en_US','signature',0,0,'','string'),(20,'en_US','gossip',0,0,'','string'),(20,'en_US','affiliation',0,0,'Ph.D. Student\r\nAnnenberg School for Communication\r\nUniversity of Pennsylvania','string'),(21,'en_US','biography',0,0,'','string'),(21,'en_US','signature',0,0,'','string'),(21,'en_US','gossip',0,0,'','string'),(21,'en_US','affiliation',0,0,'','string'),(22,'en_US','biography',0,0,'','string'),(22,'en_US','signature',0,0,'','string'),(22,'en_US','gossip',0,0,'','string'),(22,'en_US','affiliation',0,0,'','string');

--
-- Table structure for table `users`
--

CREATE TABLE `users` (
  `user_id` bigint(20) NOT NULL AUTO_INCREMENT,
  `username` varchar(32) NOT NULL,
  `password` varchar(40) NOT NULL,
  `salutation` varchar(40) DEFAULT NULL,
  `first_name` varchar(40) NOT NULL,
  `middle_name` varchar(40) DEFAULT NULL,
  `last_name` varchar(90) NOT NULL,
  `gender` varchar(1) DEFAULT NULL,
  `initials` varchar(5) DEFAULT NULL,
  `email` varchar(90) NOT NULL,
  `url` varchar(255) DEFAULT NULL,
  `phone` varchar(24) DEFAULT NULL,
  `fax` varchar(24) DEFAULT NULL,
  `mailing_address` varchar(255) DEFAULT NULL,
  `country` varchar(90) DEFAULT NULL,
  `locales` varchar(255) DEFAULT NULL,
  `date_last_email` datetime DEFAULT NULL,
  `date_registered` datetime NOT NULL,
  `date_validated` datetime DEFAULT NULL,
  `date_last_login` datetime NOT NULL,
  `must_change_password` tinyint(4) DEFAULT NULL,
  `auth_id` bigint(20) DEFAULT NULL,
  `auth_str` varchar(255) DEFAULT NULL,
  `disabled` tinyint(4) NOT NULL DEFAULT '0',
  `disabled_reason` text,
  PRIMARY KEY (`user_id`),
  UNIQUE KEY `users_username` (`username`),
  UNIQUE KEY `users_email` (`email`)
) ENGINE=MyISAM AUTO_INCREMENT=23 DEFAULT CHARSET=latin1;

--
-- Dumping data for table `users`
--

INSERT INTO `users` VALUES (1,'archivex','36987384184f7384e1ea9e39df177a90fa464da0',NULL,'archivex',NULL,'',NULL,NULL,'archivex@archivejournal.net',NULL,NULL,NULL,NULL,NULL,'',NULL,'2010-12-20 16:11:00',NULL,'2011-11-22 01:40:56',0,NULL,NULL,0,NULL),(2,'mollyohardy','033d180ae03d4f6c3d3a547f1c8cd0dc4dd1de42','','Molly','O\'Hagan','Hardy','F','MOH','mollyohardy@mail.utexas.edu','http://instructors.cwrl.utexas.edu/hardy/','','','<p>6021 Belfast Drive Austin, Texas 78723</p>','US','',NULL,'2011-05-04 22:00:13',NULL,'2011-05-04 22:00:13',0,NULL,NULL,0,NULL),(3,'mccrackenk','e8a90e4e18ef19c095e7c469e14b099820a8156e','','Krista','','McCracken','','','krista.mccracken@gmail.com','','','','','','',NULL,'2011-05-05 10:30:00',NULL,'2011-05-05 10:30:00',0,NULL,NULL,0,NULL),(4,'winston','969725cdebcc30c6bfe3d99f8279ba4b48fb265d','','Winston','','Atkins','','WA','winston.atkins@duke.edu','','','','','','',NULL,'2011-05-05 11:53:31',NULL,'2011-05-05 11:53:31',0,NULL,NULL,0,NULL),(5,'ddchamberlain','38d6e600d244e07937ade8a52b040359fa4d3f03','','Daniel','','Chamberlain','','','chamberlain@oxy.edu','','','','','','',NULL,'2011-05-05 15:24:06',NULL,'2012-02-24 23:41:07',0,NULL,NULL,0,NULL),(6,'slocermaus','b337ec7f8c6cd2844349041934680c6bc0b16ce4','6','slocermaus','slocermaus','slocermaus','1','Infor','ekecidufauja@gmail.com',NULL,'123456','123456','ekecidufauja@gmail.com','AF','',NULL,'2011-07-26 08:15:08',NULL,'2011-07-26 08:15:09',0,NULL,NULL,0,NULL),(7,'gresserplod','25965fa9e2064f734ef135fcd8aba252c176ff21','222','gresserplod','gresserplod','gresserplod','1','Simul','tehoypeputa@gmail.com',NULL,'123456','123456','tehoypeputa@gmail.com','AF','',NULL,'2011-09-07 16:38:00',NULL,'2011-09-08 10:11:26',0,NULL,NULL,0,NULL),(8,'autumnwomack','5b2d7efec1fac9f4361779e2fe349f56dc89b3c7','','Autumn','','womack','','','amw2166@columbia.edu','','','','','','',NULL,'2011-10-19 18:22:31',NULL,'2011-10-19 18:22:31',0,NULL,NULL,0,NULL),(9,'katherinedharris','eeab5195c44ee09c97b513306f3d9a3039080fc5','Dr.','Katherine','D','Harris','F','kdh','dr.katherine.harris@gmail.com','http://triproftri.wordpress.com','','','<p>Dept of English</p><p>SJSU</p><p>One Washington Square</p><p>San Jose, CA 95192-0090</p>','US','',NULL,'2011-11-12 16:20:29',NULL,'2011-11-12 16:20:29',0,NULL,NULL,0,NULL),(10,'lcoats','6acf3ed5999a53d09d466bd13c2de8774b9a3d10','','Lauren','','Coats','','lc','lac@lsu.edu','','','','','','',NULL,'2011-11-22 01:29:09',NULL,'2012-02-22 00:44:08',0,NULL,NULL,0,NULL),(11,'gdean','081de5f57b2029061063618422c1648a84ccd0cb','','Gabrielle','','Dean','','','gnodean@gmail.com','','','','','','',NULL,'2011-11-22 01:30:18',NULL,'2011-11-22 01:30:18',0,NULL,NULL,0,NULL),(12,'testchamberlain','fc2ea999cbbfe42a38844878777afe57457a97e2','','Dan','','Chamberlain','','','daniel@scapegoat.net','','','','','','',NULL,'2011-11-22 01:33:06',NULL,'2011-11-22 02:08:00',0,NULL,NULL,0,NULL),(13,'ddchamberlaing','24cdee38c3058076f608552da8cb1704744d5f00','','D','','Chamberlain','','','daniel.chamberlain@gmail.com','','','','','','',NULL,'2011-12-01 15:39:08',NULL,'2011-12-01 15:39:08',1,NULL,NULL,0,NULL),(14,'cmarcus','9d6b70eb73663a1ed8804ab2e0eef8cf19e4834a','','Cecily','','Marcus','','','marc0082@umn.edu','','','','','','',NULL,'2011-12-01 15:44:57',NULL,'2012-01-25 17:22:27',0,NULL,NULL,0,NULL),(15,'ltaylor','2a41dd238d6020cc5919a98d463e9ed6caef9c0b','','Laurie','','Taylor','','','laurien@ufl.edu','','','','','','',NULL,'2011-12-01 15:45:38',NULL,'2011-12-02 07:06:10',0,NULL,NULL,0,NULL),(16,'swerner','adf0b035f6ca07eef4bd290acfeb3439d0c5eea2','','Sarah','','Werner','','','SWerner@folger.edu','','','','','','',NULL,'2011-12-01 15:46:23',NULL,'2011-12-26 11:49:04',0,NULL,NULL,0,NULL),(17,'staraba','4c19977847f3bd93fc418da0ba9ac50b67fb483a','','Suzy','','Taraba','','','staraba@wesleyan.edu','','','','','','',NULL,'2011-12-01 15:46:55',NULL,'2012-01-20 23:04:00',0,NULL,NULL,0,NULL),(18,'hebble','556ada7b4ab2bd3360b7bc4485703ff326851d57','','Benjamin','John','Hebblethwaite','','','hebble@ufl.edu','','','','','','',NULL,'2011-12-01 15:47:39',NULL,'2011-12-15 21:53:39',0,NULL,NULL,0,NULL),(19,'tpowell','f8e0f9fabc1d7f17780edbe634600ce1705bdc66','','Timothy','B','Powell','','','tipowell@sas.upenn.edu','','','','','','',NULL,'2011-12-01 15:48:07',NULL,'2011-12-01 15:48:07',0,NULL,NULL,0,NULL),(20,'kgotkin','a38ba2bd0a9831bf5a4c950048f67d0ace4899cf','','Kevin','','Gotkin','M','KG','kgotkin@asc.upenn.edu','','','','','','',NULL,'2011-12-09 13:24:49',NULL,'2012-01-05 13:16:05',0,NULL,NULL,0,NULL),(21,'agrisales','9ce04835876948aea3ea0c810eab97644d8a5e15','','Anitra','','Grisales','','ag','anitra.grisales@gmail.com','','','','','','',NULL,'2012-01-24 22:32:33',NULL,'2012-02-01 18:56:33',0,NULL,NULL,0,NULL),(22,'hsmith','44fd0023529b9ceabf97d3e8e47c5a33440bf46b','','Hayes','','Smith','M','','hayes.smith@gmail.com','','','','','','',NULL,'2012-02-07 23:12:36',NULL,'2012-02-18 11:30:11',0,NULL,NULL,0,NULL);

--
-- Table structure for table `versions`
--

CREATE TABLE `versions` (
  `major` int(11) NOT NULL DEFAULT '0',
  `minor` int(11) NOT NULL DEFAULT '0',
  `revision` int(11) NOT NULL DEFAULT '0',
  `build` int(11) NOT NULL DEFAULT '0',
  `date_installed` datetime NOT NULL,
  `current` tinyint(4) NOT NULL DEFAULT '0',
  `product_type` varchar(30) DEFAULT NULL,
  `product` varchar(30) DEFAULT NULL,
  `product_class_name` varchar(80) DEFAULT NULL,
  `lazy_load` tinyint(4) NOT NULL DEFAULT '0',
  `sitewide` tinyint(4) NOT NULL DEFAULT '0',
  UNIQUE KEY `versions_pkey` (`product`,`major`,`minor`,`revision`,`build`)
) ENGINE=MyISAM DEFAULT CHARSET=latin1;

--
-- Dumping data for table `versions`
--

INSERT INTO `versions` VALUES (1,0,0,0,'2010-12-20 16:11:00',1,'plugins.auth','ldap','',0,0),(1,0,0,0,'2010-12-20 16:11:00',1,'plugins.blocks','information','InformationBlockPlugin',1,0),(1,0,0,0,'2010-12-20 16:11:00',1,'plugins.blocks','navigation','NavigationBlockPlugin',1,0),(1,0,0,0,'2010-12-20 16:11:00',1,'plugins.blocks','keywordCloud','KeywordCloudBlockPlugin',1,0),(1,0,0,0,'2010-12-20 16:11:00',1,'plugins.blocks','relatedItems','RelatedItemsBlockPlugin',1,0),(1,0,0,0,'2010-12-20 16:11:00',1,'plugins.blocks','notification','NotificationBlockPlugin',1,0),(1,0,0,0,'2010-12-20 16:11:00',1,'plugins.blocks','role','RoleBlockPlugin',1,0),(1,0,0,0,'2010-12-20 16:11:00',1,'plugins.blocks','authorBios','AuthorBiosBlockPlugin',1,0),(1,0,0,0,'2010-12-20 16:11:00',1,'plugins.blocks','subscription','SubscriptionBlockPlugin',1,0),(1,0,0,0,'2010-12-20 16:11:00',1,'plugins.blocks','readingTools','ReadingToolsBlockPlugin',1,0),(1,0,0,0,'2010-12-20 16:11:00',1,'plugins.blocks','user','UserBlockPlugin',1,0),(1,0,0,0,'2010-12-20 16:11:00',1,'plugins.blocks','help','HelpBlockPlugin',1,0),(1,0,0,0,'2010-12-20 16:11:00',1,'plugins.blocks','donation','DonationBlockPlugin',1,0),(1,0,0,0,'2010-12-20 16:11:00',1,'plugins.blocks','developedBy','DevelopedByBlockPlugin',1,0),(1,0,0,0,'2010-12-20 16:11:00',1,'plugins.blocks','languageToggle','LanguageToggleBlockPlugin',1,0),(1,0,0,0,'2010-12-20 16:11:00',1,'plugins.blocks','fontSize','FontSizeBlockPlugin',1,0),(1,0,0,0,'2010-12-20 16:11:00',1,'plugins.citationFormats','refMan','',0,0),(1,0,0,0,'2010-12-20 16:11:00',1,'plugins.citationFormats','mla','',0,0),(1,0,0,0,'2010-12-20 16:11:00',1,'plugins.citationFormats','refWorks','',0,0),(1,0,0,0,'2010-12-20 16:11:00',1,'plugins.citationFormats','turabian','',0,0),(1,0,0,0,'2010-12-20 16:11:00',1,'plugins.citationFormats','apa','',0,0),(1,0,0,0,'2010-12-20 16:11:00',1,'plugins.citationFormats','abnt','',0,0),(1,0,0,0,'2010-12-20 16:11:00',1,'plugins.citationFormats','bibtex','',0,0),(1,0,0,0,'2010-12-20 16:11:00',1,'plugins.citationFormats','proCite','',0,0),(1,0,0,0,'2010-12-20 16:11:00',1,'plugins.citationFormats','cbe','',0,0),(1,0,0,0,'2010-12-20 16:11:00',1,'plugins.citationFormats','endNote','',0,0),(1,0,0,0,'2010-12-20 16:11:00',1,'plugins.gateways','resolver','',0,0),(1,0,0,0,'2010-12-20 16:11:00',1,'plugins.gateways','metsGateway','',0,0),(1,0,0,0,'2010-12-20 16:11:00',1,'plugins.generic','sword','',0,0),(1,0,0,0,'2010-12-20 16:11:00',1,'plugins.generic','thesis','ThesisPlugin',1,0),(1,0,0,0,'2010-12-20 16:11:00',1,'plugins.generic','referral','ReferralPlugin',1,0),(1,0,0,0,'2010-12-20 16:11:00',1,'plugins.generic','customLocale','CustomLocalePlugin',1,0),(1,1,0,0,'2010-12-20 16:11:00',1,'plugins.generic','counter','CounterPlugin',1,1),(1,2,0,0,'2010-12-20 16:11:00',1,'plugins.generic','staticPages','StaticPagesPlugin',1,0),(1,0,0,0,'2010-12-20 16:11:00',1,'plugins.generic','announcementFeed','AnnouncementFeedPlugin',1,0),(1,0,0,0,'2010-12-20 16:11:00',1,'plugins.generic','openAds','OpenAdsPlugin',1,0),(1,0,0,0,'2010-12-20 16:11:00',1,'plugins.generic','webFeed','WebFeedPlugin',1,0),(1,0,0,0,'2010-12-20 16:11:00',1,'plugins.generic','booksForReview','BooksForReviewPlugin',1,0),(1,0,0,0,'2010-12-20 16:11:00',1,'plugins.generic','translator','TranslatorPlugin',1,1),(1,0,0,0,'2010-12-20 16:11:00',1,'plugins.generic','thesisFeed','ThesisFeedPlugin',1,0),(1,0,0,0,'2010-12-20 16:11:00',1,'plugins.generic','sehl','SehlPlugin',1,0),(1,0,0,0,'2010-12-20 16:11:00',1,'plugins.generic','xmlGalley','XmlGalleyPlugin',1,0),(1,0,0,0,'2010-12-20 16:11:00',1,'plugins.generic','tinymce','TinyMCEPlugin',1,0),(1,0,0,0,'2010-12-20 16:11:00',1,'plugins.generic','externalFeed','ExternalFeedPlugin',1,0),(1,0,0,0,'2010-12-20 16:11:00',1,'plugins.implicitAuth','shibboleth','',0,1),(1,0,0,0,'2010-12-20 16:11:00',1,'plugins.importexport','mets','',0,0),(1,0,0,0,'2010-12-20 16:11:00',1,'plugins.importexport','pubmed','',0,0),(1,0,0,0,'2010-12-20 16:11:00',1,'plugins.importexport','native','',0,0),(1,0,0,0,'2010-12-20 16:11:00',1,'plugins.importexport','erudit','',0,0),(1,0,0,0,'2010-12-20 16:11:00',1,'plugins.importexport','users','',0,0),(1,0,0,0,'2010-12-20 16:11:00',1,'plugins.importexport','doaj','',0,0),(1,0,0,0,'2010-12-20 16:11:00',1,'plugins.importexport','quickSubmit','',0,0),(1,1,0,0,'2010-12-20 16:11:00',1,'plugins.importexport','crossref','',0,0),(1,0,0,0,'2010-12-20 16:11:00',1,'plugins.oaiMetadataFormats','rfc1807','',0,0),(1,0,0,0,'2010-12-20 16:11:00',1,'plugins.oaiMetadataFormats','nlm','',0,0),(1,0,0,0,'2010-12-20 16:11:00',1,'plugins.oaiMetadataFormats','marc','',0,0),(1,0,0,0,'2010-12-20 16:11:00',1,'plugins.oaiMetadataFormats','marcxml','',0,0),(1,0,0,0,'2010-12-20 16:11:00',1,'plugins.oaiMetadataFormats','dc','',0,0),(1,0,0,0,'2010-12-20 16:11:00',1,'plugins.paymethod','paypal','',0,0),(1,0,0,0,'2010-12-20 16:11:00',1,'plugins.paymethod','manual','',0,0),(1,0,0,0,'2010-12-20 16:11:00',1,'plugins.reports','articles','',0,0),(1,0,0,0,'2010-12-20 16:11:00',1,'plugins.reports','views','',0,0),(1,0,0,0,'2010-12-20 16:11:00',1,'plugins.reports','reviews','',0,0),(1,0,0,0,'2010-12-20 16:11:00',1,'plugins.themes','classicNavy','',0,0),(1,0,0,0,'2010-12-20 16:11:00',1,'plugins.themes','night','',0,0),(1,0,0,0,'2010-12-20 16:11:00',1,'plugins.themes','steel','',0,0),(1,0,0,0,'2010-12-20 16:11:00',1,'plugins.themes','lilac','',0,0),(1,0,0,0,'2010-12-20 16:11:00',1,'plugins.themes','classicRed','',0,0),(1,0,0,0,'2010-12-20 16:11:00',1,'plugins.themes','redbar','',0,0),(1,0,0,0,'2010-12-20 16:11:00',1,'plugins.themes','classicGreen','',0,0),(1,0,0,0,'2010-12-20 16:11:00',1,'plugins.themes','uncommon','',0,0),(1,0,0,0,'2010-12-20 16:11:00',1,'plugins.themes','vanilla','',0,0),(1,0,0,0,'2010-12-20 16:11:00',1,'plugins.themes','classicBlue','',0,0),(1,0,0,0,'2010-12-20 16:11:00',1,'plugins.themes','custom','',0,0),(1,0,0,0,'2010-12-20 16:11:00',1,'plugins.themes','desert','',0,0),(1,0,0,0,'2010-12-20 16:11:00',1,'plugins.themes','classicBrown','',0,0),(2,3,3,3,'2010-12-20 16:10:59',1,'core','ojs2','',0,1);


