-- Table structure for table `cache_page`
--

CREATE TABLE `cache_page` (
  `cid` varchar(255) NOT NULL DEFAULT '' COMMENT 'Primary Key: Unique cache ID.',
  `data` longblob COMMENT 'A collection of data to cache.',
  `expire` int(11) NOT NULL DEFAULT '0' COMMENT 'A Unix timestamp indicating when the cache entry should expire, or 0 for never.',
  `created` int(11) NOT NULL DEFAULT '0' COMMENT 'A Unix timestamp indicating when the cache entry was created.',
  `serialized` smallint(6) NOT NULL DEFAULT '0' COMMENT 'A flag to indicate whether content is serialized (1) or not (0).',
  PRIMARY KEY (`cid`),
  KEY `expire` (`expire`)
) ENGINE=InnoDB DEFAULT CHARSET=utf8 COMMENT='Cache table used to store compressed pages for anonymous...';

--
-- Dumping data for table `cache_page`
--


--
-- Table structure for table `cache_path`
--

CREATE TABLE `cache_path` (
  `cid` varchar(255) NOT NULL DEFAULT '' COMMENT 'Primary Key: Unique cache ID.',
  `data` longblob COMMENT 'A collection of data to cache.',
  `expire` int(11) NOT NULL DEFAULT '0' COMMENT 'A Unix timestamp indicating when the cache entry should expire, or 0 for never.',
  `created` int(11) NOT NULL DEFAULT '0' COMMENT 'A Unix timestamp indicating when the cache entry was created.',
  `serialized` smallint(6) NOT NULL DEFAULT '0' COMMENT 'A flag to indicate whether content is serialized (1) or not (0).',
  PRIMARY KEY (`cid`),
  KEY `expire` (`expire`)
) ENGINE=InnoDB DEFAULT CHARSET=utf8 COMMENT='Cache table for path alias lookup.';

--
-- Dumping data for table `cache_path`
--


--
-- Table structure for table `cache_update`
--

CREATE TABLE `cache_update` (
  `cid` varchar(255) NOT NULL DEFAULT '' COMMENT 'Primary Key: Unique cache ID.',
  `data` longblob COMMENT 'A collection of data to cache.',
  `expire` int(11) NOT NULL DEFAULT '0' COMMENT 'A Unix timestamp indicating when the cache entry should expire, or 0 for never.',
  `created` int(11) NOT NULL DEFAULT '0' COMMENT 'A Unix timestamp indicating when the cache entry was created.',
  `serialized` smallint(6) NOT NULL DEFAULT '0' COMMENT 'A flag to indicate whether content is serialized (1) or not (0).',
  PRIMARY KEY (`cid`),
  KEY `expire` (`expire`)
) ENGINE=InnoDB DEFAULT CHARSET=utf8 COMMENT='Cache table for the Update module to store information...';

--
-- Dumping data for table `cache_update`
--

INSERT INTO `cache_update` VALUES ('available_releases::drupal','a:10:{s:5:\"title\";s:11:\"Drupal core\";s:10:\"short_name\";s:6:\"drupal\";s:11:\"api_version\";s:3:\"7.x\";s:17:\"recommended_major\";s:1:\"7\";s:16:\"supported_majors\";s:1:\"7\";s:13:\"default_major\";s:1:\"7\";s:14:\"project_status\";s:9:\"published\";s:4:\"link\";s:32:\"http://drupal.org/project/drupal\";s:5:\"terms\";s:15:\"\n   \n   \n   \n  \";s:8:\"releases\";a:39:{s:4:\"7.23\";a:13:{s:4:\"name\";s:11:\"drupal 7.23\";s:7:\"version\";s:4:\"7.23\";s:3:\"tag\";s:4:\"7.23\";s:13:\"version_major\";s:1:\"7\";s:13:\"version_patch\";s:2:\"23\";s:6:\"status\";s:9:\"published\";s:12:\"release_link\";s:43:\"http://drupal.org/drupal-7.23-release-notes\";s:13:\"download_link\";s:55:\"http://ftp.drupal.org/files/projects/drupal-7.23.tar.gz\";s:4:\"date\";s:10:\"1375928239\";s:6:\"mdhash\";s:32:\"0beca6fec15b8cf8c35a6fdda6675342\";s:8:\"filesize\";s:7:\"3191695\";s:5:\"files\";s:11:\"\n   \n   \n  \";s:5:\"terms\";a:1:{s:12:\"Release type\";a:1:{i:0;s:9:\"Bug fixes\";}}}s:4:\"7.22\";a:13:{s:4:\"name\";s:11:\"drupal 7.22\";s:7:\"version\";s:4:\"7.22\";s:3:\"tag\";s:4:\"7.22\";s:13:\"version_major\";s:1:\"7\";s:13:\"version_patch\";s:2:\"22\";s:6:\"status\";s:9:\"published\";s:12:\"release_link\";s:43:\"http://drupal.org/drupal-7.22-release-notes\";s:13:\"download_link\";s:55:\"http://ftp.drupal.org/files/projects/drupal-7.22.tar.gz\";s:4:\"date\";s:10:\"1365027013\";s:6:\"mdhash\";s:32:\"068d7a77958fce6bb002659aa7ccaeb7\";s:8:\"filesize\";s:7:\"3183014\";s:5:\"files\";s:11:\"\n   \n   \n  \";s:5:\"terms\";a:1:{s:12:\"Release type\";a:1:{i:0;s:9:\"Bug fixes\";}}}s:4:\"7.21\";a:13:{s:4:\"name\";s:11:\"drupal 7.21\";s:7:\"version\";s:4:\"7.21\";s:3:\"tag\";s:4:\"7.21\";s:13:\"version_major\";s:1:\"7\";s:13:\"version_patch\";s:2:\"21\";s:6:\"status\";s:9:\"published\";s:12:\"release_link\";s:43:\"http://drupal.org/drupal-7.21-release-notes\";s:13:\"download_link\";s:55:\"http://ftp.drupal.org/files/projects/drupal-7.21.tar.gz\";s:4:\"date\";s:10:\"1362616997\";s:6:\"mdhash\";s:32:\"eff054cd53be39ff719f77c81dce1aac\";s:8:\"filesize\";s:7:\"3163798\";s:5:\"files\";s:11:\"\n   \n   \n  \";s:5:\"terms\";a:1:{s:12:\"Release type\";a:1:{i:0;s:9:\"Bug fixes\";}}}s:4:\"7.20\";a:13:{s:4:\"name\";s:11:\"drupal 7.20\";s:7:\"version\";s:4:\"7.20\";s:3:\"tag\";s:4:\"7.20\";s:13:\"version_major\";s:1:\"7\";s:13:\"version_patch\";s:2:\"20\";s:6:\"status\";s:9:\"published\";s:12:\"release_link\";s:43:\"http://drupal.org/drupal-7.20-release-notes\";s:13:\"download_link\";s:55:\"http://ftp.drupal.org/files/projects/drupal-7.20.tar.gz\";s:4:\"date\";s:10:\"1361393684\";s:6:\"mdhash\";s:32:\"ee576d63f1fd8a1f1c072a56978da0c5\";s:8:\"filesize\";s:7:\"3163257\";s:5:\"files\";s:11:\"\n   \n   \n  \";s:5:\"terms\";a:1:{s:12:\"Release type\";a:1:{i:0;s:15:\"Security update\";}}}s:4:\"7.19\";a:13:{s:4:\"name\";s:11:\"drupal 7.19\";s:7:\"version\";s:4:\"7.19\";s:3:\"tag\";s:4:\"7.19\";s:13:\"version_major\";s:1:\"7\";s:13:\"version_patch\";s:2:\"19\";s:6:\"status\";s:9:\"published\";s:12:\"release_link\";s:43:\"http://drupal.org/drupal-7.19-release-notes\";s:13:\"download_link\";s:55:\"http://ftp.drupal.org/files/projects/drupal-7.19.tar.gz\";s:4:\"date\";s:10:\"1358374871\";s:6:\"mdhash\";s:32:\"c1dd3960f1555df208c80ef612e0c53a\";s:8:\"filesize\";s:7:\"3163130\";s:5:\"files\";s:11:\"\n   \n   \n  \";s:5:\"terms\";a:1:{s:12:\"Release type\";a:1:{i:0;s:15:\"Security update\";}}}s:4:\"7.18\";a:13:{s:4:\"name\";s:11:\"drupal 7.18\";s:7:\"version\";s:4:\"7.18\";s:3:\"tag\";s:4:\"7.18\";s:13:\"version_major\";s:1:\"7\";s:13:\"version_patch\";s:2:\"18\";s:6:\"status\";s:9:\"published\";s:12:\"release_link\";s:43:\"http://drupal.org/drupal-7.18-release-notes\";s:13:\"download_link\";s:55:\"http://ftp.drupal.org/files/projects/drupal-7.18.tar.gz\";s:4:\"date\";s:10:\"1355944004\";s:6:\"mdhash\";s:32:\"5c048f60a53acd7cb3c2b6d5fe42f082\";s:8:\"filesize\";s:7:\"3162333\";s:5:\"files\";s:11:\"\n   \n   \n  \";s:5:\"terms\";a:1:{s:12:\"Release type\";a:1:{i:0;s:15:\"Security update\";}}}s:4:\"7.17\";a:13:{s:4:\"name\";s:11:\"drupal 7.17\";s:7:\"version\";s:4:\"7.17\";s:3:\"tag\";s:4:\"7.17\";s:13:\"version_major\";s:1:\"7\";s:13:\"version_patch\";s:2:\"17\";s:6:\"status\";s:9:\"published\";s:12:\"release_link\";s:43:\"http://drupal.org/drupal-7.17-release-notes\";s:13:\"download_link\";s:55:\"http://ftp.drupal.org/files/projects/drupal-7.17.tar.gz\";s:4:\"date\";s:10:\"1352325358\";s:6:\"mdhash\";s:32:\"439e8ca7e6a33bb879a4624d8f01bed0\";s:8:\"filesize\";s:7:\"3162429\";s:5:\"files\";s:11:\"\n   \n   \n  \";s:5:\"terms\";a:1:{s:12:\"Release type\";a:1:{i:0;s:9:\"Bug fixes\";}}}s:4:\"7.16\";a:13:{s:4:\"name\";s:11:\"drupal 7.16\";s:7:\"version\";s:4:\"7.16\";s:3:\"tag\";s:4:\"7.16\";s:13:\"version_major\";s:1:\"7\";s:13:\"version_patch\";s:2:\"16\";s:6:\"status\";s:9:\"published\";s:12:\"release_link\";s:30:\"http://drupal.org/node/1815904\";s:13:\"download_link\";s:55:\"http://ftp.drupal.org/files/projects/drupal-7.16.tar.gz\";s:4:\"date\";s:10:\"1350508568\";s:6:\"mdhash\";s:32:\"352497b2df94b5308e31cb8da020b631\";s:8:\"filesize\";s:7:\"3142889\";s:5:\"files\";s:11:\"\n   \n   \n  \";s:5:\"terms\";a:1:{s:12:\"Release type\";a:1:{i:0;s:15:\"Security update\";}}}s:4:\"7.15\";a:13:{s:4:\"name\";s:11:\"drupal 7.15\";s:7:\"version\";s:4:\"7.15\";s:3:\"tag\";s:4:\"7.15\";s:13:\"version_major\";s:1:\"7\";s:13:\"version_patch\";s:2:\"15\";s:6:\"status\";s:9:\"published\";s:12:\"release_link\";s:30:\"http://drupal.org/node/1708292\";s:13:\"download_link\";s:55:\"http://ftp.drupal.org/files/projects/drupal-7.15.tar.gz\";s:4:\"date\";s:10:\"1343839327\";s:6:\"mdhash\";s:32:\"f42c9baccd74e1d035d61ff537ae21b4\";s:8:\"filesize\";s:7:\"3142219\";s:5:\"files\";s:11:\"\n   \n   \n  \";s:5:\"terms\";a:1:{s:12:\"Release type\";a:1:{i:0;s:9:\"Bug fixes\";}}}s:4:\"7.14\";a:13:{s:4:\"name\";s:11:\"drupal 7.14\";s:7:\"version\";s:4:\"7.14\";s:3:\"tag\";s:4:\"7.14\";s:13:\"version_major\";s:1:\"7\";s:13:\"version_patch\";s:2:\"14\";s:6:\"status\";s:9:\"published\";s:12:\"release_link\";s:30:\"http://drupal.org/node/1558424\";s:13:\"download_link\";s:55:\"http://ftp.drupal.org/files/projects/drupal-7.14.tar.gz\";s:4:\"date\";s:10:\"1335997556\";s:6:\"mdhash\";s:32:\"af7abd95c03ecad4e1567ed94a438334\";s:8:\"filesize\";s:7:\"3128473\";s:5:\"files\";s:11:\"\n   \n   \n  \";s:5:\"terms\";a:1:{s:12:\"Release type\";a:1:{i:0;s:9:\"Bug fixes\";}}}s:4:\"7.13\";a:13:{s:4:\"name\";s:11:\"drupal 7.13\";s:7:\"version\";s:4:\"7.13\";s:3:\"tag\";s:4:\"7.13\";s:13:\"version_major\";s:1:\"7\";s:13:\"version_patch\";s:2:\"13\";s:6:\"status\";s:9:\"published\";s:12:\"release_link\";s:30:\"http://drupal.org/node/1558412\";s:13:\"download_link\";s:55:\"http://ftp.drupal.org/files/projects/drupal-7.13.tar.gz\";s:4:\"date\";s:10:\"1335997261\";s:6:\"mdhash\";s:32:\"80587b66375c7fc539414a20a2c6f2de\";s:8:\"filesize\";s:7:\"3088448\";s:5:\"files\";s:11:\"\n   \n   \n  \";s:5:\"terms\";a:1:{s:12:\"Release type\";a:1:{i:0;s:15:\"Security update\";}}}s:4:\"7.12\";a:13:{s:4:\"name\";s:11:\"drupal 7.12\";s:7:\"version\";s:4:\"7.12\";s:3:\"tag\";s:4:\"7.12\";s:13:\"version_major\";s:1:\"7\";s:13:\"version_patch\";s:2:\"12\";s:6:\"status\";s:9:\"published\";s:12:\"release_link\";s:30:\"http://drupal.org/node/1425104\";s:13:\"download_link\";s:55:\"http://ftp.drupal.org/files/projects/drupal-7.12.tar.gz\";s:4:\"date\";s:10:\"1328134561\";s:6:\"mdhash\";s:32:\"db2284beb97241c9bdca9c638cd8a4f1\";s:8:\"filesize\";s:7:\"3088472\";s:5:\"files\";s:11:\"\n   \n   \n  \";s:5:\"terms\";a:1:{s:12:\"Release type\";a:2:{i:0;s:12:\"New features\";i:1;s:9:\"Bug fixes\";}}}s:4:\"7.11\";a:13:{s:4:\"name\";s:11:\"drupal 7.11\";s:7:\"version\";s:4:\"7.11\";s:3:\"tag\";s:4:\"7.11\";s:13:\"version_major\";s:1:\"7\";s:13:\"version_patch\";s:2:\"11\";s:6:\"status\";s:9:\"published\";s:12:\"release_link\";s:30:\"http://drupal.org/node/1425092\";s:13:\"download_link\";s:55:\"http://ftp.drupal.org/files/projects/drupal-7.11.tar.gz\";s:4:\"date\";s:10:\"1328134275\";s:6:\"mdhash\";s:32:\"e9857e1749762367d7631d74cc6564a7\";s:8:\"filesize\";s:7:\"2789336\";s:5:\"files\";s:11:\"\n   \n   \n  \";s:5:\"terms\";a:1:{s:12:\"Release type\";a:1:{i:0;s:15:\"Security update\";}}}s:4:\"7.10\";a:13:{s:4:\"name\";s:11:\"drupal 7.10\";s:7:\"version\";s:4:\"7.10\";s:3:\"tag\";s:4:\"7.10\";s:13:\"version_major\";s:1:\"7\";s:13:\"version_patch\";s:2:\"10\";s:6:\"status\";s:9:\"published\";s:12:\"release_link\";s:30:\"http://drupal.org/node/1361968\";s:13:\"download_link\";s:55:\"http://ftp.drupal.org/files/projects/drupal-7.10.tar.gz\";s:4:\"date\";s:10:\"1323125439\";s:6:\"mdhash\";s:32:\"1caafb849bc756e62dd874b90b95ab31\";s:8:\"filesize\";s:7:\"3067653\";s:5:\"files\";s:11:\"\n   \n   \n  \";s:5:\"terms\";a:1:{s:12:\"Release type\";a:2:{i:0;s:12:\"New features\";i:1;s:9:\"Bug fixes\";}}}s:3:\"7.9\";a:13:{s:4:\"name\";s:10:\"drupal 7.9\";s:7:\"version\";s:3:\"7.9\";s:3:\"tag\";s:3:\"7.9\";s:13:\"version_major\";s:1:\"7\";s:13:\"version_patch\";s:1:\"9\";s:6:\"status\";s:9:\"published\";s:12:\"release_link\";s:30:\"http://drupal.org/node/1322736\";s:13:\"download_link\";s:54:\"http://ftp.drupal.org/files/projects/drupal-7.9.tar.gz\";s:4:\"date\";s:10:\"1319660731\";s:6:\"mdhash\";s:32:\"7f45f109c413ca69ebb6e3140ed47225\";s:8:\"filesize\";s:7:\"2788086\";s:5:\"files\";s:11:\"\n   \n   \n  \";s:5:\"terms\";a:1:{s:12:\"Release type\";a:2:{i:0;s:12:\"New features\";i:1;s:9:\"Bug fixes\";}}}s:3:\"7.8\";a:13:{s:4:\"name\";s:10:\"drupal 7.8\";s:7:\"version\";s:3:\"7.8\";s:3:\"tag\";s:3:\"7.8\";s:13:\"version_major\";s:1:\"7\";s:13:\"version_patch\";s:1:\"8\";s:6:\"status\";s:9:\"published\";s:12:\"release_link\";s:30:\"http://drupal.org/node/1265840\";s:13:\"download_link\";s:54:\"http://ftp.drupal.org/files/projects/drupal-7.8.tar.gz\";s:4:\"date\";s:10:\"1314817617\";s:6:\"mdhash\";s:32:\"e0226b56e8d5c57c6b126e8ed5866b1f\";s:8:\"filesize\";s:7:\"2766967\";s:5:\"files\";s:11:\"\n   \n   \n  \";s:5:\"terms\";a:1:{s:12:\"Release type\";a:1:{i:0;s:9:\"Bug fixes\";}}}s:3:\"7.7\";a:13:{s:4:\"name\";s:10:\"drupal 7.7\";s:7:\"version\";s:3:\"7.7\";s:3:\"tag\";s:3:\"7.7\";s:13:\"version_major\";s:1:\"7\";s:13:\"version_patch\";s:1:\"7\";s:6:\"status\";s:9:\"published\";s:12:\"release_link\";s:30:\"http://drupal.org/node/1231826\";s:13:\"download_link\";s:54:\"http://ftp.drupal.org/files/projects/drupal-7.7.tar.gz\";s:4:\"date\";s:10:\"1311813880\";s:6:\"mdhash\";s:32:\"2eeb63fd1ef6b23b0a9f5f6b8aef8850\";s:8:\"filesize\";s:7:\"2754113\";s:5:\"files\";s:11:\"\n   \n   \n  \";s:5:\"terms\";a:1:{s:12:\"Release type\";a:1:{i:0;s:9:\"Bug fixes\";}}}s:3:\"7.6\";a:13:{s:4:\"name\";s:10:\"drupal 7.6\";s:7:\"version\";s:3:\"7.6\";s:3:\"tag\";s:3:\"7.6\";s:13:\"version_major\";s:1:\"7\";s:13:\"version_patch\";s:1:\"6\";s:6:\"status\";s:9:\"published\";s:12:\"release_link\";s:30:\"http://drupal.org/node/1231586\";s:13:\"download_link\";s:54:\"http://ftp.drupal.org/files/projects/drupal-7.6.tar.gz\";s:4:\"date\";s:10:\"1311798716\";s:6:\"mdhash\";s:32:\"e88e63c4da9e5e170f089d050c88c827\";s:8:\"filesize\";s:7:\"2753784\";s:5:\"files\";s:11:\"\n   \n   \n  \";s:5:\"terms\";a:1:{s:12:\"Release type\";a:1:{i:0;s:9:\"Bug fixes\";}}}s:3:\"7.5\";a:13:{s:4:\"name\";s:10:\"drupal 7.5\";s:7:\"version\";s:3:\"7.5\";s:3:\"tag\";s:3:\"7.5\";s:13:\"version_major\";s:1:\"7\";s:13:\"version_patch\";s:1:\"5\";s:6:\"status\";s:9:\"published\";s:12:\"release_link\";s:30:\"http://drupal.org/node/1231582\";s:13:\"download_link\";s:54:\"http://ftp.drupal.org/files/projects/drupal-7.5.tar.gz\";s:4:\"date\";s:10:\"1311798416\";s:6:\"mdhash\";s:32:\"36d65b7a97c58226c64a6abdf481de45\";s:8:\"filesize\";s:7:\"2744690\";s:5:\"files\";s:11:\"\n   \n   \n  \";s:5:\"terms\";a:1:{s:12:\"Release type\";a:2:{i:0;s:9:\"Bug fixes\";i:1;s:15:\"Security update\";}}}s:3:\"7.4\";a:13:{s:4:\"name\";s:10:\"drupal 7.4\";s:7:\"version\";s:3:\"7.4\";s:3:\"tag\";s:3:\"7.4\";s:13:\"version_major\";s:1:\"7\";s:13:\"version_patch\";s:1:\"4\";s:6:\"status\";s:9:\"published\";s:12:\"release_link\";s:30:\"http://drupal.org/node/1204634\";s:13:\"download_link\";s:54:\"http://ftp.drupal.org/files/projects/drupal-7.4.tar.gz\";s:4:\"date\";s:10:\"1309397516\";s:6:\"mdhash\";s:32:\"84704de078e9f5432c9bb5c6ecd841d4\";s:8:\"filesize\";s:7:\"2744808\";s:5:\"files\";s:11:\"\n   \n   \n  \";s:5:\"terms\";a:1:{s:12:\"Release type\";a:1:{i:0;s:9:\"Bug fixes\";}}}s:3:\"7.3\";a:13:{s:4:\"name\";s:10:\"drupal 7.3\";s:7:\"version\";s:3:\"7.3\";s:3:\"tag\";s:3:\"7.3\";s:13:\"version_major\";s:1:\"7\";s:13:\"version_patch\";s:1:\"3\";s:6:\"status\";s:9:\"published\";s:12:\"release_link\";s:30:\"http://drupal.org/node/1204628\";s:13:\"download_link\";s:54:\"http://ftp.drupal.org/files/projects/drupal-7.3.tar.gz\";s:4:\"date\";s:10:\"1309397216\";s:6:\"mdhash\";s:32:\"c290775724bc309647d84d03ddb88e2e\";s:8:\"filesize\";s:7:\"2735461\";s:5:\"files\";s:11:\"\n   \n   \n  \";s:5:\"terms\";a:1:{s:12:\"Release type\";a:1:{i:0;s:15:\"Security update\";}}}s:3:\"7.2\";a:13:{s:4:\"name\";s:10:\"drupal 7.2\";s:7:\"version\";s:3:\"7.2\";s:3:\"tag\";s:3:\"7.2\";s:13:\"version_major\";s:1:\"7\";s:13:\"version_patch\";s:1:\"2\";s:6:\"status\";s:9:\"published\";s:12:\"release_link\";s:30:\"http://drupal.org/node/1168946\";s:13:\"download_link\";s:54:\"http://ftp.drupal.org/files/projects/drupal-7.2.tar.gz\";s:4:\"date\";s:10:\"1306357017\";s:6:\"mdhash\";s:32:\"cf88c87e3694ebd15b62ba6f6a69124f\";s:8:\"filesize\";s:7:\"2731345\";s:5:\"files\";s:11:\"\n   \n   \n  \";s:5:\"terms\";a:1:{s:12:\"Release type\";a:1:{i:0;s:9:\"Bug fixes\";}}}s:3:\"7.1\";a:13:{s:4:\"name\";s:10:\"drupal 7.1\";s:7:\"version\";s:3:\"7.1\";s:3:\"tag\";s:3:\"7.1\";s:13:\"version_major\";s:1:\"7\";s:13:\"version_patch\";s:1:\"1\";s:6:\"status\";s:9:\"published\";s:12:\"release_link\";s:30:\"http://drupal.org/node/1168910\";s:13:\"download_link\";s:54:\"http://ftp.drupal.org/files/projects/drupal-7.1.tar.gz\";s:4:\"date\";s:10:\"1306354916\";s:6:\"mdhash\";s:32:\"27eb45cb894a76f3a9ae6715584a10cc\";s:8:\"filesize\";s:7:\"2713977\";s:5:\"files\";s:11:\"\n   \n   \n  \";s:5:\"terms\";a:1:{s:12:\"Release type\";a:1:{i:0;s:15:\"Security update\";}}}s:3:\"7.0\";a:13:{s:4:\"name\";s:10:\"drupal 7.0\";s:7:\"version\";s:3:\"7.0\";s:3:\"tag\";s:3:\"7.0\";s:13:\"version_major\";s:1:\"7\";s:13:\"version_patch\";s:1:\"0\";s:6:\"status\";s:9:\"published\";s:12:\"release_link\";s:30:\"http://drupal.org/node/1015392\";s:13:\"download_link\";s:54:\"http://ftp.drupal.org/files/projects/drupal-7.0.tar.gz\";s:4:\"date\";s:10:\"1294208759\";s:6:\"mdhash\";s:32:\"e96c0a5e47c5d7706897384069dfb920\";s:8:\"filesize\";s:7:\"2728271\";s:5:\"files\";s:11:\"\n   \n   \n  \";s:5:\"terms\";a:1:{s:12:\"Release type\";a:1:{i:0;s:9:\"Bug fixes\";}}}s:7:\"7.0-rc4\";a:14:{s:4:\"name\";s:14:\"drupal 7.0-rc4\";s:7:\"version\";s:7:\"7.0-rc4\";s:3:\"tag\";s:8:\"7.0-rc-4\";s:13:\"version_major\";s:1:\"7\";s:13:\"version_patch\";s:1:\"0\";s:13:\"version_extra\";s:3:\"rc4\";s:6:\"status\";s:9:\"published\";s:12:\"release_link\";s:30:\"http://drupal.org/node/1010382\";s:13:\"download_link\";s:58:\"http://ftp.drupal.org/files/projects/drupal-7.0-rc4.tar.gz\";s:4:\"date\";s:10:\"1293684084\";s:6:\"mdhash\";s:32:\"104c08e609c64bb1e45b55a7ad1ad857\";s:8:\"filesize\";s:7:\"2717666\";s:5:\"files\";s:11:\"\n   \n   \n  \";s:5:\"terms\";a:1:{s:12:\"Release type\";a:1:{i:0;s:9:\"Bug fixes\";}}}s:7:\"7.0-rc3\";a:14:{s:4:\"name\";s:14:\"drupal 7.0-rc3\";s:7:\"version\";s:7:\"7.0-rc3\";s:3:\"tag\";s:8:\"7.0-rc-3\";s:13:\"version_major\";s:1:\"7\";s:13:\"version_patch\";s:1:\"0\";s:13:\"version_extra\";s:3:\"rc3\";s:6:\"status\";s:9:\"published\";s:12:\"release_link\";s:30:\"http://drupal.org/node/1005976\";s:13:\"download_link\";s:58:\"http://ftp.drupal.org/files/projects/drupal-7.0-rc3.tar.gz\";s:4:\"date\";s:10:\"1293099424\";s:6:\"mdhash\";s:32:\"be9a3f190e2648fa03dcb2bf3d8be199\";s:8:\"filesize\";s:7:\"2719115\";s:5:\"files\";s:11:\"\n   \n   \n  \";s:5:\"terms\";a:1:{s:12:\"Release type\";a:2:{i:0;s:9:\"Bug fixes\";i:1;s:15:\"Security update\";}}}s:7:\"7.0-rc2\";a:14:{s:4:\"name\";s:14:\"drupal 7.0-rc2\";s:7:\"version\";s:7:\"7.0-rc2\";s:3:\"tag\";s:8:\"7.0-rc-2\";s:13:\"version_major\";s:1:\"7\";s:13:\"version_patch\";s:1:\"0\";s:13:\"version_extra\";s:3:\"rc2\";s:6:\"status\";s:9:\"published\";s:12:\"release_link\";s:29:\"http://drupal.org/node/995778\";s:13:\"download_link\";s:58:\"http://ftp.drupal.org/files/projects/drupal-7.0-rc2.tar.gz\";s:4:\"date\";s:10:\"1292101847\";s:6:\"mdhash\";s:32:\"f31982c73f1707ddccb2927325bc9cb9\";s:8:\"filesize\";s:7:\"2705734\";s:5:\"files\";s:11:\"\n   \n   \n  \";s:5:\"terms\";a:1:{s:12:\"Release type\";a:2:{i:0;s:9:\"Bug fixes\";i:1;s:15:\"Security update\";}}}s:7:\"7.0-rc1\";a:14:{s:4:\"name\";s:14:\"drupal 7.0-rc1\";s:7:\"version\";s:7:\"7.0-rc1\";s:3:\"tag\";s:8:\"7.0-rc-1\";s:13:\"version_major\";s:1:\"7\";s:13:\"version_patch\";s:1:\"0\";s:13:\"version_extra\";s:3:\"rc1\";s:6:\"status\";s:9:\"published\";s:12:\"release_link\";s:29:\"http://drupal.org/node/985946\";s:13:\"download_link\";s:58:\"http://ftp.drupal.org/files/projects/drupal-7.0-rc1.tar.gz\";s:4:\"date\";s:10:\"1291190142\";s:6:\"mdhash\";s:32:\"b554e79cf60c02d4dec592151c4b58ee\";s:8:\"filesize\";s:7:\"2694689\";s:5:\"files\";s:11:\"\n   \n   \n  \";s:5:\"terms\";a:1:{s:12:\"Release type\";a:3:{i:0;s:12:\"New features\";i:1;s:9:\"Bug fixes\";i:2;s:15:\"Security update\";}}}s:9:\"7.0-beta3\";a:14:{s:4:\"name\";s:16:\"drupal 7.0-beta3\";s:7:\"version\";s:9:\"7.0-beta3\";s:3:\"tag\";s:9:\"7.0-beta3\";s:13:\"version_major\";s:1:\"7\";s:13:\"version_patch\";s:1:\"0\";s:13:\"version_extra\";s:5:\"beta3\";s:6:\"status\";s:9:\"published\";s:12:\"release_link\";s:29:\"http://drupal.org/node/971088\";s:13:\"download_link\";s:60:\"http://ftp.drupal.org/files/projects/drupal-7.0-beta3.tar.gz\";s:4:\"date\";s:10:\"1289694735\";s:6:\"mdhash\";s:32:\"c942f010a2535586c4578cd7b107c652\";s:8:\"filesize\";s:7:\"2660883\";s:5:\"files\";s:11:\"\n   \n   \n  \";s:5:\"terms\";a:1:{s:12:\"Release type\";a:3:{i:0;s:12:\"New features\";i:1;s:9:\"Bug fixes\";i:2;s:15:\"Security update\";}}}s:9:\"7.0-beta2\";a:14:{s:4:\"name\";s:16:\"drupal 7.0-beta2\";s:7:\"version\";s:9:\"7.0-beta2\";s:3:\"tag\";s:9:\"7.0-beta2\";s:13:\"version_major\";s:1:\"7\";s:13:\"version_patch\";s:1:\"0\";s:13:\"version_extra\";s:5:\"beta2\";s:6:\"status\";s:9:\"published\";s:12:\"release_link\";s:29:\"http://drupal.org/node/950318\";s:13:\"download_link\";s:60:\"http://ftp.drupal.org/files/projects/drupal-7.0-beta2.tar.gz\";s:4:\"date\";s:10:\"1287812133\";s:6:\"mdhash\";s:32:\"c2de0bdb657b77af8c8369a355cab8ce\";s:8:\"filesize\";s:7:\"2638949\";s:5:\"files\";s:11:\"\n   \n   \n  \";s:5:\"terms\";a:1:{s:12:\"Release type\";a:2:{i:0;s:12:\"New features\";i:1;s:9:\"Bug fixes\";}}}s:9:\"7.0-beta1\";a:14:{s:4:\"name\";s:16:\"drupal 7.0-beta1\";s:7:\"version\";s:9:\"7.0-beta1\";s:3:\"tag\";s:9:\"7.0-beta1\";s:13:\"version_major\";s:1:\"7\";s:13:\"version_patch\";s:1:\"0\";s:13:\"version_extra\";s:5:\"beta1\";s:6:\"status\";s:9:\"published\";s:12:\"release_link\";s:29:\"http://drupal.org/node/934174\";s:13:\"download_link\";s:60:\"http://ftp.drupal.org/files/projects/drupal-7.0-beta1.tar.gz\";s:4:\"date\";s:10:\"1286422866\";s:6:\"mdhash\";s:32:\"490ce0d95eacc15f2918becd60f6821c\";s:8:\"filesize\";s:7:\"2622225\";s:5:\"files\";s:11:\"\n   \n   \n  \";s:5:\"terms\";a:1:{s:12:\"Release type\";a:2:{i:0;s:9:\"Bug fixes\";i:1;s:15:\"Security update\";}}}s:10:\"7.0-alpha7\";a:14:{s:4:\"name\";s:17:\"drupal 7.0-alpha7\";s:7:\"version\";s:10:\"7.0-alpha7\";s:3:\"tag\";s:10:\"7.0-alpha7\";s:13:\"version_major\";s:1:\"7\";s:13:\"version_patch\";s:1:\"0\";s:13:\"version_extra\";s:6:\"alpha7\";s:6:\"status\";s:9:\"published\";s:12:\"release_link\";s:29:\"http://drupal.org/node/913030\";s:13:\"download_link\";s:61:\"http://ftp.drupal.org/files/projects/drupal-7.0-alpha7.tar.gz\";s:4:\"date\";s:10:\"1284599764\";s:6:\"mdhash\";s:32:\"15183fcf862be97f7e96991e6e56fe2e\";s:8:\"filesize\";s:7:\"2586833\";s:5:\"files\";s:11:\"\n   \n   \n  \";s:5:\"terms\";a:1:{s:12:\"Release type\";a:2:{i:0;s:9:\"Bug fixes\";i:1;s:15:\"Security update\";}}}s:10:\"7.0-alpha6\";a:14:{s:4:\"name\";s:17:\"drupal 7.0-alpha6\";s:7:\"version\";s:10:\"7.0-alpha6\";s:3:\"tag\";s:10:\"7.0-alpha6\";s:13:\"version_major\";s:1:\"7\";s:13:\"version_patch\";s:1:\"0\";s:13:\"version_extra\";s:6:\"alpha6\";s:6:\"status\";s:9:\"published\";s:12:\"release_link\";s:29:\"http://drupal.org/node/848970\";s:13:\"download_link\";s:61:\"http://ftp.drupal.org/files/projects/drupal-7.0-alpha6.tar.gz\";s:4:\"date\";s:10:\"1278634809\";s:6:\"mdhash\";s:32:\"eb64647263affc36f76d1e7ffb751d32\";s:8:\"filesize\";s:7:\"2458211\";s:5:\"files\";s:11:\"\n   \n   \n  \";s:5:\"terms\";a:1:{s:12:\"Release type\";a:3:{i:0;s:12:\"New features\";i:1;s:9:\"Bug fixes\";i:2;s:15:\"Security update\";}}}s:10:\"7.0-alpha5\";a:14:{s:4:\"name\";s:17:\"drupal 7.0-alpha5\";s:7:\"version\";s:10:\"7.0-alpha5\";s:3:\"tag\";s:10:\"7.0-alpha5\";s:13:\"version_major\";s:1:\"7\";s:13:\"version_patch\";s:1:\"0\";s:13:\"version_extra\";s:6:\"alpha5\";s:6:\"status\";s:9:\"published\";s:12:\"release_link\";s:29:\"http://drupal.org/node/806978\";s:13:\"download_link\";s:61:\"http://ftp.drupal.org/files/projects/drupal-7.0-alpha5.tar.gz\";s:4:\"date\";s:10:\"1274628613\";s:6:\"mdhash\";s:32:\"de9c1d51f0ce730f7356bd0a160e8ce1\";s:8:\"filesize\";s:7:\"2424226\";s:5:\"files\";s:11:\"\n   \n   \n  \";s:5:\"terms\";a:1:{s:12:\"Release type\";a:2:{i:0;s:9:\"Bug fixes\";i:1;s:15:\"Security update\";}}}s:10:\"7.0-alpha4\";a:14:{s:4:\"name\";s:17:\"drupal 7.0-alpha4\";s:7:\"version\";s:10:\"7.0-alpha4\";s:3:\"tag\";s:10:\"7.0-alpha4\";s:13:\"version_major\";s:1:\"7\";s:13:\"version_patch\";s:1:\"0\";s:13:\"version_extra\";s:6:\"alpha4\";s:6:\"status\";s:9:\"published\";s:12:\"release_link\";s:29:\"http://drupal.org/node/782394\";s:13:\"download_link\";s:61:\"http://ftp.drupal.org/files/projects/drupal-7.0-alpha4.tar.gz\";s:4:\"date\";s:10:\"1272318014\";s:6:\"mdhash\";s:32:\"c8f371a388bc65b2211d7d29856fb993\";s:8:\"filesize\";s:7:\"2403384\";s:5:\"files\";s:11:\"\n   \n   \n  \";s:5:\"terms\";a:1:{s:12:\"Release type\";a:2:{i:0;s:9:\"Bug fixes\";i:1;s:15:\"Security update\";}}}s:10:\"7.0-alpha3\";a:14:{s:4:\"name\";s:17:\"drupal 7.0-alpha3\";s:7:\"version\";s:10:\"7.0-alpha3\";s:3:\"tag\";s:10:\"7.0-alpha3\";s:13:\"version_major\";s:1:\"7\";s:13:\"version_patch\";s:1:\"0\";s:13:\"version_extra\";s:6:\"alpha3\";s:6:\"status\";s:9:\"published\";s:12:\"release_link\";s:29:\"http://drupal.org/node/748690\";s:13:\"download_link\";s:61:\"http://ftp.drupal.org/files/projects/drupal-7.0-alpha3.tar.gz\";s:4:\"date\";s:10:\"1269192317\";s:6:\"mdhash\";s:32:\"9efc083f09d6b523d655bc90a6869945\";s:8:\"filesize\";s:7:\"2357934\";s:5:\"files\";s:11:\"\n   \n   \n  \";s:5:\"terms\";a:1:{s:12:\"Release type\";a:3:{i:0;s:12:\"New features\";i:1;s:9:\"Bug fixes\";i:2;s:15:\"Security update\";}}}s:10:\"7.0-alpha2\";a:14:{s:4:\"name\";s:17:\"drupal 7.0-alpha2\";s:7:\"version\";s:10:\"7.0-alpha2\";s:3:\"tag\";s:10:\"7.0-alpha2\";s:13:\"version_major\";s:1:\"7\";s:13:\"version_patch\";s:1:\"0\";s:13:\"version_extra\";s:6:\"alpha2\";s:6:\"status\";s:9:\"published\";s:12:\"release_link\";s:29:\"http://drupal.org/node/721114\";s:13:\"download_link\";s:61:\"http://ftp.drupal.org/files/projects/drupal-7.0-alpha2.tar.gz\";s:4:\"date\";s:10:\"1266777910\";s:6:\"mdhash\";s:32:\"cfbfdd2249638a266054f2532348065d\";s:8:\"filesize\";s:7:\"2314834\";s:5:\"files\";s:11:\"\n   \n   \n  \";s:5:\"terms\";a:1:{s:12:\"Release type\";a:1:{i:0;s:9:\"Bug fixes\";}}}s:10:\"7.0-alpha1\";a:14:{s:4:\"name\";s:17:\"drupal 7.0-alpha1\";s:7:\"version\";s:10:\"7.0-alpha1\";s:3:\"tag\";s:10:\"7.0-alpha1\";s:13:\"version_major\";s:1:\"7\";s:13:\"version_patch\";s:1:\"0\";s:13:\"version_extra\";s:6:\"alpha1\";s:6:\"status\";s:9:\"published\";s:12:\"release_link\";s:29:\"http://drupal.org/node/685748\";s:13:\"download_link\";s:61:\"http://ftp.drupal.org/files/projects/drupal-7.0-alpha1.tar.gz\";s:4:\"date\";s:10:\"1263566711\";s:6:\"mdhash\";s:32:\"508109c6cf0ead868e02d8c3db2a4d1f\";s:8:\"filesize\";s:7:\"2283220\";s:5:\"files\";s:11:\"\n   \n   \n  \";s:5:\"terms\";a:1:{s:12:\"Release type\";a:1:{i:0;s:12:\"New features\";}}}s:7:\"7.x-dev\";a:13:{s:4:\"name\";s:14:\"Drupal 7.x-dev\";s:7:\"version\";s:7:\"7.x-dev\";s:3:\"tag\";s:3:\"7.x\";s:13:\"version_major\";s:1:\"7\";s:13:\"version_extra\";s:3:\"dev\";s:6:\"status\";s:9:\"published\";s:12:\"release_link\";s:29:\"http://drupal.org/node/156281\";s:13:\"download_link\";s:58:\"http://ftp.drupal.org/files/projects/drupal-7.x-dev.tar.gz\";s:4:\"date\";s:10:\"1382057126\";s:6:\"mdhash\";s:32:\"fd3d5c0dc96c680763fd52f1f8723b69\";s:8:\"filesize\";s:7:\"3192197\";s:5:\"files\";s:11:\"\n   \n   \n  \";s:5:\"terms\";a:1:{s:12:\"Release type\";a:2:{i:0;s:12:\"New features\";i:1;s:9:\"Bug fixes\";}}}}}',1383097531,1383011130,1),('available_releases::fusion','a:10:{s:5:\"title\";s:6:\"Fusion\";s:10:\"short_name\";s:6:\"fusion\";s:11:\"api_version\";s:3:\"7.x\";s:17:\"recommended_major\";s:1:\"2\";s:16:\"supported_majors\";s:1:\"2\";s:13:\"default_major\";s:1:\"2\";s:14:\"project_status\";s:9:\"published\";s:4:\"link\";s:32:\"http://drupal.org/project/fusion\";s:5:\"terms\";s:15:\"\n   \n   \n   \n  \";s:8:\"releases\";a:7:{s:13:\"7.x-2.0-beta2\";a:14:{s:4:\"name\";s:20:\"fusion 7.x-2.0-beta2\";s:7:\"version\";s:13:\"7.x-2.0-beta2\";s:3:\"tag\";s:13:\"7.x-2.0-beta2\";s:13:\"version_major\";s:1:\"2\";s:13:\"version_patch\";s:1:\"0\";s:13:\"version_extra\";s:5:\"beta2\";s:6:\"status\";s:9:\"published\";s:12:\"release_link\";s:30:\"http://drupal.org/node/1496472\";s:13:\"download_link\";s:64:\"http://ftp.drupal.org/files/projects/fusion-7.x-2.0-beta2.tar.gz\";s:4:\"date\";s:10:\"1332517846\";s:6:\"mdhash\";s:32:\"9ac8d1318ed13b54d476e72ed8afddba\";s:8:\"filesize\";s:6:\"186930\";s:5:\"files\";s:11:\"\n   \n   \n  \";s:5:\"terms\";a:1:{s:12:\"Release type\";a:2:{i:0;s:12:\"New features\";i:1;s:9:\"Bug fixes\";}}}s:13:\"7.x-2.0-beta1\";a:14:{s:4:\"name\";s:20:\"fusion 7.x-2.0-beta1\";s:7:\"version\";s:13:\"7.x-2.0-beta1\";s:3:\"tag\";s:13:\"7.x-2.0-beta1\";s:13:\"version_major\";s:1:\"2\";s:13:\"version_patch\";s:1:\"0\";s:13:\"version_extra\";s:5:\"beta1\";s:6:\"status\";s:9:\"published\";s:12:\"release_link\";s:30:\"http://drupal.org/node/1376732\";s:13:\"download_link\";s:64:\"http://ftp.drupal.org/files/projects/fusion-7.x-2.0-beta1.tar.gz\";s:4:\"date\";s:10:\"1324339864\";s:6:\"mdhash\";s:32:\"945d7c7f1c5ba05d2c9a5d4a227137a2\";s:8:\"filesize\";s:5:\"84150\";s:5:\"files\";s:11:\"\n   \n   \n  \";s:5:\"terms\";a:1:{s:12:\"Release type\";a:1:{i:0;s:9:\"Bug fixes\";}}}s:14:\"7.x-2.0-alpha1\";a:14:{s:4:\"name\";s:21:\"fusion 7.x-2.0-alpha1\";s:7:\"version\";s:14:\"7.x-2.0-alpha1\";s:3:\"tag\";s:14:\"7.x-2.0-alpha1\";s:13:\"version_major\";s:1:\"2\";s:13:\"version_patch\";s:1:\"0\";s:13:\"version_extra\";s:6:\"alpha1\";s:6:\"status\";s:9:\"published\";s:12:\"release_link\";s:30:\"http://drupal.org/node/1312378\";s:13:\"download_link\";s:65:\"http://ftp.drupal.org/files/projects/fusion-7.x-2.0-alpha1.tar.gz\";s:4:\"date\";s:10:\"1318872397\";s:6:\"mdhash\";s:32:\"6115d7f4c6e637579d160f91614ad97f\";s:8:\"filesize\";s:5:\"84610\";s:5:\"files\";s:11:\"\n   \n   \n  \";s:5:\"terms\";a:1:{s:12:\"Release type\";a:1:{i:0;s:12:\"New features\";}}}s:11:\"7.x-2.x-dev\";a:13:{s:4:\"name\";s:18:\"fusion 7.x-2.x-dev\";s:7:\"version\";s:11:\"7.x-2.x-dev\";s:3:\"tag\";s:7:\"7.x-2.x\";s:13:\"version_major\";s:1:\"2\";s:13:\"version_extra\";s:3:\"dev\";s:6:\"status\";s:9:\"published\";s:12:\"release_link\";s:30:\"http://drupal.org/node/1312394\";s:13:\"download_link\";s:62:\"http://ftp.drupal.org/files/projects/fusion-7.x-2.x-dev.tar.gz\";s:4:\"date\";s:10:\"1380580340\";s:6:\"mdhash\";s:32:\"b60ef9b6d1119c13f4da0d7587716ec0\";s:8:\"filesize\";s:6:\"187000\";s:5:\"files\";s:11:\"\n   \n   \n  \";s:5:\"terms\";a:0:{}}s:14:\"7.x-1.0-alpha2\";a:14:{s:4:\"name\";s:21:\"fusion 7.x-1.0-alpha2\";s:7:\"version\";s:14:\"7.x-1.0-alpha2\";s:3:\"tag\";s:14:\"7.x-1.0-alpha2\";s:13:\"version_major\";s:1:\"1\";s:13:\"version_patch\";s:1:\"0\";s:13:\"version_extra\";s:6:\"alpha2\";s:6:\"status\";s:9:\"published\";s:12:\"release_link\";s:30:\"http://drupal.org/node/1238284\";s:13:\"download_link\";s:65:\"http://ftp.drupal.org/files/projects/fusion-7.x-1.0-alpha2.tar.gz\";s:4:\"date\";s:10:\"1312385816\";s:6:\"mdhash\";s:32:\"816b1c34640a42f90521b8a02ed8bf81\";s:8:\"filesize\";s:5:\"66630\";s:5:\"files\";s:11:\"\n   \n   \n  \";s:5:\"terms\";a:1:{s:12:\"Release type\";a:1:{i:0;s:9:\"Bug fixes\";}}}s:14:\"7.x-1.0-alpha1\";a:14:{s:4:\"name\";s:21:\"fusion 7.x-1.0-alpha1\";s:7:\"version\";s:14:\"7.x-1.0-alpha1\";s:3:\"tag\";s:14:\"7.x-1.0-alpha1\";s:13:\"version_major\";s:1:\"1\";s:13:\"version_patch\";s:1:\"0\";s:13:\"version_extra\";s:6:\"alpha1\";s:6:\"status\";s:9:\"published\";s:12:\"release_link\";s:30:\"http://drupal.org/node/1153314\";s:13:\"download_link\";s:65:\"http://ftp.drupal.org/files/projects/fusion-7.x-1.0-alpha1.tar.gz\";s:4:\"date\";s:10:\"1305065215\";s:6:\"mdhash\";s:32:\"8b5547b48bab0f34db76ebf30144fd9e\";s:8:\"filesize\";s:5:\"70382\";s:5:\"files\";s:11:\"\n   \n   \n  \";s:5:\"terms\";a:1:{s:12:\"Release type\";a:2:{i:0;s:12:\"New features\";i:1;s:9:\"Bug fixes\";}}}s:11:\"7.x-1.x-dev\";a:13:{s:4:\"name\";s:18:\"fusion 7.x-1.x-dev\";s:7:\"version\";s:11:\"7.x-1.x-dev\";s:3:\"tag\";s:6:\"master\";s:13:\"version_major\";s:1:\"1\";s:13:\"version_extra\";s:3:\"dev\";s:6:\"status\";s:9:\"published\";s:12:\"release_link\";s:29:\"http://drupal.org/node/992054\";s:13:\"download_link\";s:62:\"http://ftp.drupal.org/files/projects/fusion-7.x-1.x-dev.tar.gz\";s:4:\"date\";s:10:\"1380580333\";s:6:\"mdhash\";s:32:\"f4d8be455ddfd3fa63fff382e8a37877\";s:8:\"filesize\";s:5:\"67640\";s:5:\"files\";s:11:\"\n   \n   \n  \";s:5:\"terms\";a:0:{}}}}',1383097531,1383011130,1),('available_releases::fusion_accelerator','a:10:{s:5:\"title\";s:18:\"Fusion Accelerator\";s:10:\"short_name\";s:18:\"fusion_accelerator\";s:11:\"api_version\";s:3:\"7.x\";s:17:\"recommended_major\";s:1:\"2\";s:16:\"supported_majors\";s:1:\"2\";s:13:\"default_major\";s:1:\"2\";s:14:\"project_status\";s:9:\"published\";s:4:\"link\";s:44:\"http://drupal.org/project/fusion_accelerator\";s:5:\"terms\";s:15:\"\n   \n   \n   \n  \";s:8:\"releases\";a:4:{s:13:\"7.x-2.0-beta1\";a:14:{s:4:\"name\";s:32:\"fusion_accelerator 7.x-2.0-beta1\";s:7:\"version\";s:13:\"7.x-2.0-beta1\";s:3:\"tag\";s:13:\"7.x-2.0-beta1\";s:13:\"version_major\";s:1:\"2\";s:13:\"version_patch\";s:1:\"0\";s:13:\"version_extra\";s:5:\"beta1\";s:6:\"status\";s:9:\"published\";s:12:\"release_link\";s:30:\"http://drupal.org/node/1496492\";s:13:\"download_link\";s:76:\"http://ftp.drupal.org/files/projects/fusion_accelerator-7.x-2.0-beta1.tar.gz\";s:4:\"date\";s:10:\"1332518152\";s:6:\"mdhash\";s:32:\"861a9fb49372c04fdb993728345a7c94\";s:8:\"filesize\";s:5:\"76379\";s:5:\"files\";s:11:\"\n   \n   \n  \";s:5:\"terms\";a:1:{s:12:\"Release type\";a:2:{i:0;s:12:\"New features\";i:1;s:9:\"Bug fixes\";}}}s:14:\"7.x-2.0-alpha2\";a:14:{s:4:\"name\";s:33:\"fusion_accelerator 7.x-2.0-alpha2\";s:7:\"version\";s:14:\"7.x-2.0-alpha2\";s:3:\"tag\";s:14:\"7.x-2.0-alpha2\";s:13:\"version_major\";s:1:\"2\";s:13:\"version_patch\";s:1:\"0\";s:13:\"version_extra\";s:6:\"alpha2\";s:6:\"status\";s:9:\"published\";s:12:\"release_link\";s:30:\"http://drupal.org/node/1327932\";s:13:\"download_link\";s:77:\"http://ftp.drupal.org/files/projects/fusion_accelerator-7.x-2.0-alpha2.tar.gz\";s:4:\"date\";s:10:\"1320119731\";s:6:\"mdhash\";s:32:\"01e328983eec552e652c1f7d280b894e\";s:8:\"filesize\";s:5:\"66247\";s:5:\"files\";s:11:\"\n   \n   \n  \";s:5:\"terms\";a:1:{s:12:\"Release type\";a:1:{i:0;s:9:\"Bug fixes\";}}}s:14:\"7.x-2.0-alpha1\";a:14:{s:4:\"name\";s:33:\"fusion_accelerator 7.x-2.0-alpha1\";s:7:\"version\";s:14:\"7.x-2.0-alpha1\";s:3:\"tag\";s:14:\"7.x-2.0-alpha1\";s:13:\"version_major\";s:1:\"2\";s:13:\"version_patch\";s:1:\"0\";s:13:\"version_extra\";s:6:\"alpha1\";s:6:\"status\";s:9:\"published\";s:12:\"release_link\";s:30:\"http://drupal.org/node/1307660\";s:13:\"download_link\";s:77:\"http://ftp.drupal.org/files/projects/fusion_accelerator-7.x-2.0-alpha1.tar.gz\";s:4:\"date\";s:10:\"1318443703\";s:6:\"mdhash\";s:32:\"59010f1091fa0c1c396a81d241df31e8\";s:8:\"filesize\";s:5:\"67437\";s:5:\"files\";s:11:\"\n   \n   \n  \";s:5:\"terms\";a:1:{s:12:\"Release type\";a:1:{i:0;s:12:\"New features\";}}}s:11:\"7.x-2.x-dev\";a:13:{s:4:\"name\";s:30:\"fusion_accelerator 7.x-2.x-dev\";s:7:\"version\";s:11:\"7.x-2.x-dev\";s:3:\"tag\";s:7:\"7.x-2.x\";s:13:\"version_major\";s:1:\"2\";s:13:\"version_extra\";s:3:\"dev\";s:6:\"status\";s:9:\"published\";s:12:\"release_link\";s:30:\"http://drupal.org/node/1376384\";s:13:\"download_link\";s:74:\"http://ftp.drupal.org/files/projects/fusion_accelerator-7.x-2.x-dev.tar.gz\";s:4:\"date\";s:10:\"1380580350\";s:6:\"mdhash\";s:32:\"0d7674712f9612ebeb20d7b7b3a48885\";s:8:\"filesize\";s:5:\"76402\";s:5:\"files\";s:11:\"\n   \n   \n  \";s:5:\"terms\";a:1:{s:12:\"Release type\";a:1:{i:0;s:12:\"New features\";}}}}}',1383097531,1383011130,1),('fetch_failures','a:0:{}',1383011431,1383011130,1),('update_project_data','a:3:{s:6:\"drupal\";a:18:{s:4:\"name\";s:6:\"drupal\";s:4:\"info\";a:6:{s:4:\"name\";s:5:\"Block\";s:7:\"package\";s:4:\"Core\";s:7:\"version\";s:3:\"7.8\";s:7:\"project\";s:6:\"drupal\";s:9:\"datestamp\";s:10:\"1314817616\";s:16:\"_info_file_ctime\";i:1345083874;}s:9:\"datestamp\";s:10:\"1314817616\";s:8:\"includes\";a:31:{s:5:\"block\";s:5:\"Block\";s:5:\"color\";s:5:\"Color\";s:7:\"comment\";s:7:\"Comment\";s:10:\"contextual\";s:16:\"Contextual links\";s:9:\"dashboard\";s:9:\"Dashboard\";s:5:\"dblog\";s:16:\"Database logging\";s:5:\"field\";s:5:\"Field\";s:17:\"field_sql_storage\";s:17:\"Field SQL storage\";s:8:\"field_ui\";s:8:\"Field UI\";s:4:\"file\";s:4:\"File\";s:6:\"filter\";s:6:\"Filter\";s:4:\"help\";s:4:\"Help\";s:5:\"image\";s:5:\"Image\";s:4:\"list\";s:4:\"List\";s:4:\"menu\";s:4:\"Menu\";s:4:\"node\";s:4:\"Node\";s:6:\"number\";s:6:\"Number\";s:7:\"options\";s:7:\"Options\";s:7:\"overlay\";s:7:\"Overlay\";s:4:\"path\";s:4:\"Path\";s:3:\"rdf\";s:3:\"RDF\";s:6:\"search\";s:6:\"Search\";s:8:\"shortcut\";s:8:\"Shortcut\";s:6:\"system\";s:6:\"System\";s:8:\"taxonomy\";s:8:\"Taxonomy\";s:4:\"text\";s:4:\"Text\";s:7:\"toolbar\";s:7:\"Toolbar\";s:6:\"update\";s:14:\"Update manager\";s:4:\"user\";s:4:\"User\";s:6:\"bartik\";s:6:\"Bartik\";s:5:\"seven\";s:5:\"Seven\";}s:12:\"project_type\";s:4:\"core\";s:14:\"project_status\";b:1;s:10:\"sub_themes\";a:0:{}s:11:\"base_themes\";a:0:{}s:16:\"existing_version\";s:3:\"7.8\";s:14:\"existing_major\";s:1:\"7\";s:12:\"install_type\";s:8:\"official\";s:5:\"title\";s:11:\"Drupal core\";s:4:\"link\";s:32:\"http://drupal.org/project/drupal\";s:14:\"latest_version\";s:4:\"7.23\";s:8:\"releases\";a:1:{s:4:\"7.23\";a:13:{s:4:\"name\";s:11:\"drupal 7.23\";s:7:\"version\";s:4:\"7.23\";s:3:\"tag\";s:4:\"7.23\";s:13:\"version_major\";s:1:\"7\";s:13:\"version_patch\";s:2:\"23\";s:6:\"status\";s:9:\"published\";s:12:\"release_link\";s:43:\"http://drupal.org/drupal-7.23-release-notes\";s:13:\"download_link\";s:55:\"http://ftp.drupal.org/files/projects/drupal-7.23.tar.gz\";s:4:\"date\";s:10:\"1375928239\";s:6:\"mdhash\";s:32:\"0beca6fec15b8cf8c35a6fdda6675342\";s:8:\"filesize\";s:7:\"3191695\";s:5:\"files\";s:11:\"\n   \n   \n  \";s:5:\"terms\";a:1:{s:12:\"Release type\";a:1:{i:0;s:9:\"Bug fixes\";}}}}s:11:\"recommended\";s:4:\"7.23\";s:16:\"security updates\";a:6:{i:0;a:13:{s:4:\"name\";s:11:\"drupal 7.20\";s:7:\"version\";s:4:\"7.20\";s:3:\"tag\";s:4:\"7.20\";s:13:\"version_major\";s:1:\"7\";s:13:\"version_patch\";s:2:\"20\";s:6:\"status\";s:9:\"published\";s:12:\"release_link\";s:43:\"http://drupal.org/drupal-7.20-release-notes\";s:13:\"download_link\";s:55:\"http://ftp.drupal.org/files/projects/drupal-7.20.tar.gz\";s:4:\"date\";s:10:\"1361393684\";s:6:\"mdhash\";s:32:\"ee576d63f1fd8a1f1c072a56978da0c5\";s:8:\"filesize\";s:7:\"3163257\";s:5:\"files\";s:11:\"\n   \n   \n  \";s:5:\"terms\";a:1:{s:12:\"Release type\";a:1:{i:0;s:15:\"Security update\";}}}i:1;a:13:{s:4:\"name\";s:11:\"drupal 7.19\";s:7:\"version\";s:4:\"7.19\";s:3:\"tag\";s:4:\"7.19\";s:13:\"version_major\";s:1:\"7\";s:13:\"version_patch\";s:2:\"19\";s:6:\"status\";s:9:\"published\";s:12:\"release_link\";s:43:\"http://drupal.org/drupal-7.19-release-notes\";s:13:\"download_link\";s:55:\"http://ftp.drupal.org/files/projects/drupal-7.19.tar.gz\";s:4:\"date\";s:10:\"1358374871\";s:6:\"mdhash\";s:32:\"c1dd3960f1555df208c80ef612e0c53a\";s:8:\"filesize\";s:7:\"3163130\";s:5:\"files\";s:11:\"\n   \n   \n  \";s:5:\"terms\";a:1:{s:12:\"Release type\";a:1:{i:0;s:15:\"Security update\";}}}i:2;a:13:{s:4:\"name\";s:11:\"drupal 7.18\";s:7:\"version\";s:4:\"7.18\";s:3:\"tag\";s:4:\"7.18\";s:13:\"version_major\";s:1:\"7\";s:13:\"version_patch\";s:2:\"18\";s:6:\"status\";s:9:\"published\";s:12:\"release_link\";s:43:\"http://drupal.org/drupal-7.18-release-notes\";s:13:\"download_link\";s:55:\"http://ftp.drupal.org/files/projects/drupal-7.18.tar.gz\";s:4:\"date\";s:10:\"1355944004\";s:6:\"mdhash\";s:32:\"5c048f60a53acd7cb3c2b6d5fe42f082\";s:8:\"filesize\";s:7:\"3162333\";s:5:\"files\";s:11:\"\n   \n   \n  \";s:5:\"terms\";a:1:{s:12:\"Release type\";a:1:{i:0;s:15:\"Security update\";}}}i:3;a:13:{s:4:\"name\";s:11:\"drupal 7.16\";s:7:\"version\";s:4:\"7.16\";s:3:\"tag\";s:4:\"7.16\";s:13:\"version_major\";s:1:\"7\";s:13:\"version_patch\";s:2:\"16\";s:6:\"status\";s:9:\"published\";s:12:\"release_link\";s:30:\"http://drupal.org/node/1815904\";s:13:\"download_link\";s:55:\"http://ftp.drupal.org/files/projects/drupal-7.16.tar.gz\";s:4:\"date\";s:10:\"1350508568\";s:6:\"mdhash\";s:32:\"352497b2df94b5308e31cb8da020b631\";s:8:\"filesize\";s:7:\"3142889\";s:5:\"files\";s:11:\"\n   \n   \n  \";s:5:\"terms\";a:1:{s:12:\"Release type\";a:1:{i:0;s:15:\"Security update\";}}}i:4;a:13:{s:4:\"name\";s:11:\"drupal 7.13\";s:7:\"version\";s:4:\"7.13\";s:3:\"tag\";s:4:\"7.13\";s:13:\"version_major\";s:1:\"7\";s:13:\"version_patch\";s:2:\"13\";s:6:\"status\";s:9:\"published\";s:12:\"release_link\";s:30:\"http://drupal.org/node/1558412\";s:13:\"download_link\";s:55:\"http://ftp.drupal.org/files/projects/drupal-7.13.tar.gz\";s:4:\"date\";s:10:\"1335997261\";s:6:\"mdhash\";s:32:\"80587b66375c7fc539414a20a2c6f2de\";s:8:\"filesize\";s:7:\"3088448\";s:5:\"files\";s:11:\"\n   \n   \n  \";s:5:\"terms\";a:1:{s:12:\"Release type\";a:1:{i:0;s:15:\"Security update\";}}}i:5;a:13:{s:4:\"name\";s:11:\"drupal 7.11\";s:7:\"version\";s:4:\"7.11\";s:3:\"tag\";s:4:\"7.11\";s:13:\"version_major\";s:1:\"7\";s:13:\"version_patch\";s:2:\"11\";s:6:\"status\";s:9:\"published\";s:12:\"release_link\";s:30:\"http://drupal.org/node/1425092\";s:13:\"download_link\";s:55:\"http://ftp.drupal.org/files/projects/drupal-7.11.tar.gz\";s:4:\"date\";s:10:\"1328134275\";s:6:\"mdhash\";s:32:\"e9857e1749762367d7631d74cc6564a7\";s:8:\"filesize\";s:7:\"2789336\";s:5:\"files\";s:11:\"\n   \n   \n  \";s:5:\"terms\";a:1:{s:12:\"Release type\";a:1:{i:0;s:15:\"Security update\";}}}}s:6:\"status\";i:1;}s:18:\"fusion_accelerator\";a:17:{s:4:\"name\";s:18:\"fusion_accelerator\";s:4:\"info\";a:6:{s:4:\"name\";s:17:\"Fusion Grid Tools\";s:7:\"package\";s:6:\"Fusion\";s:7:\"version\";s:14:\"7.x-2.0-alpha2\";s:7:\"project\";s:18:\"fusion_accelerator\";s:9:\"datestamp\";s:10:\"1320119731\";s:16:\"_info_file_ctime\";i:1345083874;}s:9:\"datestamp\";s:10:\"1320119731\";s:8:\"includes\";a:4:{s:18:\"fusion_accelerator\";s:17:\"Fusion Grid Tools\";s:12:\"fusion_apply\";s:12:\"Fusion Apply\";s:18:\"fusion_apply_rules\";s:18:\"Fusion Apply Rules\";s:15:\"fusion_apply_ui\";s:15:\"Fusion Apply UI\";}s:12:\"project_type\";s:6:\"module\";s:14:\"project_status\";b:1;s:10:\"sub_themes\";a:0:{}s:11:\"base_themes\";a:0:{}s:16:\"existing_version\";s:14:\"7.x-2.0-alpha2\";s:14:\"existing_major\";s:1:\"2\";s:12:\"install_type\";s:8:\"official\";s:5:\"title\";s:18:\"Fusion Accelerator\";s:4:\"link\";s:44:\"http://drupal.org/project/fusion_accelerator\";s:14:\"latest_version\";s:13:\"7.x-2.0-beta1\";s:8:\"releases\";a:1:{s:13:\"7.x-2.0-beta1\";a:14:{s:4:\"name\";s:32:\"fusion_accelerator 7.x-2.0-beta1\";s:7:\"version\";s:13:\"7.x-2.0-beta1\";s:3:\"tag\";s:13:\"7.x-2.0-beta1\";s:13:\"version_major\";s:1:\"2\";s:13:\"version_patch\";s:1:\"0\";s:13:\"version_extra\";s:5:\"beta1\";s:6:\"status\";s:9:\"published\";s:12:\"release_link\";s:30:\"http://drupal.org/node/1496492\";s:13:\"download_link\";s:76:\"http://ftp.drupal.org/files/projects/fusion_accelerator-7.x-2.0-beta1.tar.gz\";s:4:\"date\";s:10:\"1332518152\";s:6:\"mdhash\";s:32:\"861a9fb49372c04fdb993728345a7c94\";s:8:\"filesize\";s:5:\"76379\";s:5:\"files\";s:11:\"\n   \n   \n  \";s:5:\"terms\";a:1:{s:12:\"Release type\";a:2:{i:0;s:12:\"New features\";i:1;s:9:\"Bug fixes\";}}}}s:11:\"recommended\";s:13:\"7.x-2.0-beta1\";s:6:\"status\";i:4;}s:6:\"fusion\";a:17:{s:4:\"name\";s:6:\"fusion\";s:4:\"info\";a:5:{s:4:\"name\";s:11:\"Fusion Core\";s:7:\"version\";s:13:\"7.x-2.0-beta1\";s:7:\"project\";s:6:\"fusion\";s:9:\"datestamp\";s:10:\"1324339864\";s:16:\"_info_file_ctime\";i:1345083874;}s:9:\"datestamp\";s:10:\"1324339864\";s:8:\"includes\";a:2:{s:11:\"fusion_core\";s:11:\"Fusion Core\";s:14:\"fusion_starter\";s:14:\"Fusion Starter\";}s:12:\"project_type\";s:5:\"theme\";s:14:\"project_status\";b:1;s:10:\"sub_themes\";a:0:{}s:11:\"base_themes\";a:1:{s:11:\"fusion_core\";s:11:\"Fusion Core\";}s:16:\"existing_version\";s:13:\"7.x-2.0-beta1\";s:14:\"existing_major\";s:1:\"2\";s:12:\"install_type\";s:8:\"official\";s:5:\"title\";s:6:\"Fusion\";s:4:\"link\";s:32:\"http://drupal.org/project/fusion\";s:14:\"latest_version\";s:13:\"7.x-2.0-beta2\";s:8:\"releases\";a:1:{s:13:\"7.x-2.0-beta2\";a:14:{s:4:\"name\";s:20:\"fusion 7.x-2.0-beta2\";s:7:\"version\";s:13:\"7.x-2.0-beta2\";s:3:\"tag\";s:13:\"7.x-2.0-beta2\";s:13:\"version_major\";s:1:\"2\";s:13:\"version_patch\";s:1:\"0\";s:13:\"version_extra\";s:5:\"beta2\";s:6:\"status\";s:9:\"published\";s:12:\"release_link\";s:30:\"http://drupal.org/node/1496472\";s:13:\"download_link\";s:64:\"http://ftp.drupal.org/files/projects/fusion-7.x-2.0-beta2.tar.gz\";s:4:\"date\";s:10:\"1332517846\";s:6:\"mdhash\";s:32:\"9ac8d1318ed13b54d476e72ed8afddba\";s:8:\"filesize\";s:6:\"186930\";s:5:\"files\";s:11:\"\n   \n   \n  \";s:5:\"terms\";a:1:{s:12:\"Release type\";a:2:{i:0;s:12:\"New features\";i:1;s:9:\"Bug fixes\";}}}}s:11:\"recommended\";s:13:\"7.x-2.0-beta2\";s:6:\"status\";i:4;}}',1383014730,1383011130,1),('update_project_projects','a:3:{s:6:\"drupal\";a:8:{s:4:\"name\";s:6:\"drupal\";s:4:\"info\";a:6:{s:4:\"name\";s:5:\"Block\";s:7:\"package\";s:4:\"Core\";s:7:\"version\";s:3:\"7.8\";s:7:\"project\";s:6:\"drupal\";s:9:\"datestamp\";s:10:\"1314817616\";s:16:\"_info_file_ctime\";i:1345083874;}s:9:\"datestamp\";s:10:\"1314817616\";s:8:\"includes\";a:31:{s:5:\"block\";s:5:\"Block\";s:5:\"color\";s:5:\"Color\";s:7:\"comment\";s:7:\"Comment\";s:10:\"contextual\";s:16:\"Contextual links\";s:9:\"dashboard\";s:9:\"Dashboard\";s:5:\"dblog\";s:16:\"Database logging\";s:5:\"field\";s:5:\"Field\";s:17:\"field_sql_storage\";s:17:\"Field SQL storage\";s:8:\"field_ui\";s:8:\"Field UI\";s:4:\"file\";s:4:\"File\";s:6:\"filter\";s:6:\"Filter\";s:4:\"help\";s:4:\"Help\";s:5:\"image\";s:5:\"Image\";s:4:\"list\";s:4:\"List\";s:4:\"menu\";s:4:\"Menu\";s:4:\"node\";s:4:\"Node\";s:6:\"number\";s:6:\"Number\";s:7:\"options\";s:7:\"Options\";s:7:\"overlay\";s:7:\"Overlay\";s:4:\"path\";s:4:\"Path\";s:3:\"rdf\";s:3:\"RDF\";s:6:\"search\";s:6:\"Search\";s:8:\"shortcut\";s:8:\"Shortcut\";s:6:\"system\";s:6:\"System\";s:8:\"taxonomy\";s:8:\"Taxonomy\";s:4:\"text\";s:4:\"Text\";s:7:\"toolbar\";s:7:\"Toolbar\";s:6:\"update\";s:14:\"Update manager\";s:4:\"user\";s:4:\"User\";s:6:\"bartik\";s:6:\"Bartik\";s:5:\"seven\";s:5:\"Seven\";}s:12:\"project_type\";s:4:\"core\";s:14:\"project_status\";b:1;s:10:\"sub_themes\";a:0:{}s:11:\"base_themes\";a:0:{}}s:18:\"fusion_accelerator\";a:8:{s:4:\"name\";s:18:\"fusion_accelerator\";s:4:\"info\";a:6:{s:4:\"name\";s:17:\"Fusion Grid Tools\";s:7:\"package\";s:6:\"Fusion\";s:7:\"version\";s:14:\"7.x-2.0-alpha2\";s:7:\"project\";s:18:\"fusion_accelerator\";s:9:\"datestamp\";s:10:\"1320119731\";s:16:\"_info_file_ctime\";i:1345083874;}s:9:\"datestamp\";s:10:\"1320119731\";s:8:\"includes\";a:4:{s:18:\"fusion_accelerator\";s:17:\"Fusion Grid Tools\";s:12:\"fusion_apply\";s:12:\"Fusion Apply\";s:18:\"fusion_apply_rules\";s:18:\"Fusion Apply Rules\";s:15:\"fusion_apply_ui\";s:15:\"Fusion Apply UI\";}s:12:\"project_type\";s:6:\"module\";s:14:\"project_status\";b:1;s:10:\"sub_themes\";a:0:{}s:11:\"base_themes\";a:0:{}}s:6:\"fusion\";a:8:{s:4:\"name\";s:6:\"fusion\";s:4:\"info\";a:5:{s:4:\"name\";s:11:\"Fusion Core\";s:7:\"version\";s:13:\"7.x-2.0-beta1\";s:7:\"project\";s:6:\"fusion\";s:9:\"datestamp\";s:10:\"1324339864\";s:16:\"_info_file_ctime\";i:1345083874;}s:9:\"datestamp\";s:10:\"1324339864\";s:8:\"includes\";a:2:{s:11:\"fusion_core\";s:11:\"Fusion Core\";s:14:\"fusion_starter\";s:14:\"Fusion Starter\";}s:12:\"project_type\";s:5:\"theme\";s:14:\"project_status\";b:1;s:10:\"sub_themes\";a:0:{}s:11:\"base_themes\";a:1:{s:11:\"fusion_core\";s:11:\"Fusion Core\";}}}',1383076980,1383073380,1);

--
-- Table structure for table `comment`
--

CREATE TABLE `comment` (
  `cid` int(11) NOT NULL AUTO_INCREMENT COMMENT 'Primary Key: Unique comment ID.',
  `pid` int(11) NOT NULL DEFAULT '0' COMMENT 'The comment.cid to which this comment is a reply. If set to 0, this comment is not a reply to an existing comment.',
  `nid` int(11) NOT NULL DEFAULT '0' COMMENT 'The node.nid to which this comment is a reply.',
  `uid` int(11) NOT NULL DEFAULT '0' COMMENT 'The users.uid who authored the comment. If set to 0, this comment was created by an anonymous user.',
  `subject` varchar(64) NOT NULL DEFAULT '' COMMENT 'The comment title.',
  `hostname` varchar(128) NOT NULL DEFAULT '' COMMENT 'The author’s host name.',
  `created` int(11) NOT NULL DEFAULT '0' COMMENT 'The time that the comment was created, as a Unix timestamp.',
  `changed` int(11) NOT NULL DEFAULT '0' COMMENT 'The time that the comment was last edited, as a Unix timestamp.',
  `status` tinyint(3) unsigned NOT NULL DEFAULT '1' COMMENT 'The published status of a comment. (0 = Not Published, 1 = Published)',
  `thread` varchar(255) NOT NULL COMMENT 'The vancode representation of the comment’s place in a thread.',
  `name` varchar(60) DEFAULT NULL COMMENT 'The comment author’s name. Uses users.name if the user is logged in, otherwise uses the value typed into the comment form.',
  `mail` varchar(64) DEFAULT NULL COMMENT 'The comment author’s e-mail address from the comment form, if user is anonymous, and the ’Anonymous users may/must leave their contact information’ setting is turned on.',
  `homepage` varchar(255) DEFAULT NULL COMMENT 'The comment author’s home page address from the comment form, if user is anonymous, and the ’Anonymous users may/must leave their contact information’ setting is turned on.',
  `language` varchar(12) NOT NULL DEFAULT '' COMMENT 'The languages.language of this comment.',
  PRIMARY KEY (`cid`),
  KEY `comment_status_pid` (`pid`,`status`),
  KEY `comment_num_new` (`nid`,`status`,`created`,`cid`,`thread`),
  KEY `comment_uid` (`uid`),
  KEY `comment_nid_language` (`nid`,`language`),
  KEY `comment_created` (`created`)
) ENGINE=InnoDB DEFAULT CHARSET=utf8 COMMENT='Stores comments and associated data.';

--
-- Dumping data for table `comment`
--


--
-- Table structure for table `date_format_locale`
--

CREATE TABLE `date_format_locale` (
  `format` varchar(100) NOT NULL COMMENT 'The date format string.',
  `type` varchar(64) NOT NULL COMMENT 'The date format type, e.g. medium.',
  `language` varchar(12) NOT NULL COMMENT 'A languages.language for this format to be used with.',
  PRIMARY KEY (`type`,`language`)
) ENGINE=InnoDB DEFAULT CHARSET=utf8 COMMENT='Stores configured date formats for each locale.';

--
-- Dumping data for table `date_format_locale`
--


--
-- Table structure for table `date_format_type`
--

CREATE TABLE `date_format_type` (
  `type` varchar(64) NOT NULL COMMENT 'The date format type, e.g. medium.',
  `title` varchar(255) NOT NULL COMMENT 'The human readable name of the format type.',
  `locked` tinyint(4) NOT NULL DEFAULT '0' COMMENT 'Whether or not this is a system provided format.',
  PRIMARY KEY (`type`),
  KEY `title` (`title`)
) ENGINE=InnoDB DEFAULT CHARSET=utf8 COMMENT='Stores configured date format types.';

--
-- Dumping data for table `date_format_type`
--

INSERT INTO `date_format_type` VALUES ('long','Long',1),('medium','Medium',1),('short','Short',1);

--
-- Table structure for table `date_formats`
--

CREATE TABLE `date_formats` (
  `dfid` int(10) unsigned NOT NULL AUTO_INCREMENT COMMENT 'The date format identifier.',
  `format` varchar(100) NOT NULL COMMENT 'The date format string.',
  `type` varchar(64) NOT NULL COMMENT 'The date format type, e.g. medium.',
  `locked` tinyint(4) NOT NULL DEFAULT '0' COMMENT 'Whether or not this format can be modified.',
  PRIMARY KEY (`dfid`),
  UNIQUE KEY `formats` (`format`,`type`)
) ENGINE=InnoDB AUTO_INCREMENT=36 DEFAULT CHARSET=utf8 COMMENT='Stores configured date formats.';

--
-- Dumping data for table `date_formats`
--

INSERT INTO `date_formats` VALUES (1,'Y-m-d H:i','short',1),(2,'m/d/Y - H:i','short',1),(3,'d/m/Y - H:i','short',1),(4,'Y/m/d - H:i','short',1),(5,'d.m.Y - H:i','short',1),(6,'m/d/Y - g:ia','short',1),(7,'d/m/Y - g:ia','short',1),(8,'Y/m/d - g:ia','short',1),(9,'M j Y - H:i','short',1),(10,'j M Y - H:i','short',1),(11,'Y M j - H:i','short',1),(12,'M j Y - g:ia','short',1),(13,'j M Y - g:ia','short',1),(14,'Y M j - g:ia','short',1),(15,'D, Y-m-d H:i','medium',1),(16,'D, m/d/Y - H:i','medium',1),(17,'D, d/m/Y - H:i','medium',1),(18,'D, Y/m/d - H:i','medium',1),(19,'F j, Y - H:i','medium',1),(20,'j F, Y - H:i','medium',1),(21,'Y, F j - H:i','medium',1),(22,'D, m/d/Y - g:ia','medium',1),(23,'D, d/m/Y - g:ia','medium',1),(24,'D, Y/m/d - g:ia','medium',1),(25,'F j, Y - g:ia','medium',1),(26,'j F Y - g:ia','medium',1),(27,'Y, F j - g:ia','medium',1),(28,'j. F Y - G:i','medium',1),(29,'l, F j, Y - H:i','long',1),(30,'l, j F, Y - H:i','long',1),(31,'l, Y,  F j - H:i','long',1),(32,'l, F j, Y - g:ia','long',1),(33,'l, j F Y - g:ia','long',1),(34,'l, Y,  F j - g:ia','long',1),(35,'l, j. F Y - G:i','long',1);

--
-- Table structure for table `field_config`
--

CREATE TABLE `field_config` (
  `id` int(11) NOT NULL AUTO_INCREMENT COMMENT 'The primary identifier for a field',
  `field_name` varchar(32) NOT NULL COMMENT 'The name of this field. Non-deleted field names are unique, but multiple deleted fields can have the same name.',
  `type` varchar(128) NOT NULL COMMENT 'The type of this field.',
  `module` varchar(128) NOT NULL DEFAULT '' COMMENT 'The module that implements the field type.',
  `active` tinyint(4) NOT NULL DEFAULT '0' COMMENT 'Boolean indicating whether the module that implements the field type is enabled.',
  `storage_type` varchar(128) NOT NULL COMMENT 'The storage backend for the field.',
  `storage_module` varchar(128) NOT NULL DEFAULT '' COMMENT 'The module that implements the storage backend.',
  `storage_active` tinyint(4) NOT NULL DEFAULT '0' COMMENT 'Boolean indicating whether the module that implements the storage backend is enabled.',
  `locked` tinyint(4) NOT NULL DEFAULT '0' COMMENT '@TODO',
  `data` longblob NOT NULL COMMENT 'Serialized data containing the field properties that do not warrant a dedicated column.',
  `cardinality` tinyint(4) NOT NULL DEFAULT '0',
  `translatable` tinyint(4) NOT NULL DEFAULT '0',
  `deleted` tinyint(4) NOT NULL DEFAULT '0',
  PRIMARY KEY (`id`),
  KEY `field_name` (`field_name`),
  KEY `active` (`active`),
  KEY `storage_active` (`storage_active`),
  KEY `deleted` (`deleted`),
  KEY `module` (`module`),
  KEY `storage_module` (`storage_module`),
  KEY `type` (`type`),
  KEY `storage_type` (`storage_type`)
) ENGINE=InnoDB AUTO_INCREMENT=5 DEFAULT CHARSET=utf8;

--
-- Dumping data for table `field_config`
--

INSERT INTO `field_config` VALUES (1,'comment_body','text_long','text',1,'field_sql_storage','field_sql_storage',1,0,'a:6:{s:12:\"entity_types\";a:1:{i:0;s:7:\"comment\";}s:12:\"translatable\";b:0;s:8:\"settings\";a:0:{}s:7:\"storage\";a:4:{s:4:\"type\";s:17:\"field_sql_storage\";s:8:\"settings\";a:0:{}s:6:\"module\";s:17:\"field_sql_storage\";s:6:\"active\";i:1;}s:12:\"foreign keys\";a:1:{s:6:\"format\";a:2:{s:5:\"table\";s:13:\"filter_format\";s:7:\"columns\";a:1:{s:6:\"format\";s:6:\"format\";}}}s:7:\"indexes\";a:1:{s:6:\"format\";a:1:{i:0;s:6:\"format\";}}}',1,0,0),(2,'body','text_with_summary','text',1,'field_sql_storage','field_sql_storage',1,0,'a:6:{s:12:\"entity_types\";a:1:{i:0;s:4:\"node\";}s:12:\"translatable\";b:0;s:8:\"settings\";a:0:{}s:7:\"storage\";a:4:{s:4:\"type\";s:17:\"field_sql_storage\";s:8:\"settings\";a:0:{}s:6:\"module\";s:17:\"field_sql_storage\";s:6:\"active\";i:1;}s:12:\"foreign keys\";a:1:{s:6:\"format\";a:2:{s:5:\"table\";s:13:\"filter_format\";s:7:\"columns\";a:1:{s:6:\"format\";s:6:\"format\";}}}s:7:\"indexes\";a:1:{s:6:\"format\";a:1:{i:0;s:6:\"format\";}}}',1,0,0),(3,'field_tags','taxonomy_term_reference','taxonomy',1,'field_sql_storage','field_sql_storage',1,0,'a:6:{s:8:\"settings\";a:1:{s:14:\"allowed_values\";a:1:{i:0;a:2:{s:10:\"vocabulary\";s:4:\"tags\";s:6:\"parent\";i:0;}}}s:12:\"entity_types\";a:0:{}s:12:\"translatable\";b:0;s:7:\"storage\";a:4:{s:4:\"type\";s:17:\"field_sql_storage\";s:8:\"settings\";a:0:{}s:6:\"module\";s:17:\"field_sql_storage\";s:6:\"active\";i:1;}s:12:\"foreign keys\";a:1:{s:3:\"tid\";a:2:{s:5:\"table\";s:18:\"taxonomy_term_data\";s:7:\"columns\";a:1:{s:3:\"tid\";s:3:\"tid\";}}}s:7:\"indexes\";a:1:{s:3:\"tid\";a:1:{i:0;s:3:\"tid\";}}}',-1,0,0),(4,'field_image','image','image',1,'field_sql_storage','field_sql_storage',1,0,'a:6:{s:7:\"indexes\";a:1:{s:3:\"fid\";a:1:{i:0;s:3:\"fid\";}}s:8:\"settings\";a:2:{s:10:\"uri_scheme\";s:6:\"public\";s:13:\"default_image\";b:0;}s:7:\"storage\";a:4:{s:4:\"type\";s:17:\"field_sql_storage\";s:8:\"settings\";a:0:{}s:6:\"module\";s:17:\"field_sql_storage\";s:6:\"active\";i:1;}s:12:\"entity_types\";a:0:{}s:12:\"translatable\";b:0;s:12:\"foreign keys\";a:1:{s:3:\"fid\";a:2:{s:5:\"table\";s:12:\"file_managed\";s:7:\"columns\";a:1:{s:3:\"fid\";s:3:\"fid\";}}}}',1,0,0);

--
-- Table structure for table `field_config_instance`
--

CREATE TABLE `field_config_instance` (
  `id` int(11) NOT NULL AUTO_INCREMENT COMMENT 'The primary identifier for a field instance',
  `field_id` int(11) NOT NULL COMMENT 'The identifier of the field attached by this instance',
  `field_name` varchar(32) NOT NULL DEFAULT '',
  `entity_type` varchar(32) NOT NULL DEFAULT '',
  `bundle` varchar(128) NOT NULL DEFAULT '',
  `data` longblob NOT NULL,
  `deleted` tinyint(4) NOT NULL DEFAULT '0',
  PRIMARY KEY (`id`),
  KEY `field_name_bundle` (`field_name`,`entity_type`,`bundle`),
  KEY `deleted` (`deleted`)
) ENGINE=InnoDB AUTO_INCREMENT=7 DEFAULT CHARSET=utf8;

--
-- Dumping data for table `field_config_instance`
--

INSERT INTO `field_config_instance` VALUES (1,1,'comment_body','comment','comment_node_page','a:6:{s:5:\"label\";s:7:\"Comment\";s:8:\"settings\";a:2:{s:15:\"text_processing\";i:1;s:18:\"user_register_form\";b:0;}s:8:\"required\";b:1;s:7:\"display\";a:1:{s:7:\"default\";a:5:{s:5:\"label\";s:6:\"hidden\";s:4:\"type\";s:12:\"text_default\";s:6:\"weight\";i:0;s:8:\"settings\";a:0:{}s:6:\"module\";s:4:\"text\";}}s:6:\"widget\";a:4:{s:4:\"type\";s:13:\"text_textarea\";s:8:\"settings\";a:1:{s:4:\"rows\";i:5;}s:6:\"weight\";i:0;s:6:\"module\";s:4:\"text\";}s:11:\"description\";s:0:\"\";}',0),(2,2,'body','node','page','a:6:{s:5:\"label\";s:4:\"Body\";s:6:\"widget\";a:4:{s:4:\"type\";s:26:\"text_textarea_with_summary\";s:8:\"settings\";a:2:{s:4:\"rows\";i:20;s:12:\"summary_rows\";i:5;}s:6:\"weight\";i:-4;s:6:\"module\";s:4:\"text\";}s:8:\"settings\";a:3:{s:15:\"display_summary\";b:1;s:15:\"text_processing\";i:1;s:18:\"user_register_form\";b:0;}s:7:\"display\";a:2:{s:7:\"default\";a:5:{s:5:\"label\";s:6:\"hidden\";s:4:\"type\";s:12:\"text_default\";s:8:\"settings\";a:0:{}s:6:\"module\";s:4:\"text\";s:6:\"weight\";i:0;}s:6:\"teaser\";a:5:{s:5:\"label\";s:6:\"hidden\";s:4:\"type\";s:23:\"text_summary_or_trimmed\";s:8:\"settings\";a:1:{s:11:\"trim_length\";i:600;}s:6:\"module\";s:4:\"text\";s:6:\"weight\";i:0;}}s:8:\"required\";b:0;s:11:\"description\";s:0:\"\";}',0),(3,1,'comment_body','comment','comment_node_article','a:6:{s:5:\"label\";s:7:\"Comment\";s:8:\"settings\";a:2:{s:15:\"text_processing\";i:1;s:18:\"user_register_form\";b:0;}s:8:\"required\";b:1;s:7:\"display\";a:1:{s:7:\"default\";a:5:{s:5:\"label\";s:6:\"hidden\";s:4:\"type\";s:12:\"text_default\";s:6:\"weight\";i:0;s:8:\"settings\";a:0:{}s:6:\"module\";s:4:\"text\";}}s:6:\"widget\";a:4:{s:4:\"type\";s:13:\"text_textarea\";s:8:\"settings\";a:1:{s:4:\"rows\";i:5;}s:6:\"weight\";i:0;s:6:\"module\";s:4:\"text\";}s:11:\"description\";s:0:\"\";}',0),(4,2,'body','node','article','a:6:{s:5:\"label\";s:4:\"Body\";s:6:\"widget\";a:4:{s:4:\"type\";s:26:\"text_textarea_with_summary\";s:8:\"settings\";a:2:{s:4:\"rows\";i:20;s:12:\"summary_rows\";i:5;}s:6:\"weight\";i:-4;s:6:\"module\";s:4:\"text\";}s:8:\"settings\";a:3:{s:15:\"display_summary\";b:1;s:15:\"text_processing\";i:1;s:18:\"user_register_form\";b:0;}s:7:\"display\";a:2:{s:7:\"default\";a:5:{s:5:\"label\";s:6:\"hidden\";s:4:\"type\";s:12:\"text_default\";s:8:\"settings\";a:0:{}s:6:\"module\";s:4:\"text\";s:6:\"weight\";i:0;}s:6:\"teaser\";a:5:{s:5:\"label\";s:6:\"hidden\";s:4:\"type\";s:23:\"text_summary_or_trimmed\";s:8:\"settings\";a:1:{s:11:\"trim_length\";i:600;}s:6:\"module\";s:4:\"text\";s:6:\"weight\";i:0;}}s:8:\"required\";b:0;s:11:\"description\";s:0:\"\";}',0),(5,3,'field_tags','node','article','a:6:{s:5:\"label\";s:4:\"Tags\";s:11:\"description\";s:63:\"Enter a comma-separated list of words to describe your content.\";s:6:\"widget\";a:4:{s:4:\"type\";s:21:\"taxonomy_autocomplete\";s:6:\"weight\";i:-4;s:8:\"settings\";a:2:{s:4:\"size\";i:60;s:17:\"autocomplete_path\";s:21:\"taxonomy/autocomplete\";}s:6:\"module\";s:8:\"taxonomy\";}s:7:\"display\";a:2:{s:7:\"default\";a:5:{s:4:\"type\";s:28:\"taxonomy_term_reference_link\";s:6:\"weight\";i:10;s:5:\"label\";s:5:\"above\";s:8:\"settings\";a:0:{}s:6:\"module\";s:8:\"taxonomy\";}s:6:\"teaser\";a:5:{s:4:\"type\";s:28:\"taxonomy_term_reference_link\";s:6:\"weight\";i:10;s:5:\"label\";s:5:\"above\";s:8:\"settings\";a:0:{}s:6:\"module\";s:8:\"taxonomy\";}}s:8:\"settings\";a:1:{s:18:\"user_register_form\";b:0;}s:8:\"required\";b:0;}',0),(6,4,'field_image','node','article','a:6:{s:5:\"label\";s:5:\"Image\";s:11:\"description\";s:40:\"Upload an image to go with this article.\";s:8:\"required\";b:0;s:8:\"settings\";a:8:{s:14:\"file_directory\";s:11:\"field/image\";s:15:\"file_extensions\";s:16:\"png gif jpg jpeg\";s:12:\"max_filesize\";s:0:\"\";s:14:\"max_resolution\";s:0:\"\";s:14:\"min_resolution\";s:0:\"\";s:9:\"alt_field\";b:1;s:11:\"title_field\";s:0:\"\";s:18:\"user_register_form\";b:0;}s:6:\"widget\";a:4:{s:4:\"type\";s:11:\"image_image\";s:8:\"settings\";a:2:{s:18:\"progress_indicator\";s:8:\"throbber\";s:19:\"preview_image_style\";s:9:\"thumbnail\";}s:6:\"weight\";i:-1;s:6:\"module\";s:5:\"image\";}s:7:\"display\";a:2:{s:7:\"default\";a:5:{s:5:\"label\";s:6:\"hidden\";s:4:\"type\";s:5:\"image\";s:8:\"settings\";a:2:{s:11:\"image_style\";s:5:\"large\";s:10:\"image_link\";s:0:\"\";}s:6:\"weight\";i:-1;s:6:\"module\";s:5:\"image\";}s:6:\"teaser\";a:5:{s:5:\"label\";s:6:\"hidden\";s:4:\"type\";s:5:\"image\";s:8:\"settings\";a:2:{s:11:\"image_style\";s:6:\"medium\";s:10:\"image_link\";s:7:\"content\";}s:6:\"weight\";i:-1;s:6:\"module\";s:5:\"image\";}}}',0);

--
-- Table structure for table `field_data_body`
--

CREATE TABLE `field_data_body` (
  `entity_type` varchar(128) NOT NULL DEFAULT '' COMMENT 'The entity type this data is attached to',
  `bundle` varchar(128) NOT NULL DEFAULT '' COMMENT 'The field instance bundle to which this row belongs, used when deleting a field instance',
  `deleted` tinyint(4) NOT NULL DEFAULT '0' COMMENT 'A boolean indicating whether this data item has been deleted',
  `entity_id` int(10) unsigned NOT NULL COMMENT 'The entity id this data is attached to',
  `revision_id` int(10) unsigned DEFAULT NULL COMMENT 'The entity revision id this data is attached to, or NULL if the entity type is not versioned',
  `language` varchar(32) NOT NULL DEFAULT '' COMMENT 'The language for this data item.',
  `delta` int(10) unsigned NOT NULL COMMENT 'The sequence number for this data item, used for multi-value fields',
  `body_value` longtext,
  `body_summary` longtext,
  `body_format` varchar(255) DEFAULT NULL,
  PRIMARY KEY (`entity_type`,`entity_id`,`deleted`,`delta`,`language`),
  KEY `entity_type` (`entity_type`),
  KEY `bundle` (`bundle`),
  KEY `deleted` (`deleted`),
  KEY `entity_id` (`entity_id`),
  KEY `revision_id` (`revision_id`),
  KEY `language` (`language`),
  KEY `body_format` (`body_format`)
) ENGINE=InnoDB DEFAULT CHARSET=utf8 COMMENT='Data storage for field 2 (body)';

--
-- Dumping data for table `field_data_body`
--


--
-- Table structure for table `field_data_comment_body`
--

CREATE TABLE `field_data_comment_body` (
  `entity_type` varchar(128) NOT NULL DEFAULT '' COMMENT 'The entity type this data is attached to',
  `bundle` varchar(128) NOT NULL DEFAULT '' COMMENT 'The field instance bundle to which this row belongs, used when deleting a field instance',
  `deleted` tinyint(4) NOT NULL DEFAULT '0' COMMENT 'A boolean indicating whether this data item has been deleted',
  `entity_id` int(10) unsigned NOT NULL COMMENT 'The entity id this data is attached to',
  `revision_id` int(10) unsigned DEFAULT NULL COMMENT 'The entity revision id this data is attached to, or NULL if the entity type is not versioned',
  `language` varchar(32) NOT NULL DEFAULT '' COMMENT 'The language for this data item.',
  `delta` int(10) unsigned NOT NULL COMMENT 'The sequence number for this data item, used for multi-value fields',
  `comment_body_value` longtext,
  `comment_body_format` varchar(255) DEFAULT NULL,
  PRIMARY KEY (`entity_type`,`entity_id`,`deleted`,`delta`,`language`),
  KEY `entity_type` (`entity_type`),
  KEY `bundle` (`bundle`),
  KEY `deleted` (`deleted`),
  KEY `entity_id` (`entity_id`),
  KEY `revision_id` (`revision_id`),
  KEY `language` (`language`),
  KEY `comment_body_format` (`comment_body_format`)
) ENGINE=InnoDB DEFAULT CHARSET=utf8 COMMENT='Data storage for field 1 (comment_body)';

--
-- Dumping data for table `field_data_comment_body`
--


--
-- Table structure for table `field_data_field_image`
--

CREATE TABLE `field_data_field_image` (
  `entity_type` varchar(128) NOT NULL DEFAULT '' COMMENT 'The entity type this data is attached to',
  `bundle` varchar(128) NOT NULL DEFAULT '' COMMENT 'The field instance bundle to which this row belongs, used when deleting a field instance',
  `deleted` tinyint(4) NOT NULL DEFAULT '0' COMMENT 'A boolean indicating whether this data item has been deleted',
  `entity_id` int(10) unsigned NOT NULL COMMENT 'The entity id this data is attached to',
  `revision_id` int(10) unsigned DEFAULT NULL COMMENT 'The entity revision id this data is attached to, or NULL if the entity type is not versioned',
  `language` varchar(32) NOT NULL DEFAULT '' COMMENT 'The language for this data item.',
  `delta` int(10) unsigned NOT NULL COMMENT 'The sequence number for this data item, used for multi-value fields',
  `field_image_fid` int(10) unsigned DEFAULT NULL COMMENT 'The file_managed.fid being referenced in this field.',
  `field_image_alt` varchar(128) DEFAULT NULL COMMENT 'Alternative image text, for the image’s ’alt’ attribute.',
  `field_image_title` varchar(128) DEFAULT NULL COMMENT 'Image title text, for the image’s ’title’ attribute.',
  PRIMARY KEY (`entity_type`,`entity_id`,`deleted`,`delta`,`language`),
  KEY `entity_type` (`entity_type`),
  KEY `bundle` (`bundle`),
  KEY `deleted` (`deleted`),
  KEY `entity_id` (`entity_id`),
  KEY `revision_id` (`revision_id`),
  KEY `language` (`language`),
  KEY `field_image_fid` (`field_image_fid`)
) ENGINE=InnoDB DEFAULT CHARSET=utf8 COMMENT='Data storage for field 4 (field_image)';

--
-- Dumping data for table `field_data_field_image`
--


--
-- Table structure for table `field_data_field_tags`
--

CREATE TABLE `field_data_field_tags` (
  `entity_type` varchar(128) NOT NULL DEFAULT '' COMMENT 'The entity type this data is attached to',
  `bundle` varchar(128) NOT NULL DEFAULT '' COMMENT 'The field instance bundle to which this row belongs, used when deleting a field instance',
  `deleted` tinyint(4) NOT NULL DEFAULT '0' COMMENT 'A boolean indicating whether this data item has been deleted',
  `entity_id` int(10) unsigned NOT NULL COMMENT 'The entity id this data is attached to',
  `revision_id` int(10) unsigned DEFAULT NULL COMMENT 'The entity revision id this data is attached to, or NULL if the entity type is not versioned',
  `language` varchar(32) NOT NULL DEFAULT '' COMMENT 'The language for this data item.',
  `delta` int(10) unsigned NOT NULL COMMENT 'The sequence number for this data item, used for multi-value fields',
  `field_tags_tid` int(10) unsigned DEFAULT NULL,
  PRIMARY KEY (`entity_type`,`entity_id`,`deleted`,`delta`,`language`),
  KEY `entity_type` (`entity_type`),
  KEY `bundle` (`bundle`),
  KEY `deleted` (`deleted`),
  KEY `entity_id` (`entity_id`),
  KEY `revision_id` (`revision_id`),
  KEY `language` (`language`),
  KEY `field_tags_tid` (`field_tags_tid`)
) ENGINE=InnoDB DEFAULT CHARSET=utf8 COMMENT='Data storage for field 3 (field_tags)';

--
-- Dumping data for table `field_data_field_tags`
--


--
-- Table structure for table `field_revision_body`
--

CREATE TABLE `field_revision_body` (
  `entity_type` varchar(128) NOT NULL DEFAULT '' COMMENT 'The entity type this data is attached to',
  `bundle` varchar(128) NOT NULL DEFAULT '' COMMENT 'The field instance bundle to which this row belongs, used when deleting a field instance',
  `deleted` tinyint(4) NOT NULL DEFAULT '0' COMMENT 'A boolean indicating whether this data item has been deleted',
  `entity_id` int(10) unsigned NOT NULL COMMENT 'The entity id this data is attached to',
  `revision_id` int(10) unsigned NOT NULL COMMENT 'The entity revision id this data is attached to',
  `language` varchar(32) NOT NULL DEFAULT '' COMMENT 'The language for this data item.',
  `delta` int(10) unsigned NOT NULL COMMENT 'The sequence number for this data item, used for multi-value fields',
  `body_value` longtext,
  `body_summary` longtext,
  `body_format` varchar(255) DEFAULT NULL,
  PRIMARY KEY (`entity_type`,`entity_id`,`revision_id`,`deleted`,`delta`,`language`),
  KEY `entity_type` (`entity_type`),
  KEY `bundle` (`bundle`),
  KEY `deleted` (`deleted`),
  KEY `entity_id` (`entity_id`),
  KEY `revision_id` (`revision_id`),
  KEY `language` (`language`),
  KEY `body_format` (`body_format`)
) ENGINE=InnoDB DEFAULT CHARSET=utf8 COMMENT='Revision archive storage for field 2 (body)';

--
-- Dumping data for table `field_revision_body`
--


--
-- Table structure for table `field_revision_comment_body`
--

CREATE TABLE `field_revision_comment_body` (
  `entity_type` varchar(128) NOT NULL DEFAULT '' COMMENT 'The entity type this data is attached to',
  `bundle` varchar(128) NOT NULL DEFAULT '' COMMENT 'The field instance bundle to which this row belongs, used when deleting a field instance',
  `deleted` tinyint(4) NOT NULL DEFAULT '0' COMMENT 'A boolean indicating whether this data item has been deleted',
  `entity_id` int(10) unsigned NOT NULL COMMENT 'The entity id this data is attached to',
  `revision_id` int(10) unsigned NOT NULL COMMENT 'The entity revision id this data is attached to',
  `language` varchar(32) NOT NULL DEFAULT '' COMMENT 'The language for this data item.',
  `delta` int(10) unsigned NOT NULL COMMENT 'The sequence number for this data item, used for multi-value fields',
  `comment_body_value` longtext,
  `comment_body_format` varchar(255) DEFAULT NULL,
  PRIMARY KEY (`entity_type`,`entity_id`,`revision_id`,`deleted`,`delta`,`language`),
  KEY `entity_type` (`entity_type`),
  KEY `bundle` (`bundle`),
  KEY `deleted` (`deleted`),
  KEY `entity_id` (`entity_id`),
  KEY `revision_id` (`revision_id`),
  KEY `language` (`language`),
  KEY `comment_body_format` (`comment_body_format`)
) ENGINE=InnoDB DEFAULT CHARSET=utf8 COMMENT='Revision archive storage for field 1 (comment_body)';

--
-- Dumping data for table `field_revision_comment_body`
--


--
-- Table structure for table `field_revision_field_image`
--

CREATE TABLE `field_revision_field_image` (
  `entity_type` varchar(128) NOT NULL DEFAULT '' COMMENT 'The entity type this data is attached to',
  `bundle` varchar(128) NOT NULL DEFAULT '' COMMENT 'The field instance bundle to which this row belongs, used when deleting a field instance',
  `deleted` tinyint(4) NOT NULL DEFAULT '0' COMMENT 'A boolean indicating whether this data item has been deleted',
  `entity_id` int(10) unsigned NOT NULL COMMENT 'The entity id this data is attached to',
  `revision_id` int(10) unsigned NOT NULL COMMENT 'The entity revision id this data is attached to',
  `language` varchar(32) NOT NULL DEFAULT '' COMMENT 'The language for this data item.',
  `delta` int(10) unsigned NOT NULL COMMENT 'The sequence number for this data item, used for multi-value fields',
  `field_image_fid` int(10) unsigned DEFAULT NULL COMMENT 'The file_managed.fid being referenced in this field.',
  `field_image_alt` varchar(128) DEFAULT NULL COMMENT 'Alternative image text, for the image’s ’alt’ attribute.',
  `field_image_title` varchar(128) DEFAULT NULL COMMENT 'Image title text, for the image’s ’title’ attribute.',
  PRIMARY KEY (`entity_type`,`entity_id`,`revision_id`,`deleted`,`delta`,`language`),
  KEY `entity_type` (`entity_type`),
  KEY `bundle` (`bundle`),
  KEY `deleted` (`deleted`),
  KEY `entity_id` (`entity_id`),
  KEY `revision_id` (`revision_id`),
  KEY `language` (`language`),
  KEY `field_image_fid` (`field_image_fid`)
) ENGINE=InnoDB DEFAULT CHARSET=utf8 COMMENT='Revision archive storage for field 4 (field_image)';

--
-- Dumping data for table `field_revision_field_image`
--


--
-- Table structure for table `field_revision_field_tags`
--

CREATE TABLE `field_revision_field_tags` (
  `entity_type` varchar(128) NOT NULL DEFAULT '' COMMENT 'The entity type this data is attached to',
  `bundle` varchar(128) NOT NULL DEFAULT '' COMMENT 'The field instance bundle to which this row belongs, used when deleting a field instance',
  `deleted` tinyint(4) NOT NULL DEFAULT '0' COMMENT 'A boolean indicating whether this data item has been deleted',
  `entity_id` int(10) unsigned NOT NULL COMMENT 'The entity id this data is attached to',
  `revision_id` int(10) unsigned NOT NULL COMMENT 'The entity revision id this data is attached to',
  `language` varchar(32) NOT NULL DEFAULT '' COMMENT 'The language for this data item.',
  `delta` int(10) unsigned NOT NULL COMMENT 'The sequence number for this data item, used for multi-value fields',
  `field_tags_tid` int(10) unsigned DEFAULT NULL,
  PRIMARY KEY (`entity_type`,`entity_id`,`revision_id`,`deleted`,`delta`,`language`),
  KEY `entity_type` (`entity_type`),
  KEY `bundle` (`bundle`),
  KEY `deleted` (`deleted`),
  KEY `entity_id` (`entity_id`),
  KEY `revision_id` (`revision_id`),
  KEY `language` (`language`),
  KEY `field_tags_tid` (`field_tags_tid`)
) ENGINE=InnoDB DEFAULT CHARSET=utf8 COMMENT='Revision archive storage for field 3 (field_tags)';

--
-- Dumping data for table `field_revision_field_tags`
--


--
-- Table structure for table `file_managed`
--

CREATE TABLE `file_managed` (
  `fid` int(10) unsigned NOT NULL AUTO_INCREMENT COMMENT 'File ID.',
  `uid` int(10) unsigned NOT NULL DEFAULT '0' COMMENT 'The users.uid of the user who is associated with the file.',
  `filename` varchar(255) NOT NULL DEFAULT '' COMMENT 'Name of the file with no path components. This may differ from the basename of the URI if the file is renamed to avoid overwriting an existing file.',
  `uri` varchar(255) NOT NULL DEFAULT '' COMMENT 'The URI to access the file (either local or remote).',
  `filemime` varchar(255) NOT NULL DEFAULT '' COMMENT 'The file’s MIME type.',
  `filesize` int(10) unsigned NOT NULL DEFAULT '0' COMMENT 'The size of the file in bytes.',
  `status` tinyint(4) NOT NULL DEFAULT '0' COMMENT 'A field indicating the status of the file. Two status are defined in core: temporary (0) and permanent (1). Temporary files older than DRUPAL_MAXIMUM_TEMP_FILE_AGE will be removed during a cron run.',
  `timestamp` int(10) unsigned NOT NULL DEFAULT '0' COMMENT 'UNIX timestamp for when the file was added.',
  PRIMARY KEY (`fid`),
  UNIQUE KEY `uri` (`uri`),
  KEY `uid` (`uid`),
  KEY `status` (`status`),
  KEY `timestamp` (`timestamp`)
) ENGINE=InnoDB DEFAULT CHARSET=utf8 COMMENT='Stores information for uploaded files.';

--
-- Dumping data for table `file_managed`
--


--
-- Table structure for table `file_usage`
--

CREATE TABLE `file_usage` (
  `fid` int(10) unsigned NOT NULL COMMENT 'File ID.',
  `module` varchar(255) NOT NULL DEFAULT '' COMMENT 'The name of the module that is using the file.',
  `type` varchar(64) NOT NULL DEFAULT '' COMMENT 'The name of the object type in which the file is used.',
  `id` int(10) unsigned NOT NULL DEFAULT '0' COMMENT 'The primary key of the object using the file.',
  `count` int(10) unsigned NOT NULL DEFAULT '0' COMMENT 'The number of times this file is used by this object.',
  PRIMARY KEY (`fid`,`type`,`id`,`module`),
  KEY `type_id` (`type`,`id`),
  KEY `fid_count` (`fid`,`count`),
  KEY `fid_module` (`fid`,`module`)
) ENGINE=InnoDB DEFAULT CHARSET=utf8 COMMENT='Track where a file is used.';

--
-- Dumping data for table `file_usage`
--


--
-- Table structure for table `filter`
--

CREATE TABLE `filter` (
  `format` varchar(255) NOT NULL COMMENT 'Foreign key: The filter_format.format to which this filter is assigned.',
  `module` varchar(64) NOT NULL DEFAULT '' COMMENT 'The origin module of the filter.',
  `name` varchar(32) NOT NULL DEFAULT '' COMMENT 'Name of the filter being referenced.',
  `weight` int(11) NOT NULL DEFAULT '0' COMMENT 'Weight of filter within format.',
  `status` int(11) NOT NULL DEFAULT '0' COMMENT 'Filter enabled status. (1 = enabled, 0 = disabled)',
  `settings` longblob COMMENT 'A serialized array of name value pairs that store the filter settings for the specific format.',
  PRIMARY KEY (`format`,`name`),
  KEY `list` (`weight`,`module`,`name`)
) ENGINE=InnoDB DEFAULT CHARSET=utf8 COMMENT='Table that maps filters (HTML corrector) to text formats ...';

--
-- Dumping data for table `filter`
--

INSERT INTO `filter` VALUES ('filtered_html','filter','filter_autop',2,1,'a:0:{}'),('filtered_html','filter','filter_html',1,1,'a:3:{s:12:\"allowed_html\";s:74:\"<a> <em> <strong> <cite> <blockquote> <code> <ul> <ol> <li> <dl> <dt> <dd>\";s:16:\"filter_html_help\";i:1;s:20:\"filter_html_nofollow\";i:0;}'),('filtered_html','filter','filter_htmlcorrector',10,1,'a:0:{}'),('filtered_html','filter','filter_html_escape',10,0,'a:0:{}'),('filtered_html','filter','filter_url',0,1,'a:1:{s:17:\"filter_url_length\";i:72;}'),('full_html','filter','filter_autop',1,1,'a:0:{}'),('full_html','filter','filter_html',10,0,'a:3:{s:12:\"allowed_html\";s:74:\"<a> <em> <strong> <cite> <blockquote> <code> <ul> <ol> <li> <dl> <dt> <dd>\";s:16:\"filter_html_help\";i:1;s:20:\"filter_html_nofollow\";i:0;}'),('full_html','filter','filter_htmlcorrector',10,1,'a:0:{}'),('full_html','filter','filter_html_escape',10,0,'a:0:{}'),('full_html','filter','filter_url',0,1,'a:1:{s:17:\"filter_url_length\";i:72;}'),('plain_text','filter','filter_autop',2,1,'a:0:{}'),('plain_text','filter','filter_html',10,0,'a:3:{s:12:\"allowed_html\";s:74:\"<a> <em> <strong> <cite> <blockquote> <code> <ul> <ol> <li> <dl> <dt> <dd>\";s:16:\"filter_html_help\";i:1;s:20:\"filter_html_nofollow\";i:0;}'),('plain_text','filter','filter_htmlcorrector',10,0,'a:0:{}'),('plain_text','filter','filter_html_escape',0,1,'a:0:{}'),('plain_text','filter','filter_url',1,1,'a:1:{s:17:\"filter_url_length\";i:72;}');

--
-- Table structure for table `filter_format`
--

CREATE TABLE `filter_format` (
  `format` varchar(255) NOT NULL COMMENT 'Primary Key: Unique machine name of the format.',
  `name` varchar(255) NOT NULL DEFAULT '' COMMENT 'Name of the text format (Filtered HTML).',
  `cache` tinyint(4) NOT NULL DEFAULT '0' COMMENT 'Flag to indicate whether format is cacheable. (1 = cacheable, 0 = not cacheable)',
  `status` tinyint(3) unsigned NOT NULL DEFAULT '1' COMMENT 'The status of the text format. (1 = enabled, 0 = disabled)',
  `weight` int(11) NOT NULL DEFAULT '0' COMMENT 'Weight of text format to use when listing.',
  PRIMARY KEY (`format`),
  UNIQUE KEY `name` (`name`),
  KEY `status_weight` (`status`,`weight`)
) ENGINE=InnoDB DEFAULT CHARSET=utf8 COMMENT='Stores text formats: custom groupings of filters, such as...';

--
-- Dumping data for table `filter_format`
--

INSERT INTO `filter_format` VALUES ('filtered_html','Filtered HTML',1,1,0),('full_html','Full HTML',1,1,1),('plain_text','Plain text',1,1,10);

--
-- Table structure for table `flood`
--

CREATE TABLE `flood` (
  `fid` int(11) NOT NULL AUTO_INCREMENT COMMENT 'Unique flood event ID.',
  `event` varchar(64) NOT NULL DEFAULT '' COMMENT 'Name of event (e.g. contact).',
  `identifier` varchar(128) NOT NULL DEFAULT '' COMMENT 'Identifier of the visitor, such as an IP address or hostname.',
  `timestamp` int(11) NOT NULL DEFAULT '0' COMMENT 'Timestamp of the event.',
  `expiration` int(11) NOT NULL DEFAULT '0' COMMENT 'Expiration timestamp. Expired events are purged on cron run.',
  PRIMARY KEY (`fid`),
  KEY `allow` (`event`,`identifier`,`timestamp`),
  KEY `purge` (`expiration`)
) ENGINE=InnoDB DEFAULT CHARSET=utf8 COMMENT='Flood controls the threshold of events, such as the...';

--
-- Dumping data for table `flood`
--


--
-- Table structure for table `fusion_apply_rules`
--

CREATE TABLE `fusion_apply_rules` (
  `rid` int(11) NOT NULL AUTO_INCREMENT COMMENT 'Primary Key: Unique skin rule ID.',
  `title` varchar(128) NOT NULL DEFAULT '' COMMENT 'The administrative title for this rule.',
  `rule_type` varchar(128) NOT NULL DEFAULT '' COMMENT 'The content type of this rule.',
  `node_types` text COMMENT 'A serialized array of node types for this record.',
  `roles` text COMMENT 'A serialized array of roles for this record.',
  `visibility` tinyint(4) NOT NULL DEFAULT '0' COMMENT 'Flag to indicate how to show rules on pages. (0 = Show on all pages except listed pages, 1 = Show only on listed pages, 2 = Use custom PHP code to determine visibility)',
  `pages` text NOT NULL COMMENT 'Contains either a list of paths on which to include/exclude the rule or PHP code, depending on "visibility" setting.',
  PRIMARY KEY (`rid`)
) ENGINE=InnoDB DEFAULT CHARSET=utf8 COMMENT='Stores skin rule data.';

--
-- Dumping data for table `fusion_apply_rules`
--


--
-- Table structure for table `fusion_apply_skins`
--

CREATE TABLE `fusion_apply_skins` (
  `sid` int(10) unsigned NOT NULL AUTO_INCREMENT COMMENT 'The primary identifier for a skin configuration.',
  `theme` varchar(128) NOT NULL DEFAULT '' COMMENT 'The theme this configuration applies to.',
  `module` varchar(128) NOT NULL DEFAULT '' COMMENT 'The module this configuration applies to.',
  `element` varchar(128) NOT NULL DEFAULT '' COMMENT 'The element this configuration applies to.',
  `skin` varchar(255) NOT NULL DEFAULT '' COMMENT 'The skin that has been applied.',
  `options` longtext NOT NULL COMMENT 'A serialized array containing the skin options that have been applied.',
  `status` tinyint(4) NOT NULL DEFAULT '0' COMMENT 'Boolean indicating whether or not this item is enabled.',
  PRIMARY KEY (`sid`),
  UNIQUE KEY `theme_module_element_skin` (`theme`(40),`module`(40),`element`(40),`skin`(40)),
  KEY `theme` (`theme`),
  KEY `module` (`theme`,`module`),
  KEY `element` (`theme`,`module`,`element`),
  KEY `skin` (`skin`)
) ENGINE=InnoDB DEFAULT CHARSET=utf8 COMMENT='Stores Fusion Apply data.';

--
-- Dumping data for table `fusion_apply_skins`
--


--
-- Table structure for table `history`
--

CREATE TABLE `history` (
  `uid` int(11) NOT NULL DEFAULT '0' COMMENT 'The users.uid that read the node nid.',
  `nid` int(11) NOT NULL DEFAULT '0' COMMENT 'The node.nid that was read.',
  `timestamp` int(11) NOT NULL DEFAULT '0' COMMENT 'The Unix timestamp at which the read occurred.',
  PRIMARY KEY (`uid`,`nid`),
  KEY `nid` (`nid`)
) ENGINE=InnoDB DEFAULT CHARSET=utf8 COMMENT='A record of which users have read which nodes.';

--
-- Dumping data for table `history`
--


--
-- Table structure for table `image_effects`
--

CREATE TABLE `image_effects` (
  `ieid` int(10) unsigned NOT NULL AUTO_INCREMENT COMMENT 'The primary identifier for an image effect.',
  `isid` int(10) unsigned NOT NULL DEFAULT '0' COMMENT 'The image_styles.isid for an image style.',
  `weight` int(11) NOT NULL DEFAULT '0' COMMENT 'The weight of the effect in the style.',
  `name` varchar(255) NOT NULL COMMENT 'The unique name of the effect to be executed.',
  `data` longblob NOT NULL COMMENT 'The configuration data for the effect.',
  PRIMARY KEY (`ieid`),
  KEY `isid` (`isid`),
  KEY `weight` (`weight`)
) ENGINE=InnoDB DEFAULT CHARSET=utf8 COMMENT='Stores configuration options for image effects.';

--
-- Dumping data for table `image_effects`
--


--
-- Table structure for table `image_styles`
--

CREATE TABLE `image_styles` (
  `isid` int(10) unsigned NOT NULL AUTO_INCREMENT COMMENT 'The primary identifier for an image style.',
  `name` varchar(255) NOT NULL COMMENT 'The style name.',
  PRIMARY KEY (`isid`),
  UNIQUE KEY `name` (`name`)
) ENGINE=InnoDB DEFAULT CHARSET=utf8 COMMENT='Stores configuration options for image styles.';

--
-- Dumping data for table `image_styles`
--


--
-- Table structure for table `menu_custom`
--

CREATE TABLE `menu_custom` (
  `menu_name` varchar(32) NOT NULL DEFAULT '' COMMENT 'Primary Key: Unique key for menu. This is used as a block delta so length is 32.',
  `title` varchar(255) NOT NULL DEFAULT '' COMMENT 'Menu title; displayed at top of block.',
  `description` text COMMENT 'Menu description.',
  PRIMARY KEY (`menu_name`)
) ENGINE=InnoDB DEFAULT CHARSET=utf8 COMMENT='Holds definitions for top-level custom menus (for example...';

--
-- Dumping data for table `menu_custom`
--

INSERT INTO `menu_custom` VALUES ('main-menu','Main menu','The <em>Main</em> menu is used on many sites to show the major sections of the site, often in a top navigation bar.'),('management','Management','The <em>Management</em> menu contains links for administrative tasks.'),('navigation','Navigation','The <em>Navigation</em> menu contains links intended for site visitors. Links are added to the <em>Navigation</em> menu automatically by some modules.'),('user-menu','User menu','The <em>User</em> menu contains links related to the user\'s account, as well as the \'Log out\' link.');

--
-- Table structure for table `menu_links`
--

CREATE TABLE `menu_links` (
  `menu_name` varchar(32) NOT NULL DEFAULT '' COMMENT 'The menu name. All links with the same menu name (such as ’navigation’) are part of the same menu.',
  `mlid` int(10) unsigned NOT NULL AUTO_INCREMENT COMMENT 'The menu link ID (mlid) is the integer primary key.',
  `plid` int(10) unsigned NOT NULL DEFAULT '0' COMMENT 'The parent link ID (plid) is the mlid of the link above in the hierarchy, or zero if the link is at the top level in its menu.',
  `link_path` varchar(255) NOT NULL DEFAULT '' COMMENT 'The Drupal path or external path this link points to.',
  `router_path` varchar(255) NOT NULL DEFAULT '' COMMENT 'For links corresponding to a Drupal path (external = 0), this connects the link to a menu_router.path for joins.',
  `link_title` varchar(255) NOT NULL DEFAULT '' COMMENT 'The text displayed for the link, which may be modified by a title callback stored in menu_router.',
  `options` blob COMMENT 'A serialized array of options to be passed to the url() or l() function, such as a query string or HTML attributes.',
  `module` varchar(255) NOT NULL DEFAULT 'system' COMMENT 'The name of the module that generated this link.',
  `hidden` smallint(6) NOT NULL DEFAULT '0' COMMENT 'A flag for whether the link should be rendered in menus. (1 = a disabled menu item that may be shown on admin screens, -1 = a menu callback, 0 = a normal, visible link)',
  `external` smallint(6) NOT NULL DEFAULT '0' COMMENT 'A flag to indicate if the link points to a full URL starting with a protocol, like http:// (1 = external, 0 = internal).',
  `has_children` smallint(6) NOT NULL DEFAULT '0' COMMENT 'Flag indicating whether any links have this link as a parent (1 = children exist, 0 = no children).',
  `expanded` smallint(6) NOT NULL DEFAULT '0' COMMENT 'Flag for whether this link should be rendered as expanded in menus - expanded links always have their child links displayed, instead of only when the link is in the active trail (1 = expanded, 0 = not expanded)',
  `weight` int(11) NOT NULL DEFAULT '0' COMMENT 'Link weight among links in the same menu at the same depth.',
  `depth` smallint(6) NOT NULL DEFAULT '0' COMMENT 'The depth relative to the top level. A link with plid == 0 will have depth == 1.',
  `customized` smallint(6) NOT NULL DEFAULT '0' COMMENT 'A flag to indicate that the user has manually created or edited the link (1 = customized, 0 = not customized).',
  `p1` int(10) unsigned NOT NULL DEFAULT '0' COMMENT 'The first mlid in the materialized path. If N = depth, then pN must equal the mlid. If depth > 1 then p(N-1) must equal the plid. All pX where X > depth must equal zero. The columns p1 .. p9 are also called the parents.',
  `p2` int(10) unsigned NOT NULL DEFAULT '0' COMMENT 'The second mlid in the materialized path. See p1.',
  `p3` int(10) unsigned NOT NULL DEFAULT '0' COMMENT 'The third mlid in the materialized path. See p1.',
  `p4` int(10) unsigned NOT NULL DEFAULT '0' COMMENT 'The fourth mlid in the materialized path. See p1.',
  `p5` int(10) unsigned NOT NULL DEFAULT '0' COMMENT 'The fifth mlid in the materialized path. See p1.',
  `p6` int(10) unsigned NOT NULL DEFAULT '0' COMMENT 'The sixth mlid in the materialized path. See p1.',
  `p7` int(10) unsigned NOT NULL DEFAULT '0' COMMENT 'The seventh mlid in the materialized path. See p1.',
  `p8` int(10) unsigned NOT NULL DEFAULT '0' COMMENT 'The eighth mlid in the materialized path. See p1.',
  `p9` int(10) unsigned NOT NULL DEFAULT '0' COMMENT 'The ninth mlid in the materialized path. See p1.',
  `updated` smallint(6) NOT NULL DEFAULT '0' COMMENT 'Flag that indicates that this link was generated during the update from Drupal 5.',
  PRIMARY KEY (`mlid`),
  KEY `path_menu` (`link_path`(128),`menu_name`),
  KEY `menu_plid_expand_child` (`menu_name`,`plid`,`expanded`,`has_children`),
  KEY `menu_parents` (`menu_name`,`p1`,`p2`,`p3`,`p4`,`p5`,`p6`,`p7`,`p8`,`p9`),
  KEY `router_path` (`router_path`(128))
) ENGINE=InnoDB AUTO_INCREMENT=346 DEFAULT CHARSET=utf8 COMMENT='Contains the individual links within a menu.';

--
-- Dumping data for table `menu_links`
--



--
-- Table structure for table `menu_router`
--

CREATE TABLE `menu_router` (
  `path` varchar(255) NOT NULL DEFAULT '' COMMENT 'Primary Key: the Drupal path this entry describes',
  `load_functions` blob NOT NULL COMMENT 'A serialized array of function names (like node_load) to be called to load an object corresponding to a part of the current path.',
  `to_arg_functions` blob NOT NULL COMMENT 'A serialized array of function names (like user_uid_optional_to_arg) to be called to replace a part of the router path with another string.',
  `access_callback` varchar(255) NOT NULL DEFAULT '' COMMENT 'The callback which determines the access to this router path. Defaults to user_access.',
  `access_arguments` blob COMMENT 'A serialized array of arguments for the access callback.',
  `page_callback` varchar(255) NOT NULL DEFAULT '' COMMENT 'The name of the function that renders the page.',
  `page_arguments` blob COMMENT 'A serialized array of arguments for the page callback.',
  `delivery_callback` varchar(255) NOT NULL DEFAULT '' COMMENT 'The name of the function that sends the result of the page_callback function to the browser.',
  `fit` int(11) NOT NULL DEFAULT '0' COMMENT 'A numeric representation of how specific the path is.',
  `number_parts` smallint(6) NOT NULL DEFAULT '0' COMMENT 'Number of parts in this router path.',
  `context` int(11) NOT NULL DEFAULT '0' COMMENT 'Only for local tasks (tabs) - the context of a local task to control its placement.',
  `tab_parent` varchar(255) NOT NULL DEFAULT '' COMMENT 'Only for local tasks (tabs) - the router path of the parent page (which may also be a local task).',
  `tab_root` varchar(255) NOT NULL DEFAULT '' COMMENT 'Router path of the closest non-tab parent page. For pages that are not local tasks, this will be the same as the path.',
  `title` varchar(255) NOT NULL DEFAULT '' COMMENT 'The title for the current page, or the title for the tab if this is a local task.',
  `title_callback` varchar(255) NOT NULL DEFAULT '' COMMENT 'A function which will alter the title. Defaults to t()',
  `title_arguments` varchar(255) NOT NULL DEFAULT '' COMMENT 'A serialized array of arguments for the title callback. If empty, the title will be used as the sole argument for the title callback.',
  `theme_callback` varchar(255) NOT NULL DEFAULT '' COMMENT 'A function which returns the name of the theme that will be used to render this page. If left empty, the default theme will be used.',
  `theme_arguments` varchar(255) NOT NULL DEFAULT '' COMMENT 'A serialized array of arguments for the theme callback.',
  `type` int(11) NOT NULL DEFAULT '0' COMMENT 'Numeric representation of the type of the menu item, like MENU_LOCAL_TASK.',
  `description` text NOT NULL COMMENT 'A description of this item.',
  `position` varchar(255) NOT NULL DEFAULT '' COMMENT 'The position of the block (left or right) on the system administration page for this item.',
  `weight` int(11) NOT NULL DEFAULT '0' COMMENT 'Weight of the element. Lighter weights are higher up, heavier weights go down.',
  `include_file` mediumtext COMMENT 'The file to include for this element, usually the page callback function lives in this file.',
  PRIMARY KEY (`path`),
  KEY `fit` (`fit`),
  KEY `tab_parent` (`tab_parent`(64),`weight`,`title`),
  KEY `tab_root_weight_title` (`tab_root`(64),`weight`,`title`)
) ENGINE=InnoDB DEFAULT CHARSET=utf8 COMMENT='Maps paths to various callbacks (access, page and title)';

--
-- Dumping data for table `menu_router`
--



--
-- Table structure for table `node`
--

CREATE TABLE `node` (
  `nid` int(10) unsigned NOT NULL AUTO_INCREMENT COMMENT 'The primary identifier for a node.',
  `vid` int(10) unsigned NOT NULL DEFAULT '0' COMMENT 'The current node_revision.vid version identifier.',
  `type` varchar(32) NOT NULL DEFAULT '' COMMENT 'The node_type.type of this node.',
  `language` varchar(12) NOT NULL DEFAULT '' COMMENT 'The languages.language of this node.',
  `title` varchar(255) NOT NULL DEFAULT '' COMMENT 'The title of this node, always treated as non-markup plain text.',
  `uid` int(11) NOT NULL DEFAULT '0' COMMENT 'The users.uid that owns this node; initially, this is the user that created it.',
  `status` int(11) NOT NULL DEFAULT '1' COMMENT 'Boolean indicating whether the node is published (visible to non-administrators).',
  `created` int(11) NOT NULL DEFAULT '0' COMMENT 'The Unix timestamp when the node was created.',
  `changed` int(11) NOT NULL DEFAULT '0' COMMENT 'The Unix timestamp when the node was most recently saved.',
  `comment` int(11) NOT NULL DEFAULT '0' COMMENT 'Whether comments are allowed on this node: 0 = no, 1 = closed (read only), 2 = open (read/write).',
  `promote` int(11) NOT NULL DEFAULT '0' COMMENT 'Boolean indicating whether the node should be displayed on the front page.',
  `sticky` int(11) NOT NULL DEFAULT '0' COMMENT 'Boolean indicating whether the node should be displayed at the top of lists in which it appears.',
  `tnid` int(10) unsigned NOT NULL DEFAULT '0' COMMENT 'The translation set id for this node, which equals the node id of the source post in each set.',
  `translate` int(11) NOT NULL DEFAULT '0' COMMENT 'A boolean indicating whether this translation page needs to be updated.',
  PRIMARY KEY (`nid`),
  UNIQUE KEY `vid` (`vid`),
  KEY `node_changed` (`changed`),
  KEY `node_created` (`created`),
  KEY `node_frontpage` (`promote`,`status`,`sticky`,`created`),
  KEY `node_status_type` (`status`,`type`,`nid`),
  KEY `node_title_type` (`title`,`type`(4)),
  KEY `node_type` (`type`(4)),
  KEY `uid` (`uid`),
  KEY `tnid` (`tnid`),
  KEY `translate` (`translate`)
) ENGINE=InnoDB DEFAULT CHARSET=utf8 COMMENT='The base table for nodes.';

--
-- Dumping data for table `node`
--


--
-- Table structure for table `node_access`
--

CREATE TABLE `node_access` (
  `nid` int(10) unsigned NOT NULL DEFAULT '0' COMMENT 'The node.nid this record affects.',
  `gid` int(10) unsigned NOT NULL DEFAULT '0' COMMENT 'The grant ID a user must possess in the specified realm to gain this row’s privileges on the node.',
  `realm` varchar(255) NOT NULL DEFAULT '' COMMENT 'The realm in which the user must possess the grant ID. Each node access node can define one or more realms.',
  `grant_view` tinyint(3) unsigned NOT NULL DEFAULT '0' COMMENT 'Boolean indicating whether a user with the realm/grant pair can view this node.',
  `grant_update` tinyint(3) unsigned NOT NULL DEFAULT '0' COMMENT 'Boolean indicating whether a user with the realm/grant pair can edit this node.',
  `grant_delete` tinyint(3) unsigned NOT NULL DEFAULT '0' COMMENT 'Boolean indicating whether a user with the realm/grant pair can delete this node.',
  PRIMARY KEY (`nid`,`gid`,`realm`)
) ENGINE=InnoDB DEFAULT CHARSET=utf8 COMMENT='Identifies which realm/grant pairs a user must possess in...';

--
-- Dumping data for table `node_access`
--

INSERT INTO `node_access` VALUES (0,0,'all',1,0,0);

--
-- Table structure for table `node_comment_statistics`
--

CREATE TABLE `node_comment_statistics` (
  `nid` int(10) unsigned NOT NULL DEFAULT '0' COMMENT 'The node.nid for which the statistics are compiled.',
  `cid` int(11) NOT NULL DEFAULT '0' COMMENT 'The comment.cid of the last comment.',
  `last_comment_timestamp` int(11) NOT NULL DEFAULT '0' COMMENT 'The Unix timestamp of the last comment that was posted within this node, from comment.timestamp.',
  `last_comment_name` varchar(60) DEFAULT NULL COMMENT 'The name of the latest author to post a comment on this node, from comment.name.',
  `last_comment_uid` int(11) NOT NULL DEFAULT '0' COMMENT 'The user ID of the latest author to post a comment on this node, from comment.uid.',
  `comment_count` int(10) unsigned NOT NULL DEFAULT '0' COMMENT 'The total number of comments on this node.',
  PRIMARY KEY (`nid`),
  KEY `node_comment_timestamp` (`last_comment_timestamp`),
  KEY `comment_count` (`comment_count`),
  KEY `last_comment_uid` (`last_comment_uid`)
) ENGINE=InnoDB DEFAULT CHARSET=utf8 COMMENT='Maintains statistics of node and comments posts to show ...';

--
-- Dumping data for table `node_comment_statistics`
--


--
-- Table structure for table `node_revision`
--

CREATE TABLE `node_revision` (
  `nid` int(10) unsigned NOT NULL DEFAULT '0' COMMENT 'The node this version belongs to.',
  `vid` int(10) unsigned NOT NULL AUTO_INCREMENT COMMENT 'The primary identifier for this version.',
  `uid` int(11) NOT NULL DEFAULT '0' COMMENT 'The users.uid that created this version.',
  `title` varchar(255) NOT NULL DEFAULT '' COMMENT 'The title of this version.',
  `log` longtext NOT NULL COMMENT 'The log entry explaining the changes in this version.',
  `timestamp` int(11) NOT NULL DEFAULT '0' COMMENT 'A Unix timestamp indicating when this version was created.',
  `status` int(11) NOT NULL DEFAULT '1' COMMENT 'Boolean indicating whether the node (at the time of this revision) is published (visible to non-administrators).',
  `comment` int(11) NOT NULL DEFAULT '0' COMMENT 'Whether comments are allowed on this node (at the time of this revision): 0 = no, 1 = closed (read only), 2 = open (read/write).',
  `promote` int(11) NOT NULL DEFAULT '0' COMMENT 'Boolean indicating whether the node (at the time of this revision) should be displayed on the front page.',
  `sticky` int(11) NOT NULL DEFAULT '0' COMMENT 'Boolean indicating whether the node (at the time of this revision) should be displayed at the top of lists in which it appears.',
  PRIMARY KEY (`vid`),
  KEY `nid` (`nid`),
  KEY `uid` (`uid`)
) ENGINE=InnoDB DEFAULT CHARSET=utf8 COMMENT='Stores information about each saved version of a node.';

--
-- Dumping data for table `node_revision`
--


--
-- Table structure for table `node_type`
--

CREATE TABLE `node_type` (
  `type` varchar(32) NOT NULL COMMENT 'The machine-readable name of this type.',
  `name` varchar(255) NOT NULL DEFAULT '' COMMENT 'The human-readable name of this type.',
  `base` varchar(255) NOT NULL COMMENT 'The base string used to construct callbacks corresponding to this node type.',
  `module` varchar(255) NOT NULL COMMENT 'The module defining this node type.',
  `description` mediumtext NOT NULL COMMENT 'A brief description of this type.',
  `help` mediumtext NOT NULL COMMENT 'Help information shown to the user when creating a node of this type.',
  `has_title` tinyint(3) unsigned NOT NULL COMMENT 'Boolean indicating whether this type uses the node.title field.',
  `title_label` varchar(255) NOT NULL DEFAULT '' COMMENT 'The label displayed for the title field on the edit form.',
  `custom` tinyint(4) NOT NULL DEFAULT '0' COMMENT 'A boolean indicating whether this type is defined by a module (FALSE) or by a user via Add content type (TRUE).',
  `modified` tinyint(4) NOT NULL DEFAULT '0' COMMENT 'A boolean indicating whether this type has been modified by an administrator; currently not used in any way.',
  `locked` tinyint(4) NOT NULL DEFAULT '0' COMMENT 'A boolean indicating whether the administrator can change the machine name of this type.',
  `disabled` tinyint(4) NOT NULL DEFAULT '0' COMMENT 'A boolean indicating whether the node type is disabled.',
  `orig_type` varchar(255) NOT NULL DEFAULT '' COMMENT 'The original machine-readable name of this node type. This may be different from the current type name if the locked field is 0.',
  PRIMARY KEY (`type`)
) ENGINE=InnoDB DEFAULT CHARSET=utf8 COMMENT='Stores information about all defined node types.';

--
-- Dumping data for table `node_type`
--

INSERT INTO `node_type` VALUES ('article','Article','node_content','node','Use <em>articles</em> for time-sensitive content like news, press releases or blog posts.','',1,'Title',1,1,0,0,'article'),('page','Basic page','node_content','node','Use <em>basic pages</em> for your static content, such as an \'About us\' page.','',1,'Title',1,1,0,0,'page');

--
-- Table structure for table `queue`
--

CREATE TABLE `queue` (
  `item_id` int(10) unsigned NOT NULL AUTO_INCREMENT COMMENT 'Primary Key: Unique item ID.',
  `name` varchar(255) NOT NULL DEFAULT '' COMMENT 'The queue name.',
  `data` longblob COMMENT 'The arbitrary data for the item.',
  `expire` int(11) NOT NULL DEFAULT '0' COMMENT 'Timestamp when the claim lease expires on the item.',
  `created` int(11) NOT NULL DEFAULT '0' COMMENT 'Timestamp when the item was created.',
  PRIMARY KEY (`item_id`),
  KEY `name_created` (`name`,`created`),
  KEY `expire` (`expire`)
) ENGINE=InnoDB DEFAULT CHARSET=utf8 COMMENT='Stores items in queues.';

--
-- Dumping data for table `queue`
--


--
-- Table structure for table `rdf_mapping`
--

CREATE TABLE `rdf_mapping` (
  `type` varchar(128) NOT NULL COMMENT 'The name of the entity type a mapping applies to (node, user, comment, etc.).',
  `bundle` varchar(128) NOT NULL COMMENT 'The name of the bundle a mapping applies to.',
  `mapping` longblob COMMENT 'The serialized mapping of the bundle type and fields to RDF terms.',
  PRIMARY KEY (`type`,`bundle`)
) ENGINE=InnoDB DEFAULT CHARSET=utf8 COMMENT='Stores custom RDF mappings for user defined content types...';

--
-- Dumping data for table `rdf_mapping`
--

INSERT INTO `rdf_mapping` VALUES ('node','article','a:11:{s:11:\"field_image\";a:2:{s:10:\"predicates\";a:2:{i:0;s:8:\"og:image\";i:1;s:12:\"rdfs:seeAlso\";}s:4:\"type\";s:3:\"rel\";}s:10:\"field_tags\";a:2:{s:10:\"predicates\";a:1:{i:0;s:10:\"dc:subject\";}s:4:\"type\";s:3:\"rel\";}s:7:\"rdftype\";a:2:{i:0;s:9:\"sioc:Item\";i:1;s:13:\"foaf:Document\";}s:5:\"title\";a:1:{s:10:\"predicates\";a:1:{i:0;s:8:\"dc:title\";}}s:7:\"created\";a:3:{s:10:\"predicates\";a:2:{i:0;s:7:\"dc:date\";i:1;s:10:\"dc:created\";}s:8:\"datatype\";s:12:\"xsd:dateTime\";s:8:\"callback\";s:12:\"date_iso8601\";}s:7:\"changed\";a:3:{s:10:\"predicates\";a:1:{i:0;s:11:\"dc:modified\";}s:8:\"datatype\";s:12:\"xsd:dateTime\";s:8:\"callback\";s:12:\"date_iso8601\";}s:4:\"body\";a:1:{s:10:\"predicates\";a:1:{i:0;s:15:\"content:encoded\";}}s:3:\"uid\";a:2:{s:10:\"predicates\";a:1:{i:0;s:16:\"sioc:has_creator\";}s:4:\"type\";s:3:\"rel\";}s:4:\"name\";a:1:{s:10:\"predicates\";a:1:{i:0;s:9:\"foaf:name\";}}s:13:\"comment_count\";a:2:{s:10:\"predicates\";a:1:{i:0;s:16:\"sioc:num_replies\";}s:8:\"datatype\";s:11:\"xsd:integer\";}s:13:\"last_activity\";a:3:{s:10:\"predicates\";a:1:{i:0;s:23:\"sioc:last_activity_date\";}s:8:\"datatype\";s:12:\"xsd:dateTime\";s:8:\"callback\";s:12:\"date_iso8601\";}}'),('node','page','a:9:{s:7:\"rdftype\";a:1:{i:0;s:13:\"foaf:Document\";}s:5:\"title\";a:1:{s:10:\"predicates\";a:1:{i:0;s:8:\"dc:title\";}}s:7:\"created\";a:3:{s:10:\"predicates\";a:2:{i:0;s:7:\"dc:date\";i:1;s:10:\"dc:created\";}s:8:\"datatype\";s:12:\"xsd:dateTime\";s:8:\"callback\";s:12:\"date_iso8601\";}s:7:\"changed\";a:3:{s:10:\"predicates\";a:1:{i:0;s:11:\"dc:modified\";}s:8:\"datatype\";s:12:\"xsd:dateTime\";s:8:\"callback\";s:12:\"date_iso8601\";}s:4:\"body\";a:1:{s:10:\"predicates\";a:1:{i:0;s:15:\"content:encoded\";}}s:3:\"uid\";a:2:{s:10:\"predicates\";a:1:{i:0;s:16:\"sioc:has_creator\";}s:4:\"type\";s:3:\"rel\";}s:4:\"name\";a:1:{s:10:\"predicates\";a:1:{i:0;s:9:\"foaf:name\";}}s:13:\"comment_count\";a:2:{s:10:\"predicates\";a:1:{i:0;s:16:\"sioc:num_replies\";}s:8:\"datatype\";s:11:\"xsd:integer\";}s:13:\"last_activity\";a:3:{s:10:\"predicates\";a:1:{i:0;s:23:\"sioc:last_activity_date\";}s:8:\"datatype\";s:12:\"xsd:dateTime\";s:8:\"callback\";s:12:\"date_iso8601\";}}');

--
-- Table structure for table `registry`
--

CREATE TABLE `registry` (
  `name` varchar(255) NOT NULL DEFAULT '' COMMENT 'The name of the function, class, or interface.',
  `type` varchar(9) NOT NULL DEFAULT '' COMMENT 'Either function or class or interface.',
  `filename` varchar(255) NOT NULL COMMENT 'Name of the file.',
  `module` varchar(255) NOT NULL DEFAULT '' COMMENT 'Name of the module the file belongs to.',
  `weight` int(11) NOT NULL DEFAULT '0' COMMENT 'The order in which this module’s hooks should be invoked relative to other modules. Equal-weighted modules are ordered by name.',
  PRIMARY KEY (`name`,`type`),
  KEY `hook` (`type`,`weight`,`module`)
) ENGINE=InnoDB DEFAULT CHARSET=utf8 COMMENT='Each record is a function, class, or interface name and...';

--
-- Dumping data for table `registry`
--

INSERT INTO `registry` VALUES ('AccessDeniedTestCase','class','modules/system/system.test','system',0),('AdminMetaTagTestCase','class','modules/system/system.test','system',0),('ArchiverInterface','interface','includes/archiver.inc','',0),('ArchiverTar','class','modules/system/system.archiver.inc','system',0),('ArchiverZip','class','modules/system/system.archiver.inc','system',0),('Archive_Tar','class','modules/system/system.tar.inc','system',0),('BatchMemoryQueue','class','includes/batch.queue.inc','',0),('BatchQueue','class','includes/batch.queue.inc','',0),('BlockAdminThemeTestCase','class','modules/block/block.test','block',0),('BlockCacheTestCase','class','modules/block/block.test','block',0),('BlockHTMLIdTestCase','class','modules/block/block.test','block',0),('BlockTemplateSuggestionsUnitTest','class','modules/block/block.test','block',0),('BlockTestCase','class','modules/block/block.test','block',0),('ColorTestCase','class','modules/color/color.test','color',0),('CommentActionsTestCase','class','modules/comment/comment.test','comment',0),('CommentAnonymous','class','modules/comment/comment.test','comment',0),('CommentApprovalTest','class','modules/comment/comment.test','comment',0),('CommentBlockFunctionalTest','class','modules/comment/comment.test','comment',0),('CommentContentRebuild','class','modules/comment/comment.test','comment',0),('CommentController','class','modules/comment/comment.module','comment',0),('CommentFieldsTest','class','modules/comment/comment.test','comment',0),('CommentHelperCase','class','modules/comment/comment.test','comment',0),('CommentInterfaceTest','class','modules/comment/comment.test','comment',0),('CommentNodeAccessTest','class','modules/comment/comment.test','comment',0),('CommentPagerTest','class','modules/comment/comment.test','comment',0),('CommentPreviewTest','class','modules/comment/comment.test','comment',0),('CommentRSSUnitTest','class','modules/comment/comment.test','comment',0),('CommentTokenReplaceTestCase','class','modules/comment/comment.test','comment',0),('CronRunTestCase','class','modules/system/system.test','system',0),('DashboardBlocksTestCase','class','modules/dashboard/dashboard.test','dashboard',0),('Database','class','includes/database/database.inc','',0),('DatabaseCondition','class','includes/database/query.inc','',0),('DatabaseConnection','class','includes/database/database.inc','',0),('DatabaseConnectionNotDefinedException','class','includes/database/database.inc','',0),('DatabaseConnection_mysql','class','includes/database/mysql/database.inc','',0),('DatabaseConnection_pgsql','class','includes/database/pgsql/database.inc','',0),('DatabaseConnection_sqlite','class','includes/database/sqlite/database.inc','',0),('DatabaseDriverNotSpecifiedException','class','includes/database/database.inc','',0),('DatabaseLog','class','includes/database/log.inc','',0),('DatabaseSchema','class','includes/database/schema.inc','',0),('DatabaseSchemaObjectDoesNotExistException','class','includes/database/schema.inc','',0),('DatabaseSchemaObjectExistsException','class','includes/database/schema.inc','',0),('DatabaseSchema_mysql','class','includes/database/mysql/schema.inc','',0),('DatabaseSchema_pgsql','class','includes/database/pgsql/schema.inc','',0),('DatabaseSchema_sqlite','class','includes/database/sqlite/schema.inc','',0),('DatabaseStatementBase','class','includes/database/database.inc','',0),('DatabaseStatementEmpty','class','includes/database/database.inc','',0),('DatabaseStatementInterface','interface','includes/database/database.inc','',0),('DatabaseStatementPrefetch','class','includes/database/prefetch.inc','',0),('DatabaseStatement_sqlite','class','includes/database/sqlite/database.inc','',0),('DatabaseTaskException','class','includes/install.inc','',0),('DatabaseTasks','class','includes/install.inc','',0),('DatabaseTasks_mysql','class','includes/database/mysql/install.inc','',0),('DatabaseTasks_pgsql','class','includes/database/pgsql/install.inc','',0),('DatabaseTasks_sqlite','class','includes/database/sqlite/install.inc','',0),('DatabaseTransaction','class','includes/database/database.inc','',0),('DatabaseTransactionCommitFailedException','class','includes/database/database.inc','',0),('DatabaseTransactionExplicitCommitNotAllowedException','class','includes/database/database.inc','',0),('DatabaseTransactionNameNonUniqueException','class','includes/database/database.inc','',0),('DatabaseTransactionNoActiveException','class','includes/database/database.inc','',0),('DatabaseTransactionOutOfOrderException','class','includes/database/database.inc','',0),('DateTimeFunctionalTest','class','modules/system/system.test','system',0),('DBLogTestCase','class','modules/dblog/dblog.test','dblog',0),('DefaultMailSystem','class','modules/system/system.mail.inc','system',0),('DeleteQuery','class','includes/database/query.inc','',0),('DeleteQuery_sqlite','class','includes/database/sqlite/query.inc','',0),('DrupalCacheArray','class','includes/bootstrap.inc','',0),('DrupalCacheInterface','interface','includes/cache.inc','',0),('DrupalDatabaseCache','class','includes/cache.inc','',0),('DrupalDefaultEntityController','class','includes/entity.inc','',0),('DrupalEntityControllerInterface','interface','includes/entity.inc','',0),('DrupalFakeCache','class','includes/cache-install.inc','',0),('DrupalLocalStreamWrapper','class','includes/stream_wrappers.inc','',0),('DrupalPrivateStreamWrapper','class','includes/stream_wrappers.inc','',0),('DrupalPublicStreamWrapper','class','includes/stream_wrappers.inc','',0),('DrupalQueue','class','modules/system/system.queue.inc','system',0),('DrupalQueueInterface','interface','modules/system/system.queue.inc','system',0),('DrupalReliableQueueInterface','interface','modules/system/system.queue.inc','system',0),('DrupalStreamWrapperInterface','interface','includes/stream_wrappers.inc','',0),('DrupalTemporaryStreamWrapper','class','includes/stream_wrappers.inc','',0),('DrupalUpdateException','class','includes/update.inc','',0),('DrupalUpdaterInterface','interface','includes/updater.inc','',0),('EnableDisableTestCase','class','modules/system/system.test','system',0),('EntityFieldQuery','class','includes/entity.inc','',0),('EntityFieldQueryException','class','includes/entity.inc','',0),('EntityMalformedException','class','includes/entity.inc','',0),('EntityPropertiesTestCase','class','modules/field/tests/field.test','field',0),('FieldAttachOtherTestCase','class','modules/field/tests/field.test','field',0),('FieldAttachStorageTestCase','class','modules/field/tests/field.test','field',0),('FieldAttachTestCase','class','modules/field/tests/field.test','field',0),('FieldBulkDeleteTestCase','class','modules/field/tests/field.test','field',0),('FieldCrudTestCase','class','modules/field/tests/field.test','field',0),('FieldDisplayAPITestCase','class','modules/field/tests/field.test','field',0),('FieldException','class','modules/field/field.module','field',0),('FieldFormTestCase','class','modules/field/tests/field.test','field',0),('FieldInfoTestCase','class','modules/field/tests/field.test','field',0),('FieldInstanceCrudTestCase','class','modules/field/tests/field.test','field',0),('FieldsOverlapException','class','includes/database/database.inc','',0),('FieldSqlStorageTestCase','class','modules/field/modules/field_sql_storage/field_sql_storage.test','field_sql_storage',0),('FieldTestCase','class','modules/field/tests/field.test','field',0),('FieldTranslationsTestCase','class','modules/field/tests/field.test','field',0),('FieldUIManageDisplayTestCase','class','modules/field_ui/field_ui.test','field_ui',0),('FieldUIManageFieldsTestCase','class','modules/field_ui/field_ui.test','field_ui',0),('FieldUITestCase','class','modules/field_ui/field_ui.test','field_ui',0),('FieldUpdateForbiddenException','class','modules/field/field.module','field',0),('FieldValidationException','class','modules/field/field.attach.inc','field',0),('FileFieldDisplayTestCase','class','modules/file/tests/file.test','file',0),('FileFieldPathTestCase','class','modules/file/tests/file.test','file',0),('FileFieldRevisionTestCase','class','modules/file/tests/file.test','file',0),('FileFieldTestCase','class','modules/file/tests/file.test','file',0),('FileFieldValidateTestCase','class','modules/file/tests/file.test','file',0),('FileFieldWidgetTestCase','class','modules/file/tests/file.test','file',0),('FileManagedFileElementTestCase','class','modules/file/tests/file.test','file',0),('FilePrivateTestCase','class','modules/file/tests/file.test','file',0),('FileTokenReplaceTestCase','class','modules/file/tests/file.test','file',0),('FileTransfer','class','includes/filetransfer/filetransfer.inc','',0),('FileTransferChmodInterface','interface','includes/filetransfer/filetransfer.inc','',0),('FileTransferException','class','includes/filetransfer/filetransfer.inc','',0),('FileTransferFTP','class','includes/filetransfer/ftp.inc','',0),('FileTransferFTPExtension','class','includes/filetransfer/ftp.inc','',0),('FileTransferLocal','class','includes/filetransfer/local.inc','',0),('FileTransferSSH','class','includes/filetransfer/ssh.inc','',0),('FilterAdminTestCase','class','modules/filter/filter.test','filter',0),('FilterCRUDTestCase','class','modules/filter/filter.test','filter',0),('FilterDefaultFormatTestCase','class','modules/filter/filter.test','filter',0),('FilterFormatAccessTestCase','class','modules/filter/filter.test','filter',0),('FilterHooksTestCase','class','modules/filter/filter.test','filter',0),('FilterNoFormatTestCase','class','modules/filter/filter.test','filter',0),('FilterSecurityTestCase','class','modules/filter/filter.test','filter',0),('FilterUnitTestCase','class','modules/filter/filter.test','filter',0),('FloodFunctionalTest','class','modules/system/system.test','system',0),('FrontPageTestCase','class','modules/system/system.test','system',0),('FusionApplyApiTestCase','class','sites/all/modules/fusion_accelerator/fusion_apply/tests/fusion_apply.test','fusion_apply',0),('FusionApplyDisplayTestCase','class','sites/all/modules/fusion_accelerator/fusion_apply/tests/fusion_apply.test','fusion_apply',0),('FusionApplyInstallationTestCase','class','sites/all/modules/fusion_accelerator/fusion_apply/tests/fusion_apply.test','fusion_apply',0),('FusionApplyRulesApiTestCase','class','sites/all/modules/fusion_accelerator/fusion_apply/tests/fusion_apply.test','fusion_apply',0),('FusionApplyUIAdminTestCase','class','sites/all/modules/fusion_accelerator/fusion_apply/tests/fusion_apply_ui.test','fusion_apply_ui',0),('FusionApplyUIBasicTestCase','class','sites/all/modules/fusion_accelerator/fusion_apply/tests/fusion_apply_ui.test','fusion_apply_ui',0),('FusionApplyUIPluginPanelsTestCase','class','sites/all/modules/fusion_accelerator/fusion_apply/tests/fusion_apply_ui.test','fusion_apply_ui',0),('FusionApplyUIPluginTestCase','class','sites/all/modules/fusion_accelerator/fusion_apply/tests/fusion_apply_ui.test','fusion_apply_ui',0),('FusionApplyUIPluginViewsTestCase','class','sites/all/modules/fusion_accelerator/fusion_apply/tests/fusion_apply_ui.test','fusion_apply_ui',0),('FusionApplyUIRulesTestCase','class','sites/all/modules/fusion_accelerator/fusion_apply/tests/fusion_apply_ui.test','fusion_apply_ui',0),('FusionApplyUITestCase','class','sites/all/modules/fusion_accelerator/fusion_apply/tests/fusion_apply_ui.test','fusion_apply_ui',0),('HelpTestCase','class','modules/help/help.test','help',0),('HookRequirementsTestCase','class','modules/system/system.test','system',0),('ImageAdminStylesUnitTest','class','modules/image/image.test','image',0),('ImageEffectsUnitTest','class','modules/image/image.test','image',0),('ImageFieldDisplayTestCase','class','modules/image/image.test','image',0),('ImageFieldTestCase','class','modules/image/image.test','image',0),('ImageFieldValidateTestCase','class','modules/image/image.test','image',0),('ImageStylesPathAndUrlUnitTest','class','modules/image/image.test','image',0),('InfoFileParserTestCase','class','modules/system/system.test','system',0),('InsertQuery','class','includes/database/query.inc','',0),('InsertQuery_mysql','class','includes/database/mysql/query.inc','',0),('InsertQuery_pgsql','class','includes/database/pgsql/query.inc','',0),('InsertQuery_sqlite','class','includes/database/sqlite/query.inc','',0),('InvalidMergeQueryException','class','includes/database/database.inc','',0),('IPAddressBlockingTestCase','class','modules/system/system.test','system',0),('ListFieldTestCase','class','modules/field/modules/list/tests/list.test','list',0),('ListFieldUITestCase','class','modules/field/modules/list/tests/list.test','list',0),('MailSystemInterface','interface','includes/mail.inc','',0),('MemoryQueue','class','modules/system/system.queue.inc','system',0),('MenuNodeTestCase','class','modules/menu/menu.test','menu',0),('MenuTestCase','class','modules/menu/menu.test','menu',0),('MergeQuery','class','includes/database/query.inc','',0),('ModuleDependencyTestCase','class','modules/system/system.test','system',0),('ModuleRequiredTestCase','class','modules/system/system.test','system',0),('ModuleTestCase','class','modules/system/system.test','system',0),('ModuleUpdater','class','modules/system/system.updater.inc','system',0),('ModuleVersionTestCase','class','modules/system/system.test','system',0),('MultiStepNodeFormBasicOptionsTest','class','modules/node/node.test','node',0),('NewDefaultThemeBlocks','class','modules/block/block.test','block',0),('NodeAccessBaseTableTestCase','class','modules/node/node.test','node',0),('NodeAccessRebuildTestCase','class','modules/node/node.test','node',0),('NodeAccessRecordsUnitTest','class','modules/node/node.test','node',0),('NodeAccessUnitTest','class','modules/node/node.test','node',0),('NodeAdminTestCase','class','modules/node/node.test','node',0),('NodeBlockFunctionalTest','class','modules/node/node.test','node',0),('NodeBlockTestCase','class','modules/node/node.test','node',0),('NodeBuildContent','class','modules/node/node.test','node',0),('NodeController','class','modules/node/node.module','node',0),('NodeCreationTestCase','class','modules/node/node.test','node',0),('NodeEntityFieldQueryAlter','class','modules/node/node.test','node',0),('NodeFeedTestCase','class','modules/node/node.test','node',0),('NodeLoadHooksTestCase','class','modules/node/node.test','node',0),('NodeLoadMultipleUnitTest','class','modules/node/node.test','node',0),('NodePostSettingsTestCase','class','modules/node/node.test','node',0),('NodeQueryAlter','class','modules/node/node.test','node',0),('NodeRevisionsTestCase','class','modules/node/node.test','node',0),('NodeRSSContentTestCase','class','modules/node/node.test','node',0),('NodeSaveTestCase','class','modules/node/node.test','node',0),('NodeTitleTestCase','class','modules/node/node.test','node',0),('NodeTitleXSSTestCase','class','modules/node/node.test','node',0),('NodeTokenReplaceTestCase','class','modules/node/node.test','node',0),('NodeTypePersistenceTestCase','class','modules/node/node.test','node',0),('NodeTypeTestCase','class','modules/node/node.test','node',0),('NoFieldsException','class','includes/database/database.inc','',0),('NoHelpTestCase','class','modules/help/help.test','help',0),('NonDefaultBlockAdmin','class','modules/block/block.test','block',0),('NumberFieldTestCase','class','modules/field/modules/number/number.test','number',0),('OptionsWidgetsTestCase','class','modules/field/modules/options/options.test','options',0),('PageEditTestCase','class','modules/node/node.test','node',0),('PageNotFoundTestCase','class','modules/system/system.test','system',0),('PagePreviewTestCase','class','modules/node/node.test','node',0),('PagerDefault','class','includes/pager.inc','',0),('PageTitleFiltering','class','modules/system/system.test','system',0),('PageViewTestCase','class','modules/node/node.test','node',0),('PathLanguageTestCase','class','modules/path/path.test','path',0),('PathLanguageUITestCase','class','modules/path/path.test','path',0),('PathMonolingualTestCase','class','modules/path/path.test','path',0),('PathTaxonomyTermTestCase','class','modules/path/path.test','path',0),('PathTestCase','class','modules/path/path.test','path',0),('Query','class','includes/database/query.inc','',0),('QueryAlterableInterface','interface','includes/database/query.inc','',0),('QueryConditionInterface','interface','includes/database/query.inc','',0),('QueryExtendableInterface','interface','includes/database/select.inc','',0),('QueryPlaceholderInterface','interface','includes/database/query.inc','',0),('QueueTestCase','class','modules/system/system.test','system',0),('RdfCommentAttributesTestCase','class','modules/rdf/rdf.test','rdf',0),('RdfCrudTestCase','class','modules/rdf/rdf.test','rdf',0),('RdfGetRdfNamespacesTestCase','class','modules/rdf/rdf.test','rdf',0),('RdfMappingDefinitionTestCase','class','modules/rdf/rdf.test','rdf',0),('RdfMappingHookTestCase','class','modules/rdf/rdf.test','rdf',0),('RdfRdfaMarkupTestCase','class','modules/rdf/rdf.test','rdf',0),('RdfTrackerAttributesTestCase','class','modules/rdf/rdf.test','rdf',0),('RetrieveFileTestCase','class','modules/system/system.test','system',0),('SchemaCache','class','includes/bootstrap.inc','',0),('SearchAdvancedSearchForm','class','modules/search/search.test','search',0),('SearchBlockTestCase','class','modules/search/search.test','search',0),('SearchCommentCountToggleTestCase','class','modules/search/search.test','search',0),('SearchCommentTestCase','class','modules/search/search.test','search',0),('SearchConfigSettingsForm','class','modules/search/search.test','search',0),('SearchEmbedForm','class','modules/search/search.test','search',0),('SearchExactTestCase','class','modules/search/search.test','search',0),('SearchExcerptTestCase','class','modules/search/search.test','search',0),('SearchExpressionInsertExtractTestCase','class','modules/search/search.test','search',0),('SearchKeywordsConditions','class','modules/search/search.test','search',0),('SearchLanguageTestCase','class','modules/search/search.test','search',0),('SearchMatchTestCase','class','modules/search/search.test','search',0),('SearchNodeAccessTest','class','modules/search/search.test','search',0),('SearchNumberMatchingTestCase','class','modules/search/search.test','search',0),('SearchNumbersTestCase','class','modules/search/search.test','search',0),('SearchPageOverride','class','modules/search/search.test','search',0),('SearchPageText','class','modules/search/search.test','search',0),('SearchQuery','class','modules/search/search.extender.inc','search',0),('SearchRankingTestCase','class','modules/search/search.test','search',0),('SearchSimplifyTestCase','class','modules/search/search.test','search',0),('SearchTokenizerTestCase','class','modules/search/search.test','search',0),('SelectQuery','class','includes/database/select.inc','',0),('SelectQueryExtender','class','includes/database/select.inc','',0),('SelectQueryInterface','interface','includes/database/select.inc','',0),('SelectQuery_pgsql','class','includes/database/pgsql/select.inc','',0),('SelectQuery_sqlite','class','includes/database/sqlite/select.inc','',0),('ShortcutLinksTestCase','class','modules/shortcut/shortcut.test','shortcut',0),('ShortcutSetsTestCase','class','modules/shortcut/shortcut.test','shortcut',0),('ShortcutTestCase','class','modules/shortcut/shortcut.test','shortcut',0),('ShutdownFunctionsTest','class','modules/system/system.test','system',0),('SiteMaintenanceTestCase','class','modules/system/system.test','system',0),('SkipDotsRecursiveDirectoryIterator','class','includes/filetransfer/filetransfer.inc','',0),('StreamWrapperInterface','interface','includes/stream_wrappers.inc','',0),('SummaryLengthTestCase','class','modules/node/node.test','node',0),('SystemAdminTestCase','class','modules/system/system.test','system',0),('SystemAuthorizeCase','class','modules/system/system.test','system',0),('SystemBlockTestCase','class','modules/system/system.test','system',0),('SystemIndexPhpTest','class','modules/system/system.test','system',0),('SystemInfoAlterTestCase','class','modules/system/system.test','system',0),('SystemMainContentFallback','class','modules/system/system.test','system',0),('SystemQueue','class','modules/system/system.queue.inc','system',0),('SystemThemeFunctionalTest','class','modules/system/system.test','system',0),('TableSort','class','includes/tablesort.inc','',0),('TaxonomyHooksTestCase','class','modules/taxonomy/taxonomy.test','taxonomy',0),('TaxonomyLegacyTestCase','class','modules/taxonomy/taxonomy.test','taxonomy',0),('TaxonomyLoadMultipleUnitTest','class','modules/taxonomy/taxonomy.test','taxonomy',0),('TaxonomyTermController','class','modules/taxonomy/taxonomy.module','taxonomy',0),('TaxonomyTermFieldTestCase','class','modules/taxonomy/taxonomy.test','taxonomy',0),('TaxonomyTermTestCase','class','modules/taxonomy/taxonomy.test','taxonomy',0),('TaxonomyTermUnitTest','class','modules/taxonomy/taxonomy.test','taxonomy',0),('TaxonomyThemeTestCase','class','modules/taxonomy/taxonomy.test','taxonomy',0),('TaxonomyTokenReplaceTestCase','class','modules/taxonomy/taxonomy.test','taxonomy',0),('TaxonomyVocabularyController','class','modules/taxonomy/taxonomy.module','taxonomy',0),('TaxonomyVocabularyFunctionalTest','class','modules/taxonomy/taxonomy.test','taxonomy',0),('TaxonomyVocabularyUnitTest','class','modules/taxonomy/taxonomy.test','taxonomy',0),('TaxonomyWebTestCase','class','modules/taxonomy/taxonomy.test','taxonomy',0),('TestingMailSystem','class','modules/system/system.mail.inc','system',0),('TextFieldTestCase','class','modules/field/modules/text/text.test','text',0),('TextSummaryTestCase','class','modules/field/modules/text/text.test','text',0),('TextTranslationTestCase','class','modules/field/modules/text/text.test','text',0),('ThemeUpdater','class','modules/system/system.updater.inc','system',0),('TokenReplaceTestCase','class','modules/system/system.test','system',0),('TruncateQuery','class','includes/database/query.inc','',0),('TruncateQuery_mysql','class','includes/database/mysql/query.inc','',0),('TruncateQuery_sqlite','class','includes/database/sqlite/query.inc','',0),('UpdateCoreTestCase','class','modules/update/update.test','update',0),('UpdateQuery','class','includes/database/query.inc','',0),('UpdateQuery_pgsql','class','includes/database/pgsql/query.inc','',0),('UpdateQuery_sqlite','class','includes/database/sqlite/query.inc','',0),('Updater','class','includes/updater.inc','',0),('UpdaterException','class','includes/updater.inc','',0),('UpdaterFileTransferException','class','includes/updater.inc','',0),('UpdateScriptFunctionalTest','class','modules/system/system.test','system',0),('UpdateTestContribCase','class','modules/update/update.test','update',0),('UpdateTestHelper','class','modules/update/update.test','update',0),('UpdateTestUploadCase','class','modules/update/update.test','update',0),('UserAccountLinksUnitTests','class','modules/user/user.test','user',0),('UserAdminTestCase','class','modules/user/user.test','user',0),('UserAuthmapAssignmentTestCase','class','modules/user/user.test','user',0),('UserAutocompleteTestCase','class','modules/user/user.test','user',0),('UserBlocksUnitTests','class','modules/user/user.test','user',0),('UserCancelTestCase','class','modules/user/user.test','user',0),('UserController','class','modules/user/user.module','user',0),('UserCreateTestCase','class','modules/user/user.test','user',0),('UserEditedOwnAccountTestCase','class','modules/user/user.test','user',0),('UserEditTestCase','class','modules/user/user.test','user',0),('UserLoginTestCase','class','modules/user/user.test','user',0),('UserPermissionsTestCase','class','modules/user/user.test','user',0),('UserPictureTestCase','class','modules/user/user.test','user',0),('UserRegistrationTestCase','class','modules/user/user.test','user',0),('UserRoleAdminTestCase','class','modules/user/user.test','user',0),('UserRolesAssignmentTestCase','class','modules/user/user.test','user',0),('UserSaveTestCase','class','modules/user/user.test','user',0),('UserSignatureTestCase','class','modules/user/user.test','user',0),('UserTimeZoneFunctionalTest','class','modules/user/user.test','user',0),('UserTokenReplaceTestCase','class','modules/user/user.test','user',0),('UserUserSearchTestCase','class','modules/user/user.test','user',0),('UserValidateCurrentPassCustomForm','class','modules/user/user.test','user',0),('UserValidationTestCase','class','modules/user/user.test','user',0);

--
-- Table structure for table `registry_file`
--

CREATE TABLE `registry_file` (
  `filename` varchar(255) NOT NULL COMMENT 'Path to the file.',
  `hash` varchar(64) NOT NULL COMMENT 'sha-256 hash of the file’s contents when last parsed.',
  PRIMARY KEY (`filename`)
) ENGINE=InnoDB DEFAULT CHARSET=utf8 COMMENT='Files parsed to build the registry.';

--
-- Dumping data for table `registry_file`
--

INSERT INTO `registry_file` VALUES ('includes/actions.inc','3e1b89b7dd2465549361915ffc50b713a8f3a568baa703f034e48b24977f83c8'),('includes/ajax.inc','a6a0847d63032f67c4bd06c3926c639cfafc58f52c17f31f4c8c13fa5699cc6a'),('includes/archiver.inc','097a78f5794237e8242b540649d824b930008027362c1359773e22c2b21cd6e5'),('includes/authorize.inc','bd85cb5d7bec2906e85be1b7187410680190b568e433fdcff944f74b7e1c616d'),('includes/batch.inc','f32d52b88dc6bd0b3117fef0057d6084fbe132afb0fbf638daaa42bce7a2a3c5'),('includes/batch.queue.inc','34face1f61857ec26e414712c647b06acbd5ec4437a71abf090e83cbdf691794'),('includes/bootstrap.inc','faeef91dec3a689471b90199da366756459f70ff9084bb78f94b755cb3b04dd4'),('includes/cache-install.inc','2d223093cf3740d190746d1c348607694a8475c0da91ffd2386454995a17995e'),('includes/cache.inc','5239bd1707257d0abdd5396d6febd34bea08dd6ceb318265f3c9b7b21b38f23f'),('includes/common.inc','3e60fff0c30dea3c0739e52d0cc1f30070b60f2406edcde31e71006139b40bff'),('includes/database/database.inc','6e508386cce4f1f26dba5e897fc99dd7a4b5cbf12f4076e979ff2a6c98137357'),('includes/database/log.inc','4ecbdf9022d8c612310b41af575f10b0d4c041c0fbc41c6dc7e1f2ab6eacce6b'),('includes/database/mysql/database.inc','b0f19ed69d68e1a43f46e10a5a3bfbf97ce72cf936379c1519ceccfa3b359584'),('includes/database/mysql/install.inc','6ae316941f771732fbbabed7e1d6b4cbb41b1f429dd097d04b3345aa15e461a0'),('includes/database/mysql/query.inc','e2a5457ec40a8f88f6a822bdc77f74865e4c02206fc733c2945c8897f46093de'),('includes/database/mysql/schema.inc','f71af9dda287f0f37e7bd0077b801a6d3f38c951a9c2c6ea3b71dff1b69077d3'),('includes/database/pgsql/database.inc','c2bf3fa2d03583f3a6c6df76dc5ee204f7d44d5c2ee451af500583d4775877e0'),('includes/database/pgsql/install.inc','585b80c5bbd6f134bff60d06397f15154657a577d4da8d1b181858905f09dea5'),('includes/database/pgsql/query.inc','cb4c84f8f1ffc73098ed71137248dcd078a505a7530e60d979d74b3a3cdaa658'),('includes/database/pgsql/schema.inc','1442123ab5040a55797126cfa1cf9103f7a9df22b3c23b5055c9c27e4f12d262'),('includes/database/pgsql/select.inc','ce06c4353d4322e519e1c90ca863e6666edc370fb3c12568fedf466334b2e2be'),('includes/database/prefetch.inc','8d39658800c5b648b8aafc253cd36162c22ba54febe543ad14fc50016b02ba93'),('includes/database/query.inc','5c7c960209b84c874e9e6bafdcdc59eeb45651b6969e7f8ba17a460294fa2256'),('includes/database/schema.inc','1996c5e11a984348f29baa6f19e9a995280828bdbbaa3e8c5d747dd28e93d7a2'),('includes/database/select.inc','f623cc9572f87b76716389d7188884f78a0aa110006e48374151c1aef31b29f0'),('includes/database/sqlite/database.inc','644fe9e0b31303b46b080cbc41fe4c2b3fc972071dcb34f754d7f83f0ce79083'),('includes/database/sqlite/install.inc','381f3db8c59837d961978ba3097bb6443534ed1659fd713aa563963fa0c42cc5'),('includes/database/sqlite/query.inc','61e0459c0c9252ca465b86c475d88e09ea34c8cdb28220eb37a7d44357f5474f'),('includes/database/sqlite/schema.inc','b43202cce5e8a637432b0d83c90b6250822b722ee033e1b6f7b3d76b92ffc9a7'),('includes/database/sqlite/select.inc','4ecb9d21d2f07237f7603e925519886dde0b8da82f96999b865ff0803438744e'),('includes/date.inc','32124baa81a1411631de23ade5615be0d81bc7c7169ea60d22f9badd333cf284'),('includes/entity.inc','0d3e537e907e9465ef3affe63adaf3a22889673c0618789998c09b831807e8b1'),('includes/errors.inc','2bb3582fbee23850aa480f9a13bf11f886cf81de3fa02545aba64a407facd982'),('includes/file.inc','cf898bf744766b0ee006da7a5745a8487305ffc777bacbb2cea10bf7ed788a14'),('includes/file.mimetypes.inc','c6078a196ca29acb4b62a3a3c336e822d2a74cbc2c9df630e539790cb8bcbbbc'),('includes/filetransfer/filetransfer.inc','ee9393beddc7190f7a161f5563953d1b58e355026fcc2392443a9e6b4c600531'),('includes/filetransfer/ftp.inc','589ebf4b8bd4a2973aa56a156ac1fa83b6c73e703391361fb573167670e0d832'),('includes/filetransfer/local.inc','7cbfdb46abbdf539640db27e66fb30e5265128f31002bd0dfc3af16ae01a9492'),('includes/filetransfer/ssh.inc','002e24a24cac133d12728bd3843868ce378681237d7fad420761af84e6efe5ad'),('includes/form.inc','88d2f1e41bd84dced516a392b2b0428de0e1214d6d4ddee143f473e9c57ff013'),('includes/graph.inc','577a50594521edecd7139fcecd6af3a941e456ea0e0577e38ee14b785422aabb'),('includes/image.inc','2fefbd7e73eb51eece8acd7b374b23bf77a717c1553ad83b321a7be194c9e531'),('includes/install.core.inc','b230ede834f21c75dc736d5f583b41b02f3c88eef37b1ee9036d294c7f9dbba2'),('includes/install.inc','2dda96a9169cd82e5f49c08c311a1be9decd6c259a385c57b370284072078ec5'),('includes/iso.inc','379c2bd8332ce03a3772787b004e9b1a4468fd23f18d1b9397902fd6d9dbf2d8'),('includes/language.inc','5e0595c6def071694fa500b4636d15d482dafddb612a977201b5406b813be7a6'),('includes/locale.inc','5e6890eaaab5acd3bda2f2d2dc6e3faa9a4a77649ca2cae4225b9d0f24b50fda'),('includes/lock.inc','daa62e95528f6b986b85680b600a896452bf2ce6f38921242857dcc5a3460a1b'),('includes/mail.inc','673b413f445966854954699ceccd0deae860c1359e2334c3bbe93e31a52dd9b0'),('includes/menu.inc','d9460911178cc73d72a414f5a048d5b51f754d4f2e987ee97d474dc2102f2671'),('includes/module.inc','ac27386cf8bfb02192580b8f51ca354a7ea30e444084203d02f2ce9285e85b60'),('includes/pager.inc','48733f9985fd5879b964b91b69215edb63efc30d24a222df0893d35e0096b9e6'),('includes/password.inc','c3fc2fef03822dfe9981bab502a37893f8865ff529ad34cf9be9a17e86add510'),('includes/path.inc','992d563dbd6e67f58e358176be09eb1fb75f95510a93cb45bf463ce798670bff'),('includes/registry.inc','ce22f7715c8037095e6b7dfb86594d3f5ca0908e0614862cc60334852ce3b971'),('includes/session.inc','2a904d6eb8f561b5c6b08c6e7528b76b2b8d7f1de34e9738cebe69a1a0b922b2'),('includes/stream_wrappers.inc','2942d0e700d46b8eae25dd72ede0e355de3b3b2ff309447fb6cbe89543370d2e'),('includes/tablesort.inc','3f3cb2820920f7edc0c3d046ffba4fc4e3b73a699a2492780371141cf501aa50'),('includes/theme.inc','b82fd541fc6b375ebc833f87eb4ee8eef4b31ee51f7fe5c5321ae831df0a73ee'),('includes/theme.maintenance.inc','d110314b4d943c3e965fcefe452f6873b53cd6a8844154467dfcbb2b6142dc82'),('includes/token.inc','015328d6573ceece0a0712fcbad890719cff8d65a37839ece36bc64e97d63466'),('includes/unicode.entities.inc','2b858138596d961fbaa4c6e3986e409921df7f76b6ee1b109c4af5970f1e0f54'),('includes/unicode.inc','5409227091e55cef4c1b0bb9c159720aecaa07e7bf2683fe7c242691aa1036cc'),('includes/update.inc','11b276443e4eb4515453c47608f0e019a9f90e4354f2f157502eb9258636b4e5'),('includes/updater.inc','1715fbda750de86ecde8abd71d61886423367d3c9a17c31138638361b1c27e51'),('includes/utility.inc','04865d2c973e3df62f673b68631a880dbf39fdc5e22a5935e2e6b86576fa9030'),('includes/xmlrpc.inc','1176a9e5b5990f8219b48c49bb858a2a980f95428aa519acea19282109e27e83'),('includes/xmlrpcs.inc','2df450cf2153959a4581d8e61867c587f61fcdea5dd2653e36c6a6028fc1b395'),('modules/block/block.test','910abf2e1b7d31e5e5330f34cf21d04e8b8d55f24cfdd7ee3e82e38bf572267e'),('modules/color/color.test','5cc2a668dba0b8905ca360a7bfa04e9e501b61b7a8ac88b51ecca688dda1a21e'),('modules/comment/comment.module','9f9d5a7b5e654276c81d3cbe0089bb990f085823e892dc26b90f825aef8faab7'),('modules/comment/comment.test','262c7f7982e3c3d6dea3646ad5bacc6f0611dffaeb2043675b789edc31bb19ec'),('modules/dashboard/dashboard.test','0472cfe50d7f5f90ba6e55003bbb6a79d8cf4791f3d39740e2f1f3df65743d79'),('modules/dblog/dblog.test','8538535f68ac410003a9d0776915b4ca42e61f9fec848b4d65a79dc28a43d49c'),('modules/field/field.attach.inc','65b6f010e3f9d1868098d771963113307b63fd6e6454c01f0086cd4c0de71414'),('modules/field/field.module','e4b0bab77e29904d0a95077aa3425e54bf15d8d1185bee26969bf5c59ac68698'),('modules/field/modules/field_sql_storage/field_sql_storage.test','fa8f69ac79f4190a612faa6d1df3075be39571da2e897265c13e219dccf65b1c'),('modules/field/modules/list/tests/list.test','13e32f6e649512897f4e277d88aa0dbead2a605346f581321396464ab8ad0b0c'),('modules/field/modules/number/number.test','fd05e554b3ec30431d11dadea24e476f1d534cbd0c2d06bb64f003adb8fbff89'),('modules/field/modules/options/options.test','2f2e15ab5e6da04033933af77663df220db3da30d0546327ef757968d628e43a'),('modules/field/modules/text/text.test','9d74c6d039f55dd7d6447a59186da8d48bf20617bfe58424612798f649797586'),('modules/field/tests/field.test','1b8d334223ca9e8b5cf7ebfc0727baf5552e303ee01040986e82c852bda1741a'),('modules/field_ui/field_ui.test','58c6515fd7b3bf1d48dbf7a8f5f414df8e74b6e525af5d3ccc852060e245526a'),('modules/file/tests/file.test','651e17859b7ba69958a72fa5a3b5bbca40dc53c79a7b512eb83076c81da0960d'),('modules/filter/filter.test','d1c4f5c10917aa93b6cc1dab58a7f3a86fe4530d21d6c8e63a8fe58a7bd7487f'),('modules/help/help.test','ff6d9f5fc415451951c21a07b125ff749a7cefba879c27e14bb42eb621c58f9d'),('modules/image/image.test','610f7e9f46a18761d53566c14e34d669d5a29b5d0380c89b6c549dec694cfe56'),('modules/menu/menu.test','5d584ef0191c39c11dda474a6a8f6223f6bc82cdbc41ee5742c8fe28f300949a'),('modules/node/node.module','cc290bd3cf407046025f88feb8d4e353e579128b101713abdb2e2c63ee637f14'),('modules/node/node.test','e37213792452a8f98cd0cca66396d9de27464dcc53c50c9032d1225fd794f356'),('modules/path/path.test','bf6a774f0d9b92a48d752eaa270f430ea21ce35e0c09da423442939ac56f9473'),('modules/rdf/rdf.test','358e2ae2069a15c6ba828f3428ab979632ece7aa0ba33a6a5bdbc1d065961373'),('modules/search/search.extender.inc','a8c42b2cac7863835f7f632c7fbfd77b6fe936d465b3bbff73b1645a99c0c9d3'),('modules/search/search.test','2a7af7339aae041f1ddf3916fefc58635c3101b9397ea865cf712a87034aa963'),('modules/shortcut/shortcut.test','0bbc6b16348442ce0aa5cd610feed80ac2b2b3887c709fc457ba0a913ae01f3b'),('modules/system/system.archiver.inc','faa849f3e646a910ab82fd6c8bbf0a4e6b8c60725d7ba81ec0556bd716616cd1'),('modules/system/system.mail.inc','b7ee9ea80059788d8b53823a91db015dfa6c2a66589a6eca6f97b99340e12d6f'),('modules/system/system.queue.inc','4bfc1845db9c888f3df0937a9ff6d783de77880e6301431db9eb2268b9fe572d'),('modules/system/system.tar.inc','743529eab763be74e8169c945e875381fd77d71e336c6d77b7d28e2dfd023a21'),('modules/system/system.test','1bbebd6438335e2b1b6bf4758b6a02c642a2cbe4180bb03fb7dcce2782c3f0cf'),('modules/system/system.updater.inc','e2eeed65b833a6215f807b113f6fb4cc3cc487e93efcb1402ed87c536d2c9ea6'),('modules/taxonomy/taxonomy.module','aab96a917f887d5cd09c517316ca3253d94b08b141a0946449f0a40683411401'),('modules/taxonomy/taxonomy.test','bf998b97d53e036d6f5a0af8a26dc78b0afa1ae37d2f4aefd4aae087a9351f08'),('modules/update/update.test','c357e4a16e1d96b13706a03aff7a3f30011f4e997087c040c5cf8ec77a132a5f'),('modules/user/user.module','d4466cdad9273944d42b059607586bc155d52ca2a6b898523295159e2c5b0aa0'),('modules/user/user.test','9b6cc136d3a267ad039069ac040f9ec33481ef43fd1fb888929750a076302c7c'),('profiles/standard/standard.profile','7237f80e54061c9611c6dc4fcf6225951eedba0704694f4d801673693ba11a05'),('sites/all/modules/fusion_accelerator/fusion_accelerator.module','4228afea2eb25f9735e063a2d166fe82d0bfb50926116ec2fe98da851a0a4868'),('sites/all/modules/fusion_accelerator/fusion_apply/tests/fusion_apply.test','bc5a365b26bfa37bdc5ad4bb4c2e3a24c77be619044ffd8ce0009dc4e51f636d'),('sites/all/modules/fusion_accelerator/fusion_apply/tests/fusion_apply_ui.test','507bb7ae7c9c94191e9d7d4f9c0d9949f80e027f991e3613da02b113bfcf8140');

--
-- Table structure for table `role`
--

CREATE TABLE `role` (
  `rid` int(10) unsigned NOT NULL AUTO_INCREMENT COMMENT 'Primary Key: Unique role ID.',
  `name` varchar(64) NOT NULL DEFAULT '' COMMENT 'Unique role name.',
  `weight` int(11) NOT NULL DEFAULT '0' COMMENT 'The weight of this role in listings and the user interface.',
  PRIMARY KEY (`rid`),
  UNIQUE KEY `name` (`name`),
  KEY `name_weight` (`name`,`weight`)
) ENGINE=InnoDB AUTO_INCREMENT=4 DEFAULT CHARSET=utf8 COMMENT='Stores user roles.';

--
-- Dumping data for table `role`
--

INSERT INTO `role` VALUES (3,'administrator',2),(1,'anonymous user',0),(2,'authenticated user',1);

--
-- Table structure for table `role_permission`
--



--
-- Dumping data for table `role_permission`
--

INSERT INTO `role_permission` VALUES (1,'access comments','comment'),(1,'access content','node'),(1,'use text format filtered_html','filter'),(2,'access comments','comment'),(2,'access content','node'),(2,'post comments','comment'),(2,'skip comment approval','comment'),(2,'use text format filtered_html','filter'),(3,'access administration pages','system'),(3,'access comments','comment'),(3,'access content','node'),(3,'access content overview','node'),(3,'access contextual links','contextual'),(3,'access dashboard','dashboard'),(3,'access overlay','overlay'),(3,'access site in maintenance mode','system'),(3,'access site reports','system'),(3,'access toolbar','toolbar'),(3,'access user profiles','user'),(3,'administer actions','system'),(3,'administer blocks','block'),(3,'administer comments','comment'),(3,'administer content types','node'),(3,'administer filters','filter'),(3,'administer fusion','fusion_apply_ui'),(3,'administer image styles','image'),(3,'administer menu','menu'),(3,'administer modules','system'),(3,'administer nodes','node'),(3,'administer permissions','user'),(3,'administer search','search'),(3,'administer shortcuts','shortcut'),(3,'administer site configuration','system'),(3,'administer software updates','system'),(3,'administer taxonomy','taxonomy'),(3,'administer themes','system'),(3,'administer url aliases','path'),(3,'administer users','user'),(3,'block IP addresses','system'),(3,'bypass node access','node'),(3,'cancel account','user'),(3,'change own username','user'),(3,'create article content','node'),(3,'create page content','node'),(3,'create url aliases','path'),(3,'customize shortcut links','shortcut'),(3,'delete any article content','node'),(3,'delete any page content','node'),(3,'delete own article content','node'),(3,'delete own page content','node'),(3,'delete revisions','node'),(3,'delete terms in 1','taxonomy'),(3,'edit advanced skin settings','fusion_apply_ui'),(3,'edit any article content','node'),(3,'edit any page content','node'),(3,'edit own article content','node'),(3,'edit own comments','comment'),(3,'edit own page content','node'),(3,'edit skin settings','fusion_apply_ui'),(3,'edit terms in 1','taxonomy'),(3,'post comments','comment'),(3,'revert revisions','node'),(3,'search content','search'),(3,'select account cancellation method','user'),(3,'skip comment approval','comment'),(3,'switch shortcut sets','shortcut'),(3,'use advanced search','search'),(3,'use text format filtered_html','filter'),(3,'use text format full_html','filter'),(3,'view own unpublished content','node'),(3,'view revisions','node'),(3,'view the administration theme','system');

--
-- Table structure for table `search_dataset`
--

CREATE TABLE `search_dataset` (
  `sid` int(10) unsigned NOT NULL DEFAULT '0' COMMENT 'Search item ID, e.g. node ID for nodes.',
  `type` varchar(16) NOT NULL COMMENT 'Type of item, e.g. node.',
  `data` longtext NOT NULL COMMENT 'List of space-separated words from the item.',
  `reindex` int(10) unsigned NOT NULL DEFAULT '0' COMMENT 'Set to force node reindexing.',
  PRIMARY KEY (`sid`,`type`)
) ENGINE=InnoDB DEFAULT CHARSET=utf8 COMMENT='Stores items that will be searched.';

--
-- Dumping data for table `search_dataset`
--


--
-- Table structure for table `search_index`
--

CREATE TABLE `search_index` (
  `word` varchar(50) NOT NULL DEFAULT '' COMMENT 'The search_total.word that is associated with the search item.',
  `sid` int(10) unsigned NOT NULL DEFAULT '0' COMMENT 'The search_dataset.sid of the searchable item to which the word belongs.',
  `type` varchar(16) NOT NULL COMMENT 'The search_dataset.type of the searchable item to which the word belongs.',
  `score` float DEFAULT NULL COMMENT 'The numeric score of the word, higher being more important.',
  PRIMARY KEY (`word`,`sid`,`type`),
  KEY `sid_type` (`sid`,`type`)
) ENGINE=InnoDB DEFAULT CHARSET=utf8 COMMENT='Stores the search index, associating words, items and...';

--
-- Dumping data for table `search_index`
--


--
-- Table structure for table `search_node_links`
--

CREATE TABLE `search_node_links` (
  `sid` int(10) unsigned NOT NULL DEFAULT '0' COMMENT 'The search_dataset.sid of the searchable item containing the link to the node.',
  `type` varchar(16) NOT NULL DEFAULT '' COMMENT 'The search_dataset.type of the searchable item containing the link to the node.',
  `nid` int(10) unsigned NOT NULL DEFAULT '0' COMMENT 'The node.nid that this item links to.',
  `caption` longtext COMMENT 'The text used to link to the node.nid.',
  PRIMARY KEY (`sid`,`type`,`nid`),
  KEY `nid` (`nid`)
) ENGINE=InnoDB DEFAULT CHARSET=utf8 COMMENT='Stores items (like nodes) that link to other nodes, used...';

--
-- Dumping data for table `search_node_links`
--


--
-- Table structure for table `search_total`
--

CREATE TABLE `search_total` (
  `word` varchar(50) NOT NULL DEFAULT '' COMMENT 'Primary Key: Unique word in the search index.',
  `count` float DEFAULT NULL COMMENT 'The count of the word in the index using Zipf’s law to equalize the probability distribution.',
  PRIMARY KEY (`word`)
) ENGINE=InnoDB DEFAULT CHARSET=utf8 COMMENT='Stores search totals for words.';

--
-- Dumping data for table `search_total`
--


--
-- Table structure for table `semaphore`
--

CREATE TABLE `semaphore` (
  `name` varchar(255) NOT NULL DEFAULT '' COMMENT 'Primary Key: Unique name.',
  `value` varchar(255) NOT NULL DEFAULT '' COMMENT 'A value for the semaphore.',
  `expire` double NOT NULL COMMENT 'A Unix timestamp with microseconds indicating when the semaphore should expire.',
  PRIMARY KEY (`name`),
  KEY `value` (`value`),
  KEY `expire` (`expire`)
) ENGINE=InnoDB DEFAULT CHARSET=utf8 COMMENT='Table for holding semaphores, locks, flags, etc. that...';

--
-- Dumping data for table `semaphore`
--


--
-- Table structure for table `sequences`
--

CREATE TABLE `sequences` (
  `value` int(10) unsigned NOT NULL AUTO_INCREMENT COMMENT 'The value of the sequence.',
  PRIMARY KEY (`value`)
) ENGINE=InnoDB AUTO_INCREMENT=351 DEFAULT CHARSET=utf8 COMMENT='Stores IDs.';

--
-- Dumping data for table `sequences`
--

INSERT INTO `sequences` VALUES (350);

--
-- Table structure for table `sessions`
--

CREATE TABLE `sessions` (
  `uid` int(10) unsigned NOT NULL COMMENT 'The users.uid corresponding to a session, or 0 for anonymous user.',
  `sid` varchar(128) NOT NULL COMMENT 'A session ID. The value is generated by Drupal’s session handlers.',
  `ssid` varchar(128) NOT NULL DEFAULT '' COMMENT 'Secure session ID. The value is generated by Drupal’s session handlers.',
  `hostname` varchar(128) NOT NULL DEFAULT '' COMMENT 'The IP address that last used this session ID (sid).',
  `timestamp` int(11) NOT NULL DEFAULT '0' COMMENT 'The Unix timestamp when this session last requested a page. Old records are purged by PHP automatically.',
  `cache` int(11) NOT NULL DEFAULT '0' COMMENT 'The time of this user’s last post. This is used when the site has specified a minimum_cache_lifetime. See cache_get().',
  `session` longblob COMMENT 'The serialized contents of $_SESSION, an array of name/value pairs that persists across page requests by this session ID. Drupal loads $_SESSION from here at the start of each request and saves it at the end.',
  PRIMARY KEY (`sid`,`ssid`),
  KEY `timestamp` (`timestamp`),
  KEY `uid` (`uid`),
  KEY `ssid` (`ssid`)
) ENGINE=InnoDB DEFAULT CHARSET=utf8 COMMENT='Drupal’s session handlers read and write into the...';

--
-- Dumping data for table `sessions`
--

INSERT INTO `sessions` VALUES (0,'1lcrpMHqr4KsYWfby_ImmV6shRap6UL71108bSfYdJw','','87.98.181.49',1381683104,0,'messages|a:1:{s:5:\"error\";a:1:{i:0;s:263:\"<em class=\"placeholder\">Notice</em>: Undefined index:  base theme in <em class=\"placeholder\">system_find_base_themes()</em> (line <em class=\"placeholder\">2645</em> of <em class=\"placeholder\">/home/anitamp9/public_html/NaturalMe/modules/system/system.module</em>).\";}}'),(0,'1oDU3hi_bMntW1OeojtStKyiUYB5a22bYUYZ_gk4hQY','','199.15.233.138',1382022560,0,'messages|a:1:{s:5:\"error\";a:1:{i:0;s:263:\"<em class=\"placeholder\">Notice</em>: Undefined index:  base theme in <em class=\"placeholder\">system_find_base_themes()</em> (line <em class=\"placeholder\">2645</em> of <em class=\"placeholder\">/home/anitamp9/public_html/NaturalMe/modules/system/system.module</em>).\";}}'),(0,'2SnAvatmsFbMZfhgGkzJAJaxnblipCWDP-t0QFSWOx4','','82.237.138.240',1382643802,0,'messages|a:1:{s:5:\"error\";a:1:{i:0;s:263:\"<em class=\"placeholder\">Notice</em>: Undefined index:  base theme in <em class=\"placeholder\">system_find_base_themes()</em> (line <em class=\"placeholder\">2645</em> of <em class=\"placeholder\">/home/anitamp9/public_html/NaturalMe/modules/system/system.module</em>).\";}}'),(0,'2XYSBkvgXesoiOpyidOsZabGrRDJIFyMRSJXsGn8sw8','','198.50.174.236',1382743777,0,'messages|a:1:{s:5:\"error\";a:1:{i:0;s:263:\"<em class=\"placeholder\">Notice</em>: Undefined index:  base theme in <em class=\"placeholder\">system_find_base_themes()</em> (line <em class=\"placeholder\">2645</em> of <em class=\"placeholder\">/home/anitamp9/public_html/NaturalMe/modules/system/system.module</em>).\";}}'),(0,'4nNowt93vEptmN0WBNkeXWww0IHhYoKgOuYRj9-7q7U','','199.15.233.138',1382024699,0,'messages|a:1:{s:5:\"error\";a:1:{i:0;s:263:\"<em class=\"placeholder\">Notice</em>: Undefined index:  base theme in <em class=\"placeholder\">system_find_base_themes()</em> (line <em class=\"placeholder\">2645</em> of <em class=\"placeholder\">/home/anitamp9/public_html/NaturalMe/modules/system/system.module</em>).\";}}'),(0,'4usXK2nhosUu-ZCuttAg_vZ5stmy46LGfQH1-rudX5I','','165.231.12.217',1381774934,0,'messages|a:1:{s:5:\"error\";a:1:{i:0;s:263:\"<em class=\"placeholder\">Notice</em>: Undefined index:  base theme in <em class=\"placeholder\">system_find_base_themes()</em> (line <em class=\"placeholder\">2645</em> of <em class=\"placeholder\">/home/anitamp9/public_html/NaturalMe/modules/system/system.module</em>).\";}}'),(0,'5ZBJXom-H5YRwhPLGRH7F52gFbHZTl-PudwZIBz_rKw','','37.59.91.145',1381903147,0,'messages|a:1:{s:5:\"error\";a:1:{i:0;s:263:\"<em class=\"placeholder\">Notice</em>: Undefined index:  base theme in <em class=\"placeholder\">system_find_base_themes()</em> (line <em class=\"placeholder\">2645</em> of <em class=\"placeholder\">/home/anitamp9/public_html/NaturalMe/modules/system/system.module</em>).\";}}'),(0,'7ozq_qPv9G8SgWbmiAB9R2pA0Q7OnreWtruCA7PhSqA','','173.213.97.239',1382154832,0,'messages|a:1:{s:5:\"error\";a:1:{i:0;s:263:\"<em class=\"placeholder\">Notice</em>: Undefined index:  base theme in <em class=\"placeholder\">system_find_base_themes()</em> (line <em class=\"placeholder\">2645</em> of <em class=\"placeholder\">/home/anitamp9/public_html/NaturalMe/modules/system/system.module</em>).\";}}'),(0,'8HF7CY618IFoS9l42nQqi6isCj6clntwFYoca5Ro8Sw','','91.121.220.8',1382271978,0,'messages|a:1:{s:5:\"error\";a:1:{i:0;s:263:\"<em class=\"placeholder\">Notice</em>: Undefined index:  base theme in <em class=\"placeholder\">system_find_base_themes()</em> (line <em class=\"placeholder\">2645</em> of <em class=\"placeholder\">/home/anitamp9/public_html/NaturalMe/modules/system/system.module</em>).\";}}'),(0,'8PrpgIO4Kb4H4N53QBGpVNRlyCoFm5zjfad05GKi5zU','','66.249.73.176',1381505889,0,'messages|a:1:{s:5:\"error\";a:1:{i:0;s:263:\"<em class=\"placeholder\">Notice</em>: Undefined index:  base theme in <em class=\"placeholder\">system_find_base_themes()</em> (line <em class=\"placeholder\">2645</em> of <em class=\"placeholder\">/home/anitamp9/public_html/NaturalMe/modules/system/system.module</em>).\";}}'),(0,'8xH8Slmia5F_30IOKd3G8SZz0iG99M8b9R91gBGux4Y','','198.50.174.236',1381546599,0,'messages|a:1:{s:5:\"error\";a:1:{i:0;s:263:\"<em class=\"placeholder\">Notice</em>: Undefined index:  base theme in <em class=\"placeholder\">system_find_base_themes()</em> (line <em class=\"placeholder\">2645</em> of <em class=\"placeholder\">/home/anitamp9/public_html/NaturalMe/modules/system/system.module</em>).\";}}'),(0,'9OOKQJhcrROYbcPg9hUmNWbRPfFEc8u8OpjzVHh2hh0','','188.143.232.70',1381982703,0,'messages|a:1:{s:5:\"error\";a:1:{i:0;s:263:\"<em class=\"placeholder\">Notice</em>: Undefined index:  base theme in <em class=\"placeholder\">system_find_base_themes()</em> (line <em class=\"placeholder\">2645</em> of <em class=\"placeholder\">/home/anitamp9/public_html/NaturalMe/modules/system/system.module</em>).\";}}'),(0,'AeJV5JisdV4lbIp2K5bK7eNhwuc69LB8RUhabGn__-I','','91.121.220.8',1382781175,0,'messages|a:1:{s:5:\"error\";a:1:{i:0;s:263:\"<em class=\"placeholder\">Notice</em>: Undefined index:  base theme in <em class=\"placeholder\">system_find_base_themes()</em> (line <em class=\"placeholder\">2645</em> of <em class=\"placeholder\">/home/anitamp9/public_html/NaturalMe/modules/system/system.module</em>).\";}}'),(0,'avZT6cDBSh9GxlSuJJfYUKS02HbToPU8Ro4adwgiuvc','','185.10.104.195',1382138490,0,'messages|a:1:{s:5:\"error\";a:1:{i:0;s:263:\"<em class=\"placeholder\">Notice</em>: Undefined index:  base theme in <em class=\"placeholder\">system_find_base_themes()</em> (line <em class=\"placeholder\">2645</em> of <em class=\"placeholder\">/home/anitamp9/public_html/NaturalMe/modules/system/system.module</em>).\";}}'),(0,'B4TK5XvcDoyKkkv-oQyY-8f4Jhz1ima-eCju6U0y9L0','','91.121.220.8',1381455979,0,'messages|a:1:{s:5:\"error\";a:1:{i:0;s:263:\"<em class=\"placeholder\">Notice</em>: Undefined index:  base theme in <em class=\"placeholder\">system_find_base_themes()</em> (line <em class=\"placeholder\">2645</em> of <em class=\"placeholder\">/home/anitamp9/public_html/NaturalMe/modules/system/system.module</em>).\";}}'),(0,'bkQ3qtooqPwpkr7hLJ9KwEwtqB2FL9Y19QOwFo_GnKQ','','87.98.181.49',1381664883,0,'messages|a:1:{s:5:\"error\";a:1:{i:0;s:263:\"<em class=\"placeholder\">Notice</em>: Undefined index:  base theme in <em class=\"placeholder\">system_find_base_themes()</em> (line <em class=\"placeholder\">2645</em> of <em class=\"placeholder\">/home/anitamp9/public_html/NaturalMe/modules/system/system.module</em>).\";}}'),(0,'BNiKAGsyU3s6vmzN4k92mZaRMLSJ2LODFf2BEHXpXXw','','208.177.76.21',1382325271,0,'messages|a:1:{s:5:\"error\";a:1:{i:0;s:263:\"<em class=\"placeholder\">Notice</em>: Undefined index:  base theme in <em class=\"placeholder\">system_find_base_themes()</em> (line <em class=\"placeholder\">2645</em> of <em class=\"placeholder\">/home/anitamp9/public_html/NaturalMe/modules/system/system.module</em>).\";}}'),(0,'BQtdNrmQBHRwA0xkOELLZfNDZFF2CTn4-1scQ6n8QdY','','31.133.13.232',1381785065,0,'messages|a:1:{s:5:\"error\";a:1:{i:0;s:263:\"<em class=\"placeholder\">Notice</em>: Undefined index:  base theme in <em class=\"placeholder\">system_find_base_themes()</em> (line <em class=\"placeholder\">2645</em> of <em class=\"placeholder\">/home/anitamp9/public_html/NaturalMe/modules/system/system.module</em>).\";}}'),(0,'C5AKus_kC4JYgnHr40XOC0IrEj59-lIgVPvc7D20Hl0','','82.237.138.240',1382620355,0,'messages|a:1:{s:5:\"error\";a:1:{i:0;s:263:\"<em class=\"placeholder\">Notice</em>: Undefined index:  base theme in <em class=\"placeholder\">system_find_base_themes()</em> (line <em class=\"placeholder\">2645</em> of <em class=\"placeholder\">/home/anitamp9/public_html/NaturalMe/modules/system/system.module</em>).\";}}'),(0,'D2JaaMTbDLbGmjgZfFZU0-qIZ4r-GLwLYLcfcTvaVxM','','198.50.174.236',1382614061,0,'messages|a:1:{s:5:\"error\";a:1:{i:0;s:263:\"<em class=\"placeholder\">Notice</em>: Undefined index:  base theme in <em class=\"placeholder\">system_find_base_themes()</em> (line <em class=\"placeholder\">2645</em> of <em class=\"placeholder\">/home/anitamp9/public_html/NaturalMe/modules/system/system.module</em>).\";}}'),(0,'D4fnOrjyKXCJg4ivwi8SfWCMcqlNyj2ayQ3DoP78Ih4','','66.249.75.214',1382650041,0,'messages|a:1:{s:5:\"error\";a:1:{i:0;s:263:\"<em class=\"placeholder\">Notice</em>: Undefined index:  base theme in <em class=\"placeholder\">system_find_base_themes()</em> (line <em class=\"placeholder\">2645</em> of <em class=\"placeholder\">/home/anitamp9/public_html/NaturalMe/modules/system/system.module</em>).\";}}'),(0,'DLwOvddNKtOYSilBOZsLydyQc3wAz4p-sBdIweeC4to','','184.154.63.2',1381966547,0,'messages|a:1:{s:5:\"error\";a:1:{i:0;s:263:\"<em class=\"placeholder\">Notice</em>: Undefined index:  base theme in <em class=\"placeholder\">system_find_base_themes()</em> (line <em class=\"placeholder\">2645</em> of <em class=\"placeholder\">/home/anitamp9/public_html/NaturalMe/modules/system/system.module</em>).\";}}'),(0,'dw9d5erE_IuRNU06KkLq5cA-hbFsx1dUHZb-Rfl9zLM','','87.205.160.137',1381575017,0,'messages|a:1:{s:5:\"error\";a:1:{i:0;s:263:\"<em class=\"placeholder\">Notice</em>: Undefined index:  base theme in <em class=\"placeholder\">system_find_base_themes()</em> (line <em class=\"placeholder\">2645</em> of <em class=\"placeholder\">/home/anitamp9/public_html/NaturalMe/modules/system/system.module</em>).\";}}'),(0,'eDtJRFqRp7fhWIYH_bcarLmS4-ijQXQZwia24_fczlw','','31.133.13.232',1382865293,0,'messages|a:1:{s:5:\"error\";a:1:{i:0;s:263:\"<em class=\"placeholder\">Notice</em>: Undefined index:  base theme in <em class=\"placeholder\">system_find_base_themes()</em> (line <em class=\"placeholder\">2645</em> of <em class=\"placeholder\">/home/anitamp9/public_html/NaturalMe/modules/system/system.module</em>).\";}}'),(0,'Ftx6sX9oBlArHysPWANePZ3xf7nhZ2Iixs1Bl6p9c_c','','198.50.174.236',1382675869,0,'messages|a:1:{s:5:\"error\";a:1:{i:0;s:263:\"<em class=\"placeholder\">Notice</em>: Undefined index:  base theme in <em class=\"placeholder\">system_find_base_themes()</em> (line <em class=\"placeholder\">2645</em> of <em class=\"placeholder\">/home/anitamp9/public_html/NaturalMe/modules/system/system.module</em>).\";}}'),(0,'gbYh0PEyGBH1EBOZGlBAZtZOerpyOWJ6b_8oAHj7Ksw','','165.231.4.10',1381624230,0,'messages|a:1:{s:5:\"error\";a:1:{i:0;s:263:\"<em class=\"placeholder\">Notice</em>: Undefined index:  base theme in <em class=\"placeholder\">system_find_base_themes()</em> (line <em class=\"placeholder\">2645</em> of <em class=\"placeholder\">/home/anitamp9/public_html/NaturalMe/modules/system/system.module</em>).\";}}'),(0,'hCyWYkb2_iVJNGW3HJ32JWMKCg8Cl8fY09O2kVaHgwo','','37.59.225.232',1382378126,0,'messages|a:1:{s:5:\"error\";a:1:{i:0;s:263:\"<em class=\"placeholder\">Notice</em>: Undefined index:  base theme in <em class=\"placeholder\">system_find_base_themes()</em> (line <em class=\"placeholder\">2645</em> of <em class=\"placeholder\">/home/anitamp9/public_html/NaturalMe/modules/system/system.module</em>).\";}}'),(0,'Ia3VhQA61l4s2hGiOqQzvB12CaGp9KIJGCUBQHnJ0sM','','213.238.75.26',1382148458,0,'messages|a:1:{s:5:\"error\";a:1:{i:0;s:263:\"<em class=\"placeholder\">Notice</em>: Undefined index:  base theme in <em class=\"placeholder\">system_find_base_themes()</em> (line <em class=\"placeholder\">2645</em> of <em class=\"placeholder\">/home/anitamp9/public_html/NaturalMe/modules/system/system.module</em>).\";}}'),(0,'ie4JZnPyq2jDgwlK-5T1oguC7gPd2EYhIkuE10Ez65s','','110.84.239.187',1382579654,0,'messages|a:1:{s:5:\"error\";a:1:{i:0;s:263:\"<em class=\"placeholder\">Notice</em>: Undefined index:  base theme in <em class=\"placeholder\">system_find_base_themes()</em> (line <em class=\"placeholder\">2645</em> of <em class=\"placeholder\">/home/anitamp9/public_html/NaturalMe/modules/system/system.module</em>).\";}}'),(0,'iFbcJucWn67g2uyEA7F0B5djqF2HW8no94W0GUbgZzA','','5.157.41.23',1381839830,0,'messages|a:1:{s:5:\"error\";a:1:{i:0;s:263:\"<em class=\"placeholder\">Notice</em>: Undefined index:  base theme in <em class=\"placeholder\">system_find_base_themes()</em> (line <em class=\"placeholder\">2645</em> of <em class=\"placeholder\">/home/anitamp9/public_html/NaturalMe/modules/system/system.module</em>).\";}}'),(0,'J56xjuWRIxf_fzbJjKe2w0xFdTJUH-wG7TeBuH4EJFs','','180.76.5.185',1382393050,0,'messages|a:1:{s:5:\"error\";a:1:{i:0;s:263:\"<em class=\"placeholder\">Notice</em>: Undefined index:  base theme in <em class=\"placeholder\">system_find_base_themes()</em> (line <em class=\"placeholder\">2645</em> of <em class=\"placeholder\">/home/anitamp9/public_html/NaturalMe/modules/system/system.module</em>).\";}}'),(0,'jr2X4oLExkxp544BfWHn82zbax-QMVgLeXTxuQrjppI','','198.50.174.236',1382738494,0,'messages|a:1:{s:5:\"error\";a:1:{i:0;s:263:\"<em class=\"placeholder\">Notice</em>: Undefined index:  base theme in <em class=\"placeholder\">system_find_base_themes()</em> (line <em class=\"placeholder\">2645</em> of <em class=\"placeholder\">/home/anitamp9/public_html/NaturalMe/modules/system/system.module</em>).\";}}'),(0,'K0MRRXLZch0CSzNIMM4lIWANDSlEtpjRjdGyEu7qoAQ','','37.59.225.232',1382378127,0,'messages|a:1:{s:5:\"error\";a:1:{i:0;s:263:\"<em class=\"placeholder\">Notice</em>: Undefined index:  base theme in <em class=\"placeholder\">system_find_base_themes()</em> (line <em class=\"placeholder\">2645</em> of <em class=\"placeholder\">/home/anitamp9/public_html/NaturalMe/modules/system/system.module</em>).\";}}'),(0,'KuVAoC4UZLInKoBNnYdzCOqFJYDFnJYsismSgWm8MbA','','27.151.109.208',1382084174,0,'messages|a:1:{s:5:\"error\";a:1:{i:0;s:263:\"<em class=\"placeholder\">Notice</em>: Undefined index:  base theme in <em class=\"placeholder\">system_find_base_themes()</em> (line <em class=\"placeholder\">2645</em> of <em class=\"placeholder\">/home/anitamp9/public_html/NaturalMe/modules/system/system.module</em>).\";}}'),(0,'l-rNQSGlQz-MUTHcS4lV2GwFefeCmGZRS4VpHNnzHDY','','198.50.174.236',1382699161,0,'messages|a:1:{s:5:\"error\";a:1:{i:0;s:263:\"<em class=\"placeholder\">Notice</em>: Undefined index:  base theme in <em class=\"placeholder\">system_find_base_themes()</em> (line <em class=\"placeholder\">2645</em> of <em class=\"placeholder\">/home/anitamp9/public_html/NaturalMe/modules/system/system.module</em>).\";}}'),(0,'lY30KdCj2O0a1MBZcYPFZPkq0rLbLKe_0kSbuGH202A','','192.40.89.179',1382817947,0,'messages|a:1:{s:5:\"error\";a:1:{i:0;s:263:\"<em class=\"placeholder\">Notice</em>: Undefined index:  base theme in <em class=\"placeholder\">system_find_base_themes()</em> (line <em class=\"placeholder\">2645</em> of <em class=\"placeholder\">/home/anitamp9/public_html/NaturalMe/modules/system/system.module</em>).\";}}'),(0,'MihE_7VIoiCzd1ay6rVDRf8kqhaPupfD7yQryIAbQmo','','184.154.26.228',1381963663,0,'messages|a:1:{s:5:\"error\";a:1:{i:0;s:263:\"<em class=\"placeholder\">Notice</em>: Undefined index:  base theme in <em class=\"placeholder\">system_find_base_themes()</em> (line <em class=\"placeholder\">2645</em> of <em class=\"placeholder\">/home/anitamp9/public_html/NaturalMe/modules/system/system.module</em>).\";}}'),(0,'NUg5r93-CvjmCFZowdHvsUw9YGxJhBdcG2vUlhx2Ee4','','198.50.174.236',1382641785,0,'messages|a:1:{s:5:\"error\";a:1:{i:0;s:263:\"<em class=\"placeholder\">Notice</em>: Undefined index:  base theme in <em class=\"placeholder\">system_find_base_themes()</em> (line <em class=\"placeholder\">2645</em> of <em class=\"placeholder\">/home/anitamp9/public_html/NaturalMe/modules/system/system.module</em>).\";}}'),(0,'OdOlenFlQEhTyO6_9pFUy68R4QjSEHdddHC6pYklSQA','','82.237.138.240',1381862706,0,'messages|a:1:{s:5:\"error\";a:1:{i:0;s:263:\"<em class=\"placeholder\">Notice</em>: Undefined index:  base theme in <em class=\"placeholder\">system_find_base_themes()</em> (line <em class=\"placeholder\">2645</em> of <em class=\"placeholder\">/home/anitamp9/public_html/NaturalMe/modules/system/system.module</em>).\";}}'),(0,'OWG1nApZT-W7LrefWM3bt4i5I-JnHvRbxGVLJ7ynrJQ','','180.76.5.111',1382217142,0,'messages|a:1:{s:5:\"error\";a:1:{i:0;s:263:\"<em class=\"placeholder\">Notice</em>: Undefined index:  base theme in <em class=\"placeholder\">system_find_base_themes()</em> (line <em class=\"placeholder\">2645</em> of <em class=\"placeholder\">/home/anitamp9/public_html/NaturalMe/modules/system/system.module</em>).\";}}'),(0,'pjQElU2pKJoIxUYD5x3Tla9idkj1PEf1EsrNAJoKc4s','','66.249.66.214',1382580629,0,'messages|a:1:{s:5:\"error\";a:1:{i:0;s:263:\"<em class=\"placeholder\">Notice</em>: Undefined index:  base theme in <em class=\"placeholder\">system_find_base_themes()</em> (line <em class=\"placeholder\">2645</em> of <em class=\"placeholder\">/home/anitamp9/public_html/NaturalMe/modules/system/system.module</em>).\";}}'),(0,'Pu0hfBP4K-5o7JqLbjPIQYFCPIZ8P-_ukcRmwYSo7V8','','213.238.75.26',1382159594,0,'messages|a:1:{s:5:\"error\";a:1:{i:0;s:263:\"<em class=\"placeholder\">Notice</em>: Undefined index:  base theme in <em class=\"placeholder\">system_find_base_themes()</em> (line <em class=\"placeholder\">2645</em> of <em class=\"placeholder\">/home/anitamp9/public_html/NaturalMe/modules/system/system.module</em>).\";}}'),(0,'q1rIket-F6i0GwbSiSKuuZcZz_SuOY_bCryM8tzGYG0','','212.38.177.13',1382808502,0,'messages|a:1:{s:5:\"error\";a:1:{i:0;s:263:\"<em class=\"placeholder\">Notice</em>: Undefined index:  base theme in <em class=\"placeholder\">system_find_base_themes()</em> (line <em class=\"placeholder\">2645</em> of <em class=\"placeholder\">/home/anitamp9/public_html/NaturalMe/modules/system/system.module</em>).\";}}'),(0,'qb90WIjQ-DFOGfJvK-cZMgSjwAF8rOnQKmKRmCweb_w','','173.213.108.104',1382430861,0,'messages|a:1:{s:5:\"error\";a:1:{i:0;s:263:\"<em class=\"placeholder\">Notice</em>: Undefined index:  base theme in <em class=\"placeholder\">system_find_base_themes()</em> (line <em class=\"placeholder\">2645</em> of <em class=\"placeholder\">/home/anitamp9/public_html/NaturalMe/modules/system/system.module</em>).\";}}'),(0,'qNm-CDA17BIpZJIox5M9w87FrFwvuiwle8kUmUkNeEc','','91.121.51.188',1382919030,0,'messages|a:1:{s:5:\"error\";a:1:{i:0;s:263:\"<em class=\"placeholder\">Notice</em>: Undefined index:  base theme in <em class=\"placeholder\">system_find_base_themes()</em> (line <em class=\"placeholder\">2645</em> of <em class=\"placeholder\">/home/anitamp9/public_html/NaturalMe/modules/system/system.module</em>).\";}}'),(0,'qVDTXh_eo0EZJGBrir5Un80t7JahS0GuX45rZT5PHUw','','66.249.75.214',1382752966,0,'messages|a:1:{s:5:\"error\";a:1:{i:0;s:263:\"<em class=\"placeholder\">Notice</em>: Undefined index:  base theme in <em class=\"placeholder\">system_find_base_themes()</em> (line <em class=\"placeholder\">2645</em> of <em class=\"placeholder\">/home/anitamp9/public_html/NaturalMe/modules/system/system.module</em>).\";}}'),(0,'qWHGcrpNi-VHDCbX3mNxYtvfoDoKAKT3LUUONQJmgdg','','31.133.13.232',1382876709,0,'messages|a:1:{s:5:\"error\";a:1:{i:0;s:263:\"<em class=\"placeholder\">Notice</em>: Undefined index:  base theme in <em class=\"placeholder\">system_find_base_themes()</em> (line <em class=\"placeholder\">2645</em> of <em class=\"placeholder\">/home/anitamp9/public_html/NaturalMe/modules/system/system.module</em>).\";}}'),(0,'r0aLzZRzKOpkKF90T-ecaSn0Hj2WnenzEaKhzLJ9ruk','','110.84.238.6',1382322400,0,'messages|a:1:{s:5:\"error\";a:1:{i:0;s:263:\"<em class=\"placeholder\">Notice</em>: Undefined index:  base theme in <em class=\"placeholder\">system_find_base_themes()</em> (line <em class=\"placeholder\">2645</em> of <em class=\"placeholder\">/home/anitamp9/public_html/NaturalMe/modules/system/system.module</em>).\";}}'),(0,'r1qyBvMLjwpKEAI8PKFaH92UzNq8CSSzhev0WCcPGfs','','87.98.181.49',1382405489,0,'messages|a:1:{s:5:\"error\";a:1:{i:0;s:263:\"<em class=\"placeholder\">Notice</em>: Undefined index:  base theme in <em class=\"placeholder\">system_find_base_themes()</em> (line <em class=\"placeholder\">2645</em> of <em class=\"placeholder\">/home/anitamp9/public_html/NaturalMe/modules/system/system.module</em>).\";}}'),(0,'R3swF9a4mDHIhQB-ywuuDts43O0_tekayfjLfeGGgr0','','66.249.75.214',1382646539,0,'messages|a:1:{s:5:\"error\";a:1:{i:0;s:263:\"<em class=\"placeholder\">Notice</em>: Undefined index:  base theme in <em class=\"placeholder\">system_find_base_themes()</em> (line <em class=\"placeholder\">2645</em> of <em class=\"placeholder\">/home/anitamp9/public_html/NaturalMe/modules/system/system.module</em>).\";}}'),(0,'rcxXmh5y2oZZ2-diMFoIAjCf9WXbfDAsObKURdsFA-A','','180.76.5.155',1382116815,0,'messages|a:1:{s:5:\"error\";a:1:{i:0;s:263:\"<em class=\"placeholder\">Notice</em>: Undefined index:  base theme in <em class=\"placeholder\">system_find_base_themes()</em> (line <em class=\"placeholder\">2645</em> of <em class=\"placeholder\">/home/anitamp9/public_html/NaturalMe/modules/system/system.module</em>).\";}}'),(0,'rP4SlyH9bz7yKUPR0LyxHCyNX2qqLQPwAVNZVx9IiJY','','76.73.3.18',1381313276,0,'messages|a:1:{s:5:\"error\";a:1:{i:0;s:263:\"<em class=\"placeholder\">Notice</em>: Undefined index:  base theme in <em class=\"placeholder\">system_find_base_themes()</em> (line <em class=\"placeholder\">2645</em> of <em class=\"placeholder\">/home/anitamp9/public_html/NaturalMe/modules/system/system.module</em>).\";}}'),(0,'S4Px_v24fJEMkRoFWHl7bfWm-bvsemLMrVtMV95CJNA','','66.249.73.218',1381513000,0,'messages|a:1:{s:5:\"error\";a:1:{i:0;s:263:\"<em class=\"placeholder\">Notice</em>: Undefined index:  base theme in <em class=\"placeholder\">system_find_base_themes()</em> (line <em class=\"placeholder\">2645</em> of <em class=\"placeholder\">/home/anitamp9/public_html/NaturalMe/modules/system/system.module</em>).\";}}'),(0,'sVvARhtfORI0hnVFhP83HLUOaquNy6dcSdHaptrqI4k','','208.177.76.21',1381470991,0,'messages|a:1:{s:5:\"error\";a:1:{i:0;s:263:\"<em class=\"placeholder\">Notice</em>: Undefined index:  base theme in <em class=\"placeholder\">system_find_base_themes()</em> (line <em class=\"placeholder\">2645</em> of <em class=\"placeholder\">/home/anitamp9/public_html/NaturalMe/modules/system/system.module</em>).\";}}'),(0,'t5Rkg1jkdEUBlsfI-oRTF5SarpKMoior1VMENKaKL_g','','180.76.5.158',1382285644,0,'messages|a:1:{s:5:\"error\";a:1:{i:0;s:263:\"<em class=\"placeholder\">Notice</em>: Undefined index:  base theme in <em class=\"placeholder\">system_find_base_themes()</em> (line <em class=\"placeholder\">2645</em> of <em class=\"placeholder\">/home/anitamp9/public_html/NaturalMe/modules/system/system.module</em>).\";}}'),(0,'TLqeRcv-octM7k8DXv0RhHYhOn1whur0lAWJ3DGKGkc','','31.133.13.232',1381677182,0,'messages|a:1:{s:5:\"error\";a:1:{i:0;s:263:\"<em class=\"placeholder\">Notice</em>: Undefined index:  base theme in <em class=\"placeholder\">system_find_base_themes()</em> (line <em class=\"placeholder\">2645</em> of <em class=\"placeholder\">/home/anitamp9/public_html/NaturalMe/modules/system/system.module</em>).\";}}'),(0,'TQY-ABd4Kb7YsIxIXuOYuT3a45bvyaWZzL_1D0JECpw','','212.38.177.13',1382537933,0,'messages|a:1:{s:5:\"error\";a:1:{i:0;s:263:\"<em class=\"placeholder\">Notice</em>: Undefined index:  base theme in <em class=\"placeholder\">system_find_base_themes()</em> (line <em class=\"placeholder\">2645</em> of <em class=\"placeholder\">/home/anitamp9/public_html/NaturalMe/modules/system/system.module</em>).\";}}'),(0,'uxutXXXu2WIH2P4pYDQHetzuEvEvVCcweQe8e_EmiTk','','37.59.91.144',1381371256,0,'messages|a:1:{s:5:\"error\";a:1:{i:0;s:263:\"<em class=\"placeholder\">Notice</em>: Undefined index:  base theme in <em class=\"placeholder\">system_find_base_themes()</em> (line <em class=\"placeholder\">2645</em> of <em class=\"placeholder\">/home/anitamp9/public_html/NaturalMe/modules/system/system.module</em>).\";}}'),(0,'v4mYQ86nYwM-CdSy-JsrtnKf6izcjGYkjFZUReAvG_Q','','82.237.138.240',1383073380,0,'messages|a:1:{s:5:\"error\";a:1:{i:0;s:263:\"<em class=\"placeholder\">Notice</em>: Undefined index:  base theme in <em class=\"placeholder\">system_find_base_themes()</em> (line <em class=\"placeholder\">2645</em> of <em class=\"placeholder\">/home/anitamp9/public_html/NaturalMe/modules/system/system.module</em>).\";}}'),(0,'vPfaUDzKyOSq-2S1yiPeSkFO7ARvw3d2UMZgCJ7I774','','37.59.91.145',1381361181,0,'messages|a:1:{s:5:\"error\";a:1:{i:0;s:263:\"<em class=\"placeholder\">Notice</em>: Undefined index:  base theme in <em class=\"placeholder\">system_find_base_themes()</em> (line <em class=\"placeholder\">2645</em> of <em class=\"placeholder\">/home/anitamp9/public_html/NaturalMe/modules/system/system.module</em>).\";}}'),(0,'w2WjxT5R8EeiT7Lg1nMKY1lTzJGamlhmRYk59fRHf2U','','199.15.233.138',1382023121,0,'messages|a:1:{s:5:\"error\";a:1:{i:0;s:263:\"<em class=\"placeholder\">Notice</em>: Undefined index:  base theme in <em class=\"placeholder\">system_find_base_themes()</em> (line <em class=\"placeholder\">2645</em> of <em class=\"placeholder\">/home/anitamp9/public_html/NaturalMe/modules/system/system.module</em>).\";}}'),(0,'w48p-3PCgxqtQDVHe5c6FVhawx05d8hfgCKGALBwF34','','199.15.233.138',1382022001,0,'messages|a:1:{s:5:\"error\";a:1:{i:0;s:263:\"<em class=\"placeholder\">Notice</em>: Undefined index:  base theme in <em class=\"placeholder\">system_find_base_themes()</em> (line <em class=\"placeholder\">2645</em> of <em class=\"placeholder\">/home/anitamp9/public_html/NaturalMe/modules/system/system.module</em>).\";}}'),(0,'w4OeImMhRxp0sVcPgP4sthGGCzzwzBSm-FeP4VjmKXU','','76.73.3.18',1381312546,0,'messages|a:1:{s:5:\"error\";a:1:{i:0;s:263:\"<em class=\"placeholder\">Notice</em>: Undefined index:  base theme in <em class=\"placeholder\">system_find_base_themes()</em> (line <em class=\"placeholder\">2645</em> of <em class=\"placeholder\">/home/anitamp9/public_html/NaturalMe/modules/system/system.module</em>).\";}}'),(0,'WIb0M_jPdlpEWLK2zWuwCXjZgZk38JZRCHTncgZobDQ','','5.254.130.107',1382103190,0,'messages|a:1:{s:5:\"error\";a:1:{i:0;s:263:\"<em class=\"placeholder\">Notice</em>: Undefined index:  base theme in <em class=\"placeholder\">system_find_base_themes()</em> (line <em class=\"placeholder\">2645</em> of <em class=\"placeholder\">/home/anitamp9/public_html/NaturalMe/modules/system/system.module</em>).\";}}'),(0,'wp2ot33KXN6B2k6ymh8Je_z-6Ldc113-dbBIrYJsuwE','','199.15.233.138',1382026196,0,'messages|a:1:{s:5:\"error\";a:1:{i:0;s:263:\"<em class=\"placeholder\">Notice</em>: Undefined index:  base theme in <em class=\"placeholder\">system_find_base_themes()</em> (line <em class=\"placeholder\">2645</em> of <em class=\"placeholder\">/home/anitamp9/public_html/NaturalMe/modules/system/system.module</em>).\";}}'),(0,'wPRubR3iJYYZLCvGwAd_GpnJn3rVCHyJoUGHO-eyDmE','','178.32.244.174',1381779770,0,'messages|a:1:{s:5:\"error\";a:1:{i:0;s:263:\"<em class=\"placeholder\">Notice</em>: Undefined index:  base theme in <em class=\"placeholder\">system_find_base_themes()</em> (line <em class=\"placeholder\">2645</em> of <em class=\"placeholder\">/home/anitamp9/public_html/NaturalMe/modules/system/system.module</em>).\";}}'),(0,'x34HwtJcFXbkYS58CrovFRawSoqsbhnUnOStkytQwQM','','209.105.236.41',1383011130,0,'messages|a:1:{s:5:\"error\";a:1:{i:0;s:263:\"<em class=\"placeholder\">Notice</em>: Undefined index:  base theme in <em class=\"placeholder\">system_find_base_themes()</em> (line <em class=\"placeholder\">2645</em> of <em class=\"placeholder\">/home/anitamp9/public_html/NaturalMe/modules/system/system.module</em>).\";}}'),(0,'XIEwAyeq4h0_oH9Ai7KraD5MsDWrcWbz8xd3P9w_pMI','','173.213.97.239',1382752348,0,'messages|a:1:{s:5:\"error\";a:1:{i:0;s:263:\"<em class=\"placeholder\">Notice</em>: Undefined index:  base theme in <em class=\"placeholder\">system_find_base_themes()</em> (line <em class=\"placeholder\">2645</em> of <em class=\"placeholder\">/home/anitamp9/public_html/NaturalMe/modules/system/system.module</em>).\";}}'),(0,'xJa5p0QWPS8sR_k6q0tT8_tbD19tr8iCrOe2t-Z2MTs','','178.32.244.174',1381777406,0,'messages|a:1:{s:5:\"error\";a:1:{i:0;s:263:\"<em class=\"placeholder\">Notice</em>: Undefined index:  base theme in <em class=\"placeholder\">system_find_base_themes()</em> (line <em class=\"placeholder\">2645</em> of <em class=\"placeholder\">/home/anitamp9/public_html/NaturalMe/modules/system/system.module</em>).\";}}'),(0,'ZCxGH5KTuwQaWe78rj9b7axOjdXETdBc-uaOB_FPUqU','','77.255.255.126',1381714235,0,'messages|a:1:{s:5:\"error\";a:1:{i:0;s:263:\"<em class=\"placeholder\">Notice</em>: Undefined index:  base theme in <em class=\"placeholder\">system_find_base_themes()</em> (line <em class=\"placeholder\">2645</em> of <em class=\"placeholder\">/home/anitamp9/public_html/NaturalMe/modules/system/system.module</em>).\";}}'),(0,'zdLuN1q5-xeE-SE9HKR9E9YU-H6k33u0tKrVwpAU9J8','','82.237.138.240',1382589097,0,'messages|a:1:{s:5:\"error\";a:1:{i:0;s:263:\"<em class=\"placeholder\">Notice</em>: Undefined index:  base theme in <em class=\"placeholder\">system_find_base_themes()</em> (line <em class=\"placeholder\">2645</em> of <em class=\"placeholder\">/home/anitamp9/public_html/NaturalMe/modules/system/system.module</em>).\";}}');

--
-- Table structure for table `shortcut_set`
--

CREATE TABLE `shortcut_set` (
  `set_name` varchar(32) NOT NULL DEFAULT '' COMMENT 'Primary Key: The menu_links.menu_name under which the set’s links are stored.',
  `title` varchar(255) NOT NULL DEFAULT '' COMMENT 'The title of the set.',
  PRIMARY KEY (`set_name`)
) ENGINE=InnoDB DEFAULT CHARSET=utf8 COMMENT='Stores information about sets of shortcuts links.';

--
-- Dumping data for table `shortcut_set`
--

INSERT INTO `shortcut_set` VALUES ('shortcut-set-1','Default');

--
-- Table structure for table `shortcut_set_users`
--

CREATE TABLE `shortcut_set_users` (
  `uid` int(10) unsigned NOT NULL DEFAULT '0' COMMENT 'The users.uid for this set.',
  `set_name` varchar(32) NOT NULL DEFAULT '' COMMENT 'The shortcut_set.set_name that will be displayed for this user.',
  PRIMARY KEY (`uid`),
  KEY `set_name` (`set_name`)
) ENGINE=InnoDB DEFAULT CHARSET=utf8 COMMENT='Maps users to shortcut sets.';

--
-- Dumping data for table `shortcut_set_users`
--


--
-- Table structure for table `system`
--

CREATE TABLE `system` (
  `filename` varchar(255) NOT NULL DEFAULT '' COMMENT 'The path of the primary file for this item, relative to the Drupal root; e.g. modules/node/node.module.',
  `name` varchar(255) NOT NULL DEFAULT '' COMMENT 'The name of the item; e.g. node.',
  `type` varchar(12) NOT NULL DEFAULT '' COMMENT 'The type of the item, either module, theme, or theme_engine.',
  `owner` varchar(255) NOT NULL DEFAULT '' COMMENT 'A theme’s ’parent’ . Can be either a theme or an engine.',
  `status` int(11) NOT NULL DEFAULT '0' COMMENT 'Boolean indicating whether or not this item is enabled.',
  `bootstrap` int(11) NOT NULL DEFAULT '0' COMMENT 'Boolean indicating whether this module is loaded during Drupal’s early bootstrapping phase (e.g. even before the page cache is consulted).',
  `schema_version` smallint(6) NOT NULL DEFAULT '-1' COMMENT 'The module’s database schema version number. -1 if the module is not installed (its tables do not exist); 0 or the largest N of the module’s hook_update_N() function that has either been run or existed when the module was first installed.',
  `weight` int(11) NOT NULL DEFAULT '0' COMMENT 'The order in which this module’s hooks should be invoked relative to other modules. Equal-weighted modules are ordered by name.',
  `info` blob COMMENT 'A serialized array containing information from the module’s .info file; keys can include name, description, package, version, core, dependencies, and php.',
  PRIMARY KEY (`filename`),
  KEY `system_list` (`status`,`bootstrap`,`type`,`weight`,`name`),
  KEY `type_name` (`type`,`name`)
) ENGINE=InnoDB DEFAULT CHARSET=utf8 COMMENT='A list of all modules, themes, and theme engines that are...';

--
-- Dumping data for table `system`
--

INSERT INTO `system` VALUES ('modules/aggregator/aggregator.module','aggregator','module','',0,0,-1,0,'a:13:{s:4:\"name\";s:10:\"Aggregator\";s:11:\"description\";s:57:\"Aggregates syndicated content (RSS, RDF, and Atom feeds).\";s:7:\"package\";s:4:\"Core\";s:7:\"version\";s:3:\"7.8\";s:4:\"core\";s:3:\"7.x\";s:5:\"files\";a:1:{i:0;s:15:\"aggregator.test\";}s:9:\"configure\";s:41:\"admin/config/services/aggregator/settings\";s:11:\"stylesheets\";a:1:{s:3:\"all\";a:1:{s:14:\"aggregator.css\";s:33:\"modules/aggregator/aggregator.css\";}}s:7:\"project\";s:6:\"drupal\";s:9:\"datestamp\";s:10:\"1314817616\";s:12:\"dependencies\";a:0:{}s:3:\"php\";s:5:\"5.2.4\";s:9:\"bootstrap\";i:0;}'),('modules/aggregator/tests/aggregator_test.module','aggregator_test','module','',0,0,-1,0,'a:12:{s:4:\"name\";s:23:\"Aggregator module tests\";s:11:\"description\";s:46:\"Support module for aggregator related testing.\";s:7:\"package\";s:7:\"Testing\";s:7:\"version\";s:3:\"7.8\";s:4:\"core\";s:3:\"7.x\";s:6:\"hidden\";b:1;s:7:\"project\";s:6:\"drupal\";s:9:\"datestamp\";s:10:\"1314817616\";s:12:\"dependencies\";a:0:{}s:3:\"php\";s:5:\"5.2.4\";s:5:\"files\";a:0:{}s:9:\"bootstrap\";i:0;}'),('modules/block/block.module','block','module','',1,0,7008,-5,'a:12:{s:4:\"name\";s:5:\"Block\";s:11:\"description\";s:140:\"Controls the visual building blocks a page is constructed with. Blocks are boxes of content rendered into an area, or region, of a web page.\";s:7:\"package\";s:4:\"Core\";s:7:\"version\";s:3:\"7.8\";s:4:\"core\";s:3:\"7.x\";s:5:\"files\";a:1:{i:0;s:10:\"block.test\";}s:9:\"configure\";s:21:\"admin/structure/block\";s:7:\"project\";s:6:\"drupal\";s:9:\"datestamp\";s:10:\"1314817616\";s:12:\"dependencies\";a:0:{}s:3:\"php\";s:5:\"5.2.4\";s:9:\"bootstrap\";i:0;}'),('modules/block/tests/block_test.module','block_test','module','',0,0,-1,0,'a:12:{s:4:\"name\";s:10:\"Block test\";s:11:\"description\";s:21:\"Provides test blocks.\";s:7:\"package\";s:7:\"Testing\";s:7:\"version\";s:3:\"7.8\";s:4:\"core\";s:3:\"7.x\";s:6:\"hidden\";b:1;s:7:\"project\";s:6:\"drupal\";s:9:\"datestamp\";s:10:\"1314817616\";s:12:\"dependencies\";a:0:{}s:3:\"php\";s:5:\"5.2.4\";s:5:\"files\";a:0:{}s:9:\"bootstrap\";i:0;}'),('modules/blog/blog.module','blog','module','',0,0,-1,0,'a:11:{s:4:\"name\";s:4:\"Blog\";s:11:\"description\";s:25:\"Enables multi-user blogs.\";s:7:\"package\";s:4:\"Core\";s:7:\"version\";s:3:\"7.8\";s:4:\"core\";s:3:\"7.x\";s:5:\"files\";a:1:{i:0;s:9:\"blog.test\";}s:7:\"project\";s:6:\"drupal\";s:9:\"datestamp\";s:10:\"1314817616\";s:12:\"dependencies\";a:0:{}s:3:\"php\";s:5:\"5.2.4\";s:9:\"bootstrap\";i:0;}'),('modules/book/book.module','book','module','',0,0,-1,0,'a:13:{s:4:\"name\";s:4:\"Book\";s:11:\"description\";s:66:\"Allows users to create and organize related content in an outline.\";s:7:\"package\";s:4:\"Core\";s:7:\"version\";s:3:\"7.8\";s:4:\"core\";s:3:\"7.x\";s:5:\"files\";a:1:{i:0;s:9:\"book.test\";}s:9:\"configure\";s:27:\"admin/content/book/settings\";s:11:\"stylesheets\";a:1:{s:3:\"all\";a:1:{s:8:\"book.css\";s:21:\"modules/book/book.css\";}}s:7:\"project\";s:6:\"drupal\";s:9:\"datestamp\";s:10:\"1314817616\";s:12:\"dependencies\";a:0:{}s:3:\"php\";s:5:\"5.2.4\";s:9:\"bootstrap\";i:0;}'),('modules/color/color.module','color','module','',1,0,7001,0,'a:11:{s:4:\"name\";s:5:\"Color\";s:11:\"description\";s:70:\"Allows administrators to change the color scheme of compatible themes.\";s:7:\"package\";s:4:\"Core\";s:7:\"version\";s:3:\"7.8\";s:4:\"core\";s:3:\"7.x\";s:5:\"files\";a:1:{i:0;s:10:\"color.test\";}s:7:\"project\";s:6:\"drupal\";s:9:\"datestamp\";s:10:\"1314817616\";s:12:\"dependencies\";a:0:{}s:3:\"php\";s:5:\"5.2.4\";s:9:\"bootstrap\";i:0;}'),('modules/comment/comment.module','comment','module','',1,0,7008,0,'a:13:{s:4:\"name\";s:7:\"Comment\";s:11:\"description\";s:57:\"Allows users to comment on and discuss published content.\";s:7:\"package\";s:4:\"Core\";s:7:\"version\";s:3:\"7.8\";s:4:\"core\";s:3:\"7.x\";s:12:\"dependencies\";a:1:{i:0;s:4:\"text\";}s:5:\"files\";a:2:{i:0;s:14:\"comment.module\";i:1;s:12:\"comment.test\";}s:9:\"configure\";s:21:\"admin/content/comment\";s:11:\"stylesheets\";a:1:{s:3:\"all\";a:1:{s:11:\"comment.css\";s:27:\"modules/comment/comment.css\";}}s:7:\"project\";s:6:\"drupal\";s:9:\"datestamp\";s:10:\"1314817616\";s:3:\"php\";s:5:\"5.2.4\";s:9:\"bootstrap\";i:0;}'),('modules/contact/contact.module','contact','module','',0,0,-1,0,'a:12:{s:4:\"name\";s:7:\"Contact\";s:11:\"description\";s:61:\"Enables the use of both personal and site-wide contact forms.\";s:7:\"package\";s:4:\"Core\";s:7:\"version\";s:3:\"7.8\";s:4:\"core\";s:3:\"7.x\";s:5:\"files\";a:1:{i:0;s:12:\"contact.test\";}s:9:\"configure\";s:23:\"admin/structure/contact\";s:7:\"project\";s:6:\"drupal\";s:9:\"datestamp\";s:10:\"1314817616\";s:12:\"dependencies\";a:0:{}s:3:\"php\";s:5:\"5.2.4\";s:9:\"bootstrap\";i:0;}'),('modules/contextual/contextual.module','contextual','module','',1,0,0,0,'a:11:{s:4:\"name\";s:16:\"Contextual links\";s:11:\"description\";s:75:\"Provides contextual links to perform actions related to elements on a page.\";s:7:\"package\";s:4:\"Core\";s:7:\"version\";s:3:\"7.8\";s:4:\"core\";s:3:\"7.x\";s:7:\"project\";s:6:\"drupal\";s:9:\"datestamp\";s:10:\"1314817616\";s:12:\"dependencies\";a:0:{}s:3:\"php\";s:5:\"5.2.4\";s:5:\"files\";a:0:{}s:9:\"bootstrap\";i:0;}'),('modules/dashboard/dashboard.module','dashboard','module','',1,0,0,0,'a:12:{s:4:\"name\";s:9:\"Dashboard\";s:11:\"description\";s:136:\"Provides a dashboard page in the administrative interface for organizing administrative tasks and tracking information within your site.\";s:4:\"core\";s:3:\"7.x\";s:7:\"package\";s:4:\"Core\";s:7:\"version\";s:3:\"7.8\";s:5:\"files\";a:1:{i:0;s:14:\"dashboard.test\";}s:12:\"dependencies\";a:1:{i:0;s:5:\"block\";}s:9:\"configure\";s:25:\"admin/dashboard/customize\";s:7:\"project\";s:6:\"drupal\";s:9:\"datestamp\";s:10:\"1314817616\";s:3:\"php\";s:5:\"5.2.4\";s:9:\"bootstrap\";i:0;}'),('modules/dblog/dblog.module','dblog','module','',1,1,7001,0,'a:11:{s:4:\"name\";s:16:\"Database logging\";s:11:\"description\";s:47:\"Logs and records system events to the database.\";s:7:\"package\";s:4:\"Core\";s:7:\"version\";s:3:\"7.8\";s:4:\"core\";s:3:\"7.x\";s:5:\"files\";a:1:{i:0;s:10:\"dblog.test\";}s:7:\"project\";s:6:\"drupal\";s:9:\"datestamp\";s:10:\"1314817616\";s:12:\"dependencies\";a:0:{}s:3:\"php\";s:5:\"5.2.4\";s:9:\"bootstrap\";i:0;}'),('modules/field/field.module','field','module','',1,0,7001,0,'a:13:{s:4:\"name\";s:5:\"Field\";s:11:\"description\";s:57:\"Field API to add fields to entities like nodes and users.\";s:7:\"package\";s:4:\"Core\";s:7:\"version\";s:3:\"7.8\";s:4:\"core\";s:3:\"7.x\";s:5:\"files\";a:3:{i:0;s:12:\"field.module\";i:1;s:16:\"field.attach.inc\";i:2;s:16:\"tests/field.test\";}s:12:\"dependencies\";a:1:{i:0;s:17:\"field_sql_storage\";}s:8:\"required\";b:1;s:11:\"stylesheets\";a:1:{s:3:\"all\";a:1:{s:15:\"theme/field.css\";s:29:\"modules/field/theme/field.css\";}}s:7:\"project\";s:6:\"drupal\";s:9:\"datestamp\";s:10:\"1314817616\";s:3:\"php\";s:5:\"5.2.4\";s:9:\"bootstrap\";i:0;}'),('modules/field/modules/field_sql_storage/field_sql_storage.module','field_sql_storage','module','',1,0,7002,0,'a:12:{s:4:\"name\";s:17:\"Field SQL storage\";s:11:\"description\";s:37:\"Stores field data in an SQL database.\";s:7:\"package\";s:4:\"Core\";s:7:\"version\";s:3:\"7.8\";s:4:\"core\";s:3:\"7.x\";s:12:\"dependencies\";a:1:{i:0;s:5:\"field\";}s:5:\"files\";a:1:{i:0;s:22:\"field_sql_storage.test\";}s:8:\"required\";b:1;s:7:\"project\";s:6:\"drupal\";s:9:\"datestamp\";s:10:\"1314817616\";s:3:\"php\";s:5:\"5.2.4\";s:9:\"bootstrap\";i:0;}'),('modules/field/modules/list/list.module','list','module','',1,0,7002,0,'a:11:{s:4:\"name\";s:4:\"List\";s:11:\"description\";s:69:\"Defines list field types. Use with Options to create selection lists.\";s:7:\"package\";s:4:\"Core\";s:7:\"version\";s:3:\"7.8\";s:4:\"core\";s:3:\"7.x\";s:12:\"dependencies\";a:2:{i:0;s:5:\"field\";i:1;s:7:\"options\";}s:5:\"files\";a:1:{i:0;s:15:\"tests/list.test\";}s:7:\"project\";s:6:\"drupal\";s:9:\"datestamp\";s:10:\"1314817616\";s:3:\"php\";s:5:\"5.2.4\";s:9:\"bootstrap\";i:0;}'),('modules/field/modules/list/tests/list_test.module','list_test','module','',0,0,-1,0,'a:12:{s:4:\"name\";s:9:\"List test\";s:11:\"description\";s:41:\"Support module for the List module tests.\";s:4:\"core\";s:3:\"7.x\";s:7:\"package\";s:7:\"Testing\";s:7:\"version\";s:3:\"7.8\";s:6:\"hidden\";b:1;s:7:\"project\";s:6:\"drupal\";s:9:\"datestamp\";s:10:\"1314817616\";s:12:\"dependencies\";a:0:{}s:3:\"php\";s:5:\"5.2.4\";s:5:\"files\";a:0:{}s:9:\"bootstrap\";i:0;}'),('modules/field/modules/number/number.module','number','module','',1,0,0,0,'a:11:{s:4:\"name\";s:6:\"Number\";s:11:\"description\";s:28:\"Defines numeric field types.\";s:7:\"package\";s:4:\"Core\";s:7:\"version\";s:3:\"7.8\";s:4:\"core\";s:3:\"7.x\";s:12:\"dependencies\";a:1:{i:0;s:5:\"field\";}s:5:\"files\";a:1:{i:0;s:11:\"number.test\";}s:7:\"project\";s:6:\"drupal\";s:9:\"datestamp\";s:10:\"1314817616\";s:3:\"php\";s:5:\"5.2.4\";s:9:\"bootstrap\";i:0;}'),('modules/field/modules/options/options.module','options','module','',1,0,0,0,'a:11:{s:4:\"name\";s:7:\"Options\";s:11:\"description\";s:82:\"Defines selection, check box and radio button widgets for text and numeric fields.\";s:7:\"package\";s:4:\"Core\";s:7:\"version\";s:3:\"7.8\";s:4:\"core\";s:3:\"7.x\";s:12:\"dependencies\";a:1:{i:0;s:5:\"field\";}s:5:\"files\";a:1:{i:0;s:12:\"options.test\";}s:7:\"project\";s:6:\"drupal\";s:9:\"datestamp\";s:10:\"1314817616\";s:3:\"php\";s:5:\"5.2.4\";s:9:\"bootstrap\";i:0;}'),('modules/field/modules/text/text.module','text','module','',1,0,7000,0,'a:13:{s:4:\"name\";s:4:\"Text\";s:11:\"description\";s:32:\"Defines simple text field types.\";s:7:\"package\";s:4:\"Core\";s:7:\"version\";s:3:\"7.8\";s:4:\"core\";s:3:\"7.x\";s:12:\"dependencies\";a:1:{i:0;s:5:\"field\";}s:5:\"files\";a:1:{i:0;s:9:\"text.test\";}s:8:\"required\";b:1;s:7:\"project\";s:6:\"drupal\";s:9:\"datestamp\";s:10:\"1314817616\";s:3:\"php\";s:5:\"5.2.4\";s:9:\"bootstrap\";i:0;s:11:\"explanation\";s:83:\"Field type(s) in use - see <a href=\"/NaturalMe/admin/reports/fields\">Field list</a>\";}'),('modules/field/tests/field_test.module','field_test','module','',0,0,-1,0,'a:12:{s:4:\"name\";s:14:\"Field API Test\";s:11:\"description\";s:39:\"Support module for the Field API tests.\";s:4:\"core\";s:3:\"7.x\";s:7:\"package\";s:7:\"Testing\";s:5:\"files\";a:1:{i:0;s:21:\"field_test.entity.inc\";}s:7:\"version\";s:3:\"7.8\";s:6:\"hidden\";b:1;s:7:\"project\";s:6:\"drupal\";s:9:\"datestamp\";s:10:\"1314817616\";s:12:\"dependencies\";a:0:{}s:3:\"php\";s:5:\"5.2.4\";s:9:\"bootstrap\";i:0;}'),('modules/field_ui/field_ui.module','field_ui','module','',1,0,0,0,'a:11:{s:4:\"name\";s:8:\"Field UI\";s:11:\"description\";s:33:\"User interface for the Field API.\";s:7:\"package\";s:4:\"Core\";s:7:\"version\";s:3:\"7.8\";s:4:\"core\";s:3:\"7.x\";s:12:\"dependencies\";a:1:{i:0;s:5:\"field\";}s:5:\"files\";a:1:{i:0;s:13:\"field_ui.test\";}s:7:\"project\";s:6:\"drupal\";s:9:\"datestamp\";s:10:\"1314817616\";s:3:\"php\";s:5:\"5.2.4\";s:9:\"bootstrap\";i:0;}'),('modules/file/file.module','file','module','',1,0,0,0,'a:11:{s:4:\"name\";s:4:\"File\";s:11:\"description\";s:26:\"Defines a file field type.\";s:7:\"package\";s:4:\"Core\";s:7:\"version\";s:3:\"7.8\";s:4:\"core\";s:3:\"7.x\";s:12:\"dependencies\";a:1:{i:0;s:5:\"field\";}s:5:\"files\";a:1:{i:0;s:15:\"tests/file.test\";}s:7:\"project\";s:6:\"drupal\";s:9:\"datestamp\";s:10:\"1314817616\";s:3:\"php\";s:5:\"5.2.4\";s:9:\"bootstrap\";i:0;}'),('modules/file/tests/file_module_test.module','file_module_test','module','',0,0,-1,0,'a:12:{s:4:\"name\";s:9:\"File test\";s:11:\"description\";s:53:\"Provides hooks for testing File module functionality.\";s:7:\"package\";s:4:\"Core\";s:7:\"version\";s:3:\"7.8\";s:4:\"core\";s:3:\"7.x\";s:6:\"hidden\";b:1;s:7:\"project\";s:6:\"drupal\";s:9:\"datestamp\";s:10:\"1314817616\";s:12:\"dependencies\";a:0:{}s:3:\"php\";s:5:\"5.2.4\";s:5:\"files\";a:0:{}s:9:\"bootstrap\";i:0;}'),('modules/filter/filter.module','filter','module','',1,0,7010,0,'a:13:{s:4:\"name\";s:6:\"Filter\";s:11:\"description\";s:43:\"Filters content in preparation for display.\";s:7:\"package\";s:4:\"Core\";s:7:\"version\";s:3:\"7.8\";s:4:\"core\";s:3:\"7.x\";s:5:\"files\";a:1:{i:0;s:11:\"filter.test\";}s:8:\"required\";b:1;s:9:\"configure\";s:28:\"admin/config/content/formats\";s:7:\"project\";s:6:\"drupal\";s:9:\"datestamp\";s:10:\"1314817616\";s:12:\"dependencies\";a:0:{}s:3:\"php\";s:5:\"5.2.4\";s:9:\"bootstrap\";i:0;}'),('modules/forum/forum.module','forum','module','',0,0,-1,0,'a:13:{s:4:\"name\";s:5:\"Forum\";s:11:\"description\";s:27:\"Provides discussion forums.\";s:12:\"dependencies\";a:2:{i:0;s:8:\"taxonomy\";i:1;s:7:\"comment\";}s:7:\"package\";s:4:\"Core\";s:7:\"version\";s:3:\"7.8\";s:4:\"core\";s:3:\"7.x\";s:5:\"files\";a:1:{i:0;s:10:\"forum.test\";}s:9:\"configure\";s:21:\"admin/structure/forum\";s:11:\"stylesheets\";a:1:{s:3:\"all\";a:1:{s:9:\"forum.css\";s:23:\"modules/forum/forum.css\";}}s:7:\"project\";s:6:\"drupal\";s:9:\"datestamp\";s:10:\"1314817616\";s:3:\"php\";s:5:\"5.2.4\";s:9:\"bootstrap\";i:0;}'),('modules/help/help.module','help','module','',1,0,0,0,'a:11:{s:4:\"name\";s:4:\"Help\";s:11:\"description\";s:35:\"Manages the display of online help.\";s:7:\"package\";s:4:\"Core\";s:7:\"version\";s:3:\"7.8\";s:4:\"core\";s:3:\"7.x\";s:5:\"files\";a:1:{i:0;s:9:\"help.test\";}s:7:\"project\";s:6:\"drupal\";s:9:\"datestamp\";s:10:\"1314817616\";s:12:\"dependencies\";a:0:{}s:3:\"php\";s:5:\"5.2.4\";s:9:\"bootstrap\";i:0;}'),('modules/image/image.module','image','module','',1,0,7001,0,'a:14:{s:4:\"name\";s:5:\"Image\";s:11:\"description\";s:34:\"Provides image manipulation tools.\";s:7:\"package\";s:4:\"Core\";s:7:\"version\";s:3:\"7.8\";s:4:\"core\";s:3:\"7.x\";s:12:\"dependencies\";a:1:{i:0;s:4:\"file\";}s:5:\"files\";a:1:{i:0;s:10:\"image.test\";}s:9:\"configure\";s:31:\"admin/config/media/image-styles\";s:7:\"project\";s:6:\"drupal\";s:9:\"datestamp\";s:10:\"1314817616\";s:3:\"php\";s:5:\"5.2.4\";s:9:\"bootstrap\";i:0;s:8:\"required\";b:1;s:11:\"explanation\";s:83:\"Field type(s) in use - see <a href=\"/NaturalMe/admin/reports/fields\">Field list</a>\";}'),('modules/image/tests/image_module_test.module','image_module_test','module','',0,0,-1,0,'a:12:{s:4:\"name\";s:10:\"Image test\";s:11:\"description\";s:69:\"Provides hook implementations for testing Image module functionality.\";s:7:\"package\";s:4:\"Core\";s:7:\"version\";s:3:\"7.8\";s:4:\"core\";s:3:\"7.x\";s:5:\"files\";a:1:{i:0;s:24:\"image_module_test.module\";}s:6:\"hidden\";b:1;s:7:\"project\";s:6:\"drupal\";s:9:\"datestamp\";s:10:\"1314817616\";s:12:\"dependencies\";a:0:{}s:3:\"php\";s:5:\"5.2.4\";s:9:\"bootstrap\";i:0;}'),('modules/locale/locale.module','locale','module','',0,0,-1,0,'a:12:{s:4:\"name\";s:6:\"Locale\";s:11:\"description\";s:119:\"Adds language handling functionality and enables the translation of the user interface to languages other than English.\";s:7:\"package\";s:4:\"Core\";s:7:\"version\";s:3:\"7.8\";s:4:\"core\";s:3:\"7.x\";s:5:\"files\";a:1:{i:0;s:11:\"locale.test\";}s:9:\"configure\";s:30:\"admin/config/regional/language\";s:7:\"project\";s:6:\"drupal\";s:9:\"datestamp\";s:10:\"1314817616\";s:12:\"dependencies\";a:0:{}s:3:\"php\";s:5:\"5.2.4\";s:9:\"bootstrap\";i:0;}'),('modules/locale/tests/locale_test.module','locale_test','module','',0,0,-1,0,'a:12:{s:4:\"name\";s:11:\"Locale Test\";s:11:\"description\";s:42:\"Support module for the locale layer tests.\";s:4:\"core\";s:3:\"7.x\";s:7:\"package\";s:7:\"Testing\";s:7:\"version\";s:3:\"7.8\";s:6:\"hidden\";b:1;s:7:\"project\";s:6:\"drupal\";s:9:\"datestamp\";s:10:\"1314817616\";s:12:\"dependencies\";a:0:{}s:3:\"php\";s:5:\"5.2.4\";s:5:\"files\";a:0:{}s:9:\"bootstrap\";i:0;}'),('modules/menu/menu.module','menu','module','',1,0,7002,0,'a:12:{s:4:\"name\";s:4:\"Menu\";s:11:\"description\";s:60:\"Allows administrators to customize the site navigation menu.\";s:7:\"package\";s:4:\"Core\";s:7:\"version\";s:3:\"7.8\";s:4:\"core\";s:3:\"7.x\";s:5:\"files\";a:1:{i:0;s:9:\"menu.test\";}s:9:\"configure\";s:20:\"admin/structure/menu\";s:7:\"project\";s:6:\"drupal\";s:9:\"datestamp\";s:10:\"1314817616\";s:12:\"dependencies\";a:0:{}s:3:\"php\";s:5:\"5.2.4\";s:9:\"bootstrap\";i:0;}'),('modules/node/node.module','node','module','',1,0,7012,0,'a:14:{s:4:\"name\";s:4:\"Node\";s:11:\"description\";s:66:\"Allows content to be submitted to the site and displayed on pages.\";s:7:\"package\";s:4:\"Core\";s:7:\"version\";s:3:\"7.8\";s:4:\"core\";s:3:\"7.x\";s:5:\"files\";a:2:{i:0;s:11:\"node.module\";i:1;s:9:\"node.test\";}s:8:\"required\";b:1;s:9:\"configure\";s:21:\"admin/structure/types\";s:11:\"stylesheets\";a:1:{s:3:\"all\";a:1:{s:8:\"node.css\";s:21:\"modules/node/node.css\";}}s:7:\"project\";s:6:\"drupal\";s:9:\"datestamp\";s:10:\"1314817616\";s:12:\"dependencies\";a:0:{}s:3:\"php\";s:5:\"5.2.4\";s:9:\"bootstrap\";i:0;}'),('modules/node/tests/node_access_test.module','node_access_test','module','',0,0,-1,0,'a:12:{s:4:\"name\";s:24:\"Node module access tests\";s:11:\"description\";s:43:\"Support module for node permission testing.\";s:7:\"package\";s:7:\"Testing\";s:7:\"version\";s:3:\"7.8\";s:4:\"core\";s:3:\"7.x\";s:6:\"hidden\";b:1;s:7:\"project\";s:6:\"drupal\";s:9:\"datestamp\";s:10:\"1314817616\";s:12:\"dependencies\";a:0:{}s:3:\"php\";s:5:\"5.2.4\";s:5:\"files\";a:0:{}s:9:\"bootstrap\";i:0;}'),('modules/node/tests/node_test.module','node_test','module','',0,0,-1,0,'a:12:{s:4:\"name\";s:17:\"Node module tests\";s:11:\"description\";s:40:\"Support module for node related testing.\";s:7:\"package\";s:7:\"Testing\";s:7:\"version\";s:3:\"7.8\";s:4:\"core\";s:3:\"7.x\";s:6:\"hidden\";b:1;s:7:\"project\";s:6:\"drupal\";s:9:\"datestamp\";s:10:\"1314817616\";s:12:\"dependencies\";a:0:{}s:3:\"php\";s:5:\"5.2.4\";s:5:\"files\";a:0:{}s:9:\"bootstrap\";i:0;}'),('modules/node/tests/node_test_exception.module','node_test_exception','module','',0,0,-1,0,'a:12:{s:4:\"name\";s:27:\"Node module exception tests\";s:11:\"description\";s:50:\"Support module for node related exception testing.\";s:7:\"package\";s:7:\"Testing\";s:7:\"version\";s:3:\"7.8\";s:4:\"core\";s:3:\"7.x\";s:6:\"hidden\";b:1;s:7:\"project\";s:6:\"drupal\";s:9:\"datestamp\";s:10:\"1314817616\";s:12:\"dependencies\";a:0:{}s:3:\"php\";s:5:\"5.2.4\";s:5:\"files\";a:0:{}s:9:\"bootstrap\";i:0;}'),('modules/openid/openid.module','openid','module','',0,0,-1,0,'a:11:{s:4:\"name\";s:6:\"OpenID\";s:11:\"description\";s:48:\"Allows users to log into your site using OpenID.\";s:7:\"version\";s:3:\"7.8\";s:7:\"package\";s:4:\"Core\";s:4:\"core\";s:3:\"7.x\";s:5:\"files\";a:1:{i:0;s:11:\"openid.test\";}s:7:\"project\";s:6:\"drupal\";s:9:\"datestamp\";s:10:\"1314817616\";s:12:\"dependencies\";a:0:{}s:3:\"php\";s:5:\"5.2.4\";s:9:\"bootstrap\";i:0;}'),('modules/openid/tests/openid_test.module','openid_test','module','',0,0,-1,0,'a:12:{s:4:\"name\";s:21:\"OpenID dummy provider\";s:11:\"description\";s:33:\"OpenID provider used for testing.\";s:7:\"package\";s:7:\"Testing\";s:7:\"version\";s:3:\"7.8\";s:4:\"core\";s:3:\"7.x\";s:12:\"dependencies\";a:1:{i:0;s:6:\"openid\";}s:6:\"hidden\";b:1;s:7:\"project\";s:6:\"drupal\";s:9:\"datestamp\";s:10:\"1314817616\";s:3:\"php\";s:5:\"5.2.4\";s:5:\"files\";a:0:{}s:9:\"bootstrap\";i:0;}'),('modules/overlay/overlay.module','overlay','module','',1,1,0,0,'a:11:{s:4:\"name\";s:7:\"Overlay\";s:11:\"description\";s:59:\"Displays the Drupal administration interface in an overlay.\";s:7:\"package\";s:4:\"Core\";s:7:\"version\";s:3:\"7.8\";s:4:\"core\";s:3:\"7.x\";s:7:\"project\";s:6:\"drupal\";s:9:\"datestamp\";s:10:\"1314817616\";s:12:\"dependencies\";a:0:{}s:3:\"php\";s:5:\"5.2.4\";s:5:\"files\";a:0:{}s:9:\"bootstrap\";i:0;}'),('modules/path/path.module','path','module','',1,0,0,0,'a:12:{s:4:\"name\";s:4:\"Path\";s:11:\"description\";s:28:\"Allows users to rename URLs.\";s:7:\"package\";s:4:\"Core\";s:7:\"version\";s:3:\"7.8\";s:4:\"core\";s:3:\"7.x\";s:5:\"files\";a:1:{i:0;s:9:\"path.test\";}s:9:\"configure\";s:24:\"admin/config/search/path\";s:7:\"project\";s:6:\"drupal\";s:9:\"datestamp\";s:10:\"1314817616\";s:12:\"dependencies\";a:0:{}s:3:\"php\";s:5:\"5.2.4\";s:9:\"bootstrap\";i:0;}'),('modules/php/php.module','php','module','',0,0,-1,0,'a:11:{s:4:\"name\";s:10:\"PHP filter\";s:11:\"description\";s:50:\"Allows embedded PHP code/snippets to be evaluated.\";s:7:\"package\";s:4:\"Core\";s:7:\"version\";s:3:\"7.8\";s:4:\"core\";s:3:\"7.x\";s:5:\"files\";a:1:{i:0;s:8:\"php.test\";}s:7:\"project\";s:6:\"drupal\";s:9:\"datestamp\";s:10:\"1314817616\";s:12:\"dependencies\";a:0:{}s:3:\"php\";s:5:\"5.2.4\";s:9:\"bootstrap\";i:0;}'),('modules/poll/poll.module','poll','module','',0,0,-1,0,'a:12:{s:4:\"name\";s:4:\"Poll\";s:11:\"description\";s:95:\"Allows your site to capture votes on different topics in the form of multiple choice questions.\";s:7:\"package\";s:4:\"Core\";s:7:\"version\";s:3:\"7.8\";s:4:\"core\";s:3:\"7.x\";s:5:\"files\";a:1:{i:0;s:9:\"poll.test\";}s:11:\"stylesheets\";a:1:{s:3:\"all\";a:1:{s:8:\"poll.css\";s:21:\"modules/poll/poll.css\";}}s:7:\"project\";s:6:\"drupal\";s:9:\"datestamp\";s:10:\"1314817616\";s:12:\"dependencies\";a:0:{}s:3:\"php\";s:5:\"5.2.4\";s:9:\"bootstrap\";i:0;}'),('modules/profile/profile.module','profile','module','',0,0,-1,0,'a:13:{s:4:\"name\";s:7:\"Profile\";s:11:\"description\";s:36:\"Supports configurable user profiles.\";s:7:\"package\";s:4:\"Core\";s:7:\"version\";s:3:\"7.8\";s:4:\"core\";s:3:\"7.x\";s:5:\"files\";a:1:{i:0;s:12:\"profile.test\";}s:9:\"configure\";s:27:\"admin/config/people/profile\";s:6:\"hidden\";b:1;s:7:\"project\";s:6:\"drupal\";s:9:\"datestamp\";s:10:\"1314817616\";s:12:\"dependencies\";a:0:{}s:3:\"php\";s:5:\"5.2.4\";s:9:\"bootstrap\";i:0;}'),('modules/rdf/rdf.module','rdf','module','',1,0,0,0,'a:11:{s:4:\"name\";s:3:\"RDF\";s:11:\"description\";s:148:\"Enriches your content with metadata to let other applications (e.g. search engines, aggregators) better understand its relationships and attributes.\";s:7:\"package\";s:4:\"Core\";s:7:\"version\";s:3:\"7.8\";s:4:\"core\";s:3:\"7.x\";s:5:\"files\";a:1:{i:0;s:8:\"rdf.test\";}s:7:\"project\";s:6:\"drupal\";s:9:\"datestamp\";s:10:\"1314817616\";s:12:\"dependencies\";a:0:{}s:3:\"php\";s:5:\"5.2.4\";s:9:\"bootstrap\";i:0;}'),('modules/rdf/tests/rdf_test.module','rdf_test','module','',0,0,-1,0,'a:12:{s:4:\"name\";s:16:\"RDF module tests\";s:11:\"description\";s:38:\"Support module for RDF module testing.\";s:7:\"package\";s:7:\"Testing\";s:7:\"version\";s:3:\"7.8\";s:4:\"core\";s:3:\"7.x\";s:6:\"hidden\";b:1;s:7:\"project\";s:6:\"drupal\";s:9:\"datestamp\";s:10:\"1314817616\";s:12:\"dependencies\";a:0:{}s:3:\"php\";s:5:\"5.2.4\";s:5:\"files\";a:0:{}s:9:\"bootstrap\";i:0;}'),('modules/search/search.module','search','module','',1,0,7000,0,'a:13:{s:4:\"name\";s:6:\"Search\";s:11:\"description\";s:36:\"Enables site-wide keyword searching.\";s:7:\"package\";s:4:\"Core\";s:7:\"version\";s:3:\"7.8\";s:4:\"core\";s:3:\"7.x\";s:5:\"files\";a:2:{i:0;s:19:\"search.extender.inc\";i:1;s:11:\"search.test\";}s:9:\"configure\";s:28:\"admin/config/search/settings\";s:11:\"stylesheets\";a:1:{s:3:\"all\";a:1:{s:10:\"search.css\";s:25:\"modules/search/search.css\";}}s:7:\"project\";s:6:\"drupal\";s:9:\"datestamp\";s:10:\"1314817616\";s:12:\"dependencies\";a:0:{}s:3:\"php\";s:5:\"5.2.4\";s:9:\"bootstrap\";i:0;}'),('modules/search/tests/search_embedded_form.module','search_embedded_form','module','',0,0,-1,0,'a:12:{s:4:\"name\";s:20:\"Search embedded form\";s:11:\"description\";s:59:\"Support module for search module testing of embedded forms.\";s:7:\"package\";s:7:\"Testing\";s:7:\"version\";s:3:\"7.8\";s:4:\"core\";s:3:\"7.x\";s:6:\"hidden\";b:1;s:7:\"project\";s:6:\"drupal\";s:9:\"datestamp\";s:10:\"1314817616\";s:12:\"dependencies\";a:0:{}s:3:\"php\";s:5:\"5.2.4\";s:5:\"files\";a:0:{}s:9:\"bootstrap\";i:0;}'),('modules/search/tests/search_extra_type.module','search_extra_type','module','',0,0,-1,0,'a:12:{s:4:\"name\";s:16:\"Test search type\";s:11:\"description\";s:41:\"Support module for search module testing.\";s:7:\"package\";s:7:\"Testing\";s:7:\"version\";s:3:\"7.8\";s:4:\"core\";s:3:\"7.x\";s:6:\"hidden\";b:1;s:7:\"project\";s:6:\"drupal\";s:9:\"datestamp\";s:10:\"1314817616\";s:12:\"dependencies\";a:0:{}s:3:\"php\";s:5:\"5.2.4\";s:5:\"files\";a:0:{}s:9:\"bootstrap\";i:0;}'),('modules/shortcut/shortcut.module','shortcut','module','',1,0,0,0,'a:12:{s:4:\"name\";s:8:\"Shortcut\";s:11:\"description\";s:60:\"Allows users to manage customizable lists of shortcut links.\";s:7:\"package\";s:4:\"Core\";s:7:\"version\";s:3:\"7.8\";s:4:\"core\";s:3:\"7.x\";s:5:\"files\";a:1:{i:0;s:13:\"shortcut.test\";}s:9:\"configure\";s:36:\"admin/config/user-interface/shortcut\";s:7:\"project\";s:6:\"drupal\";s:9:\"datestamp\";s:10:\"1314817616\";s:12:\"dependencies\";a:0:{}s:3:\"php\";s:5:\"5.2.4\";s:9:\"bootstrap\";i:0;}'),('modules/simpletest/simpletest.module','simpletest','module','',0,0,-1,0,'a:12:{s:4:\"name\";s:7:\"Testing\";s:11:\"description\";s:53:\"Provides a framework for unit and functional testing.\";s:7:\"package\";s:4:\"Core\";s:7:\"version\";s:3:\"7.8\";s:4:\"core\";s:3:\"7.x\";s:5:\"files\";a:42:{i:0;s:15:\"simpletest.test\";i:1;s:24:\"drupal_web_test_case.php\";i:2;s:18:\"tests/actions.test\";i:3;s:15:\"tests/ajax.test\";i:4;s:16:\"tests/batch.test\";i:5;s:20:\"tests/bootstrap.test\";i:6;s:16:\"tests/cache.test\";i:7;s:17:\"tests/common.test\";i:8;s:24:\"tests/database_test.test\";i:9;s:32:\"tests/entity_crud_hook_test.test\";i:10;s:23:\"tests/entity_query.test\";i:11;s:16:\"tests/error.test\";i:12;s:15:\"tests/file.test\";i:13;s:23:\"tests/filetransfer.test\";i:14;s:15:\"tests/form.test\";i:15;s:16:\"tests/graph.test\";i:16;s:16:\"tests/image.test\";i:17;s:15:\"tests/lock.test\";i:18;s:15:\"tests/mail.test\";i:19;s:15:\"tests/menu.test\";i:20;s:17:\"tests/module.test\";i:21;s:19:\"tests/password.test\";i:22;s:15:\"tests/path.test\";i:23;s:19:\"tests/registry.test\";i:24;s:17:\"tests/schema.test\";i:25;s:18:\"tests/session.test\";i:26;s:20:\"tests/tablesort.test\";i:27;s:16:\"tests/theme.test\";i:28;s:18:\"tests/unicode.test\";i:29;s:17:\"tests/update.test\";i:30;s:17:\"tests/xmlrpc.test\";i:31;s:26:\"tests/upgrade/upgrade.test\";i:32;s:34:\"tests/upgrade/upgrade.comment.test\";i:33;s:33:\"tests/upgrade/upgrade.filter.test\";i:34;s:32:\"tests/upgrade/upgrade.forum.test\";i:35;s:33:\"tests/upgrade/upgrade.locale.test\";i:36;s:31:\"tests/upgrade/upgrade.menu.test\";i:37;s:31:\"tests/upgrade/upgrade.node.test\";i:38;s:35:\"tests/upgrade/upgrade.taxonomy.test\";i:39;s:39:\"tests/upgrade/upgrade.translatable.test\";i:40;s:33:\"tests/upgrade/upgrade.upload.test\";i:41;s:31:\"tests/upgrade/upgrade.user.test\";}s:9:\"configure\";s:41:\"admin/config/development/testing/settings\";s:7:\"project\";s:6:\"drupal\";s:9:\"datestamp\";s:10:\"1314817616\";s:12:\"dependencies\";a:0:{}s:3:\"php\";s:5:\"5.2.4\";s:9:\"bootstrap\";i:0;}'),('modules/simpletest/tests/actions_loop_test.module','actions_loop_test','module','',0,0,-1,0,'a:12:{s:4:\"name\";s:17:\"Actions loop test\";s:11:\"description\";s:39:\"Support module for action loop testing.\";s:7:\"package\";s:7:\"Testing\";s:7:\"version\";s:3:\"7.8\";s:4:\"core\";s:3:\"7.x\";s:6:\"hidden\";b:1;s:7:\"project\";s:6:\"drupal\";s:9:\"datestamp\";s:10:\"1314817616\";s:12:\"dependencies\";a:0:{}s:3:\"php\";s:5:\"5.2.4\";s:5:\"files\";a:0:{}s:9:\"bootstrap\";i:0;}'),('modules/simpletest/tests/ajax_forms_test.module','ajax_forms_test','module','',0,0,-1,0,'a:12:{s:4:\"name\";s:26:\"AJAX form test mock module\";s:11:\"description\";s:25:\"Test for AJAX form calls.\";s:4:\"core\";s:3:\"7.x\";s:7:\"package\";s:7:\"Testing\";s:7:\"version\";s:3:\"7.8\";s:6:\"hidden\";b:1;s:7:\"project\";s:6:\"drupal\";s:9:\"datestamp\";s:10:\"1314817616\";s:12:\"dependencies\";a:0:{}s:3:\"php\";s:5:\"5.2.4\";s:5:\"files\";a:0:{}s:9:\"bootstrap\";i:0;}'),('modules/simpletest/tests/ajax_test.module','ajax_test','module','',0,0,-1,0,'a:12:{s:4:\"name\";s:9:\"AJAX Test\";s:11:\"description\";s:40:\"Support module for AJAX framework tests.\";s:7:\"package\";s:7:\"Testing\";s:7:\"version\";s:3:\"7.8\";s:4:\"core\";s:3:\"7.x\";s:6:\"hidden\";b:1;s:7:\"project\";s:6:\"drupal\";s:9:\"datestamp\";s:10:\"1314817616\";s:12:\"dependencies\";a:0:{}s:3:\"php\";s:5:\"5.2.4\";s:5:\"files\";a:0:{}s:9:\"bootstrap\";i:0;}'),('modules/simpletest/tests/batch_test.module','batch_test','module','',0,0,-1,0,'a:12:{s:4:\"name\";s:14:\"Batch API test\";s:11:\"description\";s:35:\"Support module for Batch API tests.\";s:7:\"package\";s:7:\"Testing\";s:7:\"version\";s:3:\"7.8\";s:4:\"core\";s:3:\"7.x\";s:6:\"hidden\";b:1;s:7:\"project\";s:6:\"drupal\";s:9:\"datestamp\";s:10:\"1314817616\";s:12:\"dependencies\";a:0:{}s:3:\"php\";s:5:\"5.2.4\";s:5:\"files\";a:0:{}s:9:\"bootstrap\";i:0;}'),('modules/simpletest/tests/common_test.module','common_test','module','',0,0,-1,0,'a:13:{s:4:\"name\";s:11:\"Common Test\";s:11:\"description\";s:32:\"Support module for Common tests.\";s:7:\"package\";s:7:\"Testing\";s:7:\"version\";s:3:\"7.8\";s:4:\"core\";s:3:\"7.x\";s:11:\"stylesheets\";a:2:{s:3:\"all\";a:1:{s:15:\"common_test.css\";s:40:\"modules/simpletest/tests/common_test.css\";}s:5:\"print\";a:1:{s:21:\"common_test.print.css\";s:46:\"modules/simpletest/tests/common_test.print.css\";}}s:6:\"hidden\";b:1;s:7:\"project\";s:6:\"drupal\";s:9:\"datestamp\";s:10:\"1314817616\";s:12:\"dependencies\";a:0:{}s:3:\"php\";s:5:\"5.2.4\";s:5:\"files\";a:0:{}s:9:\"bootstrap\";i:0;}'),('modules/simpletest/tests/common_test_cron_helper.module','common_test_cron_helper','module','',0,0,-1,0,'a:12:{s:4:\"name\";s:23:\"Common Test Cron Helper\";s:11:\"description\";s:56:\"Helper module for CronRunTestCase::testCronExceptions().\";s:7:\"package\";s:7:\"Testing\";s:7:\"version\";s:3:\"7.8\";s:4:\"core\";s:3:\"7.x\";s:6:\"hidden\";b:1;s:7:\"project\";s:6:\"drupal\";s:9:\"datestamp\";s:10:\"1314817616\";s:12:\"dependencies\";a:0:{}s:3:\"php\";s:5:\"5.2.4\";s:5:\"files\";a:0:{}s:9:\"bootstrap\";i:0;}'),('modules/simpletest/tests/database_test.module','database_test','module','',0,0,-1,0,'a:12:{s:4:\"name\";s:13:\"Database Test\";s:11:\"description\";s:40:\"Support module for Database layer tests.\";s:4:\"core\";s:3:\"7.x\";s:7:\"package\";s:7:\"Testing\";s:7:\"version\";s:3:\"7.8\";s:6:\"hidden\";b:1;s:7:\"project\";s:6:\"drupal\";s:9:\"datestamp\";s:10:\"1314817616\";s:12:\"dependencies\";a:0:{}s:3:\"php\";s:5:\"5.2.4\";s:5:\"files\";a:0:{}s:9:\"bootstrap\";i:0;}'),('modules/simpletest/tests/drupal_system_listing_compatible_test/drupal_system_listing_compatible_test.module','drupal_system_listing_compatible_test','module','',0,0,-1,0,'a:12:{s:4:\"name\";s:37:\"Drupal system listing compatible test\";s:11:\"description\";s:62:\"Support module for testing the drupal_system_listing function.\";s:7:\"package\";s:7:\"Testing\";s:7:\"version\";s:3:\"7.8\";s:4:\"core\";s:3:\"7.x\";s:6:\"hidden\";b:1;s:7:\"project\";s:6:\"drupal\";s:9:\"datestamp\";s:10:\"1314817616\";s:12:\"dependencies\";a:0:{}s:3:\"php\";s:5:\"5.2.4\";s:5:\"files\";a:0:{}s:9:\"bootstrap\";i:0;}'),('modules/simpletest/tests/drupal_system_listing_incompatible_test/drupal_system_listing_incompatible_test.module','drupal_system_listing_incompatible_test','module','',0,0,-1,0,'a:12:{s:4:\"name\";s:39:\"Drupal system listing incompatible test\";s:11:\"description\";s:62:\"Support module for testing the drupal_system_listing function.\";s:7:\"package\";s:7:\"Testing\";s:7:\"version\";s:3:\"7.8\";s:4:\"core\";s:3:\"7.x\";s:6:\"hidden\";b:1;s:7:\"project\";s:6:\"drupal\";s:9:\"datestamp\";s:10:\"1314817616\";s:12:\"dependencies\";a:0:{}s:3:\"php\";s:5:\"5.2.4\";s:5:\"files\";a:0:{}s:9:\"bootstrap\";i:0;}'),('modules/simpletest/tests/entity_cache_test.module','entity_cache_test','module','',0,0,-1,0,'a:12:{s:4:\"name\";s:17:\"Entity cache test\";s:11:\"description\";s:40:\"Support module for testing entity cache.\";s:7:\"package\";s:7:\"Testing\";s:7:\"version\";s:3:\"7.8\";s:4:\"core\";s:3:\"7.x\";s:12:\"dependencies\";a:1:{i:0;s:28:\"entity_cache_test_dependency\";}s:6:\"hidden\";b:1;s:7:\"project\";s:6:\"drupal\";s:9:\"datestamp\";s:10:\"1314817616\";s:3:\"php\";s:5:\"5.2.4\";s:5:\"files\";a:0:{}s:9:\"bootstrap\";i:0;}'),('modules/simpletest/tests/entity_cache_test_dependency.module','entity_cache_test_dependency','module','',0,0,-1,0,'a:12:{s:4:\"name\";s:28:\"Entity cache test dependency\";s:11:\"description\";s:51:\"Support dependency module for testing entity cache.\";s:7:\"package\";s:7:\"Testing\";s:7:\"version\";s:3:\"7.8\";s:4:\"core\";s:3:\"7.x\";s:6:\"hidden\";b:1;s:7:\"project\";s:6:\"drupal\";s:9:\"datestamp\";s:10:\"1314817616\";s:12:\"dependencies\";a:0:{}s:3:\"php\";s:5:\"5.2.4\";s:5:\"files\";a:0:{}s:9:\"bootstrap\";i:0;}'),('modules/simpletest/tests/entity_crud_hook_test.module','entity_crud_hook_test','module','',0,0,-1,0,'a:12:{s:4:\"name\";s:22:\"Entity CRUD Hooks Test\";s:11:\"description\";s:35:\"Support module for CRUD hook tests.\";s:4:\"core\";s:3:\"7.x\";s:7:\"package\";s:7:\"Testing\";s:7:\"version\";s:3:\"7.8\";s:6:\"hidden\";b:1;s:7:\"project\";s:6:\"drupal\";s:9:\"datestamp\";s:10:\"1314817616\";s:12:\"dependencies\";a:0:{}s:3:\"php\";s:5:\"5.2.4\";s:5:\"files\";a:0:{}s:9:\"bootstrap\";i:0;}'),('modules/simpletest/tests/error_test.module','error_test','module','',0,0,-1,0,'a:12:{s:4:\"name\";s:10:\"Error test\";s:11:\"description\";s:47:\"Support module for error and exception testing.\";s:7:\"package\";s:7:\"Testing\";s:7:\"version\";s:3:\"7.8\";s:4:\"core\";s:3:\"7.x\";s:6:\"hidden\";b:1;s:7:\"project\";s:6:\"drupal\";s:9:\"datestamp\";s:10:\"1314817616\";s:12:\"dependencies\";a:0:{}s:3:\"php\";s:5:\"5.2.4\";s:5:\"files\";a:0:{}s:9:\"bootstrap\";i:0;}'),('modules/simpletest/tests/file_test.module','file_test','module','',0,0,-1,0,'a:12:{s:4:\"name\";s:9:\"File test\";s:11:\"description\";s:39:\"Support module for file handling tests.\";s:7:\"package\";s:7:\"Testing\";s:7:\"version\";s:3:\"7.8\";s:4:\"core\";s:3:\"7.x\";s:5:\"files\";a:1:{i:0;s:16:\"file_test.module\";}s:6:\"hidden\";b:1;s:7:\"project\";s:6:\"drupal\";s:9:\"datestamp\";s:10:\"1314817616\";s:12:\"dependencies\";a:0:{}s:3:\"php\";s:5:\"5.2.4\";s:9:\"bootstrap\";i:0;}'),('modules/simpletest/tests/filter_test.module','filter_test','module','',0,0,-1,0,'a:12:{s:4:\"name\";s:18:\"Filter test module\";s:11:\"description\";s:33:\"Tests filter hooks and functions.\";s:7:\"package\";s:7:\"Testing\";s:7:\"version\";s:3:\"7.8\";s:4:\"core\";s:3:\"7.x\";s:6:\"hidden\";b:1;s:7:\"project\";s:6:\"drupal\";s:9:\"datestamp\";s:10:\"1314817616\";s:12:\"dependencies\";a:0:{}s:3:\"php\";s:5:\"5.2.4\";s:5:\"files\";a:0:{}s:9:\"bootstrap\";i:0;}'),('modules/simpletest/tests/form_test.module','form_test','module','',0,0,-1,0,'a:12:{s:4:\"name\";s:12:\"FormAPI Test\";s:11:\"description\";s:34:\"Support module for Form API tests.\";s:7:\"package\";s:7:\"Testing\";s:7:\"version\";s:3:\"7.8\";s:4:\"core\";s:3:\"7.x\";s:6:\"hidden\";b:1;s:7:\"project\";s:6:\"drupal\";s:9:\"datestamp\";s:10:\"1314817616\";s:12:\"dependencies\";a:0:{}s:3:\"php\";s:5:\"5.2.4\";s:5:\"files\";a:0:{}s:9:\"bootstrap\";i:0;}'),('modules/simpletest/tests/image_test.module','image_test','module','',0,0,-1,0,'a:12:{s:4:\"name\";s:10:\"Image test\";s:11:\"description\";s:39:\"Support module for image toolkit tests.\";s:7:\"package\";s:7:\"Testing\";s:7:\"version\";s:3:\"7.8\";s:4:\"core\";s:3:\"7.x\";s:6:\"hidden\";b:1;s:7:\"project\";s:6:\"drupal\";s:9:\"datestamp\";s:10:\"1314817616\";s:12:\"dependencies\";a:0:{}s:3:\"php\";s:5:\"5.2.4\";s:5:\"files\";a:0:{}s:9:\"bootstrap\";i:0;}'),('modules/simpletest/tests/menu_test.module','menu_test','module','',0,0,-1,0,'a:12:{s:4:\"name\";s:15:\"Hook menu tests\";s:11:\"description\";s:37:\"Support module for menu hook testing.\";s:7:\"package\";s:7:\"Testing\";s:7:\"version\";s:3:\"7.8\";s:4:\"core\";s:3:\"7.x\";s:6:\"hidden\";b:1;s:7:\"project\";s:6:\"drupal\";s:9:\"datestamp\";s:10:\"1314817616\";s:12:\"dependencies\";a:0:{}s:3:\"php\";s:5:\"5.2.4\";s:5:\"files\";a:0:{}s:9:\"bootstrap\";i:0;}'),('modules/simpletest/tests/module_test.module','module_test','module','',0,0,-1,0,'a:12:{s:4:\"name\";s:11:\"Module test\";s:11:\"description\";s:41:\"Support module for module system testing.\";s:7:\"package\";s:7:\"Testing\";s:7:\"version\";s:3:\"7.8\";s:4:\"core\";s:3:\"7.x\";s:6:\"hidden\";b:1;s:7:\"project\";s:6:\"drupal\";s:9:\"datestamp\";s:10:\"1314817616\";s:12:\"dependencies\";a:0:{}s:3:\"php\";s:5:\"5.2.4\";s:5:\"files\";a:0:{}s:9:\"bootstrap\";i:0;}'),('modules/simpletest/tests/requirements1_test.module','requirements1_test','module','',0,0,-1,0,'a:12:{s:4:\"name\";s:19:\"Requirements 1 Test\";s:11:\"description\";s:80:\"Tests that a module is not installed when it fails hook_requirements(\'install\').\";s:7:\"package\";s:7:\"Testing\";s:7:\"version\";s:3:\"7.8\";s:4:\"core\";s:3:\"7.x\";s:6:\"hidden\";b:1;s:7:\"project\";s:6:\"drupal\";s:9:\"datestamp\";s:10:\"1314817616\";s:12:\"dependencies\";a:0:{}s:3:\"php\";s:5:\"5.2.4\";s:5:\"files\";a:0:{}s:9:\"bootstrap\";i:0;}'),('modules/simpletest/tests/requirements2_test.module','requirements2_test','module','',0,0,-1,0,'a:12:{s:4:\"name\";s:19:\"Requirements 2 Test\";s:11:\"description\";s:98:\"Tests that a module is not installed when the one it depends on fails hook_requirements(\'install).\";s:12:\"dependencies\";a:2:{i:0;s:18:\"requirements1_test\";i:1;s:7:\"comment\";}s:7:\"package\";s:7:\"Testing\";s:7:\"version\";s:3:\"7.8\";s:4:\"core\";s:3:\"7.x\";s:6:\"hidden\";b:1;s:7:\"project\";s:6:\"drupal\";s:9:\"datestamp\";s:10:\"1314817616\";s:3:\"php\";s:5:\"5.2.4\";s:5:\"files\";a:0:{}s:9:\"bootstrap\";i:0;}'),('modules/simpletest/tests/session_test.module','session_test','module','',0,0,-1,0,'a:12:{s:4:\"name\";s:12:\"Session test\";s:11:\"description\";s:40:\"Support module for session data testing.\";s:7:\"package\";s:7:\"Testing\";s:7:\"version\";s:3:\"7.8\";s:4:\"core\";s:3:\"7.x\";s:6:\"hidden\";b:1;s:7:\"project\";s:6:\"drupal\";s:9:\"datestamp\";s:10:\"1314817616\";s:12:\"dependencies\";a:0:{}s:3:\"php\";s:5:\"5.2.4\";s:5:\"files\";a:0:{}s:9:\"bootstrap\";i:0;}'),('modules/simpletest/tests/system_dependencies_test.module','system_dependencies_test','module','',0,0,-1,0,'a:12:{s:4:\"name\";s:22:\"System dependency test\";s:11:\"description\";s:47:\"Support module for testing system dependencies.\";s:7:\"package\";s:7:\"Testing\";s:7:\"version\";s:3:\"7.8\";s:4:\"core\";s:3:\"7.x\";s:6:\"hidden\";b:1;s:12:\"dependencies\";a:1:{i:0;s:19:\"_missing_dependency\";}s:7:\"project\";s:6:\"drupal\";s:9:\"datestamp\";s:10:\"1314817616\";s:3:\"php\";s:5:\"5.2.4\";s:5:\"files\";a:0:{}s:9:\"bootstrap\";i:0;}'),('modules/simpletest/tests/system_test.module','system_test','module','',0,0,-1,0,'a:12:{s:4:\"name\";s:11:\"System test\";s:11:\"description\";s:34:\"Support module for system testing.\";s:7:\"package\";s:7:\"Testing\";s:7:\"version\";s:3:\"7.8\";s:4:\"core\";s:3:\"7.x\";s:5:\"files\";a:1:{i:0;s:18:\"system_test.module\";}s:6:\"hidden\";b:1;s:7:\"project\";s:6:\"drupal\";s:9:\"datestamp\";s:10:\"1314817616\";s:12:\"dependencies\";a:0:{}s:3:\"php\";s:5:\"5.2.4\";s:9:\"bootstrap\";i:0;}'),('modules/simpletest/tests/taxonomy_test.module','taxonomy_test','module','',0,0,-1,0,'a:12:{s:4:\"name\";s:20:\"Taxonomy test module\";s:11:\"description\";s:45:\"\"Tests functions and hooks not used in core\".\";s:7:\"package\";s:7:\"Testing\";s:7:\"version\";s:3:\"7.8\";s:4:\"core\";s:3:\"7.x\";s:6:\"hidden\";b:1;s:12:\"dependencies\";a:1:{i:0;s:8:\"taxonomy\";}s:7:\"project\";s:6:\"drupal\";s:9:\"datestamp\";s:10:\"1314817616\";s:3:\"php\";s:5:\"5.2.4\";s:5:\"files\";a:0:{}s:9:\"bootstrap\";i:0;}'),('modules/simpletest/tests/theme_test.module','theme_test','module','',0,0,-1,0,'a:12:{s:4:\"name\";s:10:\"Theme test\";s:11:\"description\";s:40:\"Support module for theme system testing.\";s:7:\"package\";s:7:\"Testing\";s:7:\"version\";s:3:\"7.8\";s:4:\"core\";s:3:\"7.x\";s:6:\"hidden\";b:1;s:7:\"project\";s:6:\"drupal\";s:9:\"datestamp\";s:10:\"1314817616\";s:12:\"dependencies\";a:0:{}s:3:\"php\";s:5:\"5.2.4\";s:5:\"files\";a:0:{}s:9:\"bootstrap\";i:0;}'),('modules/simpletest/tests/update_test_1.module','update_test_1','module','',0,0,-1,0,'a:12:{s:4:\"name\";s:11:\"Update test\";s:11:\"description\";s:34:\"Support module for update testing.\";s:7:\"package\";s:7:\"Testing\";s:7:\"version\";s:3:\"7.8\";s:4:\"core\";s:3:\"7.x\";s:6:\"hidden\";b:1;s:7:\"project\";s:6:\"drupal\";s:9:\"datestamp\";s:10:\"1314817616\";s:12:\"dependencies\";a:0:{}s:3:\"php\";s:5:\"5.2.4\";s:5:\"files\";a:0:{}s:9:\"bootstrap\";i:0;}'),('modules/simpletest/tests/update_test_2.module','update_test_2','module','',0,0,-1,0,'a:12:{s:4:\"name\";s:11:\"Update test\";s:11:\"description\";s:34:\"Support module for update testing.\";s:7:\"package\";s:7:\"Testing\";s:7:\"version\";s:3:\"7.8\";s:4:\"core\";s:3:\"7.x\";s:6:\"hidden\";b:1;s:7:\"project\";s:6:\"drupal\";s:9:\"datestamp\";s:10:\"1314817616\";s:12:\"dependencies\";a:0:{}s:3:\"php\";s:5:\"5.2.4\";s:5:\"files\";a:0:{}s:9:\"bootstrap\";i:0;}'),('modules/simpletest/tests/update_test_3.module','update_test_3','module','',0,0,-1,0,'a:12:{s:4:\"name\";s:11:\"Update test\";s:11:\"description\";s:34:\"Support module for update testing.\";s:7:\"package\";s:7:\"Testing\";s:7:\"version\";s:3:\"7.8\";s:4:\"core\";s:3:\"7.x\";s:6:\"hidden\";b:1;s:7:\"project\";s:6:\"drupal\";s:9:\"datestamp\";s:10:\"1314817616\";s:12:\"dependencies\";a:0:{}s:3:\"php\";s:5:\"5.2.4\";s:5:\"files\";a:0:{}s:9:\"bootstrap\";i:0;}'),('modules/simpletest/tests/url_alter_test.module','url_alter_test','module','',0,0,-1,0,'a:12:{s:4:\"name\";s:15:\"Url_alter tests\";s:11:\"description\";s:45:\"A support modules for url_alter hook testing.\";s:4:\"core\";s:3:\"7.x\";s:7:\"package\";s:7:\"Testing\";s:7:\"version\";s:3:\"7.8\";s:6:\"hidden\";b:1;s:7:\"project\";s:6:\"drupal\";s:9:\"datestamp\";s:10:\"1314817616\";s:12:\"dependencies\";a:0:{}s:3:\"php\";s:5:\"5.2.4\";s:5:\"files\";a:0:{}s:9:\"bootstrap\";i:0;}'),('modules/simpletest/tests/xmlrpc_test.module','xmlrpc_test','module','',0,0,-1,0,'a:12:{s:4:\"name\";s:12:\"XML-RPC Test\";s:11:\"description\";s:75:\"Support module for XML-RPC tests according to the validator1 specification.\";s:7:\"package\";s:7:\"Testing\";s:7:\"version\";s:3:\"7.8\";s:4:\"core\";s:3:\"7.x\";s:6:\"hidden\";b:1;s:7:\"project\";s:6:\"drupal\";s:9:\"datestamp\";s:10:\"1314817616\";s:12:\"dependencies\";a:0:{}s:3:\"php\";s:5:\"5.2.4\";s:5:\"files\";a:0:{}s:9:\"bootstrap\";i:0;}'),('modules/statistics/statistics.module','statistics','module','',0,0,-1,0,'a:12:{s:4:\"name\";s:10:\"Statistics\";s:11:\"description\";s:37:\"Logs access statistics for your site.\";s:7:\"package\";s:4:\"Core\";s:7:\"version\";s:3:\"7.8\";s:4:\"core\";s:3:\"7.x\";s:5:\"files\";a:1:{i:0;s:15:\"statistics.test\";}s:9:\"configure\";s:30:\"admin/config/system/statistics\";s:7:\"project\";s:6:\"drupal\";s:9:\"datestamp\";s:10:\"1314817616\";s:12:\"dependencies\";a:0:{}s:3:\"php\";s:5:\"5.2.4\";s:9:\"bootstrap\";i:0;}'),('modules/syslog/syslog.module','syslog','module','',0,0,-1,0,'a:11:{s:4:\"name\";s:6:\"Syslog\";s:11:\"description\";s:41:\"Logs and records system events to syslog.\";s:7:\"package\";s:4:\"Core\";s:7:\"version\";s:3:\"7.8\";s:4:\"core\";s:3:\"7.x\";s:5:\"files\";a:1:{i:0;s:11:\"syslog.test\";}s:7:\"project\";s:6:\"drupal\";s:9:\"datestamp\";s:10:\"1314817616\";s:12:\"dependencies\";a:0:{}s:3:\"php\";s:5:\"5.2.4\";s:9:\"bootstrap\";i:0;}'),('modules/system/system.module','system','module','',1,0,7071,0,'a:13:{s:4:\"name\";s:6:\"System\";s:11:\"description\";s:54:\"Handles general site configuration for administrators.\";s:7:\"package\";s:4:\"Core\";s:7:\"version\";s:3:\"7.8\";s:4:\"core\";s:3:\"7.x\";s:5:\"files\";a:6:{i:0;s:19:\"system.archiver.inc\";i:1;s:15:\"system.mail.inc\";i:2;s:16:\"system.queue.inc\";i:3;s:14:\"system.tar.inc\";i:4;s:18:\"system.updater.inc\";i:5;s:11:\"system.test\";}s:8:\"required\";b:1;s:9:\"configure\";s:19:\"admin/config/system\";s:7:\"project\";s:6:\"drupal\";s:9:\"datestamp\";s:10:\"1314817616\";s:12:\"dependencies\";a:0:{}s:3:\"php\";s:5:\"5.2.4\";s:9:\"bootstrap\";i:0;}'),('modules/taxonomy/taxonomy.module','taxonomy','module','',1,0,7010,0,'a:14:{s:4:\"name\";s:8:\"Taxonomy\";s:11:\"description\";s:38:\"Enables the categorization of content.\";s:7:\"package\";s:4:\"Core\";s:7:\"version\";s:3:\"7.8\";s:4:\"core\";s:3:\"7.x\";s:12:\"dependencies\";a:1:{i:0;s:7:\"options\";}s:5:\"files\";a:2:{i:0;s:15:\"taxonomy.module\";i:1;s:13:\"taxonomy.test\";}s:9:\"configure\";s:24:\"admin/structure/taxonomy\";s:7:\"project\";s:6:\"drupal\";s:9:\"datestamp\";s:10:\"1314817616\";s:3:\"php\";s:5:\"5.2.4\";s:9:\"bootstrap\";i:0;s:8:\"required\";b:1;s:11:\"explanation\";s:83:\"Field type(s) in use - see <a href=\"/NaturalMe/admin/reports/fields\">Field list</a>\";}'),('modules/toolbar/toolbar.module','toolbar','module','',1,0,0,0,'a:11:{s:4:\"name\";s:7:\"Toolbar\";s:11:\"description\";s:99:\"Provides a toolbar that shows the top-level administration menu items and links from other modules.\";s:4:\"core\";s:3:\"7.x\";s:7:\"package\";s:4:\"Core\";s:7:\"version\";s:3:\"7.8\";s:7:\"project\";s:6:\"drupal\";s:9:\"datestamp\";s:10:\"1314817616\";s:12:\"dependencies\";a:0:{}s:3:\"php\";s:5:\"5.2.4\";s:5:\"files\";a:0:{}s:9:\"bootstrap\";i:0;}'),('modules/tracker/tracker.module','tracker','module','',0,0,-1,0,'a:11:{s:4:\"name\";s:7:\"Tracker\";s:11:\"description\";s:45:\"Enables tracking of recent content for users.\";s:12:\"dependencies\";a:1:{i:0;s:7:\"comment\";}s:7:\"package\";s:4:\"Core\";s:7:\"version\";s:3:\"7.8\";s:4:\"core\";s:3:\"7.x\";s:5:\"files\";a:1:{i:0;s:12:\"tracker.test\";}s:7:\"project\";s:6:\"drupal\";s:9:\"datestamp\";s:10:\"1314817616\";s:3:\"php\";s:5:\"5.2.4\";s:9:\"bootstrap\";i:0;}'),('modules/translation/tests/translation_test.module','translation_test','module','',0,0,-1,0,'a:12:{s:4:\"name\";s:24:\"Content Translation Test\";s:11:\"description\";s:49:\"Support module for the content translation tests.\";s:4:\"core\";s:3:\"7.x\";s:7:\"package\";s:7:\"Testing\";s:7:\"version\";s:3:\"7.8\";s:6:\"hidden\";b:1;s:7:\"project\";s:6:\"drupal\";s:9:\"datestamp\";s:10:\"1314817616\";s:12:\"dependencies\";a:0:{}s:3:\"php\";s:5:\"5.2.4\";s:5:\"files\";a:0:{}s:9:\"bootstrap\";i:0;}'),('modules/translation/translation.module','translation','module','',0,0,-1,0,'a:11:{s:4:\"name\";s:19:\"Content translation\";s:11:\"description\";s:57:\"Allows content to be translated into different languages.\";s:12:\"dependencies\";a:1:{i:0;s:6:\"locale\";}s:7:\"package\";s:4:\"Core\";s:7:\"version\";s:3:\"7.8\";s:4:\"core\";s:3:\"7.x\";s:5:\"files\";a:1:{i:0;s:16:\"translation.test\";}s:7:\"project\";s:6:\"drupal\";s:9:\"datestamp\";s:10:\"1314817616\";s:3:\"php\";s:5:\"5.2.4\";s:9:\"bootstrap\";i:0;}'),('modules/trigger/tests/trigger_test.module','trigger_test','module','',0,0,-1,0,'a:12:{s:4:\"name\";s:12:\"Trigger Test\";s:11:\"description\";s:33:\"Support module for Trigger tests.\";s:7:\"package\";s:7:\"Testing\";s:4:\"core\";s:3:\"7.x\";s:6:\"hidden\";b:1;s:7:\"version\";s:3:\"7.8\";s:7:\"project\";s:6:\"drupal\";s:9:\"datestamp\";s:10:\"1314817616\";s:12:\"dependencies\";a:0:{}s:3:\"php\";s:5:\"5.2.4\";s:5:\"files\";a:0:{}s:9:\"bootstrap\";i:0;}'),('modules/trigger/trigger.module','trigger','module','',0,0,-1,0,'a:12:{s:4:\"name\";s:7:\"Trigger\";s:11:\"description\";s:90:\"Enables actions to be fired on certain system events, such as when new content is created.\";s:7:\"package\";s:4:\"Core\";s:7:\"version\";s:3:\"7.8\";s:4:\"core\";s:3:\"7.x\";s:5:\"files\";a:1:{i:0;s:12:\"trigger.test\";}s:9:\"configure\";s:23:\"admin/structure/trigger\";s:7:\"project\";s:6:\"drupal\";s:9:\"datestamp\";s:10:\"1314817616\";s:12:\"dependencies\";a:0:{}s:3:\"php\";s:5:\"5.2.4\";s:9:\"bootstrap\";i:0;}'),('modules/update/tests/aaa_update_test.module','aaa_update_test','module','',0,0,-1,0,'a:12:{s:4:\"name\";s:15:\"AAA Update test\";s:11:\"description\";s:41:\"Support module for update module testing.\";s:7:\"package\";s:7:\"Testing\";s:4:\"core\";s:3:\"7.x\";s:6:\"hidden\";b:1;s:7:\"version\";s:3:\"7.8\";s:7:\"project\";s:6:\"drupal\";s:9:\"datestamp\";s:10:\"1314817616\";s:12:\"dependencies\";a:0:{}s:3:\"php\";s:5:\"5.2.4\";s:5:\"files\";a:0:{}s:9:\"bootstrap\";i:0;}'),('modules/update/tests/bbb_update_test.module','bbb_update_test','module','',0,0,-1,0,'a:12:{s:4:\"name\";s:15:\"BBB Update test\";s:11:\"description\";s:41:\"Support module for update module testing.\";s:7:\"package\";s:7:\"Testing\";s:4:\"core\";s:3:\"7.x\";s:6:\"hidden\";b:1;s:7:\"version\";s:3:\"7.8\";s:7:\"project\";s:6:\"drupal\";s:9:\"datestamp\";s:10:\"1314817616\";s:12:\"dependencies\";a:0:{}s:3:\"php\";s:5:\"5.2.4\";s:5:\"files\";a:0:{}s:9:\"bootstrap\";i:0;}'),('modules/update/tests/ccc_update_test.module','ccc_update_test','module','',0,0,-1,0,'a:12:{s:4:\"name\";s:15:\"CCC Update test\";s:11:\"description\";s:41:\"Support module for update module testing.\";s:7:\"package\";s:7:\"Testing\";s:4:\"core\";s:3:\"7.x\";s:6:\"hidden\";b:1;s:7:\"version\";s:3:\"7.8\";s:7:\"project\";s:6:\"drupal\";s:9:\"datestamp\";s:10:\"1314817616\";s:12:\"dependencies\";a:0:{}s:3:\"php\";s:5:\"5.2.4\";s:5:\"files\";a:0:{}s:9:\"bootstrap\";i:0;}'),('modules/update/tests/update_test.module','update_test','module','',0,0,-1,0,'a:12:{s:4:\"name\";s:11:\"Update test\";s:11:\"description\";s:41:\"Support module for update module testing.\";s:7:\"package\";s:7:\"Testing\";s:7:\"version\";s:3:\"7.8\";s:4:\"core\";s:3:\"7.x\";s:6:\"hidden\";b:1;s:7:\"project\";s:6:\"drupal\";s:9:\"datestamp\";s:10:\"1314817616\";s:12:\"dependencies\";a:0:{}s:3:\"php\";s:5:\"5.2.4\";s:5:\"files\";a:0:{}s:9:\"bootstrap\";i:0;}'),('modules/update/update.module','update','module','',1,0,7001,0,'a:12:{s:4:\"name\";s:14:\"Update manager\";s:11:\"description\";s:104:\"Checks for available updates, and can securely install or update modules and themes via a web interface.\";s:7:\"version\";s:3:\"7.8\";s:7:\"package\";s:4:\"Core\";s:4:\"core\";s:3:\"7.x\";s:5:\"files\";a:1:{i:0;s:11:\"update.test\";}s:9:\"configure\";s:30:\"admin/reports/updates/settings\";s:7:\"project\";s:6:\"drupal\";s:9:\"datestamp\";s:10:\"1314817616\";s:12:\"dependencies\";a:0:{}s:3:\"php\";s:5:\"5.2.4\";s:9:\"bootstrap\";i:0;}'),('modules/user/tests/user_form_test.module','user_form_test','module','',0,0,-1,0,'a:12:{s:4:\"name\";s:22:\"User module form tests\";s:11:\"description\";s:37:\"Support module for user form testing.\";s:7:\"package\";s:7:\"Testing\";s:7:\"version\";s:3:\"7.8\";s:4:\"core\";s:3:\"7.x\";s:6:\"hidden\";b:1;s:7:\"project\";s:6:\"drupal\";s:9:\"datestamp\";s:10:\"1314817616\";s:12:\"dependencies\";a:0:{}s:3:\"php\";s:5:\"5.2.4\";s:5:\"files\";a:0:{}s:9:\"bootstrap\";i:0;}'),('modules/user/user.module','user','module','',1,0,7017,0,'a:14:{s:4:\"name\";s:4:\"User\";s:11:\"description\";s:47:\"Manages the user registration and login system.\";s:7:\"package\";s:4:\"Core\";s:7:\"version\";s:3:\"7.8\";s:4:\"core\";s:3:\"7.x\";s:5:\"files\";a:2:{i:0;s:11:\"user.module\";i:1;s:9:\"user.test\";}s:8:\"required\";b:1;s:9:\"configure\";s:19:\"admin/config/people\";s:11:\"stylesheets\";a:1:{s:3:\"all\";a:1:{s:8:\"user.css\";s:21:\"modules/user/user.css\";}}s:7:\"project\";s:6:\"drupal\";s:9:\"datestamp\";s:10:\"1314817616\";s:12:\"dependencies\";a:0:{}s:3:\"php\";s:5:\"5.2.4\";s:9:\"bootstrap\";i:0;}'),('profiles/standard/standard.profile','standard','module','',1,0,0,1000,'a:14:{s:4:\"name\";s:8:\"Standard\";s:11:\"description\";s:51:\"Install with commonly used features pre-configured.\";s:7:\"version\";s:3:\"7.8\";s:4:\"core\";s:3:\"7.x\";s:12:\"dependencies\";a:21:{i:0;s:5:\"block\";i:1;s:5:\"color\";i:2;s:7:\"comment\";i:3;s:10:\"contextual\";i:4;s:9:\"dashboard\";i:5;s:4:\"help\";i:6;s:5:\"image\";i:7;s:4:\"list\";i:8;s:4:\"menu\";i:9;s:6:\"number\";i:10;s:7:\"options\";i:11;s:4:\"path\";i:12;s:8:\"taxonomy\";i:13;s:5:\"dblog\";i:14;s:6:\"search\";i:15;s:8:\"shortcut\";i:16;s:7:\"toolbar\";i:17;s:7:\"overlay\";i:18;s:8:\"field_ui\";i:19;s:4:\"file\";i:20;s:3:\"rdf\";}s:5:\"files\";a:1:{i:0;s:16:\"standard.profile\";}s:7:\"project\";s:6:\"drupal\";s:9:\"datestamp\";s:10:\"1314817616\";s:7:\"package\";s:5:\"Other\";s:3:\"php\";s:5:\"5.2.4\";s:9:\"bootstrap\";i:0;s:6:\"hidden\";b:1;s:8:\"required\";b:1;s:17:\"distribution_name\";s:6:\"Drupal\";}'),('sites/all/modules/fusion_accelerator/fusion_accelerator.module','fusion_accelerator','module','',1,0,0,0,'a:12:{s:4:\"name\";s:17:\"Fusion Grid Tools\";s:11:\"description\";s:72:\"A collection of utilities for themers to build custom grids with Fusion.\";s:4:\"core\";s:3:\"7.x\";s:6:\"engine\";s:11:\"phptemplate\";s:7:\"package\";s:6:\"Fusion\";s:5:\"files\";a:1:{i:0;s:25:\"fusion_accelerator.module\";}s:7:\"version\";s:14:\"7.x-2.0-alpha2\";s:7:\"project\";s:18:\"fusion_accelerator\";s:9:\"datestamp\";s:10:\"1320119731\";s:12:\"dependencies\";a:0:{}s:3:\"php\";s:5:\"5.2.4\";s:9:\"bootstrap\";i:0;}'),('sites/all/modules/fusion_accelerator/fusion_apply/fusion_apply.module','fusion_apply','module','',1,0,7000,0,'a:11:{s:4:\"name\";s:12:\"Fusion Apply\";s:11:\"description\";s:71:\"Provides a way to define and/or skin bits of Drupal output from the UI.\";s:7:\"package\";s:6:\"Fusion\";s:4:\"core\";s:3:\"7.x\";s:5:\"files\";a:1:{i:0;s:23:\"tests/fusion_apply.test\";}s:7:\"version\";s:14:\"7.x-2.0-alpha2\";s:7:\"project\";s:18:\"fusion_accelerator\";s:9:\"datestamp\";s:10:\"1320119731\";s:12:\"dependencies\";a:0:{}s:3:\"php\";s:5:\"5.2.4\";s:9:\"bootstrap\";i:0;}'),('sites/all/modules/fusion_accelerator/fusion_apply/fusion_apply_rules.module','fusion_apply_rules','module','',1,0,0,0,'a:11:{s:4:\"name\";s:18:\"Fusion Apply Rules\";s:11:\"description\";s:33:\"Apply skins to regions and pages.\";s:7:\"package\";s:6:\"Fusion\";s:4:\"core\";s:3:\"7.x\";s:12:\"dependencies\";a:1:{i:0;s:12:\"fusion_apply\";}s:7:\"version\";s:14:\"7.x-2.0-alpha2\";s:7:\"project\";s:18:\"fusion_accelerator\";s:9:\"datestamp\";s:10:\"1320119731\";s:3:\"php\";s:5:\"5.2.4\";s:5:\"files\";a:0:{}s:9:\"bootstrap\";i:0;}'),('sites/all/modules/fusion_accelerator/fusion_apply/fusion_apply_ui.module','fusion_apply_ui','module','',1,0,0,-1,'a:12:{s:4:\"name\";s:15:\"Fusion Apply UI\";s:11:\"description\";s:116:\"Administrative interface to apply skins to page elements.  Without this module, you cannot edit your skins or rules.\";s:7:\"package\";s:6:\"Fusion\";s:4:\"core\";s:3:\"7.x\";s:9:\"configure\";s:23:\"admin/appearance/fusion\";s:12:\"dependencies\";a:1:{i:0;s:12:\"fusion_apply\";}s:5:\"files\";a:1:{i:0;s:26:\"tests/fusion_apply_ui.test\";}s:7:\"version\";s:14:\"7.x-2.0-alpha2\";s:7:\"project\";s:18:\"fusion_accelerator\";s:9:\"datestamp\";s:10:\"1320119731\";s:3:\"php\";s:5:\"5.2.4\";s:9:\"bootstrap\";i:0;}'),('sites/all/modules/fusion_accelerator/fusion_apply/tests/fusion_apply_incompatible/fusion_apply_test_incompatible.module','fusion_apply_test_incompatible','module','',0,0,-1,0,'a:12:{s:4:\"name\";s:33:\"Fusion Apply Incompatible Testing\";s:11:\"description\";s:77:\"A test module used for testing incompatible Fusion Apply API implementations.\";s:7:\"package\";s:7:\"Testing\";s:4:\"core\";s:3:\"7.x\";s:6:\"hidden\";b:1;s:12:\"dependencies\";a:1:{i:0;s:12:\"fusion_apply\";}s:7:\"version\";s:14:\"7.x-2.0-alpha2\";s:7:\"project\";s:18:\"fusion_accelerator\";s:9:\"datestamp\";s:10:\"1320119731\";s:3:\"php\";s:5:\"5.2.4\";s:5:\"files\";a:0:{}s:9:\"bootstrap\";i:0;}'),('sites/all/modules/fusion_accelerator/fusion_apply/tests/fusion_apply_test/fusion_apply_test.module','fusion_apply_test','module','',0,0,-1,0,'a:12:{s:4:\"name\";s:20:\"Fusion Apply Testing\";s:11:\"description\";s:56:\"Applies skins and performs other tests for Fusion Apply.\";s:7:\"package\";s:7:\"Testing\";s:4:\"core\";s:3:\"7.x\";s:6:\"hidden\";b:1;s:12:\"dependencies\";a:1:{i:0;s:12:\"fusion_apply\";}s:7:\"version\";s:14:\"7.x-2.0-alpha2\";s:7:\"project\";s:18:\"fusion_accelerator\";s:9:\"datestamp\";s:10:\"1320119731\";s:3:\"php\";s:5:\"5.2.4\";s:5:\"files\";a:0:{}s:9:\"bootstrap\";i:0;}'),('sites/all/modules/fusion_accelerator/fusion_apply/tests/fusion_apply_ui_test/fusion_apply_ui_test.module','fusion_apply_ui_test','module','',0,0,-1,0,'a:12:{s:4:\"name\";s:23:\"Fusion Apply UI Testing\";s:11:\"description\";s:47:\"A test module used for testing Fusion Apply UI.\";s:7:\"package\";s:7:\"Testing\";s:4:\"core\";s:3:\"7.x\";s:6:\"hidden\";b:1;s:12:\"dependencies\";a:1:{i:0;s:15:\"fusion_apply_ui\";}s:7:\"version\";s:14:\"7.x-2.0-alpha2\";s:7:\"project\";s:18:\"fusion_accelerator\";s:9:\"datestamp\";s:10:\"1320119731\";s:3:\"php\";s:5:\"5.2.4\";s:5:\"files\";a:0:{}s:9:\"bootstrap\";i:0;}'),('sites/all/themes/fusion/fusion_core/fusion_core.info','fusion_core','theme','themes/engines/phptemplate/phptemplate.engine',1,0,-1,0,'a:18:{s:4:\"name\";s:11:\"Fusion Core\";s:11:\"description\";s:313:\"<a href=\"http://drupal.org/project/fusion\">Fusion Core</a> is the grid-enabled base theme for powerful sub-themes.  With the <a href=\"http://drupal.org/project/fusion_accelerator\">Fusion Accelerator</a> module, it enables easy point-and-click theming. By <a href=\"http://www.topnotchthemes.com\">TopNotchThemes</a>\";s:4:\"core\";s:3:\"7.x\";s:6:\"engine\";s:11:\"phptemplate\";s:11:\"stylesheets\";a:1:{s:3:\"all\";a:3:{s:20:\"css/fusion-style.css\";s:56:\"sites/all/themes/fusion/fusion_core/css/fusion-style.css\";s:25:\"css/fusion-typography.css\";s:61:\"sites/all/themes/fusion/fusion_core/css/fusion-typography.css\";s:32:\"skins/core/fusion-core-skins.css\";s:68:\"sites/all/themes/fusion/fusion_core/skins/core/fusion-core-skins.css\";}}s:6:\"fusion\";a:2:{s:3:\"api\";s:1:\"2\";s:9:\"directory\";s:5:\"skins\";}s:7:\"scripts\";a:1:{s:12:\"js/script.js\";s:48:\"sites/all/themes/fusion/fusion_core/js/script.js\";}s:7:\"regions\";a:19:{s:13:\"sidebar_first\";s:13:\"Sidebar first\";s:14:\"sidebar_second\";s:14:\"Sidebar second\";s:10:\"header_top\";s:10:\"Header top\";s:6:\"header\";s:6:\"Header\";s:9:\"main_menu\";s:9:\"Main menu\";s:11:\"preface_top\";s:11:\"Preface top\";s:14:\"preface_bottom\";s:14:\"Preface bottom\";s:7:\"content\";s:7:\"Content\";s:14:\"postscript_top\";s:14:\"Postscript top\";s:17:\"postscript_bottom\";s:17:\"Postscript bottom\";s:6:\"footer\";s:6:\"Footer\";s:8:\"node_top\";s:8:\"Node top\";s:11:\"node_bottom\";s:11:\"Node bottom\";s:4:\"help\";s:4:\"Help\";s:8:\"page_top\";s:8:\"Page top\";s:11:\"page_bottom\";s:11:\"Page bottom\";s:14:\"dashboard_main\";s:16:\"Dashboard (main)\";s:17:\"dashboard_sidebar\";s:19:\"Dashboard (sidebar)\";s:18:\"dashboard_inactive\";s:20:\"Dashboard (inactive)\";}s:8:\"features\";a:6:{i:0;s:4:\"logo\";i:1;s:4:\"name\";i:2;s:6:\"slogan\";i:3;s:17:\"node_user_picture\";i:4;s:20:\"comment_user_picture\";i:5;s:7:\"favicon\";}s:8:\"settings\";a:22:{s:10:\"theme_grid\";s:10:\"grid16-960\";s:18:\"theme_grid_options\";a:4:{i:0;s:10:\"grid16-960\";i:1;s:12:\"grid16-fluid\";i:2;s:10:\"grid12-960\";i:3;s:12:\"grid12-fluid\";}s:16:\"fluid_grid_width\";s:9:\"fluid-100\";s:14:\"sidebar_layout\";s:14:\"sidebars-split\";s:19:\"sidebar_first_width\";s:1:\"3\";s:20:\"sidebar_second_width\";s:1:\"3\";s:10:\"theme_font\";s:4:\"none\";s:15:\"theme_font_size\";s:12:\"font-size-13\";s:18:\"breadcrumb_display\";s:1:\"1\";s:14:\"search_snippet\";s:1:\"1\";s:16:\"search_info_type\";s:1:\"1\";s:16:\"search_info_user\";s:1:\"1\";s:16:\"search_info_date\";s:1:\"1\";s:19:\"search_info_comment\";s:1:\"1\";s:18:\"search_info_upload\";s:1:\"1\";s:17:\"block_config_link\";s:1:\"1\";s:9:\"grid_mask\";s:1:\"0\";s:19:\"grid_nested_regions\";a:9:{i:0;s:13:\"sidebar_first\";i:1;s:14:\"sidebar_second\";i:2;s:6:\"header\";i:3;s:14:\"preface_bottom\";i:4;s:7:\"content\";i:5;s:14:\"postscript_top\";i:6;s:8:\"node_top\";i:7;s:11:\"node_bottom\";i:8;s:4:\"help\";}s:21:\"grid_adjusted_regions\";a:6:{s:14:\"preface_bottom\";a:1:{i:0;s:13:\"sidebar_first\";}s:4:\"help\";a:2:{i:0;s:13:\"sidebar_first\";i:1;s:14:\"sidebar_second\";}s:7:\"content\";a:2:{i:0;s:13:\"sidebar_first\";i:1;s:14:\"sidebar_second\";}s:8:\"node_top\";a:2:{i:0;s:13:\"sidebar_first\";i:1;s:14:\"sidebar_second\";}s:11:\"node_bottom\";a:2:{i:0;s:13:\"sidebar_first\";i:1;s:14:\"sidebar_second\";}s:14:\"postscript_top\";a:1:{i:0;s:13:\"sidebar_first\";}}s:20:\"grid_adjusted_groups\";a:2:{s:10:\"main_group\";a:1:{i:0;s:13:\"sidebar_first\";}s:13:\"content_group\";a:2:{i:0;s:13:\"sidebar_first\";i:1;s:14:\"sidebar_second\";}}s:27:\"grid_adjusted_regions_fluid\";a:2:{s:14:\"sidebar_second\";a:1:{i:0;s:13:\"sidebar_first\";}s:7:\"content\";a:2:{i:0;s:13:\"sidebar_first\";i:1;s:14:\"sidebar_second\";}}s:26:\"grid_adjusted_groups_fluid\";a:1:{s:13:\"content_group\";a:1:{i:0;s:14:\"sidebar_second\";}}}s:7:\"version\";s:13:\"7.x-2.0-beta1\";s:7:\"project\";s:6:\"fusion\";s:9:\"datestamp\";s:10:\"1324339864\";s:10:\"screenshot\";s:50:\"sites/all/themes/fusion/fusion_core/screenshot.png\";s:3:\"php\";s:5:\"5.2.4\";s:15:\"overlay_regions\";a:5:{i:0;s:14:\"dashboard_main\";i:1;s:17:\"dashboard_sidebar\";i:2;s:18:\"dashboard_inactive\";i:3;s:7:\"content\";i:4;s:4:\"help\";}s:14:\"regions_hidden\";a:2:{i:0;s:8:\"page_top\";i:1;s:11:\"page_bottom\";}s:28:\"overlay_supplemental_regions\";a:1:{i:0;s:8:\"page_top\";}}'),('sites/all/themes/fusion/fusion_starter/fusion_starter.info','fusion_starter','theme','themes/engines/phptemplate/phptemplate.engine',1,0,-1,0,'a:19:{s:4:\"name\";s:14:\"Fusion Starter\";s:11:\"description\";s:239:\"A fully featured Fusion starter theme.  Requires <a href=\"http://drupal.org/project/fusion\">Fusion Core</a> and the <a href=\"http://drupal.org/project/fusion_accelerator\">Fusion Accelerator</a> suite to enable easy point-and-click theming.\";s:10:\"base theme\";s:11:\"fusion_core\";s:4:\"core\";s:3:\"7.x\";s:6:\"engine\";s:11:\"phptemplate\";s:11:\"stylesheets\";a:1:{s:3:\"all\";a:1:{s:28:\"css/fusion-starter-style.css\";s:67:\"sites/all/themes/fusion/fusion_starter/css/fusion-starter-style.css\";}}s:6:\"fusion\";a:2:{s:3:\"api\";s:1:\"2\";s:9:\"directory\";s:5:\"skins\";}s:7:\"regions\";a:19:{s:13:\"sidebar_first\";s:13:\"Sidebar first\";s:14:\"sidebar_second\";s:14:\"Sidebar second\";s:10:\"header_top\";s:10:\"Header top\";s:6:\"header\";s:6:\"Header\";s:9:\"main_menu\";s:9:\"Main menu\";s:11:\"preface_top\";s:11:\"Preface top\";s:14:\"preface_bottom\";s:14:\"Preface bottom\";s:7:\"content\";s:7:\"Content\";s:14:\"postscript_top\";s:14:\"Postscript top\";s:17:\"postscript_bottom\";s:17:\"Postscript bottom\";s:6:\"footer\";s:6:\"Footer\";s:8:\"node_top\";s:8:\"Node top\";s:11:\"node_bottom\";s:11:\"Node bottom\";s:4:\"help\";s:4:\"Help\";s:8:\"page_top\";s:8:\"Page top\";s:11:\"page_bottom\";s:11:\"Page bottom\";s:14:\"dashboard_main\";s:16:\"Dashboard (main)\";s:17:\"dashboard_sidebar\";s:19:\"Dashboard (sidebar)\";s:18:\"dashboard_inactive\";s:20:\"Dashboard (inactive)\";}s:8:\"features\";a:6:{i:0;s:4:\"logo\";i:1;s:4:\"name\";i:2;s:6:\"slogan\";i:3;s:17:\"node_user_picture\";i:4;s:20:\"comment_user_picture\";i:5;s:7:\"favicon\";}s:8:\"settings\";a:21:{s:10:\"theme_grid\";s:10:\"grid12-960\";s:18:\"theme_grid_options\";a:4:{i:0;s:10:\"grid16-960\";i:1;s:12:\"grid16-fluid\";i:2;s:10:\"grid12-960\";i:3;s:12:\"grid12-fluid\";}s:16:\"fluid_grid_width\";s:9:\"fluid-100\";s:14:\"sidebar_layout\";s:14:\"sidebars-split\";s:19:\"sidebar_first_width\";s:1:\"3\";s:20:\"sidebar_second_width\";s:1:\"3\";s:10:\"theme_font\";s:4:\"none\";s:15:\"theme_font_size\";s:12:\"font-size-13\";s:18:\"breadcrumb_display\";s:1:\"1\";s:14:\"search_snippet\";s:1:\"1\";s:16:\"search_info_type\";s:1:\"1\";s:16:\"search_info_user\";s:1:\"1\";s:16:\"search_info_date\";s:1:\"1\";s:19:\"search_info_comment\";s:1:\"1\";s:18:\"search_info_upload\";s:1:\"1\";s:9:\"grid_mask\";s:1:\"1\";s:19:\"grid_nested_regions\";a:9:{i:0;s:13:\"sidebar_first\";i:1;s:14:\"sidebar_second\";i:2;s:6:\"header\";i:3;s:14:\"preface_bottom\";i:4;s:7:\"content\";i:5;s:14:\"postscript_top\";i:6;s:8:\"node_top\";i:7;s:11:\"node_bottom\";i:8;s:4:\"help\";}s:21:\"grid_adjusted_regions\";a:6:{s:14:\"preface_bottom\";a:1:{i:0;s:13:\"sidebar_first\";}s:4:\"help\";a:2:{i:0;s:13:\"sidebar_first\";i:1;s:14:\"sidebar_second\";}s:7:\"content\";a:2:{i:0;s:13:\"sidebar_first\";i:1;s:14:\"sidebar_second\";}s:8:\"node_top\";a:2:{i:0;s:13:\"sidebar_first\";i:1;s:14:\"sidebar_second\";}s:11:\"node_bottom\";a:2:{i:0;s:13:\"sidebar_first\";i:1;s:14:\"sidebar_second\";}s:14:\"postscript_top\";a:1:{i:0;s:13:\"sidebar_first\";}}s:20:\"grid_adjusted_groups\";a:2:{s:10:\"main_group\";a:1:{i:0;s:13:\"sidebar_first\";}s:13:\"content_group\";a:2:{i:0;s:13:\"sidebar_first\";i:1;s:14:\"sidebar_second\";}}s:27:\"grid_adjusted_regions_fluid\";a:2:{s:14:\"sidebar_second\";a:1:{i:0;s:13:\"sidebar_first\";}s:7:\"content\";a:2:{i:0;s:13:\"sidebar_first\";i:1;s:14:\"sidebar_second\";}}s:26:\"grid_adjusted_groups_fluid\";a:1:{s:13:\"content_group\";a:1:{i:0;s:14:\"sidebar_second\";}}}s:7:\"version\";s:13:\"7.x-2.0-beta1\";s:7:\"project\";s:6:\"fusion\";s:9:\"datestamp\";s:10:\"1324339864\";s:10:\"screenshot\";s:53:\"sites/all/themes/fusion/fusion_starter/screenshot.png\";s:3:\"php\";s:5:\"5.2.4\";s:7:\"scripts\";a:0:{}s:15:\"overlay_regions\";a:5:{i:0;s:14:\"dashboard_main\";i:1;s:17:\"dashboard_sidebar\";i:2;s:18:\"dashboard_inactive\";i:3;s:7:\"content\";i:4;s:4:\"help\";}s:14:\"regions_hidden\";a:2:{i:0;s:8:\"page_top\";i:1;s:11:\"page_bottom\";}s:28:\"overlay_supplemental_regions\";a:1:{i:0;s:8:\"page_top\";}}'),('sites/all/themes/fusion/fusion_starter_lite/fusion_starter_lite.info','fusion_starter_lite','theme','themes/engines/phptemplate/phptemplate.engine',0,0,-1,0,'a:19:{s:4:\"name\";s:19:\"Fusion Starter Lite\";s:11:\"description\";s:259:\"A Fusion starter theme with fewer regions and less markup.  Requires <a href=\"http://drupal.org/project/fusion\">Fusion Core</a> and the <a href=\"http://drupal.org/project/fusion_accelerator\">Fusion Accelerator</a> suite to enable easy point-and-click theming.\";s:10:\"base theme\";s:11:\"fusion_core\";s:4:\"core\";s:3:\"7.x\";s:6:\"engine\";s:11:\"phptemplate\";s:11:\"stylesheets\";a:1:{s:3:\"all\";a:1:{s:33:\"css/fusion-starter-lite-style.css\";s:77:\"sites/all/themes/fusion/fusion_starter_lite/css/fusion-starter-lite-style.css\";}}s:6:\"fusion\";a:2:{s:3:\"api\";s:1:\"2\";s:9:\"directory\";s:5:\"skins\";}s:7:\"regions\";a:10:{s:13:\"sidebar_first\";s:13:\"Sidebar first\";s:14:\"sidebar_second\";s:14:\"Sidebar second\";s:6:\"header\";s:6:\"Header\";s:9:\"main_menu\";s:9:\"Main menu\";s:7:\"content\";s:7:\"Content\";s:6:\"footer\";s:6:\"Footer\";s:4:\"help\";s:4:\"Help\";s:14:\"dashboard_main\";s:16:\"Dashboard (main)\";s:17:\"dashboard_sidebar\";s:19:\"Dashboard (sidebar)\";s:18:\"dashboard_inactive\";s:20:\"Dashboard (inactive)\";}s:8:\"features\";a:6:{i:0;s:4:\"logo\";i:1;s:4:\"name\";i:2;s:6:\"slogan\";i:3;s:17:\"node_user_picture\";i:4;s:20:\"comment_user_picture\";i:5;s:7:\"favicon\";}s:8:\"settings\";a:21:{s:10:\"theme_grid\";s:10:\"grid12-960\";s:18:\"theme_grid_options\";a:2:{i:0;s:10:\"grid12-960\";i:1;s:12:\"grid12-fluid\";}s:16:\"fluid_grid_width\";s:9:\"fluid-100\";s:14:\"sidebar_layout\";s:14:\"sidebars-split\";s:19:\"sidebar_first_width\";s:1:\"2\";s:20:\"sidebar_second_width\";s:1:\"2\";s:10:\"theme_font\";s:4:\"none\";s:15:\"theme_font_size\";s:12:\"font-size-13\";s:18:\"breadcrumb_display\";s:1:\"1\";s:14:\"search_snippet\";s:1:\"1\";s:16:\"search_info_type\";s:1:\"1\";s:16:\"search_info_user\";s:1:\"1\";s:16:\"search_info_date\";s:1:\"1\";s:19:\"search_info_comment\";s:1:\"1\";s:18:\"search_info_upload\";s:1:\"1\";s:9:\"grid_mask\";s:1:\"1\";s:19:\"grid_nested_regions\";a:5:{i:0;s:13:\"sidebar_first\";i:1;s:14:\"sidebar_second\";i:2;s:6:\"header\";i:3;s:7:\"content\";i:4;s:4:\"help\";}s:21:\"grid_adjusted_regions\";a:2:{s:4:\"help\";a:2:{i:0;s:13:\"sidebar_first\";i:1;s:14:\"sidebar_second\";}s:7:\"content\";a:2:{i:0;s:13:\"sidebar_first\";i:1;s:14:\"sidebar_second\";}}s:20:\"grid_adjusted_groups\";a:1:{s:13:\"content_group\";a:2:{i:0;s:13:\"sidebar_first\";i:1;s:14:\"sidebar_second\";}}s:27:\"grid_adjusted_regions_fluid\";a:2:{s:14:\"sidebar_second\";a:1:{i:0;s:13:\"sidebar_first\";}s:7:\"content\";a:2:{i:0;s:13:\"sidebar_first\";i:1;s:14:\"sidebar_second\";}}s:26:\"grid_adjusted_groups_fluid\";a:1:{s:13:\"content_group\";a:1:{i:0;s:14:\"sidebar_second\";}}}s:7:\"version\";s:13:\"7.x-2.0-beta1\";s:7:\"project\";s:6:\"fusion\";s:9:\"datestamp\";s:10:\"1324339864\";s:10:\"screenshot\";s:58:\"sites/all/themes/fusion/fusion_starter_lite/screenshot.png\";s:3:\"php\";s:5:\"5.2.4\";s:7:\"scripts\";a:0:{}s:15:\"overlay_regions\";a:5:{i:0;s:14:\"dashboard_main\";i:1;s:17:\"dashboard_sidebar\";i:2;s:18:\"dashboard_inactive\";i:3;s:7:\"content\";i:4;s:4:\"help\";}s:14:\"regions_hidden\";a:2:{i:0;s:8:\"page_top\";i:1;s:11:\"page_bottom\";}s:28:\"overlay_supplemental_regions\";a:1:{i:0;s:8:\"page_top\";}}'),('themes/bartik/bartik.info','bartik','theme','themes/engines/phptemplate/phptemplate.engine',1,0,-1,0,'a:18:{s:4:\"name\";s:6:\"Bartik\";s:11:\"description\";s:48:\"A flexible, recolorable theme with many regions.\";s:7:\"package\";s:4:\"Core\";s:7:\"version\";s:3:\"7.8\";s:4:\"core\";s:3:\"7.x\";s:11:\"stylesheets\";a:2:{s:3:\"all\";a:3:{s:14:\"css/layout.css\";s:28:\"themes/bartik/css/layout.css\";s:13:\"css/style.css\";s:27:\"themes/bartik/css/style.css\";s:14:\"css/colors.css\";s:28:\"themes/bartik/css/colors.css\";}s:5:\"print\";a:1:{s:13:\"css/print.css\";s:27:\"themes/bartik/css/print.css\";}}s:7:\"regions\";a:20:{s:6:\"header\";s:6:\"Header\";s:4:\"help\";s:4:\"Help\";s:8:\"page_top\";s:8:\"Page top\";s:11:\"page_bottom\";s:11:\"Page bottom\";s:11:\"highlighted\";s:11:\"Highlighted\";s:8:\"featured\";s:8:\"Featured\";s:7:\"content\";s:7:\"Content\";s:13:\"sidebar_first\";s:13:\"Sidebar first\";s:14:\"sidebar_second\";s:14:\"Sidebar second\";s:14:\"triptych_first\";s:14:\"Triptych first\";s:15:\"triptych_middle\";s:15:\"Triptych middle\";s:13:\"triptych_last\";s:13:\"Triptych last\";s:18:\"footer_firstcolumn\";s:19:\"Footer first column\";s:19:\"footer_secondcolumn\";s:20:\"Footer second column\";s:18:\"footer_thirdcolumn\";s:19:\"Footer third column\";s:19:\"footer_fourthcolumn\";s:20:\"Footer fourth column\";s:6:\"footer\";s:6:\"Footer\";s:14:\"dashboard_main\";s:16:\"Dashboard (main)\";s:17:\"dashboard_sidebar\";s:19:\"Dashboard (sidebar)\";s:18:\"dashboard_inactive\";s:20:\"Dashboard (inactive)\";}s:8:\"settings\";a:1:{s:20:\"shortcut_module_link\";s:1:\"0\";}s:7:\"project\";s:6:\"drupal\";s:9:\"datestamp\";s:10:\"1314817616\";s:6:\"engine\";s:11:\"phptemplate\";s:8:\"features\";a:9:{i:0;s:4:\"logo\";i:1;s:7:\"favicon\";i:2;s:4:\"name\";i:3;s:6:\"slogan\";i:4;s:17:\"node_user_picture\";i:5;s:20:\"comment_user_picture\";i:6;s:25:\"comment_user_verification\";i:7;s:9:\"main_menu\";i:8;s:14:\"secondary_menu\";}s:10:\"screenshot\";s:28:\"themes/bartik/screenshot.png\";s:3:\"php\";s:5:\"5.2.4\";s:7:\"scripts\";a:0:{}s:15:\"overlay_regions\";a:5:{i:0;s:14:\"dashboard_main\";i:1;s:17:\"dashboard_sidebar\";i:2;s:18:\"dashboard_inactive\";i:3;s:7:\"content\";i:4;s:4:\"help\";}s:14:\"regions_hidden\";a:2:{i:0;s:8:\"page_top\";i:1;s:11:\"page_bottom\";}s:28:\"overlay_supplemental_regions\";a:1:{i:0;s:8:\"page_top\";}}'),('themes/garland/garland.info','garland','theme','themes/engines/phptemplate/phptemplate.engine',0,0,-1,0,'a:18:{s:4:\"name\";s:7:\"Garland\";s:11:\"description\";s:111:\"A multi-column theme which can be configured to modify colors and switch between fixed and fluid width layouts.\";s:7:\"package\";s:4:\"Core\";s:7:\"version\";s:3:\"7.8\";s:4:\"core\";s:3:\"7.x\";s:11:\"stylesheets\";a:2:{s:3:\"all\";a:1:{s:9:\"style.css\";s:24:\"themes/garland/style.css\";}s:5:\"print\";a:1:{s:9:\"print.css\";s:24:\"themes/garland/print.css\";}}s:8:\"settings\";a:1:{s:13:\"garland_width\";s:5:\"fluid\";}s:7:\"project\";s:6:\"drupal\";s:9:\"datestamp\";s:10:\"1314817616\";s:6:\"engine\";s:11:\"phptemplate\";s:7:\"regions\";a:12:{s:13:\"sidebar_first\";s:12:\"Left sidebar\";s:14:\"sidebar_second\";s:13:\"Right sidebar\";s:7:\"content\";s:7:\"Content\";s:6:\"header\";s:6:\"Header\";s:6:\"footer\";s:6:\"Footer\";s:11:\"highlighted\";s:11:\"Highlighted\";s:4:\"help\";s:4:\"Help\";s:8:\"page_top\";s:8:\"Page top\";s:11:\"page_bottom\";s:11:\"Page bottom\";s:14:\"dashboard_main\";s:16:\"Dashboard (main)\";s:17:\"dashboard_sidebar\";s:19:\"Dashboard (sidebar)\";s:18:\"dashboard_inactive\";s:20:\"Dashboard (inactive)\";}s:8:\"features\";a:9:{i:0;s:4:\"logo\";i:1;s:7:\"favicon\";i:2;s:4:\"name\";i:3;s:6:\"slogan\";i:4;s:17:\"node_user_picture\";i:5;s:20:\"comment_user_picture\";i:6;s:25:\"comment_user_verification\";i:7;s:9:\"main_menu\";i:8;s:14:\"secondary_menu\";}s:10:\"screenshot\";s:29:\"themes/garland/screenshot.png\";s:3:\"php\";s:5:\"5.2.4\";s:7:\"scripts\";a:0:{}s:15:\"overlay_regions\";a:5:{i:0;s:14:\"dashboard_main\";i:1;s:17:\"dashboard_sidebar\";i:2;s:18:\"dashboard_inactive\";i:3;s:7:\"content\";i:4;s:4:\"help\";}s:14:\"regions_hidden\";a:2:{i:0;s:8:\"page_top\";i:1;s:11:\"page_bottom\";}s:28:\"overlay_supplemental_regions\";a:1:{i:0;s:8:\"page_top\";}}'),('themes/seven/seven.info','seven','theme','themes/engines/phptemplate/phptemplate.engine',1,0,-1,0,'a:18:{s:4:\"name\";s:5:\"Seven\";s:11:\"description\";s:65:\"A simple one-column, tableless, fluid width administration theme.\";s:7:\"package\";s:4:\"Core\";s:7:\"version\";s:3:\"7.8\";s:4:\"core\";s:3:\"7.x\";s:11:\"stylesheets\";a:1:{s:6:\"screen\";a:2:{s:9:\"reset.css\";s:22:\"themes/seven/reset.css\";s:9:\"style.css\";s:22:\"themes/seven/style.css\";}}s:8:\"settings\";a:1:{s:20:\"shortcut_module_link\";s:1:\"1\";}s:7:\"regions\";a:8:{s:7:\"content\";s:7:\"Content\";s:4:\"help\";s:4:\"Help\";s:8:\"page_top\";s:8:\"Page top\";s:11:\"page_bottom\";s:11:\"Page bottom\";s:13:\"sidebar_first\";s:13:\"First sidebar\";s:14:\"dashboard_main\";s:16:\"Dashboard (main)\";s:17:\"dashboard_sidebar\";s:19:\"Dashboard (sidebar)\";s:18:\"dashboard_inactive\";s:20:\"Dashboard (inactive)\";}s:14:\"regions_hidden\";a:3:{i:0;s:13:\"sidebar_first\";i:1;s:8:\"page_top\";i:2;s:11:\"page_bottom\";}s:7:\"project\";s:6:\"drupal\";s:9:\"datestamp\";s:10:\"1314817616\";s:6:\"engine\";s:11:\"phptemplate\";s:8:\"features\";a:9:{i:0;s:4:\"logo\";i:1;s:7:\"favicon\";i:2;s:4:\"name\";i:3;s:6:\"slogan\";i:4;s:17:\"node_user_picture\";i:5;s:20:\"comment_user_picture\";i:6;s:25:\"comment_user_verification\";i:7;s:9:\"main_menu\";i:8;s:14:\"secondary_menu\";}s:10:\"screenshot\";s:27:\"themes/seven/screenshot.png\";s:3:\"php\";s:5:\"5.2.4\";s:7:\"scripts\";a:0:{}s:15:\"overlay_regions\";a:5:{i:0;s:14:\"dashboard_main\";i:1;s:17:\"dashboard_sidebar\";i:2;s:18:\"dashboard_inactive\";i:3;s:7:\"content\";i:4;s:4:\"help\";}s:28:\"overlay_supplemental_regions\";a:1:{i:0;s:8:\"page_top\";}}'),('themes/stark/stark.info','stark','theme','themes/engines/phptemplate/phptemplate.engine',0,0,-1,0,'a:17:{s:4:\"name\";s:5:\"Stark\";s:11:\"description\";s:208:\"This theme demonstrates Drupal\'s default HTML markup and CSS styles. To learn how to build your own theme and override Drupal\'s default code, see the <a href=\"http://drupal.org/theme-guide\">Theming Guide</a>.\";s:7:\"package\";s:4:\"Core\";s:7:\"version\";s:3:\"7.8\";s:4:\"core\";s:3:\"7.x\";s:11:\"stylesheets\";a:1:{s:3:\"all\";a:1:{s:10:\"layout.css\";s:23:\"themes/stark/layout.css\";}}s:7:\"project\";s:6:\"drupal\";s:9:\"datestamp\";s:10:\"1314817616\";s:6:\"engine\";s:11:\"phptemplate\";s:7:\"regions\";a:12:{s:13:\"sidebar_first\";s:12:\"Left sidebar\";s:14:\"sidebar_second\";s:13:\"Right sidebar\";s:7:\"content\";s:7:\"Content\";s:6:\"header\";s:6:\"Header\";s:6:\"footer\";s:6:\"Footer\";s:11:\"highlighted\";s:11:\"Highlighted\";s:4:\"help\";s:4:\"Help\";s:8:\"page_top\";s:8:\"Page top\";s:11:\"page_bottom\";s:11:\"Page bottom\";s:14:\"dashboard_main\";s:16:\"Dashboard (main)\";s:17:\"dashboard_sidebar\";s:19:\"Dashboard (sidebar)\";s:18:\"dashboard_inactive\";s:20:\"Dashboard (inactive)\";}s:8:\"features\";a:9:{i:0;s:4:\"logo\";i:1;s:7:\"favicon\";i:2;s:4:\"name\";i:3;s:6:\"slogan\";i:4;s:17:\"node_user_picture\";i:5;s:20:\"comment_user_picture\";i:6;s:25:\"comment_user_verification\";i:7;s:9:\"main_menu\";i:8;s:14:\"secondary_menu\";}s:10:\"screenshot\";s:27:\"themes/stark/screenshot.png\";s:3:\"php\";s:5:\"5.2.4\";s:7:\"scripts\";a:0:{}s:15:\"overlay_regions\";a:5:{i:0;s:14:\"dashboard_main\";i:1;s:17:\"dashboard_sidebar\";i:2;s:18:\"dashboard_inactive\";i:3;s:7:\"content\";i:4;s:4:\"help\";}s:14:\"regions_hidden\";a:2:{i:0;s:8:\"page_top\";i:1;s:11:\"page_bottom\";}s:28:\"overlay_supplemental_regions\";a:1:{i:0;s:8:\"page_top\";}}'),('themes/tests/test_theme/test_theme.info','test_theme','theme','themes/engines/phptemplate/phptemplate.engine',0,0,-1,0,'a:17:{s:4:\"name\";s:10:\"Test theme\";s:11:\"description\";s:34:\"Theme for testing the theme system\";s:4:\"core\";s:3:\"7.x\";s:6:\"hidden\";b:1;s:11:\"stylesheets\";a:1:{s:3:\"all\";a:1:{s:15:\"system.base.css\";s:39:\"themes/tests/test_theme/system.base.css\";}}s:7:\"version\";s:3:\"7.8\";s:7:\"project\";s:6:\"drupal\";s:9:\"datestamp\";s:10:\"1314817616\";s:6:\"engine\";s:11:\"phptemplate\";s:7:\"regions\";a:12:{s:13:\"sidebar_first\";s:12:\"Left sidebar\";s:14:\"sidebar_second\";s:13:\"Right sidebar\";s:7:\"content\";s:7:\"Content\";s:6:\"header\";s:6:\"Header\";s:6:\"footer\";s:6:\"Footer\";s:11:\"highlighted\";s:11:\"Highlighted\";s:4:\"help\";s:4:\"Help\";s:8:\"page_top\";s:8:\"Page top\";s:11:\"page_bottom\";s:11:\"Page bottom\";s:14:\"dashboard_main\";s:16:\"Dashboard (main)\";s:17:\"dashboard_sidebar\";s:19:\"Dashboard (sidebar)\";s:18:\"dashboard_inactive\";s:20:\"Dashboard (inactive)\";}s:8:\"features\";a:9:{i:0;s:4:\"logo\";i:1;s:7:\"favicon\";i:2;s:4:\"name\";i:3;s:6:\"slogan\";i:4;s:17:\"node_user_picture\";i:5;s:20:\"comment_user_picture\";i:6;s:25:\"comment_user_verification\";i:7;s:9:\"main_menu\";i:8;s:14:\"secondary_menu\";}s:10:\"screenshot\";s:38:\"themes/tests/test_theme/screenshot.png\";s:3:\"php\";s:5:\"5.2.4\";s:7:\"scripts\";a:0:{}s:15:\"overlay_regions\";a:5:{i:0;s:14:\"dashboard_main\";i:1;s:17:\"dashboard_sidebar\";i:2;s:18:\"dashboard_inactive\";i:3;s:7:\"content\";i:4;s:4:\"help\";}s:14:\"regions_hidden\";a:2:{i:0;s:8:\"page_top\";i:1;s:11:\"page_bottom\";}s:28:\"overlay_supplemental_regions\";a:1:{i:0;s:8:\"page_top\";}}'),('themes/tests/update_test_basetheme/update_test_basetheme.info','update_test_basetheme','theme','themes/engines/phptemplate/phptemplate.engine',0,0,-1,0,'a:17:{s:4:\"name\";s:22:\"Update test base theme\";s:11:\"description\";s:63:\"Test theme which acts as a base theme for other test subthemes.\";s:4:\"core\";s:3:\"7.x\";s:6:\"hidden\";b:1;s:7:\"version\";s:3:\"7.8\";s:7:\"project\";s:6:\"drupal\";s:9:\"datestamp\";s:10:\"1314817616\";s:6:\"engine\";s:11:\"phptemplate\";s:7:\"regions\";a:12:{s:13:\"sidebar_first\";s:12:\"Left sidebar\";s:14:\"sidebar_second\";s:13:\"Right sidebar\";s:7:\"content\";s:7:\"Content\";s:6:\"header\";s:6:\"Header\";s:6:\"footer\";s:6:\"Footer\";s:11:\"highlighted\";s:11:\"Highlighted\";s:4:\"help\";s:4:\"Help\";s:8:\"page_top\";s:8:\"Page top\";s:11:\"page_bottom\";s:11:\"Page bottom\";s:14:\"dashboard_main\";s:16:\"Dashboard (main)\";s:17:\"dashboard_sidebar\";s:19:\"Dashboard (sidebar)\";s:18:\"dashboard_inactive\";s:20:\"Dashboard (inactive)\";}s:8:\"features\";a:9:{i:0;s:4:\"logo\";i:1;s:7:\"favicon\";i:2;s:4:\"name\";i:3;s:6:\"slogan\";i:4;s:17:\"node_user_picture\";i:5;s:20:\"comment_user_picture\";i:6;s:25:\"comment_user_verification\";i:7;s:9:\"main_menu\";i:8;s:14:\"secondary_menu\";}s:10:\"screenshot\";s:49:\"themes/tests/update_test_basetheme/screenshot.png\";s:3:\"php\";s:5:\"5.2.4\";s:11:\"stylesheets\";a:0:{}s:7:\"scripts\";a:0:{}s:15:\"overlay_regions\";a:5:{i:0;s:14:\"dashboard_main\";i:1;s:17:\"dashboard_sidebar\";i:2;s:18:\"dashboard_inactive\";i:3;s:7:\"content\";i:4;s:4:\"help\";}s:14:\"regions_hidden\";a:2:{i:0;s:8:\"page_top\";i:1;s:11:\"page_bottom\";}s:28:\"overlay_supplemental_regions\";a:1:{i:0;s:8:\"page_top\";}}'),('themes/tests/update_test_subtheme/update_test_subtheme.info','update_test_subtheme','theme','themes/engines/phptemplate/phptemplate.engine',0,0,-1,0,'a:18:{s:4:\"name\";s:20:\"Update test subtheme\";s:11:\"description\";s:62:\"Test theme which uses update_test_basetheme as the base theme.\";s:4:\"core\";s:3:\"7.x\";s:10:\"base theme\";s:21:\"update_test_basetheme\";s:6:\"hidden\";b:1;s:7:\"version\";s:3:\"7.8\";s:7:\"project\";s:6:\"drupal\";s:9:\"datestamp\";s:10:\"1314817616\";s:6:\"engine\";s:11:\"phptemplate\";s:7:\"regions\";a:12:{s:13:\"sidebar_first\";s:12:\"Left sidebar\";s:14:\"sidebar_second\";s:13:\"Right sidebar\";s:7:\"content\";s:7:\"Content\";s:6:\"header\";s:6:\"Header\";s:6:\"footer\";s:6:\"Footer\";s:11:\"highlighted\";s:11:\"Highlighted\";s:4:\"help\";s:4:\"Help\";s:8:\"page_top\";s:8:\"Page top\";s:11:\"page_bottom\";s:11:\"Page bottom\";s:14:\"dashboard_main\";s:16:\"Dashboard (main)\";s:17:\"dashboard_sidebar\";s:19:\"Dashboard (sidebar)\";s:18:\"dashboard_inactive\";s:20:\"Dashboard (inactive)\";}s:8:\"features\";a:9:{i:0;s:4:\"logo\";i:1;s:7:\"favicon\";i:2;s:4:\"name\";i:3;s:6:\"slogan\";i:4;s:17:\"node_user_picture\";i:5;s:20:\"comment_user_picture\";i:6;s:25:\"comment_user_verification\";i:7;s:9:\"main_menu\";i:8;s:14:\"secondary_menu\";}s:10:\"screenshot\";s:48:\"themes/tests/update_test_subtheme/screenshot.png\";s:3:\"php\";s:5:\"5.2.4\";s:11:\"stylesheets\";a:0:{}s:7:\"scripts\";a:0:{}s:15:\"overlay_regions\";a:5:{i:0;s:14:\"dashboard_main\";i:1;s:17:\"dashboard_sidebar\";i:2;s:18:\"dashboard_inactive\";i:3;s:7:\"content\";i:4;s:4:\"help\";}s:14:\"regions_hidden\";a:2:{i:0;s:8:\"page_top\";i:1;s:11:\"page_bottom\";}s:28:\"overlay_supplemental_regions\";a:1:{i:0;s:8:\"page_top\";}}');

--
-- Table structure for table `taxonomy_index`
--

CREATE TABLE `taxonomy_index` (
  `nid` int(10) unsigned NOT NULL DEFAULT '0' COMMENT 'The node.nid this record tracks.',
  `tid` int(10) unsigned NOT NULL DEFAULT '0' COMMENT 'The term ID.',
  `sticky` tinyint(4) DEFAULT '0' COMMENT 'Boolean indicating whether the node is sticky.',
  `created` int(11) NOT NULL DEFAULT '0' COMMENT 'The Unix timestamp when the node was created.',
  KEY `term_node` (`tid`,`sticky`,`created`),
  KEY `nid` (`nid`)
) ENGINE=InnoDB DEFAULT CHARSET=utf8 COMMENT='Maintains denormalized information about node/term...';

--
-- Dumping data for table `taxonomy_index`
--


--
-- Table structure for table `taxonomy_term_data`
--

CREATE TABLE `taxonomy_term_data` (
  `tid` int(10) unsigned NOT NULL AUTO_INCREMENT COMMENT 'Primary Key: Unique term ID.',
  `vid` int(10) unsigned NOT NULL DEFAULT '0' COMMENT 'The taxonomy_vocabulary.vid of the vocabulary to which the term is assigned.',
  `name` varchar(255) NOT NULL DEFAULT '' COMMENT 'The term name.',
  `description` longtext COMMENT 'A description of the term.',
  `format` varchar(255) DEFAULT NULL COMMENT 'The filter_format.format of the description.',
  `weight` int(11) NOT NULL DEFAULT '0' COMMENT 'The weight of this term in relation to other terms.',
  PRIMARY KEY (`tid`),
  KEY `taxonomy_tree` (`vid`,`weight`,`name`),
  KEY `vid_name` (`vid`,`name`),
  KEY `name` (`name`)
) ENGINE=InnoDB DEFAULT CHARSET=utf8 COMMENT='Stores term information.';

--
-- Dumping data for table `taxonomy_term_data`
--


--
-- Table structure for table `taxonomy_term_hierarchy`
--

CREATE TABLE `taxonomy_term_hierarchy` (
  `tid` int(10) unsigned NOT NULL DEFAULT '0' COMMENT 'Primary Key: The taxonomy_term_data.tid of the term.',
  `parent` int(10) unsigned NOT NULL DEFAULT '0' COMMENT 'Primary Key: The taxonomy_term_data.tid of the term’s parent. 0 indicates no parent.',
  PRIMARY KEY (`tid`,`parent`),
  KEY `parent` (`parent`)
) ENGINE=InnoDB DEFAULT CHARSET=utf8 COMMENT='Stores the hierarchical relationship between terms.';

--
-- Dumping data for table `taxonomy_term_hierarchy`
--


--
-- Table structure for table `taxonomy_vocabulary`
--

CREATE TABLE `taxonomy_vocabulary` (
  `vid` int(10) unsigned NOT NULL AUTO_INCREMENT COMMENT 'Primary Key: Unique vocabulary ID.',
  `name` varchar(255) NOT NULL DEFAULT '' COMMENT 'Name of the vocabulary.',
  `machine_name` varchar(255) NOT NULL DEFAULT '' COMMENT 'The vocabulary machine name.',
  `description` longtext COMMENT 'Description of the vocabulary.',
  `hierarchy` tinyint(3) unsigned NOT NULL DEFAULT '0' COMMENT 'The type of hierarchy allowed within the vocabulary. (0 = disabled, 1 = single, 2 = multiple)',
  `module` varchar(255) NOT NULL DEFAULT '' COMMENT 'The module which created the vocabulary.',
  `weight` int(11) NOT NULL DEFAULT '0' COMMENT 'The weight of this vocabulary in relation to other vocabularies.',
  PRIMARY KEY (`vid`),
  UNIQUE KEY `machine_name` (`machine_name`),
  KEY `list` (`weight`,`name`)
) ENGINE=InnoDB AUTO_INCREMENT=2 DEFAULT CHARSET=utf8 COMMENT='Stores vocabulary information.';

--
-- Dumping data for table `taxonomy_vocabulary`
--

INSERT INTO `taxonomy_vocabulary` VALUES (1,'Tags','tags','Use tags to group articles on similar topics into categories.',0,'taxonomy',0);

--
-- Table structure for table `url_alias`
--

CREATE TABLE `url_alias` (
  `pid` int(10) unsigned NOT NULL AUTO_INCREMENT COMMENT 'A unique path alias identifier.',
  `source` varchar(255) NOT NULL DEFAULT '' COMMENT 'The Drupal path this alias is for; e.g. node/12.',
  `alias` varchar(255) NOT NULL DEFAULT '' COMMENT 'The alias for this path; e.g. title-of-the-story.',
  `language` varchar(12) NOT NULL DEFAULT '' COMMENT 'The language this alias is for; if ’und’, the alias will be used for unknown languages. Each Drupal path can have an alias for each supported language.',
  PRIMARY KEY (`pid`),
  KEY `alias_language_pid` (`alias`,`language`,`pid`),
  KEY `source_language_pid` (`source`,`language`,`pid`)
) ENGINE=InnoDB DEFAULT CHARSET=utf8 COMMENT='A list of URL aliases for Drupal paths; a user may visit...';

--
-- Dumping data for table `url_alias`
--


--
-- Table structure for table `users_roles`
--

CREATE TABLE `users_roles` (
  `uid` int(10) unsigned NOT NULL DEFAULT '0' COMMENT 'Primary Key: users.uid for user.',
  `rid` int(10) unsigned NOT NULL DEFAULT '0' COMMENT 'Primary Key: role.rid for role.',
  PRIMARY KEY (`uid`,`rid`),
  KEY `rid` (`rid`)
) ENGINE=InnoDB DEFAULT CHARSET=utf8 COMMENT='Maps users to roles.';

--
-- Dumping data for table `users_roles`
--

INSERT INTO `users_roles` VALUES (1,3);

--
-- Table structure for table `variable`
--

CREATE TABLE `variable` (
  `name` varchar(128) NOT NULL DEFAULT '' COMMENT 'The name of the variable.',
  `value` longblob NOT NULL COMMENT 'The value of the variable.',
  PRIMARY KEY (`name`)
) ENGINE=InnoDB DEFAULT CHARSET=utf8 COMMENT='Named variable/value pairs created by Drupal core or any...';

--
-- Dumping data for table `variable`
--

INSERT INTO `variable` VALUES ('admin_theme','s:5:\"seven\";'),('clean_url','s:1:\"1\";'),('comment_page','i:0;'),('cron_key','s:43:\"0uVC9vmf09S8F9erkaoClopLBp4giveSmo53TFzYE-w\";'),('cron_last','i:1383073380;'),('css_js_query_string','s:6:\"lynic4\";'),('date_default_timezone','s:15:\"America/Chicago\";'),('default_nodes_main','s:2:\"10\";'),('drupal_http_request_fails','b:0;'),('drupal_private_key','s:43:\"KbnHZP2MIyApvqrjIu9KGpEbqY3-wHpaJVfPJeENzjs\";'),('file_temporary_path','s:4:\"/tmp\";'),('filter_fallback_format','s:10:\"plain_text\";'),('install_profile','s:8:\"standard\";'),('install_task','s:4:\"done\";'),('install_time','i:1327992934;'),('menu_expanded','a:0:{}'),('menu_masks','a:36:{i:0;i:501;i:1;i:493;i:2;i:250;i:3;i:247;i:4;i:246;i:5;i:245;i:6;i:241;i:7;i:125;i:8;i:123;i:9;i:122;i:10;i:121;i:11;i:120;i:12;i:117;i:13;i:63;i:14;i:62;i:15;i:61;i:16;i:60;i:17;i:59;i:18;i:58;i:19;i:44;i:20;i:31;i:21;i:30;i:22;i:29;i:23;i:28;i:24;i:24;i:25;i:21;i:26;i:15;i:27;i:14;i:28;i:13;i:29;i:11;i:30;i:7;i:31;i:6;i:32;i:5;i:33;i:3;i:34;i:2;i:35;i:1;}'),('node_admin_theme','s:1:\"1\";'),('node_options_page','a:1:{i:0;s:6:\"status\";}'),('node_submitted_page','b:0;'),('path_alias_whitelist','a:0:{}'),('site_403','s:0:\"\";'),('site_404','s:0:\"\";'),('site_default_country','s:2:\"US\";'),('site_frontpage','s:4:\"node\";'),('site_mail','s:22:\"anita@anitamporter.com\";'),('site_name','s:10:\"Asili Mimi\";'),('site_slogan','s:37:\"Empowering You To Be A Authentic You!\";'),('theme_default','s:11:\"fusion_core\";'),('update_last_check','i:1383011131;'),('update_notify_emails','a:1:{i:0;s:22:\"anita@anitamporter.com\";}'),('user_admin_role','s:1:\"3\";'),('user_pictures','s:1:\"1\";'),('user_picture_dimensions','s:9:\"1024x1024\";'),('user_picture_file_size','s:3:\"800\";'),('user_picture_style','s:9:\"thumbnail\";'),('user_register','i:2;');

--
-- Table structure for table `watchdog`
--

CREATE TABLE `watchdog` (
  `wid` int(11) NOT NULL AUTO_INCREMENT COMMENT 'Primary Key: Unique watchdog event ID.',
  `uid` int(11) NOT NULL DEFAULT '0' COMMENT 'The users.uid of the user who triggered the event.',
  `type` varchar(64) NOT NULL DEFAULT '' COMMENT 'Type of log message, for example "user" or "page not found."',
  `message` longtext NOT NULL COMMENT 'Text of log message to be passed into the t() function.',
  `variables` longblob NOT NULL COMMENT 'Serialized array of variables that match the message string and that is passed into the t() function.',
  `severity` tinyint(3) unsigned NOT NULL DEFAULT '0' COMMENT 'The severity level of the event; ranges from 0 (Emergency) to 7 (Debug)',
  `link` varchar(255) DEFAULT '' COMMENT 'Link to view the result of the event.',
  `location` text NOT NULL COMMENT 'URL of the origin of the event.',
  `referer` text COMMENT 'URL of referring page.',
  `hostname` varchar(128) NOT NULL DEFAULT '' COMMENT 'Hostname of the user who triggered the event.',
  `timestamp` int(11) NOT NULL DEFAULT '0' COMMENT 'Unix timestamp of when event occurred.',
  PRIMARY KEY (`wid`),
  KEY `type` (`type`),
  KEY `uid` (`uid`)
) ENGINE=InnoDB AUTO_INCREMENT=5797 DEFAULT CHARSET=utf8 COMMENT='Table that contains logs of all system events.';

--
-- Dumping data for table `watchdog`
--




