-- Table structure for table `field_data_body`
--

CREATE TABLE `field_data_body` (
  `entity_type` varchar(128) NOT NULL DEFAULT '' COMMENT 'The entity type this data is attached to',
  `bundle` varchar(128) NOT NULL DEFAULT '' COMMENT 'The field instance bundle to which this row belongs, used when deleting a field instance',
  `deleted` tinyint(4) NOT NULL DEFAULT '0' COMMENT 'A boolean indicating whether this data item has been deleted',
  `entity_id` int(10) unsigned NOT NULL COMMENT 'The entity id this data is attached to',
  `revision_id` int(10) unsigned DEFAULT NULL COMMENT 'The entity revision id this data is attached to, or NULL if the entity type is not versioned',
  `language` varchar(32) NOT NULL DEFAULT '' COMMENT 'The language for this data item.',
  `delta` int(10) unsigned NOT NULL COMMENT 'The sequence number for this data item, used for multi-value fields',
  `body_value` longtext,
  `body_summary` longtext,
  `body_format` varchar(255) DEFAULT NULL,
  PRIMARY KEY (`entity_type`,`entity_id`,`deleted`,`delta`,`language`),
  KEY `entity_type` (`entity_type`),
  KEY `bundle` (`bundle`),
  KEY `deleted` (`deleted`),
  KEY `entity_id` (`entity_id`),
  KEY `revision_id` (`revision_id`),
  KEY `language` (`language`),
  KEY `body_format` (`body_format`)
) ENGINE=MyISAM DEFAULT CHARSET=utf8 COMMENT='Data storage for field 2 (body)';

--
-- Dumping data for table `field_data_body`
--

INSERT INTO `field_data_body` VALUES ('node','page',0,1,1,'und',0,'Put scrolling sections here...\r\n\r\nWebsite Tasks \r\n<ul>\r\n<li> Switch over to LiquidWeb Hosting - need information from Ms. McKenzie\r\n<li> Change Background picture and color - Complete\r\n<li> Create Content - Complete\r\n<li> New Logo - Complete for Wednesday launch\r\n<li> Load Images - Complete\r\n<li> Load Modules - eCommerce and YouTube - loaded \r\n<li> User Permissions - Completee\r\n<li> Create Calendar - second version\r\n<li> Load Videos - Need to load videos - get links from Dr. Grayson\r\n<li> Load E-Commerce - need the information from Dr. Grayson on the merchant account - can use paypal as an extra method if I don\'t get the information I need\r\n<li> Load Site-map - Need to populate now\r\n<li> Add Contact Us - Need to provide URL  \r\n<li> Add Privacy Statement - Need to provide URL  \r\n<li> Add Terms of Use - Need to provide URL  \r\n<li> Add Copyright - Complete\r\n<li> Espagnol translation - second version need support from Danland theme for a region\r\n<li> Add social media links - need company information for facebook, twitter, youtube,etc.\r\n<li> Add google link - add \r\n<li> Affiliate Module - second version\r\n<li> Cosmetic Changes - second version\r\n</ul>','','full_html'),('node','page',0,2,2,'und',0,'<strong>FHA READY CREDIT PACKAGE</strong>   This package is designed to give anyone FHA Guideline mortgage ready credit scores in a very short time frame.  By using the “Grayson Formula” we can give anyone good credit (600-699) in about 30-45 days.  Some clients may exceed the average time frame depending on their particular credit circumstances, however you can be confident in the fact that our company will stand behind you until you receive perfect credit.\r\n1.	We restructure your credit so that it is FHA compliant\r\n2.	We use a single phase dispute process that is designed to eliminate 40-100% of all derogatory credit\r\n3.	We develop strategies to eliminate public records including  tax liens, judgments, and garnishments\r\n4.	We shut  down collection agencies before you have to pay them any money\r\n5.	We can employ a hard target removal strategy for aggressive derogatory items like; bankruptcies, foreclosures, repossessions and rolling late(s)\r\n6.	We help you reduce, restructure, consolidate and or eliminate your debts according to your instructions and financial needs.\r\n\r\n<strong>90 DAY PERFECT CREDIT PACKAGE</strong>   This package is designed to give anyone perfect credit in a very short time frame.  By using the “Grayson Formula” we can give anyone perfect credit (700-749) in about 90 days.  Some clients may exceed the 90 day time frame depending on their particular credit circumstances, however you can be confident in the fact that our company will stand behind you until you receive perfect credit.\r\n1.	We restructure your credit so that it is FICO compliant\r\n2.	We use a 3 phase dispute process that is designed to eliminate 40-100% of all derogatory credit\r\n3.	We develop strategies to eliminate public records including  tax liens, judgments, and garnishments\r\n4.	We shut  down collection agencies before you have to pay them any money\r\n5.	We can employ a hard target removal strategy for aggressive derogatory items like; bankruptcies, foreclosures, repossessions and rolling lates \r\n6.	We help you reduce, restructure, consolidate and or eliminate your debts according to your instructions and financial needs.\r\n\r\n<strong>EXTREME CREDIT PACKAGE</strong>   This package is designed to give anyone who has good credit the power to achieve Extreme Credit (750-849) in a very short time frame.  By using the “Grayson Formula” we can give anyone Extreme credit in approximately 90 days.  Some clients may exceed the 90 day time frame depending on their particular credit circumstances, however you can be confident in the fact that our company will stand behind you until you receive extreme credit.\r\n1.	We restructure your credit so that it is FICO compliant\r\n2.	We develop strategies to enhance your trade line effectiveness\r\n3.	We convert all tertiary and secondary accounts to primary level creditors \r\n4.	We remove inquiries \r\n5.	We help you reduce, restructure, consolidate and or eliminate your debts according to your instructions and financial needs.\r\n\r\n<strong>TRIPLE-A CREDIT PACKAGE</strong>   This package is designed to give anyone the highest level of credit in a very short time frame.  By using the “Grayson Formula” we can give anyone Triple A Credit (850-990) in about 30 days and perfect credit (850-990) in about 3-6 months.  Some clients may exceed the average time frame depending on their particular credit circumstances, however you can be confident in the fact that our company will stand behind you until you receive perfect credit.\r\n1.	We restructure your credit so that it is FICO compliant\r\n2.	We use a hard target dispute process that is designed to eliminate 100% of all derogatory credit\r\n3.	We can employ a trade line enhancement strategy where necessary. \r\n4.	We help you reduce, restructure, consolidate and or eliminate your debts according to your instructions and financial needs.\r\n\r\n<strong>HARD TARGET REMOVAL PROGRAM</strong>  The primary skill that sets us apart from every other credit company in the country is our ability to develop a strategy to address every single derogatory item on your credit report.  For our clients whose credit is basically good but they may have 1-3 credit concerns then this process is recommended.  We will attack every single derogatory item that you specify with an aggressive administrative remedy that has a proven track record.  When individuals, other credit repair organizations, law firms and financial advisers have problems that they can’t handle such as: bankruptcies, foreclosures, repossessions and rolling late(s), then they count on our company to make those concerns disappear.\r\n\r\n<strong>JUDGMENT REVERSAL PROGRAM</strong>  This package is designed to overturn every Judgment, Garnishment and Bank Lien. If you have had your paycheck garnished or your bank account attached then you are entitled to a refund.  If you currently have a judgment against you then it is important to reverse it before it becomes a garnishment or lien.  By using our strategy we can reverse 99.99% of all judgments.  This process usually only takes between 2-6 weeks to complete.\r\n\r\n<strong>PERFECT BUSINESS CREDIT IN 90 DAYS OR LESS</strong>  In this complex economic climate, some types of financing have become increasingly difficult to obtain. The one source of funds that continue to flourish is business loans.  Banks have made it harder to get some loans like mortgages and personal unsecured loans while putting more emphasis on more reliable loans like business loans.  In order to gain access to this multi-billion dollar reservoir it takes good business credit.  Don’t start a business with cash start a business with credit.  90% of all businesses fail in the first two years.  You can never start with enough money.  OPM (other people’s money) never runs out.. By using our formula driven process, we can give any business perfect credit (70-80 Paydex score) in 90 days or less. \r\n1.	We structure your business so that it is D&B compliant\r\n2.	We use a 3 phase process that is designed to increase your number of non-personally guaranteed accounts\r\n3.	We help you to acquire enough high credit limit accounts so that you will qualify for cash, lines of credit\r\n4.	We develop strategies to build you a portfolio of business credit cards\r\n5.	We help you to establish several vendor accounts \r\n6.	We help you to secure fleet accounts.\r\n\r\n<strong>FORECLOSURE ABATEMENT</strong> Foreclosure abatement is a term used to describe a comprehensive system that was designed by one of the leading financial engineers in this country.  It was designed to insure that you will never have to worry about a foreclosure ever again.  It involves a flexible eight step process that is designed, so that any American can utilize this system to stop, delay or reverse a foreclosure at any step in the process.  If you still have the keys to your house and you still reside in the home, then you can use this strategy even if you have received an eviction notification. Whether you need a loan modification, mortgage modification, restructuring, or workout plan, we are there when a borrower is facing great financial hardship, having difficulty making their mortgage payments, and is facing foreclosure, we work with your lender to change the terms of your mortgage loan to make it more affordable.   \r\n\r\n<strong>LOAN MODIFICATION</strong>  If you are having trouble making your mortgage payments then this is the program for you.  Even if you have had trouble qualifying for loan modification in the past we have a program for you.  If you can afford your mortgage payments but would like to take advantage of the new Principle Reduction Programs available then you should sign up for this comprehensive system that was designed by one of the leading financial engineers in this country.  It was designed to insure that you will never have to worry about your mortgage payments or the value of your home ever again.  Whether you need a loan modification, mortgage modification, restructuring, or workout plan, we are there when a borrower is facing great financial hardship, having difficulty making their mortgage payments, and is facing foreclosure, we work with your lender to change the terms of your mortgage loan to make it more affordable.   \r\n\r\n<strong>THE WALK AWAY PROGRAM</strong>  Tired of the hassle and worry of trying to deal with your home? Wish you could just walk away free and clear? Now there is a way to walk away from your home without worrying about deficiency balances and bad credit.  Let us assume the debt and responsibility and once we are done we will clean your credit for free.  Best of all this program cost you no money.  Call today for more information.   \r\n\r\n<strong>MORTGAGE PAYMENT INSURANCE:</strong> Mortgage Payment Insurance is designed to protect your mortgage payments in the event of accident, sickness or unemployment. In these uncertain economic times what better protection can you ask for? When you’re looking for peace of mind, then why not do business with the best.\r\n\r\n<strong>PARALEGAL SERVICES</strong>  Our services are available in a virtual and/or personal way to offer services to your home or business when you need them in complete confidence.  We offer reasonable prices that will allow you to maintain your business without excessive paralegal expenses.  This allows you to have legal assistance only when necessary, therefore, you avoid contracting paralegal assistance full-time. Our Corporate Finance Group offers solid, comprehensive intelligence for clients seeking to capitalize on business opportunities, such as locating prospects, conducting due diligence, and structuring transactions.\r\n\r\n<strong>E-Z LOAN GROUP</strong>   There is an easy way to get the loan you want. Whether you are looking for a personal loan, business loan, credit card, or mortgage loan, Grayson Financial Services puts them within your reach. We will get you in touch with lenders willing to grant you the loan you need, even with bad credit. By becoming a client you will get guaranteed approval. You have nothing to lose! \r\n\r\n<strong>EMPLOYEE BENEFITS GROUP</strong>   Employee Benefit Services Group focuses on designing and implementing effective and affordable solutions for your company’s employees and principals. Our focus is to provide you with solutions that enable you to improve credit, increase employee job satisfaction, increase employee retention, and offer a unique benefit that will further enhance your ability to attracted qualified applicants.\r\n','We have compiled the most technologically advance credit products in the country.','full_html'),('node','article',0,3,3,'und',0,'Learn how to build perfect credit in 90 days or less using proven techniques and methodologies.  This book teaches you strategic credit restoration and development, which is based on the new FICO credit scoring system','','full_html'),('node','article',0,4,4,'und',0,'We have compiled the most technologically advance credit products in the country.  These products are designed to help you build your credit up to a 990 score, show you how to use your good credit to reduce your debt and then help you turn your credit into money\r\n<ul>\r\n<li><strong>FHA READY CREDIT cost $1250</strong> client pays a minimum of half down \r\n<li><strong>PERSONAL CREDIT cost $2500</strong> client pays a minimum of half down \r\n<li><strong>EXTREME CREDIT cost $5000</strong> client pays a minimum of half down\r\n<li><strong>TRIPLE A CREDIT cost $10,000</strong> client pays a minimum of half down\r\n<li><strong>BUSINESS CREDIT cost $2500</strong> client pays a minimum of half down \r\n<li><strong>PREMIUM BUSINESS CREDIT cost $7500</strong> client pays a minimum of half down\r\n<li><strong>JUDGMENT REVERSAL cost $600</strong> and 5% when we win\r\n<li><strong>GARNISHMENT OVERTURNED cost $600</strong> and 5% when we win and 20% of all refunds\r\n<li><strong>HOME RESCUE cost $2500, $5000, $7500, $10,000</strong> client pays a minimum of half down \r\n<li><strong>FUNDS ACQUISITION fee 10-30% of gross loan amount approved</strong> client pays NO UPFRONT FEE \r\n<li><strong>DEBT ELIMINATION fee 10-30% of gross debt amount to be eliminated</strong> client pays deposit(10-50%)\r\n</ul>','','full_html'),('node','article',0,5,5,'und',0,'We are taking the guesswork out of home ownership.  We can help you expedite your loan modification or stop your foreclosure.  We have programs for first time homebuyers, special rate programs and refinance options as well as programs for investors.','','full_html'),('node','article',0,6,6,'und',0,'Online coverage of breaking news and current headlines from the US and around the world.  Top stories, photos, videos, and detailed analysis. Credit management, message boards and more. Information that helps you manage your financial life.','Breaking news and current headlines from around the world.  ','full_html'),('node','article',0,7,7,'und',0,'Are you buried in your house or car? Do you owe more than it is worth? Are you close to foreclosure or repossession? Then we have the solution.  Simply walk away.  \r\n\r\nIf you are tired of the hassle and worry of trying to deal with your home and wish you could just walk away free and clear now there is a way to walk away from your home without worrying about deficiency balances and bad credit. Let us assume the debt and responsibility and once we are done we will clean your credit for free. Best of all this program is free of charge and it will change your life. Call today for more information. ','Walk Away Program','full_html'),('node','article',0,8,8,'und',0,'If you have ever had a judgment, garnishment or bank lien then you can overturn them in 30 days or less.  No matter how long it has been you may be entitled to a refund. (995 of all judgment, garnishment and bank lien were obtained) ','','full_html'),('node','article',0,9,9,'und',0,'CASH FOR ANY PURPOSE\r\n\r\n$20,000-$150,000 in 7-10 days\r\nMinimum requirements.  \r\nWe  help arrange loans for any  purpose including personal loans, consolidate bills, education, home improvements, mortgages, and more. \r\n\r\n','CASH FOR ANY PURPOSE','full_html'),('node','article',0,10,10,'und',0,'Let our Debt Management Professionals get the information you need today to stop the harassing creditor\'s phone calls. \r\nGet Total Debt Relief.  \r\nWe will educate you on all of the options available to you to get out of debt. We help you make the most informed decision possible so that you can get your financial life back on track','Debt Relief','full_html'),('node','article',0,11,11,'und',0,'Let our Debt Management Professionals get the information you need to reduce your debt starting today.   \r\n\r\nWe will educate you on all of the options available to you to get out of debt. We help you make the most informed decision possible so that you can get your financial life back on track','Debt Reduction','full_html'),('node','article',0,12,12,'und',0,'Find the latest in new, innovative, CUTTING EDGE products.','NEW PRODUCTS THAT WILL CHANGE YOUR LIFE','full_html'),('node','article',0,13,13,'und',0,'REQUEST, RESCHEDULE OR ATTEND A WORKSHOP\r\n\r\nOur highly trained instructors will teach an on-site workshop, seminar or class at your request.  Also you can attend these events live or via the web.','REQUEST, RESCHEDULE OR ATTEND A WORKSHOP','full_html'),('node','article',0,14,14,'und',0,'Now is your chance to become a credit expert.  You can be trained in 90 days by the best in the industry.','','full_html'),('node','article',0,15,15,'und',0,'DR. GRAYSON VIDEO CLASSROOM “CREDIT MATTERS”\r\n\r\nMembers can now attend Dr Grayson revolutionary class from the comfort of their home.  Learn credit from the world’s leading authority.','DR. GRAYSON VIDEO CLASSROOM “CREDIT MATTERS”','full_html'),('node','article',0,16,16,'und',0,'Grayson Financial Services Professional Referral Service can point you in the right direction, whether it’s for legal advice, obtaining a loan for your business or simply deciding what credit card to use.  We can  help you sift through the crowd and find an expert you can trust. ','','full_html'),('node','article',0,17,17,'und',0,'<strong>DO IT YOURSELF KITS - Order Today! Double your money back guarantee!</strong>\r\n\r\n<ol>\r\n<li>	<strong>CREDIT BOOST  $399</strong> - raise your credit score 50 -90 points in 90 days or less, ideal for anyone below 700 credit score\r\n<li>	<strong>SCORE BOOST  $399</strong> - if you are in the mid 600’s this will take your score over 700 guaranteed\r\n<li>	<strong>FORECLOSURE PROOF  $599</strong> - abate any ongoing foreclosure or remove a past foreclosure form your credit\r\n<li>	<strong>HOME RESCUE 911/LOAN MOD  $399</strong> - do your loan mod yourself and cut through the red tape\r\n<li>	<strong>EXTREME CREDIT  $799</strong> - if you are in the 700s and would like to get into the 800’s\r\n<li>	<strong>TRIPLE A CREDIT  $999</strong> - if you are in the 800 and would like to get into the 900s\r\n<li>	<strong>JUDGMENT PROOF  $399</strong> - reverse all judgments\r\n<li>	<strong>GARNISHMENT PROOF  $599</strong> - get a refund on all garnishments\r\n<li>	<strong>COLLECTION PROOF  $399</strong> - stop all collections without paying them\r\n<li>	<strong>BANK LIEN PROOF  $399</strong> - reverse all bank liens and get a refund\r\n<li>	<strong>CHEXSYSTEMS SCRUB  $399</strong> - qualify for a bank account\r\n<li>	<strong>BANKRUPTCY SCRUB  $799</strong> - remove bankruptcy form your credit report\r\n<li>	<strong>TAX LIEN REMOVAL  $399</strong> - remove all tax liens\r\n<li>	<strong>BUSINESS CREDIT BUILDER  $599</strong> - build an perfect business credit(80 paydex) score in 90 day or less\r\n<li>	<strong>INQUIRY SCRUB  $399</strong> - remove excessive inquiries quickly\r\n<li>	<strong>IDENTITY THEFT PROOF  $399</strong> - remove all items related to identity theft instantly\r\n<li>	<strong>ELIMINATE DEBT WITHOUT BANKRUPTCY  $599</strong> - eliminate your debt for 10-30 cents on the dollar\r\n<li>	<strong>NATIONWIDE SPECIALTY REPORT  $399</strong> - get access to all your nationwide specialty reports for free and learn how to clean them\r\n</ol>\r\n','Do It Your Self Kits','full_html'),('node','article',0,18,18,'und',0,'ORDER YOUR FREE CREDIT REPORT!\r\nCheck your credit reports Instantly Online.  Today more than ever, lenders, employers  and other service providers use your credit history to make decisions about whether to extend you new credit and services. Experts agree that checking your report regularly is the best way to ensure you are always.\r\n\r\nhttp://www.annualcreditreport.com\r\n\r\n','ORDER YOUR FREE CREDIT REPORT','full_html'),('node','article',0,19,19,'und',0,'ORDER YOUR NEW CREDIT CARDS\r\nCompare Instant Approval Credit Cards.\r\nCompare offers side by side in order to determine which card is best for you. \r\n\r\nApply Online for Instant Credit Approval!','ORDER YOUR NEW CREDIT CARDS','full_html'),('node','article',0,20,20,'und',0,'Testimonials from our happy clients are an important part of gauging our success.','','full_html'),('node','article',0,21,21,'und',0,'Earn Extra Money\r\nWant a simple way to earn some extra money from home in your spare time? Maybe you need a little extra each month for groceries or even for some extras that you want.  Join our team and make money while helping your friends and family get perfect credit.','','full_html'),('node','article',0,22,22,'und',0,'Additional services that Grayson Financial Services provides:\r\n\r\nLEGAL SERVICES\r\nPARALEGAL SERVICES\r\nASSET RECOVERY TEAM\r\nFREE FINANCIAL PLAN\r\nCHURCH FINANCING\r\n90 DAY CREDIT CHALLENGE\r\nUP TO $100,000 IN 10 DAYS\r\nWALK AWAY PROGRAM HOUSES AND CARS\r\nFORECLOSURE PREVENTION\r\nBECOME A CREDIT INVESTOR\r\nINVESTMENT OPPORTUNITIES\r\nEMPLOYEE BENEFITS PACKAGE\r\nNATIONWIDE SPECIALTY REPORTS\r\n','','full_html'),('node','article',0,24,24,'und',0,'Legal Services\r\nExpert legal assistance available for you, your family, and community!','','full_html'),('node','article',0,25,25,'und',0,'Our services are available in a virtual and/or personal way to offer services to your home or business when you need them in complete confidence. We offer reasonable prices that will allow you to maintain your business without excessive paralegal expenses. This allows you to have legal assistance only when necessary, therefore, you avoid contracting paralegal assistance full-time. Our Corporate Finance Group offers solid, comprehensive intelligence for clients seeking to capitalize on business opportunities, such as locating prospects, conducting due diligence, and structuring transactions.','','full_html'),('node','article',0,26,26,'und',0,'Foreclosure abatement is a term used to describe a comprehensive system that was designed by one of the leading financial engineers in this country. It was designed to insure that you will never have to worry about a foreclosure ever again. It involves a flexible eight step process that is designed, so that any American can utilize this system to stop, delay or reverse a foreclosure at any step in the process. If you still have the keys to your house and you still reside in the home, then you can use this strategy even if you have received an eviction notification. Whether you need a loan modification, mortgage modification, restructuring, or workout plan, we are there when a borrower is facing great financial hardship, having difficulty making their mortgage payments, and is facing foreclosure, we work with your lender to change the terms of your mortgage loan to make it more affordable. ','','full_html'),('node','article',0,27,27,'und',0,'Grayson Financial Services mission is to provide high quality financial and legal services with integrity, professionalism and respect for our clients and the community. In doing this, we enjoy and strive for a collegial group practice while recognizing that our principal goal is to serve our clients effectively. \r\n\r\nIn pursuit of this mission, we will hold true to these values: \r\n\r\n<strong>EXCELLENCE</strong> - We strive to become one of the most sought-after providers of financial and legal services in the region. \r\n\r\n<strong>SERVICE</strong> - We endeavor to meet or exceed the expectations of our clients in all aspects of their financial and legal representation. \r\n\r\n<strong>ENCOURAGEMENT</strong> - We promote a collegial atmosphere in which all individuals are encouraged to learn, improve and excel and to become leaders in the legal, business and civic communities.\r\n\r\n<strong>STRENGTH</strong> - We conduct our affairs to provide the financial strength and growth necessary to attract and keep the highest quality of clients, affiliates, and  staff. \r\n\r\n<strong>DIVERSITY</strong> - We encourage diversity among our members and respect for differences among us.\r\n\r\n<strong>SUPPORTIVE</strong> - We work daily to enhance the supportive attitude, common bond and collective sense of humor -- the special working atmosphere -- which is a hallmark of our company. \r\n\r\n<strong>COMMUNITY</strong> - We will pursue our belief that individuals with a sense of family and community are precisely what we all need for progress and peace.\r\n','','full_html'),('node','article',0,28,28,'und',0,'Employee Benefit Services Group focuses on designing and implementing effective and affordable solutions for your company’s employees and principals. Our focus is to provide you with solutions that enable you to improve credit, increase employee job satisfaction, increase employee retention, and offer a unique benefit that will further enhance your ability to attracted qualified applicants.','','full_html'),('node','article',0,29,29,'und',0,'Sign up people in your organization, church, business, work place, and get rewards now! The more people you bring in the more money saved. Get involved today!\r\n\r\nSIGN UP: 1,000 People – Service is ONLY $250 per person\r\n	   500 People - Service is ONLY $350 per person\r\n	   100 People - Service is $500 per person\r\n	     50 People - Service is $1000 per person\r\n	     25 People – Service is $1500 per person\r\n','','full_html'),('node','article',0,30,30,'und',0,'If you are having trouble making your mortgage payments then this is the program for you. Even if you have had trouble qualifying for loan modification in the past we have a program for you. If you can afford your mortgage payments but would like to take advantage of the new Principle Reduction Programs available then you should sign up for this comprehensive system that was designed by one of the leading financial engineers in this country. It was designed to insure that you will never have to worry about your mortgage payments or the value of your home ever again. Whether you need a loan modification, mortgage modification, restructuring, or workout plan, we are there when a borrower is facing great financial hardship, having difficulty making their mortgage payments, and is facing foreclosure, we work with your lender to change the terms of your mortgage loan to make it more affordable. ','','full_html'),('node','article',0,31,31,'und',0,'<strong>DEBT SETTLEMENT</strong>\r\n\r\nDebt settlement, also known as debt arbitration, debt negotiation or credit settlement, is an approach to debt reduction in which the debtor and creditor agree on a reduced balance that will be regarded as payment in full. As long as consumers continue to make minimum monthly payments, creditors will not negotiate a reduced balance. However, when payments stop, balances continue to grow because of late fees and ongoing interest.\r\n\r\nWhile debt settlement initially will have a negative impact on your credit, it also will save you the most money over time compared to other methods of consolidation. It is the quickest route to becoming debt free.\r\n\r\n\r\n<strong>DEBT ELIMINATION</strong>\r\n\r\nDebt elimination is very similar to debt consolidation and works in much the same way. Eliminating debt with a professional service usually involves the application of reduced interest rates that your company has negotiated with your creditors ahead of time. With lower interest rates, it\'s easier to eliminate debt because your monthly payments are reduced and more of your money goes toward paying down the principal of the debt. In exchange for access to the exclusive low interest rates, you pay a small fee to participate in the elimination service.\r\n\r\nTake a hard look at what’s truly necessary, and be willing to make compromises. Cable TV, satellite radio, and lunches in the office cafeteria are not necessities. If you have a hard time letting go of these things, run your numbers through a debt calculator twice – once with your current budget, and once with additional money currently paying for niceties. You’ll be amazed at how much of a difference those few extra dollars make. \r\n\r\n\r\n<strong>DEBT NEGOTIATION</strong>\r\n\r\nDebt Negotiation is the discussion and compromise regarding debt by credit counselors and creditors to reach a settlement on debt owed.\r\n\r\nSuccessful settlement occurs when the creditor agrees to forgive a percentage of total account balance. Only unsecured debts not secured by real assets like homes or autos can be settled. Unsecured debts include medical bills and credit card debts - not student loans, auto financing or mortgages. For the debtor, this makes obvious sense, they avoid the stigma and intrusive court-mandated controls of bankruptcy while still lowering, sometimes by more than 50%, their debt balances. Whereas, for the creditor, they regain trust that the borrower intends to pay back what he can of the loans and not file bankruptcy (in which case, the creditor risks losing all monies owed).\r\n\r\n\r\n\r\n','','full_html'),('node','article',0,32,32,'und',0,'<strong>Call us today on how you can order your free financial plan!</strong>','','full_html'),('node','article',0,33,33,'und',0,'DR. GRAYSON VIDEO CLASSROOM Debt Education \r\n\r\nMembers can now attend Dr Grayson revolutionary class from the comfort of their home. Learn debt reduction from the world’s leading authority.\r\n','','full_html'),('node','article',0,34,34,'und',0,'Most people are aware of the fact that you can get a free copy of your credit reports once a year from each of the major credit reporting agencies: Equifax, Experian, and TransUnion.\r\n\r\nBut there are other nationwide consumer reporting agencies that collect and sell consumer information. By law, they must provide you with a free annual copy of your report - and you probably won’t have a file with all of these agencies. \r\n\r\n\r\n<h3><strong>Free Chexsystems, Certegy Check Systems and Telecheck Reports</strong></h3>\r\n\r\n<strong>Chexsystems</strong>\r\n\r\nChex Systems, Inc. collects information from member financial institutions and shares it with them to assess the risk of opening new checking accounts. A Chex Systems report can include personal identifying information, negative information such as checks returned for non-sufficient funds (NSF), inquiries into the file by financial institutions or the consumer, a history of checks ordered, and information about checks bounced at retailers as reported by Certegy Check Services, Inc. (see below). Chexsystems only maintains negative information for five years.\r\n\r\n\r\n<strong>Certegy Check Systems Inc.</strong> \r\n\r\nCertegy describes itself as a check risk management company that provides verification, guarantee and risk analysis to thousands of businesses that choose to accept checks as a form of payment for goods or services. In other words, merchants use their service to help them decide whether to accept individual checks.\r\n\r\nCertegy doesn’t make the actual decision of whether to accept or reject a check. That’s left to the merchant. But they do help the merchant make that decision. If you have had a merchant who uses Certegy decline a check, the company recommends you complete and submit a Certegy Gold Application. It’s free, and allows them to assess additional information not provided with your original check transaction. Certegy says the Gold Application can help consumers avoid most check declines. The form is available at Askcertegy.com.\r\n\r\nIn addition to a free annual file disclosure, Certegy offers a free declined check look-up service on its website.\r\n\r\n\r\n<strong>Telecheck</strong>\r\n\r\nTeleCheck describes itself as an industry leader in “check acceptance, check processing and risk analysis services to thousands of retailers and financial institutions.” It offers a service called TeleCheck Electronic Check Acceptance that authorizes check transactions and converts paper checks into electronic items at the point of sale. If you’ve ever made a check purchase where you paid by check but were given an electronic receipt of the transaction to sign, then you have seen this system in action.\r\n\r\nTelecheck will analyze a transaction against its database of bank and checking account information, and use risk-based decision tools to alert merchants to potential fraud before they accept individual checks. You can think of it as similar to the way creditors use credit scores but Telecheck doesn’t check standard credit reports or scores to make decisions. It also doesn’t check the balance in an account when a check is presented. If risk factors are identified, it is possible for a check to be labeled as risky even if the account holder has never bounced a check before.\r\n\r\n<strong>Chexsytems 1-800-428-9623 or ConsumerDebit.com\r\nCertegy Check Systems Inc. 1-866-543-6315 or AskCertegy.com\r\nTelecheck/FirstData 1-800-366-2425 or FirstData.com</strong>\r\n\r\n\r\n\r\n\r\n\r\n\r\n<h3><strong>Free Tenant History Reports</strong></h3>\r\n\r\n<strong>LexisNexis</strong> Screening Solutions Inc. Resident History Report contains information related to your tenant history along with other background information.\r\n\r\n<strong>CoreLogic SafeRent</strong> explains on its website that it provides information to the multi-family housing industry and employers.  Housing providers may obtain your consumer report to assist them in making leasing and employment decisions.  Reports can include rental performance history, criminal and/or landlord-tenant records.\r\n\r\n<strong>Tenant Data Services</strong> provides prospective landlords with rental performance information such as damages, evictions, lease violations, noise complaints, rent and deposit verification, and unauthorized pets.\r\n\r\n<strong>LexisNexis: Call 877.448.5732 or https://personalreports.lexisnexis.com\r\nCoreLogic SafeRent: Fadvsarerent.com or call 1-888-333-2413\r\nTenant Data Services: TenantData.com</strong>\r\n\r\n\r\n\r\n<h3><strong>Free Insurance Reports</strong></h3>\r\nThere are two nationwide consumer reporting agencies from which you can request a free annual disclosure of your insurance report.\r\n\r\n<strong>ISO A-Plus Auto & Property Loss History Report</strong>\r\n\r\nMember insurance companies share information about auto and property insurance claims filed by an individual or business, or by other individuals or businesses “at the location of risk,” or for an automobile or property that will be insured. This information is used by prospective insurers to help evaluate the risk of granting a new policy.\r\n\r\n\r\n<strong>C.L.U.E. Comprehensive Loss Underwriting Exchange</strong>\r\n\r\nC.L.U.E. also allows insurance companies to access and use prior loss information when evaluating insurance applications. Participating insurance companies share data with C.L.U.E., which then provides it to insurance companies who request reports about consumers.\r\n\r\nThere are two types of C.L.U.E. insurance reports: auto and personal property (homeowner). Information about losses can remain in the database for up to seven years.\r\n\r\n<strong>ISO A Plus Report: 1-800-627-3487 or visit \r\nhttp://www.iso.com \r\nhttp://www.iso.com/Products/A-PLUS/Consumers-Order-Your-Free-A-PLUS-Loss-History-Report.html\r\nLexis Nexis C.L.U.E. auto or personal property insurance reports: 1-866-312-8076 or visit https://personalreports.lexisnexis.com</strong>\r\n\r\n\r\n\r\n<h3><strong>Free Employment Reports</strong></h3>\r\n\r\nThere are two nationwide specialty reporting agencies that provide free annual disclosures to consumers under the FACT Act:\r\n\r\n<strong>LexisNexis</strong>\r\nLexisNexis Risk Solutions, is one of the leading provider of background checks in North America and conducts background screening for over half of the Fortune 500 companies. Their Employment History Report can include information about your employment history along with other background information. Note that if LexisNexis has not provided an Employment History Report about you to an employer, you will not have a report on file with them.\r\n\r\n<strong>The Work Number</strong>\r\nThe work number most popular feature is its employment and income verification service. It is used by\r\npre-employment personnel and others who need to verify someone’s employment status. \r\n\r\n<strong>Lexis Nexis: Call 1-866-312-8075 or visit the LexisNexis website. \r\nThe Work Number: Call 1-866-604-6570 or visit TheWorkNumber.com</strong>\r\n\r\n\r\n\r\n<h3><strong>Free Medical Report</strong></h3> \r\nThere are three agencies from which you can request your free annual disclosure:\r\n\r\n<strong>Medical Information Bureau (MIB)</strong>\r\nThis agency collects information that is used by underwriters who are evaluating applications for life, health or disability insurance policies. Medically significant information is reported in the underwriting process. \r\n\r\nMIB file exists for the last seven years and if you have applied for individually underwritten life, health, or disability income insurance. \r\n\r\n<strong>Igenix Medpoint and Milliman IntelliScript</strong>\r\nThese firms specialize in electronic prescription histories. Information about prescriptions you have had filled in the past five years may be found in their databases.  As with the MIB report, if you haven’t applied for individual health, life or disability insurance, there will be no report about you plus your written authorization will be required first.\r\n\r\n<strong>MIB: 866-692-6901 or MIB.com \r\nMilliman IntelliScript: 877-211-4816 or Rxhistories.com \r\nIgenix MedPoint: 888-206-0335</strong>\r\n\r\n\r\n\r\n\r\n\r\n','','full_html'),('node','article',0,35,35,'und',0,'<strong>Call today and find out about our Church Financing Program!</strong>','','full_html'),('node','article',0,36,36,'und',0,'<strong>Become a credit investor with Grayson Financial Services - call today!</strong>','','full_html'),('node','article',0,37,37,'und',0,'<strong>There is an investment opportunity ready for you today - please call 1-888-473-7744.</strong>','','full_html');

--
-- Table structure for table `field_data_comment_body`
--

CREATE TABLE `field_data_comment_body` (
  `entity_type` varchar(128) NOT NULL DEFAULT '' COMMENT 'The entity type this data is attached to',
  `bundle` varchar(128) NOT NULL DEFAULT '' COMMENT 'The field instance bundle to which this row belongs, used when deleting a field instance',
  `deleted` tinyint(4) NOT NULL DEFAULT '0' COMMENT 'A boolean indicating whether this data item has been deleted',
  `entity_id` int(10) unsigned NOT NULL COMMENT 'The entity id this data is attached to',
  `revision_id` int(10) unsigned DEFAULT NULL COMMENT 'The entity revision id this data is attached to, or NULL if the entity type is not versioned',
  `language` varchar(32) NOT NULL DEFAULT '' COMMENT 'The language for this data item.',
  `delta` int(10) unsigned NOT NULL COMMENT 'The sequence number for this data item, used for multi-value fields',
  `comment_body_value` longtext,
  `comment_body_format` varchar(255) DEFAULT NULL,
  PRIMARY KEY (`entity_type`,`entity_id`,`deleted`,`delta`,`language`),
  KEY `entity_type` (`entity_type`),
  KEY `bundle` (`bundle`),
  KEY `deleted` (`deleted`),
  KEY `entity_id` (`entity_id`),
  KEY `revision_id` (`revision_id`),
  KEY `language` (`language`),
  KEY `comment_body_format` (`comment_body_format`)
) ENGINE=MyISAM DEFAULT CHARSET=utf8 COMMENT='Data storage for field 1 (comment_body)';

--
-- Dumping data for table `field_data_comment_body`
--


--
-- Table structure for table `field_data_commerce_coupon_code`
--

CREATE TABLE `field_data_commerce_coupon_code` (
  `entity_type` varchar(128) NOT NULL DEFAULT '' COMMENT 'The entity type this data is attached to',
  `bundle` varchar(128) NOT NULL DEFAULT '' COMMENT 'The field instance bundle to which this row belongs, used when deleting a field instance',
  `deleted` tinyint(4) NOT NULL DEFAULT '0' COMMENT 'A boolean indicating whether this data item has been deleted',
  `entity_id` int(10) unsigned NOT NULL COMMENT 'The entity id this data is attached to',
  `revision_id` int(10) unsigned DEFAULT NULL COMMENT 'The entity revision id this data is attached to, or NULL if the entity type is not versioned',
  `language` varchar(32) NOT NULL DEFAULT '' COMMENT 'The language for this data item.',
  `delta` int(10) unsigned NOT NULL COMMENT 'The sequence number for this data item, used for multi-value fields',
  `commerce_coupon_code_value` varchar(255) DEFAULT NULL,
  `commerce_coupon_code_format` varchar(255) DEFAULT NULL,
  PRIMARY KEY (`entity_type`,`entity_id`,`deleted`,`delta`,`language`),
  KEY `entity_type` (`entity_type`),
  KEY `bundle` (`bundle`),
  KEY `deleted` (`deleted`),
  KEY `entity_id` (`entity_id`),
  KEY `revision_id` (`revision_id`),
  KEY `language` (`language`),
  KEY `commerce_coupon_code_format` (`commerce_coupon_code_format`)
) ENGINE=MyISAM DEFAULT CHARSET=utf8 COMMENT='Data storage for field 10 (commerce_coupon_code)';

--
-- Dumping data for table `field_data_commerce_coupon_code`
--


--
-- Table structure for table `field_data_commerce_coupon_fixed_amount`
--

CREATE TABLE `field_data_commerce_coupon_fixed_amount` (
  `entity_type` varchar(128) NOT NULL DEFAULT '' COMMENT 'The entity type this data is attached to',
  `bundle` varchar(128) NOT NULL DEFAULT '' COMMENT 'The field instance bundle to which this row belongs, used when deleting a field instance',
  `deleted` tinyint(4) NOT NULL DEFAULT '0' COMMENT 'A boolean indicating whether this data item has been deleted',
  `entity_id` int(10) unsigned NOT NULL COMMENT 'The entity id this data is attached to',
  `revision_id` int(10) unsigned DEFAULT NULL COMMENT 'The entity revision id this data is attached to, or NULL if the entity type is not versioned',
  `language` varchar(32) NOT NULL DEFAULT '' COMMENT 'The language for this data item.',
  `delta` int(10) unsigned NOT NULL COMMENT 'The sequence number for this data item, used for multi-value fields',
  `commerce_coupon_fixed_amount_amount` int(11) NOT NULL DEFAULT '0' COMMENT 'The price amount.',
  `commerce_coupon_fixed_amount_currency_code` varchar(32) NOT NULL COMMENT 'The currency code for the price.',
  `commerce_coupon_fixed_amount_data` longtext COMMENT 'A serialized array of additional price data.',
  PRIMARY KEY (`entity_type`,`entity_id`,`deleted`,`delta`,`language`),
  KEY `entity_type` (`entity_type`),
  KEY `bundle` (`bundle`),
  KEY `deleted` (`deleted`),
  KEY `entity_id` (`entity_id`),
  KEY `revision_id` (`revision_id`),
  KEY `language` (`language`),
  KEY `commerce_coupon_fixed_amount_currency_price` (`commerce_coupon_fixed_amount_amount`,`commerce_coupon_fixed_amount_currency_code`)
) ENGINE=MyISAM DEFAULT CHARSET=utf8 COMMENT='Data storage for field 11 (commerce_coupon_fixed_amount)';

--
-- Dumping data for table `field_data_commerce_coupon_fixed_amount`
--


--
-- Table structure for table `field_data_commerce_coupon_number_of_uses`
--

CREATE TABLE `field_data_commerce_coupon_number_of_uses` (
  `entity_type` varchar(128) NOT NULL DEFAULT '' COMMENT 'The entity type this data is attached to',
  `bundle` varchar(128) NOT NULL DEFAULT '' COMMENT 'The field instance bundle to which this row belongs, used when deleting a field instance',
  `deleted` tinyint(4) NOT NULL DEFAULT '0' COMMENT 'A boolean indicating whether this data item has been deleted',
  `entity_id` int(10) unsigned NOT NULL COMMENT 'The entity id this data is attached to',
  `revision_id` int(10) unsigned DEFAULT NULL COMMENT 'The entity revision id this data is attached to, or NULL if the entity type is not versioned',
  `language` varchar(32) NOT NULL DEFAULT '' COMMENT 'The language for this data item.',
  `delta` int(10) unsigned NOT NULL COMMENT 'The sequence number for this data item, used for multi-value fields',
  `commerce_coupon_number_of_uses_value` int(11) DEFAULT NULL,
  PRIMARY KEY (`entity_type`,`entity_id`,`deleted`,`delta`,`language`),
  KEY `entity_type` (`entity_type`),
  KEY `bundle` (`bundle`),
  KEY `deleted` (`deleted`),
  KEY `entity_id` (`entity_id`),
  KEY `revision_id` (`revision_id`),
  KEY `language` (`language`)
) ENGINE=MyISAM DEFAULT CHARSET=utf8 COMMENT='Data storage for field 13 (commerce_coupon_number_of_uses)';

--
-- Dumping data for table `field_data_commerce_coupon_number_of_uses`
--


--
-- Table structure for table `field_data_commerce_coupon_percent_amount`
--

CREATE TABLE `field_data_commerce_coupon_percent_amount` (
  `entity_type` varchar(128) NOT NULL DEFAULT '' COMMENT 'The entity type this data is attached to',
  `bundle` varchar(128) NOT NULL DEFAULT '' COMMENT 'The field instance bundle to which this row belongs, used when deleting a field instance',
  `deleted` tinyint(4) NOT NULL DEFAULT '0' COMMENT 'A boolean indicating whether this data item has been deleted',
  `entity_id` int(10) unsigned NOT NULL COMMENT 'The entity id this data is attached to',
  `revision_id` int(10) unsigned DEFAULT NULL COMMENT 'The entity revision id this data is attached to, or NULL if the entity type is not versioned',
  `language` varchar(32) NOT NULL DEFAULT '' COMMENT 'The language for this data item.',
  `delta` int(10) unsigned NOT NULL COMMENT 'The sequence number for this data item, used for multi-value fields',
  `commerce_coupon_percent_amount_value` float DEFAULT NULL,
  PRIMARY KEY (`entity_type`,`entity_id`,`deleted`,`delta`,`language`),
  KEY `entity_type` (`entity_type`),
  KEY `bundle` (`bundle`),
  KEY `deleted` (`deleted`),
  KEY `entity_id` (`entity_id`),
  KEY `revision_id` (`revision_id`),
  KEY `language` (`language`)
) ENGINE=MyISAM DEFAULT CHARSET=utf8 COMMENT='Data storage for field 12 (commerce_coupon_percent_amount)';

--
-- Dumping data for table `field_data_commerce_coupon_percent_amount`
--


--
-- Table structure for table `field_data_commerce_customer_address`
--

CREATE TABLE `field_data_commerce_customer_address` (
  `entity_type` varchar(128) NOT NULL DEFAULT '' COMMENT 'The entity type this data is attached to',
  `bundle` varchar(128) NOT NULL DEFAULT '' COMMENT 'The field instance bundle to which this row belongs, used when deleting a field instance',
  `deleted` tinyint(4) NOT NULL DEFAULT '0' COMMENT 'A boolean indicating whether this data item has been deleted',
  `entity_id` int(10) unsigned NOT NULL COMMENT 'The entity id this data is attached to',
  `revision_id` int(10) unsigned DEFAULT NULL COMMENT 'The entity revision id this data is attached to, or NULL if the entity type is not versioned',
  `language` varchar(32) NOT NULL DEFAULT '' COMMENT 'The language for this data item.',
  `delta` int(10) unsigned NOT NULL COMMENT 'The sequence number for this data item, used for multi-value fields',
  `commerce_customer_address_country` varchar(2) DEFAULT '' COMMENT 'Two letter ISO country code of this address.',
  `commerce_customer_address_xnl` longtext COMMENT 'XML contents of the xNL element.',
  `commerce_customer_address_name_line` varchar(255) DEFAULT '' COMMENT 'Contents of a primary NameLine element in the xNL XML.',
  `commerce_customer_address_first_name` varchar(255) DEFAULT '' COMMENT 'Contents of the FirstName element of a primary PersonName element in the xNL XML.',
  `commerce_customer_address_last_name` varchar(255) DEFAULT '' COMMENT 'Contents of the LastName element of a primary PersonName element in the xNL XML.',
  `commerce_customer_address_organisation_name` varchar(255) DEFAULT '' COMMENT 'Contents of a primary OrganisationName element in the xNL XML.',
  `commerce_customer_address_xal` longtext COMMENT 'XML contents of the address’s xAL element.',
  `commerce_customer_address_administrative_area` varchar(255) DEFAULT '' COMMENT 'The administrative area of this address.',
  `commerce_customer_address_sub_administrative_area` varchar(255) DEFAULT '' COMMENT 'The sub administrative area of this address.',
  `commerce_customer_address_locality` varchar(255) DEFAULT '' COMMENT 'The locality of this address.',
  `commerce_customer_address_dependent_locality` varchar(255) DEFAULT '' COMMENT 'The dependent locality of this address.',
  `commerce_customer_address_postal_code` varchar(255) DEFAULT '' COMMENT 'The postal code of this address.',
  `commerce_customer_address_thoroughfare` varchar(255) DEFAULT '' COMMENT 'The thoroughfare of this address.',
  `commerce_customer_address_premise` varchar(255) DEFAULT '' COMMENT 'The premise of this address.',
  `commerce_customer_address_sub_premise` varchar(255) DEFAULT '' COMMENT 'The sub_premise of this address.',
  `commerce_customer_address_data` longtext COMMENT 'Additional data for this address.',
  PRIMARY KEY (`entity_type`,`entity_id`,`deleted`,`delta`,`language`),
  KEY `entity_type` (`entity_type`),
  KEY `bundle` (`bundle`),
  KEY `deleted` (`deleted`),
  KEY `entity_id` (`entity_id`),
  KEY `revision_id` (`revision_id`),
  KEY `language` (`language`)
) ENGINE=MyISAM DEFAULT CHARSET=utf8 COMMENT='Data storage for field 5 (commerce_customer_address)';

--
-- Dumping data for table `field_data_commerce_customer_address`
--

INSERT INTO `field_data_commerce_customer_address` VALUES ('commerce_customer_profile','billing',0,1,1,'und',0,'US','<NameDetails PartyType=\"Person\"><NameLine>Anita Porter</NameLine></NameDetails>\n','Anita Porter',NULL,NULL,NULL,'','IL',NULL,'Chicago',NULL,'60653','3945 South Ellis Avenue Unit 2S','',NULL,NULL),('commerce_customer_profile','billing',0,2,2,'und',0,'US','<NameDetails/>\n','',NULL,NULL,NULL,'','',NULL,'',NULL,'','','',NULL,NULL),('commerce_customer_profile','billing',0,3,3,'und',0,'US','<NameDetails PartyType=\"Person\"><NameLine>Anita Porter</NameLine></NameDetails>\n','Anita Porter',NULL,NULL,NULL,'','IL',NULL,'Chicago',NULL,'60653','3945 S Ellis Avenue','',NULL,NULL);

--
-- Table structure for table `field_data_commerce_customer_billing`
--

CREATE TABLE `field_data_commerce_customer_billing` (
  `entity_type` varchar(128) NOT NULL DEFAULT '' COMMENT 'The entity type this data is attached to',
  `bundle` varchar(128) NOT NULL DEFAULT '' COMMENT 'The field instance bundle to which this row belongs, used when deleting a field instance',
  `deleted` tinyint(4) NOT NULL DEFAULT '0' COMMENT 'A boolean indicating whether this data item has been deleted',
  `entity_id` int(10) unsigned NOT NULL COMMENT 'The entity id this data is attached to',
  `revision_id` int(10) unsigned DEFAULT NULL COMMENT 'The entity revision id this data is attached to, or NULL if the entity type is not versioned',
  `language` varchar(32) NOT NULL DEFAULT '' COMMENT 'The language for this data item.',
  `delta` int(10) unsigned NOT NULL COMMENT 'The sequence number for this data item, used for multi-value fields',
  `commerce_customer_billing_profile_id` int(10) unsigned DEFAULT NULL,
  PRIMARY KEY (`entity_type`,`entity_id`,`deleted`,`delta`,`language`),
  KEY `entity_type` (`entity_type`),
  KEY `bundle` (`bundle`),
  KEY `deleted` (`deleted`),
  KEY `entity_id` (`entity_id`),
  KEY `revision_id` (`revision_id`),
  KEY `language` (`language`),
  KEY `commerce_customer_billing_profile_id` (`commerce_customer_billing_profile_id`)
) ENGINE=MyISAM DEFAULT CHARSET=utf8 COMMENT='Data storage for field 8 (commerce_customer_billing)';

--
-- Dumping data for table `field_data_commerce_customer_billing`
--

INSERT INTO `field_data_commerce_customer_billing` VALUES ('commerce_order','commerce_order',0,1,1,'und',0,3);

--
-- Table structure for table `field_data_commerce_granted_amount`
--

CREATE TABLE `field_data_commerce_granted_amount` (
  `entity_type` varchar(128) NOT NULL DEFAULT '' COMMENT 'The entity type this data is attached to',
  `bundle` varchar(128) NOT NULL DEFAULT '' COMMENT 'The field instance bundle to which this row belongs, used when deleting a field instance',
  `deleted` tinyint(4) NOT NULL DEFAULT '0' COMMENT 'A boolean indicating whether this data item has been deleted',
  `entity_id` int(10) unsigned NOT NULL COMMENT 'The entity id this data is attached to',
  `revision_id` int(10) unsigned DEFAULT NULL COMMENT 'The entity revision id this data is attached to, or NULL if the entity type is not versioned',
  `language` varchar(32) NOT NULL DEFAULT '' COMMENT 'The language for this data item.',
  `delta` int(10) unsigned NOT NULL COMMENT 'The sequence number for this data item, used for multi-value fields',
  `commerce_granted_amount_amount` int(11) NOT NULL DEFAULT '0' COMMENT 'The price amount.',
  `commerce_granted_amount_currency_code` varchar(32) NOT NULL COMMENT 'The currency code for the price.',
  `commerce_granted_amount_data` longtext COMMENT 'A serialized array of additional price data.',
  PRIMARY KEY (`entity_type`,`entity_id`,`deleted`,`delta`,`language`),
  KEY `entity_type` (`entity_type`),
  KEY `bundle` (`bundle`),
  KEY `deleted` (`deleted`),
  KEY `entity_id` (`entity_id`),
  KEY `revision_id` (`revision_id`),
  KEY `language` (`language`),
  KEY `commerce_granted_amount_currency_price` (`commerce_granted_amount_amount`,`commerce_granted_amount_currency_code`)
) ENGINE=MyISAM DEFAULT CHARSET=utf8 COMMENT='Data storage for field 9 (commerce_granted_amount)';

--
-- Dumping data for table `field_data_commerce_granted_amount`
--


--
-- Table structure for table `field_data_commerce_line_items`
--

CREATE TABLE `field_data_commerce_line_items` (
  `entity_type` varchar(128) NOT NULL DEFAULT '' COMMENT 'The entity type this data is attached to',
  `bundle` varchar(128) NOT NULL DEFAULT '' COMMENT 'The field instance bundle to which this row belongs, used when deleting a field instance',
  `deleted` tinyint(4) NOT NULL DEFAULT '0' COMMENT 'A boolean indicating whether this data item has been deleted',
  `entity_id` int(10) unsigned NOT NULL COMMENT 'The entity id this data is attached to',
  `revision_id` int(10) unsigned DEFAULT NULL COMMENT 'The entity revision id this data is attached to, or NULL if the entity type is not versioned',
  `language` varchar(32) NOT NULL DEFAULT '' COMMENT 'The language for this data item.',
  `delta` int(10) unsigned NOT NULL COMMENT 'The sequence number for this data item, used for multi-value fields',
  `commerce_line_items_line_item_id` int(10) unsigned DEFAULT NULL,
  PRIMARY KEY (`entity_type`,`entity_id`,`deleted`,`delta`,`language`),
  KEY `entity_type` (`entity_type`),
  KEY `bundle` (`bundle`),
  KEY `deleted` (`deleted`),
  KEY `entity_id` (`entity_id`),
  KEY `revision_id` (`revision_id`),
  KEY `language` (`language`),
  KEY `commerce_line_items_line_item_id` (`commerce_line_items_line_item_id`)
) ENGINE=MyISAM DEFAULT CHARSET=utf8 COMMENT='Data storage for field 6 (commerce_line_items)';

--
-- Dumping data for table `field_data_commerce_line_items`
--


--
-- Table structure for table `field_data_commerce_order_total`
--

CREATE TABLE `field_data_commerce_order_total` (
  `entity_type` varchar(128) NOT NULL DEFAULT '' COMMENT 'The entity type this data is attached to',
  `bundle` varchar(128) NOT NULL DEFAULT '' COMMENT 'The field instance bundle to which this row belongs, used when deleting a field instance',
  `deleted` tinyint(4) NOT NULL DEFAULT '0' COMMENT 'A boolean indicating whether this data item has been deleted',
  `entity_id` int(10) unsigned NOT NULL COMMENT 'The entity id this data is attached to',
  `revision_id` int(10) unsigned DEFAULT NULL COMMENT 'The entity revision id this data is attached to, or NULL if the entity type is not versioned',
  `language` varchar(32) NOT NULL DEFAULT '' COMMENT 'The language for this data item.',
  `delta` int(10) unsigned NOT NULL COMMENT 'The sequence number for this data item, used for multi-value fields',
  `commerce_order_total_amount` int(11) NOT NULL DEFAULT '0' COMMENT 'The price amount.',
  `commerce_order_total_currency_code` varchar(32) NOT NULL COMMENT 'The currency code for the price.',
  `commerce_order_total_data` longtext COMMENT 'A serialized array of additional price data.',
  PRIMARY KEY (`entity_type`,`entity_id`,`deleted`,`delta`,`language`),
  KEY `entity_type` (`entity_type`),
  KEY `bundle` (`bundle`),
  KEY `deleted` (`deleted`),
  KEY `entity_id` (`entity_id`),
  KEY `revision_id` (`revision_id`),
  KEY `language` (`language`),
  KEY `commerce_order_total_currency_price` (`commerce_order_total_amount`,`commerce_order_total_currency_code`)
) ENGINE=MyISAM DEFAULT CHARSET=utf8 COMMENT='Data storage for field 7 (commerce_order_total)';

--
-- Dumping data for table `field_data_commerce_order_total`
--

INSERT INTO `field_data_commerce_order_total` VALUES ('commerce_order','commerce_order',0,1,1,'und',0,0,'USD','a:1:{s:10:\"components\";a:1:{i:0;a:3:{s:4:\"name\";s:10:\"base_price\";s:5:\"price\";a:3:{s:6:\"amount\";i:0;s:13:\"currency_code\";s:3:\"USD\";s:4:\"data\";a:0:{}}s:8:\"included\";b:1;}}}');

--
-- Table structure for table `field_data_field_image`
--

CREATE TABLE `field_data_field_image` (
  `entity_type` varchar(128) NOT NULL DEFAULT '' COMMENT 'The entity type this data is attached to',
  `bundle` varchar(128) NOT NULL DEFAULT '' COMMENT 'The field instance bundle to which this row belongs, used when deleting a field instance',
  `deleted` tinyint(4) NOT NULL DEFAULT '0' COMMENT 'A boolean indicating whether this data item has been deleted',
  `entity_id` int(10) unsigned NOT NULL COMMENT 'The entity id this data is attached to',
  `revision_id` int(10) unsigned DEFAULT NULL COMMENT 'The entity revision id this data is attached to, or NULL if the entity type is not versioned',
  `language` varchar(32) NOT NULL DEFAULT '' COMMENT 'The language for this data item.',
  `delta` int(10) unsigned NOT NULL COMMENT 'The sequence number for this data item, used for multi-value fields',
  `field_image_fid` int(10) unsigned DEFAULT NULL COMMENT 'The file_managed.fid being referenced in this field.',
  `field_image_alt` varchar(128) DEFAULT NULL COMMENT 'Alternative image text, for the image’s ’alt’ attribute.',
  `field_image_title` varchar(128) DEFAULT NULL COMMENT 'Image title text, for the image’s ’title’ attribute.',
  PRIMARY KEY (`entity_type`,`entity_id`,`deleted`,`delta`,`language`),
  KEY `entity_type` (`entity_type`),
  KEY `bundle` (`bundle`),
  KEY `deleted` (`deleted`),
  KEY `entity_id` (`entity_id`),
  KEY `revision_id` (`revision_id`),
  KEY `language` (`language`),
  KEY `field_image_fid` (`field_image_fid`)
) ENGINE=MyISAM DEFAULT CHARSET=utf8 COMMENT='Data storage for field 4 (field_image)';

--
-- Dumping data for table `field_data_field_image`
--

INSERT INTO `field_data_field_image` VALUES ('node','article',0,3,3,'und',0,1,'',''),('node','article',0,4,4,'und',0,5,'Credit products that will enhance your life',''),('node','article',0,5,5,'und',0,42,'Home Retention',''),('node','article',0,6,6,'und',0,8,'',''),('node','article',0,7,7,'und',0,11,'Walk Away Program',''),('node','article',0,8,8,'und',0,16,'Judgment Garnishment and Bank Lien Reversal',''),('node','article',0,9,9,'und',0,17,'Loans Cash for any purpose',''),('node','article',0,10,10,'und',0,21,'Debt Relief',''),('node','article',0,11,11,'und',0,26,'Debt Reduction',''),('node','article',0,12,12,'und',0,28,'Hot New Products',''),('node','article',0,13,13,'und',0,29,'Request a workshop',''),('node','article',0,14,14,'und',0,35,'',''),('node','article',0,15,15,'und',0,72,'Credit Matters',''),('node','article',0,16,16,'und',0,39,'Professional Services',''),('node','article',0,17,17,'und',0,41,'Do It Yourself Kits',''),('node','article',0,18,18,'und',0,43,'Order Free Credit Report',''),('node','article',0,19,19,'und',0,45,'Credit Cards',''),('node','article',0,20,20,'und',0,46,'',''),('node','article',0,21,21,'und',0,50,'',''),('node','article',0,22,22,'und',0,51,'Additional Credit Services',''),('node','article',0,24,24,'und',0,59,'Legal Services',''),('node','article',0,25,25,'und',0,61,'Paralegal services',''),('node','article',0,26,26,'und',0,62,'Foreclosure abatement',''),('node','article',0,27,27,'und',0,64,'About Us',''),('node','article',0,28,28,'und',0,65,'',''),('node','article',0,29,29,'und',0,66,'90 Day Credit Challenge',''),('node','article',0,30,30,'und',0,67,'Home Loan Modification',''),('node','article',0,31,31,'und',0,88,'Debt Resolution',''),('node','article',0,32,32,'und',0,71,'Free Financial Plan',''),('node','article',0,33,33,'und',0,76,'Debt Education',''),('node','article',0,34,34,'und',0,79,'Specialty Reports',''),('node','article',0,35,35,'und',0,82,'Church Financing',''),('node','article',0,36,36,'und',0,84,'Credit Investor',''),('node','article',0,37,37,'und',0,87,'Investment','');

--
-- Table structure for table `field_data_field_price`
--

CREATE TABLE `field_data_field_price` (
  `entity_type` varchar(128) NOT NULL DEFAULT '' COMMENT 'The entity type this data is attached to',
  `bundle` varchar(128) NOT NULL DEFAULT '' COMMENT 'The field instance bundle to which this row belongs, used when deleting a field instance',
  `deleted` tinyint(4) NOT NULL DEFAULT '0' COMMENT 'A boolean indicating whether this data item has been deleted',
  `entity_id` int(10) unsigned NOT NULL COMMENT 'The entity id this data is attached to',
  `revision_id` int(10) unsigned DEFAULT NULL COMMENT 'The entity revision id this data is attached to, or NULL if the entity type is not versioned',
  `language` varchar(32) NOT NULL DEFAULT '' COMMENT 'The language for this data item.',
  `delta` int(10) unsigned NOT NULL COMMENT 'The sequence number for this data item, used for multi-value fields',
  `field_price_amount` int(11) NOT NULL DEFAULT '0' COMMENT 'The price amount.',
  `field_price_currency_code` varchar(32) NOT NULL COMMENT 'The currency code for the price.',
  `field_price_data` longtext COMMENT 'A serialized array of additional price data.',
  PRIMARY KEY (`entity_type`,`entity_id`,`deleted`,`delta`,`language`),
  KEY `entity_type` (`entity_type`),
  KEY `bundle` (`bundle`),
  KEY `deleted` (`deleted`),
  KEY `entity_id` (`entity_id`),
  KEY `revision_id` (`revision_id`),
  KEY `language` (`language`),
  KEY `field_price_currency_price` (`field_price_amount`,`field_price_currency_code`)
) ENGINE=MyISAM DEFAULT CHARSET=utf8 COMMENT='Data storage for field 14 (field_price)';

--
-- Dumping data for table `field_data_field_price`
--

INSERT INTO `field_data_field_price` VALUES ('commerce_product','product',0,1,1,'und',0,39900,'USD','a:1:{s:10:\"components\";a:0:{}}');

--
-- Table structure for table `field_data_field_tags`
--

CREATE TABLE `field_data_field_tags` (
  `entity_type` varchar(128) NOT NULL DEFAULT '' COMMENT 'The entity type this data is attached to',
  `bundle` varchar(128) NOT NULL DEFAULT '' COMMENT 'The field instance bundle to which this row belongs, used when deleting a field instance',
  `deleted` tinyint(4) NOT NULL DEFAULT '0' COMMENT 'A boolean indicating whether this data item has been deleted',
  `entity_id` int(10) unsigned NOT NULL COMMENT 'The entity id this data is attached to',
  `revision_id` int(10) unsigned DEFAULT NULL COMMENT 'The entity revision id this data is attached to, or NULL if the entity type is not versioned',
  `language` varchar(32) NOT NULL DEFAULT '' COMMENT 'The language for this data item.',
  `delta` int(10) unsigned NOT NULL COMMENT 'The sequence number for this data item, used for multi-value fields',
  `field_tags_tid` int(10) unsigned DEFAULT NULL,
  PRIMARY KEY (`entity_type`,`entity_id`,`deleted`,`delta`,`language`),
  KEY `entity_type` (`entity_type`),
  KEY `bundle` (`bundle`),
  KEY `deleted` (`deleted`),
  KEY `entity_id` (`entity_id`),
  KEY `revision_id` (`revision_id`),
  KEY `language` (`language`),
  KEY `field_tags_tid` (`field_tags_tid`)
) ENGINE=MyISAM DEFAULT CHARSET=utf8 COMMENT='Data storage for field 3 (field_tags)';

--
-- Dumping data for table `field_data_field_tags`
--


--
-- Table structure for table `field_group`
--

CREATE TABLE `field_group` (
  `id` int(11) NOT NULL AUTO_INCREMENT COMMENT 'The primary identifier for a group',
  `identifier` varchar(255) NOT NULL DEFAULT '' COMMENT 'The unique string identifier for a group.',
  `group_name` varchar(32) NOT NULL DEFAULT '' COMMENT 'The name of this group.',
  `entity_type` varchar(32) NOT NULL DEFAULT '',
  `bundle` varchar(128) NOT NULL DEFAULT '',
  `mode` varchar(128) NOT NULL DEFAULT '',
  `parent_name` varchar(32) NOT NULL DEFAULT '' COMMENT 'The parent name for a group',
  `data` longblob NOT NULL COMMENT 'Serialized data containing the group properties that do not warrant a dedicated column.',
  PRIMARY KEY (`id`),
  KEY `group_name` (`group_name`)
) ENGINE=MyISAM DEFAULT CHARSET=utf8 COMMENT='Table that contains field group entries and settings.';

--
-- Dumping data for table `field_group`
--


--
-- Table structure for table `field_revision_body`
--

CREATE TABLE `field_revision_body` (
  `entity_type` varchar(128) NOT NULL DEFAULT '' COMMENT 'The entity type this data is attached to',
  `bundle` varchar(128) NOT NULL DEFAULT '' COMMENT 'The field instance bundle to which this row belongs, used when deleting a field instance',
  `deleted` tinyint(4) NOT NULL DEFAULT '0' COMMENT 'A boolean indicating whether this data item has been deleted',
  `entity_id` int(10) unsigned NOT NULL COMMENT 'The entity id this data is attached to',
  `revision_id` int(10) unsigned NOT NULL COMMENT 'The entity revision id this data is attached to',
  `language` varchar(32) NOT NULL DEFAULT '' COMMENT 'The language for this data item.',
  `delta` int(10) unsigned NOT NULL COMMENT 'The sequence number for this data item, used for multi-value fields',
  `body_value` longtext,
  `body_summary` longtext,
  `body_format` varchar(255) DEFAULT NULL,
  PRIMARY KEY (`entity_type`,`entity_id`,`revision_id`,`deleted`,`delta`,`language`),
  KEY `entity_type` (`entity_type`),
  KEY `bundle` (`bundle`),
  KEY `deleted` (`deleted`),
  KEY `entity_id` (`entity_id`),
  KEY `revision_id` (`revision_id`),
  KEY `language` (`language`),
  KEY `body_format` (`body_format`)
) ENGINE=MyISAM DEFAULT CHARSET=utf8 COMMENT='Revision archive storage for field 2 (body)';

--
-- Dumping data for table `field_revision_body`
--

INSERT INTO `field_revision_body` VALUES ('node','page',0,1,1,'und',0,'Put scrolling sections here...\r\n\r\nWebsite Tasks \r\n<ul>\r\n<li> Switch over to LiquidWeb Hosting - need information from Ms. McKenzie\r\n<li> Change Background picture and color - Complete\r\n<li> Create Content - Complete\r\n<li> New Logo - Complete for Wednesday launch\r\n<li> Load Images - Complete\r\n<li> Load Modules - eCommerce and YouTube - loaded \r\n<li> User Permissions - Completee\r\n<li> Create Calendar - second version\r\n<li> Load Videos - Need to load videos - get links from Dr. Grayson\r\n<li> Load E-Commerce - need the information from Dr. Grayson on the merchant account - can use paypal as an extra method if I don\'t get the information I need\r\n<li> Load Site-map - Need to populate now\r\n<li> Add Contact Us - Need to provide URL  \r\n<li> Add Privacy Statement - Need to provide URL  \r\n<li> Add Terms of Use - Need to provide URL  \r\n<li> Add Copyright - Complete\r\n<li> Espagnol translation - second version need support from Danland theme for a region\r\n<li> Add social media links - need company information for facebook, twitter, youtube,etc.\r\n<li> Add google link - add \r\n<li> Affiliate Module - second version\r\n<li> Cosmetic Changes - second version\r\n</ul>','','full_html'),('node','page',0,2,2,'und',0,'<strong>FHA READY CREDIT PACKAGE</strong>   This package is designed to give anyone FHA Guideline mortgage ready credit scores in a very short time frame.  By using the “Grayson Formula” we can give anyone good credit (600-699) in about 30-45 days.  Some clients may exceed the average time frame depending on their particular credit circumstances, however you can be confident in the fact that our company will stand behind you until you receive perfect credit.\r\n1.	We restructure your credit so that it is FHA compliant\r\n2.	We use a single phase dispute process that is designed to eliminate 40-100% of all derogatory credit\r\n3.	We develop strategies to eliminate public records including  tax liens, judgments, and garnishments\r\n4.	We shut  down collection agencies before you have to pay them any money\r\n5.	We can employ a hard target removal strategy for aggressive derogatory items like; bankruptcies, foreclosures, repossessions and rolling late(s)\r\n6.	We help you reduce, restructure, consolidate and or eliminate your debts according to your instructions and financial needs.\r\n\r\n<strong>90 DAY PERFECT CREDIT PACKAGE</strong>   This package is designed to give anyone perfect credit in a very short time frame.  By using the “Grayson Formula” we can give anyone perfect credit (700-749) in about 90 days.  Some clients may exceed the 90 day time frame depending on their particular credit circumstances, however you can be confident in the fact that our company will stand behind you until you receive perfect credit.\r\n1.	We restructure your credit so that it is FICO compliant\r\n2.	We use a 3 phase dispute process that is designed to eliminate 40-100% of all derogatory credit\r\n3.	We develop strategies to eliminate public records including  tax liens, judgments, and garnishments\r\n4.	We shut  down collection agencies before you have to pay them any money\r\n5.	We can employ a hard target removal strategy for aggressive derogatory items like; bankruptcies, foreclosures, repossessions and rolling lates \r\n6.	We help you reduce, restructure, consolidate and or eliminate your debts according to your instructions and financial needs.\r\n\r\n<strong>EXTREME CREDIT PACKAGE</strong>   This package is designed to give anyone who has good credit the power to achieve Extreme Credit (750-849) in a very short time frame.  By using the “Grayson Formula” we can give anyone Extreme credit in approximately 90 days.  Some clients may exceed the 90 day time frame depending on their particular credit circumstances, however you can be confident in the fact that our company will stand behind you until you receive extreme credit.\r\n1.	We restructure your credit so that it is FICO compliant\r\n2.	We develop strategies to enhance your trade line effectiveness\r\n3.	We convert all tertiary and secondary accounts to primary level creditors \r\n4.	We remove inquiries \r\n5.	We help you reduce, restructure, consolidate and or eliminate your debts according to your instructions and financial needs.\r\n\r\n<strong>TRIPLE-A CREDIT PACKAGE</strong>   This package is designed to give anyone the highest level of credit in a very short time frame.  By using the “Grayson Formula” we can give anyone Triple A Credit (850-990) in about 30 days and perfect credit (850-990) in about 3-6 months.  Some clients may exceed the average time frame depending on their particular credit circumstances, however you can be confident in the fact that our company will stand behind you until you receive perfect credit.\r\n1.	We restructure your credit so that it is FICO compliant\r\n2.	We use a hard target dispute process that is designed to eliminate 100% of all derogatory credit\r\n3.	We can employ a trade line enhancement strategy where necessary. \r\n4.	We help you reduce, restructure, consolidate and or eliminate your debts according to your instructions and financial needs.\r\n\r\n<strong>HARD TARGET REMOVAL PROGRAM</strong>  The primary skill that sets us apart from every other credit company in the country is our ability to develop a strategy to address every single derogatory item on your credit report.  For our clients whose credit is basically good but they may have 1-3 credit concerns then this process is recommended.  We will attack every single derogatory item that you specify with an aggressive administrative remedy that has a proven track record.  When individuals, other credit repair organizations, law firms and financial advisers have problems that they can’t handle such as: bankruptcies, foreclosures, repossessions and rolling late(s), then they count on our company to make those concerns disappear.\r\n\r\n<strong>JUDGMENT REVERSAL PROGRAM</strong>  This package is designed to overturn every Judgment, Garnishment and Bank Lien. If you have had your paycheck garnished or your bank account attached then you are entitled to a refund.  If you currently have a judgment against you then it is important to reverse it before it becomes a garnishment or lien.  By using our strategy we can reverse 99.99% of all judgments.  This process usually only takes between 2-6 weeks to complete.\r\n\r\n<strong>PERFECT BUSINESS CREDIT IN 90 DAYS OR LESS</strong>  In this complex economic climate, some types of financing have become increasingly difficult to obtain. The one source of funds that continue to flourish is business loans.  Banks have made it harder to get some loans like mortgages and personal unsecured loans while putting more emphasis on more reliable loans like business loans.  In order to gain access to this multi-billion dollar reservoir it takes good business credit.  Don’t start a business with cash start a business with credit.  90% of all businesses fail in the first two years.  You can never start with enough money.  OPM (other people’s money) never runs out.. By using our formula driven process, we can give any business perfect credit (70-80 Paydex score) in 90 days or less. \r\n1.	We structure your business so that it is D&B compliant\r\n2.	We use a 3 phase process that is designed to increase your number of non-personally guaranteed accounts\r\n3.	We help you to acquire enough high credit limit accounts so that you will qualify for cash, lines of credit\r\n4.	We develop strategies to build you a portfolio of business credit cards\r\n5.	We help you to establish several vendor accounts \r\n6.	We help you to secure fleet accounts.\r\n\r\n<strong>FORECLOSURE ABATEMENT</strong> Foreclosure abatement is a term used to describe a comprehensive system that was designed by one of the leading financial engineers in this country.  It was designed to insure that you will never have to worry about a foreclosure ever again.  It involves a flexible eight step process that is designed, so that any American can utilize this system to stop, delay or reverse a foreclosure at any step in the process.  If you still have the keys to your house and you still reside in the home, then you can use this strategy even if you have received an eviction notification. Whether you need a loan modification, mortgage modification, restructuring, or workout plan, we are there when a borrower is facing great financial hardship, having difficulty making their mortgage payments, and is facing foreclosure, we work with your lender to change the terms of your mortgage loan to make it more affordable.   \r\n\r\n<strong>LOAN MODIFICATION</strong>  If you are having trouble making your mortgage payments then this is the program for you.  Even if you have had trouble qualifying for loan modification in the past we have a program for you.  If you can afford your mortgage payments but would like to take advantage of the new Principle Reduction Programs available then you should sign up for this comprehensive system that was designed by one of the leading financial engineers in this country.  It was designed to insure that you will never have to worry about your mortgage payments or the value of your home ever again.  Whether you need a loan modification, mortgage modification, restructuring, or workout plan, we are there when a borrower is facing great financial hardship, having difficulty making their mortgage payments, and is facing foreclosure, we work with your lender to change the terms of your mortgage loan to make it more affordable.   \r\n\r\n<strong>THE WALK AWAY PROGRAM</strong>  Tired of the hassle and worry of trying to deal with your home? Wish you could just walk away free and clear? Now there is a way to walk away from your home without worrying about deficiency balances and bad credit.  Let us assume the debt and responsibility and once we are done we will clean your credit for free.  Best of all this program cost you no money.  Call today for more information.   \r\n\r\n<strong>MORTGAGE PAYMENT INSURANCE:</strong> Mortgage Payment Insurance is designed to protect your mortgage payments in the event of accident, sickness or unemployment. In these uncertain economic times what better protection can you ask for? When you’re looking for peace of mind, then why not do business with the best.\r\n\r\n<strong>PARALEGAL SERVICES</strong>  Our services are available in a virtual and/or personal way to offer services to your home or business when you need them in complete confidence.  We offer reasonable prices that will allow you to maintain your business without excessive paralegal expenses.  This allows you to have legal assistance only when necessary, therefore, you avoid contracting paralegal assistance full-time. Our Corporate Finance Group offers solid, comprehensive intelligence for clients seeking to capitalize on business opportunities, such as locating prospects, conducting due diligence, and structuring transactions.\r\n\r\n<strong>E-Z LOAN GROUP</strong>   There is an easy way to get the loan you want. Whether you are looking for a personal loan, business loan, credit card, or mortgage loan, Grayson Financial Services puts them within your reach. We will get you in touch with lenders willing to grant you the loan you need, even with bad credit. By becoming a client you will get guaranteed approval. You have nothing to lose! \r\n\r\n<strong>EMPLOYEE BENEFITS GROUP</strong>   Employee Benefit Services Group focuses on designing and implementing effective and affordable solutions for your company’s employees and principals. Our focus is to provide you with solutions that enable you to improve credit, increase employee job satisfaction, increase employee retention, and offer a unique benefit that will further enhance your ability to attracted qualified applicants.\r\n','We have compiled the most technologically advance credit products in the country.','full_html'),('node','article',0,3,3,'und',0,'Learn how to build perfect credit in 90 days or less using proven techniques and methodologies.  This book teaches you strategic credit restoration and development, which is based on the new FICO credit scoring system','','full_html'),('node','article',0,4,4,'und',0,'We have compiled the most technologically advance credit products in the country.  These products are designed to help you build your credit up to a 990 score, show you how to use your good credit to reduce your debt and then help you turn your credit into money\r\n<ul>\r\n<li><strong>FHA READY CREDIT cost $1250</strong> client pays a minimum of half down \r\n<li><strong>PERSONAL CREDIT cost $2500</strong> client pays a minimum of half down \r\n<li><strong>EXTREME CREDIT cost $5000</strong> client pays a minimum of half down\r\n<li><strong>TRIPLE A CREDIT cost $10,000</strong> client pays a minimum of half down\r\n<li><strong>BUSINESS CREDIT cost $2500</strong> client pays a minimum of half down \r\n<li><strong>PREMIUM BUSINESS CREDIT cost $7500</strong> client pays a minimum of half down\r\n<li><strong>JUDGMENT REVERSAL cost $600</strong> and 5% when we win\r\n<li><strong>GARNISHMENT OVERTURNED cost $600</strong> and 5% when we win and 20% of all refunds\r\n<li><strong>HOME RESCUE cost $2500, $5000, $7500, $10,000</strong> client pays a minimum of half down \r\n<li><strong>FUNDS ACQUISITION fee 10-30% of gross loan amount approved</strong> client pays NO UPFRONT FEE \r\n<li><strong>DEBT ELIMINATION fee 10-30% of gross debt amount to be eliminated</strong> client pays deposit(10-50%)\r\n</ul>','','full_html'),('node','article',0,5,5,'und',0,'We are taking the guesswork out of home ownership.  We can help you expedite your loan modification or stop your foreclosure.  We have programs for first time homebuyers, special rate programs and refinance options as well as programs for investors.','','full_html'),('node','article',0,6,6,'und',0,'Online coverage of breaking news and current headlines from the US and around the world.  Top stories, photos, videos, and detailed analysis. Credit management, message boards and more. Information that helps you manage your financial life.','Breaking news and current headlines from around the world.  ','full_html'),('node','article',0,7,7,'und',0,'Are you buried in your house or car? Do you owe more than it is worth? Are you close to foreclosure or repossession? Then we have the solution.  Simply walk away.  \r\n\r\nIf you are tired of the hassle and worry of trying to deal with your home and wish you could just walk away free and clear now there is a way to walk away from your home without worrying about deficiency balances and bad credit. Let us assume the debt and responsibility and once we are done we will clean your credit for free. Best of all this program is free of charge and it will change your life. Call today for more information. ','Walk Away Program','full_html'),('node','article',0,8,8,'und',0,'If you have ever had a judgment, garnishment or bank lien then you can overturn them in 30 days or less.  No matter how long it has been you may be entitled to a refund. (995 of all judgment, garnishment and bank lien were obtained) ','','full_html'),('node','article',0,9,9,'und',0,'CASH FOR ANY PURPOSE\r\n\r\n$20,000-$150,000 in 7-10 days\r\nMinimum requirements.  \r\nWe  help arrange loans for any  purpose including personal loans, consolidate bills, education, home improvements, mortgages, and more. \r\n\r\n','CASH FOR ANY PURPOSE','full_html'),('node','article',0,10,10,'und',0,'Let our Debt Management Professionals get the information you need today to stop the harassing creditor\'s phone calls. \r\nGet Total Debt Relief.  \r\nWe will educate you on all of the options available to you to get out of debt. We help you make the most informed decision possible so that you can get your financial life back on track','Debt Relief','full_html'),('node','article',0,11,11,'und',0,'Let our Debt Management Professionals get the information you need to reduce your debt starting today.   \r\n\r\nWe will educate you on all of the options available to you to get out of debt. We help you make the most informed decision possible so that you can get your financial life back on track','Debt Reduction','full_html'),('node','article',0,12,12,'und',0,'Find the latest in new, innovative, CUTTING EDGE products.','NEW PRODUCTS THAT WILL CHANGE YOUR LIFE','full_html'),('node','article',0,13,13,'und',0,'REQUEST, RESCHEDULE OR ATTEND A WORKSHOP\r\n\r\nOur highly trained instructors will teach an on-site workshop, seminar or class at your request.  Also you can attend these events live or via the web.','REQUEST, RESCHEDULE OR ATTEND A WORKSHOP','full_html'),('node','article',0,14,14,'und',0,'Now is your chance to become a credit expert.  You can be trained in 90 days by the best in the industry.','','full_html'),('node','article',0,15,15,'und',0,'DR. GRAYSON VIDEO CLASSROOM “CREDIT MATTERS”\r\n\r\nMembers can now attend Dr Grayson revolutionary class from the comfort of their home.  Learn credit from the world’s leading authority.','DR. GRAYSON VIDEO CLASSROOM “CREDIT MATTERS”','full_html'),('node','article',0,16,16,'und',0,'Grayson Financial Services Professional Referral Service can point you in the right direction, whether it’s for legal advice, obtaining a loan for your business or simply deciding what credit card to use.  We can  help you sift through the crowd and find an expert you can trust. ','','full_html'),('node','article',0,17,17,'und',0,'<strong>DO IT YOURSELF KITS - Order Today! Double your money back guarantee!</strong>\r\n\r\n<ol>\r\n<li>	<strong>CREDIT BOOST  $399</strong> - raise your credit score 50 -90 points in 90 days or less, ideal for anyone below 700 credit score\r\n<li>	<strong>SCORE BOOST  $399</strong> - if you are in the mid 600’s this will take your score over 700 guaranteed\r\n<li>	<strong>FORECLOSURE PROOF  $599</strong> - abate any ongoing foreclosure or remove a past foreclosure form your credit\r\n<li>	<strong>HOME RESCUE 911/LOAN MOD  $399</strong> - do your loan mod yourself and cut through the red tape\r\n<li>	<strong>EXTREME CREDIT  $799</strong> - if you are in the 700s and would like to get into the 800’s\r\n<li>	<strong>TRIPLE A CREDIT  $999</strong> - if you are in the 800 and would like to get into the 900s\r\n<li>	<strong>JUDGMENT PROOF  $399</strong> - reverse all judgments\r\n<li>	<strong>GARNISHMENT PROOF  $599</strong> - get a refund on all garnishments\r\n<li>	<strong>COLLECTION PROOF  $399</strong> - stop all collections without paying them\r\n<li>	<strong>BANK LIEN PROOF  $399</strong> - reverse all bank liens and get a refund\r\n<li>	<strong>CHEXSYSTEMS SCRUB  $399</strong> - qualify for a bank account\r\n<li>	<strong>BANKRUPTCY SCRUB  $799</strong> - remove bankruptcy form your credit report\r\n<li>	<strong>TAX LIEN REMOVAL  $399</strong> - remove all tax liens\r\n<li>	<strong>BUSINESS CREDIT BUILDER  $599</strong> - build an perfect business credit(80 paydex) score in 90 day or less\r\n<li>	<strong>INQUIRY SCRUB  $399</strong> - remove excessive inquiries quickly\r\n<li>	<strong>IDENTITY THEFT PROOF  $399</strong> - remove all items related to identity theft instantly\r\n<li>	<strong>ELIMINATE DEBT WITHOUT BANKRUPTCY  $599</strong> - eliminate your debt for 10-30 cents on the dollar\r\n<li>	<strong>NATIONWIDE SPECIALTY REPORT  $399</strong> - get access to all your nationwide specialty reports for free and learn how to clean them\r\n</ol>\r\n','Do It Your Self Kits','full_html'),('node','article',0,18,18,'und',0,'ORDER YOUR FREE CREDIT REPORT!\r\nCheck your credit reports Instantly Online.  Today more than ever, lenders, employers  and other service providers use your credit history to make decisions about whether to extend you new credit and services. Experts agree that checking your report regularly is the best way to ensure you are always.\r\n\r\nhttp://www.annualcreditreport.com\r\n\r\n','ORDER YOUR FREE CREDIT REPORT','full_html'),('node','article',0,19,19,'und',0,'ORDER YOUR NEW CREDIT CARDS\r\nCompare Instant Approval Credit Cards.\r\nCompare offers side by side in order to determine which card is best for you. \r\n\r\nApply Online for Instant Credit Approval!','ORDER YOUR NEW CREDIT CARDS','full_html'),('node','article',0,20,20,'und',0,'Testimonials from our happy clients are an important part of gauging our success.','','full_html'),('node','article',0,21,21,'und',0,'Earn Extra Money\r\nWant a simple way to earn some extra money from home in your spare time? Maybe you need a little extra each month for groceries or even for some extras that you want.  Join our team and make money while helping your friends and family get perfect credit.','','full_html'),('node','article',0,22,22,'und',0,'Additional services that Grayson Financial Services provides:\r\n\r\nLEGAL SERVICES\r\nPARALEGAL SERVICES\r\nASSET RECOVERY TEAM\r\nFREE FINANCIAL PLAN\r\nCHURCH FINANCING\r\n90 DAY CREDIT CHALLENGE\r\nUP TO $100,000 IN 10 DAYS\r\nWALK AWAY PROGRAM HOUSES AND CARS\r\nFORECLOSURE PREVENTION\r\nBECOME A CREDIT INVESTOR\r\nINVESTMENT OPPORTUNITIES\r\nEMPLOYEE BENEFITS PACKAGE\r\nNATIONWIDE SPECIALTY REPORTS\r\n','','full_html'),('node','article',0,24,24,'und',0,'Legal Services\r\nExpert legal assistance available for you, your family, and community!','','full_html'),('node','article',0,25,25,'und',0,'Our services are available in a virtual and/or personal way to offer services to your home or business when you need them in complete confidence. We offer reasonable prices that will allow you to maintain your business without excessive paralegal expenses. This allows you to have legal assistance only when necessary, therefore, you avoid contracting paralegal assistance full-time. Our Corporate Finance Group offers solid, comprehensive intelligence for clients seeking to capitalize on business opportunities, such as locating prospects, conducting due diligence, and structuring transactions.','','full_html'),('node','article',0,26,26,'und',0,'Foreclosure abatement is a term used to describe a comprehensive system that was designed by one of the leading financial engineers in this country. It was designed to insure that you will never have to worry about a foreclosure ever again. It involves a flexible eight step process that is designed, so that any American can utilize this system to stop, delay or reverse a foreclosure at any step in the process. If you still have the keys to your house and you still reside in the home, then you can use this strategy even if you have received an eviction notification. Whether you need a loan modification, mortgage modification, restructuring, or workout plan, we are there when a borrower is facing great financial hardship, having difficulty making their mortgage payments, and is facing foreclosure, we work with your lender to change the terms of your mortgage loan to make it more affordable. ','','full_html'),('node','article',0,27,27,'und',0,'Grayson Financial Services mission is to provide high quality financial and legal services with integrity, professionalism and respect for our clients and the community. In doing this, we enjoy and strive for a collegial group practice while recognizing that our principal goal is to serve our clients effectively. \r\n\r\nIn pursuit of this mission, we will hold true to these values: \r\n\r\n<strong>EXCELLENCE</strong> - We strive to become one of the most sought-after providers of financial and legal services in the region. \r\n\r\n<strong>SERVICE</strong> - We endeavor to meet or exceed the expectations of our clients in all aspects of their financial and legal representation. \r\n\r\n<strong>ENCOURAGEMENT</strong> - We promote a collegial atmosphere in which all individuals are encouraged to learn, improve and excel and to become leaders in the legal, business and civic communities.\r\n\r\n<strong>STRENGTH</strong> - We conduct our affairs to provide the financial strength and growth necessary to attract and keep the highest quality of clients, affiliates, and  staff. \r\n\r\n<strong>DIVERSITY</strong> - We encourage diversity among our members and respect for differences among us.\r\n\r\n<strong>SUPPORTIVE</strong> - We work daily to enhance the supportive attitude, common bond and collective sense of humor -- the special working atmosphere -- which is a hallmark of our company. \r\n\r\n<strong>COMMUNITY</strong> - We will pursue our belief that individuals with a sense of family and community are precisely what we all need for progress and peace.\r\n','','full_html'),('node','article',0,28,28,'und',0,'Employee Benefit Services Group focuses on designing and implementing effective and affordable solutions for your company’s employees and principals. Our focus is to provide you with solutions that enable you to improve credit, increase employee job satisfaction, increase employee retention, and offer a unique benefit that will further enhance your ability to attracted qualified applicants.','','full_html'),('node','article',0,29,29,'und',0,'Sign up people in your organization, church, business, work place, and get rewards now! The more people you bring in the more money saved. Get involved today!\r\n\r\nSIGN UP: 1,000 People – Service is ONLY $250 per person\r\n	   500 People - Service is ONLY $350 per person\r\n	   100 People - Service is $500 per person\r\n	     50 People - Service is $1000 per person\r\n	     25 People – Service is $1500 per person\r\n','','full_html'),('node','article',0,30,30,'und',0,'If you are having trouble making your mortgage payments then this is the program for you. Even if you have had trouble qualifying for loan modification in the past we have a program for you. If you can afford your mortgage payments but would like to take advantage of the new Principle Reduction Programs available then you should sign up for this comprehensive system that was designed by one of the leading financial engineers in this country. It was designed to insure that you will never have to worry about your mortgage payments or the value of your home ever again. Whether you need a loan modification, mortgage modification, restructuring, or workout plan, we are there when a borrower is facing great financial hardship, having difficulty making their mortgage payments, and is facing foreclosure, we work with your lender to change the terms of your mortgage loan to make it more affordable. ','','full_html'),('node','article',0,31,31,'und',0,'<strong>DEBT SETTLEMENT</strong>\r\n\r\nDebt settlement, also known as debt arbitration, debt negotiation or credit settlement, is an approach to debt reduction in which the debtor and creditor agree on a reduced balance that will be regarded as payment in full. As long as consumers continue to make minimum monthly payments, creditors will not negotiate a reduced balance. However, when payments stop, balances continue to grow because of late fees and ongoing interest.\r\n\r\nWhile debt settlement initially will have a negative impact on your credit, it also will save you the most money over time compared to other methods of consolidation. It is the quickest route to becoming debt free.\r\n\r\n\r\n<strong>DEBT ELIMINATION</strong>\r\n\r\nDebt elimination is very similar to debt consolidation and works in much the same way. Eliminating debt with a professional service usually involves the application of reduced interest rates that your company has negotiated with your creditors ahead of time. With lower interest rates, it\'s easier to eliminate debt because your monthly payments are reduced and more of your money goes toward paying down the principal of the debt. In exchange for access to the exclusive low interest rates, you pay a small fee to participate in the elimination service.\r\n\r\nTake a hard look at what’s truly necessary, and be willing to make compromises. Cable TV, satellite radio, and lunches in the office cafeteria are not necessities. If you have a hard time letting go of these things, run your numbers through a debt calculator twice – once with your current budget, and once with additional money currently paying for niceties. You’ll be amazed at how much of a difference those few extra dollars make. \r\n\r\n\r\n<strong>DEBT NEGOTIATION</strong>\r\n\r\nDebt Negotiation is the discussion and compromise regarding debt by credit counselors and creditors to reach a settlement on debt owed.\r\n\r\nSuccessful settlement occurs when the creditor agrees to forgive a percentage of total account balance. Only unsecured debts not secured by real assets like homes or autos can be settled. Unsecured debts include medical bills and credit card debts - not student loans, auto financing or mortgages. For the debtor, this makes obvious sense, they avoid the stigma and intrusive court-mandated controls of bankruptcy while still lowering, sometimes by more than 50%, their debt balances. Whereas, for the creditor, they regain trust that the borrower intends to pay back what he can of the loans and not file bankruptcy (in which case, the creditor risks losing all monies owed).\r\n\r\n\r\n\r\n','','full_html'),('node','article',0,32,32,'und',0,'<strong>Call us today on how you can order your free financial plan!</strong>','','full_html'),('node','article',0,33,33,'und',0,'DR. GRAYSON VIDEO CLASSROOM Debt Education \r\n\r\nMembers can now attend Dr Grayson revolutionary class from the comfort of their home. Learn debt reduction from the world’s leading authority.\r\n','','full_html'),('node','article',0,34,34,'und',0,'Most people are aware of the fact that you can get a free copy of your credit reports once a year from each of the major credit reporting agencies: Equifax, Experian, and TransUnion.\r\n\r\nBut there are other nationwide consumer reporting agencies that collect and sell consumer information. By law, they must provide you with a free annual copy of your report - and you probably won’t have a file with all of these agencies. \r\n\r\n\r\n<h3><strong>Free Chexsystems, Certegy Check Systems and Telecheck Reports</strong></h3>\r\n\r\n<strong>Chexsystems</strong>\r\n\r\nChex Systems, Inc. collects information from member financial institutions and shares it with them to assess the risk of opening new checking accounts. A Chex Systems report can include personal identifying information, negative information such as checks returned for non-sufficient funds (NSF), inquiries into the file by financial institutions or the consumer, a history of checks ordered, and information about checks bounced at retailers as reported by Certegy Check Services, Inc. (see below). Chexsystems only maintains negative information for five years.\r\n\r\n\r\n<strong>Certegy Check Systems Inc.</strong> \r\n\r\nCertegy describes itself as a check risk management company that provides verification, guarantee and risk analysis to thousands of businesses that choose to accept checks as a form of payment for goods or services. In other words, merchants use their service to help them decide whether to accept individual checks.\r\n\r\nCertegy doesn’t make the actual decision of whether to accept or reject a check. That’s left to the merchant. But they do help the merchant make that decision. If you have had a merchant who uses Certegy decline a check, the company recommends you complete and submit a Certegy Gold Application. It’s free, and allows them to assess additional information not provided with your original check transaction. Certegy says the Gold Application can help consumers avoid most check declines. The form is available at Askcertegy.com.\r\n\r\nIn addition to a free annual file disclosure, Certegy offers a free declined check look-up service on its website.\r\n\r\n\r\n<strong>Telecheck</strong>\r\n\r\nTeleCheck describes itself as an industry leader in “check acceptance, check processing and risk analysis services to thousands of retailers and financial institutions.” It offers a service called TeleCheck Electronic Check Acceptance that authorizes check transactions and converts paper checks into electronic items at the point of sale. If you’ve ever made a check purchase where you paid by check but were given an electronic receipt of the transaction to sign, then you have seen this system in action.\r\n\r\nTelecheck will analyze a transaction against its database of bank and checking account information, and use risk-based decision tools to alert merchants to potential fraud before they accept individual checks. You can think of it as similar to the way creditors use credit scores but Telecheck doesn’t check standard credit reports or scores to make decisions. It also doesn’t check the balance in an account when a check is presented. If risk factors are identified, it is possible for a check to be labeled as risky even if the account holder has never bounced a check before.\r\n\r\n<strong>Chexsytems 1-800-428-9623 or ConsumerDebit.com\r\nCertegy Check Systems Inc. 1-866-543-6315 or AskCertegy.com\r\nTelecheck/FirstData 1-800-366-2425 or FirstData.com</strong>\r\n\r\n\r\n\r\n\r\n\r\n\r\n<h3><strong>Free Tenant History Reports</strong></h3>\r\n\r\n<strong>LexisNexis</strong> Screening Solutions Inc. Resident History Report contains information related to your tenant history along with other background information.\r\n\r\n<strong>CoreLogic SafeRent</strong> explains on its website that it provides information to the multi-family housing industry and employers.  Housing providers may obtain your consumer report to assist them in making leasing and employment decisions.  Reports can include rental performance history, criminal and/or landlord-tenant records.\r\n\r\n<strong>Tenant Data Services</strong> provides prospective landlords with rental performance information such as damages, evictions, lease violations, noise complaints, rent and deposit verification, and unauthorized pets.\r\n\r\n<strong>LexisNexis: Call 877.448.5732 or https://personalreports.lexisnexis.com\r\nCoreLogic SafeRent: Fadvsarerent.com or call 1-888-333-2413\r\nTenant Data Services: TenantData.com</strong>\r\n\r\n\r\n\r\n<h3><strong>Free Insurance Reports</strong></h3>\r\nThere are two nationwide consumer reporting agencies from which you can request a free annual disclosure of your insurance report.\r\n\r\n<strong>ISO A-Plus Auto & Property Loss History Report</strong>\r\n\r\nMember insurance companies share information about auto and property insurance claims filed by an individual or business, or by other individuals or businesses “at the location of risk,” or for an automobile or property that will be insured. This information is used by prospective insurers to help evaluate the risk of granting a new policy.\r\n\r\n\r\n<strong>C.L.U.E. Comprehensive Loss Underwriting Exchange</strong>\r\n\r\nC.L.U.E. also allows insurance companies to access and use prior loss information when evaluating insurance applications. Participating insurance companies share data with C.L.U.E., which then provides it to insurance companies who request reports about consumers.\r\n\r\nThere are two types of C.L.U.E. insurance reports: auto and personal property (homeowner). Information about losses can remain in the database for up to seven years.\r\n\r\n<strong>ISO A Plus Report: 1-800-627-3487 or visit \r\nhttp://www.iso.com \r\nhttp://www.iso.com/Products/A-PLUS/Consumers-Order-Your-Free-A-PLUS-Loss-History-Report.html\r\nLexis Nexis C.L.U.E. auto or personal property insurance reports: 1-866-312-8076 or visit https://personalreports.lexisnexis.com</strong>\r\n\r\n\r\n\r\n<h3><strong>Free Employment Reports</strong></h3>\r\n\r\nThere are two nationwide specialty reporting agencies that provide free annual disclosures to consumers under the FACT Act:\r\n\r\n<strong>LexisNexis</strong>\r\nLexisNexis Risk Solutions, is one of the leading provider of background checks in North America and conducts background screening for over half of the Fortune 500 companies. Their Employment History Report can include information about your employment history along with other background information. Note that if LexisNexis has not provided an Employment History Report about you to an employer, you will not have a report on file with them.\r\n\r\n<strong>The Work Number</strong>\r\nThe work number most popular feature is its employment and income verification service. It is used by\r\npre-employment personnel and others who need to verify someone’s employment status. \r\n\r\n<strong>Lexis Nexis: Call 1-866-312-8075 or visit the LexisNexis website. \r\nThe Work Number: Call 1-866-604-6570 or visit TheWorkNumber.com</strong>\r\n\r\n\r\n\r\n<h3><strong>Free Medical Report</strong></h3> \r\nThere are three agencies from which you can request your free annual disclosure:\r\n\r\n<strong>Medical Information Bureau (MIB)</strong>\r\nThis agency collects information that is used by underwriters who are evaluating applications for life, health or disability insurance policies. Medically significant information is reported in the underwriting process. \r\n\r\nMIB file exists for the last seven years and if you have applied for individually underwritten life, health, or disability income insurance. \r\n\r\n<strong>Igenix Medpoint and Milliman IntelliScript</strong>\r\nThese firms specialize in electronic prescription histories. Information about prescriptions you have had filled in the past five years may be found in their databases.  As with the MIB report, if you haven’t applied for individual health, life or disability insurance, there will be no report about you plus your written authorization will be required first.\r\n\r\n<strong>MIB: 866-692-6901 or MIB.com \r\nMilliman IntelliScript: 877-211-4816 or Rxhistories.com \r\nIgenix MedPoint: 888-206-0335</strong>\r\n\r\n\r\n\r\n\r\n\r\n','','full_html'),('node','article',0,35,35,'und',0,'<strong>Call today and find out about our Church Financing Program!</strong>','','full_html'),('node','article',0,36,36,'und',0,'<strong>Become a credit investor with Grayson Financial Services - call today!</strong>','','full_html'),('node','article',0,37,37,'und',0,'<strong>There is an investment opportunity ready for you today - please call 1-888-473-7744.</strong>','','full_html');

--
-- Table structure for table `field_revision_comment_body`
--

CREATE TABLE `field_revision_comment_body` (
  `entity_type` varchar(128) NOT NULL DEFAULT '' COMMENT 'The entity type this data is attached to',
  `bundle` varchar(128) NOT NULL DEFAULT '' COMMENT 'The field instance bundle to which this row belongs, used when deleting a field instance',
  `deleted` tinyint(4) NOT NULL DEFAULT '0' COMMENT 'A boolean indicating whether this data item has been deleted',
  `entity_id` int(10) unsigned NOT NULL COMMENT 'The entity id this data is attached to',
  `revision_id` int(10) unsigned NOT NULL COMMENT 'The entity revision id this data is attached to',
  `language` varchar(32) NOT NULL DEFAULT '' COMMENT 'The language for this data item.',
  `delta` int(10) unsigned NOT NULL COMMENT 'The sequence number for this data item, used for multi-value fields',
  `comment_body_value` longtext,
  `comment_body_format` varchar(255) DEFAULT NULL,
  PRIMARY KEY (`entity_type`,`entity_id`,`revision_id`,`deleted`,`delta`,`language`),
  KEY `entity_type` (`entity_type`),
  KEY `bundle` (`bundle`),
  KEY `deleted` (`deleted`),
  KEY `entity_id` (`entity_id`),
  KEY `revision_id` (`revision_id`),
  KEY `language` (`language`),
  KEY `comment_body_format` (`comment_body_format`)
) ENGINE=MyISAM DEFAULT CHARSET=utf8 COMMENT='Revision archive storage for field 1 (comment_body)';

--
-- Dumping data for table `field_revision_comment_body`
--


--
-- Table structure for table `field_revision_commerce_coupon_code`
--

CREATE TABLE `field_revision_commerce_coupon_code` (
  `entity_type` varchar(128) NOT NULL DEFAULT '' COMMENT 'The entity type this data is attached to',
  `bundle` varchar(128) NOT NULL DEFAULT '' COMMENT 'The field instance bundle to which this row belongs, used when deleting a field instance',
  `deleted` tinyint(4) NOT NULL DEFAULT '0' COMMENT 'A boolean indicating whether this data item has been deleted',
  `entity_id` int(10) unsigned NOT NULL COMMENT 'The entity id this data is attached to',
  `revision_id` int(10) unsigned NOT NULL COMMENT 'The entity revision id this data is attached to',
  `language` varchar(32) NOT NULL DEFAULT '' COMMENT 'The language for this data item.',
  `delta` int(10) unsigned NOT NULL COMMENT 'The sequence number for this data item, used for multi-value fields',
  `commerce_coupon_code_value` varchar(255) DEFAULT NULL,
  `commerce_coupon_code_format` varchar(255) DEFAULT NULL,
  PRIMARY KEY (`entity_type`,`entity_id`,`revision_id`,`deleted`,`delta`,`language`),
  KEY `entity_type` (`entity_type`),
  KEY `bundle` (`bundle`),
  KEY `deleted` (`deleted`),
  KEY `entity_id` (`entity_id`),
  KEY `revision_id` (`revision_id`),
  KEY `language` (`language`),
  KEY `commerce_coupon_code_format` (`commerce_coupon_code_format`)
) ENGINE=MyISAM DEFAULT CHARSET=utf8 COMMENT='Revision archive storage for field 10 (commerce_coupon_code)';

--
-- Dumping data for table `field_revision_commerce_coupon_code`
--


--
-- Table structure for table `field_revision_commerce_coupon_fixed_amount`
--

CREATE TABLE `field_revision_commerce_coupon_fixed_amount` (
  `entity_type` varchar(128) NOT NULL DEFAULT '' COMMENT 'The entity type this data is attached to',
  `bundle` varchar(128) NOT NULL DEFAULT '' COMMENT 'The field instance bundle to which this row belongs, used when deleting a field instance',
  `deleted` tinyint(4) NOT NULL DEFAULT '0' COMMENT 'A boolean indicating whether this data item has been deleted',
  `entity_id` int(10) unsigned NOT NULL COMMENT 'The entity id this data is attached to',
  `revision_id` int(10) unsigned NOT NULL COMMENT 'The entity revision id this data is attached to',
  `language` varchar(32) NOT NULL DEFAULT '' COMMENT 'The language for this data item.',
  `delta` int(10) unsigned NOT NULL COMMENT 'The sequence number for this data item, used for multi-value fields',
  `commerce_coupon_fixed_amount_amount` int(11) NOT NULL DEFAULT '0' COMMENT 'The price amount.',
  `commerce_coupon_fixed_amount_currency_code` varchar(32) NOT NULL COMMENT 'The currency code for the price.',
  `commerce_coupon_fixed_amount_data` longtext COMMENT 'A serialized array of additional price data.',
  PRIMARY KEY (`entity_type`,`entity_id`,`revision_id`,`deleted`,`delta`,`language`),
  KEY `entity_type` (`entity_type`),
  KEY `bundle` (`bundle`),
  KEY `deleted` (`deleted`),
  KEY `entity_id` (`entity_id`),
  KEY `revision_id` (`revision_id`),
  KEY `language` (`language`),
  KEY `commerce_coupon_fixed_amount_currency_price` (`commerce_coupon_fixed_amount_amount`,`commerce_coupon_fixed_amount_currency_code`)
) ENGINE=MyISAM DEFAULT CHARSET=utf8 COMMENT='Revision archive storage for field 11 (commerce_coupon...';

--
-- Dumping data for table `field_revision_commerce_coupon_fixed_amount`
--


--
-- Table structure for table `field_revision_commerce_coupon_number_of_uses`
--

CREATE TABLE `field_revision_commerce_coupon_number_of_uses` (
  `entity_type` varchar(128) NOT NULL DEFAULT '' COMMENT 'The entity type this data is attached to',
  `bundle` varchar(128) NOT NULL DEFAULT '' COMMENT 'The field instance bundle to which this row belongs, used when deleting a field instance',
  `deleted` tinyint(4) NOT NULL DEFAULT '0' COMMENT 'A boolean indicating whether this data item has been deleted',
  `entity_id` int(10) unsigned NOT NULL COMMENT 'The entity id this data is attached to',
  `revision_id` int(10) unsigned NOT NULL COMMENT 'The entity revision id this data is attached to',
  `language` varchar(32) NOT NULL DEFAULT '' COMMENT 'The language for this data item.',
  `delta` int(10) unsigned NOT NULL COMMENT 'The sequence number for this data item, used for multi-value fields',
  `commerce_coupon_number_of_uses_value` int(11) DEFAULT NULL,
  PRIMARY KEY (`entity_type`,`entity_id`,`revision_id`,`deleted`,`delta`,`language`),
  KEY `entity_type` (`entity_type`),
  KEY `bundle` (`bundle`),
  KEY `deleted` (`deleted`),
  KEY `entity_id` (`entity_id`),
  KEY `revision_id` (`revision_id`),
  KEY `language` (`language`)
) ENGINE=MyISAM DEFAULT CHARSET=utf8 COMMENT='Revision archive storage for field 13 (commerce_coupon...';

--
-- Dumping data for table `field_revision_commerce_coupon_number_of_uses`
--


--
-- Table structure for table `field_revision_commerce_coupon_percent_amount`
--

CREATE TABLE `field_revision_commerce_coupon_percent_amount` (
  `entity_type` varchar(128) NOT NULL DEFAULT '' COMMENT 'The entity type this data is attached to',
  `bundle` varchar(128) NOT NULL DEFAULT '' COMMENT 'The field instance bundle to which this row belongs, used when deleting a field instance',
  `deleted` tinyint(4) NOT NULL DEFAULT '0' COMMENT 'A boolean indicating whether this data item has been deleted',
  `entity_id` int(10) unsigned NOT NULL COMMENT 'The entity id this data is attached to',
  `revision_id` int(10) unsigned NOT NULL COMMENT 'The entity revision id this data is attached to',
  `language` varchar(32) NOT NULL DEFAULT '' COMMENT 'The language for this data item.',
  `delta` int(10) unsigned NOT NULL COMMENT 'The sequence number for this data item, used for multi-value fields',
  `commerce_coupon_percent_amount_value` float DEFAULT NULL,
  PRIMARY KEY (`entity_type`,`entity_id`,`revision_id`,`deleted`,`delta`,`language`),
  KEY `entity_type` (`entity_type`),
  KEY `bundle` (`bundle`),
  KEY `deleted` (`deleted`),
  KEY `entity_id` (`entity_id`),
  KEY `revision_id` (`revision_id`),
  KEY `language` (`language`)
) ENGINE=MyISAM DEFAULT CHARSET=utf8 COMMENT='Revision archive storage for field 12 (commerce_coupon...';

--
-- Dumping data for table `field_revision_commerce_coupon_percent_amount`
--


--
-- Table structure for table `field_revision_commerce_customer_address`
--

CREATE TABLE `field_revision_commerce_customer_address` (
  `entity_type` varchar(128) NOT NULL DEFAULT '' COMMENT 'The entity type this data is attached to',
  `bundle` varchar(128) NOT NULL DEFAULT '' COMMENT 'The field instance bundle to which this row belongs, used when deleting a field instance',
  `deleted` tinyint(4) NOT NULL DEFAULT '0' COMMENT 'A boolean indicating whether this data item has been deleted',
  `entity_id` int(10) unsigned NOT NULL COMMENT 'The entity id this data is attached to',
  `revision_id` int(10) unsigned NOT NULL COMMENT 'The entity revision id this data is attached to',
  `language` varchar(32) NOT NULL DEFAULT '' COMMENT 'The language for this data item.',
  `delta` int(10) unsigned NOT NULL COMMENT 'The sequence number for this data item, used for multi-value fields',
  `commerce_customer_address_country` varchar(2) DEFAULT '' COMMENT 'Two letter ISO country code of this address.',
  `commerce_customer_address_xnl` longtext COMMENT 'XML contents of the xNL element.',
  `commerce_customer_address_name_line` varchar(255) DEFAULT '' COMMENT 'Contents of a primary NameLine element in the xNL XML.',
  `commerce_customer_address_first_name` varchar(255) DEFAULT '' COMMENT 'Contents of the FirstName element of a primary PersonName element in the xNL XML.',
  `commerce_customer_address_last_name` varchar(255) DEFAULT '' COMMENT 'Contents of the LastName element of a primary PersonName element in the xNL XML.',
  `commerce_customer_address_organisation_name` varchar(255) DEFAULT '' COMMENT 'Contents of a primary OrganisationName element in the xNL XML.',
  `commerce_customer_address_xal` longtext COMMENT 'XML contents of the address’s xAL element.',
  `commerce_customer_address_administrative_area` varchar(255) DEFAULT '' COMMENT 'The administrative area of this address.',
  `commerce_customer_address_sub_administrative_area` varchar(255) DEFAULT '' COMMENT 'The sub administrative area of this address.',
  `commerce_customer_address_locality` varchar(255) DEFAULT '' COMMENT 'The locality of this address.',
  `commerce_customer_address_dependent_locality` varchar(255) DEFAULT '' COMMENT 'The dependent locality of this address.',
  `commerce_customer_address_postal_code` varchar(255) DEFAULT '' COMMENT 'The postal code of this address.',
  `commerce_customer_address_thoroughfare` varchar(255) DEFAULT '' COMMENT 'The thoroughfare of this address.',
  `commerce_customer_address_premise` varchar(255) DEFAULT '' COMMENT 'The premise of this address.',
  `commerce_customer_address_sub_premise` varchar(255) DEFAULT '' COMMENT 'The sub_premise of this address.',
  `commerce_customer_address_data` longtext COMMENT 'Additional data for this address.',
  PRIMARY KEY (`entity_type`,`entity_id`,`revision_id`,`deleted`,`delta`,`language`),
  KEY `entity_type` (`entity_type`),
  KEY `bundle` (`bundle`),
  KEY `deleted` (`deleted`),
  KEY `entity_id` (`entity_id`),
  KEY `revision_id` (`revision_id`),
  KEY `language` (`language`)
) ENGINE=MyISAM DEFAULT CHARSET=utf8 COMMENT='Revision archive storage for field 5 (commerce_customer...';

--
-- Dumping data for table `field_revision_commerce_customer_address`
--

INSERT INTO `field_revision_commerce_customer_address` VALUES ('commerce_customer_profile','billing',0,1,1,'und',0,'US','<NameDetails PartyType=\"Person\"><NameLine>Anita Porter</NameLine></NameDetails>\n','Anita Porter',NULL,NULL,NULL,'','IL',NULL,'Chicago',NULL,'60653','3945 South Ellis Avenue Unit 2S','',NULL,NULL),('commerce_customer_profile','billing',0,2,2,'und',0,'US','<NameDetails/>\n','',NULL,NULL,NULL,'','',NULL,'',NULL,'','','',NULL,NULL),('commerce_customer_profile','billing',0,3,3,'und',0,'US','<NameDetails PartyType=\"Person\"><NameLine>Anita Porter</NameLine></NameDetails>\n','Anita Porter',NULL,NULL,NULL,'','IL',NULL,'Chicago',NULL,'60653','3945 S Ellis Avenue','',NULL,NULL);

--
-- Table structure for table `field_revision_commerce_customer_billing`
--

CREATE TABLE `field_revision_commerce_customer_billing` (
  `entity_type` varchar(128) NOT NULL DEFAULT '' COMMENT 'The entity type this data is attached to',
  `bundle` varchar(128) NOT NULL DEFAULT '' COMMENT 'The field instance bundle to which this row belongs, used when deleting a field instance',
  `deleted` tinyint(4) NOT NULL DEFAULT '0' COMMENT 'A boolean indicating whether this data item has been deleted',
  `entity_id` int(10) unsigned NOT NULL COMMENT 'The entity id this data is attached to',
  `revision_id` int(10) unsigned NOT NULL COMMENT 'The entity revision id this data is attached to',
  `language` varchar(32) NOT NULL DEFAULT '' COMMENT 'The language for this data item.',
  `delta` int(10) unsigned NOT NULL COMMENT 'The sequence number for this data item, used for multi-value fields',
  `commerce_customer_billing_profile_id` int(10) unsigned DEFAULT NULL,
  PRIMARY KEY (`entity_type`,`entity_id`,`revision_id`,`deleted`,`delta`,`language`),
  KEY `entity_type` (`entity_type`),
  KEY `bundle` (`bundle`),
  KEY `deleted` (`deleted`),
  KEY `entity_id` (`entity_id`),
  KEY `revision_id` (`revision_id`),
  KEY `language` (`language`),
  KEY `commerce_customer_billing_profile_id` (`commerce_customer_billing_profile_id`)
) ENGINE=MyISAM DEFAULT CHARSET=utf8 COMMENT='Revision archive storage for field 8 (commerce_customer...';

--
-- Dumping data for table `field_revision_commerce_customer_billing`
--

INSERT INTO `field_revision_commerce_customer_billing` VALUES ('commerce_order','commerce_order',0,1,1,'und',0,3);

--
-- Table structure for table `field_revision_commerce_granted_amount`
--

CREATE TABLE `field_revision_commerce_granted_amount` (
  `entity_type` varchar(128) NOT NULL DEFAULT '' COMMENT 'The entity type this data is attached to',
  `bundle` varchar(128) NOT NULL DEFAULT '' COMMENT 'The field instance bundle to which this row belongs, used when deleting a field instance',
  `deleted` tinyint(4) NOT NULL DEFAULT '0' COMMENT 'A boolean indicating whether this data item has been deleted',
  `entity_id` int(10) unsigned NOT NULL COMMENT 'The entity id this data is attached to',
  `revision_id` int(10) unsigned NOT NULL COMMENT 'The entity revision id this data is attached to',
  `language` varchar(32) NOT NULL DEFAULT '' COMMENT 'The language for this data item.',
  `delta` int(10) unsigned NOT NULL COMMENT 'The sequence number for this data item, used for multi-value fields',
  `commerce_granted_amount_amount` int(11) NOT NULL DEFAULT '0' COMMENT 'The price amount.',
  `commerce_granted_amount_currency_code` varchar(32) NOT NULL COMMENT 'The currency code for the price.',
  `commerce_granted_amount_data` longtext COMMENT 'A serialized array of additional price data.',
  PRIMARY KEY (`entity_type`,`entity_id`,`revision_id`,`deleted`,`delta`,`language`),
  KEY `entity_type` (`entity_type`),
  KEY `bundle` (`bundle`),
  KEY `deleted` (`deleted`),
  KEY `entity_id` (`entity_id`),
  KEY `revision_id` (`revision_id`),
  KEY `language` (`language`),
  KEY `commerce_granted_amount_currency_price` (`commerce_granted_amount_amount`,`commerce_granted_amount_currency_code`)
) ENGINE=MyISAM DEFAULT CHARSET=utf8 COMMENT='Revision archive storage for field 9 (commerce_granted...';

--
-- Dumping data for table `field_revision_commerce_granted_amount`
--


--
-- Table structure for table `field_revision_commerce_line_items`
--

CREATE TABLE `field_revision_commerce_line_items` (
  `entity_type` varchar(128) NOT NULL DEFAULT '' COMMENT 'The entity type this data is attached to',
  `bundle` varchar(128) NOT NULL DEFAULT '' COMMENT 'The field instance bundle to which this row belongs, used when deleting a field instance',
  `deleted` tinyint(4) NOT NULL DEFAULT '0' COMMENT 'A boolean indicating whether this data item has been deleted',
  `entity_id` int(10) unsigned NOT NULL COMMENT 'The entity id this data is attached to',
  `revision_id` int(10) unsigned NOT NULL COMMENT 'The entity revision id this data is attached to',
  `language` varchar(32) NOT NULL DEFAULT '' COMMENT 'The language for this data item.',
  `delta` int(10) unsigned NOT NULL COMMENT 'The sequence number for this data item, used for multi-value fields',
  `commerce_line_items_line_item_id` int(10) unsigned DEFAULT NULL,
  PRIMARY KEY (`entity_type`,`entity_id`,`revision_id`,`deleted`,`delta`,`language`),
  KEY `entity_type` (`entity_type`),
  KEY `bundle` (`bundle`),
  KEY `deleted` (`deleted`),
  KEY `entity_id` (`entity_id`),
  KEY `revision_id` (`revision_id`),
  KEY `language` (`language`),
  KEY `commerce_line_items_line_item_id` (`commerce_line_items_line_item_id`)
) ENGINE=MyISAM DEFAULT CHARSET=utf8 COMMENT='Revision archive storage for field 6 (commerce_line_items)';

--
-- Dumping data for table `field_revision_commerce_line_items`
--


--
-- Table structure for table `field_revision_commerce_order_total`
--

CREATE TABLE `field_revision_commerce_order_total` (
  `entity_type` varchar(128) NOT NULL DEFAULT '' COMMENT 'The entity type this data is attached to',
  `bundle` varchar(128) NOT NULL DEFAULT '' COMMENT 'The field instance bundle to which this row belongs, used when deleting a field instance',
  `deleted` tinyint(4) NOT NULL DEFAULT '0' COMMENT 'A boolean indicating whether this data item has been deleted',
  `entity_id` int(10) unsigned NOT NULL COMMENT 'The entity id this data is attached to',
  `revision_id` int(10) unsigned NOT NULL COMMENT 'The entity revision id this data is attached to',
  `language` varchar(32) NOT NULL DEFAULT '' COMMENT 'The language for this data item.',
  `delta` int(10) unsigned NOT NULL COMMENT 'The sequence number for this data item, used for multi-value fields',
  `commerce_order_total_amount` int(11) NOT NULL DEFAULT '0' COMMENT 'The price amount.',
  `commerce_order_total_currency_code` varchar(32) NOT NULL COMMENT 'The currency code for the price.',
  `commerce_order_total_data` longtext COMMENT 'A serialized array of additional price data.',
  PRIMARY KEY (`entity_type`,`entity_id`,`revision_id`,`deleted`,`delta`,`language`),
  KEY `entity_type` (`entity_type`),
  KEY `bundle` (`bundle`),
  KEY `deleted` (`deleted`),
  KEY `entity_id` (`entity_id`),
  KEY `revision_id` (`revision_id`),
  KEY `language` (`language`),
  KEY `commerce_order_total_currency_price` (`commerce_order_total_amount`,`commerce_order_total_currency_code`)
) ENGINE=MyISAM DEFAULT CHARSET=utf8 COMMENT='Revision archive storage for field 7 (commerce_order_total)';

--
-- Dumping data for table `field_revision_commerce_order_total`
--

INSERT INTO `field_revision_commerce_order_total` VALUES ('commerce_order','commerce_order',0,1,1,'und',0,0,'USD','a:1:{s:10:\"components\";a:1:{i:0;a:3:{s:4:\"name\";s:10:\"base_price\";s:5:\"price\";a:3:{s:6:\"amount\";i:0;s:13:\"currency_code\";s:3:\"USD\";s:4:\"data\";a:0:{}}s:8:\"included\";b:1;}}}');

--
-- Table structure for table `field_revision_field_image`
--

CREATE TABLE `field_revision_field_image` (
  `entity_type` varchar(128) NOT NULL DEFAULT '' COMMENT 'The entity type this data is attached to',
  `bundle` varchar(128) NOT NULL DEFAULT '' COMMENT 'The field instance bundle to which this row belongs, used when deleting a field instance',
  `deleted` tinyint(4) NOT NULL DEFAULT '0' COMMENT 'A boolean indicating whether this data item has been deleted',
  `entity_id` int(10) unsigned NOT NULL COMMENT 'The entity id this data is attached to',
  `revision_id` int(10) unsigned NOT NULL COMMENT 'The entity revision id this data is attached to',
  `language` varchar(32) NOT NULL DEFAULT '' COMMENT 'The language for this data item.',
  `delta` int(10) unsigned NOT NULL COMMENT 'The sequence number for this data item, used for multi-value fields',
  `field_image_fid` int(10) unsigned DEFAULT NULL COMMENT 'The file_managed.fid being referenced in this field.',
  `field_image_alt` varchar(128) DEFAULT NULL COMMENT 'Alternative image text, for the image’s ’alt’ attribute.',
  `field_image_title` varchar(128) DEFAULT NULL COMMENT 'Image title text, for the image’s ’title’ attribute.',
  PRIMARY KEY (`entity_type`,`entity_id`,`revision_id`,`deleted`,`delta`,`language`),
  KEY `entity_type` (`entity_type`),
  KEY `bundle` (`bundle`),
  KEY `deleted` (`deleted`),
  KEY `entity_id` (`entity_id`),
  KEY `revision_id` (`revision_id`),
  KEY `language` (`language`),
  KEY `field_image_fid` (`field_image_fid`)
) ENGINE=MyISAM DEFAULT CHARSET=utf8 COMMENT='Revision archive storage for field 4 (field_image)';

--
-- Dumping data for table `field_revision_field_image`
--

INSERT INTO `field_revision_field_image` VALUES ('node','article',0,3,3,'und',0,1,'',''),('node','article',0,4,4,'und',0,5,'Credit products that will enhance your life',''),('node','article',0,5,5,'und',0,42,'Home Retention',''),('node','article',0,6,6,'und',0,8,'',''),('node','article',0,7,7,'und',0,11,'Walk Away Program',''),('node','article',0,8,8,'und',0,16,'Judgment Garnishment and Bank Lien Reversal',''),('node','article',0,9,9,'und',0,17,'Loans Cash for any purpose',''),('node','article',0,10,10,'und',0,21,'Debt Relief',''),('node','article',0,11,11,'und',0,26,'Debt Reduction',''),('node','article',0,12,12,'und',0,28,'Hot New Products',''),('node','article',0,13,13,'und',0,29,'Request a workshop',''),('node','article',0,14,14,'und',0,35,'',''),('node','article',0,15,15,'und',0,72,'Credit Matters',''),('node','article',0,16,16,'und',0,39,'Professional Services',''),('node','article',0,17,17,'und',0,41,'Do It Yourself Kits',''),('node','article',0,18,18,'und',0,43,'Order Free Credit Report',''),('node','article',0,19,19,'und',0,45,'Credit Cards',''),('node','article',0,20,20,'und',0,46,'',''),('node','article',0,21,21,'und',0,50,'',''),('node','article',0,22,22,'und',0,51,'Additional Credit Services',''),('node','article',0,24,24,'und',0,59,'Legal Services',''),('node','article',0,25,25,'und',0,61,'Paralegal services',''),('node','article',0,26,26,'und',0,62,'Foreclosure abatement',''),('node','article',0,27,27,'und',0,64,'About Us',''),('node','article',0,28,28,'und',0,65,'',''),('node','article',0,29,29,'und',0,66,'90 Day Credit Challenge',''),('node','article',0,30,30,'und',0,67,'Home Loan Modification',''),('node','article',0,31,31,'und',0,88,'Debt Resolution',''),('node','article',0,32,32,'und',0,71,'Free Financial Plan',''),('node','article',0,33,33,'und',0,76,'Debt Education',''),('node','article',0,34,34,'und',0,79,'Specialty Reports',''),('node','article',0,35,35,'und',0,82,'Church Financing',''),('node','article',0,36,36,'und',0,84,'Credit Investor',''),('node','article',0,37,37,'und',0,87,'Investment','');

--
-- Table structure for table `field_revision_field_price`
--

CREATE TABLE `field_revision_field_price` (
  `entity_type` varchar(128) NOT NULL DEFAULT '' COMMENT 'The entity type this data is attached to',
  `bundle` varchar(128) NOT NULL DEFAULT '' COMMENT 'The field instance bundle to which this row belongs, used when deleting a field instance',
  `deleted` tinyint(4) NOT NULL DEFAULT '0' COMMENT 'A boolean indicating whether this data item has been deleted',
  `entity_id` int(10) unsigned NOT NULL COMMENT 'The entity id this data is attached to',
  `revision_id` int(10) unsigned NOT NULL COMMENT 'The entity revision id this data is attached to',
  `language` varchar(32) NOT NULL DEFAULT '' COMMENT 'The language for this data item.',
  `delta` int(10) unsigned NOT NULL COMMENT 'The sequence number for this data item, used for multi-value fields',
  `field_price_amount` int(11) NOT NULL DEFAULT '0' COMMENT 'The price amount.',
  `field_price_currency_code` varchar(32) NOT NULL COMMENT 'The currency code for the price.',
  `field_price_data` longtext COMMENT 'A serialized array of additional price data.',
  PRIMARY KEY (`entity_type`,`entity_id`,`revision_id`,`deleted`,`delta`,`language`),
  KEY `entity_type` (`entity_type`),
  KEY `bundle` (`bundle`),
  KEY `deleted` (`deleted`),
  KEY `entity_id` (`entity_id`),
  KEY `revision_id` (`revision_id`),
  KEY `language` (`language`),
  KEY `field_price_currency_price` (`field_price_amount`,`field_price_currency_code`)
) ENGINE=MyISAM DEFAULT CHARSET=utf8 COMMENT='Revision archive storage for field 14 (field_price)';

--
-- Dumping data for table `field_revision_field_price`
--

INSERT INTO `field_revision_field_price` VALUES ('commerce_product','product',0,1,1,'und',0,39900,'USD','a:1:{s:10:\"components\";a:0:{}}');

--
-- Table structure for table `field_revision_field_tags`
--

CREATE TABLE `field_revision_field_tags` (
  `entity_type` varchar(128) NOT NULL DEFAULT '' COMMENT 'The entity type this data is attached to',
  `bundle` varchar(128) NOT NULL DEFAULT '' COMMENT 'The field instance bundle to which this row belongs, used when deleting a field instance',
  `deleted` tinyint(4) NOT NULL DEFAULT '0' COMMENT 'A boolean indicating whether this data item has been deleted',
  `entity_id` int(10) unsigned NOT NULL COMMENT 'The entity id this data is attached to',
  `revision_id` int(10) unsigned NOT NULL COMMENT 'The entity revision id this data is attached to',
  `language` varchar(32) NOT NULL DEFAULT '' COMMENT 'The language for this data item.',
  `delta` int(10) unsigned NOT NULL COMMENT 'The sequence number for this data item, used for multi-value fields',
  `field_tags_tid` int(10) unsigned DEFAULT NULL,
  PRIMARY KEY (`entity_type`,`entity_id`,`revision_id`,`deleted`,`delta`,`language`),
  KEY `entity_type` (`entity_type`),
  KEY `bundle` (`bundle`),
  KEY `deleted` (`deleted`),
  KEY `entity_id` (`entity_id`),
  KEY `revision_id` (`revision_id`),
  KEY `language` (`language`),
  KEY `field_tags_tid` (`field_tags_tid`)
) ENGINE=MyISAM DEFAULT CHARSET=utf8 COMMENT='Revision archive storage for field 3 (field_tags)';

--
-- Dumping data for table `field_revision_field_tags`
--


--
-- Table structure for table `file_display`
--

CREATE TABLE `file_display` (
  `name` varchar(255) NOT NULL COMMENT 'A combined string (FILE_TYPE__VIEW_MODE__FILE_FORMATTER) identifying a file display configuration. For integration with CTools Exportables, stored as a single string rather than as a compound primary key.',
  `weight` int(11) NOT NULL DEFAULT '0' COMMENT 'Weight of formatter within the display chain for the associated file type and view mode. A file is rendered using the lowest weighted enabled display configuration that matches the file type and view mode and that is capable of displaying the file.',
  `status` tinyint(3) unsigned NOT NULL DEFAULT '0' COMMENT 'The status of the display. (1 = enabled, 0 = disabled)',
  `settings` longblob COMMENT 'A serialized array of name value pairs that store the formatter settings for the display.',
  PRIMARY KEY (`name`)
) ENGINE=MyISAM DEFAULT CHARSET=utf8 COMMENT='Stores configuration options for file displays.';

--
-- Dumping data for table `file_display`
--


--
-- Table structure for table `file_managed`
--

CREATE TABLE `file_managed` (
  `fid` int(10) unsigned NOT NULL AUTO_INCREMENT COMMENT 'File ID.',
  `uid` int(10) unsigned NOT NULL DEFAULT '0' COMMENT 'The users.uid of the user who is associated with the file.',
  `filename` varchar(255) NOT NULL DEFAULT '' COMMENT 'Name of the file with no path components. This may differ from the basename of the URI if the file is renamed to avoid overwriting an existing file.',
  `uri` varchar(255) NOT NULL DEFAULT '' COMMENT 'The URI to access the file (either local or remote).',
  `filemime` varchar(255) NOT NULL DEFAULT '' COMMENT 'The file’s MIME type.',
  `filesize` int(10) unsigned NOT NULL DEFAULT '0' COMMENT 'The size of the file in bytes.',
  `status` tinyint(4) NOT NULL DEFAULT '0' COMMENT 'A field indicating the status of the file. Two status are defined in core: temporary (0) and permanent (1). Temporary files older than DRUPAL_MAXIMUM_TEMP_FILE_AGE will be removed during a cron run.',
  `timestamp` int(10) unsigned NOT NULL DEFAULT '0' COMMENT 'UNIX timestamp for when the file was added.',
  `type` varchar(50) NOT NULL DEFAULT '' COMMENT 'The type of this file.',
  PRIMARY KEY (`fid`),
  UNIQUE KEY `uri` (`uri`),
  KEY `uid` (`uid`),
  KEY `status` (`status`),
  KEY `timestamp` (`timestamp`),
  KEY `file_type` (`type`)
) ENGINE=MyISAM AUTO_INCREMENT=89 DEFAULT CHARSET=utf8 COMMENT='Stores information for uploaded files.';

--
-- Dumping data for table `file_managed`
--

INSERT INTO `file_managed` VALUES (1,1,'Extreme.png','public://field/image/Extreme.png','image/png',48105,1,1306839982,'image'),(5,1,'productsandservices.jpg','public://field/image/productsandservices.jpg','image/jpeg',30253,1,1306839982,'image'),(8,1,'FinancialNews.jpg','public://field/image/FinancialNews.jpg','image/jpeg',12657,1,1306839982,'image'),(11,1,'walkawayprogram.jpg','public://field/image/walkawayprogram.jpg','image/jpeg',6799,1,1306839982,'image'),(16,1,'scales.jpg','public://field/image/scales.jpg','image/jpeg',65296,1,1306839982,'image'),(17,1,'Personal-Loan.jpg','public://field/image/Personal-Loan.jpg','image/jpeg',46793,1,1306839982,'image'),(21,1,'debtcollections.jpg','public://field/image/debtcollections.jpg','image/jpeg',82647,1,1306839982,'image'),(26,1,'debt_reduction.jpg','public://field/image/debt_reduction.jpg','image/jpeg',22972,1,1306839982,'image'),(28,1,'Hot-New-Products.jpg','public://field/image/Hot-New-Products.jpg','image/jpeg',16964,1,1306839982,'image'),(29,1,'wkshop.jpg','public://field/image/wkshop.jpg','image/jpeg',61939,1,1306839982,'image'),(35,1,'training.jpg','public://field/image/training.jpg','image/jpeg',13961,1,1306839982,'image'),(39,1,'professional.jpg','public://field/image/professional.jpg','image/jpeg',29806,1,1306839982,'image'),(41,1,'kitsyourself.jpg','public://field/image/kitsyourself.jpg','image/jpeg',155531,1,1306839982,'image'),(42,1,'homerescue.jpg','public://field/image/homerescue_0.jpg','image/jpeg',60341,1,1306839982,'image'),(43,1,'FreeCreditReport.png','public://field/image/FreeCreditReport.png','image/png',31167,1,1306839982,'image'),(45,1,'Credit+cards.jpg','public://field/image/Credit+cards.jpg','image/jpeg',17128,1,1306839982,'image'),(46,1,'Testimonials.jpg','public://field/image/Testimonials.jpg','image/jpeg',15549,1,1306839982,'image'),(50,1,'extra.jpg','public://field/image/extra.jpg','image/jpeg',103994,1,1306839982,'image'),(51,1,'otherservices.jpg','public://field/image/otherservices.jpg','image/jpeg',24655,1,1306839982,'image'),(59,1,'Scales.png','public://field/image/Scales.png','image/png',84775,1,1306839982,'image'),(61,1,'paralegalimage.jpg','public://field/image/paralegalimage.jpg','image/jpeg',4688,1,1306839982,'image'),(62,1,'ForeclosureAbatement.jpg','public://field/image/ForeclosureAbatement.jpg','image/jpeg',17335,1,1306839982,'image'),(64,1,'icon-about-us.jpg','public://field/image/icon-about-us.jpg','image/jpeg',7760,1,1306839982,'image'),(65,1,'benefits-employee.jpg','public://field/image/benefits-employee.jpg','image/jpeg',11405,1,1306839982,'image'),(66,1,'90DayChallenge.jpg','public://field/image/90DayChallenge.jpg','image/jpeg',8987,1,1306839982,'image'),(67,1,'LoanModification.jpg','public://field/image/LoanModification.jpg','image/jpeg',18752,1,1306839982,'image'),(71,1,'financialplanning.jpg','public://field/image/financialplanning.jpg','image/jpeg',15307,1,1306839982,'image'),(72,1,'creditmatter.jpg','public://field/image/creditmatter.jpg','image/jpeg',82557,1,1306839982,'image'),(76,1,'Debt101.jpg','public://field/image/Debt101_0.jpg','image/jpeg',5716,1,1306839982,'image'),(79,1,'specialt.jpg','public://field/image/specialt.jpg','image/jpeg',21031,1,1306839982,'image'),(82,1,'image2.jpg','public://field/image/image2.jpg','image/jpeg',18029,1,1306839982,'image'),(84,1,'credit-finances.jpg','public://field/image/credit-finances.jpg','image/jpeg',38757,1,1306839982,'image'),(87,1,'affiliate.jpg','public://field/image/affiliate.jpg','image/jpeg',80091,1,1306839982,'image'),(88,1,'DebtResolution.jpg','public://field/image/DebtResolution.jpg','image/jpeg',20971,1,1306839982,'image');

--
-- Table structure for table `file_usage`
--

CREATE TABLE `file_usage` (
  `fid` int(10) unsigned NOT NULL COMMENT 'File ID.',
  `module` varchar(255) NOT NULL DEFAULT '' COMMENT 'The name of the module that is using the file.',
  `type` varchar(64) NOT NULL DEFAULT '' COMMENT 'The name of the object type in which the file is used.',
  `id` int(10) unsigned NOT NULL DEFAULT '0' COMMENT 'The primary key of the object using the file.',
  `count` int(10) unsigned NOT NULL DEFAULT '0' COMMENT 'The number of times this file is used by this object.',
  PRIMARY KEY (`fid`,`type`,`id`,`module`),
  KEY `type_id` (`type`,`id`),
  KEY `fid_count` (`fid`,`count`),
  KEY `fid_module` (`fid`,`module`)
) ENGINE=MyISAM DEFAULT CHARSET=utf8 COMMENT='Track where a file is used.';

--
-- Dumping data for table `file_usage`
--

INSERT INTO `file_usage` VALUES (1,'file','node',3,1),(5,'file','node',4,1),(8,'file','node',6,1),(11,'file','node',7,1),(16,'file','node',8,1),(17,'file','node',9,1),(21,'file','node',10,1),(26,'file','node',11,1),(28,'file','node',12,1),(29,'file','node',13,1),(35,'file','node',14,1),(39,'file','node',16,1),(41,'file','node',17,1),(42,'file','node',5,1),(43,'file','node',18,1),(45,'file','node',19,1),(46,'file','node',20,1),(50,'file','node',21,1),(51,'file','node',22,1),(59,'file','node',24,1),(61,'file','node',25,1),(62,'file','node',26,1),(64,'file','node',27,1),(65,'file','node',28,1),(66,'file','node',29,1),(67,'file','node',30,1),(71,'file','node',32,1),(72,'file','node',15,1),(76,'file','node',33,1),(79,'file','node',34,1),(82,'file','node',35,1),(84,'file','node',36,1),(87,'file','node',37,1),(88,'file','node',31,1);

--
-- Table structure for table `filter`
--

CREATE TABLE `filter` (
  `format` varchar(255) NOT NULL COMMENT 'Foreign key: The filter_format.format to which this filter is assigned.',
  `module` varchar(64) NOT NULL DEFAULT '' COMMENT 'The origin module of the filter.',
  `name` varchar(32) NOT NULL DEFAULT '' COMMENT 'Name of the filter being referenced.',
  `weight` int(11) NOT NULL DEFAULT '0' COMMENT 'Weight of filter within format.',
  `status` int(11) NOT NULL DEFAULT '0' COMMENT 'Filter enabled status. (1 = enabled, 0 = disabled)',
  `settings` longblob COMMENT 'A serialized array of name value pairs that store the filter settings for the specific format.',
  PRIMARY KEY (`format`,`name`),
  KEY `list` (`weight`,`module`,`name`)
) ENGINE=MyISAM DEFAULT CHARSET=utf8 COMMENT='Table that maps filters (HTML corrector) to text formats ...';

--
-- Dumping data for table `filter`
--

INSERT INTO `filter` VALUES ('filtered_html','filter','filter_autop',2,1,'a:0:{}'),('filtered_html','filter','filter_html',1,1,'a:3:{s:12:\"allowed_html\";s:74:\"<a> <em> <strong> <cite> <blockquote> <code> <ul> <ol> <li> <dl> <dt> <dd>\";s:16:\"filter_html_help\";i:1;s:20:\"filter_html_nofollow\";i:0;}'),('filtered_html','filter','filter_htmlcorrector',10,1,'a:0:{}'),('filtered_html','filter','filter_html_escape',10,0,'a:0:{}'),('filtered_html','filter','filter_url',0,1,'a:1:{s:17:\"filter_url_length\";i:72;}'),('full_html','filter','filter_autop',1,1,'a:0:{}'),('full_html','filter','filter_html',10,0,'a:3:{s:12:\"allowed_html\";s:74:\"<a> <em> <strong> <cite> <blockquote> <code> <ul> <ol> <li> <dl> <dt> <dd>\";s:16:\"filter_html_help\";i:1;s:20:\"filter_html_nofollow\";i:0;}'),('full_html','filter','filter_htmlcorrector',10,1,'a:0:{}'),('full_html','filter','filter_html_escape',10,0,'a:0:{}'),('full_html','filter','filter_url',0,1,'a:1:{s:17:\"filter_url_length\";i:72;}'),('plain_text','filter','filter_autop',2,1,'a:0:{}'),('plain_text','filter','filter_html',10,0,'a:3:{s:12:\"allowed_html\";s:74:\"<a> <em> <strong> <cite> <blockquote> <code> <ul> <ol> <li> <dl> <dt> <dd>\";s:16:\"filter_html_help\";i:1;s:20:\"filter_html_nofollow\";i:0;}'),('plain_text','filter','filter_htmlcorrector',10,0,'a:0:{}'),('plain_text','filter','filter_html_escape',0,1,'a:0:{}'),('plain_text','filter','filter_url',1,1,'a:1:{s:17:\"filter_url_length\";i:72;}');

--
-- Table structure for table `filter_format`
--

CREATE TABLE `filter_format` (
  `format` varchar(255) NOT NULL COMMENT 'Primary Key: Unique machine name of the format.',
  `name` varchar(255) NOT NULL DEFAULT '' COMMENT 'Name of the text format (Filtered HTML).',
  `cache` tinyint(4) NOT NULL DEFAULT '0' COMMENT 'Flag to indicate whether format is cacheable. (1 = cacheable, 0 = not cacheable)',
  `status` tinyint(3) unsigned NOT NULL DEFAULT '1' COMMENT 'The status of the text format. (1 = enabled, 0 = disabled)',
  `weight` int(11) NOT NULL DEFAULT '0' COMMENT 'Weight of text format to use when listing.',
  PRIMARY KEY (`format`),
  UNIQUE KEY `name` (`name`),
  KEY `status_weight` (`status`,`weight`)
) ENGINE=MyISAM DEFAULT CHARSET=utf8 COMMENT='Stores text formats: custom groupings of filters, such as...';

--
-- Dumping data for table `filter_format`
--

INSERT INTO `filter_format` VALUES ('filtered_html','Filtered HTML',1,1,0),('full_html','Full HTML',1,1,1),('plain_text','Plain text',1,1,10);

--
-- Table structure for table `flood`
--

CREATE TABLE `flood` (
  `fid` int(11) NOT NULL AUTO_INCREMENT COMMENT 'Unique flood event ID.',
  `event` varchar(64) NOT NULL DEFAULT '' COMMENT 'Name of event (e.g. contact).',
  `identifier` varchar(128) NOT NULL DEFAULT '' COMMENT 'Identifier of the visitor, such as an IP address or hostname.',
  `timestamp` int(11) NOT NULL DEFAULT '0' COMMENT 'Timestamp of the event.',
  `expiration` int(11) NOT NULL DEFAULT '0' COMMENT 'Expiration timestamp. Expired events are purged on cron run.',
  PRIMARY KEY (`fid`),
  KEY `allow` (`event`,`identifier`,`timestamp`),
  KEY `purge` (`expiration`)
) ENGINE=MyISAM AUTO_INCREMENT=925 DEFAULT CHARSET=utf8 COMMENT='Flood controls the threshold of events, such as the...';

--
-- Dumping data for table `flood`
--

INSERT INTO `flood` VALUES (919,'failed_login_attempt_ip','113.212.69.10',1369648166,1369651766),(924,'failed_login_attempt_ip','113.212.69.10',1369654312,1369657912),(923,'failed_login_attempt_ip','5.34.241.72',1369652863,1369656463),(922,'failed_login_attempt_ip','23.19.163.196',1369651295,1369654895),(921,'failed_login_attempt_ip','113.212.69.10',1369651123,1369654723),(920,'failed_login_attempt_ip','113.212.69.10',1369649579,1369653179);

--
-- Table structure for table `history`
--

CREATE TABLE `history` (
  `uid` int(11) NOT NULL DEFAULT '0' COMMENT 'The users.uid that read the node nid.',
  `nid` int(11) NOT NULL DEFAULT '0' COMMENT 'The node.nid that was read.',
  `timestamp` int(11) NOT NULL DEFAULT '0' COMMENT 'The Unix timestamp at which the read occurred.',
  PRIMARY KEY (`uid`,`nid`),
  KEY `nid` (`nid`)
) ENGINE=MyISAM DEFAULT CHARSET=utf8 COMMENT='A record of which users have read which nodes.';

--
-- Dumping data for table `history`
--


--
-- Table structure for table `image_effects`
--

CREATE TABLE `image_effects` (
  `ieid` int(10) unsigned NOT NULL AUTO_INCREMENT COMMENT 'The primary identifier for an image effect.',
  `isid` int(10) unsigned NOT NULL DEFAULT '0' COMMENT 'The image_styles.isid for an image style.',
  `weight` int(11) NOT NULL DEFAULT '0' COMMENT 'The weight of the effect in the style.',
  `name` varchar(255) NOT NULL COMMENT 'The unique name of the effect to be executed.',
  `data` longblob NOT NULL COMMENT 'The configuration data for the effect.',
  PRIMARY KEY (`ieid`),
  KEY `isid` (`isid`),
  KEY `weight` (`weight`)
) ENGINE=MyISAM DEFAULT CHARSET=utf8 COMMENT='Stores configuration options for image effects.';

--
-- Dumping data for table `image_effects`
--


--
-- Table structure for table `image_styles`
--

CREATE TABLE `image_styles` (
  `isid` int(10) unsigned NOT NULL AUTO_INCREMENT COMMENT 'The primary identifier for an image style.',
  `name` varchar(255) NOT NULL COMMENT 'The style name.',
  PRIMARY KEY (`isid`),
  UNIQUE KEY `name` (`name`)
) ENGINE=MyISAM DEFAULT CHARSET=utf8 COMMENT='Stores configuration options for image styles.';

--
-- Dumping data for table `image_styles`
--


--
-- Table structure for table `media_filter_usage`
--

CREATE TABLE `media_filter_usage` (
  `fid` int(10) unsigned NOT NULL DEFAULT '0' COMMENT 'The media file_managed.fid.',
  `timestamp` int(11) NOT NULL DEFAULT '0' COMMENT 'The timestamp the fid was last recorded by media_filter()',
  PRIMARY KEY (`fid`),
  KEY `timestamp` (`timestamp`)
) ENGINE=MyISAM DEFAULT CHARSET=utf8 COMMENT='Stores fids that have been included in the media tag in...';

--
-- Dumping data for table `media_filter_usage`
--


--
-- Table structure for table `media_list_type`
--

CREATE TABLE `media_list_type` (
  `uid` int(10) unsigned NOT NULL DEFAULT '0' COMMENT 'The user.uid of the user.',
  `type` varchar(32) NOT NULL DEFAULT '' COMMENT 'The type of display (table or images).',
  PRIMARY KEY (`uid`)
) ENGINE=MyISAM DEFAULT CHARSET=utf8 COMMENT='Stores the user preference for whether to list as table...';

--
-- Dumping data for table `media_list_type`
--

INSERT INTO `media_list_type` VALUES (1,'thumbnails');

--
-- Table structure for table `media_type`
--

CREATE TABLE `media_type` (
  `name` varchar(255) NOT NULL DEFAULT '' COMMENT 'The machine name of the media type.',
  `label` varchar(255) NOT NULL DEFAULT '' COMMENT 'The label of the media type.',
  `base` tinyint(4) NOT NULL DEFAULT '0' COMMENT 'If this is a base type (i.e. cannot be deleted)',
  `weight` int(11) NOT NULL DEFAULT '0' COMMENT 'Weight of media type. Determines which one wins when claiming a piece of media (first wins)',
  `type_callback` varchar(255) DEFAULT '' COMMENT 'Callback to determine if provided media is of this type.',
  `type_callback_args` longtext COMMENT 'A serialized array of name value pairs that will be passed to the callback function',
  PRIMARY KEY (`name`)
) ENGINE=MyISAM DEFAULT CHARSET=utf8 COMMENT='Stores the settings for media types.';

--
-- Dumping data for table `media_type`
--

INSERT INTO `media_type` VALUES ('audio','Audio',1,0,'media_is_type','a:4:{s:10:\"match_type\";s:3:\"all\";s:9:\"mimetypes\";a:1:{i:0;s:8:\"/^audio/\";}s:10:\"extensions\";a:3:{i:0;s:3:\"mp3\";i:1;s:3:\"ogg\";i:2;s:3:\"wma\";}s:7:\"streams\";a:2:{i:0;s:6:\"public\";i:1;s:7:\"private\";}}'),('default','Other',1,1000,'media_is_type','a:2:{s:10:\"match_type\";s:3:\"any\";s:9:\"mimetypes\";a:1:{i:0;s:4:\"/.*/\";}}'),('image','Image',1,0,'media_is_type','a:4:{s:10:\"match_type\";s:3:\"all\";s:9:\"mimetypes\";a:1:{i:0;s:8:\"/^image/\";}s:10:\"extensions\";a:5:{i:0;s:3:\"jpg\";i:1;s:4:\"jpeg\";i:2;s:3:\"gif\";i:3;s:3:\"png\";i:4;s:4:\"tiff\";}s:7:\"streams\";a:2:{i:0;s:6:\"public\";i:1;s:7:\"private\";}}'),('video','Video',1,0,'media_is_type','a:4:{s:10:\"match_type\";s:3:\"all\";s:9:\"mimetypes\";a:1:{i:0;s:8:\"/^video/\";}s:10:\"extensions\";a:3:{i:0;s:3:\"mov\";i:1;s:3:\"mp4\";i:2;s:3:\"avi\";}s:7:\"streams\";a:2:{i:0;s:6:\"public\";i:1;s:7:\"private\";}}');

--
-- Table structure for table `menu_custom`
--

CREATE TABLE `menu_custom` (
  `menu_name` varchar(32) NOT NULL DEFAULT '' COMMENT 'Primary Key: Unique key for menu. This is used as a block delta so length is 32.',
  `title` varchar(255) NOT NULL DEFAULT '' COMMENT 'Menu title; displayed at top of block.',
  `description` text COMMENT 'Menu description.',
  PRIMARY KEY (`menu_name`)
) ENGINE=MyISAM DEFAULT CHARSET=utf8 COMMENT='Holds definitions for top-level custom menus (for example...';

--
-- Dumping data for table `menu_custom`
--

INSERT INTO `menu_custom` VALUES ('features','Features','Menu items for any enabled features.'),('main-menu','Main menu','The <em>Main</em> menu is used on many sites to show the major sections of the site, often in a top navigation bar.'),('management','Management','The <em>Management</em> menu contains links for administrative tasks.'),('menu-cash-for-any-purpose','Cash For Any Purpose','Cash For Any Purpose'),('menu-earn-extra-money','Earn Extra Money','Earn Extra Money'),('menu-education','Education','Education'),('menu-financing-and-investing','Financing and Investing','Financing and Investing'),('menu-footer-menu',' Services',''),('menu-loans-debt-and-credit','Loans, Debt and Credit','Loans, Debt and Credit'),('menu-product-and-services','Product and Services',''),('menu-testimonials-and-results','Testimonials and Results','Testimonials and Results'),('navigation','Navigation','The <em>Navigation</em> menu contains links intended for site visitors. Links are added to the <em>Navigation</em> menu automatically by some modules.'),('user-menu','User menu','The <em>User</em> menu contains links related to the user\'s account, as well as the \'Log out\' link.');

--
-- Table structure for table `menu_links`
--

CREATE TABLE `menu_links` (
  `menu_name` varchar(32) NOT NULL DEFAULT '' COMMENT 'The menu name. All links with the same menu name (such as ’navigation’) are part of the same menu.',
  `mlid` int(10) unsigned NOT NULL AUTO_INCREMENT COMMENT 'The menu link ID (mlid) is the integer primary key.',
  `plid` int(10) unsigned NOT NULL DEFAULT '0' COMMENT 'The parent link ID (plid) is the mlid of the link above in the hierarchy, or zero if the link is at the top level in its menu.',
  `link_path` varchar(255) NOT NULL DEFAULT '' COMMENT 'The Drupal path or external path this link points to.',
  `router_path` varchar(255) NOT NULL DEFAULT '' COMMENT 'For links corresponding to a Drupal path (external = 0), this connects the link to a menu_router.path for joins.',
  `link_title` varchar(255) NOT NULL DEFAULT '' COMMENT 'The text displayed for the link, which may be modified by a title callback stored in menu_router.',
  `options` blob COMMENT 'A serialized array of options to be passed to the url() or l() function, such as a query string or HTML attributes.',
  `module` varchar(255) NOT NULL DEFAULT 'system' COMMENT 'The name of the module that generated this link.',
  `hidden` smallint(6) NOT NULL DEFAULT '0' COMMENT 'A flag for whether the link should be rendered in menus. (1 = a disabled menu item that may be shown on admin screens, -1 = a menu callback, 0 = a normal, visible link)',
  `external` smallint(6) NOT NULL DEFAULT '0' COMMENT 'A flag to indicate if the link points to a full URL starting with a protocol, like http:// (1 = external, 0 = internal).',
  `has_children` smallint(6) NOT NULL DEFAULT '0' COMMENT 'Flag indicating whether any links have this link as a parent (1 = children exist, 0 = no children).',
  `expanded` smallint(6) NOT NULL DEFAULT '0' COMMENT 'Flag for whether this link should be rendered as expanded in menus - expanded links always have their child links displayed, instead of only when the link is in the active trail (1 = expanded, 0 = not expanded)',
  `weight` int(11) NOT NULL DEFAULT '0' COMMENT 'Link weight among links in the same menu at the same depth.',
  `depth` smallint(6) NOT NULL DEFAULT '0' COMMENT 'The depth relative to the top level. A link with plid == 0 will have depth == 1.',
  `customized` smallint(6) NOT NULL DEFAULT '0' COMMENT 'A flag to indicate that the user has manually created or edited the link (1 = customized, 0 = not customized).',
  `p1` int(10) unsigned NOT NULL DEFAULT '0' COMMENT 'The first mlid in the materialized path. If N = depth, then pN must equal the mlid. If depth > 1 then p(N-1) must equal the plid. All pX where X > depth must equal zero. The columns p1 .. p9 are also called the parents.',
  `p2` int(10) unsigned NOT NULL DEFAULT '0' COMMENT 'The second mlid in the materialized path. See p1.',
  `p3` int(10) unsigned NOT NULL DEFAULT '0' COMMENT 'The third mlid in the materialized path. See p1.',
  `p4` int(10) unsigned NOT NULL DEFAULT '0' COMMENT 'The fourth mlid in the materialized path. See p1.',
  `p5` int(10) unsigned NOT NULL DEFAULT '0' COMMENT 'The fifth mlid in the materialized path. See p1.',
  `p6` int(10) unsigned NOT NULL DEFAULT '0' COMMENT 'The sixth mlid in the materialized path. See p1.',
  `p7` int(10) unsigned NOT NULL DEFAULT '0' COMMENT 'The seventh mlid in the materialized path. See p1.',
  `p8` int(10) unsigned NOT NULL DEFAULT '0' COMMENT 'The eighth mlid in the materialized path. See p1.',
  `p9` int(10) unsigned NOT NULL DEFAULT '0' COMMENT 'The ninth mlid in the materialized path. See p1.',
  `updated` smallint(6) NOT NULL DEFAULT '0' COMMENT 'Flag that indicates that this link was generated during the update from Drupal 5.',
  PRIMARY KEY (`mlid`),
  KEY `path_menu` (`link_path`(128),`menu_name`),
  KEY `menu_plid_expand_child` (`menu_name`,`plid`,`expanded`,`has_children`),
  KEY `menu_parents` (`menu_name`,`p1`,`p2`,`p3`,`p4`,`p5`,`p6`,`p7`,`p8`,`p9`),
  KEY `router_path` (`router_path`(128))
) ENGINE=MyISAM AUTO_INCREMENT=892 DEFAULT CHARSET=utf8 COMMENT='Contains the individual links within a menu.';

--
-- Dumping data for table `menu_links`
--



--
-- Table structure for table `menu_router`
--

CREATE TABLE `menu_router` (
  `path` varchar(255) NOT NULL DEFAULT '' COMMENT 'Primary Key: the Drupal path this entry describes',
  `load_functions` blob NOT NULL COMMENT 'A serialized array of function names (like node_load) to be called to load an object corresponding to a part of the current path.',
  `to_arg_functions` blob NOT NULL COMMENT 'A serialized array of function names (like user_uid_optional_to_arg) to be called to replace a part of the router path with another string.',
  `access_callback` varchar(255) NOT NULL DEFAULT '' COMMENT 'The callback which determines the access to this router path. Defaults to user_access.',
  `access_arguments` blob COMMENT 'A serialized array of arguments for the access callback.',
  `page_callback` varchar(255) NOT NULL DEFAULT '' COMMENT 'The name of the function that renders the page.',
  `page_arguments` blob COMMENT 'A serialized array of arguments for the page callback.',
  `delivery_callback` varchar(255) NOT NULL DEFAULT '' COMMENT 'The name of the function that sends the result of the page_callback function to the browser.',
  `fit` int(11) NOT NULL DEFAULT '0' COMMENT 'A numeric representation of how specific the path is.',
  `number_parts` smallint(6) NOT NULL DEFAULT '0' COMMENT 'Number of parts in this router path.',
  `context` int(11) NOT NULL DEFAULT '0' COMMENT 'Only for local tasks (tabs) - the context of a local task to control its placement.',
  `tab_parent` varchar(255) NOT NULL DEFAULT '' COMMENT 'Only for local tasks (tabs) - the router path of the parent page (which may also be a local task).',
  `tab_root` varchar(255) NOT NULL DEFAULT '' COMMENT 'Router path of the closest non-tab parent page. For pages that are not local tasks, this will be the same as the path.',
  `title` varchar(255) NOT NULL DEFAULT '' COMMENT 'The title for the current page, or the title for the tab if this is a local task.',
  `title_callback` varchar(255) NOT NULL DEFAULT '' COMMENT 'A function which will alter the title. Defaults to t()',
  `title_arguments` varchar(255) NOT NULL DEFAULT '' COMMENT 'A serialized array of arguments for the title callback. If empty, the title will be used as the sole argument for the title callback.',
  `theme_callback` varchar(255) NOT NULL DEFAULT '' COMMENT 'A function which returns the name of the theme that will be used to render this page. If left empty, the default theme will be used.',
  `theme_arguments` varchar(255) NOT NULL DEFAULT '' COMMENT 'A serialized array of arguments for the theme callback.',
  `type` int(11) NOT NULL DEFAULT '0' COMMENT 'Numeric representation of the type of the menu item, like MENU_LOCAL_TASK.',
  `description` text NOT NULL COMMENT 'A description of this item.',
  `position` varchar(255) NOT NULL DEFAULT '' COMMENT 'The position of the block (left or right) on the system administration page for this item.',
  `weight` int(11) NOT NULL DEFAULT '0' COMMENT 'Weight of the element. Lighter weights are higher up, heavier weights go down.',
  `include_file` mediumtext COMMENT 'The file to include for this element, usually the page callback function lives in this file.',
  PRIMARY KEY (`path`),
  KEY `fit` (`fit`),
  KEY `tab_parent` (`tab_parent`(64),`weight`,`title`),
  KEY `tab_root_weight_title` (`tab_root`(64),`weight`,`title`)
) ENGINE=MyISAM DEFAULT CHARSET=utf8 COMMENT='Maps paths to various callbacks (access, page and title)';

--
-- Dumping data for table `menu_router`
--



--
-- Table structure for table `node`
--

CREATE TABLE `node` (
  `nid` int(10) unsigned NOT NULL AUTO_INCREMENT COMMENT 'The primary identifier for a node.',
  `vid` int(10) unsigned NOT NULL DEFAULT '0' COMMENT 'The current node_revision.vid version identifier.',
  `type` varchar(32) NOT NULL DEFAULT '' COMMENT 'The node_type.type of this node.',
  `language` varchar(12) NOT NULL DEFAULT '' COMMENT 'The languages.language of this node.',
  `title` varchar(255) NOT NULL DEFAULT '' COMMENT 'The title of this node, always treated as non-markup plain text.',
  `uid` int(11) NOT NULL DEFAULT '0' COMMENT 'The users.uid that owns this node; initially, this is the user that created it.',
  `status` int(11) NOT NULL DEFAULT '1' COMMENT 'Boolean indicating whether the node is published (visible to non-administrators).',
  `created` int(11) NOT NULL DEFAULT '0' COMMENT 'The Unix timestamp when the node was created.',
  `changed` int(11) NOT NULL DEFAULT '0' COMMENT 'The Unix timestamp when the node was most recently saved.',
  `comment` int(11) NOT NULL DEFAULT '0' COMMENT 'Whether comments are allowed on this node: 0 = no, 1 = closed (read only), 2 = open (read/write).',
  `promote` int(11) NOT NULL DEFAULT '0' COMMENT 'Boolean indicating whether the node should be displayed on the front page.',
  `sticky` int(11) NOT NULL DEFAULT '0' COMMENT 'Boolean indicating whether the node should be displayed at the top of lists in which it appears.',
  `tnid` int(10) unsigned NOT NULL DEFAULT '0' COMMENT 'The translation set id for this node, which equals the node id of the source post in each set.',
  `translate` int(11) NOT NULL DEFAULT '0' COMMENT 'A boolean indicating whether this translation page needs to be updated.',
  PRIMARY KEY (`nid`),
  UNIQUE KEY `vid` (`vid`),
  KEY `node_changed` (`changed`),
  KEY `node_created` (`created`),
  KEY `node_frontpage` (`promote`,`status`,`sticky`,`created`),
  KEY `node_status_type` (`status`,`type`,`nid`),
  KEY `node_title_type` (`title`,`type`(4)),
  KEY `node_type` (`type`(4)),
  KEY `uid` (`uid`),
  KEY `tnid` (`tnid`),
  KEY `translate` (`translate`)
) ENGINE=MyISAM AUTO_INCREMENT=38 DEFAULT CHARSET=utf8 COMMENT='The base table for nodes.';

--
-- Dumping data for table `node`
--

INSERT INTO `node` VALUES (1,1,'page','und','Grayson Financial Services Website Under Construction',1,1,1306216674,1306839737,1,1,0,0,0),(2,2,'page','und','GRAYSON FINANCIAL CREDIT PRODUCTS  ',1,1,1306540602,1306715221,1,0,0,0,0),(3,3,'article','und','EXTREME CREDIT BOOK SERIES',1,1,1306544057,1306544092,1,0,0,0,0),(4,4,'article','und','Credit Products That Will Enhance Your Life',1,1,1306545037,1306705207,1,0,0,0,0),(5,5,'article','und','Home Retention, Mortgages and Foreclosure',1,1,1306555166,1306706891,1,0,0,0,0),(6,6,'article','und','CREDIT, DEBT AND FINANCIAL NEWS – coming soon!',1,1,1306560742,1306560906,1,0,0,0,0),(7,7,'article','und','Walk Away Program',1,1,1306562990,1306715568,1,0,0,0,0),(8,8,'article','und','JUDGMENT/GARNISHMENT AND BANK LIEN REVERSAL',1,1,1306564122,1306566030,1,0,0,0,0),(9,9,'article','und','LOANS',1,1,1306567179,1306567357,1,0,0,0,0),(10,10,'article','und','Debt Relief',1,1,1306567980,1306569936,1,0,0,0,0),(11,11,'article','und','Debt Reduction',1,1,1306570307,1306571341,1,0,0,0,0),(12,12,'article','und','NEW PRODUCTS  - Coming Soon!',1,1,1306572076,1306572224,1,0,0,0,0),(13,13,'article','und','Request Workshop',1,1,1306572438,1306572617,1,0,0,0,0),(14,14,'article','und','PROPRIETARY TRAINING',1,1,1306574348,1306574348,1,0,0,0,0),(15,15,'article','und','Video Classroom',1,1,1306574723,1306739471,1,0,0,0,0),(16,16,'article','und','Professional Services',1,1,1306575595,1306575595,1,0,0,0,0),(17,17,'article','und','Kits',1,1,1306576004,1306577226,1,0,0,0,0),(18,18,'article','und','Order Free Credit Report',1,1,1306577618,1306577986,1,0,0,0,0),(19,19,'article','und','Order Your New Credit Cards',1,1,1306578746,1306578977,1,0,0,0,0),(20,20,'article','und','Testimonials and Results',1,1,1306579264,1306579264,1,0,0,0,0),(21,21,'article','und','Earn Extra Money',1,1,1306580044,1306582004,1,0,0,0,0),(22,22,'article','und','Additional Credit Matters',1,1,1306582919,1306583090,1,0,0,0,0),(24,24,'article','und','Legal Services',1,1,1306718502,1306718895,1,0,0,0,0),(25,25,'article','und','Paralegal Services',1,1,1306726482,1306726862,1,0,0,0,0),(26,26,'article','und','Foreclosure Abatement',1,1,1306728978,1306728978,1,0,0,0,0),(27,27,'article','und','About Us',1,1,1306731958,1306732186,1,0,0,0,0),(28,28,'article','und','Employee Benefits Group',1,1,1306734943,1306734943,1,0,0,0,0),(29,29,'article','und','90 Day Credit Challenge',1,1,1306735713,1306735713,1,0,0,0,0),(30,30,'article','und','Loan Modifications',1,1,1306736128,1306736128,1,0,0,0,0),(31,31,'article','und','Debt Resolution',1,1,1306737648,1306754368,1,0,0,0,0),(32,32,'article','und','Free Financial Plan',1,1,1306738988,1306739133,1,0,0,0,0),(33,33,'article','und','Debt Education',1,1,1306739825,1306740423,1,0,0,0,0),(34,34,'article','und','National Specialty Reports',1,1,1306745032,1306749632,1,0,0,0,0),(35,35,'article','und','Church Financing',1,1,1306751779,1306752259,1,0,0,0,0),(36,36,'article','und','Credit Investor',1,1,1306752516,1306753589,1,0,0,0,0),(37,37,'article','und','Investment Opportunity',1,1,1306753965,1306754227,1,0,0,0,0);

--
-- Table structure for table `node_access`
--

CREATE TABLE `node_access` (
  `nid` int(10) unsigned NOT NULL DEFAULT '0' COMMENT 'The node.nid this record affects.',
  `gid` int(10) unsigned NOT NULL DEFAULT '0' COMMENT 'The grant ID a user must possess in the specified realm to gain this row’s privileges on the node.',
  `realm` varchar(255) NOT NULL DEFAULT '' COMMENT 'The realm in which the user must possess the grant ID. Each node access node can define one or more realms.',
  `grant_view` tinyint(3) unsigned NOT NULL DEFAULT '0' COMMENT 'Boolean indicating whether a user with the realm/grant pair can view this node.',
  `grant_update` tinyint(3) unsigned NOT NULL DEFAULT '0' COMMENT 'Boolean indicating whether a user with the realm/grant pair can edit this node.',
  `grant_delete` tinyint(3) unsigned NOT NULL DEFAULT '0' COMMENT 'Boolean indicating whether a user with the realm/grant pair can delete this node.',
  PRIMARY KEY (`nid`,`gid`,`realm`)
) ENGINE=MyISAM DEFAULT CHARSET=utf8 COMMENT='Identifies which realm/grant pairs a user must possess in...';

--
-- Dumping data for table `node_access`
--

INSERT INTO `node_access` VALUES (0,0,'all',1,0,0);

--
-- Table structure for table `node_comment_statistics`
--

CREATE TABLE `node_comment_statistics` (
  `nid` int(10) unsigned NOT NULL DEFAULT '0' COMMENT 'The node.nid for which the statistics are compiled.',
  `cid` int(11) NOT NULL DEFAULT '0' COMMENT 'The comment.cid of the last comment.',
  `last_comment_timestamp` int(11) NOT NULL DEFAULT '0' COMMENT 'The Unix timestamp of the last comment that was posted within this node, from comment.timestamp.',
  `last_comment_name` varchar(60) DEFAULT NULL COMMENT 'The name of the latest author to post a comment on this node, from comment.name.',
  `last_comment_uid` int(11) NOT NULL DEFAULT '0' COMMENT 'The user ID of the latest author to post a comment on this node, from comment.uid.',
  `comment_count` int(10) unsigned NOT NULL DEFAULT '0' COMMENT 'The total number of comments on this node.',
  PRIMARY KEY (`nid`),
  KEY `node_comment_timestamp` (`last_comment_timestamp`),
  KEY `comment_count` (`comment_count`),
  KEY `last_comment_uid` (`last_comment_uid`)
) ENGINE=MyISAM DEFAULT CHARSET=utf8 COMMENT='Maintains statistics of node and comments posts to show ...';

--
-- Dumping data for table `node_comment_statistics`
--

INSERT INTO `node_comment_statistics` VALUES (1,0,1306216674,NULL,1,0),(2,0,1306540602,NULL,1,0),(3,0,1306543805,NULL,1,0),(4,0,1306545037,NULL,1,0),(5,0,1306555166,NULL,1,0),(6,0,1306560742,NULL,1,0),(7,0,1306562990,NULL,1,0),(8,0,1306564122,NULL,1,0),(9,0,1306567179,NULL,1,0),(10,0,1306567980,NULL,1,0),(11,0,1306570307,NULL,1,0),(12,0,1306572076,NULL,1,0),(13,0,1306572438,NULL,1,0),(14,0,1306574348,NULL,1,0),(15,0,1306574723,NULL,1,0),(16,0,1306575595,NULL,1,0),(17,0,1306576004,NULL,1,0),(18,0,1306577618,NULL,1,0),(19,0,1306578746,NULL,1,0),(20,0,1306579264,NULL,1,0),(21,0,1306580044,NULL,1,0),(22,0,1306582919,NULL,1,0),(24,0,1306718502,NULL,1,0),(25,0,1306726482,NULL,1,0),(26,0,1306728978,NULL,1,0),(27,0,1306731958,NULL,1,0),(28,0,1306734943,NULL,1,0),(29,0,1306735713,NULL,1,0),(30,0,1306736128,NULL,1,0),(31,0,1306737648,NULL,1,0),(32,0,1306738988,NULL,1,0),(33,0,1306739825,NULL,1,0),(34,0,1306745032,NULL,1,0),(35,0,1306751779,NULL,1,0),(36,0,1306752516,NULL,1,0),(37,0,1306753965,NULL,1,0);

--
-- Table structure for table `node_revision`
--

CREATE TABLE `node_revision` (
  `nid` int(10) unsigned NOT NULL DEFAULT '0' COMMENT 'The node this version belongs to.',
  `vid` int(10) unsigned NOT NULL AUTO_INCREMENT COMMENT 'The primary identifier for this version.',
  `uid` int(11) NOT NULL DEFAULT '0' COMMENT 'The users.uid that created this version.',
  `title` varchar(255) NOT NULL DEFAULT '' COMMENT 'The title of this version.',
  `log` longtext NOT NULL COMMENT 'The log entry explaining the changes in this version.',
  `timestamp` int(11) NOT NULL DEFAULT '0' COMMENT 'A Unix timestamp indicating when this version was created.',
  `status` int(11) NOT NULL DEFAULT '1',
  `comment` int(11) NOT NULL DEFAULT '0' COMMENT 'Whether comments are allowed on this node (at the time of this revision): 0 = no, 1 = closed (read only), 2 = open (read/write).',
  `promote` int(11) NOT NULL DEFAULT '0' COMMENT 'Boolean indicating whether the node (at the time of this revision) should be displayed on the front page.',
  `sticky` int(11) NOT NULL DEFAULT '0' COMMENT 'Boolean indicating whether the node (at the time of this revision) should be displayed at the top of lists in which it appears.',
  PRIMARY KEY (`vid`),
  KEY `nid` (`nid`),
  KEY `uid` (`uid`)
) ENGINE=MyISAM AUTO_INCREMENT=38 DEFAULT CHARSET=utf8 COMMENT='Stores information about each saved version of a node.';

--
-- Dumping data for table `node_revision`
--

INSERT INTO `node_revision` VALUES (1,1,1,'Grayson Financial Services Website Under Construction','',1306839737,1,1,1,0),(2,2,1,'GRAYSON FINANCIAL CREDIT PRODUCTS  ','',1306715221,1,1,0,0),(3,3,1,'EXTREME CREDIT BOOK SERIES','',1306544092,1,1,0,0),(4,4,1,'Credit Products That Will Enhance Your Life','',1306705207,1,1,0,0),(5,5,1,'Home Retention, Mortgages and Foreclosure','',1306706891,1,1,0,0),(6,6,1,'CREDIT, DEBT AND FINANCIAL NEWS – coming soon!','',1306560906,1,1,0,0),(7,7,1,'Walk Away Program','',1306715568,1,1,0,0),(8,8,1,'JUDGMENT/GARNISHMENT AND BANK LIEN REVERSAL','',1306566030,1,1,0,0),(9,9,1,'LOANS','',1306567357,1,1,0,0),(10,10,1,'Debt Relief','',1306569936,1,1,0,0),(11,11,1,'Debt Reduction','',1306571341,1,1,0,0),(12,12,1,'NEW PRODUCTS  - Coming Soon!','',1306572224,1,1,0,0),(13,13,1,'Request Workshop','',1306572617,1,1,0,0),(14,14,1,'PROPRIETARY TRAINING','',1306574348,1,1,0,0),(15,15,1,'Video Classroom','',1306739471,1,1,0,0),(16,16,1,'Professional Services','',1306575595,1,1,0,0),(17,17,1,'Kits','',1306577226,1,1,0,0),(18,18,1,'Order Free Credit Report','',1306577986,1,1,0,0),(19,19,1,'Order Your New Credit Cards','',1306578977,1,1,0,0),(20,20,1,'Testimonials and Results','',1306579264,1,1,0,0),(21,21,1,'Earn Extra Money','',1306582004,1,1,0,0),(22,22,1,'Additional Credit Matters','',1306583090,1,1,0,0),(24,24,1,'Legal Services','',1306718895,1,1,0,0),(25,25,1,'Paralegal Services','',1306726862,1,1,0,0),(26,26,1,'Foreclosure Abatement','',1306728978,1,1,0,0),(27,27,1,'About Us','',1306732186,1,1,0,0),(28,28,1,'Employee Benefits Group','',1306734943,1,1,0,0),(29,29,1,'90 Day Credit Challenge','',1306735713,1,1,0,0),(30,30,1,'Loan Modifications','',1306736128,1,1,0,0),(31,31,1,'Debt Resolution','',1306754368,1,1,0,0),(32,32,1,'Free Financial Plan','',1306739133,1,1,0,0),(33,33,1,'Debt Education','',1306740423,1,1,0,0),(34,34,1,'National Specialty Reports','',1306749632,1,1,0,0),(35,35,1,'Church Financing','',1306752259,1,1,0,0),(36,36,1,'Credit Investor','',1306753589,1,1,0,0),(37,37,1,'Investment Opportunity','',1306754227,1,1,0,0);

--
-- Table structure for table `node_type`
--

CREATE TABLE `node_type` (
  `type` varchar(32) NOT NULL COMMENT 'The machine-readable name of this type.',
  `name` varchar(255) NOT NULL DEFAULT '' COMMENT 'The human-readable name of this type.',
  `base` varchar(255) NOT NULL COMMENT 'The base string used to construct callbacks corresponding to this node type.',
  `module` varchar(255) NOT NULL,
  `description` mediumtext NOT NULL COMMENT 'A brief description of this type.',
  `help` mediumtext NOT NULL COMMENT 'Help information shown to the user when creating a node of this type.',
  `has_title` tinyint(3) unsigned NOT NULL COMMENT 'Boolean indicating whether this type uses the node.title field.',
  `title_label` varchar(255) NOT NULL DEFAULT '' COMMENT 'The label displayed for the title field on the edit form.',
  `custom` tinyint(4) NOT NULL DEFAULT '0' COMMENT 'A boolean indicating whether this type is defined by a module (FALSE) or by a user via Add content type (TRUE).',
  `modified` tinyint(4) NOT NULL DEFAULT '0' COMMENT 'A boolean indicating whether this type has been modified by an administrator; currently not used in any way.',
  `locked` tinyint(4) NOT NULL DEFAULT '0' COMMENT 'A boolean indicating whether the administrator can change the machine name of this type.',
  `disabled` tinyint(4) NOT NULL DEFAULT '0' COMMENT 'A boolean indicating whether the node type is disabled.',
  `orig_type` varchar(255) NOT NULL DEFAULT '' COMMENT 'The original machine-readable name of this node type. This may be different from the current type name if the locked field is 0.',
  PRIMARY KEY (`type`)
) ENGINE=MyISAM DEFAULT CHARSET=utf8 COMMENT='Stores information about all defined node types.';

--
-- Dumping data for table `node_type`
--

INSERT INTO `node_type` VALUES ('article','Article','node_content','node','Use <em>articles</em> for time-sensitive content like news, press releases or blog posts.','',1,'Title',1,1,0,0,'article'),('page','Basic page','node_content','node','Use <em>basic pages</em> for your static content, such as an \'About us\' page.','',1,'Title',1,1,0,0,'page'),('panel','Panel','panels_node_hook','panels_node','A panel layout broken up into rows and columns.','',1,'Title',0,0,1,0,'panel');

--
-- Table structure for table `page_manager_handlers`
--

CREATE TABLE `page_manager_handlers` (
  `did` int(11) NOT NULL AUTO_INCREMENT COMMENT 'Primary ID field for the table. Not used for anything except internal lookups.',
  `name` varchar(255) DEFAULT NULL COMMENT 'Unique ID for this task handler. Used to identify it programmatically.',
  `task` varchar(64) DEFAULT NULL COMMENT 'ID of the task this handler is for.',
  `subtask` varchar(64) NOT NULL DEFAULT '' COMMENT 'ID of the subtask this handler is for.',
  `handler` varchar(64) DEFAULT NULL COMMENT 'ID of the task handler being used.',
  `weight` int(11) DEFAULT NULL COMMENT 'The order in which this handler appears. Lower numbers go first.',
  `conf` longtext NOT NULL COMMENT 'Serialized configuration of the handler, if needed.',
  PRIMARY KEY (`did`),
  UNIQUE KEY `name` (`name`),
  KEY `fulltask` (`task`,`subtask`,`weight`)
) ENGINE=MyISAM DEFAULT CHARSET=utf8;

--
-- Dumping data for table `page_manager_handlers`
--


--
-- Table structure for table `page_manager_pages`
--

CREATE TABLE `page_manager_pages` (
  `pid` int(11) NOT NULL AUTO_INCREMENT COMMENT 'Primary ID field for the table. Not used for anything except internal lookups.',
  `name` varchar(255) DEFAULT NULL COMMENT 'Unique ID for this subtask. Used to identify it programmatically.',
  `task` varchar(64) DEFAULT 'page' COMMENT 'What type of page this is, so that we can use the same mechanism for creating tighter UIs for targeted pages.',
  `admin_title` varchar(255) DEFAULT NULL COMMENT 'Human readable title for this page subtask.',
  `admin_description` longtext COMMENT 'Administrative description of this item.',
  `path` varchar(255) DEFAULT NULL COMMENT 'The menu path that will invoke this task.',
  `access` longtext NOT NULL COMMENT 'Access configuration for this path.',
  `menu` longtext NOT NULL COMMENT 'Serialized configuration of Drupal menu visibility settings for this item.',
  `arguments` longtext NOT NULL COMMENT 'Configuration of arguments for this menu item.',
  `conf` longtext NOT NULL COMMENT 'Serialized configuration of the page, if needed.',
  PRIMARY KEY (`pid`),
  UNIQUE KEY `name` (`name`),
  KEY `task` (`task`)
) ENGINE=MyISAM DEFAULT CHARSET=utf8 COMMENT='Contains page subtasks for implementing pages with...';

--
-- Dumping data for table `page_manager_pages`
--


--
-- Table structure for table `page_manager_weights`
--

CREATE TABLE `page_manager_weights` (
  `name` varchar(255) NOT NULL DEFAULT '' COMMENT 'Unique ID for this task handler. Used to identify it programmatically.',
  `weight` int(11) DEFAULT NULL COMMENT 'The order in which this handler appears. Lower numbers go first.',
  PRIMARY KEY (`name`),
  KEY `weights` (`name`,`weight`)
) ENGINE=MyISAM DEFAULT CHARSET=utf8 COMMENT='Contains override weights for page_manager handlers that...';

--
-- Dumping data for table `page_manager_weights`
--


--
-- Table structure for table `panels_display`
--

CREATE TABLE `panels_display` (
  `did` int(11) NOT NULL AUTO_INCREMENT,
  `layout` varchar(32) DEFAULT '',
  `layout_settings` longtext,
  `panel_settings` longtext,
  `cache` text,
  `title` varchar(255) DEFAULT '',
  `hide_title` tinyint(4) DEFAULT '0',
  `title_pane` int(11) DEFAULT '0',
  PRIMARY KEY (`did`)
) ENGINE=MyISAM DEFAULT CHARSET=utf8;

--
-- Dumping data for table `panels_display`
--


--
-- Table structure for table `panels_layout`
--

CREATE TABLE `panels_layout` (
  `lid` int(11) NOT NULL AUTO_INCREMENT COMMENT 'A database primary key to ensure uniqueness.',
  `name` varchar(255) DEFAULT NULL COMMENT 'Unique ID for this content. Used to identify it programmatically.',
  `admin_title` varchar(255) DEFAULT NULL COMMENT 'Administrative title for this layout.',
  `admin_description` longtext COMMENT 'Administrative description for this layout.',
  `category` varchar(255) DEFAULT NULL COMMENT 'Administrative category for this layout.',
  `plugin` varchar(255) DEFAULT NULL COMMENT 'The layout plugin that owns this layout.',
  `settings` longtext COMMENT 'Serialized settings for the actual layout. The contents of this field are up to the plugin that uses it.',
  PRIMARY KEY (`lid`)
) ENGINE=MyISAM DEFAULT CHARSET=utf8 COMMENT='Contains exportable customized layouts for this site.';

--
-- Dumping data for table `panels_layout`
--


--
-- Table structure for table `panels_mini`
--

CREATE TABLE `panels_mini` (
  `pid` int(11) NOT NULL AUTO_INCREMENT COMMENT 'The primary key for uniqueness.',
  `name` varchar(255) DEFAULT NULL COMMENT 'The unique name of the mini panel.',
  `category` varchar(64) DEFAULT NULL COMMENT 'The category this mini panel appears in on the add content pane.',
  `did` int(11) DEFAULT NULL COMMENT 'The display ID of the panel.',
  `admin_title` varchar(128) DEFAULT NULL COMMENT 'The administrative title of the mini panel.',
  `admin_description` longtext COMMENT 'Administrative title of this mini panel.',
  `requiredcontexts` longtext COMMENT 'An array of required contexts.',
  `contexts` longtext COMMENT 'An array of contexts embedded into the panel.',
  `relationships` longtext COMMENT 'An array of relationships embedded into the panel.',
  PRIMARY KEY (`pid`),
  UNIQUE KEY `name` (`name`)
) ENGINE=MyISAM DEFAULT CHARSET=utf8;

--
-- Dumping data for table `panels_mini`
--


--
-- Table structure for table `panels_node`
--

CREATE TABLE `panels_node` (
  `nid` int(11) NOT NULL DEFAULT '0',
  `css_id` varchar(255) DEFAULT NULL,
  `did` int(11) NOT NULL,
  `pipeline` varchar(255) DEFAULT NULL,
  PRIMARY KEY (`did`)
) ENGINE=MyISAM DEFAULT CHARSET=utf8;

--
-- Dumping data for table `panels_node`
--


--
-- Table structure for table `panels_pane`
--

CREATE TABLE `panels_pane` (
  `pid` int(11) NOT NULL AUTO_INCREMENT,
  `did` int(11) NOT NULL DEFAULT '0',
  `panel` varchar(32) DEFAULT '',
  `type` varchar(32) DEFAULT '',
  `subtype` varchar(64) DEFAULT '',
  `shown` tinyint(4) DEFAULT '1',
  `access` longtext,
  `configuration` longtext,
  `cache` longtext,
  `style` longtext,
  `css` longtext,
  `extras` longtext,
  `position` smallint(6) DEFAULT '0',
  PRIMARY KEY (`pid`),
  KEY `did_idx` (`did`)
) ENGINE=MyISAM DEFAULT CHARSET=utf8;

--
-- Dumping data for table `panels_pane`
--


--
-- Table structure for table `panels_renderer_pipeline`
--

CREATE TABLE `panels_renderer_pipeline` (
  `rpid` int(11) NOT NULL AUTO_INCREMENT COMMENT 'A database primary key to ensure uniqueness.',
  `name` varchar(255) DEFAULT NULL COMMENT 'Unique ID for this content. Used to identify it programmatically.',
  `admin_title` varchar(255) DEFAULT NULL COMMENT 'Administrative title for this pipeline.',
  `admin_description` longtext COMMENT 'Administrative description for this pipeline.',
  `weight` smallint(6) DEFAULT '0',
  `settings` longtext COMMENT 'Serialized settings for the actual pipeline. The contents of this field are up to the plugin that uses it.',
  PRIMARY KEY (`rpid`)
) ENGINE=MyISAM DEFAULT CHARSET=utf8 COMMENT='Contains renderer pipelines for Panels. Each pipeline...';

--
-- Dumping data for table `panels_renderer_pipeline`
--


--
-- Table structure for table `profile_field`
--

CREATE TABLE `profile_field` (
  `fid` int(11) NOT NULL AUTO_INCREMENT COMMENT 'Primary Key: Unique profile field ID.',
  `title` varchar(255) DEFAULT NULL COMMENT 'Title of the field shown to the end user.',
  `name` varchar(128) NOT NULL DEFAULT '' COMMENT 'Internal name of the field used in the form HTML and URLs.',
  `explanation` text COMMENT 'Explanation of the field to end users.',
  `category` varchar(255) DEFAULT NULL COMMENT 'Profile category that the field will be grouped under.',
  `page` varchar(255) DEFAULT NULL COMMENT 'Title of page used for browsing by the field’s value',
  `type` varchar(128) DEFAULT NULL COMMENT 'Type of form field.',
  `weight` int(11) NOT NULL DEFAULT '0' COMMENT 'Weight of field in relation to other profile fields.',
  `required` tinyint(4) NOT NULL DEFAULT '0' COMMENT 'Whether the user is required to enter a value. (0 = no, 1 = yes)',
  `register` tinyint(4) NOT NULL DEFAULT '0' COMMENT 'Whether the field is visible in the user registration form. (1 = yes, 0 = no)',
  `visibility` tinyint(4) NOT NULL DEFAULT '0' COMMENT 'The level of visibility for the field. (0 = hidden, 1 = private, 2 = public on profile but not member list pages, 3 = public on profile and list pages)',
  `autocomplete` tinyint(4) NOT NULL DEFAULT '0' COMMENT 'Whether form auto-completion is enabled. (0 = disabled, 1 = enabled)',
  `options` text COMMENT 'List of options to be used in a list selection field.',
  PRIMARY KEY (`fid`),
  UNIQUE KEY `name` (`name`),
  KEY `category` (`category`)
) ENGINE=MyISAM DEFAULT CHARSET=utf8 COMMENT='Stores profile field information.';

--
-- Dumping data for table `profile_field`
--


--
-- Table structure for table `profile_value`
--

CREATE TABLE `profile_value` (
  `fid` int(10) unsigned NOT NULL DEFAULT '0' COMMENT 'The profile_field.fid of the field.',
  `uid` int(10) unsigned NOT NULL DEFAULT '0' COMMENT 'The users.uid of the profile user.',
  `value` text COMMENT 'The value for the field.',
  PRIMARY KEY (`uid`,`fid`),
  KEY `fid` (`fid`)
) ENGINE=MyISAM DEFAULT CHARSET=utf8 COMMENT='Stores values for profile fields.';

--
-- Dumping data for table `profile_value`
--


--
-- Table structure for table `queue`
--

CREATE TABLE `queue` (
  `item_id` int(10) unsigned NOT NULL AUTO_INCREMENT COMMENT 'Primary Key: Unique item ID.',
  `name` varchar(255) NOT NULL DEFAULT '' COMMENT 'The queue name.',
  `data` longblob COMMENT 'The arbitrary data for the item.',
  `expire` int(11) NOT NULL DEFAULT '0' COMMENT 'Timestamp when the claim lease expires on the item.',
  `created` int(11) NOT NULL DEFAULT '0' COMMENT 'Timestamp when the item was created.',
  PRIMARY KEY (`item_id`),
  KEY `name_created` (`name`,`created`),
  KEY `expire` (`expire`)
) ENGINE=MyISAM AUTO_INCREMENT=564 DEFAULT CHARSET=utf8 COMMENT='Stores items in queues.';

--
-- Dumping data for table `queue`
--

INSERT INTO `queue` VALUES (523,'update_fetch_tasks','a:8:{s:4:\"name\";s:12:\"addressfield\";s:4:\"info\";a:6:{s:4:\"name\";s:13:\"Address Field\";s:7:\"package\";s:6:\"Fields\";s:7:\"version\";s:14:\"7.x-1.0-alpha2\";s:7:\"project\";s:12:\"addressfield\";s:9:\"datestamp\";s:10:\"1303140714\";s:16:\"_info_file_ctime\";i:1306806172;}s:9:\"datestamp\";s:10:\"1303140714\";s:8:\"includes\";a:1:{s:12:\"addressfield\";s:13:\"Address Field\";}s:12:\"project_type\";s:6:\"module\";s:14:\"project_status\";b:1;s:10:\"sub_themes\";a:0:{}s:11:\"base_themes\";a:0:{}}',0,1307170819),(524,'update_fetch_tasks','a:8:{s:4:\"name\";s:13:\"advanced_help\";s:4:\"info\";a:6:{s:4:\"name\";s:13:\"Advanced help\";s:7:\"version\";s:13:\"7.x-1.0-beta1\";s:7:\"project\";s:13:\"advanced_help\";s:9:\"datestamp\";s:10:\"1295293901\";s:7:\"package\";s:5:\"Other\";s:16:\"_info_file_ctime\";i:1306806180;}s:9:\"datestamp\";s:10:\"1295293901\";s:8:\"includes\";a:1:{s:13:\"advanced_help\";s:13:\"Advanced help\";}s:12:\"project_type\";s:6:\"module\";s:14:\"project_status\";b:1;s:10:\"sub_themes\";a:0:{}s:11:\"base_themes\";a:0:{}}',0,1307170819),(525,'update_fetch_tasks','a:8:{s:4:\"name\";s:10:\"affiliates\";s:4:\"info\";a:6:{s:4:\"name\";s:10:\"Affiliates\";s:7:\"version\";s:7:\"7.x-1.0\";s:7:\"project\";s:10:\"affiliates\";s:9:\"datestamp\";s:10:\"1300113367\";s:7:\"package\";s:5:\"Other\";s:16:\"_info_file_ctime\";i:1306805647;}s:9:\"datestamp\";s:10:\"1300113367\";s:8:\"includes\";a:1:{s:10:\"affiliates\";s:10:\"Affiliates\";}s:12:\"project_type\";s:6:\"module\";s:14:\"project_status\";b:1;s:10:\"sub_themes\";a:0:{}s:11:\"base_themes\";a:0:{}}',0,1307170819),(526,'update_fetch_tasks','a:8:{s:4:\"name\";s:6:\"drupal\";s:4:\"info\";a:6:{s:4:\"name\";s:5:\"Block\";s:7:\"package\";s:4:\"Core\";s:7:\"version\";s:3:\"7.2\";s:7:\"project\";s:6:\"drupal\";s:9:\"datestamp\";s:10:\"1306357016\";s:16:\"_info_file_ctime\";i:1306790498;}s:9:\"datestamp\";s:10:\"1306357016\";s:8:\"includes\";a:34:{s:5:\"block\";s:5:\"Block\";s:5:\"color\";s:5:\"Color\";s:7:\"comment\";s:7:\"Comment\";s:7:\"contact\";s:7:\"Contact\";s:10:\"contextual\";s:16:\"Contextual links\";s:9:\"dashboard\";s:9:\"Dashboard\";s:5:\"dblog\";s:16:\"Database logging\";s:5:\"field\";s:5:\"Field\";s:17:\"field_sql_storage\";s:17:\"Field SQL storage\";s:8:\"field_ui\";s:8:\"Field UI\";s:4:\"file\";s:4:\"File\";s:6:\"filter\";s:6:\"Filter\";s:4:\"help\";s:4:\"Help\";s:5:\"image\";s:5:\"Image\";s:4:\"list\";s:4:\"List\";s:4:\"menu\";s:4:\"Menu\";s:4:\"node\";s:4:\"Node\";s:6:\"number\";s:6:\"Number\";s:7:\"options\";s:7:\"Options\";s:7:\"overlay\";s:7:\"Overlay\";s:4:\"path\";s:4:\"Path\";s:7:\"profile\";s:7:\"Profile\";s:3:\"rdf\";s:3:\"RDF\";s:6:\"search\";s:6:\"Search\";s:8:\"shortcut\";s:8:\"Shortcut\";s:6:\"system\";s:6:\"System\";s:8:\"taxonomy\";s:8:\"Taxonomy\";s:4:\"text\";s:4:\"Text\";s:7:\"toolbar\";s:7:\"Toolbar\";s:7:\"trigger\";s:7:\"Trigger\";s:6:\"update\";s:14:\"Update manager\";s:4:\"user\";s:4:\"User\";s:6:\"bartik\";s:6:\"Bartik\";s:5:\"seven\";s:5:\"Seven\";}s:12:\"project_type\";s:4:\"core\";s:14:\"project_status\";b:1;s:10:\"sub_themes\";a:0:{}s:11:\"base_themes\";a:0:{}}',0,1307170819),(527,'update_fetch_tasks','a:8:{s:4:\"name\";s:6:\"ctools\";s:4:\"info\";a:6:{s:4:\"name\";s:11:\"Bulk Export\";s:7:\"package\";s:16:\"Chaos tool suite\";s:7:\"version\";s:13:\"7.x-1.0-beta1\";s:7:\"project\";s:6:\"ctools\";s:9:\"datestamp\";s:10:\"1306885315\";s:16:\"_info_file_ctime\";i:1307032358;}s:9:\"datestamp\";s:10:\"1306885315\";s:8:\"includes\";a:9:{s:11:\"bulk_export\";s:11:\"Bulk Export\";s:6:\"ctools\";s:11:\"Chaos tools\";s:21:\"ctools_access_ruleset\";s:15:\"Custom rulesets\";s:18:\"ctools_ajax_sample\";s:33:\"Chaos Tools (CTools) AJAX Example\";s:21:\"ctools_custom_content\";s:20:\"Custom content panes\";s:21:\"ctools_plugin_example\";s:35:\"Chaos Tools (CTools) Plugin Example\";s:12:\"page_manager\";s:12:\"Page manager\";s:8:\"stylizer\";s:8:\"Stylizer\";s:13:\"views_content\";s:19:\"Views content panes\";}s:12:\"project_type\";s:6:\"module\";s:14:\"project_status\";b:1;s:10:\"sub_themes\";a:0:{}s:11:\"base_themes\";a:0:{}}',0,1307170819),(528,'update_fetch_tasks','a:8:{s:4:\"name\";s:8:\"calendar\";s:4:\"info\";a:6:{s:4:\"name\";s:8:\"Calendar\";s:7:\"package\";s:9:\"Date/Time\";s:7:\"version\";s:14:\"7.x-2.0-alpha1\";s:7:\"project\";s:8:\"calendar\";s:9:\"datestamp\";s:10:\"1303818714\";s:16:\"_info_file_ctime\";i:1306805349;}s:9:\"datestamp\";s:10:\"1303818714\";s:8:\"includes\";a:3:{s:8:\"calendar\";s:8:\"Calendar\";s:13:\"calendar_ical\";s:13:\"Calendar iCal\";s:17:\"calendar_multiday\";s:17:\"Calendar Multiday\";}s:12:\"project_type\";s:6:\"module\";s:14:\"project_status\";b:1;s:10:\"sub_themes\";a:0:{}s:11:\"base_themes\";a:0:{}}',0,1307170819),(529,'update_fetch_tasks','a:8:{s:4:\"name\";s:8:\"commerce\";s:4:\"info\";a:6:{s:4:\"name\";s:8:\"Commerce\";s:7:\"package\";s:8:\"Commerce\";s:7:\"version\";s:13:\"7.x-1.0-beta3\";s:7:\"project\";s:8:\"commerce\";s:9:\"datestamp\";s:10:\"1303540316\";s:16:\"_info_file_ctime\";i:1306806202;}s:9:\"datestamp\";s:10:\"1303540316\";s:8:\"includes\";a:21:{s:8:\"commerce\";s:8:\"Commerce\";s:13:\"commerce_cart\";s:4:\"Cart\";s:17:\"commerce_checkout\";s:8:\"Checkout\";s:17:\"commerce_customer\";s:8:\"Customer\";s:20:\"commerce_customer_ui\";s:11:\"Customer UI\";s:18:\"commerce_line_item\";s:9:\"Line Item\";s:21:\"commerce_line_item_ui\";s:12:\"Line Item UI\";s:14:\"commerce_order\";s:5:\"Order\";s:17:\"commerce_order_ui\";s:8:\"Order UI\";s:16:\"commerce_payment\";s:7:\"Payment\";s:24:\"commerce_payment_example\";s:22:\"Payment Method Example\";s:19:\"commerce_payment_ui\";s:10:\"Payment UI\";s:14:\"commerce_price\";s:5:\"Price\";s:16:\"commerce_product\";s:7:\"Product\";s:24:\"commerce_product_pricing\";s:15:\"Product Pricing\";s:27:\"commerce_product_pricing_ui\";s:18:\"Product Pricing UI\";s:26:\"commerce_product_reference\";s:17:\"Product Reference\";s:19:\"commerce_product_ui\";s:10:\"Product UI\";s:12:\"commerce_tax\";s:3:\"Tax\";s:15:\"commerce_tax_ui\";s:6:\"Tax UI\";s:11:\"commerce_ui\";s:11:\"Commerce UI\";}s:12:\"project_type\";s:6:\"module\";s:14:\"project_status\";b:1;s:10:\"sub_themes\";a:0:{}s:11:\"base_themes\";a:0:{}}',0,1307170819),(530,'update_fetch_tasks','a:8:{s:4:\"name\";s:23:\"commerce_checkout_login\";s:4:\"info\";a:6:{s:4:\"name\";s:14:\"Checkout Login\";s:7:\"package\";s:18:\"Commerce (contrib)\";s:7:\"version\";s:11:\"7.x-1.x-dev\";s:7:\"project\";s:23:\"commerce_checkout_login\";s:9:\"datestamp\";s:10:\"1298619006\";s:16:\"_info_file_ctime\";i:1306806221;}s:9:\"datestamp\";s:10:\"1298619006\";s:8:\"includes\";a:1:{s:23:\"commerce_checkout_login\";s:14:\"Checkout Login\";}s:12:\"project_type\";s:6:\"module\";s:14:\"project_status\";b:1;s:10:\"sub_themes\";a:0:{}s:11:\"base_themes\";a:0:{}}',0,1307170819),(531,'update_fetch_tasks','a:8:{s:4:\"name\";s:15:\"commerce_coupon\";s:4:\"info\";a:6:{s:4:\"name\";s:15:\"Commerce Coupon\";s:7:\"package\";s:15:\"Commerce Coupon\";s:7:\"version\";s:13:\"7.x-1.0-beta2\";s:7:\"project\";s:15:\"commerce_coupon\";s:9:\"datestamp\";s:10:\"1304752315\";s:16:\"_info_file_ctime\";i:1306806236;}s:9:\"datestamp\";s:10:\"1304752315\";s:8:\"includes\";a:4:{s:15:\"commerce_coupon\";s:15:\"Commerce Coupon\";s:21:\"commerce_coupon_basic\";s:12:\"Basic Coupon\";s:21:\"commerce_coupon_batch\";s:12:\"Coupon Batch\";s:18:\"commerce_coupon_ui\";s:18:\"Commerce Coupon UI\";}s:12:\"project_type\";s:6:\"module\";s:14:\"project_status\";b:1;s:10:\"sub_themes\";a:0:{}s:11:\"base_themes\";a:0:{}}',0,1307170819),(532,'update_fetch_tasks','a:8:{s:4:\"name\";s:20:\"commerce_extra_panes\";s:4:\"info\";a:6:{s:4:\"name\";s:27:\"Drupal Commerce Extra Panes\";s:7:\"package\";s:23:\"Drupal Commerce - Other\";s:7:\"version\";s:11:\"7.x-1.x-dev\";s:7:\"project\";s:20:\"commerce_extra_panes\";s:9:\"datestamp\";s:10:\"1298619006\";s:16:\"_info_file_ctime\";i:1306806249;}s:9:\"datestamp\";s:10:\"1298619006\";s:8:\"includes\";a:2:{s:20:\"commerce_extra_panes\";s:27:\"Drupal Commerce Extra Panes\";s:35:\"commerce_extra_panes_termsofservice\";s:46:\"Drupal Commerce Extra Panes - Terms of service\";}s:12:\"project_type\";s:6:\"module\";s:14:\"project_status\";b:1;s:10:\"sub_themes\";a:0:{}s:11:\"base_themes\";a:0:{}}',0,1307170819),(533,'update_fetch_tasks','a:8:{s:4:\"name\";s:17:\"commerce_features\";s:4:\"info\";a:6:{s:4:\"name\";s:17:\"Commerce Features\";s:7:\"package\";s:8:\"Features\";s:7:\"version\";s:11:\"7.x-1.x-dev\";s:7:\"project\";s:17:\"commerce_features\";s:9:\"datestamp\";s:10:\"1301486616\";s:16:\"_info_file_ctime\";i:1306806259;}s:9:\"datestamp\";s:10:\"1301486616\";s:8:\"includes\";a:1:{s:17:\"commerce_features\";s:17:\"Commerce Features\";}s:12:\"project_type\";s:6:\"module\";s:14:\"project_status\";b:1;s:10:\"sub_themes\";a:0:{}s:11:\"base_themes\";a:0:{}}',0,1307170819),(534,'update_fetch_tasks','a:8:{s:4:\"name\";s:25:\"commerce_fieldgroup_panes\";s:4:\"info\";a:6:{s:4:\"name\";s:22:\"Order Fieldgroup Panes\";s:7:\"package\";s:8:\"Commerce\";s:7:\"version\";s:11:\"7.x-1.0-rc1\";s:7:\"project\";s:25:\"commerce_fieldgroup_panes\";s:9:\"datestamp\";s:10:\"1303548415\";s:16:\"_info_file_ctime\";i:1306806272;}s:9:\"datestamp\";s:10:\"1303548415\";s:8:\"includes\";a:1:{s:25:\"commerce_fieldgroup_panes\";s:22:\"Order Fieldgroup Panes\";}s:12:\"project_type\";s:6:\"module\";s:14:\"project_status\";b:1;s:10:\"sub_themes\";a:0:{}s:11:\"base_themes\";a:0:{}}',0,1307170819),(535,'update_fetch_tasks','a:8:{s:4:\"name\";s:15:\"commerce_paypal\";s:4:\"info\";a:6:{s:4:\"name\";s:6:\"PayPal\";s:7:\"package\";s:17:\"Commerce (PayPal)\";s:7:\"version\";s:11:\"7.x-1.x-dev\";s:7:\"project\";s:15:\"commerce_paypal\";s:9:\"datestamp\";s:10:\"1303560287\";s:16:\"_info_file_ctime\";i:1306806297;}s:9:\"datestamp\";s:10:\"1303560287\";s:8:\"includes\";a:2:{s:15:\"commerce_paypal\";s:6:\"PayPal\";s:19:\"commerce_paypal_wps\";s:10:\"PayPal WPS\";}s:12:\"project_type\";s:6:\"module\";s:14:\"project_status\";b:1;s:10:\"sub_themes\";a:0:{}s:11:\"base_themes\";a:0:{}}',0,1307170819),(536,'update_fetch_tasks','a:8:{s:4:\"name\";s:20:\"commerce_pdf_invoice\";s:4:\"info\";a:6:{s:4:\"name\";s:11:\"PDF Invoice\";s:7:\"package\";s:8:\"Commerce\";s:7:\"version\";s:11:\"7.x-1.x-dev\";s:7:\"project\";s:20:\"commerce_pdf_invoice\";s:9:\"datestamp\";s:10:\"1304640295\";s:16:\"_info_file_ctime\";i:1306806313;}s:9:\"datestamp\";s:10:\"1304640295\";s:8:\"includes\";a:1:{s:20:\"commerce_pdf_invoice\";s:11:\"PDF Invoice\";}s:12:\"project_type\";s:6:\"module\";s:14:\"project_status\";b:1;s:10:\"sub_themes\";a:0:{}s:11:\"base_themes\";a:0:{}}',0,1307170819),(537,'update_fetch_tasks','a:8:{s:4:\"name\";s:20:\"commerce_price_table\";s:4:\"info\";a:6:{s:4:\"name\";s:20:\"Commerce price table\";s:7:\"package\";s:18:\"Commerce (contrib)\";s:7:\"version\";s:11:\"7.x-1.x-dev\";s:7:\"project\";s:20:\"commerce_price_table\";s:9:\"datestamp\";s:10:\"1306930065\";s:16:\"_info_file_ctime\";i:1307039673;}s:9:\"datestamp\";s:10:\"1306930065\";s:8:\"includes\";a:1:{s:20:\"commerce_price_table\";s:20:\"Commerce price table\";}s:12:\"project_type\";s:6:\"module\";s:14:\"project_status\";b:1;s:10:\"sub_themes\";a:0:{}s:11:\"base_themes\";a:0:{}}',0,1307170819),(538,'update_fetch_tasks','a:8:{s:4:\"name\";s:27:\"commerce_product_attributes\";s:4:\"info\";a:6:{s:4:\"name\";s:18:\"Product Attributes\";s:7:\"package\";s:8:\"Commerce\";s:7:\"version\";s:14:\"7.x-1.0-alpha1\";s:7:\"project\";s:27:\"commerce_product_attributes\";s:9:\"datestamp\";s:10:\"1304791015\";s:16:\"_info_file_ctime\";i:1306806339;}s:9:\"datestamp\";s:10:\"1304791015\";s:8:\"includes\";a:1:{s:27:\"commerce_product_attributes\";s:18:\"Product Attributes\";}s:12:\"project_type\";s:6:\"module\";s:14:\"project_status\";b:1;s:10:\"sub_themes\";a:0:{}s:11:\"base_themes\";a:0:{}}',0,1307170819),(539,'update_fetch_tasks','a:8:{s:4:\"name\";s:23:\"commerce_product_bundle\";s:4:\"info\";a:6:{s:4:\"name\";s:14:\"Product Bundle\";s:7:\"package\";s:8:\"Commerce\";s:7:\"version\";s:14:\"7.x-1.0-alpha2\";s:7:\"project\";s:23:\"commerce_product_bundle\";s:9:\"datestamp\";s:10:\"1304844115\";s:16:\"_info_file_ctime\";i:1306806356;}s:9:\"datestamp\";s:10:\"1304844115\";s:8:\"includes\";a:1:{s:23:\"commerce_product_bundle\";s:14:\"Product Bundle\";}s:12:\"project_type\";s:6:\"module\";s:14:\"project_status\";b:1;s:10:\"sub_themes\";a:0:{}s:11:\"base_themes\";a:0:{}}',0,1307170819),(540,'update_fetch_tasks','a:8:{s:4:\"name\";s:17:\"commerce_shipping\";s:4:\"info\";a:6:{s:4:\"name\";s:8:\"Shipping\";s:7:\"package\";s:8:\"Commerce\";s:7:\"version\";s:13:\"7.x-1.0-beta2\";s:7:\"project\";s:17:\"commerce_shipping\";s:9:\"datestamp\";s:10:\"1304181722\";s:16:\"_info_file_ctime\";i:1306806368;}s:9:\"datestamp\";s:10:\"1304181722\";s:8:\"includes\";a:3:{s:17:\"commerce_shipping\";s:8:\"Shipping\";s:25:\"commerce_shipping_example\";s:23:\"Shipping Method Example\";s:20:\"commerce_shipping_ui\";s:11:\"Shipping UI\";}s:12:\"project_type\";s:6:\"module\";s:14:\"project_status\";b:1;s:10:\"sub_themes\";a:0:{}s:11:\"base_themes\";a:0:{}}',0,1307170819),(541,'update_fetch_tasks','a:8:{s:4:\"name\";s:13:\"contact_forms\";s:4:\"info\";a:6:{s:4:\"name\";s:13:\"Contact Forms\";s:7:\"version\";s:7:\"7.x-1.2\";s:7:\"project\";s:13:\"contact_forms\";s:9:\"datestamp\";s:10:\"1296179201\";s:7:\"package\";s:5:\"Other\";s:16:\"_info_file_ctime\";i:1306806399;}s:9:\"datestamp\";s:10:\"1296179201\";s:8:\"includes\";a:1:{s:13:\"contact_forms\";s:13:\"Contact Forms\";}s:12:\"project_type\";s:6:\"module\";s:14:\"project_status\";b:1;s:10:\"sub_themes\";a:0:{}s:11:\"base_themes\";a:0:{}}',0,1307170819),(542,'update_fetch_tasks','a:8:{s:4:\"name\";s:24:\"contact_google_analytics\";s:4:\"info\";a:6:{s:4:\"name\";s:29:\"Google Analytics Contact Form\";s:7:\"package\";s:10:\"Statistics\";s:7:\"version\";s:11:\"7.x-1.x-dev\";s:7:\"project\";s:24:\"contact_google_analytics\";s:9:\"datestamp\";s:10:\"1300363395\";s:16:\"_info_file_ctime\";i:1306806412;}s:9:\"datestamp\";s:10:\"1300363395\";s:8:\"includes\";a:1:{s:24:\"contact_google_analytics\";s:29:\"Google Analytics Contact Form\";}s:12:\"project_type\";s:6:\"module\";s:14:\"project_status\";b:1;s:10:\"sub_themes\";a:0:{}s:11:\"base_themes\";a:0:{}}',0,1307170819),(543,'update_fetch_tasks','a:8:{s:4:\"name\";s:18:\"ctools_path_access\";s:4:\"info\";a:6:{s:4:\"name\";s:25:\"CTools Path Access plugin\";s:7:\"package\";s:16:\"Chaos tool suite\";s:7:\"version\";s:7:\"7.x-1.0\";s:7:\"project\";s:18:\"ctools_path_access\";s:9:\"datestamp\";s:10:\"1300464667\";s:16:\"_info_file_ctime\";i:1306812013;}s:9:\"datestamp\";s:10:\"1300464667\";s:8:\"includes\";a:1:{s:18:\"ctools_path_access\";s:25:\"CTools Path Access plugin\";}s:12:\"project_type\";s:6:\"module\";s:14:\"project_status\";b:1;s:10:\"sub_themes\";a:0:{}s:11:\"base_themes\";a:0:{}}',0,1307170819),(544,'update_fetch_tasks','a:8:{s:4:\"name\";s:4:\"date\";s:4:\"info\";a:6:{s:4:\"name\";s:4:\"Date\";s:7:\"package\";s:9:\"Date/Time\";s:7:\"version\";s:14:\"7.x-2.0-alpha3\";s:7:\"project\";s:4:\"date\";s:9:\"datestamp\";s:10:\"1303821715\";s:16:\"_info_file_ctime\";i:1306813028;}s:9:\"datestamp\";s:10:\"1303821715\";s:8:\"includes\";a:5:{s:4:\"date\";s:4:\"Date\";s:8:\"date_api\";s:8:\"Date API\";s:10:\"date_popup\";s:10:\"Date Popup\";s:10:\"date_tools\";s:10:\"Date Tools\";s:10:\"date_views\";s:10:\"Date Views\";}s:12:\"project_type\";s:6:\"module\";s:14:\"project_status\";b:1;s:10:\"sub_themes\";a:0:{}s:11:\"base_themes\";a:0:{}}',0,1307170819),(545,'update_fetch_tasks','a:8:{s:4:\"name\";s:5:\"email\";s:4:\"info\";a:6:{s:4:\"name\";s:5:\"Email\";s:7:\"package\";s:6:\"Fields\";s:7:\"version\";s:13:\"7.x-1.0-beta1\";s:7:\"project\";s:5:\"email\";s:9:\"datestamp\";s:10:\"1295529409\";s:16:\"_info_file_ctime\";i:1306806426;}s:9:\"datestamp\";s:10:\"1295529409\";s:8:\"includes\";a:1:{s:5:\"email\";s:5:\"Email\";}s:12:\"project_type\";s:6:\"module\";s:14:\"project_status\";b:1;s:10:\"sub_themes\";a:0:{}s:11:\"base_themes\";a:0:{}}',0,1307170819),(546,'update_fetch_tasks','a:8:{s:4:\"name\";s:19:\"encrypt_submissions\";s:4:\"info\";a:6:{s:4:\"name\";s:19:\"Encrypt Submissions\";s:7:\"version\";s:13:\"7.x-1.0-beta2\";s:7:\"project\";s:19:\"encrypt_submissions\";s:9:\"datestamp\";s:10:\"1298320376\";s:7:\"package\";s:5:\"Other\";s:16:\"_info_file_ctime\";i:1306806437;}s:9:\"datestamp\";s:10:\"1298320376\";s:8:\"includes\";a:1:{s:19:\"encrypt_submissions\";s:19:\"Encrypt Submissions\";}s:12:\"project_type\";s:6:\"module\";s:14:\"project_status\";b:1;s:10:\"sub_themes\";a:0:{}s:11:\"base_themes\";a:0:{}}',0,1307170819),(547,'update_fetch_tasks','a:8:{s:4:\"name\";s:6:\"entity\";s:4:\"info\";a:6:{s:4:\"name\";s:10:\"Entity API\";s:7:\"version\";s:13:\"7.x-1.0-beta8\";s:7:\"project\";s:6:\"entity\";s:9:\"datestamp\";s:10:\"1300731067\";s:7:\"package\";s:5:\"Other\";s:16:\"_info_file_ctime\";i:1306812027;}s:9:\"datestamp\";s:10:\"1300731067\";s:8:\"includes\";a:2:{s:6:\"entity\";s:10:\"Entity API\";s:12:\"entity_token\";s:13:\"Entity tokens\";}s:12:\"project_type\";s:6:\"module\";s:14:\"project_status\";b:1;s:10:\"sub_themes\";a:0:{}s:11:\"base_themes\";a:0:{}}',0,1307170819),(548,'update_fetch_tasks','a:8:{s:4:\"name\";s:8:\"features\";s:4:\"info\";a:6:{s:4:\"name\";s:8:\"Features\";s:7:\"package\";s:8:\"Features\";s:7:\"version\";s:11:\"7.x-1.x-dev\";s:7:\"project\";s:8:\"features\";s:9:\"datestamp\";s:10:\"1305936660\";s:16:\"_info_file_ctime\";i:1306816512;}s:9:\"datestamp\";s:10:\"1305936660\";s:8:\"includes\";a:1:{s:8:\"features\";s:8:\"Features\";}s:12:\"project_type\";s:6:\"module\";s:14:\"project_status\";b:1;s:10:\"sub_themes\";a:0:{}s:11:\"base_themes\";a:0:{}}',0,1307170819),(549,'update_fetch_tasks','a:8:{s:4:\"name\";s:11:\"field_group\";s:4:\"info\";a:6:{s:4:\"name\";s:10:\"Fieldgroup\";s:7:\"package\";s:6:\"Fields\";s:7:\"version\";s:7:\"7.x-1.0\";s:7:\"project\";s:11:\"field_group\";s:9:\"datestamp\";s:10:\"1306266416\";s:16:\"_info_file_ctime\";i:1306814970;}s:9:\"datestamp\";s:10:\"1306266416\";s:8:\"includes\";a:1:{s:11:\"field_group\";s:10:\"Fieldgroup\";}s:12:\"project_type\";s:6:\"module\";s:14:\"project_status\";b:1;s:10:\"sub_themes\";a:0:{}s:11:\"base_themes\";a:0:{}}',0,1307170819),(550,'update_fetch_tasks','a:8:{s:4:\"name\";s:5:\"media\";s:4:\"info\";a:6:{s:4:\"name\";s:11:\"File Entity\";s:7:\"package\";s:5:\"Media\";s:7:\"version\";s:11:\"7.x-1.x-dev\";s:7:\"project\";s:5:\"media\";s:9:\"datestamp\";s:10:\"1306369390\";s:16:\"_info_file_ctime\";i:1306814693;}s:9:\"datestamp\";s:10:\"1306369390\";s:8:\"includes\";a:3:{s:11:\"file_entity\";s:11:\"File Entity\";s:5:\"media\";s:5:\"Media\";s:14:\"media_internet\";s:22:\"Media Internet Sources\";}s:12:\"project_type\";s:6:\"module\";s:14:\"project_status\";b:1;s:10:\"sub_themes\";a:0:{}s:11:\"base_themes\";a:0:{}}',0,1307170819),(551,'update_fetch_tasks','a:8:{s:4:\"name\";s:12:\"ga_tokenizer\";s:4:\"info\";a:6:{s:4:\"name\";s:26:\"Google Analytics Tokenizer\";s:7:\"package\";s:10:\"Statistics\";s:7:\"version\";s:7:\"7.x-1.3\";s:7:\"project\";s:12:\"ga_tokenizer\";s:9:\"datestamp\";s:10:\"1303421515\";s:16:\"_info_file_ctime\";i:1306812738;}s:9:\"datestamp\";s:10:\"1303421515\";s:8:\"includes\";a:1:{s:12:\"ga_tokenizer\";s:26:\"Google Analytics Tokenizer\";}s:12:\"project_type\";s:6:\"module\";s:14:\"project_status\";b:1;s:10:\"sub_themes\";a:0:{}s:11:\"base_themes\";a:0:{}}',0,1307170819),(552,'update_fetch_tasks','a:8:{s:4:\"name\";s:10:\"mailsystem\";s:4:\"info\";a:6:{s:7:\"package\";s:4:\"Mail\";s:4:\"name\";s:11:\"Mail System\";s:7:\"version\";s:8:\"7.x-2.19\";s:7:\"project\";s:10:\"mailsystem\";s:9:\"datestamp\";s:10:\"1306941416\";s:16:\"_info_file_ctime\";i:1307039798;}s:9:\"datestamp\";s:10:\"1306941416\";s:8:\"includes\";a:1:{s:10:\"mailsystem\";s:11:\"Mail System\";}s:12:\"project_type\";s:6:\"module\";s:14:\"project_status\";b:1;s:10:\"sub_themes\";a:0:{}s:11:\"base_themes\";a:0:{}}',0,1307170819),(553,'update_fetch_tasks','a:8:{s:4:\"name\";s:13:\"media_youtube\";s:4:\"info\";a:6:{s:4:\"name\";s:14:\"Media: YouTube\";s:7:\"package\";s:5:\"Media\";s:7:\"version\";s:14:\"7.x-1.0-alpha5\";s:7:\"project\";s:13:\"media_youtube\";s:9:\"datestamp\";s:10:\"1306891017\";s:16:\"_info_file_ctime\";i:1307032374;}s:9:\"datestamp\";s:10:\"1306891017\";s:8:\"includes\";a:1:{s:13:\"media_youtube\";s:14:\"Media: YouTube\";}s:12:\"project_type\";s:6:\"module\";s:14:\"project_status\";b:1;s:10:\"sub_themes\";a:0:{}s:11:\"base_themes\";a:0:{}}',0,1307170819),(554,'update_fetch_tasks','a:8:{s:4:\"name\";s:8:\"mimemail\";s:4:\"info\";a:6:{s:4:\"name\";s:9:\"Mime Mail\";s:7:\"package\";s:4:\"Mail\";s:7:\"version\";s:11:\"7.x-1.x-dev\";s:7:\"project\";s:8:\"mimemail\";s:9:\"datestamp\";s:10:\"1306542438\";s:16:\"_info_file_ctime\";i:1306816378;}s:9:\"datestamp\";s:10:\"1306542438\";s:8:\"includes\";a:3:{s:8:\"mimemail\";s:9:\"Mime Mail\";s:15:\"mimemail_action\";s:16:\"Mime Mail Action\";s:17:\"mimemail_compress\";s:24:\"Mime Mail CSS Compressor\";}s:12:\"project_type\";s:6:\"module\";s:14:\"project_status\";b:1;s:10:\"sub_themes\";a:0:{}s:11:\"base_themes\";a:0:{}}',0,1307170819),(555,'update_fetch_tasks','a:8:{s:4:\"name\";s:6:\"panels\";s:4:\"info\";a:6:{s:4:\"name\";s:6:\"Panels\";s:7:\"package\";s:6:\"Panels\";s:7:\"version\";s:14:\"7.x-3.0-alpha3\";s:7:\"project\";s:6:\"panels\";s:9:\"datestamp\";s:10:\"1300396268\";s:16:\"_info_file_ctime\";i:1306812720;}s:9:\"datestamp\";s:10:\"1300396268\";s:8:\"includes\";a:4:{s:6:\"panels\";s:6:\"Panels\";s:10:\"panels_ipe\";s:22:\"Panels In-Place Editor\";s:11:\"panels_mini\";s:11:\"Mini panels\";s:11:\"panels_node\";s:11:\"Panel nodes\";}s:12:\"project_type\";s:6:\"module\";s:14:\"project_status\";b:1;s:10:\"sub_themes\";a:0:{}s:11:\"base_themes\";a:0:{}}',0,1307170819),(556,'update_fetch_tasks','a:8:{s:4:\"name\";s:13:\"rolereference\";s:4:\"info\";a:6:{s:4:\"name\";s:14:\"Role Reference\";s:7:\"package\";s:6:\"Fields\";s:7:\"version\";s:11:\"7.x-1.x-dev\";s:7:\"project\";s:13:\"rolereference\";s:9:\"datestamp\";s:10:\"1305160877\";s:16:\"_info_file_ctime\";i:1306817001;}s:9:\"datestamp\";s:10:\"1305160877\";s:8:\"includes\";a:1:{s:13:\"rolereference\";s:14:\"Role Reference\";}s:12:\"project_type\";s:6:\"module\";s:14:\"project_status\";b:1;s:10:\"sub_themes\";a:0:{}s:11:\"base_themes\";a:0:{}}',0,1307170819),(557,'update_fetch_tasks','a:8:{s:4:\"name\";s:5:\"rules\";s:4:\"info\";a:6:{s:4:\"name\";s:5:\"Rules\";s:7:\"package\";s:5:\"Rules\";s:7:\"version\";s:13:\"7.x-2.0-beta1\";s:7:\"project\";s:5:\"rules\";s:9:\"datestamp\";s:10:\"1300896369\";s:16:\"_info_file_ctime\";i:1306811811;}s:9:\"datestamp\";s:10:\"1300896369\";s:8:\"includes\";a:3:{s:5:\"rules\";s:5:\"Rules\";s:11:\"rules_admin\";s:8:\"Rules UI\";s:15:\"rules_scheduler\";s:15:\"Rules Scheduler\";}s:12:\"project_type\";s:6:\"module\";s:14:\"project_status\";b:1;s:10:\"sub_themes\";a:0:{}s:11:\"base_themes\";a:0:{}}',0,1307170819),(558,'update_fetch_tasks','a:8:{s:4:\"name\";s:8:\"site_map\";s:4:\"info\";a:6:{s:4:\"name\";s:8:\"Site map\";s:7:\"version\";s:13:\"7.x-1.0-beta1\";s:7:\"project\";s:8:\"site_map\";s:9:\"datestamp\";s:10:\"1294253198\";s:7:\"package\";s:5:\"Other\";s:16:\"_info_file_ctime\";i:1306806462;}s:9:\"datestamp\";s:10:\"1294253198\";s:8:\"includes\";a:1:{s:8:\"site_map\";s:8:\"Site map\";}s:12:\"project_type\";s:6:\"module\";s:14:\"project_status\";b:1;s:10:\"sub_themes\";a:0:{}s:11:\"base_themes\";a:0:{}}',0,1307170819),(559,'update_fetch_tasks','a:8:{s:4:\"name\";s:5:\"token\";s:4:\"info\";a:6:{s:4:\"name\";s:5:\"Token\";s:7:\"version\";s:13:\"7.x-1.0-beta2\";s:7:\"project\";s:5:\"token\";s:9:\"datestamp\";s:10:\"1305833216\";s:7:\"package\";s:5:\"Other\";s:16:\"_info_file_ctime\";i:1306842401;}s:9:\"datestamp\";s:10:\"1305833216\";s:8:\"includes\";a:1:{s:5:\"token\";s:5:\"Token\";}s:12:\"project_type\";s:6:\"module\";s:14:\"project_status\";b:1;s:10:\"sub_themes\";a:0:{}s:11:\"base_themes\";a:0:{}}',0,1307170819),(560,'update_fetch_tasks','a:8:{s:4:\"name\";s:5:\"views\";s:4:\"info\";a:6:{s:4:\"name\";s:5:\"Views\";s:7:\"package\";s:5:\"Views\";s:7:\"version\";s:13:\"7.x-3.0-beta3\";s:7:\"project\";s:5:\"views\";s:9:\"datestamp\";s:10:\"1301301970\";s:16:\"_info_file_ctime\";i:1306811823;}s:9:\"datestamp\";s:10:\"1301301970\";s:8:\"includes\";a:3:{s:5:\"views\";s:5:\"Views\";s:12:\"views_export\";s:14:\"Views exporter\";s:8:\"views_ui\";s:8:\"Views UI\";}s:12:\"project_type\";s:6:\"module\";s:14:\"project_status\";b:1;s:10:\"sub_themes\";a:0:{}s:11:\"base_themes\";a:0:{}}',0,1307170819),(561,'update_fetch_tasks','a:8:{s:4:\"name\";s:9:\"views_pdf\";s:4:\"info\";a:6:{s:4:\"name\";s:11:\"Append View\";s:7:\"package\";s:5:\"Views\";s:7:\"version\";s:11:\"7.x-1.x-dev\";s:7:\"project\";s:9:\"views_pdf\";s:9:\"datestamp\";s:10:\"1306153242\";s:16:\"_info_file_ctime\";i:1306814763;}s:9:\"datestamp\";s:10:\"1306153242\";s:8:\"includes\";a:4:{s:12:\"views_append\";s:11:\"Append View\";s:9:\"views_pdf\";s:17:\"Views PDF Display\";s:18:\"views_pdf_mimemail\";s:19:\"Views PDF Mime Mail\";s:16:\"views_view_field\";s:11:\"Views Field\";}s:12:\"project_type\";s:6:\"module\";s:14:\"project_status\";b:1;s:10:\"sub_themes\";a:0:{}s:11:\"base_themes\";a:0:{}}',0,1307170819),(562,'update_fetch_tasks','a:8:{s:4:\"name\";s:16:\"views_field_view\";s:4:\"info\";a:6:{s:4:\"name\";s:16:\"Views Field View\";s:7:\"package\";s:5:\"Views\";s:7:\"version\";s:11:\"7.x-1.x-dev\";s:7:\"project\";s:16:\"views_field_view\";s:9:\"datestamp\";s:10:\"1305506254\";s:16:\"_info_file_ctime\";i:1306814752;}s:9:\"datestamp\";s:10:\"1305506254\";s:8:\"includes\";a:1:{s:16:\"views_field_view\";s:16:\"Views Field View\";}s:12:\"project_type\";s:6:\"module\";s:14:\"project_status\";b:1;s:10:\"sub_themes\";a:0:{}s:11:\"base_themes\";a:0:{}}',0,1307170819),(563,'update_fetch_tasks','a:8:{s:4:\"name\";s:7:\"danland\";s:4:\"info\";a:5:{s:4:\"name\";s:7:\"Danblog\";s:7:\"version\";s:7:\"7.x-1.0\";s:7:\"project\";s:7:\"danland\";s:9:\"datestamp\";s:10:\"1294312858\";s:16:\"_info_file_ctime\";i:1305606401;}s:9:\"datestamp\";s:10:\"1294312858\";s:8:\"includes\";a:2:{s:7:\"danblog\";s:7:\"Danblog\";s:7:\"danland\";s:7:\"Danland\";}s:12:\"project_type\";s:5:\"theme\";s:14:\"project_status\";b:1;s:10:\"sub_themes\";a:0:{}s:11:\"base_themes\";a:1:{s:7:\"danland\";s:7:\"Danland\";}}',0,1307170819);

--
-- Table structure for table `rdf_mapping`
--

CREATE TABLE `rdf_mapping` (
  `type` varchar(128) NOT NULL COMMENT 'The name of the entity type a mapping applies to (node, user, comment, etc.).',
  `bundle` varchar(128) NOT NULL COMMENT 'The name of the bundle a mapping applies to.',
  `mapping` longblob COMMENT 'The serialized mapping of the bundle type and fields to RDF terms.',
  PRIMARY KEY (`type`,`bundle`)
) ENGINE=MyISAM DEFAULT CHARSET=utf8 COMMENT='Stores custom RDF mappings for user defined content types...';

--
-- Dumping data for table `rdf_mapping`
--

INSERT INTO `rdf_mapping` VALUES ('node','article','a:11:{s:11:\"field_image\";a:2:{s:10:\"predicates\";a:2:{i:0;s:8:\"og:image\";i:1;s:12:\"rdfs:seeAlso\";}s:4:\"type\";s:3:\"rel\";}s:10:\"field_tags\";a:2:{s:10:\"predicates\";a:1:{i:0;s:10:\"dc:subject\";}s:4:\"type\";s:3:\"rel\";}s:7:\"rdftype\";a:2:{i:0;s:9:\"sioc:Item\";i:1;s:13:\"foaf:Document\";}s:5:\"title\";a:1:{s:10:\"predicates\";a:1:{i:0;s:8:\"dc:title\";}}s:7:\"created\";a:3:{s:10:\"predicates\";a:2:{i:0;s:7:\"dc:date\";i:1;s:10:\"dc:created\";}s:8:\"datatype\";s:12:\"xsd:dateTime\";s:8:\"callback\";s:12:\"date_iso8601\";}s:7:\"changed\";a:3:{s:10:\"predicates\";a:1:{i:0;s:11:\"dc:modified\";}s:8:\"datatype\";s:12:\"xsd:dateTime\";s:8:\"callback\";s:12:\"date_iso8601\";}s:4:\"body\";a:1:{s:10:\"predicates\";a:1:{i:0;s:15:\"content:encoded\";}}s:3:\"uid\";a:2:{s:10:\"predicates\";a:1:{i:0;s:16:\"sioc:has_creator\";}s:4:\"type\";s:3:\"rel\";}s:4:\"name\";a:1:{s:10:\"predicates\";a:1:{i:0;s:9:\"foaf:name\";}}s:13:\"comment_count\";a:2:{s:10:\"predicates\";a:1:{i:0;s:16:\"sioc:num_replies\";}s:8:\"datatype\";s:11:\"xsd:integer\";}s:13:\"last_activity\";a:3:{s:10:\"predicates\";a:1:{i:0;s:23:\"sioc:last_activity_date\";}s:8:\"datatype\";s:12:\"xsd:dateTime\";s:8:\"callback\";s:12:\"date_iso8601\";}}'),('node','page','a:9:{s:7:\"rdftype\";a:1:{i:0;s:13:\"foaf:Document\";}s:5:\"title\";a:1:{s:10:\"predicates\";a:1:{i:0;s:8:\"dc:title\";}}s:7:\"created\";a:3:{s:10:\"predicates\";a:2:{i:0;s:7:\"dc:date\";i:1;s:10:\"dc:created\";}s:8:\"datatype\";s:12:\"xsd:dateTime\";s:8:\"callback\";s:12:\"date_iso8601\";}s:7:\"changed\";a:3:{s:10:\"predicates\";a:1:{i:0;s:11:\"dc:modified\";}s:8:\"datatype\";s:12:\"xsd:dateTime\";s:8:\"callback\";s:12:\"date_iso8601\";}s:4:\"body\";a:1:{s:10:\"predicates\";a:1:{i:0;s:15:\"content:encoded\";}}s:3:\"uid\";a:2:{s:10:\"predicates\";a:1:{i:0;s:16:\"sioc:has_creator\";}s:4:\"type\";s:3:\"rel\";}s:4:\"name\";a:1:{s:10:\"predicates\";a:1:{i:0;s:9:\"foaf:name\";}}s:13:\"comment_count\";a:2:{s:10:\"predicates\";a:1:{i:0;s:16:\"sioc:num_replies\";}s:8:\"datatype\";s:11:\"xsd:integer\";}s:13:\"last_activity\";a:3:{s:10:\"predicates\";a:1:{i:0;s:23:\"sioc:last_activity_date\";}s:8:\"datatype\";s:12:\"xsd:dateTime\";s:8:\"callback\";s:12:\"date_iso8601\";}}');

--
-- Table structure for table `registry`
--

CREATE TABLE `registry` (
  `name` varchar(255) NOT NULL DEFAULT '' COMMENT 'The name of the function, class, or interface.',
  `type` varchar(9) NOT NULL DEFAULT '' COMMENT 'Either function or class or interface.',
  `filename` varchar(255) NOT NULL,
  `module` varchar(255) NOT NULL DEFAULT '' COMMENT 'Name of the module the file belongs to.',
  `weight` int(11) NOT NULL DEFAULT '0' COMMENT 'The order in which this module’s hooks should be invoked relative to other modules. Equal-weighted modules are ordered by name.',
  PRIMARY KEY (`name`,`type`),
  KEY `hook` (`type`,`weight`,`module`)
) ENGINE=MyISAM DEFAULT CHARSET=utf8 COMMENT='Each record is a function, class, or interface name and...';

--
-- Dumping data for table `registry`
--

INSERT INTO `registry` VALUES ('AccessDeniedTestCase','class','modules/system/system.test','system',0),('AddressFieldForm','interface','sites/all/modules/addressfield/includes/addressfield_form.inc','addressfield',0),('AddressFieldForm_br','class','sites/all/modules/addressfield/includes/addressfield_form_br.inc','addressfield',0),('AddressFieldForm_default','class','sites/all/modules/addressfield/includes/addressfield_form_default.inc','addressfield',0),('AddressFieldForm_gb','class','sites/all/modules/addressfield/includes/addressfield_form_gb.inc','addressfield',0),('AddressFieldForm_us','class','sites/all/modules/addressfield/includes/addressfield_form_us.inc','addressfield',0),('AdminMetaTagTestCase','class','modules/system/system.test','system',0),('ArchiverInterface','interface','includes/archiver.inc','',0),('ArchiverTar','class','modules/system/system.archiver.inc','system',0),('ArchiverZip','class','modules/system/system.archiver.inc','system',0),('Archive_Tar','class','modules/system/system.tar.inc','system',0),('BatchMemoryQueue','class','includes/batch.queue.inc','',0),('BatchQueue','class','includes/batch.queue.inc','',0),('BlockAdminThemeTestCase','class','modules/block/block.test','block',-5),('BlockCacheTestCase','class','modules/block/block.test','block',-5),('BlockHTMLIdTestCase','class','modules/block/block.test','block',-5),('BlockTemplateSuggestionsUnitTest','class','modules/block/block.test','block',-5),('BlockTestCase','class','modules/block/block.test','block',-5),('calendar_plugin_display_attachment','class','sites/all/modules/calendar/includes/calendar_plugin_display_attachment.inc','calendar',0),('calendar_plugin_display_block','class','sites/all/modules/calendar/includes/calendar_plugin_display_block.inc','calendar',0),('calendar_plugin_display_ical','class','sites/all/modules/calendar/calendar_ical/calendar_plugin_display_ical.inc','calendar_ical',0),('calendar_plugin_display_page','class','sites/all/modules/calendar/includes/calendar_plugin_display_page.inc','calendar',0),('calendar_plugin_style','class','sites/all/modules/calendar/includes/calendar_plugin_style.inc','calendar',0),('calendar_plugin_style_ical','class','sites/all/modules/calendar/calendar_ical/calendar_plugin_style_ical.inc','calendar_ical',0),('calendar_view_plugin_style','class','sites/all/modules/calendar/includes/calendar_view_plugin_style.inc','calendar',0),('ColorTestCase','class','modules/color/color.test','color',0),('CommentActionsTestCase','class','modules/comment/comment.test','comment',0),('CommentAnonymous','class','modules/comment/comment.test','comment',0),('CommentApprovalTest','class','modules/comment/comment.test','comment',0),('CommentBlockFunctionalTest','class','modules/comment/comment.test','comment',0),('CommentContentRebuild','class','modules/comment/comment.test','comment',0),('CommentController','class','modules/comment/comment.module','comment',0),('CommentFieldsTest','class','modules/comment/comment.test','comment',0),('CommentHelperCase','class','modules/comment/comment.test','comment',0),('CommentInterfaceTest','class','modules/comment/comment.test','comment',0),('CommentNodeAccessTest','class','modules/comment/comment.test','comment',0),('CommentPagerTest','class','modules/comment/comment.test','comment',0),('CommentPreviewTest','class','modules/comment/comment.test','comment',0),('CommentRSSUnitTest','class','modules/comment/comment.test','comment',0),('CommentTokenReplaceTestCase','class','modules/comment/comment.test','comment',0),('CommerceBaseTestCase','class','sites/all/modules/commerce/tests/commerce_base.test','commerce',0),('CommerceBaseTesterTestCase','class','sites/all/modules/commerce/tests/commerce_base.test','commerce',0),('CommerceCartTestCase','class','sites/all/modules/commerce/modules/cart/tests/commerce_cart.test','commerce_cart',0),('CommerceCartTestCaseAnonymousToAuthenticated','class','sites/all/modules/commerce/modules/cart/tests/commerce_cart.test','commerce_cart',0),('CommerceCartTestCaseAttributes','class','sites/all/modules/commerce/modules/cart/tests/commerce_cart.test','commerce_cart',0),('CommerceCartTestCaseMultiProducts','class','sites/all/modules/commerce/modules/cart/tests/commerce_cart.test','commerce_cart',0),('CommerceCartTestCaseSimpleProduct','class','sites/all/modules/commerce/modules/cart/tests/commerce_cart.test','commerce_cart',0),('CommerceCheckoutTestProcess','class','sites/all/modules/commerce/modules/checkout/tests/commerce_checkout.test','commerce_checkout',0),('CommerceCoupon','class','sites/all/modules/commerce_coupon/classes/commerce_coupon.inc','commerce_coupon',0),('CommerceCouponLog','class','sites/all/modules/commerce_coupon/classes/commerce_coupon_log.inc','commerce_coupon',0),('CommerceCouponType','class','sites/all/modules/commerce_coupon/classes/commerce_coupon_type.inc','commerce_coupon',0),('CommerceCustomerProfileEntityController','class','sites/all/modules/commerce/modules/customer/includes/commerce_customer_profile.controller.inc','commerce_customer',0),('CommerceCustomerUITest','class','sites/all/modules/commerce/modules/customer/tests/commerce_customer_ui.test','commerce_customer_ui',0),('CommerceLineItemEntityController','class','sites/all/modules/commerce/modules/line_item/includes/commerce_line_item.controller.inc','commerce_line_item',0),('CommerceOrderEntityController','class','sites/all/modules/commerce/modules/order/includes/commerce_order.controller.inc','commerce_order',0),('CommerceOrderUIAdminTest','class','sites/all/modules/commerce/modules/order/tests/commerce_order_ui.test','commerce_order_ui',0),('CommercePaymentOffsiteTest','class','sites/all/modules/commerce/modules/payment/tests/commerce_payment_ui.test','commerce_payment_ui',0),('CommercePaymentTransactionEntityController','class','sites/all/modules/commerce/modules/payment/includes/commerce_payment_transaction.controller.inc','commerce_payment',0),('CommercePaymentUITest','class','sites/all/modules/commerce/modules/payment/tests/commerce_payment_ui.test','commerce_payment_ui',0),('CommerceProductCRUDTestCase','class','sites/all/modules/commerce/modules/product/tests/commerce_product.test','commerce_product',0),('CommerceProductEntityController','class','sites/all/modules/commerce/modules/product/includes/commerce_product.controller.inc','commerce_product',0),('CommerceProductReferenceAdminTest','class','sites/all/modules/commerce/modules/product_reference/tests/commerce_product_reference.test','commerce_product_reference',0),('CommerceProductRulesTestCase','class','sites/all/modules/commerce/modules/product/tests/commerce_product.test','commerce_product',0),('CommerceProductUIAdminTest','class','sites/all/modules/commerce/modules/product/tests/commerce_product_ui.test','commerce_product_ui',0),('CommerceSandboxTestCase','class','sites/all/modules/commerce/tests/commerce_base.test','commerce',0),('CommerceTaxUIAdminTest','class','sites/all/modules/commerce/modules/tax/tests/commerce_tax_ui.test','commerce_tax_ui',0),('CommerceTestCase','class','sites/all/modules/commerce/tests/commerce.test','commerce',0),('commerce_cart_handler_field_add_to_cart_form','class','sites/all/modules/commerce/modules/cart/includes/views/handlers/commerce_cart_handler_field_add_to_cart_form.inc','commerce_cart',0),('commerce_coupon_handler_field_coupon_operations','class','sites/all/modules/commerce_coupon/includes/views/handlers/commerce_coupon_handler_field_coupon_operations.inc','commerce_coupon',0),('commerce_customer_handler_field_customer_profile','class','sites/all/modules/commerce/modules/customer/includes/views/handlers/commerce_customer_handler_field_customer_profile.inc','commerce_customer',0),('commerce_customer_handler_field_customer_profile_link','class','sites/all/modules/commerce/modules/customer/includes/views/handlers/commerce_customer_handler_field_customer_profile_link.inc','commerce_customer',0),('commerce_customer_handler_field_customer_profile_link_delete','class','sites/all/modules/commerce/modules/customer/includes/views/handlers/commerce_customer_handler_field_customer_profile_link_delete.inc','commerce_customer',0),('commerce_customer_handler_field_customer_profile_link_edit','class','sites/all/modules/commerce/modules/customer/includes/views/handlers/commerce_customer_handler_field_customer_profile_link_edit.inc','commerce_customer',0),('commerce_customer_handler_field_customer_profile_type','class','sites/all/modules/commerce/modules/customer/includes/views/handlers/commerce_customer_handler_field_customer_profile_type.inc','commerce_customer',0),('commerce_customer_handler_filter_customer_profile_type','class','sites/all/modules/commerce/modules/customer/includes/views/handlers/commerce_customer_handler_filter_customer_profile_type.inc','commerce_customer',0),('commerce_line_item_handler_area_line_item_actions','class','sites/all/modules/commerce/modules/line_item/includes/views/handlers/commerce_line_item_handler_area_line_item_actions.inc','commerce_line_item',0),('commerce_line_item_handler_area_line_item_summary','class','sites/all/modules/commerce/modules/line_item/includes/views/handlers/commerce_line_item_handler_area_line_item_summary.inc','commerce_line_item',0),('commerce_line_item_handler_argument_line_item_line_item_id','class','sites/all/modules/commerce/modules/line_item/includes/views/handlers/commerce_line_item_handler_argument_line_item_line_item_id.inc','commerce_line_item',0),('commerce_line_item_handler_field_edit','class','sites/all/modules/commerce/modules/line_item/includes/views/handlers/commerce_line_item_handler_field_edit.inc','commerce_line_item',0),('commerce_line_item_handler_field_edit_delete','class','sites/all/modules/commerce/modules/line_item/includes/views/handlers/commerce_line_item_handler_field_edit_delete.inc','commerce_line_item',0),('commerce_line_item_handler_field_edit_quantity','class','sites/all/modules/commerce/modules/line_item/includes/views/handlers/commerce_line_item_handler_field_edit_quantity.inc','commerce_line_item',0),('commerce_line_item_handler_field_line_item_title','class','sites/all/modules/commerce/modules/line_item/includes/views/handlers/commerce_line_item_handler_field_line_item_title.inc','commerce_line_item',0),('commerce_line_item_handler_field_line_item_type','class','sites/all/modules/commerce/modules/line_item/includes/views/handlers/commerce_line_item_handler_field_line_item_type.inc','commerce_line_item',0),('commerce_line_item_handler_filter_line_item_type','class','sites/all/modules/commerce/modules/line_item/includes/views/handlers/commerce_line_item_handler_filter_line_item_type.inc','commerce_line_item',0),('commerce_order_handler_area_order_total','class','sites/all/modules/commerce/modules/order/includes/views/handlers/commerce_order_handler_area_order_total.inc','commerce_order',0),('commerce_order_handler_argument_order_order_id','class','sites/all/modules/commerce/modules/order/includes/views/handlers/commerce_order_handler_argument_order_order_id.inc','commerce_order',0),('commerce_order_handler_field_order','class','sites/all/modules/commerce/modules/order/includes/views/handlers/commerce_order_handler_field_order.inc','commerce_order',0),('commerce_order_handler_field_order_link','class','sites/all/modules/commerce/modules/order/includes/views/handlers/commerce_order_handler_field_order_link.inc','commerce_order',0),('commerce_order_handler_field_order_link_delete','class','sites/all/modules/commerce/modules/order/includes/views/handlers/commerce_order_handler_field_order_link_delete.inc','commerce_order',0),('commerce_order_handler_field_order_link_edit','class','sites/all/modules/commerce/modules/order/includes/views/handlers/commerce_order_handler_field_order_link_edit.inc','commerce_order',0),('commerce_order_handler_field_order_operations','class','sites/all/modules/commerce/modules/order/includes/views/handlers/commerce_order_handler_field_order_operations.inc','commerce_order',0),('commerce_order_handler_field_order_state','class','sites/all/modules/commerce/modules/order/includes/views/handlers/commerce_order_handler_field_order_state.inc','commerce_order',0),('commerce_order_handler_field_order_status','class','sites/all/modules/commerce/modules/order/includes/views/handlers/commerce_order_handler_field_order_status.inc','commerce_order',0),('commerce_order_handler_field_order_type','class','sites/all/modules/commerce/modules/order/includes/views/handlers/commerce_order_handler_field_order_type.inc','commerce_order',0),('commerce_order_handler_filter_order_state','class','sites/all/modules/commerce/modules/order/includes/views/handlers/commerce_order_handler_filter_order_state.inc','commerce_order',0),('commerce_order_handler_filter_order_status','class','sites/all/modules/commerce/modules/order/includes/views/handlers/commerce_order_handler_filter_order_status.inc','commerce_order',0),('commerce_order_handler_filter_order_type','class','sites/all/modules/commerce/modules/order/includes/views/handlers/commerce_order_handler_filter_order_type.inc','commerce_order',0),('commerce_order_plugin_argument_validate_user','class','sites/all/modules/commerce/modules/order/includes/views/handlers/commerce_order_plugin_argument_validate_user.inc','commerce_order',0),('commerce_payment_handler_area_totals','class','sites/all/modules/commerce/modules/payment/includes/views/handlers/commerce_payment_handler_area_totals.inc','commerce_payment',0),('commerce_payment_handler_field_amount','class','sites/all/modules/commerce/modules/payment/includes/views/handlers/commerce_payment_handler_field_amount.inc','commerce_payment',0),('commerce_payment_handler_field_balance','class','sites/all/modules/commerce/modules/payment/includes/views/handlers/commerce_payment_handler_field_balance.inc','commerce_payment',0),('commerce_payment_handler_field_currency_code','class','sites/all/modules/commerce/modules/payment/includes/views/handlers/commerce_payment_handler_field_currency_code.inc','commerce_payment',0),('commerce_payment_handler_field_message','class','sites/all/modules/commerce/modules/payment/includes/views/handlers/commerce_payment_handler_field_message.inc','commerce_payment',0),('commerce_payment_handler_field_payment_method','class','sites/all/modules/commerce/modules/payment/includes/views/handlers/commerce_payment_handler_field_payment_method.inc','commerce_payment',0),('commerce_payment_handler_field_payment_transaction_link','class','sites/all/modules/commerce/modules/payment/includes/views/handlers/commerce_payment_handler_field_payment_transaction_link.inc','commerce_payment',0),('commerce_payment_handler_field_payment_transaction_link_delete','class','sites/all/modules/commerce/modules/payment/includes/views/handlers/commerce_payment_handler_field_payment_transaction_link_delete.inc','commerce_payment',0),('commerce_payment_handler_field_payment_transaction_operations','class','sites/all/modules/commerce/modules/payment/includes/views/handlers/commerce_payment_handler_field_payment_transaction_operations.inc','commerce_payment',0),('commerce_payment_handler_field_status','class','sites/all/modules/commerce/modules/payment/includes/views/handlers/commerce_payment_handler_field_status.inc','commerce_payment',0),('commerce_payment_handler_filter_currency_code','class','sites/all/modules/commerce/modules/payment/includes/views/handlers/commerce_payment_handler_filter_currency_code.inc','commerce_payment',0),('commerce_payment_handler_filter_payment_method','class','sites/all/modules/commerce/modules/payment/includes/views/handlers/commerce_payment_handler_filter_payment_method.inc','commerce_payment',0),('commerce_payment_handler_filter_payment_transaction_status','class','sites/all/modules/commerce/modules/payment/includes/views/handlers/commerce_payment_handler_filter_payment_transaction_status.inc','commerce_payment',0),('commerce_product_attributes_handler_field_attributes','class','sites/all/modules/commerce_product_attributes/includes/views/handlers/commerce_product_attributes_handler_field_attributes.inc','commerce_product_attributes',0),('commerce_product_handler_argument_product_id','class','sites/all/modules/commerce/modules/product/includes/views/handlers/commerce_product_handler_argument_product_id.inc','commerce_product',0),('commerce_product_handler_field_product','class','sites/all/modules/commerce/modules/product/includes/views/handlers/commerce_product_handler_field_product.inc','commerce_product',0),('commerce_product_handler_field_product_link','class','sites/all/modules/commerce/modules/product/includes/views/handlers/commerce_product_handler_field_product_link.inc','commerce_product',0),('commerce_product_handler_field_product_link_delete','class','sites/all/modules/commerce/modules/product/includes/views/handlers/commerce_product_handler_field_product_link_delete.inc','commerce_product',0),('commerce_product_handler_field_product_link_edit','class','sites/all/modules/commerce/modules/product/includes/views/handlers/commerce_product_handler_field_product_link_edit.inc','commerce_product',0),('commerce_product_handler_field_product_operations','class','sites/all/modules/commerce/modules/product/includes/views/handlers/commerce_product_handler_field_product_operations.inc','commerce_product',0),('commerce_product_handler_field_product_type','class','sites/all/modules/commerce/modules/product/includes/views/handlers/commerce_product_handler_field_product_type.inc','commerce_product',0),('commerce_product_handler_filter_product_type','class','sites/all/modules/commerce/modules/product/includes/views/handlers/commerce_product_handler_filter_product_type.inc','commerce_product',0),('ContactPersonalTestCase','class','modules/contact/contact.test','contact',0),('ContactSitewideTestCase','class','modules/contact/contact.test','contact',0),('CronRunTestCase','class','modules/system/system.test','system',0),('ctools_access_ruleset_ui','class','sites/all/modules/ctools/ctools_access_ruleset/plugins/export_ui/ctools_access_ruleset_ui.class.php','ctools_access_ruleset',0),('ctools_context','class','sites/all/modules/ctools/includes/context.inc','ctools',0),('ctools_context_optional','class','sites/all/modules/ctools/includes/context.inc','ctools',0),('ctools_context_required','class','sites/all/modules/ctools/includes/context.inc','ctools',0),('ctools_custom_content_ui','class','sites/all/modules/ctools/ctools_custom_content/plugins/export_ui/ctools_custom_content_ui.class.php','ctools_custom_content',0),('ctools_export_ui','class','sites/all/modules/ctools/plugins/export_ui/ctools_export_ui.class.php','ctools',0),('ctools_math_expr','class','sites/all/modules/ctools/includes/math-expr.inc','ctools',0),('ctools_math_expr_stack','class','sites/all/modules/ctools/includes/math-expr.inc','ctools',0),('ctools_stylizer_image_processor','class','sites/all/modules/ctools/includes/stylizer.inc','ctools',0),('DashboardBlocksTestCase','class','modules/dashboard/dashboard.test','dashboard',0),('Database','class','includes/database/database.inc','',0),('DatabaseCondition','class','includes/database/query.inc','',0),('DatabaseConnection','class','includes/database/database.inc','',0),('DatabaseConnectionNotDefinedException','class','includes/database/database.inc','',0),('DatabaseConnection_mysql','class','includes/database/mysql/database.inc','',0),('DatabaseConnection_pgsql','class','includes/database/pgsql/database.inc','',0),('DatabaseConnection_sqlite','class','includes/database/sqlite/database.inc','',0),('DatabaseDriverNotSpecifiedException','class','includes/database/database.inc','',0),('DatabaseLog','class','includes/database/log.inc','',0),('DatabaseSchema','class','includes/database/schema.inc','',0),('DatabaseSchemaObjectDoesNotExistException','class','includes/database/schema.inc','',0),('DatabaseSchemaObjectExistsException','class','includes/database/schema.inc','',0),('DatabaseSchema_mysql','class','includes/database/mysql/schema.inc','',0),('DatabaseSchema_pgsql','class','includes/database/pgsql/schema.inc','',0),('DatabaseSchema_sqlite','class','includes/database/sqlite/schema.inc','',0),('DatabaseStatementBase','class','includes/database/database.inc','',0),('DatabaseStatementEmpty','class','includes/database/database.inc','',0),('DatabaseStatementInterface','interface','includes/database/database.inc','',0),('DatabaseStatementPrefetch','class','includes/database/prefetch.inc','',0),('DatabaseStatement_sqlite','class','includes/database/sqlite/database.inc','',0),('DatabaseTaskException','class','includes/install.inc','',0),('DatabaseTasks','class','includes/install.inc','',0),('DatabaseTasks_mysql','class','includes/database/mysql/install.inc','',0),('DatabaseTasks_pgsql','class','includes/database/pgsql/install.inc','',0),('DatabaseTasks_sqlite','class','includes/database/sqlite/install.inc','',0),('DatabaseTransaction','class','includes/database/database.inc','',0),('DatabaseTransactionCommitFailedException','class','includes/database/database.inc','',0),('DatabaseTransactionExplicitCommitNotAllowedException','class','includes/database/database.inc','',0),('DatabaseTransactionNameNonUniqueException','class','includes/database/database.inc','',0),('DatabaseTransactionNoActiveException','class','includes/database/database.inc','',0),('DateAPITestCase','class','sites/all/modules/date/tests/date_api.test','date',0),('DateFieldTestCase','class','sites/all/modules/date/tests/date_field.test','date',0),('DateObject','class','sites/all/modules/date/date_api/date_api.module','date_api',0),('DateTimeFunctionalTest','class','modules/system/system.test','system',0),('DateToolsTestCase','class','sites/all/modules/date/date_tools/tests/date_tools.test','date_tools',0),('DateUITestCase','class','sites/all/modules/date/tests/date.test','date',0),('DateValidationTestCase','class','sites/all/modules/date/tests/date_validation.test','date',0),('date_handler_field_multiple','class','sites/all/modules/date/date_views/includes/date_handler_field_multiple.inc','date_views',0),('date_navigation_plugin_style','class','sites/all/modules/date/date_views/includes/date_navigation_plugin_style.inc','date_views',0),('date_plugin_display_attachment','class','sites/all/modules/date/date_views/includes/date_plugin_display_attachment.inc','date_views',0),('date_sql_handler','class','sites/all/modules/date/date_api/date_api_sql.inc','date_api',0),('date_views_argument_handler','class','sites/all/modules/date/date_views/includes/date_views_argument_handler.inc','date_views',0),('date_views_argument_handler_simple','class','sites/all/modules/date/date_views/includes/date_views_argument_handler_simple.inc','date_views',0),('date_views_filter_handler','class','sites/all/modules/date/date_views/includes/date_views_filter_handler.inc','date_views',0),('date_views_filter_handler_simple','class','sites/all/modules/date/date_views/includes/date_views_filter_handler_simple.inc','date_views',0),('DBLogTestCase','class','modules/dblog/dblog.test','dblog',0),('DefaultMailSystem','class','modules/system/system.mail.inc','system',0),('DeleteQuery','class','includes/database/query.inc','',0),('DeleteQuery_sqlite','class','includes/database/sqlite/query.inc','',0),('DrupalCacheInterface','interface','includes/cache.inc','',0),('DrupalDatabaseCache','class','includes/cache.inc','',0),('DrupalDefaultEntityController','class','includes/entity.inc','',0),('DrupalEntityControllerInterface','interface','includes/entity.inc','',0),('DrupalFakeCache','class','includes/cache-install.inc','',0),('DrupalLocalStreamWrapper','class','includes/stream_wrappers.inc','',0),('DrupalPrivateStreamWrapper','class','includes/stream_wrappers.inc','',0),('DrupalPublicStreamWrapper','class','includes/stream_wrappers.inc','',0),('DrupalQueue','class','modules/system/system.queue.inc','system',0),('DrupalQueueInterface','interface','modules/system/system.queue.inc','system',0),('DrupalReliableQueueInterface','interface','modules/system/system.queue.inc','system',0),('DrupalStreamWrapperInterface','interface','includes/stream_wrappers.inc','',0),('DrupalTemporaryStreamWrapper','class','includes/stream_wrappers.inc','',0),('DrupalUpdateException','class','includes/update.inc','',0),('DrupalUpdaterInterface','interface','includes/updater.inc','',0),('EnableDisableTestCase','class','modules/system/system.test','system',0),('Entity','class','sites/all/modules/entity/includes/entity.inc','entity',0),('EntityAPIController','class','sites/all/modules/entity/includes/entity.controller.inc','entity',0),('EntityAPIControllerInterface','interface','sites/all/modules/entity/includes/entity.controller.inc','entity',0),('EntityAPIRulesIntegrationTestCase','class','sites/all/modules/entity/entity.test','entity',0),('EntityAPITestCase','class','sites/all/modules/entity/entity.test','entity',0),('EntityDB','class','sites/all/modules/entity/includes/entity.inc','entity',0),('EntityDBExtendable','class','sites/all/modules/entity/includes/entity.inc','entity',0),('EntityDefaultFeaturesController','class','sites/all/modules/entity/entity.features.inc','entity',0),('EntityDefaultMetadataController','class','sites/all/modules/entity/entity.info.inc','entity',0),('EntityDefaultRulesController','class','sites/all/modules/entity/entity.rules.inc','entity',0),('EntityDefaultUIController','class','sites/all/modules/entity/includes/entity.ui.inc','entity',0),('EntityDrupalWrapper','class','sites/all/modules/entity/includes/entity.wrapper.inc','entity',0),('EntityExtendable','class','sites/all/modules/entity/includes/entity.inc','entity',0),('EntityFieldQuery','class','includes/entity.inc','',0),('EntityFieldQueryException','class','includes/entity.inc','',0),('EntityListWrapper','class','sites/all/modules/entity/includes/entity.wrapper.inc','entity',0),('EntityMetadataArrayObject','class','sites/all/modules/entity/includes/entity.wrapper.inc','entity',0),('EntityMetadataIntegrationTestCase','class','sites/all/modules/entity/entity.test','entity',0),('EntityMetadataTestCase','class','sites/all/modules/entity/entity.test','entity',0),('EntityMetadataWrapper','class','sites/all/modules/entity/includes/entity.wrapper.inc','entity',0),('EntityMetadataWrapperException','class','sites/all/modules/entity/includes/entity.wrapper.inc','entity',0),('EntityMetadataWrapperIterator','class','sites/all/modules/entity/includes/entity.wrapper.inc','entity',0),('EntityPropertiesTestCase','class','modules/field/tests/field.test','field',0),('EntityStructureWrapper','class','sites/all/modules/entity/includes/entity.wrapper.inc','entity',0),('EntityTokenTestCase','class','sites/all/modules/entity/entity.test','entity',0),('EntityTranslationCommerceProductHandler','class','sites/all/modules/commerce/modules/product/includes/commerce_product.translation_handler.inc','commerce_product',0),('EntityValueWrapper','class','sites/all/modules/entity/includes/entity.wrapper.inc','entity',0),('FeaturesUserTestCase','class','sites/all/modules/features/tests/features.test','features',0),('FieldAttachOtherTestCase','class','modules/field/tests/field.test','field',0),('FieldAttachStorageTestCase','class','modules/field/tests/field.test','field',0),('FieldAttachTestCase','class','modules/field/tests/field.test','field',0),('FieldBulkDeleteTestCase','class','modules/field/tests/field.test','field',0),('FieldCrudTestCase','class','modules/field/tests/field.test','field',0),('FieldDisplayAPITestCase','class','modules/field/tests/field.test','field',0),('FieldException','class','modules/field/field.module','field',0),('FieldFormTestCase','class','modules/field/tests/field.test','field',0),('FieldInfoTestCase','class','modules/field/tests/field.test','field',0),('FieldInstanceCrudTestCase','class','modules/field/tests/field.test','field',0),('FieldsOverlapException','class','includes/database/database.inc','',0),('FieldSqlStorageTestCase','class','modules/field/modules/field_sql_storage/field_sql_storage.test','field_sql_storage',0),('FieldTestCase','class','modules/field/tests/field.test','field',0),('FieldTranslationsTestCase','class','modules/field/tests/field.test','field',0),('FieldUIManageDisplayTestCase','class','modules/field_ui/field_ui.test','field_ui',0),('FieldUIManageFieldsTestCase','class','modules/field_ui/field_ui.test','field_ui',0),('FieldUITestCase','class','modules/field_ui/field_ui.test','field_ui',0),('FieldUpdateForbiddenException','class','modules/field/field.module','field',0),('FieldValidationException','class','modules/field/field.attach.inc','field',0),('FileFieldDisplayTestCase','class','modules/file/tests/file.test','file',0),('FileFieldPathTestCase','class','modules/file/tests/file.test','file',0),('FileFieldRevisionTestCase','class','modules/file/tests/file.test','file',0),('FileFieldTestCase','class','modules/file/tests/file.test','file',0),('FileFieldValidateTestCase','class','modules/file/tests/file.test','file',0),('FileFieldWidgetTestCase','class','modules/file/tests/file.test','file',0),('FileManagedFileElementTestCase','class','modules/file/tests/file.test','file',0),('FileTokenReplaceTestCase','class','modules/file/tests/file.test','file',0),('FileTransfer','class','includes/filetransfer/filetransfer.inc','',0),('FileTransferChmodInterface','interface','includes/filetransfer/filetransfer.inc','',0),('FileTransferException','class','includes/filetransfer/filetransfer.inc','',0),('FileTransferFTP','class','includes/filetransfer/ftp.inc','',0),('FileTransferFTPExtension','class','includes/filetransfer/ftp.inc','',0),('FileTransferLocal','class','includes/filetransfer/local.inc','',0),('FileTransferSSH','class','includes/filetransfer/ssh.inc','',0),('FilterAdminTestCase','class','modules/filter/filter.test','filter',0),('FilterCRUDTestCase','class','modules/filter/filter.test','filter',0),('FilterDefaultFormatTestCase','class','modules/filter/filter.test','filter',0),('FilterFormatAccessTestCase','class','modules/filter/filter.test','filter',0),('FilterHooksTestCase','class','modules/filter/filter.test','filter',0),('FilterNoFormatTestCase','class','modules/filter/filter.test','filter',0),('FilterSecurityTestCase','class','modules/filter/filter.test','filter',0),('FilterUnitTestCase','class','modules/filter/filter.test','filter',0),('FloodFunctionalTest','class','modules/system/system.test','system',0),('FrontPageTestCase','class','modules/system/system.test','system',0),('GA_Parse','class','sites/all/modules/ga_tokenizer/class.gaparse.php','ga_tokenizer',0),('GroupUITestCase','class','sites/all/modules/field_group/field_group.test','field_group',0),('HelpTestCase','class','modules/help/help.test','help',0),('HookRequirementsTestCase','class','modules/system/system.test','system',0),('ImageAdminStylesUnitTest','class','modules/image/image.test','image',0),('ImageEffectsUnitTest','class','modules/image/image.test','image',0),('ImageFieldDisplayTestCase','class','modules/image/image.test','image',0),('ImageFieldTestCase','class','modules/image/image.test','image',0),('ImageFieldValidateTestCase','class','modules/image/image.test','image',0),('ImageStylesPathAndUrlUnitTest','class','modules/image/image.test','image',0),('InfoFileParserTestCase','class','modules/system/system.test','system',0),('InsertQuery','class','includes/database/query.inc','',0),('InsertQuery_mysql','class','includes/database/mysql/query.inc','',0),('InsertQuery_pgsql','class','includes/database/pgsql/query.inc','',0),('InsertQuery_sqlite','class','includes/database/sqlite/query.inc','',0),('InvalidMergeQueryException','class','includes/database/database.inc','',0),('IPAddressBlockingTestCase','class','modules/system/system.test','system',0),('ListFieldTestCase','class','modules/field/modules/list/tests/list.test','list',0),('ListFieldUITestCase','class','modules/field/modules/list/tests/list.test','list',0),('MailSystemInterface','interface','includes/mail.inc','',0),('MediaEntityTest','class','sites/all/modules/media/test/media.entity.test','media',0),('MediaInternetBaseHandler','class','sites/all/modules/media/modules/media_internet/media_internet.module','media_internet',0),('MediaInternetFileHandler','class','sites/all/modules/media/modules/media_internet/media_internet.module','media_internet',0),('MediaInternetNoHandlerException','class','sites/all/modules/media/modules/media_internet/media_internet.module','media_internet',0),('MediaInternetValidationException','class','sites/all/modules/media/modules/media_internet/media_internet.module','media_internet',0),('MediaInternetYouTubeHandler','class','sites/all/modules/media_youtube/includes/MediaInternetYouTubeHandler.inc','media_youtube',0),('MediaReadOnlyStreamWrapper','class','sites/all/modules/media/includes/MediaReadOnlyStreamWrapper.inc','media',0),('MediaTypeTest','class','sites/all/modules/media/test/media.types.test','media',0),('MediaYouTubeStreamWrapper','class','sites/all/modules/media_youtube/includes/MediaYouTubeStreamWrapper.inc','media_youtube',0),('MediaYouTubeStyles','class','sites/all/modules/media_youtube/includes/MediaYouTubeStyles.inc','media_youtube',0),('MemoryQueue','class','modules/system/system.queue.inc','system',0),('MenuNodeTestCase','class','modules/menu/menu.test','menu',0),('MenuTestCase','class','modules/menu/menu.test','menu',0),('MergeQuery','class','includes/database/query.inc','',0),('MimeMailSystem','class','sites/all/modules/mimemail/includes/mimemail.mail.inc','mimemail',0),('mimemail_compress','class','sites/all/modules/mimemail/modules/mimemail_compress/mimemail_compress.inc','mimemail_compress',0),('ModuleDependencyTestCase','class','modules/system/system.test','system',0),('ModuleRequiredTestCase','class','modules/system/system.test','system',0),('ModuleTestCase','class','modules/system/system.test','system',0),('ModuleUpdater','class','modules/system/system.updater.inc','system',0),('ModuleVersionTestCase','class','modules/system/system.test','system',0),('MultiStepNodeFormBasicOptionsTest','class','modules/node/node.test','node',0),('NewDefaultThemeBlocks','class','modules/block/block.test','block',-5),('NodeAccessRebuildTestCase','class','modules/node/node.test','node',0),('NodeAccessRecordsUnitTest','class','modules/node/node.test','node',0),('NodeAccessUnitTest','class','modules/node/node.test','node',0),('NodeAdminTestCase','class','modules/node/node.test','node',0),('NodeBlockFunctionalTest','class','modules/node/node.test','node',0),('NodeBlockTestCase','class','modules/node/node.test','node',0),('NodeBuildContent','class','modules/node/node.test','node',0),('NodeController','class','modules/node/node.module','node',0),('NodeCreationTestCase','class','modules/node/node.test','node',0),('NodeEntityFieldQueryAlter','class','modules/node/node.test','node',0),('NodeFeedTestCase','class','modules/node/node.test','node',0),('NodeLoadHooksTestCase','class','modules/node/node.test','node',0),('NodeLoadMultipleUnitTest','class','modules/node/node.test','node',0),('NodePostSettingsTestCase','class','modules/node/node.test','node',0),('NodeQueryAlter','class','modules/node/node.test','node',0),('NodeRevisionsTestCase','class','modules/node/node.test','node',0),('NodeRSSContentTestCase','class','modules/node/node.test','node',0),('NodeSaveTestCase','class','modules/node/node.test','node',0),('NodeTitleTestCase','class','modules/node/node.test','node',0),('NodeTitleXSSTestCase','class','modules/node/node.test','node',0),('NodeTokenReplaceTestCase','class','modules/node/node.test','node',0),('NodeTypePersistenceTestCase','class','modules/node/node.test','node',0),('NodeTypeTestCase','class','modules/node/node.test','node',0),('NoFieldsException','class','includes/database/database.inc','',0),('NoHelpTestCase','class','modules/help/help.test','help',0),('NonDefaultBlockAdmin','class','modules/block/block.test','block',-5),('NumberFieldTestCase','class','modules/field/modules/number/number.test','number',0),('OptionsWidgetsTestCase','class','modules/field/modules/options/options.test','options',0),('PageEditTestCase','class','modules/node/node.test','node',0),('PageNotFoundTestCase','class','modules/system/system.test','system',0),('PagePreviewTestCase','class','modules/node/node.test','node',0),('PagerDefault','class','includes/pager.inc','',0),('PageTitleFiltering','class','modules/system/system.test','system',0),('PageViewTestCase','class','modules/node/node.test','node',0),('PanelsLegacyState','class','sites/all/modules/panels/includes/legacy.inc','panels',0),('panels_allowed_layouts','class','sites/all/modules/panels/includes/common.inc','panels',0),('panels_cache_object','class','sites/all/modules/panels/includes/plugins.inc','panels',0),('panels_display','class','sites/all/modules/panels/panels.module','panels',0),('panels_layouts_ui','class','sites/all/modules/panels/plugins/export_ui/panels_layouts_ui.class.php','panels',0),('panels_mini_ui','class','sites/all/modules/panels/panels_mini/plugins/export_ui/panels_mini_ui.class.php','panels_mini',0),('panels_renderer_editor','class','sites/all/modules/panels/plugins/display_renderers/panels_renderer_editor.class.php','panels',0),('panels_renderer_ipe','class','sites/all/modules/panels/panels_ipe/plugins/display_renderers/panels_renderer_ipe.class.php','panels_ipe',0),('panels_renderer_simple','class','sites/all/modules/panels/plugins/display_renderers/panels_renderer_simple.class.php','panels',0),('panels_renderer_standard','class','sites/all/modules/panels/plugins/display_renderers/panels_renderer_standard.class.php','panels',0),('panels_views_plugin_row_fields','class','sites/all/modules/panels/plugins/views/panels_views_plugin_row_fields.inc','panels',0),('PathLanguageTestCase','class','modules/path/path.test','path',0),('PathLanguageUITestCase','class','modules/path/path.test','path',0),('PathMonolingualTestCase','class','modules/path/path.test','path',0),('PathTaxonomyTermTestCase','class','modules/path/path.test','path',0),('PathTestCase','class','modules/path/path.test','path',0),('ProfileBlockTestCase','class','modules/profile/profile.test','profile',0),('ProfileTestAutocomplete','class','modules/profile/profile.test','profile',0),('ProfileTestBrowsing','class','modules/profile/profile.test','profile',0),('ProfileTestCase','class','modules/profile/profile.test','profile',0),('ProfileTestDate','class','modules/profile/profile.test','profile',0),('ProfileTestFields','class','modules/profile/profile.test','profile',0),('ProfileTestSelect','class','modules/profile/profile.test','profile',0),('ProfileTestWeights','class','modules/profile/profile.test','profile',0),('Query','class','includes/database/query.inc','',0),('QueryAlterableInterface','interface','includes/database/query.inc','',0),('QueryConditionInterface','interface','includes/database/query.inc','',0),('QueryExtendableInterface','interface','includes/database/select.inc','',0),('QueryPlaceholderInterface','interface','includes/database/query.inc','',0),('QueueTestCase','class','modules/system/system.test','system',0),('RdfCommentAttributesTestCase','class','modules/rdf/rdf.test','rdf',0),('RdfCrudTestCase','class','modules/rdf/rdf.test','rdf',0),('RdfGetRdfNamespacesTestCase','class','modules/rdf/rdf.test','rdf',0),('RdfMappingDefinitionTestCase','class','modules/rdf/rdf.test','rdf',0),('RdfMappingHookTestCase','class','modules/rdf/rdf.test','rdf',0),('RdfRdfaMarkupTestCase','class','modules/rdf/rdf.test','rdf',0),('RdfTrackerAttributesTestCase','class','modules/rdf/rdf.test','rdf',0),('RetrieveFileTestCase','class','modules/system/system.test','system',0),('Rule','class','sites/all/modules/rules/includes/rules.plugins.inc','rules',0),('RulesAbstractPlugin','class','sites/all/modules/rules/includes/rules.core.inc','rules',0),('RulesAbstractPluginDefaults','class','sites/all/modules/rules/includes/rules.core.inc','rules',0),('RulesAbstractPluginUI','class','sites/all/modules/rules/ui/ui.core.inc','rules',0),('RulesAction','class','sites/all/modules/rules/includes/rules.plugins.inc','rules',0),('RulesActionContainer','class','sites/all/modules/rules/includes/rules.core.inc','rules',0),('RulesActionContainerUI','class','sites/all/modules/rules/ui/ui.core.inc','rules',0),('RulesActionInterface','interface','sites/all/modules/rules/includes/rules.core.inc','rules',0),('RulesActionSet','class','sites/all/modules/rules/includes/rules.plugins.inc','rules',0),('RulesAnd','class','sites/all/modules/rules/includes/rules.plugins.inc','rules',0),('RulesCondition','class','sites/all/modules/rules/includes/rules.plugins.inc','rules',0),('RulesConditionContainer','class','sites/all/modules/rules/includes/rules.core.inc','rules',0),('RulesConditionContainerUI','class','sites/all/modules/rules/ui/ui.core.inc','rules',0),('RulesConditionInterface','interface','sites/all/modules/rules/includes/rules.core.inc','rules',0),('RulesContainerPlugin','class','sites/all/modules/rules/includes/rules.core.inc','rules',0),('RulesContainerPluginUI','class','sites/all/modules/rules/ui/ui.core.inc','rules',0),('RulesData','class','sites/all/modules/rules/includes/rules.state.inc','rules',0),('RulesDataDirectInputFormInterface','interface','sites/all/modules/rules/ui/ui.data.inc','rules',0),('RulesDataInputEvaluator','class','sites/all/modules/rules/includes/rules.processor.inc','rules',0),('RulesDataProcessor','class','sites/all/modules/rules/includes/rules.processor.inc','rules',0),('RulesDataUI','class','sites/all/modules/rules/ui/ui.data.inc','rules',0),('RulesDataUIBoolean','class','sites/all/modules/rules/ui/ui.data.inc','rules',0),('RulesDataUICommercePrice','class','sites/all/modules/commerce/modules/price/commerce_price.rules.inc','commerce_price',0),('RulesDataUIDate','class','sites/all/modules/rules/ui/ui.data.inc','rules',0),('RulesDataUIDecimal','class','sites/all/modules/rules/ui/ui.data.inc','rules',0),('RulesDataUIDuration','class','sites/all/modules/rules/ui/ui.data.inc','rules',0),('RulesDataUIEntity','class','sites/all/modules/rules/ui/ui.data.inc','rules',0),('RulesDataUIEntityExportable','class','sites/all/modules/rules/ui/ui.data.inc','rules',0),('RulesDataUIInteger','class','sites/all/modules/rules/ui/ui.data.inc','rules',0),('RulesDataUIListInteger','class','sites/all/modules/rules/ui/ui.data.inc','rules',0),('RulesDataUIListText','class','sites/all/modules/rules/ui/ui.data.inc','rules',0),('RulesDataUIPaymentSettings','class','sites/all/modules/commerce/modules/payment/commerce_payment.rules.inc','commerce_payment',0),('RulesDataUIShippingSettings','class','sites/all/modules/commerce_shipping/commerce_shipping.rules.inc','commerce_shipping',0),('RulesDataUIText','class','sites/all/modules/rules/ui/ui.data.inc','rules',0),('RulesDataUITextFormatted','class','sites/all/modules/rules/ui/ui.data.inc','rules',0),('RulesDataUITextToken','class','sites/all/modules/rules/ui/ui.data.inc','rules',0),('RulesDataUIURI','class','sites/all/modules/rules/ui/ui.data.inc','rules',0),('RulesDataWrapperSavableInterface','interface','sites/all/modules/rules/includes/rules.state.inc','rules',0),('RulesDateInputEvaluator','class','sites/all/modules/rules/modules/rules_core.eval.inc','rules',0),('RulesDateOffsetProcessor','class','sites/all/modules/rules/modules/rules_core.eval.inc','rules',0),('RulesElementMap','class','sites/all/modules/rules/ui/ui.core.inc','rules',0),('RulesEntityController','class','sites/all/modules/rules/includes/rules.core.inc','rules',0),('RulesEventSet','class','sites/all/modules/rules/includes/rules.plugins.inc','rules',0),('RulesException','class','sites/all/modules/rules/includes/rules.core.inc','rules',0),('RulesExtendable','class','sites/all/modules/rules/includes/rules.core.inc','rules',0),('RulesFeaturesController','class','sites/all/modules/rules/rules.features.inc','rules',0),('RulesIdentifiableDataWrapper','class','sites/all/modules/rules/includes/rules.state.inc','rules',0),('RulesIntegrationTestCase','class','sites/all/modules/rules/tests/rules.test','rules',0),('RulesLog','class','sites/all/modules/rules/includes/rules.core.inc','rules',0),('RulesLoop','class','sites/all/modules/rules/includes/rules.plugins.inc','rules',0),('RulesLoopUI','class','sites/all/modules/rules/ui/ui.plugins.inc','rules',0),('RulesOptimizationInterface','interface','sites/all/modules/rules/includes/rules.core.inc','rules',0),('RulesOr','class','sites/all/modules/rules/includes/rules.plugins.inc','rules',0),('RulesPHPDataProcessor','class','sites/all/modules/rules/modules/php.eval.inc','rules',0),('RulesPHPEvaluator','class','sites/all/modules/rules/modules/php.eval.inc','rules',0),('RulesPlugin','class','sites/all/modules/rules/includes/rules.core.inc','rules',0),('RulesPluginFeaturesIntegrationInterace','interface','sites/all/modules/rules/rules.features.inc','rules',0),('RulesPluginImplInterface','interface','sites/all/modules/rules/includes/rules.core.inc','rules',0),('RulesPluginUI','class','sites/all/modules/rules/ui/ui.core.inc','rules',0),('RulesPluginUIInterface','interface','sites/all/modules/rules/ui/ui.core.inc','rules',0),('RulesReactionRule','class','sites/all/modules/rules/includes/rules.plugins.inc','rules',0),('RulesReactionRuleUI','class','sites/all/modules/rules/ui/ui.plugins.inc','rules',0),('RulesRecursiveElementIterator','class','sites/all/modules/rules/includes/rules.core.inc','rules',0),('RulesRuleSet','class','sites/all/modules/rules/includes/rules.plugins.inc','rules',0),('RulesRuleSetUI','class','sites/all/modules/rules/ui/ui.plugins.inc','rules',0),('RulesRuleUI','class','sites/all/modules/rules/ui/ui.plugins.inc','rules',0),('RulesSchedulerTestCase','class','sites/all/modules/rules/rules_scheduler/rules_scheduler.test','rules_scheduler',0),('RulesState','class','sites/all/modules/rules/includes/rules.state.inc','rules',0),('RulesTaxonomyVocabularyWrapper','class','sites/all/modules/rules/modules/rules_core.eval.inc','rules',0),('RulesTestCase','class','sites/all/modules/rules/tests/rules.test','rules',0),('RulesTestDataCase','class','sites/all/modules/rules/tests/rules.test','rules',0),('RulesTokenEvaluator','class','sites/all/modules/rules/modules/system.eval.inc','rules',0),('RulesTriggerableInterface','interface','sites/all/modules/rules/includes/rules.core.inc','rules',0),('RulesTriggerTestCase','class','sites/all/modules/rules/tests/rules.test','rules',0),('RulesUIController','class','sites/all/modules/rules/ui/ui.controller.inc','rules',0),('RulesURIInputEvaluator','class','sites/all/modules/rules/modules/rules_core.eval.inc','rules',0),('rules_scheduler_views_filter','class','sites/all/modules/rules/rules_scheduler/includes/rules_scheduler_views_filter.inc','rules_scheduler',0),('SearchAdvancedSearchForm','class','modules/search/search.test','search',0),('SearchBlockTestCase','class','modules/search/search.test','search',0),('SearchCommentCountToggleTestCase','class','modules/search/search.test','search',0),('SearchCommentTestCase','class','modules/search/search.test','search',0),('SearchConfigSettingsForm','class','modules/search/search.test','search',0),('SearchEmbedForm','class','modules/search/search.test','search',0),('SearchExactTestCase','class','modules/search/search.test','search',0),('SearchExcerptTestCase','class','modules/search/search.test','search',0),('SearchExpressionInsertExtractTestCase','class','modules/search/search.test','search',0),('SearchKeywordsConditions','class','modules/search/search.test','search',0),('SearchLanguageTestCase','class','modules/search/search.test','search',0),('SearchMatchTestCase','class','modules/search/search.test','search',0),('SearchNumberMatchingTestCase','class','modules/search/search.test','search',0),('SearchNumbersTestCase','class','modules/search/search.test','search',0),('SearchPageOverride','class','modules/search/search.test','search',0),('SearchPageText','class','modules/search/search.test','search',0),('SearchQuery','class','modules/search/search.extender.inc','search',0),('SearchRankingTestCase','class','modules/search/search.test','search',0),('SearchSimplifyTestCase','class','modules/search/search.test','search',0),('SearchTokenizerTestCase','class','modules/search/search.test','search',0),('SelectQuery','class','includes/database/select.inc','',0),('SelectQueryExtender','class','includes/database/select.inc','',0),('SelectQueryInterface','interface','includes/database/select.inc','',0),('SelectQuery_pgsql','class','includes/database/pgsql/select.inc','',0),('SelectQuery_sqlite','class','includes/database/sqlite/select.inc','',0),('ShortcutLinksTestCase','class','modules/shortcut/shortcut.test','shortcut',0),('ShortcutSetsTestCase','class','modules/shortcut/shortcut.test','shortcut',0),('ShortcutTestCase','class','modules/shortcut/shortcut.test','shortcut',0),('ShutdownFunctionsTest','class','modules/system/system.test','system',0),('SiteMaintenanceTestCase','class','modules/system/system.test','system',0),('SkipDotsRecursiveDirectoryIterator','class','includes/filetransfer/filetransfer.inc','',0),('StreamWrapperInterface','interface','includes/stream_wrappers.inc','',0),('stylizer_ui','class','sites/all/modules/ctools/stylizer/plugins/export_ui/stylizer_ui.class.php','stylizer',0),('SummaryLengthTestCase','class','modules/node/node.test','node',0),('SystemAdminTestCase','class','modules/system/system.test','system',0),('SystemAuthorizeCase','class','modules/system/system.test','system',0),('SystemBlockTestCase','class','modules/system/system.test','system',0),('SystemIndexPhpTest','class','modules/system/system.test','system',0),('SystemInfoAlterTestCase','class','modules/system/system.test','system',0),('SystemMainContentFallback','class','modules/system/system.test','system',0),('SystemQueue','class','modules/system/system.queue.inc','system',0),('SystemThemeFunctionalTest','class','modules/system/system.test','system',0),('TableSort','class','includes/tablesort.inc','',0),('TaxonomyHooksTestCase','class','modules/taxonomy/taxonomy.test','taxonomy',0),('TaxonomyLegacyTestCase','class','modules/taxonomy/taxonomy.test','taxonomy',0),('TaxonomyLoadMultipleUnitTest','class','modules/taxonomy/taxonomy.test','taxonomy',0),('TaxonomyTermController','class','modules/taxonomy/taxonomy.module','taxonomy',0),('TaxonomyTermFieldTestCase','class','modules/taxonomy/taxonomy.test','taxonomy',0),('TaxonomyTermTestCase','class','modules/taxonomy/taxonomy.test','taxonomy',0),('TaxonomyTermUnitTest','class','modules/taxonomy/taxonomy.test','taxonomy',0),('TaxonomyThemeTestCase','class','modules/taxonomy/taxonomy.test','taxonomy',0),('TaxonomyTokenReplaceTestCase','class','modules/taxonomy/taxonomy.test','taxonomy',0),('TaxonomyVocabularyController','class','modules/taxonomy/taxonomy.module','taxonomy',0),('TaxonomyVocabularyFunctionalTest','class','modules/taxonomy/taxonomy.test','taxonomy',0),('TaxonomyVocabularyUnitTest','class','modules/taxonomy/taxonomy.test','taxonomy',0),('TaxonomyWebTestCase','class','modules/taxonomy/taxonomy.test','taxonomy',0),('TestingMailSystem','class','modules/system/system.mail.inc','system',0),('TextFieldTestCase','class','modules/field/modules/text/text.test','text',0),('TextSummaryTestCase','class','modules/field/modules/text/text.test','text',0),('TextTranslationTestCase','class','modules/field/modules/text/text.test','text',0),('ThemeUpdater','class','modules/system/system.updater.inc','system',0),('TokenArrayTestCase','class','sites/all/modules/token/token.test','token',0),('TokenCommentTestCase','class','sites/all/modules/token/token.test','token',0),('TokenCurrentPageTestCase','class','sites/all/modules/token/token.test','token',0),('TokenEntityTestCase','class','sites/all/modules/token/token.test','token',0),('TokenMenuTestCase','class','sites/all/modules/token/token.test','token',0),('TokenNodeTestCase','class','sites/all/modules/token/token.test','token',0),('TokenProfileTestCase','class','sites/all/modules/token/token.test','token',0),('TokenReplaceTestCase','class','modules/system/system.test','system',0),('TokenTaxonomyTestCase','class','sites/all/modules/token/token.test','token',0),('TokenTestHelper','class','sites/all/modules/token/token.test','token',0),('TokenUnitTestCase','class','sites/all/modules/token/token.test','token',0),('TokenURLTestCase','class','sites/all/modules/token/token.test','token',0),('TokenUserTestCase','class','sites/all/modules/token/token.test','token',0),('TriggerActionTestCase','class','modules/trigger/trigger.test','trigger',0),('TriggerContentTestCase','class','modules/trigger/trigger.test','trigger',0),('TriggerCronTestCase','class','modules/trigger/trigger.test','trigger',0),('TriggerOrphanedActionsTestCase','class','modules/trigger/trigger.test','trigger',0),('TriggerOtherTestCase','class','modules/trigger/trigger.test','trigger',0),('TriggerUserActionTestCase','class','modules/trigger/trigger.test','trigger',0),('TriggerUserTokenTestCase','class','modules/trigger/trigger.test','trigger',0),('TriggerWebTestCase','class','modules/trigger/trigger.test','trigger',0),('TruncateQuery','class','includes/database/query.inc','',0),('TruncateQuery_mysql','class','includes/database/mysql/query.inc','',0),('TruncateQuery_sqlite','class','includes/database/sqlite/query.inc','',0),('UpdateCoreTestCase','class','modules/update/update.test','update',0),('UpdateQuery','class','includes/database/query.inc','',0),('UpdateQuery_pgsql','class','includes/database/pgsql/query.inc','',0),('UpdateQuery_sqlite','class','includes/database/sqlite/query.inc','',0),('Updater','class','includes/updater.inc','',0),('UpdaterException','class','includes/updater.inc','',0),('UpdaterFileTransferException','class','includes/updater.inc','',0),('UpdateScriptFunctionalTest','class','modules/system/system.test','system',0),('UpdateTestContribCase','class','modules/update/update.test','update',0),('UpdateTestHelper','class','modules/update/update.test','update',0),('UpdateTestUploadCase','class','modules/update/update.test','update',0),('UserAccountLinksUnitTests','class','modules/user/user.test','user',0),('UserAdminTestCase','class','modules/user/user.test','user',0),('UserAuthmapAssignmentTestCase','class','modules/user/user.test','user',0),('UserAutocompleteTestCase','class','modules/user/user.test','user',0),('UserBlocksUnitTests','class','modules/user/user.test','user',0),('UserCancelTestCase','class','modules/user/user.test','user',0),('UserController','class','modules/user/user.module','user',0),('UserCreateTestCase','class','modules/user/user.test','user',0),('UserEditedOwnAccountTestCase','class','modules/user/user.test','user',0),('UserEditTestCase','class','modules/user/user.test','user',0),('UserLoginTestCase','class','modules/user/user.test','user',0),('UserPermissionsTestCase','class','modules/user/user.test','user',0),('UserPictureTestCase','class','modules/user/user.test','user',0),('UserRegistrationTestCase','class','modules/user/user.test','user',0),('UserRoleAdminTestCase','class','modules/user/user.test','user',0),('UserRolesAssignmentTestCase','class','modules/user/user.test','user',0),('UserSaveTestCase','class','modules/user/user.test','user',0),('UserSignatureTestCase','class','modules/user/user.test','user',0),('UserTimeZoneFunctionalTest','class','modules/user/user.test','user',0),('UserTokenReplaceTestCase','class','modules/user/user.test','user',0),('UserUserSearchTestCase','class','modules/user/user.test','user',0),('UserValidateCurrentPassCustomForm','class','modules/user/user.test','user',0),('UserValidationTestCase','class','modules/user/user.test','user',0),('view','class','sites/all/modules/views/includes/view.inc','views',0),('ViewsAccessTest','class','sites/all/modules/views/tests/views_access.test','views',0),('ViewsAnalyzeTest','class','sites/all/modules/views/tests/views_analyze.test','views',0),('ViewsArgumentDefaultTest','class','sites/all/modules/views/tests/views_argument_default.test','views',0),('viewsArgumentValidatorTest','class','sites/all/modules/views/tests/views_argument_validator.test','views',0),('ViewsBasicTest','class','sites/all/modules/views/tests/views_basic.test','views',0),('ViewsCacheTest','class','sites/all/modules/views/tests/views_cache.test','views',0),('ViewsExposedFormTest','class','sites/all/modules/views/tests/views_exposed_form.test','views',0),('ViewsGlossaryTestCase','class','sites/all/modules/views/tests/views_glossary.test','views',0),('ViewsHandlerAreaTextTest','class','sites/all/modules/views/tests/handlers/views_handler_area_text.test','views',0),('ViewsHandlerArgumentNullTest','class','sites/all/modules/views/tests/handlers/views_handler_argument_null.test','views',0),('ViewsHandlerFieldBooleanTest','class','sites/all/modules/views/tests/handlers/views_handler_field_boolean.test','views',0),('ViewsHandlerFieldCustomTest','class','sites/all/modules/views/tests/handlers/views_handler_field_custom.test','views',0),('ViewsHandlerFieldDateTest','class','sites/all/modules/views/tests/handlers/views_handler_field_date.test','views',0),('ViewsHandlerFieldMath','class','sites/all/modules/views/tests/handlers/views_handler_field_math.test','views',0),('ViewsHandlerFieldUrlTest','class','sites/all/modules/views/tests/handlers/views_handler_field_url.test','views',0),('viewsHandlerFilterCounterTest','class','sites/all/modules/views/tests/handlers/views_handler_field_counter.test','views',0),('ViewsHandlerFilterDateTest','class','sites/all/modules/views/tests/handlers/views_handler_filter_date.test','views',0),('viewsHandlerFilterEqualityTest','class','sites/all/modules/views/tests/handlers/views_handler_filter_equality.test','views',0),('ViewsHandlerFilterInOperator','class','sites/all/modules/views/tests/handlers/views_handler_filter_in_operator.test','views',0),('viewsHandlerFilterNumericTest','class','sites/all/modules/views/tests/handlers/views_handler_filter_numeric.test','views',0),('viewsHandlerFilterStringTest','class','sites/all/modules/views/tests/handlers/views_handler_filter_string.test','views',0),('ViewsHandlerSortDateTest','class','sites/all/modules/views/tests/handlers/views_handler_sort_date.test','views',0),('ViewsHandlerSortRandomTest','class','sites/all/modules/views/tests/handlers/views_handler_sort_random.test','views',0),('ViewsHandlerSortTest','class','sites/all/modules/views/tests/handlers/views_handler_sort.test','views',0),('ViewsHandlersTest','class','sites/all/modules/views/tests/views_handlers.test','views',0),('ViewsHandlerTestFileSize','class','sites/all/modules/views/tests/handlers/views_handler_field_file_size.test','views',0),('ViewsHandlerTestXss','class','sites/all/modules/views/tests/handlers/views_handler_field_xss.test','views',0),('viewsModuleTest','class','sites/all/modules/views/tests/views_module.test','views',0),('ViewsPagerTest','class','sites/all/modules/views/tests/views_pager.test','views',0),('ViewsQueryGroupByTest','class','sites/all/modules/views/tests/views_groupby.test','views',0),('viewsSearchQuery','class','sites/all/modules/views/modules/search/views_handler_filter_search.inc','views',0),('ViewsSqlTest','class','sites/all/modules/views/tests/views_query.test','views',0),('ViewsTestCase','class','sites/all/modules/views/tests/views_query.test','views',0),('viewsTranslatableTest','class','sites/all/modules/views/tests/views_translatable.test','views',0),('ViewsUiBaseViewsWizard','class','sites/all/modules/views/plugins/views_wizard/views_ui_base_views_wizard.class.php','views_ui',0),('ViewsUiCommentViewsWizard','class','sites/all/modules/views/plugins/views_wizard/views_ui_comment_views_wizard.class.php','views_ui',0),('ViewsUiFileManagedViewsWizard','class','sites/all/modules/views/plugins/views_wizard/views_ui_file_managed_views_wizard.class.php','views_ui',0),('ViewsUiNodeRevisionViewsWizard','class','sites/all/modules/views/plugins/views_wizard/views_ui_node_revision_views_wizard.class.php','views_ui',0),('ViewsUiNodeViewsWizard','class','sites/all/modules/views/plugins/views_wizard/views_ui_node_views_wizard.class.php','views_ui',0),('ViewsUiTaxonomyTermViewsWizard','class','sites/all/modules/views/plugins/views_wizard/views_ui_taxonomy_term_views_wizard.class.php','views_ui',0),('ViewsUiUsersViewsWizard','class','sites/all/modules/views/plugins/views_wizard/views_ui_users_views_wizard.class.php','views_ui',0),('ViewsUIWizardBasicTestCase','class','sites/all/modules/views/tests/views_ui.test','views',0),('ViewsUIWizardDefaultViewsTestCase','class','sites/all/modules/views/tests/views_ui.test','views',0),('ViewsUIWizardHelper','class','sites/all/modules/views/tests/views_ui.test','views',0),('ViewsUIWizardItemsPerPageTestCase','class','sites/all/modules/views/tests/views_ui.test','views',0),('ViewsUIWizardJumpMenuTestCase','class','sites/all/modules/views/tests/views_ui.test','views',0),('ViewsUIWizardMenuTestCase','class','sites/all/modules/views/tests/views_ui.test','views',0),('ViewsUIWizardOverrideDisplaysTestCase','class','sites/all/modules/views/tests/views_ui.test','views',0),('ViewsUIWizardSortingTestCase','class','sites/all/modules/views/tests/views_ui.test','views',0),('ViewsUIWizardTaggedWithTestCase','class','sites/all/modules/views/tests/views_ui.test','views',0),('viewsUpgradeTestCase','class','sites/all/modules/views/tests/views_upgrade.test','views',0),('viewsUserArgumentDefault','class','sites/all/modules/views/tests/user/views_user_argument_default.test','views',0),('viewsUserArgumentValidate','class','sites/all/modules/views/tests/user/views_user_argument_validate.test','views',0),('viewsViewTest','class','sites/all/modules/views/tests/views_view.test','views',0),('ViewsWizardException','class','sites/all/modules/views/plugins/views_wizard/views_ui_base_views_wizard.class.php','views_ui',0),('ViewsWizardInterface','interface','sites/all/modules/views/plugins/views_wizard/views_ui_base_views_wizard.class.php','views_ui',0),('views_append_handler_append_view','class','sites/all/modules/views_pdf/modules/views_append/views_append_handler_append_view.inc','views_append',0),('views_content_plugin_display_ctools_context','class','sites/all/modules/ctools/views_content/plugins/views/views_content_plugin_display_ctools_context.inc','views_content',0),('views_content_plugin_display_panel_pane','class','sites/all/modules/ctools/views_content/plugins/views/views_content_plugin_display_panel_pane.inc','views_content',0),('views_content_plugin_style_ctools_context','class','sites/all/modules/ctools/views_content/plugins/views/views_content_plugin_style_ctools_context.inc','views_content',0),('views_db_object','class','sites/all/modules/views/includes/view.inc','views',0),('views_display','class','sites/all/modules/views/includes/view.inc','views',0),('views_field_view_handler_field_view','class','sites/all/modules/views_field_view/views_field_view_handler_field_view.inc','views_field_view',0),('views_handler','class','sites/all/modules/views/includes/handlers.inc','views',0),('views_handler_area','class','sites/all/modules/views/handlers/views_handler_area.inc','views',0),('views_handler_area_broken','class','sites/all/modules/views/handlers/views_handler_area.inc','views',0),('views_handler_area_text','class','sites/all/modules/views/handlers/views_handler_area_text.inc','views',0),('views_handler_area_view','class','sites/all/modules/views/handlers/views_handler_area_view.inc','views',0),('views_handler_argument','class','sites/all/modules/views/handlers/views_handler_argument.inc','views',0),('views_handler_argument_aggregator_category_cid','class','sites/all/modules/views/modules/aggregator/views_handler_argument_aggregator_category_cid.inc','views',0),('views_handler_argument_aggregator_fid','class','sites/all/modules/views/modules/aggregator/views_handler_argument_aggregator_fid.inc','views',0),('views_handler_argument_aggregator_iid','class','sites/all/modules/views/modules/aggregator/views_handler_argument_aggregator_iid.inc','views',0),('views_handler_argument_broken','class','sites/all/modules/views/handlers/views_handler_argument.inc','views',0),('views_handler_argument_comment_user_uid','class','sites/all/modules/views/modules/comment/views_handler_argument_comment_user_uid.inc','views',0),('views_handler_argument_date','class','sites/all/modules/views/handlers/views_handler_argument_date.inc','views',0),('views_handler_argument_file_fid','class','sites/all/modules/views/modules/system/views_handler_argument_file_fid.inc','views',0),('views_handler_argument_formula','class','sites/all/modules/views/handlers/views_handler_argument_formula.inc','views',0),('views_handler_argument_group_by_numeric','class','sites/all/modules/views/handlers/views_handler_argument_group_by_numeric.inc','views',0),('views_handler_argument_locale_group','class','sites/all/modules/views/modules/locale/views_handler_argument_locale_group.inc','views',0),('views_handler_argument_locale_language','class','sites/all/modules/views/modules/locale/views_handler_argument_locale_language.inc','views',0),('views_handler_argument_many_to_one','class','sites/all/modules/views/handlers/views_handler_argument_many_to_one.inc','views',0),('views_handler_argument_node_created_day','class','sites/all/modules/views/modules/node/views_handler_argument_dates_various.inc','views',0),('views_handler_argument_node_created_fulldate','class','sites/all/modules/views/modules/node/views_handler_argument_dates_various.inc','views',0),('views_handler_argument_node_created_month','class','sites/all/modules/views/modules/node/views_handler_argument_dates_various.inc','views',0),('views_handler_argument_node_created_week','class','sites/all/modules/views/modules/node/views_handler_argument_dates_various.inc','views',0),('views_handler_argument_node_created_year','class','sites/all/modules/views/modules/node/views_handler_argument_dates_various.inc','views',0),('views_handler_argument_node_created_year_month','class','sites/all/modules/views/modules/node/views_handler_argument_dates_various.inc','views',0),('views_handler_argument_node_language','class','sites/all/modules/views/modules/node/views_handler_argument_node_language.inc','views',0),('views_handler_argument_node_nid','class','sites/all/modules/views/modules/node/views_handler_argument_node_nid.inc','views',0),('views_handler_argument_node_tnid','class','sites/all/modules/views/modules/translation/views_handler_argument_node_tnid.inc','views',0),('views_handler_argument_node_type','class','sites/all/modules/views/modules/node/views_handler_argument_node_type.inc','views',0),('views_handler_argument_node_vid','class','sites/all/modules/views/modules/node/views_handler_argument_node_vid.inc','views',0),('views_handler_argument_null','class','sites/all/modules/views/handlers/views_handler_argument_null.inc','views',0),('views_handler_argument_numeric','class','sites/all/modules/views/handlers/views_handler_argument_numeric.inc','views',0),('views_handler_argument_search','class','sites/all/modules/views/modules/search/views_handler_argument_search.inc','views',0),('views_handler_argument_string','class','sites/all/modules/views/handlers/views_handler_argument_string.inc','views',0),('views_handler_argument_taxonomy','class','sites/all/modules/views/modules/taxonomy/views_handler_argument_taxonomy.inc','views',0),('views_handler_argument_term_node_tid','class','sites/all/modules/views/modules/taxonomy/views_handler_argument_term_node_tid.inc','views',0),('views_handler_argument_term_node_tid_depth','class','sites/all/modules/views/modules/taxonomy/views_handler_argument_term_node_tid_depth.inc','views',0),('views_handler_argument_term_node_tid_depth_modifier','class','sites/all/modules/views/modules/taxonomy/views_handler_argument_term_node_tid_depth_modifier.inc','views',0),('views_handler_argument_users_roles_rid','class','sites/all/modules/views/modules/user/views_handler_argument_users_roles_rid.inc','views',0),('views_handler_argument_user_uid','class','sites/all/modules/views/modules/user/views_handler_argument_user_uid.inc','views',0),('views_handler_argument_vocabulary_vid','class','sites/all/modules/views/modules/taxonomy/views_handler_argument_vocabulary_vid.inc','views',0),('views_handler_field','class','sites/all/modules/views/handlers/views_handler_field.inc','views',0),('views_handler_field_accesslog_path','class','sites/all/modules/views/modules/statistics/views_handler_field_accesslog_path.inc','views',0),('views_handler_field_aggregator_category','class','sites/all/modules/views/modules/aggregator/views_handler_field_aggregator_category.inc','views',0),('views_handler_field_aggregator_title_link','class','sites/all/modules/views/modules/aggregator/views_handler_field_aggregator_title_link.inc','views',0),('views_handler_field_aggregator_xss','class','sites/all/modules/views/modules/aggregator/views_handler_field_aggregator_xss.inc','views',0),('views_handler_field_boolean','class','sites/all/modules/views/handlers/views_handler_field_boolean.inc','views',0),('views_handler_field_broken','class','sites/all/modules/views/handlers/views_handler_field.inc','views',0),('views_handler_field_comment','class','sites/all/modules/views/modules/comment/views_handler_field_comment.inc','views',0),('views_handler_field_comment_depth','class','sites/all/modules/views/modules/comment/views_handler_field_comment_depth.inc','views',0),('views_handler_field_comment_link','class','sites/all/modules/views/modules/comment/views_handler_field_comment_link.inc','views',0),('views_handler_field_comment_link_delete','class','sites/all/modules/views/modules/comment/views_handler_field_comment_link_delete.inc','views',0),('views_handler_field_comment_link_edit','class','sites/all/modules/views/modules/comment/views_handler_field_comment_link_edit.inc','views',0),('views_handler_field_comment_link_reply','class','sites/all/modules/views/modules/comment/views_handler_field_comment_link_reply.inc','views',0),('views_handler_field_comment_node_link','class','sites/all/modules/views/modules/comment/views_handler_field_comment_node_link.inc','views',0),('views_handler_field_comment_username','class','sites/all/modules/views/modules/comment/views_handler_field_comment_username.inc','views',0),('views_handler_field_contact_link','class','sites/all/modules/views/modules/contact/views_handler_field_contact_link.inc','views',0),('views_handler_field_counter','class','sites/all/modules/views/handlers/views_handler_field_counter.inc','views',0),('views_handler_field_custom','class','sites/all/modules/views/handlers/views_handler_field_custom.inc','views',0),('views_handler_field_date','class','sites/all/modules/views/handlers/views_handler_field_date.inc','views',0),('views_handler_field_field','class','sites/all/modules/views/modules/field/views_handler_field_field.inc','views',0),('views_handler_field_file','class','sites/all/modules/views/modules/system/views_handler_field_file.inc','views',0),('views_handler_field_file_extension','class','sites/all/modules/views/modules/system/views_handler_field_file_extension.inc','views',0),('views_handler_field_file_filemime','class','sites/all/modules/views/modules/system/views_handler_field_file_filemime.inc','views',0),('views_handler_field_file_size','class','sites/all/modules/views/handlers/views_handler_field.inc','views',0),('views_handler_field_file_status','class','sites/all/modules/views/modules/system/views_handler_field_file_status.inc','views',0),('views_handler_field_file_uri','class','sites/all/modules/views/modules/system/views_handler_field_file_uri.inc','views',0),('views_handler_field_filter_format_name','class','sites/all/modules/views/modules/filter/views_handler_field_filter_format_name.inc','views',0),('views_handler_field_group_by_numeric','class','sites/all/modules/views/handlers/views_handler_field_group_by_numeric.inc','views',0),('views_handler_field_history_user_timestamp','class','sites/all/modules/views/modules/node/views_handler_field_history_user_timestamp.inc','views',0),('views_handler_field_last_comment_timestamp','class','sites/all/modules/views/modules/comment/views_handler_field_last_comment_timestamp.inc','views',0),('views_handler_field_locale_group','class','sites/all/modules/views/modules/locale/views_handler_field_locale_group.inc','views',0),('views_handler_field_locale_language','class','sites/all/modules/views/modules/locale/views_handler_field_locale_language.inc','views',0),('views_handler_field_locale_link_edit','class','sites/all/modules/views/modules/locale/views_handler_field_locale_link_edit.inc','views',0),('views_handler_field_markup','class','sites/all/modules/views/handlers/views_handler_field_markup.inc','views',0),('views_handler_field_math','class','sites/all/modules/views/handlers/views_handler_field_math.inc','views',0),('views_handler_field_ncs_last_comment_name','class','sites/all/modules/views/modules/comment/views_handler_field_ncs_last_comment_name.inc','views',0),('views_handler_field_ncs_last_updated','class','sites/all/modules/views/modules/comment/views_handler_field_ncs_last_updated.inc','views',0),('views_handler_field_node','class','sites/all/modules/views/modules/node/views_handler_field_node.inc','views',0),('views_handler_field_node_comment','class','sites/all/modules/views/modules/comment/views_handler_field_node_comment.inc','views',0),('views_handler_field_node_language','class','sites/all/modules/views/modules/translation/views_handler_field_node_language.inc','views',0),('views_handler_field_node_link','class','sites/all/modules/views/modules/node/views_handler_field_node_link.inc','views',0),('views_handler_field_node_link_delete','class','sites/all/modules/views/modules/node/views_handler_field_node_link_delete.inc','views',0),('views_handler_field_node_link_edit','class','sites/all/modules/views/modules/node/views_handler_field_node_link_edit.inc','views',0),('views_handler_field_node_link_translate','class','sites/all/modules/views/modules/translation/views_handler_field_node_link_translate.inc','views',0),('views_handler_field_node_new_comments','class','sites/all/modules/views/modules/comment/views_handler_field_node_new_comments.inc','views',0),('views_handler_field_node_path','class','sites/all/modules/views/modules/node/views_handler_field_node_path.inc','views',0),('views_handler_field_node_revision','class','sites/all/modules/views/modules/node/views_handler_field_node_revision.inc','views',0),('views_handler_field_node_revision_link_delete','class','sites/all/modules/views/modules/node/views_handler_field_node_revision_link_delete.inc','views',0),('views_handler_field_node_revision_link_revert','class','sites/all/modules/views/modules/node/views_handler_field_node_revision_link_revert.inc','views',0),('views_handler_field_node_translation_link','class','sites/all/modules/views/modules/translation/views_handler_field_node_translation_link.inc','views',0),('views_handler_field_node_type','class','sites/all/modules/views/modules/node/views_handler_field_node_type.inc','views',0),('views_handler_field_numeric','class','sites/all/modules/views/handlers/views_handler_field_numeric.inc','views',0),('views_handler_field_prerender_list','class','sites/all/modules/views/handlers/views_handler_field_prerender_list.inc','views',0),('views_handler_field_profile_date','class','sites/all/modules/views/modules/profile/views_handler_field_profile_date.inc','views',0),('views_handler_field_profile_list','class','sites/all/modules/views/modules/profile/views_handler_field_profile_list.inc','views',0),('views_handler_field_search_score','class','sites/all/modules/views/modules/search/views_handler_field_search_score.inc','views',0),('views_handler_field_serialized','class','sites/all/modules/views/handlers/views_handler_field_serialized.inc','views',0),('views_handler_field_taxonomy','class','sites/all/modules/views/modules/taxonomy/views_handler_field_taxonomy.inc','views',0),('views_handler_field_term_link_edit','class','sites/all/modules/views/modules/taxonomy/views_handler_field_term_link_edit.inc','views',0),('views_handler_field_term_node_tid','class','sites/all/modules/views/modules/taxonomy/views_handler_field_term_node_tid.inc','views',0),('views_handler_field_time_interval','class','sites/all/modules/views/handlers/views_handler_field_time_interval.inc','views',0),('views_handler_field_upload_description','class','sites/all/modules/views/modules/upload/views_handler_field_upload_description.inc','views',0),('views_handler_field_upload_fid','class','sites/all/modules/views/modules/upload/views_handler_field_upload_fid.inc','views',0),('views_handler_field_url','class','sites/all/modules/views/handlers/views_handler_field_url.inc','views',0),('views_handler_field_user','class','sites/all/modules/views/modules/user/views_handler_field_user.inc','views',0),('views_handler_field_user_language','class','sites/all/modules/views/modules/user/views_handler_field_user_language.inc','views',0),('views_handler_field_user_link','class','sites/all/modules/views/modules/user/views_handler_field_user_link.inc','views',0),('views_handler_field_user_link_cancel','class','sites/all/modules/views/modules/user/views_handler_field_user_link_cancel.inc','views',0),('views_handler_field_user_link_edit','class','sites/all/modules/views/modules/user/views_handler_field_user_link_edit.inc','views',0),('views_handler_field_user_mail','class','sites/all/modules/views/modules/user/views_handler_field_user_mail.inc','views',0),('views_handler_field_user_name','class','sites/all/modules/views/modules/user/views_handler_field_user_name.inc','views',0),('views_handler_field_user_picture','class','sites/all/modules/views/modules/user/views_handler_field_user_picture.inc','views',0),('views_handler_field_user_roles','class','sites/all/modules/views/modules/user/views_handler_field_user_roles.inc','views',0),('views_handler_field_xss','class','sites/all/modules/views/handlers/views_handler_field.inc','views',0),('views_handler_filter','class','sites/all/modules/views/handlers/views_handler_filter.inc','views',0),('views_handler_filter_aggregator_category_cid','class','sites/all/modules/views/modules/aggregator/views_handler_filter_aggregator_category_cid.inc','views',0),('views_handler_filter_boolean_operator','class','sites/all/modules/views/handlers/views_handler_filter_boolean_operator.inc','views',0),('views_handler_filter_boolean_operator_string','class','sites/all/modules/views/handlers/views_handler_filter_boolean_operator_string.inc','views',0),('views_handler_filter_broken','class','sites/all/modules/views/handlers/views_handler_filter.inc','views',0),('views_handler_filter_comment_user_uid','class','sites/all/modules/views/modules/comment/views_handler_filter_comment_user_uid.inc','views',0),('views_handler_filter_date','class','sites/all/modules/views/handlers/views_handler_filter_date.inc','views',0),('views_handler_filter_equality','class','sites/all/modules/views/handlers/views_handler_filter_equality.inc','views',0),('views_handler_filter_field_list','class','sites/all/modules/views/modules/field/views_handler_filter_field_list.inc','views',0),('views_handler_filter_file_status','class','sites/all/modules/views/modules/system/views_handler_filter_file_status.inc','views',0),('views_handler_filter_group_by_numeric','class','sites/all/modules/views/handlers/views_handler_filter_group_by_numeric.inc','views',0),('views_handler_filter_history_user_timestamp','class','sites/all/modules/views/modules/node/views_handler_filter_history_user_timestamp.inc','views',0),('views_handler_filter_in_operator','class','sites/all/modules/views/handlers/views_handler_filter_in_operator.inc','views',0),('views_handler_filter_locale_group','class','sites/all/modules/views/modules/locale/views_handler_filter_locale_group.inc','views',0),('views_handler_filter_locale_language','class','sites/all/modules/views/modules/locale/views_handler_filter_locale_language.inc','views',0),('views_handler_filter_locale_version','class','sites/all/modules/views/modules/locale/views_handler_filter_locale_version.inc','views',0),('views_handler_filter_many_to_one','class','sites/all/modules/views/handlers/views_handler_filter_many_to_one.inc','views',0),('views_handler_filter_ncs_last_updated','class','sites/all/modules/views/modules/comment/views_handler_filter_ncs_last_updated.inc','views',0),('views_handler_filter_node_access','class','sites/all/modules/views/modules/node/views_handler_filter_node_access.inc','views',0),('views_handler_filter_node_comment','class','sites/all/modules/views/modules/comment/views_handler_filter_node_comment.inc','views',0),('views_handler_filter_node_language','class','sites/all/modules/views/modules/translation/views_handler_filter_node_language.inc','views',0),('views_handler_filter_node_status','class','sites/all/modules/views/modules/node/views_handler_filter_node_status.inc','views',0),('views_handler_filter_node_tnid','class','sites/all/modules/views/modules/translation/views_handler_filter_node_tnid.inc','views',0),('views_handler_filter_node_tnid_child','class','sites/all/modules/views/modules/translation/views_handler_filter_node_tnid_child.inc','views',0),('views_handler_filter_node_type','class','sites/all/modules/views/modules/node/views_handler_filter_node_type.inc','views',0),('views_handler_filter_numeric','class','sites/all/modules/views/handlers/views_handler_filter_numeric.inc','views',0),('views_handler_filter_profile_selection','class','sites/all/modules/views/modules/profile/views_handler_filter_profile_selection.inc','views',0),('views_handler_filter_search','class','sites/all/modules/views/modules/search/views_handler_filter_search.inc','views',0),('views_handler_filter_string','class','sites/all/modules/views/handlers/views_handler_filter_string.inc','views',0),('views_handler_filter_system_type','class','sites/all/modules/views/modules/system/views_handler_filter_system_type.inc','views',0),('views_handler_filter_term_node_tid','class','sites/all/modules/views/modules/taxonomy/views_handler_filter_term_node_tid.inc','views',0),('views_handler_filter_term_node_tid_depth','class','sites/all/modules/views/modules/taxonomy/views_handler_filter_term_node_tid_depth.inc','views',0),('views_handler_filter_upload_fid','class','sites/all/modules/views/modules/upload/views_handler_filter_upload_fid.inc','views',0),('views_handler_filter_user_current','class','sites/all/modules/views/modules/user/views_handler_filter_user_current.inc','views',0),('views_handler_filter_user_name','class','sites/all/modules/views/modules/user/views_handler_filter_user_name.inc','views',0),('views_handler_filter_user_roles','class','sites/all/modules/views/modules/user/views_handler_filter_user_roles.inc','views',0),('views_handler_filter_vocabulary_machine_name','class','sites/all/modules/views/modules/taxonomy/views_handler_filter_vocabulary_machine_name.inc','views',0),('views_handler_filter_vocabulary_vid','class','sites/all/modules/views/modules/taxonomy/views_handler_filter_vocabulary_vid.inc','views',0),('views_handler_relationship','class','sites/all/modules/views/handlers/views_handler_relationship.inc','views',0),('views_handler_relationship_broken','class','sites/all/modules/views/handlers/views_handler_relationship.inc','views',0),('views_handler_relationship_node_term_data','class','sites/all/modules/views/modules/taxonomy/views_handler_relationship_node_term_data.inc','views',0),('views_handler_relationship_translation','class','sites/all/modules/views/modules/translation/views_handler_relationship_translation.inc','views',0),('views_handler_sort','class','sites/all/modules/views/handlers/views_handler_sort.inc','views',0),('views_handler_sort_broken','class','sites/all/modules/views/handlers/views_handler_sort.inc','views',0),('views_handler_sort_comment_thread','class','sites/all/modules/views/modules/comment/views_handler_sort_comment_thread.inc','views',0),('views_handler_sort_date','class','sites/all/modules/views/handlers/views_handler_sort_date.inc','views',0),('views_handler_sort_group_by_numeric','class','sites/all/modules/views/handlers/views_handler_sort_group_by_numeric.inc','views',0),('views_handler_sort_menu_hierarchy','class','sites/all/modules/views/handlers/views_handler_sort_menu_hierarchy.inc','views',0),('views_handler_sort_ncs_last_comment_name','class','sites/all/modules/views/modules/comment/views_handler_sort_ncs_last_comment_name.inc','views',0),('views_handler_sort_ncs_last_updated','class','sites/all/modules/views/modules/comment/views_handler_sort_ncs_last_updated.inc','views',0),('views_handler_sort_random','class','sites/all/modules/views/handlers/views_handler_sort_random.inc','views',0),('views_handler_sort_search_score','class','sites/all/modules/views/modules/search/views_handler_sort_search_score.inc','views',0),('views_join','class','sites/all/modules/views/includes/handlers.inc','views',0),('views_many_to_one_helper','class','sites/all/modules/views/includes/handlers.inc','views',0),('views_object','class','sites/all/modules/views/includes/base.inc','views',0),('views_pdf_handler_page_break','class','sites/all/modules/views_pdf/field_plugins/views_pdf_handler_page_break.inc','views_pdf',0),('views_pdf_handler_page_number','class','sites/all/modules/views_pdf/field_plugins/views_pdf_handler_page_number.inc','views_pdf',0),('views_pdf_plugin_display','class','sites/all/modules/views_pdf/views_pdf_plugin_display.inc','views_pdf',0),('views_pdf_plugin_row_fields','class','sites/all/modules/views_pdf/views_pdf_plugin_row_fields.inc','views_pdf',0),('views_pdf_plugin_style_table','class','sites/all/modules/views_pdf/views_pdf_plugin_style_table.inc','views_pdf',0),('views_pdf_plugin_style_unformatted','class','sites/all/modules/views_pdf/views_pdf_plugin_style_unformatted.inc','views_pdf',0),('views_plugin','class','sites/all/modules/views/includes/plugins.inc','views',0),('views_plugin_access','class','sites/all/modules/views/plugins/views_plugin_access.inc','views',0),('views_plugin_access_none','class','sites/all/modules/views/plugins/views_plugin_access_none.inc','views',0),('views_plugin_access_perm','class','sites/all/modules/views/plugins/views_plugin_access_perm.inc','views',0),('views_plugin_access_role','class','sites/all/modules/views/plugins/views_plugin_access_role.inc','views',0),('views_plugin_argument_default','class','sites/all/modules/views/plugins/views_plugin_argument_default.inc','views',0),('views_plugin_argument_default_current_user','class','sites/all/modules/views/modules/user/views_plugin_argument_default_current_user.inc','views',0),('views_plugin_argument_default_fixed','class','sites/all/modules/views/plugins/views_plugin_argument_default_fixed.inc','views',0),('views_plugin_argument_default_node','class','sites/all/modules/views/modules/node/views_plugin_argument_default_node.inc','views',0),('views_plugin_argument_default_php','class','sites/all/modules/views/plugins/views_plugin_argument_default_php.inc','views',0),('views_plugin_argument_default_taxonomy_tid','class','sites/all/modules/views/modules/taxonomy/views_plugin_argument_default_taxonomy_tid.inc','views',0),('views_plugin_argument_default_user','class','sites/all/modules/views/modules/user/views_plugin_argument_default_user.inc','views',0),('views_plugin_argument_validate','class','sites/all/modules/views/plugins/views_plugin_argument_validate.inc','views',0),('views_plugin_argument_validate_node','class','sites/all/modules/views/modules/node/views_plugin_argument_validate_node.inc','views',0),('views_plugin_argument_validate_numeric','class','sites/all/modules/views/plugins/views_plugin_argument_validate_numeric.inc','views',0),('views_plugin_argument_validate_php','class','sites/all/modules/views/plugins/views_plugin_argument_validate_php.inc','views',0),('views_plugin_argument_validate_taxonomy_term','class','sites/all/modules/views/modules/taxonomy/views_plugin_argument_validate_taxonomy_term.inc','views',0),('views_plugin_argument_validate_user','class','sites/all/modules/views/modules/user/views_plugin_argument_validate_user.inc','views',0),('views_plugin_cache','class','sites/all/modules/views/plugins/views_plugin_cache.inc','views',0),('views_plugin_cache_none','class','sites/all/modules/views/plugins/views_plugin_cache_none.inc','views',0),('views_plugin_cache_time','class','sites/all/modules/views/plugins/views_plugin_cache_time.inc','views',0),('views_plugin_display','class','sites/all/modules/views/plugins/views_plugin_display.inc','views',0),('views_plugin_display_attachment','class','sites/all/modules/views/plugins/views_plugin_display_attachment.inc','views',0),('views_plugin_display_block','class','sites/all/modules/views/plugins/views_plugin_display_block.inc','views',0),('views_plugin_display_default','class','sites/all/modules/views/plugins/views_plugin_display_default.inc','views',0),('views_plugin_display_feed','class','sites/all/modules/views/plugins/views_plugin_display_feed.inc','views',0),('views_plugin_display_page','class','sites/all/modules/views/plugins/views_plugin_display_page.inc','views',0),('views_plugin_exposed_form','class','sites/all/modules/views/plugins/views_plugin_exposed_form.inc','views',0),('views_plugin_exposed_form_basic','class','sites/all/modules/views/plugins/views_plugin_exposed_form_basic.inc','views',0),('views_plugin_exposed_form_input_required','class','sites/all/modules/views/plugins/views_plugin_exposed_form_input_required.inc','views',0),('views_plugin_localization','class','sites/all/modules/views/plugins/views_plugin_localization.inc','views',0),('views_plugin_localization_core','class','sites/all/modules/views/plugins/views_plugin_localization_core.inc','views',0),('views_plugin_localization_none','class','sites/all/modules/views/plugins/views_plugin_localization_none.inc','views',0),('views_plugin_localization_test','class','sites/all/modules/views/tests/views_plugin_localization_test.inc','views',0),('views_plugin_pager','class','sites/all/modules/views/plugins/views_plugin_pager.inc','views',0),('views_plugin_pager_full','class','sites/all/modules/views/plugins/views_plugin_pager_full.inc','views',0),('views_plugin_pager_mini','class','sites/all/modules/views/plugins/views_plugin_pager_mini.inc','views',0),('views_plugin_pager_none','class','sites/all/modules/views/plugins/views_plugin_pager_none.inc','views',0),('views_plugin_pager_some','class','sites/all/modules/views/plugins/views_plugin_pager_some.inc','views',0),('views_plugin_query','class','sites/all/modules/views/plugins/views_plugin_query.inc','views',0),('views_plugin_query_default','class','sites/all/modules/views/plugins/views_plugin_query_default.inc','views',0),('views_plugin_row','class','sites/all/modules/views/plugins/views_plugin_row.inc','views',0),('views_plugin_row_aggregator_rss','class','sites/all/modules/views/modules/aggregator/views_plugin_row_aggregator_rss.inc','views',0),('views_plugin_row_comment_rss','class','sites/all/modules/views/modules/comment/views_plugin_row_comment_rss.inc','views',0),('views_plugin_row_comment_view','class','sites/all/modules/views/modules/comment/views_plugin_row_comment_view.inc','views',0),('views_plugin_row_fields','class','sites/all/modules/views/plugins/views_plugin_row_fields.inc','views',0),('views_plugin_row_node_rss','class','sites/all/modules/views/modules/node/views_plugin_row_node_rss.inc','views',0),('views_plugin_row_node_view','class','sites/all/modules/views/modules/node/views_plugin_row_node_view.inc','views',0),('views_plugin_row_search_view','class','sites/all/modules/views/modules/search/views_plugin_row_search_view.inc','views',0),('views_plugin_style','class','sites/all/modules/views/plugins/views_plugin_style.inc','views',0),('views_plugin_style_default','class','sites/all/modules/views/plugins/views_plugin_style_default.inc','views',0),('views_plugin_style_grid','class','sites/all/modules/views/plugins/views_plugin_style_grid.inc','views',0),('views_plugin_style_jump_menu','class','sites/all/modules/views/plugins/views_plugin_style_jump_menu.inc','views',0),('views_plugin_style_list','class','sites/all/modules/views/plugins/views_plugin_style_list.inc','views',0),('views_plugin_style_rss','class','sites/all/modules/views/plugins/views_plugin_style_rss.inc','views',0),('views_plugin_style_summary','class','sites/all/modules/views/plugins/views_plugin_style_summary.inc','views',0),('views_plugin_style_summary_jump_menu','class','sites/all/modules/views/plugins/views_plugin_style_summary_jump_menu.inc','views',0),('views_plugin_style_summary_unformatted','class','sites/all/modules/views/plugins/views_plugin_style_summary_unformatted.inc','views',0),('views_plugin_style_table','class','sites/all/modules/views/plugins/views_plugin_style_table.inc','views',0),('views_test_plugin_access_test_dynamic','class','sites/all/modules/views/tests/test_plugins/views_test_plugin_access_test_dynamic.inc','views',0),('views_test_plugin_access_test_static','class','sites/all/modules/views/tests/test_plugins/views_test_plugin_access_test_static.inc','views',0),('views_ui','class','sites/all/modules/views/plugins/export_ui/views_ui.class.php','views_ui',0),('views_view_field_handler_include_view','class','sites/all/modules/views_pdf/modules/views_view_field/views_view_field_handler_include_view.inc','views_view_field',0);

--
