-- Table structure for table `node`
--

CREATE TABLE `node` (
  `nid` int(10) unsigned NOT NULL AUTO_INCREMENT COMMENT 'The primary identifier for a node.',
  `vid` int(10) unsigned NOT NULL DEFAULT '0' COMMENT 'The current node_revision.vid version identifier.',
  `type` varchar(32) NOT NULL DEFAULT '' COMMENT 'The node_type.type of this node.',
  `language` varchar(12) NOT NULL DEFAULT '' COMMENT 'The languages.language of this node.',
  `title` varchar(255) NOT NULL DEFAULT '' COMMENT 'The title of this node, always treated as non-markup plain text.',
  `uid` int(11) NOT NULL DEFAULT '0' COMMENT 'The users.uid that owns this node; initially, this is the user that created it.',
  `status` int(11) NOT NULL DEFAULT '1' COMMENT 'Boolean indicating whether the node is published (visible to non-administrators).',
  `created` int(11) NOT NULL DEFAULT '0' COMMENT 'The Unix timestamp when the node was created.',
  `changed` int(11) NOT NULL DEFAULT '0' COMMENT 'The Unix timestamp when the node was most recently saved.',
  `comment` int(11) NOT NULL DEFAULT '0' COMMENT 'Whether comments are allowed on this node: 0 = no, 1 = closed (read only), 2 = open (read/write).',
  `promote` int(11) NOT NULL DEFAULT '0' COMMENT 'Boolean indicating whether the node should be displayed on the front page.',
  `sticky` int(11) NOT NULL DEFAULT '0' COMMENT 'Boolean indicating whether the node should be displayed at the top of lists in which it appears.',
  `tnid` int(10) unsigned NOT NULL DEFAULT '0' COMMENT 'The translation set id for this node, which equals the node id of the source post in each set.',
  `translate` int(11) NOT NULL DEFAULT '0' COMMENT 'A boolean indicating whether this translation page needs to be updated.',
  PRIMARY KEY (`nid`),
  UNIQUE KEY `vid` (`vid`),
  KEY `node_changed` (`changed`),
  KEY `node_created` (`created`),
  KEY `node_frontpage` (`promote`,`status`,`sticky`,`created`),
  KEY `node_status_type` (`status`,`type`,`nid`),
  KEY `node_title_type` (`title`,`type`(4)),
  KEY `node_type` (`type`(4)),
  KEY `uid` (`uid`),
  KEY `tnid` (`tnid`),
  KEY `translate` (`translate`)
) ENGINE=MyISAM AUTO_INCREMENT=38 DEFAULT CHARSET=utf8 COMMENT='The base table for nodes.';

--
-- Dumping data for table `node`
--

INSERT INTO `node` VALUES (1,1,'page','und','Grayson Financial Services Website Under Construction',1,1,1306216674,1306839737,1,1,0,0,0),(2,2,'page','und','GRAYSON FINANCIAL CREDIT PRODUCTS  ',1,1,1306540602,1306715221,1,0,0,0,0),(3,3,'article','und','EXTREME CREDIT BOOK SERIES',1,1,1306544057,1306544092,1,0,0,0,0),(4,4,'article','und','Credit Products That Will Enhance Your Life',1,1,1306545037,1306705207,1,0,0,0,0),(5,5,'article','und','Home Retention, Mortgages and Foreclosure',1,1,1306555166,1306706891,1,0,0,0,0),(6,6,'article','und','CREDIT, DEBT AND FINANCIAL NEWS – coming soon!',1,1,1306560742,1306560906,1,0,0,0,0),(7,7,'article','und','Walk Away Program',1,1,1306562990,1306715568,1,0,0,0,0),(8,8,'article','und','JUDGMENT/GARNISHMENT AND BANK LIEN REVERSAL',1,1,1306564122,1306566030,1,0,0,0,0),(9,9,'article','und','LOANS',1,1,1306567179,1306567357,1,0,0,0,0),(10,10,'article','und','Debt Relief',1,1,1306567980,1306569936,1,0,0,0,0),(11,11,'article','und','Debt Reduction',1,1,1306570307,1306571341,1,0,0,0,0),(12,12,'article','und','NEW PRODUCTS  - Coming Soon!',1,1,1306572076,1306572224,1,0,0,0,0),(13,13,'article','und','Request Workshop',1,1,1306572438,1306572617,1,0,0,0,0),(14,14,'article','und','PROPRIETARY TRAINING',1,1,1306574348,1306574348,1,0,0,0,0),(15,15,'article','und','Video Classroom',1,1,1306574723,1306739471,1,0,0,0,0),(16,16,'article','und','Professional Services',1,1,1306575595,1306575595,1,0,0,0,0),(17,17,'article','und','Kits',1,1,1306576004,1306577226,1,0,0,0,0),(18,18,'article','und','Order Free Credit Report',1,1,1306577618,1306577986,1,0,0,0,0),(19,19,'article','und','Order Your New Credit Cards',1,1,1306578746,1306578977,1,0,0,0,0),(20,20,'article','und','Testimonials and Results',1,1,1306579264,1306579264,1,0,0,0,0),(21,21,'article','und','Earn Extra Money',1,1,1306580044,1306582004,1,0,0,0,0),(22,22,'article','und','Additional Credit Matters',1,1,1306582919,1306583090,1,0,0,0,0),(24,24,'article','und','Legal Services',1,1,1306718502,1306718895,1,0,0,0,0),(25,25,'article','und','Paralegal Services',1,1,1306726482,1306726862,1,0,0,0,0),(26,26,'article','und','Foreclosure Abatement',1,1,1306728978,1306728978,1,0,0,0,0),(27,27,'article','und','About Us',1,1,1306731958,1306732186,1,0,0,0,0),(28,28,'article','und','Employee Benefits Group',1,1,1306734943,1306734943,1,0,0,0,0),(29,29,'article','und','90 Day Credit Challenge',1,1,1306735713,1306735713,1,0,0,0,0),(30,30,'article','und','Loan Modifications',1,1,1306736128,1306736128,1,0,0,0,0),(31,31,'article','und','Debt Resolution',1,1,1306737648,1306754368,1,0,0,0,0),(32,32,'article','und','Free Financial Plan',1,1,1306738988,1306739133,1,0,0,0,0),(33,33,'article','und','Debt Education',1,1,1306739825,1306740423,1,0,0,0,0),(34,34,'article','und','National Specialty Reports',1,1,1306745032,1306749632,1,0,0,0,0),(35,35,'article','und','Church Financing',1,1,1306751779,1306752259,1,0,0,0,0),(36,36,'article','und','Credit Investor',1,1,1306752516,1306753589,1,0,0,0,0),(37,37,'article','und','Investment Opportunity',1,1,1306753965,1306754227,1,0,0,0,0);

--
-- Table structure for table `node_access`
--

CREATE TABLE `node_access` (
  `nid` int(10) unsigned NOT NULL DEFAULT '0' COMMENT 'The node.nid this record affects.',
  `gid` int(10) unsigned NOT NULL DEFAULT '0' COMMENT 'The grant ID a user must possess in the specified realm to gain this row’s privileges on the node.',
  `realm` varchar(255) NOT NULL DEFAULT '' COMMENT 'The realm in which the user must possess the grant ID. Each node access node can define one or more realms.',
  `grant_view` tinyint(3) unsigned NOT NULL DEFAULT '0' COMMENT 'Boolean indicating whether a user with the realm/grant pair can view this node.',
  `grant_update` tinyint(3) unsigned NOT NULL DEFAULT '0' COMMENT 'Boolean indicating whether a user with the realm/grant pair can edit this node.',
  `grant_delete` tinyint(3) unsigned NOT NULL DEFAULT '0' COMMENT 'Boolean indicating whether a user with the realm/grant pair can delete this node.',
  PRIMARY KEY (`nid`,`gid`,`realm`)
) ENGINE=MyISAM DEFAULT CHARSET=utf8 COMMENT='Identifies which realm/grant pairs a user must possess in...';

--
-- Dumping data for table `node_access`
--

INSERT INTO `node_access` VALUES (0,0,'all',1,0,0);

--
-- Table structure for table `node_comment_statistics`
--

CREATE TABLE `node_comment_statistics` (
  `nid` int(10) unsigned NOT NULL DEFAULT '0' COMMENT 'The node.nid for which the statistics are compiled.',
  `cid` int(11) NOT NULL DEFAULT '0' COMMENT 'The comment.cid of the last comment.',
  `last_comment_timestamp` int(11) NOT NULL DEFAULT '0' COMMENT 'The Unix timestamp of the last comment that was posted within this node, from comment.timestamp.',
  `last_comment_name` varchar(60) DEFAULT NULL COMMENT 'The name of the latest author to post a comment on this node, from comment.name.',
  `last_comment_uid` int(11) NOT NULL DEFAULT '0' COMMENT 'The user ID of the latest author to post a comment on this node, from comment.uid.',
  `comment_count` int(10) unsigned NOT NULL DEFAULT '0' COMMENT 'The total number of comments on this node.',
  PRIMARY KEY (`nid`),
  KEY `node_comment_timestamp` (`last_comment_timestamp`),
  KEY `comment_count` (`comment_count`),
  KEY `last_comment_uid` (`last_comment_uid`)
) ENGINE=MyISAM DEFAULT CHARSET=utf8 COMMENT='Maintains statistics of node and comments posts to show ...';

--
-- Dumping data for table `node_comment_statistics`
--

INSERT INTO `node_comment_statistics` VALUES (1,0,1306216674,NULL,1,0),(2,0,1306540602,NULL,1,0),(3,0,1306543805,NULL,1,0),(4,0,1306545037,NULL,1,0),(5,0,1306555166,NULL,1,0),(6,0,1306560742,NULL,1,0),(7,0,1306562990,NULL,1,0),(8,0,1306564122,NULL,1,0),(9,0,1306567179,NULL,1,0),(10,0,1306567980,NULL,1,0),(11,0,1306570307,NULL,1,0),(12,0,1306572076,NULL,1,0),(13,0,1306572438,NULL,1,0),(14,0,1306574348,NULL,1,0),(15,0,1306574723,NULL,1,0),(16,0,1306575595,NULL,1,0),(17,0,1306576004,NULL,1,0),(18,0,1306577618,NULL,1,0),(19,0,1306578746,NULL,1,0),(20,0,1306579264,NULL,1,0),(21,0,1306580044,NULL,1,0),(22,0,1306582919,NULL,1,0),(24,0,1306718502,NULL,1,0),(25,0,1306726482,NULL,1,0),(26,0,1306728978,NULL,1,0),(27,0,1306731958,NULL,1,0),(28,0,1306734943,NULL,1,0),(29,0,1306735713,NULL,1,0),(30,0,1306736128,NULL,1,0),(31,0,1306737648,NULL,1,0),(32,0,1306738988,NULL,1,0),(33,0,1306739825,NULL,1,0),(34,0,1306745032,NULL,1,0),(35,0,1306751779,NULL,1,0),(36,0,1306752516,NULL,1,0),(37,0,1306753965,NULL,1,0);

--
-- Table structure for table `node_revision`
--

CREATE TABLE `node_revision` (
  `nid` int(10) unsigned NOT NULL DEFAULT '0' COMMENT 'The node this version belongs to.',
  `vid` int(10) unsigned NOT NULL AUTO_INCREMENT COMMENT 'The primary identifier for this version.',
  `uid` int(11) NOT NULL DEFAULT '0' COMMENT 'The users.uid that created this version.',
  `title` varchar(255) NOT NULL DEFAULT '' COMMENT 'The title of this version.',
  `log` longtext NOT NULL COMMENT 'The log entry explaining the changes in this version.',
  `timestamp` int(11) NOT NULL DEFAULT '0' COMMENT 'A Unix timestamp indicating when this version was created.',
  `status` int(11) NOT NULL DEFAULT '1',
  `comment` int(11) NOT NULL DEFAULT '0' COMMENT 'Whether comments are allowed on this node (at the time of this revision): 0 = no, 1 = closed (read only), 2 = open (read/write).',
  `promote` int(11) NOT NULL DEFAULT '0' COMMENT 'Boolean indicating whether the node (at the time of this revision) should be displayed on the front page.',
  `sticky` int(11) NOT NULL DEFAULT '0' COMMENT 'Boolean indicating whether the node (at the time of this revision) should be displayed at the top of lists in which it appears.',
  PRIMARY KEY (`vid`),
  KEY `nid` (`nid`),
  KEY `uid` (`uid`)
) ENGINE=MyISAM AUTO_INCREMENT=38 DEFAULT CHARSET=utf8 COMMENT='Stores information about each saved version of a node.';

--
-- Dumping data for table `node_revision`
--

INSERT INTO `node_revision` VALUES (1,1,1,'Grayson Financial Services Website Under Construction','',1306839737,1,1,1,0),(2,2,1,'GRAYSON FINANCIAL CREDIT PRODUCTS  ','',1306715221,1,1,0,0),(3,3,1,'EXTREME CREDIT BOOK SERIES','',1306544092,1,1,0,0),(4,4,1,'Credit Products That Will Enhance Your Life','',1306705207,1,1,0,0),(5,5,1,'Home Retention, Mortgages and Foreclosure','',1306706891,1,1,0,0),(6,6,1,'CREDIT, DEBT AND FINANCIAL NEWS – coming soon!','',1306560906,1,1,0,0),(7,7,1,'Walk Away Program','',1306715568,1,1,0,0),(8,8,1,'JUDGMENT/GARNISHMENT AND BANK LIEN REVERSAL','',1306566030,1,1,0,0),(9,9,1,'LOANS','',1306567357,1,1,0,0),(10,10,1,'Debt Relief','',1306569936,1,1,0,0),(11,11,1,'Debt Reduction','',1306571341,1,1,0,0),(12,12,1,'NEW PRODUCTS  - Coming Soon!','',1306572224,1,1,0,0),(13,13,1,'Request Workshop','',1306572617,1,1,0,0),(14,14,1,'PROPRIETARY TRAINING','',1306574348,1,1,0,0),(15,15,1,'Video Classroom','',1306739471,1,1,0,0),(16,16,1,'Professional Services','',1306575595,1,1,0,0),(17,17,1,'Kits','',1306577226,1,1,0,0),(18,18,1,'Order Free Credit Report','',1306577986,1,1,0,0),(19,19,1,'Order Your New Credit Cards','',1306578977,1,1,0,0),(20,20,1,'Testimonials and Results','',1306579264,1,1,0,0),(21,21,1,'Earn Extra Money','',1306582004,1,1,0,0),(22,22,1,'Additional Credit Matters','',1306583090,1,1,0,0),(24,24,1,'Legal Services','',1306718895,1,1,0,0),(25,25,1,'Paralegal Services','',1306726862,1,1,0,0),(26,26,1,'Foreclosure Abatement','',1306728978,1,1,0,0),(27,27,1,'About Us','',1306732186,1,1,0,0),(28,28,1,'Employee Benefits Group','',1306734943,1,1,0,0),(29,29,1,'90 Day Credit Challenge','',1306735713,1,1,0,0),(30,30,1,'Loan Modifications','',1306736128,1,1,0,0),(31,31,1,'Debt Resolution','',1306754368,1,1,0,0),(32,32,1,'Free Financial Plan','',1306739133,1,1,0,0),(33,33,1,'Debt Education','',1306740423,1,1,0,0),(34,34,1,'National Specialty Reports','',1306749632,1,1,0,0),(35,35,1,'Church Financing','',1306752259,1,1,0,0),(36,36,1,'Credit Investor','',1306753589,1,1,0,0),(37,37,1,'Investment Opportunity','',1306754227,1,1,0,0);

--
-- Table structure for table `node_type`
--

CREATE TABLE `node_type` (
  `type` varchar(32) NOT NULL COMMENT 'The machine-readable name of this type.',
  `name` varchar(255) NOT NULL DEFAULT '' COMMENT 'The human-readable name of this type.',
  `base` varchar(255) NOT NULL COMMENT 'The base string used to construct callbacks corresponding to this node type.',
  `module` varchar(255) NOT NULL,
  `description` mediumtext NOT NULL COMMENT 'A brief description of this type.',
  `help` mediumtext NOT NULL COMMENT 'Help information shown to the user when creating a node of this type.',
  `has_title` tinyint(3) unsigned NOT NULL COMMENT 'Boolean indicating whether this type uses the node.title field.',
  `title_label` varchar(255) NOT NULL DEFAULT '' COMMENT 'The label displayed for the title field on the edit form.',
  `custom` tinyint(4) NOT NULL DEFAULT '0' COMMENT 'A boolean indicating whether this type is defined by a module (FALSE) or by a user via Add content type (TRUE).',
  `modified` tinyint(4) NOT NULL DEFAULT '0' COMMENT 'A boolean indicating whether this type has been modified by an administrator; currently not used in any way.',
  `locked` tinyint(4) NOT NULL DEFAULT '0' COMMENT 'A boolean indicating whether the administrator can change the machine name of this type.',
  `disabled` tinyint(4) NOT NULL DEFAULT '0' COMMENT 'A boolean indicating whether the node type is disabled.',
  `orig_type` varchar(255) NOT NULL DEFAULT '' COMMENT 'The original machine-readable name of this node type. This may be different from the current type name if the locked field is 0.',
  PRIMARY KEY (`type`)
) ENGINE=MyISAM DEFAULT CHARSET=utf8 COMMENT='Stores information about all defined node types.';

--
-- Dumping data for table `node_type`
--

INSERT INTO `node_type` VALUES ('article','Article','node_content','node','Use <em>articles</em> for time-sensitive content like news, press releases or blog posts.','',1,'Title',1,1,0,0,'article'),('page','Basic page','node_content','node','Use <em>basic pages</em> for your static content, such as an \'About us\' page.','',1,'Title',1,1,0,0,'page'),('panel','Panel','panels_node_hook','panels_node','A panel layout broken up into rows and columns.','',1,'Title',0,0,1,0,'panel');

--
-- Table structure for table `page_manager_handlers`
--

CREATE TABLE `page_manager_handlers` (
  `did` int(11) NOT NULL AUTO_INCREMENT COMMENT 'Primary ID field for the table. Not used for anything except internal lookups.',
  `name` varchar(255) DEFAULT NULL COMMENT 'Unique ID for this task handler. Used to identify it programmatically.',
  `task` varchar(64) DEFAULT NULL COMMENT 'ID of the task this handler is for.',
  `subtask` varchar(64) NOT NULL DEFAULT '' COMMENT 'ID of the subtask this handler is for.',
  `handler` varchar(64) DEFAULT NULL COMMENT 'ID of the task handler being used.',
  `weight` int(11) DEFAULT NULL COMMENT 'The order in which this handler appears. Lower numbers go first.',
  `conf` longtext NOT NULL COMMENT 'Serialized configuration of the handler, if needed.',
  PRIMARY KEY (`did`),
  UNIQUE KEY `name` (`name`),
  KEY `fulltask` (`task`,`subtask`,`weight`)
) ENGINE=MyISAM DEFAULT CHARSET=utf8;

--
-- Dumping data for table `page_manager_handlers`
--


--
-- Table structure for table `page_manager_pages`
--

CREATE TABLE `page_manager_pages` (
  `pid` int(11) NOT NULL AUTO_INCREMENT COMMENT 'Primary ID field for the table. Not used for anything except internal lookups.',
  `name` varchar(255) DEFAULT NULL COMMENT 'Unique ID for this subtask. Used to identify it programmatically.',
  `task` varchar(64) DEFAULT 'page' COMMENT 'What type of page this is, so that we can use the same mechanism for creating tighter UIs for targeted pages.',
  `admin_title` varchar(255) DEFAULT NULL COMMENT 'Human readable title for this page subtask.',
  `admin_description` longtext COMMENT 'Administrative description of this item.',
  `path` varchar(255) DEFAULT NULL COMMENT 'The menu path that will invoke this task.',
  `access` longtext NOT NULL COMMENT 'Access configuration for this path.',
  `menu` longtext NOT NULL COMMENT 'Serialized configuration of Drupal menu visibility settings for this item.',
  `arguments` longtext NOT NULL COMMENT 'Configuration of arguments for this menu item.',
  `conf` longtext NOT NULL COMMENT 'Serialized configuration of the page, if needed.',
  PRIMARY KEY (`pid`),
  UNIQUE KEY `name` (`name`),
  KEY `task` (`task`)
) ENGINE=MyISAM DEFAULT CHARSET=utf8 COMMENT='Contains page subtasks for implementing pages with...';

--
-- Dumping data for table `page_manager_pages`
--


--
-- Table structure for table `page_manager_weights`
--

CREATE TABLE `page_manager_weights` (
  `name` varchar(255) NOT NULL DEFAULT '' COMMENT 'Unique ID for this task handler. Used to identify it programmatically.',
  `weight` int(11) DEFAULT NULL COMMENT 'The order in which this handler appears. Lower numbers go first.',
  PRIMARY KEY (`name`),
  KEY `weights` (`name`,`weight`)
) ENGINE=MyISAM DEFAULT CHARSET=utf8 COMMENT='Contains override weights for page_manager handlers that...';

--
-- Dumping data for table `page_manager_weights`
--


--
-- Table structure for table `panels_display`
--

CREATE TABLE `panels_display` (
  `did` int(11) NOT NULL AUTO_INCREMENT,
  `layout` varchar(32) DEFAULT '',
  `layout_settings` longtext,
  `panel_settings` longtext,
  `cache` text,
  `title` varchar(255) DEFAULT '',
  `hide_title` tinyint(4) DEFAULT '0',
  `title_pane` int(11) DEFAULT '0',
  PRIMARY KEY (`did`)
) ENGINE=MyISAM DEFAULT CHARSET=utf8;

--
-- Dumping data for table `panels_display`
--


--
-- Table structure for table `panels_layout`
--

CREATE TABLE `panels_layout` (
  `lid` int(11) NOT NULL AUTO_INCREMENT COMMENT 'A database primary key to ensure uniqueness.',
  `name` varchar(255) DEFAULT NULL COMMENT 'Unique ID for this content. Used to identify it programmatically.',
  `admin_title` varchar(255) DEFAULT NULL COMMENT 'Administrative title for this layout.',
  `admin_description` longtext COMMENT 'Administrative description for this layout.',
  `category` varchar(255) DEFAULT NULL COMMENT 'Administrative category for this layout.',
  `plugin` varchar(255) DEFAULT NULL COMMENT 'The layout plugin that owns this layout.',
  `settings` longtext COMMENT 'Serialized settings for the actual layout. The contents of this field are up to the plugin that uses it.',
  PRIMARY KEY (`lid`)
) ENGINE=MyISAM DEFAULT CHARSET=utf8 COMMENT='Contains exportable customized layouts for this site.';

--
-- Dumping data for table `panels_layout`
--


--
-- Table structure for table `panels_mini`
--

CREATE TABLE `panels_mini` (
  `pid` int(11) NOT NULL AUTO_INCREMENT COMMENT 'The primary key for uniqueness.',
  `name` varchar(255) DEFAULT NULL COMMENT 'The unique name of the mini panel.',
  `category` varchar(64) DEFAULT NULL COMMENT 'The category this mini panel appears in on the add content pane.',
  `did` int(11) DEFAULT NULL COMMENT 'The display ID of the panel.',
  `admin_title` varchar(128) DEFAULT NULL COMMENT 'The administrative title of the mini panel.',
  `admin_description` longtext COMMENT 'Administrative title of this mini panel.',
  `requiredcontexts` longtext COMMENT 'An array of required contexts.',
  `contexts` longtext COMMENT 'An array of contexts embedded into the panel.',
  `relationships` longtext COMMENT 'An array of relationships embedded into the panel.',
  PRIMARY KEY (`pid`),
  UNIQUE KEY `name` (`name`)
) ENGINE=MyISAM DEFAULT CHARSET=utf8;

--
-- Dumping data for table `panels_mini`
--


--
-- Table structure for table `panels_node`
--

CREATE TABLE `panels_node` (
  `nid` int(11) NOT NULL DEFAULT '0',
  `css_id` varchar(255) DEFAULT NULL,
  `did` int(11) NOT NULL,
  `pipeline` varchar(255) DEFAULT NULL,
  PRIMARY KEY (`did`)
) ENGINE=MyISAM DEFAULT CHARSET=utf8;

--
-- Dumping data for table `panels_node`
--


--
-- Table structure for table `panels_pane`
--

CREATE TABLE `panels_pane` (
  `pid` int(11) NOT NULL AUTO_INCREMENT,
  `did` int(11) NOT NULL DEFAULT '0',
  `panel` varchar(32) DEFAULT '',
  `type` varchar(32) DEFAULT '',
  `subtype` varchar(64) DEFAULT '',
  `shown` tinyint(4) DEFAULT '1',
  `access` longtext,
  `configuration` longtext,
  `cache` longtext,
  `style` longtext,
  `css` longtext,
  `extras` longtext,
  `position` smallint(6) DEFAULT '0',
  PRIMARY KEY (`pid`),
  KEY `did_idx` (`did`)
) ENGINE=MyISAM DEFAULT CHARSET=utf8;

--
-- Dumping data for table `panels_pane`
--


--
-- Table structure for table `panels_renderer_pipeline`
--

CREATE TABLE `panels_renderer_pipeline` (
  `rpid` int(11) NOT NULL AUTO_INCREMENT COMMENT 'A database primary key to ensure uniqueness.',
  `name` varchar(255) DEFAULT NULL COMMENT 'Unique ID for this content. Used to identify it programmatically.',
  `admin_title` varchar(255) DEFAULT NULL COMMENT 'Administrative title for this pipeline.',
  `admin_description` longtext COMMENT 'Administrative description for this pipeline.',
  `weight` smallint(6) DEFAULT '0',
  `settings` longtext COMMENT 'Serialized settings for the actual pipeline. The contents of this field are up to the plugin that uses it.',
  PRIMARY KEY (`rpid`)
) ENGINE=MyISAM DEFAULT CHARSET=utf8 COMMENT='Contains renderer pipelines for Panels. Each pipeline...';

--
-- Dumping data for table `panels_renderer_pipeline`
--


--
-- Table structure for table `profile_field`
--

CREATE TABLE `profile_field` (
  `fid` int(11) NOT NULL AUTO_INCREMENT COMMENT 'Primary Key: Unique profile field ID.',
  `title` varchar(255) DEFAULT NULL COMMENT 'Title of the field shown to the end user.',
  `name` varchar(128) NOT NULL DEFAULT '' COMMENT 'Internal name of the field used in the form HTML and URLs.',
  `explanation` text COMMENT 'Explanation of the field to end users.',
  `category` varchar(255) DEFAULT NULL COMMENT 'Profile category that the field will be grouped under.',
  `page` varchar(255) DEFAULT NULL COMMENT 'Title of page used for browsing by the field’s value',
  `type` varchar(128) DEFAULT NULL COMMENT 'Type of form field.',
  `weight` int(11) NOT NULL DEFAULT '0' COMMENT 'Weight of field in relation to other profile fields.',
  `required` tinyint(4) NOT NULL DEFAULT '0' COMMENT 'Whether the user is required to enter a value. (0 = no, 1 = yes)',
  `register` tinyint(4) NOT NULL DEFAULT '0' COMMENT 'Whether the field is visible in the user registration form. (1 = yes, 0 = no)',
  `visibility` tinyint(4) NOT NULL DEFAULT '0' COMMENT 'The level of visibility for the field. (0 = hidden, 1 = private, 2 = public on profile but not member list pages, 3 = public on profile and list pages)',
  `autocomplete` tinyint(4) NOT NULL DEFAULT '0' COMMENT 'Whether form auto-completion is enabled. (0 = disabled, 1 = enabled)',
  `options` text COMMENT 'List of options to be used in a list selection field.',
  PRIMARY KEY (`fid`),
  UNIQUE KEY `name` (`name`),
  KEY `category` (`category`)
) ENGINE=MyISAM DEFAULT CHARSET=utf8 COMMENT='Stores profile field information.';

--
-- Dumping data for table `profile_field`
--


--
-- Table structure for table `profile_value`
--

CREATE TABLE `profile_value` (
  `fid` int(10) unsigned NOT NULL DEFAULT '0' COMMENT 'The profile_field.fid of the field.',
  `uid` int(10) unsigned NOT NULL DEFAULT '0' COMMENT 'The users.uid of the profile user.',
  `value` text COMMENT 'The value for the field.',
  PRIMARY KEY (`uid`,`fid`),
  KEY `fid` (`fid`)
) ENGINE=MyISAM DEFAULT CHARSET=utf8 COMMENT='Stores values for profile fields.';

--
-- Dumping data for table `profile_value`
--


--
-- Table structure for table `queue`
--

CREATE TABLE `queue` (
  `item_id` int(10) unsigned NOT NULL AUTO_INCREMENT COMMENT 'Primary Key: Unique item ID.',
  `name` varchar(255) NOT NULL DEFAULT '' COMMENT 'The queue name.',
  `data` longblob COMMENT 'The arbitrary data for the item.',
  `expire` int(11) NOT NULL DEFAULT '0' COMMENT 'Timestamp when the claim lease expires on the item.',
  `created` int(11) NOT NULL DEFAULT '0' COMMENT 'Timestamp when the item was created.',
  PRIMARY KEY (`item_id`),
  KEY `name_created` (`name`,`created`),
  KEY `expire` (`expire`)
) ENGINE=MyISAM AUTO_INCREMENT=564 DEFAULT CHARSET=utf8 COMMENT='Stores items in queues.';

--
-- Dumping data for table `queue`
--

INSERT INTO `queue` VALUES (523,'update_fetch_tasks','a:8:{s:4:\"name\";s:12:\"addressfield\";s:4:\"info\";a:6:{s:4:\"name\";s:13:\"Address Field\";s:7:\"package\";s:6:\"Fields\";s:7:\"version\";s:14:\"7.x-1.0-alpha2\";s:7:\"project\";s:12:\"addressfield\";s:9:\"datestamp\";s:10:\"1303140714\";s:16:\"_info_file_ctime\";i:1306806172;}s:9:\"datestamp\";s:10:\"1303140714\";s:8:\"includes\";a:1:{s:12:\"addressfield\";s:13:\"Address Field\";}s:12:\"project_type\";s:6:\"module\";s:14:\"project_status\";b:1;s:10:\"sub_themes\";a:0:{}s:11:\"base_themes\";a:0:{}}',0,1307170819),(524,'update_fetch_tasks','a:8:{s:4:\"name\";s:13:\"advanced_help\";s:4:\"info\";a:6:{s:4:\"name\";s:13:\"Advanced help\";s:7:\"version\";s:13:\"7.x-1.0-beta1\";s:7:\"project\";s:13:\"advanced_help\";s:9:\"datestamp\";s:10:\"1295293901\";s:7:\"package\";s:5:\"Other\";s:16:\"_info_file_ctime\";i:1306806180;}s:9:\"datestamp\";s:10:\"1295293901\";s:8:\"includes\";a:1:{s:13:\"advanced_help\";s:13:\"Advanced help\";}s:12:\"project_type\";s:6:\"module\";s:14:\"project_status\";b:1;s:10:\"sub_themes\";a:0:{}s:11:\"base_themes\";a:0:{}}',0,1307170819),(525,'update_fetch_tasks','a:8:{s:4:\"name\";s:10:\"affiliates\";s:4:\"info\";a:6:{s:4:\"name\";s:10:\"Affiliates\";s:7:\"version\";s:7:\"7.x-1.0\";s:7:\"project\";s:10:\"affiliates\";s:9:\"datestamp\";s:10:\"1300113367\";s:7:\"package\";s:5:\"Other\";s:16:\"_info_file_ctime\";i:1306805647;}s:9:\"datestamp\";s:10:\"1300113367\";s:8:\"includes\";a:1:{s:10:\"affiliates\";s:10:\"Affiliates\";}s:12:\"project_type\";s:6:\"module\";s:14:\"project_status\";b:1;s:10:\"sub_themes\";a:0:{}s:11:\"base_themes\";a:0:{}}',0,1307170819),(526,'update_fetch_tasks','a:8:{s:4:\"name\";s:6:\"drupal\";s:4:\"info\";a:6:{s:4:\"name\";s:5:\"Block\";s:7:\"package\";s:4:\"Core\";s:7:\"version\";s:3:\"7.2\";s:7:\"project\";s:6:\"drupal\";s:9:\"datestamp\";s:10:\"1306357016\";s:16:\"_info_file_ctime\";i:1306790498;}s:9:\"datestamp\";s:10:\"1306357016\";s:8:\"includes\";a:34:{s:5:\"block\";s:5:\"Block\";s:5:\"color\";s:5:\"Color\";s:7:\"comment\";s:7:\"Comment\";s:7:\"contact\";s:7:\"Contact\";s:10:\"contextual\";s:16:\"Contextual links\";s:9:\"dashboard\";s:9:\"Dashboard\";s:5:\"dblog\";s:16:\"Database logging\";s:5:\"field\";s:5:\"Field\";s:17:\"field_sql_storage\";s:17:\"Field SQL storage\";s:8:\"field_ui\";s:8:\"Field UI\";s:4:\"file\";s:4:\"File\";s:6:\"filter\";s:6:\"Filter\";s:4:\"help\";s:4:\"Help\";s:5:\"image\";s:5:\"Image\";s:4:\"list\";s:4:\"List\";s:4:\"menu\";s:4:\"Menu\";s:4:\"node\";s:4:\"Node\";s:6:\"number\";s:6:\"Number\";s:7:\"options\";s:7:\"Options\";s:7:\"overlay\";s:7:\"Overlay\";s:4:\"path\";s:4:\"Path\";s:7:\"profile\";s:7:\"Profile\";s:3:\"rdf\";s:3:\"RDF\";s:6:\"search\";s:6:\"Search\";s:8:\"shortcut\";s:8:\"Shortcut\";s:6:\"system\";s:6:\"System\";s:8:\"taxonomy\";s:8:\"Taxonomy\";s:4:\"text\";s:4:\"Text\";s:7:\"toolbar\";s:7:\"Toolbar\";s:7:\"trigger\";s:7:\"Trigger\";s:6:\"update\";s:14:\"Update manager\";s:4:\"user\";s:4:\"User\";s:6:\"bartik\";s:6:\"Bartik\";s:5:\"seven\";s:5:\"Seven\";}s:12:\"project_type\";s:4:\"core\";s:14:\"project_status\";b:1;s:10:\"sub_themes\";a:0:{}s:11:\"base_themes\";a:0:{}}',0,1307170819),(527,'update_fetch_tasks','a:8:{s:4:\"name\";s:6:\"ctools\";s:4:\"info\";a:6:{s:4:\"name\";s:11:\"Bulk Export\";s:7:\"package\";s:16:\"Chaos tool suite\";s:7:\"version\";s:13:\"7.x-1.0-beta1\";s:7:\"project\";s:6:\"ctools\";s:9:\"datestamp\";s:10:\"1306885315\";s:16:\"_info_file_ctime\";i:1307032358;}s:9:\"datestamp\";s:10:\"1306885315\";s:8:\"includes\";a:9:{s:11:\"bulk_export\";s:11:\"Bulk Export\";s:6:\"ctools\";s:11:\"Chaos tools\";s:21:\"ctools_access_ruleset\";s:15:\"Custom rulesets\";s:18:\"ctools_ajax_sample\";s:33:\"Chaos Tools (CTools) AJAX Example\";s:21:\"ctools_custom_content\";s:20:\"Custom content panes\";s:21:\"ctools_plugin_example\";s:35:\"Chaos Tools (CTools) Plugin Example\";s:12:\"page_manager\";s:12:\"Page manager\";s:8:\"stylizer\";s:8:\"Stylizer\";s:13:\"views_content\";s:19:\"Views content panes\";}s:12:\"project_type\";s:6:\"module\";s:14:\"project_status\";b:1;s:10:\"sub_themes\";a:0:{}s:11:\"base_themes\";a:0:{}}',0,1307170819),(528,'update_fetch_tasks','a:8:{s:4:\"name\";s:8:\"calendar\";s:4:\"info\";a:6:{s:4:\"name\";s:8:\"Calendar\";s:7:\"package\";s:9:\"Date/Time\";s:7:\"version\";s:14:\"7.x-2.0-alpha1\";s:7:\"project\";s:8:\"calendar\";s:9:\"datestamp\";s:10:\"1303818714\";s:16:\"_info_file_ctime\";i:1306805349;}s:9:\"datestamp\";s:10:\"1303818714\";s:8:\"includes\";a:3:{s:8:\"calendar\";s:8:\"Calendar\";s:13:\"calendar_ical\";s:13:\"Calendar iCal\";s:17:\"calendar_multiday\";s:17:\"Calendar Multiday\";}s:12:\"project_type\";s:6:\"module\";s:14:\"project_status\";b:1;s:10:\"sub_themes\";a:0:{}s:11:\"base_themes\";a:0:{}}',0,1307170819),(529,'update_fetch_tasks','a:8:{s:4:\"name\";s:8:\"commerce\";s:4:\"info\";a:6:{s:4:\"name\";s:8:\"Commerce\";s:7:\"package\";s:8:\"Commerce\";s:7:\"version\";s:13:\"7.x-1.0-beta3\";s:7:\"project\";s:8:\"commerce\";s:9:\"datestamp\";s:10:\"1303540316\";s:16:\"_info_file_ctime\";i:1306806202;}s:9:\"datestamp\";s:10:\"1303540316\";s:8:\"includes\";a:21:{s:8:\"commerce\";s:8:\"Commerce\";s:13:\"commerce_cart\";s:4:\"Cart\";s:17:\"commerce_checkout\";s:8:\"Checkout\";s:17:\"commerce_customer\";s:8:\"Customer\";s:20:\"commerce_customer_ui\";s:11:\"Customer UI\";s:18:\"commerce_line_item\";s:9:\"Line Item\";s:21:\"commerce_line_item_ui\";s:12:\"Line Item UI\";s:14:\"commerce_order\";s:5:\"Order\";s:17:\"commerce_order_ui\";s:8:\"Order UI\";s:16:\"commerce_payment\";s:7:\"Payment\";s:24:\"commerce_payment_example\";s:22:\"Payment Method Example\";s:19:\"commerce_payment_ui\";s:10:\"Payment UI\";s:14:\"commerce_price\";s:5:\"Price\";s:16:\"commerce_product\";s:7:\"Product\";s:24:\"commerce_product_pricing\";s:15:\"Product Pricing\";s:27:\"commerce_product_pricing_ui\";s:18:\"Product Pricing UI\";s:26:\"commerce_product_reference\";s:17:\"Product Reference\";s:19:\"commerce_product_ui\";s:10:\"Product UI\";s:12:\"commerce_tax\";s:3:\"Tax\";s:15:\"commerce_tax_ui\";s:6:\"Tax UI\";s:11:\"commerce_ui\";s:11:\"Commerce UI\";}s:12:\"project_type\";s:6:\"module\";s:14:\"project_status\";b:1;s:10:\"sub_themes\";a:0:{}s:11:\"base_themes\";a:0:{}}',0,1307170819),(530,'update_fetch_tasks','a:8:{s:4:\"name\";s:23:\"commerce_checkout_login\";s:4:\"info\";a:6:{s:4:\"name\";s:14:\"Checkout Login\";s:7:\"package\";s:18:\"Commerce (contrib)\";s:7:\"version\";s:11:\"7.x-1.x-dev\";s:7:\"project\";s:23:\"commerce_checkout_login\";s:9:\"datestamp\";s:10:\"1298619006\";s:16:\"_info_file_ctime\";i:1306806221;}s:9:\"datestamp\";s:10:\"1298619006\";s:8:\"includes\";a:1:{s:23:\"commerce_checkout_login\";s:14:\"Checkout Login\";}s:12:\"project_type\";s:6:\"module\";s:14:\"project_status\";b:1;s:10:\"sub_themes\";a:0:{}s:11:\"base_themes\";a:0:{}}',0,1307170819),(531,'update_fetch_tasks','a:8:{s:4:\"name\";s:15:\"commerce_coupon\";s:4:\"info\";a:6:{s:4:\"name\";s:15:\"Commerce Coupon\";s:7:\"package\";s:15:\"Commerce Coupon\";s:7:\"version\";s:13:\"7.x-1.0-beta2\";s:7:\"project\";s:15:\"commerce_coupon\";s:9:\"datestamp\";s:10:\"1304752315\";s:16:\"_info_file_ctime\";i:1306806236;}s:9:\"datestamp\";s:10:\"1304752315\";s:8:\"includes\";a:4:{s:15:\"commerce_coupon\";s:15:\"Commerce Coupon\";s:21:\"commerce_coupon_basic\";s:12:\"Basic Coupon\";s:21:\"commerce_coupon_batch\";s:12:\"Coupon Batch\";s:18:\"commerce_coupon_ui\";s:18:\"Commerce Coupon UI\";}s:12:\"project_type\";s:6:\"module\";s:14:\"project_status\";b:1;s:10:\"sub_themes\";a:0:{}s:11:\"base_themes\";a:0:{}}',0,1307170819),(532,'update_fetch_tasks','a:8:{s:4:\"name\";s:20:\"commerce_extra_panes\";s:4:\"info\";a:6:{s:4:\"name\";s:27:\"Drupal Commerce Extra Panes\";s:7:\"package\";s:23:\"Drupal Commerce - Other\";s:7:\"version\";s:11:\"7.x-1.x-dev\";s:7:\"project\";s:20:\"commerce_extra_panes\";s:9:\"datestamp\";s:10:\"1298619006\";s:16:\"_info_file_ctime\";i:1306806249;}s:9:\"datestamp\";s:10:\"1298619006\";s:8:\"includes\";a:2:{s:20:\"commerce_extra_panes\";s:27:\"Drupal Commerce Extra Panes\";s:35:\"commerce_extra_panes_termsofservice\";s:46:\"Drupal Commerce Extra Panes - Terms of service\";}s:12:\"project_type\";s:6:\"module\";s:14:\"project_status\";b:1;s:10:\"sub_themes\";a:0:{}s:11:\"base_themes\";a:0:{}}',0,1307170819),(533,'update_fetch_tasks','a:8:{s:4:\"name\";s:17:\"commerce_features\";s:4:\"info\";a:6:{s:4:\"name\";s:17:\"Commerce Features\";s:7:\"package\";s:8:\"Features\";s:7:\"version\";s:11:\"7.x-1.x-dev\";s:7:\"project\";s:17:\"commerce_features\";s:9:\"datestamp\";s:10:\"1301486616\";s:16:\"_info_file_ctime\";i:1306806259;}s:9:\"datestamp\";s:10:\"1301486616\";s:8:\"includes\";a:1:{s:17:\"commerce_features\";s:17:\"Commerce Features\";}s:12:\"project_type\";s:6:\"module\";s:14:\"project_status\";b:1;s:10:\"sub_themes\";a:0:{}s:11:\"base_themes\";a:0:{}}',0,1307170819),(534,'update_fetch_tasks','a:8:{s:4:\"name\";s:25:\"commerce_fieldgroup_panes\";s:4:\"info\";a:6:{s:4:\"name\";s:22:\"Order Fieldgroup Panes\";s:7:\"package\";s:8:\"Commerce\";s:7:\"version\";s:11:\"7.x-1.0-rc1\";s:7:\"project\";s:25:\"commerce_fieldgroup_panes\";s:9:\"datestamp\";s:10:\"1303548415\";s:16:\"_info_file_ctime\";i:1306806272;}s:9:\"datestamp\";s:10:\"1303548415\";s:8:\"includes\";a:1:{s:25:\"commerce_fieldgroup_panes\";s:22:\"Order Fieldgroup Panes\";}s:12:\"project_type\";s:6:\"module\";s:14:\"project_status\";b:1;s:10:\"sub_themes\";a:0:{}s:11:\"base_themes\";a:0:{}}',0,1307170819),(535,'update_fetch_tasks','a:8:{s:4:\"name\";s:15:\"commerce_paypal\";s:4:\"info\";a:6:{s:4:\"name\";s:6:\"PayPal\";s:7:\"package\";s:17:\"Commerce (PayPal)\";s:7:\"version\";s:11:\"7.x-1.x-dev\";s:7:\"project\";s:15:\"commerce_paypal\";s:9:\"datestamp\";s:10:\"1303560287\";s:16:\"_info_file_ctime\";i:1306806297;}s:9:\"datestamp\";s:10:\"1303560287\";s:8:\"includes\";a:2:{s:15:\"commerce_paypal\";s:6:\"PayPal\";s:19:\"commerce_paypal_wps\";s:10:\"PayPal WPS\";}s:12:\"project_type\";s:6:\"module\";s:14:\"project_status\";b:1;s:10:\"sub_themes\";a:0:{}s:11:\"base_themes\";a:0:{}}',0,1307170819),(536,'update_fetch_tasks','a:8:{s:4:\"name\";s:20:\"commerce_pdf_invoice\";s:4:\"info\";a:6:{s:4:\"name\";s:11:\"PDF Invoice\";s:7:\"package\";s:8:\"Commerce\";s:7:\"version\";s:11:\"7.x-1.x-dev\";s:7:\"project\";s:20:\"commerce_pdf_invoice\";s:9:\"datestamp\";s:10:\"1304640295\";s:16:\"_info_file_ctime\";i:1306806313;}s:9:\"datestamp\";s:10:\"1304640295\";s:8:\"includes\";a:1:{s:20:\"commerce_pdf_invoice\";s:11:\"PDF Invoice\";}s:12:\"project_type\";s:6:\"module\";s:14:\"project_status\";b:1;s:10:\"sub_themes\";a:0:{}s:11:\"base_themes\";a:0:{}}',0,1307170819),(537,'update_fetch_tasks','a:8:{s:4:\"name\";s:20:\"commerce_price_table\";s:4:\"info\";a:6:{s:4:\"name\";s:20:\"Commerce price table\";s:7:\"package\";s:18:\"Commerce (contrib)\";s:7:\"version\";s:11:\"7.x-1.x-dev\";s:7:\"project\";s:20:\"commerce_price_table\";s:9:\"datestamp\";s:10:\"1306930065\";s:16:\"_info_file_ctime\";i:1307039673;}s:9:\"datestamp\";s:10:\"1306930065\";s:8:\"includes\";a:1:{s:20:\"commerce_price_table\";s:20:\"Commerce price table\";}s:12:\"project_type\";s:6:\"module\";s:14:\"project_status\";b:1;s:10:\"sub_themes\";a:0:{}s:11:\"base_themes\";a:0:{}}',0,1307170819),(538,'update_fetch_tasks','a:8:{s:4:\"name\";s:27:\"commerce_product_attributes\";s:4:\"info\";a:6:{s:4:\"name\";s:18:\"Product Attributes\";s:7:\"package\";s:8:\"Commerce\";s:7:\"version\";s:14:\"7.x-1.0-alpha1\";s:7:\"project\";s:27:\"commerce_product_attributes\";s:9:\"datestamp\";s:10:\"1304791015\";s:16:\"_info_file_ctime\";i:1306806339;}s:9:\"datestamp\";s:10:\"1304791015\";s:8:\"includes\";a:1:{s:27:\"commerce_product_attributes\";s:18:\"Product Attributes\";}s:12:\"project_type\";s:6:\"module\";s:14:\"project_status\";b:1;s:10:\"sub_themes\";a:0:{}s:11:\"base_themes\";a:0:{}}',0,1307170819),(539,'update_fetch_tasks','a:8:{s:4:\"name\";s:23:\"commerce_product_bundle\";s:4:\"info\";a:6:{s:4:\"name\";s:14:\"Product Bundle\";s:7:\"package\";s:8:\"Commerce\";s:7:\"version\";s:14:\"7.x-1.0-alpha2\";s:7:\"project\";s:23:\"commerce_product_bundle\";s:9:\"datestamp\";s:10:\"1304844115\";s:16:\"_info_file_ctime\";i:1306806356;}s:9:\"datestamp\";s:10:\"1304844115\";s:8:\"includes\";a:1:{s:23:\"commerce_product_bundle\";s:14:\"Product Bundle\";}s:12:\"project_type\";s:6:\"module\";s:14:\"project_status\";b:1;s:10:\"sub_themes\";a:0:{}s:11:\"base_themes\";a:0:{}}',0,1307170819),(540,'update_fetch_tasks','a:8:{s:4:\"name\";s:17:\"commerce_shipping\";s:4:\"info\";a:6:{s:4:\"name\";s:8:\"Shipping\";s:7:\"package\";s:8:\"Commerce\";s:7:\"version\";s:13:\"7.x-1.0-beta2\";s:7:\"project\";s:17:\"commerce_shipping\";s:9:\"datestamp\";s:10:\"1304181722\";s:16:\"_info_file_ctime\";i:1306806368;}s:9:\"datestamp\";s:10:\"1304181722\";s:8:\"includes\";a:3:{s:17:\"commerce_shipping\";s:8:\"Shipping\";s:25:\"commerce_shipping_example\";s:23:\"Shipping Method Example\";s:20:\"commerce_shipping_ui\";s:11:\"Shipping UI\";}s:12:\"project_type\";s:6:\"module\";s:14:\"project_status\";b:1;s:10:\"sub_themes\";a:0:{}s:11:\"base_themes\";a:0:{}}',0,1307170819),(541,'update_fetch_tasks','a:8:{s:4:\"name\";s:13:\"contact_forms\";s:4:\"info\";a:6:{s:4:\"name\";s:13:\"Contact Forms\";s:7:\"version\";s:7:\"7.x-1.2\";s:7:\"project\";s:13:\"contact_forms\";s:9:\"datestamp\";s:10:\"1296179201\";s:7:\"package\";s:5:\"Other\";s:16:\"_info_file_ctime\";i:1306806399;}s:9:\"datestamp\";s:10:\"1296179201\";s:8:\"includes\";a:1:{s:13:\"contact_forms\";s:13:\"Contact Forms\";}s:12:\"project_type\";s:6:\"module\";s:14:\"project_status\";b:1;s:10:\"sub_themes\";a:0:{}s:11:\"base_themes\";a:0:{}}',0,1307170819),(542,'update_fetch_tasks','a:8:{s:4:\"name\";s:24:\"contact_google_analytics\";s:4:\"info\";a:6:{s:4:\"name\";s:29:\"Google Analytics Contact Form\";s:7:\"package\";s:10:\"Statistics\";s:7:\"version\";s:11:\"7.x-1.x-dev\";s:7:\"project\";s:24:\"contact_google_analytics\";s:9:\"datestamp\";s:10:\"1300363395\";s:16:\"_info_file_ctime\";i:1306806412;}s:9:\"datestamp\";s:10:\"1300363395\";s:8:\"includes\";a:1:{s:24:\"contact_google_analytics\";s:29:\"Google Analytics Contact Form\";}s:12:\"project_type\";s:6:\"module\";s:14:\"project_status\";b:1;s:10:\"sub_themes\";a:0:{}s:11:\"base_themes\";a:0:{}}',0,1307170819),(543,'update_fetch_tasks','a:8:{s:4:\"name\";s:18:\"ctools_path_access\";s:4:\"info\";a:6:{s:4:\"name\";s:25:\"CTools Path Access plugin\";s:7:\"package\";s:16:\"Chaos tool suite\";s:7:\"version\";s:7:\"7.x-1.0\";s:7:\"project\";s:18:\"ctools_path_access\";s:9:\"datestamp\";s:10:\"1300464667\";s:16:\"_info_file_ctime\";i:1306812013;}s:9:\"datestamp\";s:10:\"1300464667\";s:8:\"includes\";a:1:{s:18:\"ctools_path_access\";s:25:\"CTools Path Access plugin\";}s:12:\"project_type\";s:6:\"module\";s:14:\"project_status\";b:1;s:10:\"sub_themes\";a:0:{}s:11:\"base_themes\";a:0:{}}',0,1307170819),(544,'update_fetch_tasks','a:8:{s:4:\"name\";s:4:\"date\";s:4:\"info\";a:6:{s:4:\"name\";s:4:\"Date\";s:7:\"package\";s:9:\"Date/Time\";s:7:\"version\";s:14:\"7.x-2.0-alpha3\";s:7:\"project\";s:4:\"date\";s:9:\"datestamp\";s:10:\"1303821715\";s:16:\"_info_file_ctime\";i:1306813028;}s:9:\"datestamp\";s:10:\"1303821715\";s:8:\"includes\";a:5:{s:4:\"date\";s:4:\"Date\";s:8:\"date_api\";s:8:\"Date API\";s:10:\"date_popup\";s:10:\"Date Popup\";s:10:\"date_tools\";s:10:\"Date Tools\";s:10:\"date_views\";s:10:\"Date Views\";}s:12:\"project_type\";s:6:\"module\";s:14:\"project_status\";b:1;s:10:\"sub_themes\";a:0:{}s:11:\"base_themes\";a:0:{}}',0,1307170819),(545,'update_fetch_tasks','a:8:{s:4:\"name\";s:5:\"email\";s:4:\"info\";a:6:{s:4:\"name\";s:5:\"Email\";s:7:\"package\";s:6:\"Fields\";s:7:\"version\";s:13:\"7.x-1.0-beta1\";s:7:\"project\";s:5:\"email\";s:9:\"datestamp\";s:10:\"1295529409\";s:16:\"_info_file_ctime\";i:1306806426;}s:9:\"datestamp\";s:10:\"1295529409\";s:8:\"includes\";a:1:{s:5:\"email\";s:5:\"Email\";}s:12:\"project_type\";s:6:\"module\";s:14:\"project_status\";b:1;s:10:\"sub_themes\";a:0:{}s:11:\"base_themes\";a:0:{}}',0,1307170819),(546,'update_fetch_tasks','a:8:{s:4:\"name\";s:19:\"encrypt_submissions\";s:4:\"info\";a:6:{s:4:\"name\";s:19:\"Encrypt Submissions\";s:7:\"version\";s:13:\"7.x-1.0-beta2\";s:7:\"project\";s:19:\"encrypt_submissions\";s:9:\"datestamp\";s:10:\"1298320376\";s:7:\"package\";s:5:\"Other\";s:16:\"_info_file_ctime\";i:1306806437;}s:9:\"datestamp\";s:10:\"1298320376\";s:8:\"includes\";a:1:{s:19:\"encrypt_submissions\";s:19:\"Encrypt Submissions\";}s:12:\"project_type\";s:6:\"module\";s:14:\"project_status\";b:1;s:10:\"sub_themes\";a:0:{}s:11:\"base_themes\";a:0:{}}',0,1307170819),(547,'update_fetch_tasks','a:8:{s:4:\"name\";s:6:\"entity\";s:4:\"info\";a:6:{s:4:\"name\";s:10:\"Entity API\";s:7:\"version\";s:13:\"7.x-1.0-beta8\";s:7:\"project\";s:6:\"entity\";s:9:\"datestamp\";s:10:\"1300731067\";s:7:\"package\";s:5:\"Other\";s:16:\"_info_file_ctime\";i:1306812027;}s:9:\"datestamp\";s:10:\"1300731067\";s:8:\"includes\";a:2:{s:6:\"entity\";s:10:\"Entity API\";s:12:\"entity_token\";s:13:\"Entity tokens\";}s:12:\"project_type\";s:6:\"module\";s:14:\"project_status\";b:1;s:10:\"sub_themes\";a:0:{}s:11:\"base_themes\";a:0:{}}',0,1307170819),(548,'update_fetch_tasks','a:8:{s:4:\"name\";s:8:\"features\";s:4:\"info\";a:6:{s:4:\"name\";s:8:\"Features\";s:7:\"package\";s:8:\"Features\";s:7:\"version\";s:11:\"7.x-1.x-dev\";s:7:\"project\";s:8:\"features\";s:9:\"datestamp\";s:10:\"1305936660\";s:16:\"_info_file_ctime\";i:1306816512;}s:9:\"datestamp\";s:10:\"1305936660\";s:8:\"includes\";a:1:{s:8:\"features\";s:8:\"Features\";}s:12:\"project_type\";s:6:\"module\";s:14:\"project_status\";b:1;s:10:\"sub_themes\";a:0:{}s:11:\"base_themes\";a:0:{}}',0,1307170819),(549,'update_fetch_tasks','a:8:{s:4:\"name\";s:11:\"field_group\";s:4:\"info\";a:6:{s:4:\"name\";s:10:\"Fieldgroup\";s:7:\"package\";s:6:\"Fields\";s:7:\"version\";s:7:\"7.x-1.0\";s:7:\"project\";s:11:\"field_group\";s:9:\"datestamp\";s:10:\"1306266416\";s:16:\"_info_file_ctime\";i:1306814970;}s:9:\"datestamp\";s:10:\"1306266416\";s:8:\"includes\";a:1:{s:11:\"field_group\";s:10:\"Fieldgroup\";}s:12:\"project_type\";s:6:\"module\";s:14:\"project_status\";b:1;s:10:\"sub_themes\";a:0:{}s:11:\"base_themes\";a:0:{}}',0,1307170819),(550,'update_fetch_tasks','a:8:{s:4:\"name\";s:5:\"media\";s:4:\"info\";a:6:{s:4:\"name\";s:11:\"File Entity\";s:7:\"package\";s:5:\"Media\";s:7:\"version\";s:11:\"7.x-1.x-dev\";s:7:\"project\";s:5:\"media\";s:9:\"datestamp\";s:10:\"1306369390\";s:16:\"_info_file_ctime\";i:1306814693;}s:9:\"datestamp\";s:10:\"1306369390\";s:8:\"includes\";a:3:{s:11:\"file_entity\";s:11:\"File Entity\";s:5:\"media\";s:5:\"Media\";s:14:\"media_internet\";s:22:\"Media Internet Sources\";}s:12:\"project_type\";s:6:\"module\";s:14:\"project_status\";b:1;s:10:\"sub_themes\";a:0:{}s:11:\"base_themes\";a:0:{}}',0,1307170819),(551,'update_fetch_tasks','a:8:{s:4:\"name\";s:12:\"ga_tokenizer\";s:4:\"info\";a:6:{s:4:\"name\";s:26:\"Google Analytics Tokenizer\";s:7:\"package\";s:10:\"Statistics\";s:7:\"version\";s:7:\"7.x-1.3\";s:7:\"project\";s:12:\"ga_tokenizer\";s:9:\"datestamp\";s:10:\"1303421515\";s:16:\"_info_file_ctime\";i:1306812738;}s:9:\"datestamp\";s:10:\"1303421515\";s:8:\"includes\";a:1:{s:12:\"ga_tokenizer\";s:26:\"Google Analytics Tokenizer\";}s:12:\"project_type\";s:6:\"module\";s:14:\"project_status\";b:1;s:10:\"sub_themes\";a:0:{}s:11:\"base_themes\";a:0:{}}',0,1307170819),(552,'update_fetch_tasks','a:8:{s:4:\"name\";s:10:\"mailsystem\";s:4:\"info\";a:6:{s:7:\"package\";s:4:\"Mail\";s:4:\"name\";s:11:\"Mail System\";s:7:\"version\";s:8:\"7.x-2.19\";s:7:\"project\";s:10:\"mailsystem\";s:9:\"datestamp\";s:10:\"1306941416\";s:16:\"_info_file_ctime\";i:1307039798;}s:9:\"datestamp\";s:10:\"1306941416\";s:8:\"includes\";a:1:{s:10:\"mailsystem\";s:11:\"Mail System\";}s:12:\"project_type\";s:6:\"module\";s:14:\"project_status\";b:1;s:10:\"sub_themes\";a:0:{}s:11:\"base_themes\";a:0:{}}',0,1307170819),(553,'update_fetch_tasks','a:8:{s:4:\"name\";s:13:\"media_youtube\";s:4:\"info\";a:6:{s:4:\"name\";s:14:\"Media: YouTube\";s:7:\"package\";s:5:\"Media\";s:7:\"version\";s:14:\"7.x-1.0-alpha5\";s:7:\"project\";s:13:\"media_youtube\";s:9:\"datestamp\";s:10:\"1306891017\";s:16:\"_info_file_ctime\";i:1307032374;}s:9:\"datestamp\";s:10:\"1306891017\";s:8:\"includes\";a:1:{s:13:\"media_youtube\";s:14:\"Media: YouTube\";}s:12:\"project_type\";s:6:\"module\";s:14:\"project_status\";b:1;s:10:\"sub_themes\";a:0:{}s:11:\"base_themes\";a:0:{}}',0,1307170819),(554,'update_fetch_tasks','a:8:{s:4:\"name\";s:8:\"mimemail\";s:4:\"info\";a:6:{s:4:\"name\";s:9:\"Mime Mail\";s:7:\"package\";s:4:\"Mail\";s:7:\"version\";s:11:\"7.x-1.x-dev\";s:7:\"project\";s:8:\"mimemail\";s:9:\"datestamp\";s:10:\"1306542438\";s:16:\"_info_file_ctime\";i:1306816378;}s:9:\"datestamp\";s:10:\"1306542438\";s:8:\"includes\";a:3:{s:8:\"mimemail\";s:9:\"Mime Mail\";s:15:\"mimemail_action\";s:16:\"Mime Mail Action\";s:17:\"mimemail_compress\";s:24:\"Mime Mail CSS Compressor\";}s:12:\"project_type\";s:6:\"module\";s:14:\"project_status\";b:1;s:10:\"sub_themes\";a:0:{}s:11:\"base_themes\";a:0:{}}',0,1307170819),(555,'update_fetch_tasks','a:8:{s:4:\"name\";s:6:\"panels\";s:4:\"info\";a:6:{s:4:\"name\";s:6:\"Panels\";s:7:\"package\";s:6:\"Panels\";s:7:\"version\";s:14:\"7.x-3.0-alpha3\";s:7:\"project\";s:6:\"panels\";s:9:\"datestamp\";s:10:\"1300396268\";s:16:\"_info_file_ctime\";i:1306812720;}s:9:\"datestamp\";s:10:\"1300396268\";s:8:\"includes\";a:4:{s:6:\"panels\";s:6:\"Panels\";s:10:\"panels_ipe\";s:22:\"Panels In-Place Editor\";s:11:\"panels_mini\";s:11:\"Mini panels\";s:11:\"panels_node\";s:11:\"Panel nodes\";}s:12:\"project_type\";s:6:\"module\";s:14:\"project_status\";b:1;s:10:\"sub_themes\";a:0:{}s:11:\"base_themes\";a:0:{}}',0,1307170819),(556,'update_fetch_tasks','a:8:{s:4:\"name\";s:13:\"rolereference\";s:4:\"info\";a:6:{s:4:\"name\";s:14:\"Role Reference\";s:7:\"package\";s:6:\"Fields\";s:7:\"version\";s:11:\"7.x-1.x-dev\";s:7:\"project\";s:13:\"rolereference\";s:9:\"datestamp\";s:10:\"1305160877\";s:16:\"_info_file_ctime\";i:1306817001;}s:9:\"datestamp\";s:10:\"1305160877\";s:8:\"includes\";a:1:{s:13:\"rolereference\";s:14:\"Role Reference\";}s:12:\"project_type\";s:6:\"module\";s:14:\"project_status\";b:1;s:10:\"sub_themes\";a:0:{}s:11:\"base_themes\";a:0:{}}',0,1307170819),(557,'update_fetch_tasks','a:8:{s:4:\"name\";s:5:\"rules\";s:4:\"info\";a:6:{s:4:\"name\";s:5:\"Rules\";s:7:\"package\";s:5:\"Rules\";s:7:\"version\";s:13:\"7.x-2.0-beta1\";s:7:\"project\";s:5:\"rules\";s:9:\"datestamp\";s:10:\"1300896369\";s:16:\"_info_file_ctime\";i:1306811811;}s:9:\"datestamp\";s:10:\"1300896369\";s:8:\"includes\";a:3:{s:5:\"rules\";s:5:\"Rules\";s:11:\"rules_admin\";s:8:\"Rules UI\";s:15:\"rules_scheduler\";s:15:\"Rules Scheduler\";}s:12:\"project_type\";s:6:\"module\";s:14:\"project_status\";b:1;s:10:\"sub_themes\";a:0:{}s:11:\"base_themes\";a:0:{}}',0,1307170819),(558,'update_fetch_tasks','a:8:{s:4:\"name\";s:8:\"site_map\";s:4:\"info\";a:6:{s:4:\"name\";s:8:\"Site map\";s:7:\"version\";s:13:\"7.x-1.0-beta1\";s:7:\"project\";s:8:\"site_map\";s:9:\"datestamp\";s:10:\"1294253198\";s:7:\"package\";s:5:\"Other\";s:16:\"_info_file_ctime\";i:1306806462;}s:9:\"datestamp\";s:10:\"1294253198\";s:8:\"includes\";a:1:{s:8:\"site_map\";s:8:\"Site map\";}s:12:\"project_type\";s:6:\"module\";s:14:\"project_status\";b:1;s:10:\"sub_themes\";a:0:{}s:11:\"base_themes\";a:0:{}}',0,1307170819),(559,'update_fetch_tasks','a:8:{s:4:\"name\";s:5:\"token\";s:4:\"info\";a:6:{s:4:\"name\";s:5:\"Token\";s:7:\"version\";s:13:\"7.x-1.0-beta2\";s:7:\"project\";s:5:\"token\";s:9:\"datestamp\";s:10:\"1305833216\";s:7:\"package\";s:5:\"Other\";s:16:\"_info_file_ctime\";i:1306842401;}s:9:\"datestamp\";s:10:\"1305833216\";s:8:\"includes\";a:1:{s:5:\"token\";s:5:\"Token\";}s:12:\"project_type\";s:6:\"module\";s:14:\"project_status\";b:1;s:10:\"sub_themes\";a:0:{}s:11:\"base_themes\";a:0:{}}',0,1307170819),(560,'update_fetch_tasks','a:8:{s:4:\"name\";s:5:\"views\";s:4:\"info\";a:6:{s:4:\"name\";s:5:\"Views\";s:7:\"package\";s:5:\"Views\";s:7:\"version\";s:13:\"7.x-3.0-beta3\";s:7:\"project\";s:5:\"views\";s:9:\"datestamp\";s:10:\"1301301970\";s:16:\"_info_file_ctime\";i:1306811823;}s:9:\"datestamp\";s:10:\"1301301970\";s:8:\"includes\";a:3:{s:5:\"views\";s:5:\"Views\";s:12:\"views_export\";s:14:\"Views exporter\";s:8:\"views_ui\";s:8:\"Views UI\";}s:12:\"project_type\";s:6:\"module\";s:14:\"project_status\";b:1;s:10:\"sub_themes\";a:0:{}s:11:\"base_themes\";a:0:{}}',0,1307170819),(561,'update_fetch_tasks','a:8:{s:4:\"name\";s:9:\"views_pdf\";s:4:\"info\";a:6:{s:4:\"name\";s:11:\"Append View\";s:7:\"package\";s:5:\"Views\";s:7:\"version\";s:11:\"7.x-1.x-dev\";s:7:\"project\";s:9:\"views_pdf\";s:9:\"datestamp\";s:10:\"1306153242\";s:16:\"_info_file_ctime\";i:1306814763;}s:9:\"datestamp\";s:10:\"1306153242\";s:8:\"includes\";a:4:{s:12:\"views_append\";s:11:\"Append View\";s:9:\"views_pdf\";s:17:\"Views PDF Display\";s:18:\"views_pdf_mimemail\";s:19:\"Views PDF Mime Mail\";s:16:\"views_view_field\";s:11:\"Views Field\";}s:12:\"project_type\";s:6:\"module\";s:14:\"project_status\";b:1;s:10:\"sub_themes\";a:0:{}s:11:\"base_themes\";a:0:{}}',0,1307170819),(562,'update_fetch_tasks','a:8:{s:4:\"name\";s:16:\"views_field_view\";s:4:\"info\";a:6:{s:4:\"name\";s:16:\"Views Field View\";s:7:\"package\";s:5:\"Views\";s:7:\"version\";s:11:\"7.x-1.x-dev\";s:7:\"project\";s:16:\"views_field_view\";s:9:\"datestamp\";s:10:\"1305506254\";s:16:\"_info_file_ctime\";i:1306814752;}s:9:\"datestamp\";s:10:\"1305506254\";s:8:\"includes\";a:1:{s:16:\"views_field_view\";s:16:\"Views Field View\";}s:12:\"project_type\";s:6:\"module\";s:14:\"project_status\";b:1;s:10:\"sub_themes\";a:0:{}s:11:\"base_themes\";a:0:{}}',0,1307170819),(563,'update_fetch_tasks','a:8:{s:4:\"name\";s:7:\"danland\";s:4:\"info\";a:5:{s:4:\"name\";s:7:\"Danblog\";s:7:\"version\";s:7:\"7.x-1.0\";s:7:\"project\";s:7:\"danland\";s:9:\"datestamp\";s:10:\"1294312858\";s:16:\"_info_file_ctime\";i:1305606401;}s:9:\"datestamp\";s:10:\"1294312858\";s:8:\"includes\";a:2:{s:7:\"danblog\";s:7:\"Danblog\";s:7:\"danland\";s:7:\"Danland\";}s:12:\"project_type\";s:5:\"theme\";s:14:\"project_status\";b:1;s:10:\"sub_themes\";a:0:{}s:11:\"base_themes\";a:1:{s:7:\"danland\";s:7:\"Danland\";}}',0,1307170819);

--
-- Table structure for table `rdf_mapping`
--

CREATE TABLE `rdf_mapping` (
  `type` varchar(128) NOT NULL COMMENT 'The name of the entity type a mapping applies to (node, user, comment, etc.).',
  `bundle` varchar(128) NOT NULL COMMENT 'The name of the bundle a mapping applies to.',
  `mapping` longblob COMMENT 'The serialized mapping of the bundle type and fields to RDF terms.',
  PRIMARY KEY (`type`,`bundle`)
) ENGINE=MyISAM DEFAULT CHARSET=utf8 COMMENT='Stores custom RDF mappings for user defined content types...';

--
-- Dumping data for table `rdf_mapping`
--

INSERT INTO `rdf_mapping` VALUES ('node','article','a:11:{s:11:\"field_image\";a:2:{s:10:\"predicates\";a:2:{i:0;s:8:\"og:image\";i:1;s:12:\"rdfs:seeAlso\";}s:4:\"type\";s:3:\"rel\";}s:10:\"field_tags\";a:2:{s:10:\"predicates\";a:1:{i:0;s:10:\"dc:subject\";}s:4:\"type\";s:3:\"rel\";}s:7:\"rdftype\";a:2:{i:0;s:9:\"sioc:Item\";i:1;s:13:\"foaf:Document\";}s:5:\"title\";a:1:{s:10:\"predicates\";a:1:{i:0;s:8:\"dc:title\";}}s:7:\"created\";a:3:{s:10:\"predicates\";a:2:{i:0;s:7:\"dc:date\";i:1;s:10:\"dc:created\";}s:8:\"datatype\";s:12:\"xsd:dateTime\";s:8:\"callback\";s:12:\"date_iso8601\";}s:7:\"changed\";a:3:{s:10:\"predicates\";a:1:{i:0;s:11:\"dc:modified\";}s:8:\"datatype\";s:12:\"xsd:dateTime\";s:8:\"callback\";s:12:\"date_iso8601\";}s:4:\"body\";a:1:{s:10:\"predicates\";a:1:{i:0;s:15:\"content:encoded\";}}s:3:\"uid\";a:2:{s:10:\"predicates\";a:1:{i:0;s:16:\"sioc:has_creator\";}s:4:\"type\";s:3:\"rel\";}s:4:\"name\";a:1:{s:10:\"predicates\";a:1:{i:0;s:9:\"foaf:name\";}}s:13:\"comment_count\";a:2:{s:10:\"predicates\";a:1:{i:0;s:16:\"sioc:num_replies\";}s:8:\"datatype\";s:11:\"xsd:integer\";}s:13:\"last_activity\";a:3:{s:10:\"predicates\";a:1:{i:0;s:23:\"sioc:last_activity_date\";}s:8:\"datatype\";s:12:\"xsd:dateTime\";s:8:\"callback\";s:12:\"date_iso8601\";}}'),('node','page','a:9:{s:7:\"rdftype\";a:1:{i:0;s:13:\"foaf:Document\";}s:5:\"title\";a:1:{s:10:\"predicates\";a:1:{i:0;s:8:\"dc:title\";}}s:7:\"created\";a:3:{s:10:\"predicates\";a:2:{i:0;s:7:\"dc:date\";i:1;s:10:\"dc:created\";}s:8:\"datatype\";s:12:\"xsd:dateTime\";s:8:\"callback\";s:12:\"date_iso8601\";}s:7:\"changed\";a:3:{s:10:\"predicates\";a:1:{i:0;s:11:\"dc:modified\";}s:8:\"datatype\";s:12:\"xsd:dateTime\";s:8:\"callback\";s:12:\"date_iso8601\";}s:4:\"body\";a:1:{s:10:\"predicates\";a:1:{i:0;s:15:\"content:encoded\";}}s:3:\"uid\";a:2:{s:10:\"predicates\";a:1:{i:0;s:16:\"sioc:has_creator\";}s:4:\"type\";s:3:\"rel\";}s:4:\"name\";a:1:{s:10:\"predicates\";a:1:{i:0;s:9:\"foaf:name\";}}s:13:\"comment_count\";a:2:{s:10:\"predicates\";a:1:{i:0;s:16:\"sioc:num_replies\";}s:8:\"datatype\";s:11:\"xsd:integer\";}s:13:\"last_activity\";a:3:{s:10:\"predicates\";a:1:{i:0;s:23:\"sioc:last_activity_date\";}s:8:\"datatype\";s:12:\"xsd:dateTime\";s:8:\"callback\";s:12:\"date_iso8601\";}}');

--
-- Table structure for table `registry`
--

CREATE TABLE `registry` (
  `name` varchar(255) NOT NULL DEFAULT '' COMMENT 'The name of the function, class, or interface.',
  `type` varchar(9) NOT NULL DEFAULT '' COMMENT 'Either function or class or interface.',
  `filename` varchar(255) NOT NULL,
  `module` varchar(255) NOT NULL DEFAULT '' COMMENT 'Name of the module the file belongs to.',
  `weight` int(11) NOT NULL DEFAULT '0' COMMENT 'The order in which this module’s hooks should be invoked relative to other modules. Equal-weighted modules are ordered by name.',
  PRIMARY KEY (`name`,`type`),
  KEY `hook` (`type`,`weight`,`module`)
) ENGINE=MyISAM DEFAULT CHARSET=utf8 COMMENT='Each record is a function, class, or interface name and...';

--
-- Dumping data for table `registry`
--

INSERT INTO `registry` VALUES ('AccessDeniedTestCase','class','modules/system/system.test','system',0),('AddressFieldForm','interface','sites/all/modules/addressfield/includes/addressfield_form.inc','addressfield',0),('AddressFieldForm_br','class','sites/all/modules/addressfield/includes/addressfield_form_br.inc','addressfield',0),('AddressFieldForm_default','class','sites/all/modules/addressfield/includes/addressfield_form_default.inc','addressfield',0),('AddressFieldForm_gb','class','sites/all/modules/addressfield/includes/addressfield_form_gb.inc','addressfield',0),('AddressFieldForm_us','class','sites/all/modules/addressfield/includes/addressfield_form_us.inc','addressfield',0),('AdminMetaTagTestCase','class','modules/system/system.test','system',0),('ArchiverInterface','interface','includes/archiver.inc','',0),('ArchiverTar','class','modules/system/system.archiver.inc','system',0),('ArchiverZip','class','modules/system/system.archiver.inc','system',0),('Archive_Tar','class','modules/system/system.tar.inc','system',0),('BatchMemoryQueue','class','includes/batch.queue.inc','',0),('BatchQueue','class','includes/batch.queue.inc','',0),('BlockAdminThemeTestCase','class','modules/block/block.test','block',-5),('BlockCacheTestCase','class','modules/block/block.test','block',-5),('BlockHTMLIdTestCase','class','modules/block/block.test','block',-5),('BlockTemplateSuggestionsUnitTest','class','modules/block/block.test','block',-5),('BlockTestCase','class','modules/block/block.test','block',-5),('calendar_plugin_display_attachment','class','sites/all/modules/calendar/includes/calendar_plugin_display_attachment.inc','calendar',0),('calendar_plugin_display_block','class','sites/all/modules/calendar/includes/calendar_plugin_display_block.inc','calendar',0),('calendar_plugin_display_ical','class','sites/all/modules/calendar/calendar_ical/calendar_plugin_display_ical.inc','calendar_ical',0),('calendar_plugin_display_page','class','sites/all/modules/calendar/includes/calendar_plugin_display_page.inc','calendar',0),('calendar_plugin_style','class','sites/all/modules/calendar/includes/calendar_plugin_style.inc','calendar',0),('calendar_plugin_style_ical','class','sites/all/modules/calendar/calendar_ical/calendar_plugin_style_ical.inc','calendar_ical',0),('calendar_view_plugin_style','class','sites/all/modules/calendar/includes/calendar_view_plugin_style.inc','calendar',0),('ColorTestCase','class','modules/color/color.test','color',0),('CommentActionsTestCase','class','modules/comment/comment.test','comment',0),('CommentAnonymous','class','modules/comment/comment.test','comment',0),('CommentApprovalTest','class','modules/comment/comment.test','comment',0),('CommentBlockFunctionalTest','class','modules/comment/comment.test','comment',0),('CommentContentRebuild','class','modules/comment/comment.test','comment',0),('CommentController','class','modules/comment/comment.module','comment',0),('CommentFieldsTest','class','modules/comment/comment.test','comment',0),('CommentHelperCase','class','modules/comment/comment.test','comment',0),('CommentInterfaceTest','class','modules/comment/comment.test','comment',0),('CommentNodeAccessTest','class','modules/comment/comment.test','comment',0),('CommentPagerTest','class','modules/comment/comment.test','comment',0),('CommentPreviewTest','class','modules/comment/comment.test','comment',0),('CommentRSSUnitTest','class','modules/comment/comment.test','comment',0),('CommentTokenReplaceTestCase','class','modules/comment/comment.test','comment',0),('CommerceBaseTestCase','class','sites/all/modules/commerce/tests/commerce_base.test','commerce',0),('CommerceBaseTesterTestCase','class','sites/all/modules/commerce/tests/commerce_base.test','commerce',0),('CommerceCartTestCase','class','sites/all/modules/commerce/modules/cart/tests/commerce_cart.test','commerce_cart',0),('CommerceCartTestCaseAnonymousToAuthenticated','class','sites/all/modules/commerce/modules/cart/tests/commerce_cart.test','commerce_cart',0),('CommerceCartTestCaseAttributes','class','sites/all/modules/commerce/modules/cart/tests/commerce_cart.test','commerce_cart',0),('CommerceCartTestCaseMultiProducts','class','sites/all/modules/commerce/modules/cart/tests/commerce_cart.test','commerce_cart',0),('CommerceCartTestCaseSimpleProduct','class','sites/all/modules/commerce/modules/cart/tests/commerce_cart.test','commerce_cart',0),('CommerceCheckoutTestProcess','class','sites/all/modules/commerce/modules/checkout/tests/commerce_checkout.test','commerce_checkout',0),('CommerceCoupon','class','sites/all/modules/commerce_coupon/classes/commerce_coupon.inc','commerce_coupon',0),('CommerceCouponLog','class','sites/all/modules/commerce_coupon/classes/commerce_coupon_log.inc','commerce_coupon',0),('CommerceCouponType','class','sites/all/modules/commerce_coupon/classes/commerce_coupon_type.inc','commerce_coupon',0),('CommerceCustomerProfileEntityController','class','sites/all/modules/commerce/modules/customer/includes/commerce_customer_profile.controller.inc','commerce_customer',0),('CommerceCustomerUITest','class','sites/all/modules/commerce/modules/customer/tests/commerce_customer_ui.test','commerce_customer_ui',0),('CommerceLineItemEntityController','class','sites/all/modules/commerce/modules/line_item/includes/commerce_line_item.controller.inc','commerce_line_item',0),('CommerceOrderEntityController','class','sites/all/modules/commerce/modules/order/includes/commerce_order.controller.inc','commerce_order',0),('CommerceOrderUIAdminTest','class','sites/all/modules/commerce/modules/order/tests/commerce_order_ui.test','commerce_order_ui',0),('CommercePaymentOffsiteTest','class','sites/all/modules/commerce/modules/payment/tests/commerce_payment_ui.test','commerce_payment_ui',0),('CommercePaymentTransactionEntityController','class','sites/all/modules/commerce/modules/payment/includes/commerce_payment_transaction.controller.inc','commerce_payment',0),('CommercePaymentUITest','class','sites/all/modules/commerce/modules/payment/tests/commerce_payment_ui.test','commerce_payment_ui',0),('CommerceProductCRUDTestCase','class','sites/all/modules/commerce/modules/product/tests/commerce_product.test','commerce_product',0),('CommerceProductEntityController','class','sites/all/modules/commerce/modules/product/includes/commerce_product.controller.inc','commerce_product',0),('CommerceProductReferenceAdminTest','class','sites/all/modules/commerce/modules/product_reference/tests/commerce_product_reference.test','commerce_product_reference',0),('CommerceProductRulesTestCase','class','sites/all/modules/commerce/modules/product/tests/commerce_product.test','commerce_product',0),('CommerceProductUIAdminTest','class','sites/all/modules/commerce/modules/product/tests/commerce_product_ui.test','commerce_product_ui',0),('CommerceSandboxTestCase','class','sites/all/modules/commerce/tests/commerce_base.test','commerce',0),('CommerceTaxUIAdminTest','class','sites/all/modules/commerce/modules/tax/tests/commerce_tax_ui.test','commerce_tax_ui',0),('CommerceTestCase','class','sites/all/modules/commerce/tests/commerce.test','commerce',0),('commerce_cart_handler_field_add_to_cart_form','class','sites/all/modules/commerce/modules/cart/includes/views/handlers/commerce_cart_handler_field_add_to_cart_form.inc','commerce_cart',0),('commerce_coupon_handler_field_coupon_operations','class','sites/all/modules/commerce_coupon/includes/views/handlers/commerce_coupon_handler_field_coupon_operations.inc','commerce_coupon',0),('commerce_customer_handler_field_customer_profile','class','sites/all/modules/commerce/modules/customer/includes/views/handlers/commerce_customer_handler_field_customer_profile.inc','commerce_customer',0),('commerce_customer_handler_field_customer_profile_link','class','sites/all/modules/commerce/modules/customer/includes/views/handlers/commerce_customer_handler_field_customer_profile_link.inc','commerce_customer',0),('commerce_customer_handler_field_customer_profile_link_delete','class','sites/all/modules/commerce/modules/customer/includes/views/handlers/commerce_customer_handler_field_customer_profile_link_delete.inc','commerce_customer',0),('commerce_customer_handler_field_customer_profile_link_edit','class','sites/all/modules/commerce/modules/customer/includes/views/handlers/commerce_customer_handler_field_customer_profile_link_edit.inc','commerce_customer',0),('commerce_customer_handler_field_customer_profile_type','class','sites/all/modules/commerce/modules/customer/includes/views/handlers/commerce_customer_handler_field_customer_profile_type.inc','commerce_customer',0),('commerce_customer_handler_filter_customer_profile_type','class','sites/all/modules/commerce/modules/customer/includes/views/handlers/commerce_customer_handler_filter_customer_profile_type.inc','commerce_customer',0),('commerce_line_item_handler_area_line_item_actions','class','sites/all/modules/commerce/modules/line_item/includes/views/handlers/commerce_line_item_handler_area_line_item_actions.inc','commerce_line_item',0),('commerce_line_item_handler_area_line_item_summary','class','sites/all/modules/commerce/modules/line_item/includes/views/handlers/commerce_line_item_handler_area_line_item_summary.inc','commerce_line_item',0),('commerce_line_item_handler_argument_line_item_line_item_id','class','sites/all/modules/commerce/modules/line_item/includes/views/handlers/commerce_line_item_handler_argument_line_item_line_item_id.inc','commerce_line_item',0),('commerce_line_item_handler_field_edit','class','sites/all/modules/commerce/modules/line_item/includes/views/handlers/commerce_line_item_handler_field_edit.inc','commerce_line_item',0),('commerce_line_item_handler_field_edit_delete','class','sites/all/modules/commerce/modules/line_item/includes/views/handlers/commerce_line_item_handler_field_edit_delete.inc','commerce_line_item',0),('commerce_line_item_handler_field_edit_quantity','class','sites/all/modules/commerce/modules/line_item/includes/views/handlers/commerce_line_item_handler_field_edit_quantity.inc','commerce_line_item',0),('commerce_line_item_handler_field_line_item_title','class','sites/all/modules/commerce/modules/line_item/includes/views/handlers/commerce_line_item_handler_field_line_item_title.inc','commerce_line_item',0),('commerce_line_item_handler_field_line_item_type','class','sites/all/modules/commerce/modules/line_item/includes/views/handlers/commerce_line_item_handler_field_line_item_type.inc','commerce_line_item',0),('commerce_line_item_handler_filter_line_item_type','class','sites/all/modules/commerce/modules/line_item/includes/views/handlers/commerce_line_item_handler_filter_line_item_type.inc','commerce_line_item',0),('commerce_order_handler_area_order_total','class','sites/all/modules/commerce/modules/order/includes/views/handlers/commerce_order_handler_area_order_total.inc','commerce_order',0),('commerce_order_handler_argument_order_order_id','class','sites/all/modules/commerce/modules/order/includes/views/handlers/commerce_order_handler_argument_order_order_id.inc','commerce_order',0),('commerce_order_handler_field_order','class','sites/all/modules/commerce/modules/order/includes/views/handlers/commerce_order_handler_field_order.inc','commerce_order',0),('commerce_order_handler_field_order_link','class','sites/all/modules/commerce/modules/order/includes/views/handlers/commerce_order_handler_field_order_link.inc','commerce_order',0),('commerce_order_handler_field_order_link_delete','class','sites/all/modules/commerce/modules/order/includes/views/handlers/commerce_order_handler_field_order_link_delete.inc','commerce_order',0),('commerce_order_handler_field_order_link_edit','class','sites/all/modules/commerce/modules/order/includes/views/handlers/commerce_order_handler_field_order_link_edit.inc','commerce_order',0),('commerce_order_handler_field_order_operations','class','sites/all/modules/commerce/modules/order/includes/views/handlers/commerce_order_handler_field_order_operations.inc','commerce_order',0),('commerce_order_handler_field_order_state','class','sites/all/modules/commerce/modules/order/includes/views/handlers/commerce_order_handler_field_order_state.inc','commerce_order',0),('commerce_order_handler_field_order_status','class','sites/all/modules/commerce/modules/order/includes/views/handlers/commerce_order_handler_field_order_status.inc','commerce_order',0),('commerce_order_handler_field_order_type','class','sites/all/modules/commerce/modules/order/includes/views/handlers/commerce_order_handler_field_order_type.inc','commerce_order',0),('commerce_order_handler_filter_order_state','class','sites/all/modules/commerce/modules/order/includes/views/handlers/commerce_order_handler_filter_order_state.inc','commerce_order',0),('commerce_order_handler_filter_order_status','class','sites/all/modules/commerce/modules/order/includes/views/handlers/commerce_order_handler_filter_order_status.inc','commerce_order',0),('commerce_order_handler_filter_order_type','class','sites/all/modules/commerce/modules/order/includes/views/handlers/commerce_order_handler_filter_order_type.inc','commerce_order',0),('commerce_order_plugin_argument_validate_user','class','sites/all/modules/commerce/modules/order/includes/views/handlers/commerce_order_plugin_argument_validate_user.inc','commerce_order',0),('commerce_payment_handler_area_totals','class','sites/all/modules/commerce/modules/payment/includes/views/handlers/commerce_payment_handler_area_totals.inc','commerce_payment',0),('commerce_payment_handler_field_amount','class','sites/all/modules/commerce/modules/payment/includes/views/handlers/commerce_payment_handler_field_amount.inc','commerce_payment',0),('commerce_payment_handler_field_balance','class','sites/all/modules/commerce/modules/payment/includes/views/handlers/commerce_payment_handler_field_balance.inc','commerce_payment',0),('commerce_payment_handler_field_currency_code','class','sites/all/modules/commerce/modules/payment/includes/views/handlers/commerce_payment_handler_field_currency_code.inc','commerce_payment',0),('commerce_payment_handler_field_message','class','sites/all/modules/commerce/modules/payment/includes/views/handlers/commerce_payment_handler_field_message.inc','commerce_payment',0),('commerce_payment_handler_field_payment_method','class','sites/all/modules/commerce/modules/payment/includes/views/handlers/commerce_payment_handler_field_payment_method.inc','commerce_payment',0),('commerce_payment_handler_field_payment_transaction_link','class','sites/all/modules/commerce/modules/payment/includes/views/handlers/commerce_payment_handler_field_payment_transaction_link.inc','commerce_payment',0),('commerce_payment_handler_field_payment_transaction_link_delete','class','sites/all/modules/commerce/modules/payment/includes/views/handlers/commerce_payment_handler_field_payment_transaction_link_delete.inc','commerce_payment',0),('commerce_payment_handler_field_payment_transaction_operations','class','sites/all/modules/commerce/modules/payment/includes/views/handlers/commerce_payment_handler_field_payment_transaction_operations.inc','commerce_payment',0),('commerce_payment_handler_field_status','class','sites/all/modules/commerce/modules/payment/includes/views/handlers/commerce_payment_handler_field_status.inc','commerce_payment',0),('commerce_payment_handler_filter_currency_code','class','sites/all/modules/commerce/modules/payment/includes/views/handlers/commerce_payment_handler_filter_currency_code.inc','commerce_payment',0),('commerce_payment_handler_filter_payment_method','class','sites/all/modules/commerce/modules/payment/includes/views/handlers/commerce_payment_handler_filter_payment_method.inc','commerce_payment',0),('commerce_payment_handler_filter_payment_transaction_status','class','sites/all/modules/commerce/modules/payment/includes/views/handlers/commerce_payment_handler_filter_payment_transaction_status.inc','commerce_payment',0),('commerce_product_attributes_handler_field_attributes','class','sites/all/modules/commerce_product_attributes/includes/views/handlers/commerce_product_attributes_handler_field_attributes.inc','commerce_product_attributes',0),('commerce_product_handler_argument_product_id','class','sites/all/modules/commerce/modules/product/includes/views/handlers/commerce_product_handler_argument_product_id.inc','commerce_product',0),('commerce_product_handler_field_product','class','sites/all/modules/commerce/modules/product/includes/views/handlers/commerce_product_handler_field_product.inc','commerce_product',0),('commerce_product_handler_field_product_link','class','sites/all/modules/commerce/modules/product/includes/views/handlers/commerce_product_handler_field_product_link.inc','commerce_product',0),('commerce_product_handler_field_product_link_delete','class','sites/all/modules/commerce/modules/product/includes/views/handlers/commerce_product_handler_field_product_link_delete.inc','commerce_product',0),('commerce_product_handler_field_product_link_edit','class','sites/all/modules/commerce/modules/product/includes/views/handlers/commerce_product_handler_field_product_link_edit.inc','commerce_product',0),('commerce_product_handler_field_product_operations','class','sites/all/modules/commerce/modules/product/includes/views/handlers/commerce_product_handler_field_product_operations.inc','commerce_product',0),('commerce_product_handler_field_product_type','class','sites/all/modules/commerce/modules/product/includes/views/handlers/commerce_product_handler_field_product_type.inc','commerce_product',0),('commerce_product_handler_filter_product_type','class','sites/all/modules/commerce/modules/product/includes/views/handlers/commerce_product_handler_filter_product_type.inc','commerce_product',0),('ContactPersonalTestCase','class','modules/contact/contact.test','contact',0),('ContactSitewideTestCase','class','modules/contact/contact.test','contact',0),('CronRunTestCase','class','modules/system/system.test','system',0),('ctools_access_ruleset_ui','class','sites/all/modules/ctools/ctools_access_ruleset/plugins/export_ui/ctools_access_ruleset_ui.class.php','ctools_access_ruleset',0),('ctools_context','class','sites/all/modules/ctools/includes/context.inc','ctools',0),('ctools_context_optional','class','sites/all/modules/ctools/includes/context.inc','ctools',0),('ctools_context_required','class','sites/all/modules/ctools/includes/context.inc','ctools',0),('ctools_custom_content_ui','class','sites/all/modules/ctools/ctools_custom_content/plugins/export_ui/ctools_custom_content_ui.class.php','ctools_custom_content',0),('ctools_export_ui','class','sites/all/modules/ctools/plugins/export_ui/ctools_export_ui.class.php','ctools',0),('ctools_math_expr','class','sites/all/modules/ctools/includes/math-expr.inc','ctools',0),('ctools_math_expr_stack','class','sites/all/modules/ctools/includes/math-expr.inc','ctools',0),('ctools_stylizer_image_processor','class','sites/all/modules/ctools/includes/stylizer.inc','ctools',0),('DashboardBlocksTestCase','class','modules/dashboard/dashboard.test','dashboard',0),('Database','class','includes/database/database.inc','',0),('DatabaseCondition','class','includes/database/query.inc','',0),('DatabaseConnection','class','includes/database/database.inc','',0),('DatabaseConnectionNotDefinedException','class','includes/database/database.inc','',0),('DatabaseConnection_mysql','class','includes/database/mysql/database.inc','',0),('DatabaseConnection_pgsql','class','includes/database/pgsql/database.inc','',0),('DatabaseConnection_sqlite','class','includes/database/sqlite/database.inc','',0),('DatabaseDriverNotSpecifiedException','class','includes/database/database.inc','',0),('DatabaseLog','class','includes/database/log.inc','',0),('DatabaseSchema','class','includes/database/schema.inc','',0),('DatabaseSchemaObjectDoesNotExistException','class','includes/database/schema.inc','',0),('DatabaseSchemaObjectExistsException','class','includes/database/schema.inc','',0),('DatabaseSchema_mysql','class','includes/database/mysql/schema.inc','',0),('DatabaseSchema_pgsql','class','includes/database/pgsql/schema.inc','',0),('DatabaseSchema_sqlite','class','includes/database/sqlite/schema.inc','',0),('DatabaseStatementBase','class','includes/database/database.inc','',0),('DatabaseStatementEmpty','class','includes/database/database.inc','',0),('DatabaseStatementInterface','interface','includes/database/database.inc','',0),('DatabaseStatementPrefetch','class','includes/database/prefetch.inc','',0),('DatabaseStatement_sqlite','class','includes/database/sqlite/database.inc','',0),('DatabaseTaskException','class','includes/install.inc','',0),('DatabaseTasks','class','includes/install.inc','',0),('DatabaseTasks_mysql','class','includes/database/mysql/install.inc','',0),('DatabaseTasks_pgsql','class','includes/database/pgsql/install.inc','',0),('DatabaseTasks_sqlite','class','includes/database/sqlite/install.inc','',0),('DatabaseTransaction','class','includes/database/database.inc','',0),('DatabaseTransactionCommitFailedException','class','includes/database/database.inc','',0),('DatabaseTransactionExplicitCommitNotAllowedException','class','includes/database/database.inc','',0),('DatabaseTransactionNameNonUniqueException','class','includes/database/database.inc','',0),('DatabaseTransactionNoActiveException','class','includes/database/database.inc','',0),('DateAPITestCase','class','sites/all/modules/date/tests/date_api.test','date',0),('DateFieldTestCase','class','sites/all/modules/date/tests/date_field.test','date',0),('DateObject','class','sites/all/modules/date/date_api/date_api.module','date_api',0),('DateTimeFunctionalTest','class','modules/system/system.test','system',0),('DateToolsTestCase','class','sites/all/modules/date/date_tools/tests/date_tools.test','date_tools',0),('DateUITestCase','class','sites/all/modules/date/tests/date.test','date',0),('DateValidationTestCase','class','sites/all/modules/date/tests/date_validation.test','date',0),('date_handler_field_multiple','class','sites/all/modules/date/date_views/includes/date_handler_field_multiple.inc','date_views',0),('date_navigation_plugin_style','class','sites/all/modules/date/date_views/includes/date_navigation_plugin_style.inc','date_views',0),('date_plugin_display_attachment','class','sites/all/modules/date/date_views/includes/date_plugin_display_attachment.inc','date_views',0),('date_sql_handler','class','sites/all/modules/date/date_api/date_api_sql.inc','date_api',0),('date_views_argument_handler','class','sites/all/modules/date/date_views/includes/date_views_argument_handler.inc','date_views',0),('date_views_argument_handler_simple','class','sites/all/modules/date/date_views/includes/date_views_argument_handler_simple.inc','date_views',0),('date_views_filter_handler','class','sites/all/modules/date/date_views/includes/date_views_filter_handler.inc','date_views',0),('date_views_filter_handler_simple','class','sites/all/modules/date/date_views/includes/date_views_filter_handler_simple.inc','date_views',0),('DBLogTestCase','class','modules/dblog/dblog.test','dblog',0),('DefaultMailSystem','class','modules/system/system.mail.inc','system',0),('DeleteQuery','class','includes/database/query.inc','',0),('DeleteQuery_sqlite','class','includes/database/sqlite/query.inc','',0),('DrupalCacheInterface','interface','includes/cache.inc','',0),('DrupalDatabaseCache','class','includes/cache.inc','',0),('DrupalDefaultEntityController','class','includes/entity.inc','',0),('DrupalEntityControllerInterface','interface','includes/entity.inc','',0),('DrupalFakeCache','class','includes/cache-install.inc','',0),('DrupalLocalStreamWrapper','class','includes/stream_wrappers.inc','',0),('DrupalPrivateStreamWrapper','class','includes/stream_wrappers.inc','',0),('DrupalPublicStreamWrapper','class','includes/stream_wrappers.inc','',0),('DrupalQueue','class','modules/system/system.queue.inc','system',0),('DrupalQueueInterface','interface','modules/system/system.queue.inc','system',0),('DrupalReliableQueueInterface','interface','modules/system/system.queue.inc','system',0),('DrupalStreamWrapperInterface','interface','includes/stream_wrappers.inc','',0),('DrupalTemporaryStreamWrapper','class','includes/stream_wrappers.inc','',0),('DrupalUpdateException','class','includes/update.inc','',0),('DrupalUpdaterInterface','interface','includes/updater.inc','',0),('EnableDisableTestCase','class','modules/system/system.test','system',0),('Entity','class','sites/all/modules/entity/includes/entity.inc','entity',0),('EntityAPIController','class','sites/all/modules/entity/includes/entity.controller.inc','entity',0),('EntityAPIControllerInterface','interface','sites/all/modules/entity/includes/entity.controller.inc','entity',0),('EntityAPIRulesIntegrationTestCase','class','sites/all/modules/entity/entity.test','entity',0),('EntityAPITestCase','class','sites/all/modules/entity/entity.test','entity',0),('EntityDB','class','sites/all/modules/entity/includes/entity.inc','entity',0),('EntityDBExtendable','class','sites/all/modules/entity/includes/entity.inc','entity',0),('EntityDefaultFeaturesController','class','sites/all/modules/entity/entity.features.inc','entity',0),('EntityDefaultMetadataController','class','sites/all/modules/entity/entity.info.inc','entity',0),('EntityDefaultRulesController','class','sites/all/modules/entity/entity.rules.inc','entity',0),('EntityDefaultUIController','class','sites/all/modules/entity/includes/entity.ui.inc','entity',0),('EntityDrupalWrapper','class','sites/all/modules/entity/includes/entity.wrapper.inc','entity',0),('EntityExtendable','class','sites/all/modules/entity/includes/entity.inc','entity',0),('EntityFieldQuery','class','includes/entity.inc','',0),('EntityFieldQueryException','class','includes/entity.inc','',0),('EntityListWrapper','class','sites/all/modules/entity/includes/entity.wrapper.inc','entity',0),('EntityMetadataArrayObject','class','sites/all/modules/entity/includes/entity.wrapper.inc','entity',0),('EntityMetadataIntegrationTestCase','class','sites/all/modules/entity/entity.test','entity',0),('EntityMetadataTestCase','class','sites/all/modules/entity/entity.test','entity',0),('EntityMetadataWrapper','class','sites/all/modules/entity/includes/entity.wrapper.inc','entity',0),('EntityMetadataWrapperException','class','sites/all/modules/entity/includes/entity.wrapper.inc','entity',0),('EntityMetadataWrapperIterator','class','sites/all/modules/entity/includes/entity.wrapper.inc','entity',0),('EntityPropertiesTestCase','class','modules/field/tests/field.test','field',0),('EntityStructureWrapper','class','sites/all/modules/entity/includes/entity.wrapper.inc','entity',0),('EntityTokenTestCase','class','sites/all/modules/entity/entity.test','entity',0),('EntityTranslationCommerceProductHandler','class','sites/all/modules/commerce/modules/product/includes/commerce_product.translation_handler.inc','commerce_product',0),('EntityValueWrapper','class','sites/all/modules/entity/includes/entity.wrapper.inc','entity',0),('FeaturesUserTestCase','class','sites/all/modules/features/tests/features.test','features',0),('FieldAttachOtherTestCase','class','modules/field/tests/field.test','field',0),('FieldAttachStorageTestCase','class','modules/field/tests/field.test','field',0),('FieldAttachTestCase','class','modules/field/tests/field.test','field',0),('FieldBulkDeleteTestCase','class','modules/field/tests/field.test','field',0),('FieldCrudTestCase','class','modules/field/tests/field.test','field',0),('FieldDisplayAPITestCase','class','modules/field/tests/field.test','field',0),('FieldException','class','modules/field/field.module','field',0),('FieldFormTestCase','class','modules/field/tests/field.test','field',0),('FieldInfoTestCase','class','modules/field/tests/field.test','field',0),('FieldInstanceCrudTestCase','class','modules/field/tests/field.test','field',0),('FieldsOverlapException','class','includes/database/database.inc','',0),('FieldSqlStorageTestCase','class','modules/field/modules/field_sql_storage/field_sql_storage.test','field_sql_storage',0),('FieldTestCase','class','modules/field/tests/field.test','field',0),('FieldTranslationsTestCase','class','modules/field/tests/field.test','field',0),('FieldUIManageDisplayTestCase','class','modules/field_ui/field_ui.test','field_ui',0),('FieldUIManageFieldsTestCase','class','modules/field_ui/field_ui.test','field_ui',0),('FieldUITestCase','class','modules/field_ui/field_ui.test','field_ui',0),('FieldUpdateForbiddenException','class','modules/field/field.module','field',0),('FieldValidationException','class','modules/field/field.attach.inc','field',0),('FileFieldDisplayTestCase','class','modules/file/tests/file.test','file',0),('FileFieldPathTestCase','class','modules/file/tests/file.test','file',0),('FileFieldRevisionTestCase','class','modules/file/tests/file.test','file',0),('FileFieldTestCase','class','modules/file/tests/file.test','file',0),('FileFieldValidateTestCase','class','modules/file/tests/file.test','file',0),('FileFieldWidgetTestCase','class','modules/file/tests/file.test','file',0),('FileManagedFileElementTestCase','class','modules/file/tests/file.test','file',0),('FileTokenReplaceTestCase','class','modules/file/tests/file.test','file',0),('FileTransfer','class','includes/filetransfer/filetransfer.inc','',0),('FileTransferChmodInterface','interface','includes/filetransfer/filetransfer.inc','',0),('FileTransferException','class','includes/filetransfer/filetransfer.inc','',0),('FileTransferFTP','class','includes/filetransfer/ftp.inc','',0),('FileTransferFTPExtension','class','includes/filetransfer/ftp.inc','',0),('FileTransferLocal','class','includes/filetransfer/local.inc','',0),('FileTransferSSH','class','includes/filetransfer/ssh.inc','',0),('FilterAdminTestCase','class','modules/filter/filter.test','filter',0),('FilterCRUDTestCase','class','modules/filter/filter.test','filter',0),('FilterDefaultFormatTestCase','class','modules/filter/filter.test','filter',0),('FilterFormatAccessTestCase','class','modules/filter/filter.test','filter',0),('FilterHooksTestCase','class','modules/filter/filter.test','filter',0),('FilterNoFormatTestCase','class','modules/filter/filter.test','filter',0),('FilterSecurityTestCase','class','modules/filter/filter.test','filter',0),('FilterUnitTestCase','class','modules/filter/filter.test','filter',0),('FloodFunctionalTest','class','modules/system/system.test','system',0),('FrontPageTestCase','class','modules/system/system.test','system',0),('GA_Parse','class','sites/all/modules/ga_tokenizer/class.gaparse.php','ga_tokenizer',0),('GroupUITestCase','class','sites/all/modules/field_group/field_group.test','field_group',0),('HelpTestCase','class','modules/help/help.test','help',0),('HookRequirementsTestCase','class','modules/system/system.test','system',0),('ImageAdminStylesUnitTest','class','modules/image/image.test','image',0),('ImageEffectsUnitTest','class','modules/image/image.test','image',0),('ImageFieldDisplayTestCase','class','modules/image/image.test','image',0),('ImageFieldTestCase','class','modules/image/image.test','image',0),('ImageFieldValidateTestCase','class','modules/image/image.test','image',0),('ImageStylesPathAndUrlUnitTest','class','modules/image/image.test','image',0),('InfoFileParserTestCase','class','modules/system/system.test','system',0),('InsertQuery','class','includes/database/query.inc','',0),('InsertQuery_mysql','class','includes/database/mysql/query.inc','',0),('InsertQuery_pgsql','class','includes/database/pgsql/query.inc','',0),('InsertQuery_sqlite','class','includes/database/sqlite/query.inc','',0),('InvalidMergeQueryException','class','includes/database/database.inc','',0),('IPAddressBlockingTestCase','class','modules/system/system.test','system',0),('ListFieldTestCase','class','modules/field/modules/list/tests/list.test','list',0),('ListFieldUITestCase','class','modules/field/modules/list/tests/list.test','list',0),('MailSystemInterface','interface','includes/mail.inc','',0),('MediaEntityTest','class','sites/all/modules/media/test/media.entity.test','media',0),('MediaInternetBaseHandler','class','sites/all/modules/media/modules/media_internet/media_internet.module','media_internet',0),('MediaInternetFileHandler','class','sites/all/modules/media/modules/media_internet/media_internet.module','media_internet',0),('MediaInternetNoHandlerException','class','sites/all/modules/media/modules/media_internet/media_internet.module','media_internet',0),('MediaInternetValidationException','class','sites/all/modules/media/modules/media_internet/media_internet.module','media_internet',0),('MediaInternetYouTubeHandler','class','sites/all/modules/media_youtube/includes/MediaInternetYouTubeHandler.inc','media_youtube',0),('MediaReadOnlyStreamWrapper','class','sites/all/modules/media/includes/MediaReadOnlyStreamWrapper.inc','media',0),('MediaTypeTest','class','sites/all/modules/media/test/media.types.test','media',0),('MediaYouTubeStreamWrapper','class','sites/all/modules/media_youtube/includes/MediaYouTubeStreamWrapper.inc','media_youtube',0),('MediaYouTubeStyles','class','sites/all/modules/media_youtube/includes/MediaYouTubeStyles.inc','media_youtube',0),('MemoryQueue','class','modules/system/system.queue.inc','system',0),('MenuNodeTestCase','class','modules/menu/menu.test','menu',0),('MenuTestCase','class','modules/menu/menu.test','menu',0),('MergeQuery','class','includes/database/query.inc','',0),('MimeMailSystem','class','sites/all/modules/mimemail/includes/mimemail.mail.inc','mimemail',0),('mimemail_compress','class','sites/all/modules/mimemail/modules/mimemail_compress/mimemail_compress.inc','mimemail_compress',0),('ModuleDependencyTestCase','class','modules/system/system.test','system',0),('ModuleRequiredTestCase','class','modules/system/system.test','system',0),('ModuleTestCase','class','modules/system/system.test','system',0),('ModuleUpdater','class','modules/system/system.updater.inc','system',0),('ModuleVersionTestCase','class','modules/system/system.test','system',0),('MultiStepNodeFormBasicOptionsTest','class','modules/node/node.test','node',0),('NewDefaultThemeBlocks','class','modules/block/block.test','block',-5),('NodeAccessRebuildTestCase','class','modules/node/node.test','node',0),('NodeAccessRecordsUnitTest','class','modules/node/node.test','node',0),('NodeAccessUnitTest','class','modules/node/node.test','node',0),('NodeAdminTestCase','class','modules/node/node.test','node',0),('NodeBlockFunctionalTest','class','modules/node/node.test','node',0),('NodeBlockTestCase','class','modules/node/node.test','node',0),('NodeBuildContent','class','modules/node/node.test','node',0),('NodeController','class','modules/node/node.module','node',0),('NodeCreationTestCase','class','modules/node/node.test','node',0),('NodeEntityFieldQueryAlter','class','modules/node/node.test','node',0),('NodeFeedTestCase','class','modules/node/node.test','node',0),('NodeLoadHooksTestCase','class','modules/node/node.test','node',0),('NodeLoadMultipleUnitTest','class','modules/node/node.test','node',0),('NodePostSettingsTestCase','class','modules/node/node.test','node',0),('NodeQueryAlter','class','modules/node/node.test','node',0),('NodeRevisionsTestCase','class','modules/node/node.test','node',0),('NodeRSSContentTestCase','class','modules/node/node.test','node',0),('NodeSaveTestCase','class','modules/node/node.test','node',0),('NodeTitleTestCase','class','modules/node/node.test','node',0),('NodeTitleXSSTestCase','class','modules/node/node.test','node',0),('NodeTokenReplaceTestCase','class','modules/node/node.test','node',0),('NodeTypePersistenceTestCase','class','modules/node/node.test','node',0),('NodeTypeTestCase','class','modules/node/node.test','node',0),('NoFieldsException','class','includes/database/database.inc','',0),('NoHelpTestCase','class','modules/help/help.test','help',0),('NonDefaultBlockAdmin','class','modules/block/block.test','block',-5),('NumberFieldTestCase','class','modules/field/modules/number/number.test','number',0),('OptionsWidgetsTestCase','class','modules/field/modules/options/options.test','options',0),('PageEditTestCase','class','modules/node/node.test','node',0),('PageNotFoundTestCase','class','modules/system/system.test','system',0),('PagePreviewTestCase','class','modules/node/node.test','node',0),('PagerDefault','class','includes/pager.inc','',0),('PageTitleFiltering','class','modules/system/system.test','system',0),('PageViewTestCase','class','modules/node/node.test','node',0),('PanelsLegacyState','class','sites/all/modules/panels/includes/legacy.inc','panels',0),('panels_allowed_layouts','class','sites/all/modules/panels/includes/common.inc','panels',0),('panels_cache_object','class','sites/all/modules/panels/includes/plugins.inc','panels',0),('panels_display','class','sites/all/modules/panels/panels.module','panels',0),('panels_layouts_ui','class','sites/all/modules/panels/plugins/export_ui/panels_layouts_ui.class.php','panels',0),('panels_mini_ui','class','sites/all/modules/panels/panels_mini/plugins/export_ui/panels_mini_ui.class.php','panels_mini',0),('panels_renderer_editor','class','sites/all/modules/panels/plugins/display_renderers/panels_renderer_editor.class.php','panels',0),('panels_renderer_ipe','class','sites/all/modules/panels/panels_ipe/plugins/display_renderers/panels_renderer_ipe.class.php','panels_ipe',0),('panels_renderer_simple','class','sites/all/modules/panels/plugins/display_renderers/panels_renderer_simple.class.php','panels',0),('panels_renderer_standard','class','sites/all/modules/panels/plugins/display_renderers/panels_renderer_standard.class.php','panels',0),('panels_views_plugin_row_fields','class','sites/all/modules/panels/plugins/views/panels_views_plugin_row_fields.inc','panels',0),('PathLanguageTestCase','class','modules/path/path.test','path',0),('PathLanguageUITestCase','class','modules/path/path.test','path',0),('PathMonolingualTestCase','class','modules/path/path.test','path',0),('PathTaxonomyTermTestCase','class','modules/path/path.test','path',0),('PathTestCase','class','modules/path/path.test','path',0),('ProfileBlockTestCase','class','modules/profile/profile.test','profile',0),('ProfileTestAutocomplete','class','modules/profile/profile.test','profile',0),('ProfileTestBrowsing','class','modules/profile/profile.test','profile',0),('ProfileTestCase','class','modules/profile/profile.test','profile',0),('ProfileTestDate','class','modules/profile/profile.test','profile',0),('ProfileTestFields','class','modules/profile/profile.test','profile',0),('ProfileTestSelect','class','modules/profile/profile.test','profile',0),('ProfileTestWeights','class','modules/profile/profile.test','profile',0),('Query','class','includes/database/query.inc','',0),('QueryAlterableInterface','interface','includes/database/query.inc','',0),('QueryConditionInterface','interface','includes/database/query.inc','',0),('QueryExtendableInterface','interface','includes/database/select.inc','',0),('QueryPlaceholderInterface','interface','includes/database/query.inc','',0),('QueueTestCase','class','modules/system/system.test','system',0),('RdfCommentAttributesTestCase','class','modules/rdf/rdf.test','rdf',0),('RdfCrudTestCase','class','modules/rdf/rdf.test','rdf',0),('RdfGetRdfNamespacesTestCase','class','modules/rdf/rdf.test','rdf',0),('RdfMappingDefinitionTestCase','class','modules/rdf/rdf.test','rdf',0),('RdfMappingHookTestCase','class','modules/rdf/rdf.test','rdf',0),('RdfRdfaMarkupTestCase','class','modules/rdf/rdf.test','rdf',0),('RdfTrackerAttributesTestCase','class','modules/rdf/rdf.test','rdf',0),('RetrieveFileTestCase','class','modules/system/system.test','system',0),('Rule','class','sites/all/modules/rules/includes/rules.plugins.inc','rules',0),('RulesAbstractPlugin','class','sites/all/modules/rules/includes/rules.core.inc','rules',0),('RulesAbstractPluginDefaults','class','sites/all/modules/rules/includes/rules.core.inc','rules',0),('RulesAbstractPluginUI','class','sites/all/modules/rules/ui/ui.core.inc','rules',0),('RulesAction','class','sites/all/modules/rules/includes/rules.plugins.inc','rules',0),('RulesActionContainer','class','sites/all/modules/rules/includes/rules.core.inc','rules',0),('RulesActionContainerUI','class','sites/all/modules/rules/ui/ui.core.inc','rules',0),('RulesActionInterface','interface','sites/all/modules/rules/includes/rules.core.inc','rules',0),('RulesActionSet','class','sites/all/modules/rules/includes/rules.plugins.inc','rules',0),('RulesAnd','class','sites/all/modules/rules/includes/rules.plugins.inc','rules',0),('RulesCondition','class','sites/all/modules/rules/includes/rules.plugins.inc','rules',0),('RulesConditionContainer','class','sites/all/modules/rules/includes/rules.core.inc','rules',0),('RulesConditionContainerUI','class','sites/all/modules/rules/ui/ui.core.inc','rules',0),('RulesConditionInterface','interface','sites/all/modules/rules/includes/rules.core.inc','rules',0),('RulesContainerPlugin','class','sites/all/modules/rules/includes/rules.core.inc','rules',0),('RulesContainerPluginUI','class','sites/all/modules/rules/ui/ui.core.inc','rules',0),('RulesData','class','sites/all/modules/rules/includes/rules.state.inc','rules',0),('RulesDataDirectInputFormInterface','interface','sites/all/modules/rules/ui/ui.data.inc','rules',0),('RulesDataInputEvaluator','class','sites/all/modules/rules/includes/rules.processor.inc','rules',0),('RulesDataProcessor','class','sites/all/modules/rules/includes/rules.processor.inc','rules',0),('RulesDataUI','class','sites/all/modules/rules/ui/ui.data.inc','rules',0),('RulesDataUIBoolean','class','sites/all/modules/rules/ui/ui.data.inc','rules',0),('RulesDataUICommercePrice','class','sites/all/modules/commerce/modules/price/commerce_price.rules.inc','commerce_price',0),('RulesDataUIDate','class','sites/all/modules/rules/ui/ui.data.inc','rules',0),('RulesDataUIDecimal','class','sites/all/modules/rules/ui/ui.data.inc','rules',0),('RulesDataUIDuration','class','sites/all/modules/rules/ui/ui.data.inc','rules',0),('RulesDataUIEntity','class','sites/all/modules/rules/ui/ui.data.inc','rules',0),('RulesDataUIEntityExportable','class','sites/all/modules/rules/ui/ui.data.inc','rules',0),('RulesDataUIInteger','class','sites/all/modules/rules/ui/ui.data.inc','rules',0),('RulesDataUIListInteger','class','sites/all/modules/rules/ui/ui.data.inc','rules',0),('RulesDataUIListText','class','sites/all/modules/rules/ui/ui.data.inc','rules',0),('RulesDataUIPaymentSettings','class','sites/all/modules/commerce/modules/payment/commerce_payment.rules.inc','commerce_payment',0),('RulesDataUIShippingSettings','class','sites/all/modules/commerce_shipping/commerce_shipping.rules.inc','commerce_shipping',0),('RulesDataUIText','class','sites/all/modules/rules/ui/ui.data.inc','rules',0),('RulesDataUITextFormatted','class','sites/all/modules/rules/ui/ui.data.inc','rules',0),('RulesDataUITextToken','class','sites/all/modules/rules/ui/ui.data.inc','rules',0),('RulesDataUIURI','class','sites/all/modules/rules/ui/ui.data.inc','rules',0),('RulesDataWrapperSavableInterface','interface','sites/all/modules/rules/includes/rules.state.inc','rules',0),('RulesDateInputEvaluator','class','sites/all/modules/rules/modules/rules_core.eval.inc','rules',0),('RulesDateOffsetProcessor','class','sites/all/modules/rules/modules/rules_core.eval.inc','rules',0),('RulesElementMap','class','sites/all/modules/rules/ui/ui.core.inc','rules',0),('RulesEntityController','class','sites/all/modules/rules/includes/rules.core.inc','rules',0),('RulesEventSet','class','sites/all/modules/rules/includes/rules.plugins.inc','rules',0),('RulesException','class','sites/all/modules/rules/includes/rules.core.inc','rules',0),('RulesExtendable','class','sites/all/modules/rules/includes/rules.core.inc','rules',0),('RulesFeaturesController','class','sites/all/modules/rules/rules.features.inc','rules',0),('RulesIdentifiableDataWrapper','class','sites/all/modules/rules/includes/rules.state.inc','rules',0),('RulesIntegrationTestCase','class','sites/all/modules/rules/tests/rules.test','rules',0),('RulesLog','class','sites/all/modules/rules/includes/rules.core.inc','rules',0),('RulesLoop','class','sites/all/modules/rules/includes/rules.plugins.inc','rules',0),('RulesLoopUI','class','sites/all/modules/rules/ui/ui.plugins.inc','rules',0),('RulesOptimizationInterface','interface','sites/all/modules/rules/includes/rules.core.inc','rules',0),('RulesOr','class','sites/all/modules/rules/includes/rules.plugins.inc','rules',0),('RulesPHPDataProcessor','class','sites/all/modules/rules/modules/php.eval.inc','rules',0),('RulesPHPEvaluator','class','sites/all/modules/rules/modules/php.eval.inc','rules',0),('RulesPlugin','class','sites/all/modules/rules/includes/rules.core.inc','rules',0),('RulesPluginFeaturesIntegrationInterace','interface','sites/all/modules/rules/rules.features.inc','rules',0),('RulesPluginImplInterface','interface','sites/all/modules/rules/includes/rules.core.inc','rules',0),('RulesPluginUI','class','sites/all/modules/rules/ui/ui.core.inc','rules',0),('RulesPluginUIInterface','interface','sites/all/modules/rules/ui/ui.core.inc','rules',0),('RulesReactionRule','class','sites/all/modules/rules/includes/rules.plugins.inc','rules',0),('RulesReactionRuleUI','class','sites/all/modules/rules/ui/ui.plugins.inc','rules',0),('RulesRecursiveElementIterator','class','sites/all/modules/rules/includes/rules.core.inc','rules',0),('RulesRuleSet','class','sites/all/modules/rules/includes/rules.plugins.inc','rules',0),('RulesRuleSetUI','class','sites/all/modules/rules/ui/ui.plugins.inc','rules',0),('RulesRuleUI','class','sites/all/modules/rules/ui/ui.plugins.inc','rules',0),('RulesSchedulerTestCase','class','sites/all/modules/rules/rules_scheduler/rules_scheduler.test','rules_scheduler',0),('RulesState','class','sites/all/modules/rules/includes/rules.state.inc','rules',0),('RulesTaxonomyVocabularyWrapper','class','sites/all/modules/rules/modules/rules_core.eval.inc','rules',0),('RulesTestCase','class','sites/all/modules/rules/tests/rules.test','rules',0),('RulesTestDataCase','class','sites/all/modules/rules/tests/rules.test','rules',0),('RulesTokenEvaluator','class','sites/all/modules/rules/modules/system.eval.inc','rules',0),('RulesTriggerableInterface','interface','sites/all/modules/rules/includes/rules.core.inc','rules',0),('RulesTriggerTestCase','class','sites/all/modules/rules/tests/rules.test','rules',0),('RulesUIController','class','sites/all/modules/rules/ui/ui.controller.inc','rules',0),('RulesURIInputEvaluator','class','sites/all/modules/rules/modules/rules_core.eval.inc','rules',0),('rules_scheduler_views_filter','class','sites/all/modules/rules/rules_scheduler/includes/rules_scheduler_views_filter.inc','rules_scheduler',0),('SearchAdvancedSearchForm','class','modules/search/search.test','search',0),('SearchBlockTestCase','class','modules/search/search.test','search',0),('SearchCommentCountToggleTestCase','class','modules/search/search.test','search',0),('SearchCommentTestCase','class','modules/search/search.test','search',0),('SearchConfigSettingsForm','class','modules/search/search.test','search',0),('SearchEmbedForm','class','modules/search/search.test','search',0),('SearchExactTestCase','class','modules/search/search.test','search',0),('SearchExcerptTestCase','class','modules/search/search.test','search',0),('SearchExpressionInsertExtractTestCase','class','modules/search/search.test','search',0),('SearchKeywordsConditions','class','modules/search/search.test','search',0),('SearchLanguageTestCase','class','modules/search/search.test','search',0),('SearchMatchTestCase','class','modules/search/search.test','search',0),('SearchNumberMatchingTestCase','class','modules/search/search.test','search',0),('SearchNumbersTestCase','class','modules/search/search.test','search',0),('SearchPageOverride','class','modules/search/search.test','search',0),('SearchPageText','class','modules/search/search.test','search',0),('SearchQuery','class','modules/search/search.extender.inc','search',0),('SearchRankingTestCase','class','modules/search/search.test','search',0),('SearchSimplifyTestCase','class','modules/search/search.test','search',0),('SearchTokenizerTestCase','class','modules/search/search.test','search',0),('SelectQuery','class','includes/database/select.inc','',0),('SelectQueryExtender','class','includes/database/select.inc','',0),('SelectQueryInterface','interface','includes/database/select.inc','',0),('SelectQuery_pgsql','class','includes/database/pgsql/select.inc','',0),('SelectQuery_sqlite','class','includes/database/sqlite/select.inc','',0),('ShortcutLinksTestCase','class','modules/shortcut/shortcut.test','shortcut',0),('ShortcutSetsTestCase','class','modules/shortcut/shortcut.test','shortcut',0),('ShortcutTestCase','class','modules/shortcut/shortcut.test','shortcut',0),('ShutdownFunctionsTest','class','modules/system/system.test','system',0),('SiteMaintenanceTestCase','class','modules/system/system.test','system',0),('SkipDotsRecursiveDirectoryIterator','class','includes/filetransfer/filetransfer.inc','',0),('StreamWrapperInterface','interface','includes/stream_wrappers.inc','',0),('stylizer_ui','class','sites/all/modules/ctools/stylizer/plugins/export_ui/stylizer_ui.class.php','stylizer',0),('SummaryLengthTestCase','class','modules/node/node.test','node',0),('SystemAdminTestCase','class','modules/system/system.test','system',0),('SystemAuthorizeCase','class','modules/system/system.test','system',0),('SystemBlockTestCase','class','modules/system/system.test','system',0),('SystemIndexPhpTest','class','modules/system/system.test','system',0),('SystemInfoAlterTestCase','class','modules/system/system.test','system',0),('SystemMainContentFallback','class','modules/system/system.test','system',0),('SystemQueue','class','modules/system/system.queue.inc','system',0),('SystemThemeFunctionalTest','class','modules/system/system.test','system',0),('TableSort','class','includes/tablesort.inc','',0),('TaxonomyHooksTestCase','class','modules/taxonomy/taxonomy.test','taxonomy',0),('TaxonomyLegacyTestCase','class','modules/taxonomy/taxonomy.test','taxonomy',0),('TaxonomyLoadMultipleUnitTest','class','modules/taxonomy/taxonomy.test','taxonomy',0),('TaxonomyTermController','class','modules/taxonomy/taxonomy.module','taxonomy',0),('TaxonomyTermFieldTestCase','class','modules/taxonomy/taxonomy.test','taxonomy',0),('TaxonomyTermTestCase','class','modules/taxonomy/taxonomy.test','taxonomy',0),('TaxonomyTermUnitTest','class','modules/taxonomy/taxonomy.test','taxonomy',0),('TaxonomyThemeTestCase','class','modules/taxonomy/taxonomy.test','taxonomy',0),('TaxonomyTokenReplaceTestCase','class','modules/taxonomy/taxonomy.test','taxonomy',0),('TaxonomyVocabularyController','class','modules/taxonomy/taxonomy.module','taxonomy',0),('TaxonomyVocabularyFunctionalTest','class','modules/taxonomy/taxonomy.test','taxonomy',0),('TaxonomyVocabularyUnitTest','class','modules/taxonomy/taxonomy.test','taxonomy',0),('TaxonomyWebTestCase','class','modules/taxonomy/taxonomy.test','taxonomy',0),('TestingMailSystem','class','modules/system/system.mail.inc','system',0),('TextFieldTestCase','class','modules/field/modules/text/text.test','text',0),('TextSummaryTestCase','class','modules/field/modules/text/text.test','text',0),('TextTranslationTestCase','class','modules/field/modules/text/text.test','text',0),('ThemeUpdater','class','modules/system/system.updater.inc','system',0),('TokenArrayTestCase','class','sites/all/modules/token/token.test','token',0),('TokenCommentTestCase','class','sites/all/modules/token/token.test','token',0),('TokenCurrentPageTestCase','class','sites/all/modules/token/token.test','token',0),('TokenEntityTestCase','class','sites/all/modules/token/token.test','token',0),('TokenMenuTestCase','class','sites/all/modules/token/token.test','token',0),('TokenNodeTestCase','class','sites/all/modules/token/token.test','token',0),('TokenProfileTestCase','class','sites/all/modules/token/token.test','token',0),('TokenReplaceTestCase','class','modules/system/system.test','system',0),('TokenTaxonomyTestCase','class','sites/all/modules/token/token.test','token',0),('TokenTestHelper','class','sites/all/modules/token/token.test','token',0),('TokenUnitTestCase','class','sites/all/modules/token/token.test','token',0),('TokenURLTestCase','class','sites/all/modules/token/token.test','token',0),('TokenUserTestCase','class','sites/all/modules/token/token.test','token',0),('TriggerActionTestCase','class','modules/trigger/trigger.test','trigger',0),('TriggerContentTestCase','class','modules/trigger/trigger.test','trigger',0),('TriggerCronTestCase','class','modules/trigger/trigger.test','trigger',0),('TriggerOrphanedActionsTestCase','class','modules/trigger/trigger.test','trigger',0),('TriggerOtherTestCase','class','modules/trigger/trigger.test','trigger',0),('TriggerUserActionTestCase','class','modules/trigger/trigger.test','trigger',0),('TriggerUserTokenTestCase','class','modules/trigger/trigger.test','trigger',0),('TriggerWebTestCase','class','modules/trigger/trigger.test','trigger',0),('TruncateQuery','class','includes/database/query.inc','',0),('TruncateQuery_mysql','class','includes/database/mysql/query.inc','',0),('TruncateQuery_sqlite','class','includes/database/sqlite/query.inc','',0),('UpdateCoreTestCase','class','modules/update/update.test','update',0),('UpdateQuery','class','includes/database/query.inc','',0),('UpdateQuery_pgsql','class','includes/database/pgsql/query.inc','',0),('UpdateQuery_sqlite','class','includes/database/sqlite/query.inc','',0),('Updater','class','includes/updater.inc','',0),('UpdaterException','class','includes/updater.inc','',0),('UpdaterFileTransferException','class','includes/updater.inc','',0),('UpdateScriptFunctionalTest','class','modules/system/system.test','system',0),('UpdateTestContribCase','class','modules/update/update.test','update',0),('UpdateTestHelper','class','modules/update/update.test','update',0),('UpdateTestUploadCase','class','modules/update/update.test','update',0),('UserAccountLinksUnitTests','class','modules/user/user.test','user',0),('UserAdminTestCase','class','modules/user/user.test','user',0),('UserAuthmapAssignmentTestCase','class','modules/user/user.test','user',0),('UserAutocompleteTestCase','class','modules/user/user.test','user',0),('UserBlocksUnitTests','class','modules/user/user.test','user',0),('UserCancelTestCase','class','modules/user/user.test','user',0),('UserController','class','modules/user/user.module','user',0),('UserCreateTestCase','class','modules/user/user.test','user',0),('UserEditedOwnAccountTestCase','class','modules/user/user.test','user',0),('UserEditTestCase','class','modules/user/user.test','user',0),('UserLoginTestCase','class','modules/user/user.test','user',0),('UserPermissionsTestCase','class','modules/user/user.test','user',0),('UserPictureTestCase','class','modules/user/user.test','user',0),('UserRegistrationTestCase','class','modules/user/user.test','user',0),('UserRoleAdminTestCase','class','modules/user/user.test','user',0),('UserRolesAssignmentTestCase','class','modules/user/user.test','user',0),('UserSaveTestCase','class','modules/user/user.test','user',0),('UserSignatureTestCase','class','modules/user/user.test','user',0),('UserTimeZoneFunctionalTest','class','modules/user/user.test','user',0),('UserTokenReplaceTestCase','class','modules/user/user.test','user',0),('UserUserSearchTestCase','class','modules/user/user.test','user',0),('UserValidateCurrentPassCustomForm','class','modules/user/user.test','user',0),('UserValidationTestCase','class','modules/user/user.test','user',0),('view','class','sites/all/modules/views/includes/view.inc','views',0),('ViewsAccessTest','class','sites/all/modules/views/tests/views_access.test','views',0),('ViewsAnalyzeTest','class','sites/all/modules/views/tests/views_analyze.test','views',0),('ViewsArgumentDefaultTest','class','sites/all/modules/views/tests/views_argument_default.test','views',0),('viewsArgumentValidatorTest','class','sites/all/modules/views/tests/views_argument_validator.test','views',0),('ViewsBasicTest','class','sites/all/modules/views/tests/views_basic.test','views',0),('ViewsCacheTest','class','sites/all/modules/views/tests/views_cache.test','views',0),('ViewsExposedFormTest','class','sites/all/modules/views/tests/views_exposed_form.test','views',0),('ViewsGlossaryTestCase','class','sites/all/modules/views/tests/views_glossary.test','views',0),('ViewsHandlerAreaTextTest','class','sites/all/modules/views/tests/handlers/views_handler_area_text.test','views',0),('ViewsHandlerArgumentNullTest','class','sites/all/modules/views/tests/handlers/views_handler_argument_null.test','views',0),('ViewsHandlerFieldBooleanTest','class','sites/all/modules/views/tests/handlers/views_handler_field_boolean.test','views',0),('ViewsHandlerFieldCustomTest','class','sites/all/modules/views/tests/handlers/views_handler_field_custom.test','views',0),('ViewsHandlerFieldDateTest','class','sites/all/modules/views/tests/handlers/views_handler_field_date.test','views',0),('ViewsHandlerFieldMath','class','sites/all/modules/views/tests/handlers/views_handler_field_math.test','views',0),('ViewsHandlerFieldUrlTest','class','sites/all/modules/views/tests/handlers/views_handler_field_url.test','views',0),('viewsHandlerFilterCounterTest','class','sites/all/modules/views/tests/handlers/views_handler_field_counter.test','views',0),('ViewsHandlerFilterDateTest','class','sites/all/modules/views/tests/handlers/views_handler_filter_date.test','views',0),('viewsHandlerFilterEqualityTest','class','sites/all/modules/views/tests/handlers/views_handler_filter_equality.test','views',0),('ViewsHandlerFilterInOperator','class','sites/all/modules/views/tests/handlers/views_handler_filter_in_operator.test','views',0),('viewsHandlerFilterNumericTest','class','sites/all/modules/views/tests/handlers/views_handler_filter_numeric.test','views',0),('viewsHandlerFilterStringTest','class','sites/all/modules/views/tests/handlers/views_handler_filter_string.test','views',0),('ViewsHandlerSortDateTest','class','sites/all/modules/views/tests/handlers/views_handler_sort_date.test','views',0),('ViewsHandlerSortRandomTest','class','sites/all/modules/views/tests/handlers/views_handler_sort_random.test','views',0),('ViewsHandlerSortTest','class','sites/all/modules/views/tests/handlers/views_handler_sort.test','views',0),('ViewsHandlersTest','class','sites/all/modules/views/tests/views_handlers.test','views',0),('ViewsHandlerTestFileSize','class','sites/all/modules/views/tests/handlers/views_handler_field_file_size.test','views',0),('ViewsHandlerTestXss','class','sites/all/modules/views/tests/handlers/views_handler_field_xss.test','views',0),('viewsModuleTest','class','sites/all/modules/views/tests/views_module.test','views',0),('ViewsPagerTest','class','sites/all/modules/views/tests/views_pager.test','views',0),('ViewsQueryGroupByTest','class','sites/all/modules/views/tests/views_groupby.test','views',0),('viewsSearchQuery','class','sites/all/modules/views/modules/search/views_handler_filter_search.inc','views',0),('ViewsSqlTest','class','sites/all/modules/views/tests/views_query.test','views',0),('ViewsTestCase','class','sites/all/modules/views/tests/views_query.test','views',0),('viewsTranslatableTest','class','sites/all/modules/views/tests/views_translatable.test','views',0),('ViewsUiBaseViewsWizard','class','sites/all/modules/views/plugins/views_wizard/views_ui_base_views_wizard.class.php','views_ui',0),('ViewsUiCommentViewsWizard','class','sites/all/modules/views/plugins/views_wizard/views_ui_comment_views_wizard.class.php','views_ui',0),('ViewsUiFileManagedViewsWizard','class','sites/all/modules/views/plugins/views_wizard/views_ui_file_managed_views_wizard.class.php','views_ui',0),('ViewsUiNodeRevisionViewsWizard','class','sites/all/modules/views/plugins/views_wizard/views_ui_node_revision_views_wizard.class.php','views_ui',0),('ViewsUiNodeViewsWizard','class','sites/all/modules/views/plugins/views_wizard/views_ui_node_views_wizard.class.php','views_ui',0),('ViewsUiTaxonomyTermViewsWizard','class','sites/all/modules/views/plugins/views_wizard/views_ui_taxonomy_term_views_wizard.class.php','views_ui',0),('ViewsUiUsersViewsWizard','class','sites/all/modules/views/plugins/views_wizard/views_ui_users_views_wizard.class.php','views_ui',0),('ViewsUIWizardBasicTestCase','class','sites/all/modules/views/tests/views_ui.test','views',0),('ViewsUIWizardDefaultViewsTestCase','class','sites/all/modules/views/tests/views_ui.test','views',0),('ViewsUIWizardHelper','class','sites/all/modules/views/tests/views_ui.test','views',0),('ViewsUIWizardItemsPerPageTestCase','class','sites/all/modules/views/tests/views_ui.test','views',0),('ViewsUIWizardJumpMenuTestCase','class','sites/all/modules/views/tests/views_ui.test','views',0),('ViewsUIWizardMenuTestCase','class','sites/all/modules/views/tests/views_ui.test','views',0),('ViewsUIWizardOverrideDisplaysTestCase','class','sites/all/modules/views/tests/views_ui.test','views',0),('ViewsUIWizardSortingTestCase','class','sites/all/modules/views/tests/views_ui.test','views',0),('ViewsUIWizardTaggedWithTestCase','class','sites/all/modules/views/tests/views_ui.test','views',0),('viewsUpgradeTestCase','class','sites/all/modules/views/tests/views_upgrade.test','views',0),('viewsUserArgumentDefault','class','sites/all/modules/views/tests/user/views_user_argument_default.test','views',0),('viewsUserArgumentValidate','class','sites/all/modules/views/tests/user/views_user_argument_validate.test','views',0),('viewsViewTest','class','sites/all/modules/views/tests/views_view.test','views',0),('ViewsWizardException','class','sites/all/modules/views/plugins/views_wizard/views_ui_base_views_wizard.class.php','views_ui',0),('ViewsWizardInterface','interface','sites/all/modules/views/plugins/views_wizard/views_ui_base_views_wizard.class.php','views_ui',0),('views_append_handler_append_view','class','sites/all/modules/views_pdf/modules/views_append/views_append_handler_append_view.inc','views_append',0),('views_content_plugin_display_ctools_context','class','sites/all/modules/ctools/views_content/plugins/views/views_content_plugin_display_ctools_context.inc','views_content',0),('views_content_plugin_display_panel_pane','class','sites/all/modules/ctools/views_content/plugins/views/views_content_plugin_display_panel_pane.inc','views_content',0),('views_content_plugin_style_ctools_context','class','sites/all/modules/ctools/views_content/plugins/views/views_content_plugin_style_ctools_context.inc','views_content',0),('views_db_object','class','sites/all/modules/views/includes/view.inc','views',0),('views_display','class','sites/all/modules/views/includes/view.inc','views',0),('views_field_view_handler_field_view','class','sites/all/modules/views_field_view/views_field_view_handler_field_view.inc','views_field_view',0),('views_handler','class','sites/all/modules/views/includes/handlers.inc','views',0),('views_handler_area','class','sites/all/modules/views/handlers/views_handler_area.inc','views',0),('views_handler_area_broken','class','sites/all/modules/views/handlers/views_handler_area.inc','views',0),('views_handler_area_text','class','sites/all/modules/views/handlers/views_handler_area_text.inc','views',0),('views_handler_area_view','class','sites/all/modules/views/handlers/views_handler_area_view.inc','views',0),('views_handler_argument','class','sites/all/modules/views/handlers/views_handler_argument.inc','views',0),('views_handler_argument_aggregator_category_cid','class','sites/all/modules/views/modules/aggregator/views_handler_argument_aggregator_category_cid.inc','views',0),('views_handler_argument_aggregator_fid','class','sites/all/modules/views/modules/aggregator/views_handler_argument_aggregator_fid.inc','views',0),('views_handler_argument_aggregator_iid','class','sites/all/modules/views/modules/aggregator/views_handler_argument_aggregator_iid.inc','views',0),('views_handler_argument_broken','class','sites/all/modules/views/handlers/views_handler_argument.inc','views',0),('views_handler_argument_comment_user_uid','class','sites/all/modules/views/modules/comment/views_handler_argument_comment_user_uid.inc','views',0),('views_handler_argument_date','class','sites/all/modules/views/handlers/views_handler_argument_date.inc','views',0),('views_handler_argument_file_fid','class','sites/all/modules/views/modules/system/views_handler_argument_file_fid.inc','views',0),('views_handler_argument_formula','class','sites/all/modules/views/handlers/views_handler_argument_formula.inc','views',0),('views_handler_argument_group_by_numeric','class','sites/all/modules/views/handlers/views_handler_argument_group_by_numeric.inc','views',0),('views_handler_argument_locale_group','class','sites/all/modules/views/modules/locale/views_handler_argument_locale_group.inc','views',0),('views_handler_argument_locale_language','class','sites/all/modules/views/modules/locale/views_handler_argument_locale_language.inc','views',0),('views_handler_argument_many_to_one','class','sites/all/modules/views/handlers/views_handler_argument_many_to_one.inc','views',0),('views_handler_argument_node_created_day','class','sites/all/modules/views/modules/node/views_handler_argument_dates_various.inc','views',0),('views_handler_argument_node_created_fulldate','class','sites/all/modules/views/modules/node/views_handler_argument_dates_various.inc','views',0),('views_handler_argument_node_created_month','class','sites/all/modules/views/modules/node/views_handler_argument_dates_various.inc','views',0),('views_handler_argument_node_created_week','class','sites/all/modules/views/modules/node/views_handler_argument_dates_various.inc','views',0),('views_handler_argument_node_created_year','class','sites/all/modules/views/modules/node/views_handler_argument_dates_various.inc','views',0),('views_handler_argument_node_created_year_month','class','sites/all/modules/views/modules/node/views_handler_argument_dates_various.inc','views',0),('views_handler_argument_node_language','class','sites/all/modules/views/modules/node/views_handler_argument_node_language.inc','views',0),('views_handler_argument_node_nid','class','sites/all/modules/views/modules/node/views_handler_argument_node_nid.inc','views',0),('views_handler_argument_node_tnid','class','sites/all/modules/views/modules/translation/views_handler_argument_node_tnid.inc','views',0),('views_handler_argument_node_type','class','sites/all/modules/views/modules/node/views_handler_argument_node_type.inc','views',0),('views_handler_argument_node_vid','class','sites/all/modules/views/modules/node/views_handler_argument_node_vid.inc','views',0),('views_handler_argument_null','class','sites/all/modules/views/handlers/views_handler_argument_null.inc','views',0),('views_handler_argument_numeric','class','sites/all/modules/views/handlers/views_handler_argument_numeric.inc','views',0),('views_handler_argument_search','class','sites/all/modules/views/modules/search/views_handler_argument_search.inc','views',0),('views_handler_argument_string','class','sites/all/modules/views/handlers/views_handler_argument_string.inc','views',0),('views_handler_argument_taxonomy','class','sites/all/modules/views/modules/taxonomy/views_handler_argument_taxonomy.inc','views',0),('views_handler_argument_term_node_tid','class','sites/all/modules/views/modules/taxonomy/views_handler_argument_term_node_tid.inc','views',0),('views_handler_argument_term_node_tid_depth','class','sites/all/modules/views/modules/taxonomy/views_handler_argument_term_node_tid_depth.inc','views',0),('views_handler_argument_term_node_tid_depth_modifier','class','sites/all/modules/views/modules/taxonomy/views_handler_argument_term_node_tid_depth_modifier.inc','views',0),('views_handler_argument_users_roles_rid','class','sites/all/modules/views/modules/user/views_handler_argument_users_roles_rid.inc','views',0),('views_handler_argument_user_uid','class','sites/all/modules/views/modules/user/views_handler_argument_user_uid.inc','views',0),('views_handler_argument_vocabulary_vid','class','sites/all/modules/views/modules/taxonomy/views_handler_argument_vocabulary_vid.inc','views',0),('views_handler_field','class','sites/all/modules/views/handlers/views_handler_field.inc','views',0),('views_handler_field_accesslog_path','class','sites/all/modules/views/modules/statistics/views_handler_field_accesslog_path.inc','views',0),('views_handler_field_aggregator_category','class','sites/all/modules/views/modules/aggregator/views_handler_field_aggregator_category.inc','views',0),('views_handler_field_aggregator_title_link','class','sites/all/modules/views/modules/aggregator/views_handler_field_aggregator_title_link.inc','views',0),('views_handler_field_aggregator_xss','class','sites/all/modules/views/modules/aggregator/views_handler_field_aggregator_xss.inc','views',0),('views_handler_field_boolean','class','sites/all/modules/views/handlers/views_handler_field_boolean.inc','views',0),('views_handler_field_broken','class','sites/all/modules/views/handlers/views_handler_field.inc','views',0),('views_handler_field_comment','class','sites/all/modules/views/modules/comment/views_handler_field_comment.inc','views',0),('views_handler_field_comment_depth','class','sites/all/modules/views/modules/comment/views_handler_field_comment_depth.inc','views',0),('views_handler_field_comment_link','class','sites/all/modules/views/modules/comment/views_handler_field_comment_link.inc','views',0),('views_handler_field_comment_link_delete','class','sites/all/modules/views/modules/comment/views_handler_field_comment_link_delete.inc','views',0),('views_handler_field_comment_link_edit','class','sites/all/modules/views/modules/comment/views_handler_field_comment_link_edit.inc','views',0),('views_handler_field_comment_link_reply','class','sites/all/modules/views/modules/comment/views_handler_field_comment_link_reply.inc','views',0),('views_handler_field_comment_node_link','class','sites/all/modules/views/modules/comment/views_handler_field_comment_node_link.inc','views',0),('views_handler_field_comment_username','class','sites/all/modules/views/modules/comment/views_handler_field_comment_username.inc','views',0),('views_handler_field_contact_link','class','sites/all/modules/views/modules/contact/views_handler_field_contact_link.inc','views',0),('views_handler_field_counter','class','sites/all/modules/views/handlers/views_handler_field_counter.inc','views',0),('views_handler_field_custom','class','sites/all/modules/views/handlers/views_handler_field_custom.inc','views',0),('views_handler_field_date','class','sites/all/modules/views/handlers/views_handler_field_date.inc','views',0),('views_handler_field_field','class','sites/all/modules/views/modules/field/views_handler_field_field.inc','views',0),('views_handler_field_file','class','sites/all/modules/views/modules/system/views_handler_field_file.inc','views',0),('views_handler_field_file_extension','class','sites/all/modules/views/modules/system/views_handler_field_file_extension.inc','views',0),('views_handler_field_file_filemime','class','sites/all/modules/views/modules/system/views_handler_field_file_filemime.inc','views',0),('views_handler_field_file_size','class','sites/all/modules/views/handlers/views_handler_field.inc','views',0),('views_handler_field_file_status','class','sites/all/modules/views/modules/system/views_handler_field_file_status.inc','views',0),('views_handler_field_file_uri','class','sites/all/modules/views/modules/system/views_handler_field_file_uri.inc','views',0),('views_handler_field_filter_format_name','class','sites/all/modules/views/modules/filter/views_handler_field_filter_format_name.inc','views',0),('views_handler_field_group_by_numeric','class','sites/all/modules/views/handlers/views_handler_field_group_by_numeric.inc','views',0),('views_handler_field_history_user_timestamp','class','sites/all/modules/views/modules/node/views_handler_field_history_user_timestamp.inc','views',0),('views_handler_field_last_comment_timestamp','class','sites/all/modules/views/modules/comment/views_handler_field_last_comment_timestamp.inc','views',0),('views_handler_field_locale_group','class','sites/all/modules/views/modules/locale/views_handler_field_locale_group.inc','views',0),('views_handler_field_locale_language','class','sites/all/modules/views/modules/locale/views_handler_field_locale_language.inc','views',0),('views_handler_field_locale_link_edit','class','sites/all/modules/views/modules/locale/views_handler_field_locale_link_edit.inc','views',0),('views_handler_field_markup','class','sites/all/modules/views/handlers/views_handler_field_markup.inc','views',0),('views_handler_field_math','class','sites/all/modules/views/handlers/views_handler_field_math.inc','views',0),('views_handler_field_ncs_last_comment_name','class','sites/all/modules/views/modules/comment/views_handler_field_ncs_last_comment_name.inc','views',0),('views_handler_field_ncs_last_updated','class','sites/all/modules/views/modules/comment/views_handler_field_ncs_last_updated.inc','views',0),('views_handler_field_node','class','sites/all/modules/views/modules/node/views_handler_field_node.inc','views',0),('views_handler_field_node_comment','class','sites/all/modules/views/modules/comment/views_handler_field_node_comment.inc','views',0),('views_handler_field_node_language','class','sites/all/modules/views/modules/translation/views_handler_field_node_language.inc','views',0),('views_handler_field_node_link','class','sites/all/modules/views/modules/node/views_handler_field_node_link.inc','views',0),('views_handler_field_node_link_delete','class','sites/all/modules/views/modules/node/views_handler_field_node_link_delete.inc','views',0),('views_handler_field_node_link_edit','class','sites/all/modules/views/modules/node/views_handler_field_node_link_edit.inc','views',0),('views_handler_field_node_link_translate','class','sites/all/modules/views/modules/translation/views_handler_field_node_link_translate.inc','views',0),('views_handler_field_node_new_comments','class','sites/all/modules/views/modules/comment/views_handler_field_node_new_comments.inc','views',0),('views_handler_field_node_path','class','sites/all/modules/views/modules/node/views_handler_field_node_path.inc','views',0),('views_handler_field_node_revision','class','sites/all/modules/views/modules/node/views_handler_field_node_revision.inc','views',0),('views_handler_field_node_revision_link_delete','class','sites/all/modules/views/modules/node/views_handler_field_node_revision_link_delete.inc','views',0),('views_handler_field_node_revision_link_revert','class','sites/all/modules/views/modules/node/views_handler_field_node_revision_link_revert.inc','views',0),('views_handler_field_node_translation_link','class','sites/all/modules/views/modules/translation/views_handler_field_node_translation_link.inc','views',0),('views_handler_field_node_type','class','sites/all/modules/views/modules/node/views_handler_field_node_type.inc','views',0),('views_handler_field_numeric','class','sites/all/modules/views/handlers/views_handler_field_numeric.inc','views',0),('views_handler_field_prerender_list','class','sites/all/modules/views/handlers/views_handler_field_prerender_list.inc','views',0),('views_handler_field_profile_date','class','sites/all/modules/views/modules/profile/views_handler_field_profile_date.inc','views',0),('views_handler_field_profile_list','class','sites/all/modules/views/modules/profile/views_handler_field_profile_list.inc','views',0),('views_handler_field_search_score','class','sites/all/modules/views/modules/search/views_handler_field_search_score.inc','views',0),('views_handler_field_serialized','class','sites/all/modules/views/handlers/views_handler_field_serialized.inc','views',0),('views_handler_field_taxonomy','class','sites/all/modules/views/modules/taxonomy/views_handler_field_taxonomy.inc','views',0),('views_handler_field_term_link_edit','class','sites/all/modules/views/modules/taxonomy/views_handler_field_term_link_edit.inc','views',0),('views_handler_field_term_node_tid','class','sites/all/modules/views/modules/taxonomy/views_handler_field_term_node_tid.inc','views',0),('views_handler_field_time_interval','class','sites/all/modules/views/handlers/views_handler_field_time_interval.inc','views',0),('views_handler_field_upload_description','class','sites/all/modules/views/modules/upload/views_handler_field_upload_description.inc','views',0),('views_handler_field_upload_fid','class','sites/all/modules/views/modules/upload/views_handler_field_upload_fid.inc','views',0),('views_handler_field_url','class','sites/all/modules/views/handlers/views_handler_field_url.inc','views',0),('views_handler_field_user','class','sites/all/modules/views/modules/user/views_handler_field_user.inc','views',0),('views_handler_field_user_language','class','sites/all/modules/views/modules/user/views_handler_field_user_language.inc','views',0),('views_handler_field_user_link','class','sites/all/modules/views/modules/user/views_handler_field_user_link.inc','views',0),('views_handler_field_user_link_cancel','class','sites/all/modules/views/modules/user/views_handler_field_user_link_cancel.inc','views',0),('views_handler_field_user_link_edit','class','sites/all/modules/views/modules/user/views_handler_field_user_link_edit.inc','views',0),('views_handler_field_user_mail','class','sites/all/modules/views/modules/user/views_handler_field_user_mail.inc','views',0),('views_handler_field_user_name','class','sites/all/modules/views/modules/user/views_handler_field_user_name.inc','views',0),('views_handler_field_user_picture','class','sites/all/modules/views/modules/user/views_handler_field_user_picture.inc','views',0),('views_handler_field_user_roles','class','sites/all/modules/views/modules/user/views_handler_field_user_roles.inc','views',0),('views_handler_field_xss','class','sites/all/modules/views/handlers/views_handler_field.inc','views',0),('views_handler_filter','class','sites/all/modules/views/handlers/views_handler_filter.inc','views',0),('views_handler_filter_aggregator_category_cid','class','sites/all/modules/views/modules/aggregator/views_handler_filter_aggregator_category_cid.inc','views',0),('views_handler_filter_boolean_operator','class','sites/all/modules/views/handlers/views_handler_filter_boolean_operator.inc','views',0),('views_handler_filter_boolean_operator_string','class','sites/all/modules/views/handlers/views_handler_filter_boolean_operator_string.inc','views',0),('views_handler_filter_broken','class','sites/all/modules/views/handlers/views_handler_filter.inc','views',0),('views_handler_filter_comment_user_uid','class','sites/all/modules/views/modules/comment/views_handler_filter_comment_user_uid.inc','views',0),('views_handler_filter_date','class','sites/all/modules/views/handlers/views_handler_filter_date.inc','views',0),('views_handler_filter_equality','class','sites/all/modules/views/handlers/views_handler_filter_equality.inc','views',0),('views_handler_filter_field_list','class','sites/all/modules/views/modules/field/views_handler_filter_field_list.inc','views',0),('views_handler_filter_file_status','class','sites/all/modules/views/modules/system/views_handler_filter_file_status.inc','views',0),('views_handler_filter_group_by_numeric','class','sites/all/modules/views/handlers/views_handler_filter_group_by_numeric.inc','views',0),('views_handler_filter_history_user_timestamp','class','sites/all/modules/views/modules/node/views_handler_filter_history_user_timestamp.inc','views',0),('views_handler_filter_in_operator','class','sites/all/modules/views/handlers/views_handler_filter_in_operator.inc','views',0),('views_handler_filter_locale_group','class','sites/all/modules/views/modules/locale/views_handler_filter_locale_group.inc','views',0),('views_handler_filter_locale_language','class','sites/all/modules/views/modules/locale/views_handler_filter_locale_language.inc','views',0),('views_handler_filter_locale_version','class','sites/all/modules/views/modules/locale/views_handler_filter_locale_version.inc','views',0),('views_handler_filter_many_to_one','class','sites/all/modules/views/handlers/views_handler_filter_many_to_one.inc','views',0),('views_handler_filter_ncs_last_updated','class','sites/all/modules/views/modules/comment/views_handler_filter_ncs_last_updated.inc','views',0),('views_handler_filter_node_access','class','sites/all/modules/views/modules/node/views_handler_filter_node_access.inc','views',0),('views_handler_filter_node_comment','class','sites/all/modules/views/modules/comment/views_handler_filter_node_comment.inc','views',0),('views_handler_filter_node_language','class','sites/all/modules/views/modules/translation/views_handler_filter_node_language.inc','views',0),('views_handler_filter_node_status','class','sites/all/modules/views/modules/node/views_handler_filter_node_status.inc','views',0),('views_handler_filter_node_tnid','class','sites/all/modules/views/modules/translation/views_handler_filter_node_tnid.inc','views',0),('views_handler_filter_node_tnid_child','class','sites/all/modules/views/modules/translation/views_handler_filter_node_tnid_child.inc','views',0),('views_handler_filter_node_type','class','sites/all/modules/views/modules/node/views_handler_filter_node_type.inc','views',0),('views_handler_filter_numeric','class','sites/all/modules/views/handlers/views_handler_filter_numeric.inc','views',0),('views_handler_filter_profile_selection','class','sites/all/modules/views/modules/profile/views_handler_filter_profile_selection.inc','views',0),('views_handler_filter_search','class','sites/all/modules/views/modules/search/views_handler_filter_search.inc','views',0),('views_handler_filter_string','class','sites/all/modules/views/handlers/views_handler_filter_string.inc','views',0),('views_handler_filter_system_type','class','sites/all/modules/views/modules/system/views_handler_filter_system_type.inc','views',0),('views_handler_filter_term_node_tid','class','sites/all/modules/views/modules/taxonomy/views_handler_filter_term_node_tid.inc','views',0),('views_handler_filter_term_node_tid_depth','class','sites/all/modules/views/modules/taxonomy/views_handler_filter_term_node_tid_depth.inc','views',0),('views_handler_filter_upload_fid','class','sites/all/modules/views/modules/upload/views_handler_filter_upload_fid.inc','views',0),('views_handler_filter_user_current','class','sites/all/modules/views/modules/user/views_handler_filter_user_current.inc','views',0),('views_handler_filter_user_name','class','sites/all/modules/views/modules/user/views_handler_filter_user_name.inc','views',0),('views_handler_filter_user_roles','class','sites/all/modules/views/modules/user/views_handler_filter_user_roles.inc','views',0),('views_handler_filter_vocabulary_machine_name','class','sites/all/modules/views/modules/taxonomy/views_handler_filter_vocabulary_machine_name.inc','views',0),('views_handler_filter_vocabulary_vid','class','sites/all/modules/views/modules/taxonomy/views_handler_filter_vocabulary_vid.inc','views',0),('views_handler_relationship','class','sites/all/modules/views/handlers/views_handler_relationship.inc','views',0),('views_handler_relationship_broken','class','sites/all/modules/views/handlers/views_handler_relationship.inc','views',0),('views_handler_relationship_node_term_data','class','sites/all/modules/views/modules/taxonomy/views_handler_relationship_node_term_data.inc','views',0),('views_handler_relationship_translation','class','sites/all/modules/views/modules/translation/views_handler_relationship_translation.inc','views',0),('views_handler_sort','class','sites/all/modules/views/handlers/views_handler_sort.inc','views',0),('views_handler_sort_broken','class','sites/all/modules/views/handlers/views_handler_sort.inc','views',0),('views_handler_sort_comment_thread','class','sites/all/modules/views/modules/comment/views_handler_sort_comment_thread.inc','views',0),('views_handler_sort_date','class','sites/all/modules/views/handlers/views_handler_sort_date.inc','views',0),('views_handler_sort_group_by_numeric','class','sites/all/modules/views/handlers/views_handler_sort_group_by_numeric.inc','views',0),('views_handler_sort_menu_hierarchy','class','sites/all/modules/views/handlers/views_handler_sort_menu_hierarchy.inc','views',0),('views_handler_sort_ncs_last_comment_name','class','sites/all/modules/views/modules/comment/views_handler_sort_ncs_last_comment_name.inc','views',0),('views_handler_sort_ncs_last_updated','class','sites/all/modules/views/modules/comment/views_handler_sort_ncs_last_updated.inc','views',0),('views_handler_sort_random','class','sites/all/modules/views/handlers/views_handler_sort_random.inc','views',0),('views_handler_sort_search_score','class','sites/all/modules/views/modules/search/views_handler_sort_search_score.inc','views',0),('views_join','class','sites/all/modules/views/includes/handlers.inc','views',0),('views_many_to_one_helper','class','sites/all/modules/views/includes/handlers.inc','views',0),('views_object','class','sites/all/modules/views/includes/base.inc','views',0),('views_pdf_handler_page_break','class','sites/all/modules/views_pdf/field_plugins/views_pdf_handler_page_break.inc','views_pdf',0),('views_pdf_handler_page_number','class','sites/all/modules/views_pdf/field_plugins/views_pdf_handler_page_number.inc','views_pdf',0),('views_pdf_plugin_display','class','sites/all/modules/views_pdf/views_pdf_plugin_display.inc','views_pdf',0),('views_pdf_plugin_row_fields','class','sites/all/modules/views_pdf/views_pdf_plugin_row_fields.inc','views_pdf',0),('views_pdf_plugin_style_table','class','sites/all/modules/views_pdf/views_pdf_plugin_style_table.inc','views_pdf',0),('views_pdf_plugin_style_unformatted','class','sites/all/modules/views_pdf/views_pdf_plugin_style_unformatted.inc','views_pdf',0),('views_plugin','class','sites/all/modules/views/includes/plugins.inc','views',0),('views_plugin_access','class','sites/all/modules/views/plugins/views_plugin_access.inc','views',0),('views_plugin_access_none','class','sites/all/modules/views/plugins/views_plugin_access_none.inc','views',0),('views_plugin_access_perm','class','sites/all/modules/views/plugins/views_plugin_access_perm.inc','views',0),('views_plugin_access_role','class','sites/all/modules/views/plugins/views_plugin_access_role.inc','views',0),('views_plugin_argument_default','class','sites/all/modules/views/plugins/views_plugin_argument_default.inc','views',0),('views_plugin_argument_default_current_user','class','sites/all/modules/views/modules/user/views_plugin_argument_default_current_user.inc','views',0),('views_plugin_argument_default_fixed','class','sites/all/modules/views/plugins/views_plugin_argument_default_fixed.inc','views',0),('views_plugin_argument_default_node','class','sites/all/modules/views/modules/node/views_plugin_argument_default_node.inc','views',0),('views_plugin_argument_default_php','class','sites/all/modules/views/plugins/views_plugin_argument_default_php.inc','views',0),('views_plugin_argument_default_taxonomy_tid','class','sites/all/modules/views/modules/taxonomy/views_plugin_argument_default_taxonomy_tid.inc','views',0),('views_plugin_argument_default_user','class','sites/all/modules/views/modules/user/views_plugin_argument_default_user.inc','views',0),('views_plugin_argument_validate','class','sites/all/modules/views/plugins/views_plugin_argument_validate.inc','views',0),('views_plugin_argument_validate_node','class','sites/all/modules/views/modules/node/views_plugin_argument_validate_node.inc','views',0),('views_plugin_argument_validate_numeric','class','sites/all/modules/views/plugins/views_plugin_argument_validate_numeric.inc','views',0),('views_plugin_argument_validate_php','class','sites/all/modules/views/plugins/views_plugin_argument_validate_php.inc','views',0),('views_plugin_argument_validate_taxonomy_term','class','sites/all/modules/views/modules/taxonomy/views_plugin_argument_validate_taxonomy_term.inc','views',0),('views_plugin_argument_validate_user','class','sites/all/modules/views/modules/user/views_plugin_argument_validate_user.inc','views',0),('views_plugin_cache','class','sites/all/modules/views/plugins/views_plugin_cache.inc','views',0),('views_plugin_cache_none','class','sites/all/modules/views/plugins/views_plugin_cache_none.inc','views',0),('views_plugin_cache_time','class','sites/all/modules/views/plugins/views_plugin_cache_time.inc','views',0),('views_plugin_display','class','sites/all/modules/views/plugins/views_plugin_display.inc','views',0),('views_plugin_display_attachment','class','sites/all/modules/views/plugins/views_plugin_display_attachment.inc','views',0),('views_plugin_display_block','class','sites/all/modules/views/plugins/views_plugin_display_block.inc','views',0),('views_plugin_display_default','class','sites/all/modules/views/plugins/views_plugin_display_default.inc','views',0),('views_plugin_display_feed','class','sites/all/modules/views/plugins/views_plugin_display_feed.inc','views',0),('views_plugin_display_page','class','sites/all/modules/views/plugins/views_plugin_display_page.inc','views',0),('views_plugin_exposed_form','class','sites/all/modules/views/plugins/views_plugin_exposed_form.inc','views',0),('views_plugin_exposed_form_basic','class','sites/all/modules/views/plugins/views_plugin_exposed_form_basic.inc','views',0),('views_plugin_exposed_form_input_required','class','sites/all/modules/views/plugins/views_plugin_exposed_form_input_required.inc','views',0),('views_plugin_localization','class','sites/all/modules/views/plugins/views_plugin_localization.inc','views',0),('views_plugin_localization_core','class','sites/all/modules/views/plugins/views_plugin_localization_core.inc','views',0),('views_plugin_localization_none','class','sites/all/modules/views/plugins/views_plugin_localization_none.inc','views',0),('views_plugin_localization_test','class','sites/all/modules/views/tests/views_plugin_localization_test.inc','views',0),('views_plugin_pager','class','sites/all/modules/views/plugins/views_plugin_pager.inc','views',0),('views_plugin_pager_full','class','sites/all/modules/views/plugins/views_plugin_pager_full.inc','views',0),('views_plugin_pager_mini','class','sites/all/modules/views/plugins/views_plugin_pager_mini.inc','views',0),('views_plugin_pager_none','class','sites/all/modules/views/plugins/views_plugin_pager_none.inc','views',0),('views_plugin_pager_some','class','sites/all/modules/views/plugins/views_plugin_pager_some.inc','views',0),('views_plugin_query','class','sites/all/modules/views/plugins/views_plugin_query.inc','views',0),('views_plugin_query_default','class','sites/all/modules/views/plugins/views_plugin_query_default.inc','views',0),('views_plugin_row','class','sites/all/modules/views/plugins/views_plugin_row.inc','views',0),('views_plugin_row_aggregator_rss','class','sites/all/modules/views/modules/aggregator/views_plugin_row_aggregator_rss.inc','views',0),('views_plugin_row_comment_rss','class','sites/all/modules/views/modules/comment/views_plugin_row_comment_rss.inc','views',0),('views_plugin_row_comment_view','class','sites/all/modules/views/modules/comment/views_plugin_row_comment_view.inc','views',0),('views_plugin_row_fields','class','sites/all/modules/views/plugins/views_plugin_row_fields.inc','views',0),('views_plugin_row_node_rss','class','sites/all/modules/views/modules/node/views_plugin_row_node_rss.inc','views',0),('views_plugin_row_node_view','class','sites/all/modules/views/modules/node/views_plugin_row_node_view.inc','views',0),('views_plugin_row_search_view','class','sites/all/modules/views/modules/search/views_plugin_row_search_view.inc','views',0),('views_plugin_style','class','sites/all/modules/views/plugins/views_plugin_style.inc','views',0),('views_plugin_style_default','class','sites/all/modules/views/plugins/views_plugin_style_default.inc','views',0),('views_plugin_style_grid','class','sites/all/modules/views/plugins/views_plugin_style_grid.inc','views',0),('views_plugin_style_jump_menu','class','sites/all/modules/views/plugins/views_plugin_style_jump_menu.inc','views',0),('views_plugin_style_list','class','sites/all/modules/views/plugins/views_plugin_style_list.inc','views',0),('views_plugin_style_rss','class','sites/all/modules/views/plugins/views_plugin_style_rss.inc','views',0),('views_plugin_style_summary','class','sites/all/modules/views/plugins/views_plugin_style_summary.inc','views',0),('views_plugin_style_summary_jump_menu','class','sites/all/modules/views/plugins/views_plugin_style_summary_jump_menu.inc','views',0),('views_plugin_style_summary_unformatted','class','sites/all/modules/views/plugins/views_plugin_style_summary_unformatted.inc','views',0),('views_plugin_style_table','class','sites/all/modules/views/plugins/views_plugin_style_table.inc','views',0),('views_test_plugin_access_test_dynamic','class','sites/all/modules/views/tests/test_plugins/views_test_plugin_access_test_dynamic.inc','views',0),('views_test_plugin_access_test_static','class','sites/all/modules/views/tests/test_plugins/views_test_plugin_access_test_static.inc','views',0),('views_ui','class','sites/all/modules/views/plugins/export_ui/views_ui.class.php','views_ui',0),('views_view_field_handler_include_view','class','sites/all/modules/views_pdf/modules/views_view_field/views_view_field_handler_include_view.inc','views_view_field',0);

--
-- Table structure for table `registry_file`
--

CREATE TABLE `registry_file` (
  `filename` varchar(255) NOT NULL COMMENT 'Path to the file.',
  `hash` varchar(64) NOT NULL COMMENT 'sha-256 hash of the file’s contents when last parsed.',
  PRIMARY KEY (`filename`)
) ENGINE=MyISAM DEFAULT CHARSET=utf8 COMMENT='Files parsed to build the registry.';

--
-- Dumping data for table `registry_file`
--

INSERT INTO `registry_file` VALUES ('includes/actions.inc','3e1b89b7dd2465549361915ffc50b713a8f3a568baa703f034e48b24977f83c8'),('includes/ajax.inc','7cd37e59457753342168803fe65cd1af7da1c41e8b8a444304e941b435b43f05'),('includes/archiver.inc','097a78f5794237e8242b540649d824b930008027362c1359773e22c2b21cd6e5'),('includes/authorize.inc','f732037ded6a22e2e8493da9828a976b0dd2f1aaa57d135d4cb3258f8815a1f1'),('includes/batch.inc','22f25eb95245857a3f42a7481737b1290ce4815ba35c5c33381617167e72eacb'),('includes/batch.queue.inc','34face1f61857ec26e414712c647b06acbd5ec4437a71abf090e83cbdf691794'),('includes/bootstrap.inc','c6964ec80be7de0cb1eee2db5116926f282306cd21b6e705931dc6795a4a7bd5'),('includes/cache-install.inc','2d223093cf3740d190746d1c348607694a8475c0da91ffd2386454995a17995e'),('includes/cache.inc','5239bd1707257d0abdd5396d6febd34bea08dd6ceb318265f3c9b7b21b38f23f'),('includes/common.inc','71ca85ef9266d5f1e6070e3eeb7ad0021fe139f0da33d545570695db64b9dc01'),('includes/database/database.inc','fb307b6cea36639521651945cb14a1c47274c46fd467b4370c856efe5a727559'),('includes/database/log.inc','4ecbdf9022d8c612310b41af575f10b0d4c041c0fbc41c6dc7e1f2ab6eacce6b'),('includes/database/mysql/database.inc','c17187d7b02ca9ed382e39bb1e47c01934cb977122a462ea757c08a32ded727b'),('includes/database/mysql/install.inc','6ae316941f771732fbbabed7e1d6b4cbb41b1f429dd097d04b3345aa15e461a0'),('includes/database/mysql/query.inc','e2a5457ec40a8f88f6a822bdc77f74865e4c02206fc733c2945c8897f46093de'),('includes/database/mysql/schema.inc','f71af9dda287f0f37e7bd0077b801a6d3f38c951a9c2c6ea3b71dff1b69077d3'),('includes/database/pgsql/database.inc','30bdaa3761cb93f4596f81320f89138fd9e31b2a976b4d03ce81c59e32129a31'),('includes/database/pgsql/install.inc','585b80c5bbd6f134bff60d06397f15154657a577d4da8d1b181858905f09dea5'),('includes/database/pgsql/query.inc','cb4c84f8f1ffc73098ed71137248dcd078a505a7530e60d979d74b3a3cdaa658'),('includes/database/pgsql/schema.inc','1442123ab5040a55797126cfa1cf9103f7a9df22b3c23b5055c9c27e4f12d262'),('includes/database/pgsql/select.inc','ce06c4353d4322e519e1c90ca863e6666edc370fb3c12568fedf466334b2e2be'),('includes/database/prefetch.inc','8d39658800c5b648b8aafc253cd36162c22ba54febe543ad14fc50016b02ba93'),('includes/database/query.inc','6043f7d99db75dff989d48f38dd4300c7ee57e3c10a0e09fe3c632f1b03c2f18'),('includes/database/schema.inc','11ab1a9b145b332176ac8bb1be62ccf8765093275867d855fa838a9ba2b5793f'),('includes/database/select.inc','e8d0d0f9c92747346d6e5d34e355b470dbf9326e837a40a98a92cf1e1dce248b'),('includes/database/sqlite/database.inc','a5c55624e803b1ce23170cd168e3bc24e82d29ac64082eb724cb5bf470f8e675'),('includes/database/sqlite/install.inc','381f3db8c59837d961978ba3097bb6443534ed1659fd713aa563963fa0c42cc5'),('includes/database/sqlite/query.inc','61e0459c0c9252ca465b86c475d88e09ea34c8cdb28220eb37a7d44357f5474f'),('includes/database/sqlite/schema.inc','4a42520b90765b970f285ad14f94ded061cee70a2dc6d630c3261649852daf0f'),('includes/database/sqlite/select.inc','4ecb9d21d2f07237f7603e925519886dde0b8da82f96999b865ff0803438744e'),('includes/date.inc','32124baa81a1411631de23ade5615be0d81bc7c7169ea60d22f9badd333cf284'),('includes/entity.inc','ef72cd1aba620121a00d82bb5947809e0f9f317c8bea4dde645f83920d1d1892'),('includes/errors.inc','8a57b0102cdc366daa95632ac3feaa94fb5a615fc305bfbaadec11b5c09a2c11'),('includes/file.inc','6af2f39a4075b11e8de98d906a68eda0677b437aef90525c759b823f64c4e9b5'),('includes/file.mimetypes.inc','dbc1d9a63bc22986a039b246f30053dab5985f0120f6cebf06f79251da18643e'),('includes/filetransfer/filetransfer.inc','ee9393beddc7190f7a161f5563953d1b58e355026fcc2392443a9e6b4c600531'),('includes/filetransfer/ftp.inc','589ebf4b8bd4a2973aa56a156ac1fa83b6c73e703391361fb573167670e0d832'),('includes/filetransfer/local.inc','7cbfdb46abbdf539640db27e66fb30e5265128f31002bd0dfc3af16ae01a9492'),('includes/filetransfer/ssh.inc','002e24a24cac133d12728bd3843868ce378681237d7fad420761af84e6efe5ad'),('includes/form.inc','3f005aea4a91e0cab52b90f526413bcbe4a153f17a8b9c9c17b638656efb3c2d'),('includes/graph.inc','577a50594521edecd7139fcecd6af3a941e456ea0e0577e38ee14b785422aabb'),('includes/image.inc','2fefbd7e73eb51eece8acd7b374b23bf77a717c1553ad83b321a7be194c9e531'),('includes/install.core.inc','b230ede834f21c75dc736d5f583b41b02f3c88eef37b1ee9036d294c7f9dbba2'),('includes/install.inc','d85931c186814651c22703a64a013811dc231099eca0a6560576b828b2bc8aea'),('includes/iso.inc','379c2bd8332ce03a3772787b004e9b1a4468fd23f18d1b9397902fd6d9dbf2d8'),('includes/language.inc','5e0595c6def071694fa500b4636d15d482dafddb612a977201b5406b813be7a6'),('includes/locale.inc','cabeecb6a10c16bf11f1a79366b7e7e0b6676605a51f3bfa552622bf70e7559e'),('includes/lock.inc','7af1b1b93e20db33f0ef81a2577263cf152b363d358d65707539cc952b8272e5'),('includes/mail.inc','702174958dad7b460a75435abc557f472a2549bc53362735f76baba9b2265c27'),('includes/menu.inc','a0fd18e4feef029acff5977429ee71f79fa3f59d85061d4b521f6e9bf551a142'),('includes/module.inc','ac27386cf8bfb02192580b8f51ca354a7ea30e444084203d02f2ce9285e85b60'),('includes/pager.inc','d3cd989a55da56b91d72223c93cdea125e4d86a3ffdc2782ddb70286aa4c4ecf'),('includes/password.inc','b6fab301352a9baa01b589fb96c6d786d997485bd9e202818f2c8cbf439229ab'),('includes/path.inc','992d563dbd6e67f58e358176be09eb1fb75f95510a93cb45bf463ce798670bff'),('includes/registry.inc','ce22f7715c8037095e6b7dfb86594d3f5ca0908e0614862cc60334852ce3b971'),('includes/session.inc','2a904d6eb8f561b5c6b08c6e7528b76b2b8d7f1de34e9738cebe69a1a0b922b2'),('includes/stream_wrappers.inc','0943efcecb78427b0de6d014ece9825e9d5d1102baa4b57805275f56e914af1e'),('includes/tablesort.inc','3f3cb2820920f7edc0c3d046ffba4fc4e3b73a699a2492780371141cf501aa50'),('includes/theme.inc','fa657c7ab6573ae41acadd87a052c4eafda0ed75eac2adc7e65ef4d568671e94'),('includes/theme.maintenance.inc','d110314b4d943c3e965fcefe452f6873b53cd6a8844154467dfcbb2b6142dc82'),('includes/token.inc','015328d6573ceece0a0712fcbad890719cff8d65a37839ece36bc64e97d63466'),('includes/unicode.entities.inc','2b858138596d961fbaa4c6e3986e409921df7f76b6ee1b109c4af5970f1e0f54'),('includes/unicode.inc','5409227091e55cef4c1b0bb9c159720aecaa07e7bf2683fe7c242691aa1036cc'),('includes/update.inc','bf8e3ed2e93d680c617f905b888cd42ae6a9dca011f7c804e98e5e372e114402'),('includes/updater.inc','1715fbda750de86ecde8abd71d61886423367d3c9a17c31138638361b1c27e51'),('includes/utility.inc','04865d2c973e3df62f673b68631a880dbf39fdc5e22a5935e2e6b86576fa9030'),('includes/xmlrpc.inc','1176a9e5b5990f8219b48c49bb858a2a980f95428aa519acea19282109e27e83'),('includes/xmlrpcs.inc','2df450cf2153959a4581d8e61867c587f61fcdea5dd2653e36c6a6028fc1b395'),('modules/block/block.test','f467ba7728986636a5e0a5b73e7db4819be04fc817ed4a675e0c9236f63a3b50'),('modules/color/color.test','e53250ee2ddfb40754caaaa958e0ac3ca8efd36097aa814418cb2e5f05316ff3'),('modules/comment/comment.module','d3f4aac38c44aab49b23c9b675e2c654ecff0a38d4d1eead43a82dae919b0140'),('modules/comment/comment.test','1cd1d3354629285898ae33756cd8566400195e0d130be0a0083a248de63f65c4'),('modules/contact/contact.test','bc84b64bf9d5bca6c55832d36c0e32b5e50b05132c40cdac3018151135e8ee28'),('modules/dashboard/dashboard.test','0472cfe50d7f5f90ba6e55003bbb6a79d8cf4791f3d39740e2f1f3df65743d79'),('modules/dblog/dblog.test','c20371096cd2d2c1018e31bcc719f44e3cc31a2fdb75feb50944508380077259'),('modules/field/field.attach.inc','8d5575c3633579f16d550be0d4ea55a47bc934e301553c67ac4fed62ec839e8c'),('modules/field/field.module','36db6603a9db48526dbf42f17b072813f3b90149cfeac4095be67345c5f3909e'),('modules/field/modules/field_sql_storage/field_sql_storage.test','fa8f69ac79f4190a612faa6d1df3075be39571da2e897265c13e219dccf65b1c'),('modules/field/modules/list/tests/list.test','f015a48a8c13bdb163a2f14b816f38d19049d6c1240c5d6a785c6ef7761e439d'),('modules/field/modules/number/number.test','17dca1cd324409d8f225e70b0037e0a655e2f83861d31c18a3f16d7dd44ee652'),('modules/field/modules/options/options.test','2f2e15ab5e6da04033933af77663df220db3da30d0546327ef757968d628e43a'),('modules/field/modules/text/text.test','e4ad6c79d4f4e3f90c3ac960d2479ee65d51bda7ba93467bc0340bc32201cd11'),('modules/field/tests/field.test','93d2accddd14cef3859bda1067e23f4f0b74c6578b9834a7385cabf424c760d2'),('modules/field_ui/field_ui.test','922ebb76613b9940ecd5d5ca05e3adc0f7d23eeb14f356a5467cd3188a299428'),('modules/file/tests/file.test','8b82aa78970a8c82519012d5ca78b16f4f72e19353fa61855567880f52935ce9'),('modules/filter/filter.test','10051d177985a2bd0f4709b2d94cb2981e2c072ed999d72baae92684ee74e754'),('modules/help/help.test','ff6d9f5fc415451951c21a07b125ff749a7cefba879c27e14bb42eb621c58f9d'),('modules/image/image.test','8d1df236cad7296e16a2fcf5f427207187473ca999541867b455006916cddafb'),('modules/menu/menu.test','5d584ef0191c39c11dda474a6a8f6223f6bc82cdbc41ee5742c8fe28f300949a'),('modules/node/node.module','d3161d05e377e2f042a81f332d9f1b5a3300718b7778151974c649b5c5f2a9c8'),('modules/node/node.test','2216885d85c08db091896ef9d6bcc9f43da0b31ed9546fcbd9cf3be6cfaeb926'),('modules/path/path.test','0d4deac89b2af20113d0d19e3f084d914ccb0509df68c599e0ed21b75f8c062e'),('modules/profile/profile.test','b27f01124a81d012500b4a7c1b7084819c5124a0718ec0fbc6cacffe4128b831'),('modules/rdf/rdf.test','358e2ae2069a15c6ba828f3428ab979632ece7aa0ba33a6a5bdbc1d065961373'),('modules/search/search.extender.inc','a8c42b2cac7863835f7f632c7fbfd77b6fe936d465b3bbff73b1645a99c0c9d3'),('modules/search/search.test','eb6fce6688d61e912a8b3d7e5f2f40504ddc2d2947b93eced31e3c8aecd4205e'),('modules/shortcut/shortcut.test','615636a5f0b7bedff53b32112d524d00da372986695a30a09258e3a398a2afba'),('modules/system/system.archiver.inc','faa849f3e646a910ab82fd6c8bbf0a4e6b8c60725d7ba81ec0556bd716616cd1'),('modules/system/system.mail.inc','b7ee9ea80059788d8b53823a91db015dfa6c2a66589a6eca6f97b99340e12d6f'),('modules/system/system.queue.inc','4bfc1845db9c888f3df0937a9ff6d783de77880e6301431db9eb2268b9fe572d'),('modules/system/system.tar.inc','743529eab763be74e8169c945e875381fd77d71e336c6d77b7d28e2dfd023a21'),('modules/system/system.test','b82531d7036a1f41c6e2a75510fdd8fd06d33b13bcd0ecae73a2c7bccaab9225'),('modules/system/system.updater.inc','e2eeed65b833a6215f807b113f6fb4cc3cc487e93efcb1402ed87c536d2c9ea6'),('modules/taxonomy/taxonomy.module','24d11b377460fc8ea058e7632a405d72b8088822316f6e8fb8355f8ba194c8b3'),('modules/taxonomy/taxonomy.test','99bffae50e2d8db5bcf0bfe242f6e86a5e9a29b98e4e4bf4ece0214a09cd7737'),('modules/trigger/trigger.test','b837c431835eec912a0e922d871392c3daa97ea42b8beba35f6e0ae7d3747c45'),('modules/update/update.test','248115e2c8a6f75618598d11316961409a743cbbd6799fc92a7dbcb58fc4b86f'),('modules/user/user.module','2719b5348c62dca5b2c8ccb1cd251555febd17a90b0fa1b684f75acdf3f42914'),('modules/user/user.test','9b6cc136d3a267ad039069ac040f9ec33481ef43fd1fb888929750a076302c7c'),('profiles/standard/standard.profile','7237f80e54061c9611c6dc4fcf6225951eedba0704694f4d801673693ba11a05'),('sites/all/modules/addressfield/addressfield.module','1c38c572102660fb7f9ddeba68c6f8e89c52e6fd8a244ad46331680dd0d700de'),('sites/all/modules/addressfield/includes/addressfield_form.inc','a3e641005204a61e998889235b69cf16236561a3aef9ddf8d25fd5498fedc505'),('sites/all/modules/addressfield/includes/addressfield_form_br.inc','69b3618024e43df4b0413baeb0e10db771d9910b111a8a68fa8597f01c542569'),('sites/all/modules/addressfield/includes/addressfield_form_default.inc','7be685756a3358b56ec8e41b334836f20ce6ed02ea1f79e6082e0fbffeaccaac'),('sites/all/modules/addressfield/includes/addressfield_form_gb.inc','63ba2044f8000a1a887a4bc81cd4d586c2431d3202ba8c240604ab32bd2ac6fd'),('sites/all/modules/addressfield/includes/addressfield_form_us.inc','8946fadc6995b3178daec7fc3d47ddc918a2ab8768e5e76ea1a2cb486b51b90d'),('sites/all/modules/advanced_help/advanced_help.install','375b96c8c9ba64a849b3c6233d1fead6f8c789d2044bf126c9ab2b29eb7c7f37'),('sites/all/modules/advanced_help/advanced_help.module','d6f12d33013ff76c258376780aee37e282fc25ee6e6459189ae74ec0295bbff5'),('sites/all/modules/affiliates/affiliates.install','7efa69204b4df63886b6900fd80e2a932a5337898d24ce90dae9d76aef2b931d'),('sites/all/modules/affiliates/affiliates.js','32e2dfff4ce88831621bbb8a2e26a4cf79fb2b1631b79deaa90fe145960038d2'),('sites/all/modules/affiliates/affiliates.module','bc17519b784a611f535c57bebb7859a8d021600e1467b00bb749cc2af0d1c8b6'),('sites/all/modules/calendar/calendar.install','f458920cd0be0ba10d2cb66170ca09f259e26db356131c0965d89e5d6ec75c63'),('sites/all/modules/calendar/calendar.module','dc69ee0dcbf4b657f1be4ce58b76a7bf0690c955950cc6ec9e4400bc6b76a61a'),('sites/all/modules/calendar/calendar_ical/calendar-view-ical.tpl.php','79aba9a5158f2f261b135e37e9e1b8acde8b200c2afa60f2d8948706f93452fa'),('sites/all/modules/calendar/calendar_ical/calendar_ical.install','e1af56d32e33ee9315b3ac2922782aa23f14be59877e81144db254d4ec4a292d'),('sites/all/modules/calendar/calendar_ical/calendar_ical.module','971613057e813638ccac5cb236d112f41226636ad6c6322e917bc0b6bfb58a8d'),('sites/all/modules/calendar/calendar_ical/calendar_ical.views.inc','bc1ebde01120e09cd9b3f48695a2c9f1d1f57c917c41f01d7ec1a801f76c060b'),('sites/all/modules/calendar/calendar_ical/calendar_ical_admin.inc','ad957e69bfc418963416a6f3bd9f08873f04ea432d152853dabc111c35009017'),('sites/all/modules/calendar/calendar_ical/calendar_plugin_display_ical.inc','04ae5352c998ad66343863bf6a87277bba90f2c1e5fed5d1cb42e1740c8c9f5d'),('sites/all/modules/calendar/calendar_ical/calendar_plugin_style_ical.inc','aa11cfcd9248f4997b9ceb84a6222ac3428ad33cdf009e9a528a35ffff17a7e8'),('sites/all/modules/calendar/calendar_ical/theme.inc','3a450de75b350a66389e84d32f67d106d8df0af710fc56cda708684faefe38ae'),('sites/all/modules/calendar/calendar_multiday/calendar_multiday.install','8cc8d6cc152af79dca0fcb5d45ec533d011cf1afee635841aa97ffbe0ef35cf2'),('sites/all/modules/calendar/calendar_multiday/calendar_multiday.module','75a15fdefe3047dbeec29b041cd60ad5dce0e6f74a7847cb2a31b11d9aa835ad'),('sites/all/modules/calendar/calendar_multiday/includes/calendar.inc','e3f5da4ad578a6286c68ed512d7543d24cd59b52446182d8ef60d082dd05fb31'),('sites/all/modules/calendar/calendar_multiday/theme/calendar-datebox.tpl.php','f4ab4e00a4d4f3af5b6f599ad64f2a36ee75b1799c390522b4d9b02510f1eb4f'),('sites/all/modules/calendar/calendar_multiday/theme/calendar-day-node.tpl.php','204b0ccdd2865c46c8c11c4a2755abf555217b012a834b95bae618ec9246457f'),('sites/all/modules/calendar/calendar_multiday/theme/calendar-day-overlap.tpl.php','75923abe750de23fe10fec4e06281749057d130f41647ac44f23af3a80a140ae'),('sites/all/modules/calendar/calendar_multiday/theme/calendar-day.tpl.php','50fcc7fa59b23d280d39d83f1e028f9424cb876b21a846845f6285090b0ee2f4'),('sites/all/modules/calendar/calendar_multiday/theme/calendar-main.tpl.php','1c2a78b23cebf199fb1fce3fd3b336f44bc1d0a318aa49ef814138199aaa32e6'),('sites/all/modules/calendar/calendar_multiday/theme/calendar-month-col.tpl.php','319fb57352f0ce7615493c3ba771c7a208b8be3cc3bffe6df0c4cefb35a5ff23'),('sites/all/modules/calendar/calendar_multiday/theme/calendar-month-multiple-node.tpl.php','f845b612d475652648e88956b6dd4578f7a8a16b80295a9fe823e8a2bd55d0a2'),('sites/all/modules/calendar/calendar_multiday/theme/calendar-month-node.tpl.php','6db117d755d2dd8a041f196aeeb1478920be39f2b9dec72ce45ee1d51572b0bd'),('sites/all/modules/calendar/calendar_multiday/theme/calendar-month-row.tpl.php','43d5e6ed558597a6f1f3c0fc9633838b98f4cf9283be3f9d3159e69ddf858fe4'),('sites/all/modules/calendar/calendar_multiday/theme/calendar-month.tpl.php','835546ac008e48f06779f5e5884e9c474c09be51c773479f20b66c7c3a311d00'),('sites/all/modules/calendar/calendar_multiday/theme/calendar-week-multiple-node.tpl.php','de713aff2dd544ac761a5ac719a64888441e2f58c731f0e01575fd835e60906a'),('sites/all/modules/calendar/calendar_multiday/theme/calendar-week-node.tpl.php','dbf6fe75414f37303fa3da6ed8aef725abcee6a664e02dee78b24ab9b6774351'),('sites/all/modules/calendar/calendar_multiday/theme/calendar-week-overlap.tpl.php','0a6539dce1a382446199bffbd199061eae5d19b51b993e0f846776dc95ee7ae5'),('sites/all/modules/calendar/calendar_multiday/theme/calendar-week.tpl.php','f6c28e75784248f9c36b0ad5462c2acb9e6667b056c83c80471638664c1dba8b'),('sites/all/modules/calendar/calendar_multiday/theme/calendar-year.tpl.php','fe20010526b7467fa02033373f8f22f947813a207e082b292525c41ee5d6269a'),('sites/all/modules/calendar/includes/calendar.inc','a82d372776cdc7caa1103a8a4f39d557e1b0d60fdd35a05f05f1d16adfbfedb9'),('sites/all/modules/calendar/includes/calendar.views.inc','1375b62ecb3aee2281a8397396823be88672e9937679e86ec9a987c0f40cba4f'),('sites/all/modules/calendar/includes/calendar.views_default.inc','9a1ede824c0eb00a523d58ffe02eae25b7ae409ab038ef6f15da91b9490710f9'),('sites/all/modules/calendar/includes/calendar_plugin_display_attachment.inc','c728a72c6a028f0c1b752a6770727e8b4abf10e5365d126efaf7bf93cc2d84d5'),('sites/all/modules/calendar/includes/calendar_plugin_display_block.inc','6ba9f1ac1ed455f9d240a4ff7c9ffc803b0bc0e27f8fd3e4410515d9d4fc7d44'),('sites/all/modules/calendar/includes/calendar_plugin_display_page.inc','2d965ca97cd5c840b334e9af6f1e427f7d21797b909bb02da613b26f1481931f'),('sites/all/modules/calendar/includes/calendar_plugin_style.inc','0a28b08b7e652eb902ca4548ae5e487cabab847559edff5399c57f9323a95694'),('sites/all/modules/calendar/includes/calendar_view_plugin_style.inc','f526074c719fdc026ad476220bc481029a04ec8cc0e48dacd99a5458e8631821'),('sites/all/modules/calendar/theme/calendar-datebox.tpl.php','f4ab4e00a4d4f3af5b6f599ad64f2a36ee75b1799c390522b4d9b02510f1eb4f'),('sites/all/modules/calendar/theme/calendar-day-node.tpl.php','7113af42b9c4715c7b8c4beea149623ed5669cf7651bed369d1fe5715da90d88'),('sites/all/modules/calendar/theme/calendar-day.tpl.php','99bf11061bb17eba825f336fe8f9a42005db72c04dc7b83d07dbb112a3008de1'),('sites/all/modules/calendar/theme/calendar-main.tpl.php','f43ffe29ba6c3d451bcfcbd102f5579245fc28f6ac5fefd56d3b3950b36d567d'),('sites/all/modules/calendar/theme/calendar-month-multiple-node.tpl.php','16c58a39d0553c27319963d5e09de0e76112d394d7ec9177fc83d19622e6ac7a'),('sites/all/modules/calendar/theme/calendar-month-node.tpl.php','ac18183dee6fa0a2e774613b2be20fffed2a12b9e5ff291516912b92436ce997'),('sites/all/modules/calendar/theme/calendar-month.tpl.php','632f9881b742aa35b65e78b05ef48c3f85917c61ccd4ad97df70f6539d330304'),('sites/all/modules/calendar/theme/calendar-week-multiple-node.tpl.php','f2de54343c1683babbbf842d3f25dcae40771b2bc37e675c8a77176628f3dc97'),('sites/all/modules/calendar/theme/calendar-week-node.tpl.php','b1dc6a60fefc7460b9f6a7c33af49881904792d5390ac3ac40e73db672488126'),('sites/all/modules/calendar/theme/calendar-week.tpl.php','e8dce50d2cd4dd853804aa0021c4f454309d0483b56513ec72bcb9a71039fee9'),('sites/all/modules/calendar/theme/calendar-year.tpl.php','fe20010526b7467fa02033373f8f22f947813a207e082b292525c41ee5d6269a'),('sites/all/modules/commerce/modules/cart/includes/views/handlers/commerce_cart_handler_field_add_to_cart_form.inc','ed3ed29236d13263a5bce39512157ef45d0bbbf0220cf4807bbc62b22794caaa'),('sites/all/modules/commerce/modules/cart/tests/commerce_cart.test','948b602c01cd6f78d2e5371d38cb273bb721538091a102024235724a1c6e20bb'),('sites/all/modules/commerce/modules/checkout/tests/commerce_checkout.test','67c96ac459d6650fe293ae9ff6d419d5ec8d88dbc427a31dba3c36558575e8c6'),('sites/all/modules/commerce/modules/customer/commerce_customer_ui.module','2d4a5e8151348fceebb5aa9f7affd94f3fbf9bdf039adc0db4f1dee490846239'),('sites/all/modules/commerce/modules/customer/includes/commerce_customer_profile.controller.inc','79864a9ecab2cc93a7e2ac0731a96e26f96c2a574ab3c1d8c0fe54f82232f8d4'),('sites/all/modules/commerce/modules/customer/includes/commerce_customer_ui.profiles.inc','25cbe3f7528c2712fe43c8b010a2487b3e92b93a4c9ab7808c49046a8bfe57b6'),('sites/all/modules/commerce/modules/customer/includes/commerce_customer_ui.profile_types.inc','18016e44a2e3f300583d81346c96e5661b995bd4ec45e6b8b80e8269fca34b09'),('sites/all/modules/commerce/modules/customer/includes/views/commerce_customer_ui.views_default.inc','46c35c690b91b511b3a2e4498d81557b1b09023aeffb1d58125ecdd8157682a6'),('sites/all/modules/commerce/modules/customer/includes/views/handlers/commerce_customer_handler_field_customer_profile.inc','ebe35f7320b8dd6bd46c1aba843111af38c0aa9263c02b768daa66d720bd6070'),('sites/all/modules/commerce/modules/customer/includes/views/handlers/commerce_customer_handler_field_customer_profile_link.inc','532d0b95202ac3f91dc501f87683dadb25e20d6461f3862582d5884b89484156'),('sites/all/modules/commerce/modules/customer/includes/views/handlers/commerce_customer_handler_field_customer_profile_link_delete.inc','8a9fa43b21557f1e1b56cbaaac906f2de0d9596d1afc76fb33a2007e910572dc'),('sites/all/modules/commerce/modules/customer/includes/views/handlers/commerce_customer_handler_field_customer_profile_link_edit.inc','ccc7610e3c39af5c89525875efe48321144f9a1cb592f59be9adbf54b2b84166'),('sites/all/modules/commerce/modules/customer/includes/views/handlers/commerce_customer_handler_field_customer_profile_type.inc','1a1ef9884022fd085d749e7f20b5dcb9bd50b6db2a69462de4be0402674fbbd2'),('sites/all/modules/commerce/modules/customer/includes/views/handlers/commerce_customer_handler_filter_customer_profile_type.inc','d73fe733e087e5a5dd0f44724c0c6e8752f8fbf09e8aa7a4bf33660ce7e346bb'),('sites/all/modules/commerce/modules/customer/tests/commerce_customer_ui.test','32477f2645c0b7822fa804e531fe4fc6edbb845136f4984508aaa42e009d0e34'),('sites/all/modules/commerce/modules/line_item/includes/commerce_line_item.controller.inc','0c63d79c2c303a1a97cb66e139ad46b1aa3052120ee76812d5a3967aaa375b63'),('sites/all/modules/commerce/modules/line_item/includes/views/handlers/commerce_line_item_handler_area_line_item_actions.inc','3bd3ae87993761afbf371e6f1125a35d7b58c14a0d3baa9f5602513cfe1a2378'),('sites/all/modules/commerce/modules/line_item/includes/views/handlers/commerce_line_item_handler_area_line_item_summary.inc','c844bf7e81a1742c338f26021d6040b7ea685370ed7f558fa52ccef96a76bcad'),('sites/all/modules/commerce/modules/line_item/includes/views/handlers/commerce_line_item_handler_argument_line_item_line_item_id.inc','81480b49818b241ce78cfb6c077cce289494c237c021664f190f1d8c9ba7800e'),('sites/all/modules/commerce/modules/line_item/includes/views/handlers/commerce_line_item_handler_field_edit.inc','52f85de83b971f8a95ddf35578fdcc5f2f8c639ede6c7403862d567247585f8f'),('sites/all/modules/commerce/modules/line_item/includes/views/handlers/commerce_line_item_handler_field_edit_delete.inc','4247a41887b5eca44b59269c9ade3b39d1b5f928275f243ab65c6af96f5f2c25'),('sites/all/modules/commerce/modules/line_item/includes/views/handlers/commerce_line_item_handler_field_edit_quantity.inc','67f75cefeac9c6445b4ab733efdb22c1533828dfff09dcba0f192a749d058060'),('sites/all/modules/commerce/modules/line_item/includes/views/handlers/commerce_line_item_handler_field_line_item_title.inc','3822e632c5ea542f71227060d76debdb9097ad369e74fa3a2e89d077f3a22e02'),('sites/all/modules/commerce/modules/line_item/includes/views/handlers/commerce_line_item_handler_field_line_item_type.inc','cb2db3c3349cb740f5c77272a56cd6be31d54e36f3482af8ebc1278aa375141b'),('sites/all/modules/commerce/modules/line_item/includes/views/handlers/commerce_line_item_handler_filter_line_item_type.inc','659256427a611b407a22c9a2c2f3e8c78b467303ec95841a82c8afcc8c8a727a'),('sites/all/modules/commerce/modules/order/includes/commerce_order.controller.inc','194bd3262af1693b89dd0fbfda85c265be4a25f003fb4103b50e78bf0f5e8279'),('sites/all/modules/commerce/modules/order/includes/views/commerce_order.views.inc','fec17b291765720ec784332d9642dd08ba9bd9b6b194a281fc8504fa0c08d4ff'),('sites/all/modules/commerce/modules/order/includes/views/handlers/commerce_order_handler_area_order_total.inc','acffb2502c53d2a9dd8eacfc5293fde1fd1eb1e26e56c776c1ddd03363950353'),('sites/all/modules/commerce/modules/order/includes/views/handlers/commerce_order_handler_argument_order_order_id.inc','cb6ac659e98422f86972b44565128fe6f0d365601443e7e36828a520222cf688'),('sites/all/modules/commerce/modules/order/includes/views/handlers/commerce_order_handler_field_order.inc','a977f8e47c334e07d31a4c0a18cd04e1e0f56f6821709f5e8e71eec995c38f02'),('sites/all/modules/commerce/modules/order/includes/views/handlers/commerce_order_handler_field_order_link.inc','0d8b298a1b45541f0a7553ff5c7309046200b071a6f7f5596693541c7a719db3'),('sites/all/modules/commerce/modules/order/includes/views/handlers/commerce_order_handler_field_order_link_delete.inc','ac8c6e28ad912154893d8e24b6a6d7e1256d0df43f6a5bb849ff839f73821fbf'),('sites/all/modules/commerce/modules/order/includes/views/handlers/commerce_order_handler_field_order_link_edit.inc','691ffbd21c9519cb642a9e366b1a4bb1ebdace5f666559d833fb07ab5f079e21'),('sites/all/modules/commerce/modules/order/includes/views/handlers/commerce_order_handler_field_order_operations.inc','8b4a0262fe12206f3c5e6035d610374b7ceb1c2934a924e82e01729d16397131'),('sites/all/modules/commerce/modules/order/includes/views/handlers/commerce_order_handler_field_order_state.inc','bcbec60e2fb92fb75dae0bbbbe819e801840cbb3de63ef2a1f9535c725bc1623'),('sites/all/modules/commerce/modules/order/includes/views/handlers/commerce_order_handler_field_order_status.inc','4a25a59b07cfe43385f985cd616411f6c2ad29fa38527d9880f54a8fd559e016'),('sites/all/modules/commerce/modules/order/includes/views/handlers/commerce_order_handler_field_order_type.inc','71e9aa4c5dfcb42eff64f7b8a3232527fc006305e91b72756bb6e439d452153e'),('sites/all/modules/commerce/modules/order/includes/views/handlers/commerce_order_handler_filter_order_state.inc','a719a0fd34c099b3eec20c1e5a5ed72acc7119dc9162d3ab6ae90af39de0de9d'),('sites/all/modules/commerce/modules/order/includes/views/handlers/commerce_order_handler_filter_order_status.inc','89f35efd9a398c1b031806e5a67f9cb93ae4c0ffeac9ff308c70d71ba3854a95'),('sites/all/modules/commerce/modules/order/includes/views/handlers/commerce_order_handler_filter_order_type.inc','d8436f1591e9fd62bb0aa1fcc3129fd01268fe0a3c7af3cd0a2342e4d3408636'),('sites/all/modules/commerce/modules/order/includes/views/handlers/commerce_order_plugin_argument_validate_user.inc','cc347899247cdfcb6f6450dab903282c1c33f498190189a2bb3539cde29e42ca'),('sites/all/modules/commerce/modules/order/tests/commerce_order_ui.test','09c9c1701ec437c1019e30d3e100ade20f5974b1ade17f82af2de91f12b0d2af'),('sites/all/modules/commerce/modules/payment/commerce_payment.rules.inc','a7b5aa0e6fb3b9fd5e2a7bd66cac8addfad1e5257057e94459ad7f1ee02e00a5'),('sites/all/modules/commerce/modules/payment/includes/commerce_payment_transaction.controller.inc','7d680b3c08ddcfd22cd23093f008eccae115dd690ff348e855527e2937a6516e'),('sites/all/modules/commerce/modules/payment/includes/views/handlers/commerce_payment_handler_area_totals.inc','f0991a1b4083b5f702fca3f62a597022e49185dec9ad2b4d098af00d78c3c0ec'),('sites/all/modules/commerce/modules/payment/includes/views/handlers/commerce_payment_handler_field_amount.inc','a18a2778cbf229df646e5693afed44b4da3fcdfdb52ab50a3718dcce55e6654e'),('sites/all/modules/commerce/modules/payment/includes/views/handlers/commerce_payment_handler_field_balance.inc','d850fbadc14194d4fac13e5ee201b6501f12ccc848f333eab5ca53f748fba2b6'),('sites/all/modules/commerce/modules/payment/includes/views/handlers/commerce_payment_handler_field_currency_code.inc','6154926f646d9fe3172340d41a62672a0e26611da0872d42b4a82b6cb1486879'),('sites/all/modules/commerce/modules/payment/includes/views/handlers/commerce_payment_handler_field_message.inc','9855e47621475e512cd54baea47a376e5eb4e4b4e42c279f395c2c2f1aab2903'),('sites/all/modules/commerce/modules/payment/includes/views/handlers/commerce_payment_handler_field_payment_method.inc','7830d0a872772062a13a011cf6d426080bccbbc52ef4b7d8f8e9fff57934f2c7'),('sites/all/modules/commerce/modules/payment/includes/views/handlers/commerce_payment_handler_field_payment_transaction_link.inc','ef3c32f9836535e18a674bbbad030685a4b81ea08d34547a2055c04dba888090'),('sites/all/modules/commerce/modules/payment/includes/views/handlers/commerce_payment_handler_field_payment_transaction_link_delete.inc','6f9178a98c0246af08b09fca83dc54947587e8a9c81d6dd7671935cce79192db'),('sites/all/modules/commerce/modules/payment/includes/views/handlers/commerce_payment_handler_field_payment_transaction_operations.inc','bd368688e8d07d538276afa623510a5a6502e8a03070acbdcaff7e637077d992'),('sites/all/modules/commerce/modules/payment/includes/views/handlers/commerce_payment_handler_field_status.inc','b746d6dbf127ff715b0e47b3d0c167745f1baad8057b878d4969ea24a016c171'),('sites/all/modules/commerce/modules/payment/includes/views/handlers/commerce_payment_handler_filter_currency_code.inc','f0bc3d1da8a2396aa06c01ebfb1d620066a173ffc3bb8565655201d0a1d3ba25'),('sites/all/modules/commerce/modules/payment/includes/views/handlers/commerce_payment_handler_filter_payment_method.inc','ca86dba0891054cc2c172ee862341dbd92577187df28c6634c547f9114037199'),('sites/all/modules/commerce/modules/payment/includes/views/handlers/commerce_payment_handler_filter_payment_transaction_status.inc','1d7b8959c12c22c909930bff6e90ad5f55db95ed04b258d08f7ebc9d157760e9'),('sites/all/modules/commerce/modules/payment/modules/commerce_payment_example.module','fcf20c0cb7f58cbe9a51972ba0a3e462f8921fa1920f3f18933a9a8d4c398b5e'),('sites/all/modules/commerce/modules/payment/tests/commerce_payment_ui.test','b1dabd5d2a2186dae146b0a549dd0ddc52a4130951ed2a03b7420dbb4273e660'),('sites/all/modules/commerce/modules/price/commerce_price.rules.inc','b66ca86915b6a77bf89c6aa80cb0f159e11216cdce5bf8eeeca40484e8fc7cbd'),('sites/all/modules/commerce/modules/product/includes/commerce_product.controller.inc','8e4976293a0c6d4d9b0a7d634c9e9c205ed69c6e60577c05348edf7c00ccb606'),('sites/all/modules/commerce/modules/product/includes/commerce_product.translation_handler.inc','92ee9b2e552aece931608133289dfbb222f15380998a1520a22eb1c5f3f168c7'),('sites/all/modules/commerce/modules/product/includes/views/handlers/commerce_product_handler_argument_product_id.inc','651774675d1cb476411fc0bc44949d40bb4fca2760089de187363a5171ae4445'),('sites/all/modules/commerce/modules/product/includes/views/handlers/commerce_product_handler_field_product.inc','24d037ac9a5ceb9170646770c62f030f5e55ca8b7c1272ad8c6b55539618a526'),('sites/all/modules/commerce/modules/product/includes/views/handlers/commerce_product_handler_field_product_link.inc','ee3a40bc879eebfba39543bf62cf34b8d408168b9399dd087bcd628f1d5f31ed'),('sites/all/modules/commerce/modules/product/includes/views/handlers/commerce_product_handler_field_product_link_delete.inc','4d4877469c84cdeb775b06ad09977efd91d745d6c161753d72bd155dda851529'),('sites/all/modules/commerce/modules/product/includes/views/handlers/commerce_product_handler_field_product_link_edit.inc','00c8d31f31ce028dbd1a527c7f4c13daae48d0636d30b741842c4dc3829f90e9'),('sites/all/modules/commerce/modules/product/includes/views/handlers/commerce_product_handler_field_product_operations.inc','7d91ffdbe3eee8a0e6694b42dccaa0e99c569d073fb841e1ab475f3995441b59'),('sites/all/modules/commerce/modules/product/includes/views/handlers/commerce_product_handler_field_product_type.inc','4c915fe3ffc15bf616a1d92ff76d07303214c100f7080fd2ebf1f1a2c3796d6d'),('sites/all/modules/commerce/modules/product/includes/views/handlers/commerce_product_handler_filter_product_type.inc','1ea0f4a8efe1def76619e3d2e576e176330ee61b9eea86775150c646842bb754'),('sites/all/modules/commerce/modules/product/tests/commerce_product.test','ee28cfdcfd4b960497d75f6bc708c11f350433dba07c416fc4b6ff0ab5772ad3'),('sites/all/modules/commerce/modules/product/tests/commerce_product_ui.test','8dcd6f5b2faf85ed81390f9e325dd6f6b0cdd576b416b48c817eb4dd1af72340'),('sites/all/modules/commerce/modules/product_reference/tests/commerce_product_reference.test','0ec813a84a6945511903fad5906fd665063c672de74053cd4c6d68498ba5d865'),('sites/all/modules/commerce/modules/tax/tests/commerce_tax_ui.test','b5923d058cbe925c8ea25cd1ef3d8563ccaa374e782eeeec9fcd998393941ee9'),('sites/all/modules/commerce/tests/commerce.test','28905ccd8b6cc44dc0ece29b53546aaf9e638981997e4235a8d3a319d10cc9f5'),('sites/all/modules/commerce/tests/commerce_base.test','0f3bee4ce7ee01a3cd9ae318f634e797e407b9614c5ddf0e2e75c76758b2be84'),('sites/all/modules/commerce_coupon/classes/commerce_coupon.inc','6356517020d8fe1636db8affa4037f09a69604f03ffac7583f28aeb27ac1743d'),('sites/all/modules/commerce_coupon/classes/commerce_coupon_log.inc','3411c058f27caa7305d1a5461fe4967191ca9eeac675482a74fb2fc13ee68992'),('sites/all/modules/commerce_coupon/classes/commerce_coupon_type.inc','c36744332a4dcbb271cc40582b228d8fc70e57da32904dd35ec8dbdb7d2242b7'),('sites/all/modules/commerce_coupon/commerce_coupon.module','d0e2733c3b66a9029abcd3e5c85c5b203b7a46d59bdf7e2d74615f488a2c61d1'),('sites/all/modules/commerce_coupon/includes/commerce_coupon_ui.forms.inc','940b47f3f56c4ee10c32178b8e80e0264bdfb68461a5fe65008f03f7bd24e660'),('sites/all/modules/commerce_coupon/includes/views/handlers/commerce_coupon_handler_field_coupon_operations.inc','d8e706dcfed7f935c170c8d0aac4bac11387815d4fbfcf0e4a2ab8aea02e3be8'),('sites/all/modules/commerce_coupon/modules/basic/commerce_coupon_basic.module','37b9e9324d31be000528539a30ca45fb276d372cbc9c3bd80e6dfe0b5788bb64'),('sites/all/modules/commerce_coupon/modules/batch/commerce_coupon_batch.module','d2ea08f524f04f486bec51db61df0199146b037eeb61803fd38e6aef7325f5a9'),('sites/all/modules/commerce_extra_panes/commerce_extra_panes.install','d6276acc2f7e1f23057edcb0103cc2f35825d61f105d8e4ba79e220ad15fc15c'),('sites/all/modules/commerce_extra_panes/commerce_extra_panes.module','46939ce51fab32f1bc803df4508f7907daa61c3fbd4fc088ca1027972dcf5d6d'),('sites/all/modules/commerce_extra_panes/includes/commerce_extra_panes.admin.inc','e6fb65b6d4b0c1a4a66f5359a443ce0b36b53cdb3836a98436509d1486767d7e'),('sites/all/modules/commerce_extra_panes/includes/commerce_extra_panes.checkout_pane.inc','98542ec5765a227702cc4e7268bb170321036bc6bf109b7483a15c953e9bd62d'),('sites/all/modules/commerce_extra_panes/modules/commerce_extra_panes_termsofservice/commerce_extra_panes_termsofservice.install','ace1fe60746cdea7396311ab60cda344229553b32fcb1fcc33f6e86642bbc510'),('sites/all/modules/commerce_extra_panes/modules/commerce_extra_panes_termsofservice/commerce_extra_panes_termsofservice.module','3ab1762db06a3626389f9c7023a8e320d0868393bf139c942958ed77ddb92c17'),('sites/all/modules/commerce_fieldgroup_panes/commerce_fieldgroup_panes.module','756d995688f976743f794ce093b2b59b946686dba03fa90b3aed3d22d1d3b4ac'),('sites/all/modules/commerce_paypal/commerce_paypal.module','9b65d482e1912da5f78fc944b6c7b5e5e730720fe96c37d1abb094f7a4d277ca'),('sites/all/modules/commerce_paypal/modules/wps/commerce_paypal_wps.module','1b4573feb6cbed8e99de0430e5e595520e16cf6ba68a752f86f8fb74218fe66c'),('sites/all/modules/commerce_product_attributes/includes/views/handlers/commerce_product_attributes_handler_field_attributes.inc','985ae2145cb6afa42a0d82785927d67a38360260743b959e74d74c3e0680c7d4'),('sites/all/modules/commerce_product_bundle/commerce_product_bundle.rules.inc','2d1ee5bd13c59660bfc6252cef17e72c0173a3310b49797d6bdaa97b059c3c8c'),('sites/all/modules/commerce_product_bundle/commerce_product_bundle.rules_defaults.inc','bbc988f3a27d572432993b2632e99e636575a52a717b7007790b3eb7c9f7ddd3'),('sites/all/modules/commerce_shipping/commerce_shipping.module','b5fe9b60a233c56958e25b8416c3a854d8ca5db8ee42ed8ed04f37a0dcd5f84a'),('sites/all/modules/commerce_shipping/commerce_shipping.rules.inc','df95108dad3aa5950a0f30940329985babc9ac4e36d223c397838024ca34002b'),('sites/all/modules/commerce_shipping/commerce_shipping.rules_defaults.inc','38b091af8387cbfc8486fcf237dfe7bbe80b9b61e68f62be3dafe5f04a14cc26'),('sites/all/modules/commerce_shipping/commerce_shipping_ui.module','3444a03a3e42a593243e5b1e6a01c4019867774898183a53a2e748101a328683'),('sites/all/modules/commerce_shipping/modules/commerce_shipping_example.module','56104dab8af27ed9abf9bcb806c24dd6ee750ec06a1ba41f2c8cf10caeef3a8d'),('sites/all/modules/contact_forms/contact_forms.install','ad8013f564bf9d7a59c384af0006831b2e7b34b0812aa242b56784420ac84e33'),('sites/all/modules/contact_forms/contact_forms.module','13f295029e039b315a9c49f6bccbf8fbb06377a3e057ee2065b14a981c96ce25'),('sites/all/modules/ctools/ctools_access_ruleset/plugins/export_ui/ctools_access_ruleset_ui.class.php','c5cbf9e68e1a813ba59c7ae93360d4d1902178d27cf0edcbdbdbcb6f9d3a2753'),('sites/all/modules/ctools/ctools_custom_content/plugins/export_ui/ctools_custom_content_ui.class.php','914898c9caa98e2936ba2c04760e3b529071bf7f8cdc7786de5db7f9baf005dc'),('sites/all/modules/ctools/includes/context.inc','1fea8bd479e653096ddc1674225911a8169b272d332d6a038dd7421c4cd5726e'),('sites/all/modules/ctools/includes/math-expr.inc','dd0d589f665320101f6f2ba858a57017091d76654d14c8d49f192ee7941c5180'),('sites/all/modules/ctools/includes/stylizer.inc','1632f3c68f92c79b1200a191680edcadaf34e5b48f3562fa494b2e983f255ec7'),('sites/all/modules/ctools/plugins/export_ui/ctools_export_ui.class.php','4d9aee3f48482b740df32d73e11934d48dde7bc1e88e95137a97b3bd82e8fbf3'),('sites/all/modules/ctools/stylizer/plugins/export_ui/stylizer_ui.class.php','a59daf0b749aa681c31c117a7d72f023c83a5b9de91690c13b9614ac0e7ea769'),('sites/all/modules/ctools/views_content/plugins/views/views_content_plugin_display_ctools_context.inc','a412af483070c1c29cff0b404baea71d53424941841cd2a5ff9d9cfc21049102'),('sites/all/modules/ctools/views_content/plugins/views/views_content_plugin_display_panel_pane.inc','078eed0c60917efb05f17ae4e0b07adf8ca2abf15c729473683aaffebb24e8f9'),('sites/all/modules/ctools/views_content/plugins/views/views_content_plugin_style_ctools_context.inc','da2f1915a9ac1c3365b865cd28736b8c07279d416a12bbda0768773d2c59c33c'),('sites/all/modules/date/date.install','47e9f142315fcb616064fb5ee24998ab9bd7ea03926b3e182b6cc95225d03ea5'),('sites/all/modules/date/date.module','6a821fe0056d7917d6bfddb1973bf0e6a6abdf9fc1863c49a0da562581823762'),('sites/all/modules/date/date.theme','02b2ec0f6445233fdda8f7e4465a806fb7a33e2e595a192f6e83e895ebbd7e81'),('sites/all/modules/date/date.tokens.inc','0f8d1947640ac7951fe0dd7692dbc4b461e1d7d9806280fdf597e38c4453812f'),('sites/all/modules/date/date_admin.inc','740fea6ae5dd222b117e7de08a26a5b15df6b58effbc32f29216936e25257b73'),('sites/all/modules/date/date_api/date_api.admin.inc','3bcc991ecfe12fb848c3010d184a44082dcdf90c4624ff2314a1c858e898fa09'),('sites/all/modules/date/date_api/date_api.install','3fecd48d3df9629fa610f96ce558691a1ff6a6fc60279e75e95360dbdd042e6d'),('sites/all/modules/date/date_api/date_api.module','fa6d20b7733ea6cfb0b93b550484d90ed4f6e2fa2a05b74e53bea713f5ac54e2'),('sites/all/modules/date/date_api/date_api_elements.inc','93c8623dd946a201ce0a8e33635a1126c8a4d514eff587c6c98d1fdcf89bad4c'),('sites/all/modules/date/date_api/date_api_ical.inc','1930b53e1532900d23a9add5dd38f44ec545c5048aa2ad58bd9f109c14a9a48b'),('sites/all/modules/date/date_api/date_api_sql.inc','f1caba215e4b184594c3fcfa896823efb3e90cf01ed2e229edb437259f6dd1cf'),('sites/all/modules/date/date_api/theme/theme.inc','e1420138d934fc1519c1f9628b4c11b68f6e4ed457e63afba20506d390f9d810'),('sites/all/modules/date/date_elements.inc','23426d7edaf62cc3962e9c28f74913cf45c70e939214e9a5ccfe017ea0f5bd41'),('sites/all/modules/date/date_popup/date_popup.install','390a76b2e19edd142034281aa1c38fce02ce0b7911173531060084e4a5cead67'),('sites/all/modules/date/date_popup/date_popup.js','c95ab19b02c78f80c5d686fb615aab93b6467399bb7fc03e7d51186e5fcf6ce3'),('sites/all/modules/date/date_popup/date_popup.module','51b4049a76869fe5678586235d030cb70af69dd3a737689b1c2731346e14c49c'),('sites/all/modules/date/date_repeat.inc','bc61e894d60ac046af231ab1d67650ba5bd817cd6f09733b8bbc72c3ca91d60a'),('sites/all/modules/date/date_tools/date_tools.module','a7567117337cc69a26b171bc5a5a9ea71536338ae8529dc9abd916d86c424853'),('sites/all/modules/date/date_tools/tests/date_tools.test','b9ca1c7eaef8a4c3a9537b997036c5199452329121ad08e9372722c8feeec4c9'),('sites/all/modules/date/date_views/date_views.module','1c0822f2e5c7e8b93c2654e73ac10fb745a097015bded887ed24e23fd9ad871f'),('sites/all/modules/date/date_views/includes/date_handler_field_multiple.inc','f580f95a9f43d83b842e1799fa0eb330ca15ee0910d9e8f881cf6ffd77776766'),('sites/all/modules/date/date_views/includes/date_navigation_plugin_style.inc','940e085c94bf010305899fb19576cbbe5b530dfc2b327d964f6b0ae9b2445b76'),('sites/all/modules/date/date_views/includes/date_plugin_display_attachment.inc','0dbe05051e7d742875494481039c91d2b8a3e97bd3b9139ed47c144ef82978c1'),('sites/all/modules/date/date_views/includes/date_views.views.inc','8b3815d4d2f2c4e17de3e7a9e909e578834d6d420b3ecee97edd2175debb4a05'),('sites/all/modules/date/date_views/includes/date_views.views_default.inc','f90f1ad93d4d05c4a571b917514f0b329c7f8d6e0aca47b6cd45e7324d203b0c'),('sites/all/modules/date/date_views/includes/date_views_argument_handler.inc','08c4328642da4e7af86a9f1f1fa66ee62ccafac8dae133af62e1f7f5cf5c1f91'),('sites/all/modules/date/date_views/includes/date_views_argument_handler_simple.inc','5d803e96309179f3f419e66208b373b028e7d1910b6c5b2bc45dd1377f015409'),('sites/all/modules/date/date_views/includes/date_views_fields.inc','9c0e00d25b158a67c430f0e7e941f269a17da77c8c528ac0e41edd9fe937d3c1'),('sites/all/modules/date/date_views/includes/date_views_filter_handler.inc','a5380f6acaddcf00045054581fb1666304083f4b86e3b40164f08ee1e8d2e265'),('sites/all/modules/date/date_views/includes/date_views_filter_handler_simple.inc','913a4958377c63acdc8f100f8b273af3a809963f096cf267ce652c958313690a'),('sites/all/modules/date/date_views/theme/date-navigation.tpl.php','598e12b2a57b0e1113f84f11c37d0f9f2e22ef728f8e9eab98fd4f0fcaed65b0'),('sites/all/modules/date/date_views/theme/date-valarm.tpl.php','0d0bfcb7230e3f9710c6fd63841cd63a98ff20a8e5c82d1767f842f21eabaac2'),('sites/all/modules/date/date_views/theme/date-vcalendar.tpl.php','8aba2b5260f9507a030f4f14c232173d8c97d70de71fa6030fa8b8a45a2f8ee0'),('sites/all/modules/date/date_views/theme/date-vevent.tpl.php','38c6362c0e220999684d766476107bbdd456ada51c6ef47b2888719d9ed6114a'),('sites/all/modules/date/date_views/theme/date-views-filter-form.tpl.php','ef7ce691716eb0c9a5b69c0170e7a61acf080776696ea3bd2e15a33f82eeb45e'),('sites/all/modules/date/date_views/theme/theme.inc','1989767ad82ca4cb858afac05d41ef3551537c6acfb8f66c8040529d61e88ed4'),('sites/all/modules/date/tests/date.test','5fa35965e380804a6a214e57e0dcdb6b5014ca962a0817fd57c0d361f8c07570'),('sites/all/modules/date/tests/date_api.test','5fe486d94d03d55c346591c8d0729dc3ae25608b8523d3e747afc7ecf751cf4f'),('sites/all/modules/date/tests/date_field.test','1c34b35461a0b02981a1230bf7fc577350f5bb335ff828ebc593ae848461783a'),('sites/all/modules/date/tests/date_validation.test','6e0038ca6d9990b7e836a2fc0e94074f419daf55108eb35469acbe83ca4f99e8'),('sites/all/modules/email/email.install','337e85e5e8132f184d14ee7a42df8c7919a9e91eec768333c7bd4b838567ad94'),('sites/all/modules/email/email.module','d0257f06d962c64e615a7fa24e203976949d24c78c67d1064749c3e2c3ce575d'),('sites/all/modules/entity/entity.features.inc','d230705ff763c097e42d40d80f40208f500a840231cf1dfb31aadef3d3182d7d'),('sites/all/modules/entity/entity.info.inc','06c5ded6144062ff9f5f71b1d46d8c9685a1c46c0fb494918a92e2aec3ad7338'),('sites/all/modules/entity/entity.rules.inc','e058946bb847c30897bf0290cc8c309468af9f8c286ae8a2167824dc3666afb5'),('sites/all/modules/entity/entity.test','d3f04cd4c7b80a74d1a18e98cd05b62eb06d2dfc06ea200d0ae052f1d79a168a'),('sites/all/modules/entity/entity_token.module','0c1ad6fb6f8c430e47a81be6d08180883c5a1ee728ce8b5dd0775713b34fb862'),('sites/all/modules/entity/entity_token.tokens.inc','0cae22dee182086b118798a2db3f93a7b182975f38c944c358ea14f8411ea15e'),('sites/all/modules/entity/includes/entity.controller.inc','89bb8575eb82acecfaba5bb1a9f8ebf433aa7a245c4de85a34a160d358a5def2'),('sites/all/modules/entity/includes/entity.inc','c53c4f6c68d9fe577f5b6615ba59f1f3557729f9c24fc93ae3c0a4f451c9b243'),('sites/all/modules/entity/includes/entity.ui.inc','2f60080d90e756032ea4b0b30850c62dbbceae6c92c53f355bbaa0e14b5ad1e9'),('sites/all/modules/entity/includes/entity.wrapper.inc','3154ee5d970e8ec76a4da47ce79037635e60e251f7ce263a9e07480f5debcffa'),('sites/all/modules/features/tests/features.test','3e02be511611b8ab3e3edc6420a57ba677d3aedcb0c416d08b85546bfb67e9bf'),('sites/all/modules/field_group/field_group.field_ui.inc','7b6c51efbf2d85509a9ac7e757db99b685e56366127d6b5e3d2b25d80e1ad648'),('sites/all/modules/field_group/field_group.install','ab3bf4f8f4da2471c8d0a126e3e48bcbe9269ccfc377f410f139d08db8453042'),('sites/all/modules/field_group/field_group.module','74af00bf7248a780e55ff3d116aa276fd41a36964bb8dbcf178ab303f5c76fb1'),('sites/all/modules/field_group/field_group.test','3d26d8d1408bcf661c07db962ce287bdd5cc513329a8af4d357e7a66fa068244'),('sites/all/modules/ga_tokenizer/class.gaparse.php','3bf4e7389ed8c9567cd1e80fb2ba6c8d73e1e5ed4f9769205caa41899c0a9432'),('sites/all/modules/ga_tokenizer/ga_tokenizer.module','005bf8563d388964f623611d21258abe95f949980b12662570e15a99ef124f13'),('sites/all/modules/media/includes/media.admin.inc','53216ce46c5299a1927278bba5f075ab3f7a072edc20f91c557e038ba233b672'),('sites/all/modules/media/includes/media.theme.inc','33dd5157bf7b5454588d25d97d6f3a8791a70b73fc267e936db188277951a21f'),('sites/all/modules/media/includes/media.types.inc','dcdfa6e01300ae9ce6a2e9f5f5a83185bc423a547a9edf73968a801a43bcc02a'),('sites/all/modules/media/includes/MediaReadOnlyStreamWrapper.inc','54fd6dfd0b6a9dc983c05be492ecb4c053e4cf5de09e716bbb1ea553d734ea38'),('sites/all/modules/media/media.install','484aca8d5a41203cf2f464d2ea9b897d23d8c7d1ad875a42358bdd58d7dc13dc'),('sites/all/modules/media/media.module','70f06dc750cddf49bd60b943527fee2897a9d975ccf07f2735cc949c628ea372'),('sites/all/modules/media/modules/media_internet/media_internet.module','4368d70b1add2bb3ca7c2629abf0e7c4ed810ed4a6a66caad9101ed1ee098578'),('sites/all/modules/media/test/media.entity.test','2bff4719625d56d86dce8699bac44d6500cb49641532845f078c913b8e3b20d4'),('sites/all/modules/media/test/media.types.test','be3aebe815e5727a1cb5cd71d498ea393269bbf707320d2360f926383507bfea'),('sites/all/modules/media_youtube/includes/MediaInternetYouTubeHandler.inc','5efc003deb8b9b31d4574053e5a1cd22fc8266659756b0fb0348ecebb4a38878'),('sites/all/modules/media_youtube/includes/MediaYouTubeStreamWrapper.inc','6b7e0efb2bc431b729dd542615a35ef8d40c2a06b97bf5104059f32d808111de'),('sites/all/modules/media_youtube/includes/MediaYouTubeStyles.inc','4683b5456deb260c1ab46768c7c6e0698f86f69bf36d912941f22e51891c4510'),('sites/all/modules/media_youtube/includes/media_youtube.styles.inc','dd160f9d5d6bae23399e0ae93676241c1244721b5a850b8e77257c9feec93d10'),('sites/all/modules/media_youtube/media_youtube.module','618a409fb3847bc3b3beadd08f0942f914f03ad9c4c48c588d5218f05694dc58'),('sites/all/modules/mimemail/includes/mimemail.admin.inc','22a3c86b381f61af257089fd16b5a0b0fd062ae467c1ef35721e449f4339ca88'),('sites/all/modules/mimemail/includes/mimemail.incoming.inc','8f684ef4b297133c3826de8476d0f948e2dfaa5df7a4f6eb463999df80d98edd'),('sites/all/modules/mimemail/includes/mimemail.mail.inc','1c6e86cfbd8dadd309c7734607149f1b19f372d460841a883b3ea91a049bea7c'),('sites/all/modules/mimemail/mimemail.inc','172035caa9c26f608a42b1cd18268863f7d200d33d098fa0cb884bdefa8e7525'),('sites/all/modules/mimemail/mimemail.install','29a4a2cf125bfba0662dedb74cf85418058937ae38521c2b563c15408de1bd70'),('sites/all/modules/mimemail/mimemail.module','ccb25620aa5e9d555619ff7eabdc0f73638c2b50a7e5470af81f4cce1db2dc9b'),('sites/all/modules/mimemail/mimemail.rules.inc','7934fab6b442f969d42e2cdb3e605dc768174210c5a84b3515f74c56820ffc02'),('sites/all/modules/mimemail/modules/mimemail_action/mimemail_action.module','752b2e1bd38bc62418f8468157b6eaa0b40bea6d897446d80a5a18d6a172ca5e'),('sites/all/modules/mimemail/modules/mimemail_compress/mimemail_compress.inc','d679edc00b1a745c92132c9b762d7feddf34f6082025fba0d03da0f6fae111f6'),('sites/all/modules/mimemail/modules/mimemail_compress/mimemail_compress.install','1c7135c879d8b8a7e9dab652d9f9edb09a57726af1330bead3aab4410fbca9e8'),('sites/all/modules/mimemail/modules/mimemail_compress/mimemail_compress.module','bbd62e898fbd711237345968da4d2dd8f72d2cf12bc1916a4879d915f1fef8ac'),('sites/all/modules/mimemail/theme/mimemail-message.tpl.php','b67818875711fe9ebc759f354e3b8ed0ee49c7fbe8f8842f1ec028be793e8395'),('sites/all/modules/mimemail/theme/mimemail.theme.inc','ff4026875c156fbd02f0afcda7c88ae0c5596635b6916cd144cacf07aac4ba98'),('sites/all/modules/panels/includes/common.inc','7fb4eb928232dacc3741aa00d291ec4ef9675e5190a55a20b234a9e2e7f786b1'),('sites/all/modules/panels/includes/legacy.inc','dc65c1a82f4a063f9cbebbd8a0ceb512a3b41a1ee2603ec8045034412a791aab'),('sites/all/modules/panels/includes/plugins.inc','2d518e1daa29af11dcfb9d7f28ce095b2f9d89885e8a149b532e437ee1605b24'),('sites/all/modules/panels/panels.module','9e5277979bae740430425fe44909a1fee141ac529e3e68403cde271cdbe92002'),('sites/all/modules/panels/panels_ipe/panels_ipe.module','4ab2ddaaf667e83c429d60ca9ae7c9ba377717335fad4d9b06c092cda38e707c'),('sites/all/modules/panels/panels_ipe/plugins/display_renderers/panels_renderer_ipe.class.php','2ad73e670eaee9e01ff2aaace62037dd7da21709453324774aa481f8ad8e79da'),('sites/all/modules/panels/panels_mini/plugins/export_ui/panels_mini_ui.class.php','ffb6435f6defcc3bbcf0e0ebba55b0ef9192e421c920d232ba7680c6ac9f9513'),('sites/all/modules/panels/panels_node/panels_node.module','8018f05a4b9dfe8bbbcdb4efe1af233cda92e4e29cfb182e955e90783174d085'),('sites/all/modules/panels/plugins/display_renderers/panels_renderer_editor.class.php','f98a6a7edd19974474be4f4d28ae7bad97be63ce892d12d588719a0fbe98af78'),('sites/all/modules/panels/plugins/display_renderers/panels_renderer_simple.class.php','f2258456f8db81640c5064bab5a9cd013c3a16bac277d0726ff2c3d40cab653a'),('sites/all/modules/panels/plugins/display_renderers/panels_renderer_standard.class.php','5a44bf1a095e4091f18f47091d6ff62c98277890a46471b1b675a59764b08dd3'),('sites/all/modules/panels/plugins/export_ui/panels_layouts_ui.class.php','0f1d3cd3fc0ba7c4173010dc7aa64fcbcdd0c57a6689e71b2a3b4c7d80570ca6'),('sites/all/modules/panels/plugins/views/panels_views_plugin_row_fields.inc','b67a1c9bd1894ad04c5c8e2a0eb81ff7a69029cd7311012c60ea3e0c0bc99fd8'),('sites/all/modules/rules/includes/rules.core.inc','948399099db0cbde8637487e35b43565106b1b26a0c0ff5d4769d37994582946'),('sites/all/modules/rules/includes/rules.plugins.inc','f48a6207895ebad9b53a067c414a143cb8014357d05cb1ad20881ba59bb325fc'),('sites/all/modules/rules/includes/rules.processor.inc','cd0cb731cf9a66e388a322d1382b73279ab2d7300686f175680da2b39fb0f958'),('sites/all/modules/rules/includes/rules.state.inc','fcb45f3854e9d4b26f4fd4727117705e99a1a198a46277a19f8ef06425243d40'),('sites/all/modules/rules/modules/php.eval.inc','cfc4ef197c6e9b7d29677ab234ee53f5c91ccccde679aa61671ccf3c14843b86'),('sites/all/modules/rules/modules/rules_core.eval.inc','33ab1f10e767d0ee3d211c1009331e1facbe82d4e2cdb071158b5a7bdd18c255'),('sites/all/modules/rules/modules/system.eval.inc','5c4b50bc718ad835e8305f24f8438ad211ae7b25cfff713c7689000410d570c8'),('sites/all/modules/rules/rules.features.inc','c880be74c683ac2187a7b2b67de7246e5ffe7633c2603e667d335e3449702cac'),('sites/all/modules/rules/rules_admin/rules_admin.inc','0831a5ef5d1831c4401ebea8556a0de72b97f6dd519f147ed23d132819a33685'),('sites/all/modules/rules/rules_admin/rules_admin.module','476ddd20d5a87403024051d128106ce3c9c177a16bf385cf04d7402c4e874dd0'),('sites/all/modules/rules/rules_scheduler/includes/rules_scheduler.views.inc','2044c3ba44b79a667e4485ba67e017a6b637affd0b357f0d81332d260b0f68ff'),('sites/all/modules/rules/rules_scheduler/includes/rules_scheduler.views_default.inc','555f7bf0f5ac33491241f5f54879c928e98d284b9aa988fb4aba8ce022a76b81'),('sites/all/modules/rules/rules_scheduler/includes/rules_scheduler_views_filter.inc','7d453cca6d8d0c98410fe533d9a3bf0da3bf3f46b8177a327c483a433466f216'),('sites/all/modules/rules/rules_scheduler/rules_scheduler.admin.inc','1ba6dd44fc4d1317e195df1f3d87ff627e886560cd8ea5d06851281b18a13dbb'),('sites/all/modules/rules/rules_scheduler/rules_scheduler.install','5b6d3fadfb3a7de3be203646c4a6ca5c9a6e508738d793024c677fed8dbc9128'),('sites/all/modules/rules/rules_scheduler/rules_scheduler.module','9ca9b8a74938b462788f081a7ebbd7cfcb6b86242a1948e64086063da1480192'),('sites/all/modules/rules/rules_scheduler/rules_scheduler.rules.inc','bee80b1ef2dd96d674d688f617c11591c549a75d7531b0187504ede2e27f7375'),('sites/all/modules/rules/rules_scheduler/rules_scheduler.test','d95bfa1245ebf59a29088428313c3f78f82a38dffa720292ee96a4a9cb836dee'),('sites/all/modules/rules/tests/rules.test','8974147c1d2dc42ed019e1521025565f769f4a3ba9699086e4269262bdb14a63'),('sites/all/modules/rules/ui/ui.controller.inc','905db1446151db84290d6dda26ff44d1e1c20bd7a6b96b9cb36376d26f2637a4'),('sites/all/modules/rules/ui/ui.core.inc','49810cf46a993952a88bdde70f0e57828021576f224739ed6598acd8e2a91d1a'),('sites/all/modules/rules/ui/ui.data.inc','b6154a4127d7ef7cc9cfe5e54318b542bb12bd2d7477d576dcee7f6593b39413'),('sites/all/modules/rules/ui/ui.plugins.inc','1fc30d619a984b0814a11e5ea8135f83548e0d566ec79e7df67c25da1e4e1267'),('sites/all/modules/site_map/site_map.admin.inc','e323af991b06897de5689a2229b1ed4ee8ed3245556e4bafdf66ea27db48086b'),('sites/all/modules/site_map/site_map.install','c779b1ea672ea2abe0a8e38ff05a735d983ed87391af1009f9d94f2454551e50'),('sites/all/modules/site_map/site_map.module','b514bada26d3b4e079795a8139d14a951dac6b9dfd9b7a9c337cf2c57863eed4'),('sites/all/modules/site_map/site_map.theme.inc','5aa54b41cef9b11001e0b5c449c302a8c7d7d4e9308b472633b462834d59642c'),('sites/all/modules/token/token.install','486b7d3f175a832005a4b39d79f91169732f96f7fa72a4b3f534c001fd5cdd6e'),('sites/all/modules/token/token.module','41054ca781c4cb4c01e9d9f0b24354b85942e048c1441104ab74422cd5ea265a'),('sites/all/modules/token/token.pages.inc','6f0a0b57901dbd4acc646213d955ed3ab9c4c512eb4c3e8340356d05621219f6'),('sites/all/modules/token/token.test','4f07f254f803345999154f7706474537d6a942d6c6e45084ca740eccc4b44c6b'),('sites/all/modules/token/token.tokens.inc','2afd8f2c56ddad6483fe2237934a6e1d01440769ec7445c634e704db2f30939d'),('sites/all/modules/views/handlers/views_handler_area.inc','e96b78c39139c7857a35ae843fb9dcf7bcbc5355ed2bad2a2541491c8601f8c4'),('sites/all/modules/views/handlers/views_handler_area_text.inc','96e871ec42eaad27dc44b31ea35c4ea515ff4cf2e533344f4b7a23522bb39b05'),('sites/all/modules/views/handlers/views_handler_area_view.inc','401f8c8dbb7c158dcd1a4b7e4691c2f4bd97756f99d6bafd943321bdf279d97f'),('sites/all/modules/views/handlers/views_handler_argument.inc','c0fe96b4c2947b537f852305a167a2452dcadfb4b35e659f23021ad7c815f4cc'),('sites/all/modules/views/handlers/views_handler_argument_date.inc','0790510c97b815afc65bcaccf44dc7715de0fc2faec85eea031f30c23f697b7a'),('sites/all/modules/views/handlers/views_handler_argument_formula.inc','1c6c0302525148d7124ee5c8afde9105f06255ff4d2a645b2dfca59336ea2939'),('sites/all/modules/views/handlers/views_handler_argument_group_by_numeric.inc','209a2f536868de71a38cad1339448085ede8018cf76c0e2dd7bc201416cfe57d'),('sites/all/modules/views/handlers/views_handler_argument_many_to_one.inc','6038a5120f1bd5202b6a6e757391f6fc33a6d994e7bf1bcebf4eb637408d405f'),('sites/all/modules/views/handlers/views_handler_argument_null.inc','12fd4f1217317b575aa83ab6dc083227f281eb951f61830422d51977fa8c7fb2'),('sites/all/modules/views/handlers/views_handler_argument_numeric.inc','f4fba8164f0dd3664765a0b8e69439577a0d186f21eadbad0d51ed28629f1038'),('sites/all/modules/views/handlers/views_handler_argument_string.inc','f28805788c284f0486b9019a98e9a209ec08c567e0a1e98060ce93db67b8c596'),('sites/all/modules/views/handlers/views_handler_field.inc','271c39a3aa820bb9b03490c8dca661ce6700d5fdbe165c065892a7230f53c63a'),('sites/all/modules/views/handlers/views_handler_field_boolean.inc','8f6d5c243fee3b0ca738087a2d33bd702a6aa9fcbf441b2a17eaad3c2faa01b3'),('sites/all/modules/views/handlers/views_handler_field_counter.inc','afc00588dda6fba63c1160742207cf91136528bcbbb941f996c89d5574322fb0'),('sites/all/modules/views/handlers/views_handler_field_custom.inc','a3be2b6d7b6f38d10d5ae5b1cc36061f21d3dc0bedb6f76c01ff85a18129dbd2'),('sites/all/modules/views/handlers/views_handler_field_date.inc','4dd9cf487e80385aa3e3b472e453e45fbf365ce712d34a4654f68b55e1e3e0d3'),('sites/all/modules/views/handlers/views_handler_field_group_by_numeric.inc','ebeea8fc435b2e0ee641adf40bbe56283ced9976b8cc45b43734544025447607'),('sites/all/modules/views/handlers/views_handler_field_markup.inc','9c93bf232e4fad33dd49175288a4fb7b44426da339b96ea54c23a351b4a6f9a3'),('sites/all/modules/views/handlers/views_handler_field_math.inc','02b0acf99472b95bb52d5ade72606bae28b2247a2e418dd5f4c2bbc89e012c36'),('sites/all/modules/views/handlers/views_handler_field_numeric.inc','82ad9886c8f15bf11b67feb32183e82f9b59ddd1e2121efc33af69d40252b520'),('sites/all/modules/views/handlers/views_handler_field_prerender_list.inc','72207519618df1af878d885b5ebd90447d522b0e1557cb6778c3855bf47a636b'),('sites/all/modules/views/handlers/views_handler_field_serialized.inc','63d315e6c94da48102c217f8701c08c0a1af13dcac1f8364a864c0a61213c322'),('sites/all/modules/views/handlers/views_handler_field_time_interval.inc','7ed2d4a5aad1492ceed5a008c23564698bfffef5f7b55371fa413554d457fa17'),('sites/all/modules/views/handlers/views_handler_field_url.inc','62cf62165b8b4647981decd5e552eedb021eba3639e298c5f2405eece53780df'),('sites/all/modules/views/handlers/views_handler_filter.inc','a43e5232e382142d288ee696a07089474bbdbc9766ca44c3a3ab7496ebd5f480'),('sites/all/modules/views/handlers/views_handler_filter_boolean_operator.inc','0980c48629dadfd192f33d71a13321b80d04591ac53fddfa38ea23bb44915d16'),('sites/all/modules/views/handlers/views_handler_filter_boolean_operator_string.inc','e7d3f1ae18ba7baeedbe8af176716cd4a91f55a9a6616f6e37651ca322e30408'),('sites/all/modules/views/handlers/views_handler_filter_date.inc','7134eb32e575743e168e816ec4aaf21ffbfcaed55add4d21126c2ac1494851e0'),('sites/all/modules/views/handlers/views_handler_filter_equality.inc','c7b4dd304c262bbd101401ef2053c9715b035284a38b5b8fbd34bdfc349e701c'),('sites/all/modules/views/handlers/views_handler_filter_group_by_numeric.inc','b90c2944aae6e98c8e494a3bb905d6d5c57331744045f7570bd4fab63de7a35d'),('sites/all/modules/views/handlers/views_handler_filter_in_operator.inc','dd60a6fffcee5a6f06793314ea624d21b22f438ef40f1b15c6ea605eb2b966d3'),('sites/all/modules/views/handlers/views_handler_filter_many_to_one.inc','770c55fab1b9097c3c399d7a30fae41910398ebbdf1f43a5442c94417d8afa1f'),('sites/all/modules/views/handlers/views_handler_filter_numeric.inc','77d957be965b7097886e48a867dce5c889fce08e641302cbd19a23feaeb6c127'),('sites/all/modules/views/handlers/views_handler_filter_string.inc','9bce011c72f285b4724f1d1e9696a48d83da57888e9ef140fa27bca81079389a'),('sites/all/modules/views/handlers/views_handler_relationship.inc','573bab2e194ee3fb01a291ade31dbe325fcca885313b8afffaa85f9175e87f6c'),('sites/all/modules/views/handlers/views_handler_sort.inc','f065c1caeab2ddc6ce097d640c438ef21036858283da6305139b859d32da1e9a'),('sites/all/modules/views/handlers/views_handler_sort_date.inc','45e7e1a10e8bd3200ad5a8e3acb44c69886988f90f3ac03acf15651505f29ba5'),('sites/all/modules/views/handlers/views_handler_sort_group_by_numeric.inc','c34c12d40e26cfd3c70f8d938924a1f3ea8985f88f9f94620257c649af0d0bae'),('sites/all/modules/views/handlers/views_handler_sort_menu_hierarchy.inc','6c99b64431cbf92e51488d977060c6a37825019621ce7251ef0a2ebd4faf7863'),('sites/all/modules/views/handlers/views_handler_sort_random.inc','69e2f42b7f6b8d0df18725f05f5573059525b58aabfd58479ee4375c93439ad0'),('sites/all/modules/views/includes/base.inc','0e9dddcf7b9506db561091bd87ed17e05e296575585ac6f932ec818e39c79999'),('sites/all/modules/views/includes/handlers.inc','e3cecefaa968652728c6c498e52905ebf1f77e21812272794ffa5739885117ba'),('sites/all/modules/views/includes/plugins.inc','3d0e471c91b2dc579dea278ae9976585825130a545fc8b6d1a78bf9511769a6b'),('sites/all/modules/views/includes/view.inc','e62add4b0a2bf75651ad55b1427ae945e42ea10869cae12b8bbcb46cf1fc9158'),('sites/all/modules/views/modules/aggregator/views_handler_argument_aggregator_category_cid.inc','1aacebd29b47bff2e5ea2722c1f966173a5b2fdc1429b1c42b83bb374f4b1959'),('sites/all/modules/views/modules/aggregator/views_handler_argument_aggregator_fid.inc','d3a8ea67da96be0230fdb8dd57d797b4335f224964e1d08734a8aebeaaac73cf'),('sites/all/modules/views/modules/aggregator/views_handler_argument_aggregator_iid.inc','89950995a37d9229ae13b068065cbaace68ac1708bb352bd3d9f57a6d485f70a'),('sites/all/modules/views/modules/aggregator/views_handler_field_aggregator_category.inc','423c081b087d72b9b93ea158be828e1877a578f3af8c6e16aabc011a238cd097'),('sites/all/modules/views/modules/aggregator/views_handler_field_aggregator_title_link.inc','49e9aeb8c4f502da9f547559ca6022f8eab2f195e1fa8d2d0408ff51b9be3c72'),('sites/all/modules/views/modules/aggregator/views_handler_field_aggregator_xss.inc','03926b252278866b20bb513ae4996d9e9f8d0e37f69f50aede0bd8b3cceca467'),('sites/all/modules/views/modules/aggregator/views_handler_filter_aggregator_category_cid.inc','8a4262a38a22d4113c98667dc88220579af3a95001145753e9fff96d33359ac5'),('sites/all/modules/views/modules/aggregator/views_plugin_row_aggregator_rss.inc','315cfa889afc0b0f3c9761b7d5ca6458346a740718195c5ed3c980b83bee9cbf'),('sites/all/modules/views/modules/comment/views_handler_argument_comment_user_uid.inc','829a57c0a5fafd034eba177a31ecface804fb384437df7027b2b13a1a69610ed'),('sites/all/modules/views/modules/comment/views_handler_field_comment.inc','2485ebf9297027e168cbb8461140582ddbf58b26852a65e5b6677a70073d32f2'),('sites/all/modules/views/modules/comment/views_handler_field_comment_depth.inc','7b16bde01910610e73ec50539b8911f8d2a53a9962edb87e06d3c2959d0e5e82'),('sites/all/modules/views/modules/comment/views_handler_field_comment_link.inc','0870f7830af69c062c1e127cfb467dd218b1442bd2007cc55ac330463a450ac5'),('sites/all/modules/views/modules/comment/views_handler_field_comment_link_delete.inc','49e1aebb777813f64a29d8139f7183e1308046af00d1fb0f7e4191cc9104a36a'),('sites/all/modules/views/modules/comment/views_handler_field_comment_link_edit.inc','113ad463384e0e9e14ab81de7a017568aa2dfbd843a3d9efd4366b15adb85a14'),('sites/all/modules/views/modules/comment/views_handler_field_comment_link_reply.inc','4fc43f7fefcd04dae2dedcfe8233ca091b39fbc7bf8cec094b0f9d33673f9671'),('sites/all/modules/views/modules/comment/views_handler_field_comment_node_link.inc','8859914f6b5dafaf17782df59384423e35fe5c54b5a38140e653b1578654873a'),('sites/all/modules/views/modules/comment/views_handler_field_comment_username.inc','a5cf231d40bd04e99c14bce9f3bc4760508bc8c795a50720575499e6edc915ca'),('sites/all/modules/views/modules/comment/views_handler_field_last_comment_timestamp.inc','471c70a0430bdc3fa6fcdef4e2dadddb1a832b74c180dd8b58b01301a4fce230'),('sites/all/modules/views/modules/comment/views_handler_field_ncs_last_comment_name.inc','36ef55ac54498492ef8c60faf3e2188128b709afa26ac98c815145d67dea0f54'),('sites/all/modules/views/modules/comment/views_handler_field_ncs_last_updated.inc','e2009ef520aae342ee00bda2afc5612d20ca9604ee6557777f2addb6887c4e4b'),('sites/all/modules/views/modules/comment/views_handler_field_node_comment.inc','4e86bdf4ec77c33370c106b1f5759ce24152ea55c0209d32eb20ef93137779dc'),('sites/all/modules/views/modules/comment/views_handler_field_node_new_comments.inc','99ab5e518ff0f9adb8d0630f709b4e07eb794dea1f9f96aaf2123cc0a78bcfcf'),('sites/all/modules/views/modules/comment/views_handler_filter_comment_user_uid.inc','66d3a61e5ffa89701591c4b48f98bd1a2b7613cb3129d338c028cef91429176c'),('sites/all/modules/views/modules/comment/views_handler_filter_ncs_last_updated.inc','160311208d0e2770ea998e54492b5a8962d39a364d8e0084dc5ca8ca9444c5b2'),('sites/all/modules/views/modules/comment/views_handler_filter_node_comment.inc','59a439f98ee57665918222d4ad48e5a733b1a3b13a8adda30a5c3132aa69ff1e'),('sites/all/modules/views/modules/comment/views_handler_sort_comment_thread.inc','6bc31427734ecc09428862ff5dc0a45db8618ab9df0adfd030ab5fcca4b5dfb7'),('sites/all/modules/views/modules/comment/views_handler_sort_ncs_last_comment_name.inc','38dd4b66009a9a8a76bde0ef3313a30d631952ae82bf257e49f7e8132c7de6b2'),('sites/all/modules/views/modules/comment/views_handler_sort_ncs_last_updated.inc','cade376bfe8d343b4127a91ce9f9782a037e754f1f8952a56241dcfb0e869db3'),('sites/all/modules/views/modules/comment/views_plugin_row_comment_rss.inc','9cdd7869a7e5f99bad19c217871250e7d95fe181974aca1f0a0e866219eb258a'),('sites/all/modules/views/modules/comment/views_plugin_row_comment_view.inc','02a46d27efe87c41f0f3e425f14f480e01ea89726f29e9e2dd8663d50e5fb79a'),('sites/all/modules/views/modules/contact/views_handler_field_contact_link.inc','de110a11c454f1d6ad00e28931122ed69243f3f7f6b09d0953dc64fafedfe5e8'),('sites/all/modules/views/modules/field/views_handler_field_field.inc','ead5cea9c383f9bf33a264cf4bf8ce1ae19c6f8348d9f96e8e978e714d722b86'),('sites/all/modules/views/modules/field/views_handler_filter_field_list.inc','4f35e8a643f068c8dc6a33a480110bec60b6d2cb5750ad70b65389f6d503a9e2'),('sites/all/modules/views/modules/filter/views_handler_field_filter_format_name.inc','06110bb657c06e04ef0f6db9e6825e822efebd9306d11d69942a8093898d88fe'),('sites/all/modules/views/modules/locale/views_handler_argument_locale_group.inc','0f9417d6a726c7f27c704508607e193b4719642a380f00a3417fa3849a31153b'),('sites/all/modules/views/modules/locale/views_handler_argument_locale_language.inc','a1d2456a3b002841ebf517bbf2d7035db604c1b312fc771bbc47f80f2988c4e9'),('sites/all/modules/views/modules/locale/views_handler_field_locale_group.inc','4521a87d724a9cf8931fb4732aef8059f0e85bc3ae442625ad83f28170a22161'),('sites/all/modules/views/modules/locale/views_handler_field_locale_language.inc','d6d149caf860a0f70c0fb47c826e311b75df385a89ad43969ed1a6a1ee06b6dc'),('sites/all/modules/views/modules/locale/views_handler_field_locale_link_edit.inc','c962080849b1558557118c127c771885e31504c07fc11e8c7c214c26f4ec478f'),('sites/all/modules/views/modules/locale/views_handler_filter_locale_group.inc','e59e643c1a0ac097e6641d7a2dacddd13c7d1c53a00823e42a39b68aa07d104a'),('sites/all/modules/views/modules/locale/views_handler_filter_locale_language.inc','dfd7304663557332aa5bedc965a748d78ab154e6379a97f6c3a159fc4d633d5f'),('sites/all/modules/views/modules/locale/views_handler_filter_locale_version.inc','90aae0537601fa4a99f903f7aea14f5e8b770801222f58947a2a82b51d7c0881'),('sites/all/modules/views/modules/node/views_handler_argument_dates_various.inc','1397fa5461679006702ba7e1964882a3508168b4bfea0055c6a4455b0a315cee'),('sites/all/modules/views/modules/node/views_handler_argument_node_language.inc','ccd02ead7c6e41719da429972019770fa56651400e41983290c2314ab3073670'),('sites/all/modules/views/modules/node/views_handler_argument_node_nid.inc','ecb5713427ac155db615f66778747f306887e3eb44e1f36955d039af76ca7307'),('sites/all/modules/views/modules/node/views_handler_argument_node_type.inc','2eb283cad11d49bef3a05cedf7606dc46aca5831a663235b26d1c6b77f059689'),('sites/all/modules/views/modules/node/views_handler_argument_node_vid.inc','1a5b52b7efba40cb3f3c01ad3a4ed5a5e0516a8e3dbe2e12329f73014773966f'),('sites/all/modules/views/modules/node/views_handler_field_history_user_timestamp.inc','b5d76a8d8a3145404fe105f470c588d6463c92b2fe4b1a2d3994f8ab6b1ec956'),('sites/all/modules/views/modules/node/views_handler_field_node.inc','6d7dcef3974e002d562ebe43001edc89a135e5e6ca44f39d5ab87dc13841bc48'),('sites/all/modules/views/modules/node/views_handler_field_node_link.inc','bcecb2c76e962af6b82df8cb5cde294c70641a4ece0a6e02fb4e2e542d8a8801'),('sites/all/modules/views/modules/node/views_handler_field_node_link_delete.inc','3838f4aa4e44b5001cee71da9095e16a6441a129bb3310d7e03768d8b86510d5'),('sites/all/modules/views/modules/node/views_handler_field_node_link_edit.inc','c43610276ae290e364c937d5274a701235fcc2e379bd0dfc036b061203ff701b'),('sites/all/modules/views/modules/node/views_handler_field_node_path.inc','56a1e7e0ee0e3d63c698f3ce3401f92c3dd8d9c4ab66f589b242d3cc8933c80b'),('sites/all/modules/views/modules/node/views_handler_field_node_revision.inc','63256668329758efb4e8422ae7ed4ffe0d9aae3235e27c9e05c62a72c02d1f34'),('sites/all/modules/views/modules/node/views_handler_field_node_revision_link_delete.inc','814f428c24e8e9a50c3e8df2c7b34ad59ac9c69b6d571f0bc132156a7070e2fd'),('sites/all/modules/views/modules/node/views_handler_field_node_revision_link_revert.inc','48a6a5f2185cb423ae330b45d37e99b14131255273b1183ca20fa9e825f6d162'),('sites/all/modules/views/modules/node/views_handler_field_node_type.inc','31dbf46ce05f3ace22200965c7a3450acfd99e2034f602967b34add7a591aa7a'),('sites/all/modules/views/modules/node/views_handler_filter_history_user_timestamp.inc','66d70e5917eafbfc12b461e71aff36838b8a8d0c5cb2ddc53d1971647d0eb06c'),('sites/all/modules/views/modules/node/views_handler_filter_node_access.inc','5425bb3232145e3153ce6b2d03c280f4e1a7690b9c141c6e46665a550185cc6c'),('sites/all/modules/views/modules/node/views_handler_filter_node_status.inc','c6fd84e00632cb97d19af3eebaa89f059b3829c7e4b68e233a4390e30dc1e8bd'),('sites/all/modules/views/modules/node/views_handler_filter_node_type.inc','f813b404e1657ad0907c5b4fc61aa880628a4b67ba1a63e65627a85447b362d4'),('sites/all/modules/views/modules/node/views_plugin_argument_default_node.inc','09b01355d223e574a9e72f9dcf0613d7517210e75457f38f6cd7b66da141a3c0'),('sites/all/modules/views/modules/node/views_plugin_argument_validate_node.inc','2617393e6aa38f21041178579440e183e2b461982b0155bdb755657d038de58c'),('sites/all/modules/views/modules/node/views_plugin_row_node_rss.inc','a82bda8c530b3bffdb65b768c077fc0cc6b10c43d7ce21fecf6c17747b30cb55'),('sites/all/modules/views/modules/node/views_plugin_row_node_view.inc','d92709784b24efa22172930faa5e57e2e2c0663d5132d1c8e34a212f645a6ab8'),('sites/all/modules/views/modules/profile/views_handler_field_profile_date.inc','8876d969432c79178272c918d103c8afa6dd893be877c527c5ae796d0bd058b2'),('sites/all/modules/views/modules/profile/views_handler_field_profile_list.inc','176b0621b21c817e57f57b73560b850605cb97c709835a78babc2ef16ff57e76'),('sites/all/modules/views/modules/profile/views_handler_filter_profile_selection.inc','f6bcf9092809b086920d1b247d68998c5b879c8735d49492c366b7677a360e5c'),('sites/all/modules/views/modules/search/views_handler_argument_search.inc','f1e12c90b3dadc614c83a237bf627458e630c5d6d6beb1197cd41f15ea6e21b0'),('sites/all/modules/views/modules/search/views_handler_field_search_score.inc','80752dad60936f66411ec91932eb5b38cbb25816eb64c67a43213bfa5aa3de8f'),('sites/all/modules/views/modules/search/views_handler_filter_search.inc','5ba7551a7b6d414ebb3f9879aa4a787e59d8204ad0dbd1805bc46b6f74ff4040'),('sites/all/modules/views/modules/search/views_handler_sort_search_score.inc','378804364c39c2d3ccf1bd44199563d98348669e5a7827160936170bd68a1fe7'),('sites/all/modules/views/modules/search/views_plugin_row_search_view.inc','8b389f6e66dcf18e1a0c6455ba2375450c45cb7a58c4bf7004823fb670906e43'),('sites/all/modules/views/modules/statistics/views_handler_field_accesslog_path.inc','ac93bb1100ea0c58a28e24996d0893f17e8cb0578e7d7b3b6a8424acbf7a8272'),('sites/all/modules/views/modules/system/views_handler_argument_file_fid.inc','ad018fff16e2106566f72e7557d549c3791c32b54ac781ff0f0b8a2c89f430bc'),('sites/all/modules/views/modules/system/views_handler_field_file.inc','b920722da846a28bcacd1b02c18c0b1207f085f621a76c8ce4a582a6865f97a5'),('sites/all/modules/views/modules/system/views_handler_field_file_extension.inc','42291f898a13db965ef1826421dcf8bc2419f90a97d2ae7fb4248b4296aaa224'),('sites/all/modules/views/modules/system/views_handler_field_file_filemime.inc','f0f79a15d74bb0b86c268f97f9b917bf49ba5a9f7e6062775427a49003f6d98d'),('sites/all/modules/views/modules/system/views_handler_field_file_status.inc','13c1b6acb6b7f4f97058fc98c9b9bc5464e49da5aa2451edf074f6118e7fd8b0'),('sites/all/modules/views/modules/system/views_handler_field_file_uri.inc','6b8102905053558df0d322c6e60c7c3d9015cc2868eee19fe84a360c13aee2cb'),('sites/all/modules/views/modules/system/views_handler_filter_file_status.inc','cad663e68f98dc76dac4f0e8f940bf3b2a4b780dd002284bb1eb84627fbd7050'),('sites/all/modules/views/modules/system/views_handler_filter_system_type.inc','6eb07619b086adb64568b476a88e7b4ccea01c00dc02e442c658a65a149470cf'),('sites/all/modules/views/modules/taxonomy/views_handler_argument_taxonomy.inc','78d7c025b2b78603a2d08c8354f85f815c646f2ef9230c67f93f2542ad74947b'),('sites/all/modules/views/modules/taxonomy/views_handler_argument_term_node_tid.inc','0822c355cb72bbea49647221c3445c4ad94a3cbdb0032ba3e154ea35e5dcb9cd'),('sites/all/modules/views/modules/taxonomy/views_handler_argument_term_node_tid_depth.inc','d059b5980d7ab2fcc6e69e992aa5f73ed8da960e124cfe0418b2764be74c4e44'),('sites/all/modules/views/modules/taxonomy/views_handler_argument_term_node_tid_depth_modifier.inc','e59c69eeeadd249262110b8a71006f62f4536a961e8d4653a2a4ae95a9da37e5'),('sites/all/modules/views/modules/taxonomy/views_handler_argument_vocabulary_vid.inc','4ed72b6cb74bc21c8108c141d14eca6a2d2395d409d1c04a8e8b74364f1b8202'),('sites/all/modules/views/modules/taxonomy/views_handler_field_taxonomy.inc','eca7e5bf43ece95eccf4a98f94df717bca823a9d352d65a1b9ffa9b164145590'),('sites/all/modules/views/modules/taxonomy/views_handler_field_term_link_edit.inc','dcd7c36de0d81881f7e8aa9886bbff4afcccb5913ec4f9552b7923946c29a08d'),('sites/all/modules/views/modules/taxonomy/views_handler_field_term_node_tid.inc','49fee40a70913d28685746cb3e57875b485b4c25b311a60185091de3a4e6a2b0'),('sites/all/modules/views/modules/taxonomy/views_handler_filter_term_node_tid.inc','675ddb1d25c08c223bfd46358c8125e9bd42f4d2119f07b9fdeefbe2a942ddcd'),('sites/all/modules/views/modules/taxonomy/views_handler_filter_term_node_tid_depth.inc','507e513c80c2ed21b57aab608040e7df60cf92e37509c15010bb57abe4844642'),('sites/all/modules/views/modules/taxonomy/views_handler_filter_vocabulary_machine_name.inc','8426f7eb256541bc681dd32f33471a84f6bcfea9421c8d40779af3df59b7fb5d'),('sites/all/modules/views/modules/taxonomy/views_handler_filter_vocabulary_vid.inc','e536f5cf3e8253fc6846aae9e67a275818b46f180196f309b96bef53838f2058'),('sites/all/modules/views/modules/taxonomy/views_handler_relationship_node_term_data.inc','e5e616ce0b6def2c2fca0955d8b8b1efcd8fe841360d54b8a001ec4065e6c89b'),('sites/all/modules/views/modules/taxonomy/views_plugin_argument_default_taxonomy_tid.inc','20f3b2d95dd28fd0a67253855429e41977d86a2eeed3ce23e3e6f05181d57f2a'),('sites/all/modules/views/modules/taxonomy/views_plugin_argument_validate_taxonomy_term.inc','95bd2fdc7465a5b855865939ad164d9bb54719b07bdb87cac08670d9a0eab670'),('sites/all/modules/views/modules/translation/views_handler_argument_node_tnid.inc','3ad135a79c9d98ea9f43333717c75bb34fc8a3a6e68978dbe34fc00f33042990'),('sites/all/modules/views/modules/translation/views_handler_field_node_language.inc','d16290e529bfd194339d1560000818377fef25a9505c7372b9578ac2affc8e9e'),('sites/all/modules/views/modules/translation/views_handler_field_node_link_translate.inc','969791925e67f7762fcc5bd1827e62663b2b39534782fb395ee954aa7bd55f69'),('sites/all/modules/views/modules/translation/views_handler_field_node_translation_link.inc','a231ce9a7ca5d2be9077e6bab54932cb3fe5f846d4be3704bf4528d2f81c00d2'),('sites/all/modules/views/modules/translation/views_handler_filter_node_language.inc','243f3c9bef051bf52d455b9474719ed60cedf2d4d6d839ca1c6f68223f4781e8'),('sites/all/modules/views/modules/translation/views_handler_filter_node_tnid.inc','bea4cfd84196789053748700d0cc051df8c30b0051d54142a6e2a7aa0995b884'),('sites/all/modules/views/modules/translation/views_handler_filter_node_tnid_child.inc','b8422f3317d0f34ef2aa681039982a4da5fb3dd5b1fa1eceef2451093168a34c'),('sites/all/modules/views/modules/translation/views_handler_relationship_translation.inc','c243ce1908284624de962467619f88524d4114aa89a5e683acea840ab23622a0'),('sites/all/modules/views/modules/upload/views_handler_field_upload_description.inc','f00b5562bd81f371d12d2496b2acc0f5dcb581547605801c4fd04c099a578c42'),('sites/all/modules/views/modules/upload/views_handler_field_upload_fid.inc','1c0f5078c03e596869e00d9792e85ee6b5d97b7654503680817d8936e710468d'),('sites/all/modules/views/modules/upload/views_handler_filter_upload_fid.inc','a4e9de9468a81655982d3e0c54358d847e0e43d4cc80da4ea65d063c5944d73d'),('sites/all/modules/views/modules/user/views_handler_argument_users_roles_rid.inc','2ed8b76ce24943d3c2956e7b0fe75d4a59a1fd8cbe827017b2edc7078d678038'),('sites/all/modules/views/modules/user/views_handler_argument_user_uid.inc','83ee11e81043063d30fdf58a0a23e242dc82a850181312d3eb04b63bfade9f7e'),('sites/all/modules/views/modules/user/views_handler_field_user.inc','f831ea9287dd9af84c767583f54c6114fad84e49e80274185e96b79e9b56f5d3'),('sites/all/modules/views/modules/user/views_handler_field_user_language.inc','1f86bfb1ea8d6b0d31f26889eb742fe3e55a330abd4a6c71a17adc77dcce38c7'),('sites/all/modules/views/modules/user/views_handler_field_user_link.inc','92803c99680d487f842363d7fd12cd1cd68242e6e3f41f18c7eb7af9f7765e4c'),('sites/all/modules/views/modules/user/views_handler_field_user_link_cancel.inc','1e665c6650657007f5034bd664b4ec03428e642f4a15b7cb25369dca9f81a450'),('sites/all/modules/views/modules/user/views_handler_field_user_link_edit.inc','671f35185c6c0c92ac3cb4988a69e5ff3b08bb1d528fdce0973b5d618b3b7ba1'),('sites/all/modules/views/modules/user/views_handler_field_user_mail.inc','fd52150457b2c4f466f5c9fdc3c72d50e2e26b37886b70ddcd560487d66eb067'),('sites/all/modules/views/modules/user/views_handler_field_user_name.inc','f93c562f6daf402424066f5aa841c3d6d1f2c49ce45ffb2cf06bf95576c269a5'),('sites/all/modules/views/modules/user/views_handler_field_user_picture.inc','9462a1585105976da0c63b823717174e5b98365966864a2d77dd858e76038c5f'),('sites/all/modules/views/modules/user/views_handler_field_user_roles.inc','e378e1f7ea0ca50128236cbcd18a07de5a402bab1a2b1ea3b66cbee0bc3c331c'),('sites/all/modules/views/modules/user/views_handler_filter_user_current.inc','3966473243ed505543826d24fa3b57f47d882d92bed6c9c542ae56bae618d551'),('sites/all/modules/views/modules/user/views_handler_filter_user_name.inc','be362fc6d2f6d261e0273d475746cbf63f628d678fd8f105a5107a752682984c'),('sites/all/modules/views/modules/user/views_handler_filter_user_roles.inc','440f8b0382e4758787f0dd03f7ae31a476cfa22c5b20ac855739dd94127bbef6'),('sites/all/modules/views/modules/user/views_plugin_argument_default_current_user.inc','3d69bb43b8d479d71629c067478ca8deae0d976a8cc88ac49c9c1d4e148b3906'),('sites/all/modules/views/modules/user/views_plugin_argument_default_user.inc','4d48a7dde41f593df4bf4471b85c1caf2e61201834995a693ad5d91aaa0ae028'),('sites/all/modules/views/modules/user/views_plugin_argument_validate_user.inc','7eb571f7d457cad292d7bfbf2f9f74bcbbb9bed4c3851f638ba7a8226dccafef'),('sites/all/modules/views/plugins/export_ui/views_ui.class.php','e1ca416ec35f9dc4757c7753051e5d4ec8d0861244c4aaf826ff3b971b19014b'),('sites/all/modules/views/plugins/views_plugin_access.inc','eb853525c8483b57ce5ed868660359f2ddfcbbf734f20e930620825bda8a16b2'),('sites/all/modules/views/plugins/views_plugin_access_none.inc','76fcb2ee85d8e14ef889082b099a75dd84bb63559162e646353772c7bd954a38'),('sites/all/modules/views/plugins/views_plugin_access_perm.inc','93acaf0f20135fe7e8595f44d7a02332fde0ce31985c7eedac11a3140a8c372e'),('sites/all/modules/views/plugins/views_plugin_access_role.inc','8ed1d17b9335c8e62aac1277f2c662343b7bd814c9319850809ea8a50699bd55'),('sites/all/modules/views/plugins/views_plugin_argument_default.inc','bf3e79ec7c56e9331c2a4de17aa17cf580a1a3f5355078a97fdcd7ea8cf48e60'),('sites/all/modules/views/plugins/views_plugin_argument_default_fixed.inc','15db7e871ac6100ef2ffadd2ae6a77c5e3519d81a40337e6c40a14bd6f0610c0'),('sites/all/modules/views/plugins/views_plugin_argument_default_php.inc','4b42bde479b40e30529787f69c837e1a8229fe7c10ec7b2dc605940ecfbc2349'),('sites/all/modules/views/plugins/views_plugin_argument_validate.inc','5fac5f1698f421a6f06e859cacfa4cec32d81b39293e654a59096f2228623b69'),('sites/all/modules/views/plugins/views_plugin_argument_validate_numeric.inc','6f94e0b10a51d1095378b783c05ab2f48eba8fe9762e17f20f4584b12d5e2777'),('sites/all/modules/views/plugins/views_plugin_argument_validate_php.inc','f8089068bd5be86c8a3a370501bc8466bacce617ee1375cb786d4db19d763e54'),('sites/all/modules/views/plugins/views_plugin_cache.inc','ea10f28e24ab6734f6f0ac5b8c1567ced0b2ef14fc2a6d954fe4de7183e67283'),('sites/all/modules/views/plugins/views_plugin_cache_none.inc','0a175ca3f6597a075d5e7a13a2a6d1a7bf87726995687d19d03126f135b77364'),('sites/all/modules/views/plugins/views_plugin_cache_time.inc','a38c0408c34f33b9fe901765333f76baecf552d4acfc17da2046045888e23580'),('sites/all/modules/views/plugins/views_plugin_display.inc','c6c004dd4a3e77810d358a7ea65e2b74dce7bc57b07e2497c17b6fbbf4f5f3ce'),('sites/all/modules/views/plugins/views_plugin_display_attachment.inc','da6d1d8c40b14b898896c5d917f009d6666736ea438e1b6137138f0d5ca96068'),('sites/all/modules/views/plugins/views_plugin_display_block.inc','62bd6917a187caaefb2dfa930ea835712b13850f2ed40743198af3c5c273c11a'),('sites/all/modules/views/plugins/views_plugin_display_default.inc','9f9bb9bf35ed16dc43f9525352afae572b0af98f1c47c4e6079ebdf7f18b3647'),('sites/all/modules/views/plugins/views_plugin_display_feed.inc','c4d647abfcfa3fa91e5ff90ac3e733c0985139ee7faa5e44cb8cf03082f90c6d'),('sites/all/modules/views/plugins/views_plugin_display_page.inc','68be15b7eb25606149380948d54fce41be26e7276cf6e075327b0d2cc586e873'),('sites/all/modules/views/plugins/views_plugin_exposed_form.inc','fe023e9d7c558f45f6ddb54e3dea89d9659ddc43d2935aaadee9853a5c9ad295'),('sites/all/modules/views/plugins/views_plugin_exposed_form_basic.inc','0cd6f0c4703fcf075b98e50a5b17f6bd2ad9b83d703416a767c3b47477f77501'),('sites/all/modules/views/plugins/views_plugin_exposed_form_input_required.inc','558bce148277c595f602446d6482735026bb8458603dce2d62386b5f8b200d93'),('sites/all/modules/views/plugins/views_plugin_localization.inc','04f51224bc016d377b064cc4a99ff3010eff0d3fba009ea6ce20169d20abdca2'),('sites/all/modules/views/plugins/views_plugin_localization_core.inc','51cab7e8321a4413961f933984b310095df5f8d7bf8994556d9cf0b10ae2aa9f'),('sites/all/modules/views/plugins/views_plugin_localization_none.inc','4930c3a13ddc0df3065f4920a836ffdc933b037e1337764e6687d7311f49dd8a'),('sites/all/modules/views/plugins/views_plugin_pager.inc','a5de9e0c27ffbdd76bdf475ac053222f04f3f5fe1960fd7598651dc9e71ce6ff'),('sites/all/modules/views/plugins/views_plugin_pager_full.inc','4424d97163eb63e0527eeb22800afdecd37f9efbcf230c79c950003af11d4997'),('sites/all/modules/views/plugins/views_plugin_pager_mini.inc','5e72f462d222c7ea52d98ab0f6a3c786ee3f8c3fd6fa112971674af507a4904b'),('sites/all/modules/views/plugins/views_plugin_pager_none.inc','afae2927496f5812086187c52b76671d7f668f1eef73be54a91230a3f83e40d9'),('sites/all/modules/views/plugins/views_plugin_pager_some.inc','bb114f094d845ab35232fdee3aea0e9480d0892d0af20e7586ef9e45b4bbf654'),('sites/all/modules/views/plugins/views_plugin_query.inc','ebc580b3e08199c790decb473e09ac1311dee8d5b7ea49b850b9c9ed3d2584f2'),('sites/all/modules/views/plugins/views_plugin_query_default.inc','9505da07c01cf3a053bcfa30480e38e9916c09f85c0c3694281fefdaab49a7b6'),('sites/all/modules/views/plugins/views_plugin_row.inc','30720ae0ea46fccc681d2e73d22774420e52b35ffcc96083be363c5d00048a8e'),('sites/all/modules/views/plugins/views_plugin_row_fields.inc','481141871437061e68b33aa12d4f262f19f68dc45f0ef6a8537199ea71b78b0e'),('sites/all/modules/views/plugins/views_plugin_style.inc','7422fa3ad3e4078cf92a2a7f0dc3f6b940f71c52917b4dcb3e34b11c892a443b'),('sites/all/modules/views/plugins/views_plugin_style_default.inc','37d4711f237efb201e96e74fe1f1f9d3a32a8adb65fa789bb09b81b8f439b039'),('sites/all/modules/views/plugins/views_plugin_style_grid.inc','1a591257c8aa355f3060923ff57a4132df4df2bb8bd966ab4d0c8106ad6d0397'),('sites/all/modules/views/plugins/views_plugin_style_jump_menu.inc','eb079125a1809f3bfdc0153a43d90273fdf239d7c88d314089404b001c3ce9c3'),('sites/all/modules/views/plugins/views_plugin_style_list.inc','fd783e67e086bce78ce2dfac73517b6e59b47f9bf2606a02dac0938c99e51af8'),('sites/all/modules/views/plugins/views_plugin_style_rss.inc','215857c46ce9faffccd8d7596c5a32ef09083122d8663d632f0c98b47752a2c6'),('sites/all/modules/views/plugins/views_plugin_style_summary.inc','2afb9abdb31215ce65e8e8da3e02b44fbefe7ff36b491e41c94e69022dfffb81'),('sites/all/modules/views/plugins/views_plugin_style_summary_jump_menu.inc','b1ae9a25b8c4866bd903cc6c50ca51af61788cedcf23e1becd5389b60cb6c710'),('sites/all/modules/views/plugins/views_plugin_style_summary_unformatted.inc','22a700fff04a6baa595427f5a2997d6e5d8d301f1dc1d62a2d6978383ee77345'),('sites/all/modules/views/plugins/views_plugin_style_table.inc','79e1efdbb58ad98923a1e331a8144c7622d8554904f17dc34906517eba5d622f'),('sites/all/modules/views/plugins/views_wizard/views_ui_base_views_wizard.class.php','f9afe62cc9a701732e6aab526670f6ed6b864cb88d6f9189d2d3984b94e32466'),('sites/all/modules/views/plugins/views_wizard/views_ui_comment_views_wizard.class.php','e6b9dda4730e1dc3598a57bd40f365cb18ac7fa31204582c5a00e59f8d2d50d5'),('sites/all/modules/views/plugins/views_wizard/views_ui_file_managed_views_wizard.class.php','b0c72a676dff32fa25b2f7a22df3a0d2dee84a7d004dc44be0265fe9e809c3bc'),('sites/all/modules/views/plugins/views_wizard/views_ui_node_revision_views_wizard.class.php','398d35874dd2d48b491c87319716d276f647c40e7d87c318086776b8f5643d69'),('sites/all/modules/views/plugins/views_wizard/views_ui_node_views_wizard.class.php','6406a99a4c04a651433b46a282aae9bf97fd72f3deaf99fab40fdde3984e5cb9'),('sites/all/modules/views/plugins/views_wizard/views_ui_taxonomy_term_views_wizard.class.php','92b641b8d13d883993150f8d74b43fcb382a520f26c2ef83c1b2c8a86c23e5b1'),('sites/all/modules/views/plugins/views_wizard/views_ui_users_views_wizard.class.php','6419a9e125aefbef0bd13879b4e57ee158f4e0b7d1f05832879054cdbb03833d'),('sites/all/modules/views/tests/handlers/views_handler_area_text.test','bf4703cfa569fd0db729c3825f70d8cc5d084d055a9bc311859eef524ea1baf2'),('sites/all/modules/views/tests/handlers/views_handler_argument_null.test','a03d5aaca944156abae923dae22823ea94b9b0e70e9f6d137dc3c6b9f1f55b51'),('sites/all/modules/views/tests/handlers/views_handler_field_boolean.test','1e3f754947a958aa4e569d3ad2523e5249f288ad2d55c27337f810b91aa85ed7'),('sites/all/modules/views/tests/handlers/views_handler_field_counter.test','7fd337353b4a0eb8c710800373ed11085a627506e3a674d8f0c4695d5b7e7f30'),('sites/all/modules/views/tests/handlers/views_handler_field_custom.test','98f4adc2a97bdf9b2c51aff889048774071234f76191ff512af34e79e99effe7'),('sites/all/modules/views/tests/handlers/views_handler_field_date.test','a14e4f07ee03e49082d111832c21b86cba83c7abfb7de1859e461e90330bdc40'),('sites/all/modules/views/tests/handlers/views_handler_field_file_size.test','a28ede0e98211f2204e3a2ca2c6bfd253c67bd04e22d8474b5b058843fa97340'),('sites/all/modules/views/tests/handlers/views_handler_field_math.test','5a8a14b7162a377aad5b995cd2224680f2dd7c79441911408831dbebe322182f'),('sites/all/modules/views/tests/handlers/views_handler_field_url.test','922f7dba511ff4e9d2a24bb4d445265b86a1560b76d097e8d6e0a41cc59a6b29'),('sites/all/modules/views/tests/handlers/views_handler_field_xss.test','7917857eee5c1d9a7c5cf1d00c1b8ddee3c57b3a3816dce0129398e06e0494d4'),('sites/all/modules/views/tests/handlers/views_handler_filter_date.test','527a6c5b34919af1d948007584713627b2641ec36dc69ce0c612bb349a650bdb'),('sites/all/modules/views/tests/handlers/views_handler_filter_equality.test','50d02ea8108358f44955fbadee03522c7cc2ddc1dce68ff9b5ba5b3d73d617ad'),('sites/all/modules/views/tests/handlers/views_handler_filter_in_operator.test','0d5252ce92c4a51182644b5d229e3d6b639526466298a8fcec02a045078530e4'),('sites/all/modules/views/tests/handlers/views_handler_filter_numeric.test','5717cc0d2c4b843cda351949b8a7615573f9c3664b31dbe2755bbede4a44206d'),('sites/all/modules/views/tests/handlers/views_handler_filter_string.test','407368789fee82348e2dd129b1caf82cdbf61f594a243e93aa7f757a3b43f0b8'),('sites/all/modules/views/tests/handlers/views_handler_sort.test','4f04c1737fc827661538713509108336059de753b012529748ecc81043f0c0e6'),('sites/all/modules/views/tests/handlers/views_handler_sort_date.test','3cd74ea7a1195052dd6f4a8e3116defc481dc089d3c910aa97e902c3136d5b10'),('sites/all/modules/views/tests/handlers/views_handler_sort_random.test','c480d06d4db7702dba0fdc0a85e7cb20ce4b9079f66b5ea29f1d3f2a9b21d118'),('sites/all/modules/views/tests/test_plugins/views_test_plugin_access_test_dynamic.inc','5eb1c807f6e4f13eade4539d98783a5e25b5ac8ae8291d3c1e4fdb9bb3cb3ba5'),('sites/all/modules/views/tests/test_plugins/views_test_plugin_access_test_static.inc','ff47f8b84032b4c342bdc8a40d884e0585cfd67055d701fc0ff20edbb65235ac'),('sites/all/modules/views/tests/user/views_user_argument_default.test','97edf98ae49a8d71ade900e118f72fcafcb0f1d8f33a6aa4f5e968ed181c7a05'),('sites/all/modules/views/tests/user/views_user_argument_validate.test','424d90231b9db55c5935640ceb218f01ae8c965f46b4f9de2775ec78217f0635'),('sites/all/modules/views/tests/views_access.test','03963ceb21d2706b258031c48f291c248f7c7bf8a56705720a9a2591cd8839ba'),('sites/all/modules/views/tests/views_analyze.test','5e99e4329ee54a8168a8f0ba08efb3c49a22435594147863a32373c435e48e87'),('sites/all/modules/views/tests/views_argument_default.test','73ec9aada3e23d9a9067d9d7c574e76cb945fd1ac3e6d2891f8705954799fda2'),('sites/all/modules/views/tests/views_argument_validator.test','16c7aa92cc03bff27a9ae17de427c6754885bf3710554b43a7236f62afe0c066'),('sites/all/modules/views/tests/views_basic.test','4d6183f301c14c9fb698ec7d0e474c238212785851e89a241bbe421fe266d2c0'),('sites/all/modules/views/tests/views_cache.test','c1b9e3f8e821bf61f6a46706c292546f6c879b46753689fd243bcef6ad5a1ce9'),('sites/all/modules/views/tests/views_exposed_form.test','cf7d12e3d897f4de07914be402191dffdf5317a9d5bd9dde3fd81e7f9431996b'),('sites/all/modules/views/tests/views_glossary.test','f257d5c35bac78d2bb3d7fcdc866252f8b6813ab759e891f1e9267ad4049f0dc'),('sites/all/modules/views/tests/views_groupby.test','cd585b0a801117827cc4a9020642c51c397dff23e5c6c4456823457f0c857f5b'),('sites/all/modules/views/tests/views_handlers.test','b045e0d260050f7042ad4c0cde35329eabe3ac7d50eaba5c93e5d2d53c5b7a0d'),('sites/all/modules/views/tests/views_module.test','ae61c1c006c9fead15025d0d3f82cb2c49be694c893da90543224887a52d5fd0'),('sites/all/modules/views/tests/views_pager.test','e590ceca2544cf341fb7a748af6e6d4af055ce030804b1ed8f37b857022b1566'),('sites/all/modules/views/tests/views_plugin_localization_test.inc','498f482448043a1fdc6299b38dff1f14c0f0a3ad9bc5f48e5ae37d532964ade0'),('sites/all/modules/views/tests/views_query.test','b4a3935465fafec2755a266fe16239dd29b6dfe43daa3233047e21e52a61d6f4'),('sites/all/modules/views/tests/views_test.views_default.inc','457262bd72782d742d7545f66bb33e93cdf20e734366cf75680dea98eb2dd306'),('sites/all/modules/views/tests/views_translatable.test','45a1ea95ef9227b6a5851434acc5ea8a00b5db7d9eaeb7bae2d6f59192898525'),('sites/all/modules/views/tests/views_ui.test','484b967ca36811f992f98d2eeb791b82827cfa70c2467d1a043e08d47e1c28ef'),('sites/all/modules/views/tests/views_upgrade.test','88842b6d20d2e6a4e4241b1a79d31eb722feb9f57553e522ee74faaccfa3f1e8'),('sites/all/modules/views/tests/views_view.test','d3df5ecf2d16a6cb40cb7b61deca0ffe41e8dd1e2ac691ba03369a534d5290a0'),('sites/all/modules/views/views_ui.module','a746a98e9ca2e84cded7547c2598dd1d3a4ff4d9f8a5746e6e409a7b0784f8f5'),('sites/all/modules/views_field_view/views_field_view_handler_field_view.inc','d481fa9f8051e5da4b126132fc414f8f3c49c9f73b77e52eb106fb0400f67cc8'),('sites/all/modules/views_pdf/field_plugins/views_pdf_handler_page_break.inc','6b0b673c4295be44187fc99597461b567af3756dba3776995602f813fa08a8e9'),('sites/all/modules/views_pdf/field_plugins/views_pdf_handler_page_number.inc','39aa0b2d111c97e8447b1fea874e087be688154dce1bc52b536cb3cc30d1abf7'),('sites/all/modules/views_pdf/modules/views_append/views_append_handler_append_view.inc','083634b3e3437a50261ad2043579dc6adac26fde0ea67d280598d53af5d49c2c'),('sites/all/modules/views_pdf/modules/views_view_field/views_view_field_handler_include_view.inc','936d71e2074c83e1870fa797a84b71cdf15f0f2dc12a0a4b0a31102c841ad239'),('sites/all/modules/views_pdf/views_pdf_plugin_display.inc','932e3284357d14bcb5a437659e168b99392ec14a15903fe98f84d53cc4d90189'),('sites/all/modules/views_pdf/views_pdf_plugin_row_fields.inc','f646c8fb5977e0ea19687fbbaa126cb60d6113ee7e89501ae70a8b66760c2ef9'),('sites/all/modules/views_pdf/views_pdf_plugin_style_table.inc','6e9d7192a0e1f522b6f5cbc7892012272331fad15f0327c1cca559f78123c97f'),('sites/all/modules/views_pdf/views_pdf_plugin_style_unformatted.inc','8818625fbcce72d7c1a38168f03c260cd303ef3920442384e6e1db4d39d0b7f7');

--
-- Table structure for table `role`
--

CREATE TABLE `role` (
  `rid` int(10) unsigned NOT NULL AUTO_INCREMENT COMMENT 'Primary Key: Unique role ID.',
  `name` varchar(64) NOT NULL DEFAULT '' COMMENT 'Unique role name.',
  `weight` int(11) NOT NULL DEFAULT '0' COMMENT 'The weight of this role in listings and the user interface.',
  PRIMARY KEY (`rid`),
  UNIQUE KEY `name` (`name`),
  KEY `name_weight` (`name`,`weight`)
) ENGINE=MyISAM AUTO_INCREMENT=4 DEFAULT CHARSET=utf8 COMMENT='Stores user roles.';

--
-- Dumping data for table `role`
--

INSERT INTO `role` VALUES (3,'administrator',2),(1,'anonymous user',0),(2,'authenticated user',1);

--
-- Table structure for table `role_permission`
--

CREATE TABLE `role_permission` (
  `rid` int(10) unsigned NOT NULL COMMENT 'Foreign Key: role.rid.',
  `permission` varchar(128) NOT NULL DEFAULT '' COMMENT 'A single permission granted to the role identified by rid.',
  `module` varchar(255) NOT NULL DEFAULT '' COMMENT 'The module declaring the permission.',
  PRIMARY KEY (`rid`,`permission`),
  KEY `permission` (`permission`)
) ENGINE=MyISAM DEFAULT CHARSET=utf8 COMMENT='Stores the permissions assigned to user roles.';

--
-- Dumping data for table `role_permission`
--

INSERT INTO `role_permission` VALUES (1,'access comments','comment'),(1,'access content','node'),(1,'use text format filtered_html','filter'),(1,'view media','media'),(2,'access comments','comment'),(2,'access content','node'),(2,'post comments','comment'),(2,'skip comment approval','comment'),(2,'use text format filtered_html','filter'),(2,'view media','media'),(3,'access administration pages','system'),(3,'access all views','views'),(3,'access checkout','commerce_checkout'),(3,'access comments','comment'),(3,'access content','node'),(3,'access content overview','node'),(3,'access contextual links','contextual'),(3,'access customer profiles','commerce_customer'),(3,'access dashboard','dashboard'),(3,'access encrypt submissions','encrypt_submissions'),(3,'access orders','commerce_order'),(3,'access overlay','overlay'),(3,'access products','commerce_product'),(3,'access site in maintenance mode','system'),(3,'access site map','site_map'),(3,'access site reports','system'),(3,'access site-wide contact form','contact'),(3,'access toolbar','toolbar'),(3,'access user contact forms','contact'),(3,'access user profiles','user'),(3,'add media from remote sources','media_internet'),(3,'administer actions','system'),(3,'administer advanced pane settings','panels'),(3,'administer affiliates','affiliates'),(3,'administer blocks','block'),(3,'administer checkout','commerce_checkout'),(3,'administer comments','comment'),(3,'administer contact forms','contact'),(3,'administer content types','node'),(3,'administer coupon settings','commerce_coupon'),(3,'administer coupon types','commerce_coupon'),(3,'administer coupons','commerce_coupon'),(3,'administer ctools access ruleset','ctools_access_ruleset'),(3,'administer custom content','ctools_custom_content'),(3,'administer customer profile types','commerce_customer'),(3,'administer customer profiles','commerce_customer'),(3,'administer date tools','date_tools'),(3,'administer encrypt submissions','encrypt_submissions'),(3,'administer features','features'),(3,'administer fieldgroups','field_group'),(3,'administer filters','filter'),(3,'administer image styles','image'),(3,'administer line item types','commerce_line_item'),(3,'administer line items','commerce_line_item'),(3,'administer mailsystem','mailsystem'),(3,'administer media','media'),(3,'administer menu','menu'),(3,'administer mini panels','panels_mini'),(3,'administer modules','system'),(3,'administer nodes','node'),(3,'administer orders','commerce_order'),(3,'administer page manager','page_manager'),(3,'administer pane access','panels'),(3,'administer panel-nodes','panels_node'),(3,'administer panels layouts','panels'),(3,'administer payments','commerce_payment'),(3,'administer permissions','user'),(3,'administer product pricing','commerce_product_pricing_ui'),(3,'administer product types','commerce_product'),(3,'administer products','commerce_product'),(3,'administer rules','rules'),(3,'administer search','search'),(3,'administer shortcuts','shortcut'),(3,'administer site configuration','system'),(3,'administer software updates','system'),(3,'administer stylizer','stylizer'),(3,'administer taxes','commerce_tax_ui'),(3,'administer taxonomy','taxonomy'),(3,'administer themes','system'),(3,'administer url aliases','path'),(3,'administer users','user'),(3,'administer views','views'),(3,'affiliate click','affiliates'),(3,'affiliate view','affiliates'),(3,'block IP addresses','system'),(3,'bypass node access','node'),(3,'cancel account','user'),(3,'change own username','user'),(3,'commerce coupon batch creation','commerce_coupon_batch'),(3,'configure store','commerce'),(3,'create article content','node'),(3,'create billing customer profiles','commerce_customer'),(3,'create mini panels','panels_mini'),(3,'create orders','commerce_order'),(3,'create page content','node'),(3,'create panel content','node'),(3,'create panel-nodes','panels_node'),(3,'create payments','commerce_payment'),(3,'create product products','commerce_product'),(3,'create url aliases','path'),(3,'customize shortcut links','shortcut'),(3,'delete any article content','node'),(3,'delete any page content','node'),(3,'delete any panel content','node'),(3,'delete any panel-nodes','panels_node'),(3,'delete own article content','node'),(3,'delete own page content','node'),(3,'delete own panel content','node'),(3,'delete own panel-nodes','panels_node'),(3,'delete payments','commerce_payment'),(3,'delete revisions','node'),(3,'delete terms in 1','taxonomy'),(3,'edit any article content','node'),(3,'edit any billing customer profile','commerce_customer'),(3,'edit any order','commerce_order'),(3,'edit any page content','node'),(3,'edit any panel content','node'),(3,'edit any panel-nodes','panels_node'),(3,'edit any product product','commerce_product'),(3,'edit media','media'),(3,'edit own article content','node'),(3,'edit own billing customer profiles','commerce_customer'),(3,'edit own comments','comment'),(3,'edit own orders','commerce_order'),(3,'edit own page content','node'),(3,'edit own panel content','node'),(3,'edit own panel-nodes','panels_node'),(3,'edit own product products','commerce_product'),(3,'edit terms in 1','taxonomy'),(3,'import media','media'),(3,'manage features','features'),(3,'post comments','comment'),(3,'revert revisions','node'),(3,'search content','search'),(3,'select account cancellation method','user'),(3,'skip comment approval','comment'),(3,'switch shortcut sets','shortcut'),(3,'update payments','commerce_payment'),(3,'use advanced search','search'),(3,'use bulk exporter','bulk_export'),(3,'use page manager','page_manager'),(3,'use panels caching features','panels'),(3,'use panels dashboard','panels'),(3,'use panels in place editing','panels'),(3,'use text format filtered_html','filter'),(3,'use text format full_html','filter'),(3,'use views exporter','views_export'),(3,'view advanced help index','advanced_help'),(3,'view advanced help popup','advanced_help'),(3,'view advanced help topic','advanced_help'),(3,'view date repeats','date'),(3,'view media','media'),(3,'view own orders','commerce_order'),(3,'view own unpublished content','node'),(3,'view pane admin links','panels'),(3,'view payments','commerce_payment'),(3,'view revisions','node'),(3,'view the administration theme','system');

--
-- Table structure for table `rules_config`
--

CREATE TABLE `rules_config` (
  `id` int(11) NOT NULL AUTO_INCREMENT COMMENT 'The internal identifier for any configuration.',
  `name` varchar(255) NOT NULL COMMENT 'The name of the configuration.',
  `label` varchar(255) NOT NULL DEFAULT 'unlabeled' COMMENT 'The label of the configuration.',
  `plugin` varchar(127) NOT NULL COMMENT 'The name of the plugin of this configuration.',
  `active` int(11) NOT NULL DEFAULT '1' COMMENT 'Boolean indicating whether the configuration is active. Usage depends on how the using module makes use of it.',
  `weight` tinyint(4) NOT NULL DEFAULT '0' COMMENT 'Weight of the configuration. Usage depends on how the using module makes use of it.',
  `data` longblob COMMENT 'Everything else, serialized.',
  `status` tinyint(4) NOT NULL DEFAULT '1' COMMENT 'The exportable status of the entity.',
  `module` varchar(255) DEFAULT NULL COMMENT 'The name of the providing module if the entity has been defined in code.',
  PRIMARY KEY (`id`),
  UNIQUE KEY `name` (`name`)
) ENGINE=MyISAM AUTO_INCREMENT=20 DEFAULT CHARSET=utf8;

--
-- Dumping data for table `rules_config`
--

INSERT INTO `rules_config` VALUES (1,'commerce_cart_order_status_reset','Reset the cart order status on product add or remove','reaction rule',1,0,'O:17:\"RulesReactionRule\":13:{s:9:\"\0*\0parent\";N;s:2:\"id\";s:1:\"1\";s:12:\"\0*\0elementId\";N;s:6:\"weight\";i:0;s:8:\"settings\";a:0:{}s:4:\"name\";s:32:\"commerce_cart_order_status_reset\";s:6:\"module\";s:13:\"commerce_cart\";s:6:\"status\";i:2;s:5:\"label\";s:52:\"Reset the cart order status on product add or remove\";s:11:\"\0*\0children\";a:1:{i:0;O:11:\"RulesAction\":6:{s:9:\"\0*\0parent\";r:1;s:2:\"id\";N;s:12:\"\0*\0elementId\";N;s:6:\"weight\";i:0;s:8:\"settings\";a:3:{s:12:\"order:select\";s:5:\"order\";s:12:\"order_status\";s:4:\"cart\";s:18:\"#_needs_processing\";b:1;}s:14:\"\0*\0elementName\";s:28:\"commerce_order_update_status\";}}s:7:\"\0*\0info\";a:0:{}s:13:\"\0*\0conditions\";O:8:\"RulesAnd\":8:{s:9:\"\0*\0parent\";r:1;s:2:\"id\";N;s:12:\"\0*\0elementId\";N;s:6:\"weight\";i:0;s:8:\"settings\";a:0:{}s:11:\"\0*\0children\";a:0:{}s:7:\"\0*\0info\";a:0:{}s:9:\"\0*\0negate\";b:0;}s:9:\"\0*\0events\";a:2:{i:0;s:25:\"commerce_cart_product_add\";i:1;s:28:\"commerce_cart_product_remove\";}}',2,'commerce_cart'),(2,'commerce_checkout_order_status_update','Update the order status on checkout completion','reaction rule',1,0,'O:17:\"RulesReactionRule\":13:{s:9:\"\0*\0parent\";N;s:2:\"id\";s:1:\"2\";s:12:\"\0*\0elementId\";N;s:6:\"weight\";i:0;s:8:\"settings\";a:0:{}s:4:\"name\";s:37:\"commerce_checkout_order_status_update\";s:6:\"module\";s:17:\"commerce_checkout\";s:6:\"status\";i:2;s:5:\"label\";s:46:\"Update the order status on checkout completion\";s:11:\"\0*\0children\";a:1:{i:0;O:11:\"RulesAction\":6:{s:9:\"\0*\0parent\";r:1;s:2:\"id\";N;s:12:\"\0*\0elementId\";N;s:6:\"weight\";i:0;s:8:\"settings\";a:3:{s:12:\"order:select\";s:5:\"order\";s:11:\"order_state\";s:7:\"pending\";s:18:\"#_needs_processing\";b:1;}s:14:\"\0*\0elementName\";s:27:\"commerce_order_update_state\";}}s:7:\"\0*\0info\";a:0:{}s:13:\"\0*\0conditions\";O:8:\"RulesAnd\":8:{s:9:\"\0*\0parent\";r:1;s:2:\"id\";N;s:12:\"\0*\0elementId\";N;s:6:\"weight\";i:0;s:8:\"settings\";a:0:{}s:11:\"\0*\0children\";a:0:{}s:7:\"\0*\0info\";a:0:{}s:9:\"\0*\0negate\";b:0;}s:9:\"\0*\0events\";a:1:{i:0;s:26:\"commerce_checkout_complete\";}}',2,'commerce_checkout'),(3,'commerce_checkout_order_convert','Assign an anonymous order to a pre-existing user','reaction rule',1,1,'O:17:\"RulesReactionRule\":13:{s:9:\"\0*\0parent\";N;s:2:\"id\";s:1:\"3\";s:12:\"\0*\0elementId\";N;s:6:\"weight\";i:1;s:8:\"settings\";a:0:{}s:4:\"name\";s:31:\"commerce_checkout_order_convert\";s:6:\"module\";s:17:\"commerce_checkout\";s:6:\"status\";i:2;s:5:\"label\";s:48:\"Assign an anonymous order to a pre-existing user\";s:11:\"\0*\0children\";a:2:{i:0;O:11:\"RulesAction\":6:{s:9:\"\0*\0parent\";r:1;s:2:\"id\";N;s:12:\"\0*\0elementId\";N;s:6:\"weight\";i:0;s:8:\"settings\";a:7:{s:4:\"type\";s:4:\"user\";s:8:\"property\";s:4:\"mail\";s:12:\"value:select\";s:10:\"order:mail\";s:5:\"limit\";i:1;s:20:\"entity_fetched:label\";s:15:\"Fetched account\";s:18:\"entity_fetched:var\";s:15:\"account_fetched\";s:18:\"#_needs_processing\";b:1;}s:14:\"\0*\0elementName\";s:12:\"entity_query\";}i:1;O:9:\"RulesLoop\":7:{s:9:\"\0*\0parent\";r:1;s:2:\"id\";N;s:12:\"\0*\0elementId\";N;s:6:\"weight\";i:0;s:8:\"settings\";a:4:{s:11:\"list:select\";s:15:\"account-fetched\";s:8:\"item:var\";s:9:\"list_item\";s:10:\"item:label\";s:17:\"Current list item\";s:9:\"item:type\";s:4:\"user\";}s:11:\"\0*\0children\";a:2:{i:0;O:11:\"RulesAction\":6:{s:9:\"\0*\0parent\";r:26;s:2:\"id\";N;s:12:\"\0*\0elementId\";N;s:6:\"weight\";i:0;s:8:\"settings\";a:3:{s:11:\"data:select\";s:9:\"order:uid\";s:12:\"value:select\";s:13:\"list-item:uid\";s:18:\"#_needs_processing\";b:1;}s:14:\"\0*\0elementName\";s:8:\"data_set\";}i:1;O:11:\"RulesAction\":6:{s:9:\"\0*\0parent\";r:26;s:2:\"id\";N;s:12:\"\0*\0elementId\";N;s:6:\"weight\";i:0;s:8:\"settings\";a:3:{s:11:\"data:select\";s:35:\"order:commerce-customer-billing:uid\";s:12:\"value:select\";s:13:\"list-item:uid\";s:18:\"#_needs_processing\";b:1;}s:14:\"\0*\0elementName\";s:8:\"data_set\";}}s:7:\"\0*\0info\";a:0:{}}}s:7:\"\0*\0info\";a:0:{}s:13:\"\0*\0conditions\";O:8:\"RulesAnd\":8:{s:9:\"\0*\0parent\";r:1;s:2:\"id\";N;s:12:\"\0*\0elementId\";N;s:6:\"weight\";i:0;s:8:\"settings\";a:0:{}s:11:\"\0*\0children\";a:3:{i:0;O:14:\"RulesCondition\":7:{s:9:\"\0*\0parent\";r:59;s:2:\"id\";N;s:12:\"\0*\0elementId\";N;s:6:\"weight\";i:0;s:8:\"settings\";a:4:{s:11:\"data:select\";s:9:\"order:uid\";s:2:\"op\";s:2:\"==\";s:5:\"value\";s:1:\"0\";s:18:\"#_needs_processing\";b:1;}s:14:\"\0*\0elementName\";s:7:\"data_is\";s:9:\"\0*\0negate\";b:0;}i:1;O:14:\"RulesCondition\":7:{s:9:\"\0*\0parent\";r:59;s:2:\"id\";N;s:12:\"\0*\0elementId\";N;s:6:\"weight\";i:0;s:8:\"settings\";a:4:{s:4:\"type\";s:4:\"user\";s:8:\"property\";s:4:\"mail\";s:12:\"value:select\";s:10:\"order:mail\";s:18:\"#_needs_processing\";b:1;}s:14:\"\0*\0elementName\";s:13:\"entity_exists\";s:9:\"\0*\0negate\";b:0;}i:2;O:14:\"RulesCondition\":7:{s:9:\"\0*\0parent\";r:59;s:2:\"id\";N;s:12:\"\0*\0elementId\";N;s:6:\"weight\";i:0;s:8:\"settings\";a:4:{s:11:\"data:select\";s:10:\"order:type\";s:2:\"op\";s:2:\"==\";s:5:\"value\";s:14:\"commerce_order\";s:18:\"#_needs_processing\";b:1;}s:14:\"\0*\0elementName\";s:7:\"data_is\";s:9:\"\0*\0negate\";b:0;}}s:7:\"\0*\0info\";a:0:{}s:9:\"\0*\0negate\";b:0;}s:9:\"\0*\0events\";a:1:{i:0;s:26:\"commerce_checkout_complete\";}}',2,'commerce_checkout'),(4,'commerce_checkout_new_account','Create a new account for an anonymous order','reaction rule',1,2,'O:17:\"RulesReactionRule\":13:{s:9:\"\0*\0parent\";N;s:2:\"id\";s:1:\"4\";s:12:\"\0*\0elementId\";N;s:6:\"weight\";i:2;s:8:\"settings\";a:0:{}s:4:\"name\";s:29:\"commerce_checkout_new_account\";s:6:\"module\";s:17:\"commerce_checkout\";s:6:\"status\";i:2;s:5:\"label\";s:43:\"Create a new account for an anonymous order\";s:11:\"\0*\0children\";a:5:{i:0;O:11:\"RulesAction\":6:{s:9:\"\0*\0parent\";r:1;s:2:\"id\";N;s:12:\"\0*\0elementId\";N;s:6:\"weight\";i:0;s:8:\"settings\";a:6:{s:4:\"type\";s:4:\"user\";s:17:\"param_name:select\";s:10:\"order:mail\";s:17:\"param_mail:select\";s:10:\"order:mail\";s:20:\"entity_created:label\";s:15:\"Created account\";s:18:\"entity_created:var\";s:15:\"account_created\";s:18:\"#_needs_processing\";b:1;}s:14:\"\0*\0elementName\";s:13:\"entity_create\";}i:1;O:11:\"RulesAction\":6:{s:9:\"\0*\0parent\";r:1;s:2:\"id\";N;s:12:\"\0*\0elementId\";N;s:6:\"weight\";i:0;s:8:\"settings\";a:3:{s:11:\"data:select\";s:22:\"account-created:status\";s:5:\"value\";i:1;s:18:\"#_needs_processing\";b:1;}s:14:\"\0*\0elementName\";s:8:\"data_set\";}i:2;O:11:\"RulesAction\":6:{s:9:\"\0*\0parent\";r:1;s:2:\"id\";N;s:12:\"\0*\0elementId\";N;s:6:\"weight\";i:0;s:8:\"settings\";a:3:{s:11:\"data:select\";s:15:\"account-created\";s:9:\"immediate\";i:1;s:18:\"#_needs_processing\";b:1;}s:14:\"\0*\0elementName\";s:11:\"entity_save\";}i:3;O:11:\"RulesAction\":6:{s:9:\"\0*\0parent\";r:1;s:2:\"id\";N;s:12:\"\0*\0elementId\";N;s:6:\"weight\";i:0;s:8:\"settings\";a:7:{s:4:\"type\";s:4:\"user\";s:8:\"property\";s:4:\"mail\";s:12:\"value:select\";s:10:\"order:mail\";s:5:\"limit\";i:1;s:20:\"entity_fetched:label\";s:15:\"Fetched account\";s:18:\"entity_fetched:var\";s:15:\"account_fetched\";s:18:\"#_needs_processing\";b:1;}s:14:\"\0*\0elementName\";s:12:\"entity_query\";}i:4;O:9:\"RulesLoop\":7:{s:9:\"\0*\0parent\";r:1;s:2:\"id\";N;s:12:\"\0*\0elementId\";N;s:6:\"weight\";i:0;s:8:\"settings\";a:4:{s:11:\"list:select\";s:15:\"account-fetched\";s:8:\"item:var\";s:9:\"list_item\";s:10:\"item:label\";s:17:\"Current list item\";s:9:\"item:type\";s:4:\"user\";}s:11:\"\0*\0children\";a:3:{i:0;O:11:\"RulesAction\":6:{s:9:\"\0*\0parent\";r:59;s:2:\"id\";N;s:12:\"\0*\0elementId\";N;s:6:\"weight\";i:0;s:8:\"settings\";a:3:{s:14:\"account:select\";s:9:\"list-item\";s:10:\"email_type\";s:22:\"register_admin_created\";s:18:\"#_needs_processing\";b:1;}s:14:\"\0*\0elementName\";s:18:\"send_account_email\";}i:1;O:11:\"RulesAction\":6:{s:9:\"\0*\0parent\";r:59;s:2:\"id\";N;s:12:\"\0*\0elementId\";N;s:6:\"weight\";i:0;s:8:\"settings\";a:3:{s:11:\"data:select\";s:9:\"order:uid\";s:12:\"value:select\";s:13:\"list-item:uid\";s:18:\"#_needs_processing\";b:1;}s:14:\"\0*\0elementName\";s:8:\"data_set\";}i:2;O:11:\"RulesAction\":6:{s:9:\"\0*\0parent\";r:59;s:2:\"id\";N;s:12:\"\0*\0elementId\";N;s:6:\"weight\";i:0;s:8:\"settings\";a:3:{s:11:\"data:select\";s:35:\"order:commerce-customer-billing:uid\";s:12:\"value:select\";s:13:\"list-item:uid\";s:18:\"#_needs_processing\";b:1;}s:14:\"\0*\0elementName\";s:8:\"data_set\";}}s:7:\"\0*\0info\";a:0:{}}}s:7:\"\0*\0info\";a:0:{}s:13:\"\0*\0conditions\";O:8:\"RulesAnd\":8:{s:9:\"\0*\0parent\";r:1;s:2:\"id\";N;s:12:\"\0*\0elementId\";N;s:6:\"weight\";i:0;s:8:\"settings\";a:0:{}s:11:\"\0*\0children\";a:3:{i:0;O:14:\"RulesCondition\":7:{s:9:\"\0*\0parent\";r:102;s:2:\"id\";N;s:12:\"\0*\0elementId\";N;s:6:\"weight\";i:0;s:8:\"settings\";a:4:{s:11:\"data:select\";s:9:\"order:uid\";s:2:\"op\";s:2:\"==\";s:5:\"value\";s:1:\"0\";s:18:\"#_needs_processing\";b:1;}s:14:\"\0*\0elementName\";s:7:\"data_is\";s:9:\"\0*\0negate\";b:0;}i:1;O:14:\"RulesCondition\":7:{s:9:\"\0*\0parent\";r:102;s:2:\"id\";N;s:12:\"\0*\0elementId\";N;s:6:\"weight\";i:0;s:8:\"settings\";a:4:{s:4:\"type\";s:4:\"user\";s:8:\"property\";s:4:\"mail\";s:12:\"value:select\";s:10:\"order:mail\";s:18:\"#_needs_processing\";b:1;}s:14:\"\0*\0elementName\";s:13:\"entity_exists\";s:9:\"\0*\0negate\";b:1;}i:2;O:14:\"RulesCondition\":7:{s:9:\"\0*\0parent\";r:102;s:2:\"id\";N;s:12:\"\0*\0elementId\";N;s:6:\"weight\";i:0;s:8:\"settings\";a:4:{s:11:\"data:select\";s:10:\"order:type\";s:2:\"op\";s:2:\"==\";s:5:\"value\";s:14:\"commerce_order\";s:18:\"#_needs_processing\";b:1;}s:14:\"\0*\0elementName\";s:7:\"data_is\";s:9:\"\0*\0negate\";b:0;}}s:7:\"\0*\0info\";a:0:{}s:9:\"\0*\0negate\";b:0;}s:9:\"\0*\0events\";a:1:{i:0;s:26:\"commerce_checkout_complete\";}}',2,'commerce_checkout'),(5,'commerce_checkout_order_email','Send an order notification e-mail','reaction rule',1,4,'O:17:\"RulesReactionRule\":13:{s:9:\"\0*\0parent\";N;s:2:\"id\";s:1:\"5\";s:12:\"\0*\0elementId\";N;s:6:\"weight\";i:4;s:8:\"settings\";a:0:{}s:4:\"name\";s:29:\"commerce_checkout_order_email\";s:6:\"module\";s:17:\"commerce_checkout\";s:6:\"status\";i:2;s:5:\"label\";s:33:\"Send an order notification e-mail\";s:11:\"\0*\0children\";a:1:{i:0;O:11:\"RulesAction\":6:{s:9:\"\0*\0parent\";r:1;s:2:\"id\";N;s:12:\"\0*\0elementId\";N;s:6:\"weight\";i:0;s:8:\"settings\";a:5:{s:9:\"to:select\";s:10:\"order:mail\";s:7:\"subject\";s:41:\"Order [order:order-number] at [site:name]\";s:7:\"message\";s:424:\"Thanks for your order [order:order-number] at [site:name].\n\nIf this is your first order with us, you will receive a separate e-mail with login instructions. You can view your order history with us at any time by logging into our website at:\n\n[site:login-url]\n\nYou can find the status of your current order at:\n\n[site:url]user/[order:uid]/orders/[order:order-id]\n\nPlease contact us if you have any questions about your order.\";s:4:\"from\";s:0:\"\";s:18:\"#_needs_processing\";b:1;}s:14:\"\0*\0elementName\";s:4:\"mail\";}}s:7:\"\0*\0info\";a:0:{}s:13:\"\0*\0conditions\";O:8:\"RulesAnd\":8:{s:9:\"\0*\0parent\";r:1;s:2:\"id\";N;s:12:\"\0*\0elementId\";N;s:6:\"weight\";i:0;s:8:\"settings\";a:0:{}s:11:\"\0*\0children\";a:0:{}s:7:\"\0*\0info\";a:0:{}s:9:\"\0*\0negate\";b:0;}s:9:\"\0*\0events\";a:1:{i:0;s:26:\"commerce_checkout_complete\";}}',2,'commerce_checkout'),(6,'commerce_coupon_apply_basic_coupon_to_item_line','Calculate Coupon amount','rule',1,0,'O:4:\"Rule\":12:{s:9:\"\0*\0parent\";N;s:2:\"id\";s:1:\"6\";s:12:\"\0*\0elementId\";N;s:6:\"weight\";i:0;s:8:\"settings\";a:0:{}s:4:\"name\";s:47:\"commerce_coupon_apply_basic_coupon_to_item_line\";s:6:\"module\";s:21:\"commerce_coupon_basic\";s:6:\"status\";i:2;s:5:\"label\";s:23:\"Calculate Coupon amount\";s:11:\"\0*\0children\";a:1:{i:0;O:11:\"RulesAction\":6:{s:9:\"\0*\0parent\";r:1;s:2:\"id\";N;s:12:\"\0*\0elementId\";N;s:6:\"weight\";i:0;s:8:\"settings\";a:3:{s:16:\"line_item:select\";s:9:\"line-item\";s:13:\"coupon:select\";s:6:\"coupon\";s:18:\"#_needs_processing\";b:1;}s:14:\"\0*\0elementName\";s:40:\"commerce_coupon_basic_apply_to_item_line\";}}s:7:\"\0*\0info\";a:1:{s:9:\"variables\";a:2:{s:9:\"line_item\";a:2:{s:4:\"type\";s:18:\"commerce_line_item\";s:5:\"label\";s:9:\"Line item\";}s:6:\"coupon\";a:2:{s:4:\"type\";s:15:\"commerce_coupon\";s:5:\"label\";s:6:\"Coupon\";}}}s:13:\"\0*\0conditions\";O:8:\"RulesAnd\":8:{s:9:\"\0*\0parent\";r:1;s:2:\"id\";N;s:12:\"\0*\0elementId\";N;s:6:\"weight\";i:0;s:8:\"settings\";a:0:{}s:11:\"\0*\0children\";a:0:{}s:7:\"\0*\0info\";a:0:{}s:9:\"\0*\0negate\";b:0;}}',2,'commerce_coupon_basic'),(7,'commerce_coupon_calculate_basic_coupon_amount','Calculate coupon amount: Coupon','reaction rule',1,0,'O:17:\"RulesReactionRule\":13:{s:9:\"\0*\0parent\";N;s:2:\"id\";s:1:\"7\";s:12:\"\0*\0elementId\";N;s:6:\"weight\";i:0;s:8:\"settings\";a:0:{}s:4:\"name\";s:45:\"commerce_coupon_calculate_basic_coupon_amount\";s:6:\"module\";s:21:\"commerce_coupon_basic\";s:6:\"status\";i:2;s:5:\"label\";s:31:\"Calculate coupon amount: Coupon\";s:11:\"\0*\0children\";a:1:{i:0;O:11:\"RulesAction\":6:{s:9:\"\0*\0parent\";r:1;s:2:\"id\";N;s:12:\"\0*\0elementId\";N;s:6:\"weight\";i:0;s:8:\"settings\";a:2:{s:16:\"line_item:select\";s:9:\"line-item\";s:18:\"#_needs_processing\";b:1;}s:14:\"\0*\0elementName\";s:49:\"commerce_coupon_basic_calculate_percentage_amount\";}}s:7:\"\0*\0info\";a:0:{}s:13:\"\0*\0conditions\";O:8:\"RulesAnd\":8:{s:9:\"\0*\0parent\";r:1;s:2:\"id\";N;s:12:\"\0*\0elementId\";N;s:6:\"weight\";i:0;s:8:\"settings\";a:0:{}s:11:\"\0*\0children\";a:0:{}s:7:\"\0*\0info\";a:0:{}s:9:\"\0*\0negate\";b:0;}s:9:\"\0*\0events\";a:1:{i:0;s:37:\"commerce_product_calculate_sell_price\";}}',2,'commerce_coupon_basic'),(8,'commerce_coupon_basic_fixed_amount','Calculate coupon with fixed amount','reaction rule',1,0,'O:17:\"RulesReactionRule\":13:{s:9:\"\0*\0parent\";N;s:2:\"id\";s:1:\"8\";s:12:\"\0*\0elementId\";N;s:6:\"weight\";i:0;s:8:\"settings\";a:0:{}s:4:\"name\";s:34:\"commerce_coupon_basic_fixed_amount\";s:6:\"module\";s:21:\"commerce_coupon_basic\";s:6:\"status\";i:2;s:5:\"label\";s:34:\"Calculate coupon with fixed amount\";s:11:\"\0*\0children\";a:2:{i:0;O:11:\"RulesAction\":6:{s:9:\"\0*\0parent\";r:1;s:2:\"id\";N;s:12:\"\0*\0elementId\";N;s:6:\"weight\";i:0;s:8:\"settings\";a:5:{s:22:\"commerce_coupon:select\";s:6:\"coupon\";s:21:\"commerce_order:select\";s:5:\"order\";s:13:\"amount:select\";s:42:\"coupon:commerce-coupon-fixed-amount:amount\";s:20:\"currency_code:select\";s:49:\"coupon:commerce-coupon-fixed-amount:currency-code\";s:18:\"#_needs_processing\";b:1;}s:14:\"\0*\0elementName\";s:46:\"commerce_coupon_action_create_coupon_line_item\";}i:1;O:11:\"RulesAction\":6:{s:9:\"\0*\0parent\";r:1;s:2:\"id\";N;s:12:\"\0*\0elementId\";N;s:6:\"weight\";i:0;s:8:\"settings\";a:4:{s:26:\"commerce_coupon_log:select\";s:10:\"coupon-log\";s:13:\"amount:select\";s:42:\"coupon:commerce-coupon-fixed-amount:amount\";s:20:\"currency_code:select\";s:49:\"coupon:commerce-coupon-fixed-amount:currency-code\";s:18:\"#_needs_processing\";b:1;}s:14:\"\0*\0elementName\";s:41:\"commerce_coupon_action_set_granted_amount\";}}s:7:\"\0*\0info\";a:0:{}s:13:\"\0*\0conditions\";O:8:\"RulesAnd\":8:{s:9:\"\0*\0parent\";r:1;s:2:\"id\";N;s:12:\"\0*\0elementId\";N;s:6:\"weight\";i:0;s:8:\"settings\";a:0:{}s:11:\"\0*\0children\";a:2:{i:0;O:14:\"RulesCondition\":7:{s:9:\"\0*\0parent\";r:36;s:2:\"id\";N;s:12:\"\0*\0elementId\";N;s:6:\"weight\";i:0;s:8:\"settings\";a:3:{s:13:\"entity:select\";s:6:\"coupon\";s:5:\"field\";s:28:\"commerce_coupon_fixed_amount\";s:18:\"#_needs_processing\";b:1;}s:14:\"\0*\0elementName\";s:16:\"entity_has_field\";s:9:\"\0*\0negate\";b:0;}i:1;O:14:\"RulesCondition\":7:{s:9:\"\0*\0parent\";r:36;s:2:\"id\";N;s:12:\"\0*\0elementId\";N;s:6:\"weight\";i:0;s:8:\"settings\";a:4:{s:11:\"data:select\";s:42:\"coupon:commerce-coupon-fixed-amount:amount\";s:2:\"op\";s:1:\">\";s:5:\"value\";i:0;s:18:\"#_needs_processing\";b:1;}s:14:\"\0*\0elementName\";s:7:\"data_is\";s:9:\"\0*\0negate\";b:0;}}s:7:\"\0*\0info\";a:0:{}s:9:\"\0*\0negate\";b:0;}s:9:\"\0*\0events\";a:1:{i:0;s:22:\"commerce_coupon_redeem\";}}',2,'commerce_coupon_basic'),(9,'commerce_coupon_basic_validate_uses_of_coupon_component','Coupon Validation: Set the coupon as invalid if number of uses is reached','rule',1,0,'O:4:\"Rule\":12:{s:9:\"\0*\0parent\";N;s:2:\"id\";s:1:\"9\";s:12:\"\0*\0elementId\";N;s:6:\"weight\";i:0;s:8:\"settings\";a:0:{}s:4:\"name\";s:55:\"commerce_coupon_basic_validate_uses_of_coupon_component\";s:6:\"module\";s:21:\"commerce_coupon_basic\";s:6:\"status\";i:2;s:5:\"label\";s:73:\"Coupon Validation: Set the coupon as invalid if number of uses is reached\";s:11:\"\0*\0children\";a:2:{i:0;O:11:\"RulesAction\":6:{s:9:\"\0*\0parent\";r:1;s:2:\"id\";N;s:12:\"\0*\0elementId\";N;s:6:\"weight\";i:0;s:8:\"settings\";a:3:{s:7:\"message\";s:37:\"The coupon is already too often used.\";s:4:\"type\";s:5:\"error\";s:18:\"#_needs_processing\";b:1;}s:14:\"\0*\0elementName\";s:14:\"drupal_message\";}i:1;O:11:\"RulesAction\":6:{s:9:\"\0*\0parent\";r:1;s:2:\"id\";N;s:12:\"\0*\0elementId\";N;s:6:\"weight\";i:0;s:8:\"settings\";a:1:{s:18:\"#_needs_processing\";b:1;}s:14:\"\0*\0elementName\";s:40:\"commerce_coupon_action_is_invalid_coupon\";}}s:7:\"\0*\0info\";a:1:{s:9:\"variables\";a:2:{s:15:\"commerce_coupon\";a:2:{s:4:\"type\";s:15:\"commerce_coupon\";s:5:\"label\";s:6:\"Coupon\";}s:21:\"number_of_redemptions\";a:2:{s:4:\"type\";s:7:\"integer\";s:5:\"label\";s:21:\"Number Of Redemptions\";}}}s:13:\"\0*\0conditions\";O:8:\"RulesAnd\":8:{s:9:\"\0*\0parent\";r:1;s:2:\"id\";N;s:12:\"\0*\0elementId\";N;s:6:\"weight\";i:0;s:8:\"settings\";a:0:{}s:11:\"\0*\0children\";a:2:{i:0;O:14:\"RulesCondition\":7:{s:9:\"\0*\0parent\";r:38;s:2:\"id\";N;s:12:\"\0*\0elementId\";N;s:6:\"weight\";i:0;s:8:\"settings\";a:3:{s:13:\"entity:select\";s:15:\"commerce_coupon\";s:5:\"field\";s:30:\"commerce_coupon_number_of_uses\";s:18:\"#_needs_processing\";b:1;}s:14:\"\0*\0elementName\";s:16:\"entity_has_field\";s:9:\"\0*\0negate\";b:0;}i:1;O:8:\"RulesAnd\":8:{s:9:\"\0*\0parent\";r:38;s:2:\"id\";N;s:12:\"\0*\0elementId\";N;s:6:\"weight\";i:0;s:8:\"settings\";a:0:{}s:11:\"\0*\0children\";a:1:{i:0;O:7:\"RulesOr\":8:{s:9:\"\0*\0parent\";r:56;s:2:\"id\";N;s:12:\"\0*\0elementId\";N;s:6:\"weight\";i:0;s:8:\"settings\";a:0:{}s:11:\"\0*\0children\";a:2:{i:0;O:14:\"RulesCondition\":7:{s:9:\"\0*\0parent\";r:63;s:2:\"id\";N;s:12:\"\0*\0elementId\";N;s:6:\"weight\";i:0;s:8:\"settings\";a:4:{s:11:\"data:select\";s:46:\"commerce_coupon:commerce-coupon-number-of-uses\";s:2:\"op\";s:1:\"<\";s:12:\"value:select\";s:21:\"number-of-redemptions\";s:18:\"#_needs_processing\";b:1;}s:14:\"\0*\0elementName\";s:7:\"data_is\";s:9:\"\0*\0negate\";b:0;}i:1;O:14:\"RulesCondition\":7:{s:9:\"\0*\0parent\";r:63;s:2:\"id\";N;s:12:\"\0*\0elementId\";N;s:6:\"weight\";i:0;s:8:\"settings\";a:3:{s:11:\"data:select\";s:46:\"commerce_coupon:commerce-coupon-number-of-uses\";s:12:\"value:select\";s:21:\"number-of-redemptions\";s:18:\"#_needs_processing\";b:1;}s:14:\"\0*\0elementName\";s:7:\"data_is\";s:9:\"\0*\0negate\";b:0;}}s:7:\"\0*\0info\";a:0:{}s:9:\"\0*\0negate\";b:0;}}s:7:\"\0*\0info\";a:0:{}s:9:\"\0*\0negate\";b:0;}}s:7:\"\0*\0info\";a:0:{}s:9:\"\0*\0negate\";b:0;}}',2,'commerce_coupon_basic'),(10,'commerce_coupon_basic_validate_uses_of_coupon','Coupon Validation: Check the number of redemptions','reaction rule',1,0,'O:17:\"RulesReactionRule\":13:{s:9:\"\0*\0parent\";N;s:2:\"id\";s:2:\"10\";s:12:\"\0*\0elementId\";N;s:6:\"weight\";i:0;s:8:\"settings\";a:0:{}s:4:\"name\";s:45:\"commerce_coupon_basic_validate_uses_of_coupon\";s:6:\"module\";s:21:\"commerce_coupon_basic\";s:6:\"status\";i:2;s:5:\"label\";s:50:\"Coupon Validation: Check the number of redemptions\";s:11:\"\0*\0children\";a:2:{i:0;O:11:\"RulesAction\":6:{s:9:\"\0*\0parent\";r:1;s:2:\"id\";N;s:12:\"\0*\0elementId\";N;s:6:\"weight\";i:0;s:8:\"settings\";a:2:{s:22:\"commerce_coupon:select\";s:6:\"coupon\";s:18:\"#_needs_processing\";b:1;}s:14:\"\0*\0elementName\";s:38:\"commerce_coupon_action_get_coupon_uses\";}i:1;O:11:\"RulesAction\":6:{s:9:\"\0*\0parent\";r:1;s:2:\"id\";N;s:12:\"\0*\0elementId\";N;s:6:\"weight\";i:0;s:8:\"settings\";a:3:{s:22:\"commerce_coupon:select\";s:6:\"coupon\";s:28:\"number_of_redemptions:select\";s:14:\"number-of-uses\";s:18:\"#_needs_processing\";b:1;}s:14:\"\0*\0elementName\";s:65:\"component_commerce_coupon_basic_validate_uses_of_coupon_component\";}}s:7:\"\0*\0info\";a:0:{}s:13:\"\0*\0conditions\";O:8:\"RulesAnd\":8:{s:9:\"\0*\0parent\";r:1;s:2:\"id\";N;s:12:\"\0*\0elementId\";N;s:6:\"weight\";i:0;s:8:\"settings\";a:0:{}s:11:\"\0*\0children\";a:1:{i:0;O:14:\"RulesCondition\":7:{s:9:\"\0*\0parent\";r:32;s:2:\"id\";N;s:12:\"\0*\0elementId\";N;s:6:\"weight\";i:0;s:8:\"settings\";a:3:{s:13:\"entity:select\";s:6:\"coupon\";s:5:\"field\";s:30:\"commerce_coupon_number_of_uses\";s:18:\"#_needs_processing\";b:1;}s:14:\"\0*\0elementName\";s:16:\"entity_has_field\";s:9:\"\0*\0negate\";b:0;}}s:7:\"\0*\0info\";a:0:{}s:9:\"\0*\0negate\";b:0;}s:9:\"\0*\0events\";a:1:{i:0;s:24:\"commerce_coupon_validate\";}}',2,'commerce_coupon_basic'),(11,'commerce_payment_commerce_payment_example','Example payment','reaction rule',1,0,'O:17:\"RulesReactionRule\":13:{s:9:\"\0*\0parent\";N;s:2:\"id\";s:2:\"11\";s:12:\"\0*\0elementId\";N;s:6:\"weight\";i:0;s:8:\"settings\";a:0:{}s:4:\"name\";s:41:\"commerce_payment_commerce_payment_example\";s:6:\"module\";s:16:\"commerce_payment\";s:6:\"status\";i:2;s:5:\"label\";s:15:\"Example payment\";s:11:\"\0*\0children\";a:1:{i:0;O:11:\"RulesAction\":6:{s:9:\"\0*\0parent\";r:1;s:2:\"id\";N;s:12:\"\0*\0elementId\";N;s:6:\"weight\";i:0;s:8:\"settings\";a:3:{s:21:\"commerce_order:select\";s:5:\"order\";s:14:\"payment_method\";s:24:\"commerce_payment_example\";s:18:\"#_needs_processing\";b:1;}s:14:\"\0*\0elementName\";s:48:\"commerce_payment_enable_commerce_payment_example\";}}s:7:\"\0*\0info\";a:0:{}s:13:\"\0*\0conditions\";O:8:\"RulesAnd\":8:{s:9:\"\0*\0parent\";r:1;s:2:\"id\";N;s:12:\"\0*\0elementId\";N;s:6:\"weight\";i:0;s:8:\"settings\";a:0:{}s:11:\"\0*\0children\";a:0:{}s:7:\"\0*\0info\";a:0:{}s:9:\"\0*\0negate\";b:0;}s:9:\"\0*\0events\";a:1:{i:0;s:24:\"commerce_payment_methods\";}}',2,'commerce_payment'),(12,'commerce_payment_paypal_wps','PayPal WPS','reaction rule',0,0,'O:17:\"RulesReactionRule\":13:{s:9:\"\0*\0parent\";N;s:2:\"id\";s:2:\"12\";s:12:\"\0*\0elementId\";N;s:6:\"weight\";i:0;s:8:\"settings\";a:0:{}s:4:\"name\";s:27:\"commerce_payment_paypal_wps\";s:6:\"module\";s:16:\"commerce_payment\";s:6:\"status\";i:2;s:5:\"label\";s:10:\"PayPal WPS\";s:11:\"\0*\0children\";a:1:{i:0;O:11:\"RulesAction\":6:{s:9:\"\0*\0parent\";r:1;s:2:\"id\";N;s:12:\"\0*\0elementId\";N;s:6:\"weight\";i:0;s:8:\"settings\";a:3:{s:21:\"commerce_order:select\";s:5:\"order\";s:14:\"payment_method\";s:10:\"paypal_wps\";s:18:\"#_needs_processing\";b:1;}s:14:\"\0*\0elementName\";s:34:\"commerce_payment_enable_paypal_wps\";}}s:7:\"\0*\0info\";a:0:{}s:13:\"\0*\0conditions\";O:8:\"RulesAnd\":8:{s:9:\"\0*\0parent\";r:1;s:2:\"id\";N;s:12:\"\0*\0elementId\";N;s:6:\"weight\";i:0;s:8:\"settings\";a:0:{}s:11:\"\0*\0children\";a:0:{}s:7:\"\0*\0info\";a:0:{}s:9:\"\0*\0negate\";b:0;}s:9:\"\0*\0events\";a:1:{i:0;s:24:\"commerce_payment_methods\";}}',2,'commerce_payment'),(13,'commerce_product_bundle_calculation_of_product_price','Calculate Bundle Product Price','reaction rule',1,0,'O:17:\"RulesReactionRule\":13:{s:9:\"\0*\0parent\";N;s:2:\"id\";s:2:\"13\";s:12:\"\0*\0elementId\";N;s:6:\"weight\";i:0;s:8:\"settings\";a:0:{}s:4:\"name\";s:52:\"commerce_product_bundle_calculation_of_product_price\";s:6:\"module\";s:23:\"commerce_product_bundle\";s:6:\"status\";i:2;s:5:\"label\";s:30:\"Calculate Bundle Product Price\";s:11:\"\0*\0children\";a:1:{i:0;O:11:\"RulesAction\":6:{s:9:\"\0*\0parent\";r:1;s:2:\"id\";N;s:12:\"\0*\0elementId\";N;s:6:\"weight\";i:0;s:8:\"settings\";a:3:{s:16:\"line_item:select\";s:9:\"line_item\";s:20:\"multiply_by_quantity\";s:1:\"1\";s:18:\"#_needs_processing\";b:1;}s:14:\"\0*\0elementName\";s:39:\"commerce_product_bundle_calculate_price\";}}s:7:\"\0*\0info\";a:0:{}s:13:\"\0*\0conditions\";O:8:\"RulesAnd\":8:{s:9:\"\0*\0parent\";r:1;s:2:\"id\";N;s:12:\"\0*\0elementId\";N;s:6:\"weight\";i:0;s:8:\"settings\";a:0:{}s:11:\"\0*\0children\";a:0:{}s:7:\"\0*\0info\";a:0:{}s:9:\"\0*\0negate\";b:0;}s:9:\"\0*\0events\";a:1:{i:0;s:37:\"commerce_product_calculate_sell_price\";}}',2,'commerce_product_bundle'),(14,'commerce_shipping_commerce_shipping_example','Shipping example method','reaction rule',0,0,'O:17:\"RulesReactionRule\":13:{s:9:\"\0*\0parent\";N;s:2:\"id\";s:2:\"14\";s:12:\"\0*\0elementId\";N;s:6:\"weight\";i:0;s:8:\"settings\";a:0:{}s:4:\"name\";s:43:\"commerce_shipping_commerce_shipping_example\";s:6:\"module\";s:17:\"commerce_shipping\";s:6:\"status\";i:2;s:5:\"label\";s:23:\"Shipping example method\";s:11:\"\0*\0children\";a:1:{i:0;O:11:\"RulesAction\":6:{s:9:\"\0*\0parent\";r:1;s:2:\"id\";N;s:12:\"\0*\0elementId\";N;s:6:\"weight\";i:0;s:8:\"settings\";a:3:{s:21:\"commerce_order:select\";s:5:\"order\";s:15:\"shipping_method\";s:25:\"commerce_shipping_example\";s:18:\"#_needs_processing\";b:1;}s:14:\"\0*\0elementName\";s:50:\"commerce_shipping_enable_commerce_shipping_example\";}}s:7:\"\0*\0info\";a:0:{}s:13:\"\0*\0conditions\";O:8:\"RulesAnd\":8:{s:9:\"\0*\0parent\";r:1;s:2:\"id\";N;s:12:\"\0*\0elementId\";N;s:6:\"weight\";i:0;s:8:\"settings\";a:0:{}s:11:\"\0*\0children\";a:0:{}s:7:\"\0*\0info\";a:0:{}s:9:\"\0*\0negate\";b:0;}s:9:\"\0*\0events\";a:1:{i:0;s:25:\"commerce_shipping_methods\";}}',2,'commerce_shipping'),(15,'commerce_tax_type_sales_tax','Calculate taxes: Sales tax','reaction rule',1,0,'O:17:\"RulesReactionRule\":13:{s:9:\"\0*\0parent\";N;s:2:\"id\";s:2:\"15\";s:12:\"\0*\0elementId\";N;s:6:\"weight\";i:0;s:8:\"settings\";a:0:{}s:4:\"name\";s:27:\"commerce_tax_type_sales_tax\";s:6:\"module\";s:12:\"commerce_tax\";s:6:\"status\";i:2;s:5:\"label\";s:26:\"Calculate taxes: Sales tax\";s:11:\"\0*\0children\";a:1:{i:0;O:11:\"RulesAction\":6:{s:9:\"\0*\0parent\";r:1;s:2:\"id\";N;s:12:\"\0*\0elementId\";N;s:6:\"weight\";i:0;s:8:\"settings\";a:3:{s:16:\"line_item:select\";s:9:\"line-item\";s:13:\"tax_type_name\";s:9:\"sales_tax\";s:18:\"#_needs_processing\";b:1;}s:14:\"\0*\0elementName\";s:30:\"commerce_tax_calculate_by_type\";}}s:7:\"\0*\0info\";a:0:{}s:13:\"\0*\0conditions\";O:8:\"RulesAnd\":8:{s:9:\"\0*\0parent\";r:1;s:2:\"id\";N;s:12:\"\0*\0elementId\";N;s:6:\"weight\";i:0;s:8:\"settings\";a:0:{}s:11:\"\0*\0children\";a:0:{}s:7:\"\0*\0info\";a:0:{}s:9:\"\0*\0negate\";b:0;}s:9:\"\0*\0events\";a:1:{i:0;s:37:\"commerce_product_calculate_sell_price\";}}',2,'commerce_tax'),(17,'commerce_tax_type_vat','Calculate taxes: VAT','reaction rule',1,0,'O:17:\"RulesReactionRule\":13:{s:9:\"\0*\0parent\";N;s:2:\"id\";s:2:\"17\";s:12:\"\0*\0elementId\";N;s:6:\"weight\";i:0;s:8:\"settings\";a:0:{}s:4:\"name\";s:21:\"commerce_tax_type_vat\";s:6:\"module\";s:12:\"commerce_tax\";s:6:\"status\";i:2;s:5:\"label\";s:20:\"Calculate taxes: VAT\";s:11:\"\0*\0children\";a:1:{i:0;O:11:\"RulesAction\":6:{s:9:\"\0*\0parent\";r:1;s:2:\"id\";N;s:12:\"\0*\0elementId\";N;s:6:\"weight\";i:0;s:8:\"settings\";a:3:{s:16:\"line_item:select\";s:9:\"line-item\";s:13:\"tax_type_name\";s:3:\"vat\";s:18:\"#_needs_processing\";b:1;}s:14:\"\0*\0elementName\";s:30:\"commerce_tax_calculate_by_type\";}}s:7:\"\0*\0info\";a:0:{}s:13:\"\0*\0conditions\";O:8:\"RulesAnd\":8:{s:9:\"\0*\0parent\";r:1;s:2:\"id\";N;s:12:\"\0*\0elementId\";N;s:6:\"weight\";i:0;s:8:\"settings\";a:0:{}s:11:\"\0*\0children\";a:0:{}s:7:\"\0*\0info\";a:0:{}s:9:\"\0*\0negate\";b:0;}s:9:\"\0*\0events\";a:1:{i:0;s:37:\"commerce_product_calculate_sell_price\";}}',2,'commerce_tax'),(19,'commerce_price_table_override_price','Override price with price table','reaction rule',1,-10,'O:17:\"RulesReactionRule\":13:{s:9:\"\0*\0parent\";N;s:2:\"id\";s:2:\"19\";s:12:\"\0*\0elementId\";N;s:6:\"weight\";i:-10;s:8:\"settings\";a:0:{}s:4:\"name\";s:35:\"commerce_price_table_override_price\";s:6:\"module\";s:20:\"commerce_price_table\";s:6:\"status\";i:2;s:5:\"label\";s:31:\"Override price with price table\";s:11:\"\0*\0children\";a:1:{i:0;O:11:\"RulesAction\":6:{s:9:\"\0*\0parent\";r:1;s:2:\"id\";N;s:12:\"\0*\0elementId\";N;s:6:\"weight\";i:0;s:8:\"settings\";a:2:{s:16:\"line_item:select\";s:9:\"line-item\";s:18:\"#_needs_processing\";b:1;}s:14:\"\0*\0elementName\";s:30:\"commerce_price_table_set_price\";}}s:7:\"\0*\0info\";a:0:{}s:13:\"\0*\0conditions\";O:8:\"RulesAnd\":8:{s:9:\"\0*\0parent\";r:1;s:2:\"id\";N;s:12:\"\0*\0elementId\";N;s:6:\"weight\";i:0;s:8:\"settings\";a:0:{}s:11:\"\0*\0children\";a:0:{}s:7:\"\0*\0info\";a:0:{}s:9:\"\0*\0negate\";b:0;}s:9:\"\0*\0events\";a:1:{i:0;s:37:\"commerce_product_calculate_sell_price\";}}',2,'commerce_price_table');

--
