--
-- Host: localhost    Database: andreaho_tdc
-- ------------------------------------------------------


--
-- Current Database: `andreaho_tdc`
--

CREATE DATABASE /*!32312 IF NOT EXISTS*/ `andreaho_tdc` /*!40100 DEFAULT CHARACTER SET latin1 */;

USE `andreaho_tdc`;

--
-- Table structure for table `categories`
--

CREATE TABLE `categories` (
  `id` int(11) NOT NULL AUTO_INCREMENT,
  `name` text NOT NULL,
  PRIMARY KEY (`id`)
) ENGINE=MyISAM AUTO_INCREMENT=6 DEFAULT CHARSET=latin1;

--
-- Dumping data for table `categories`
--

INSERT INTO `categories` VALUES (1,'Product'),(2,'Marketing'),(3,'Branding'),(4,'Business'),(5,'Collections');

--
-- Table structure for table `downloads`
--

CREATE TABLE `downloads` (
  `member_id` int(11) NOT NULL,
  `template_id` int(11) NOT NULL
) ENGINE=MyISAM DEFAULT CHARSET=latin1;

--
-- Dumping data for table `downloads`
--

INSERT INTO `downloads` VALUES (1,3),(10,3),(10,3),(10,3),(10,3),(13,9),(13,11),(16,5),(16,16),(16,9),(16,9),(16,9),(19,15),(19,13),(19,9),(19,9),(19,5),(23,5),(23,6),(23,7),(22,12),(21,15),(18,10),(18,9),(18,12),(18,2),(18,5),(21,18),(21,13),(21,12),(21,14),(22,10),(25,3),(25,2),(25,13),(25,15),(25,16),(21,17),(21,12),(21,2),(21,3),(21,5),(21,10),(21,9),(21,6),(21,7),(21,8),(21,4),(21,6),(21,4),(21,4),(19,2),(18,10),(26,5),(26,9),(26,10),(26,12),(26,2),(26,16),(21,16),(28,13),(28,15),(27,5),(27,9),(27,6),(27,10),(27,3),(27,12),(27,2),(27,13),(27,14),(28,16),(28,2),(28,14),(28,3),(28,12),(29,13),(28,5),(28,6),(28,7),(28,8),(28,9),(28,10),(28,4),(28,5),(28,6),(28,7),(28,8),(28,9),(28,10),(23,2),(23,3),(23,16),(23,15),(23,12),(30,5),(30,6),(30,7),(30,8),(30,9),(30,10),(30,3),(30,2),(30,12),(30,13),(30,16),(26,7),(29,16),(29,16),(29,16),(29,13),(18,9),(18,16),(18,3),(31,18),(31,15),(31,16),(31,3),(31,12),(31,2),(31,14),(31,13),(31,17),(31,2),(31,4),(31,5),(31,6),(31,7),(31,7),(31,7),(31,8),(31,9),(31,10),(17,5),(17,4),(17,6),(17,7),(17,9),(17,7),(17,10),(17,3),(17,2),(17,12),(17,16),(17,18),(17,13),(17,15),(17,6),(17,9),(17,7),(27,4),(17,3),(32,3),(32,16),(15,19),(32,13),(32,19),(32,5),(32,15),(16,13),(16,15),(26,19),(26,5),(26,10),(26,12),(26,2),(26,3),(26,16),(31,19),(18,19),(18,12),(18,10),(18,2),(27,19),(27,8),(27,16),(27,15),(31,4),(31,14),(16,19),(16,16),(16,10),(16,8),(27,17),(16,12),(16,2),(16,3),(27,19);

--
-- Table structure for table `members`
--

CREATE TABLE `members` (
  `id` int(4) NOT NULL AUTO_INCREMENT,
  `confirmation_code` varchar(10) NOT NULL,
  `first` text NOT NULL,
  `last` text NOT NULL,
  `email` varchar(100) NOT NULL,
  `password` varchar(26) NOT NULL,
  `start_time` int(11) NOT NULL,
  `end_time` int(11) NOT NULL,
  `active` varchar(1) NOT NULL DEFAULT '1',
  PRIMARY KEY (`id`)
) ENGINE=MyISAM AUTO_INCREMENT=33 DEFAULT CHARSET=latin1;

--
-- Dumping data for table `members`
--

INSERT INTO `members` VALUES (15,'fhjnow3456','Andrea','Halsey','andreahalsey@gmail.com','asdf1234',1329951280,1361508206,'1'),(16,'cegmtyz130','Beth','Wiley','aew@aewileyphotography.com','eastman',1330630602,1362187528,'1'),(17,'fprtx13459','Crystal','','crystal@tinyheartstudios.com','designer',1330648691,1362205617,'1'),(18,'aflopsw456','Yvonne','Niemann','niemannphotography@sbcglobal.net','grantlee',1330649070,1362205996,'1'),(19,'ektx234780','Traci','Thorson','tracilthorson@aol.com','farmgirl02',1330649128,1362206054,'1'),(20,'nprstwx456','Angela','Weeks','info@addisonjune.com','bigdaddy',1330649178,1362206104,'1'),(21,'efoprtx124','Julia','Franzosa','julia@julia-franzosa.com','cosmo3323',1330649219,1362206145,'1'),(22,'adehjkw124','Lynne','Berridge','lynne@edendigital.co.uk','portia',1330649239,1362206165,'1'),(23,'bequxy1359','Carol','','frecklefacephoto@mymts.net','synergyccapi5',1330649305,1362206231,'1'),(29,'bdeoruvz69','Janet','Pliszka','janet.pliszka@visualhues.com','designerCONCEPT22',1333486652,1365043578,'1'),(25,'bcfgilpvx3','Jennifer','Ress','jenny.ress@gmail.com','hockey82',1330649374,1362206300,'1'),(26,'gklmquvz17','Annette','Goodman','annette@annettegoodman.com','hardwork',1331094853,1362651779,'1'),(27,'adghiqtxz7','Denise','Schmidt','mommyandmephoto@gmail.com','mommyx3',1331332436,1362889362,'1'),(28,'abcjknsw67','Melanie','Sikma','sikmamail@me.com','divine',1332858263,1364415189,'1'),(30,'bciklvz246','Brandy','Anderson','info@freshsugar.ca','Anderson',1333551519,1365108445,'1'),(31,'fjuxy34890','Erin','Fekety','erin@erinfekety.com','07elway!',1339598937,1371155863,'1'),(32,'ceghnwx278','Gina','Sanders','gina@aggallery.net','klubi2tC',1349274504,1380831430,'1');

--
-- Table structure for table `newsletter`
--

CREATE TABLE `newsletter` (
  `id` int(11) NOT NULL AUTO_INCREMENT,
  `name` varchar(60) NOT NULL,
  `email` text NOT NULL,
  `website` varchar(40) NOT NULL,
  `city` varchar(40) NOT NULL,
  `confirmation_code` varchar(20) NOT NULL,
  `confirmed` varchar(1) NOT NULL DEFAULT '0',
  PRIMARY KEY (`id`)
) ENGINE=MyISAM AUTO_INCREMENT=280 DEFAULT CHARSET=latin1;

--
-- Dumping data for table `newsletter`
--

INSERT INTO `newsletter` VALUES (1,'','tirayoung@gmail.com','','','','1'),(2,'','danielleblazic@yahoo.com','','','ghior3','1'),(3,'','mindywebbphoto@gmail.com','','','','1'),(4,'','starglo@sbcglobal.net','','','','1'),(5,'','nicole@crimsonchickadeephotography.com','','','','1'),(6,'','sara@saradphotography.com','','','','1'),(7,'','ecurley@triad.rr.com','','','','1'),(8,'','leiareevesphotography@yahoo.com','','','','1'),(9,'','kensum@att.net','','','','1'),(10,'','mamiquedesigns@gmail.com','','','','1'),(11,'','info@christielacyphotography.com','','','','1'),(12,'','abwiseman99@yahoo.com','','','','1'),(13,'','info@phauntactions.com','','','','1'),(14,'','micmic320@yahoo.com','','','','1'),(15,'','sally@alwaysportraitsbysally.com','','','bcmy47','1'),(16,'','jolene@studiobloomphotography.com','','','','1'),(17,'','brinkstreet@gmail.com','','','','1'),(18,'','nicole@bittersweet-photography.com','','','','1'),(19,'','lamontphotography@yahoo.com','','','','1'),(20,'','angllvr@hotmail.com','','','','1'),(21,'','karlaalvarez@charter.net','','','','1'),(22,'','payments@silleshotsbycindy.com','','','','1'),(23,'','lmcgregor5@bellsouth.net','','','','1'),(24,'','sarahgwilliams@gmail.com','','','','1'),(25,'','kelly@kellyfisherphotography.com','','','','1'),(26,'','snlprophoto@gmail.com','','','','1'),(27,'','liz@ohbabyphoto.com','','','','1'),(28,'','jennrenophotography@gmail.com','','','','1'),(29,'','mneirinckx@gmail.com','','','','1'),(30,'','hbeadles@gmail.com','','','','1'),(31,'','photogmom5@yahoo.com','','','','1'),(32,'','jane@janefritchleyphotography.com','','','','1'),(33,'','jasonpowellblue@yahoo.com','','','','1'),(34,'','carolina_wahnish@yahoo.com','','','','1'),(35,'','michelle@michelledaltonphotography.com','','','','1'),(36,'','julia@julia-franzosa.com','','','','1'),(37,'','Sugarfieldsgraphics@msn.com','','','','1'),(38,'','shalonda_moore@yahoo.com','','','','1'),(39,'','kelleyryden@huntel.net','','','','1'),(40,'','erin_7921@yahoo.com','','','','1'),(41,'','thefrontportch@gmail.com','','','','1'),(42,'','scallisterj@charter.net','','','','1'),(43,'','joykanani@yahoo.com','','','','1'),(44,'','akivlin@cogeco.ca','','','','1'),(45,'','blkruger@gmail.com','','','','1'),(46,'','danielerose@hotmail.com','','','','1'),(47,'','stacey@goldapplephotography.com','','','','1'),(48,'','aprats@bellsouth.net','','','','1'),(49,'','capturingmomentsphotography@yahoo.com','','','','1'),(50,'','janet.pliszka@visualhues.com','','','','1'),(51,'','nabalzer@mts.net','','','','1'),(52,'','info@michelleturnerphotography.com','','','','1'),(53,'','jeremyncasey@msn.com','','','','1'),(54,'','brandyjaggers@gmail.com','','','','1'),(55,'','jenny.ress@gmail.com','','','','1'),(56,'','meghanrickardphotography@hotmail.com','','','','1'),(57,'','focus@heatherjamesphotography.com','','','','1'),(58,'','jlouisephotography@comcast.net','','','','1'),(59,'','sandk96@sbcglobal.net','','','','1'),(60,'','marirosa@cox.net','','','','1'),(61,'','jh@jhannahs.com','','','','1'),(62,'','vicki@vickibedford.com','','','','1'),(63,'','atgphotography@yahoo.com','','','','1'),(64,'','butterflies26@msn.com','','','','1'),(65,'','karen@karenleaf.com','','','fhl250','1'),(66,'','anngordonphoto@gmail.com','','','','1'),(67,'','fiona@mcolvin.com.au','','','','1'),(68,'','sarahprall@cox.net','','','','1'),(69,'','melissa@melissaarlenaphotography.com','','','','1'),(70,'','jenndispirito@shaw.ca','','','','1'),(71,'','aa_lee@mac.com','','','','1'),(72,'','dehast@bellsouth.net','','','','1'),(73,'','anna.feccia@gmail.com','','','','1'),(74,'','abigailmcfarland@mac.com','','','','1'),(75,'','cbohnphoto@mac.com','','','','1'),(76,'','seth2001@bellsouth.net','','','','1'),(77,'','lynne@edendigital.co.uk','','','dknwx2','1'),(78,'','jtayloronline@gmail.com','','','','1'),(79,'','mattdavis@collegefundlandscaping.com','','','','1'),(80,'','mebcurry@nc.rr.com','','','','1'),(81,'','nioxin1@c-i-service.com','','','','1'),(82,'','niemannphotography@sbcglobal.net','','','','1'),(83,'','ashiraphotography@gmail.com','','','','1'),(84,'','elyse+paypal@elysekufeldt.com','','','','1'),(85,'','billing@marianamaya.com','','','','1'),(86,'','KatieCampbellphoto@gmail.com','','','','1'),(87,'','lmhouse@jandlonline.com','','','','1'),(88,'','elizabeth@libbiewicket.com','','','','1'),(89,'','eggebraaten11@hotmail.com','','','','1'),(90,'','terrafirma_nicole@rttinc.com','','','','1'),(91,'','mel256@nyu.edu','','','','1'),(92,'','brackettmommy@sbcglobal.net','','','','1'),(93,'','kallibarker86@gmail.com','','','','1'),(94,'','jillian@jilliankirbybaby.com','','','','1'),(95,'','brenda@bisharatphotos.com','','','','1'),(96,'','deedee_olson@sbcglobal.net','','','','1'),(97,'','jw@jennywattsphotography.com','','','','1'),(98,'','paypal@fsboingainesville.com','','','','1'),(99,'','ccjamesphotography@yahoo.com','','','','1'),(100,'','jennyjason1@bigpond.com.au','','','','1'),(101,'','jennifer@jenniferscholting.com','','','','1'),(102,'','katherineaforbes@yahoo.com','','','','1'),(103,'','leandrasaenz@mac.com','','','','1'),(104,'','sryan500@gmail.com','','','','1'),(105,'','info@freshsugar.ca','','','','1'),(106,'','lennonlove75@ymail.com','','','','1'),(107,'','elle@ellabellaphotos.com','','','','1'),(108,'','karyn@quantumphotodesign.com','','','','1'),(109,'','claire@clairesmith.com','','','','1'),(110,'','Lori@FusaroPhotography.com','','','','1'),(111,'','sweetblissphoto@yahoo.com','','','','1'),(112,'','lisa@kiralisa.com','','','','1'),(113,'','sara@saraharrisphotography.com','','','','1'),(114,'','juanitachaquita@gmail.com','','','','1'),(115,'','jenny_watts@mac.com','','','','1'),(116,'','hdunavin@yahoo.com','','','','1'),(117,'','michelle@santacruzmoms.com','','','','1'),(118,'','daniellecrout@yahoo.com','','','','1'),(119,'','cathymphotography@sbcglobal.net','','','','1'),(120,'','amanda-sharpe@sbcglobal.net','','','','1'),(121,'','melissa.waller@mwaa.com','','','','1'),(122,'','carrieowensphotography@gmail.com','','','','1'),(123,'','cynthia@cynthiaspivack.com','','','','1'),(124,'','kimdbusby@gmail.com','','','','1'),(125,'','sara@saramellanderphotography.com','','','','1'),(126,'','crystal@whitleykay.com','','','','1'),(127,'','lisawas@mindspring.com','','','','1'),(128,'','kyu@aliceparkphotography.com','','','','1'),(129,'','catherinecaughron@yahoo.com','','','','1'),(130,'','sallycphotography@yahoo.com','','','','1'),(131,'','beth@daanephotography.com','','','','1'),(132,'','kcollins1988@yahoo.com','','','','1'),(133,'','ebay@lavishlark.com','','','','1'),(134,'','info@christymarrone.com','','','','1'),(135,'','rcm717@gmail.com','','','','1'),(136,'','info@brookeraineyphotos.com','','','','1'),(137,'','akjamie@me.com','','','','1'),(138,'','brad_squires@yahoo.com','','','','1'),(139,'','kellykuntz@gmail.com','','','','1'),(140,'','anna@annasawinphotography.com','','','','1'),(141,'','lizziesdiamond@yahoo.com','','','','1'),(142,'','rob.ingles@gmail.com','','','','1'),(143,'','erinslp1@hotmail.com','','','','1'),(144,'','Jardesigns@me.com','','','','1'),(145,'','megfish@gmail.com','','','','1'),(146,'','Theperas@sbcglobal.net','','','','1'),(147,'','carleykay1@yahoo.com','','','','1'),(148,'','tracie@tmstier.com','','','','1'),(149,'','lisamcwhorter@gmail.com','','','','1'),(150,'','scott@scottwalter.com','','','','1'),(151,'','mmsikma@msn.com','','','','1'),(152,'','richardpayne@gmx.com','','','','1'),(153,'','oneewe@westnet.com.au','','','','1'),(154,'','jensmithphoto@gmail.com','','','','1'),(155,'','larsonamy@mac.com','','','','1'),(156,'','islandgirl_sj@yahoo.com','','','','1'),(157,'','John_Angelo@earthlink.net','','','','1'),(158,'','samanthaalday@msn.com','','','','1'),(159,'','traci@tracishupertphotography.com','','','','1'),(160,'','shaunamaness@gmail.com','','','','1'),(161,'','myniemann@sbcglobal.net','','','','1'),(162,'','carissa.little@gmail.com','','','','1'),(163,'','andreazapatka@gmail.com','','','','1'),(164,'','mrsmcelrath@mac.com','','','','1'),(165,'','angiel000@hotmail.com','','','','1'),(166,'','Crystal@tinyheartstudios.com','','','','1'),(167,'','coppola08@gmail.com','','','','1'),(168,'','kbelgrave@comcast.net','','','','1'),(169,'','msauvageau@far.midco.net','','','','1'),(170,'','seanbuc@hotmail.com','','','','1'),(171,'','lindseymillsphotography@gmail.com','','','','1'),(172,'','beth@bethtilleygreen.com','','','','1'),(173,'','fran@synergyphotographyonline.com','','','','1'),(174,'','chibichon26@hotmail.com','','','','1'),(175,'','alisuew@gmail.com','','','','1'),(176,'','monica@monicadayphotography.com','','','','1'),(177,'','maryann712@gmail.com','','','','1'),(178,'','reflectionsoflifephotography@cogeco.ca','','','','1'),(179,'','chrogers@ymail.com','','','','1'),(180,'','ojaiwhit@gmail.com','','','','1'),(181,'','amanda@bitsoflifephotos4u.com','','','','1'),(182,'','christi@snickerdoodlesphoto.com','','','','1'),(183,'','tyover@cableone.net','','','','1'),(184,'','scombs9@cinci.rr.com','','','','1'),(185,'','shawnashields02@yahoo.com','','','','1'),(186,'','mimsfamily@bigpond.com','','','','1'),(187,'','jeterbabe4@yahoo.com','','','','1'),(188,'','sp.carter@optusnet.com.au','','','','1'),(189,'','nateandsan@ashbys.net','','','','1'),(190,'','rupakapoor@bellsouth.net','','','','1'),(191,'','tracilthorson@aol.com','','','js4890','1'),(192,'','shannonmariephoto@yahoo.com','','','','1'),(193,'','amgoodman@carolina.rr.com','','','','1'),(194,'','hipmamaphotos@gmail.com','','','','1'),(195,'','2twirlygirls@gmail.com','','','','1'),(196,'','kimberlyc3@mac.com','','','','1'),(197,'','carol.markusse@shaw.ca','','','','1'),(198,'','studio-n@sbcglobal.net','','','','1'),(199,'','lindsey@lindseyturnerphotography.com','','','','1'),(200,'','sacaudle@gmail.com','','','','1'),(201,'','karlenfamily@gmail.com','','','','1'),(202,'','mel@pointshootplay.com','','','','1'),(203,'','sarahbphotography@mac.com','','','','1'),(204,'','brannigan_lisa@yahoo.com','','','','1'),(205,'','long.robin@comcast.net','','','','1'),(206,'','kimmallory@shaw.ca','','','','1'),(207,'','firstmoments@comcast.net','','','','1'),(208,'','brooke@brookeraineyphotos.com','','','','1'),(209,'','Carissa@BellaPiccolo.com.au','','','','1'),(210,'','likearose_7@hotmail.com','','','hmorv4','1'),(211,'','julie@julierollinsphotography.com','','','','1'),(212,'','susan.schmidt1@yahoo.com','','','','1'),(213,'','photo@nataliewagner.com','','','','1'),(214,'','stefanie.decker@hotmail.com','','','','1'),(215,'','aimphotography@yahoo.com','','','','1'),(216,'','justin@justinmunterphoto.com','','','','1'),(217,'','long33096@earthlink.net','','','','1'),(218,'','gabyclark@yahoo.com','','','lpqt13','1'),(219,'','tom@gibbonsphoto.com','','','','1'),(220,'','ellikloppi@hotmail.com','','','','1'),(221,'','saga331@lycos.com','','','','1'),(222,'','whitney@theluckyduckstudio.com','','','','1'),(223,'','info@tiffanyhix.com','','','','1'),(224,'','sammy.ameen@gmail.com','','','','1'),(225,'','info@flutterbymoments.com','','','','1'),(226,'','andrea@agphotographydesign.com','','','','1'),(227,'','orders@morganmosimanphotography.com','','','','1'),(228,'','amybadervmd@yahoo.com','','','','1'),(229,'','ashleybethphoto@yahoo.com','','','','1'),(230,'','cnewbauer@hotmail.com','','','','1'),(231,'','info@kayphotography.com','','','','1'),(232,'','info@mostpreciousart.com','','','','1'),(233,'','bradley2007@gmail.com','','','','1'),(234,'','lesliemeadow@gmail.com','','','','1'),(235,'','natalia_marreiros@yahoo.fr','','','','1'),(236,'','meganwebbphotography@gmail.com','','','','1'),(260,'Stacie','staciehart41@gmail.com','www.staciehartphotography.com','McDonough','bfkrty','1'),(238,'','nicolastroon@gmail.com','','','','1'),(250,'Alisha Brown','caughtinthemoment81@gmail.com','http://www.photographybyalishabrown.com','Conway','ijl267','1'),(249,'Andrea','andreahalsey@gmail.com','http://','','ajuwy2','0'),(251,'Lori Fusaro','lorianddarrell@mac.com','http://www.fusarophotography.com','Culver City','cjl678','1'),(252,'Toni Elmer','Toni.urbanphoto@gmail.com','http://www.tonielmer.com','Dallas','ahrsyz','1'),(253,'Tira Young','Tira@tirajphotography.com','http://www.tirajphotography.com','Upland, CA','ginpqw','1'),(254,'Sherri Winstead','info@sherriwinstead.com','http://www.sherriwinstead.com','Fayetteville, NC','frsy16','1'),(255,'Gloria','Info@gloriaavina.com','http://www.gloriaavina.com','Wauseon, Ohio','opz134','1'),(256,'Kristin Railton','kmrailton@yahoo.com','http://www.kristinrailton.com','Santa Rosa Beach','bhlq18','1'),(257,'Owen Donnahoo','owen@mostpreciousart.com','http://mostpreciousart.com','Milpitas, California','jklqr8','1'),(258,'Alison Wiley Breeden','aew@aewileyphotography.com','http://www.aewileyphotography.com','Clayton, NC','ackox5','1'),(259,'Tanya Rey','tanyaleighrey@gmail.com','http://www.tanyarey.com','Lorton, VA','dknuv0','1'),(261,'flcramlrt','stpbur@jzfoir.com','http://dpeufgbsqrih.com/','','brtux0','0'),(262,'Allyson Crozier','acrozier@comcast.net','http://www.allysoncrozierphotography.com','Sewell','aflxy0','1'),(263,'ulurhryu','ozyijf@kzrrvw.com','http://gskejqgcbznv.com/','','ilqrx6','0'),(264,'mallika','mallika@mikifoto.com','http://www.mikifoto.com','short hills, nj','djmvx4','1'),(265,'Janet Ramos','janetramosphotography@gmail.com','http://janetramosphotography.com/blog','Riverview','ademv5','1'),(266,'erin','erin@erinfekety.com','http://www.erinfekety.com','new york','ilpy69','1'),(267,'Brittany writesel','Brittanywritesel@yahoo.com','http://facebook.com/britanienicolephotog','Greensboro','lnsw37','1'),(268,'hwzijnz','tfrnia@huwecj.com','http://gukunnuuuquy.com/','New York','hnpqs5','0'),(269,'kqxufgjbj','wxluyz@yxdjha.com','http://kzkpmmgjnarm.com/','rNZRsJDiBdQypY','dgjku2','0'),(270,'hniucfy','wkytmg@gfijor.com','http://ebkzpevtphgz.com/','GMFJvsEmpBxPO','divy15','0'),(271,'Lisa Prince Fishler','lisa@printzphotography.com','http://www.printzphotography.com','Poughkeepsie','dksv12','0'),(272,'sfntcijodk','tmyuxf@tskgxs.com','http://dsyjtvcipsgb.com/','New York','lqsz28','0'),(273,'kelli','kelli@photo-bella.com','http://www.photo-bella.com','Baton Rouge, LA','enoqy3','1'),(274,'Leslie','lesliejensby@gmail.com','http://','Chicago','fikt29','0'),(275,'Korie Nordstrom','Korie@korienordstrom.com','http://www.korienordstrom.com','Richmond, VA','acghis','1'),(276,'Yknskbde','xhrqpayc@hkztlhgc.com','http://bastasvenskakasino.eu/','New York','dilw24','0'),(277,'brrmipfe','xyoapv@pxkwpo.com','http://uvmktshorxgw.com/','New York','cftx67','0'),(278,'John','Bud.Pavlo@borsh.info','Bud.Pavlo@borsh.info','Bud.Pavlo@borsh.info','ikos30','0'),(279,'Vftsvdlr','nrgnybdy@bxtdpkol.com','http://bestcasinoclubcom.com/','New York','cfgw17','0');

--
-- Table structure for table `templates`
--

CREATE TABLE `templates` (
  `id` int(11) NOT NULL AUTO_INCREMENT,
  `name` varchar(60) NOT NULL,
  `link` varchar(100) NOT NULL,
  `category` int(11) NOT NULL,
  PRIMARY KEY (`id`)
) ENGINE=MyISAM AUTO_INCREMENT=20 DEFAULT CHARSET=latin1;

--
-- Dumping data for table `templates`
--

INSERT INTO `templates` VALUES (3,'Art In Life Booklet','TDC_ArtInLifeBooklet_v2.zip',2),(2,'Custom Wall Galleries','TDC_CustomWallGalleries.zip',2),(4,'Accordion Mini Books','TDC_AccordionAlbumTemplates.zip',1),(5,'Birth Announcements','TDC_SignatureBirthAnnouncements.zip',1),(6,'Calendar Flipbook','2010FlipbookMasterEdition.zip',1),(7,'Image Boxes','TDC_ImageBoxes.zip',1),(8,'Luxe Templates / 5x5','TDC_5x5_Classic_Luxe.zip',1),(9,'Luxe Templates / 5x7','TDC_5x7_Luxe.zip',1),(10,'Storyboards','TDC_BabyPlan_Storyboard.zip',1),(13,'Wall System','TDC_WorkflowWallSystem.zip',4),(12,'Dry Erase Calendar','TDC_Dry_Erase_Calendar.zip',2),(14,'Business Contracts','TDC_ContractsAndLicenses.zip',4),(15,'Studio Forms','TDC_StudioWorkflowForms.zip',4),(16,'Baby Plan','TDC_BabyPlanCollection.zip',5),(17,'Complete Workflow','TDC_CompleteStudioWorkflow.zip',5),(18,'Hipster Collection','TDC_HipsterBrandingCollection.zip',3),(19,'Facebook / Simple Chic Header','TDC_FacebookPromos_SimpleChic.zip',2);


